2025-11-19 05:54:20.100 66143 INFO tempest.lib.common.fixed_network [-] (ServerDiskConfigTestJSON:test_rebuild_server_with_manual_disk_config) Found network {'id': 'af2dcce9-2224-477f-a3c2-a382e7517fc8', 'name': 'tempest-ServerDiskConfigTestJSON-192890524-network', 'tenant_id': '3f3f7305c7a54a8d990997ee27e83160', 'project_id': '3f3f7305c7a54a8d990997ee27e83160', 'admin_state_up': True, 'mtu': 8950, 'status': 'ACTIVE', 'subnets': [], 'shared': False, 'port_security_enabled': True, 'router:external': False, 'provider:network_type': 'vlan', 'provider:physical_network': 'default', 'provider:segmentation_id': 113, 'availability_zone_hints': [], 'availability_zones': [], 'ipv4_address_scope': None, 'ipv6_address_scope': None, 'description': '', 'tags': [], 'created_at': '2025-11-19T05:53:02Z', 'updated_at': '2025-11-19T05:53:02Z', 'revision_number': 1} available for tenant
2025-11-19 05:54:20.111 66119 INFO tempest.lib.common.rest_client [req-990559ed-330f-4d2a-a0ce-26ac596c5ee8 req-990559ed-330f-4d2a-a0ce-26ac596c5ee8 ] Request (ServicesAdminTestJSON:test_get_service_by_host_name): 200 GET http://10.180.1.21/compute/v2.1/os-services 2.833s
2025-11-19 05:54:20.125 66147 INFO tempest.lib.common.rest_client [req-be245840-fa49-4238-a8c0-bf4c200ab0b4 req-be245840-fa49-4238-a8c0-bf4c200ab0b4 ] Request (HostsAdminNegativeTestJSON:test_update_nonexistent_host): 404 PUT http://10.180.1.21/compute/v2.1/os-hosts/nonexistent_hostname 2.757s
2025-11-19 05:54:20.145 66125 INFO tempest.lib.common.rest_client [req-9db04da4-9f11-4614-bafc-9f56478c1663 req-9db04da4-9f11-4614-bafc-9f56478c1663 ] Request (FlavorsV2TestJSON:test_list_flavors_limit_results): 200 GET http://10.180.1.21/compute/v2.1/flavors?limit=1 2.774s
2025-11-19 05:54:20.147 66155 INFO tempest.lib.common.rest_client [req-6d9c4e82-a3c6-45ee-ab2b-b434d418a8ed req-6d9c4e82-a3c6-45ee-ab2b-b434d418a8ed ] Request (SecurityGroupRulesNegativeTestJSON:test_create_security_group_rule_with_invalid_ip_protocol): 200 POST http://10.180.1.21/compute/v2.1/os-security-groups 2.823s
2025-11-19 05:54:20.244 66147 INFO tempest.lib.common.rest_client [req-0e4d2064-9291-4bc7-9da2-51655caa4266 req-0e4d2064-9291-4bc7-9da2-51655caa4266 ] Request (HostsAdminNegativeTestJSON:tearDownClass): 204 DELETE http://10.180.1.21/identity/v3/users/a9842bc9ab8b47a6b272c3cf6c5041b6 0.116s
2025-11-19 05:54:20.349 66139 INFO tempest.lib.common.rest_client [req-60df14db-8960-4ae2-8b6e-a41f383d2f0c req-60df14db-8960-4ae2-8b6e-a41f383d2f0c ] Request (ServersWithSpecificFlavorTestJSON:test_verify_created_server_ephemeral_disk): 200 GET http://10.180.1.21/compute/v2.1/servers/a813a446-690b-4b92-a71f-6e9c8b73d6dc 2.390s
2025-11-19 05:54:20.352 66147 INFO tempest.lib.common.rest_client [req-17198947-c971-4ec3-92a8-fc8409a750ba req-17198947-c971-4ec3-92a8-fc8409a750ba ] Request (HostsAdminNegativeTestJSON:tearDownClass): 204 DELETE http://10.180.1.21/identity/v3/users/3229e8bfb14048b1bd33a0fc93377c87 0.107s
2025-11-19 05:54:20.352 66147 INFO tempest.lib.common.dynamic_creds [-] Deleting project and security group for project: 0b2a5b523f064ac7a60ceb720c399dad
2025-11-19 05:54:20.358 66139 INFO tempest.lib.common.ssh [-] Creating ssh connection to '10.180.180.222:22' as 'cirros' with public key authentication
2025-11-19 05:54:20.372 66153 INFO tempest.lib.common.rest_client [req-1660fdbd-fefd-413f-a488-e0eb9ee7a7b5 req-1660fdbd-fefd-413f-a488-e0eb9ee7a7b5 ] Request (DeleteServersAdminTestJSON:test_delete_server_while_in_error_state): 200 GET http://10.180.1.21/compute/v2.1/servers/426393cf-37d5-4436-b79a-8268ae064bb3 2.305s
2025-11-19 05:54:20.398 66127 INFO tempest.lib.common.rest_client [req-7743772b-e885-4d46-8662-6f6e5945b8f0 req-7743772b-e885-4d46-8662-6f6e5945b8f0 ] Request (FlavorsAdminTestJSON:_run_cleanups): 200 GET http://10.180.1.21/compute/v2.1/flavors/detail 2.298s
2025-11-19 05:54:20.405 66151 INFO tempest.lib.common.rest_client [req-b36b521c-ae1a-498d-9722-998623479794 req-b36b521c-ae1a-498d-9722-998623479794 ] Request (AggregatesAdminNegativeTestJSON:test_aggregate_delete_as_user): 403 DELETE http://10.180.1.21/compute/v2.1/os-aggregates/5 2.276s
2025-11-19 05:54:20.407 66137 INFO tempest.lib.common.rest_client [req-2769e7e8-3cb0-4276-8d5d-bc753fd7262d req-2769e7e8-3cb0-4276-8d5d-bc753fd7262d ] Request (ServerGroup264TestJSON:tearDownClass): 200 PUT http://10.180.1.21/networking/v2.0/routers/dca12159-ea47-41b8-aa19-772bef80d06d/remove_router_interface 0.870s
2025-11-19 05:54:20.426 66107 INFO tempest.lib.common.rest_client [req-6f456d51-f07d-4a6c-80c8-26946b612cfa req-6f456d51-f07d-4a6c-80c8-26946b612cfa ] Request (FlavorsAccessNegativeTestJSON:_run_cleanups): 200 GET http://10.180.1.21/compute/v2.1/flavors/detail 2.282s
2025-11-19 05:54:20.441 66147 INFO tempest.lib.common.rest_client [req-03d6c15d-41f1-4e46-b559-c67f6ca6946b req-03d6c15d-41f1-4e46-b559-c67f6ca6946b ] Request (HostsAdminNegativeTestJSON:tearDownClass): 201 POST http://10.180.1.21/identity/v3/auth/tokens 0.088s
2025-11-19 05:54:20.659 66147 INFO tempest.lib.common.rest_client [req-3782cee9-ec39-46c9-998b-c26011bf2ad4 req-3782cee9-ec39-46c9-998b-c26011bf2ad4 ] Request (HostsAdminNegativeTestJSON:tearDownClass): 200 GET http://10.180.1.21/networking/v2.0/security-groups?tenant_id=0b2a5b523f064ac7a60ceb720c399dad&name=default 0.218s
2025-11-19 05:54:20.667 66129 INFO tempest.lib.common.rest_client [req-4466cb93-51f5-413d-8e12-02d514d36a85 req-4466cb93-51f5-413d-8e12-02d514d36a85 ] Request (FloatingIPsTestJSON:test_allocate_floating_ip): 200 GET http://10.180.1.21/compute/v2.1/os-floating-ips/5ce56054-659e-4e97-9165-50cc160f794d 2.592s
2025-11-19 05:54:20.752 66147 INFO tempest.lib.common.rest_client [req-10f5da5f-85bf-4bd9-92af-1afc409e6a99 req-10f5da5f-85bf-4bd9-92af-1afc409e6a99 ] Request (HostsAdminNegativeTestJSON:tearDownClass): 204 DELETE http://10.180.1.21/networking/v2.0/security-groups/d8c11d99-8506-4974-b4fd-8aeec1e8d36d 0.091s
2025-11-19 05:54:20.810 66149 INFO tempest.lib.common.rest_client [req-7f6359ac-f4dc-4db6-9672-0089c84b528a req-7f6359ac-f4dc-4db6-9672-0089c84b528a ] Request (ServersNegativeTestMultiTenantJSON:setUpClass): 200 GET http://10.180.1.21/compute/v2.1/servers/b490f69b-cbc2-4d46-804c-1c0c804952ea 2.119s
2025-11-19 05:54:20.842 66147 INFO tempest.lib.common.rest_client [req-c22aefe8-6cab-48a9-9723-9e9255ccf230 req-c22aefe8-6cab-48a9-9723-9e9255ccf230 ] Request (HostsAdminNegativeTestJSON:tearDownClass): 204 DELETE http://10.180.1.21/identity/v3/projects/0b2a5b523f064ac7a60ceb720c399dad 0.089s
2025-11-19 05:54:20.842 66147 INFO tempest.lib.common.dynamic_creds [-] Deleting project and security group for project: 7146548e3de241cb849df744d51f8c94
2025-11-19 05:54:20.846 66137 INFO tempest.lib.common.rest_client [req-7205bbde-a2f3-4043-9892-6078572c68fb req-7205bbde-a2f3-4043-9892-6078572c68fb ] Request (ServerGroup264TestJSON:tearDownClass): 204 DELETE http://10.180.1.21/networking/v2.0/routers/dca12159-ea47-41b8-aa19-772bef80d06d 0.438s
2025-11-19 05:54:20.994 66147 INFO tempest.lib.common.rest_client [req-8b552154-06b5-4a01-b759-33f17252bb93 req-8b552154-06b5-4a01-b759-33f17252bb93 ] Request (HostsAdminNegativeTestJSON:tearDownClass): 200 GET http://10.180.1.21/networking/v2.0/security-groups?tenant_id=7146548e3de241cb849df744d51f8c94&name=default 0.152s
2025-11-19 05:54:21.010 66137 INFO tempest.lib.common.rest_client [req-298e76b1-6811-4249-addd-287a7e5ecf52 req-298e76b1-6811-4249-addd-287a7e5ecf52 ] Request (ServerGroup264TestJSON:tearDownClass): 204 DELETE http://10.180.1.21/networking/v2.0/subnets/7f995af3-0ed6-4b62-a83e-bd2f0be8a1a9 0.163s
2025-11-19 05:54:21.180 66147 INFO tempest.lib.common.rest_client [req-f867d45a-0308-426f-bb8b-173b515aa542 req-f867d45a-0308-426f-bb8b-173b515aa542 ] Request (HostsAdminNegativeTestJSON:tearDownClass): 204 DELETE http://10.180.1.21/networking/v2.0/security-groups/c5d3701c-513f-4dac-9003-91938e4ca36c 0.186s
2025-11-19 05:54:21.242 66137 INFO tempest.lib.common.rest_client [req-16093dd0-d3a1-42ca-8133-c129b8437f9b req-16093dd0-d3a1-42ca-8133-c129b8437f9b ] Request (ServerGroup264TestJSON:tearDownClass): 204 DELETE http://10.180.1.21/networking/v2.0/networks/c435c66f-0454-4549-ba31-8a64cc439f9e 0.231s
2025-11-19 05:54:21.277 66133 INFO tempest.lib.common.rest_client [req-f7267fe0-4fa9-4553-a77e-08dadfe5fed0 req-f7267fe0-4fa9-4553-a77e-08dadfe5fed0 ] Request (ServerDiagnosticsTest:tearDownClass): 200 GET http://10.180.1.21/compute/v2.1/servers/2fee156f-fbd9-40f1-8d44-83e880e86144 2.504s
2025-11-19 05:54:21.324 66147 INFO tempest.lib.common.rest_client [req-6f34071f-795d-4d76-ad1f-f2f600166f0c req-6f34071f-795d-4d76-ad1f-f2f600166f0c ] Request (HostsAdminNegativeTestJSON:tearDownClass): 204 DELETE http://10.180.1.21/identity/v3/projects/7146548e3de241cb849df744d51f8c94 0.144s
2025-11-19 05:54:21.363 66137 INFO tempest.lib.common.rest_client [req-c34a0918-5aac-4072-8b68-c8d8c6d85bc3 req-c34a0918-5aac-4072-8b68-c8d8c6d85bc3 ] Request (ServerGroup264TestJSON:tearDownClass): 204 DELETE http://10.180.1.21/identity/v3/users/b002617d07fa4da5b4cc089a49605473 0.120s
2025-11-19 05:54:21.363 66137 INFO tempest.lib.common.dynamic_creds [-] Deleting project and security group for project: c22448ddf06c420e833061e17f97baa1
2025-11-19 05:54:21.406 66105 INFO tempest.lib.common.rest_client [req-cdafd4ef-33cc-4733-94cd-8d6a3f021ea6 req-cdafd4ef-33cc-4733-94cd-8d6a3f021ea6 ] Request (TenantUsagesTestJSON:setUpClass): 202 POST http://10.180.1.21/compute/v2.1/servers 3.096s
2025-11-19 05:54:21.419 66147 INFO tempest.lib.common.rest_client [req-3dbe5f3f-500d-4777-8350-99e1e37a1d22 req-3dbe5f3f-500d-4777-8350-99e1e37a1d22 ] Request (ServerRescueTestJSON:setUpClass): 201 POST http://10.180.1.21/identity/v3/auth/tokens 0.092s
2025-11-19 05:54:21.435 66113 INFO tempest.lib.common.rest_client [req-b7d0f352-5ba4-4fbd-9268-043c0ee20f53 req-b7d0f352-5ba4-4fbd-9268-043c0ee20f53 ] Request (ServersTestMultiNic:_run_cleanups): 204 DELETE http://10.180.1.21/compute/v2.1/servers/9787675d-4247-47cb-89ac-43f5d94d3801 2.571s
2025-11-19 05:54:21.509 66147 INFO tempest.lib.common.rest_client [req-5e70c309-cf08-4668-8ae0-8069ac8a538d req-5e70c309-cf08-4668-8ae0-8069ac8a538d ] Request (ServerRescueTestJSON:setUpClass): 201 POST http://10.180.1.21/identity/v3/auth/tokens 0.088s
2025-11-19 05:54:21.521 66137 INFO tempest.lib.common.rest_client [req-4e01cdf8-dc66-422b-be3e-1705a0084d78 req-4e01cdf8-dc66-422b-be3e-1705a0084d78 ] Request (ServerGroup264TestJSON:tearDownClass): 200 GET http://10.180.1.21/networking/v2.0/security-groups?tenant_id=c22448ddf06c420e833061e17f97baa1&name=default 0.158s
2025-11-19 05:54:21.540 66147 INFO tempest.lib.common.rest_client [req-af60faff-c2a1-4fd3-a6e4-35dda2f76fe6 req-af60faff-c2a1-4fd3-a6e4-35dda2f76fe6 ] Request (ServerRescueTestJSON:setUpClass): 200 GET http://10.180.1.21/identity/v3/domains?name=Default 0.030s
2025-11-19 05:54:21.575 66147 INFO tempest.lib.common.rest_client [req-15245719-249e-4e18-929c-8d3af080f09c req-15245719-249e-4e18-929c-8d3af080f09c ] Request (ServerRescueTestJSON:setUpClass): 201 POST http://10.180.1.21/identity/v3/projects 0.035s
2025-11-19 05:54:21.654 66147 INFO tempest.lib.common.rest_client [req-331af776-4f1f-4bf8-88ff-427e9cd4fe75 req-331af776-4f1f-4bf8-88ff-427e9cd4fe75 ] Request (ServerRescueTestJSON:setUpClass): 201 POST http://10.180.1.21/identity/v3/users 0.078s
2025-11-19 05:54:21.676 66147 INFO tempest.lib.common.rest_client [req-3f163505-56ad-47ff-9b7b-6c65907fcd1d req-3f163505-56ad-47ff-9b7b-6c65907fcd1d ] Request (ServerRescueTestJSON:setUpClass): 200 GET http://10.180.1.21/identity/v3/roles 0.021s
2025-11-19 05:54:21.719 66147 INFO tempest.lib.common.rest_client [req-3dd3e6d2-431b-4fd1-8073-6ca28f7de82f req-3dd3e6d2-431b-4fd1-8073-6ca28f7de82f ] Request (ServerRescueTestJSON:setUpClass): 204 PUT http://10.180.1.21/identity/v3/projects/5721245f4dfa4726b19f554d7b3e865a/users/466a8f419da94dfa9c747828e18969ef/roles/1db23a7157944ce184754ec8415cf505 0.043s
2025-11-19 05:54:21.720 66147 INFO tempest.lib.common.dynamic_creds [-] Dynamic test user 466a8f419da94dfa9c747828e18969ef is created with scope project and roles: ['member']
2025-11-19 05:54:21.720 66147 INFO tempest.lib.common.dynamic_creds [-] Acquired dynamic creds: credentials: Credentials: {'domain_id': 'default', 'domain_name': 'Default', 'username': 'tempest-ServerRescueTestJSON-1769012266-project-member', 'project_domain_id': 'default', 'project_domain_name': 'Default', 'project_id': '5721245f4dfa4726b19f554d7b3e865a', 'project_name': 'tempest-ServerRescueTestJSON-1769012266', 'tenant_id': '5721245f4dfa4726b19f554d7b3e865a', 'tenant_name': 'tempest-ServerRescueTestJSON-1769012266', 'user_domain_id': 'default', 'user_domain_name': 'Default', 'user_id': '466a8f419da94dfa9c747828e18969ef', 'system': None}, Network: None, Subnet: None, Router: None
2025-11-19 05:54:21.753 66137 INFO tempest.lib.common.rest_client [req-c63aa933-4826-4d90-9cd3-b569cddc0a10 req-c63aa933-4826-4d90-9cd3-b569cddc0a10 ] Request (ServerGroup264TestJSON:tearDownClass): 204 DELETE http://10.180.1.21/networking/v2.0/security-groups/468e90d2-be45-4ca4-b884-800fc92b5228 0.230s
2025-11-19 05:54:21.782 66147 INFO tempest.lib.common.rest_client [req-398d5ced-263b-42c6-924b-577ef7dcc0e1 req-398d5ced-263b-42c6-924b-577ef7dcc0e1 ] Request (ServerRescueTestJSON:setUpClass): 201 POST http://10.180.1.21/identity/v3/auth/tokens 0.061s
2025-11-19 05:54:21.860 66137 INFO tempest.lib.common.rest_client [req-8bf61102-5bc1-499f-9ad0-516065539d83 req-8bf61102-5bc1-499f-9ad0-516065539d83 ] Request (ServerGroup264TestJSON:tearDownClass): 204 DELETE http://10.180.1.21/identity/v3/projects/c22448ddf06c420e833061e17f97baa1 0.107s
2025-11-19 05:54:21.861 66137 INFO tempest.test [-] raised in ServerPersonalityTestJSON.setUpClass. Invoking tearDownClass.
2025-11-19 05:54:21.930 66137 INFO tempest.lib.common.rest_client [req-cddaed19-56a5-46cd-8054-21ee54ce98ec req-cddaed19-56a5-46cd-8054-21ee54ce98ec ] Request (VolumesNegativeTest:setUpClass): 201 POST http://10.180.1.21/identity/v3/auth/tokens 0.065s
2025-11-19 05:54:21.962 66137 INFO tempest.lib.common.rest_client [req-b43cb02f-6026-4ff6-8fb3-44ac329d4466 req-b43cb02f-6026-4ff6-8fb3-44ac329d4466 ] Request (VolumesNegativeTest:setUpClass): 201 POST http://10.180.1.21/identity/v3/auth/tokens 0.030s
2025-11-19 05:54:21.988 66137 INFO tempest.lib.common.rest_client [req-bd6e1d1b-dc7b-4d3d-88dc-096e1e12eaa8 req-bd6e1d1b-dc7b-4d3d-88dc-096e1e12eaa8 ] Request (VolumesNegativeTest:setUpClass): 200 GET http://10.180.1.21/identity/v3/domains?name=Default 0.026s
2025-11-19 05:54:22.020 66137 INFO tempest.lib.common.rest_client [req-43f2e892-a477-407c-a51a-f30e83010acb req-43f2e892-a477-407c-a51a-f30e83010acb ] Request (VolumesNegativeTest:setUpClass): 201 POST http://10.180.1.21/identity/v3/projects 0.031s
2025-11-19 05:54:22.087 66137 INFO tempest.lib.common.rest_client [req-facf0cad-5176-4e65-a303-7ba9bbe37374 req-facf0cad-5176-4e65-a303-7ba9bbe37374 ] Request (VolumesNegativeTest:setUpClass): 201 POST http://10.180.1.21/identity/v3/users 0.066s
2025-11-19 05:54:22.112 66137 INFO tempest.lib.common.rest_client [req-0b5f3db6-f48a-49cd-9e5f-3075a3f9ce55 req-0b5f3db6-f48a-49cd-9e5f-3075a3f9ce55 ] Request (VolumesNegativeTest:setUpClass): 200 GET http://10.180.1.21/identity/v3/roles 0.024s
2025-11-19 05:54:22.151 66137 INFO tempest.lib.common.rest_client [req-bf665f3e-94b1-4a4d-b297-5d3cf7f31f87 req-bf665f3e-94b1-4a4d-b297-5d3cf7f31f87 ] Request (VolumesNegativeTest:setUpClass): 204 PUT http://10.180.1.21/identity/v3/projects/974979bebacb42e696aa2f51d2bc7dbc/users/94b094b4e5844703a5734ddcfd499d00/roles/1db23a7157944ce184754ec8415cf505 0.038s
2025-11-19 05:54:22.151 66137 INFO tempest.lib.common.dynamic_creds [-] Dynamic test user 94b094b4e5844703a5734ddcfd499d00 is created with scope project and roles: ['member']
2025-11-19 05:54:22.152 66137 INFO tempest.lib.common.dynamic_creds [-] Acquired dynamic creds: credentials: Credentials: {'domain_id': 'default', 'domain_name': 'Default', 'username': 'tempest-VolumesNegativeTest-1359728898-project-member', 'project_domain_id': 'default', 'project_domain_name': 'Default', 'project_id': '974979bebacb42e696aa2f51d2bc7dbc', 'project_name': 'tempest-VolumesNegativeTest-1359728898', 'tenant_id': '974979bebacb42e696aa2f51d2bc7dbc', 'tenant_name': 'tempest-VolumesNegativeTest-1359728898', 'user_domain_id': 'default', 'user_domain_name': 'Default', 'user_id': '94b094b4e5844703a5734ddcfd499d00', 'system': None}, Network: None, Subnet: None, Router: None
2025-11-19 05:54:22.152 66137 INFO tempest.lib.common.dynamic_creds [-] Created isolated network resources for: credentials: Credentials: {'domain_id': 'default', 'domain_name': 'Default', 'username': 'tempest-VolumesNegativeTest-1359728898-project-member', 'project_domain_id': 'default', 'project_domain_name': 'Default', 'project_id': '974979bebacb42e696aa2f51d2bc7dbc', 'project_name': 'tempest-VolumesNegativeTest-1359728898', 'tenant_id': '974979bebacb42e696aa2f51d2bc7dbc', 'tenant_name': 'tempest-VolumesNegativeTest-1359728898', 'user_domain_id': 'default', 'user_domain_name': 'Default', 'user_id': '94b094b4e5844703a5734ddcfd499d00', 'system': None}, Network: None, Subnet: None, Router: None
2025-11-19 05:54:22.203 66147 INFO tempest.lib.common.rest_client [req-4be20bae-b60b-4c7d-92d3-549e386eacef req-4be20bae-b60b-4c7d-92d3-549e386eacef ] Request (ServerRescueTestJSON:setUpClass): 201 POST http://10.180.1.21/networking/v2.0/networks 0.421s
2025-11-19 05:54:22.237 66137 INFO tempest.lib.common.rest_client [req-89c04c77-66f3-4407-8bd6-057b9b593958 req-89c04c77-66f3-4407-8bd6-057b9b593958 ] Request (VolumesNegativeTest:setUpClass): 201 POST http://10.180.1.21/identity/v3/auth/tokens 0.083s
2025-11-19 05:54:22.553 66147 INFO tempest.lib.common.rest_client [req-3788c4a7-a738-470f-8c5f-10f5dbcea87c req-3788c4a7-a738-470f-8c5f-10f5dbcea87c ] Request (ServerRescueTestJSON:setUpClass): 201 POST http://10.180.1.21/networking/v2.0/subnets 0.349s
2025-11-19 05:54:22.973 66163 INFO tempest.lib.common.rest_client [req-8031a0ba-14fc-4061-ac29-f5af0b83b43e req-8031a0ba-14fc-4061-ac29-f5af0b83b43e ] Request (FloatingIPDetailsTestJSON:tearDownClass): 202 DELETE http://10.180.1.21/compute/v2.1/os-floating-ips/d7677ccd-364d-45e2-958e-b0b00d12b344 3.776s
2025-11-19 05:54:23.163 66121 INFO tempest.lib.common.rest_client [req-c4e02144-96d2-4b1f-a23a-95d8f576065e req-c4e02144-96d2-4b1f-a23a-95d8f576065e ] Request (FloatingIPsAssociationNegativeTestJSON:_run_cleanups): 202 DELETE http://10.180.1.21/compute/v2.1/os-floating-ips/b1dbb3e4-3330-46c8-9cb7-3ee0971cc6a6 3.939s
2025-11-19 05:54:23.734 66135 INFO tempest.lib.common.rest_client [req-65e62baf-807c-4575-b85c-9fe23d28ae2e req-65e62baf-807c-4575-b85c-9fe23d28ae2e ] Request (SecurityGroupsTestAdminJSON:_run_cleanups): 202 DELETE http://10.180.1.21/compute/v2.1/os-security-groups/0c6cb64c-cd99-48e1-afbd-154350fc43b9 4.401s
2025-11-19 05:54:23.874 66141 INFO tempest.lib.common.rest_client [req-7fe4b167-c0d6-4a71-9f41-1523078ca817 req-7fe4b167-c0d6-4a71-9f41-1523078ca817 ] Request (QuotasAdminTestV236:test_get_updated_quotas): 200 GET http://10.180.1.21/compute/v2.1/os-quota-sets/a88aae69259c49ac8091554365c1710b?user_id=7380d17ce2414e0dbf46c06ed84ede34 4.402s
2025-11-19 05:54:23.906 66109 INFO tempest.lib.common.rest_client [req-e3f3ad17-8597-4064-9677-7473f1e12193 req-e3f3ad17-8597-4064-9677-7473f1e12193 ] Request (SecurityGroupRulesTestJSON:tearDownClass): 202 DELETE http://10.180.1.21/compute/v2.1/os-security-groups/65a4b858-8274-4685-ac5f-65db94efa8d3 4.544s
2025-11-19 05:54:23.974 66101 INFO tempest.lib.common.rest_client [req-d3ebcf14-24b8-4e61-8bce-861f19b2e4e0 req-d3ebcf14-24b8-4e61-8bce-861f19b2e4e0 ] Request (MigrationsAdminTest:test_list_migrations_in_flavor_resize_situation): 204 POST http://10.180.1.21/compute/v2.1/servers/385c6261-fd76-4794-9081-4e5ebb7d24dd/action 4.234s
2025-11-19 05:54:23.999 66141 INFO tempest.lib.common.rest_client [req-3d7c46e7-40eb-46e6-8d0f-0b03746f0dd4 req-3d7c46e7-40eb-46e6-8d0f-0b03746f0dd4 ] Request (QuotasAdminTestV236:_run_cleanups): 204 DELETE http://10.180.1.21/identity/v3/users/7380d17ce2414e0dbf46c06ed84ede34 0.123s
2025-11-19 05:54:24.108 66147 INFO tempest.lib.common.rest_client [req-27d36b85-9fda-42b6-89d7-fb0c7261a2b1 req-27d36b85-9fda-42b6-89d7-fb0c7261a2b1 ] Request (ServerRescueTestJSON:setUpClass): 201 POST http://10.180.1.21/networking/v2.0/routers 1.554s
2025-11-19 05:54:24.144 66141 INFO tempest.lib.common.rest_client [req-d39900ef-8b08-4447-82b8-8948fb47d0a6 req-d39900ef-8b08-4447-82b8-8948fb47d0a6 ] Request (QuotasAdminTestV236:_run_cleanups): 204 DELETE http://10.180.1.21/identity/v3/projects/a88aae69259c49ac8091554365c1710b 0.144s
2025-11-19 05:54:24.213 66103 INFO tempest.lib.common.rest_client [req-7f3adff3-8ed6-43e4-a135-d259f936a04e req-7f3adff3-8ed6-43e4-a135-d259f936a04e ] Request (InstanceActionsV221TestJSON:test_get_list_deleted_instance_actions): 200 GET http://10.180.1.21/compute/v2.1/servers/6860748c-2cea-4df4-8962-372298f776ce 4.398s
2025-11-19 05:54:24.226 66161 INFO tempest.lib.common.rest_client [req-6fe2ca69-a029-4385-9639-ab2957e8e4f0 req-6fe2ca69-a029-4385-9639-ab2957e8e4f0 ] Request (VolumesAdminNegativeTest:tearDownClass): 200 GET http://10.180.1.21/compute/v2.1/servers/3a6cedbe-1788-4549-9178-7113b8d0a9f9 4.390s
2025-11-19 05:54:24.227 66123 WARNING tempest.lib.common.ssh [-] Failed to establish authenticated ssh connection to cirros@10.180.180.247 ([Errno None] Unable to connect to port 22 on 10.180.180.247). Number attempts: 4. Retry after 5 seconds.: paramiko.ssh_exception.NoValidConnectionsError: [Errno None] Unable to connect to port 22 on 10.180.180.247
2025-11-19 05:54:24.235 66161 INFO tempest.common.waiters [-] State transition "ACTIVE/deleting" ==> "DELETED/None" after 6 second wait
2025-11-19 05:54:24.321 66159 INFO tempest.lib.common.rest_client [req-360afc12-5f1e-4aab-95ba-dee42f90a936 req-360afc12-5f1e-4aab-95ba-dee42f90a936 ] Request (ServerDiagnosticsV248Test:tearDownClass): 204 DELETE http://10.180.1.21/compute/v2.1/servers/44302c3a-71d5-4a6d-9213-42d03e5cc924 4.408s
2025-11-19 05:54:24.330 66141 INFO tempest.lib.common.rest_client [req-bc4ae686-3351-4e78-bc0c-d00b7b0afbad req-bc4ae686-3351-4e78-bc0c-d00b7b0afbad ] Request (QuotasAdminTestV236:tearDownClass): 204 DELETE http://10.180.1.21/identity/v3/users/f39a05bed4b44d4c8bf53b70c60b2e42 0.185s
2025-11-19 05:54:24.487 66139 WARNING tempest.lib.common.ssh [-] Failed to establish authenticated ssh connection to cirros@10.180.180.222 ([Errno None] Unable to connect to port 22 on 10.180.180.222). Number attempts: 1. Retry after 2 seconds.: paramiko.ssh_exception.NoValidConnectionsError: [Errno None] Unable to connect to port 22 on 10.180.180.222
2025-11-19 05:54:24.493 66141 INFO tempest.lib.common.rest_client [req-b6de135a-862f-436f-8d10-690bbf7f734d req-b6de135a-862f-436f-8d10-690bbf7f734d ] Request (QuotasAdminTestV236:tearDownClass): 204 DELETE http://10.180.1.21/identity/v3/users/4bdade6410364265b2e1d12090db74ca 0.163s
2025-11-19 05:54:24.494 66141 INFO tempest.lib.common.dynamic_creds [-] Deleting project and security group for project: ad98e239603c44769a6344b27c3e09e0
2025-11-19 05:54:24.553 66141 INFO tempest.lib.common.rest_client [req-0404c138-bed0-4749-8093-49095d66a1b8 req-0404c138-bed0-4749-8093-49095d66a1b8 ] Request (QuotasAdminTestV236:tearDownClass): 201 POST http://10.180.1.21/identity/v3/auth/tokens 0.059s
2025-11-19 05:54:24.780 66111 INFO tempest.lib.common.rest_client [req-8e9ae26a-667a-4cc3-9173-7d615c03a3cf req-8e9ae26a-667a-4cc3-9173-7d615c03a3cf ] Request (ServersAdmin275Test:test_rebuild_update_server_275): 200 GET http://10.180.1.21/compute/v2.1/servers/65a4d082-501c-40a3-b713-723076be9ee4 4.746s
2025-11-19 05:54:24.800 66119 INFO tempest.lib.common.rest_client [req-603f2c4c-eb58-4ac9-9b81-85c99f712532 req-603f2c4c-eb58-4ac9-9b81-85c99f712532 ] Request (ServicesAdminTestJSON:test_get_service_by_host_name): 200 GET http://10.180.1.21/compute/v2.1/os-services?host=devstack 4.686s
2025-11-19 05:54:24.815 66125 INFO tempest.lib.common.rest_client [req-5f138b02-2f54-441d-b93b-edd1df9c5192 req-5f138b02-2f54-441d-b93b-edd1df9c5192 ] Request (FlavorsV2TestJSON:test_list_flavors_using_marker): 200 GET http://10.180.1.21/compute/v2.1/flavors/42 4.667s
2025-11-19 05:54:25.044 66147 INFO tempest.lib.common.rest_client [req-e14fa5dc-e774-4ab7-b207-1618e84a4292 req-e14fa5dc-e774-4ab7-b207-1618e84a4292 ] Request (ServerRescueTestJSON:setUpClass): 200 PUT http://10.180.1.21/networking/v2.0/routers/1b962479-7349-4838-a1a8-c6771470a093/add_router_interface 0.936s
2025-11-19 05:54:25.045 66147 INFO tempest.lib.common.dynamic_creds [-] Created isolated network resources for: credentials: Credentials: {'domain_id': 'default', 'domain_name': 'Default', 'username': 'tempest-ServerRescueTestJSON-1769012266-project-member', 'project_domain_id': 'default', 'project_domain_name': 'Default', 'project_id': '5721245f4dfa4726b19f554d7b3e865a', 'project_name': 'tempest-ServerRescueTestJSON-1769012266', 'tenant_id': '5721245f4dfa4726b19f554d7b3e865a', 'tenant_name': 'tempest-ServerRescueTestJSON-1769012266', 'user_domain_id': 'default', 'user_domain_name': 'Default', 'user_id': '466a8f419da94dfa9c747828e18969ef', 'system': None}, Network: {'id': '7210dfbf-836d-44d0-86d7-a67d57a1d561', 'name': 'tempest-ServerRescueTestJSON-1008746838-network', 'tenant_id': '5721245f4dfa4726b19f554d7b3e865a', 'project_id': '5721245f4dfa4726b19f554d7b3e865a', 'admin_state_up': True, 'mtu': 8950, 'status': 'ACTIVE', 'subnets': [], 'shared': False, 'port_security_enabled': True, 'router:external': False, 'provider:network_type': 'vlan', 'provider:physical_network': 'default', 'provider:segmentation_id': 506, 'availability_zone_hints': [], 'availability_zones': [], 'ipv4_address_scope': None, 'ipv6_address_scope': None, 'description': '', 'tags': [], 'created_at': '2025-11-19T05:54:22Z', 'updated_at': '2025-11-19T05:54:22Z', 'revision_number': 1}, Subnet: {'id': 'd1f5f6ad-0c55-49c2-be80-008c47fcc84b', 'name': 'tempest-ServerRescueTestJSON-1008746838-subnet', 'tenant_id': '5721245f4dfa4726b19f554d7b3e865a', 'network_id': '7210dfbf-836d-44d0-86d7-a67d57a1d561', 'ip_version': 4, 'subnetpool_id': None, 'enable_dhcp': False, 'ipv6_ra_mode': None, 'ipv6_address_mode': None, 'gateway_ip': '192.168.128.1', 'cidr': '192.168.128.0/28', 'allocation_pools': [{'start': '192.168.128.2', 'end': '192.168.128.14'}], 'host_routes': [], 'dns_nameservers': [], 'description': '', 'router:external': False, 'service_types': [], 'tags': [], 'created_at': '2025-11-19T05:54:22Z', 'updated_at': '2025-11-19T05:54:22Z', 'revision_number': 0, 'project_id': '5721245f4dfa4726b19f554d7b3e865a'}, Router: {'id': '1b962479-7349-4838-a1a8-c6771470a093', 'name': 'tempest-ServerRescueTestJSON-1008746838-router', 'tenant_id': '5721245f4dfa4726b19f554d7b3e865a', 'admin_state_up': True, 'status': 'ACTIVE', 'external_gateway_info': {'network_id': 'aca3aa1a-3178-4d68-858e-bc073de4c71a', 'external_fixed_ips': [{'subnet_id': 'bfa2714f-25e5-4cd8-9f5a-6afb79dc64fd', 'ip_address': '10.180.180.244'}], 'enable_snat': True}, 'description': '', 'availability_zones': [], 'distributed': False, 'ha': False, 'availability_zone_hints': [], 'routes': [], 'flavor_id': None, 'tags': [], 'created_at': '2025-11-19T05:54:23Z', 'updated_at': '2025-11-19T05:54:23Z', 'revision_number': 2, 'project_id': '5721245f4dfa4726b19f554d7b3e865a'}
2025-11-19 05:54:25.117 66147 INFO tempest.lib.common.rest_client [req-dd5b8262-0be4-45f9-9248-385d1cf4537f req-dd5b8262-0be4-45f9-9248-385d1cf4537f ] Request (ServerRescueTestJSON:setUpClass): 201 POST http://10.180.1.21/identity/v3/auth/tokens 0.069s
2025-11-19 05:54:25.154 66147 INFO tempest.lib.common.rest_client [req-174acf6c-8a6d-4a2f-bedd-f6fd820e8e66 req-174acf6c-8a6d-4a2f-bedd-f6fd820e8e66 ] Request (ServerRescueTestJSON:setUpClass): 201 POST http://10.180.1.21/identity/v3/auth/tokens 0.033s
2025-11-19 05:54:25.155 66147 INFO tempest.lib.common.fixed_network [-] (ServerRescueTestJSON:setUpClass) Found network {'id': '7210dfbf-836d-44d0-86d7-a67d57a1d561', 'name': 'tempest-ServerRescueTestJSON-1008746838-network', 'tenant_id': '5721245f4dfa4726b19f554d7b3e865a', 'project_id': '5721245f4dfa4726b19f554d7b3e865a', 'admin_state_up': True, 'mtu': 8950, 'status': 'ACTIVE', 'subnets': [], 'shared': False, 'port_security_enabled': True, 'router:external': False, 'provider:network_type': 'vlan', 'provider:physical_network': 'default', 'provider:segmentation_id': 506, 'availability_zone_hints': [], 'availability_zones': [], 'ipv4_address_scope': None, 'ipv6_address_scope': None, 'description': '', 'tags': [], 'created_at': '2025-11-19T05:54:22Z', 'updated_at': '2025-11-19T05:54:22Z', 'revision_number': 1} available for tenant
2025-11-19 05:54:25.197 66141 INFO tempest.lib.common.rest_client [req-47af4172-a0d4-4645-a364-bdc333af7522 req-47af4172-a0d4-4645-a364-bdc333af7522 ] Request (QuotasAdminTestV236:tearDownClass): 200 GET http://10.180.1.21/networking/v2.0/security-groups?tenant_id=ad98e239603c44769a6344b27c3e09e0&name=default 0.644s
2025-11-19 05:54:25.484 66155 INFO tempest.lib.common.rest_client [req-b3abdda2-7d29-4416-a7e5-490e9e98af49 req-b3abdda2-7d29-4416-a7e5-490e9e98af49 ] Request (SecurityGroupRulesNegativeTestJSON:test_create_security_group_rule_with_invalid_ip_protocol): 400 POST http://10.180.1.21/compute/v2.1/os-security-group-rules 5.333s
2025-11-19 05:54:25.504 66151 INFO tempest.lib.common.rest_client [req-140ba3b8-e04b-4834-bcd5-810741f788fa req-140ba3b8-e04b-4834-bcd5-810741f788fa ] Request (AggregatesAdminNegativeTestJSON:_run_cleanups): 200 DELETE http://10.180.1.21/compute/v2.1/os-aggregates/5 5.098s
2025-11-19 05:54:25.523 66127 INFO tempest.lib.common.rest_client [req-a4bc385d-883a-47f2-bdb6-acb1f265e233 req-a4bc385d-883a-47f2-bdb6-acb1f265e233 ] Request (FlavorsAdminTestJSON:test_create_server_with_non_public_flavor): 200 POST http://10.180.1.21/compute/v2.1/flavors 5.117s
2025-11-19 05:54:25.539 66107 INFO tempest.lib.common.rest_client [req-c0eac679-bc9a-4bd4-8c63-09cfb622dcab req-c0eac679-bc9a-4bd4-8c63-09cfb622dcab ] Request (FlavorsAccessNegativeTestJSON:test_remove_flavor_access_not_found): 200 POST http://10.180.1.21/compute/v2.1/flavors 5.104s
2025-11-19 05:54:25.671 66141 INFO tempest.lib.common.rest_client [req-d5cd723d-0890-41e1-9c9d-7dc9815d5d86 req-d5cd723d-0890-41e1-9c9d-7dc9815d5d86 ] Request (QuotasAdminTestV236:tearDownClass): 204 DELETE http://10.180.1.21/networking/v2.0/security-groups/ad1b6e21-5442-4ead-90a0-2041e6be8513 0.473s
2025-11-19 05:54:25.756 66141 INFO tempest.lib.common.rest_client [req-e0c85d37-7992-46a9-9fd2-c2c5cb8edadc req-e0c85d37-7992-46a9-9fd2-c2c5cb8edadc ] Request (QuotasAdminTestV236:tearDownClass): 204 DELETE http://10.180.1.21/identity/v3/projects/ad98e239603c44769a6344b27c3e09e0 0.085s
2025-11-19 05:54:25.756 66141 INFO tempest.lib.common.dynamic_creds [-] Deleting project and security group for project: d0b4fcf715d74d29b84add1999de6061
2025-11-19 05:54:25.948 66141 INFO tempest.lib.common.rest_client [req-a5b4582b-ad37-4a4d-add6-8b0ddd61dcd6 req-a5b4582b-ad37-4a4d-add6-8b0ddd61dcd6 ] Request (QuotasAdminTestV236:tearDownClass): 200 GET http://10.180.1.21/networking/v2.0/security-groups?tenant_id=d0b4fcf715d74d29b84add1999de6061&name=default 0.191s
2025-11-19 05:54:26.032 66115 INFO tempest.lib.common.rest_client [req-d769b56d-5a1b-4421-b4c8-160a2b3261a3 req-d769b56d-5a1b-4421-b4c8-160a2b3261a3 ] Request (ImagesNegativeTestJSON:test_create_image_from_deleted_server): 200 GET http://10.180.1.21/compute/v2.1/servers/4ee78f7b-e7f3-4db1-ab94-6dca6b24351a 5.493s
2025-11-19 05:54:26.039 66115 INFO tempest.common.waiters [-] State transition "BUILD/None" ==> "BUILD/spawning" after 7 second wait
2025-11-19 05:54:26.149 66141 INFO tempest.lib.common.rest_client [req-79087433-2d88-4769-8a3e-55b2838cfd6c req-79087433-2d88-4769-8a3e-55b2838cfd6c ] Request (QuotasAdminTestV236:tearDownClass): 204 DELETE http://10.180.1.21/networking/v2.0/security-groups/4ce2e77d-1458-49fe-8235-f08fed0ea1f7 0.200s
2025-11-19 05:54:26.268 66141 INFO tempest.lib.common.rest_client [req-70eadde4-0d60-46ed-b0a3-5fc2164e69e1 req-70eadde4-0d60-46ed-b0a3-5fc2164e69e1 ] Request (QuotasAdminTestV236:tearDownClass): 204 DELETE http://10.180.1.21/identity/v3/projects/d0b4fcf715d74d29b84add1999de6061 0.118s
2025-11-19 05:54:26.287 66143 INFO tempest.lib.common.rest_client [req-66f0f9b3-a716-4c08-b210-e97e716f43f2 req-66f0f9b3-a716-4c08-b210-e97e716f43f2 ] Request (ServerDiskConfigTestJSON:test_rebuild_server_with_manual_disk_config): 202 POST http://10.180.1.21/compute/v2.1/servers 6.186s
2025-11-19 05:54:26.375 66141 INFO tempest.lib.common.rest_client [req-ee534fd2-8c77-4715-8cad-33ad606d663c req-ee534fd2-8c77-4715-8cad-33ad606d663c ] Request (QuotasAdminTestV257:setUpClass): 201 POST http://10.180.1.21/identity/v3/auth/tokens 0.106s
2025-11-19 05:54:26.433 66141 INFO tempest.lib.common.rest_client [req-76c8985a-3d88-4a6f-aed3-c4571ef6bd5f req-76c8985a-3d88-4a6f-aed3-c4571ef6bd5f ] Request (QuotasAdminTestV257:setUpClass): 201 POST http://10.180.1.21/identity/v3/auth/tokens 0.055s
2025-11-19 05:54:26.453 66117 INFO tempest.lib.common.rest_client [req-a48740c8-9d8a-4244-97c4-1bd9d7383712 req-a48740c8-9d8a-4244-97c4-1bd9d7383712 ] Request (DeleteServersTestJSON:test_delete_active_server): 200 GET http://10.180.1.21/compute/v2.1/servers/1c7a13e5-be49-4589-91ad-b2cbaa1759e5 5.862s
2025-11-19 05:54:26.466 66117 INFO tempest.common.waiters [-] State transition "BUILD/None" ==> "BUILD/spawning" after 7 second wait
2025-11-19 05:54:26.477 66141 INFO tempest.lib.common.rest_client [req-aedd93da-db27-4e12-96f7-a946996f8b9a req-aedd93da-db27-4e12-96f7-a946996f8b9a ] Request (QuotasAdminTestV257:setUpClass): 200 GET http://10.180.1.21/identity/v3/domains?name=Default 0.043s
2025-11-19 05:54:26.529 66129 INFO tempest.lib.common.rest_client [req-88017770-6233-4f51-90cd-1fd5f248a31f req-88017770-6233-4f51-90cd-1fd5f248a31f ] Request (FloatingIPsTestJSON:test_allocate_floating_ip): 200 GET http://10.180.1.21/compute/v2.1/os-floating-ips 5.860s
2025-11-19 05:54:26.533 66141 INFO tempest.lib.common.rest_client [req-f9b6d064-ef03-41a6-8a07-10231f2e52a9 req-f9b6d064-ef03-41a6-8a07-10231f2e52a9 ] Request (QuotasAdminTestV257:setUpClass): 201 POST http://10.180.1.21/identity/v3/projects 0.056s
2025-11-19 05:54:26.599 66105 INFO tempest.lib.common.rest_client [req-4e119038-1f6e-4969-8661-7ff1d2e0f3cd req-4e119038-1f6e-4969-8661-7ff1d2e0f3cd ] Request (TenantUsagesTestJSON:setUpClass): 200 GET http://10.180.1.21/compute/v2.1/servers/41c63f0a-8d28-4a78-aa50-f71fd08ca22a 5.192s
2025-11-19 05:54:26.622 66153 INFO tempest.lib.common.rest_client [req-3145e4c5-e8d8-4011-8ebe-fd80279905ff req-3145e4c5-e8d8-4011-8ebe-fd80279905ff ] Request (DeleteServersAdminTestJSON:test_delete_server_while_in_error_state): 200 GET http://10.180.1.21/compute/v2.1/servers/426393cf-37d5-4436-b79a-8268ae064bb3 5.241s
2025-11-19 05:54:26.632 66153 INFO tempest.common.waiters [-] State transition "BUILD/spawning" ==> "ACTIVE/None" after 15 second wait
2025-11-19 05:54:26.661 66141 INFO tempest.lib.common.rest_client [req-feab6aad-1f35-42b7-b987-933e772438f9 req-feab6aad-1f35-42b7-b987-933e772438f9 ] Request (QuotasAdminTestV257:setUpClass): 201 POST http://10.180.1.21/identity/v3/users 0.127s
2025-11-19 05:54:26.675 66113 INFO tempest.lib.common.rest_client [req-2bb9193f-387e-4d1b-b43f-66898e4c7ac2 req-2bb9193f-387e-4d1b-b43f-66898e4c7ac2 ] Request (ServersTestMultiNic:_run_cleanups): 200 GET http://10.180.1.21/compute/v2.1/servers/9787675d-4247-47cb-89ac-43f5d94d3801 5.240s
2025-11-19 05:54:26.688 66141 INFO tempest.lib.common.rest_client [req-34db85d7-d73c-4bcb-8cee-04dde333b444 req-34db85d7-d73c-4bcb-8cee-04dde333b444 ] Request (QuotasAdminTestV257:setUpClass): 200 GET http://10.180.1.21/identity/v3/roles 0.026s
2025-11-19 05:54:26.697 66149 INFO tempest.lib.common.rest_client [req-c735b4a2-5803-48d3-a59e-d4d467b0c788 req-c735b4a2-5803-48d3-a59e-d4d467b0c788 ] Request (ServersNegativeTestMultiTenantJSON:setUpClass): 200 GET http://10.180.1.21/compute/v2.1/servers/b490f69b-cbc2-4d46-804c-1c0c804952ea 4.876s
2025-11-19 05:54:26.718 66141 INFO tempest.lib.common.rest_client [req-36b4b2aa-5398-4aac-9f37-b37a709083aa req-36b4b2aa-5398-4aac-9f37-b37a709083aa ] Request (QuotasAdminTestV257:setUpClass): 204 PUT http://10.180.1.21/identity/v3/projects/526fbe62456e40d0ada55bd858c1e7b2/users/96b82d4aa8904a529d195b825e1e6a67/roles/1db23a7157944ce184754ec8415cf505 0.029s
2025-11-19 05:54:26.718 66141 INFO tempest.lib.common.dynamic_creds [-] Dynamic test user 96b82d4aa8904a529d195b825e1e6a67 is created with scope project and roles: ['member']
2025-11-19 05:54:26.718 66141 INFO tempest.lib.common.dynamic_creds [-] Acquired dynamic creds: credentials: Credentials: {'domain_id': 'default', 'domain_name': 'Default', 'username': 'tempest-QuotasAdminTestV257-1434335465-project-member', 'project_domain_id': 'default', 'project_domain_name': 'Default', 'project_id': '526fbe62456e40d0ada55bd858c1e7b2', 'project_name': 'tempest-QuotasAdminTestV257-1434335465', 'tenant_id': '526fbe62456e40d0ada55bd858c1e7b2', 'tenant_name': 'tempest-QuotasAdminTestV257-1434335465', 'user_domain_id': 'default', 'user_domain_name': 'Default', 'user_id': '96b82d4aa8904a529d195b825e1e6a67', 'system': None}, Network: None, Subnet: None, Router: None
2025-11-19 05:54:26.718 66141 INFO tempest.lib.common.dynamic_creds [-] Created isolated network resources for: credentials: Credentials: {'domain_id': 'default', 'domain_name': 'Default', 'username': 'tempest-QuotasAdminTestV257-1434335465-project-member', 'project_domain_id': 'default', 'project_domain_name': 'Default', 'project_id': '526fbe62456e40d0ada55bd858c1e7b2', 'project_name': 'tempest-QuotasAdminTestV257-1434335465', 'tenant_id': '526fbe62456e40d0ada55bd858c1e7b2', 'tenant_name': 'tempest-QuotasAdminTestV257-1434335465', 'user_domain_id': 'default', 'user_domain_name': 'Default', 'user_id': '96b82d4aa8904a529d195b825e1e6a67', 'system': None}, Network: None, Subnet: None, Router: None
2025-11-19 05:54:26.783 66133 INFO tempest.lib.common.rest_client [req-a9eeb9b0-97c0-4244-956e-9fa4fa8807b7 req-a9eeb9b0-97c0-4244-956e-9fa4fa8807b7 ] Request (ServerDiagnosticsTest:tearDownClass): 200 GET http://10.180.1.21/compute/v2.1/servers/2fee156f-fbd9-40f1-8d44-83e880e86144 4.494s
2025-11-19 05:54:26.790 66133 INFO tempest.common.waiters [-] State transition "ACTIVE/deleting" ==> "DELETED/None" after 5 second wait
2025-11-19 05:54:26.802 66141 INFO tempest.lib.common.rest_client [req-e9a89e2f-976c-4914-9e27-7e322563763a req-e9a89e2f-976c-4914-9e27-7e322563763a ] Request (QuotasAdminTestV257:setUpClass): 201 POST http://10.180.1.21/identity/v3/auth/tokens 0.080s
2025-11-19 05:54:26.867 66141 INFO tempest.lib.common.rest_client [req-f5393352-5a87-4eda-9abd-06c953df8948 req-f5393352-5a87-4eda-9abd-06c953df8948 ] Request (QuotasAdminTestV257:setUpClass): 201 POST http://10.180.1.21/identity/v3/projects 0.064s
2025-11-19 05:54:26.868 66137 INFO tempest.lib.common.rest_client [req-bfa93a1b-5fc5-41bd-b4a2-6e984c1311aa req-bfa93a1b-5fc5-41bd-b4a2-6e984c1311aa ] Request (VolumesNegativeTest:test_create_volume_with_invalid_size): 400 POST http://10.180.1.21/compute/v2.1/os-volumes 4.629s
2025-11-19 05:54:26.876 66121 INFO tempest.lib.common.rest_client [req-98816eff-2aeb-4a04-bd20-1fa95c1529f9 req-98816eff-2aeb-4a04-bd20-1fa95c1529f9 ] Request (FloatingIPsAssociationNegativeTestJSON:test_associate_ip_to_server_without_passing_floating_ip): 400 POST http://10.180.1.21/compute/v2.1/servers/232a74e9-8bf5-4ee7-b7c5-347542735572/action 3.708s
2025-11-19 05:54:26.952 66141 INFO tempest.lib.common.rest_client [req-e1e0b9fa-3818-4af5-9ad5-4b156db8bd8b req-e1e0b9fa-3818-4af5-9ad5-4b156db8bd8b ] Request (QuotasAdminTestV257:setUpClass): 201 POST http://10.180.1.21/identity/v3/users 0.085s
2025-11-19 05:54:26.983 66141 INFO tempest.lib.common.rest_client [req-dfa465f7-4008-457f-bd5d-389c71193ce9 req-dfa465f7-4008-457f-bd5d-389c71193ce9 ] Request (QuotasAdminTestV257:setUpClass): 200 GET http://10.180.1.21/identity/v3/roles 0.030s
2025-11-19 05:54:27.016 66135 INFO tempest.lib.common.rest_client [req-021ff05d-d89a-4de2-8b36-b6ed555b17c6 req-021ff05d-d89a-4de2-8b36-b6ed555b17c6 ] Request (SecurityGroupsTestAdminJSON:_run_cleanups): 202 DELETE http://10.180.1.21/compute/v2.1/os-security-groups/717c472d-4954-4915-81cb-213a2fe55ae7 3.282s
2025-11-19 05:54:27.019 66141 INFO tempest.lib.common.rest_client [req-bef1b03a-b0c1-4d4d-92b0-29ac80c0afe6 req-bef1b03a-b0c1-4d4d-92b0-29ac80c0afe6 ] Request (QuotasAdminTestV257:setUpClass): 204 PUT http://10.180.1.21/identity/v3/projects/28620db63e7f44fd957d8eee7f6bc78e/users/9ba5eb6ad9044d7c97ee255085173ffd/roles/3cca4c1416694389938cf7d25883bc5d 0.035s
2025-11-19 05:54:27.036 66109 INFO tempest.lib.common.rest_client [req-fffa9eec-6ba6-41dc-bc93-a71022b94ca5 req-fffa9eec-6ba6-41dc-bc93-a71022b94ca5 ] Request (SecurityGroupRulesTestJSON:tearDownClass): 404 DELETE http://10.180.1.21/compute/v2.1/os-security-groups/2b605674-66e3-4f5b-a07b-755ddd008167 3.130s
2025-11-19 05:54:27.081 66141 INFO tempest.lib.common.rest_client [req-2cd1b1ef-5e09-49fd-83d4-e46462c61047 req-2cd1b1ef-5e09-49fd-83d4-e46462c61047 ] Request (QuotasAdminTestV257:setUpClass): 200 GET http://10.180.1.21/identity/v3/roles 0.062s
2025-11-19 05:54:27.100 66141 INFO tempest.lib.common.rest_client [req-1234fde9-bb32-4027-be53-fe0ba11f568f req-1234fde9-bb32-4027-be53-fe0ba11f568f ] Request (QuotasAdminTestV257:setUpClass): 204 PUT http://10.180.1.21/identity/v3/projects/28620db63e7f44fd957d8eee7f6bc78e/users/9ba5eb6ad9044d7c97ee255085173ffd/roles/3cca4c1416694389938cf7d25883bc5d 0.018s
2025-11-19 05:54:27.101 66141 INFO tempest.lib.common.dynamic_creds [-] Dynamic test user 9ba5eb6ad9044d7c97ee255085173ffd is created with scope project and roles: ['admin']
2025-11-19 05:54:27.101 66141 INFO tempest.lib.common.dynamic_creds [-] Acquired dynamic creds: credentials: Credentials: {'domain_id': 'default', 'domain_name': 'Default', 'username': 'tempest-QuotasAdminTestV257-1848280320-project-admin', 'project_domain_id': 'default', 'project_domain_name': 'Default', 'project_id': '28620db63e7f44fd957d8eee7f6bc78e', 'project_name': 'tempest-QuotasAdminTestV257-1848280320', 'tenant_id': '28620db63e7f44fd957d8eee7f6bc78e', 'tenant_name': 'tempest-QuotasAdminTestV257-1848280320', 'user_domain_id': 'default', 'user_domain_name': 'Default', 'user_id': '9ba5eb6ad9044d7c97ee255085173ffd', 'system': None}, Network: None, Subnet: None, Router: None
2025-11-19 05:54:27.101 66141 INFO tempest.lib.common.dynamic_creds [-] Created isolated network resources for: credentials: Credentials: {'domain_id': 'default', 'domain_name': 'Default', 'username': 'tempest-QuotasAdminTestV257-1848280320-project-admin', 'project_domain_id': 'default', 'project_domain_name': 'Default', 'project_id': '28620db63e7f44fd957d8eee7f6bc78e', 'project_name': 'tempest-QuotasAdminTestV257-1848280320', 'tenant_id': '28620db63e7f44fd957d8eee7f6bc78e', 'tenant_name': 'tempest-QuotasAdminTestV257-1848280320', 'user_domain_id': 'default', 'user_domain_name': 'Default', 'user_id': '9ba5eb6ad9044d7c97ee255085173ffd', 'system': None}, Network: None, Subnet: None, Router: None
2025-11-19 05:54:27.160 66101 INFO tempest.lib.common.rest_client [req-5c071d14-f6b0-459a-bc63-02b0b6f87d3b req-5c071d14-f6b0-459a-bc63-02b0b6f87d3b ] Request (MigrationsAdminTest:test_list_migrations_in_flavor_resize_situation): 200 GET http://10.180.1.21/compute/v2.1/servers/385c6261-fd76-4794-9081-4e5ebb7d24dd 3.185s
2025-11-19 05:54:27.188 66141 INFO tempest.lib.common.rest_client [req-d28ab629-2fe5-4026-8369-bd3a236a3331 req-d28ab629-2fe5-4026-8369-bd3a236a3331 ] Request (QuotasAdminTestV257:setUpClass): 201 POST http://10.180.1.21/identity/v3/auth/tokens 0.084s
2025-11-19 05:54:27.200 66163 INFO tempest.lib.common.rest_client [req-350c6b99-d530-42b6-b0c0-cca0badbfd6e req-350c6b99-d530-42b6-b0c0-cca0badbfd6e ] Request (FloatingIPDetailsTestJSON:tearDownClass): 202 DELETE http://10.180.1.21/compute/v2.1/os-floating-ips/b0753b54-2a65-4c75-8d01-46b75453a32a 4.226s
2025-11-19 05:54:27.292 66131 INFO tempest.lib.common.rest_client [req-e772b024-af4f-4808-8462-320c369e2c74 req-e772b024-af4f-4808-8462-320c369e2c74 ] Request (QuotaClassesAdminTestJSON:test_update_default_quotas): 200 GET http://10.180.1.21/compute/v2.1/os-quota-class-sets/default 3.092s
2025-11-19 05:54:27.296 66159 INFO tempest.lib.common.rest_client [req-816c3059-f30c-4cf1-ae8d-c12905c03e73 req-816c3059-f30c-4cf1-ae8d-c12905c03e73 ] Request (ServerDiagnosticsV248Test:tearDownClass): 200 GET http://10.180.1.21/compute/v2.1/servers/44302c3a-71d5-4a6d-9213-42d03e5cc924 2.974s
2025-11-19 05:54:27.328 66119 INFO tempest.lib.common.rest_client [req-28f86185-8538-4809-96ba-4151841ac34a req-28f86185-8538-4809-96ba-4151841ac34a ] Request (ServicesAdminTestJSON:test_get_service_by_service_binary_name): 200 GET http://10.180.1.21/compute/v2.1/os-services?binary=nova-compute 2.524s
2025-11-19 05:54:27.341 66125 INFO tempest.lib.common.rest_client [req-a2c9b003-b9ba-4aa8-b65a-2d95023323e7 req-a2c9b003-b9ba-4aa8-b65a-2d95023323e7 ] Request (FlavorsV2TestJSON:test_list_flavors_using_marker): 200 GET http://10.180.1.21/compute/v2.1/flavors?marker=42 2.522s
2025-11-19 05:54:27.449 66103 INFO tempest.lib.common.rest_client [req-bd0990d2-ba39-4ad9-b4a2-0ab01ffa97a1 req-bd0990d2-ba39-4ad9-b4a2-0ab01ffa97a1 ] Request (InstanceActionsV221TestJSON:test_get_list_deleted_instance_actions): 200 GET http://10.180.1.21/compute/v2.1/servers/6860748c-2cea-4df4-8962-372298f776ce 2.222s
2025-11-19 05:54:27.485 66161 INFO tempest.lib.common.rest_client [req-df2ef87a-10e8-4bc8-b21a-72b9022c920e req-df2ef87a-10e8-4bc8-b21a-72b9022c920e ] Request (VolumesAdminNegativeTest:tearDownClass): 404 GET http://10.180.1.21/compute/v2.1/servers/3a6cedbe-1788-4549-9178-7113b8d0a9f9 2.247s
2025-11-19 05:54:27.556 66139 WARNING tempest.lib.common.ssh [-] Failed to establish authenticated ssh connection to cirros@10.180.180.222 ([Errno None] Unable to connect to port 22 on 10.180.180.222). Number attempts: 2. Retry after 3 seconds.: paramiko.ssh_exception.NoValidConnectionsError: [Errno None] Unable to connect to port 22 on 10.180.180.222
2025-11-19 05:54:27.556 66145 WARNING tempest.lib.common.ssh [-] Failed to establish authenticated ssh connection to cirros@10.180.180.165 ([Errno None] Unable to connect to port 22 on 10.180.180.165). Number attempts: 4. Retry after 5 seconds.: paramiko.ssh_exception.NoValidConnectionsError: [Errno None] Unable to connect to port 22 on 10.180.180.165
2025-11-19 05:54:28.287 66161 INFO tempest.lib.common.rest_client [req-b6ec2714-0a8a-436c-b8a7-a5cecd5dd42c req-b6ec2714-0a8a-436c-b8a7-a5cecd5dd42c ] Request (VolumesAdminNegativeTest:tearDownClass): 200 PUT http://10.180.1.21/networking/v2.0/routers/ca6ec607-3993-4887-86b7-2e66f5607a2c/remove_router_interface 0.799s
2025-11-19 05:54:28.457 66155 INFO tempest.lib.common.rest_client [req-5ba15a28-4163-495d-a607-fea71119ce05 req-5ba15a28-4163-495d-a607-fea71119ce05 ] Request (SecurityGroupRulesNegativeTestJSON:test_create_security_group_rule_with_invalid_port_range): 200 POST http://10.180.1.21/compute/v2.1/os-security-groups 2.971s
2025-11-19 05:54:28.478 66151 INFO tempest.lib.common.rest_client [req-869e4dd3-89bc-48e8-943f-96a23794586a req-869e4dd3-89bc-48e8-943f-96a23794586a ] Request (AggregatesAdminNegativeTestJSON:test_aggregate_delete_with_invalid_id): 404 DELETE http://10.180.1.21/compute/v2.1/os-aggregates/-1 2.973s
2025-11-19 05:54:28.501 66127 INFO tempest.lib.common.rest_client [req-449ea87b-e319-41c7-bd22-7359c9298f1d req-449ea87b-e319-41c7-bd22-7359c9298f1d ] Request (FlavorsAdminTestJSON:test_create_server_with_non_public_flavor): 400 POST http://10.180.1.21/compute/v2.1/servers 2.975s
2025-11-19 05:54:28.527 66163 INFO tempest.lib.common.rest_client [req-9e9240b0-97a5-49a7-8e52-7537dc9a3f93 req-9e9240b0-97a5-49a7-8e52-7537dc9a3f93 ] Request (FloatingIPDetailsTestJSON:tearDownClass): 200 PUT http://10.180.1.21/networking/v2.0/routers/a4271baa-52c6-4033-ac93-32acf7300643/remove_router_interface 1.327s
2025-11-19 05:54:28.623 66107 INFO tempest.lib.common.rest_client [req-b60b4317-5498-40d0-a581-7d3a369ff4c1 req-b60b4317-5498-40d0-a581-7d3a369ff4c1 ] Request (FlavorsAccessNegativeTestJSON:test_remove_flavor_access_not_found): 404 POST http://10.180.1.21/compute/v2.1/flavors/586304615/action 3.082s
2025-11-19 05:54:28.961 66161 INFO tempest.lib.common.rest_client [req-26acd8a4-62ea-4d7b-9a76-8e0c38f6b984 req-26acd8a4-62ea-4d7b-9a76-8e0c38f6b984 ] Request (VolumesAdminNegativeTest:tearDownClass): 204 DELETE http://10.180.1.21/networking/v2.0/routers/ca6ec607-3993-4887-86b7-2e66f5607a2c 0.673s
2025-11-19 05:54:29.006 66163 INFO tempest.lib.common.rest_client [req-6d6b7f92-2f30-4cef-a95e-60941e58eace req-6d6b7f92-2f30-4cef-a95e-60941e58eace ] Request (FloatingIPDetailsTestJSON:tearDownClass): 204 DELETE http://10.180.1.21/networking/v2.0/routers/a4271baa-52c6-4033-ac93-32acf7300643 0.478s
2025-11-19 05:54:29.104 66111 INFO tempest.lib.common.rest_client [req-e45b0558-70a8-4f36-8bf7-054bf6b30715 req-e45b0558-70a8-4f36-8bf7-054bf6b30715 ] Request (ServersAdmin275Test:test_rebuild_update_server_275): 200 GET http://10.180.1.21/compute/v2.1/servers/65a4d082-501c-40a3-b713-723076be9ee4 3.311s
2025-11-19 05:54:29.225 66161 INFO tempest.lib.common.rest_client [req-900fb93b-7181-4088-b179-a55c9a48d5f3 req-900fb93b-7181-4088-b179-a55c9a48d5f3 ] Request (VolumesAdminNegativeTest:tearDownClass): 204 DELETE http://10.180.1.21/networking/v2.0/subnets/7ad13b0e-e804-4903-881b-320652df3c70 0.263s
