2025-11-19 05:54:45.442 66131 INFO tempest.lib.common.rest_client [req-ff67231e-1668-4db6-9709-0c51a9ec198b req-ff67231e-1668-4db6-9709-0c51a9ec198b ] Request (ServicesAdminNegativeV253TestJSON:setUpClass): 200 GET http://10.180.1.21/identity/v3/roles 0.087s
2025-11-19 05:54:45.444 66117 INFO tempest.lib.common.rest_client [req-16b6b86e-59e9-4917-a3e9-66ebe586c422 req-16b6b86e-59e9-4917-a3e9-66ebe586c422 ] Request (DeleteServersTestJSON:test_delete_active_server): 200 GET http://10.180.1.21/compute/v2.1/servers/1c7a13e5-be49-4589-91ad-b2cbaa1759e5 6.909s
2025-11-19 05:54:45.457 66117 INFO tempest.common.waiters [-] State transition "BUILD/spawning" ==> "ACTIVE/None" after 26 second wait
2025-11-19 05:54:45.507 66131 INFO tempest.lib.common.rest_client [req-af8d5f9d-191e-46e7-9e5c-7c85bb3ff648 req-af8d5f9d-191e-46e7-9e5c-7c85bb3ff648 ] Request (ServicesAdminNegativeV253TestJSON:setUpClass): 204 PUT http://10.180.1.21/identity/v3/projects/99ab071b8d344a329d5ab86b359926dd/users/60625c2003a64936b19ebefcd43f5424/roles/3cca4c1416694389938cf7d25883bc5d 0.065s
2025-11-19 05:54:45.508 66131 INFO tempest.lib.common.dynamic_creds [-] Dynamic test user 60625c2003a64936b19ebefcd43f5424 is created with scope project and roles: ['admin']
2025-11-19 05:54:45.508 66131 INFO tempest.lib.common.dynamic_creds [-] Acquired dynamic creds: credentials: Credentials: {'domain_id': 'default', 'domain_name': 'Default', 'username': 'tempest-ServicesAdminNegativeV253TestJSON-1553561187-project-admin', 'project_domain_id': 'default', 'project_domain_name': 'Default', 'project_id': '99ab071b8d344a329d5ab86b359926dd', 'project_name': 'tempest-ServicesAdminNegativeV253TestJSON-1553561187', 'tenant_id': '99ab071b8d344a329d5ab86b359926dd', 'tenant_name': 'tempest-ServicesAdminNegativeV253TestJSON-1553561187', 'user_domain_id': 'default', 'user_domain_name': 'Default', 'user_id': '60625c2003a64936b19ebefcd43f5424', 'system': None}, Network: None, Subnet: None, Router: None
2025-11-19 05:54:45.508 66131 INFO tempest.lib.common.dynamic_creds [-] Created isolated network resources for: credentials: Credentials: {'domain_id': 'default', 'domain_name': 'Default', 'username': 'tempest-ServicesAdminNegativeV253TestJSON-1553561187-project-admin', 'project_domain_id': 'default', 'project_domain_name': 'Default', 'project_id': '99ab071b8d344a329d5ab86b359926dd', 'project_name': 'tempest-ServicesAdminNegativeV253TestJSON-1553561187', 'tenant_id': '99ab071b8d344a329d5ab86b359926dd', 'tenant_name': 'tempest-ServicesAdminNegativeV253TestJSON-1553561187', 'user_domain_id': 'default', 'user_domain_name': 'Default', 'user_id': '60625c2003a64936b19ebefcd43f5424', 'system': None}, Network: None, Subnet: None, Router: None
2025-11-19 05:54:45.630 66131 INFO tempest.lib.common.rest_client [req-e1c4c7ad-7ca9-4279-a4f7-765b1b45ae8d req-e1c4c7ad-7ca9-4279-a4f7-765b1b45ae8d ] Request (ServicesAdminNegativeV253TestJSON:setUpClass): 201 POST http://10.180.1.21/identity/v3/auth/tokens 0.115s
2025-11-19 05:54:45.661 66105 INFO tempest.lib.common.rest_client [req-e0189257-70ba-4be5-bd98-3d88d2e6b12c req-e0189257-70ba-4be5-bd98-3d88d2e6b12c ] Request (TenantUsagesTestJSON:setUpClass): 200 GET http://10.180.1.21/compute/v2.1/servers/41c63f0a-8d28-4a78-aa50-f71fd08ca22a 6.110s
2025-11-19 05:54:45.670 66105 INFO tempest.common.waiters [-] State transition "BUILD/spawning" ==> "ACTIVE/None" after 19 second wait
2025-11-19 05:54:45.719 66119 INFO tempest.lib.common.rest_client [req-f1c5002b-0133-41e9-87e7-11933a06192b req-f1c5002b-0133-41e9-87e7-11933a06192b ] Request (FloatingIPsNegativeTestJSON:setUpClass): 200 GET http://10.180.1.21/compute/v2.1/os-floating-ips 6.199s
2025-11-19 05:54:45.741 66107 INFO tempest.lib.common.rest_client [req-d90c0065-5e1c-4137-ac3c-4159ffae397c req-d90c0065-5e1c-4137-ac3c-4159ffae397c ] Request (ServersAdminTestJSON:setUpClass): 201 POST http://10.180.1.21/networking/v2.0/routers 0.955s
2025-11-19 05:54:45.777 66163 INFO tempest.lib.common.rest_client [req-10f4573c-0cb0-48fc-9567-c09664974bed req-10f4573c-0cb0-48fc-9567-c09664974bed ] Request (ImagesTestJSON:test_create_image_from_stopped_server): 200 GET http://10.180.1.21/compute/v2.1/servers/114b264b-7e69-419f-b0dd-e22842ed5e1a 6.221s
2025-11-19 05:54:45.834 66153 INFO tempest.lib.common.rest_client [req-6ce3e9a4-d292-464c-9cc5-76c99dc4852c req-6ce3e9a4-d292-464c-9cc5-76c99dc4852c ] Request (DeleteServersAdminTestJSON:test_delete_server_while_in_error_state): 200 GET http://10.180.1.21/compute/v2.1/servers/426393cf-37d5-4436-b79a-8268ae064bb3 6.171s
2025-11-19 05:54:45.890 66121 INFO tempest.lib.common.rest_client [req-1606976d-f44b-4c1d-be7c-d817af528f77 req-1606976d-f44b-4c1d-be7c-d817af528f77 ] Request (FloatingIPsAssociationNegativeTestJSON:tearDownClass): 200 GET http://10.180.1.21/compute/v2.1/servers/232a74e9-8bf5-4ee7-b7c5-347542735572 6.133s
2025-11-19 05:54:45.923 66111 INFO tempest.lib.common.rest_client [req-997fefad-c6c0-41b0-8999-7f5d6d7b3e03 req-997fefad-c6c0-41b0-8999-7f5d6d7b3e03 ] Request (ServersAdmin275Test:_run_cleanups): 200 GET http://10.180.1.21/compute/v2.1/servers/65a4d082-501c-40a3-b713-723076be9ee4 6.041s
2025-11-19 05:54:45.947 66133 INFO tempest.lib.common.rest_client [req-04eb2b0d-272a-4ff6-857f-6ccc98d46085 req-04eb2b0d-272a-4ff6-857f-6ccc98d46085 ] Request (ImagesMetadataNegativeTestJSON:test_get_nonexistent_image_metadata_item): 404 GET http://10.180.1.21/compute/v2.1/images/1b3c478d-a47c-483e-a5c9-cdbeaac09404/metadata/os_version 3.834s
2025-11-19 05:54:46.021 66125 INFO tempest.lib.common.rest_client [req-fd5efea3-6aa2-4a73-9c0d-f8e158351320 req-fd5efea3-6aa2-4a73-9c0d-f8e158351320 ] Request (FlavorsV2NegativeTest:test_boot_with_low_ram): 204 PUT http://10.180.1.21/image/v2/images/dcb3d386-41a0-48c5-bce4-c53c96e253be/file 0.955s
2025-11-19 05:54:46.035 66161 INFO tempest.lib.common.rest_client [req-01634a05-7cb4-44de-bbef-0f95a3a63784 req-01634a05-7cb4-44de-bbef-0f95a3a63784 ] Request (ServerGroupTestJSON:setUp): 200 POST http://10.180.1.21/compute/v2.1/os-server-groups 5.004s
2025-11-19 05:54:46.092 66125 INFO tempest.lib.common.rest_client [req-d75a06b3-e457-4595-833b-0ea992fc13d9 req-d75a06b3-e457-4595-833b-0ea992fc13d9 ] Request (FlavorsV2NegativeTest:test_boot_with_low_ram): 201 POST http://10.180.1.21/identity/v3/auth/tokens 0.068s
2025-11-19 05:54:46.093 66125 INFO tempest.lib.common.fixed_network [-] (FlavorsV2NegativeTest:test_boot_with_low_ram) Found network None available for tenant
2025-11-19 05:54:46.194 66149 INFO tempest.lib.common.rest_client [req-6e9f30c2-271c-48fb-9123-970392cdf197 req-6e9f30c2-271c-48fb-9123-970392cdf197 ] Request (ServersNegativeTestMultiTenantJSON:setUpClass): 200 GET http://10.180.1.21/compute/v2.1/servers/b490f69b-cbc2-4d46-804c-1c0c804952ea 4.001s
2025-11-19 05:54:46.201 66149 INFO tempest.common.waiters [-] State transition "BUILD/spawning" ==> "ACTIVE/None" after 26 second wait
2025-11-19 05:54:46.279 66157 INFO tempest.lib.common.rest_client [req-aa9f0c49-66fc-4d3f-a037-1899c20d2d2c req-aa9f0c49-66fc-4d3f-a037-1899c20d2d2c ] Request (AbsoluteLimitsNegativeTestJSON:test_max_metadata_exceed_limit): 200 GET http://10.180.1.21/compute/v2.1/limits 3.974s
2025-11-19 05:54:46.321 66157 INFO tempest.lib.common.rest_client [req-0e7a26bc-1734-464c-9d0e-9e584165f1d4 req-0e7a26bc-1734-464c-9d0e-9e584165f1d4 ] Request (AbsoluteLimitsNegativeTestJSON:test_max_metadata_exceed_limit): 201 POST http://10.180.1.21/identity/v3/auth/tokens 0.035s
2025-11-19 05:54:46.322 66157 INFO tempest.lib.common.fixed_network [-] (AbsoluteLimitsNegativeTestJSON:test_max_metadata_exceed_limit) Found network None available for tenant
2025-11-19 05:54:46.455 66101 INFO tempest.lib.common.rest_client [req-ded74e31-594c-4080-a1bc-cd0cc5e8308e req-ded74e31-594c-4080-a1bc-cd0cc5e8308e ] Request (MigrationsAdminTest:test_list_migrations_in_flavor_resize_situation): 200 GET http://10.180.1.21/compute/v2.1/servers/385c6261-fd76-4794-9081-4e5ebb7d24dd 4.182s
2025-11-19 05:54:46.462 66101 INFO tempest.common.waiters [-] State transition "VERIFY_RESIZE/None" ==> "ACTIVE/None" after 19 second wait
2025-11-19 05:54:46.617 66109 INFO tempest.lib.common.rest_client [req-5baf971d-3e98-45e3-8b59-bed6ef10fee7 req-5baf971d-3e98-45e3-8b59-bed6ef10fee7 ] Request (SecurityGroupRulesTestJSON:tearDownClass): 202 DELETE http://10.180.1.21/compute/v2.1/os-security-groups/f5845e4e-1ed0-4b65-9ace-88101550fe7a 3.708s
2025-11-19 05:54:46.650 66159 INFO tempest.lib.common.rest_client [req-779d0a75-11d8-45fa-a5b4-e833f5f0134b req-779d0a75-11d8-45fa-a5b4-e833f5f0134b ] Request (ServerDiagnosticsV248Test:tearDownClass): 404 GET http://10.180.1.21/compute/v2.1/servers/44302c3a-71d5-4a6d-9213-42d03e5cc924 3.677s
2025-11-19 05:54:46.712 66107 INFO tempest.lib.common.rest_client [req-bb53ba50-569f-4b46-9b9b-e27eb4b9b49c req-bb53ba50-569f-4b46-9b9b-e27eb4b9b49c ] Request (ServersAdminTestJSON:setUpClass): 200 PUT http://10.180.1.21/networking/v2.0/routers/569d1e4d-5c7c-4843-868e-772d65d3358b/add_router_interface 0.970s
2025-11-19 05:54:46.712 66107 INFO tempest.lib.common.dynamic_creds [-] Created isolated network resources for: credentials: Credentials: {'domain_id': 'default', 'domain_name': 'Default', 'username': 'tempest-ServersAdminTestJSON-1981750160-project-member', 'project_domain_id': 'default', 'project_domain_name': 'Default', 'project_id': 'd9e47b14d2b5488da44900ac7c8a82d4', 'project_name': 'tempest-ServersAdminTestJSON-1981750160', 'tenant_id': 'd9e47b14d2b5488da44900ac7c8a82d4', 'tenant_name': 'tempest-ServersAdminTestJSON-1981750160', 'user_domain_id': 'default', 'user_domain_name': 'Default', 'user_id': '937778e20a844decb91b83ad21477f1a', 'system': None}, Network: {'id': 'ce6af9f5-fc89-4994-83ae-24c39b6fc3d2', 'name': 'tempest-ServersAdminTestJSON-330821650-network', 'tenant_id': 'd9e47b14d2b5488da44900ac7c8a82d4', 'project_id': 'd9e47b14d2b5488da44900ac7c8a82d4', 'admin_state_up': True, 'mtu': 8950, 'status': 'ACTIVE', 'subnets': [], 'shared': False, 'port_security_enabled': True, 'router:external': False, 'provider:network_type': 'vlan', 'provider:physical_network': 'default', 'provider:segmentation_id': 230, 'availability_zone_hints': [], 'availability_zones': [], 'ipv4_address_scope': None, 'ipv6_address_scope': None, 'description': '', 'tags': [], 'created_at': '2025-11-19T05:54:44Z', 'updated_at': '2025-11-19T05:54:44Z', 'revision_number': 1}, Subnet: {'id': '85be86ac-e0b8-4af0-99e6-1cfdd10cc68d', 'name': 'tempest-ServersAdminTestJSON-330821650-subnet', 'tenant_id': 'd9e47b14d2b5488da44900ac7c8a82d4', 'network_id': 'ce6af9f5-fc89-4994-83ae-24c39b6fc3d2', 'ip_version': 4, 'subnetpool_id': None, 'enable_dhcp': True, 'ipv6_ra_mode': None, 'ipv6_address_mode': None, 'gateway_ip': '192.168.128.1', 'cidr': '192.168.128.0/28', 'allocation_pools': [{'start': '192.168.128.2', 'end': '192.168.128.14'}], 'host_routes': [], 'dns_nameservers': [], 'description': '', 'router:external': False, 'service_types': [], 'tags': [], 'created_at': '2025-11-19T05:54:44Z', 'updated_at': '2025-11-19T05:54:44Z', 'revision_number': 0, 'project_id': 'd9e47b14d2b5488da44900ac7c8a82d4'}, Router: {'id': '569d1e4d-5c7c-4843-868e-772d65d3358b', 'name': 'tempest-ServersAdminTestJSON-330821650-router', 'tenant_id': 'd9e47b14d2b5488da44900ac7c8a82d4', 'admin_state_up': True, 'status': 'ACTIVE', 'external_gateway_info': {'network_id': 'aca3aa1a-3178-4d68-858e-bc073de4c71a', 'external_fixed_ips': [{'subnet_id': 'bfa2714f-25e5-4cd8-9f5a-6afb79dc64fd', 'ip_address': '10.180.180.157'}], 'enable_snat': True}, 'description': '', 'availability_zones': [], 'distributed': False, 'ha': False, 'availability_zone_hints': [], 'routes': [], 'flavor_id': None, 'tags': [], 'created_at': '2025-11-19T05:54:44Z', 'updated_at': '2025-11-19T05:54:45Z', 'revision_number': 2, 'project_id': 'd9e47b14d2b5488da44900ac7c8a82d4'}
2025-11-19 05:54:46.735 66147 INFO tempest.lib.common.rest_client [req-04a08ffe-e3b2-4100-af0f-d3052fd02639 req-04a08ffe-e3b2-4100-af0f-d3052fd02639 ] Request (ServerRescueTestJSON:setUpClass): 200 GET http://10.180.1.21/compute/v2.1/servers/b6ee00f4-e8a5-4b76-bea7-73a5bee1ee71 3.747s
2025-11-19 05:54:46.784 66159 INFO tempest.lib.common.rest_client [req-72a4f2da-6506-474b-acf7-ac100eca7cb9 req-72a4f2da-6506-474b-acf7-ac100eca7cb9 ] Request (ServerDiagnosticsV248Test:tearDownClass): 204 DELETE http://10.180.1.21/identity/v3/users/12cb7a6e8d044a6ba85a481a12e278be 0.133s
2025-11-19 05:54:46.801 66107 INFO tempest.lib.common.rest_client [req-dca544d5-3eb8-4b01-8c8a-f90ef5697c7c req-dca544d5-3eb8-4b01-8c8a-f90ef5697c7c ] Request (ServersAdminTestJSON:setUpClass): 201 POST http://10.180.1.21/identity/v3/auth/tokens 0.084s
2025-11-19 05:54:46.824 66115 INFO tempest.lib.common.rest_client [req-eedae10f-4e62-463b-836b-c05be6d596ee req-eedae10f-4e62-463b-836b-c05be6d596ee ] Request (ImagesNegativeTestJSON:test_create_image_from_deleted_server): 200 GET http://10.180.1.21/compute/v2.1/servers/4ee78f7b-e7f3-4db1-ab94-6dca6b24351a 2.936s
2025-11-19 05:54:46.853 66103 INFO tempest.lib.common.rest_client [req-06db18a9-541d-4b6e-87c9-f794f1e25cd8 req-06db18a9-541d-4b6e-87c9-f794f1e25cd8 ] Request (InstanceActionsV221TestJSON:tearDownClass): 404 GET http://10.180.1.21/compute/v2.1/servers/6860748c-2cea-4df4-8962-372298f776ce 2.933s
2025-11-19 05:54:46.867 66135 INFO tempest.lib.common.rest_client [req-8b5f1797-ff7d-40ac-ab2a-caec3e85a7fa req-8b5f1797-ff7d-40ac-ab2a-caec3e85a7fa ] Request (ServerMetadataTestJSON:setUpClass): 202 POST http://10.180.1.21/compute/v2.1/servers 4.370s
2025-11-19 05:54:46.870 66151 INFO tempest.lib.common.rest_client [req-32bb714d-f7d0-43a2-9b96-aedc2b589f74 req-32bb714d-f7d0-43a2-9b96-aedc2b589f74 ] Request (AggregatesAdminNegativeTestJSON:test_aggregate_get_details_with_invalid_id): 404 GET http://10.180.1.21/compute/v2.1/os-aggregates/-1 2.885s
2025-11-19 05:54:46.899 66107 INFO tempest.lib.common.rest_client [req-ed75391b-ce32-4c28-bdf8-8dd9ff271e4a req-ed75391b-ce32-4c28-bdf8-8dd9ff271e4a ] Request (ServersAdminTestJSON:setUpClass): 201 POST http://10.180.1.21/identity/v3/projects 0.097s
2025-11-19 05:54:46.915 66155 INFO tempest.lib.common.rest_client [req-4ef3e26c-4294-49fa-93c5-1e29d3faead0 req-4ef3e26c-4294-49fa-93c5-1e29d3faead0 ] Request (SecurityGroupRulesNegativeTestJSON:test_create_security_group_rule_with_non_existent_id): 404 POST http://10.180.1.21/compute/v2.1/os-security-group-rules 2.431s
2025-11-19 05:54:46.920 66159 INFO tempest.lib.common.rest_client [req-7f972f95-7e15-424c-8ae8-89a40c775940 req-7f972f95-7e15-424c-8ae8-89a40c775940 ] Request (ServerDiagnosticsV248Test:tearDownClass): 204 DELETE http://10.180.1.21/identity/v3/users/d2c12a7369c44a3a8ae8398391a2ae0b 0.136s
2025-11-19 05:54:46.920 66159 INFO tempest.lib.common.dynamic_creds [-] Deleting project and security group for project: 3ad298c596d84ef5b418a2c0ce3c6e06
2025-11-19 05:54:46.936 66127 INFO tempest.lib.common.rest_client [req-ebf1b246-1f71-4c24-85a9-b8bd5799a4f8 req-ebf1b246-1f71-4c24-85a9-b8bd5799a4f8 ] Request (FlavorsAdminTestJSON:test_is_public_string_variations): 200 POST http://10.180.1.21/compute/v2.1/flavors 2.433s
2025-11-19 05:54:47.015 66159 INFO tempest.lib.common.rest_client [req-4add50ba-4726-4747-b84a-8d696440dfee req-4add50ba-4726-4747-b84a-8d696440dfee ] Request (ServerDiagnosticsV248Test:tearDownClass): 201 POST http://10.180.1.21/identity/v3/auth/tokens 0.094s
2025-11-19 05:54:47.048 66107 INFO tempest.lib.common.rest_client [req-a4c0703a-8332-46b2-b318-57cbbe269145 req-a4c0703a-8332-46b2-b318-57cbbe269145 ] Request (ServersAdminTestJSON:setUpClass): 201 POST http://10.180.1.21/identity/v3/users 0.149s
2025-11-19 05:54:47.075 66107 INFO tempest.lib.common.rest_client [req-fba81b88-2077-4525-bc41-aa92340f9f00 req-fba81b88-2077-4525-bc41-aa92340f9f00 ] Request (ServersAdminTestJSON:setUpClass): 200 GET http://10.180.1.21/identity/v3/roles 0.026s
2025-11-19 05:54:47.084 66145 WARNING tempest.lib.common.ssh [-] Failed to establish authenticated ssh connection to cirros@10.180.180.165 ([Errno None] Unable to connect to port 22 on 10.180.180.165). Number attempts: 7. Retry after 8 seconds.: paramiko.ssh_exception.NoValidConnectionsError: [Errno None] Unable to connect to port 22 on 10.180.180.165
2025-11-19 05:54:47.109 66107 INFO tempest.lib.common.rest_client [req-95f43a57-875a-4139-8cc3-37ba325d0a9c req-95f43a57-875a-4139-8cc3-37ba325d0a9c ] Request (ServersAdminTestJSON:setUpClass): 204 PUT http://10.180.1.21/identity/v3/projects/3622e5204382437c917ef1f87e4bdf5b/users/fc19668147e24adebe2e8439b247c9a9/roles/3cca4c1416694389938cf7d25883bc5d 0.034s
2025-11-19 05:54:47.170 66107 INFO tempest.lib.common.rest_client [req-4838c4b9-4e52-4df3-916d-c30125b16412 req-4838c4b9-4e52-4df3-916d-c30125b16412 ] Request (ServersAdminTestJSON:setUpClass): 200 GET http://10.180.1.21/identity/v3/roles 0.060s
2025-11-19 05:54:47.191 66107 INFO tempest.lib.common.rest_client [req-782f9959-dcf0-4faa-b242-937552e6d37a req-782f9959-dcf0-4faa-b242-937552e6d37a ] Request (ServersAdminTestJSON:setUpClass): 204 PUT http://10.180.1.21/identity/v3/projects/3622e5204382437c917ef1f87e4bdf5b/users/fc19668147e24adebe2e8439b247c9a9/roles/3cca4c1416694389938cf7d25883bc5d 0.020s
2025-11-19 05:54:47.191 66107 INFO tempest.lib.common.dynamic_creds [-] Dynamic test user fc19668147e24adebe2e8439b247c9a9 is created with scope project and roles: ['admin']
2025-11-19 05:54:47.191 66107 INFO tempest.lib.common.dynamic_creds [-] Acquired dynamic creds: credentials: Credentials: {'domain_id': 'default', 'domain_name': 'Default', 'username': 'tempest-ServersAdminTestJSON-367760672-project-admin', 'project_domain_id': 'default', 'project_domain_name': 'Default', 'project_id': '3622e5204382437c917ef1f87e4bdf5b', 'project_name': 'tempest-ServersAdminTestJSON-367760672', 'tenant_id': '3622e5204382437c917ef1f87e4bdf5b', 'tenant_name': 'tempest-ServersAdminTestJSON-367760672', 'user_domain_id': 'default', 'user_domain_name': 'Default', 'user_id': 'fc19668147e24adebe2e8439b247c9a9', 'system': None}, Network: None, Subnet: None, Router: None
2025-11-19 05:54:47.481 66159 INFO tempest.lib.common.rest_client [req-f9342514-262a-47d5-a811-8be9eb5cc885 req-f9342514-262a-47d5-a811-8be9eb5cc885 ] Request (ServerDiagnosticsV248Test:tearDownClass): 200 GET http://10.180.1.21/networking/v2.0/security-groups?tenant_id=3ad298c596d84ef5b418a2c0ce3c6e06&name=default 0.465s
2025-11-19 05:54:47.526 66143 INFO tempest.lib.common.rest_client [req-297ad40c-2e9d-4494-a541-839ce57c946f req-297ad40c-2e9d-4494-a541-839ce57c946f ] Request (ServerDiskConfigTestJSON:test_rebuild_server_with_manual_disk_config): 200 GET http://10.180.1.21/compute/v2.1/servers/885d9d6a-692b-4f1f-bda2-197691453f4f 2.755s
2025-11-19 05:54:47.534 66143 INFO tempest.common.waiters [-] State transition "BUILD/block_device_mapping" ==> "BUILD/spawning" after 18 second wait
2025-11-19 05:54:47.717 66103 INFO tempest.lib.common.rest_client [req-cfec44b9-df29-4132-9216-079805010354 req-cfec44b9-df29-4132-9216-079805010354 ] Request (InstanceActionsV221TestJSON:tearDownClass): 200 PUT http://10.180.1.21/networking/v2.0/routers/aefd9c42-79ba-4035-9ec1-88c977db25de/remove_router_interface 0.863s
2025-11-19 05:54:47.726 66107 INFO tempest.lib.common.rest_client [req-c6271759-3fbf-48b8-9027-118d044b1149 req-c6271759-3fbf-48b8-9027-118d044b1149 ] Request (ServersAdminTestJSON:setUpClass): 201 POST http://10.180.1.21/networking/v2.0/networks 0.533s
2025-11-19 05:54:47.801 66159 INFO tempest.lib.common.rest_client [req-b291e3a3-b3c8-48ff-a5e9-9bd2be39bddf req-b291e3a3-b3c8-48ff-a5e9-9bd2be39bddf ] Request (ServerDiagnosticsV248Test:tearDownClass): 204 DELETE http://10.180.1.21/networking/v2.0/security-groups/84f0b31b-a103-435b-af23-4f5bc50c5b9d 0.319s
2025-11-19 05:54:47.810 66129 INFO tempest.lib.common.rest_client [req-bb582e0e-c451-4cea-b88f-19545276adb8 req-bb582e0e-c451-4cea-b88f-19545276adb8 ] Request (FloatingIPsTestJSON:test_delete_floating_ip): 404 GET http://10.180.1.21/compute/v2.1/os-floating-ips/cc9b268a-2017-4494-9a84-c0530f7cf5ed 2.443s
2025-11-19 05:54:47.812 66137 INFO tempest.lib.common.rest_client [req-bd532c04-a62a-472b-91ca-1ff20d95207e req-bd532c04-a62a-472b-91ca-1ff20d95207e ] Request (VolumesNegativeTest:test_get_volume_without_passing_volume_id): 404 GET http://10.180.1.21/compute/v2.1/os-volumes/ 2.438s
2025-11-19 05:54:47.890 66159 INFO tempest.lib.common.rest_client [req-fb10bd35-b130-42c3-83d8-250b3cb26e02 req-fb10bd35-b130-42c3-83d8-250b3cb26e02 ] Request (ServerDiagnosticsV248Test:tearDownClass): 204 DELETE http://10.180.1.21/identity/v3/projects/3ad298c596d84ef5b418a2c0ce3c6e06 0.088s
2025-11-19 05:54:47.890 66159 INFO tempest.lib.common.dynamic_creds [-] Deleting project and security group for project: 196a8e5bf786465086f89b7aaff7eb30
2025-11-19 05:54:47.910 66117 INFO tempest.lib.common.rest_client [req-4a913968-729e-4977-b081-4824fc0c9e54 req-4a913968-729e-4977-b081-4824fc0c9e54 ] Request (DeleteServersTestJSON:test_delete_active_server): 204 DELETE http://10.180.1.21/compute/v2.1/servers/1c7a13e5-be49-4589-91ad-b2cbaa1759e5 2.452s
2025-11-19 05:54:48.006 66107 INFO tempest.lib.common.rest_client [req-cf0e4614-1822-4271-b8ee-2daa7094d6f6 req-cf0e4614-1822-4271-b8ee-2daa7094d6f6 ] Request (ServersAdminTestJSON:setUpClass): 201 POST http://10.180.1.21/networking/v2.0/subnets 0.279s
2025-11-19 05:54:48.084 66131 INFO tempest.lib.common.rest_client [req-e6e63491-889b-4113-8826-5e2016298f3c req-e6e63491-889b-4113-8826-5e2016298f3c ] Request (ServicesAdminNegativeV253TestJSON:test_disable_log_reason_with_invalid_service_id): 404 PUT http://10.180.1.21/compute/v2.1/os-services/d341b452-a468-4958-ad7c-ee17c0b513ad 2.452s
2025-11-19 05:54:48.157 66159 INFO tempest.lib.common.rest_client [req-cd944455-a325-45b6-a676-fa62fcf674a0 req-cd944455-a325-45b6-a676-fa62fcf674a0 ] Request (ServerDiagnosticsV248Test:tearDownClass): 200 GET http://10.180.1.21/networking/v2.0/security-groups?tenant_id=196a8e5bf786465086f89b7aaff7eb30&name=default 0.266s
2025-11-19 05:54:48.207 66105 INFO tempest.lib.common.rest_client [req-dddafbbb-1eaf-4b7b-9115-3f561970ceb5 req-dddafbbb-1eaf-4b7b-9115-3f561970ceb5 ] Request (TenantUsagesTestJSON:test_get_usage_tenant): 200 GET http://10.180.1.21/compute/v2.1/os-simple-tenant-usage/6505012f357144618300872c72d98416?start=2025-11-18T05%3A54%3A45.671203&end=2025-11-20T05%3A54%3A45.671203 2.535s
2025-11-19 05:54:48.253 66103 INFO tempest.lib.common.rest_client [req-73bc39a3-d6e2-45cf-9ba7-1ba69df84054 req-73bc39a3-d6e2-45cf-9ba7-1ba69df84054 ] Request (InstanceActionsV221TestJSON:tearDownClass): 204 DELETE http://10.180.1.21/networking/v2.0/routers/aefd9c42-79ba-4035-9ec1-88c977db25de 0.535s
2025-11-19 05:54:48.399 66159 INFO tempest.lib.common.rest_client [req-524f832d-d768-45b5-9628-5a8299d01d94 req-524f832d-d768-45b5-9628-5a8299d01d94 ] Request (ServerDiagnosticsV248Test:tearDownClass): 204 DELETE http://10.180.1.21/networking/v2.0/security-groups/c0a0d7fb-7315-495c-8f5e-3f7ac2567bbf 0.242s
2025-11-19 05:54:48.419 66119 INFO tempest.lib.common.rest_client [req-657953ca-9f37-45d9-aa40-cd5837a4e585 req-657953ca-9f37-45d9-aa40-cd5837a4e585 ] Request (FloatingIPsNegativeTestJSON:test_allocate_floating_ip_from_nonexistent_pool): 404 POST http://10.180.1.21/compute/v2.1/os-floating-ips 2.693s
2025-11-19 05:54:48.433 66133 INFO tempest.lib.common.rest_client [req-10dd5eb2-4da0-4ccb-912a-bd33ef8a0030 req-10dd5eb2-4da0-4ccb-912a-bd33ef8a0030 ] Request (ImagesMetadataNegativeTestJSON:test_list_nonexistent_image_metadata): 404 GET http://10.180.1.21/compute/v2.1/images/d2ac4ed1-0bc8-4d4c-81ce-fc80a49c4c1b/metadata 2.484s
2025-11-19 05:54:48.536 66161 INFO tempest.lib.common.rest_client [req-02cd7052-6959-46f9-8642-bcb9829d9708 req-02cd7052-6959-46f9-8642-bcb9829d9708 ] Request (ServerGroupTestJSON:test_create_delete_multiple_server_groups_with_same_name_policy): 200 POST http://10.180.1.21/compute/v2.1/os-server-groups 2.498s
2025-11-19 05:54:48.554 66159 INFO tempest.lib.common.rest_client [req-3677d1f7-bf6d-4f3c-9022-601a00b5afe0 req-3677d1f7-bf6d-4f3c-9022-601a00b5afe0 ] Request (ServerDiagnosticsV248Test:tearDownClass): 204 DELETE http://10.180.1.21/identity/v3/projects/196a8e5bf786465086f89b7aaff7eb30 0.154s
2025-11-19 05:54:48.586 66103 INFO tempest.lib.common.rest_client [req-c90efce5-a7c5-49fa-9451-ce073ae6ff0a req-c90efce5-a7c5-49fa-9451-ce073ae6ff0a ] Request (InstanceActionsV221TestJSON:tearDownClass): 204 DELETE http://10.180.1.21/networking/v2.0/subnets/0a8b51d9-92bd-42d4-95d0-1b5c8af6c38a 0.333s
2025-11-19 05:54:48.655 66159 INFO tempest.lib.common.rest_client [req-b18c734a-b8e0-4d81-bf21-dc5626164d6d req-b18c734a-b8e0-4d81-bf21-dc5626164d6d ] Request (KeyPairsV2TestJSON:setUpClass): 201 POST http://10.180.1.21/identity/v3/auth/tokens 0.099s
2025-11-19 05:54:48.689 66159 INFO tempest.lib.common.rest_client [req-f01a59e3-796a-4115-913d-d46f388a064c req-f01a59e3-796a-4115-913d-d46f388a064c ] Request (KeyPairsV2TestJSON:setUpClass): 201 POST http://10.180.1.21/identity/v3/auth/tokens 0.031s
2025-11-19 05:54:48.712 66159 INFO tempest.lib.common.rest_client [req-77e12364-0a23-4c14-93f4-163489fd1e0a req-77e12364-0a23-4c14-93f4-163489fd1e0a ] Request (KeyPairsV2TestJSON:setUpClass): 200 GET http://10.180.1.21/identity/v3/domains?name=Default 0.023s
2025-11-19 05:54:48.744 66159 INFO tempest.lib.common.rest_client [req-bcb3e9ba-4594-4fb6-8dcd-44996fe63e71 req-bcb3e9ba-4594-4fb6-8dcd-44996fe63e71 ] Request (KeyPairsV2TestJSON:setUpClass): 201 POST http://10.180.1.21/identity/v3/projects 0.031s
2025-11-19 05:54:48.819 66159 INFO tempest.lib.common.rest_client [req-e7640847-94c9-4b5f-a1c6-e9775401b55a req-e7640847-94c9-4b5f-a1c6-e9775401b55a ] Request (KeyPairsV2TestJSON:setUpClass): 201 POST http://10.180.1.21/identity/v3/users 0.075s
2025-11-19 05:54:48.847 66159 INFO tempest.lib.common.rest_client [req-d9b80471-7364-41c5-97a3-d1e896865772 req-d9b80471-7364-41c5-97a3-d1e896865772 ] Request (KeyPairsV2TestJSON:setUpClass): 200 GET http://10.180.1.21/identity/v3/roles 0.027s
2025-11-19 05:54:48.901 66159 INFO tempest.lib.common.rest_client [req-8f41f0b7-7f51-47f7-8d3b-1e4ae2ac9832 req-8f41f0b7-7f51-47f7-8d3b-1e4ae2ac9832 ] Request (KeyPairsV2TestJSON:setUpClass): 204 PUT http://10.180.1.21/identity/v3/projects/2883163d1a5049189f4ed882ac3044d8/users/d8c313d38e6648178e35ecee92d4ad1f/roles/1db23a7157944ce184754ec8415cf505 0.053s
2025-11-19 05:54:48.901 66159 INFO tempest.lib.common.dynamic_creds [-] Dynamic test user d8c313d38e6648178e35ecee92d4ad1f is created with scope project and roles: ['member']
2025-11-19 05:54:48.902 66159 INFO tempest.lib.common.dynamic_creds [-] Acquired dynamic creds: credentials: Credentials: {'domain_id': 'default', 'domain_name': 'Default', 'username': 'tempest-KeyPairsV2TestJSON-1851484006-project-member', 'project_domain_id': 'default', 'project_domain_name': 'Default', 'project_id': '2883163d1a5049189f4ed882ac3044d8', 'project_name': 'tempest-KeyPairsV2TestJSON-1851484006', 'tenant_id': '2883163d1a5049189f4ed882ac3044d8', 'tenant_name': 'tempest-KeyPairsV2TestJSON-1851484006', 'user_domain_id': 'default', 'user_domain_name': 'Default', 'user_id': 'd8c313d38e6648178e35ecee92d4ad1f', 'system': None}, Network: None, Subnet: None, Router: None
2025-11-19 05:54:48.902 66159 INFO tempest.lib.common.dynamic_creds [-] Created isolated network resources for: credentials: Credentials: {'domain_id': 'default', 'domain_name': 'Default', 'username': 'tempest-KeyPairsV2TestJSON-1851484006-project-member', 'project_domain_id': 'default', 'project_domain_name': 'Default', 'project_id': '2883163d1a5049189f4ed882ac3044d8', 'project_name': 'tempest-KeyPairsV2TestJSON-1851484006', 'tenant_id': '2883163d1a5049189f4ed882ac3044d8', 'tenant_name': 'tempest-KeyPairsV2TestJSON-1851484006', 'user_domain_id': 'default', 'user_domain_name': 'Default', 'user_id': 'd8c313d38e6648178e35ecee92d4ad1f', 'system': None}, Network: None, Subnet: None, Router: None
2025-11-19 05:54:48.942 66103 INFO tempest.lib.common.rest_client [req-e9ca6d11-8898-4127-a359-1dce447ad607 req-e9ca6d11-8898-4127-a359-1dce447ad607 ] Request (InstanceActionsV221TestJSON:tearDownClass): 204 DELETE http://10.180.1.21/networking/v2.0/networks/0d59f553-bcef-44a7-833d-da4a7033dad5 0.356s
2025-11-19 05:54:49.010 66159 INFO tempest.lib.common.rest_client [req-8cf2b13d-a430-42d4-8d05-4062babe280e req-8cf2b13d-a430-42d4-8d05-4062babe280e ] Request (KeyPairsV2TestJSON:setUpClass): 201 POST http://10.180.1.21/identity/v3/auth/tokens 0.105s
2025-11-19 05:54:49.025 66107 INFO tempest.lib.common.rest_client [req-9eb43046-c5ba-4fec-b8a8-6cfef8649604 req-9eb43046-c5ba-4fec-b8a8-6cfef8649604 ] Request (ServersAdminTestJSON:setUpClass): 201 POST http://10.180.1.21/networking/v2.0/routers 1.019s
2025-11-19 05:54:49.123 66113 INFO tempest.lib.common.rest_client [req-66e30c94-feca-4240-85f3-53456fcbce04 req-66e30c94-feca-4240-85f3-53456fcbce04 ] Request (ServersTestMultiNic:test_verify_multiple_nics_order): 202 POST http://10.180.1.21/compute/v2.1/servers 4.811s
2025-11-19 05:54:49.130 66103 INFO tempest.lib.common.rest_client [req-ac9ed67a-24ca-40bd-a10c-83d2e1b07983 req-ac9ed67a-24ca-40bd-a10c-83d2e1b07983 ] Request (InstanceActionsV221TestJSON:tearDownClass): 204 DELETE http://10.180.1.21/identity/v3/users/94585092b6fa4612ab051b272a4432d2 0.187s
2025-11-19 05:54:49.131 66103 INFO tempest.lib.common.dynamic_creds [-] Deleting project and security group for project: d81e69a6cc45473290d3b6c85e9f913b
2025-11-19 05:54:49.531 66125 INFO tempest.lib.common.rest_client [req-923ba30d-172e-4b41-97fa-f21776160ad3 req-923ba30d-172e-4b41-97fa-f21776160ad3 ] Request (FlavorsV2NegativeTest:test_boot_with_low_ram): 400 POST http://10.180.1.21/compute/v2.1/servers 3.438s
2025-11-19 05:54:49.572 66103 INFO tempest.lib.common.rest_client [req-f4ba8625-8eff-4a73-bb04-b151c87dcc57 req-f4ba8625-8eff-4a73-bb04-b151c87dcc57 ] Request (InstanceActionsV221TestJSON:tearDownClass): 200 GET http://10.180.1.21/networking/v2.0/security-groups?tenant_id=d81e69a6cc45473290d3b6c85e9f913b&name=default 0.440s
2025-11-19 05:54:49.626 66125 INFO tempest.lib.common.rest_client [req-6a448186-cc0b-4626-a4a8-d5f0917df675 req-6a448186-cc0b-4626-a4a8-d5f0917df675 ] Request (FlavorsV2NegativeTest:_run_cleanups): 204 DELETE http://10.180.1.21/image/v2/images/dcb3d386-41a0-48c5-bce4-c53c96e253be 0.094s
2025-11-19 05:54:49.784 66125 INFO tempest.lib.common.rest_client [req-bc0a83fc-8fe4-409c-ab88-d9c2a3499bd7 req-bc0a83fc-8fe4-409c-ab88-d9c2a3499bd7 ] Request (FlavorsV2NegativeTest:tearDownClass): 204 DELETE http://10.180.1.21/identity/v3/users/bd69117c6723419e9abdae34395d471c 0.156s
2025-11-19 05:54:49.784 66125 INFO tempest.lib.common.dynamic_creds [-] Deleting project and security group for project: 27e546fe265f4c7a9fbfbd71a8ced795
2025-11-19 05:54:49.886 66125 INFO tempest.lib.common.rest_client [req-a86e9457-2e30-43be-854d-457144cbe3c4 req-a86e9457-2e30-43be-854d-457144cbe3c4 ] Request (FlavorsV2NegativeTest:tearDownClass): 201 POST http://10.180.1.21/identity/v3/auth/tokens 0.101s
2025-11-19 05:54:50.050 66107 INFO tempest.lib.common.rest_client [req-2f27f58d-04e3-42c8-8ce0-666e8fa95c42 req-2f27f58d-04e3-42c8-8ce0-666e8fa95c42 ] Request (ServersAdminTestJSON:setUpClass): 200 PUT http://10.180.1.21/networking/v2.0/routers/ce836721-7b77-47d2-a123-2d524fa8ebef/add_router_interface 1.024s
2025-11-19 05:54:50.050 66107 INFO tempest.lib.common.dynamic_creds [-] Created isolated network resources for: credentials: Credentials: {'domain_id': 'default', 'domain_name': 'Default', 'username': 'tempest-ServersAdminTestJSON-367760672-project-admin', 'project_domain_id': 'default', 'project_domain_name': 'Default', 'project_id': '3622e5204382437c917ef1f87e4bdf5b', 'project_name': 'tempest-ServersAdminTestJSON-367760672', 'tenant_id': '3622e5204382437c917ef1f87e4bdf5b', 'tenant_name': 'tempest-ServersAdminTestJSON-367760672', 'user_domain_id': 'default', 'user_domain_name': 'Default', 'user_id': 'fc19668147e24adebe2e8439b247c9a9', 'system': None}, Network: {'id': 'a48df542-4576-4386-8511-9651004eda11', 'name': 'tempest-ServersAdminTestJSON-933955526-network', 'tenant_id': '3622e5204382437c917ef1f87e4bdf5b', 'project_id': '3622e5204382437c917ef1f87e4bdf5b', 'admin_state_up': True, 'mtu': 8950, 'status': 'ACTIVE', 'subnets': [], 'shared': False, 'port_security_enabled': True, 'router:external': False, 'provider:network_type': 'vlan', 'provider:physical_network': 'default', 'provider:segmentation_id': 64, 'availability_zone_hints': [], 'availability_zones': [], 'ipv4_address_scope': None, 'ipv6_address_scope': None, 'description': '', 'tags': [], 'created_at': '2025-11-19T05:54:47Z', 'updated_at': '2025-11-19T05:54:47Z', 'revision_number': 1}, Subnet: {'id': 'ec44a3c9-48ac-404b-bc23-643d344d9911', 'name': 'tempest-ServersAdminTestJSON-933955526-subnet', 'tenant_id': '3622e5204382437c917ef1f87e4bdf5b', 'network_id': 'a48df542-4576-4386-8511-9651004eda11', 'ip_version': 4, 'subnetpool_id': None, 'enable_dhcp': True, 'ipv6_ra_mode': None, 'ipv6_address_mode': None, 'gateway_ip': '192.168.128.1', 'cidr': '192.168.128.0/28', 'allocation_pools': [{'start': '192.168.128.2', 'end': '192.168.128.14'}], 'host_routes': [], 'dns_nameservers': [], 'description': '', 'router:external': False, 'service_types': [], 'tags': [], 'created_at': '2025-11-19T05:54:47Z', 'updated_at': '2025-11-19T05:54:47Z', 'revision_number': 0, 'project_id': '3622e5204382437c917ef1f87e4bdf5b'}, Router: {'id': 'ce836721-7b77-47d2-a123-2d524fa8ebef', 'name': 'tempest-ServersAdminTestJSON-933955526-router', 'tenant_id': '3622e5204382437c917ef1f87e4bdf5b', 'admin_state_up': True, 'status': 'ACTIVE', 'external_gateway_info': {'network_id': 'aca3aa1a-3178-4d68-858e-bc073de4c71a', 'external_fixed_ips': [{'subnet_id': 'bfa2714f-25e5-4cd8-9f5a-6afb79dc64fd', 'ip_address': '10.180.180.209'}], 'enable_snat': True}, 'description': '', 'availability_zones': [], 'distributed': False, 'ha': False, 'availability_zone_hints': [], 'routes': [], 'flavor_id': None, 'tags': [], 'created_at': '2025-11-19T05:54:48Z', 'updated_at': '2025-11-19T05:54:48Z', 'revision_number': 2, 'project_id': '3622e5204382437c917ef1f87e4bdf5b'}
2025-11-19 05:54:50.144 66107 INFO tempest.lib.common.rest_client [req-7b08a780-dbf4-417e-afb2-b925bba671e7 req-7b08a780-dbf4-417e-afb2-b925bba671e7 ] Request (ServersAdminTestJSON:setUpClass): 201 POST http://10.180.1.21/identity/v3/auth/tokens 0.090s
2025-11-19 05:54:50.150 66103 INFO tempest.lib.common.rest_client [req-a2013294-b259-491a-892c-d861032f52a5 req-a2013294-b259-491a-892c-d861032f52a5 ] Request (InstanceActionsV221TestJSON:tearDownClass): 204 DELETE http://10.180.1.21/networking/v2.0/security-groups/a9cca76f-b18e-40d1-a93c-3ddefd3cbb2c 0.577s
2025-11-19 05:54:50.199 66149 INFO tempest.lib.common.rest_client [req-b76712bf-7548-4511-ae7b-19c12a4c1ccc req-b76712bf-7548-4511-ae7b-19c12a4c1ccc ] Request (ServersNegativeTestMultiTenantJSON:setUp): 200 GET http://10.180.1.21/compute/v2.1/servers/b490f69b-cbc2-4d46-804c-1c0c804952ea 3.997s
2025-11-19 05:54:50.210 66107 INFO tempest.lib.common.rest_client [req-b7135011-b674-4d1c-bf33-675947876402 req-b7135011-b674-4d1c-bf33-675947876402 ] Request (ServersAdminTestJSON:setUpClass): 201 POST http://10.180.1.21/identity/v3/auth/tokens 0.062s
2025-11-19 05:54:50.210 66107 INFO tempest.lib.common.fixed_network [-] (ServersAdminTestJSON:setUpClass) Found network {'id': 'ce6af9f5-fc89-4994-83ae-24c39b6fc3d2', 'name': 'tempest-ServersAdminTestJSON-330821650-network', 'tenant_id': 'd9e47b14d2b5488da44900ac7c8a82d4', 'project_id': 'd9e47b14d2b5488da44900ac7c8a82d4', 'admin_state_up': True, 'mtu': 8950, 'status': 'ACTIVE', 'subnets': [], 'shared': False, 'port_security_enabled': True, 'router:external': False, 'provider:network_type': 'vlan', 'provider:physical_network': 'default', 'provider:segmentation_id': 230, 'availability_zone_hints': [], 'availability_zones': [], 'ipv4_address_scope': None, 'ipv6_address_scope': None, 'description': '', 'tags': [], 'created_at': '2025-11-19T05:54:44Z', 'updated_at': '2025-11-19T05:54:44Z', 'revision_number': 1} available for tenant
2025-11-19 05:54:50.219 66103 INFO tempest.lib.common.rest_client [req-674a8f6a-a91c-45f5-9382-0ac3ab670096 req-674a8f6a-a91c-45f5-9382-0ac3ab670096 ] Request (InstanceActionsV221TestJSON:tearDownClass): 204 DELETE http://10.180.1.21/identity/v3/projects/d81e69a6cc45473290d3b6c85e9f913b 0.068s
2025-11-19 05:54:50.277 66103 INFO tempest.lib.common.rest_client [req-a0a63fb2-8b61-461c-afdb-276652029a91 req-a0a63fb2-8b61-461c-afdb-276652029a91 ] Request (InstanceActionsNegativeTestJSON:setUpClass): 201 POST http://10.180.1.21/identity/v3/auth/tokens 0.056s
2025-11-19 05:54:50.302 66103 INFO tempest.lib.common.rest_client [req-3a7084ba-8917-4cf6-a76a-74ec8eae3d4d req-3a7084ba-8917-4cf6-a76a-74ec8eae3d4d ] Request (InstanceActionsNegativeTestJSON:setUpClass): 201 POST http://10.180.1.21/identity/v3/auth/tokens 0.023s
2025-11-19 05:54:50.325 66103 INFO tempest.lib.common.rest_client [req-821a2cf0-9e49-42c4-81e6-1a238799d63f req-821a2cf0-9e49-42c4-81e6-1a238799d63f ] Request (InstanceActionsNegativeTestJSON:setUpClass): 200 GET http://10.180.1.21/identity/v3/domains?name=Default 0.022s
2025-11-19 05:54:50.340 66139 WARNING tempest.lib.common.ssh [-] Failed to establish authenticated ssh connection to cirros@10.180.180.222 ([Errno None] Unable to connect to port 22 on 10.180.180.222). Number attempts: 5. Retry after 6 seconds.: paramiko.ssh_exception.NoValidConnectionsError: [Errno None] Unable to connect to port 22 on 10.180.180.222
2025-11-19 05:54:50.360 66103 INFO tempest.lib.common.rest_client [req-c1430fb0-bb8f-4244-a936-c03e0f35ef10 req-c1430fb0-bb8f-4244-a936-c03e0f35ef10 ] Request (InstanceActionsNegativeTestJSON:setUpClass): 201 POST http://10.180.1.21/identity/v3/projects 0.035s
2025-11-19 05:54:50.438 66125 INFO tempest.lib.common.rest_client [req-8bef1d79-1ae1-4f6b-af00-044b9feacaeb req-8bef1d79-1ae1-4f6b-af00-044b9feacaeb ] Request (FlavorsV2NegativeTest:tearDownClass): 200 GET http://10.180.1.21/networking/v2.0/security-groups?tenant_id=27e546fe265f4c7a9fbfbd71a8ced795&name=default 0.552s
2025-11-19 05:54:50.445 66103 INFO tempest.lib.common.rest_client [req-86370cf6-1945-47b5-99e7-f14f5a6c69fb req-86370cf6-1945-47b5-99e7-f14f5a6c69fb ] Request (InstanceActionsNegativeTestJSON:setUpClass): 201 POST http://10.180.1.21/identity/v3/users 0.084s
2025-11-19 05:54:50.469 66103 INFO tempest.lib.common.rest_client [req-6cfa6462-b09e-4c7f-a31e-6047e8dac71b req-6cfa6462-b09e-4c7f-a31e-6047e8dac71b ] Request (InstanceActionsNegativeTestJSON:setUpClass): 200 GET http://10.180.1.21/identity/v3/roles 0.023s
2025-11-19 05:54:50.498 66103 INFO tempest.lib.common.rest_client [req-ed89c0ac-ab6c-4cef-b1d5-15d3a4b10d7f req-ed89c0ac-ab6c-4cef-b1d5-15d3a4b10d7f ] Request (InstanceActionsNegativeTestJSON:setUpClass): 204 PUT http://10.180.1.21/identity/v3/projects/8e0d7a07e33c4c6c9309b7288cead215/users/adb567647c4e4cad86691334f83ac205/roles/1db23a7157944ce184754ec8415cf505 0.029s
2025-11-19 05:54:50.499 66103 INFO tempest.lib.common.dynamic_creds [-] Dynamic test user adb567647c4e4cad86691334f83ac205 is created with scope project and roles: ['member']
2025-11-19 05:54:50.499 66103 INFO tempest.lib.common.dynamic_creds [-] Acquired dynamic creds: credentials: Credentials: {'domain_id': 'default', 'domain_name': 'Default', 'username': 'tempest-InstanceActionsNegativeTestJSON-512862046-project-member', 'project_domain_id': 'default', 'project_domain_name': 'Default', 'project_id': '8e0d7a07e33c4c6c9309b7288cead215', 'project_name': 'tempest-InstanceActionsNegativeTestJSON-512862046', 'tenant_id': '8e0d7a07e33c4c6c9309b7288cead215', 'tenant_name': 'tempest-InstanceActionsNegativeTestJSON-512862046', 'user_domain_id': 'default', 'user_domain_name': 'Default', 'user_id': 'adb567647c4e4cad86691334f83ac205', 'system': None}, Network: None, Subnet: None, Router: None
2025-11-19 05:54:50.571 66103 INFO tempest.lib.common.rest_client [req-759088a2-c180-4da7-a829-ae8fc510824d req-759088a2-c180-4da7-a829-ae8fc510824d ] Request (InstanceActionsNegativeTestJSON:setUpClass): 201 POST http://10.180.1.21/identity/v3/auth/tokens 0.072s
2025-11-19 05:54:50.756 66125 INFO tempest.lib.common.rest_client [req-ed908b43-91f4-4654-a8cf-9d6d5b5f9cff req-ed908b43-91f4-4654-a8cf-9d6d5b5f9cff ] Request (FlavorsV2NegativeTest:tearDownClass): 204 DELETE http://10.180.1.21/networking/v2.0/security-groups/e85a38c2-5ef1-4632-9f6a-d7bfe6c6fe2b 0.317s
2025-11-19 05:54:50.829 66125 INFO tempest.lib.common.rest_client [req-dfa61308-6874-4ffe-bb8f-3af51e74648d req-dfa61308-6874-4ffe-bb8f-3af51e74648d ] Request (FlavorsV2NegativeTest:tearDownClass): 204 DELETE http://10.180.1.21/identity/v3/projects/27e546fe265f4c7a9fbfbd71a8ced795 0.073s
2025-11-19 05:54:50.899 66125 INFO tempest.lib.common.rest_client [req-1f82de21-e50a-4c59-839d-8abefc705c17 req-1f82de21-e50a-4c59-839d-8abefc705c17 ] Request (InstanceActionsTestJSON:setUpClass): 201 POST http://10.180.1.21/identity/v3/auth/tokens 0.067s
2025-11-19 05:54:50.933 66125 INFO tempest.lib.common.rest_client [req-fd527af1-de56-42da-a313-71701841fe9a req-fd527af1-de56-42da-a313-71701841fe9a ] Request (InstanceActionsTestJSON:setUpClass): 201 POST http://10.180.1.21/identity/v3/auth/tokens 0.031s
2025-11-19 05:54:50.961 66125 INFO tempest.lib.common.rest_client [req-afcaf673-3552-4904-be4b-94526be5a05d req-afcaf673-3552-4904-be4b-94526be5a05d ] Request (InstanceActionsTestJSON:setUpClass): 200 GET http://10.180.1.21/identity/v3/domains?name=Default 0.028s
2025-11-19 05:54:50.998 66125 INFO tempest.lib.common.rest_client [req-9047def5-9c83-450f-9470-e2a5194bd017 req-9047def5-9c83-450f-9470-e2a5194bd017 ] Request (InstanceActionsTestJSON:setUpClass): 201 POST http://10.180.1.21/identity/v3/projects 0.036s
2025-11-19 05:54:51.077 66125 INFO tempest.lib.common.rest_client [req-a1e7d83e-657f-4830-9640-a436ea9d4b04 req-a1e7d83e-657f-4830-9640-a436ea9d4b04 ] Request (InstanceActionsTestJSON:setUpClass): 201 POST http://10.180.1.21/identity/v3/users 0.078s
2025-11-19 05:54:51.097 66125 INFO tempest.lib.common.rest_client [req-08aa28dc-25d3-433f-82b4-18a1da96d82d req-08aa28dc-25d3-433f-82b4-18a1da96d82d ] Request (InstanceActionsTestJSON:setUpClass): 200 GET http://10.180.1.21/identity/v3/roles 0.020s
2025-11-19 05:54:51.124 66125 INFO tempest.lib.common.rest_client [req-c2446398-ef97-434f-b10d-dedb62f648f6 req-c2446398-ef97-434f-b10d-dedb62f648f6 ] Request (InstanceActionsTestJSON:setUpClass): 204 PUT http://10.180.1.21/identity/v3/projects/6bda8f0d9438434f9c0d6d923848bc80/users/ba70ceed2f18415989d1eb32978543c9/roles/1db23a7157944ce184754ec8415cf505 0.026s
2025-11-19 05:54:51.125 66125 INFO tempest.lib.common.dynamic_creds [-] Dynamic test user ba70ceed2f18415989d1eb32978543c9 is created with scope project and roles: ['member']
2025-11-19 05:54:51.125 66125 INFO tempest.lib.common.dynamic_creds [-] Acquired dynamic creds: credentials: Credentials: {'domain_id': 'default', 'domain_name': 'Default', 'username': 'tempest-InstanceActionsTestJSON-346229597-project-member', 'project_domain_id': 'default', 'project_domain_name': 'Default', 'project_id': '6bda8f0d9438434f9c0d6d923848bc80', 'project_name': 'tempest-InstanceActionsTestJSON-346229597', 'tenant_id': '6bda8f0d9438434f9c0d6d923848bc80', 'tenant_name': 'tempest-InstanceActionsTestJSON-346229597', 'user_domain_id': 'default', 'user_domain_name': 'Default', 'user_id': 'ba70ceed2f18415989d1eb32978543c9', 'system': None}, Network: None, Subnet: None, Router: None
2025-11-19 05:54:51.189 66125 INFO tempest.lib.common.rest_client [req-092ae98f-c3b3-4695-999d-6e800bbdbe01 req-092ae98f-c3b3-4695-999d-6e800bbdbe01 ] Request (InstanceActionsTestJSON:setUpClass): 201 POST http://10.180.1.21/identity/v3/auth/tokens 0.064s
2025-11-19 05:54:51.294 66101 INFO tempest.lib.common.rest_client [req-262212d7-12de-4277-8c7a-a6fd42d06793 req-262212d7-12de-4277-8c7a-a6fd42d06793 ] Request (MigrationsAdminTest:test_list_migrations_in_flavor_resize_situation): 200 GET http://10.180.1.21/compute/v2.1/servers/385c6261-fd76-4794-9081-4e5ebb7d24dd 4.831s
2025-11-19 05:54:51.319 66103 INFO tempest.lib.common.rest_client [req-b9365625-1e54-4349-a359-6462f760e1fc req-b9365625-1e54-4349-a359-6462f760e1fc ] Request (InstanceActionsNegativeTestJSON:setUpClass): 201 POST http://10.180.1.21/networking/v2.0/networks 0.748s
2025-11-19 05:54:51.368 66157 INFO tempest.lib.common.rest_client [req-03d3de3e-d09e-4d66-a3a2-ca94e89cc7d2 req-03d3de3e-d09e-4d66-a3a2-ca94e89cc7d2 ] Request (AbsoluteLimitsNegativeTestJSON:test_max_metadata_exceed_limit): 403 POST http://10.180.1.21/compute/v2.1/servers 5.045s
2025-11-19 05:54:51.479 66157 INFO tempest.lib.common.rest_client [req-e3cc42df-c22d-4faa-90d1-29853b02bda9 req-e3cc42df-c22d-4faa-90d1-29853b02bda9 ] Request (AbsoluteLimitsNegativeTestJSON:tearDownClass): 204 DELETE http://10.180.1.21/identity/v3/users/4dfc13f9679446e0a6cff168531449fb 0.108s
2025-11-19 05:54:51.479 66157 INFO tempest.lib.common.dynamic_creds [-] Deleting project and security group for project: 93408be6d5e64dada7897cb37674253e
2025-11-19 05:54:51.568 66157 INFO tempest.lib.common.rest_client [req-9040fc6d-05ca-4489-905d-a81740511674 req-9040fc6d-05ca-4489-905d-a81740511674 ] Request (AbsoluteLimitsNegativeTestJSON:tearDownClass): 201 POST http://10.180.1.21/identity/v3/auth/tokens 0.088s
2025-11-19 05:54:51.585 66103 INFO tempest.lib.common.rest_client [req-0355bf80-6cde-4dd5-ac72-9bab7436903a req-0355bf80-6cde-4dd5-ac72-9bab7436903a ] Request (InstanceActionsNegativeTestJSON:setUpClass): 201 POST http://10.180.1.21/networking/v2.0/subnets 0.265s
2025-11-19 05:54:51.596 66141 INFO tempest.lib.common.rest_client [req-dc945794-62ad-4c39-92e5-c5594f68f235 req-dc945794-62ad-4c39-92e5-c5594f68f235 ] Request (QuotasAdminTestV257:test_get_updated_quotas): 200 GET http://10.180.1.21/identity/v3/domains?name=Default 0.149s
2025-11-19 05:54:51.629 66125 INFO tempest.lib.common.rest_client [req-50e53a2f-2a0f-4436-9d3b-bb0222718385 req-50e53a2f-2a0f-4436-9d3b-bb0222718385 ] Request (InstanceActionsTestJSON:setUpClass): 201 POST http://10.180.1.21/networking/v2.0/networks 0.439s
2025-11-19 05:54:51.652 66141 INFO tempest.lib.common.rest_client [req-d1bc4fd9-f11a-4c2c-9af7-03c7f159e6a3 req-d1bc4fd9-f11a-4c2c-9af7-03c7f159e6a3 ] Request (QuotasAdminTestV257:test_get_updated_quotas): 201 POST http://10.180.1.21/identity/v3/projects 0.055s
2025-11-19 05:54:51.657 66163 INFO tempest.lib.common.rest_client [req-1e04383f-0571-4479-b6f2-e4c68ad7e849 req-1e04383f-0571-4479-b6f2-e4c68ad7e849 ] Request (ImagesTestJSON:test_create_image_from_stopped_server): 200 GET http://10.180.1.21/compute/v2.1/servers/114b264b-7e69-419f-b0dd-e22842ed5e1a 4.867s
2025-11-19 05:54:51.665 66163 INFO tempest.common.waiters [-] State transition "BUILD/None" ==> "BUILD/networking" after 6 second wait
2025-11-19 05:54:51.688 66109 INFO tempest.lib.common.rest_client [req-9df53d6b-a223-4678-a8d7-c5ef539b3882 req-9df53d6b-a223-4678-a8d7-c5ef539b3882 ] Request (SecurityGroupRulesTestJSON:tearDownClass): 202 DELETE http://10.180.1.21/compute/v2.1/os-security-groups/6386b41e-5749-4213-8207-2b7c1eabd07c 5.070s
2025-11-19 05:54:51.751 66141 INFO tempest.lib.common.rest_client [req-5f789750-bff6-410e-983a-55c24472e62c req-5f789750-bff6-410e-983a-55c24472e62c ] Request (QuotasAdminTestV257:test_get_updated_quotas): 200 GET http://10.180.1.21/identity/v3/domains?name=Default 0.098s
2025-11-19 05:54:51.915 66157 INFO tempest.lib.common.rest_client [req-e35c133a-0c11-445a-b26e-9eecc1192e25 req-e35c133a-0c11-445a-b26e-9eecc1192e25 ] Request (AbsoluteLimitsNegativeTestJSON:tearDownClass): 200 GET http://10.180.1.21/networking/v2.0/security-groups?tenant_id=93408be6d5e64dada7897cb37674253e&name=default 0.346s
2025-11-19 05:54:52.079 66125 INFO tempest.lib.common.rest_client [req-203ecd43-d657-436d-b97a-eb81368f7600 req-203ecd43-d657-436d-b97a-eb81368f7600 ] Request (InstanceActionsTestJSON:setUpClass): 201 POST http://10.180.1.21/networking/v2.0/subnets 0.449s
2025-11-19 05:54:52.448 66103 INFO tempest.lib.common.rest_client [req-9b46334c-b9c8-4f30-9694-eb014179450a req-9b46334c-b9c8-4f30-9694-eb014179450a ] Request (InstanceActionsNegativeTestJSON:setUpClass): 201 POST http://10.180.1.21/networking/v2.0/routers 0.862s
2025-11-19 05:54:52.782 66153 INFO tempest.lib.common.rest_client [req-dbc6babf-816b-40d1-9dce-43d0ff6ee6ab req-dbc6babf-816b-40d1-9dce-43d0ff6ee6ab ] Request (DeleteServersAdminTestJSON:test_delete_server_while_in_error_state): 200 GET http://10.180.1.21/compute/v2.1/servers/426393cf-37d5-4436-b79a-8268ae064bb3 5.938s
2025-11-19 05:54:52.788 66151 INFO tempest.lib.common.rest_client [req-9ad6a5af-e369-458c-a236-abd5bac47db4 req-9ad6a5af-e369-458c-a236-abd5bac47db4 ] Request (AggregatesAdminNegativeTestJSON:test_aggregate_list_as_user): 403 GET http://10.180.1.21/compute/v2.1/os-aggregates 5.915s
2025-11-19 05:54:52.806 66135 INFO tempest.lib.common.rest_client [req-6b2e8492-1d06-43e0-bc65-6751360fb939 req-6b2e8492-1d06-43e0-bc65-6751360fb939 ] Request (ServerMetadataTestJSON:setUpClass): 200 GET http://10.180.1.21/compute/v2.1/servers/ab7be103-cf63-4bb2-a234-09efd3a4d658 5.937s
2025-11-19 05:54:52.823 66109 INFO tempest.lib.common.rest_client [req-1a9d7ed5-4699-44c6-954b-2f0424cbe2b6 req-1a9d7ed5-4699-44c6-954b-2f0424cbe2b6 ] Request (SecurityGroupRulesTestJSON:tearDownClass): 200 PUT http://10.180.1.21/networking/v2.0/routers/d21168b5-a051-4eae-bae8-428bae367769/remove_router_interface 1.135s
2025-11-19 05:54:52.884 66157 INFO tempest.lib.common.rest_client [req-471b49cd-fbc8-4059-98b8-6c283dfa7f6e req-471b49cd-fbc8-4059-98b8-6c283dfa7f6e ] Request (AbsoluteLimitsNegativeTestJSON:tearDownClass): 204 DELETE http://10.180.1.21/networking/v2.0/security-groups/90138953-a976-4f82-a8dd-6bf83d412008 0.969s
