2025-11-19 05:57:14.400 66103 INFO tempest.lib.common.rest_client [req-c464cbcd-d694-4636-a1bb-c714a4b9fb41 req-c464cbcd-d694-4636-a1bb-c714a4b9fb41 ] Request (MultipleCreateTestJSON:test_multiple_create): 200 GET http://10.180.1.21/compute/v2.1/servers/59232f8e-1ed3-4452-8cd7-52ce7feadb2c 0.371s
2025-11-19 05:57:14.458 66153 INFO tempest.lib.common.rest_client [req-cbfe49f3-836b-4ff0-8366-f348de86e7ae req-cbfe49f3-836b-4ff0-8366-f348de86e7ae ] Request (ServersAdminNegativeTestJSON:tearDownClass): 200 GET http://10.180.1.21/compute/v2.1/servers/0f02bdad-d799-4d06-99a3-7aacfb3aa003 0.401s
2025-11-19 05:57:14.480 66163 INFO tempest.lib.common.rest_client [req-19332b51-beda-4a9c-b8c1-fc16c407396c req-19332b51-beda-4a9c-b8c1-fc16c407396c ] Request (ImagesTestJSON:test_create_server_from_snapshot): 200 GET http://10.180.1.21/compute/v2.1/servers/871927ce-5d68-4f20-911b-e42c19f4cde9 0.399s
2025-11-19 05:57:14.538 66125 INFO tempest.lib.common.rest_client [req-61f13d0e-32e8-4679-9eae-04d2a2c68686 req-61f13d0e-32e8-4679-9eae-04d2a2c68686 ] Request (ServerAddressesNegativeTestJSON:setUpClass): 200 GET http://10.180.1.21/compute/v2.1/servers/12884788-6c8f-47ff-ba06-76a359dcc713 0.416s
2025-11-19 05:57:14.730 66131 INFO tempest.lib.common.rest_client [req-2a48c4e0-44fd-4e21-be4d-76286394eefc req-2a48c4e0-44fd-4e21-be4d-76286394eefc ] Request (ServerActionsV293TestJSON:setUpClass): 200 PUT http://10.180.1.21/networking/v2.0/floatingips/28d7a7d0-9386-4bab-ac69-27a6af7e1f65 0.685s
2025-11-19 05:57:14.770 66123 INFO tempest.lib.common.rest_client [req-576863c1-6b8d-46c0-af18-79e908803892 req-576863c1-6b8d-46c0-af18-79e908803892 ] Request (ServerActionsTestOtherA:_run_cleanups): 200 GET http://10.180.1.21/compute/v2.1/servers/343db5dc-b4c0-4b82-b992-7a774fe8c577 0.501s
2025-11-19 05:57:14.795 66127 INFO tempest.lib.common.rest_client [req-533b946b-f113-4346-9cbf-cec254d99c45 req-533b946b-f113-4346-9cbf-cec254d99c45 ] Request (ImagesOneServerNegativeTestJSON:tearDown): 200 GET http://10.180.1.21/compute/v2.1/servers/1d63f76a-fa6f-47d9-8656-02a0d510b169 0.524s
2025-11-19 05:57:14.939 66109 INFO tempest.lib.common.rest_client [req-cbc7d8c0-9b5c-4d0e-af60-b8296098ddc6 req-cbc7d8c0-9b5c-4d0e-af60-b8296098ddc6 ] Request (ServersV294TestFqdnHostnames:setUpClass): 200 GET http://10.180.1.21/compute/v2.1/servers/5cfe9643-1add-4fd8-ab07-579312c4f025 0.292s
2025-11-19 05:57:14.952 66143 INFO tempest.lib.common.rest_client [req-e77215fe-eab1-46a3-9f08-7f3f192b7ed9 req-e77215fe-eab1-46a3-9f08-7f3f192b7ed9 ] Request (ServerDiskConfigTestJSON:test_resize_server_from_auto_to_manual): 200 GET http://10.180.1.21/compute/v2.1/servers/a2104721-aaf0-49c3-8619-1f5d9dd8c22b 0.362s
2025-11-19 05:57:15.022 66111 INFO tempest.lib.common.rest_client [req-937790db-5920-453b-b357-8f7bd0f7dcbc req-937790db-5920-453b-b357-8f7bd0f7dcbc ] Request (SecurityGroupsTestJSON:test_list_security_groups_by_server): 200 GET http://10.180.1.21/compute/v2.1/servers/8211e6b8-92a8-411c-9336-450ab923a630 0.325s
2025-11-19 05:57:15.096 66131 INFO tempest.lib.common.rest_client [req-b53f304b-3f7b-41af-8715-648353669792 req-b53f304b-3f7b-41af-8715-648353669792 ] Request (ServerActionsV293TestJSON:test_rebuild_volume_backed_server): 200 GET http://10.180.1.21/compute/v2.1/servers/662aabd5-bcd1-4587-b15a-ecad79044619 0.365s
2025-11-19 05:57:15.121 66145 INFO tempest.lib.common.rest_client [req-4dab3a04-8973-410b-816a-6cd6d52e74ec req-4dab3a04-8973-410b-816a-6cd6d52e74ec ] Request (ListServerFiltersTestJSON:setUpClass): 200 GET http://10.180.1.21/compute/v2.1/servers/e4f344cb-bfe8-440a-ac0b-f80457929513 0.370s
2025-11-19 05:57:15.157 66131 INFO tempest.lib.common.rest_client [req-5cab3268-049a-4ffe-a62d-290987dc0cab req-5cab3268-049a-4ffe-a62d-290987dc0cab ] Request (ServerActionsV293TestJSON:test_rebuild_volume_backed_server): 200 GET http://10.180.1.21/volume/v3/volumes/a4892d57-8f4d-45ea-b0c2-952675db9461 0.047s
2025-11-19 05:57:15.168 66131 INFO tempest.lib.common.ssh [-] Creating ssh connection to '10.180.180.245:22' as 'cirros' with public key authentication
2025-11-19 05:57:15.182 66147 INFO tempest.lib.common.rest_client [req-6473a8c5-1d49-4af8-acbf-1cfe4c01b5f7 req-6473a8c5-1d49-4af8-acbf-1cfe4c01b5f7 ] Request (ServerRescueTestJSON:tearDownClass): 200 GET http://10.180.1.21/compute/v2.1/servers/b6ee00f4-e8a5-4b76-bea7-73a5bee1ee71 0.369s
2025-11-19 05:57:15.189 66155 INFO tempest.lib.common.rest_client [req-b7badf7b-bbe4-4a73-b19e-ff019ccdc2c3 req-b7badf7b-bbe4-4a73-b19e-ff019ccdc2c3 ] Request (AttachVolumeTestJSON:test_attach_detach_volume): 200 GET http://10.180.1.21/compute/v2.1/servers/b55ac95c-1390-4193-8c22-9c4da403a59c 0.359s
2025-11-19 05:57:15.235 66113 INFO tempest.lib.common.rest_client [req-415cbb0c-a898-4c41-9aaf-8748803f7de4 req-415cbb0c-a898-4c41-9aaf-8748803f7de4 ] Request (ServerRescueNegativeTestJSON:setUpClass): 200 GET http://10.180.1.21/compute/v2.1/servers/e9e3901a-47fa-4246-bbe7-ca8105859f9b 0.344s
2025-11-19 05:57:15.254 66119 INFO tempest.lib.common.rest_client [req-ac363da2-9e63-43f7-83ac-d72960994702 req-ac363da2-9e63-43f7-83ac-d72960994702 ] Request (ServersNegativeTestJSON:setUpClass): 200 GET http://10.180.1.21/compute/v2.1/servers/c74c9573-bcf0-4ed3-80f7-95a52f1179c5 0.304s
2025-11-19 05:57:15.296 66151 INFO tempest.lib.common.rest_client [req-d8f1442a-dfd2-467c-8621-91169c37ee5f req-d8f1442a-dfd2-467c-8621-91169c37ee5f ] Request (AttachInterfacesV270Test:tearDownClass): 200 GET http://10.180.1.21/compute/v2.1/servers/71c87aec-d85e-4aad-bd4d-4203d22148a6 0.193s
2025-11-19 05:57:15.303 66107 INFO tempest.lib.common.rest_client [req-fef1dec0-0279-42cb-b89c-0260a9dd9730 req-fef1dec0-0279-42cb-b89c-0260a9dd9730 ] Request (ServersAdminTestJSON:test_inject_network_info): 200 GET http://10.180.1.21/compute/v2.1/servers/693b0df7-4964-4d44-bf0d-84be3589fe03 0.169s
2025-11-19 05:57:15.376 66139 INFO tempest.lib.common.rest_client [req-2894ddae-8015-42f6-b87f-3caca4841fd1 req-2894ddae-8015-42f6-b87f-3caca4841fd1 ] Request (ServersWithSpecificFlavorTestJSON:test_verify_created_server_ephemeral_disk): 200 GET http://10.180.1.21/compute/v2.1/servers/4993d74f-0695-4455-944d-7bebce6c4c4f 0.059s
2025-11-19 05:57:15.402 66101 INFO tempest.lib.common.rest_client [req-24dc354d-c322-4071-ad22-aeda350acae2 req-24dc354d-c322-4071-ad22-aeda350acae2 ] Request (MigrationsAdminTest:test_resize_server_revert_deleted_flavor): 200 GET http://10.180.1.21/compute/v2.1/servers/1361a0fd-0837-4477-bfae-7a826d25ced8 0.153s
2025-11-19 05:57:15.423 66159 WARNING tempest.lib.common.ssh [-] Failed to establish authenticated ssh connection to cirros@10.180.180.251 ([Errno None] Unable to connect to port 22 on 10.180.180.251). Number attempts: 6. Retry after 7 seconds.: paramiko.ssh_exception.NoValidConnectionsError: [Errno None] Unable to connect to port 22 on 10.180.180.251
2025-11-19 05:57:15.429 66117 INFO tempest.lib.common.rest_client [req-2b8b1270-311a-4da9-aa95-3d044f179fc8 req-2b8b1270-311a-4da9-aa95-3d044f179fc8 ] Request (DeleteServersTestJSON:test_delete_server_while_in_shelved_state): 200 GET http://10.180.1.21/compute/v2.1/servers/ee9e7e0a-f323-44ec-a4cb-e34c86e69aae 0.080s
2025-11-19 05:57:15.460 66161 INFO tempest.lib.common.rest_client [req-96bf3f21-41a5-4d0a-9293-7bdca703e75a req-96bf3f21-41a5-4d0a-9293-7bdca703e75a ] Request (ServerShowV257Test:test_rebuild_server): 200 GET http://10.180.1.21/compute/v2.1/servers/055936eb-1fe0-4f14-afdc-18a9f7051966 0.070s
2025-11-19 05:57:15.487 66103 INFO tempest.lib.common.rest_client [req-80ae244d-1481-4f6b-a1fa-19a5a4741561 req-80ae244d-1481-4f6b-a1fa-19a5a4741561 ] Request (MultipleCreateTestJSON:test_multiple_create): 200 GET http://10.180.1.21/compute/v2.1/servers/59232f8e-1ed3-4452-8cd7-52ce7feadb2c 0.080s
2025-11-19 05:57:15.543 66153 INFO tempest.lib.common.rest_client [req-5653eb1b-74ae-441d-aa8e-4572a7b1f50c req-5653eb1b-74ae-441d-aa8e-4572a7b1f50c ] Request (ServersAdminNegativeTestJSON:tearDownClass): 200 GET http://10.180.1.21/compute/v2.1/servers/0f02bdad-d799-4d06-99a3-7aacfb3aa003 0.074s
2025-11-19 05:57:15.554 66163 INFO tempest.lib.common.rest_client [req-eff5e4f3-18c9-4fbb-bb27-7ccd95ff37ef req-eff5e4f3-18c9-4fbb-bb27-7ccd95ff37ef ] Request (ImagesTestJSON:test_create_server_from_snapshot): 200 GET http://10.180.1.21/compute/v2.1/servers/871927ce-5d68-4f20-911b-e42c19f4cde9 0.061s
2025-11-19 05:57:15.612 66125 INFO tempest.lib.common.rest_client [req-07a7138a-f065-46e1-899d-b2d4a011fb3f req-07a7138a-f065-46e1-899d-b2d4a011fb3f ] Request (ServerAddressesNegativeTestJSON:setUpClass): 200 GET http://10.180.1.21/compute/v2.1/servers/12884788-6c8f-47ff-ba06-76a359dcc713 0.064s
2025-11-19 05:57:15.899 66123 INFO tempest.lib.common.rest_client [req-d536d662-3a4f-4f82-8e72-863a85d43f70 req-d536d662-3a4f-4f82-8e72-863a85d43f70 ] Request (ServerActionsTestOtherA:_run_cleanups): 200 GET http://10.180.1.21/compute/v2.1/servers/343db5dc-b4c0-4b82-b992-7a774fe8c577 0.121s
2025-11-19 05:57:15.919 66127 INFO tempest.lib.common.rest_client [req-582fab7c-804a-4d9d-82e4-75818cf3623c req-582fab7c-804a-4d9d-82e4-75818cf3623c ] Request (ImagesOneServerNegativeTestJSON:tearDown): 200 GET http://10.180.1.21/compute/v2.1/servers/1d63f76a-fa6f-47d9-8656-02a0d510b169 0.113s
2025-11-19 05:57:16.017 66109 INFO tempest.lib.common.rest_client [req-f7cb3582-8ad0-4c43-8fec-4a09bf6a6e26 req-f7cb3582-8ad0-4c43-8fec-4a09bf6a6e26 ] Request (ServersV294TestFqdnHostnames:setUpClass): 200 GET http://10.180.1.21/compute/v2.1/servers/5cfe9643-1add-4fd8-ab07-579312c4f025 0.067s
2025-11-19 05:57:16.102 66143 INFO tempest.lib.common.rest_client [req-97dca390-8b07-41f1-8234-f5b8d2f46f36 req-97dca390-8b07-41f1-8234-f5b8d2f46f36 ] Request (ServerDiskConfigTestJSON:test_resize_server_from_auto_to_manual): 200 GET http://10.180.1.21/compute/v2.1/servers/a2104721-aaf0-49c3-8619-1f5d9dd8c22b 0.141s
2025-11-19 05:57:16.114 66111 INFO tempest.lib.common.rest_client [req-ca8c9d92-17f3-40fe-ba9a-b741bd0bfd32 req-ca8c9d92-17f3-40fe-ba9a-b741bd0bfd32 ] Request (SecurityGroupsTestJSON:test_list_security_groups_by_server): 200 GET http://10.180.1.21/compute/v2.1/servers/8211e6b8-92a8-411c-9336-450ab923a630 0.078s
2025-11-19 05:57:16.192 66145 INFO tempest.lib.common.rest_client [req-151a50d9-e1c1-4c0f-bef5-55b047f0a67a req-151a50d9-e1c1-4c0f-bef5-55b047f0a67a ] Request (ListServerFiltersTestJSON:setUpClass): 200 GET http://10.180.1.21/compute/v2.1/servers/e4f344cb-bfe8-440a-ac0b-f80457929513 0.061s
2025-11-19 05:57:16.254 66147 INFO tempest.lib.common.rest_client [req-eb33f007-e7d3-4fc2-af2d-2af248fb9023 req-eb33f007-e7d3-4fc2-af2d-2af248fb9023 ] Request (ServerRescueTestJSON:tearDownClass): 200 GET http://10.180.1.21/compute/v2.1/servers/b6ee00f4-e8a5-4b76-bea7-73a5bee1ee71 0.064s
2025-11-19 05:57:16.267 66155 INFO tempest.lib.common.rest_client [req-a55c951b-f0a8-4e60-94b4-8a4cb30f2fa5 req-a55c951b-f0a8-4e60-94b4-8a4cb30f2fa5 ] Request (AttachVolumeTestJSON:test_attach_detach_volume): 200 GET http://10.180.1.21/compute/v2.1/servers/b55ac95c-1390-4193-8c22-9c4da403a59c 0.068s
2025-11-19 05:57:16.307 66113 INFO tempest.lib.common.rest_client [req-a1cc204a-d34d-464c-91e0-13c602c3c0c2 req-a1cc204a-d34d-464c-91e0-13c602c3c0c2 ] Request (ServerRescueNegativeTestJSON:setUpClass): 200 GET http://10.180.1.21/compute/v2.1/servers/e9e3901a-47fa-4246-bbe7-ca8105859f9b 0.060s
2025-11-19 05:57:16.327 66119 INFO tempest.lib.common.rest_client [req-7d40dd33-a2d2-4a43-afc1-b7e22cdba829 req-7d40dd33-a2d2-4a43-afc1-b7e22cdba829 ] Request (ServersNegativeTestJSON:setUpClass): 200 GET http://10.180.1.21/compute/v2.1/servers/c74c9573-bcf0-4ed3-80f7-95a52f1179c5 0.066s
2025-11-19 05:57:16.373 66151 INFO tempest.lib.common.rest_client [req-db382c8e-7879-47e6-a74d-6185086482f8 req-db382c8e-7879-47e6-a74d-6185086482f8 ] Request (AttachInterfacesV270Test:tearDownClass): 200 GET http://10.180.1.21/compute/v2.1/servers/71c87aec-d85e-4aad-bd4d-4203d22148a6 0.066s
2025-11-19 05:57:16.378 66107 INFO tempest.lib.common.rest_client [req-070c5a2b-f2c9-4f5b-97fc-9b8342d508ed req-070c5a2b-f2c9-4f5b-97fc-9b8342d508ed ] Request (ServersAdminTestJSON:test_inject_network_info): 200 GET http://10.180.1.21/compute/v2.1/servers/693b0df7-4964-4d44-bf0d-84be3589fe03 0.066s
2025-11-19 05:57:16.381 66151 INFO tempest.common.waiters [-] State transition "ACTIVE/deleting" ==> "DELETED/None" after 4 second wait
2025-11-19 05:57:16.434 66139 INFO tempest.lib.common.rest_client [req-7e3113aa-2601-4276-b895-8e790d064da9 req-7e3113aa-2601-4276-b895-8e790d064da9 ] Request (ServersWithSpecificFlavorTestJSON:test_verify_created_server_ephemeral_disk): 200 GET http://10.180.1.21/compute/v2.1/servers/4993d74f-0695-4455-944d-7bebce6c4c4f 0.050s
2025-11-19 05:57:16.505 66117 INFO tempest.lib.common.rest_client [req-7bd6fe20-fd4a-4bb9-a415-6af805288e4e req-7bd6fe20-fd4a-4bb9-a415-6af805288e4e ] Request (DeleteServersTestJSON:test_delete_server_while_in_shelved_state): 200 GET http://10.180.1.21/compute/v2.1/servers/ee9e7e0a-f323-44ec-a4cb-e34c86e69aae 0.067s
2025-11-19 05:57:16.520 66101 INFO tempest.lib.common.rest_client [req-e26d0b79-3746-4100-a47d-574182a0e866 req-e26d0b79-3746-4100-a47d-574182a0e866 ] Request (MigrationsAdminTest:test_resize_server_revert_deleted_flavor): 200 GET http://10.180.1.21/compute/v2.1/servers/1361a0fd-0837-4477-bfae-7a826d25ced8 0.108s
2025-11-19 05:57:16.564 66161 INFO tempest.lib.common.rest_client [req-196c0d5d-103f-423f-b905-491389339427 req-196c0d5d-103f-423f-b905-491389339427 ] Request (ServerShowV257Test:test_rebuild_server): 200 GET http://10.180.1.21/compute/v2.1/servers/055936eb-1fe0-4f14-afdc-18a9f7051966 0.091s
2025-11-19 05:57:16.569 66103 INFO tempest.lib.common.rest_client [req-c1885585-9fb6-47de-a156-920603b4e195 req-c1885585-9fb6-47de-a156-920603b4e195 ] Request (MultipleCreateTestJSON:test_multiple_create): 200 GET http://10.180.1.21/compute/v2.1/servers/59232f8e-1ed3-4452-8cd7-52ce7feadb2c 0.073s
2025-11-19 05:57:16.617 66163 INFO tempest.lib.common.rest_client [req-1b1d0fd1-6d85-41a4-a35f-6ab72e4a9bbd req-1b1d0fd1-6d85-41a4-a35f-6ab72e4a9bbd ] Request (ImagesTestJSON:test_create_server_from_snapshot): 200 GET http://10.180.1.21/compute/v2.1/servers/871927ce-5d68-4f20-911b-e42c19f4cde9 0.053s
2025-11-19 05:57:16.621 66153 INFO tempest.lib.common.rest_client [req-66049207-5802-4fb0-8018-5999d253cf2c req-66049207-5802-4fb0-8018-5999d253cf2c ] Request (ServersAdminNegativeTestJSON:tearDownClass): 200 GET http://10.180.1.21/compute/v2.1/servers/0f02bdad-d799-4d06-99a3-7aacfb3aa003 0.069s
2025-11-19 05:57:16.675 66125 INFO tempest.lib.common.rest_client [req-9c985ea1-3d91-4c10-a391-d763eee5a224 req-9c985ea1-3d91-4c10-a391-d763eee5a224 ] Request (ServerAddressesNegativeTestJSON:setUpClass): 200 GET http://10.180.1.21/compute/v2.1/servers/12884788-6c8f-47ff-ba06-76a359dcc713 0.054s
2025-11-19 05:57:16.959 66123 INFO tempest.lib.common.rest_client [req-563e62cf-8f02-4b08-80dc-c069b7ad6be1 req-563e62cf-8f02-4b08-80dc-c069b7ad6be1 ] Request (ServerActionsTestOtherA:_run_cleanups): 200 GET http://10.180.1.21/compute/v2.1/servers/343db5dc-b4c0-4b82-b992-7a774fe8c577 0.050s
2025-11-19 05:57:17.019 66127 INFO tempest.lib.common.rest_client [req-ac8730ab-b0a4-49ca-89b1-2224acb64b9c req-ac8730ab-b0a4-49ca-89b1-2224acb64b9c ] Request (ImagesOneServerNegativeTestJSON:tearDown): 200 GET http://10.180.1.21/compute/v2.1/servers/1d63f76a-fa6f-47d9-8656-02a0d510b169 0.092s
2025-11-19 05:57:17.085 66109 INFO tempest.lib.common.rest_client [req-1a205efc-12f2-4544-92ea-1836517ff104 req-1a205efc-12f2-4544-92ea-1836517ff104 ] Request (ServersV294TestFqdnHostnames:setUpClass): 200 GET http://10.180.1.21/compute/v2.1/servers/5cfe9643-1add-4fd8-ab07-579312c4f025 0.056s
2025-11-19 05:57:17.173 66111 INFO tempest.lib.common.rest_client [req-1d8bd2fe-3b87-4d05-b4eb-66f6df6deb15 req-1d8bd2fe-3b87-4d05-b4eb-66f6df6deb15 ] Request (SecurityGroupsTestJSON:test_list_security_groups_by_server): 200 GET http://10.180.1.21/compute/v2.1/servers/8211e6b8-92a8-411c-9336-450ab923a630 0.051s
2025-11-19 05:57:17.221 66143 INFO tempest.lib.common.rest_client [req-a05842c5-e80d-450d-9dc7-2f74caba827a req-a05842c5-e80d-450d-9dc7-2f74caba827a ] Request (ServerDiskConfigTestJSON:test_resize_server_from_auto_to_manual): 200 GET http://10.180.1.21/compute/v2.1/servers/a2104721-aaf0-49c3-8619-1f5d9dd8c22b 0.110s
2025-11-19 05:57:17.263 66145 INFO tempest.lib.common.rest_client [req-aaa2a2b5-60b4-44cc-8afd-0b342a200c08 req-aaa2a2b5-60b4-44cc-8afd-0b342a200c08 ] Request (ListServerFiltersTestJSON:setUpClass): 200 GET http://10.180.1.21/compute/v2.1/servers/e4f344cb-bfe8-440a-ac0b-f80457929513 0.056s
2025-11-19 05:57:17.321 66147 INFO tempest.lib.common.rest_client [req-a8015f3d-2deb-435d-98a3-b83337cdf83e req-a8015f3d-2deb-435d-98a3-b83337cdf83e ] Request (ServerRescueTestJSON:tearDownClass): 200 GET http://10.180.1.21/compute/v2.1/servers/b6ee00f4-e8a5-4b76-bea7-73a5bee1ee71 0.057s
2025-11-19 05:57:17.325 66155 INFO tempest.lib.common.rest_client [req-387e117a-0d56-4a85-9a76-74ed1552811f req-387e117a-0d56-4a85-9a76-74ed1552811f ] Request (AttachVolumeTestJSON:test_attach_detach_volume): 200 GET http://10.180.1.21/compute/v2.1/servers/b55ac95c-1390-4193-8c22-9c4da403a59c 0.048s
2025-11-19 05:57:17.368 66113 INFO tempest.lib.common.rest_client [req-a5d15e24-4608-49ee-b709-ceac65f01534 req-a5d15e24-4608-49ee-b709-ceac65f01534 ] Request (ServerRescueNegativeTestJSON:setUpClass): 200 GET http://10.180.1.21/compute/v2.1/servers/e9e3901a-47fa-4246-bbe7-ca8105859f9b 0.052s
2025-11-19 05:57:17.386 66119 INFO tempest.lib.common.rest_client [req-f0be71d8-dde0-4d57-9b5b-6de8ab3e3b8b req-f0be71d8-dde0-4d57-9b5b-6de8ab3e3b8b ] Request (ServersNegativeTestJSON:setUpClass): 200 GET http://10.180.1.21/compute/v2.1/servers/c74c9573-bcf0-4ed3-80f7-95a52f1179c5 0.051s
2025-11-19 05:57:17.432 66107 INFO tempest.lib.common.rest_client [req-d4cdc9d6-456b-43a4-bef1-7d03712907cd req-d4cdc9d6-456b-43a4-bef1-7d03712907cd ] Request (ServersAdminTestJSON:test_inject_network_info): 200 GET http://10.180.1.21/compute/v2.1/servers/693b0df7-4964-4d44-bf0d-84be3589fe03 0.045s
2025-11-19 05:57:17.438 66151 INFO tempest.lib.common.rest_client [req-5d4f0028-99c6-4ae2-8b04-2d7eef69d7af req-5d4f0028-99c6-4ae2-8b04-2d7eef69d7af ] Request (AttachInterfacesV270Test:tearDownClass): 200 GET http://10.180.1.21/compute/v2.1/servers/71c87aec-d85e-4aad-bd4d-4203d22148a6 0.056s
2025-11-19 05:57:17.476 66105 WARNING tempest.lib.common.ssh [-] Failed to establish authenticated ssh connection to cirros@10.180.180.185 ([Errno None] Unable to connect to port 22 on 10.180.180.185). Number attempts: 6. Retry after 7 seconds.: paramiko.ssh_exception.NoValidConnectionsError: [Errno None] Unable to connect to port 22 on 10.180.180.185
2025-11-19 05:57:17.489 66139 INFO tempest.lib.common.rest_client [req-f79a288a-748b-4d07-aa5f-7d0d7e29dae2 req-f79a288a-748b-4d07-aa5f-7d0d7e29dae2 ] Request (ServersWithSpecificFlavorTestJSON:test_verify_created_server_ephemeral_disk): 200 GET http://10.180.1.21/compute/v2.1/servers/4993d74f-0695-4455-944d-7bebce6c4c4f 0.048s
2025-11-19 05:57:17.576 66117 INFO tempest.lib.common.rest_client [req-65963f27-1129-4798-bdcd-e2bfb5ec9a88 req-65963f27-1129-4798-bdcd-e2bfb5ec9a88 ] Request (DeleteServersTestJSON:test_delete_server_while_in_shelved_state): 200 GET http://10.180.1.21/compute/v2.1/servers/ee9e7e0a-f323-44ec-a4cb-e34c86e69aae 0.063s
2025-11-19 05:57:17.629 66161 INFO tempest.lib.common.rest_client [req-da502477-eef8-44b4-a5a1-611f160379cb req-da502477-eef8-44b4-a5a1-611f160379cb ] Request (ServerShowV257Test:test_rebuild_server): 200 GET http://10.180.1.21/compute/v2.1/servers/055936eb-1fe0-4f14-afdc-18a9f7051966 0.054s
2025-11-19 05:57:17.646 66101 INFO tempest.lib.common.rest_client [req-67333bd9-5cb6-469f-ae02-1d2f06498ebe req-67333bd9-5cb6-469f-ae02-1d2f06498ebe ] Request (MigrationsAdminTest:test_resize_server_revert_deleted_flavor): 200 GET http://10.180.1.21/compute/v2.1/servers/1361a0fd-0837-4477-bfae-7a826d25ced8 0.118s
2025-11-19 05:57:17.672 66103 INFO tempest.lib.common.rest_client [req-6461effc-a3a8-48ff-a330-0f9f7048fe12 req-6461effc-a3a8-48ff-a330-0f9f7048fe12 ] Request (MultipleCreateTestJSON:test_multiple_create): 200 GET http://10.180.1.21/compute/v2.1/servers/59232f8e-1ed3-4452-8cd7-52ce7feadb2c 0.095s
2025-11-19 05:57:17.692 66163 INFO tempest.lib.common.rest_client [req-ba687688-39e9-408f-9bae-ff9d6f0d71b8 req-ba687688-39e9-408f-9bae-ff9d6f0d71b8 ] Request (ImagesTestJSON:test_create_server_from_snapshot): 200 GET http://10.180.1.21/compute/v2.1/servers/871927ce-5d68-4f20-911b-e42c19f4cde9 0.067s
2025-11-19 05:57:17.725 66153 INFO tempest.lib.common.rest_client [req-4d526100-7db6-4558-b042-6693d90ca2cb req-4d526100-7db6-4558-b042-6693d90ca2cb ] Request (ServersAdminNegativeTestJSON:tearDownClass): 200 GET http://10.180.1.21/compute/v2.1/servers/0f02bdad-d799-4d06-99a3-7aacfb3aa003 0.096s
2025-11-19 05:57:17.741 66125 INFO tempest.lib.common.rest_client [req-61f67a49-d866-4dfa-8768-53ee78e14395 req-61f67a49-d866-4dfa-8768-53ee78e14395 ] Request (ServerAddressesNegativeTestJSON:setUpClass): 200 GET http://10.180.1.21/compute/v2.1/servers/12884788-6c8f-47ff-ba06-76a359dcc713 0.057s
2025-11-19 05:57:18.025 66123 INFO tempest.lib.common.rest_client [req-27def476-5231-4cd2-917a-111ffc6ae841 req-27def476-5231-4cd2-917a-111ffc6ae841 ] Request (ServerActionsTestOtherA:_run_cleanups): 200 GET http://10.180.1.21/compute/v2.1/servers/343db5dc-b4c0-4b82-b992-7a774fe8c577 0.057s
2025-11-19 05:57:18.033 66123 INFO tempest.common.waiters [-] State transition "SHUTOFF/deleting" ==> "DELETED/None" after 4 second wait
2025-11-19 05:57:18.152 66109 INFO tempest.lib.common.rest_client [req-1005d97b-67f1-46df-b8c7-e3a931d4d5e6 req-1005d97b-67f1-46df-b8c7-e3a931d4d5e6 ] Request (ServersV294TestFqdnHostnames:setUpClass): 200 GET http://10.180.1.21/compute/v2.1/servers/5cfe9643-1add-4fd8-ab07-579312c4f025 0.057s
2025-11-19 05:57:18.160 66127 INFO tempest.lib.common.rest_client [req-fd2797ae-11f3-482a-8d16-65e98fdeed99 req-fd2797ae-11f3-482a-8d16-65e98fdeed99 ] Request (ImagesOneServerNegativeTestJSON:tearDown): 200 GET http://10.180.1.21/compute/v2.1/servers/1d63f76a-fa6f-47d9-8656-02a0d510b169 0.133s
2025-11-19 05:57:18.167 66127 INFO tempest.common.waiters [-] State transition "ACTIVE/image_uploading" ==> "ACTIVE/None" after 6 second wait
2025-11-19 05:57:18.245 66111 INFO tempest.lib.common.rest_client [req-575562ac-42e1-483b-9f5c-b3408d22f46d req-575562ac-42e1-483b-9f5c-b3408d22f46d ] Request (SecurityGroupsTestJSON:test_list_security_groups_by_server): 200 GET http://10.180.1.21/compute/v2.1/servers/8211e6b8-92a8-411c-9336-450ab923a630 0.063s
2025-11-19 05:57:18.257 66127 INFO tempest.lib.common.rest_client [req-549d8b1d-02d7-46d1-8eaa-7e09bb874cf1 req-549d8b1d-02d7-46d1-8eaa-7e09bb874cf1 ] Request (ImagesOneServerNegativeTestJSON:_run_cleanups): 204 DELETE http://10.180.1.21/compute/v2.1/servers/1d63f76a-fa6f-47d9-8656-02a0d510b169 0.089s
2025-11-19 05:57:18.343 66143 INFO tempest.lib.common.rest_client [req-515ee67c-d176-4af0-9239-2af1cd056790 req-515ee67c-d176-4af0-9239-2af1cd056790 ] Request (ServerDiskConfigTestJSON:test_resize_server_from_auto_to_manual): 200 GET http://10.180.1.21/compute/v2.1/servers/a2104721-aaf0-49c3-8619-1f5d9dd8c22b 0.114s
2025-11-19 05:57:18.384 66127 INFO tempest.lib.common.rest_client [req-8bb0ebe2-93af-4fc8-b516-991e6e921400 req-8bb0ebe2-93af-4fc8-b516-991e6e921400 ] Request (ImagesOneServerNegativeTestJSON:_run_cleanups): 200 GET http://10.180.1.21/compute/v2.1/servers/1d63f76a-fa6f-47d9-8656-02a0d510b169 0.127s
2025-11-19 05:57:18.391 66145 INFO tempest.lib.common.rest_client [req-76ed492e-41c1-49f6-b1f7-cb5b7716eb82 req-76ed492e-41c1-49f6-b1f7-cb5b7716eb82 ] Request (ListServerFiltersTestJSON:setUpClass): 200 GET http://10.180.1.21/compute/v2.1/servers/e4f344cb-bfe8-440a-ac0b-f80457929513 0.119s
2025-11-19 05:57:18.435 66155 INFO tempest.lib.common.rest_client [req-38756853-cc39-4722-8782-3727963f7916 req-38756853-cc39-4722-8782-3727963f7916 ] Request (AttachVolumeTestJSON:test_attach_detach_volume): 200 GET http://10.180.1.21/compute/v2.1/servers/b55ac95c-1390-4193-8c22-9c4da403a59c 0.101s
2025-11-19 05:57:18.440 66147 INFO tempest.lib.common.rest_client [req-2c9d1459-034a-4fbd-98ae-30cd493d587c req-2c9d1459-034a-4fbd-98ae-30cd493d587c ] Request (ServerRescueTestJSON:tearDownClass): 200 GET http://10.180.1.21/compute/v2.1/servers/b6ee00f4-e8a5-4b76-bea7-73a5bee1ee71 0.111s
2025-11-19 05:57:18.485 66113 INFO tempest.lib.common.rest_client [req-8a46d0c3-4db0-4e2a-a1fc-a8c69c45245f req-8a46d0c3-4db0-4e2a-a1fc-a8c69c45245f ] Request (ServerRescueNegativeTestJSON:setUpClass): 200 GET http://10.180.1.21/compute/v2.1/servers/e9e3901a-47fa-4246-bbe7-ca8105859f9b 0.109s
2025-11-19 05:57:18.512 66119 INFO tempest.lib.common.rest_client [req-739ac884-6114-463b-b37e-e5dc0e19a9a2 req-739ac884-6114-463b-b37e-e5dc0e19a9a2 ] Request (ServersNegativeTestJSON:setUpClass): 200 GET http://10.180.1.21/compute/v2.1/servers/c74c9573-bcf0-4ed3-80f7-95a52f1179c5 0.118s
2025-11-19 05:57:18.540 66107 INFO tempest.lib.common.rest_client [req-c1de0896-dab2-44cf-8c66-13270e98b8c5 req-c1de0896-dab2-44cf-8c66-13270e98b8c5 ] Request (ServersAdminTestJSON:test_inject_network_info): 200 GET http://10.180.1.21/compute/v2.1/servers/693b0df7-4964-4d44-bf0d-84be3589fe03 0.101s
2025-11-19 05:57:18.571 66151 INFO tempest.lib.common.rest_client [req-6b37bd71-f10d-491e-b7a6-cd92429aa8af req-6b37bd71-f10d-491e-b7a6-cd92429aa8af ] Request (AttachInterfacesV270Test:tearDownClass): 200 GET http://10.180.1.21/compute/v2.1/servers/71c87aec-d85e-4aad-bd4d-4203d22148a6 0.123s
2025-11-19 05:57:18.584 66139 INFO tempest.lib.common.rest_client [req-4ebb4010-e21a-4c8e-9adc-fca7298bd2f2 req-4ebb4010-e21a-4c8e-9adc-fca7298bd2f2 ] Request (ServersWithSpecificFlavorTestJSON:test_verify_created_server_ephemeral_disk): 200 GET http://10.180.1.21/compute/v2.1/servers/4993d74f-0695-4455-944d-7bebce6c4c4f 0.087s
2025-11-19 05:57:18.631 66117 INFO tempest.lib.common.rest_client [req-f9831016-fd35-4f8d-8663-b0b7ed6d7887 req-f9831016-fd35-4f8d-8663-b0b7ed6d7887 ] Request (DeleteServersTestJSON:test_delete_server_while_in_shelved_state): 200 GET http://10.180.1.21/compute/v2.1/servers/ee9e7e0a-f323-44ec-a4cb-e34c86e69aae 0.047s
2025-11-19 05:57:18.688 66161 INFO tempest.lib.common.rest_client [req-a5743f02-6903-4cf2-90c0-5cffed2a1278 req-a5743f02-6903-4cf2-90c0-5cffed2a1278 ] Request (ServerShowV257Test:test_rebuild_server): 200 GET http://10.180.1.21/compute/v2.1/servers/055936eb-1fe0-4f14-afdc-18a9f7051966 0.050s
2025-11-19 05:57:18.734 66103 INFO tempest.lib.common.rest_client [req-1b7baedb-c918-4a01-a02e-59d95167b5a2 req-1b7baedb-c918-4a01-a02e-59d95167b5a2 ] Request (MultipleCreateTestJSON:test_multiple_create): 200 GET http://10.180.1.21/compute/v2.1/servers/59232f8e-1ed3-4452-8cd7-52ce7feadb2c 0.053s
2025-11-19 05:57:18.787 66163 INFO tempest.lib.common.rest_client [req-abd3ce86-6a97-4a9f-91b2-e40b487464cb req-abd3ce86-6a97-4a9f-91b2-e40b487464cb ] Request (ImagesTestJSON:test_create_server_from_snapshot): 200 GET http://10.180.1.21/compute/v2.1/servers/871927ce-5d68-4f20-911b-e42c19f4cde9 0.086s
2025-11-19 05:57:18.794 66101 INFO tempest.lib.common.rest_client [req-60908420-0cce-49a4-99a4-469e89945e2e req-60908420-0cce-49a4-99a4-469e89945e2e ] Request (MigrationsAdminTest:test_resize_server_revert_deleted_flavor): 200 GET http://10.180.1.21/compute/v2.1/servers/1361a0fd-0837-4477-bfae-7a826d25ced8 0.140s
2025-11-19 05:57:18.848 66125 INFO tempest.lib.common.rest_client [req-7c8b91ff-a2c9-4148-959d-9053575c43bb req-7c8b91ff-a2c9-4148-959d-9053575c43bb ] Request (ServerAddressesNegativeTestJSON:setUpClass): 200 GET http://10.180.1.21/compute/v2.1/servers/12884788-6c8f-47ff-ba06-76a359dcc713 0.099s
2025-11-19 05:57:18.860 66153 INFO tempest.lib.common.rest_client [req-1c925ba4-8e3b-421f-be5a-e8fc094da323 req-1c925ba4-8e3b-421f-be5a-e8fc094da323 ] Request (ServersAdminNegativeTestJSON:tearDownClass): 200 GET http://10.180.1.21/compute/v2.1/servers/0f02bdad-d799-4d06-99a3-7aacfb3aa003 0.127s
2025-11-19 05:57:19.088 66123 INFO tempest.lib.common.rest_client [req-3ba4bd5c-ca9f-4906-825d-85b7e6268d88 req-3ba4bd5c-ca9f-4906-825d-85b7e6268d88 ] Request (ServerActionsTestOtherA:_run_cleanups): 200 GET http://10.180.1.21/compute/v2.1/servers/343db5dc-b4c0-4b82-b992-7a774fe8c577 0.054s
2025-11-19 05:57:19.217 66109 INFO tempest.lib.common.rest_client [req-bafedf54-042b-4308-8a47-0420f43ecd91 req-bafedf54-042b-4308-8a47-0420f43ecd91 ] Request (ServersV294TestFqdnHostnames:setUpClass): 200 GET http://10.180.1.21/compute/v2.1/servers/5cfe9643-1add-4fd8-ab07-579312c4f025 0.054s
2025-11-19 05:57:19.269 66131 WARNING tempest.lib.common.ssh [-] Failed to establish authenticated ssh connection to cirros@10.180.180.245 ([Errno None] Unable to connect to port 22 on 10.180.180.245). Number attempts: 1. Retry after 2 seconds.: paramiko.ssh_exception.NoValidConnectionsError: [Errno None] Unable to connect to port 22 on 10.180.180.245
2025-11-19 05:57:19.307 66111 INFO tempest.lib.common.rest_client [req-a91832e4-d5fc-4165-927b-78fe3726747d req-a91832e4-d5fc-4165-927b-78fe3726747d ] Request (SecurityGroupsTestJSON:test_list_security_groups_by_server): 200 GET http://10.180.1.21/compute/v2.1/servers/8211e6b8-92a8-411c-9336-450ab923a630 0.053s
2025-11-19 05:57:19.453 66143 INFO tempest.lib.common.rest_client [req-03a7547a-4bb3-422c-b07d-babe8fe78f8c req-03a7547a-4bb3-422c-b07d-babe8fe78f8c ] Request (ServerDiskConfigTestJSON:test_resize_server_from_auto_to_manual): 200 GET http://10.180.1.21/compute/v2.1/servers/a2104721-aaf0-49c3-8619-1f5d9dd8c22b 0.100s
2025-11-19 05:57:19.507 66145 INFO tempest.lib.common.rest_client [req-87ee2469-6a1a-48eb-9d6f-da1c7a312545 req-87ee2469-6a1a-48eb-9d6f-da1c7a312545 ] Request (ListServerFiltersTestJSON:setUpClass): 200 GET http://10.180.1.21/compute/v2.1/servers/e4f344cb-bfe8-440a-ac0b-f80457929513 0.108s
2025-11-19 05:57:19.510 66127 INFO tempest.lib.common.rest_client [req-80c9817e-1c2c-4ee2-a403-6e981395cd75 req-80c9817e-1c2c-4ee2-a403-6e981395cd75 ] Request (ImagesOneServerNegativeTestJSON:_run_cleanups): 200 GET http://10.180.1.21/compute/v2.1/servers/1d63f76a-fa6f-47d9-8656-02a0d510b169 0.117s
2025-11-19 05:57:19.560 66155 INFO tempest.lib.common.rest_client [req-b9507e44-bf77-4a6b-8e26-4de675e85159 req-b9507e44-bf77-4a6b-8e26-4de675e85159 ] Request (AttachVolumeTestJSON:test_attach_detach_volume): 200 GET http://10.180.1.21/compute/v2.1/servers/b55ac95c-1390-4193-8c22-9c4da403a59c 0.116s
2025-11-19 05:57:19.584 66147 INFO tempest.lib.common.rest_client [req-d26543a0-db4c-4e96-b7e7-eb1ee9312f94 req-d26543a0-db4c-4e96-b7e7-eb1ee9312f94 ] Request (ServerRescueTestJSON:tearDownClass): 200 GET http://10.180.1.21/compute/v2.1/servers/b6ee00f4-e8a5-4b76-bea7-73a5bee1ee71 0.135s
2025-11-19 05:57:19.612 66113 INFO tempest.lib.common.rest_client [req-37b3822f-c6d4-4113-8000-03d17be4bfee req-37b3822f-c6d4-4113-8000-03d17be4bfee ] Request (ServerRescueNegativeTestJSON:setUpClass): 200 GET http://10.180.1.21/compute/v2.1/servers/e9e3901a-47fa-4246-bbe7-ca8105859f9b 0.119s
2025-11-19 05:57:19.641 66119 INFO tempest.lib.common.rest_client [req-90ed2739-85f2-4eda-a2a9-563fb2404ba4 req-90ed2739-85f2-4eda-a2a9-563fb2404ba4 ] Request (ServersNegativeTestJSON:setUpClass): 200 GET http://10.180.1.21/compute/v2.1/servers/c74c9573-bcf0-4ed3-80f7-95a52f1179c5 0.121s
2025-11-19 05:57:19.662 66107 INFO tempest.lib.common.rest_client [req-73e12249-5817-4233-9c7d-b8097b48d165 req-73e12249-5817-4233-9c7d-b8097b48d165 ] Request (ServersAdminTestJSON:test_inject_network_info): 200 GET http://10.180.1.21/compute/v2.1/servers/693b0df7-4964-4d44-bf0d-84be3589fe03 0.115s
2025-11-19 05:57:19.701 66151 INFO tempest.lib.common.rest_client [req-e6a2c28d-27f9-4e21-af48-ad6d4332822e req-e6a2c28d-27f9-4e21-af48-ad6d4332822e ] Request (AttachInterfacesV270Test:tearDownClass): 200 GET http://10.180.1.21/compute/v2.1/servers/71c87aec-d85e-4aad-bd4d-4203d22148a6 0.119s
2025-11-19 05:57:19.710 66139 INFO tempest.lib.common.rest_client [req-e738b848-60fe-4652-be78-bc8f9c19dd74 req-e738b848-60fe-4652-be78-bc8f9c19dd74 ] Request (ServersWithSpecificFlavorTestJSON:test_verify_created_server_ephemeral_disk): 200 GET http://10.180.1.21/compute/v2.1/servers/4993d74f-0695-4455-944d-7bebce6c4c4f 0.117s
2025-11-19 05:57:19.748 66117 INFO tempest.lib.common.rest_client [req-07b5d08d-99e6-4de6-8219-4c1adba61c2f req-07b5d08d-99e6-4de6-8219-4c1adba61c2f ] Request (DeleteServersTestJSON:test_delete_server_while_in_shelved_state): 200 GET http://10.180.1.21/compute/v2.1/servers/ee9e7e0a-f323-44ec-a4cb-e34c86e69aae 0.110s
2025-11-19 05:57:19.762 66161 INFO tempest.lib.common.rest_client [req-cb1154a2-1dbc-49c5-af40-e04c0f40c6d6 req-cb1154a2-1dbc-49c5-af40-e04c0f40c6d6 ] Request (ServerShowV257Test:test_rebuild_server): 200 GET http://10.180.1.21/compute/v2.1/servers/055936eb-1fe0-4f14-afdc-18a9f7051966 0.065s
2025-11-19 05:57:19.795 66103 INFO tempest.lib.common.rest_client [req-e6902f87-7ac4-4fc6-92e7-f9d007f7706c req-e6902f87-7ac4-4fc6-92e7-f9d007f7706c ] Request (MultipleCreateTestJSON:test_multiple_create): 200 GET http://10.180.1.21/compute/v2.1/servers/59232f8e-1ed3-4452-8cd7-52ce7feadb2c 0.053s
2025-11-19 05:57:19.847 66163 INFO tempest.lib.common.rest_client [req-259882c4-1769-43af-998e-e0a2d5c44396 req-259882c4-1769-43af-998e-e0a2d5c44396 ] Request (ImagesTestJSON:test_create_server_from_snapshot): 200 GET http://10.180.1.21/compute/v2.1/servers/871927ce-5d68-4f20-911b-e42c19f4cde9 0.053s
2025-11-19 05:57:19.908 66101 INFO tempest.lib.common.rest_client [req-4df90e69-f26e-4bfc-a33b-111d7fd423b3 req-4df90e69-f26e-4bfc-a33b-111d7fd423b3 ] Request (MigrationsAdminTest:test_resize_server_revert_deleted_flavor): 200 GET http://10.180.1.21/compute/v2.1/servers/1361a0fd-0837-4477-bfae-7a826d25ced8 0.105s
2025-11-19 05:57:19.914 66125 INFO tempest.lib.common.rest_client [req-5a411000-f111-4163-97eb-76272b32da9f req-5a411000-f111-4163-97eb-76272b32da9f ] Request (ServerAddressesNegativeTestJSON:setUpClass): 200 GET http://10.180.1.21/compute/v2.1/servers/12884788-6c8f-47ff-ba06-76a359dcc713 0.056s
2025-11-19 05:57:19.959 66153 INFO tempest.lib.common.rest_client [req-98f017c7-0210-400f-995d-022f41888951 req-98f017c7-0210-400f-995d-022f41888951 ] Request (ServersAdminNegativeTestJSON:tearDownClass): 200 GET http://10.180.1.21/compute/v2.1/servers/0f02bdad-d799-4d06-99a3-7aacfb3aa003 0.086s
2025-11-19 05:57:20.154 66123 INFO tempest.lib.common.rest_client [req-6bdf793b-1d97-4d6d-9400-fd28bb59455f req-6bdf793b-1d97-4d6d-9400-fd28bb59455f ] Request (ServerActionsTestOtherA:_run_cleanups): 200 GET http://10.180.1.21/compute/v2.1/servers/343db5dc-b4c0-4b82-b992-7a774fe8c577 0.056s
2025-11-19 05:57:20.281 66109 INFO tempest.lib.common.rest_client [req-10adac32-b8cf-4d30-880c-9066ce1adcba req-10adac32-b8cf-4d30-880c-9066ce1adcba ] Request (ServersV294TestFqdnHostnames:setUpClass): 200 GET http://10.180.1.21/compute/v2.1/servers/5cfe9643-1add-4fd8-ab07-579312c4f025 0.054s
2025-11-19 05:57:20.364 66111 INFO tempest.lib.common.rest_client [req-a7b4eb04-2396-4f1f-9bbc-5e42abee0e58 req-a7b4eb04-2396-4f1f-9bbc-5e42abee0e58 ] Request (SecurityGroupsTestJSON:test_list_security_groups_by_server): 200 GET http://10.180.1.21/compute/v2.1/servers/8211e6b8-92a8-411c-9336-450ab923a630 0.047s
2025-11-19 05:57:20.575 66143 INFO tempest.lib.common.rest_client [req-48f7964e-9eec-46de-9bb0-894f712586d0 req-48f7964e-9eec-46de-9bb0-894f712586d0 ] Request (ServerDiskConfigTestJSON:test_resize_server_from_auto_to_manual): 200 GET http://10.180.1.21/compute/v2.1/servers/a2104721-aaf0-49c3-8619-1f5d9dd8c22b 0.114s
2025-11-19 05:57:20.586 66145 INFO tempest.lib.common.rest_client [req-ebf653d8-43ea-4a3a-ac82-40cf17118ccd req-ebf653d8-43ea-4a3a-ac82-40cf17118ccd ] Request (ListServerFiltersTestJSON:setUpClass): 200 GET http://10.180.1.21/compute/v2.1/servers/e4f344cb-bfe8-440a-ac0b-f80457929513 0.070s
2025-11-19 05:57:20.629 66127 INFO tempest.lib.common.rest_client [req-50d4319a-964b-4ba8-91da-d0c87fe18281 req-50d4319a-964b-4ba8-91da-d0c87fe18281 ] Request (ImagesOneServerNegativeTestJSON:_run_cleanups): 200 GET http://10.180.1.21/compute/v2.1/servers/1d63f76a-fa6f-47d9-8656-02a0d510b169 0.110s
2025-11-19 05:57:20.639 66155 INFO tempest.lib.common.rest_client [req-8eb6f411-f9a4-4e5c-b705-a00c6e517f53 req-8eb6f411-f9a4-4e5c-b705-a00c6e517f53 ] Request (AttachVolumeTestJSON:test_attach_detach_volume): 200 GET http://10.180.1.21/compute/v2.1/servers/b55ac95c-1390-4193-8c22-9c4da403a59c 0.071s
2025-11-19 05:57:20.692 66147 INFO tempest.lib.common.rest_client [req-77700500-923d-4b3a-8b6d-f5c577bab5a3 req-77700500-923d-4b3a-8b6d-f5c577bab5a3 ] Request (ServerRescueTestJSON:tearDownClass): 200 GET http://10.180.1.21/compute/v2.1/servers/b6ee00f4-e8a5-4b76-bea7-73a5bee1ee71 0.101s
2025-11-19 05:57:20.695 66113 INFO tempest.lib.common.rest_client [req-2ad54067-0a7c-4423-a9e1-8c08676a9ac2 req-2ad54067-0a7c-4423-a9e1-8c08676a9ac2 ] Request (ServerRescueNegativeTestJSON:setUpClass): 200 GET http://10.180.1.21/compute/v2.1/servers/e9e3901a-47fa-4246-bbe7-ca8105859f9b 0.075s
2025-11-19 05:57:20.754 66119 INFO tempest.lib.common.rest_client [req-edcedfbf-67cc-4612-be33-ee5eba6d96ff req-edcedfbf-67cc-4612-be33-ee5eba6d96ff ] Request (ServersNegativeTestJSON:setUpClass): 200 GET http://10.180.1.21/compute/v2.1/servers/c74c9573-bcf0-4ed3-80f7-95a52f1179c5 0.105s
2025-11-19 05:57:20.765 66107 INFO tempest.lib.common.rest_client [req-e7f82a5c-4322-4fcf-aed3-f80a2c5cd0de req-e7f82a5c-4322-4fcf-aed3-f80a2c5cd0de ] Request (ServersAdminTestJSON:test_inject_network_info): 200 GET http://10.180.1.21/compute/v2.1/servers/693b0df7-4964-4d44-bf0d-84be3589fe03 0.094s
2025-11-19 05:57:20.815 66139 INFO tempest.lib.common.rest_client [req-43e7ec9a-ced4-4ba4-91f4-19b3c16d9fe0 req-43e7ec9a-ced4-4ba4-91f4-19b3c16d9fe0 ] Request (ServersWithSpecificFlavorTestJSON:test_verify_created_server_ephemeral_disk): 200 GET http://10.180.1.21/compute/v2.1/servers/4993d74f-0695-4455-944d-7bebce6c4c4f 0.096s
2025-11-19 05:57:20.817 66151 INFO tempest.lib.common.rest_client [req-e99b454f-c735-4d0b-8fe7-937f08966d44 req-e99b454f-c735-4d0b-8fe7-937f08966d44 ] Request (AttachInterfacesV270Test:tearDownClass): 200 GET http://10.180.1.21/compute/v2.1/servers/71c87aec-d85e-4aad-bd4d-4203d22148a6 0.105s
2025-11-19 05:57:20.822 66139 INFO tempest.common.waiters [-] State transition "BUILD/scheduling" ==> "BUILD/None" after 33 second wait
2025-11-19 05:57:20.863 66117 INFO tempest.lib.common.rest_client [req-877210ee-9851-49af-881c-044aa4117c23 req-877210ee-9851-49af-881c-044aa4117c23 ] Request (DeleteServersTestJSON:test_delete_server_while_in_shelved_state): 200 GET http://10.180.1.21/compute/v2.1/servers/ee9e7e0a-f323-44ec-a4cb-e34c86e69aae 0.108s
2025-11-19 05:57:20.864 66161 INFO tempest.lib.common.rest_client [req-51b16407-dc8b-43e1-a19e-4332953d1fd1 req-51b16407-dc8b-43e1-a19e-4332953d1fd1 ] Request (ServerShowV257Test:test_rebuild_server): 200 GET http://10.180.1.21/compute/v2.1/servers/055936eb-1fe0-4f14-afdc-18a9f7051966 0.092s
2025-11-19 05:57:20.915 66163 INFO tempest.lib.common.rest_client [req-3c4e9123-bbdc-40a4-94b4-4ffe152c1c1d req-3c4e9123-bbdc-40a4-94b4-4ffe152c1c1d ] Request (ImagesTestJSON:test_create_server_from_snapshot): 200 GET http://10.180.1.21/compute/v2.1/servers/871927ce-5d68-4f20-911b-e42c19f4cde9 0.060s
2025-11-19 05:57:20.916 66103 INFO tempest.lib.common.rest_client [req-de7c87be-e73d-4e91-8b1f-7a429e56f25b req-de7c87be-e73d-4e91-8b1f-7a429e56f25b ] Request (MultipleCreateTestJSON:test_multiple_create): 200 GET http://10.180.1.21/compute/v2.1/servers/59232f8e-1ed3-4452-8cd7-52ce7feadb2c 0.113s
2025-11-19 05:57:20.976 66125 INFO tempest.lib.common.rest_client [req-8e04c2c9-558f-449c-ae03-7f1a37464abe req-8e04c2c9-558f-449c-ae03-7f1a37464abe ] Request (ServerAddressesNegativeTestJSON:setUpClass): 200 GET http://10.180.1.21/compute/v2.1/servers/12884788-6c8f-47ff-ba06-76a359dcc713 0.053s
2025-11-19 05:57:21.017 66101 INFO tempest.lib.common.rest_client [req-5772f1b3-06bc-4ab9-825f-fe1bc3529d07 req-5772f1b3-06bc-4ab9-825f-fe1bc3529d07 ] Request (MigrationsAdminTest:test_resize_server_revert_deleted_flavor): 200 GET http://10.180.1.21/compute/v2.1/servers/1361a0fd-0837-4477-bfae-7a826d25ced8 0.098s
2025-11-19 05:57:21.034 66153 INFO tempest.lib.common.rest_client [req-d46f9b75-a9ec-4f9f-bd3d-d43b838b375d req-d46f9b75-a9ec-4f9f-bd3d-d43b838b375d ] Request (ServersAdminNegativeTestJSON:tearDownClass): 200 GET http://10.180.1.21/compute/v2.1/servers/0f02bdad-d799-4d06-99a3-7aacfb3aa003 0.065s
2025-11-19 05:57:21.221 66123 INFO tempest.lib.common.rest_client [req-5b6ac489-2242-4a16-9e56-fb335135d44a req-5b6ac489-2242-4a16-9e56-fb335135d44a ] Request (ServerActionsTestOtherA:_run_cleanups): 200 GET http://10.180.1.21/compute/v2.1/servers/343db5dc-b4c0-4b82-b992-7a774fe8c577 0.059s
2025-11-19 05:57:21.346 66109 INFO tempest.lib.common.rest_client [req-fe52181c-e252-4ce4-aea1-3a160155790d req-fe52181c-e252-4ce4-aea1-3a160155790d ] Request (ServersV294TestFqdnHostnames:setUpClass): 200 GET http://10.180.1.21/compute/v2.1/servers/5cfe9643-1add-4fd8-ab07-579312c4f025 0.054s
2025-11-19 05:57:21.420 66111 INFO tempest.lib.common.rest_client [req-9c57f368-2781-49ac-9f7d-0b1d058e644e req-9c57f368-2781-49ac-9f7d-0b1d058e644e ] Request (SecurityGroupsTestJSON:test_list_security_groups_by_server): 200 GET http://10.180.1.21/compute/v2.1/servers/8211e6b8-92a8-411c-9336-450ab923a630 0.048s
2025-11-19 05:57:21.659 66145 INFO tempest.lib.common.rest_client [req-f873e213-6282-419b-bc5a-a905d72b61e7 req-f873e213-6282-419b-bc5a-a905d72b61e7 ] Request (ListServerFiltersTestJSON:setUpClass): 200 GET http://10.180.1.21/compute/v2.1/servers/e4f344cb-bfe8-440a-ac0b-f80457929513 0.065s
2025-11-19 05:57:21.718 66143 INFO tempest.lib.common.rest_client [req-03076d02-3852-449d-a78c-83c4fdd1d5e5 req-03076d02-3852-449d-a78c-83c4fdd1d5e5 ] Request (ServerDiskConfigTestJSON:test_resize_server_from_auto_to_manual): 200 GET http://10.180.1.21/compute/v2.1/servers/a2104721-aaf0-49c3-8619-1f5d9dd8c22b 0.135s
2025-11-19 05:57:21.730 66127 INFO tempest.lib.common.rest_client [req-5d0380da-cc57-466f-be72-b3460aa0ccd8 req-5d0380da-cc57-466f-be72-b3460aa0ccd8 ] Request (ImagesOneServerNegativeTestJSON:_run_cleanups): 200 GET http://10.180.1.21/compute/v2.1/servers/1d63f76a-fa6f-47d9-8656-02a0d510b169 0.093s
2025-11-19 05:57:21.774 66155 INFO tempest.lib.common.rest_client [req-435f9336-e389-46c3-85a5-6088822b8784 req-435f9336-e389-46c3-85a5-6088822b8784 ] Request (AttachVolumeTestJSON:test_attach_detach_volume): 200 GET http://10.180.1.21/compute/v2.1/servers/b55ac95c-1390-4193-8c22-9c4da403a59c 0.126s
2025-11-19 05:57:21.791 66147 INFO tempest.lib.common.rest_client [req-adf4761d-da47-4500-b20d-8ce905697ba2 req-adf4761d-da47-4500-b20d-8ce905697ba2 ] Request (ServerRescueTestJSON:tearDownClass): 200 GET http://10.180.1.21/compute/v2.1/servers/b6ee00f4-e8a5-4b76-bea7-73a5bee1ee71 0.090s
2025-11-19 05:57:21.828 66113 INFO tempest.lib.common.rest_client [req-956d5d13-568d-43cc-a8f0-8f87fef4a10c req-956d5d13-568d-43cc-a8f0-8f87fef4a10c ] Request (ServerRescueNegativeTestJSON:setUpClass): 200 GET http://10.180.1.21/compute/v2.1/servers/e9e3901a-47fa-4246-bbe7-ca8105859f9b 0.125s
2025-11-19 05:57:21.853 66119 INFO tempest.lib.common.rest_client [req-09ef7624-182a-4d69-86f5-22e0005f0823 req-09ef7624-182a-4d69-86f5-22e0005f0823 ] Request (ServersNegativeTestJSON:setUpClass): 200 GET http://10.180.1.21/compute/v2.1/servers/c74c9573-bcf0-4ed3-80f7-95a52f1179c5 0.090s
2025-11-19 05:57:21.886 66107 INFO tempest.lib.common.rest_client [req-7302f6e6-cd8b-4fc9-87b3-bacfdbbabfa3 req-7302f6e6-cd8b-4fc9-87b3-bacfdbbabfa3 ] Request (ServersAdminTestJSON:test_inject_network_info): 200 GET http://10.180.1.21/compute/v2.1/servers/693b0df7-4964-4d44-bf0d-84be3589fe03 0.113s
2025-11-19 05:57:21.906 66139 INFO tempest.lib.common.rest_client [req-c33f3501-07cc-471e-9b60-6e2f218ad2b3 req-c33f3501-07cc-471e-9b60-6e2f218ad2b3 ] Request (ServersWithSpecificFlavorTestJSON:test_verify_created_server_ephemeral_disk): 200 GET http://10.180.1.21/compute/v2.1/servers/4993d74f-0695-4455-944d-7bebce6c4c4f 0.083s
2025-11-19 05:57:21.948 66151 INFO tempest.lib.common.rest_client [req-abe96585-2354-4b90-a853-0aa8ab904947 req-abe96585-2354-4b90-a853-0aa8ab904947 ] Request (AttachInterfacesV270Test:tearDownClass): 200 GET http://10.180.1.21/compute/v2.1/servers/71c87aec-d85e-4aad-bd4d-4203d22148a6 0.122s
2025-11-19 05:57:21.956 66117 INFO tempest.lib.common.rest_client [req-7ad11e07-5b2c-4b4e-920b-7f559043185e req-7ad11e07-5b2c-4b4e-920b-7f559043185e ] Request (DeleteServersTestJSON:test_delete_server_while_in_shelved_state): 200 GET http://10.180.1.21/compute/v2.1/servers/ee9e7e0a-f323-44ec-a4cb-e34c86e69aae 0.085s
2025-11-19 05:57:22.000 66161 INFO tempest.lib.common.rest_client [req-68b913bf-2292-4259-8737-2a1d69eddc61 req-68b913bf-2292-4259-8737-2a1d69eddc61 ] Request (ServerShowV257Test:test_rebuild_server): 200 GET http://10.180.1.21/compute/v2.1/servers/055936eb-1fe0-4f14-afdc-18a9f7051966 0.126s
2025-11-19 05:57:22.008 66163 INFO tempest.lib.common.rest_client [req-fb51e9cb-877f-455f-9cc0-4e833bb0f74a req-fb51e9cb-877f-455f-9cc0-4e833bb0f74a ] Request (ImagesTestJSON:test_create_server_from_snapshot): 200 GET http://10.180.1.21/compute/v2.1/servers/871927ce-5d68-4f20-911b-e42c19f4cde9 0.085s
2025-11-19 05:57:22.019 66133 WARNING tempest.lib.common.ssh [-] Failed to establish authenticated ssh connection to cirros@10.180.180.158 ([Errno None] Unable to connect to port 22 on 10.180.180.158). Number attempts: 10. Retry after 11 seconds.: paramiko.ssh_exception.NoValidConnectionsError: [Errno None] Unable to connect to port 22 on 10.180.180.158
2025-11-19 05:57:22.050 66103 INFO tempest.lib.common.rest_client [req-ab040ddd-b3a0-4ef1-b938-bc71b69b72e3 req-ab040ddd-b3a0-4ef1-b938-bc71b69b72e3 ] Request (MultipleCreateTestJSON:test_multiple_create): 200 GET http://10.180.1.21/compute/v2.1/servers/59232f8e-1ed3-4452-8cd7-52ce7feadb2c 0.125s
2025-11-19 05:57:22.056 66125 INFO tempest.lib.common.rest_client [req-bcf7b8ec-3b4d-4087-8ef5-827806135bb4 req-bcf7b8ec-3b4d-4087-8ef5-827806135bb4 ] Request (ServerAddressesNegativeTestJSON:setUpClass): 200 GET http://10.180.1.21/compute/v2.1/servers/12884788-6c8f-47ff-ba06-76a359dcc713 0.073s
2025-11-19 05:57:22.111 66153 INFO tempest.lib.common.rest_client [req-2f0f1171-aa3a-4575-9a8f-8056559db249 req-2f0f1171-aa3a-4575-9a8f-8056559db249 ] Request (ServersAdminNegativeTestJSON:tearDownClass): 200 GET http://10.180.1.21/compute/v2.1/servers/0f02bdad-d799-4d06-99a3-7aacfb3aa003 0.069s
2025-11-19 05:57:22.144 66101 INFO tempest.lib.common.rest_client [req-a4db3f99-7e2e-4fb6-9c65-7f220120570c req-a4db3f99-7e2e-4fb6-9c65-7f220120570c ] Request (MigrationsAdminTest:test_resize_server_revert_deleted_flavor): 200 GET http://10.180.1.21/compute/v2.1/servers/1361a0fd-0837-4477-bfae-7a826d25ced8 0.119s
2025-11-19 05:57:22.282 66123 INFO tempest.lib.common.rest_client [req-5c7cdf3d-dcda-4f7d-889b-10a68556bf15 req-5c7cdf3d-dcda-4f7d-889b-10a68556bf15 ] Request (ServerActionsTestOtherA:_run_cleanups): 200 GET http://10.180.1.21/compute/v2.1/servers/343db5dc-b4c0-4b82-b992-7a774fe8c577 0.053s
2025-11-19 05:57:22.339 66131 WARNING tempest.lib.common.ssh [-] Failed to establish authenticated ssh connection to cirros@10.180.180.245 ([Errno None] Unable to connect to port 22 on 10.180.180.245). Number attempts: 2. Retry after 3 seconds.: paramiko.ssh_exception.NoValidConnectionsError: [Errno None] Unable to connect to port 22 on 10.180.180.245
2025-11-19 05:57:22.410 66109 INFO tempest.lib.common.rest_client [req-c63b22fa-a4ec-4c0a-9353-4795aab45a71 req-c63b22fa-a4ec-4c0a-9353-4795aab45a71 ] Request (ServersV294TestFqdnHostnames:setUpClass): 200 GET http://10.180.1.21/compute/v2.1/servers/5cfe9643-1add-4fd8-ab07-579312c4f025 0.053s
2025-11-19 05:57:22.479 66111 INFO tempest.lib.common.rest_client [req-f2649758-a1ce-4f56-a1f1-ac299108cd65 req-f2649758-a1ce-4f56-a1f1-ac299108cd65 ] Request (SecurityGroupsTestJSON:test_list_security_groups_by_server): 200 GET http://10.180.1.21/compute/v2.1/servers/8211e6b8-92a8-411c-9336-450ab923a630 0.050s
2025-11-19 05:57:22.723 66145 INFO tempest.lib.common.rest_client [req-32bbf574-9f28-4d54-b027-67831a4df9b0 req-32bbf574-9f28-4d54-b027-67831a4df9b0 ] Request (ListServerFiltersTestJSON:setUpClass): 200 GET http://10.180.1.21/compute/v2.1/servers/e4f344cb-bfe8-440a-ac0b-f80457929513 0.056s
2025-11-19 05:57:22.774 66121 WARNING tempest.lib.common.ssh [-] Failed to establish authenticated ssh connection to cirros@10.180.180.217 ([Errno None] Unable to connect to port 22 on 10.180.180.217). Number attempts: 9. Retry after 10 seconds.: paramiko.ssh_exception.NoValidConnectionsError: [Errno None] Unable to connect to port 22 on 10.180.180.217
2025-11-19 05:57:22.797 66127 INFO tempest.lib.common.rest_client [req-66737327-bdd6-4b63-b88a-77237787aa75 req-66737327-bdd6-4b63-b88a-77237787aa75 ] Request (ImagesOneServerNegativeTestJSON:_run_cleanups): 200 GET http://10.180.1.21/compute/v2.1/servers/1d63f76a-fa6f-47d9-8656-02a0d510b169 0.058s
2025-11-19 05:57:22.804 66127 INFO tempest.common.waiters [-] State transition "ACTIVE/deleting" ==> "DELETED/None" after 4 second wait
2025-11-19 05:57:22.824 66143 INFO tempest.lib.common.rest_client [req-96bc67a1-cdb7-4842-8cd8-dff6389c4c33 req-96bc67a1-cdb7-4842-8cd8-dff6389c4c33 ] Request (ServerDiskConfigTestJSON:test_resize_server_from_auto_to_manual): 200 GET http://10.180.1.21/compute/v2.1/servers/a2104721-aaf0-49c3-8619-1f5d9dd8c22b 0.099s
2025-11-19 05:57:22.850 66155 INFO tempest.lib.common.rest_client [req-7f1759fc-5e32-4f5b-a177-4eab30a078cd req-7f1759fc-5e32-4f5b-a177-4eab30a078cd ] Request (AttachVolumeTestJSON:test_attach_detach_volume): 200 GET http://10.180.1.21/compute/v2.1/servers/b55ac95c-1390-4193-8c22-9c4da403a59c 0.067s
