2025-11-19 05:56:52.161 66123 INFO tempest.lib.common.rest_client [req-15c98bb0-067d-4c1f-91a2-834de9e7d3cb req-15c98bb0-067d-4c1f-91a2-834de9e7d3cb ] Request (ServerActionsTestOtherA:test_rebuild_server_in_stop_state): 200 GET http://10.180.1.21/compute/v2.1/servers/343db5dc-b4c0-4b82-b992-7a774fe8c577 0.172s
2025-11-19 05:56:52.179 66155 INFO tempest.lib.common.rest_client [req-2e23d008-1482-4255-b6a6-b5e350818c0f req-2e23d008-1482-4255-b6a6-b5e350818c0f ] Request (ServerAddressesTestJSON:tearDownClass): 204 DELETE http://10.180.1.21/networking/v2.0/networks/273c9700-4a9b-40d0-a55f-36f3df2b03a3 0.262s
2025-11-19 05:56:52.227 66109 INFO tempest.lib.common.rest_client [req-4c1ba3ed-190e-4485-a177-36e504cf1dfb req-4c1ba3ed-190e-4485-a177-36e504cf1dfb ] Request (ServersTestFqdnHostnames:tearDownClass): 200 GET http://10.180.1.21/compute/v2.1/servers/6df68c07-5c80-42c7-8e52-80e85ba4e6d2 0.071s
2025-11-19 05:56:52.235 66153 INFO tempest.lib.common.rest_client [req-68048e73-3b8a-4129-ba99-f41214fcd604 req-68048e73-3b8a-4129-ba99-f41214fcd604 ] Request (ServersAdminNegativeTestJSON:test_migrate_server_invalid_state): 200 GET http://10.180.1.21/compute/v2.1/servers/0f02bdad-d799-4d06-99a3-7aacfb3aa003 0.121s
2025-11-19 05:56:52.290 66111 INFO tempest.lib.common.rest_client [req-98519a1d-d4a5-42b8-998b-0e942b8df9ee req-98519a1d-d4a5-42b8-998b-0e942b8df9ee ] Request (SecurityGroupsTestJSON:test_list_security_groups_by_server): 200 GET http://10.180.1.21/compute/v2.1/servers/8211e6b8-92a8-411c-9336-450ab923a630 0.122s
2025-11-19 05:56:52.296 66145 INFO tempest.lib.common.rest_client [req-69776b4c-4ba9-4396-92cb-a309ab5bd45c req-69776b4c-4ba9-4396-92cb-a309ab5bd45c ] Request (ListServerFiltersTestJSON:setUpClass): 200 GET http://10.180.1.21/compute/v2.1/servers/e4f344cb-bfe8-440a-ac0b-f80457929513 0.081s
2025-11-19 05:56:52.328 66155 INFO tempest.lib.common.rest_client [req-092c33f8-7705-4609-b64d-1880e376cd7a req-092c33f8-7705-4609-b64d-1880e376cd7a ] Request (ServerAddressesTestJSON:tearDownClass): 204 DELETE http://10.180.1.21/identity/v3/users/0c237e02861641d4af7615ad55da1119 0.148s
2025-11-19 05:56:52.328 66155 INFO tempest.lib.common.dynamic_creds [-] Deleting project and security group for project: fceea5f75c7e4d51bba0258b169199b3
2025-11-19 05:56:52.355 66113 INFO tempest.lib.common.rest_client [req-59c3584c-b5a8-46fc-bc4f-54ac9a7eda44 req-59c3584c-b5a8-46fc-bc4f-54ac9a7eda44 ] Request (ServerRescueNegativeTestJSON:setUpClass): 200 GET http://10.180.1.21/compute/v2.1/servers/e9e3901a-47fa-4246-bbe7-ca8105859f9b 0.075s
2025-11-19 05:56:52.364 66155 INFO tempest.lib.common.rest_client [req-63017b53-9e5f-4bb5-a59d-1a57f0e86f89 req-63017b53-9e5f-4bb5-a59d-1a57f0e86f89 ] Request (ServerAddressesTestJSON:tearDownClass): 200 GET http://10.180.1.21/networking/v2.0/security-groups?tenant_id=fceea5f75c7e4d51bba0258b169199b3&name=default 0.035s
2025-11-19 05:56:52.371 66119 INFO tempest.lib.common.rest_client [req-11864692-c3ef-4a00-aee8-4a69268f4215 req-11864692-c3ef-4a00-aee8-4a69268f4215 ] Request (ServersNegativeTestJSON:setUpClass): 200 GET http://10.180.1.21/compute/v2.1/servers/c74c9573-bcf0-4ed3-80f7-95a52f1179c5 0.140s
2025-11-19 05:56:52.409 66107 INFO tempest.lib.common.rest_client [req-9d925f77-334e-4946-a5b1-3391f698ce33 req-9d925f77-334e-4946-a5b1-3391f698ce33 ] Request (ServersAdminTestJSON:test_inject_network_info): 200 GET http://10.180.1.21/compute/v2.1/servers/693b0df7-4964-4d44-bf0d-84be3589fe03 0.114s
2025-11-19 05:56:52.427 66139 INFO tempest.lib.common.rest_client [req-ba268b1c-6ac2-41ee-b4a8-15f4a550f2de req-ba268b1c-6ac2-41ee-b4a8-15f4a550f2de ] Request (ServersWithSpecificFlavorTestJSON:test_verify_created_server_ephemeral_disk): 200 GET http://10.180.1.21/compute/v2.1/servers/4993d74f-0695-4455-944d-7bebce6c4c4f 0.086s
2025-11-19 05:56:52.462 66117 INFO tempest.lib.common.rest_client [req-214941a5-0016-424d-b387-0e1f5aabfce5 req-214941a5-0016-424d-b387-0e1f5aabfce5 ] Request (DeleteServersTestJSON:test_delete_server_while_in_shelved_state): 200 GET http://10.180.1.21/compute/v2.1/servers/ee9e7e0a-f323-44ec-a4cb-e34c86e69aae 0.109s
2025-11-19 05:56:52.464 66155 INFO tempest.lib.common.rest_client [req-c593d211-2d2e-4724-bfb0-bf53f237c36e req-c593d211-2d2e-4724-bfb0-bf53f237c36e ] Request (ServerAddressesTestJSON:tearDownClass): 204 DELETE http://10.180.1.21/networking/v2.0/security-groups/2b5f20e7-94a1-4514-adde-54a6960390c3 0.099s
2025-11-19 05:56:52.567 66147 INFO tempest.lib.common.rest_client [req-0ddfdaea-f2e0-4df5-a94e-af528024f976 req-0ddfdaea-f2e0-4df5-a94e-af528024f976 ] Request (ServerRescueTestJSON:tearDownClass): 200 GET http://10.180.1.21/compute/v2.1/servers/eff3ab4d-e521-4052-b21e-3b6e19b87422 0.084s
2025-11-19 05:56:52.592 66155 INFO tempest.lib.common.rest_client [req-340f8c83-489e-4c1b-a18c-e03c2e4dfe79 req-340f8c83-489e-4c1b-a18c-e03c2e4dfe79 ] Request (ServerAddressesTestJSON:tearDownClass): 204 DELETE http://10.180.1.21/identity/v3/projects/fceea5f75c7e4d51bba0258b169199b3 0.127s
2025-11-19 05:56:52.611 66163 INFO tempest.lib.common.rest_client [req-f9e768c0-aaaa-4319-a5c7-f5ebef64a644 req-f9e768c0-aaaa-4319-a5c7-f5ebef64a644 ] Request (ImagesTestJSON:test_create_image_from_suspended_server): 200 GET http://10.180.1.21/compute/v2.1/images/1bb4a5eb-49c9-4346-ba12-835a2265453a 0.055s
2025-11-19 05:56:52.685 66155 INFO tempest.lib.common.rest_client [req-dc725262-e9bb-42eb-a82e-6bc8fbdf5997 req-dc725262-e9bb-42eb-a82e-6bc8fbdf5997 ] Request (AttachVolumeTestJSON:setUpClass): 201 POST http://10.180.1.21/identity/v3/auth/tokens 0.091s
2025-11-19 05:56:52.702 66161 INFO tempest.lib.common.rest_client [req-33e5bdd9-b956-4996-bb0b-f87b8816dba0 req-33e5bdd9-b956-4996-bb0b-f87b8816dba0 ] Request (ServerGroupTestJSON:_run_cleanups): 200 GET http://10.180.1.21/compute/v2.1/servers/26aed783-bcde-4b9b-82eb-4ddf864bd962 0.127s
2025-11-19 05:56:52.715 66143 INFO tempest.lib.common.rest_client [req-bc0b16b4-170f-4d84-a84a-49adebf639bc req-bc0b16b4-170f-4d84-a84a-49adebf639bc ] Request (ServerDiskConfigTestJSON:test_resize_server_from_auto_to_manual): 200 GET http://10.180.1.21/compute/v2.1/servers/a2104721-aaf0-49c3-8619-1f5d9dd8c22b 0.201s
2025-11-19 05:56:52.732 66155 INFO tempest.lib.common.rest_client [req-0dcd39e1-2b85-4552-bc1e-0b9b947753c4 req-0dcd39e1-2b85-4552-bc1e-0b9b947753c4 ] Request (AttachVolumeTestJSON:setUpClass): 201 POST http://10.180.1.21/identity/v3/auth/tokens 0.043s
2025-11-19 05:56:52.746 66163 INFO tempest.lib.common.rest_client [req-43a5f5a7-a17e-4d2d-920d-1fb6a3cc3970 req-43a5f5a7-a17e-4d2d-920d-1fb6a3cc3970 ] Request (ImagesTestJSON:test_create_image_from_suspended_server): 200 GET http://10.180.1.21/compute/v2.1/images/1bb4a5eb-49c9-4346-ba12-835a2265453a 0.132s
2025-11-19 05:56:52.762 66155 INFO tempest.lib.common.rest_client [req-9cc9a929-71ba-468d-8d3b-1251ab38d7c2 req-9cc9a929-71ba-468d-8d3b-1251ab38d7c2 ] Request (AttachVolumeTestJSON:setUpClass): 200 GET http://10.180.1.21/identity/v3/domains?name=Default 0.029s
2025-11-19 05:56:52.777 66163 INFO tempest.lib.common.rest_client [req-6f237579-982f-47b9-a068-ade8798da87d req-6f237579-982f-47b9-a068-ade8798da87d ] Request (ImagesTestJSON:test_create_image_from_suspended_server): 200 GET http://10.180.1.21/image/v2/images/1bb4a5eb-49c9-4346-ba12-835a2265453a/tasks 0.027s
2025-11-19 05:56:52.791 66103 INFO tempest.lib.common.rest_client [req-f6bcb233-98b7-4103-b7fb-400d98786491 req-f6bcb233-98b7-4103-b7fb-400d98786491 ] Request (MultipleCreateTestJSON:test_multiple_create): 200 GET http://10.180.1.21/compute/v2.1/servers/59232f8e-1ed3-4452-8cd7-52ce7feadb2c 0.151s
2025-11-19 05:56:52.803 66155 INFO tempest.lib.common.rest_client [req-404e4084-9555-44fe-9c9c-2f66bb95f52b req-404e4084-9555-44fe-9c9c-2f66bb95f52b ] Request (AttachVolumeTestJSON:setUpClass): 201 POST http://10.180.1.21/identity/v3/projects 0.041s
2025-11-19 05:56:52.863 66151 INFO tempest.lib.common.rest_client [req-5b8269a2-7f40-4d7c-98ea-b9d0d5b02d81 req-5b8269a2-7f40-4d7c-98ea-b9d0d5b02d81 ] Request (AttachInterfacesV270Test:test_create_get_list_interfaces): 200 GET http://10.180.1.21/compute/v2.1/servers/71c87aec-d85e-4aad-bd4d-4203d22148a6 0.094s
2025-11-19 05:56:52.887 66155 INFO tempest.lib.common.rest_client [req-9d1b0a80-6e22-4c44-872b-71c71607dc20 req-9d1b0a80-6e22-4c44-872b-71c71607dc20 ] Request (AttachVolumeTestJSON:setUpClass): 201 POST http://10.180.1.21/identity/v3/users 0.083s
2025-11-19 05:56:52.903 66101 INFO tempest.lib.common.rest_client [req-5df310a9-87f2-486c-9cfb-b991bc42f1d8 req-5df310a9-87f2-486c-9cfb-b991bc42f1d8 ] Request (MigrationsAdminTest:test_resize_server_revert_deleted_flavor): 200 GET http://10.180.1.21/compute/v2.1/servers/1361a0fd-0837-4477-bfae-7a826d25ced8 0.136s
2025-11-19 05:56:52.917 66155 INFO tempest.lib.common.rest_client [req-6263e5c1-9d44-4f0a-bffb-c8f073fa8e6e req-6263e5c1-9d44-4f0a-bffb-c8f073fa8e6e ] Request (AttachVolumeTestJSON:setUpClass): 200 GET http://10.180.1.21/identity/v3/roles 0.029s
2025-11-19 05:56:52.946 66155 INFO tempest.lib.common.rest_client [req-b96fef9d-6537-4660-b361-8eb53ea146ec req-b96fef9d-6537-4660-b361-8eb53ea146ec ] Request (AttachVolumeTestJSON:setUpClass): 204 PUT http://10.180.1.21/identity/v3/projects/e5bfb80d1d0b4e47823b4d63a6e8cd65/users/978d03d0d5c14475bfd6af931e5e9361/roles/1db23a7157944ce184754ec8415cf505 0.028s
2025-11-19 05:56:52.946 66155 INFO tempest.lib.common.dynamic_creds [-] Dynamic test user 978d03d0d5c14475bfd6af931e5e9361 is created with scope project and roles: ['member']
2025-11-19 05:56:52.946 66155 INFO tempest.lib.common.dynamic_creds [-] Acquired dynamic creds: credentials: Credentials: {'domain_id': 'default', 'domain_name': 'Default', 'username': 'tempest-AttachVolumeTestJSON-1643705349-project-member', 'project_domain_id': 'default', 'project_domain_name': 'Default', 'project_id': 'e5bfb80d1d0b4e47823b4d63a6e8cd65', 'project_name': 'tempest-AttachVolumeTestJSON-1643705349', 'tenant_id': 'e5bfb80d1d0b4e47823b4d63a6e8cd65', 'tenant_name': 'tempest-AttachVolumeTestJSON-1643705349', 'user_domain_id': 'default', 'user_domain_name': 'Default', 'user_id': '978d03d0d5c14475bfd6af931e5e9361', 'system': None}, Network: None, Subnet: None, Router: None
2025-11-19 05:56:52.959 66125 INFO tempest.lib.common.rest_client [req-1a2d50c9-1748-4a66-ad73-c50f5e4365e1 req-1a2d50c9-1748-4a66-ad73-c50f5e4365e1 ] Request (ServerAddressesNegativeTestJSON:setUpClass): 200 GET http://10.180.1.21/compute/v2.1/servers/12884788-6c8f-47ff-ba06-76a359dcc713 0.129s
2025-11-19 05:56:52.976 66163 INFO tempest.lib.common.rest_client [req-6fff5440-9ccf-4bf6-ac36-519bbb6dd841 req-6fff5440-9ccf-4bf6-ac36-519bbb6dd841 ] Request (ImagesTestJSON:_run_cleanups): 204 DELETE http://10.180.1.21/compute/v2.1/images/1bb4a5eb-49c9-4346-ba12-835a2265453a 0.198s
2025-11-19 05:56:53.010 66155 INFO tempest.lib.common.rest_client [req-67d2931b-bc0a-4849-b31f-3f65304b955b req-67d2931b-bc0a-4849-b31f-3f65304b955b ] Request (AttachVolumeTestJSON:setUpClass): 201 POST http://10.180.1.21/identity/v3/auth/tokens 0.063s
2025-11-19 05:56:53.016 66131 INFO tempest.lib.common.rest_client [req-48e92f77-7a50-49c0-9bd8-b3e973d8f012 req-48e92f77-7a50-49c0-9bd8-b3e973d8f012 ] Request (ServerActionsV293TestJSON:setUpClass): 200 GET http://10.180.1.21/compute/v2.1/servers/662aabd5-bcd1-4587-b15a-ecad79044619 0.165s
2025-11-19 05:56:53.085 66163 INFO tempest.lib.common.rest_client [req-09e4ab18-1327-494e-a373-5d505b65e822 req-09e4ab18-1327-494e-a373-5d505b65e822 ] Request (ImagesTestJSON:_run_cleanups): 204 DELETE http://10.180.1.21/compute/v2.1/servers/35cf6914-da20-4f2f-93e3-9647b88bb8d8 0.109s
2025-11-19 05:56:53.147 66163 INFO tempest.lib.common.rest_client [req-527b11ec-711f-406e-9bc5-5d7e2f9467df req-527b11ec-711f-406e-9bc5-5d7e2f9467df ] Request (ImagesTestJSON:test_create_server_from_snapshot): 201 POST http://10.180.1.21/identity/v3/auth/tokens 0.057s
2025-11-19 05:56:53.147 66163 INFO tempest.lib.common.fixed_network [-] (ImagesTestJSON:test_create_server_from_snapshot) Found network {'id': 'bf0eb759-3829-4500-8889-1f4ceb5a3f81', 'name': 'tempest-ImagesTestJSON-215183851-network', 'tenant_id': '9fba619738294d75aa90b111c524a8ca', 'project_id': '9fba619738294d75aa90b111c524a8ca', 'admin_state_up': True, 'mtu': 8950, 'status': 'ACTIVE', 'subnets': [], 'shared': False, 'port_security_enabled': True, 'router:external': False, 'provider:network_type': 'vlan', 'provider:physical_network': 'default', 'provider:segmentation_id': 479, 'availability_zone_hints': [], 'availability_zones': [], 'ipv4_address_scope': None, 'ipv6_address_scope': None, 'description': '', 'tags': [], 'created_at': '2025-11-19T05:54:31Z', 'updated_at': '2025-11-19T05:54:31Z', 'revision_number': 1} available for tenant
2025-11-19 05:56:53.156 66159 WARNING tempest.lib.common.ssh [-] Failed to establish authenticated ssh connection to cirros@10.180.180.251 ([Errno None] Unable to connect to port 22 on 10.180.180.251). Number attempts: 2. Retry after 3 seconds.: paramiko.ssh_exception.NoValidConnectionsError: [Errno None] Unable to connect to port 22 on 10.180.180.251
2025-11-19 05:56:53.222 66127 INFO tempest.lib.common.rest_client [req-3247056d-48ad-463c-9751-23a48c43df3b req-3247056d-48ad-463c-9751-23a48c43df3b ] Request (ImagesOneServerNegativeTestJSON:setUpClass): 200 GET http://10.180.1.21/compute/v2.1/servers/1d63f76a-fa6f-47d9-8656-02a0d510b169 0.074s
2025-11-19 05:56:53.230 66127 INFO tempest.common.waiters [-] State transition "BUILD/None" ==> "BUILD/networking" after 54 second wait
2025-11-19 05:56:53.275 66155 INFO tempest.lib.common.rest_client [req-432bf702-26c0-409f-9520-a75ce9ee56bf req-432bf702-26c0-409f-9520-a75ce9ee56bf ] Request (AttachVolumeTestJSON:setUpClass): 201 POST http://10.180.1.21/networking/v2.0/networks 0.264s
2025-11-19 05:56:53.349 66115 WARNING tempest.lib.common.ssh [-] Failed to establish authenticated ssh connection to cirros@10.180.180.177 ([Errno None] Unable to connect to port 22 on 10.180.180.177). Number attempts: 5. Retry after 6 seconds.: paramiko.ssh_exception.NoValidConnectionsError: [Errno None] Unable to connect to port 22 on 10.180.180.177
2025-11-19 05:56:53.457 66123 INFO tempest.lib.common.rest_client [req-c61793e7-4208-4a80-af8e-c0a5e4214aca req-c61793e7-4208-4a80-af8e-c0a5e4214aca ] Request (ServerActionsTestOtherA:test_rebuild_server_in_stop_state): 200 GET http://10.180.1.21/compute/v2.1/servers/343db5dc-b4c0-4b82-b992-7a774fe8c577 0.286s
2025-11-19 05:56:53.469 66155 INFO tempest.lib.common.rest_client [req-7cd02b99-4f43-4d5f-bd86-1747446040c6 req-7cd02b99-4f43-4d5f-bd86-1747446040c6 ] Request (AttachVolumeTestJSON:setUpClass): 201 POST http://10.180.1.21/networking/v2.0/subnets 0.193s
2025-11-19 05:56:53.900 66109 INFO tempest.lib.common.rest_client [req-a7d9f19c-fb68-4847-93e6-b92f4e9b7533 req-a7d9f19c-fb68-4847-93e6-b92f4e9b7533 ] Request (ServersTestFqdnHostnames:tearDownClass): 200 GET http://10.180.1.21/compute/v2.1/servers/6df68c07-5c80-42c7-8e52-80e85ba4e6d2 0.664s
2025-11-19 05:56:54.249 66155 INFO tempest.lib.common.rest_client [req-f171d7a1-cbab-4107-800e-9c999b4c46e5 req-f171d7a1-cbab-4107-800e-9c999b4c46e5 ] Request (AttachVolumeTestJSON:setUpClass): 201 POST http://10.180.1.21/networking/v2.0/routers 0.780s
2025-11-19 05:56:54.385 66163 INFO tempest.lib.common.rest_client [req-60fa46a7-56e0-46af-8cf0-e4ee681de9df req-60fa46a7-56e0-46af-8cf0-e4ee681de9df ] Request (ImagesTestJSON:test_create_server_from_snapshot): 202 POST http://10.180.1.21/compute/v2.1/servers 1.237s
2025-11-19 05:56:55.633 66153 INFO tempest.lib.common.rest_client [req-1eb99401-c643-44c4-a293-c38af9af9b84 req-1eb99401-c643-44c4-a293-c38af9af9b84 ] Request (ServersAdminNegativeTestJSON:test_migrate_server_invalid_state): 200 GET http://10.180.1.21/compute/v2.1/servers/0f02bdad-d799-4d06-99a3-7aacfb3aa003 2.387s
2025-11-19 05:56:55.646 66111 INFO tempest.lib.common.rest_client [req-0b72b38b-c0f5-4fc4-9f56-4008b4922e12 req-0b72b38b-c0f5-4fc4-9f56-4008b4922e12 ] Request (SecurityGroupsTestJSON:test_list_security_groups_by_server): 200 GET http://10.180.1.21/compute/v2.1/servers/8211e6b8-92a8-411c-9336-450ab923a630 2.347s
2025-11-19 05:56:55.679 66155 INFO tempest.lib.common.rest_client [req-2f321560-61ab-4d27-b611-00f802a07cea req-2f321560-61ab-4d27-b611-00f802a07cea ] Request (AttachVolumeTestJSON:setUpClass): 200 PUT http://10.180.1.21/networking/v2.0/routers/6113929a-d62a-4b45-970c-5cfa8c1c627b/add_router_interface 1.429s
2025-11-19 05:56:55.679 66155 INFO tempest.lib.common.dynamic_creds [-] Created isolated network resources for: credentials: Credentials: {'domain_id': 'default', 'domain_name': 'Default', 'username': 'tempest-AttachVolumeTestJSON-1643705349-project-member', 'project_domain_id': 'default', 'project_domain_name': 'Default', 'project_id': 'e5bfb80d1d0b4e47823b4d63a6e8cd65', 'project_name': 'tempest-AttachVolumeTestJSON-1643705349', 'tenant_id': 'e5bfb80d1d0b4e47823b4d63a6e8cd65', 'tenant_name': 'tempest-AttachVolumeTestJSON-1643705349', 'user_domain_id': 'default', 'user_domain_name': 'Default', 'user_id': '978d03d0d5c14475bfd6af931e5e9361', 'system': None}, Network: {'id': '774ffd24-9c60-4163-8920-cb822766883c', 'name': 'tempest-AttachVolumeTestJSON-2022796073-network', 'tenant_id': 'e5bfb80d1d0b4e47823b4d63a6e8cd65', 'project_id': 'e5bfb80d1d0b4e47823b4d63a6e8cd65', 'admin_state_up': True, 'mtu': 8950, 'status': 'ACTIVE', 'subnets': [], 'shared': False, 'port_security_enabled': True, 'router:external': False, 'provider:network_type': 'vlan', 'provider:physical_network': 'default', 'provider:segmentation_id': 607, 'availability_zone_hints': [], 'availability_zones': [], 'ipv4_address_scope': None, 'ipv6_address_scope': None, 'description': '', 'tags': [], 'created_at': '2025-11-19T05:56:53Z', 'updated_at': '2025-11-19T05:56:53Z', 'revision_number': 1}, Subnet: {'id': '020879d8-a3f1-474b-b63c-a9e4a3a8328c', 'name': 'tempest-AttachVolumeTestJSON-2022796073-subnet', 'tenant_id': 'e5bfb80d1d0b4e47823b4d63a6e8cd65', 'network_id': '774ffd24-9c60-4163-8920-cb822766883c', 'ip_version': 4, 'subnetpool_id': None, 'enable_dhcp': True, 'ipv6_ra_mode': None, 'ipv6_address_mode': None, 'gateway_ip': '192.168.128.1', 'cidr': '192.168.128.0/28', 'allocation_pools': [{'start': '192.168.128.2', 'end': '192.168.128.14'}], 'host_routes': [], 'dns_nameservers': [], 'description': '', 'router:external': False, 'service_types': [], 'tags': [], 'created_at': '2025-11-19T05:56:53Z', 'updated_at': '2025-11-19T05:56:53Z', 'revision_number': 0, 'project_id': 'e5bfb80d1d0b4e47823b4d63a6e8cd65'}, Router: {'id': '6113929a-d62a-4b45-970c-5cfa8c1c627b', 'name': 'tempest-AttachVolumeTestJSON-2022796073-router', 'tenant_id': 'e5bfb80d1d0b4e47823b4d63a6e8cd65', 'admin_state_up': True, 'status': 'ACTIVE', 'external_gateway_info': {'network_id': 'aca3aa1a-3178-4d68-858e-bc073de4c71a', 'external_fixed_ips': [{'subnet_id': 'bfa2714f-25e5-4cd8-9f5a-6afb79dc64fd', 'ip_address': '10.180.180.230'}], 'enable_snat': True}, 'description': '', 'availability_zones': [], 'distributed': False, 'ha': False, 'availability_zone_hints': [], 'routes': [], 'flavor_id': None, 'tags': [], 'created_at': '2025-11-19T05:56:53Z', 'updated_at': '2025-11-19T05:56:53Z', 'revision_number': 2, 'project_id': 'e5bfb80d1d0b4e47823b4d63a6e8cd65'}
2025-11-19 05:56:55.702 66145 INFO tempest.lib.common.rest_client [req-d6bfd535-eff9-45eb-9037-1ae14b13aa1b req-d6bfd535-eff9-45eb-9037-1ae14b13aa1b ] Request (ListServerFiltersTestJSON:setUpClass): 200 GET http://10.180.1.21/compute/v2.1/servers/e4f344cb-bfe8-440a-ac0b-f80457929513 2.397s
2025-11-19 05:56:55.716 66113 INFO tempest.lib.common.rest_client [req-bbcd1d9f-2d3e-4fb7-a9f4-5ef4878388d8 req-bbcd1d9f-2d3e-4fb7-a9f4-5ef4878388d8 ] Request (ServerRescueNegativeTestJSON:setUpClass): 200 GET http://10.180.1.21/compute/v2.1/servers/e9e3901a-47fa-4246-bbe7-ca8105859f9b 2.352s
2025-11-19 05:56:55.767 66119 INFO tempest.lib.common.rest_client [req-f851dfc8-721a-4736-bf24-c9f6ed084f41 req-f851dfc8-721a-4736-bf24-c9f6ed084f41 ] Request (ServersNegativeTestJSON:setUpClass): 200 GET http://10.180.1.21/compute/v2.1/servers/c74c9573-bcf0-4ed3-80f7-95a52f1179c5 2.387s
2025-11-19 05:56:55.784 66107 INFO tempest.lib.common.rest_client [req-3b1a5b82-c8c0-4566-981f-ab97f9c2f472 req-3b1a5b82-c8c0-4566-981f-ab97f9c2f472 ] Request (ServersAdminTestJSON:test_inject_network_info): 200 GET http://10.180.1.21/compute/v2.1/servers/693b0df7-4964-4d44-bf0d-84be3589fe03 2.366s
2025-11-19 05:56:55.790 66155 INFO tempest.lib.common.rest_client [req-76318ea9-d9ef-4649-b8a9-1150da57fe7e req-76318ea9-d9ef-4649-b8a9-1150da57fe7e ] Request (AttachVolumeTestJSON:setUpClass): 201 POST http://10.180.1.21/identity/v3/auth/tokens 0.107s
2025-11-19 05:56:55.830 66139 INFO tempest.lib.common.rest_client [req-213aba0b-2c7f-4833-826c-748c67253b88 req-213aba0b-2c7f-4833-826c-748c67253b88 ] Request (ServersWithSpecificFlavorTestJSON:test_verify_created_server_ephemeral_disk): 200 GET http://10.180.1.21/compute/v2.1/servers/4993d74f-0695-4455-944d-7bebce6c4c4f 2.394s
2025-11-19 05:56:55.844 66133 WARNING tempest.lib.common.ssh [-] Failed to establish authenticated ssh connection to cirros@10.180.180.158 ([Errno None] Unable to connect to port 22 on 10.180.180.158). Number attempts: 8. Retry after 9 seconds.: paramiko.ssh_exception.NoValidConnectionsError: [Errno None] Unable to connect to port 22 on 10.180.180.158
2025-11-19 05:56:55.856 66117 INFO tempest.lib.common.rest_client [req-6d0c3cb2-fbaa-49cc-82a7-8cd5ce4dbbf0 req-6d0c3cb2-fbaa-49cc-82a7-8cd5ce4dbbf0 ] Request (DeleteServersTestJSON:test_delete_server_while_in_shelved_state): 200 GET http://10.180.1.21/compute/v2.1/servers/ee9e7e0a-f323-44ec-a4cb-e34c86e69aae 2.384s
2025-11-19 05:56:55.898 66147 INFO tempest.lib.common.rest_client [req-dfd517c6-7f88-4f0b-873e-35fe907af095 req-dfd517c6-7f88-4f0b-873e-35fe907af095 ] Request (ServerRescueTestJSON:tearDownClass): 200 GET http://10.180.1.21/compute/v2.1/servers/eff3ab4d-e521-4052-b21e-3b6e19b87422 2.323s
2025-11-19 05:56:55.925 66161 INFO tempest.lib.common.rest_client [req-e1f0a52c-f3b0-4173-b3aa-a48c56e7fd9d req-e1f0a52c-f3b0-4173-b3aa-a48c56e7fd9d ] Request (ServerGroupTestJSON:_run_cleanups): 200 GET http://10.180.1.21/compute/v2.1/servers/26aed783-bcde-4b9b-82eb-4ddf864bd962 2.214s
2025-11-19 05:56:55.999 66103 INFO tempest.lib.common.rest_client [req-eb70a8df-65e9-459e-bb56-f3e5c4abc43f req-eb70a8df-65e9-459e-bb56-f3e5c4abc43f ] Request (MultipleCreateTestJSON:test_multiple_create): 200 GET http://10.180.1.21/compute/v2.1/servers/59232f8e-1ed3-4452-8cd7-52ce7feadb2c 2.199s
2025-11-19 05:56:56.028 66143 INFO tempest.lib.common.rest_client [req-eeefa880-133c-4a32-93b0-c3f1bd540aff req-eeefa880-133c-4a32-93b0-c3f1bd540aff ] Request (ServerDiskConfigTestJSON:test_resize_server_from_auto_to_manual): 200 GET http://10.180.1.21/compute/v2.1/servers/a2104721-aaf0-49c3-8619-1f5d9dd8c22b 2.303s
2025-11-19 05:56:56.066 66151 INFO tempest.lib.common.rest_client [req-74b74c0f-937a-4334-94e4-8c4ea217711f req-74b74c0f-937a-4334-94e4-8c4ea217711f ] Request (AttachInterfacesV270Test:test_create_get_list_interfaces): 200 GET http://10.180.1.21/compute/v2.1/servers/71c87aec-d85e-4aad-bd4d-4203d22148a6 2.192s
2025-11-19 05:56:56.077 66151 INFO tempest.common.waiters [-] State transition "BUILD/None" ==> "BUILD/networking" after 56 second wait
2025-11-19 05:56:56.130 66125 INFO tempest.lib.common.rest_client [req-f88d7034-0e89-4ad1-938d-28ea4789cebf req-f88d7034-0e89-4ad1-938d-28ea4789cebf ] Request (ServerAddressesNegativeTestJSON:setUpClass): 200 GET http://10.180.1.21/compute/v2.1/servers/12884788-6c8f-47ff-ba06-76a359dcc713 2.164s
2025-11-19 05:56:56.169 66101 INFO tempest.lib.common.rest_client [req-6a5017e6-00a0-45b1-a728-6646bbe4aa27 req-6a5017e6-00a0-45b1-a728-6646bbe4aa27 ] Request (MigrationsAdminTest:test_resize_server_revert_deleted_flavor): 200 GET http://10.180.1.21/compute/v2.1/servers/1361a0fd-0837-4477-bfae-7a826d25ced8 2.256s
2025-11-19 05:56:56.182 66101 INFO tempest.common.waiters [-] State transition "RESIZE/resize_finish" ==> "VERIFY_RESIZE/None" after 51 second wait
2025-11-19 05:56:56.203 66131 INFO tempest.lib.common.rest_client [req-8cd25a6b-2955-4ef9-a6a7-a976ca359d9a req-8cd25a6b-2955-4ef9-a6a7-a976ca359d9a ] Request (ServerActionsV293TestJSON:setUpClass): 200 GET http://10.180.1.21/compute/v2.1/servers/662aabd5-bcd1-4587-b15a-ecad79044619 2.172s
2025-11-19 05:56:56.272 66163 INFO tempest.lib.common.rest_client [req-e713d914-f9c9-4d11-a275-9c5b5e73f7e5 req-e713d914-f9c9-4d11-a275-9c5b5e73f7e5 ] Request (ImagesTestJSON:test_create_server_from_snapshot): 200 GET http://10.180.1.21/compute/v2.1/servers/871927ce-5d68-4f20-911b-e42c19f4cde9 1.885s
2025-11-19 05:56:56.299 66127 INFO tempest.lib.common.rest_client [req-d75f8c45-58a2-446e-ae59-f855cec2e70e req-d75f8c45-58a2-446e-ae59-f855cec2e70e ] Request (ImagesOneServerNegativeTestJSON:setUpClass): 200 GET http://10.180.1.21/compute/v2.1/servers/1d63f76a-fa6f-47d9-8656-02a0d510b169 2.068s
2025-11-19 05:56:56.306 66127 INFO tempest.common.waiters [-] State transition "BUILD/networking" ==> "BUILD/spawning" after 57 second wait
2025-11-19 05:56:56.379 66123 INFO tempest.lib.common.rest_client [req-71e371b6-b0a9-450e-a88c-e739a9546359 req-71e371b6-b0a9-450e-a88c-e739a9546359 ] Request (ServerActionsTestOtherA:test_rebuild_server_in_stop_state): 200 GET http://10.180.1.21/compute/v2.1/servers/343db5dc-b4c0-4b82-b992-7a774fe8c577 1.914s
2025-11-19 05:56:56.386 66123 INFO tempest.common.waiters [-] State transition "BUILD/spawning" ==> "ACTIVE/None" after 70 second wait
2025-11-19 05:56:56.394 66109 INFO tempest.lib.common.rest_client [req-c00ed361-71cb-42d3-a129-b43e14fe3040 req-c00ed361-71cb-42d3-a129-b43e14fe3040 ] Request (ServersTestFqdnHostnames:tearDownClass): 200 GET http://10.180.1.21/compute/v2.1/servers/6df68c07-5c80-42c7-8e52-80e85ba4e6d2 1.480s
2025-11-19 05:56:56.509 66155 INFO tempest.lib.common.rest_client [req-22e278c3-fdaa-41a4-974e-3c485a8b5958 req-22e278c3-fdaa-41a4-974e-3c485a8b5958 ] Request (ValidationResourcesFixture:setUp): 200 POST http://10.180.1.21/compute/v2.1/os-keypairs 0.717s
2025-11-19 05:56:56.581 66101 INFO tempest.lib.common.rest_client [req-c69d48ba-973b-4268-bc6c-82da77487e9c req-c69d48ba-973b-4268-bc6c-82da77487e9c ] Request (MigrationsAdminTest:test_resize_server_revert_deleted_flavor): 202 POST http://10.180.1.21/compute/v2.1/servers/1361a0fd-0837-4477-bfae-7a826d25ced8/action 0.399s
2025-11-19 05:56:56.653 66155 INFO tempest.lib.common.rest_client [req-2d8a3840-b6b7-47ce-9a76-b2d3522f4c27 req-2d8a3840-b6b7-47ce-9a76-b2d3522f4c27 ] Request (ValidationResourcesFixture:setUp): 201 POST http://10.180.1.21/networking/v2.0/security-groups 0.142s
2025-11-19 05:56:56.850 66155 INFO tempest.lib.common.rest_client [req-34a10b4d-3877-4262-b0f6-6dffa3ac8011 req-34a10b4d-3877-4262-b0f6-6dffa3ac8011 ] Request (ValidationResourcesFixture:setUp): 201 POST http://10.180.1.21/networking/v2.0/security-group-rules 0.195s
2025-11-19 05:56:56.885 66123 INFO tempest.lib.common.rest_client [req-33b5a9bc-7f6b-43be-90f6-347c46a67801 req-33b5a9bc-7f6b-43be-90f6-347c46a67801 ] Request (ServerActionsTestOtherA:test_rebuild_server_in_stop_state): 200 GET http://10.180.1.21/compute/v2.1/servers/343db5dc-b4c0-4b82-b992-7a774fe8c577 0.499s
2025-11-19 05:56:56.926 66101 INFO tempest.lib.common.rest_client [req-989bfae5-1a61-414b-bff3-49234711fdfa req-989bfae5-1a61-414b-bff3-49234711fdfa ] Request (MigrationsAdminTest:test_resize_server_revert_deleted_flavor): 200 GET http://10.180.1.21/compute/v2.1/servers/1361a0fd-0837-4477-bfae-7a826d25ced8 0.344s
2025-11-19 05:56:57.000 66155 INFO tempest.lib.common.rest_client [req-56be85d8-4e5f-44d8-bf60-cabd6dfb48ae req-56be85d8-4e5f-44d8-bf60-cabd6dfb48ae ] Request (ValidationResourcesFixture:setUp): 201 POST http://10.180.1.21/networking/v2.0/security-group-rules 0.150s
2025-11-19 05:56:57.080 66111 INFO tempest.lib.common.rest_client [req-927b5d22-3bd0-4ccd-a1c7-be7297faf0fb req-927b5d22-3bd0-4ccd-a1c7-be7297faf0fb ] Request (SecurityGroupsTestJSON:test_list_security_groups_by_server): 200 GET http://10.180.1.21/compute/v2.1/servers/8211e6b8-92a8-411c-9336-450ab923a630 0.423s
2025-11-19 05:56:57.236 66121 WARNING tempest.lib.common.ssh [-] Failed to establish authenticated ssh connection to cirros@10.180.180.217 ([Errno None] Unable to connect to port 22 on 10.180.180.217). Number attempts: 6. Retry after 7 seconds.: paramiko.ssh_exception.NoValidConnectionsError: [Errno None] Unable to connect to port 22 on 10.180.180.217
2025-11-19 05:56:57.473 66155 INFO tempest.lib.common.rest_client [req-c9cb72ba-9dbf-4a2f-ba44-0e5cbcb8ece0 req-c9cb72ba-9dbf-4a2f-ba44-0e5cbcb8ece0 ] Request (ValidationResourcesFixture:setUp): 201 POST http://10.180.1.21/networking/v2.0/floatingips 0.472s
2025-11-19 05:56:57.510 66155 INFO tempest.lib.common.rest_client [req-ad3f6d8f-e84c-42f2-8d70-69217b60bc96 req-ad3f6d8f-e84c-42f2-8d70-69217b60bc96 ] Request (AttachVolumeTestJSON:test_attach_detach_volume): 201 POST http://10.180.1.21/identity/v3/auth/tokens 0.034s
2025-11-19 05:56:57.511 66155 INFO tempest.lib.common.fixed_network [-] (AttachVolumeTestJSON:test_attach_detach_volume) Found network {'id': '774ffd24-9c60-4163-8920-cb822766883c', 'name': 'tempest-AttachVolumeTestJSON-2022796073-network', 'tenant_id': 'e5bfb80d1d0b4e47823b4d63a6e8cd65', 'project_id': 'e5bfb80d1d0b4e47823b4d63a6e8cd65', 'admin_state_up': True, 'mtu': 8950, 'status': 'ACTIVE', 'subnets': [], 'shared': False, 'port_security_enabled': True, 'router:external': False, 'provider:network_type': 'vlan', 'provider:physical_network': 'default', 'provider:segmentation_id': 607, 'availability_zone_hints': [], 'availability_zones': [], 'ipv4_address_scope': None, 'ipv6_address_scope': None, 'description': '', 'tags': [], 'created_at': '2025-11-19T05:56:53Z', 'updated_at': '2025-11-19T05:56:53Z', 'revision_number': 1} available for tenant
2025-11-19 05:56:57.555 66153 INFO tempest.lib.common.rest_client [req-e998a5d2-bf60-4a8e-899c-308a1c4301ab req-e998a5d2-bf60-4a8e-899c-308a1c4301ab ] Request (ServersAdminNegativeTestJSON:test_migrate_server_invalid_state): 200 GET http://10.180.1.21/compute/v2.1/servers/0f02bdad-d799-4d06-99a3-7aacfb3aa003 0.912s
2025-11-19 05:56:57.564 66153 INFO tempest.common.waiters [-] State transition "BUILD/spawning" ==> "ACTIVE/None" after 58 second wait
2025-11-19 05:56:57.605 66145 INFO tempest.lib.common.rest_client [req-36d0deb8-056f-4ce3-b9d5-59479b45a128 req-36d0deb8-056f-4ce3-b9d5-59479b45a128 ] Request (ListServerFiltersTestJSON:setUpClass): 200 GET http://10.180.1.21/compute/v2.1/servers/e4f344cb-bfe8-440a-ac0b-f80457929513 0.895s
2025-11-19 05:56:57.696 66113 INFO tempest.lib.common.rest_client [req-85001318-72ae-4a92-b054-5612bd264faf req-85001318-72ae-4a92-b054-5612bd264faf ] Request (ServerRescueNegativeTestJSON:setUpClass): 200 GET http://10.180.1.21/compute/v2.1/servers/e9e3901a-47fa-4246-bbe7-ca8105859f9b 0.972s
2025-11-19 05:56:57.747 66119 INFO tempest.lib.common.rest_client [req-f8395dae-06c2-45d4-9e39-0b25c033c349 req-f8395dae-06c2-45d4-9e39-0b25c033c349 ] Request (ServersNegativeTestJSON:setUpClass): 200 GET http://10.180.1.21/compute/v2.1/servers/c74c9573-bcf0-4ed3-80f7-95a52f1179c5 0.970s
2025-11-19 05:56:57.763 66107 INFO tempest.lib.common.rest_client [req-c620b3f3-6cfe-4c58-9187-86b95075b09b req-c620b3f3-6cfe-4c58-9187-86b95075b09b ] Request (ServersAdminTestJSON:test_inject_network_info): 200 GET http://10.180.1.21/compute/v2.1/servers/693b0df7-4964-4d44-bf0d-84be3589fe03 0.967s
2025-11-19 05:56:57.804 66139 INFO tempest.lib.common.rest_client [req-912103d0-6646-41ee-b63b-85fb6d7ed3e1 req-912103d0-6646-41ee-b63b-85fb6d7ed3e1 ] Request (ServersWithSpecificFlavorTestJSON:test_verify_created_server_ephemeral_disk): 200 GET http://10.180.1.21/compute/v2.1/servers/4993d74f-0695-4455-944d-7bebce6c4c4f 0.960s
2025-11-19 05:56:57.816 66117 INFO tempest.lib.common.rest_client [req-9766325e-73ed-4599-bfba-51c09697d8bb req-9766325e-73ed-4599-bfba-51c09697d8bb ] Request (DeleteServersTestJSON:test_delete_server_while_in_shelved_state): 200 GET http://10.180.1.21/compute/v2.1/servers/ee9e7e0a-f323-44ec-a4cb-e34c86e69aae 0.948s
2025-11-19 05:56:57.891 66147 INFO tempest.lib.common.rest_client [req-149b387f-0fe0-456b-b97e-a75fded9fed6 req-149b387f-0fe0-456b-b97e-a75fded9fed6 ] Request (ServerRescueTestJSON:tearDownClass): 200 GET http://10.180.1.21/compute/v2.1/servers/eff3ab4d-e521-4052-b21e-3b6e19b87422 0.981s
2025-11-19 05:56:57.904 66123 INFO tempest.lib.common.rest_client [req-25628fb9-4155-4825-8186-c37e1a934856 req-25628fb9-4155-4825-8186-c37e1a934856 ] Request (ServerActionsTestOtherA:test_rebuild_server_in_stop_state): 202 POST http://10.180.1.21/compute/v2.1/servers/343db5dc-b4c0-4b82-b992-7a774fe8c577/action 1.012s
2025-11-19 05:56:57.949 66161 INFO tempest.lib.common.rest_client [req-9a0ce625-191f-4a66-b120-b42596184fc6 req-9a0ce625-191f-4a66-b120-b42596184fc6 ] Request (ServerGroupTestJSON:_run_cleanups): 200 GET http://10.180.1.21/compute/v2.1/servers/26aed783-bcde-4b9b-82eb-4ddf864bd962 1.015s
2025-11-19 05:56:57.966 66103 INFO tempest.lib.common.rest_client [req-0034e1b4-0e62-4227-9d5c-67e00b4b45f3 req-0034e1b4-0e62-4227-9d5c-67e00b4b45f3 ] Request (MultipleCreateTestJSON:test_multiple_create): 200 GET http://10.180.1.21/compute/v2.1/servers/59232f8e-1ed3-4452-8cd7-52ce7feadb2c 0.956s
2025-11-19 05:56:58.140 66143 INFO tempest.lib.common.rest_client [req-b7faab4d-517c-42a6-9381-d4107140456a req-b7faab4d-517c-42a6-9381-d4107140456a ] Request (ServerDiskConfigTestJSON:test_resize_server_from_auto_to_manual): 200 GET http://10.180.1.21/compute/v2.1/servers/a2104721-aaf0-49c3-8619-1f5d9dd8c22b 1.105s
2025-11-19 05:56:58.168 66151 INFO tempest.lib.common.rest_client [req-f0355797-178f-4d05-9060-d5742a6b144c req-f0355797-178f-4d05-9060-d5742a6b144c ] Request (AttachInterfacesV270Test:test_create_get_list_interfaces): 200 GET http://10.180.1.21/compute/v2.1/servers/71c87aec-d85e-4aad-bd4d-4203d22148a6 1.090s
2025-11-19 05:56:58.177 66151 INFO tempest.common.waiters [-] State transition "BUILD/networking" ==> "BUILD/spawning" after 58 second wait
2025-11-19 05:56:58.194 66125 INFO tempest.lib.common.rest_client [req-d1667755-222a-4c18-9bf1-4b33827af21f req-d1667755-222a-4c18-9bf1-4b33827af21f ] Request (ServerAddressesNegativeTestJSON:setUpClass): 200 GET http://10.180.1.21/compute/v2.1/servers/12884788-6c8f-47ff-ba06-76a359dcc713 1.056s
2025-11-19 05:56:58.228 66131 INFO tempest.lib.common.rest_client [req-17016341-233c-4363-87b3-680dc01cc547 req-17016341-233c-4363-87b3-680dc01cc547 ] Request (ServerActionsV293TestJSON:setUpClass): 200 GET http://10.180.1.21/compute/v2.1/servers/662aabd5-bcd1-4587-b15a-ecad79044619 1.011s
2025-11-19 05:56:58.243 66163 INFO tempest.lib.common.rest_client [req-5adcf34e-ef73-4977-9878-790aa3e0b336 req-5adcf34e-ef73-4977-9878-790aa3e0b336 ] Request (ImagesTestJSON:test_create_server_from_snapshot): 200 GET http://10.180.1.21/compute/v2.1/servers/871927ce-5d68-4f20-911b-e42c19f4cde9 0.963s
2025-11-19 05:56:58.300 66109 INFO tempest.lib.common.rest_client [req-14fcab98-4b85-4856-b252-f904f4726ef3 req-14fcab98-4b85-4856-b252-f904f4726ef3 ] Request (ServersTestFqdnHostnames:tearDownClass): 200 GET http://10.180.1.21/compute/v2.1/servers/6df68c07-5c80-42c7-8e52-80e85ba4e6d2 0.898s
2025-11-19 05:56:58.348 66127 INFO tempest.lib.common.rest_client [req-d8616e14-9d57-4af5-902e-a5239f1e81c3 req-d8616e14-9d57-4af5-902e-a5239f1e81c3 ] Request (ImagesOneServerNegativeTestJSON:setUpClass): 200 GET http://10.180.1.21/compute/v2.1/servers/1d63f76a-fa6f-47d9-8656-02a0d510b169 1.040s
2025-11-19 05:56:58.467 66153 INFO tempest.lib.common.rest_client [req-fb635948-c70f-46d3-b386-68b56c06c199 req-fb635948-c70f-46d3-b386-68b56c06c199 ] Request (ServersAdminNegativeTestJSON:test_migrate_server_invalid_state): 202 POST http://10.180.1.21/compute/v2.1/servers/0f02bdad-d799-4d06-99a3-7aacfb3aa003/action 0.903s
2025-11-19 05:56:58.622 66123 INFO tempest.lib.common.rest_client [req-fa66bb7c-61d4-4cc8-ab90-6e5f61b0862d req-fa66bb7c-61d4-4cc8-ab90-6e5f61b0862d ] Request (ServerActionsTestOtherA:test_rebuild_server_in_stop_state): 200 GET http://10.180.1.21/compute/v2.1/servers/343db5dc-b4c0-4b82-b992-7a774fe8c577 0.717s
2025-11-19 05:56:58.686 66155 INFO tempest.lib.common.rest_client [req-877be6b9-4759-4a4b-b372-a0e8dfd3b3b1 req-877be6b9-4759-4a4b-b372-a0e8dfd3b3b1 ] Request (AttachVolumeTestJSON:test_attach_detach_volume): 202 POST http://10.180.1.21/compute/v2.1/servers 1.174s
2025-11-19 05:56:58.747 66111 INFO tempest.lib.common.rest_client [req-e0111254-a731-4dd3-a7d8-87c6997410f2 req-e0111254-a731-4dd3-a7d8-87c6997410f2 ] Request (SecurityGroupsTestJSON:test_list_security_groups_by_server): 200 GET http://10.180.1.21/compute/v2.1/servers/8211e6b8-92a8-411c-9336-450ab923a630 0.658s
2025-11-19 05:56:58.761 66101 INFO tempest.lib.common.rest_client [req-ee9c32a7-3cb4-415f-8d5c-be33274021dd req-ee9c32a7-3cb4-415f-8d5c-be33274021dd ] Request (MigrationsAdminTest:test_resize_server_revert_deleted_flavor): 200 GET http://10.180.1.21/compute/v2.1/servers/1361a0fd-0837-4477-bfae-7a826d25ced8 0.826s
2025-11-19 05:56:58.849 66145 INFO tempest.lib.common.rest_client [req-bfcb6249-2b4a-4afc-a77d-ce296ae96bcf req-bfcb6249-2b4a-4afc-a77d-ce296ae96bcf ] Request (ListServerFiltersTestJSON:setUpClass): 200 GET http://10.180.1.21/compute/v2.1/servers/e4f344cb-bfe8-440a-ac0b-f80457929513 0.235s
2025-11-19 05:56:58.889 66155 INFO tempest.lib.common.rest_client [req-e74cdb79-2e38-4a88-8ac9-ba7853743478 req-e74cdb79-2e38-4a88-8ac9-ba7853743478 ] Request (AttachVolumeTestJSON:test_attach_detach_volume): 200 GET http://10.180.1.21/compute/v2.1/servers/b55ac95c-1390-4193-8c22-9c4da403a59c 0.201s
2025-11-19 05:56:58.902 66159 WARNING tempest.lib.common.ssh [-] Failed to establish authenticated ssh connection to cirros@10.180.180.251 ([Errno None] Unable to connect to port 22 on 10.180.180.251). Number attempts: 3. Retry after 4 seconds.: paramiko.ssh_exception.NoValidConnectionsError: [Errno None] Unable to connect to port 22 on 10.180.180.251
2025-11-19 05:56:58.946 66113 INFO tempest.lib.common.rest_client [req-10282524-95c8-40c4-acfe-d4631ab36e56 req-10282524-95c8-40c4-acfe-d4631ab36e56 ] Request (ServerRescueNegativeTestJSON:setUpClass): 200 GET http://10.180.1.21/compute/v2.1/servers/e9e3901a-47fa-4246-bbe7-ca8105859f9b 0.241s
2025-11-19 05:56:59.009 66119 INFO tempest.lib.common.rest_client [req-f5bb179c-402b-4fbc-ac2c-38c84b4d38a3 req-f5bb179c-402b-4fbc-ac2c-38c84b4d38a3 ] Request (ServersNegativeTestJSON:setUpClass): 200 GET http://10.180.1.21/compute/v2.1/servers/c74c9573-bcf0-4ed3-80f7-95a52f1179c5 0.254s
2025-11-19 05:56:59.012 66153 INFO tempest.lib.common.rest_client [req-de6d16b0-9b9c-4a41-8511-6a715baaa3b9 req-de6d16b0-9b9c-4a41-8511-6a715baaa3b9 ] Request (ServersAdminNegativeTestJSON:test_migrate_server_invalid_state): 200 GET http://10.180.1.21/compute/v2.1/servers/0f02bdad-d799-4d06-99a3-7aacfb3aa003 0.543s
2025-11-19 05:56:59.060 66107 INFO tempest.lib.common.rest_client [req-18d51a00-3c46-4ed4-a9a3-c34b82245b1f req-18d51a00-3c46-4ed4-a9a3-c34b82245b1f ] Request (ServersAdminTestJSON:test_inject_network_info): 200 GET http://10.180.1.21/compute/v2.1/servers/693b0df7-4964-4d44-bf0d-84be3589fe03 0.287s
2025-11-19 05:56:59.066 66139 INFO tempest.lib.common.rest_client [req-47fe0504-4618-434a-a5f0-062cad66d4b6 req-47fe0504-4618-434a-a5f0-062cad66d4b6 ] Request (ServersWithSpecificFlavorTestJSON:test_verify_created_server_ephemeral_disk): 200 GET http://10.180.1.21/compute/v2.1/servers/4993d74f-0695-4455-944d-7bebce6c4c4f 0.251s
2025-11-19 05:56:59.114 66117 INFO tempest.lib.common.rest_client [req-8577c821-ccfc-4c8a-8930-9c29c2be0941 req-8577c821-ccfc-4c8a-8930-9c29c2be0941 ] Request (DeleteServersTestJSON:test_delete_server_while_in_shelved_state): 200 GET http://10.180.1.21/compute/v2.1/servers/ee9e7e0a-f323-44ec-a4cb-e34c86e69aae 0.289s
2025-11-19 05:56:59.125 66147 INFO tempest.lib.common.rest_client [req-818d9e5b-f6ff-46eb-bb79-6a493a82cdcc req-818d9e5b-f6ff-46eb-bb79-6a493a82cdcc ] Request (ServerRescueTestJSON:tearDownClass): 200 GET http://10.180.1.21/compute/v2.1/servers/eff3ab4d-e521-4052-b21e-3b6e19b87422 0.224s
2025-11-19 05:56:59.134 66161 INFO tempest.lib.common.rest_client [req-fe74f599-3bf8-4fe1-a524-a9097932695e req-fe74f599-3bf8-4fe1-a524-a9097932695e ] Request (ServerGroupTestJSON:_run_cleanups): 404 GET http://10.180.1.21/compute/v2.1/servers/26aed783-bcde-4b9b-82eb-4ddf864bd962 0.177s
2025-11-19 05:56:59.161 66161 INFO tempest.lib.common.rest_client [req-c345ced1-8e39-4e52-a479-865c1f2aeb9c req-c345ced1-8e39-4e52-a479-865c1f2aeb9c ] Request (ServerGroupTestJSON:test_list_server_groups): 200 GET http://10.180.1.21/compute/v2.1/os-server-groups 0.026s
2025-11-19 05:56:59.184 66103 INFO tempest.lib.common.rest_client [req-be937fa4-eea5-4c90-9d84-5bf0dcd1b5f2 req-be937fa4-eea5-4c90-9d84-5bf0dcd1b5f2 ] Request (MultipleCreateTestJSON:test_multiple_create): 200 GET http://10.180.1.21/compute/v2.1/servers/59232f8e-1ed3-4452-8cd7-52ce7feadb2c 0.207s
2025-11-19 05:56:59.218 66161 INFO tempest.lib.common.rest_client [req-e214a1b8-553a-4e56-9e37-9b6a2879cc45 req-e214a1b8-553a-4e56-9e37-9b6a2879cc45 ] Request (ServerGroupTestJSON:test_show_server_group): 200 GET http://10.180.1.21/compute/v2.1/os-server-groups/f9a52f61-a367-4602-ac4e-7b5292872fe5 0.054s
2025-11-19 05:56:59.299 66105 WARNING tempest.lib.common.ssh [-] Failed to establish authenticated ssh connection to cirros@10.180.180.185 ([Errno None] Unable to connect to port 22 on 10.180.180.185). Number attempts: 4. Retry after 5 seconds.: paramiko.ssh_exception.NoValidConnectionsError: [Errno None] Unable to connect to port 22 on 10.180.180.185
2025-11-19 05:56:59.302 66143 INFO tempest.lib.common.rest_client [req-67079eb3-9cb5-4783-aa68-7ceb1bbec62e req-67079eb3-9cb5-4783-aa68-7ceb1bbec62e ] Request (ServerDiskConfigTestJSON:test_resize_server_from_auto_to_manual): 200 GET http://10.180.1.21/compute/v2.1/servers/a2104721-aaf0-49c3-8619-1f5d9dd8c22b 0.152s
2025-11-19 05:56:59.361 66151 INFO tempest.lib.common.rest_client [req-113a3f5f-6cc1-4202-b18c-40ea85620bef req-113a3f5f-6cc1-4202-b18c-40ea85620bef ] Request (AttachInterfacesV270Test:test_create_get_list_interfaces): 200 GET http://10.180.1.21/compute/v2.1/servers/71c87aec-d85e-4aad-bd4d-4203d22148a6 0.182s
2025-11-19 05:56:59.377 66125 INFO tempest.lib.common.rest_client [req-1dd0e055-ad35-41dc-b2fc-a878c920d133 req-1dd0e055-ad35-41dc-b2fc-a878c920d133 ] Request (ServerAddressesNegativeTestJSON:setUpClass): 200 GET http://10.180.1.21/compute/v2.1/servers/12884788-6c8f-47ff-ba06-76a359dcc713 0.174s
2025-11-19 05:56:59.379 66161 INFO tempest.lib.common.rest_client [req-5616b087-02f1-4516-8800-a033ca0cd06b req-5616b087-02f1-4516-8800-a033ca0cd06b ] Request (ServerGroupTestJSON:tearDownClass): 404 DELETE http://10.180.1.21/compute/v2.1/servers/26aed783-bcde-4b9b-82eb-4ddf864bd962 0.158s
2025-11-19 05:56:59.427 66163 INFO tempest.lib.common.rest_client [req-969d0862-5fb0-44bc-ac7e-7636fed83018 req-969d0862-5fb0-44bc-ac7e-7636fed83018 ] Request (ImagesTestJSON:test_create_server_from_snapshot): 200 GET http://10.180.1.21/compute/v2.1/servers/871927ce-5d68-4f20-911b-e42c19f4cde9 0.175s
2025-11-19 05:56:59.449 66131 INFO tempest.lib.common.rest_client [req-3d801cde-03c5-499d-8205-6b5c635d768e req-3d801cde-03c5-499d-8205-6b5c635d768e ] Request (ServerActionsV293TestJSON:setUpClass): 200 GET http://10.180.1.21/compute/v2.1/servers/662aabd5-bcd1-4587-b15a-ecad79044619 0.209s
2025-11-19 05:56:59.509 66109 INFO tempest.lib.common.rest_client [req-98e670e0-44c3-4a05-b933-f53f284f97cc req-98e670e0-44c3-4a05-b933-f53f284f97cc ] Request (ServersTestFqdnHostnames:tearDownClass): 200 GET http://10.180.1.21/compute/v2.1/servers/6df68c07-5c80-42c7-8e52-80e85ba4e6d2 0.198s
2025-11-19 05:56:59.530 66161 INFO tempest.lib.common.rest_client [req-6b587936-04cc-46a5-9a56-8a1c52273d52 req-6b587936-04cc-46a5-9a56-8a1c52273d52 ] Request (ServerGroupTestJSON:tearDownClass): 404 GET http://10.180.1.21/compute/v2.1/servers/26aed783-bcde-4b9b-82eb-4ddf864bd962 0.151s
2025-11-19 05:56:59.541 66161 INFO tempest.lib.common.rest_client [req-026687e5-7133-465b-b115-4cd3cf7e57d4 req-026687e5-7133-465b-b115-4cd3cf7e57d4 ] Request (ServerGroupTestJSON:tearDownClass): 404 DELETE http://10.180.1.21/compute/v2.1/os-server-groups/133fc367-f787-470e-a337-124eedf5f12b 0.011s
2025-11-19 05:56:59.552 66161 INFO tempest.lib.common.rest_client [req-3c1d7ead-e774-4a65-aa6d-5010a158b089 req-3c1d7ead-e774-4a65-aa6d-5010a158b089 ] Request (ServerGroupTestJSON:tearDownClass): 404 DELETE http://10.180.1.21/compute/v2.1/os-server-groups/6ea37371-00d5-4023-b84c-12bdfb6566cb 0.011s
2025-11-19 05:56:59.563 66161 INFO tempest.lib.common.rest_client [req-b9f879fb-d5d8-43a7-b8ee-39842076bd18 req-b9f879fb-d5d8-43a7-b8ee-39842076bd18 ] Request (ServerGroupTestJSON:tearDownClass): 404 DELETE http://10.180.1.21/compute/v2.1/os-server-groups/35506b58-4903-496b-8c00-422c1f962418 0.010s
2025-11-19 05:56:59.574 66161 INFO tempest.lib.common.rest_client [req-998e3b74-4f64-4c40-9496-f72ae0e5c5b5 req-998e3b74-4f64-4c40-9496-f72ae0e5c5b5 ] Request (ServerGroupTestJSON:tearDownClass): 404 DELETE http://10.180.1.21/compute/v2.1/os-server-groups/4561830c-889b-4333-80f4-cdca45a741fb 0.010s
2025-11-19 05:56:59.599 66161 INFO tempest.lib.common.rest_client [req-90314af9-7be4-438d-aff7-cdf5256c794e req-90314af9-7be4-438d-aff7-cdf5256c794e ] Request (ServerGroupTestJSON:tearDownClass): 204 DELETE http://10.180.1.21/compute/v2.1/os-server-groups/f9a52f61-a367-4602-ac4e-7b5292872fe5 0.024s
2025-11-19 05:56:59.628 66127 INFO tempest.lib.common.rest_client [req-b6b85bbe-8bb8-41e6-928e-96055c2f701d req-b6b85bbe-8bb8-41e6-928e-96055c2f701d ] Request (ImagesOneServerNegativeTestJSON:setUpClass): 200 GET http://10.180.1.21/compute/v2.1/servers/1d63f76a-fa6f-47d9-8656-02a0d510b169 0.272s
2025-11-19 05:56:59.748 66123 INFO tempest.lib.common.rest_client [req-4b6f5de9-976e-404b-9aea-22b88a6ea740 req-4b6f5de9-976e-404b-9aea-22b88a6ea740 ] Request (ServerActionsTestOtherA:test_rebuild_server_in_stop_state): 200 GET http://10.180.1.21/compute/v2.1/servers/343db5dc-b4c0-4b82-b992-7a774fe8c577 0.115s
2025-11-19 05:56:59.820 66111 INFO tempest.lib.common.rest_client [req-27ece2bd-1252-4418-b17a-e73b2e25dd37 req-27ece2bd-1252-4418-b17a-e73b2e25dd37 ] Request (SecurityGroupsTestJSON:test_list_security_groups_by_server): 200 GET http://10.180.1.21/compute/v2.1/servers/8211e6b8-92a8-411c-9336-450ab923a630 0.057s
2025-11-19 05:56:59.903 66101 INFO tempest.lib.common.rest_client [req-4ad64471-5b45-4bf1-b69f-4211b752f6b8 req-4ad64471-5b45-4bf1-b69f-4211b752f6b8 ] Request (MigrationsAdminTest:test_resize_server_revert_deleted_flavor): 200 GET http://10.180.1.21/compute/v2.1/servers/1361a0fd-0837-4477-bfae-7a826d25ced8 0.135s
2025-11-19 05:56:59.924 66145 INFO tempest.lib.common.rest_client [req-30f7e81f-8ab0-492a-b49c-2529141ccc34 req-30f7e81f-8ab0-492a-b49c-2529141ccc34 ] Request (ListServerFiltersTestJSON:setUpClass): 200 GET http://10.180.1.21/compute/v2.1/servers/e4f344cb-bfe8-440a-ac0b-f80457929513 0.062s
2025-11-19 05:56:59.964 66155 INFO tempest.lib.common.rest_client [req-e8461e4a-85e6-4f20-b1e9-f9c461fd02dd req-e8461e4a-85e6-4f20-b1e9-f9c461fd02dd ] Request (AttachVolumeTestJSON:test_attach_detach_volume): 200 GET http://10.180.1.21/compute/v2.1/servers/b55ac95c-1390-4193-8c22-9c4da403a59c 0.067s
2025-11-19 05:57:00.015 66113 INFO tempest.lib.common.rest_client [req-5be7e8d5-44f1-4c67-aed7-e76a38a4eee3 req-5be7e8d5-44f1-4c67-aed7-e76a38a4eee3 ] Request (ServerRescueNegativeTestJSON:setUpClass): 200 GET http://10.180.1.21/compute/v2.1/servers/e9e3901a-47fa-4246-bbe7-ca8105859f9b 0.058s
2025-11-19 05:57:00.087 66119 INFO tempest.lib.common.rest_client [req-1f27d75a-085e-492d-83d6-0cbf563b7279 req-1f27d75a-085e-492d-83d6-0cbf563b7279 ] Request (ServersNegativeTestJSON:setUpClass): 200 GET http://10.180.1.21/compute/v2.1/servers/c74c9573-bcf0-4ed3-80f7-95a52f1179c5 0.069s
2025-11-19 05:57:00.166 66107 INFO tempest.lib.common.rest_client [req-b27983d5-a9fd-4afb-881d-c854d4c6990d req-b27983d5-a9fd-4afb-881d-c854d4c6990d ] Request (ServersAdminTestJSON:test_inject_network_info): 200 GET http://10.180.1.21/compute/v2.1/servers/693b0df7-4964-4d44-bf0d-84be3589fe03 0.097s
2025-11-19 05:57:00.196 66153 INFO tempest.lib.common.rest_client [req-de3ceb70-c52b-4836-9140-db6fba74b6b8 req-de3ceb70-c52b-4836-9140-db6fba74b6b8 ] Request (ServersAdminNegativeTestJSON:test_migrate_server_invalid_state): 200 GET http://10.180.1.21/compute/v2.1/servers/0f02bdad-d799-4d06-99a3-7aacfb3aa003 0.174s
2025-11-19 05:57:00.217 66153 INFO tempest.common.waiters [-] State transition "ACTIVE/suspending" ==> "SUSPENDED/None" after 1 second wait
2025-11-19 05:57:00.252 66139 INFO tempest.lib.common.rest_client [req-a9a3cb19-932b-47da-b514-ab093479ac85 req-a9a3cb19-932b-47da-b514-ab093479ac85 ] Request (ServersWithSpecificFlavorTestJSON:test_verify_created_server_ephemeral_disk): 200 GET http://10.180.1.21/compute/v2.1/servers/4993d74f-0695-4455-944d-7bebce6c4c4f 0.178s
2025-11-19 05:57:00.313 66117 INFO tempest.lib.common.rest_client [req-01a5ca5a-eb17-41ad-9c1d-c0ef614881ab req-01a5ca5a-eb17-41ad-9c1d-c0ef614881ab ] Request (DeleteServersTestJSON:test_delete_server_while_in_shelved_state): 200 GET http://10.180.1.21/compute/v2.1/servers/ee9e7e0a-f323-44ec-a4cb-e34c86e69aae 0.191s
2025-11-19 05:57:00.357 66161 INFO tempest.lib.common.rest_client [req-7ce86e50-522b-4763-a864-6659b41cd97b req-7ce86e50-522b-4763-a864-6659b41cd97b ] Request (ServerGroupTestJSON:tearDownClass): 200 PUT http://10.180.1.21/networking/v2.0/routers/fde994a4-f5f4-42fe-a500-f7a7afab6d59/remove_router_interface 0.757s
