2025-11-19 05:54:52.964 66123 WARNING tempest.lib.common.ssh [-] Failed to establish authenticated ssh connection to cirros@10.180.180.247 ([Errno None] Unable to connect to port 22 on 10.180.180.247). Number attempts: 7. Retry after 8 seconds.: paramiko.ssh_exception.NoValidConnectionsError: [Errno None] Unable to connect to port 22 on 10.180.180.247
2025-11-19 05:54:52.983 66157 INFO tempest.lib.common.rest_client [req-bb30a5f7-105c-470a-9c6c-420e21bd2085 req-bb30a5f7-105c-470a-9c6c-420e21bd2085 ] Request (AbsoluteLimitsNegativeTestJSON:tearDownClass): 204 DELETE http://10.180.1.21/identity/v3/projects/93408be6d5e64dada7897cb37674253e 0.098s
2025-11-19 05:54:53.063 66157 INFO tempest.lib.common.rest_client [req-73359bfd-9a7b-41e6-9396-8c79542848fd req-73359bfd-9a7b-41e6-9396-8c79542848fd ] Request (ServerShowV254Test:setUpClass): 201 POST http://10.180.1.21/identity/v3/auth/tokens 0.076s
2025-11-19 05:54:53.103 66157 INFO tempest.lib.common.rest_client [req-0147fbbf-07b7-49d3-ad8d-d04bbe00d378 req-0147fbbf-07b7-49d3-ad8d-d04bbe00d378 ] Request (ServerShowV254Test:setUpClass): 201 POST http://10.180.1.21/identity/v3/auth/tokens 0.036s
2025-11-19 05:54:53.138 66157 INFO tempest.lib.common.rest_client [req-b9b190df-1b5f-4f81-88a0-d6d78689cdd0 req-b9b190df-1b5f-4f81-88a0-d6d78689cdd0 ] Request (ServerShowV254Test:setUpClass): 200 GET http://10.180.1.21/identity/v3/domains?name=Default 0.035s
2025-11-19 05:54:53.179 66157 INFO tempest.lib.common.rest_client [req-a0d79e3e-bcd1-4bc6-a097-7d11e9cb7394 req-a0d79e3e-bcd1-4bc6-a097-7d11e9cb7394 ] Request (ServerShowV254Test:setUpClass): 201 POST http://10.180.1.21/identity/v3/projects 0.040s
2025-11-19 05:54:53.243 66157 INFO tempest.lib.common.rest_client [req-db56a148-3f11-49a4-ad75-b407936486ad req-db56a148-3f11-49a4-ad75-b407936486ad ] Request (ServerShowV254Test:setUpClass): 201 POST http://10.180.1.21/identity/v3/users 0.064s
2025-11-19 05:54:53.264 66157 INFO tempest.lib.common.rest_client [req-be467f8b-1ed6-46c8-954f-4b5241707862 req-be467f8b-1ed6-46c8-954f-4b5241707862 ] Request (ServerShowV254Test:setUpClass): 200 GET http://10.180.1.21/identity/v3/roles 0.021s
2025-11-19 05:54:53.297 66157 INFO tempest.lib.common.rest_client [req-807fd76e-886f-4d77-8b1d-97ffbfcfbadf req-807fd76e-886f-4d77-8b1d-97ffbfcfbadf ] Request (ServerShowV254Test:setUpClass): 204 PUT http://10.180.1.21/identity/v3/projects/e54048989cd5455ea8807e88b50b8541/users/6bcb6af05f974350b62c1e0431a031d5/roles/1db23a7157944ce184754ec8415cf505 0.032s
2025-11-19 05:54:53.297 66157 INFO tempest.lib.common.dynamic_creds [-] Dynamic test user 6bcb6af05f974350b62c1e0431a031d5 is created with scope project and roles: ['member']
2025-11-19 05:54:53.298 66157 INFO tempest.lib.common.dynamic_creds [-] Acquired dynamic creds: credentials: Credentials: {'domain_id': 'default', 'domain_name': 'Default', 'username': 'tempest-ServerShowV254Test-961064317-project-member', 'project_domain_id': 'default', 'project_domain_name': 'Default', 'project_id': 'e54048989cd5455ea8807e88b50b8541', 'project_name': 'tempest-ServerShowV254Test-961064317', 'tenant_id': 'e54048989cd5455ea8807e88b50b8541', 'tenant_name': 'tempest-ServerShowV254Test-961064317', 'user_domain_id': 'default', 'user_domain_name': 'Default', 'user_id': '6bcb6af05f974350b62c1e0431a031d5', 'system': None}, Network: None, Subnet: None, Router: None
2025-11-19 05:54:53.298 66157 INFO tempest.lib.common.dynamic_creds [-] Created isolated network resources for: credentials: Credentials: {'domain_id': 'default', 'domain_name': 'Default', 'username': 'tempest-ServerShowV254Test-961064317-project-member', 'project_domain_id': 'default', 'project_domain_name': 'Default', 'project_id': 'e54048989cd5455ea8807e88b50b8541', 'project_name': 'tempest-ServerShowV254Test-961064317', 'tenant_id': 'e54048989cd5455ea8807e88b50b8541', 'tenant_name': 'tempest-ServerShowV254Test-961064317', 'user_domain_id': 'default', 'user_domain_name': 'Default', 'user_id': '6bcb6af05f974350b62c1e0431a031d5', 'system': None}, Network: None, Subnet: None, Router: None
2025-11-19 05:54:53.415 66157 INFO tempest.lib.common.rest_client [req-3ee7636d-77ca-4a28-98e8-8ba7e08ec02f req-3ee7636d-77ca-4a28-98e8-8ba7e08ec02f ] Request (ServerShowV254Test:setUpClass): 201 POST http://10.180.1.21/identity/v3/auth/tokens 0.115s
2025-11-19 05:54:53.454 66157 INFO tempest.lib.common.rest_client [req-29ca8f9a-e42c-43e7-a979-38767d6ad580 req-29ca8f9a-e42c-43e7-a979-38767d6ad580 ] Request (ServerShowV254Test:test_rebuild_server): 201 POST http://10.180.1.21/identity/v3/auth/tokens 0.035s
2025-11-19 05:54:53.455 66157 INFO tempest.lib.common.fixed_network [-] (ServerShowV254Test:test_rebuild_server) Found network None available for tenant
2025-11-19 05:54:53.577 66125 INFO tempest.lib.common.rest_client [req-a9dd3766-c63c-413e-830e-53466860a564 req-a9dd3766-c63c-413e-830e-53466860a564 ] Request (InstanceActionsTestJSON:setUpClass): 201 POST http://10.180.1.21/networking/v2.0/routers 1.497s
2025-11-19 05:54:53.804 66103 INFO tempest.lib.common.rest_client [req-f0d3aec6-8602-4732-89fd-a6aca0e3bb26 req-f0d3aec6-8602-4732-89fd-a6aca0e3bb26 ] Request (InstanceActionsNegativeTestJSON:setUpClass): 200 PUT http://10.180.1.21/networking/v2.0/routers/db045a09-84e8-4569-a14e-4aa6f301b9cd/add_router_interface 1.355s
2025-11-19 05:54:53.804 66103 INFO tempest.lib.common.dynamic_creds [-] Created isolated network resources for: credentials: Credentials: {'domain_id': 'default', 'domain_name': 'Default', 'username': 'tempest-InstanceActionsNegativeTestJSON-512862046-project-member', 'project_domain_id': 'default', 'project_domain_name': 'Default', 'project_id': '8e0d7a07e33c4c6c9309b7288cead215', 'project_name': 'tempest-InstanceActionsNegativeTestJSON-512862046', 'tenant_id': '8e0d7a07e33c4c6c9309b7288cead215', 'tenant_name': 'tempest-InstanceActionsNegativeTestJSON-512862046', 'user_domain_id': 'default', 'user_domain_name': 'Default', 'user_id': 'adb567647c4e4cad86691334f83ac205', 'system': None}, Network: {'id': 'b16c7278-7127-4f43-9401-2c10b1e6d58b', 'name': 'tempest-InstanceActionsNegativeTestJSON-840643439-network', 'tenant_id': '8e0d7a07e33c4c6c9309b7288cead215', 'project_id': '8e0d7a07e33c4c6c9309b7288cead215', 'admin_state_up': True, 'mtu': 8950, 'status': 'ACTIVE', 'subnets': [], 'shared': False, 'port_security_enabled': True, 'router:external': False, 'provider:network_type': 'vlan', 'provider:physical_network': 'default', 'provider:segmentation_id': 443, 'availability_zone_hints': [], 'availability_zones': [], 'ipv4_address_scope': None, 'ipv6_address_scope': None, 'description': '', 'tags': [], 'created_at': '2025-11-19T05:54:51Z', 'updated_at': '2025-11-19T05:54:51Z', 'revision_number': 1}, Subnet: {'id': '07443ba5-80ff-4d5e-a1df-e53b7e799a71', 'name': 'tempest-InstanceActionsNegativeTestJSON-840643439-subnet', 'tenant_id': '8e0d7a07e33c4c6c9309b7288cead215', 'network_id': 'b16c7278-7127-4f43-9401-2c10b1e6d58b', 'ip_version': 4, 'subnetpool_id': None, 'enable_dhcp': True, 'ipv6_ra_mode': None, 'ipv6_address_mode': None, 'gateway_ip': '192.168.128.1', 'cidr': '192.168.128.0/28', 'allocation_pools': [{'start': '192.168.128.2', 'end': '192.168.128.14'}], 'host_routes': [], 'dns_nameservers': [], 'description': '', 'router:external': False, 'service_types': [], 'tags': [], 'created_at': '2025-11-19T05:54:51Z', 'updated_at': '2025-11-19T05:54:51Z', 'revision_number': 0, 'project_id': '8e0d7a07e33c4c6c9309b7288cead215'}, Router: {'id': 'db045a09-84e8-4569-a14e-4aa6f301b9cd', 'name': 'tempest-InstanceActionsNegativeTestJSON-840643439-router', 'tenant_id': '8e0d7a07e33c4c6c9309b7288cead215', 'admin_state_up': True, 'status': 'ACTIVE', 'external_gateway_info': {'network_id': 'aca3aa1a-3178-4d68-858e-bc073de4c71a', 'external_fixed_ips': [{'subnet_id': 'bfa2714f-25e5-4cd8-9f5a-6afb79dc64fd', 'ip_address': '10.180.180.182'}], 'enable_snat': True}, 'description': '', 'availability_zones': [], 'distributed': False, 'ha': False, 'availability_zone_hints': [], 'routes': [], 'flavor_id': None, 'tags': [], 'created_at': '2025-11-19T05:54:51Z', 'updated_at': '2025-11-19T05:54:52Z', 'revision_number': 2, 'project_id': '8e0d7a07e33c4c6c9309b7288cead215'}
2025-11-19 05:54:53.814 66155 INFO tempest.lib.common.rest_client [req-af5c7500-b2f5-4522-8092-cf43097b3a6d req-af5c7500-b2f5-4522-8092-cf43097b3a6d ] Request (SecurityGroupRulesNegativeTestJSON:test_delete_security_group_rule_with_non_existent_id): 404 DELETE http://10.180.1.21/compute/v2.1/os-security-group-rules/1d55427c-bc04-4b11-8816-ea1d3068fd1d 6.898s
2025-11-19 05:54:53.912 66103 INFO tempest.lib.common.rest_client [req-f3b8c6a3-e20e-4785-a71b-930cd9bc7b71 req-f3b8c6a3-e20e-4785-a71b-930cd9bc7b71 ] Request (InstanceActionsNegativeTestJSON:setUpClass): 201 POST http://10.180.1.21/identity/v3/auth/tokens 0.104s
2025-11-19 05:54:53.946 66103 INFO tempest.lib.common.rest_client [req-28ba66e7-6518-48e3-be79-0837dc86f4fd req-28ba66e7-6518-48e3-be79-0837dc86f4fd ] Request (InstanceActionsNegativeTestJSON:setUpClass): 201 POST http://10.180.1.21/identity/v3/auth/tokens 0.030s
2025-11-19 05:54:53.947 66103 INFO tempest.lib.common.fixed_network [-] (InstanceActionsNegativeTestJSON:setUpClass) Found network {'id': 'b16c7278-7127-4f43-9401-2c10b1e6d58b', 'name': 'tempest-InstanceActionsNegativeTestJSON-840643439-network', 'tenant_id': '8e0d7a07e33c4c6c9309b7288cead215', 'project_id': '8e0d7a07e33c4c6c9309b7288cead215', 'admin_state_up': True, 'mtu': 8950, 'status': 'ACTIVE', 'subnets': [], 'shared': False, 'port_security_enabled': True, 'router:external': False, 'provider:network_type': 'vlan', 'provider:physical_network': 'default', 'provider:segmentation_id': 443, 'availability_zone_hints': [], 'availability_zones': [], 'ipv4_address_scope': None, 'ipv6_address_scope': None, 'description': '', 'tags': [], 'created_at': '2025-11-19T05:54:51Z', 'updated_at': '2025-11-19T05:54:51Z', 'revision_number': 1} available for tenant
2025-11-19 05:54:54.197 66109 INFO tempest.lib.common.rest_client [req-7b469c51-a4f2-4c7c-971e-9885695901a5 req-7b469c51-a4f2-4c7c-971e-9885695901a5 ] Request (SecurityGroupRulesTestJSON:tearDownClass): 204 DELETE http://10.180.1.21/networking/v2.0/routers/d21168b5-a051-4eae-bae8-428bae367769 1.373s
2025-11-19 05:54:54.225 66121 INFO tempest.lib.common.rest_client [req-63f9d5ce-274c-4f7b-92a6-69fe7ca93049 req-63f9d5ce-274c-4f7b-92a6-69fe7ca93049 ] Request (FloatingIPsAssociationNegativeTestJSON:tearDownClass): 200 GET http://10.180.1.21/compute/v2.1/servers/232a74e9-8bf5-4ee7-b7c5-347542735572 7.324s
2025-11-19 05:54:54.242 66127 INFO tempest.lib.common.rest_client [req-ed8bc40b-d4f4-4db9-9d16-60cd6e615625 req-ed8bc40b-d4f4-4db9-9d16-60cd6e615625 ] Request (FlavorsAdminTestJSON:test_is_public_string_variations): 200 GET http://10.180.1.21/compute/v2.1/flavors/detail?is_public=f 7.302s
2025-11-19 05:54:55.156 66125 INFO tempest.lib.common.rest_client [req-f6bb0225-b61e-41ef-b91a-941c9a64743e req-f6bb0225-b61e-41ef-b91a-941c9a64743e ] Request (InstanceActionsTestJSON:setUpClass): 200 PUT http://10.180.1.21/networking/v2.0/routers/689dcf38-5284-45fa-adf2-78c2ff1595ec/add_router_interface 1.578s
2025-11-19 05:54:55.156 66125 INFO tempest.lib.common.dynamic_creds [-] Created isolated network resources for: credentials: Credentials: {'domain_id': 'default', 'domain_name': 'Default', 'username': 'tempest-InstanceActionsTestJSON-346229597-project-member', 'project_domain_id': 'default', 'project_domain_name': 'Default', 'project_id': '6bda8f0d9438434f9c0d6d923848bc80', 'project_name': 'tempest-InstanceActionsTestJSON-346229597', 'tenant_id': '6bda8f0d9438434f9c0d6d923848bc80', 'tenant_name': 'tempest-InstanceActionsTestJSON-346229597', 'user_domain_id': 'default', 'user_domain_name': 'Default', 'user_id': 'ba70ceed2f18415989d1eb32978543c9', 'system': None}, Network: {'id': '8d976fca-365c-4de0-b6b0-32f053c8dbc9', 'name': 'tempest-InstanceActionsTestJSON-203013939-network', 'tenant_id': '6bda8f0d9438434f9c0d6d923848bc80', 'project_id': '6bda8f0d9438434f9c0d6d923848bc80', 'admin_state_up': True, 'mtu': 8950, 'status': 'ACTIVE', 'subnets': [], 'shared': False, 'port_security_enabled': True, 'router:external': False, 'provider:network_type': 'vlan', 'provider:physical_network': 'default', 'provider:segmentation_id': 153, 'availability_zone_hints': [], 'availability_zones': [], 'ipv4_address_scope': None, 'ipv6_address_scope': None, 'description': '', 'tags': [], 'created_at': '2025-11-19T05:54:51Z', 'updated_at': '2025-11-19T05:54:51Z', 'revision_number': 1}, Subnet: {'id': 'a1035d50-1511-4def-bafa-9b8f05e3366e', 'name': 'tempest-InstanceActionsTestJSON-203013939-subnet', 'tenant_id': '6bda8f0d9438434f9c0d6d923848bc80', 'network_id': '8d976fca-365c-4de0-b6b0-32f053c8dbc9', 'ip_version': 4, 'subnetpool_id': None, 'enable_dhcp': True, 'ipv6_ra_mode': None, 'ipv6_address_mode': None, 'gateway_ip': '192.168.128.1', 'cidr': '192.168.128.0/28', 'allocation_pools': [{'start': '192.168.128.2', 'end': '192.168.128.14'}], 'host_routes': [], 'dns_nameservers': [], 'description': '', 'router:external': False, 'service_types': [], 'tags': [], 'created_at': '2025-11-19T05:54:51Z', 'updated_at': '2025-11-19T05:54:51Z', 'revision_number': 0, 'project_id': '6bda8f0d9438434f9c0d6d923848bc80'}, Router: {'id': '689dcf38-5284-45fa-adf2-78c2ff1595ec', 'name': 'tempest-InstanceActionsTestJSON-203013939-router', 'tenant_id': '6bda8f0d9438434f9c0d6d923848bc80', 'admin_state_up': True, 'status': 'ACTIVE', 'external_gateway_info': {'network_id': 'aca3aa1a-3178-4d68-858e-bc073de4c71a', 'external_fixed_ips': [{'subnet_id': 'bfa2714f-25e5-4cd8-9f5a-6afb79dc64fd', 'ip_address': '10.180.180.210'}], 'enable_snat': True}, 'description': '', 'availability_zones': [], 'distributed': False, 'ha': False, 'availability_zone_hints': [], 'routes': [], 'flavor_id': None, 'tags': [], 'created_at': '2025-11-19T05:54:52Z', 'updated_at': '2025-11-19T05:54:53Z', 'revision_number': 2, 'project_id': '6bda8f0d9438434f9c0d6d923848bc80'}
2025-11-19 05:54:55.167 66111 INFO tempest.lib.common.rest_client [req-18b5b638-264c-4590-b0f9-197c42d71056 req-18b5b638-264c-4590-b0f9-197c42d71056 ] Request (ServersAdmin275Test:_run_cleanups): 200 GET http://10.180.1.21/compute/v2.1/servers/65a4d082-501c-40a3-b713-723076be9ee4 8.233s
2025-11-19 05:54:55.180 66111 INFO tempest.common.waiters [-] State transition "REBUILD/rebuild_spawning" ==> "ACTIVE/None" after 10 second wait
2025-11-19 05:54:55.246 66125 INFO tempest.lib.common.rest_client [req-e2d71a73-b96d-438d-b9e1-8ef7fa4e5b7b req-e2d71a73-b96d-438d-b9e1-8ef7fa4e5b7b ] Request (InstanceActionsTestJSON:setUpClass): 201 POST http://10.180.1.21/identity/v3/auth/tokens 0.084s
2025-11-19 05:54:55.259 66129 INFO tempest.lib.common.rest_client [req-8c2029c0-3970-4abb-bdd7-81f984ade9b7 req-8c2029c0-3970-4abb-bdd7-81f984ade9b7 ] Request (FloatingIPsTestJSON:_run_cleanups): 404 DELETE http://10.180.1.21/compute/v2.1/os-floating-ips/cc9b268a-2017-4494-9a84-c0530f7cf5ed 7.448s
2025-11-19 05:54:55.284 66109 INFO tempest.lib.common.rest_client [req-8bf212df-e300-481a-ba04-9a27d56d2878 req-8bf212df-e300-481a-ba04-9a27d56d2878 ] Request (SecurityGroupRulesTestJSON:tearDownClass): 204 DELETE http://10.180.1.21/networking/v2.0/subnets/4b075819-8c00-4147-b32a-7801cea84706 1.086s
2025-11-19 05:54:55.284 66137 INFO tempest.lib.common.rest_client [req-c0c51894-3507-4fa8-9e33-faf827630fb5 req-c0c51894-3507-4fa8-9e33-faf827630fb5 ] Request (VolumesNegativeTest:test_volume_delete_nonexistent_volume_id): 404 DELETE http://10.180.1.21/compute/v2.1/os-volumes/92711733-80ab-4565-9df4-d25625f5fd75 7.469s
2025-11-19 05:54:55.285 66125 INFO tempest.lib.common.rest_client [req-31168e04-e1a5-4e96-bee4-02e53a96480d req-31168e04-e1a5-4e96-bee4-02e53a96480d ] Request (InstanceActionsTestJSON:setUpClass): 201 POST http://10.180.1.21/identity/v3/auth/tokens 0.036s
2025-11-19 05:54:55.286 66125 INFO tempest.lib.common.fixed_network [-] (InstanceActionsTestJSON:setUpClass) Found network {'id': '8d976fca-365c-4de0-b6b0-32f053c8dbc9', 'name': 'tempest-InstanceActionsTestJSON-203013939-network', 'tenant_id': '6bda8f0d9438434f9c0d6d923848bc80', 'project_id': '6bda8f0d9438434f9c0d6d923848bc80', 'admin_state_up': True, 'mtu': 8950, 'status': 'ACTIVE', 'subnets': [], 'shared': False, 'port_security_enabled': True, 'router:external': False, 'provider:network_type': 'vlan', 'provider:physical_network': 'default', 'provider:segmentation_id': 153, 'availability_zone_hints': [], 'availability_zones': [], 'ipv4_address_scope': None, 'ipv6_address_scope': None, 'description': '', 'tags': [], 'created_at': '2025-11-19T05:54:51Z', 'updated_at': '2025-11-19T05:54:51Z', 'revision_number': 1} available for tenant
2025-11-19 05:54:55.308 66147 INFO tempest.lib.common.rest_client [req-3aed0ff5-7670-4720-9001-a66156f03607 req-3aed0ff5-7670-4720-9001-a66156f03607 ] Request (ServerRescueTestJSON:setUpClass): 200 GET http://10.180.1.21/compute/v2.1/servers/b6ee00f4-e8a5-4b76-bea7-73a5bee1ee71 7.561s
2025-11-19 05:54:55.320 66147 INFO tempest.common.waiters [-] State transition "BUILD/None" ==> "BUILD/spawning" after 20 second wait
2025-11-19 05:54:55.597 66145 INFO paramiko.transport [-] Connected (version 2.0, client dropbear_2020.81)
2025-11-19 05:54:55.613 66109 INFO tempest.lib.common.rest_client [req-35e4704b-e840-4576-91db-308ddccc4057 req-35e4704b-e840-4576-91db-308ddccc4057 ] Request (SecurityGroupRulesTestJSON:tearDownClass): 204 DELETE http://10.180.1.21/networking/v2.0/networks/a72fdba7-bb01-497b-958b-b76a7c135ab3 0.329s
2025-11-19 05:54:55.675 66115 INFO tempest.lib.common.rest_client [req-e9ed2209-d8a9-4160-adae-231ca2f24f31 req-e9ed2209-d8a9-4160-adae-231ca2f24f31 ] Request (ImagesNegativeTestJSON:test_create_image_from_deleted_server): 200 GET http://10.180.1.21/compute/v2.1/servers/4ee78f7b-e7f3-4db1-ab94-6dca6b24351a 7.835s
2025-11-19 05:54:55.683 66115 INFO tempest.common.waiters [-] State transition "ACTIVE/deleting" ==> "DELETED/None" after 9 second wait
2025-11-19 05:54:55.688 66117 INFO tempest.lib.common.rest_client [req-71e05fcf-5d44-45e5-989a-a93ba49eaa78 req-71e05fcf-5d44-45e5-989a-a93ba49eaa78 ] Request (DeleteServersTestJSON:test_delete_active_server): 200 GET http://10.180.1.21/compute/v2.1/servers/1c7a13e5-be49-4589-91ad-b2cbaa1759e5 7.778s
2025-11-19 05:54:55.692 66131 INFO tempest.lib.common.rest_client [req-dbd27d1b-b5e5-43ec-87ff-cb38d07f7e29 req-dbd27d1b-b5e5-43ec-87ff-cb38d07f7e29 ] Request (ServicesAdminNegativeV253TestJSON:test_disable_service_with_invalid_service_id): 404 PUT http://10.180.1.21/compute/v2.1/os-services/d341b452-a468-4958-ad7c-ee17c0b513ad 7.605s
2025-11-19 05:54:55.712 66145 INFO paramiko.transport [-] Authentication (publickey) successful!
2025-11-19 05:54:55.713 66145 INFO tempest.lib.common.ssh [-] ssh connection to cirros@10.180.180.165 successfully created
2025-11-19 05:54:55.723 66105 INFO tempest.lib.common.rest_client [req-7536b8f0-d5cf-40cc-bfcd-8e041ef95069 req-7536b8f0-d5cf-40cc-bfcd-8e041ef95069 ] Request (TenantUsagesTestJSON:test_get_usage_tenant_with_non_admin_user): 200 GET http://10.180.1.21/compute/v2.1/os-simple-tenant-usage/6505012f357144618300872c72d98416?start=2025-11-18T05%3A54%3A45.671203&end=2025-11-20T05%3A54%3A45.671203 7.511s
2025-11-19 05:54:55.726 66119 INFO tempest.lib.common.rest_client [req-dece7f4d-2681-4683-92d7-d82590ac6859 req-dece7f4d-2681-4683-92d7-d82590ac6859 ] Request (FloatingIPsNegativeTestJSON:test_delete_nonexistent_floating_ip): 404 DELETE http://10.180.1.21/compute/v2.1/os-floating-ips/86e1d1c7-e46c-4e7b-8102-d4c8236bb1bc 7.306s
2025-11-19 05:54:55.742 66133 INFO tempest.lib.common.rest_client [req-b6376224-4abd-42ea-96b9-e9f105299633 req-b6376224-4abd-42ea-96b9-e9f105299633 ] Request (ImagesMetadataNegativeTestJSON:test_set_nonexistent_image_metadata): 404 PUT http://10.180.1.21/compute/v2.1/images/fec4115b-9171-476d-8222-83785ab6c66d/metadata 7.307s
2025-11-19 05:54:55.766 66109 INFO tempest.lib.common.rest_client [req-2aa130bf-75de-4541-b19b-5e23ffd537ac req-2aa130bf-75de-4541-b19b-5e23ffd537ac ] Request (SecurityGroupRulesTestJSON:tearDownClass): 204 DELETE http://10.180.1.21/identity/v3/users/420e36a46c7f490d8cca3e40879be0a0 0.153s
2025-11-19 05:54:55.767 66109 INFO tempest.lib.common.dynamic_creds [-] Deleting project and security group for project: c7a1c0db2c2b4d67ac5f851ebfeec520
2025-11-19 05:54:55.817 66161 INFO tempest.lib.common.rest_client [req-4cbfc356-7e89-4f42-8fd4-d23cae279ab1 req-4cbfc356-7e89-4f42-8fd4-d23cae279ab1 ] Request (ServerGroupTestJSON:test_create_delete_multiple_server_groups_with_same_name_policy): 200 POST http://10.180.1.21/compute/v2.1/os-server-groups 7.279s
2025-11-19 05:54:56.043 66159 INFO tempest.lib.common.rest_client [req-3e4bc9e1-2983-44ee-9ec6-ce965e33e1a7 req-3e4bc9e1-2983-44ee-9ec6-ce965e33e1a7 ] Request (KeyPairsV2TestJSON:test_get_keypair_detail): 200 POST http://10.180.1.21/compute/v2.1/os-keypairs 7.031s
2025-11-19 05:54:56.078 66129 INFO tempest.lib.common.rest_client [req-4c24d84c-aafd-417c-a736-c9b3a40774a0 req-4c24d84c-aafd-417c-a736-c9b3a40774a0 ] Request (FloatingIPsTestJSON:tearDownClass): 200 PUT http://10.180.1.21/networking/v2.0/routers/88c81e9c-8030-4fe5-bcd3-ca23912be2ab/remove_router_interface 0.818s
2025-11-19 05:54:56.123 66109 INFO tempest.lib.common.rest_client [req-8766da4e-094f-47ab-896b-ca8fdb3ffeeb req-8766da4e-094f-47ab-896b-ca8fdb3ffeeb ] Request (SecurityGroupRulesTestJSON:tearDownClass): 200 GET http://10.180.1.21/networking/v2.0/security-groups?tenant_id=c7a1c0db2c2b4d67ac5f851ebfeec520&name=default 0.356s
2025-11-19 05:54:56.486 66119 INFO tempest.lib.common.rest_client [req-7198aba5-9968-49ca-80de-084db5d863e2 req-7198aba5-9968-49ca-80de-084db5d863e2 ] Request (FloatingIPsNegativeTestJSON:tearDownClass): 200 PUT http://10.180.1.21/networking/v2.0/routers/16b4f69e-1948-4063-8a1a-255dd8270831/remove_router_interface 0.753s
2025-11-19 05:54:56.524 66113 INFO tempest.lib.common.rest_client [req-1f3bdd15-54ca-43a1-b586-7a219c00d8f6 req-1f3bdd15-54ca-43a1-b586-7a219c00d8f6 ] Request (ServersTestMultiNic:test_verify_multiple_nics_order): 200 GET http://10.180.1.21/compute/v2.1/servers/9185c7ee-1076-49a2-820e-a76821672f81 7.398s
2025-11-19 05:54:56.608 66109 INFO tempest.lib.common.rest_client [req-bc19929f-3ca0-40f4-bb13-5e5b9a3ed2e8 req-bc19929f-3ca0-40f4-bb13-5e5b9a3ed2e8 ] Request (SecurityGroupRulesTestJSON:tearDownClass): 204 DELETE http://10.180.1.21/networking/v2.0/security-groups/6fbc8247-22d0-445e-8a39-de4ba7e24278 0.484s
2025-11-19 05:54:56.618 66129 INFO tempest.lib.common.rest_client [req-6f619285-62ae-48e1-b565-1cbde9c111af req-6f619285-62ae-48e1-b565-1cbde9c111af ] Request (FloatingIPsTestJSON:tearDownClass): 204 DELETE http://10.180.1.21/networking/v2.0/routers/88c81e9c-8030-4fe5-bcd3-ca23912be2ab 0.539s
2025-11-19 05:54:56.664 66143 INFO tempest.lib.common.rest_client [req-a525383a-d97f-4bf7-bcd5-574cbff4c630 req-a525383a-d97f-4bf7-bcd5-574cbff4c630 ] Request (ServerDiskConfigTestJSON:test_rebuild_server_with_manual_disk_config): 200 GET http://10.180.1.21/compute/v2.1/servers/885d9d6a-692b-4f1f-bda2-197691453f4f 8.129s
2025-11-19 05:54:56.675 66143 INFO tempest.common.waiters [-] State transition "BUILD/spawning" ==> "ACTIVE/None" after 27 second wait
2025-11-19 05:54:56.693 66149 INFO tempest.lib.common.rest_client [req-8b09eb58-b58d-413d-b14b-c6ca9e897092 req-8b09eb58-b58d-413d-b14b-c6ca9e897092 ] Request (ServersNegativeTestMultiTenantJSON:test_delete_a_server_of_another_tenant): 404 DELETE http://10.180.1.21/compute/v2.1/servers/b490f69b-cbc2-4d46-804c-1c0c804952ea 6.485s
2025-11-19 05:54:56.753 66109 INFO tempest.lib.common.rest_client [req-7e57f24c-64eb-4a9f-9427-23c1177e127f req-7e57f24c-64eb-4a9f-9427-23c1177e127f ] Request (SecurityGroupRulesTestJSON:tearDownClass): 204 DELETE http://10.180.1.21/identity/v3/projects/c7a1c0db2c2b4d67ac5f851ebfeec520 0.145s
2025-11-19 05:54:56.803 66101 INFO tempest.lib.common.rest_client [req-f89a12ba-0a86-4292-a17d-d93070626b28 req-f89a12ba-0a86-4292-a17d-d93070626b28 ] Request (MigrationsAdminTest:test_list_migrations_in_flavor_resize_situation): 200 POST http://10.180.1.21/compute/v2.1/os-keypairs 5.500s
2025-11-19 05:54:56.849 66109 INFO tempest.lib.common.rest_client [req-718bed20-284b-4b28-b467-b70b332ba42d req-718bed20-284b-4b28-b467-b70b332ba42d ] Request (ServersTestFqdnHostnames:setUpClass): 201 POST http://10.180.1.21/identity/v3/auth/tokens 0.094s
2025-11-19 05:54:56.894 66109 INFO tempest.lib.common.rest_client [req-783b448e-b73b-4e62-aa0c-599702d074db req-783b448e-b73b-4e62-aa0c-599702d074db ] Request (ServersTestFqdnHostnames:setUpClass): 201 POST http://10.180.1.21/identity/v3/auth/tokens 0.040s
2025-11-19 05:54:56.910 66129 INFO tempest.lib.common.rest_client [req-4c3b722f-6aba-4b6f-8f8b-56f03b22c9bd req-4c3b722f-6aba-4b6f-8f8b-56f03b22c9bd ] Request (FloatingIPsTestJSON:tearDownClass): 204 DELETE http://10.180.1.21/networking/v2.0/subnets/f2f08869-785e-414c-93ed-8664aef45f0d 0.290s
2025-11-19 05:54:56.922 66109 INFO tempest.lib.common.rest_client [req-0c2d8e54-fe29-4ba8-adaf-f668a31644bb req-0c2d8e54-fe29-4ba8-adaf-f668a31644bb ] Request (ServersTestFqdnHostnames:setUpClass): 200 GET http://10.180.1.21/identity/v3/domains?name=Default 0.028s
2025-11-19 05:54:56.954 66109 INFO tempest.lib.common.rest_client [req-e9624418-7a18-4a08-91fc-6a993f86931d req-e9624418-7a18-4a08-91fc-6a993f86931d ] Request (ServersTestFqdnHostnames:setUpClass): 201 POST http://10.180.1.21/identity/v3/projects 0.031s
2025-11-19 05:54:57.030 66109 INFO tempest.lib.common.rest_client [req-d83fadc7-5255-4cbb-adc3-c0879417f228 req-d83fadc7-5255-4cbb-adc3-c0879417f228 ] Request (ServersTestFqdnHostnames:setUpClass): 201 POST http://10.180.1.21/identity/v3/users 0.075s
2025-11-19 05:54:57.066 66109 INFO tempest.lib.common.rest_client [req-a665bff3-ab26-4f43-bf48-22658e2ce61f req-a665bff3-ab26-4f43-bf48-22658e2ce61f ] Request (ServersTestFqdnHostnames:setUpClass): 200 GET http://10.180.1.21/identity/v3/roles 0.034s
2025-11-19 05:54:57.109 66109 INFO tempest.lib.common.rest_client [req-366d489d-1902-45a4-b025-a2c4fa0e1f13 req-366d489d-1902-45a4-b025-a2c4fa0e1f13 ] Request (ServersTestFqdnHostnames:setUpClass): 204 PUT http://10.180.1.21/identity/v3/projects/e3926981801b44728cf707565174d62b/users/b76809d00a2c4010ba1bf0937908125f/roles/1db23a7157944ce184754ec8415cf505 0.042s
2025-11-19 05:54:57.109 66109 INFO tempest.lib.common.dynamic_creds [-] Dynamic test user b76809d00a2c4010ba1bf0937908125f is created with scope project and roles: ['member']
2025-11-19 05:54:57.110 66109 INFO tempest.lib.common.dynamic_creds [-] Acquired dynamic creds: credentials: Credentials: {'domain_id': 'default', 'domain_name': 'Default', 'username': 'tempest-ServersTestFqdnHostnames-505815451-project-member', 'project_domain_id': 'default', 'project_domain_name': 'Default', 'project_id': 'e3926981801b44728cf707565174d62b', 'project_name': 'tempest-ServersTestFqdnHostnames-505815451', 'tenant_id': 'e3926981801b44728cf707565174d62b', 'tenant_name': 'tempest-ServersTestFqdnHostnames-505815451', 'user_domain_id': 'default', 'user_domain_name': 'Default', 'user_id': 'b76809d00a2c4010ba1bf0937908125f', 'system': None}, Network: None, Subnet: None, Router: None
2025-11-19 05:54:57.120 66101 INFO tempest.lib.common.rest_client [req-0ec5efa9-b148-41f9-9637-7c0189def67b req-0ec5efa9-b148-41f9-9637-7c0189def67b ] Request (MigrationsAdminTest:test_list_migrations_in_flavor_resize_situation): 201 POST http://10.180.1.21/networking/v2.0/security-groups 0.315s
2025-11-19 05:54:57.149 66141 INFO tempest.lib.common.rest_client [req-0ac6a5bb-ffa9-4d3c-af09-128250a5f697 req-0ac6a5bb-ffa9-4d3c-af09-128250a5f697 ] Request (QuotasAdminTestV257:test_get_updated_quotas): 200 PUT http://10.180.1.21/compute/v2.1/os-quota-sets/ff1a5d4e89e64b4982c1ba14c02e8b61 5.398s
2025-11-19 05:54:57.188 66119 INFO tempest.lib.common.rest_client [req-55f3f63c-b929-4354-9148-8a6c74bce6c6 req-55f3f63c-b929-4354-9148-8a6c74bce6c6 ] Request (FloatingIPsNegativeTestJSON:tearDownClass): 204 DELETE http://10.180.1.21/networking/v2.0/routers/16b4f69e-1948-4063-8a1a-255dd8270831 0.702s
2025-11-19 05:54:57.213 66109 INFO tempest.lib.common.rest_client [req-6b284cf7-48f0-4c25-a1d1-b0aef16306c1 req-6b284cf7-48f0-4c25-a1d1-b0aef16306c1 ] Request (ServersTestFqdnHostnames:setUpClass): 201 POST http://10.180.1.21/identity/v3/auth/tokens 0.103s
2025-11-19 05:54:57.321 66129 INFO tempest.lib.common.rest_client [req-08678ea5-4705-4c3c-86d5-d3443b79cf2c req-08678ea5-4705-4c3c-86d5-d3443b79cf2c ] Request (FloatingIPsTestJSON:tearDownClass): 204 DELETE http://10.180.1.21/networking/v2.0/networks/a7b364b2-2298-4464-99e9-6a13652cfba1 0.411s
2025-11-19 05:54:57.337 66101 INFO tempest.lib.common.rest_client [req-9d15d162-08d2-4369-adc4-197403ced68f req-9d15d162-08d2-4369-adc4-197403ced68f ] Request (MigrationsAdminTest:test_list_migrations_in_flavor_resize_situation): 201 POST http://10.180.1.21/networking/v2.0/security-group-rules 0.210s
2025-11-19 05:54:57.487 66119 INFO tempest.lib.common.rest_client [req-ef1a75dc-c1c7-42ec-adc3-3f14c794385c req-ef1a75dc-c1c7-42ec-adc3-3f14c794385c ] Request (FloatingIPsNegativeTestJSON:tearDownClass): 204 DELETE http://10.180.1.21/networking/v2.0/subnets/58efec5a-3e82-4a80-bbca-12d1f8e837cf 0.298s
2025-11-19 05:54:57.497 66129 INFO tempest.lib.common.rest_client [req-f221039e-fcae-411b-b3e5-5a77f781aa6e req-f221039e-fcae-411b-b3e5-5a77f781aa6e ] Request (FloatingIPsTestJSON:tearDownClass): 204 DELETE http://10.180.1.21/identity/v3/users/4a60705dd37d49e485778442f519b10a 0.175s
2025-11-19 05:54:57.497 66129 INFO tempest.lib.common.dynamic_creds [-] Deleting project and security group for project: 0cc8547c10ee41fba42bda1467efab4f
2025-11-19 05:54:57.660 66109 INFO tempest.lib.common.rest_client [req-15d0192c-503e-4d23-b027-b38bbb0eb02c req-15d0192c-503e-4d23-b027-b38bbb0eb02c ] Request (ServersTestFqdnHostnames:setUpClass): 201 POST http://10.180.1.21/networking/v2.0/networks 0.447s
2025-11-19 05:54:57.689 66101 INFO tempest.lib.common.rest_client [req-c05fbef9-1b23-43c1-9e2b-72e783cbe3d7 req-c05fbef9-1b23-43c1-9e2b-72e783cbe3d7 ] Request (MigrationsAdminTest:test_list_migrations_in_flavor_resize_situation): 201 POST http://10.180.1.21/networking/v2.0/security-group-rules 0.352s
2025-11-19 05:54:57.695 66163 INFO tempest.lib.common.rest_client [req-3de117d7-5a87-4499-bf03-dbcc1bd4c9a9 req-3de117d7-5a87-4499-bf03-dbcc1bd4c9a9 ] Request (ImagesTestJSON:test_create_image_from_stopped_server): 200 GET http://10.180.1.21/compute/v2.1/servers/114b264b-7e69-419f-b0dd-e22842ed5e1a 5.027s
2025-11-19 05:54:57.702 66163 INFO tempest.common.waiters [-] State transition "BUILD/networking" ==> "BUILD/spawning" after 12 second wait
2025-11-19 05:54:57.721 66129 INFO tempest.lib.common.rest_client [req-c3f333a8-ea7c-494c-b32b-45efd667323e req-c3f333a8-ea7c-494c-b32b-45efd667323e ] Request (FloatingIPsTestJSON:tearDownClass): 200 GET http://10.180.1.21/networking/v2.0/security-groups?tenant_id=0cc8547c10ee41fba42bda1467efab4f&name=default 0.223s
2025-11-19 05:54:57.723 66151 INFO tempest.lib.common.rest_client [req-d7f2ac8e-2486-4ed8-b233-fa1fc521eb00 req-d7f2ac8e-2486-4ed8-b233-fa1fc521eb00 ] Request (AggregatesAdminNegativeTestJSON:test_aggregate_remove_host_as_user): 200 POST http://10.180.1.21/compute/v2.1/os-aggregates 4.933s
2025-11-19 05:54:57.805 66119 INFO tempest.lib.common.rest_client [req-8ed34a2e-ec6d-4cad-a4d1-b137fbfef324 req-8ed34a2e-ec6d-4cad-a4d1-b137fbfef324 ] Request (FloatingIPsNegativeTestJSON:tearDownClass): 204 DELETE http://10.180.1.21/networking/v2.0/networks/61526d26-68b8-42b9-80c2-06b052501aee 0.317s
2025-11-19 05:54:57.946 66119 INFO tempest.lib.common.rest_client [req-961200f9-5931-46fd-bd0c-963f3aa94f83 req-961200f9-5931-46fd-bd0c-963f3aa94f83 ] Request (FloatingIPsNegativeTestJSON:tearDownClass): 204 DELETE http://10.180.1.21/identity/v3/users/fcf1dd6363df48d0b2fb494a021898f8 0.141s
2025-11-19 05:54:57.947 66119 INFO tempest.lib.common.dynamic_creds [-] Deleting project and security group for project: a58112dde5904a86b30411c7dcb17689
2025-11-19 05:54:57.970 66109 INFO tempest.lib.common.rest_client [req-6e7fa0a7-06ad-4af2-b5db-a93593ef5ab2 req-6e7fa0a7-06ad-4af2-b5db-a93593ef5ab2 ] Request (ServersTestFqdnHostnames:setUpClass): 201 POST http://10.180.1.21/networking/v2.0/subnets 0.309s
2025-11-19 05:54:58.014 66157 INFO tempest.lib.common.rest_client [req-4a8e32c6-a3a3-4a17-b13a-4906903b5ddf req-4a8e32c6-a3a3-4a17-b13a-4906903b5ddf ] Request (ServerShowV254Test:test_rebuild_server): 202 POST http://10.180.1.21/compute/v2.1/servers 4.558s
2025-11-19 05:54:58.040 66153 INFO tempest.lib.common.rest_client [req-bcdf848a-14f6-43d3-99d7-d449ef10e948 req-bcdf848a-14f6-43d3-99d7-d449ef10e948 ] Request (DeleteServersAdminTestJSON:test_delete_server_while_in_error_state): 404 GET http://10.180.1.21/compute/v2.1/servers/426393cf-37d5-4436-b79a-8268ae064bb3 4.244s
2025-11-19 05:54:58.067 66129 INFO tempest.lib.common.rest_client [req-19961920-9f20-42bd-b9dc-990498f75db4 req-19961920-9f20-42bd-b9dc-990498f75db4 ] Request (FloatingIPsTestJSON:tearDownClass): 204 DELETE http://10.180.1.21/networking/v2.0/security-groups/ef28555a-09b8-4370-9eab-68e90c9c379b 0.346s
2025-11-19 05:54:58.221 66129 INFO tempest.lib.common.rest_client [req-f5c3d880-d711-4731-ab8d-927b2cd818ff req-f5c3d880-d711-4731-ab8d-927b2cd818ff ] Request (FloatingIPsTestJSON:tearDownClass): 204 DELETE http://10.180.1.21/identity/v3/projects/0cc8547c10ee41fba42bda1467efab4f 0.154s
2025-11-19 05:54:58.237 66119 INFO tempest.lib.common.rest_client [req-4311632e-b0d4-4198-918d-f121e7c08eaf req-4311632e-b0d4-4198-918d-f121e7c08eaf ] Request (FloatingIPsNegativeTestJSON:tearDownClass): 200 GET http://10.180.1.21/networking/v2.0/security-groups?tenant_id=a58112dde5904a86b30411c7dcb17689&name=default 0.290s
2025-11-19 05:54:58.285 66107 INFO tempest.lib.common.rest_client [req-b1bf78cc-9dc8-4b93-b60f-b16262eeef07 req-b1bf78cc-9dc8-4b93-b60f-b16262eeef07 ] Request (ServersAdminTestJSON:setUpClass): 202 POST http://10.180.1.21/compute/v2.1/servers 8.074s
2025-11-19 05:54:58.297 66129 INFO tempest.lib.common.rest_client [req-7ff94aba-cffd-40f2-9283-b3aac14aa553 req-7ff94aba-cffd-40f2-9283-b3aac14aa553 ] Request (FloatingIPDetailsNegativeTestJSON:setUpClass): 201 POST http://10.180.1.21/identity/v3/auth/tokens 0.073s
2025-11-19 05:54:58.320 66101 INFO tempest.lib.common.rest_client [req-36ec83af-1e88-4d95-b095-231b964d9beb req-36ec83af-1e88-4d95-b095-231b964d9beb ] Request (MigrationsAdminTest:test_list_migrations_in_flavor_resize_situation): 201 POST http://10.180.1.21/networking/v2.0/floatingips 0.630s
2025-11-19 05:54:58.350 66129 INFO tempest.lib.common.rest_client [req-c492f98e-5e20-41fb-bbe5-d872d5616db4 req-c492f98e-5e20-41fb-bbe5-d872d5616db4 ] Request (FloatingIPDetailsNegativeTestJSON:setUpClass): 201 POST http://10.180.1.21/identity/v3/auth/tokens 0.050s
2025-11-19 05:54:58.360 66135 INFO tempest.lib.common.rest_client [req-bcfd41f6-7bb2-45df-ba9c-1351c0905ea7 req-bcfd41f6-7bb2-45df-ba9c-1351c0905ea7 ] Request (ServerMetadataTestJSON:setUpClass): 200 GET http://10.180.1.21/compute/v2.1/servers/ab7be103-cf63-4bb2-a234-09efd3a4d658 4.544s
2025-11-19 05:54:58.389 66107 INFO tempest.lib.common.rest_client [req-6674d5ce-4b0d-4da1-996c-b518e6b5d10c req-6674d5ce-4b0d-4da1-996c-b518e6b5d10c ] Request (ServersAdminTestJSON:setUpClass): 201 POST http://10.180.1.21/identity/v3/auth/tokens 0.099s
2025-11-19 05:54:58.390 66107 INFO tempest.lib.common.fixed_network [-] (ServersAdminTestJSON:setUpClass) Found network {'id': 'ce6af9f5-fc89-4994-83ae-24c39b6fc3d2', 'name': 'tempest-ServersAdminTestJSON-330821650-network', 'tenant_id': 'd9e47b14d2b5488da44900ac7c8a82d4', 'project_id': 'd9e47b14d2b5488da44900ac7c8a82d4', 'admin_state_up': True, 'mtu': 8950, 'status': 'ACTIVE', 'subnets': [], 'shared': False, 'port_security_enabled': True, 'router:external': False, 'provider:network_type': 'vlan', 'provider:physical_network': 'default', 'provider:segmentation_id': 230, 'availability_zone_hints': [], 'availability_zones': [], 'ipv4_address_scope': None, 'ipv6_address_scope': None, 'description': '', 'tags': [], 'created_at': '2025-11-19T05:54:44Z', 'updated_at': '2025-11-19T05:54:44Z', 'revision_number': 1} available for tenant
2025-11-19 05:54:58.418 66129 INFO tempest.lib.common.rest_client [req-a7f940ff-564e-4f31-b4a0-54060dac601f req-a7f940ff-564e-4f31-b4a0-54060dac601f ] Request (FloatingIPDetailsNegativeTestJSON:setUpClass): 200 GET http://10.180.1.21/identity/v3/domains?name=Default 0.067s
2025-11-19 05:54:58.460 66129 INFO tempest.lib.common.rest_client [req-010c14bf-c0f6-4dce-867c-836e69976632 req-010c14bf-c0f6-4dce-867c-836e69976632 ] Request (FloatingIPDetailsNegativeTestJSON:setUpClass): 201 POST http://10.180.1.21/identity/v3/projects 0.041s
2025-11-19 05:54:58.507 66119 INFO tempest.lib.common.rest_client [req-c95246b0-4738-4878-9a69-8041b8255981 req-c95246b0-4738-4878-9a69-8041b8255981 ] Request (FloatingIPsNegativeTestJSON:tearDownClass): 204 DELETE http://10.180.1.21/networking/v2.0/security-groups/aa06c00d-7bd0-4d7a-86fe-5ee8ab435b4d 0.269s
2025-11-19 05:54:58.529 66129 INFO tempest.lib.common.rest_client [req-662bc1a6-708e-4dd7-86da-f7f41b63f0e6 req-662bc1a6-708e-4dd7-86da-f7f41b63f0e6 ] Request (FloatingIPDetailsNegativeTestJSON:setUpClass): 201 POST http://10.180.1.21/identity/v3/users 0.068s
2025-11-19 05:54:58.557 66129 INFO tempest.lib.common.rest_client [req-248f922e-83c1-44de-a38b-aa585bf9f46a req-248f922e-83c1-44de-a38b-aa585bf9f46a ] Request (FloatingIPDetailsNegativeTestJSON:setUpClass): 200 GET http://10.180.1.21/identity/v3/roles 0.028s
2025-11-19 05:54:58.596 66119 INFO tempest.lib.common.rest_client [req-ccdc2ba0-bb2b-4ec8-b2f2-747e87c80e8c req-ccdc2ba0-bb2b-4ec8-b2f2-747e87c80e8c ] Request (FloatingIPsNegativeTestJSON:tearDownClass): 204 DELETE http://10.180.1.21/identity/v3/projects/a58112dde5904a86b30411c7dcb17689 0.089s
2025-11-19 05:54:58.631 66119 INFO tempest.lib.common.rest_client [req-41626e8b-48d7-4469-80d2-5e312a1209cc req-41626e8b-48d7-4469-80d2-5e312a1209cc ] Request (ServersNegativeTestJSON:setUpClass): 201 POST http://10.180.1.21/identity/v3/auth/tokens 0.032s
2025-11-19 05:54:58.634 66155 INFO tempest.lib.common.rest_client [req-3618ee70-064f-434d-99b7-f2ae422b30a1 req-3618ee70-064f-434d-99b7-f2ae422b30a1 ] Request (SecurityGroupRulesNegativeTestJSON:tearDownClass): 202 DELETE http://10.180.1.21/compute/v2.1/os-security-groups/f05e1ae5-15ea-44fd-a657-5ac8747bc4f0 4.818s
2025-11-19 05:54:58.647 66129 INFO tempest.lib.common.rest_client [req-8162fb5f-9ffd-4658-832a-cb1e123fd18f req-8162fb5f-9ffd-4658-832a-cb1e123fd18f ] Request (FloatingIPDetailsNegativeTestJSON:setUpClass): 204 PUT http://10.180.1.21/identity/v3/projects/a45d6dd0fffc4e7c9d32570d32f8d50b/users/054e2c7ddda346d0af99e934aa7bc345/roles/1db23a7157944ce184754ec8415cf505 0.088s
2025-11-19 05:54:58.647 66129 INFO tempest.lib.common.dynamic_creds [-] Dynamic test user 054e2c7ddda346d0af99e934aa7bc345 is created with scope project and roles: ['member']
2025-11-19 05:54:58.647 66129 INFO tempest.lib.common.dynamic_creds [-] Acquired dynamic creds: credentials: Credentials: {'domain_id': 'default', 'domain_name': 'Default', 'username': 'tempest-FloatingIPDetailsNegativeTestJSON-326361315-project-member', 'project_domain_id': 'default', 'project_domain_name': 'Default', 'project_id': 'a45d6dd0fffc4e7c9d32570d32f8d50b', 'project_name': 'tempest-FloatingIPDetailsNegativeTestJSON-326361315', 'tenant_id': 'a45d6dd0fffc4e7c9d32570d32f8d50b', 'tenant_name': 'tempest-FloatingIPDetailsNegativeTestJSON-326361315', 'user_domain_id': 'default', 'user_domain_name': 'Default', 'user_id': '054e2c7ddda346d0af99e934aa7bc345', 'system': None}, Network: None, Subnet: None, Router: None
2025-11-19 05:54:58.667 66127 INFO tempest.lib.common.rest_client [req-d9cd079f-71a5-47ed-bccb-f2ab74ecb059 req-d9cd079f-71a5-47ed-bccb-f2ab74ecb059 ] Request (FlavorsAdminTestJSON:test_is_public_string_variations): 200 GET http://10.180.1.21/compute/v2.1/flavors/detail?is_public=false 4.422s
2025-11-19 05:54:58.751 66129 INFO tempest.lib.common.rest_client [req-63cd2866-e2ce-48f2-8191-421be950cebf req-63cd2866-e2ce-48f2-8191-421be950cebf ] Request (FloatingIPDetailsNegativeTestJSON:setUpClass): 201 POST http://10.180.1.21/identity/v3/auth/tokens 0.103s
2025-11-19 05:54:58.758 66119 INFO tempest.lib.common.rest_client [req-dde64374-84f9-4ced-9d3e-9899127571ca req-dde64374-84f9-4ced-9d3e-9899127571ca ] Request (ServersNegativeTestJSON:setUpClass): 201 POST http://10.180.1.21/identity/v3/auth/tokens 0.123s
2025-11-19 05:54:58.771 66111 INFO tempest.lib.common.rest_client [req-af23f0d5-6707-4a5e-b7e7-0e2d5305bb9b req-af23f0d5-6707-4a5e-b7e7-0e2d5305bb9b ] Request (ServersAdmin275Test:tearDownClass): 204 DELETE http://10.180.1.21/compute/v2.1/servers/65a4d082-501c-40a3-b713-723076be9ee4 3.590s
2025-11-19 05:54:58.790 66119 INFO tempest.lib.common.rest_client [req-b77a46ce-b0c5-4a63-824b-f92271929eb0 req-b77a46ce-b0c5-4a63-824b-f92271929eb0 ] Request (ServersNegativeTestJSON:setUpClass): 200 GET http://10.180.1.21/identity/v3/domains?name=Default 0.032s
2025-11-19 05:54:58.798 66121 INFO tempest.lib.common.rest_client [req-3fbdfc38-307f-4193-9aad-0bdc4473338e req-3fbdfc38-307f-4193-9aad-0bdc4473338e ] Request (FloatingIPsAssociationNegativeTestJSON:tearDownClass): 404 GET http://10.180.1.21/compute/v2.1/servers/232a74e9-8bf5-4ee7-b7c5-347542735572 3.565s
2025-11-19 05:54:58.828 66119 INFO tempest.lib.common.rest_client [req-8d3a72dd-bf8a-4ed3-a5a7-89f5eed575e2 req-8d3a72dd-bf8a-4ed3-a5a7-89f5eed575e2 ] Request (ServersNegativeTestJSON:setUpClass): 201 POST http://10.180.1.21/identity/v3/projects 0.037s
2025-11-19 05:54:58.921 66119 INFO tempest.lib.common.rest_client [req-ed2d37df-e9c8-453b-9592-da0b241938b2 req-ed2d37df-e9c8-453b-9592-da0b241938b2 ] Request (ServersNegativeTestJSON:setUpClass): 201 POST http://10.180.1.21/identity/v3/users 0.091s
2025-11-19 05:54:58.948 66119 INFO tempest.lib.common.rest_client [req-62941dd0-e109-40e6-9592-177229cac23b req-62941dd0-e109-40e6-9592-177229cac23b ] Request (ServersNegativeTestJSON:setUpClass): 200 GET http://10.180.1.21/identity/v3/roles 0.027s
2025-11-19 05:54:58.981 66119 INFO tempest.lib.common.rest_client [req-382c7c62-7aa5-40d0-b0b6-4bd3eb874014 req-382c7c62-7aa5-40d0-b0b6-4bd3eb874014 ] Request (ServersNegativeTestJSON:setUpClass): 204 PUT http://10.180.1.21/identity/v3/projects/8801ce011203408596d9cc90e0b5888d/users/e9f0f9f4256d469ebaea21ffbe6c5d2b/roles/1db23a7157944ce184754ec8415cf505 0.032s
2025-11-19 05:54:58.981 66119 INFO tempest.lib.common.dynamic_creds [-] Dynamic test user e9f0f9f4256d469ebaea21ffbe6c5d2b is created with scope project and roles: ['member']
2025-11-19 05:54:58.981 66119 INFO tempest.lib.common.dynamic_creds [-] Acquired dynamic creds: credentials: Credentials: {'domain_id': 'default', 'domain_name': 'Default', 'username': 'tempest-ServersNegativeTestJSON-2088787331-project-member', 'project_domain_id': 'default', 'project_domain_name': 'Default', 'project_id': '8801ce011203408596d9cc90e0b5888d', 'project_name': 'tempest-ServersNegativeTestJSON-2088787331', 'tenant_id': '8801ce011203408596d9cc90e0b5888d', 'tenant_name': 'tempest-ServersNegativeTestJSON-2088787331', 'user_domain_id': 'default', 'user_domain_name': 'Default', 'user_id': 'e9f0f9f4256d469ebaea21ffbe6c5d2b', 'system': None}, Network: None, Subnet: None, Router: None
2025-11-19 05:54:59.049 66119 INFO tempest.lib.common.rest_client [req-0701083c-a171-4499-b4fe-3686add21b43 req-0701083c-a171-4499-b4fe-3686add21b43 ] Request (ServersNegativeTestJSON:setUpClass): 201 POST http://10.180.1.21/identity/v3/auth/tokens 0.067s
2025-11-19 05:54:59.073 66129 INFO tempest.lib.common.rest_client [req-8ae6e8d9-d1c0-4d2c-95c1-bb9be6d9fe66 req-8ae6e8d9-d1c0-4d2c-95c1-bb9be6d9fe66 ] Request (FloatingIPDetailsNegativeTestJSON:setUpClass): 201 POST http://10.180.1.21/networking/v2.0/networks 0.321s
2025-11-19 05:54:59.158 66109 INFO tempest.lib.common.rest_client [req-d8be8233-9dc1-43d1-bc45-ce98c481b82c req-d8be8233-9dc1-43d1-bc45-ce98c481b82c ] Request (ServersTestFqdnHostnames:setUpClass): 201 POST http://10.180.1.21/networking/v2.0/routers 1.188s
2025-11-19 05:54:59.496 66119 INFO tempest.lib.common.rest_client [req-fe5184bc-edf9-4fac-9727-e85ab310b38a req-fe5184bc-edf9-4fac-9727-e85ab310b38a ] Request (ServersNegativeTestJSON:setUpClass): 201 POST http://10.180.1.21/networking/v2.0/networks 0.446s
2025-11-19 05:54:59.666 66129 INFO tempest.lib.common.rest_client [req-df9598d0-30b2-4da0-a6fe-91a8102bc43f req-df9598d0-30b2-4da0-a6fe-91a8102bc43f ] Request (FloatingIPDetailsNegativeTestJSON:setUpClass): 201 POST http://10.180.1.21/networking/v2.0/subnets 0.592s
2025-11-19 05:54:59.857 66121 INFO tempest.lib.common.rest_client [req-262be27f-2845-4776-82ef-e036e539e0cf req-262be27f-2845-4776-82ef-e036e539e0cf ] Request (FloatingIPsAssociationNegativeTestJSON:tearDownClass): 200 PUT http://10.180.1.21/networking/v2.0/routers/8c91467c-9a15-4b78-a0a3-e1bfe9e47705/remove_router_interface 1.058s
2025-11-19 05:54:59.940 66139 WARNING tempest.lib.common.ssh [-] Failed to establish authenticated ssh connection to cirros@10.180.180.222 ([Errno None] Unable to connect to port 22 on 10.180.180.222). Number attempts: 6. Retry after 7 seconds.: paramiko.ssh_exception.NoValidConnectionsError: [Errno None] Unable to connect to port 22 on 10.180.180.222
2025-11-19 05:55:00.070 66119 INFO tempest.lib.common.rest_client [req-1245d0b3-e98c-4ff6-8608-0e67584d1e4f req-1245d0b3-e98c-4ff6-8608-0e67584d1e4f ] Request (ServersNegativeTestJSON:setUpClass): 201 POST http://10.180.1.21/networking/v2.0/subnets 0.573s
2025-11-19 05:55:00.632 66109 INFO tempest.lib.common.rest_client [req-6dec4f6f-cebb-4958-8972-7849908aead4 req-6dec4f6f-cebb-4958-8972-7849908aead4 ] Request (ServersTestFqdnHostnames:setUpClass): 200 PUT http://10.180.1.21/networking/v2.0/routers/34508bb8-7aa4-4475-85a6-37d8b060c561/add_router_interface 1.473s
2025-11-19 05:55:00.632 66109 INFO tempest.lib.common.dynamic_creds [-] Created isolated network resources for: credentials: Credentials: {'domain_id': 'default', 'domain_name': 'Default', 'username': 'tempest-ServersTestFqdnHostnames-505815451-project-member', 'project_domain_id': 'default', 'project_domain_name': 'Default', 'project_id': 'e3926981801b44728cf707565174d62b', 'project_name': 'tempest-ServersTestFqdnHostnames-505815451', 'tenant_id': 'e3926981801b44728cf707565174d62b', 'tenant_name': 'tempest-ServersTestFqdnHostnames-505815451', 'user_domain_id': 'default', 'user_domain_name': 'Default', 'user_id': 'b76809d00a2c4010ba1bf0937908125f', 'system': None}, Network: {'id': '0a66f4ea-eb46-4a62-8e5e-ee1a37b83704', 'name': 'tempest-ServersTestFqdnHostnames-1207104611-network', 'tenant_id': 'e3926981801b44728cf707565174d62b', 'project_id': 'e3926981801b44728cf707565174d62b', 'admin_state_up': True, 'mtu': 8950, 'status': 'ACTIVE', 'subnets': [], 'shared': False, 'port_security_enabled': True, 'router:external': False, 'provider:network_type': 'vlan', 'provider:physical_network': 'default', 'provider:segmentation_id': 257, 'availability_zone_hints': [], 'availability_zones': [], 'ipv4_address_scope': None, 'ipv6_address_scope': None, 'description': '', 'tags': [], 'created_at': '2025-11-19T05:54:57Z', 'updated_at': '2025-11-19T05:54:57Z', 'revision_number': 1}, Subnet: {'id': '28fae065-bd73-4108-af9f-c49cdb2e094a', 'name': 'tempest-ServersTestFqdnHostnames-1207104611-subnet', 'tenant_id': 'e3926981801b44728cf707565174d62b', 'network_id': '0a66f4ea-eb46-4a62-8e5e-ee1a37b83704', 'ip_version': 4, 'subnetpool_id': None, 'enable_dhcp': True, 'ipv6_ra_mode': None, 'ipv6_address_mode': None, 'gateway_ip': '192.168.128.1', 'cidr': '192.168.128.0/28', 'allocation_pools': [{'start': '192.168.128.2', 'end': '192.168.128.14'}], 'host_routes': [], 'dns_nameservers': [], 'description': '', 'router:external': False, 'service_types': [], 'tags': [], 'created_at': '2025-11-19T05:54:57Z', 'updated_at': '2025-11-19T05:54:57Z', 'revision_number': 0, 'project_id': 'e3926981801b44728cf707565174d62b'}, Router: {'id': '34508bb8-7aa4-4475-85a6-37d8b060c561', 'name': 'tempest-ServersTestFqdnHostnames-1207104611-router', 'tenant_id': 'e3926981801b44728cf707565174d62b', 'admin_state_up': True, 'status': 'ACTIVE', 'external_gateway_info': {'network_id': 'aca3aa1a-3178-4d68-858e-bc073de4c71a', 'external_fixed_ips': [{'subnet_id': 'bfa2714f-25e5-4cd8-9f5a-6afb79dc64fd', 'ip_address': '10.180.180.203'}], 'enable_snat': True}, 'description': '', 'availability_zones': [], 'distributed': False, 'ha': False, 'availability_zone_hints': [], 'routes': [], 'flavor_id': None, 'tags': [], 'created_at': '2025-11-19T05:54:58Z', 'updated_at': '2025-11-19T05:54:58Z', 'revision_number': 2, 'project_id': 'e3926981801b44728cf707565174d62b'}
2025-11-19 05:55:00.727 66109 INFO tempest.lib.common.rest_client [req-03718374-ff8e-4f61-80ba-2b24fdcfd1ab req-03718374-ff8e-4f61-80ba-2b24fdcfd1ab ] Request (ServersTestFqdnHostnames:setUpClass): 201 POST http://10.180.1.21/identity/v3/auth/tokens 0.089s
2025-11-19 05:55:00.864 66129 INFO tempest.lib.common.rest_client [req-6728d651-2243-4fbe-9ace-740d7ad7cc71 req-6728d651-2243-4fbe-9ace-740d7ad7cc71 ] Request (FloatingIPDetailsNegativeTestJSON:setUpClass): 201 POST http://10.180.1.21/networking/v2.0/routers 1.197s
2025-11-19 05:55:01.211 66103 INFO tempest.lib.common.rest_client [req-b02ab42d-217a-4cd0-9174-3abc9e23f964 req-b02ab42d-217a-4cd0-9174-3abc9e23f964 ] Request (InstanceActionsNegativeTestJSON:setUpClass): 202 POST http://10.180.1.21/compute/v2.1/servers 7.264s
2025-11-19 05:55:01.245 66137 INFO tempest.lib.common.rest_client [req-96c6c9b7-c510-4c12-95d1-7f9360aeb022 req-96c6c9b7-c510-4c12-95d1-7f9360aeb022 ] Request (VolumesNegativeTest:test_volume_get_nonexistent_volume_id): 404 GET http://10.180.1.21/compute/v2.1/os-volumes/d83bd5f0-d3fe-4aae-961e-0456f6bbabbc 5.958s
