2025-11-19 05:53:43.029 66155 INFO tempest.lib.common.dynamic_creds [-] Created isolated network resources for: credentials: Credentials: {'domain_id': 'default', 'domain_name': 'Default', 'username': 'tempest-SecurityGroupRulesNegativeTestJSON-1169932515-project-member', 'project_domain_id': 'default', 'project_domain_name': 'Default', 'project_id': 'ad90b23cc85e4beb9a62a5d50b337d16', 'project_name': 'tempest-SecurityGroupRulesNegativeTestJSON-1169932515', 'tenant_id': 'ad90b23cc85e4beb9a62a5d50b337d16', 'tenant_name': 'tempest-SecurityGroupRulesNegativeTestJSON-1169932515', 'user_domain_id': 'default', 'user_domain_name': 'Default', 'user_id': '9bf7ff55ef6443ff8ebb239107745c35', 'system': None}, Network: {'id': '974fe301-330b-4d9e-a898-b2f6d2ac2cda', 'name': 'tempest-SecurityGroupRulesNegativeTestJSON-1103453266-network', 'tenant_id': 'ad90b23cc85e4beb9a62a5d50b337d16', 'project_id': 'ad90b23cc85e4beb9a62a5d50b337d16', 'admin_state_up': True, 'mtu': 8950, 'status': 'ACTIVE', 'subnets': [], 'shared': False, 'port_security_enabled': True, 'router:external': False, 'provider:network_type': 'vlan', 'provider:physical_network': 'default', 'provider:segmentation_id': 536, 'availability_zone_hints': [], 'availability_zones': [], 'ipv4_address_scope': None, 'ipv6_address_scope': None, 'description': '', 'tags': [], 'created_at': '2025-11-19T05:53:40Z', 'updated_at': '2025-11-19T05:53:40Z', 'revision_number': 1}, Subnet: {'id': '5fadaa90-8110-42c5-86c6-8d865611849d', 'name': 'tempest-SecurityGroupRulesNegativeTestJSON-1103453266-subnet', 'tenant_id': 'ad90b23cc85e4beb9a62a5d50b337d16', 'network_id': '974fe301-330b-4d9e-a898-b2f6d2ac2cda', 'ip_version': 4, 'subnetpool_id': None, 'enable_dhcp': True, 'ipv6_ra_mode': None, 'ipv6_address_mode': None, 'gateway_ip': '192.168.128.1', 'cidr': '192.168.128.0/28', 'allocation_pools': [{'start': '192.168.128.2', 'end': '192.168.128.14'}], 'host_routes': [], 'dns_nameservers': [], 'description': '', 'router:external': False, 'service_types': [], 'tags': [], 'created_at': '2025-11-19T05:53:41Z', 'updated_at': '2025-11-19T05:53:41Z', 'revision_number': 0, 'project_id': 'ad90b23cc85e4beb9a62a5d50b337d16'}, Router: {'id': 'eadf53c4-97f5-45cf-b697-2a9469521816', 'name': 'tempest-SecurityGroupRulesNegativeTestJSON-1103453266-router', 'tenant_id': 'ad90b23cc85e4beb9a62a5d50b337d16', 'admin_state_up': True, 'status': 'ACTIVE', 'external_gateway_info': {'network_id': 'aca3aa1a-3178-4d68-858e-bc073de4c71a', 'external_fixed_ips': [{'subnet_id': 'bfa2714f-25e5-4cd8-9f5a-6afb79dc64fd', 'ip_address': '10.180.180.139'}], 'enable_snat': True}, 'description': '', 'availability_zones': [], 'distributed': False, 'ha': False, 'availability_zone_hints': [], 'routes': [], 'flavor_id': None, 'tags': [], 'created_at': '2025-11-19T05:53:41Z', 'updated_at': '2025-11-19T05:53:41Z', 'revision_number': 2, 'project_id': 'ad90b23cc85e4beb9a62a5d50b337d16'}
2025-11-19 05:53:43.067 66121 INFO tempest.lib.common.rest_client [req-e0788034-e061-4aac-aebe-7752037813ae req-e0788034-e061-4aac-aebe-7752037813ae ] Request (FloatingIPsAssociationNegativeTestJSON:setUpClass): 200 GET http://10.180.1.21/compute/v2.1/servers/232a74e9-8bf5-4ee7-b7c5-347542735572 5.480s
2025-11-19 05:53:43.080 66121 INFO tempest.common.waiters [-] State transition "BUILD/spawning" ==> "ACTIVE/None" after 18 second wait
2025-11-19 05:53:43.089 66157 INFO tempest.lib.common.rest_client [req-a6e03c87-4f3e-4f67-8e28-4f48665c5f0f req-a6e03c87-4f3e-4f67-8e28-4f48665c5f0f ] Request (FlavorsExtraSpecsTestJSON:test_flavor_set_get_update_show_unset_keys): 200 GET http://10.180.1.21/compute/v2.1/flavors/702586983/os-extra_specs 4.961s
2025-11-19 05:53:43.140 66155 INFO tempest.lib.common.rest_client [req-a9a96bcf-d7a1-4f20-b693-3f6e5d9a0659 req-a9a96bcf-d7a1-4f20-b693-3f6e5d9a0659 ] Request (SecurityGroupRulesNegativeTestJSON:setUpClass): 201 POST http://10.180.1.21/identity/v3/auth/tokens 0.107s
2025-11-19 05:53:43.307 66135 INFO tempest.lib.common.rest_client [req-847f31e0-9205-4465-9002-f43acf849318 req-847f31e0-9205-4465-9002-f43acf849318 ] Request (FlavorsExtraSpecsNegativeTestJSON:tearDownClass): 200 GET http://10.180.1.21/networking/v2.0/security-groups?tenant_id=4d58d825d07f4181b1a694c4f419e213&name=default 0.754s
2025-11-19 05:53:43.335 66133 INFO tempest.lib.common.rest_client [req-9156e6f1-6a07-4b7e-bcde-940b15e85ba3 req-9156e6f1-6a07-4b7e-bcde-940b15e85ba3 ] Request (ServerDiagnosticsTest:test_get_server_diagnostics): 200 GET http://10.180.1.21/compute/v2.1/servers/2fee156f-fbd9-40f1-8d44-83e880e86144 5.212s
2025-11-19 05:53:43.342 66133 INFO tempest.common.waiters [-] State transition "BUILD/scheduling" ==> "BUILD/None" after 13 second wait
2025-11-19 05:53:43.501 66135 INFO tempest.lib.common.rest_client [req-0f62feca-fddf-4a61-97c3-c61a061c8673 req-0f62feca-fddf-4a61-97c3-c61a061c8673 ] Request (FlavorsExtraSpecsNegativeTestJSON:tearDownClass): 204 DELETE http://10.180.1.21/networking/v2.0/security-groups/da11dfff-5565-450c-96be-b0c1195caf56 0.194s
2025-11-19 05:53:43.590 66135 INFO tempest.lib.common.rest_client [req-4d01cdca-7ccf-4721-800f-fb2b1136cd5f req-4d01cdca-7ccf-4721-800f-fb2b1136cd5f ] Request (FlavorsExtraSpecsNegativeTestJSON:tearDownClass): 204 DELETE http://10.180.1.21/identity/v3/projects/4d58d825d07f4181b1a694c4f419e213 0.088s
2025-11-19 05:53:43.590 66135 INFO tempest.lib.common.dynamic_creds [-] Deleting project and security group for project: e50ad842ee5c449b8c3207830e89d6fd
2025-11-19 05:53:43.621 66143 INFO tempest.lib.common.rest_client [req-c4b9b59c-9028-40b6-a99b-7ae9d67d0ba0 req-c4b9b59c-9028-40b6-a99b-7ae9d67d0ba0 ] Request (ServerDiskConfigTestJSON:test_rebuild_server_with_auto_disk_config): 200 GET http://10.180.1.21/compute/v2.1/servers/8c1e5b57-4d79-488f-b20e-b7eae0288d11 5.371s
2025-11-19 05:53:43.629 66143 INFO tempest.common.waiters [-] State transition "BUILD/spawning" ==> "ACTIVE/None" after 18 second wait
2025-11-19 05:53:43.754 66135 INFO tempest.lib.common.rest_client [req-a2384a55-32d7-48c0-aa71-3bda601e76f0 req-a2384a55-32d7-48c0-aa71-3bda601e76f0 ] Request (FlavorsExtraSpecsNegativeTestJSON:tearDownClass): 200 GET http://10.180.1.21/networking/v2.0/security-groups?tenant_id=e50ad842ee5c449b8c3207830e89d6fd&name=default 0.164s
2025-11-19 05:53:43.848 66137 INFO tempest.lib.common.rest_client [req-b899922e-deec-4539-8516-67a2f4e1bf6d req-b899922e-deec-4539-8516-67a2f4e1bf6d ] Request (QuotasAdminNegativeTest:test_create_server_when_memory_quota_is_full): 403 POST http://10.180.1.21/compute/v2.1/servers 5.692s
2025-11-19 05:53:43.927 66105 INFO tempest.lib.common.rest_client [req-ce747bc0-df8b-4066-b008-1997283837eb req-ce747bc0-df8b-4066-b008-1997283837eb ] Request (ServerDiagnosticsNegativeTest:test_get_server_diagnostics_by_non_admin): 200 GET http://10.180.1.21/compute/v2.1/servers/1e10a7eb-d422-433f-ad3b-ff95c72b9a17 5.244s
2025-11-19 05:53:43.936 66105 INFO tempest.common.waiters [-] State transition "BUILD/None" ==> "BUILD/spawning" after 17 second wait
2025-11-19 05:53:43.940 66135 INFO tempest.lib.common.rest_client [req-13168eca-86f4-4533-8730-af52e81d4bc6 req-13168eca-86f4-4533-8730-af52e81d4bc6 ] Request (FlavorsExtraSpecsNegativeTestJSON:tearDownClass): 204 DELETE http://10.180.1.21/networking/v2.0/security-groups/fe0c1d28-675a-4625-a961-40af88ea3bda 0.185s
2025-11-19 05:53:44.048 66135 INFO tempest.lib.common.rest_client [req-10f49b7d-e7e3-4f72-91db-90b115a01a6a req-10f49b7d-e7e3-4f72-91db-90b115a01a6a ] Request (FlavorsExtraSpecsNegativeTestJSON:tearDownClass): 204 DELETE http://10.180.1.21/identity/v3/projects/e50ad842ee5c449b8c3207830e89d6fd 0.107s
2025-11-19 05:53:44.049 66135 INFO tempest.test [-] raised in LiveMigrationTest.setUpClass. Invoking tearDownClass.
2025-11-19 05:53:44.049 66149 INFO tempest.lib.common.rest_client [req-45abd8ad-13b1-4ad5-aedb-2e6c58d78362 req-45abd8ad-13b1-4ad5-aedb-2e6c58d78362 ] Request (ServersAaction247Test:tearDownClass): 204 DELETE http://10.180.1.21/compute/v2.1/servers/645f5104-aed6-43df-9797-ac7d1ff9e391 5.298s
2025-11-19 05:53:44.064 66129 INFO tempest.lib.common.rest_client [req-1715182d-d1cf-4f69-80b7-2aa3c228f5fb req-1715182d-d1cf-4f69-80b7-2aa3c228f5fb ] Request (HypervisorAdminNegativeUnderV252Test:test_search_hypervisor_with_non_admin_user): 200 GET http://10.180.1.21/compute/v2.1/os-hypervisors 5.367s
2025-11-19 05:53:44.101 66125 INFO tempest.lib.common.rest_client [req-2d77a4cd-6e5c-4585-9bf8-7e095aa0a782 req-2d77a4cd-6e5c-4585-9bf8-7e095aa0a782 ] Request (FlavorsV2TestJSON:test_list_flavors_detailed_filter_by_min_ram): 200 GET http://10.180.1.21/compute/v2.1/flavors/detail?minRam=193 5.324s
2025-11-19 05:53:44.107 66147 INFO tempest.lib.common.rest_client [req-00fde93f-7d87-405e-be41-e0ead1954390 req-00fde93f-7d87-405e-be41-e0ead1954390 ] Request (HostsAdminNegativeTestJSON:test_shutdown_host_with_non_admin_user): 403 GET http://10.180.1.21/compute/v2.1/os-hosts/devstack/shutdown 5.318s
2025-11-19 05:53:44.133 66127 INFO tempest.lib.common.rest_client [req-6003f6a9-66bd-4ad0-b42c-742d1ca5044e req-6003f6a9-66bd-4ad0-b42c-742d1ca5044e ] Request (FlavorsAdminTestJSON:_run_cleanups): 200 GET http://10.180.1.21/compute/v2.1/flavors/detail 5.339s
2025-11-19 05:53:44.148 66135 INFO tempest.lib.common.rest_client [req-81723598-0171-4c78-89f4-c0db7d0c6e7e req-81723598-0171-4c78-89f4-c0db7d0c6e7e ] Request (SecurityGroupsTestAdminJSON:setUpClass): 201 POST http://10.180.1.21/identity/v3/auth/tokens 0.096s
2025-11-19 05:53:44.188 66135 INFO tempest.lib.common.rest_client [req-e5ab178d-62f0-4e37-8301-a04cf526f475 req-e5ab178d-62f0-4e37-8301-a04cf526f475 ] Request (SecurityGroupsTestAdminJSON:setUpClass): 201 POST http://10.180.1.21/identity/v3/auth/tokens 0.036s
2025-11-19 05:53:44.191 66151 INFO tempest.lib.common.rest_client [req-8c74db50-a29a-48df-9b83-f63cd8e7e4c2 req-8c74db50-a29a-48df-9b83-f63cd8e7e4c2 ] Request (AggregatesAdminNegativeTestJSON:_run_cleanups): 200 DELETE http://10.180.1.21/compute/v2.1/os-aggregates/3 5.375s
2025-11-19 05:53:44.227 66135 INFO tempest.lib.common.rest_client [req-12f67422-0fa1-453a-8a59-e8de028b44cc req-12f67422-0fa1-453a-8a59-e8de028b44cc ] Request (SecurityGroupsTestAdminJSON:setUpClass): 200 GET http://10.180.1.21/identity/v3/domains?name=Default 0.038s
2025-11-19 05:53:44.271 66135 INFO tempest.lib.common.rest_client [req-605dc9dd-f61e-4f5a-8aaf-0fd22f9db581 req-605dc9dd-f61e-4f5a-8aaf-0fd22f9db581 ] Request (SecurityGroupsTestAdminJSON:setUpClass): 201 POST http://10.180.1.21/identity/v3/projects 0.043s
2025-11-19 05:53:44.281 66109 INFO tempest.lib.common.rest_client [req-6c10b5f7-c6ba-4cfd-a197-a1182b85709a req-6c10b5f7-c6ba-4cfd-a197-a1182b85709a ] Request (SecurityGroupRulesTestJSON:test_security_group_rules_delete_when_peer_group_deleted): 200 POST http://10.180.1.21/compute/v2.1/os-security-group-rules 5.508s
2025-11-19 05:53:44.312 66107 INFO tempest.lib.common.rest_client [req-0bec5c21-5712-4c4a-aef8-1795fd4e1c63 req-0bec5c21-5712-4c4a-aef8-1795fd4e1c63 ] Request (FlavorsAccessNegativeTestJSON:test_flavor_non_admin_add): 403 POST http://10.180.1.21/compute/v2.1/flavors/231468051/action 5.493s
2025-11-19 05:53:44.372 66135 INFO tempest.lib.common.rest_client [req-86a65f63-fb66-4419-897f-79286b5305dc req-86a65f63-fb66-4419-897f-79286b5305dc ] Request (SecurityGroupsTestAdminJSON:setUpClass): 201 POST http://10.180.1.21/identity/v3/users 0.100s
2025-11-19 05:53:44.399 66135 INFO tempest.lib.common.rest_client [req-0800a2a3-4537-44e9-bdcd-f9a266722062 req-0800a2a3-4537-44e9-bdcd-f9a266722062 ] Request (SecurityGroupsTestAdminJSON:setUpClass): 200 GET http://10.180.1.21/identity/v3/roles 0.026s
2025-11-19 05:53:44.436 66135 INFO tempest.lib.common.rest_client [req-1bbd7d2c-63a0-4abd-8367-8125f2033a26 req-1bbd7d2c-63a0-4abd-8367-8125f2033a26 ] Request (SecurityGroupsTestAdminJSON:setUpClass): 204 PUT http://10.180.1.21/identity/v3/projects/3154fc1f88404cd4bde986b93d661507/users/92aab468c39e4cb897e9995bd6c36875/roles/1db23a7157944ce184754ec8415cf505 0.037s
2025-11-19 05:53:44.436 66135 INFO tempest.lib.common.dynamic_creds [-] Dynamic test user 92aab468c39e4cb897e9995bd6c36875 is created with scope project and roles: ['member']
2025-11-19 05:53:44.437 66135 INFO tempest.lib.common.dynamic_creds [-] Acquired dynamic creds: credentials: Credentials: {'domain_id': 'default', 'domain_name': 'Default', 'username': 'tempest-SecurityGroupsTestAdminJSON-1748133903-project-member', 'project_domain_id': 'default', 'project_domain_name': 'Default', 'project_id': '3154fc1f88404cd4bde986b93d661507', 'project_name': 'tempest-SecurityGroupsTestAdminJSON-1748133903', 'tenant_id': '3154fc1f88404cd4bde986b93d661507', 'tenant_name': 'tempest-SecurityGroupsTestAdminJSON-1748133903', 'user_domain_id': 'default', 'user_domain_name': 'Default', 'user_id': '92aab468c39e4cb897e9995bd6c36875', 'system': None}, Network: None, Subnet: None, Router: None
2025-11-19 05:53:44.437 66135 INFO tempest.lib.common.dynamic_creds [-] Created isolated network resources for: credentials: Credentials: {'domain_id': 'default', 'domain_name': 'Default', 'username': 'tempest-SecurityGroupsTestAdminJSON-1748133903-project-member', 'project_domain_id': 'default', 'project_domain_name': 'Default', 'project_id': '3154fc1f88404cd4bde986b93d661507', 'project_name': 'tempest-SecurityGroupsTestAdminJSON-1748133903', 'tenant_id': '3154fc1f88404cd4bde986b93d661507', 'tenant_name': 'tempest-SecurityGroupsTestAdminJSON-1748133903', 'user_domain_id': 'default', 'user_domain_name': 'Default', 'user_id': '92aab468c39e4cb897e9995bd6c36875', 'system': None}, Network: None, Subnet: None, Router: None
2025-11-19 05:53:44.532 66123 INFO tempest.lib.common.rest_client [req-ccf2adcd-3296-4b2d-9ecd-297909e04e95 req-ccf2adcd-3296-4b2d-9ecd-297909e04e95 ] Request (ServerActionsTestOtherA:setUpClass): 200 GET http://10.180.1.21/compute/v2.1/servers/e06f714e-69ce-4cef-9a97-3b5e4248cde6 5.659s
2025-11-19 05:53:44.542 66135 INFO tempest.lib.common.rest_client [req-6f1a76dd-ed8d-4747-b333-e34bc6a66595 req-6f1a76dd-ed8d-4747-b333-e34bc6a66595 ] Request (SecurityGroupsTestAdminJSON:setUpClass): 201 POST http://10.180.1.21/identity/v3/auth/tokens 0.098s
2025-11-19 05:53:44.602 66119 INFO tempest.lib.common.rest_client [req-ca177e76-bbb7-4c1d-bf6d-1c0e68b1cd5f req-ca177e76-bbb7-4c1d-bf6d-1c0e68b1cd5f ] Request (ServerExternalEventsTest:test_create_server_external_events): 200 GET http://10.180.1.21/compute/v2.1/servers/96faa823-5cc4-4245-a5a8-c4be81c7184e 5.700s
2025-11-19 05:53:44.616 66119 INFO tempest.common.waiters [-] State transition "BUILD/None" ==> "BUILD/spawning" after 17 second wait
2025-11-19 05:53:44.638 66135 INFO tempest.lib.common.rest_client [req-3d24bd3d-2fc9-41dc-a923-70106ea8b162 req-3d24bd3d-2fc9-41dc-a923-70106ea8b162 ] Request (SecurityGroupsTestAdminJSON:setUpClass): 201 POST http://10.180.1.21/identity/v3/projects 0.095s
2025-11-19 05:53:44.727 66135 INFO tempest.lib.common.rest_client [req-c8dc93c5-ad21-4dd0-ad16-b4dab7d8babc req-c8dc93c5-ad21-4dd0-ad16-b4dab7d8babc ] Request (SecurityGroupsTestAdminJSON:setUpClass): 201 POST http://10.180.1.21/identity/v3/users 0.089s
2025-11-19 05:53:44.757 66135 INFO tempest.lib.common.rest_client [req-04ade029-c03a-41e8-8e76-8ecc0c32f59e req-04ade029-c03a-41e8-8e76-8ecc0c32f59e ] Request (SecurityGroupsTestAdminJSON:setUpClass): 200 GET http://10.180.1.21/identity/v3/roles 0.029s
2025-11-19 05:53:44.788 66135 INFO tempest.lib.common.rest_client [req-3606a56b-cfa0-4d69-8dd4-3bde8cd672a9 req-3606a56b-cfa0-4d69-8dd4-3bde8cd672a9 ] Request (SecurityGroupsTestAdminJSON:setUpClass): 204 PUT http://10.180.1.21/identity/v3/projects/e0f5d24fc1af41638d6604eff1a061fe/users/dfa3e50c0caf44b9989ba9fc7c8153be/roles/3cca4c1416694389938cf7d25883bc5d 0.031s
2025-11-19 05:53:44.824 66101 INFO tempest.lib.common.rest_client [req-caa98ca2-cfe0-4aa8-9945-a7f3f96d1ea2 req-caa98ca2-cfe0-4aa8-9945-a7f3f96d1ea2 ] Request (MigrationsAdminTest:test_list_migrations_in_flavor_resize_situation): 202 POST http://10.180.1.21/compute/v2.1/servers/385c6261-fd76-4794-9081-4e5ebb7d24dd/action 5.176s
2025-11-19 05:53:44.851 66135 INFO tempest.lib.common.rest_client [req-a375781a-c5c9-4669-9156-8b7e0cc9bb43 req-a375781a-c5c9-4669-9156-8b7e0cc9bb43 ] Request (SecurityGroupsTestAdminJSON:setUpClass): 200 GET http://10.180.1.21/identity/v3/roles 0.062s
2025-11-19 05:53:44.852 66117 INFO tempest.lib.common.rest_client [req-6455bd27-8ae1-4f50-846e-c87d5d1d943c req-6455bd27-8ae1-4f50-846e-c87d5d1d943c ] Request (HypervisorAdminTestJSON:test_get_hypervisor_show_details): 200 GET http://10.180.1.21/compute/v2.1/os-hypervisors 5.181s
2025-11-19 05:53:44.878 66135 INFO tempest.lib.common.rest_client [req-0b98d565-87c8-4ab4-b6b6-dc9903e5f6d0 req-0b98d565-87c8-4ab4-b6b6-dc9903e5f6d0 ] Request (SecurityGroupsTestAdminJSON:setUpClass): 204 PUT http://10.180.1.21/identity/v3/projects/e0f5d24fc1af41638d6604eff1a061fe/users/dfa3e50c0caf44b9989ba9fc7c8153be/roles/3cca4c1416694389938cf7d25883bc5d 0.026s
2025-11-19 05:53:44.878 66135 INFO tempest.lib.common.dynamic_creds [-] Dynamic test user dfa3e50c0caf44b9989ba9fc7c8153be is created with scope project and roles: ['admin']
2025-11-19 05:53:44.878 66135 INFO tempest.lib.common.dynamic_creds [-] Acquired dynamic creds: credentials: Credentials: {'domain_id': 'default', 'domain_name': 'Default', 'username': 'tempest-SecurityGroupsTestAdminJSON-64344040-project-admin', 'project_domain_id': 'default', 'project_domain_name': 'Default', 'project_id': 'e0f5d24fc1af41638d6604eff1a061fe', 'project_name': 'tempest-SecurityGroupsTestAdminJSON-64344040', 'tenant_id': 'e0f5d24fc1af41638d6604eff1a061fe', 'tenant_name': 'tempest-SecurityGroupsTestAdminJSON-64344040', 'user_domain_id': 'default', 'user_domain_name': 'Default', 'user_id': 'dfa3e50c0caf44b9989ba9fc7c8153be', 'system': None}, Network: None, Subnet: None, Router: None
2025-11-19 05:53:44.878 66135 INFO tempest.lib.common.dynamic_creds [-] Created isolated network resources for: credentials: Credentials: {'domain_id': 'default', 'domain_name': 'Default', 'username': 'tempest-SecurityGroupsTestAdminJSON-64344040-project-admin', 'project_domain_id': 'default', 'project_domain_name': 'Default', 'project_id': 'e0f5d24fc1af41638d6604eff1a061fe', 'project_name': 'tempest-SecurityGroupsTestAdminJSON-64344040', 'tenant_id': 'e0f5d24fc1af41638d6604eff1a061fe', 'tenant_name': 'tempest-SecurityGroupsTestAdminJSON-64344040', 'user_domain_id': 'default', 'user_domain_name': 'Default', 'user_id': 'dfa3e50c0caf44b9989ba9fc7c8153be', 'system': None}, Network: None, Subnet: None, Router: None
2025-11-19 05:53:44.935 66153 INFO tempest.lib.common.rest_client [req-16fb606c-8f7d-44ca-9505-2f2fdf7d295c req-16fb606c-8f7d-44ca-9505-2f2fdf7d295c ] Request (DeleteServersAdminTestJSON:test_admin_delete_servers_of_others): 204 DELETE http://10.180.1.21/compute/v2.1/servers/0d8514dd-b96e-4d35-85d8-6a9900d02f21 5.267s
2025-11-19 05:53:45.058 66135 INFO tempest.lib.common.rest_client [req-4042028b-da55-461e-9601-ad532fd1c5eb req-4042028b-da55-461e-9601-ad532fd1c5eb ] Request (SecurityGroupsTestAdminJSON:setUpClass): 201 POST http://10.180.1.21/identity/v3/auth/tokens 0.178s
2025-11-19 05:53:45.676 66161 INFO tempest.lib.common.rest_client [req-9a20c672-fa46-4f1f-91d2-b8ba03d97dcd req-9a20c672-fa46-4f1f-91d2-b8ba03d97dcd ] Request (VolumesAdminNegativeTest:test_update_attached_volume_with_nonexistent_volume_in_uri): 200 GET http://10.180.1.21/compute/v2.1/servers/3a6cedbe-1788-4549-9178-7113b8d0a9f9 4.828s
2025-11-19 05:53:45.686 66161 INFO tempest.common.waiters [-] State transition "BUILD/None" ==> "BUILD/spawning" after 17 second wait
2025-11-19 05:53:45.824 66159 INFO tempest.lib.common.rest_client [req-ff6f2332-651b-4ae4-b3ea-807bf95c9315 req-ff6f2332-651b-4ae4-b3ea-807bf95c9315 ] Request (ServerDiagnosticsV248Test:test_get_server_diagnostics): 200 GET http://10.180.1.21/compute/v2.1/servers/44302c3a-71d5-4a6d-9213-42d03e5cc924 4.954s
2025-11-19 05:53:45.980 66139 INFO tempest.lib.common.rest_client [req-c61ce9ea-943a-4495-9eaa-390cdc4812d6 req-c61ce9ea-943a-4495-9eaa-390cdc4812d6 ] Request (ServersWithSpecificFlavorTestJSON:test_verify_created_server_ephemeral_disk): 200 GET http://10.180.1.21/compute/v2.1/servers/a813a446-690b-4b92-a71f-6e9c8b73d6dc 4.553s
2025-11-19 05:53:46.057 66103 INFO tempest.lib.common.rest_client [req-c99904ee-950f-41ba-99e7-30e48954696a req-c99904ee-950f-41ba-99e7-30e48954696a ] Request (InstanceActionsV221TestJSON:test_get_list_deleted_instance_actions): 202 POST http://10.180.1.21/compute/v2.1/servers 6.100s
2025-11-19 05:53:46.471 66111 INFO tempest.lib.common.rest_client [req-2f283a63-4764-4074-a01c-4acf85c41e40 req-2f283a63-4764-4074-a01c-4acf85c41e40 ] Request (QuotasAdminTestJSON:_run_cleanups): 200 PUT http://10.180.1.21/compute/v2.1/os-quota-sets/a78a3edd53514658ad9adc1e350d98ac 3.943s
2025-11-19 05:53:46.641 66111 INFO tempest.lib.common.rest_client [req-9be83880-7b7b-4b77-902c-0ecd570e5592 req-9be83880-7b7b-4b77-902c-0ecd570e5592 ] Request (QuotasAdminTestJSON:tearDownClass): 204 DELETE http://10.180.1.21/identity/v3/users/7ebaacf2052b4ea18bcbb826ed5151fb 0.166s
2025-11-19 05:53:46.737 66145 INFO tempest.lib.common.rest_client [req-893149d0-13d4-4b8b-a4f2-6d6c9072e09e req-893149d0-13d4-4b8b-a4f2-6d6c9072e09e ] Request (VolumesAssistedSnapshotsTest:test_volume_assisted_snapshot_create_delete): 200 GET http://10.180.1.21/compute/v2.1/servers/9144acf4-ac40-4214-93ff-0300739c116c 3.952s
2025-11-19 05:53:46.827 66111 INFO tempest.lib.common.rest_client [req-08ad5bac-ed18-4157-be09-50ea58f3fdba req-08ad5bac-ed18-4157-be09-50ea58f3fdba ] Request (QuotasAdminTestJSON:tearDownClass): 204 DELETE http://10.180.1.21/identity/v3/users/95b0abb3b8d54af6b1a795edf96b9183 0.185s
2025-11-19 05:53:46.827 66111 INFO tempest.lib.common.dynamic_creds [-] Deleting project and security group for project: 81f65652da5a487da8cd8a03759f100d
2025-11-19 05:53:46.917 66111 INFO tempest.lib.common.rest_client [req-f4c4a90f-5a44-49d6-8d08-08de437ac94b req-f4c4a90f-5a44-49d6-8d08-08de437ac94b ] Request (QuotasAdminTestJSON:tearDownClass): 201 POST http://10.180.1.21/identity/v3/auth/tokens 0.089s
2025-11-19 05:53:47.207 66111 INFO tempest.lib.common.rest_client [req-012596f7-e4ee-47e4-94de-69df20553f1e req-012596f7-e4ee-47e4-94de-69df20553f1e ] Request (QuotasAdminTestJSON:tearDownClass): 200 GET http://10.180.1.21/networking/v2.0/security-groups?tenant_id=81f65652da5a487da8cd8a03759f100d&name=default 0.290s
2025-11-19 05:53:47.269 66163 INFO tempest.lib.common.rest_client [req-fea52237-b8ab-4e57-b4ec-fa08c4fada29 req-fea52237-b8ab-4e57-b4ec-fa08c4fada29 ] Request (FloatingIPDetailsTestJSON:setUpClass): 200 POST http://10.180.1.21/compute/v2.1/os-floating-ips 5.542s
2025-11-19 05:53:47.299 66157 INFO tempest.lib.common.rest_client [req-f48da977-bf1e-4425-9d08-0443494fd64e req-f48da977-bf1e-4425-9d08-0443494fd64e ] Request (FlavorsExtraSpecsTestJSON:tearDownClass): 202 DELETE http://10.180.1.21/compute/v2.1/flavors/702586983 4.207s
2025-11-19 05:53:47.755 66111 INFO tempest.lib.common.rest_client [req-64713d16-0a51-41e6-9329-d8289d802d65 req-64713d16-0a51-41e6-9329-d8289d802d65 ] Request (QuotasAdminTestJSON:tearDownClass): 204 DELETE http://10.180.1.21/networking/v2.0/security-groups/6f911b31-7165-4ad0-bd25-f1d401fe2e2a 0.547s
2025-11-19 05:53:47.823 66111 INFO tempest.lib.common.rest_client [req-84499db5-39eb-436f-b5ff-de47fe5dcea5 req-84499db5-39eb-436f-b5ff-de47fe5dcea5 ] Request (QuotasAdminTestJSON:tearDownClass): 204 DELETE http://10.180.1.21/identity/v3/projects/81f65652da5a487da8cd8a03759f100d 0.068s
2025-11-19 05:53:47.823 66111 INFO tempest.lib.common.dynamic_creds [-] Deleting project and security group for project: a78a3edd53514658ad9adc1e350d98ac
2025-11-19 05:53:48.099 66155 INFO tempest.lib.common.rest_client [req-e3e42406-bfad-4854-be45-2790bf882327 req-e3e42406-bfad-4854-be45-2790bf882327 ] Request (SecurityGroupRulesNegativeTestJSON:test_create_security_group_rule_duplicate): 200 POST http://10.180.1.21/compute/v2.1/os-security-groups 4.957s
2025-11-19 05:53:48.356 66111 INFO tempest.lib.common.rest_client [req-69d6bbe3-55e1-4e9d-a3d6-b43771644981 req-69d6bbe3-55e1-4e9d-a3d6-b43771644981 ] Request (QuotasAdminTestJSON:tearDownClass): 200 GET http://10.180.1.21/networking/v2.0/security-groups?tenant_id=a78a3edd53514658ad9adc1e350d98ac&name=default 0.532s
2025-11-19 05:53:48.626 66111 INFO tempest.lib.common.rest_client [req-b8a0a19e-f499-44c3-927f-d72821d475e2 req-b8a0a19e-f499-44c3-927f-d72821d475e2 ] Request (QuotasAdminTestJSON:tearDownClass): 204 DELETE http://10.180.1.21/networking/v2.0/security-groups/d58f896d-1bc4-476f-a8b2-e6e4d1e6fcff 0.269s
2025-11-19 05:53:48.663 66113 INFO tempest.lib.common.rest_client [req-df7f2717-adda-4c41-a0e4-01e0e65073a5 req-df7f2717-adda-4c41-a0e4-01e0e65073a5 ] Request (ServersTestMultiNic:test_verify_duplicate_network_nics): 200 GET http://10.180.1.21/compute/v2.1/servers/9787675d-4247-47cb-89ac-43f5d94d3801 5.504s
2025-11-19 05:53:48.672 66113 INFO tempest.common.waiters [-] State transition "BUILD/None" ==> "BUILD/spawning" after 20 second wait
2025-11-19 05:53:48.756 66111 INFO tempest.lib.common.rest_client [req-918a4a7c-2718-42fa-bc49-c58870baeae1 req-918a4a7c-2718-42fa-bc49-c58870baeae1 ] Request (QuotasAdminTestJSON:tearDownClass): 204 DELETE http://10.180.1.21/identity/v3/projects/a78a3edd53514658ad9adc1e350d98ac 0.130s
2025-11-19 05:53:48.828 66111 INFO tempest.lib.common.rest_client [req-19e8f9a6-a417-4a28-a37c-ff237d2cdabb req-19e8f9a6-a417-4a28-a37c-ff237d2cdabb ] Request (ServersAdmin275Test:setUpClass): 201 POST http://10.180.1.21/identity/v3/auth/tokens 0.069s
2025-11-19 05:53:48.868 66111 INFO tempest.lib.common.rest_client [req-da0bc4fc-f1ab-4a54-9ab8-695b78c0dbd1 req-da0bc4fc-f1ab-4a54-9ab8-695b78c0dbd1 ] Request (ServersAdmin275Test:setUpClass): 201 POST http://10.180.1.21/identity/v3/auth/tokens 0.037s
2025-11-19 05:53:48.896 66111 INFO tempest.lib.common.rest_client [req-2fc414b1-b44f-4e45-9b0b-396b448287eb req-2fc414b1-b44f-4e45-9b0b-396b448287eb ] Request (ServersAdmin275Test:setUpClass): 200 GET http://10.180.1.21/identity/v3/domains?name=Default 0.028s
2025-11-19 05:53:48.929 66111 INFO tempest.lib.common.rest_client [req-c517037e-32b0-4c30-81c2-40efd6f32077 req-c517037e-32b0-4c30-81c2-40efd6f32077 ] Request (ServersAdmin275Test:setUpClass): 201 POST http://10.180.1.21/identity/v3/projects 0.032s
2025-11-19 05:53:48.961 66121 INFO tempest.lib.common.rest_client [req-e3952b1e-4b2e-4598-ada3-3ab368af7d15 req-e3952b1e-4b2e-4598-ada3-3ab368af7d15 ] Request (FloatingIPsAssociationNegativeTestJSON:test_associate_ip_to_server_with_floating_ip): 200 POST http://10.180.1.21/compute/v2.1/os-floating-ips 5.879s
2025-11-19 05:53:49.003 66111 INFO tempest.lib.common.rest_client [req-a41e4c58-df77-469f-ab95-f626677ac35e req-a41e4c58-df77-469f-ab95-f626677ac35e ] Request (ServersAdmin275Test:setUpClass): 201 POST http://10.180.1.21/identity/v3/users 0.074s
2025-11-19 05:53:49.030 66111 INFO tempest.lib.common.rest_client [req-4f345d72-85af-4dd9-a32b-bd9a3ea6c564 req-4f345d72-85af-4dd9-a32b-bd9a3ea6c564 ] Request (ServersAdmin275Test:setUpClass): 200 GET http://10.180.1.21/identity/v3/roles 0.026s
2025-11-19 05:53:49.065 66111 INFO tempest.lib.common.rest_client [req-0d830c24-1edc-4c73-a851-b6b9ede3a1ff req-0d830c24-1edc-4c73-a851-b6b9ede3a1ff ] Request (ServersAdmin275Test:setUpClass): 204 PUT http://10.180.1.21/identity/v3/projects/62cb4bf6fb484f56b4e3ffa411df7884/users/80d8c17d32134ab09f6fc09de2e2f2cf/roles/1db23a7157944ce184754ec8415cf505 0.035s
2025-11-19 05:53:49.066 66111 INFO tempest.lib.common.dynamic_creds [-] Dynamic test user 80d8c17d32134ab09f6fc09de2e2f2cf is created with scope project and roles: ['member']
2025-11-19 05:53:49.066 66111 INFO tempest.lib.common.dynamic_creds [-] Acquired dynamic creds: credentials: Credentials: {'domain_id': 'default', 'domain_name': 'Default', 'username': 'tempest-ServersAdmin275Test-334393964-project-member', 'project_domain_id': 'default', 'project_domain_name': 'Default', 'project_id': '62cb4bf6fb484f56b4e3ffa411df7884', 'project_name': 'tempest-ServersAdmin275Test-334393964', 'tenant_id': '62cb4bf6fb484f56b4e3ffa411df7884', 'tenant_name': 'tempest-ServersAdmin275Test-334393964', 'user_domain_id': 'default', 'user_domain_name': 'Default', 'user_id': '80d8c17d32134ab09f6fc09de2e2f2cf', 'system': None}, Network: None, Subnet: None, Router: None
2025-11-19 05:53:49.066 66111 INFO tempest.lib.common.dynamic_creds [-] Created isolated network resources for: credentials: Credentials: {'domain_id': 'default', 'domain_name': 'Default', 'username': 'tempest-ServersAdmin275Test-334393964-project-member', 'project_domain_id': 'default', 'project_domain_name': 'Default', 'project_id': '62cb4bf6fb484f56b4e3ffa411df7884', 'project_name': 'tempest-ServersAdmin275Test-334393964', 'tenant_id': '62cb4bf6fb484f56b4e3ffa411df7884', 'tenant_name': 'tempest-ServersAdmin275Test-334393964', 'user_domain_id': 'default', 'user_domain_name': 'Default', 'user_id': '80d8c17d32134ab09f6fc09de2e2f2cf', 'system': None}, Network: None, Subnet: None, Router: None
2025-11-19 05:53:49.070 66143 INFO tempest.lib.common.rest_client [req-e579f078-d4dc-4ad4-a8ce-0bb2a2a93169 req-e579f078-d4dc-4ad4-a8ce-0bb2a2a93169 ] Request (ServerDiskConfigTestJSON:test_rebuild_server_with_auto_disk_config): 200 GET http://10.180.1.21/compute/v2.1/servers/8c1e5b57-4d79-488f-b20e-b7eae0288d11 5.440s
2025-11-19 05:53:49.129 66149 INFO tempest.lib.common.rest_client [req-5361a36d-8138-42c1-aeb6-c8d86ed97058 req-5361a36d-8138-42c1-aeb6-c8d86ed97058 ] Request (ServersAaction247Test:tearDownClass): 200 GET http://10.180.1.21/compute/v2.1/servers/645f5104-aed6-43df-9797-ac7d1ff9e391 5.079s
2025-11-19 05:53:49.165 66111 INFO tempest.lib.common.rest_client [req-ea52aa4a-bc43-4e7a-8a35-05aefa6ebbc2 req-ea52aa4a-bc43-4e7a-8a35-05aefa6ebbc2 ] Request (ServersAdmin275Test:setUpClass): 201 POST http://10.180.1.21/identity/v3/auth/tokens 0.095s
2025-11-19 05:53:49.223 66137 INFO tempest.lib.common.rest_client [req-bb3a06ea-c940-48e1-bd66-06d4fb46b8c2 req-bb3a06ea-c940-48e1-bd66-06d4fb46b8c2 ] Request (QuotasAdminNegativeTest:_run_cleanups): 200 PUT http://10.180.1.21/compute/v2.1/os-quota-sets/319010ff4a6548319438c8945987e3ce 5.374s
2025-11-19 05:53:49.245 66125 INFO tempest.lib.common.rest_client [req-9058fad7-06ea-4c29-97aa-3d47038435cc req-9058fad7-06ea-4c29-97aa-3d47038435cc ] Request (FlavorsV2TestJSON:test_list_flavors_detailed_limit_results): 200 GET http://10.180.1.21/compute/v2.1/flavors/detail?limit=1 5.139s
2025-11-19 05:53:49.261 66147 INFO tempest.lib.common.rest_client [req-ae7ec726-67f0-4c77-9a33-891a188e8bd3 req-ae7ec726-67f0-4c77-9a33-891a188e8bd3 ] Request (HostsAdminNegativeTestJSON:test_shutdown_nonexistent_host): 404 GET http://10.180.1.21/compute/v2.1/os-hosts/nonexistent_hostname/shutdown 5.151s
2025-11-19 05:53:49.267 66111 INFO tempest.lib.common.rest_client [req-f2df87aa-fffd-48a3-91e3-89bad501711f req-f2df87aa-fffd-48a3-91e3-89bad501711f ] Request (ServersAdmin275Test:setUpClass): 201 POST http://10.180.1.21/identity/v3/projects 0.101s
2025-11-19 05:53:49.277 66129 INFO tempest.lib.common.rest_client [req-e606886a-285a-4eac-8aea-dc719600c58e req-e606886a-285a-4eac-8aea-dc719600c58e ] Request (HypervisorAdminNegativeUnderV252Test:test_search_hypervisor_with_non_admin_user): 403 GET http://10.180.1.21/compute/v2.1/os-hypervisors/domain-c8.fc996f14-c53b-4953-92e3-bdfa48f5cc28/search 5.211s
2025-11-19 05:53:49.283 66151 INFO tempest.lib.common.rest_client [req-ade252bc-d704-40c7-aaca-d511a21317eb req-ade252bc-d704-40c7-aaca-d511a21317eb ] Request (AggregatesAdminNegativeTestJSON:test_aggregate_create_aggregate_name_length_exceeds_255): 400 POST http://10.180.1.21/compute/v2.1/os-aggregates 5.090s
2025-11-19 05:53:49.291 66127 INFO tempest.lib.common.rest_client [req-f5f56c3d-5af4-4534-85a2-c4ae3207b317 req-f5f56c3d-5af4-4534-85a2-c4ae3207b317 ] Request (FlavorsAdminTestJSON:test_create_flavor_with_uuid_id): 200 POST http://10.180.1.21/compute/v2.1/flavors 5.151s
2025-11-19 05:53:49.317 66107 INFO tempest.lib.common.rest_client [req-adb23f61-e3b4-4479-9b5b-f0a899673fd6 req-adb23f61-e3b4-4479-9b5b-f0a899673fd6 ] Request (FlavorsAccessNegativeTestJSON:_run_cleanups): 202 DELETE http://10.180.1.21/compute/v2.1/flavors/231468051 5.004s
2025-11-19 05:53:49.359 66111 INFO tempest.lib.common.rest_client [req-8e91345b-405a-4fcb-a1a1-5188624d2260 req-8e91345b-405a-4fcb-a1a1-5188624d2260 ] Request (ServersAdmin275Test:setUpClass): 201 POST http://10.180.1.21/identity/v3/users 0.091s
2025-11-19 05:53:49.380 66111 INFO tempest.lib.common.rest_client [req-0bc1732e-79c2-4c37-bc88-066a8c4a7382 req-0bc1732e-79c2-4c37-bc88-066a8c4a7382 ] Request (ServersAdmin275Test:setUpClass): 200 GET http://10.180.1.21/identity/v3/roles 0.021s
2025-11-19 05:53:49.417 66111 INFO tempest.lib.common.rest_client [req-05e712db-3b4a-4393-8933-acc45cf1cbea req-05e712db-3b4a-4393-8933-acc45cf1cbea ] Request (ServersAdmin275Test:setUpClass): 204 PUT http://10.180.1.21/identity/v3/projects/99adf85b67f24b9da113eadd7c0c9ea2/users/bc1786f1596c47c9b620e1b4cd056e9a/roles/3cca4c1416694389938cf7d25883bc5d 0.036s
2025-11-19 05:53:49.440 66109 INFO tempest.lib.common.rest_client [req-d448a9ef-279c-414c-bceb-e4b8e7d7340c req-d448a9ef-279c-414c-bceb-e4b8e7d7340c ] Request (SecurityGroupRulesTestJSON:test_security_group_rules_delete_when_peer_group_deleted): 202 DELETE http://10.180.1.21/compute/v2.1/os-security-groups/2b605674-66e3-4f5b-a07b-755ddd008167 5.156s
2025-11-19 05:53:49.462 66133 INFO tempest.lib.common.rest_client [req-4eeddbf3-fa1f-4145-a605-b8a0a079d4db req-4eeddbf3-fa1f-4145-a605-b8a0a079d4db ] Request (ServerDiagnosticsTest:test_get_server_diagnostics): 200 GET http://10.180.1.21/compute/v2.1/servers/2fee156f-fbd9-40f1-8d44-83e880e86144 5.118s
2025-11-19 05:53:49.481 66111 INFO tempest.lib.common.rest_client [req-8cf7bdbc-1440-4ed9-99b5-2b7defc7c6b0 req-8cf7bdbc-1440-4ed9-99b5-2b7defc7c6b0 ] Request (ServersAdmin275Test:setUpClass): 200 GET http://10.180.1.21/identity/v3/roles 0.064s
2025-11-19 05:53:49.485 66117 INFO tempest.lib.common.rest_client [req-e253c751-437e-43c8-9a0c-0408a588fe87 req-e253c751-437e-43c8-9a0c-0408a588fe87 ] Request (HypervisorAdminTestJSON:test_get_hypervisor_show_details): 200 GET http://10.180.1.21/compute/v2.1/os-hypervisors/1 4.632s
2025-11-19 05:53:49.503 66111 INFO tempest.lib.common.rest_client [req-452b409f-e014-4435-9e5d-df5eccbe049a req-452b409f-e014-4435-9e5d-df5eccbe049a ] Request (ServersAdmin275Test:setUpClass): 204 PUT http://10.180.1.21/identity/v3/projects/99adf85b67f24b9da113eadd7c0c9ea2/users/bc1786f1596c47c9b620e1b4cd056e9a/roles/3cca4c1416694389938cf7d25883bc5d 0.021s
2025-11-19 05:53:49.503 66111 INFO tempest.lib.common.dynamic_creds [-] Dynamic test user bc1786f1596c47c9b620e1b4cd056e9a is created with scope project and roles: ['admin']
2025-11-19 05:53:49.503 66111 INFO tempest.lib.common.dynamic_creds [-] Acquired dynamic creds: credentials: Credentials: {'domain_id': 'default', 'domain_name': 'Default', 'username': 'tempest-ServersAdmin275Test-391212034-project-admin', 'project_domain_id': 'default', 'project_domain_name': 'Default', 'project_id': '99adf85b67f24b9da113eadd7c0c9ea2', 'project_name': 'tempest-ServersAdmin275Test-391212034', 'tenant_id': '99adf85b67f24b9da113eadd7c0c9ea2', 'tenant_name': 'tempest-ServersAdmin275Test-391212034', 'user_domain_id': 'default', 'user_domain_name': 'Default', 'user_id': 'bc1786f1596c47c9b620e1b4cd056e9a', 'system': None}, Network: None, Subnet: None, Router: None
2025-11-19 05:53:49.503 66111 INFO tempest.lib.common.dynamic_creds [-] Created isolated network resources for: credentials: Credentials: {'domain_id': 'default', 'domain_name': 'Default', 'username': 'tempest-ServersAdmin275Test-391212034-project-admin', 'project_domain_id': 'default', 'project_domain_name': 'Default', 'project_id': '99adf85b67f24b9da113eadd7c0c9ea2', 'project_name': 'tempest-ServersAdmin275Test-391212034', 'tenant_id': '99adf85b67f24b9da113eadd7c0c9ea2', 'tenant_name': 'tempest-ServersAdmin275Test-391212034', 'user_domain_id': 'default', 'user_domain_name': 'Default', 'user_id': 'bc1786f1596c47c9b620e1b4cd056e9a', 'system': None}, Network: None, Subnet: None, Router: None
2025-11-19 05:53:49.584 66111 INFO tempest.lib.common.rest_client [req-b223eaee-7440-4da0-98e8-ec807c0e5807 req-b223eaee-7440-4da0-98e8-ec807c0e5807 ] Request (ServersAdmin275Test:setUpClass): 201 POST http://10.180.1.21/identity/v3/auth/tokens 0.078s
2025-11-19 05:53:49.643 66111 INFO tempest.lib.common.rest_client [req-2e74253f-eec2-4b8e-89c7-7c305e6aeefb req-2e74253f-eec2-4b8e-89c7-7c305e6aeefb ] Request (ServersAdmin275Test:test_rebuild_update_server_275): 201 POST http://10.180.1.21/identity/v3/auth/tokens 0.054s
2025-11-19 05:53:49.644 66111 INFO tempest.lib.common.fixed_network [-] (ServersAdmin275Test:test_rebuild_update_server_275) Found network None available for tenant
2025-11-19 05:53:50.809 66101 INFO tempest.lib.common.rest_client [req-75229b66-eca9-478c-a5a3-1f54c5497371 req-75229b66-eca9-478c-a5a3-1f54c5497371 ] Request (MigrationsAdminTest:test_list_migrations_in_flavor_resize_situation): 200 GET http://10.180.1.21/compute/v2.1/servers/385c6261-fd76-4794-9081-4e5ebb7d24dd 5.984s
2025-11-19 05:53:50.847 66105 INFO tempest.lib.common.rest_client [req-5dc49a41-c793-44da-8b68-85c01a6ff661 req-5dc49a41-c793-44da-8b68-85c01a6ff661 ] Request (ServerDiagnosticsNegativeTest:test_get_server_diagnostics_by_non_admin): 200 GET http://10.180.1.21/compute/v2.1/servers/1e10a7eb-d422-433f-ad3b-ff95c72b9a17 5.910s
2025-11-19 05:53:50.912 66153 INFO tempest.lib.common.rest_client [req-8c8e75de-b72a-4a80-a579-87dbb65c6aa4 req-8c8e75de-b72a-4a80-a579-87dbb65c6aa4 ] Request (DeleteServersAdminTestJSON:test_admin_delete_servers_of_others): 200 GET http://10.180.1.21/compute/v2.1/servers/0d8514dd-b96e-4d35-85d8-6a9900d02f21 5.976s
2025-11-19 05:53:51.349 66123 INFO tempest.lib.common.rest_client [req-98ae1374-27ee-4d1b-a0ae-1cb662ef7c63 req-98ae1374-27ee-4d1b-a0ae-1cb662ef7c63 ] Request (ServerActionsTestOtherA:setUpClass): 200 GET http://10.180.1.21/compute/v2.1/servers/e06f714e-69ce-4cef-9a97-3b5e4248cde6 5.802s
2025-11-19 05:53:51.396 66135 INFO tempest.lib.common.rest_client [req-28f886bc-bde5-4c34-b733-2f9851dc1d65 req-28f886bc-bde5-4c34-b733-2f9851dc1d65 ] Request (SecurityGroupsTestAdminJSON:test_list_security_groups_list_all_tenants_filter): 200 POST http://10.180.1.21/compute/v2.1/os-security-groups 6.336s
2025-11-19 05:53:51.525 66103 INFO tempest.lib.common.rest_client [req-ffb330df-cb3a-4f5f-b2ff-15e87d46fd6f req-ffb330df-cb3a-4f5f-b2ff-15e87d46fd6f ] Request (InstanceActionsV221TestJSON:test_get_list_deleted_instance_actions): 200 GET http://10.180.1.21/compute/v2.1/servers/6860748c-2cea-4df4-8962-372298f776ce 5.464s
2025-11-19 05:53:51.561 66119 INFO tempest.lib.common.rest_client [req-96e14baf-3eed-4d02-9914-2f319c752a03 req-96e14baf-3eed-4d02-9914-2f319c752a03 ] Request (ServerExternalEventsTest:test_create_server_external_events): 200 GET http://10.180.1.21/compute/v2.1/servers/96faa823-5cc4-4245-a5a8-c4be81c7184e 5.943s
2025-11-19 05:53:51.661 66115 INFO tempest.lib.common.rest_client [req-93d6900e-b381-45a3-9b1f-117f26f2401b req-93d6900e-b381-45a3-9b1f-117f26f2401b ] Request (QuotaClassesAdmin257Test:test_update_default_quotas): 200 GET http://10.180.1.21/compute/v2.1/os-quota-class-sets/default 5.160s
2025-11-19 05:53:53.099 66159 INFO tempest.lib.common.rest_client [req-67e7f8e4-b3bc-4e3c-9053-65511d022e03 req-67e7f8e4-b3bc-4e3c-9053-65511d022e03 ] Request (ServerDiagnosticsV248Test:test_get_server_diagnostics): 200 GET http://10.180.1.21/compute/v2.1/servers/44302c3a-71d5-4a6d-9213-42d03e5cc924 6.262s
2025-11-19 05:53:53.200 66161 INFO tempest.lib.common.rest_client [req-7ccd505d-df5c-40c4-9ce4-a6db16a60c61 req-7ccd505d-df5c-40c4-9ce4-a6db16a60c61 ] Request (VolumesAdminNegativeTest:test_update_attached_volume_with_nonexistent_volume_in_uri): 200 GET http://10.180.1.21/compute/v2.1/servers/3a6cedbe-1788-4549-9178-7113b8d0a9f9 6.512s
2025-11-19 05:53:53.236 66139 INFO tempest.lib.common.rest_client [req-ee8876e9-01ec-4602-aaf4-e22c3aa4781a req-ee8876e9-01ec-4602-aaf4-e22c3aa4781a ] Request (ServersWithSpecificFlavorTestJSON:test_verify_created_server_ephemeral_disk): 200 GET http://10.180.1.21/compute/v2.1/servers/a813a446-690b-4b92-a71f-6e9c8b73d6dc 6.239s
2025-11-19 05:53:53.263 66157 INFO tempest.lib.common.rest_client [req-96705c58-4ff2-4b6d-86d0-b0a38aa75d9c req-96705c58-4ff2-4b6d-86d0-b0a38aa75d9c ] Request (FlavorsExtraSpecsTestJSON:tearDownClass): 200 GET http://10.180.1.21/compute/v2.1/flavors/detail 5.964s
2025-11-19 05:53:53.418 66157 INFO tempest.lib.common.rest_client [req-af57ecfc-efa5-4e41-abb7-688f16af6faf req-af57ecfc-efa5-4e41-abb7-688f16af6faf ] Request (FlavorsExtraSpecsTestJSON:tearDownClass): 204 DELETE http://10.180.1.21/identity/v3/users/dbf0b47088014fcfa0c2fd4699dd07ae 0.147s
2025-11-19 05:53:53.528 66145 INFO tempest.lib.common.rest_client [req-d71e75fd-dc6d-495e-9995-fa2f6bf5200b req-d71e75fd-dc6d-495e-9995-fa2f6bf5200b ] Request (VolumesAssistedSnapshotsTest:test_volume_assisted_snapshot_create_delete): 200 GET http://10.180.1.21/compute/v2.1/servers/9144acf4-ac40-4214-93ff-0300739c116c 5.777s
2025-11-19 05:53:53.536 66145 INFO tempest.common.waiters [-] State transition "BUILD/None" ==> "BUILD/spawning" after 23 second wait
2025-11-19 05:53:53.553 66157 INFO tempest.lib.common.rest_client [req-4983ee5b-0eba-4906-bd10-bb3dad62753e req-4983ee5b-0eba-4906-bd10-bb3dad62753e ] Request (FlavorsExtraSpecsTestJSON:tearDownClass): 204 DELETE http://10.180.1.21/identity/v3/users/91b76eb9caf24384a25149748370b563 0.134s
2025-11-19 05:53:53.554 66157 INFO tempest.lib.common.dynamic_creds [-] Deleting project and security group for project: 448a9002a02545929d9367f53e219f3a
2025-11-19 05:53:53.628 66157 INFO tempest.lib.common.rest_client [req-80ac556f-079c-433d-9b1b-ccbff68d7f9a req-80ac556f-079c-433d-9b1b-ccbff68d7f9a ] Request (FlavorsExtraSpecsTestJSON:tearDownClass): 201 POST http://10.180.1.21/identity/v3/auth/tokens 0.074s
2025-11-19 05:53:53.810 66157 INFO tempest.lib.common.rest_client [req-3c24bcba-5500-4315-9c73-0b3bd37321c0 req-3c24bcba-5500-4315-9c73-0b3bd37321c0 ] Request (FlavorsExtraSpecsTestJSON:tearDownClass): 200 GET http://10.180.1.21/networking/v2.0/security-groups?tenant_id=448a9002a02545929d9367f53e219f3a&name=default 0.181s
2025-11-19 05:53:53.846 66155 INFO tempest.lib.common.rest_client [req-d753c237-c41d-4bdd-acb8-83e86e3deb36 req-d753c237-c41d-4bdd-acb8-83e86e3deb36 ] Request (SecurityGroupRulesNegativeTestJSON:test_create_security_group_rule_duplicate): 200 POST http://10.180.1.21/compute/v2.1/os-security-group-rules 5.744s
2025-11-19 05:53:53.905 66163 INFO tempest.lib.common.rest_client [req-a22767bb-ae1a-4ef0-9f6f-430b5776ee25 req-a22767bb-ae1a-4ef0-9f6f-430b5776ee25 ] Request (FloatingIPDetailsTestJSON:setUpClass): 200 POST http://10.180.1.21/compute/v2.1/os-floating-ips 6.633s
2025-11-19 05:53:53.940 66157 INFO tempest.lib.common.rest_client [req-1bb516cb-e3a9-46e1-9d98-d714ea0bbec0 req-1bb516cb-e3a9-46e1-9d98-d714ea0bbec0 ] Request (FlavorsExtraSpecsTestJSON:tearDownClass): 204 DELETE http://10.180.1.21/networking/v2.0/security-groups/d0d82fa8-ca08-41df-b735-3ff278a9a479 0.129s
2025-11-19 05:53:54.013 66157 INFO tempest.lib.common.rest_client [req-02108b4d-b666-474e-90be-18cc86b254bb req-02108b4d-b666-474e-90be-18cc86b254bb ] Request (FlavorsExtraSpecsTestJSON:tearDownClass): 204 DELETE http://10.180.1.21/identity/v3/projects/448a9002a02545929d9367f53e219f3a 0.073s
2025-11-19 05:53:54.014 66157 INFO tempest.lib.common.dynamic_creds [-] Deleting project and security group for project: f7e6f62be2704b6db2ce340e65c91601
2025-11-19 05:53:54.154 66143 INFO tempest.lib.common.rest_client [req-3b1e9316-0224-48b1-b104-472957613b37 req-3b1e9316-0224-48b1-b104-472957613b37 ] Request (ServerDiskConfigTestJSON:test_rebuild_server_with_auto_disk_config): 202 POST http://10.180.1.21/compute/v2.1/servers/8c1e5b57-4d79-488f-b20e-b7eae0288d11/action 5.076s
2025-11-19 05:53:54.162 66137 INFO tempest.lib.common.rest_client [req-61bf4347-7864-4be4-9ceb-07b2fbed5173 req-61bf4347-7864-4be4-9ceb-07b2fbed5173 ] Request (QuotasAdminNegativeTest:test_update_quota_normal_user): 403 PUT http://10.180.1.21/compute/v2.1/os-quota-sets/319010ff4a6548319438c8945987e3ce 4.931s
2025-11-19 05:53:54.169 66157 INFO tempest.lib.common.rest_client [req-27ba82e3-d2bd-457a-93a7-6b84f27ed824 req-27ba82e3-d2bd-457a-93a7-6b84f27ed824 ] Request (FlavorsExtraSpecsTestJSON:tearDownClass): 200 GET http://10.180.1.21/networking/v2.0/security-groups?tenant_id=f7e6f62be2704b6db2ce340e65c91601&name=default 0.154s
2025-11-19 05:53:54.189 66125 INFO tempest.lib.common.rest_client [req-52b96e8c-439b-46af-9237-2575669f242d req-52b96e8c-439b-46af-9237-2575669f242d ] Request (FlavorsV2TestJSON:test_list_flavors_detailed_using_marker): 200 GET http://10.180.1.21/compute/v2.1/flavors/42 4.937s
2025-11-19 05:53:54.194 66147 INFO tempest.lib.common.rest_client [req-6b641e17-aca5-4e21-a980-8d4666539f43 req-6b641e17-aca5-4e21-a980-8d4666539f43 ] Request (HostsAdminNegativeTestJSON:test_startup_host_with_non_admin_user): 403 GET http://10.180.1.21/compute/v2.1/os-hosts/devstack/startup 4.931s
2025-11-19 05:53:54.205 66129 INFO tempest.lib.common.rest_client [req-593cbc43-c725-4e71-9a10-e003f1a1bd1e req-593cbc43-c725-4e71-9a10-e003f1a1bd1e ] Request (HypervisorAdminNegativeUnderV252Test:test_search_nonexistent_hypervisor): 404 GET http://10.180.1.21/compute/v2.1/os-hypervisors/nonexistent_hypervisor_name/search 4.926s
2025-11-19 05:53:54.215 66151 INFO tempest.lib.common.rest_client [req-f330a9c7-3c1d-4a22-b360-03d0edbb65a0 req-f330a9c7-3c1d-4a22-b360-03d0edbb65a0 ] Request (AggregatesAdminNegativeTestJSON:test_aggregate_create_aggregate_name_length_less_than_1): 400 POST http://10.180.1.21/compute/v2.1/os-aggregates 4.929s
2025-11-19 05:53:54.240 66127 INFO tempest.lib.common.rest_client [req-de7686b3-7637-4c1e-aaf6-8c89057d1a46 req-de7686b3-7637-4c1e-aaf6-8c89057d1a46 ] Request (FlavorsAdminTestJSON:_run_cleanups): 202 DELETE http://10.180.1.21/compute/v2.1/flavors/7a0034d9-2dcd-4bb1-a2b3-817b7127f50c 4.944s
2025-11-19 05:53:54.261 66107 INFO tempest.lib.common.rest_client [req-05626d32-9371-43d9-aacc-964a0ee1c270 req-05626d32-9371-43d9-aacc-964a0ee1c270 ] Request (FlavorsAccessNegativeTestJSON:_run_cleanups): 200 GET http://10.180.1.21/compute/v2.1/flavors/detail 4.943s
2025-11-19 05:53:54.345 66137 INFO tempest.lib.common.rest_client [req-bd7b273f-9b0e-4f0f-a056-0a3dcf3903cd req-bd7b273f-9b0e-4f0f-a056-0a3dcf3903cd ] Request (QuotasAdminNegativeTest:tearDownClass): 204 DELETE http://10.180.1.21/identity/v3/users/d8c20404e3cd444ea4ebc5b6dfd6a074 0.182s
2025-11-19 05:53:54.396 66157 INFO tempest.lib.common.rest_client [req-57e451e7-0fa7-41c9-b3f6-64c4d5e1baa6 req-57e451e7-0fa7-41c9-b3f6-64c4d5e1baa6 ] Request (FlavorsExtraSpecsTestJSON:tearDownClass): 204 DELETE http://10.180.1.21/networking/v2.0/security-groups/82c45127-83a8-4eea-a607-225f98773586 0.226s
2025-11-19 05:53:54.524 66137 INFO tempest.lib.common.rest_client [req-d12d27f3-dba8-40bc-b9a8-4f9e924d251f req-d12d27f3-dba8-40bc-b9a8-4f9e924d251f ] Request (QuotasAdminNegativeTest:tearDownClass): 204 DELETE http://10.180.1.21/identity/v3/users/7702c84dcae84de59b2c6792bb33ef36 0.178s
2025-11-19 05:53:54.524 66137 INFO tempest.lib.common.dynamic_creds [-] Deleting project and security group for project: da3ad92a662b44c8b3428673e1311aa4
2025-11-19 05:53:54.527 66157 INFO tempest.lib.common.rest_client [req-231f94a6-2455-427c-8ce9-d75921094105 req-231f94a6-2455-427c-8ce9-d75921094105 ] Request (FlavorsExtraSpecsTestJSON:tearDownClass): 204 DELETE http://10.180.1.21/identity/v3/projects/f7e6f62be2704b6db2ce340e65c91601 0.130s
2025-11-19 05:53:54.545 66109 INFO tempest.lib.common.rest_client [req-8574297d-a34b-4967-93fc-bde7b62a9c01 req-8574297d-a34b-4967-93fc-bde7b62a9c01 ] Request (SecurityGroupRulesTestJSON:test_security_group_rules_delete_when_peer_group_deleted): 200 GET http://10.180.1.21/compute/v2.1/os-security-groups/ae3adadf-a5cf-4ddb-9f32-20013551d78b 5.105s
2025-11-19 05:53:54.564 66117 INFO tempest.lib.common.rest_client [req-9a6491e9-7ea0-4719-8035-c8ffa49a0223 req-9a6491e9-7ea0-4719-8035-c8ffa49a0223 ] Request (HypervisorAdminTestJSON:test_get_hypervisor_stats): 200 GET http://10.180.1.21/compute/v2.1/os-hypervisors/statistics 5.072s
2025-11-19 05:53:54.597 66137 INFO tempest.lib.common.rest_client [req-2765a63e-4030-42da-ae77-133fc2283c38 req-2765a63e-4030-42da-ae77-133fc2283c38 ] Request (QuotasAdminNegativeTest:tearDownClass): 201 POST http://10.180.1.21/identity/v3/auth/tokens 0.073s
2025-11-19 05:53:54.609 66157 INFO tempest.lib.common.rest_client [req-5791729a-7f9b-4d50-9e7d-2ae60234137a req-5791729a-7f9b-4d50-9e7d-2ae60234137a ] Request (AbsoluteLimitsNegativeTestJSON:setUpClass): 201 POST http://10.180.1.21/identity/v3/auth/tokens 0.080s
2025-11-19 05:53:54.664 66117 INFO tempest.lib.common.rest_client [req-ef3bcd35-6b29-47ee-ae0e-ef7134f4fd3a req-ef3bcd35-6b29-47ee-ae0e-ef7134f4fd3a ] Request (HypervisorAdminTestJSON:tearDownClass): 204 DELETE http://10.180.1.21/identity/v3/users/5e1f03a954fd424c8295eee3745a9d03 0.096s
2025-11-19 05:53:54.742 66157 INFO tempest.lib.common.rest_client [req-b71057eb-8366-4e68-89eb-69c127ad5b75 req-b71057eb-8366-4e68-89eb-69c127ad5b75 ] Request (AbsoluteLimitsNegativeTestJSON:setUpClass): 201 POST http://10.180.1.21/identity/v3/auth/tokens 0.127s
2025-11-19 05:53:54.781 66157 INFO tempest.lib.common.rest_client [req-72ab9f99-7ff4-4aee-b17f-9c2e05c3305e req-72ab9f99-7ff4-4aee-b17f-9c2e05c3305e ] Request (AbsoluteLimitsNegativeTestJSON:setUpClass): 200 GET http://10.180.1.21/identity/v3/domains?name=Default 0.039s
