2025-11-19 05:56:37.156 66115 WARNING tempest.lib.common.ssh [-] Failed to establish authenticated ssh connection to cirros@10.180.180.177 ([Errno None] Unable to connect to port 22 on 10.180.180.177). Number attempts: 3. Retry after 4 seconds.: paramiko.ssh_exception.NoValidConnectionsError: [Errno None] Unable to connect to port 22 on 10.180.180.177
2025-11-19 05:56:37.246 66105 INFO tempest.lib.common.rest_client [req-8397f4cd-5da6-4e67-ab0a-22e90881e5bf req-8397f4cd-5da6-4e67-ab0a-22e90881e5bf ] Request (ServerActionsTestOtherB:setUpClass): 200 GET http://10.180.1.21/compute/v2.1/servers/09a7273e-4693-4137-89f3-1759bc877839 0.137s
2025-11-19 05:56:37.247 66107 INFO tempest.lib.common.rest_client [req-00c277ca-ec08-4501-bb9f-84e3548a7394 req-00c277ca-ec08-4501-bb9f-84e3548a7394 ] Request (ServersAdminTestJSON:test_create_server_with_scheduling_hint): 200 GET http://10.180.1.21/compute/v2.1/servers/8e12f5ec-5f3c-4f83-8ee7-b66ae764757a 0.111s
2025-11-19 05:56:37.254 66105 INFO tempest.common.waiters [-] State transition "BUILD/spawning" ==> "ACTIVE/None" after 51 second wait
2025-11-19 05:56:37.299 66161 INFO tempest.lib.common.rest_client [req-4188a5d2-69ed-4f9c-ac44-96f16a30059e req-4188a5d2-69ed-4f9c-ac44-96f16a30059e ] Request (ServerGroupTestJSON:_run_cleanups): 200 GET http://10.180.1.21/compute/v2.1/servers/26aed783-bcde-4b9b-82eb-4ddf864bd962 0.128s
2025-11-19 05:56:37.311 66155 INFO tempest.lib.common.rest_client [req-876b2014-a61c-436a-b208-d5da660d4af6 req-876b2014-a61c-436a-b208-d5da660d4af6 ] Request (ServerAddressesTestJSON:tearDownClass): 200 GET http://10.180.1.21/compute/v2.1/servers/b7616098-8ee3-4120-a276-a1c613049369 0.095s
2025-11-19 05:56:37.354 66105 INFO tempest.lib.common.rest_client [req-8f320870-d7d2-40e6-9299-a4bde074499b req-8f320870-d7d2-40e6-9299-a4bde074499b ] Request (ServerActionsTestOtherB:setUpClass): 200 GET http://10.180.1.21/compute/v2.1/servers/09a7273e-4693-4137-89f3-1759bc877839/os-interface 0.100s
2025-11-19 05:56:37.372 66103 INFO tempest.lib.common.rest_client [req-8912bd8f-8803-4278-aafe-6186b5d558e2 req-8912bd8f-8803-4278-aafe-6186b5d558e2 ] Request (MultipleCreateTestJSON:test_multiple_create): 200 GET http://10.180.1.21/compute/v2.1/servers/59232f8e-1ed3-4452-8cd7-52ce7feadb2c 0.072s
2025-11-19 05:56:37.438 66151 INFO tempest.lib.common.rest_client [req-84029e02-5872-43f8-a764-66e6af32ac6d req-84029e02-5872-43f8-a764-66e6af32ac6d ] Request (AttachInterfacesV270Test:test_create_get_list_interfaces): 200 GET http://10.180.1.21/compute/v2.1/servers/71c87aec-d85e-4aad-bd4d-4203d22148a6 0.068s
2025-11-19 05:56:37.456 66119 INFO tempest.lib.common.rest_client [req-6a50852f-de81-435b-945d-a46496fe1b5f req-6a50852f-de81-435b-945d-a46496fe1b5f ] Request (ServersNegativeTestJSON:setUpClass): 200 GET http://10.180.1.21/compute/v2.1/servers/c74c9573-bcf0-4ed3-80f7-95a52f1179c5 0.126s
2025-11-19 05:56:37.513 66131 INFO tempest.lib.common.rest_client [req-7a265282-bf2d-43b5-85d4-42eb32725821 req-7a265282-bf2d-43b5-85d4-42eb32725821 ] Request (ServerActionsV293TestJSON:setUpClass): 200 GET http://10.180.1.21/compute/v2.1/servers/662aabd5-bcd1-4587-b15a-ecad79044619 0.119s
2025-11-19 05:56:37.526 66123 INFO tempest.lib.common.rest_client [req-970abd9f-ad29-4d14-8170-26d902e34d54 req-970abd9f-ad29-4d14-8170-26d902e34d54 ] Request (ServerActionsTestOtherA:test_rebuild_server_in_stop_state): 200 GET http://10.180.1.21/compute/v2.1/servers/343db5dc-b4c0-4b82-b992-7a774fe8c577 0.097s
2025-11-19 05:56:37.562 66163 INFO tempest.lib.common.rest_client [req-09607eb3-7147-4228-839e-f25d4f012f73 req-09607eb3-7147-4228-839e-f25d4f012f73 ] Request (ImagesTestJSON:test_create_image_from_suspended_server): 200 GET http://10.180.1.21/compute/v2.1/images/1bb4a5eb-49c9-4346-ba12-835a2265453a 0.061s
2025-11-19 05:56:37.567 66125 INFO tempest.lib.common.rest_client [req-dd90faba-3f1e-464f-9a75-992378769cc3 req-dd90faba-3f1e-464f-9a75-992378769cc3 ] Request (ServerAddressesNegativeTestJSON:setUpClass): 200 GET http://10.180.1.21/compute/v2.1/servers/12884788-6c8f-47ff-ba06-76a359dcc713 0.106s
2025-11-19 05:56:37.631 66153 INFO tempest.lib.common.rest_client [req-5c9f7827-ab44-4a1f-a662-285945eb5fa8 req-5c9f7827-ab44-4a1f-a662-285945eb5fa8 ] Request (ServersAdminNegativeTestJSON:test_migrate_server_invalid_state): 200 GET http://10.180.1.21/compute/v2.1/servers/0f02bdad-d799-4d06-99a3-7aacfb3aa003 0.063s
2025-11-19 05:56:37.644 66109 INFO tempest.lib.common.rest_client [req-09480f69-306f-4b68-91a3-c6446b2d994a req-09480f69-306f-4b68-91a3-c6446b2d994a ] Request (ServersTestFqdnHostnames:tearDownClass): 200 GET http://10.180.1.21/compute/v2.1/servers/6df68c07-5c80-42c7-8e52-80e85ba4e6d2 0.133s
2025-11-19 05:56:37.692 66127 INFO tempest.lib.common.rest_client [req-5b16fdd5-6218-410d-a7fe-5c5b11d6c84c req-5b16fdd5-6218-410d-a7fe-5c5b11d6c84c ] Request (ImagesOneServerNegativeTestJSON:setUpClass): 200 GET http://10.180.1.21/compute/v2.1/servers/1d63f76a-fa6f-47d9-8656-02a0d510b169 0.110s
2025-11-19 05:56:37.705 66135 INFO tempest.lib.common.rest_client [req-4948d1e2-e9c2-40b4-8a39-be3281b691cc req-4948d1e2-e9c2-40b4-8a39-be3281b691cc ] Request (ServerMetadataTestJSON:tearDownClass): 200 GET http://10.180.1.21/compute/v2.1/servers/ab7be103-cf63-4bb2-a234-09efd3a4d658 0.069s
2025-11-19 05:56:37.814 66117 INFO tempest.lib.common.rest_client [req-26d9e885-eae2-4cac-8402-a0d99f1653de req-26d9e885-eae2-4cac-8402-a0d99f1653de ] Request (DeleteServersTestJSON:test_delete_server_while_in_attached_volume): 200 GET http://10.180.1.21/compute/v2.1/servers/0a602a1e-fccd-4940-aa24-c45597b235dd 0.067s
2025-11-19 05:56:37.879 66143 INFO tempest.lib.common.rest_client [req-d567044d-0e6f-436b-90fa-bd79058d7120 req-d567044d-0e6f-436b-90fa-bd79058d7120 ] Request (ServerDiskConfigTestJSON:test_resize_server_from_auto_to_manual): 200 GET http://10.180.1.21/compute/v2.1/servers/a2104721-aaf0-49c3-8619-1f5d9dd8c22b 0.107s
2025-11-19 05:56:37.902 66111 INFO tempest.lib.common.rest_client [req-680c6e0e-697a-40c5-8817-20450aab988f req-680c6e0e-697a-40c5-8817-20450aab988f ] Request (SecurityGroupsTestJSON:test_list_security_groups_by_server): 200 GET http://10.180.1.21/compute/v2.1/servers/8211e6b8-92a8-411c-9336-450ab923a630 0.106s
2025-11-19 05:56:37.905 66105 INFO tempest.lib.common.rest_client [req-9d606eaf-0440-4e78-bc39-5189592e60fc req-9d606eaf-0440-4e78-bc39-5189592e60fc ] Request (ServerActionsTestOtherB:setUpClass): 200 PUT http://10.180.1.21/networking/v2.0/floatingips/9e31964f-ddfe-4e57-a505-03b21c9271eb 0.548s
2025-11-19 05:56:37.907 66105 INFO tempest.lib.common.ssh [-] Creating ssh connection to '10.180.180.185:22' as 'cirros' with public key authentication
2025-11-19 05:56:37.936 66145 INFO tempest.lib.common.rest_client [req-e1354997-c01f-4021-909b-93b8f82119d2 req-e1354997-c01f-4021-909b-93b8f82119d2 ] Request (ListServerFiltersTestJSON:setUpClass): 200 GET http://10.180.1.21/compute/v2.1/servers/e4f344cb-bfe8-440a-ac0b-f80457929513 0.106s
2025-11-19 05:56:37.950 66113 INFO tempest.lib.common.rest_client [req-45ea9662-c6d9-4da6-b977-84fe100492de req-45ea9662-c6d9-4da6-b977-84fe100492de ] Request (ServerRescueNegativeTestJSON:setUpClass): 200 GET http://10.180.1.21/compute/v2.1/servers/e9e3901a-47fa-4246-bbe7-ca8105859f9b 0.102s
2025-11-19 05:56:38.146 66101 INFO tempest.lib.common.rest_client [req-26f7eacf-36bf-443b-b8fd-64307a81dcb4 req-26f7eacf-36bf-443b-b8fd-64307a81dcb4 ] Request (MigrationsAdminTest:test_resize_server_revert_deleted_flavor): 200 GET http://10.180.1.21/compute/v2.1/servers/1361a0fd-0837-4477-bfae-7a826d25ced8 0.103s
2025-11-19 05:56:38.204 66159 INFO tempest.lib.common.rest_client [req-c3f11bef-a3cf-4c22-bddd-4f0376eb18be req-c3f11bef-a3cf-4c22-bddd-4f0376eb18be ] Request (AttachVolumeNegativeTest:test_attach_attached_volume_to_different_server): 200 GET http://10.180.1.21/compute/v2.1/servers/543d6f59-60a4-4056-b6c4-67ef50fe32a5 0.139s
2025-11-19 05:56:38.211 66147 INFO tempest.lib.common.rest_client [req-2238f453-9798-4c73-b05d-2ae8c6642202 req-2238f453-9798-4c73-b05d-2ae8c6642202 ] Request (ServerRescueTestJSON:tearDownClass): 200 GET http://10.180.1.21/compute/v2.1/servers/eff3ab4d-e521-4052-b21e-3b6e19b87422 0.102s
2025-11-19 05:56:38.366 66107 INFO tempest.lib.common.rest_client [req-0b5db610-27f6-412e-99aa-40ac9d541f48 req-0b5db610-27f6-412e-99aa-40ac9d541f48 ] Request (ServersAdminTestJSON:test_create_server_with_scheduling_hint): 200 GET http://10.180.1.21/compute/v2.1/servers/8e12f5ec-5f3c-4f83-8ee7-b66ae764757a 0.111s
2025-11-19 05:56:38.383 66161 INFO tempest.lib.common.rest_client [req-a9b3f6ac-da3c-4e67-bd2d-6737b54a209f req-a9b3f6ac-da3c-4e67-bd2d-6737b54a209f ] Request (ServerGroupTestJSON:_run_cleanups): 200 GET http://10.180.1.21/compute/v2.1/servers/26aed783-bcde-4b9b-82eb-4ddf864bd962 0.076s
2025-11-19 05:56:38.445 66103 INFO tempest.lib.common.rest_client [req-5cf4ca16-84a0-41f6-939a-da50f8237927 req-5cf4ca16-84a0-41f6-939a-da50f8237927 ] Request (MultipleCreateTestJSON:test_multiple_create): 200 GET http://10.180.1.21/compute/v2.1/servers/59232f8e-1ed3-4452-8cd7-52ce7feadb2c 0.065s
2025-11-19 05:56:38.445 66155 INFO tempest.lib.common.rest_client [req-14cb1cf8-ca1b-4e6b-b6c9-e685be89ec40 req-14cb1cf8-ca1b-4e6b-b6c9-e685be89ec40 ] Request (ServerAddressesTestJSON:tearDownClass): 200 GET http://10.180.1.21/compute/v2.1/servers/b7616098-8ee3-4120-a276-a1c613049369 0.126s
2025-11-19 05:56:38.548 66151 INFO tempest.lib.common.rest_client [req-fb1b7fd6-bf7c-478e-804e-fddc4ee80f06 req-fb1b7fd6-bf7c-478e-804e-fddc4ee80f06 ] Request (AttachInterfacesV270Test:test_create_get_list_interfaces): 200 GET http://10.180.1.21/compute/v2.1/servers/71c87aec-d85e-4aad-bd4d-4203d22148a6 0.097s
2025-11-19 05:56:38.627 66119 INFO tempest.lib.common.rest_client [req-bfc20851-0f31-487d-afa5-56e61a9587da req-bfc20851-0f31-487d-afa5-56e61a9587da ] Request (ServersNegativeTestJSON:setUpClass): 200 GET http://10.180.1.21/compute/v2.1/servers/c74c9573-bcf0-4ed3-80f7-95a52f1179c5 0.160s
2025-11-19 05:56:38.651 66131 INFO tempest.lib.common.rest_client [req-1704afdd-8f67-4559-96fb-ab803c51cfa5 req-1704afdd-8f67-4559-96fb-ab803c51cfa5 ] Request (ServerActionsV293TestJSON:setUpClass): 200 GET http://10.180.1.21/compute/v2.1/servers/662aabd5-bcd1-4587-b15a-ecad79044619 0.126s
2025-11-19 05:56:38.702 66163 INFO tempest.lib.common.rest_client [req-2d64cac1-936c-4cf4-9f17-54e277335e8e req-2d64cac1-936c-4cf4-9f17-54e277335e8e ] Request (ImagesTestJSON:test_create_image_from_suspended_server): 200 GET http://10.180.1.21/compute/v2.1/images/1bb4a5eb-49c9-4346-ba12-835a2265453a 0.134s
2025-11-19 05:56:38.710 66123 INFO tempest.lib.common.rest_client [req-0347d247-ffd8-412e-8d5b-1bf7a4b0e6ec req-0347d247-ffd8-412e-8d5b-1bf7a4b0e6ec ] Request (ServerActionsTestOtherA:test_rebuild_server_in_stop_state): 200 GET http://10.180.1.21/compute/v2.1/servers/343db5dc-b4c0-4b82-b992-7a774fe8c577 0.174s
2025-11-19 05:56:38.762 66125 INFO tempest.lib.common.rest_client [req-6349bb8f-01a1-460d-96e4-dd7fb11d7185 req-6349bb8f-01a1-460d-96e4-dd7fb11d7185 ] Request (ServerAddressesNegativeTestJSON:setUpClass): 200 GET http://10.180.1.21/compute/v2.1/servers/12884788-6c8f-47ff-ba06-76a359dcc713 0.186s
2025-11-19 05:56:38.778 66153 INFO tempest.lib.common.rest_client [req-1d3c5f34-edb3-4ef5-a243-361fea3aa332 req-1d3c5f34-edb3-4ef5-a243-361fea3aa332 ] Request (ServersAdminNegativeTestJSON:test_migrate_server_invalid_state): 200 GET http://10.180.1.21/compute/v2.1/servers/0f02bdad-d799-4d06-99a3-7aacfb3aa003 0.137s
2025-11-19 05:56:38.832 66109 INFO tempest.lib.common.rest_client [req-c5d6bfc4-dd6a-41b1-bf62-5f9fe5844726 req-c5d6bfc4-dd6a-41b1-bf62-5f9fe5844726 ] Request (ServersTestFqdnHostnames:tearDownClass): 200 GET http://10.180.1.21/compute/v2.1/servers/6df68c07-5c80-42c7-8e52-80e85ba4e6d2 0.180s
2025-11-19 05:56:38.846 66127 INFO tempest.lib.common.rest_client [req-c9706a4b-9f70-4d37-ba4e-88c02ae83271 req-c9706a4b-9f70-4d37-ba4e-88c02ae83271 ] Request (ImagesOneServerNegativeTestJSON:setUpClass): 200 GET http://10.180.1.21/compute/v2.1/servers/1d63f76a-fa6f-47d9-8656-02a0d510b169 0.146s
2025-11-19 05:56:38.891 66135 INFO tempest.lib.common.rest_client [req-26e4c1ea-28ed-4623-a62c-92507d9d4d03 req-26e4c1ea-28ed-4623-a62c-92507d9d4d03 ] Request (ServerMetadataTestJSON:tearDownClass): 200 GET http://10.180.1.21/compute/v2.1/servers/ab7be103-cf63-4bb2-a234-09efd3a4d658 0.177s
2025-11-19 05:56:38.904 66117 INFO tempest.lib.common.rest_client [req-20022913-8e53-4a7e-b798-93e8e495538a req-20022913-8e53-4a7e-b798-93e8e495538a ] Request (DeleteServersTestJSON:test_delete_server_while_in_attached_volume): 200 GET http://10.180.1.21/compute/v2.1/servers/0a602a1e-fccd-4940-aa24-c45597b235dd 0.081s
2025-11-19 05:56:38.962 66111 INFO tempest.lib.common.rest_client [req-0cdfe32c-5fda-4fbe-9efa-699af704bbcf req-0cdfe32c-5fda-4fbe-9efa-699af704bbcf ] Request (SecurityGroupsTestJSON:test_list_security_groups_by_server): 200 GET http://10.180.1.21/compute/v2.1/servers/8211e6b8-92a8-411c-9336-450ab923a630 0.052s
2025-11-19 05:56:38.969 66111 INFO tempest.common.waiters [-] State transition "BUILD/scheduling" ==> "BUILD/None" after 28 second wait
2025-11-19 05:56:39.018 66145 INFO tempest.lib.common.rest_client [req-073b6b33-fa02-450f-be37-92d84ce9b276 req-073b6b33-fa02-450f-be37-92d84ce9b276 ] Request (ListServerFiltersTestJSON:setUpClass): 200 GET http://10.180.1.21/compute/v2.1/servers/e4f344cb-bfe8-440a-ac0b-f80457929513 0.072s
2025-11-19 05:56:39.022 66143 INFO tempest.lib.common.rest_client [req-a31a3edb-d4f6-44b0-9368-56524b6a6768 req-a31a3edb-d4f6-44b0-9368-56524b6a6768 ] Request (ServerDiskConfigTestJSON:test_resize_server_from_auto_to_manual): 200 GET http://10.180.1.21/compute/v2.1/servers/a2104721-aaf0-49c3-8619-1f5d9dd8c22b 0.132s
2025-11-19 05:56:39.079 66113 INFO tempest.lib.common.rest_client [req-1bf8b46c-264e-4b9e-9a25-d5b616c8c91f req-1bf8b46c-264e-4b9e-9a25-d5b616c8c91f ] Request (ServerRescueNegativeTestJSON:setUpClass): 200 GET http://10.180.1.21/compute/v2.1/servers/e9e3901a-47fa-4246-bbe7-ca8105859f9b 0.121s
2025-11-19 05:56:39.262 66101 INFO tempest.lib.common.rest_client [req-197a71ea-e56f-46c8-bed3-e8f146879399 req-197a71ea-e56f-46c8-bed3-e8f146879399 ] Request (MigrationsAdminTest:test_resize_server_revert_deleted_flavor): 200 GET http://10.180.1.21/compute/v2.1/servers/1361a0fd-0837-4477-bfae-7a826d25ced8 0.108s
2025-11-19 05:56:39.324 66159 INFO tempest.lib.common.rest_client [req-acaa9108-de26-45bf-a231-865e2eb8e2c0 req-acaa9108-de26-45bf-a231-865e2eb8e2c0 ] Request (AttachVolumeNegativeTest:test_attach_attached_volume_to_different_server): 200 GET http://10.180.1.21/compute/v2.1/servers/543d6f59-60a4-4056-b6c4-67ef50fe32a5 0.107s
2025-11-19 05:56:39.336 66147 INFO tempest.lib.common.rest_client [req-94f0c3c8-05ab-4188-8350-c0671ba6e410 req-94f0c3c8-05ab-4188-8350-c0671ba6e410 ] Request (ServerRescueTestJSON:tearDownClass): 200 GET http://10.180.1.21/compute/v2.1/servers/eff3ab4d-e521-4052-b21e-3b6e19b87422 0.113s
2025-11-19 05:56:39.463 66161 INFO tempest.lib.common.rest_client [req-bc0739ef-4b24-4396-b3ea-2ef6a644e6e8 req-bc0739ef-4b24-4396-b3ea-2ef6a644e6e8 ] Request (ServerGroupTestJSON:_run_cleanups): 200 GET http://10.180.1.21/compute/v2.1/servers/26aed783-bcde-4b9b-82eb-4ddf864bd962 0.066s
2025-11-19 05:56:39.509 66107 INFO tempest.lib.common.rest_client [req-eecf6c15-4e14-4c4b-b10f-e0f0a458946e req-eecf6c15-4e14-4c4b-b10f-e0f0a458946e ] Request (ServersAdminTestJSON:test_create_server_with_scheduling_hint): 200 GET http://10.180.1.21/compute/v2.1/servers/8e12f5ec-5f3c-4f83-8ee7-b66ae764757a 0.134s
2025-11-19 05:56:39.537 66155 INFO tempest.lib.common.rest_client [req-cf2c22a6-3150-436c-80e9-8d9966e60471 req-cf2c22a6-3150-436c-80e9-8d9966e60471 ] Request (ServerAddressesTestJSON:tearDownClass): 200 GET http://10.180.1.21/compute/v2.1/servers/b7616098-8ee3-4120-a276-a1c613049369 0.083s
2025-11-19 05:56:39.563 66103 INFO tempest.lib.common.rest_client [req-117410ab-23aa-4ba7-aa64-ea53f667fab0 req-117410ab-23aa-4ba7-aa64-ea53f667fab0 ] Request (MultipleCreateTestJSON:test_multiple_create): 200 GET http://10.180.1.21/compute/v2.1/servers/59232f8e-1ed3-4452-8cd7-52ce7feadb2c 0.108s
2025-11-19 05:56:39.612 66151 INFO tempest.lib.common.rest_client [req-004c3708-1481-4219-85b6-05ebca3fc756 req-004c3708-1481-4219-85b6-05ebca3fc756 ] Request (AttachInterfacesV270Test:test_create_get_list_interfaces): 200 GET http://10.180.1.21/compute/v2.1/servers/71c87aec-d85e-4aad-bd4d-4203d22148a6 0.053s
2025-11-19 05:56:39.729 66131 INFO tempest.lib.common.rest_client [req-736fa708-eb77-4118-8934-c38219aadabe req-736fa708-eb77-4118-8934-c38219aadabe ] Request (ServerActionsV293TestJSON:setUpClass): 200 GET http://10.180.1.21/compute/v2.1/servers/662aabd5-bcd1-4587-b15a-ecad79044619 0.063s
2025-11-19 05:56:39.750 66119 INFO tempest.lib.common.rest_client [req-0e6e468b-4b48-4e50-8647-998173273150 req-0e6e468b-4b48-4e50-8647-998173273150 ] Request (ServersNegativeTestJSON:setUpClass): 200 GET http://10.180.1.21/compute/v2.1/servers/c74c9573-bcf0-4ed3-80f7-95a52f1179c5 0.113s
2025-11-19 05:56:39.757 66119 INFO tempest.common.waiters [-] State transition "BUILD/spawning" ==> "ACTIVE/None" after 53 second wait
2025-11-19 05:56:39.761 66163 INFO tempest.lib.common.rest_client [req-de60ccc1-3c1c-4a2d-8b8a-c111d8d1add9 req-de60ccc1-3c1c-4a2d-8b8a-c111d8d1add9 ] Request (ImagesTestJSON:test_create_image_from_suspended_server): 200 GET http://10.180.1.21/compute/v2.1/images/1bb4a5eb-49c9-4346-ba12-835a2265453a 0.055s
2025-11-19 05:56:39.805 66123 INFO tempest.lib.common.rest_client [req-34de0c97-29bb-47eb-ab0a-30361458d2ff req-34de0c97-29bb-47eb-ab0a-30361458d2ff ] Request (ServerActionsTestOtherA:test_rebuild_server_in_stop_state): 200 GET http://10.180.1.21/compute/v2.1/servers/343db5dc-b4c0-4b82-b992-7a774fe8c577 0.088s
2025-11-19 05:56:39.835 66119 INFO tempest.lib.common.rest_client [req-62644746-9aba-474b-86e4-96d0bb7bf38c req-62644746-9aba-474b-86e4-96d0bb7bf38c ] Request (ServersNegativeTestJSON:setUpClass): 204 DELETE http://10.180.1.21/compute/v2.1/servers/c74c9573-bcf0-4ed3-80f7-95a52f1179c5 0.077s
2025-11-19 05:56:39.869 66125 INFO tempest.lib.common.rest_client [req-91b4e641-dd00-42a7-b114-502ba6586849 req-91b4e641-dd00-42a7-b114-502ba6586849 ] Request (ServerAddressesNegativeTestJSON:setUpClass): 200 GET http://10.180.1.21/compute/v2.1/servers/12884788-6c8f-47ff-ba06-76a359dcc713 0.099s
2025-11-19 05:56:39.888 66153 INFO tempest.lib.common.rest_client [req-e3eb9e3f-d9ca-4efc-8609-07d77f92fb56 req-e3eb9e3f-d9ca-4efc-8609-07d77f92fb56 ] Request (ServersAdminNegativeTestJSON:test_migrate_server_invalid_state): 200 GET http://10.180.1.21/compute/v2.1/servers/0f02bdad-d799-4d06-99a3-7aacfb3aa003 0.099s
2025-11-19 05:56:39.945 66109 INFO tempest.lib.common.rest_client [req-0451870b-bd6d-4a4c-a221-3cfd57fbb2ab req-0451870b-bd6d-4a4c-a221-3cfd57fbb2ab ] Request (ServersTestFqdnHostnames:tearDownClass): 200 GET http://10.180.1.21/compute/v2.1/servers/6df68c07-5c80-42c7-8e52-80e85ba4e6d2 0.104s
2025-11-19 05:56:39.980 66119 INFO tempest.lib.common.rest_client [req-6d3c5bc4-fa74-45fd-a934-f677aecb5046 req-6d3c5bc4-fa74-45fd-a934-f677aecb5046 ] Request (ServersNegativeTestJSON:setUpClass): 200 GET http://10.180.1.21/compute/v2.1/servers/c74c9573-bcf0-4ed3-80f7-95a52f1179c5 0.145s
2025-11-19 05:56:39.994 66127 INFO tempest.lib.common.rest_client [req-794fc0a0-f609-4f4b-a2d8-878b71eeba79 req-794fc0a0-f609-4f4b-a2d8-878b71eeba79 ] Request (ImagesOneServerNegativeTestJSON:setUpClass): 200 GET http://10.180.1.21/compute/v2.1/servers/1d63f76a-fa6f-47d9-8656-02a0d510b169 0.136s
2025-11-19 05:56:40.004 66135 INFO tempest.lib.common.rest_client [req-1a1739bc-bbef-48e9-ae10-5a161f2db1de req-1a1739bc-bbef-48e9-ae10-5a161f2db1de ] Request (ServerMetadataTestJSON:tearDownClass): 404 GET http://10.180.1.21/compute/v2.1/servers/ab7be103-cf63-4bb2-a234-09efd3a4d658 0.105s
2025-11-19 05:56:40.061 66111 INFO tempest.lib.common.rest_client [req-b04cb019-d3f2-40a1-955c-08a16377e8ef req-b04cb019-d3f2-40a1-955c-08a16377e8ef ] Request (SecurityGroupsTestJSON:test_list_security_groups_by_server): 200 GET http://10.180.1.21/compute/v2.1/servers/8211e6b8-92a8-411c-9336-450ab923a630 0.091s
2025-11-19 05:56:40.081 66117 INFO tempest.lib.common.rest_client [req-d87268f2-eb85-4f48-beae-df3ac4180b0c req-d87268f2-eb85-4f48-beae-df3ac4180b0c ] Request (DeleteServersTestJSON:test_delete_server_while_in_attached_volume): 200 GET http://10.180.1.21/compute/v2.1/servers/0a602a1e-fccd-4940-aa24-c45597b235dd 0.169s
2025-11-19 05:56:40.121 66145 INFO tempest.lib.common.rest_client [req-8007077a-8880-4acd-808d-9659c1666cac req-8007077a-8880-4acd-808d-9659c1666cac ] Request (ListServerFiltersTestJSON:setUpClass): 200 GET http://10.180.1.21/compute/v2.1/servers/e4f344cb-bfe8-440a-ac0b-f80457929513 0.092s
2025-11-19 05:56:40.175 66113 INFO tempest.lib.common.rest_client [req-710f7be1-9344-4984-9f0b-e7f20abe7ed9 req-710f7be1-9344-4984-9f0b-e7f20abe7ed9 ] Request (ServerRescueNegativeTestJSON:setUpClass): 200 GET http://10.180.1.21/compute/v2.1/servers/e9e3901a-47fa-4246-bbe7-ca8105859f9b 0.085s
2025-11-19 05:56:40.199 66143 INFO tempest.lib.common.rest_client [req-977fae5d-b590-4afd-86a4-79f2f8795035 req-977fae5d-b590-4afd-86a4-79f2f8795035 ] Request (ServerDiskConfigTestJSON:test_resize_server_from_auto_to_manual): 200 GET http://10.180.1.21/compute/v2.1/servers/a2104721-aaf0-49c3-8619-1f5d9dd8c22b 0.167s
2025-11-19 05:56:40.396 66101 INFO tempest.lib.common.rest_client [req-dd5742e3-a51e-4480-824c-2df44aa3faf3 req-dd5742e3-a51e-4480-824c-2df44aa3faf3 ] Request (MigrationsAdminTest:test_resize_server_revert_deleted_flavor): 200 GET http://10.180.1.21/compute/v2.1/servers/1361a0fd-0837-4477-bfae-7a826d25ced8 0.123s
2025-11-19 05:56:40.405 66101 INFO tempest.common.waiters [-] State transition "RESIZE/resize_prep" ==> "RESIZE/resize_migrating" after 35 second wait
2025-11-19 05:56:40.480 66159 INFO tempest.lib.common.rest_client [req-6e2b452c-5cf2-4f0f-8e48-c5c6a20ce56e req-6e2b452c-5cf2-4f0f-8e48-c5c6a20ce56e ] Request (AttachVolumeNegativeTest:test_attach_attached_volume_to_different_server): 200 GET http://10.180.1.21/compute/v2.1/servers/543d6f59-60a4-4056-b6c4-67ef50fe32a5 0.148s
2025-11-19 05:56:40.498 66147 INFO tempest.lib.common.rest_client [req-93d71f76-4113-4f18-a51f-8c23a47571c9 req-93d71f76-4113-4f18-a51f-8c23a47571c9 ] Request (ServerRescueTestJSON:tearDownClass): 200 GET http://10.180.1.21/compute/v2.1/servers/eff3ab4d-e521-4052-b21e-3b6e19b87422 0.154s
2025-11-19 05:56:40.565 66161 INFO tempest.lib.common.rest_client [req-0388e1ef-1901-422a-8ff4-3e5f87043fca req-0388e1ef-1901-422a-8ff4-3e5f87043fca ] Request (ServerGroupTestJSON:_run_cleanups): 200 GET http://10.180.1.21/compute/v2.1/servers/26aed783-bcde-4b9b-82eb-4ddf864bd962 0.092s
2025-11-19 05:56:40.681 66155 INFO tempest.lib.common.rest_client [req-21bb4b99-ede0-4d03-8c7c-c53e0d7557da req-21bb4b99-ede0-4d03-8c7c-c53e0d7557da ] Request (ServerAddressesTestJSON:tearDownClass): 200 GET http://10.180.1.21/compute/v2.1/servers/b7616098-8ee3-4120-a276-a1c613049369 0.136s
2025-11-19 05:56:40.707 66107 INFO tempest.lib.common.rest_client [req-df35ef2a-2569-4c14-9d0c-a4564e7cef09 req-df35ef2a-2569-4c14-9d0c-a4564e7cef09 ] Request (ServersAdminTestJSON:test_create_server_with_scheduling_hint): 200 GET http://10.180.1.21/compute/v2.1/servers/8e12f5ec-5f3c-4f83-8ee7-b66ae764757a 0.189s
2025-11-19 05:56:40.745 66103 INFO tempest.lib.common.rest_client [req-d871226d-18db-4a9f-ab24-16db8ccafaab req-d871226d-18db-4a9f-ab24-16db8ccafaab ] Request (MultipleCreateTestJSON:test_multiple_create): 200 GET http://10.180.1.21/compute/v2.1/servers/59232f8e-1ed3-4452-8cd7-52ce7feadb2c 0.173s
2025-11-19 05:56:40.763 66151 INFO tempest.lib.common.rest_client [req-103e8579-ffab-45f6-97e2-28cd5c3fc49f req-103e8579-ffab-45f6-97e2-28cd5c3fc49f ] Request (AttachInterfacesV270Test:test_create_get_list_interfaces): 200 GET http://10.180.1.21/compute/v2.1/servers/71c87aec-d85e-4aad-bd4d-4203d22148a6 0.141s
2025-11-19 05:56:40.801 66163 INFO tempest.lib.common.rest_client [req-f8af3e1d-b709-488e-95d2-2dcc664c42b9 req-f8af3e1d-b709-488e-95d2-2dcc664c42b9 ] Request (ImagesTestJSON:test_create_image_from_suspended_server): 200 GET http://10.180.1.21/compute/v2.1/images/1bb4a5eb-49c9-4346-ba12-835a2265453a 0.036s
2025-11-19 05:56:40.813 66131 INFO tempest.lib.common.rest_client [req-4d8481f1-a635-4677-beb5-7108032391b0 req-4d8481f1-a635-4677-beb5-7108032391b0 ] Request (ServerActionsV293TestJSON:setUpClass): 200 GET http://10.180.1.21/compute/v2.1/servers/662aabd5-bcd1-4587-b15a-ecad79044619 0.074s
2025-11-19 05:56:40.821 66135 INFO tempest.lib.common.rest_client [req-dc0f7acd-5a18-4846-b44e-8bb0bc3df97a req-dc0f7acd-5a18-4846-b44e-8bb0bc3df97a ] Request (ServerMetadataTestJSON:tearDownClass): 200 PUT http://10.180.1.21/networking/v2.0/routers/3a37c9f2-0436-4d3a-a961-9b8e5c8976e9/remove_router_interface 0.816s
2025-11-19 05:56:40.880 66123 INFO tempest.lib.common.rest_client [req-9347a53d-45ab-4398-8950-472dc634bb7a req-9347a53d-45ab-4398-8950-472dc634bb7a ] Request (ServerActionsTestOtherA:test_rebuild_server_in_stop_state): 200 GET http://10.180.1.21/compute/v2.1/servers/343db5dc-b4c0-4b82-b992-7a774fe8c577 0.063s
2025-11-19 05:56:40.943 66125 INFO tempest.lib.common.rest_client [req-c48b746b-e7fb-4eef-90fa-56bbda702447 req-c48b746b-e7fb-4eef-90fa-56bbda702447 ] Request (ServerAddressesNegativeTestJSON:setUpClass): 200 GET http://10.180.1.21/compute/v2.1/servers/12884788-6c8f-47ff-ba06-76a359dcc713 0.064s
2025-11-19 05:56:40.959 66153 INFO tempest.lib.common.rest_client [req-2d57c28d-e148-4b78-b74c-60b4703c087f req-2d57c28d-e148-4b78-b74c-60b4703c087f ] Request (ServersAdminNegativeTestJSON:test_migrate_server_invalid_state): 200 GET http://10.180.1.21/compute/v2.1/servers/0f02bdad-d799-4d06-99a3-7aacfb3aa003 0.062s
2025-11-19 05:56:41.078 66109 INFO tempest.lib.common.rest_client [req-f5024714-6211-4286-aaaf-9b84602b93ee req-f5024714-6211-4286-aaaf-9b84602b93ee ] Request (ServersTestFqdnHostnames:tearDownClass): 200 GET http://10.180.1.21/compute/v2.1/servers/6df68c07-5c80-42c7-8e52-80e85ba4e6d2 0.125s
2025-11-19 05:56:41.237 66127 INFO tempest.lib.common.rest_client [req-da77e533-06a4-4e4a-af72-1cb96c04ae28 req-da77e533-06a4-4e4a-af72-1cb96c04ae28 ] Request (ImagesOneServerNegativeTestJSON:setUpClass): 200 GET http://10.180.1.21/compute/v2.1/servers/1d63f76a-fa6f-47d9-8656-02a0d510b169 0.236s
2025-11-19 05:56:41.269 66119 INFO tempest.lib.common.rest_client [req-b4b554f0-e656-48a0-be3c-c981e17007d3 req-b4b554f0-e656-48a0-be3c-c981e17007d3 ] Request (ServersNegativeTestJSON:setUpClass): 200 GET http://10.180.1.21/compute/v2.1/servers/c74c9573-bcf0-4ed3-80f7-95a52f1179c5 0.280s
2025-11-19 05:56:41.304 66135 INFO tempest.lib.common.rest_client [req-b841fe16-d15d-49ea-b1c2-4814380f75c6 req-b841fe16-d15d-49ea-b1c2-4814380f75c6 ] Request (ServerMetadataTestJSON:tearDownClass): 204 DELETE http://10.180.1.21/networking/v2.0/routers/3a37c9f2-0436-4d3a-a961-9b8e5c8976e9 0.482s
2025-11-19 05:56:41.315 66111 INFO tempest.lib.common.rest_client [req-9a143039-238e-45cd-b796-26c2b884eb58 req-9a143039-238e-45cd-b796-26c2b884eb58 ] Request (SecurityGroupsTestJSON:test_list_security_groups_by_server): 200 GET http://10.180.1.21/compute/v2.1/servers/8211e6b8-92a8-411c-9336-450ab923a630 0.246s
2025-11-19 05:56:41.362 66117 INFO tempest.lib.common.rest_client [req-807db701-af36-47c6-b5cf-d5f631a1cfc0 req-807db701-af36-47c6-b5cf-d5f631a1cfc0 ] Request (DeleteServersTestJSON:test_delete_server_while_in_attached_volume): 200 GET http://10.180.1.21/compute/v2.1/servers/0a602a1e-fccd-4940-aa24-c45597b235dd 0.269s
2025-11-19 05:56:41.448 66145 INFO tempest.lib.common.rest_client [req-5639ca73-8438-4520-a4c6-f49f32ddcbce req-5639ca73-8438-4520-a4c6-f49f32ddcbce ] Request (ListServerFiltersTestJSON:setUpClass): 200 GET http://10.180.1.21/compute/v2.1/servers/e4f344cb-bfe8-440a-ac0b-f80457929513 0.311s
2025-11-19 05:56:41.473 66135 INFO tempest.lib.common.rest_client [req-0d319e10-6ff3-4f5d-8e56-0a3f0fb9047d req-0d319e10-6ff3-4f5d-8e56-0a3f0fb9047d ] Request (ServerMetadataTestJSON:tearDownClass): 204 DELETE http://10.180.1.21/networking/v2.0/subnets/2cf52831-a0df-4c6e-b65c-a4aeffade64d 0.169s
2025-11-19 05:56:41.475 66113 INFO tempest.lib.common.rest_client [req-26f5fa60-463d-4f75-b676-b2c8c68f1178 req-26f5fa60-463d-4f75-b676-b2c8c68f1178 ] Request (ServerRescueNegativeTestJSON:setUpClass): 200 GET http://10.180.1.21/compute/v2.1/servers/e9e3901a-47fa-4246-bbe7-ca8105859f9b 0.290s
2025-11-19 05:56:41.486 66113 INFO tempest.common.waiters [-] State transition "BUILD/scheduling" ==> "BUILD/None" after 27 second wait
2025-11-19 05:56:41.698 66143 INFO tempest.lib.common.rest_client [req-47c071eb-d1d7-4d5a-b1ff-1d64d1c6b04c req-47c071eb-d1d7-4d5a-b1ff-1d64d1c6b04c ] Request (ServerDiskConfigTestJSON:test_resize_server_from_auto_to_manual): 200 GET http://10.180.1.21/compute/v2.1/servers/a2104721-aaf0-49c3-8619-1f5d9dd8c22b 0.490s
2025-11-19 05:56:41.729 66101 INFO tempest.lib.common.rest_client [req-2abae2ae-1aeb-4f37-8ca0-cdd971573fe8 req-2abae2ae-1aeb-4f37-8ca0-cdd971573fe8 ] Request (MigrationsAdminTest:test_resize_server_revert_deleted_flavor): 200 GET http://10.180.1.21/compute/v2.1/servers/1361a0fd-0837-4477-bfae-7a826d25ced8 0.323s
2025-11-19 05:56:41.837 66135 INFO tempest.lib.common.rest_client [req-80b7e7e7-889a-484f-a371-011ebe297bb7 req-80b7e7e7-889a-484f-a371-011ebe297bb7 ] Request (ServerMetadataTestJSON:tearDownClass): 204 DELETE http://10.180.1.21/networking/v2.0/networks/e01b480e-ae74-43d9-8009-0bc53f16afcc 0.363s
2025-11-19 05:56:41.847 66147 INFO tempest.lib.common.rest_client [req-ba23bd35-caa2-4e5d-b67e-0876617469e7 req-ba23bd35-caa2-4e5d-b67e-0876617469e7 ] Request (ServerRescueTestJSON:tearDownClass): 200 GET http://10.180.1.21/compute/v2.1/servers/eff3ab4d-e521-4052-b21e-3b6e19b87422 0.339s
2025-11-19 05:56:41.885 66159 INFO tempest.lib.common.rest_client [req-187da0cd-b4e8-4530-9eb4-ac14ea15cbca req-187da0cd-b4e8-4530-9eb4-ac14ea15cbca ] Request (AttachVolumeNegativeTest:test_attach_attached_volume_to_different_server): 200 GET http://10.180.1.21/compute/v2.1/servers/543d6f59-60a4-4056-b6c4-67ef50fe32a5 0.396s
2025-11-19 05:56:41.912 66161 INFO tempest.lib.common.rest_client [req-79935453-c693-4e3a-a289-c1dbf5319856 req-79935453-c693-4e3a-a289-c1dbf5319856 ] Request (ServerGroupTestJSON:_run_cleanups): 200 GET http://10.180.1.21/compute/v2.1/servers/26aed783-bcde-4b9b-82eb-4ddf864bd962 0.337s
2025-11-19 05:56:41.951 66155 INFO tempest.lib.common.rest_client [req-d19fd64e-68a8-473e-840b-a5c0fb07e443 req-d19fd64e-68a8-473e-840b-a5c0fb07e443 ] Request (ServerAddressesTestJSON:tearDownClass): 200 GET http://10.180.1.21/compute/v2.1/servers/b7616098-8ee3-4120-a276-a1c613049369 0.259s
2025-11-19 05:56:41.972 66135 INFO tempest.lib.common.rest_client [req-64e53794-8ad9-40ca-bce9-5d9464bea261 req-64e53794-8ad9-40ca-bce9-5d9464bea261 ] Request (ServerMetadataTestJSON:tearDownClass): 204 DELETE http://10.180.1.21/identity/v3/users/4f42dfbf410f40bf9c5a342c96c86f37 0.135s
2025-11-19 05:56:41.973 66135 INFO tempest.lib.common.dynamic_creds [-] Deleting project and security group for project: ac72f7932f3a45c6a16af06b43cadeb2
2025-11-19 05:56:42.000 66135 INFO tempest.lib.common.rest_client [req-f4f2a6dd-c96d-47fe-b074-e91a7940f830 req-f4f2a6dd-c96d-47fe-b074-e91a7940f830 ] Request (ServerMetadataTestJSON:tearDownClass): 200 GET http://10.180.1.21/networking/v2.0/security-groups?tenant_id=ac72f7932f3a45c6a16af06b43cadeb2&name=default 0.027s
2025-11-19 05:56:42.012 66103 INFO tempest.lib.common.rest_client [req-fe25e2a6-da43-489d-92d3-1dcb73dbd650 req-fe25e2a6-da43-489d-92d3-1dcb73dbd650 ] Request (MultipleCreateTestJSON:test_multiple_create): 200 GET http://10.180.1.21/compute/v2.1/servers/59232f8e-1ed3-4452-8cd7-52ce7feadb2c 0.254s
2025-11-19 05:56:42.034 66107 INFO tempest.lib.common.rest_client [req-8108cf2b-fef3-4ac4-9d8c-f45824d03648 req-8108cf2b-fef3-4ac4-9d8c-f45824d03648 ] Request (ServersAdminTestJSON:test_create_server_with_scheduling_hint): 200 GET http://10.180.1.21/compute/v2.1/servers/8e12f5ec-5f3c-4f83-8ee7-b66ae764757a 0.320s
2025-11-19 05:56:42.041 66107 INFO tempest.common.waiters [-] State transition "BUILD/spawning" ==> "ACTIVE/None" after 55 second wait
2025-11-19 05:56:42.066 66151 INFO tempest.lib.common.rest_client [req-966726cf-9f21-4efc-87b3-077c5009368c req-966726cf-9f21-4efc-87b3-077c5009368c ] Request (AttachInterfacesV270Test:test_create_get_list_interfaces): 200 GET http://10.180.1.21/compute/v2.1/servers/71c87aec-d85e-4aad-bd4d-4203d22148a6 0.288s
2025-11-19 05:56:42.069 66163 INFO tempest.lib.common.rest_client [req-be615ea5-e1eb-46dc-b06d-5d0710988e4f req-be615ea5-e1eb-46dc-b06d-5d0710988e4f ] Request (ImagesTestJSON:test_create_image_from_suspended_server): 200 GET http://10.180.1.21/compute/v2.1/images/1bb4a5eb-49c9-4346-ba12-835a2265453a 0.263s
2025-11-19 05:56:42.089 66135 INFO tempest.lib.common.rest_client [req-04dc622a-08ae-4b67-a809-ecb55072a0b9 req-04dc622a-08ae-4b67-a809-ecb55072a0b9 ] Request (ServerMetadataTestJSON:tearDownClass): 204 DELETE http://10.180.1.21/networking/v2.0/security-groups/5655ef30-50fd-430d-8d49-08277c5e5c9f 0.088s
2025-11-19 05:56:42.102 66105 WARNING tempest.lib.common.ssh [-] Failed to establish authenticated ssh connection to cirros@10.180.180.185 ([Errno None] Unable to connect to port 22 on 10.180.180.185). Number attempts: 1. Retry after 2 seconds.: paramiko.ssh_exception.NoValidConnectionsError: [Errno None] Unable to connect to port 22 on 10.180.180.185
2025-11-19 05:56:42.113 66107 INFO tempest.lib.common.rest_client [req-3e4936b6-9f02-4158-81e4-da193efdd17c req-3e4936b6-9f02-4158-81e4-da193efdd17c ] Request (ServersAdminTestJSON:test_inject_network_info): 201 POST http://10.180.1.21/identity/v3/auth/tokens 0.066s
2025-11-19 05:56:42.114 66107 INFO tempest.lib.common.fixed_network [-] (ServersAdminTestJSON:test_inject_network_info) Found network {'id': 'ce6af9f5-fc89-4994-83ae-24c39b6fc3d2', 'name': 'tempest-ServersAdminTestJSON-330821650-network', 'tenant_id': 'd9e47b14d2b5488da44900ac7c8a82d4', 'project_id': 'd9e47b14d2b5488da44900ac7c8a82d4', 'admin_state_up': True, 'mtu': 8950, 'status': 'ACTIVE', 'subnets': [], 'shared': False, 'port_security_enabled': True, 'router:external': False, 'provider:network_type': 'vlan', 'provider:physical_network': 'default', 'provider:segmentation_id': 230, 'availability_zone_hints': [], 'availability_zones': [], 'ipv4_address_scope': None, 'ipv6_address_scope': None, 'description': '', 'tags': [], 'created_at': '2025-11-19T05:54:44Z', 'updated_at': '2025-11-19T05:54:44Z', 'revision_number': 1} available for tenant
2025-11-19 05:56:42.121 66131 INFO tempest.lib.common.rest_client [req-90a89070-cce6-45a4-8b20-991a88c57955 req-90a89070-cce6-45a4-8b20-991a88c57955 ] Request (ServerActionsV293TestJSON:setUpClass): 200 GET http://10.180.1.21/compute/v2.1/servers/662aabd5-bcd1-4587-b15a-ecad79044619 0.293s
2025-11-19 05:56:42.125 66123 INFO tempest.lib.common.rest_client [req-ee7f6ec3-d32a-45a9-80df-18296fc72bab req-ee7f6ec3-d32a-45a9-80df-18296fc72bab ] Request (ServerActionsTestOtherA:test_rebuild_server_in_stop_state): 200 GET http://10.180.1.21/compute/v2.1/servers/343db5dc-b4c0-4b82-b992-7a774fe8c577 0.237s
2025-11-19 05:56:42.147 66121 WARNING tempest.lib.common.ssh [-] Failed to establish authenticated ssh connection to cirros@10.180.180.217 ([Errno None] Unable to connect to port 22 on 10.180.180.217). Number attempts: 4. Retry after 5 seconds.: paramiko.ssh_exception.NoValidConnectionsError: [Errno None] Unable to connect to port 22 on 10.180.180.217
2025-11-19 05:56:42.181 66125 INFO tempest.lib.common.rest_client [req-56eb647d-7b17-4dfe-bd7b-844f1176669b req-56eb647d-7b17-4dfe-bd7b-844f1176669b ] Request (ServerAddressesNegativeTestJSON:setUpClass): 200 GET http://10.180.1.21/compute/v2.1/servers/12884788-6c8f-47ff-ba06-76a359dcc713 0.227s
2025-11-19 05:56:42.192 66153 INFO tempest.lib.common.rest_client [req-15a8bd92-5f57-478f-b681-8bfea0455fc9 req-15a8bd92-5f57-478f-b681-8bfea0455fc9 ] Request (ServersAdminNegativeTestJSON:test_migrate_server_invalid_state): 200 GET http://10.180.1.21/compute/v2.1/servers/0f02bdad-d799-4d06-99a3-7aacfb3aa003 0.224s
2025-11-19 05:56:42.204 66135 INFO tempest.lib.common.rest_client [req-14c008e6-6c27-4476-9fc7-d8a536b963c7 req-14c008e6-6c27-4476-9fc7-d8a536b963c7 ] Request (ServerMetadataTestJSON:tearDownClass): 204 DELETE http://10.180.1.21/identity/v3/projects/ac72f7932f3a45c6a16af06b43cadeb2 0.114s
2025-11-19 05:56:42.248 66109 INFO tempest.lib.common.rest_client [req-b85b80c5-7d02-4a71-8f50-b01b5b1372db req-b85b80c5-7d02-4a71-8f50-b01b5b1372db ] Request (ServersTestFqdnHostnames:tearDownClass): 200 GET http://10.180.1.21/compute/v2.1/servers/6df68c07-5c80-42c7-8e52-80e85ba4e6d2 0.155s
2025-11-19 05:56:42.339 66127 INFO tempest.lib.common.rest_client [req-821032cb-3065-4e98-9dd2-50bb7a377cec req-821032cb-3065-4e98-9dd2-50bb7a377cec ] Request (ImagesOneServerNegativeTestJSON:setUpClass): 200 GET http://10.180.1.21/compute/v2.1/servers/1d63f76a-fa6f-47d9-8656-02a0d510b169 0.093s
2025-11-19 05:56:42.524 66119 INFO tempest.lib.common.rest_client [req-0d2cd73f-160b-4d94-94ba-5a4bfba6efaa req-0d2cd73f-160b-4d94-94ba-5a4bfba6efaa ] Request (ServersNegativeTestJSON:setUpClass): 200 GET http://10.180.1.21/compute/v2.1/servers/c74c9573-bcf0-4ed3-80f7-95a52f1179c5 0.232s
2025-11-19 05:56:42.585 66111 INFO tempest.lib.common.rest_client [req-d8e66fed-f9ee-488d-922f-2a6f44409ae6 req-d8e66fed-f9ee-488d-922f-2a6f44409ae6 ] Request (SecurityGroupsTestJSON:test_list_security_groups_by_server): 200 GET http://10.180.1.21/compute/v2.1/servers/8211e6b8-92a8-411c-9336-450ab923a630 0.261s
2025-11-19 05:56:42.636 66107 INFO tempest.lib.common.rest_client [req-d338f50a-0799-4811-867d-95b291828070 req-d338f50a-0799-4811-867d-95b291828070 ] Request (ServersAdminTestJSON:test_inject_network_info): 202 POST http://10.180.1.21/compute/v2.1/servers 0.522s
2025-11-19 05:56:42.661 66117 INFO tempest.lib.common.rest_client [req-186b9bd1-5f6e-4aa2-88ae-13a925fdd6e9 req-186b9bd1-5f6e-4aa2-88ae-13a925fdd6e9 ] Request (DeleteServersTestJSON:test_delete_server_while_in_attached_volume): 200 GET http://10.180.1.21/compute/v2.1/servers/0a602a1e-fccd-4940-aa24-c45597b235dd 0.288s
2025-11-19 05:56:42.704 66145 INFO tempest.lib.common.rest_client [req-f46a0d00-f73f-4949-9570-80b7a3b496ff req-f46a0d00-f73f-4949-9570-80b7a3b496ff ] Request (ListServerFiltersTestJSON:setUpClass): 200 GET http://10.180.1.21/compute/v2.1/servers/e4f344cb-bfe8-440a-ac0b-f80457929513 0.243s
2025-11-19 05:56:42.716 66113 INFO tempest.lib.common.rest_client [req-f3b27ff0-809c-47da-b015-7f73054007cd req-f3b27ff0-809c-47da-b015-7f73054007cd ] Request (ServerRescueNegativeTestJSON:setUpClass): 200 GET http://10.180.1.21/compute/v2.1/servers/e9e3901a-47fa-4246-bbe7-ca8105859f9b 0.228s
2025-11-19 05:56:42.769 66107 INFO tempest.lib.common.rest_client [req-d77c6994-5c7e-4870-830e-0072f03a23b2 req-d77c6994-5c7e-4870-830e-0072f03a23b2 ] Request (ServersAdminTestJSON:test_inject_network_info): 200 GET http://10.180.1.21/compute/v2.1/servers/693b0df7-4964-4d44-bf0d-84be3589fe03 0.130s
2025-11-19 05:56:42.874 66143 INFO tempest.lib.common.rest_client [req-a5f22fd6-fc02-42f2-a40f-c9c3da057bb2 req-a5f22fd6-fc02-42f2-a40f-c9c3da057bb2 ] Request (ServerDiskConfigTestJSON:test_resize_server_from_auto_to_manual): 200 GET http://10.180.1.21/compute/v2.1/servers/a2104721-aaf0-49c3-8619-1f5d9dd8c22b 0.160s
2025-11-19 05:56:42.906 66101 INFO tempest.lib.common.rest_client [req-59b7ea5e-e0a3-4944-a471-1457b9ac338a req-59b7ea5e-e0a3-4944-a471-1457b9ac338a ] Request (MigrationsAdminTest:test_resize_server_revert_deleted_flavor): 200 GET http://10.180.1.21/compute/v2.1/servers/1361a0fd-0837-4477-bfae-7a826d25ced8 0.160s
2025-11-19 05:56:42.926 66147 INFO tempest.lib.common.rest_client [req-ea473324-3b89-4a49-b70a-dfce07813704 req-ea473324-3b89-4a49-b70a-dfce07813704 ] Request (ServerRescueTestJSON:tearDownClass): 200 GET http://10.180.1.21/compute/v2.1/servers/eff3ab4d-e521-4052-b21e-3b6e19b87422 0.068s
2025-11-19 05:56:42.986 66161 INFO tempest.lib.common.rest_client [req-99643c1a-3f4b-48f6-8474-214159b8f89f req-99643c1a-3f4b-48f6-8474-214159b8f89f ] Request (ServerGroupTestJSON:_run_cleanups): 200 GET http://10.180.1.21/compute/v2.1/servers/26aed783-bcde-4b9b-82eb-4ddf864bd962 0.064s
2025-11-19 05:56:43.005 66159 INFO tempest.lib.common.rest_client [req-3a362504-2299-4702-8f6e-79587beb0be2 req-3a362504-2299-4702-8f6e-79587beb0be2 ] Request (AttachVolumeNegativeTest:test_attach_attached_volume_to_different_server): 200 GET http://10.180.1.21/compute/v2.1/servers/543d6f59-60a4-4056-b6c4-67ef50fe32a5 0.112s
2025-11-19 05:56:43.046 66155 INFO tempest.lib.common.rest_client [req-74ea178d-ed45-4aa1-b893-97241c0cd493 req-74ea178d-ed45-4aa1-b893-97241c0cd493 ] Request (ServerAddressesTestJSON:tearDownClass): 200 GET http://10.180.1.21/compute/v2.1/servers/b7616098-8ee3-4120-a276-a1c613049369 0.083s
2025-11-19 05:56:43.074 66103 INFO tempest.lib.common.rest_client [req-db8b7b30-c84a-48dd-ae74-f669e9e937e9 req-db8b7b30-c84a-48dd-ae74-f669e9e937e9 ] Request (MultipleCreateTestJSON:test_multiple_create): 200 GET http://10.180.1.21/compute/v2.1/servers/59232f8e-1ed3-4452-8cd7-52ce7feadb2c 0.052s
2025-11-19 05:56:43.114 66163 INFO tempest.lib.common.rest_client [req-ab4739ca-1cfb-4176-9740-a82a9427c854 req-ab4739ca-1cfb-4176-9740-a82a9427c854 ] Request (ImagesTestJSON:test_create_image_from_suspended_server): 200 GET http://10.180.1.21/compute/v2.1/images/1bb4a5eb-49c9-4346-ba12-835a2265453a 0.040s
2025-11-19 05:56:43.134 66151 INFO tempest.lib.common.rest_client [req-6f264512-6672-4fbf-99b6-9bbbe9deece4 req-6f264512-6672-4fbf-99b6-9bbbe9deece4 ] Request (AttachInterfacesV270Test:test_create_get_list_interfaces): 200 GET http://10.180.1.21/compute/v2.1/servers/71c87aec-d85e-4aad-bd4d-4203d22148a6 0.058s
2025-11-19 05:56:43.191 66123 INFO tempest.lib.common.rest_client [req-9eee24e7-788b-440f-9aa6-27e398ef7ae0 req-9eee24e7-788b-440f-9aa6-27e398ef7ae0 ] Request (ServerActionsTestOtherA:test_rebuild_server_in_stop_state): 200 GET http://10.180.1.21/compute/v2.1/servers/343db5dc-b4c0-4b82-b992-7a774fe8c577 0.057s
2025-11-19 05:56:43.196 66131 INFO tempest.lib.common.rest_client [req-71415f7d-0202-48ba-a351-d44733baf49c req-71415f7d-0202-48ba-a351-d44733baf49c ] Request (ServerActionsV293TestJSON:setUpClass): 200 GET http://10.180.1.21/compute/v2.1/servers/662aabd5-bcd1-4587-b15a-ecad79044619 0.064s
2025-11-19 05:56:43.198 66123 INFO tempest.common.waiters [-] State transition "BUILD/None" ==> "BUILD/networking" after 57 second wait
2025-11-19 05:56:43.247 66125 INFO tempest.lib.common.rest_client [req-ffa3d719-0e72-4265-9a3a-a476d8c0f7de req-ffa3d719-0e72-4265-9a3a-a476d8c0f7de ] Request (ServerAddressesNegativeTestJSON:setUpClass): 200 GET http://10.180.1.21/compute/v2.1/servers/12884788-6c8f-47ff-ba06-76a359dcc713 0.058s
2025-11-19 05:56:43.253 66153 INFO tempest.lib.common.rest_client [req-79ec6471-59e0-46a5-816e-303f3c96a3bb req-79ec6471-59e0-46a5-816e-303f3c96a3bb ] Request (ServersAdminNegativeTestJSON:test_migrate_server_invalid_state): 200 GET http://10.180.1.21/compute/v2.1/servers/0f02bdad-d799-4d06-99a3-7aacfb3aa003 0.052s
2025-11-19 05:56:43.317 66109 INFO tempest.lib.common.rest_client [req-808e0634-03c4-47e8-84e7-5d8dd7a87206 req-808e0634-03c4-47e8-84e7-5d8dd7a87206 ] Request (ServersTestFqdnHostnames:tearDownClass): 200 GET http://10.180.1.21/compute/v2.1/servers/6df68c07-5c80-42c7-8e52-80e85ba4e6d2 0.061s
2025-11-19 05:56:43.400 66127 INFO tempest.lib.common.rest_client [req-a31731db-dec2-4dec-be6a-9546ab407fd6 req-a31731db-dec2-4dec-be6a-9546ab407fd6 ] Request (ImagesOneServerNegativeTestJSON:setUpClass): 200 GET http://10.180.1.21/compute/v2.1/servers/1d63f76a-fa6f-47d9-8656-02a0d510b169 0.053s
2025-11-19 05:56:43.601 66119 INFO tempest.lib.common.rest_client [req-38edd5af-397c-45ab-a0d4-0738cc403666 req-38edd5af-397c-45ab-a0d4-0738cc403666 ] Request (ServersNegativeTestJSON:setUpClass): 200 GET http://10.180.1.21/compute/v2.1/servers/c74c9573-bcf0-4ed3-80f7-95a52f1179c5 0.070s
2025-11-19 05:56:43.650 66111 INFO tempest.lib.common.rest_client [req-8ee71b48-48d9-4eae-957d-f65239b5804f req-8ee71b48-48d9-4eae-957d-f65239b5804f ] Request (SecurityGroupsTestJSON:test_list_security_groups_by_server): 200 GET http://10.180.1.21/compute/v2.1/servers/8211e6b8-92a8-411c-9336-450ab923a630 0.057s
2025-11-19 05:56:43.745 66117 INFO tempest.lib.common.rest_client [req-d110a3b3-f1d9-46e2-8e03-eabc89609a25 req-d110a3b3-f1d9-46e2-8e03-eabc89609a25 ] Request (DeleteServersTestJSON:test_delete_server_while_in_attached_volume): 200 GET http://10.180.1.21/compute/v2.1/servers/0a602a1e-fccd-4940-aa24-c45597b235dd 0.076s
2025-11-19 05:56:43.775 66145 INFO tempest.lib.common.rest_client [req-827e0855-304e-42e8-9ca1-14ec27b21bfe req-827e0855-304e-42e8-9ca1-14ec27b21bfe ] Request (ListServerFiltersTestJSON:setUpClass): 200 GET http://10.180.1.21/compute/v2.1/servers/e4f344cb-bfe8-440a-ac0b-f80457929513 0.058s
2025-11-19 05:56:43.808 66113 INFO tempest.lib.common.rest_client [req-8d8ee66d-65ac-488c-bc10-007f1d0e9609 req-8d8ee66d-65ac-488c-bc10-007f1d0e9609 ] Request (ServerRescueNegativeTestJSON:setUpClass): 200 GET http://10.180.1.21/compute/v2.1/servers/e9e3901a-47fa-4246-bbe7-ca8105859f9b 0.082s
2025-11-19 05:56:43.833 66107 INFO tempest.lib.common.rest_client [req-f776b082-6656-45d8-9db3-2a4f388ee402 req-f776b082-6656-45d8-9db3-2a4f388ee402 ] Request (ServersAdminTestJSON:test_inject_network_info): 200 GET http://10.180.1.21/compute/v2.1/servers/693b0df7-4964-4d44-bf0d-84be3589fe03 0.057s
2025-11-19 05:56:43.973 66143 INFO tempest.lib.common.rest_client [req-f2a3dccc-7c8f-47dc-b575-4cddd3665950 req-f2a3dccc-7c8f-47dc-b575-4cddd3665950 ] Request (ServerDiskConfigTestJSON:test_resize_server_from_auto_to_manual): 200 GET http://10.180.1.21/compute/v2.1/servers/a2104721-aaf0-49c3-8619-1f5d9dd8c22b 0.092s
2025-11-19 05:56:44.034 66101 INFO tempest.lib.common.rest_client [req-487ef669-2f07-480e-ba17-32bd9b29b08c req-487ef669-2f07-480e-ba17-32bd9b29b08c ] Request (MigrationsAdminTest:test_resize_server_revert_deleted_flavor): 200 GET http://10.180.1.21/compute/v2.1/servers/1361a0fd-0837-4477-bfae-7a826d25ced8 0.120s
2025-11-19 05:56:44.048 66147 INFO tempest.lib.common.rest_client [req-33467506-92fa-4100-b29c-654b0709479f req-33467506-92fa-4100-b29c-654b0709479f ] Request (ServerRescueTestJSON:tearDownClass): 200 GET http://10.180.1.21/compute/v2.1/servers/eff3ab4d-e521-4052-b21e-3b6e19b87422 0.114s
2025-11-19 05:56:44.097 66161 INFO tempest.lib.common.rest_client [req-3ca37055-f926-49bc-995a-49e0f5990342 req-3ca37055-f926-49bc-995a-49e0f5990342 ] Request (ServerGroupTestJSON:_run_cleanups): 200 GET http://10.180.1.21/compute/v2.1/servers/26aed783-bcde-4b9b-82eb-4ddf864bd962 0.103s
2025-11-19 05:56:44.171 66155 INFO tempest.lib.common.rest_client [req-4e23176c-5652-4ed2-9f54-4d6bafe63a63 req-4e23176c-5652-4ed2-9f54-4d6bafe63a63 ] Request (ServerAddressesTestJSON:tearDownClass): 200 GET http://10.180.1.21/compute/v2.1/servers/b7616098-8ee3-4120-a276-a1c613049369 0.117s
2025-11-19 05:56:44.197 66159 INFO tempest.lib.common.rest_client [req-03095f51-c7ab-4e3d-8ce0-1f79d0851e27 req-03095f51-c7ab-4e3d-8ce0-1f79d0851e27 ] Request (AttachVolumeNegativeTest:test_attach_attached_volume_to_different_server): 200 GET http://10.180.1.21/compute/v2.1/servers/543d6f59-60a4-4056-b6c4-67ef50fe32a5 0.183s
2025-11-19 05:56:44.231 66103 INFO tempest.lib.common.rest_client [req-d88ed7c2-117c-4a98-9c8d-a6164d15f504 req-d88ed7c2-117c-4a98-9c8d-a6164d15f504 ] Request (MultipleCreateTestJSON:test_multiple_create): 200 GET http://10.180.1.21/compute/v2.1/servers/59232f8e-1ed3-4452-8cd7-52ce7feadb2c 0.150s
2025-11-19 05:56:44.243 66163 INFO tempest.lib.common.rest_client [req-607a8e68-443f-4252-8bc2-dd1cd87f4410 req-607a8e68-443f-4252-8bc2-dd1cd87f4410 ] Request (ImagesTestJSON:test_create_image_from_suspended_server): 200 GET http://10.180.1.21/compute/v2.1/images/1bb4a5eb-49c9-4346-ba12-835a2265453a 0.125s
2025-11-19 05:56:44.259 66133 WARNING tempest.lib.common.ssh [-] Failed to establish authenticated ssh connection to cirros@10.180.180.158 ([Errno None] Unable to connect to port 22 on 10.180.180.158). Number attempts: 7. Retry after 8 seconds.: paramiko.ssh_exception.NoValidConnectionsError: [Errno None] Unable to connect to port 22 on 10.180.180.158
2025-11-19 05:56:44.292 66151 INFO tempest.lib.common.rest_client [req-992e156d-fd24-401b-bc90-80eda9fa64c6 req-992e156d-fd24-401b-bc90-80eda9fa64c6 ] Request (AttachInterfacesV270Test:test_create_get_list_interfaces): 200 GET http://10.180.1.21/compute/v2.1/servers/71c87aec-d85e-4aad-bd4d-4203d22148a6 0.148s
2025-11-19 05:56:44.350 66123 INFO tempest.lib.common.rest_client [req-e938781f-808e-48e7-a8a0-5f8692b3de20 req-e938781f-808e-48e7-a8a0-5f8692b3de20 ] Request (ServerActionsTestOtherA:test_rebuild_server_in_stop_state): 200 GET http://10.180.1.21/compute/v2.1/servers/343db5dc-b4c0-4b82-b992-7a774fe8c577 0.151s
2025-11-19 05:56:44.360 66123 INFO tempest.common.waiters [-] State transition "BUILD/networking" ==> "BUILD/block_device_mapping" after 58 second wait
2025-11-19 05:56:44.368 66131 INFO tempest.lib.common.rest_client [req-21c77bcd-b905-48cd-bb32-abf24ec674b2 req-21c77bcd-b905-48cd-bb32-abf24ec674b2 ] Request (ServerActionsV293TestJSON:setUpClass): 200 GET http://10.180.1.21/compute/v2.1/servers/662aabd5-bcd1-4587-b15a-ecad79044619 0.161s
2025-11-19 05:56:44.403 66125 INFO tempest.lib.common.rest_client [req-76cc71a9-ccd4-45a5-9106-55fe08b39854 req-76cc71a9-ccd4-45a5-9106-55fe08b39854 ] Request (ServerAddressesNegativeTestJSON:setUpClass): 200 GET http://10.180.1.21/compute/v2.1/servers/12884788-6c8f-47ff-ba06-76a359dcc713 0.148s
