2025-04-03 12:04:04.288 69793 INFO tempest.lib.common.rest_client [req-ce45190b-761f-4c96-8cec-c0b5f4b7ab04 req-ce45190b-761f-4c96-8cec-c0b5f4b7ab04 ] Request (ImagesTestJSON:test_create_image_from_suspended_server): 200 GET http://10.180.1.21/compute/v2.1/servers/e6a49a4a-583d-4fc8-bc42-904a7c8224d6 0.180s
2025-04-03 12:04:04.305 69759 INFO tempest.lib.common.rest_client [req-1f93022a-ad70-4eb5-b77c-577caf32ce59 req-1f93022a-ad70-4eb5-b77c-577caf32ce59 ] Request (ServerShowV247Test:test_update_rebuild_list_server): 200 GET http://10.180.1.21/compute/v2.1/servers/0d8d692c-4982-429b-8243-17099f95c8ab 0.258s
2025-04-03 12:04:04.364 69761 INFO tempest.lib.common.rest_client [req-9ba6d182-75a7-4fa9-8757-8d54618619f7 req-9ba6d182-75a7-4fa9-8757-8d54618619f7 ] Request (ListServerFiltersTestJSON:setUpClass): 200 GET http://10.180.1.21/compute/v2.1/servers/9b4c0a65-7270-4028-b232-6e756b03d182 0.170s
2025-04-03 12:04:04.369 69767 INFO tempest.lib.common.rest_client [req-a35bd09a-e992-4d1a-ac36-765d616b73de req-a35bd09a-e992-4d1a-ac36-765d616b73de ] Request (ImagesNegativeTestJSON:test_create_image_from_deleted_server): 200 GET http://10.180.1.21/compute/v2.1/servers/192aaa13-8dc0-447e-8ef1-0fbd7bf99bb6 0.177s
2025-04-03 12:04:04.446 69773 INFO tempest.lib.common.rest_client [req-dcf17802-a43a-41f0-82e4-6735b9ef1427 req-dcf17802-a43a-41f0-82e4-6735b9ef1427 ] Request (ServersAdmin275Test:tearDownClass): 200 GET http://10.180.1.21/compute/v2.1/servers/2f68bcc7-530b-4169-a91e-1880350cf467 0.142s
2025-04-03 12:04:04.496 69769 INFO tempest.lib.common.rest_client [req-920ec0af-2f03-456e-b634-6e9d0f8bf370 req-920ec0af-2f03-456e-b634-6e9d0f8bf370 ] Request (InstanceActionsNegativeTestJSON:setUpClass): 200 GET http://10.180.1.21/compute/v2.1/servers/debf4a55-5e31-4e22-bcd5-4b3267969e51 0.174s
2025-04-03 12:04:04.544 69809 INFO tempest.lib.common.rest_client [req-6d76f4fb-c3ab-4e1c-9baa-58176eaa2947 req-6d76f4fb-c3ab-4e1c-9baa-58176eaa2947 ] Request (ServersTestFqdnHostnames:test_create_server_with_fqdn_name): 200 GET http://10.180.1.21/compute/v2.1/servers/f1ec9889-55f4-455c-a927-36585d57bc41 0.286s
2025-04-03 12:04:04.551 69809 INFO tempest.common.waiters [-] State transition "BUILD/networking" ==> "BUILD/spawning" after 41 second wait
2025-04-03 12:04:04.678 69787 INFO tempest.lib.common.rest_client [req-c01c7944-fd59-456d-adfd-b51f07fa77e5 req-c01c7944-fd59-456d-adfd-b51f07fa77e5 ] Request (SecurityGroupsTestJSON:test_server_security_groups): 200 GET http://10.180.1.21/compute/v2.1/servers/db55a66b-8be9-4ed8-b11e-983b05977063 0.064s
2025-04-03 12:04:04.684 69781 INFO tempest.lib.common.rest_client [req-82a2674a-eb02-489e-ac74-13a9d72bef1e req-82a2674a-eb02-489e-ac74-13a9d72bef1e ] Request (FloatingIPsAssociationTestJSON:test_associate_already_associated_floating_ip): 200 GET http://10.180.1.21/compute/v2.1/servers/9570d9f7-1dcb-41b4-8058-e1f16833ac44 0.067s
2025-04-03 12:04:04.727 69753 INFO tempest.lib.common.rest_client [req-7750119e-a2d3-4de3-807b-ecaa8e91cab1 req-7750119e-a2d3-4de3-807b-ecaa8e91cab1 ] Request (AttachVolumeNegativeTest:test_attach_attached_volume_to_different_server): 200 GET http://10.180.1.21/compute/v2.1/servers/5e872a46-1c3e-4e2a-b7bc-358471966940 0.069s
2025-04-03 12:04:04.776 69777 INFO tempest.lib.common.rest_client [req-acd9339a-a9b8-4a5f-b6c2-f8d520a52eee req-acd9339a-a9b8-4a5f-b6c2-f8d520a52eee ] Request (ServersListShow298Test:tearDownClass): 200 GET http://10.180.1.21/compute/v2.1/servers/7105db4d-104b-4c22-9a33-7b5a9a2043c8 0.085s
2025-04-03 12:04:04.777 69783 INFO tempest.lib.common.rest_client [req-2c3261c8-53e1-49ef-b260-10683f33b4ff req-2c3261c8-53e1-49ef-b260-10683f33b4ff ] Request (DeleteServersAdminTestJSON:test_admin_delete_servers_of_others): 200 GET http://10.180.1.21/compute/v2.1/servers/a1070e28-43c7-48f9-8325-af823ff273bc 0.053s
2025-04-03 12:04:04.839 69763 INFO tempest.lib.common.rest_client [req-38db7f0f-4820-4039-ac79-1c6d108635e9 req-38db7f0f-4820-4039-ac79-1c6d108635e9 ] Request (MultipleCreateTestJSON:test_multiple_create): 200 GET http://10.180.1.21/compute/v2.1/servers/05ee971f-3aed-4c08-920d-60eaf4f20e75 0.098s
2025-04-03 12:04:04.840 69771 INFO tempest.lib.common.rest_client [req-ebcf94d9-75f4-437f-8183-a2e5e7c34774 req-ebcf94d9-75f4-437f-8183-a2e5e7c34774 ] Request (AttachInterfacesTestJSON:test_create_list_show_delete_interfaces_by_fixed_ip): 200 GET http://10.180.1.21/compute/v2.1/servers/6d2a912a-8990-4032-b22c-d1a769e058fd 0.073s
2025-04-03 12:04:04.892 69815 INFO tempest.lib.common.rest_client [req-e96352cd-3db8-4801-8f62-8e320d36586c req-e96352cd-3db8-4801-8f62-8e320d36586c ] Request (ServerDiskConfigTestJSON:test_rebuild_server_with_auto_disk_config): 200 GET http://10.180.1.21/compute/v2.1/servers/ae003353-32f8-4e86-915a-5a184e105be5 0.092s
2025-04-03 12:04:04.906 69801 INFO tempest.lib.common.rest_client [req-513de9ab-1067-4bb9-9339-60f0beaa63cc req-513de9ab-1067-4bb9-9339-60f0beaa63cc ] Request (ServersAdminNegativeTestJSON:test_migrate_server_invalid_state): 200 GET http://10.180.1.21/compute/v2.1/servers/f64e0477-2524-4169-98b6-1595ea0269c3 0.049s
2025-04-03 12:04:04.978 69785 INFO tempest.lib.common.rest_client [req-2886b9df-c3a2-4e2e-aa20-6d098cd47438 req-2886b9df-c3a2-4e2e-aa20-6d098cd47438 ] Request (ListImageFiltersTestJSON:setUpClass): 200 GET http://10.180.1.21/compute/v2.1/servers/c4f9d6db-722b-4da2-8e48-192598d791b1 0.075s
2025-04-03 12:04:05.029 69811 INFO tempest.lib.common.rest_client [req-15f2c574-e583-4a25-8fd1-8fcfe4d0d71d req-15f2c574-e583-4a25-8fd1-8fcfe4d0d71d ] Request (AttachInterfacesUnderV243Test:test_add_remove_fixed_ip): 200 GET http://10.180.1.21/compute/v2.1/servers/60f0b1c6-4ec8-4d5b-8953-9f261c0eddf5 0.114s
2025-04-03 12:04:05.031 69791 INFO tempest.lib.common.rest_client [req-1788f85e-6386-4fba-a5c8-2368d3b47262 req-1788f85e-6386-4fba-a5c8-2368d3b47262 ] Request (MigrationsAdminTest:test_list_migrations_in_flavor_resize_situation): 200 GET http://10.180.1.21/compute/v2.1/servers/8bc53731-8231-40a3-98b7-aa51b30850b9 0.159s
2025-04-03 12:04:05.088 69765 INFO tempest.lib.common.rest_client [req-9fb456c7-9aff-464c-92c9-04a1f8607ece req-9fb456c7-9aff-464c-92c9-04a1f8607ece ] Request (ServersTestJSON:_run_cleanups): 200 GET http://10.180.1.21/compute/v2.1/servers/92548565-7ab3-4692-b3a2-7cbe5b31c174 0.063s
2025-04-03 12:04:05.144 69799 INFO tempest.lib.common.rest_client [req-e74988ce-049e-493b-ac28-582312f6cd05 req-e74988ce-049e-493b-ac28-582312f6cd05 ] Request (ServerRescueNegativeTestJSON:setUpClass): 200 GET http://10.180.1.21/compute/v2.1/servers/ee130e80-37f3-424c-83fc-d980983ad96f 0.058s
2025-04-03 12:04:05.188 69795 INFO tempest.lib.common.rest_client [req-17a6d0e6-d022-4d0a-b7d0-733988810f7d req-17a6d0e6-d022-4d0a-b7d0-733988810f7d ] Request (ServerGroupTestJSON:test_create_server_with_scheduler_hint_group): 200 GET http://10.180.1.21/compute/v2.1/servers/93bce1b5-ce12-418f-abb9-3adf1e75d1ac 0.156s
2025-04-03 12:04:05.195 69755 INFO tempest.lib.common.rest_client [req-7b72df64-347d-404f-8d16-342963fe078d req-7b72df64-347d-404f-8d16-342963fe078d ] Request (ServerDiagnosticsTest:test_get_server_diagnostics): 200 GET http://10.180.1.21/compute/v2.1/servers/0551002b-4313-4f48-8c86-46bcf2c8c1df 0.098s
2025-04-03 12:04:05.237 69803 INFO tempest.lib.common.rest_client [req-c918a8d1-6518-4f6f-970f-d497b6fbad5e req-c918a8d1-6518-4f6f-970f-d497b6fbad5e ] Request (ServersAdminTestJSON:setUpClass): 200 GET http://10.180.1.21/compute/v2.1/servers/41dc590f-ba91-424e-a087-8b51922e5886 0.071s
2025-04-03 12:04:05.253 69779 INFO tempest.lib.common.rest_client [req-067a793a-d8b3-473d-8168-4353f559f7a1 req-067a793a-d8b3-473d-8168-4353f559f7a1 ] Request (ServerShowV257Test:tearDownClass): 200 GET http://10.180.1.21/compute/v2.1/servers/42f89423-0e5d-44d3-b202-b449f66ab0b8 0.084s
2025-04-03 12:04:05.261 69779 INFO tempest.common.waiters [-] State transition "ACTIVE/deleting" ==> "DELETED/None" after 5 second wait
2025-04-03 12:04:05.301 69775 INFO tempest.lib.common.rest_client [req-10399af4-aa92-4d2e-a64b-e904f9a08a9d req-10399af4-aa92-4d2e-a64b-e904f9a08a9d ] Request (AttachInterfacesV270Test:test_create_get_list_interfaces): 200 GET http://10.180.1.21/compute/v2.1/servers/5f9b0f8d-92cf-4caf-908f-e9e3a8dddeee 0.068s
2025-04-03 12:04:05.304 69807 INFO tempest.lib.common.rest_client [req-6f7983eb-2b27-4104-b0eb-c91b7426a748 req-6f7983eb-2b27-4104-b0eb-c91b7426a748 ] Request (ServerRescueTestJSON:setUpClass): 200 GET http://10.180.1.21/compute/v2.1/servers/0502af08-7fcb-4ebe-9b2c-c5d69661bed1 0.071s
2025-04-03 12:04:05.352 69793 INFO tempest.lib.common.rest_client [req-62c93f39-b499-4b58-af1e-e6be6f027210 req-62c93f39-b499-4b58-af1e-e6be6f027210 ] Request (ImagesTestJSON:test_create_image_from_suspended_server): 200 GET http://10.180.1.21/compute/v2.1/servers/e6a49a4a-583d-4fc8-bc42-904a7c8224d6 0.052s
2025-04-03 12:04:05.386 69759 INFO tempest.lib.common.rest_client [req-28604338-97a5-4f59-ae75-e16885637190 req-28604338-97a5-4f59-ae75-e16885637190 ] Request (ServerShowV247Test:test_update_rebuild_list_server): 200 GET http://10.180.1.21/compute/v2.1/servers/0d8d692c-4982-429b-8243-17099f95c8ab 0.065s
2025-04-03 12:04:05.437 69761 INFO tempest.lib.common.rest_client [req-a8f8c26d-ffe7-487c-983d-0c9d4545233c req-a8f8c26d-ffe7-487c-983d-0c9d4545233c ] Request (ListServerFiltersTestJSON:setUpClass): 200 GET http://10.180.1.21/compute/v2.1/servers/9b4c0a65-7270-4028-b232-6e756b03d182 0.065s
2025-04-03 12:04:05.443 69767 INFO tempest.lib.common.rest_client [req-15109588-b1e9-4243-9ef5-feb7f3459832 req-15109588-b1e9-4243-9ef5-feb7f3459832 ] Request (ImagesNegativeTestJSON:test_create_image_from_deleted_server): 200 GET http://10.180.1.21/compute/v2.1/servers/192aaa13-8dc0-447e-8ef1-0fbd7bf99bb6 0.066s
2025-04-03 12:04:05.523 69773 INFO tempest.lib.common.rest_client [req-d36575fb-cd72-451d-a1f0-e07d84ff46dd req-d36575fb-cd72-451d-a1f0-e07d84ff46dd ] Request (ServersAdmin275Test:tearDownClass): 200 GET http://10.180.1.21/compute/v2.1/servers/2f68bcc7-530b-4169-a91e-1880350cf467 0.066s
2025-04-03 12:04:05.557 69769 INFO tempest.lib.common.rest_client [req-3522d125-0275-4bac-abd8-48b3e8a15fae req-3522d125-0275-4bac-abd8-48b3e8a15fae ] Request (InstanceActionsNegativeTestJSON:setUpClass): 200 GET http://10.180.1.21/compute/v2.1/servers/debf4a55-5e31-4e22-bcd5-4b3267969e51 0.051s
2025-04-03 12:04:05.642 69809 INFO tempest.lib.common.rest_client [req-fb75f17f-bac8-49b6-8b3b-70ade9cd9316 req-fb75f17f-bac8-49b6-8b3b-70ade9cd9316 ] Request (ServersTestFqdnHostnames:test_create_server_with_fqdn_name): 200 GET http://10.180.1.21/compute/v2.1/servers/f1ec9889-55f4-455c-a927-36585d57bc41 0.089s
2025-04-03 12:04:05.754 69781 INFO tempest.lib.common.rest_client [req-385afb88-7177-430c-8f64-b66263a1993d req-385afb88-7177-430c-8f64-b66263a1993d ] Request (FloatingIPsAssociationTestJSON:test_associate_already_associated_floating_ip): 200 GET http://10.180.1.21/compute/v2.1/servers/9570d9f7-1dcb-41b4-8058-e1f16833ac44 0.062s
2025-04-03 12:04:05.755 69787 INFO tempest.lib.common.rest_client [req-3c1039c6-8b53-4fb9-93bb-f9cd217db925 req-3c1039c6-8b53-4fb9-93bb-f9cd217db925 ] Request (SecurityGroupsTestJSON:test_server_security_groups): 200 GET http://10.180.1.21/compute/v2.1/servers/db55a66b-8be9-4ed8-b11e-983b05977063 0.068s
2025-04-03 12:04:05.798 69753 INFO tempest.lib.common.rest_client [req-81db2858-dad2-4b44-9e7e-88a8dda96ea3 req-81db2858-dad2-4b44-9e7e-88a8dda96ea3 ] Request (AttachVolumeNegativeTest:test_attach_attached_volume_to_different_server): 200 GET http://10.180.1.21/compute/v2.1/servers/5e872a46-1c3e-4e2a-b7bc-358471966940 0.059s
2025-04-03 12:04:05.837 69783 INFO tempest.lib.common.rest_client [req-4fc9ced1-118d-45fc-beca-c333be88836c req-4fc9ced1-118d-45fc-beca-c333be88836c ] Request (DeleteServersAdminTestJSON:test_admin_delete_servers_of_others): 200 GET http://10.180.1.21/compute/v2.1/servers/a1070e28-43c7-48f9-8325-af823ff273bc 0.049s
2025-04-03 12:04:05.855 69777 INFO tempest.lib.common.rest_client [req-ece02f5c-4ea1-49ac-89f9-09f08d75edbe req-ece02f5c-4ea1-49ac-89f9-09f08d75edbe ] Request (ServersListShow298Test:tearDownClass): 200 GET http://10.180.1.21/compute/v2.1/servers/7105db4d-104b-4c22-9a33-7b5a9a2043c8 0.064s
2025-04-03 12:04:05.874 69805 WARNING tempest.lib.common.ssh [-] Failed to establish authenticated ssh connection to cirros@10.180.180.201 ([Errno None] Unable to connect to port 22 on 10.180.180.201). Number attempts: 5. Retry after 6 seconds.: paramiko.ssh_exception.NoValidConnectionsError: [Errno None] Unable to connect to port 22 on 10.180.180.201
2025-04-03 12:04:05.907 69771 INFO tempest.lib.common.rest_client [req-4e549d5a-9b3d-43b0-9667-4eeeb47107ce req-4e549d5a-9b3d-43b0-9667-4eeeb47107ce ] Request (AttachInterfacesTestJSON:test_create_list_show_delete_interfaces_by_fixed_ip): 200 GET http://10.180.1.21/compute/v2.1/servers/6d2a912a-8990-4032-b22c-d1a769e058fd 0.059s
2025-04-03 12:04:05.908 69763 INFO tempest.lib.common.rest_client [req-610ba69f-3c4f-4796-8189-2d87f1b41ba0 req-610ba69f-3c4f-4796-8189-2d87f1b41ba0 ] Request (MultipleCreateTestJSON:test_multiple_create): 200 GET http://10.180.1.21/compute/v2.1/servers/05ee971f-3aed-4c08-920d-60eaf4f20e75 0.060s
2025-04-03 12:04:05.961 69815 INFO tempest.lib.common.rest_client [req-350eeb1e-0818-42bd-9b17-6a3d3db87d69 req-350eeb1e-0818-42bd-9b17-6a3d3db87d69 ] Request (ServerDiskConfigTestJSON:test_rebuild_server_with_auto_disk_config): 200 GET http://10.180.1.21/compute/v2.1/servers/ae003353-32f8-4e86-915a-5a184e105be5 0.059s
2025-04-03 12:04:05.968 69801 INFO tempest.lib.common.rest_client [req-cee8541a-166e-416c-bdc2-fb4ad6bb143a req-cee8541a-166e-416c-bdc2-fb4ad6bb143a ] Request (ServersAdminNegativeTestJSON:test_migrate_server_invalid_state): 200 GET http://10.180.1.21/compute/v2.1/servers/f64e0477-2524-4169-98b6-1595ea0269c3 0.054s
2025-04-03 12:04:06.042 69785 INFO tempest.lib.common.rest_client [req-d998320d-32a8-43e1-83ff-3d23cd742777 req-d998320d-32a8-43e1-83ff-3d23cd742777 ] Request (ListImageFiltersTestJSON:setUpClass): 200 GET http://10.180.1.21/compute/v2.1/servers/c4f9d6db-722b-4da2-8e48-192598d791b1 0.054s
2025-04-03 12:04:06.095 69811 INFO tempest.lib.common.rest_client [req-368a472c-6a86-490e-a01a-7e7afa4d5b57 req-368a472c-6a86-490e-a01a-7e7afa4d5b57 ] Request (AttachInterfacesUnderV243Test:test_add_remove_fixed_ip): 200 GET http://10.180.1.21/compute/v2.1/servers/60f0b1c6-4ec8-4d5b-8953-9f261c0eddf5 0.059s
2025-04-03 12:04:06.150 69765 INFO tempest.lib.common.rest_client [req-f9fd6f7a-2050-4c6a-9ee0-e9dd95d07eff req-f9fd6f7a-2050-4c6a-9ee0-e9dd95d07eff ] Request (ServersTestJSON:_run_cleanups): 200 GET http://10.180.1.21/compute/v2.1/servers/92548565-7ab3-4692-b3a2-7cbe5b31c174 0.054s
2025-04-03 12:04:06.162 69791 INFO tempest.lib.common.rest_client [req-148bcfac-b0e1-4f40-92f8-998e0575f612 req-148bcfac-b0e1-4f40-92f8-998e0575f612 ] Request (MigrationsAdminTest:test_list_migrations_in_flavor_resize_situation): 200 GET http://10.180.1.21/compute/v2.1/servers/8bc53731-8231-40a3-98b7-aa51b30850b9 0.123s
2025-04-03 12:04:06.203 69799 INFO tempest.lib.common.rest_client [req-659389ee-b3d8-47f0-a14a-420fd57e4819 req-659389ee-b3d8-47f0-a14a-420fd57e4819 ] Request (ServerRescueNegativeTestJSON:setUpClass): 200 GET http://10.180.1.21/compute/v2.1/servers/ee130e80-37f3-424c-83fc-d980983ad96f 0.052s
2025-04-03 12:04:06.260 69755 INFO tempest.lib.common.rest_client [req-c7d4201a-fab0-445f-a92a-1a57c9889eba req-c7d4201a-fab0-445f-a92a-1a57c9889eba ] Request (ServerDiagnosticsTest:test_get_server_diagnostics): 200 GET http://10.180.1.21/compute/v2.1/servers/0551002b-4313-4f48-8c86-46bcf2c8c1df 0.057s
2025-04-03 12:04:06.305 69803 INFO tempest.lib.common.rest_client [req-b51f7992-496a-4267-ae57-85d18e803203 req-b51f7992-496a-4267-ae57-85d18e803203 ] Request (ServersAdminTestJSON:setUpClass): 200 GET http://10.180.1.21/compute/v2.1/servers/41dc590f-ba91-424e-a087-8b51922e5886 0.055s
2025-04-03 12:04:06.318 69795 INFO tempest.lib.common.rest_client [req-c7a2de66-e44d-4708-8969-25d51194a014 req-c7a2de66-e44d-4708-8969-25d51194a014 ] Request (ServerGroupTestJSON:test_create_server_with_scheduler_hint_group): 200 GET http://10.180.1.21/compute/v2.1/servers/93bce1b5-ce12-418f-abb9-3adf1e75d1ac 0.122s
2025-04-03 12:04:06.325 69795 INFO tempest.common.waiters [-] State transition "BUILD/spawning" ==> "ACTIVE/None" after 47 second wait
2025-04-03 12:04:06.367 69779 INFO tempest.lib.common.rest_client [req-55153dd8-5d7c-4147-b6f8-c788a6229748 req-55153dd8-5d7c-4147-b6f8-c788a6229748 ] Request (ServerShowV257Test:tearDownClass): 200 GET http://10.180.1.21/compute/v2.1/servers/42f89423-0e5d-44d3-b202-b449f66ab0b8 0.105s
2025-04-03 12:04:06.372 69775 INFO tempest.lib.common.rest_client [req-cf1b788b-5e4e-485b-b20e-10cb84f151dd req-cf1b788b-5e4e-485b-b20e-10cb84f151dd ] Request (AttachInterfacesV270Test:test_create_get_list_interfaces): 200 GET http://10.180.1.21/compute/v2.1/servers/5f9b0f8d-92cf-4caf-908f-e9e3a8dddeee 0.063s
2025-04-03 12:04:06.406 69795 INFO tempest.lib.common.rest_client [req-960ca9fd-5cdd-4f0d-a284-fd67802a2691 req-960ca9fd-5cdd-4f0d-a284-fd67802a2691 ] Request (ServerGroupTestJSON:test_create_server_with_scheduler_hint_group): 200 GET http://10.180.1.21/compute/v2.1/os-server-groups/14fcf14e-f893-4c28-b562-c8de9fb317e2 0.080s
2025-04-03 12:04:06.413 69807 INFO tempest.lib.common.rest_client [req-96fee9a2-c544-43e5-9433-d3e98781f606 req-96fee9a2-c544-43e5-9433-d3e98781f606 ] Request (ServerRescueTestJSON:setUpClass): 200 GET http://10.180.1.21/compute/v2.1/servers/0502af08-7fcb-4ebe-9b2c-c5d69661bed1 0.101s
2025-04-03 12:04:06.448 69793 INFO tempest.lib.common.rest_client [req-816109bd-c0e5-49ae-bd6c-3dd2ccc002d7 req-816109bd-c0e5-49ae-bd6c-3dd2ccc002d7 ] Request (ImagesTestJSON:test_create_image_from_suspended_server): 200 GET http://10.180.1.21/compute/v2.1/servers/e6a49a4a-583d-4fc8-bc42-904a7c8224d6 0.080s
2025-04-03 12:04:06.461 69759 INFO tempest.lib.common.rest_client [req-3e296ae3-1dfb-4105-a6f7-39797c3681ab req-3e296ae3-1dfb-4105-a6f7-39797c3681ab ] Request (ServerShowV247Test:test_update_rebuild_list_server): 200 GET http://10.180.1.21/compute/v2.1/servers/0d8d692c-4982-429b-8243-17099f95c8ab 0.058s
2025-04-03 12:04:06.508 69761 INFO tempest.lib.common.rest_client [req-687e575e-9a95-4fe3-8f5e-eb23e502ba58 req-687e575e-9a95-4fe3-8f5e-eb23e502ba58 ] Request (ListServerFiltersTestJSON:setUpClass): 200 GET http://10.180.1.21/compute/v2.1/servers/9b4c0a65-7270-4028-b232-6e756b03d182 0.063s
2025-04-03 12:04:06.512 69795 INFO tempest.lib.common.rest_client [req-6ba50477-08bd-4f82-a750-45fdc1b1d2a1 req-6ba50477-08bd-4f82-a750-45fdc1b1d2a1 ] Request (ServerGroupTestJSON:_run_cleanups): 204 DELETE http://10.180.1.21/compute/v2.1/servers/93bce1b5-ce12-418f-abb9-3adf1e75d1ac 0.105s
2025-04-03 12:04:06.568 69767 INFO tempest.lib.common.rest_client [req-2119ebaa-eb8b-4547-9380-7796740e9d20 req-2119ebaa-eb8b-4547-9380-7796740e9d20 ] Request (ImagesNegativeTestJSON:test_create_image_from_deleted_server): 200 GET http://10.180.1.21/compute/v2.1/servers/192aaa13-8dc0-447e-8ef1-0fbd7bf99bb6 0.117s
2025-04-03 12:04:06.605 69795 INFO tempest.lib.common.rest_client [req-c46ab75b-69a0-49d1-893e-3b57946e3e4b req-c46ab75b-69a0-49d1-893e-3b57946e3e4b ] Request (ServerGroupTestJSON:_run_cleanups): 200 GET http://10.180.1.21/compute/v2.1/servers/93bce1b5-ce12-418f-abb9-3adf1e75d1ac 0.092s
2025-04-03 12:04:06.618 69773 INFO tempest.lib.common.rest_client [req-f78cfae1-c1c1-4251-92d6-acde15200c5b req-f78cfae1-c1c1-4251-92d6-acde15200c5b ] Request (ServersAdmin275Test:tearDownClass): 200 GET http://10.180.1.21/compute/v2.1/servers/2f68bcc7-530b-4169-a91e-1880350cf467 0.086s
2025-04-03 12:04:06.647 69769 INFO tempest.lib.common.rest_client [req-a03dda41-aa48-4f78-996d-6193f154108e req-a03dda41-aa48-4f78-996d-6193f154108e ] Request (InstanceActionsNegativeTestJSON:setUpClass): 200 GET http://10.180.1.21/compute/v2.1/servers/debf4a55-5e31-4e22-bcd5-4b3267969e51 0.077s
2025-04-03 12:04:06.733 69809 INFO tempest.lib.common.rest_client [req-dae1832f-fb67-41d3-a523-b9fb79650ecf req-dae1832f-fb67-41d3-a523-b9fb79650ecf ] Request (ServersTestFqdnHostnames:test_create_server_with_fqdn_name): 200 GET http://10.180.1.21/compute/v2.1/servers/f1ec9889-55f4-455c-a927-36585d57bc41 0.083s
2025-04-03 12:04:06.823 69781 INFO tempest.lib.common.rest_client [req-bf730988-8547-4e90-ae5f-2f3aa18b4c69 req-bf730988-8547-4e90-ae5f-2f3aa18b4c69 ] Request (FloatingIPsAssociationTestJSON:test_associate_already_associated_floating_ip): 200 GET http://10.180.1.21/compute/v2.1/servers/9570d9f7-1dcb-41b4-8058-e1f16833ac44 0.062s
2025-04-03 12:04:06.825 69787 INFO tempest.lib.common.rest_client [req-3bf590c3-ae86-4ae2-9e4f-6bfe2b998532 req-3bf590c3-ae86-4ae2-9e4f-6bfe2b998532 ] Request (SecurityGroupsTestJSON:test_server_security_groups): 200 GET http://10.180.1.21/compute/v2.1/servers/db55a66b-8be9-4ed8-b11e-983b05977063 0.062s
2025-04-03 12:04:06.866 69753 INFO tempest.lib.common.rest_client [req-b2cd5f8a-5103-4373-9471-82640a8f9f60 req-b2cd5f8a-5103-4373-9471-82640a8f9f60 ] Request (AttachVolumeNegativeTest:test_attach_attached_volume_to_different_server): 200 GET http://10.180.1.21/compute/v2.1/servers/5e872a46-1c3e-4e2a-b7bc-358471966940 0.059s
2025-04-03 12:04:06.894 69783 INFO tempest.lib.common.rest_client [req-ad192b62-cbfd-45e2-a4d8-62306c9145e8 req-ad192b62-cbfd-45e2-a4d8-62306c9145e8 ] Request (DeleteServersAdminTestJSON:test_admin_delete_servers_of_others): 200 GET http://10.180.1.21/compute/v2.1/servers/a1070e28-43c7-48f9-8325-af823ff273bc 0.049s
2025-04-03 12:04:06.926 69777 INFO tempest.lib.common.rest_client [req-601d769d-8cd0-4b82-9603-f496867c8dd6 req-601d769d-8cd0-4b82-9603-f496867c8dd6 ] Request (ServersListShow298Test:tearDownClass): 200 GET http://10.180.1.21/compute/v2.1/servers/7105db4d-104b-4c22-9a33-7b5a9a2043c8 0.060s
2025-04-03 12:04:06.976 69763 INFO tempest.lib.common.rest_client [req-5ebda7f8-47ee-48b5-9157-8520b75165cc req-5ebda7f8-47ee-48b5-9157-8520b75165cc ] Request (MultipleCreateTestJSON:test_multiple_create): 200 GET http://10.180.1.21/compute/v2.1/servers/05ee971f-3aed-4c08-920d-60eaf4f20e75 0.060s
2025-04-03 12:04:06.979 69771 INFO tempest.lib.common.rest_client [req-a12b3e4b-dc99-4e64-b6c0-36db78f0d3ec req-a12b3e4b-dc99-4e64-b6c0-36db78f0d3ec ] Request (AttachInterfacesTestJSON:test_create_list_show_delete_interfaces_by_fixed_ip): 200 GET http://10.180.1.21/compute/v2.1/servers/6d2a912a-8990-4032-b22c-d1a769e058fd 0.064s
2025-04-03 12:04:07.032 69815 INFO tempest.lib.common.rest_client [req-c519fc19-7d97-4a57-9508-5767f36aefd1 req-c519fc19-7d97-4a57-9508-5767f36aefd1 ] Request (ServerDiskConfigTestJSON:test_rebuild_server_with_auto_disk_config): 200 GET http://10.180.1.21/compute/v2.1/servers/ae003353-32f8-4e86-915a-5a184e105be5 0.063s
2025-04-03 12:04:07.047 69801 INFO tempest.lib.common.rest_client [req-008fd76a-99cb-40af-9e6d-f079b0cba28f req-008fd76a-99cb-40af-9e6d-f079b0cba28f ] Request (ServersAdminNegativeTestJSON:test_migrate_server_invalid_state): 200 GET http://10.180.1.21/compute/v2.1/servers/f64e0477-2524-4169-98b6-1595ea0269c3 0.071s
2025-04-03 12:04:07.107 69785 INFO tempest.lib.common.rest_client [req-2dca72a8-7df7-4d7d-b9a2-08c3d840506e req-2dca72a8-7df7-4d7d-b9a2-08c3d840506e ] Request (ListImageFiltersTestJSON:setUpClass): 200 GET http://10.180.1.21/compute/v2.1/servers/c4f9d6db-722b-4da2-8e48-192598d791b1 0.055s
2025-04-03 12:04:07.162 69811 INFO tempest.lib.common.rest_client [req-33b9fff0-f1e7-4e30-983a-3ff6566b7a89 req-33b9fff0-f1e7-4e30-983a-3ff6566b7a89 ] Request (AttachInterfacesUnderV243Test:test_add_remove_fixed_ip): 200 GET http://10.180.1.21/compute/v2.1/servers/60f0b1c6-4ec8-4d5b-8953-9f261c0eddf5 0.060s
2025-04-03 12:04:07.235 69765 INFO tempest.lib.common.rest_client [req-145ff94e-8c6a-4f60-abf6-a76fe2beeed3 req-145ff94e-8c6a-4f60-abf6-a76fe2beeed3 ] Request (ServersTestJSON:_run_cleanups): 200 GET http://10.180.1.21/compute/v2.1/servers/92548565-7ab3-4692-b3a2-7cbe5b31c174 0.077s
2025-04-03 12:04:07.244 69765 INFO tempest.common.waiters [-] State transition "ACTIVE/deleting" ==> "DELETED/None" after 5 second wait
2025-04-03 12:04:07.286 69799 INFO tempest.lib.common.rest_client [req-77520c91-3ab3-4929-b91f-c21f99cc6ef9 req-77520c91-3ab3-4929-b91f-c21f99cc6ef9 ] Request (ServerRescueNegativeTestJSON:setUpClass): 200 GET http://10.180.1.21/compute/v2.1/servers/ee130e80-37f3-424c-83fc-d980983ad96f 0.075s
2025-04-03 12:04:07.289 69791 INFO tempest.lib.common.rest_client [req-1b35f148-c45a-4a66-bb2c-9602387b6f79 req-1b35f148-c45a-4a66-bb2c-9602387b6f79 ] Request (MigrationsAdminTest:test_list_migrations_in_flavor_resize_situation): 200 GET http://10.180.1.21/compute/v2.1/servers/8bc53731-8231-40a3-98b7-aa51b30850b9 0.119s
2025-04-03 12:04:07.330 69755 INFO tempest.lib.common.rest_client [req-b2f6244e-9a23-4fa1-afeb-16c227727163 req-b2f6244e-9a23-4fa1-afeb-16c227727163 ] Request (ServerDiagnosticsTest:test_get_server_diagnostics): 200 GET http://10.180.1.21/compute/v2.1/servers/0551002b-4313-4f48-8c86-46bcf2c8c1df 0.062s
2025-04-03 12:04:07.346 69813 WARNING tempest.lib.common.ssh [-] Failed to establish authenticated ssh connection to cirros@10.180.180.143 ([Errno None] Unable to connect to port 22 on 10.180.180.143). Number attempts: 7. Retry after 8 seconds.: paramiko.ssh_exception.NoValidConnectionsError: [Errno None] Unable to connect to port 22 on 10.180.180.143
2025-04-03 12:04:07.364 69803 INFO tempest.lib.common.rest_client [req-414fbcfb-eb1d-4e52-9be3-7d9874c9bae0 req-414fbcfb-eb1d-4e52-9be3-7d9874c9bae0 ] Request (ServersAdminTestJSON:setUpClass): 200 GET http://10.180.1.21/compute/v2.1/servers/41dc590f-ba91-424e-a087-8b51922e5886 0.051s
2025-04-03 12:04:07.444 69775 INFO tempest.lib.common.rest_client [req-dc6fb2b4-7a8e-4905-b196-d19face2d2ef req-dc6fb2b4-7a8e-4905-b196-d19face2d2ef ] Request (AttachInterfacesV270Test:test_create_get_list_interfaces): 200 GET http://10.180.1.21/compute/v2.1/servers/5f9b0f8d-92cf-4caf-908f-e9e3a8dddeee 0.060s
2025-04-03 12:04:07.445 69779 INFO tempest.lib.common.rest_client [req-99d573a9-5816-4322-9d97-8fcf43bb4f32 req-99d573a9-5816-4322-9d97-8fcf43bb4f32 ] Request (ServerShowV257Test:tearDownClass): 200 GET http://10.180.1.21/compute/v2.1/servers/42f89423-0e5d-44d3-b202-b449f66ab0b8 0.068s
2025-04-03 12:04:07.454 69775 INFO tempest.common.waiters [-] State transition "BUILD/scheduling" ==> "BUILD/None" after 31 second wait
2025-04-03 12:04:07.489 69807 INFO tempest.lib.common.rest_client [req-78f2fb24-2eae-475f-ab98-49263997b4c1 req-78f2fb24-2eae-475f-ab98-49263997b4c1 ] Request (ServerRescueTestJSON:setUpClass): 200 GET http://10.180.1.21/compute/v2.1/servers/0502af08-7fcb-4ebe-9b2c-c5d69661bed1 0.069s
2025-04-03 12:04:07.502 69793 INFO tempest.lib.common.rest_client [req-3d6a4555-66c8-436b-9785-ba2557bc830d req-3d6a4555-66c8-436b-9785-ba2557bc830d ] Request (ImagesTestJSON:test_create_image_from_suspended_server): 200 GET http://10.180.1.21/compute/v2.1/servers/e6a49a4a-583d-4fc8-bc42-904a7c8224d6 0.046s
2025-04-03 12:04:07.540 69759 INFO tempest.lib.common.rest_client [req-57bd30d4-d8f3-4957-98e3-320780426239 req-57bd30d4-d8f3-4957-98e3-320780426239 ] Request (ServerShowV247Test:test_update_rebuild_list_server): 200 GET http://10.180.1.21/compute/v2.1/servers/0d8d692c-4982-429b-8243-17099f95c8ab 0.070s
2025-04-03 12:04:07.578 69761 INFO tempest.lib.common.rest_client [req-7d5ce4ba-7d9d-4b86-9fb5-c89ea3274e67 req-7d5ce4ba-7d9d-4b86-9fb5-c89ea3274e67 ] Request (ListServerFiltersTestJSON:setUpClass): 200 GET http://10.180.1.21/compute/v2.1/servers/9b4c0a65-7270-4028-b232-6e756b03d182 0.061s
2025-04-03 12:04:07.636 69767 INFO tempest.lib.common.rest_client [req-a9df1a8e-5850-4d64-b905-2a657244d61d req-a9df1a8e-5850-4d64-b905-2a657244d61d ] Request (ImagesNegativeTestJSON:test_create_image_from_deleted_server): 200 GET http://10.180.1.21/compute/v2.1/servers/192aaa13-8dc0-447e-8ef1-0fbd7bf99bb6 0.061s
2025-04-03 12:04:07.715 69773 INFO tempest.lib.common.rest_client [req-fa801051-3592-4b97-ab25-6ddb2e33f6af req-fa801051-3592-4b97-ab25-6ddb2e33f6af ] Request (ServersAdmin275Test:tearDownClass): 200 GET http://10.180.1.21/compute/v2.1/servers/2f68bcc7-530b-4169-a91e-1880350cf467 0.086s
2025-04-03 12:04:07.752 69795 INFO tempest.lib.common.rest_client [req-bc5a286a-5436-4ffa-9b71-82000d4cfd44 req-bc5a286a-5436-4ffa-9b71-82000d4cfd44 ] Request (ServerGroupTestJSON:_run_cleanups): 200 GET http://10.180.1.21/compute/v2.1/servers/93bce1b5-ce12-418f-abb9-3adf1e75d1ac 0.138s
2025-04-03 12:04:07.777 69769 INFO tempest.lib.common.rest_client [req-d4d1eebc-6897-4cad-97a8-1822ba5979a9 req-d4d1eebc-6897-4cad-97a8-1822ba5979a9 ] Request (InstanceActionsNegativeTestJSON:setUpClass): 200 GET http://10.180.1.21/compute/v2.1/servers/debf4a55-5e31-4e22-bcd5-4b3267969e51 0.123s
2025-04-03 12:04:07.864 69809 INFO tempest.lib.common.rest_client [req-c4e7685e-f3b1-4736-97ac-8f882b4abdc9 req-c4e7685e-f3b1-4736-97ac-8f882b4abdc9 ] Request (ServersTestFqdnHostnames:test_create_server_with_fqdn_name): 200 GET http://10.180.1.21/compute/v2.1/servers/f1ec9889-55f4-455c-a927-36585d57bc41 0.122s
2025-04-03 12:04:07.885 69781 INFO tempest.lib.common.rest_client [req-9e32c5a2-3bc0-494a-b12e-7257446ca751 req-9e32c5a2-3bc0-494a-b12e-7257446ca751 ] Request (FloatingIPsAssociationTestJSON:test_associate_already_associated_floating_ip): 200 GET http://10.180.1.21/compute/v2.1/servers/9570d9f7-1dcb-41b4-8058-e1f16833ac44 0.053s
2025-04-03 12:04:07.908 69787 INFO tempest.lib.common.rest_client [req-53f4e3bb-208a-465b-997e-fac8f96cb79b req-53f4e3bb-208a-465b-997e-fac8f96cb79b ] Request (SecurityGroupsTestJSON:test_server_security_groups): 200 GET http://10.180.1.21/compute/v2.1/servers/db55a66b-8be9-4ed8-b11e-983b05977063 0.075s
2025-04-03 12:04:07.936 69753 INFO tempest.lib.common.rest_client [req-a06347dd-7ae3-441e-a8ed-9ffffe7e83a5 req-a06347dd-7ae3-441e-a8ed-9ffffe7e83a5 ] Request (AttachVolumeNegativeTest:test_attach_attached_volume_to_different_server): 200 GET http://10.180.1.21/compute/v2.1/servers/5e872a46-1c3e-4e2a-b7bc-358471966940 0.061s
2025-04-03 12:04:07.959 69783 INFO tempest.lib.common.rest_client [req-19f0cac3-df32-4d25-9626-19b4694ff1fa req-19f0cac3-df32-4d25-9626-19b4694ff1fa ] Request (DeleteServersAdminTestJSON:test_admin_delete_servers_of_others): 200 GET http://10.180.1.21/compute/v2.1/servers/a1070e28-43c7-48f9-8325-af823ff273bc 0.053s
2025-04-03 12:04:08.005 69777 INFO tempest.lib.common.rest_client [req-809b169a-907d-44f4-b2e7-f56742e4fdbe req-809b169a-907d-44f4-b2e7-f56742e4fdbe ] Request (ServersListShow298Test:tearDownClass): 200 GET http://10.180.1.21/compute/v2.1/servers/7105db4d-104b-4c22-9a33-7b5a9a2043c8 0.067s
2025-04-03 12:04:08.041 69763 INFO tempest.lib.common.rest_client [req-9780e4e4-45ad-48fb-b929-cfb060f50822 req-9780e4e4-45ad-48fb-b929-cfb060f50822 ] Request (MultipleCreateTestJSON:test_multiple_create): 200 GET http://10.180.1.21/compute/v2.1/servers/05ee971f-3aed-4c08-920d-60eaf4f20e75 0.058s
2025-04-03 12:04:08.105 69815 INFO tempest.lib.common.rest_client [req-381f8b63-2219-4434-916b-1ffdfc138ed5 req-381f8b63-2219-4434-916b-1ffdfc138ed5 ] Request (ServerDiskConfigTestJSON:test_rebuild_server_with_auto_disk_config): 200 GET http://10.180.1.21/compute/v2.1/servers/ae003353-32f8-4e86-915a-5a184e105be5 0.067s
2025-04-03 12:04:08.133 69771 INFO tempest.lib.common.rest_client [req-deb7d183-17c5-4b91-864f-59e2ab03317b req-deb7d183-17c5-4b91-864f-59e2ab03317b ] Request (AttachInterfacesTestJSON:test_create_list_show_delete_interfaces_by_fixed_ip): 200 GET http://10.180.1.21/compute/v2.1/servers/6d2a912a-8990-4032-b22c-d1a769e058fd 0.144s
2025-04-03 12:04:08.140 69771 INFO tempest.common.waiters [-] State transition "BUILD/None" ==> "BUILD/networking" after 45 second wait
2025-04-03 12:04:08.168 69801 INFO tempest.lib.common.rest_client [req-7fa6a31c-e024-40d8-b2cd-7642463eb252 req-7fa6a31c-e024-40d8-b2cd-7642463eb252 ] Request (ServersAdminNegativeTestJSON:test_migrate_server_invalid_state): 200 GET http://10.180.1.21/compute/v2.1/servers/f64e0477-2524-4169-98b6-1595ea0269c3 0.111s
2025-04-03 12:04:08.195 69785 INFO tempest.lib.common.rest_client [req-d232f84a-5d4f-4a4e-96f5-89c9458e133e req-d232f84a-5d4f-4a4e-96f5-89c9458e133e ] Request (ListImageFiltersTestJSON:setUpClass): 200 GET http://10.180.1.21/compute/v2.1/servers/c4f9d6db-722b-4da2-8e48-192598d791b1 0.080s
2025-04-03 12:04:08.229 69811 INFO tempest.lib.common.rest_client [req-f9deec54-502d-4208-a6e9-2ed058fb5edb req-f9deec54-502d-4208-a6e9-2ed058fb5edb ] Request (AttachInterfacesUnderV243Test:test_add_remove_fixed_ip): 200 GET http://10.180.1.21/compute/v2.1/servers/60f0b1c6-4ec8-4d5b-8953-9f261c0eddf5 0.059s
2025-04-03 12:04:08.310 69765 INFO tempest.lib.common.rest_client [req-f0a865cb-0e32-48b1-afd8-383e695c6faf req-f0a865cb-0e32-48b1-afd8-383e695c6faf ] Request (ServersTestJSON:_run_cleanups): 200 GET http://10.180.1.21/compute/v2.1/servers/92548565-7ab3-4692-b3a2-7cbe5b31c174 0.064s
2025-04-03 12:04:08.349 69799 INFO tempest.lib.common.rest_client [req-683117a6-c8b2-45f6-a15e-e26a86857fcb req-683117a6-c8b2-45f6-a15e-e26a86857fcb ] Request (ServerRescueNegativeTestJSON:setUpClass): 200 GET http://10.180.1.21/compute/v2.1/servers/ee130e80-37f3-424c-83fc-d980983ad96f 0.055s
2025-04-03 12:04:08.417 69755 INFO tempest.lib.common.rest_client [req-f891d2be-80f7-4920-800f-e2f03db2c469 req-f891d2be-80f7-4920-800f-e2f03db2c469 ] Request (ServerDiagnosticsTest:test_get_server_diagnostics): 200 GET http://10.180.1.21/compute/v2.1/servers/0551002b-4313-4f48-8c86-46bcf2c8c1df 0.078s
2025-04-03 12:04:08.435 69791 INFO tempest.lib.common.rest_client [req-57e20ccb-c6bc-4ef7-b6f2-6e24d2da51f2 req-57e20ccb-c6bc-4ef7-b6f2-6e24d2da51f2 ] Request (MigrationsAdminTest:test_list_migrations_in_flavor_resize_situation): 200 GET http://10.180.1.21/compute/v2.1/servers/8bc53731-8231-40a3-98b7-aa51b30850b9 0.138s
2025-04-03 12:04:08.468 69803 INFO tempest.lib.common.rest_client [req-b5ca600f-2178-4a53-8e09-bb59d1043173 req-b5ca600f-2178-4a53-8e09-bb59d1043173 ] Request (ServersAdminTestJSON:setUpClass): 200 GET http://10.180.1.21/compute/v2.1/servers/41dc590f-ba91-424e-a087-8b51922e5886 0.095s
2025-04-03 12:04:08.514 69775 INFO tempest.lib.common.rest_client [req-fa06d8e5-a617-4fb8-98c3-c44be1a626dc req-fa06d8e5-a617-4fb8-98c3-c44be1a626dc ] Request (AttachInterfacesV270Test:test_create_get_list_interfaces): 200 GET http://10.180.1.21/compute/v2.1/servers/5f9b0f8d-92cf-4caf-908f-e9e3a8dddeee 0.059s
2025-04-03 12:04:08.527 69779 INFO tempest.lib.common.rest_client [req-cef31d8b-de21-4587-bada-11c023c33b5a req-cef31d8b-de21-4587-bada-11c023c33b5a ] Request (ServerShowV257Test:tearDownClass): 200 GET http://10.180.1.21/compute/v2.1/servers/42f89423-0e5d-44d3-b202-b449f66ab0b8 0.071s
2025-04-03 12:04:08.578 69807 INFO tempest.lib.common.rest_client [req-866f27be-3e1e-4c17-ad7c-8bb5f53652f4 req-866f27be-3e1e-4c17-ad7c-8bb5f53652f4 ] Request (ServerRescueTestJSON:setUpClass): 200 GET http://10.180.1.21/compute/v2.1/servers/0502af08-7fcb-4ebe-9b2c-c5d69661bed1 0.080s
2025-04-03 12:04:08.578 69793 INFO tempest.lib.common.rest_client [req-f2071cbe-209d-4ae3-9cb0-ef0e1a94d56d req-f2071cbe-209d-4ae3-9cb0-ef0e1a94d56d ] Request (ImagesTestJSON:test_create_image_from_suspended_server): 200 GET http://10.180.1.21/compute/v2.1/servers/e6a49a4a-583d-4fc8-bc42-904a7c8224d6 0.069s
2025-04-03 12:04:08.638 69759 INFO tempest.lib.common.rest_client [req-517381a5-28e2-402c-a255-5376498603d7 req-517381a5-28e2-402c-a255-5376498603d7 ] Request (ServerShowV247Test:test_update_rebuild_list_server): 200 GET http://10.180.1.21/compute/v2.1/servers/0d8d692c-4982-429b-8243-17099f95c8ab 0.088s
2025-04-03 12:04:08.640 69761 INFO tempest.lib.common.rest_client [req-1b82b45b-c090-4b09-9386-5f9c61165576 req-1b82b45b-c090-4b09-9386-5f9c61165576 ] Request (ListServerFiltersTestJSON:setUpClass): 200 GET http://10.180.1.21/compute/v2.1/servers/9b4c0a65-7270-4028-b232-6e756b03d182 0.054s
2025-04-03 12:04:08.699 69767 INFO tempest.lib.common.rest_client [req-628c05a4-07dc-49ae-876c-c297771fc8a6 req-628c05a4-07dc-49ae-876c-c297771fc8a6 ] Request (ImagesNegativeTestJSON:test_create_image_from_deleted_server): 200 GET http://10.180.1.21/compute/v2.1/servers/192aaa13-8dc0-447e-8ef1-0fbd7bf99bb6 0.053s
2025-04-03 12:04:08.788 69773 INFO tempest.lib.common.rest_client [req-4d5d0141-31c9-426a-a413-e968e7299f2a req-4d5d0141-31c9-426a-a413-e968e7299f2a ] Request (ServersAdmin275Test:tearDownClass): 200 GET http://10.180.1.21/compute/v2.1/servers/2f68bcc7-530b-4169-a91e-1880350cf467 0.057s
2025-04-03 12:04:08.844 69769 INFO tempest.lib.common.rest_client [req-72b9792f-8e82-47eb-8eba-250443bf4ec7 req-72b9792f-8e82-47eb-8eba-250443bf4ec7 ] Request (InstanceActionsNegativeTestJSON:setUpClass): 200 GET http://10.180.1.21/compute/v2.1/servers/debf4a55-5e31-4e22-bcd5-4b3267969e51 0.059s
2025-04-03 12:04:08.857 69795 INFO tempest.lib.common.rest_client [req-fc562e00-f05b-4fc4-b3ec-518ff52f1aa8 req-fc562e00-f05b-4fc4-b3ec-518ff52f1aa8 ] Request (ServerGroupTestJSON:_run_cleanups): 200 GET http://10.180.1.21/compute/v2.1/servers/93bce1b5-ce12-418f-abb9-3adf1e75d1ac 0.096s
2025-04-03 12:04:08.953 69781 INFO tempest.lib.common.rest_client [req-a1424ed6-e7f1-42dd-a852-f3a9ab3f8749 req-a1424ed6-e7f1-42dd-a852-f3a9ab3f8749 ] Request (FloatingIPsAssociationTestJSON:test_associate_already_associated_floating_ip): 200 GET http://10.180.1.21/compute/v2.1/servers/9570d9f7-1dcb-41b4-8058-e1f16833ac44 0.059s
2025-04-03 12:04:08.992 69809 INFO tempest.lib.common.rest_client [req-9d3a6b6a-6cf1-4012-a83f-2cb15e57ee51 req-9d3a6b6a-6cf1-4012-a83f-2cb15e57ee51 ] Request (ServersTestFqdnHostnames:test_create_server_with_fqdn_name): 200 GET http://10.180.1.21/compute/v2.1/servers/f1ec9889-55f4-455c-a927-36585d57bc41 0.120s
2025-04-03 12:04:09.004 69787 INFO tempest.lib.common.rest_client [req-0d658861-a0a3-46f7-8a6a-d46c1756660a req-0d658861-a0a3-46f7-8a6a-d46c1756660a ] Request (SecurityGroupsTestJSON:test_server_security_groups): 200 GET http://10.180.1.21/compute/v2.1/servers/db55a66b-8be9-4ed8-b11e-983b05977063 0.089s
2025-04-03 12:04:09.052 69753 INFO tempest.lib.common.rest_client [req-ad1e0d9e-ab6a-4c55-8376-7261ab1cc6eb req-ad1e0d9e-ab6a-4c55-8376-7261ab1cc6eb ] Request (AttachVolumeNegativeTest:test_attach_attached_volume_to_different_server): 200 GET http://10.180.1.21/compute/v2.1/servers/5e872a46-1c3e-4e2a-b7bc-358471966940 0.108s
2025-04-03 12:04:09.058 69783 INFO tempest.lib.common.rest_client [req-7cfbe33f-8482-4f6d-9e8b-8b56153924e9 req-7cfbe33f-8482-4f6d-9e8b-8b56153924e9 ] Request (DeleteServersAdminTestJSON:test_admin_delete_servers_of_others): 200 GET http://10.180.1.21/compute/v2.1/servers/a1070e28-43c7-48f9-8325-af823ff273bc 0.090s
2025-04-03 12:04:09.138 69763 INFO tempest.lib.common.rest_client [req-77b9ac8e-019b-431f-a845-d24df54d2e09 req-77b9ac8e-019b-431f-a845-d24df54d2e09 ] Request (MultipleCreateTestJSON:test_multiple_create): 200 GET http://10.180.1.21/compute/v2.1/servers/05ee971f-3aed-4c08-920d-60eaf4f20e75 0.087s
2025-04-03 12:04:09.143 69777 INFO tempest.lib.common.rest_client [req-617de58d-8a28-4998-b0fe-82ef756b1999 req-617de58d-8a28-4998-b0fe-82ef756b1999 ] Request (ServersListShow298Test:tearDownClass): 200 GET http://10.180.1.21/compute/v2.1/servers/7105db4d-104b-4c22-9a33-7b5a9a2043c8 0.124s
2025-04-03 12:04:09.193 69815 INFO tempest.lib.common.rest_client [req-1d399f20-9fc8-4f5d-ba1c-587221f7dcbd req-1d399f20-9fc8-4f5d-ba1c-587221f7dcbd ] Request (ServerDiskConfigTestJSON:test_rebuild_server_with_auto_disk_config): 200 GET http://10.180.1.21/compute/v2.1/servers/ae003353-32f8-4e86-915a-5a184e105be5 0.080s
2025-04-03 12:04:09.248 69801 INFO tempest.lib.common.rest_client [req-d068e1d5-4373-4731-9b7f-256d04c9ff20 req-d068e1d5-4373-4731-9b7f-256d04c9ff20 ] Request (ServersAdminNegativeTestJSON:test_migrate_server_invalid_state): 200 GET http://10.180.1.21/compute/v2.1/servers/f64e0477-2524-4169-98b6-1595ea0269c3 0.072s
2025-04-03 12:04:09.260 69771 INFO tempest.lib.common.rest_client [req-04fc39dd-14de-4619-b033-7c12c69d860f req-04fc39dd-14de-4619-b033-7c12c69d860f ] Request (AttachInterfacesTestJSON:test_create_list_show_delete_interfaces_by_fixed_ip): 200 GET http://10.180.1.21/compute/v2.1/servers/6d2a912a-8990-4032-b22c-d1a769e058fd 0.119s
2025-04-03 12:04:09.268 69771 INFO tempest.common.waiters [-] State transition "BUILD/networking" ==> "BUILD/spawning" after 46 second wait
2025-04-03 12:04:09.295 69785 INFO tempest.lib.common.rest_client [req-31909337-ac27-43f7-bda3-355912967ab6 req-31909337-ac27-43f7-bda3-355912967ab6 ] Request (ListImageFiltersTestJSON:setUpClass): 200 GET http://10.180.1.21/compute/v2.1/servers/c4f9d6db-722b-4da2-8e48-192598d791b1 0.090s
2025-04-03 12:04:09.305 69811 INFO tempest.lib.common.rest_client [req-27c94568-0e7f-4f45-b4e2-f042925e0d33 req-27c94568-0e7f-4f45-b4e2-f042925e0d33 ] Request (AttachInterfacesUnderV243Test:test_add_remove_fixed_ip): 200 GET http://10.180.1.21/compute/v2.1/servers/60f0b1c6-4ec8-4d5b-8953-9f261c0eddf5 0.068s
2025-04-03 12:04:09.370 69765 INFO tempest.lib.common.rest_client [req-1af19f70-b9cf-4020-80bd-aee8d6415e7e req-1af19f70-b9cf-4020-80bd-aee8d6415e7e ] Request (ServersTestJSON:_run_cleanups): 200 GET http://10.180.1.21/compute/v2.1/servers/92548565-7ab3-4692-b3a2-7cbe5b31c174 0.051s
2025-04-03 12:04:09.400 69799 INFO tempest.lib.common.rest_client [req-37e59e3d-b5a4-4355-9f99-50494520ede7 req-37e59e3d-b5a4-4355-9f99-50494520ede7 ] Request (ServerRescueNegativeTestJSON:setUpClass): 200 GET http://10.180.1.21/compute/v2.1/servers/ee130e80-37f3-424c-83fc-d980983ad96f 0.043s
2025-04-03 12:04:09.470 69755 INFO tempest.lib.common.rest_client [req-7e98ae41-1ae6-4a24-96ce-2114c64f29d2 req-7e98ae41-1ae6-4a24-96ce-2114c64f29d2 ] Request (ServerDiagnosticsTest:test_get_server_diagnostics): 200 GET http://10.180.1.21/compute/v2.1/servers/0551002b-4313-4f48-8c86-46bcf2c8c1df 0.045s
2025-04-03 12:04:09.539 69803 INFO tempest.lib.common.rest_client [req-1135fd0e-8b59-4778-9be4-ace91024a7ab req-1135fd0e-8b59-4778-9be4-ace91024a7ab ] Request (ServersAdminTestJSON:setUpClass): 200 GET http://10.180.1.21/compute/v2.1/servers/41dc590f-ba91-424e-a087-8b51922e5886 0.061s
2025-04-03 12:04:09.565 69791 INFO tempest.lib.common.rest_client [req-4e196d8a-8c47-4742-8c68-5457c60ef26f req-4e196d8a-8c47-4742-8c68-5457c60ef26f ] Request (MigrationsAdminTest:test_list_migrations_in_flavor_resize_situation): 200 GET http://10.180.1.21/compute/v2.1/servers/8bc53731-8231-40a3-98b7-aa51b30850b9 0.122s
2025-04-03 12:04:09.589 69775 INFO tempest.lib.common.rest_client [req-9d271520-1c89-49b2-b904-6bc86b586e46 req-9d271520-1c89-49b2-b904-6bc86b586e46 ] Request (AttachInterfacesV270Test:test_create_get_list_interfaces): 200 GET http://10.180.1.21/compute/v2.1/servers/5f9b0f8d-92cf-4caf-908f-e9e3a8dddeee 0.060s
2025-04-03 12:04:09.628 69779 INFO tempest.lib.common.rest_client [req-fab81afd-2eb7-4609-91b9-107e929109da req-fab81afd-2eb7-4609-91b9-107e929109da ] Request (ServerShowV257Test:tearDownClass): 200 GET http://10.180.1.21/compute/v2.1/servers/42f89423-0e5d-44d3-b202-b449f66ab0b8 0.091s
2025-04-03 12:04:09.646 69807 INFO tempest.lib.common.rest_client [req-6f03f95f-17a3-4b06-9213-23bad66e26ac req-6f03f95f-17a3-4b06-9213-23bad66e26ac ] Request (ServerRescueTestJSON:setUpClass): 200 GET http://10.180.1.21/compute/v2.1/servers/0502af08-7fcb-4ebe-9b2c-c5d69661bed1 0.060s
2025-04-03 12:04:09.688 69793 INFO tempest.lib.common.rest_client [req-a277ee62-be0a-4807-925f-e19e752417f5 req-a277ee62-be0a-4807-925f-e19e752417f5 ] Request (ImagesTestJSON:test_create_image_from_suspended_server): 200 GET http://10.180.1.21/compute/v2.1/servers/e6a49a4a-583d-4fc8-bc42-904a7c8224d6 0.100s
2025-04-03 12:04:09.705 69759 INFO tempest.lib.common.rest_client [req-85626664-3a81-4554-bb4a-b8e3354177a4 req-85626664-3a81-4554-bb4a-b8e3354177a4 ] Request (ServerShowV247Test:test_update_rebuild_list_server): 200 GET http://10.180.1.21/compute/v2.1/servers/0d8d692c-4982-429b-8243-17099f95c8ab 0.056s
2025-04-03 12:04:09.746 69761 INFO tempest.lib.common.rest_client [req-4ff7694a-ae27-4c56-86ed-eef9ffbb0ea3 req-4ff7694a-ae27-4c56-86ed-eef9ffbb0ea3 ] Request (ListServerFiltersTestJSON:setUpClass): 200 GET http://10.180.1.21/compute/v2.1/servers/9b4c0a65-7270-4028-b232-6e756b03d182 0.096s
2025-04-03 12:04:09.771 69767 INFO tempest.lib.common.rest_client [req-f3b512aa-7677-4243-bc03-d782fc554257 req-f3b512aa-7677-4243-bc03-d782fc554257 ] Request (ImagesNegativeTestJSON:test_create_image_from_deleted_server): 200 GET http://10.180.1.21/compute/v2.1/servers/192aaa13-8dc0-447e-8ef1-0fbd7bf99bb6 0.064s
2025-04-03 12:04:09.867 69773 INFO tempest.lib.common.rest_client [req-f7336126-68d0-4aab-be81-aa80e2460930 req-f7336126-68d0-4aab-be81-aa80e2460930 ] Request (ServersAdmin275Test:tearDownClass): 200 GET http://10.180.1.21/compute/v2.1/servers/2f68bcc7-530b-4169-a91e-1880350cf467 0.068s
2025-04-03 12:04:09.912 69769 INFO tempest.lib.common.rest_client [req-227a8cab-ca42-4758-9be7-793192c6c0e4 req-227a8cab-ca42-4758-9be7-793192c6c0e4 ] Request (InstanceActionsNegativeTestJSON:setUpClass): 200 GET http://10.180.1.21/compute/v2.1/servers/debf4a55-5e31-4e22-bcd5-4b3267969e51 0.060s
2025-04-03 12:04:09.917 69795 INFO tempest.lib.common.rest_client [req-8a678068-be79-4cfa-8404-0e133fec9cdf req-8a678068-be79-4cfa-8404-0e133fec9cdf ] Request (ServerGroupTestJSON:_run_cleanups): 200 GET http://10.180.1.21/compute/v2.1/servers/93bce1b5-ce12-418f-abb9-3adf1e75d1ac 0.052s
2025-04-03 12:04:10.014 69781 INFO tempest.lib.common.rest_client [req-1cc37268-16f3-4222-bc88-6a17ff11e738 req-1cc37268-16f3-4222-bc88-6a17ff11e738 ] Request (FloatingIPsAssociationTestJSON:test_associate_already_associated_floating_ip): 200 GET http://10.180.1.21/compute/v2.1/servers/9570d9f7-1dcb-41b4-8058-e1f16833ac44 0.051s
2025-04-03 12:04:10.066 69787 INFO tempest.lib.common.rest_client [req-24acdb32-17d5-4d2e-a46a-8794d36fe678 req-24acdb32-17d5-4d2e-a46a-8794d36fe678 ] Request (SecurityGroupsTestJSON:test_server_security_groups): 200 GET http://10.180.1.21/compute/v2.1/servers/db55a66b-8be9-4ed8-b11e-983b05977063 0.054s
2025-04-03 12:04:10.117 69753 INFO tempest.lib.common.rest_client [req-5fa7ff30-ac5d-44aa-9393-098f1aa5f77d req-5fa7ff30-ac5d-44aa-9393-098f1aa5f77d ] Request (AttachVolumeNegativeTest:test_attach_attached_volume_to_different_server): 200 GET http://10.180.1.21/compute/v2.1/servers/5e872a46-1c3e-4e2a-b7bc-358471966940 0.057s
2025-04-03 12:04:10.129 69809 INFO tempest.lib.common.rest_client [req-e740a030-739f-4d56-9ae5-e8fa22af3de9 req-e740a030-739f-4d56-9ae5-e8fa22af3de9 ] Request (ServersTestFqdnHostnames:test_create_server_with_fqdn_name): 200 GET http://10.180.1.21/compute/v2.1/servers/f1ec9889-55f4-455c-a927-36585d57bc41 0.128s
2025-04-03 12:04:10.164 69783 INFO tempest.lib.common.rest_client [req-0a54aa13-727b-4259-b05d-d710f27a4f97 req-0a54aa13-727b-4259-b05d-d710f27a4f97 ] Request (DeleteServersAdminTestJSON:test_admin_delete_servers_of_others): 200 GET http://10.180.1.21/compute/v2.1/servers/a1070e28-43c7-48f9-8325-af823ff273bc 0.097s
2025-04-03 12:04:10.194 69763 INFO tempest.lib.common.rest_client [req-feb95576-2f6d-4870-bb1b-088e6cea6e57 req-feb95576-2f6d-4870-bb1b-088e6cea6e57 ] Request (MultipleCreateTestJSON:test_multiple_create): 200 GET http://10.180.1.21/compute/v2.1/servers/05ee971f-3aed-4c08-920d-60eaf4f20e75 0.048s
2025-04-03 12:04:10.227 69777 INFO tempest.lib.common.rest_client [req-fcb3277e-65fc-4d56-84cb-9e66cae3df6d req-fcb3277e-65fc-4d56-84cb-9e66cae3df6d ] Request (ServersListShow298Test:tearDownClass): 200 GET http://10.180.1.21/compute/v2.1/servers/7105db4d-104b-4c22-9a33-7b5a9a2043c8 0.070s
2025-04-03 12:04:10.250 69815 INFO tempest.lib.common.rest_client [req-41fca253-08c0-4324-b487-6f6b73bb662c req-41fca253-08c0-4324-b487-6f6b73bb662c ] Request (ServerDiskConfigTestJSON:test_rebuild_server_with_auto_disk_config): 200 GET http://10.180.1.21/compute/v2.1/servers/ae003353-32f8-4e86-915a-5a184e105be5 0.049s
2025-04-03 12:04:10.314 69801 INFO tempest.lib.common.rest_client [req-2c32cf52-08c7-4f45-84cd-df2bbf37ed29 req-2c32cf52-08c7-4f45-84cd-df2bbf37ed29 ] Request (ServersAdminNegativeTestJSON:test_migrate_server_invalid_state): 200 GET http://10.180.1.21/compute/v2.1/servers/f64e0477-2524-4169-98b6-1595ea0269c3 0.058s
2025-04-03 12:04:10.362 69785 INFO tempest.lib.common.rest_client [req-2f2da561-8fac-4d77-99ef-a40b772a6b1a req-2f2da561-8fac-4d77-99ef-a40b772a6b1a ] Request (ListImageFiltersTestJSON:setUpClass): 200 GET http://10.180.1.21/compute/v2.1/servers/c4f9d6db-722b-4da2-8e48-192598d791b1 0.059s
2025-04-03 12:04:10.377 69771 INFO tempest.lib.common.rest_client [req-fb44beff-df86-4b32-b34e-5160ea70aa4c req-fb44beff-df86-4b32-b34e-5160ea70aa4c ] Request (AttachInterfacesTestJSON:test_create_list_show_delete_interfaces_by_fixed_ip): 200 GET http://10.180.1.21/compute/v2.1/servers/6d2a912a-8990-4032-b22c-d1a769e058fd 0.108s
2025-04-03 12:04:10.406 69811 INFO tempest.lib.common.rest_client [req-2cc4d393-f14c-4c33-8212-c3fa46206a1c req-2cc4d393-f14c-4c33-8212-c3fa46206a1c ] Request (AttachInterfacesUnderV243Test:test_add_remove_fixed_ip): 200 GET http://10.180.1.21/compute/v2.1/servers/60f0b1c6-4ec8-4d5b-8953-9f261c0eddf5 0.093s
2025-04-03 12:04:10.431 69765 INFO tempest.lib.common.rest_client [req-62854f2d-636d-47c8-af73-fd5230ed3273 req-62854f2d-636d-47c8-af73-fd5230ed3273 ] Request (ServersTestJSON:_run_cleanups): 200 GET http://10.180.1.21/compute/v2.1/servers/92548565-7ab3-4692-b3a2-7cbe5b31c174 0.053s
2025-04-03 12:04:10.449 69799 INFO tempest.lib.common.rest_client [req-aec60b75-27ff-49eb-8dc8-d86d4b08627d req-aec60b75-27ff-49eb-8dc8-d86d4b08627d ] Request (ServerRescueNegativeTestJSON:setUpClass): 200 GET http://10.180.1.21/compute/v2.1/servers/ee130e80-37f3-424c-83fc-d980983ad96f 0.041s
