2025-04-03 12:02:42.457 69803 INFO tempest.lib.common.rest_client [req-04125e0e-92fa-4f66-b89a-80b4183aa6b1 req-04125e0e-92fa-4f66-b89a-80b4183aa6b1 ] Request (FlavorsAccessTestJSON:test_flavor_access_add_remove): 200 POST http://10.180.1.21/compute/v2.1/flavors/1106054302/action 1.154s
2025-04-03 12:02:42.478 69779 INFO tempest.lib.common.rest_client [req-6611b74a-47d7-45d5-81c6-1e7c52033296 req-6611b74a-47d7-45d5-81c6-1e7c52033296 ] Request (ServicesAdminNegativeV253TestJSON:setUpClass): 200 GET http://10.180.1.21/identity/v3/roles 0.428s
2025-04-03 12:02:42.482 69813 INFO tempest.lib.common.rest_client [req-20f36e5b-3b3f-4c08-ae13-9a57f9586cb7 req-20f36e5b-3b3f-4c08-ae13-9a57f9586cb7 ] Request (VolumesAssistedSnapshotsTest:test_volume_assisted_snapshot_create_delete): 200 GET http://10.180.1.21/volume/v3/volumes/534754fc-117f-4dfe-ad5e-d8c1716cdc99 0.081s
2025-04-03 12:02:42.521 69781 INFO tempest.lib.common.rest_client [req-2f4d6a00-7e07-4f81-bc20-d42f8072e33b req-2f4d6a00-7e07-4f81-bc20-d42f8072e33b ] Request (KeyPairsV210TestJSON:setUpClass): 201 POST http://10.180.1.21/identity/v3/projects 0.356s
2025-04-03 12:02:42.548 69761 INFO tempest.lib.common.rest_client [req-41c3af23-5e05-4f0e-9fc2-896d0832039e req-41c3af23-5e05-4f0e-9fc2-896d0832039e ] Request (InstanceActionsV221TestJSON:test_get_list_deleted_instance_actions): 200 GET http://10.180.1.21/compute/v2.1/servers/5efca57c-909d-48e1-b5e1-ded21e713669 1.159s
2025-04-03 12:02:42.557 69757 INFO tempest.lib.common.rest_client [req-55bcd5c3-b5b2-46f3-a404-9882d249e19a req-55bcd5c3-b5b2-46f3-a404-9882d249e19a ] Request (QuotaClassesAdmin257Test:tearDownClass): 204 DELETE http://10.180.1.21/identity/v3/projects/51d11f5edb3e4869bfa3b52da95a2a14 0.414s
2025-04-03 12:02:42.557 69757 INFO tempest.lib.common.dynamic_creds [-] Deleting project and security group for project: 8d47d7422e4f45d08b541a953deac6ed
2025-04-03 12:02:42.564 69793 INFO tempest.lib.common.rest_client [req-2bffb298-0229-4801-ad59-02737efc4da0 req-2bffb298-0229-4801-ad59-02737efc4da0 ] Request (ImagesTestJSON:setUpClass): 201 POST http://10.180.1.21:9696/networking/v2.0/networks 0.724s
2025-04-03 12:02:42.583 69785 INFO tempest.lib.common.rest_client [req-13a1c1bc-ea1b-4848-81c1-0f7b371514b7 req-13a1c1bc-ea1b-4848-81c1-0f7b371514b7 ] Request (FlavorsAccessNegativeTestJSON:_run_cleanups): 200 GET http://10.180.1.21/compute/v2.1/flavors/detail 1.171s
2025-04-03 12:02:42.619 69783 INFO tempest.lib.common.rest_client [req-79f5d1ca-7dc6-45ec-8f6a-bc9b66d87ffc req-79f5d1ca-7dc6-45ec-8f6a-bc9b66d87ffc ] Request (AggregatesAdminNegativeTestJSON:_run_cleanups): 200 DELETE http://10.180.1.21/compute/v2.1/os-aggregates/1 1.206s
2025-04-03 12:02:42.654 69799 INFO tempest.lib.common.rest_client [req-24576ce4-b346-41e0-85e9-894a9bb529af req-24576ce4-b346-41e0-85e9-894a9bb529af ] Request (FlavorsV261TestJSON:_run_cleanups): 200 GET http://10.180.1.21/compute/v2.1/flavors/detail 1.230s
2025-04-03 12:02:42.660 69775 INFO tempest.lib.common.rest_client [req-42103176-5720-44b4-8545-316ecefe755c req-42103176-5720-44b4-8545-316ecefe755c ] Request (HostsAdminNegativeTestJSON:test_shutdown_host_with_non_admin_user): 403 GET http://10.180.1.21/compute/v2.1/os-hosts/devstack/shutdown 1.234s
2025-04-03 12:02:42.667 69811 INFO tempest.lib.common.rest_client [req-1dd867d3-a0e2-4e0b-8749-645cc999782b req-1dd867d3-a0e2-4e0b-8749-645cc999782b ] Request (ImagesMetadataTestJSON:setUpClass): 201 POST http://10.180.1.21/identity/v3/auth/tokens 0.382s
2025-04-03 12:02:42.687 69773 INFO tempest.lib.common.rest_client [req-3ab1272a-6215-4ac4-af81-2907041b12fb req-3ab1272a-6215-4ac4-af81-2907041b12fb ] Request (FlavorsV255TestJSON:_run_cleanups): 200 GET http://10.180.1.21/compute/v2.1/flavors/detail 1.245s
2025-04-03 12:02:42.689 69801 INFO tempest.lib.common.rest_client [req-4bc9ac68-0be3-444d-b1f5-455d7c29401d req-4bc9ac68-0be3-444d-b1f5-455d7c29401d ] Request (HypervisorAdminUnderV252Test:tearDownClass): 204 DELETE http://10.180.1.21/identity/v3/projects/83cddcda0fbb4e3c8a80df06478ea568 0.523s
2025-04-03 12:02:42.749 69771 INFO tempest.lib.common.rest_client [req-0f4bc066-542e-477e-b4f0-6a627be59464 req-0f4bc066-542e-477e-b4f0-6a627be59464 ] Request (HypervisorAdminNegativeUnderV252Test:tearDownClass): 201 POST http://10.180.1.21/identity/v3/auth/tokens 0.428s
2025-04-03 12:02:42.782 69779 INFO tempest.lib.common.rest_client [req-0483ee8e-f713-44f6-97b7-693a9d02d41e req-0483ee8e-f713-44f6-97b7-693a9d02d41e ] Request (ServicesAdminNegativeV253TestJSON:setUpClass): 204 PUT http://10.180.1.21/identity/v3/projects/311655443ca44612a51e00467ec8351a/users/a3c5db74fa7e42a3b4074a9ecb1ef607/roles/3cb9e908b5ef4bed8b6418d18194e98a 0.303s
2025-04-03 12:02:42.782 69779 INFO tempest.lib.common.dynamic_creds [-] Dynamic test user a3c5db74fa7e42a3b4074a9ecb1ef607 is created with scope project and roles: ['member']
2025-04-03 12:02:42.783 69779 INFO tempest.lib.common.dynamic_creds [-] Acquired dynamic creds: credentials: Credentials: {'domain_id': 'default', 'domain_name': 'Default', 'username': 'tempest-ServicesAdminNegativeV253TestJSON-1781132066-project-member', 'project_domain_id': 'default', 'project_domain_name': 'Default', 'project_id': '311655443ca44612a51e00467ec8351a', 'project_name': 'tempest-ServicesAdminNegativeV253TestJSON-1781132066', 'tenant_id': '311655443ca44612a51e00467ec8351a', 'tenant_name': 'tempest-ServicesAdminNegativeV253TestJSON-1781132066', 'user_domain_id': 'default', 'user_domain_name': 'Default', 'user_id': 'a3c5db74fa7e42a3b4074a9ecb1ef607', 'system': None}, Network: None, Subnet: None, Router: None
2025-04-03 12:02:42.783 69779 INFO tempest.lib.common.dynamic_creds [-] Created isolated network resources for: credentials: Credentials: {'domain_id': 'default', 'domain_name': 'Default', 'username': 'tempest-ServicesAdminNegativeV253TestJSON-1781132066-project-member', 'project_domain_id': 'default', 'project_domain_name': 'Default', 'project_id': '311655443ca44612a51e00467ec8351a', 'project_name': 'tempest-ServicesAdminNegativeV253TestJSON-1781132066', 'tenant_id': '311655443ca44612a51e00467ec8351a', 'tenant_name': 'tempest-ServicesAdminNegativeV253TestJSON-1781132066', 'user_domain_id': 'default', 'user_domain_name': 'Default', 'user_id': 'a3c5db74fa7e42a3b4074a9ecb1ef607', 'system': None}, Network: None, Subnet: None, Router: None
2025-04-03 12:02:42.796 69795 INFO tempest.lib.common.rest_client [req-fe7ae3d5-56f1-4ccb-908c-f1452fdbc513 req-fe7ae3d5-56f1-4ccb-908c-f1452fdbc513 ] Request (ListImagesTestJSON:tearDownClass): 204 DELETE http://10.180.1.21/identity/v3/projects/1eaf94808c9d4782974bf1b246966fd5 0.362s
2025-04-03 12:02:42.809 69793 INFO tempest.lib.common.rest_client [req-36569e2f-bce2-4512-83b1-386740d08c14 req-36569e2f-bce2-4512-83b1-386740d08c14 ] Request (ImagesTestJSON:setUpClass): 201 POST http://10.180.1.21:9696/networking/v2.0/subnets 0.245s
2025-04-03 12:02:42.857 69781 INFO tempest.lib.common.rest_client [req-179fbec5-e9e4-4990-86bf-05e0608a7e39 req-179fbec5-e9e4-4990-86bf-05e0608a7e39 ] Request (KeyPairsV210TestJSON:setUpClass): 201 POST http://10.180.1.21/identity/v3/users 0.336s
2025-04-03 12:02:42.874 69805 INFO tempest.lib.common.rest_client [req-4eff435d-af29-434f-9ea2-8c0520cbee5a req-4eff435d-af29-434f-9ea2-8c0520cbee5a ] Request (HypervisorAdminTestJSON:tearDownClass): 200 GET http://10.180.1.21:9696/networking/v2.0/security-groups?tenant_id=08b417d8cabf4e009cc4a06c4841542b&name=default 0.910s
2025-04-03 12:02:42.882 69811 INFO tempest.lib.common.rest_client [req-c71d3496-5ce3-4dfa-8573-f872187cbf8c req-c71d3496-5ce3-4dfa-8573-f872187cbf8c ] Request (ImagesMetadataTestJSON:setUpClass): 201 POST http://10.180.1.21/identity/v3/auth/tokens 0.210s
2025-04-03 12:02:42.898 69757 INFO tempest.lib.common.rest_client [req-6ab9af04-8a75-4351-9b1f-b73e303f6ba5 req-6ab9af04-8a75-4351-9b1f-b73e303f6ba5 ] Request (QuotaClassesAdmin257Test:tearDownClass): 200 GET http://10.180.1.21:9696/networking/v2.0/security-groups?tenant_id=8d47d7422e4f45d08b541a953deac6ed&name=default 0.340s
2025-04-03 12:02:42.937 69799 INFO tempest.lib.common.rest_client [req-d0230802-9283-4a41-a7b6-d479eaea336a req-d0230802-9283-4a41-a7b6-d479eaea336a ] Request (FlavorsV261TestJSON:tearDownClass): 204 DELETE http://10.180.1.21/identity/v3/users/3b3c2aaa782a4991a26be12eef4462db 0.262s
2025-04-03 12:02:42.961 69787 INFO tempest.lib.common.rest_client [req-3b8f4b04-d354-4d59-8911-a9bcb2b1a1a0 req-3b8f4b04-d354-4d59-8911-a9bcb2b1a1a0 ] Request (QuotasAdminTestV236:test_get_updated_quotas): 200 PUT http://10.180.1.21/compute/v2.1/os-quota-sets/ddb1eb195bc34d0c8c9368f6177d4fa8 1.592s
2025-04-03 12:02:43.023 69801 INFO tempest.lib.common.rest_client [req-566acb58-3c09-4d03-aa0c-fec076b71d6d req-566acb58-3c09-4d03-aa0c-fec076b71d6d ] Request (ServersAdminNegativeTestJSON:setUpClass): 201 POST http://10.180.1.21/identity/v3/auth/tokens 0.332s
2025-04-03 12:02:43.039 69757 INFO tempest.lib.common.rest_client [req-e18f19fd-0abb-416c-8804-c653011553bc req-e18f19fd-0abb-416c-8804-c653011553bc ] Request (QuotaClassesAdmin257Test:tearDownClass): 204 DELETE http://10.180.1.21:9696/networking/v2.0/security-groups/ceeb2d7a-7a25-4488-8882-361d058e41f9 0.140s
2025-04-03 12:02:43.045 69805 INFO tempest.lib.common.rest_client [req-4449b901-15ad-435e-aab7-b15bae94b464 req-4449b901-15ad-435e-aab7-b15bae94b464 ] Request (HypervisorAdminTestJSON:tearDownClass): 204 DELETE http://10.180.1.21:9696/networking/v2.0/security-groups/fee97e20-578a-425c-8d95-44e0a86e075b 0.170s
2025-04-03 12:02:43.049 69815 INFO tempest.lib.common.rest_client [req-d6b0974a-adc7-4fef-bec4-296295ea3260 req-d6b0974a-adc7-4fef-bec4-296295ea3260 ] Request (ServerDiagnosticsV248Test:test_get_server_diagnostics): 200 GET http://10.180.1.21/compute/v2.1/servers/4da0e45d-cfbb-43e1-9a44-b721422e3075 1.577s
2025-04-03 12:02:43.073 69755 INFO tempest.lib.common.rest_client [req-656dbd4e-8e42-45e3-8ac8-4218c7561b5e req-656dbd4e-8e42-45e3-8ac8-4218c7561b5e ] Request (FlavorsAdminTestJSON:test_create_flavor_with_int_id): 200 POST http://10.180.1.21/compute/v2.1/flavors 1.599s
2025-04-03 12:02:43.086 69789 INFO tempest.lib.common.rest_client [req-5e86a51b-38db-4c1c-99f3-aade5aec0dda req-5e86a51b-38db-4c1c-99f3-aade5aec0dda ] Request (ServersWithSpecificFlavorTestJSON:test_verify_created_server_ephemeral_disk): 200 GET http://10.180.1.21/compute/v2.1/flavors/42/os-extra_specs 1.596s
2025-04-03 12:02:43.092 69777 INFO tempest.lib.common.rest_client [req-2af571ad-885d-4465-b3f5-ff03ef8a90ed req-2af571ad-885d-4465-b3f5-ff03ef8a90ed ] Request (FlavorsExtraSpecsNegativeTestJSON:test_flavor_non_admin_update_specific_key): 403 PUT http://10.180.1.21/compute/v2.1/flavors/797018354/os-extra_specs/hw:numa_nodes 1.585s
2025-04-03 12:02:43.127 69773 INFO tempest.lib.common.rest_client [req-d4747e88-3233-40b0-9daa-f974e651493d req-d4747e88-3233-40b0-9daa-f974e651493d ] Request (FlavorsV255TestJSON:tearDownClass): 204 DELETE http://10.180.1.21/identity/v3/users/7c2101471a9943d58bbd267efeda69de 0.429s
2025-04-03 12:02:43.203 69779 INFO tempest.lib.common.rest_client [req-a6b3f6b5-aae7-4293-87a2-f601e47470b7 req-a6b3f6b5-aae7-4293-87a2-f601e47470b7 ] Request (ServicesAdminNegativeV253TestJSON:setUpClass): 201 POST http://10.180.1.21/identity/v3/auth/tokens 0.417s
2025-04-03 12:02:43.231 69795 INFO tempest.lib.common.rest_client [req-078e06df-2b1f-49a5-bc10-58bae9346d33 req-078e06df-2b1f-49a5-bc10-58bae9346d33 ] Request (ServerGroupTestJSON:setUpClass): 201 POST http://10.180.1.21/identity/v3/auth/tokens 0.433s
2025-04-03 12:02:43.252 69811 INFO tempest.lib.common.rest_client [req-4d1fb303-c49f-45f4-92d3-b0942a3e26c6 req-4d1fb303-c49f-45f4-92d3-b0942a3e26c6 ] Request (ImagesMetadataTestJSON:setUpClass): 200 GET http://10.180.1.21/identity/v3/domains?name=Default 0.370s
2025-04-03 12:02:43.260 69781 INFO tempest.lib.common.rest_client [req-e8c284f0-30be-4692-91cd-55998cbb2f27 req-e8c284f0-30be-4692-91cd-55998cbb2f27 ] Request (KeyPairsV210TestJSON:setUpClass): 200 GET http://10.180.1.21/identity/v3/roles 0.402s
2025-04-03 12:02:43.285 69801 INFO tempest.lib.common.rest_client [req-8f8bae4c-318d-4b28-a05f-fcb7ef36bdf9 req-8f8bae4c-318d-4b28-a05f-fcb7ef36bdf9 ] Request (ServersAdminNegativeTestJSON:setUpClass): 201 POST http://10.180.1.21/identity/v3/auth/tokens 0.259s
2025-04-03 12:02:43.315 69799 INFO tempest.lib.common.rest_client [req-e2b9ec62-9d6b-499a-8fe5-bf9e64709e1c req-e2b9ec62-9d6b-499a-8fe5-bf9e64709e1c ] Request (FlavorsV261TestJSON:tearDownClass): 204 DELETE http://10.180.1.21/identity/v3/users/8485a6a332724fec9b0a551b0e57bbe1 0.378s
2025-04-03 12:02:43.316 69799 INFO tempest.lib.common.dynamic_creds [-] Deleting project and security group for project: 400c957ef9194a78889a1f3ca7914976
2025-04-03 12:02:43.336 69771 INFO tempest.lib.common.rest_client [req-aa3fc274-bff8-4ac1-a624-7659e36dd56d req-aa3fc274-bff8-4ac1-a624-7659e36dd56d ] Request (HypervisorAdminNegativeUnderV252Test:tearDownClass): 200 GET http://10.180.1.21:9696/networking/v2.0/security-groups?tenant_id=b0a1ddc93b6147bb8facdad06331d950&name=default 0.587s
2025-04-03 12:02:43.385 69757 INFO tempest.lib.common.rest_client [req-bee55a9c-4b0e-46f9-b07d-f49b6558528a req-bee55a9c-4b0e-46f9-b07d-f49b6558528a ] Request (QuotaClassesAdmin257Test:tearDownClass): 204 DELETE http://10.180.1.21/identity/v3/projects/8d47d7422e4f45d08b541a953deac6ed 0.346s
2025-04-03 12:02:43.418 69805 INFO tempest.lib.common.rest_client [req-22c1e057-e8b2-487d-ab26-a9c68ceb733c req-22c1e057-e8b2-487d-ab26-a9c68ceb733c ] Request (HypervisorAdminTestJSON:tearDownClass): 204 DELETE http://10.180.1.21/identity/v3/projects/08b417d8cabf4e009cc4a06c4841542b 0.372s
2025-04-03 12:02:43.418 69805 INFO tempest.lib.common.dynamic_creds [-] Deleting project and security group for project: 320d62502f9d46a59c1fc5430f0b0075
2025-04-03 12:02:43.478 69771 INFO tempest.lib.common.rest_client [req-d94dd548-72c1-48a6-b197-8dee4cddeedc req-d94dd548-72c1-48a6-b197-8dee4cddeedc ] Request (HypervisorAdminNegativeUnderV252Test:tearDownClass): 204 DELETE http://10.180.1.21:9696/networking/v2.0/security-groups/af98fb39-6367-4c53-b903-e68be6c62f6d 0.141s
2025-04-03 12:02:43.505 69773 INFO tempest.lib.common.rest_client [req-d97cca47-00c1-4570-910a-13c0fc23dddb req-d97cca47-00c1-4570-910a-13c0fc23dddb ] Request (FlavorsV255TestJSON:tearDownClass): 204 DELETE http://10.180.1.21/identity/v3/users/0bbd7472b6994037ac90ef08889da27d 0.378s
2025-04-03 12:02:43.506 69773 INFO tempest.lib.common.dynamic_creds [-] Deleting project and security group for project: 3152a852df784cdfac9a7a4e57715b12
2025-04-03 12:02:43.507 69805 INFO tempest.lib.common.rest_client [req-e9bd6cf5-f453-44c0-84ca-5b84b22b93e1 req-e9bd6cf5-f453-44c0-84ca-5b84b22b93e1 ] Request (HypervisorAdminTestJSON:tearDownClass): 200 GET http://10.180.1.21:9696/networking/v2.0/security-groups?tenant_id=320d62502f9d46a59c1fc5430f0b0075&name=default 0.089s
2025-04-03 12:02:43.538 69813 INFO tempest.lib.common.rest_client [req-b3db1337-f8db-4112-a28b-c26b3592d1c1 req-b3db1337-f8db-4112-a28b-c26b3592d1c1 ] Request (VolumesAssistedSnapshotsTest:test_volume_assisted_snapshot_create_delete): 200 GET http://10.180.1.21/volume/v3/volumes/534754fc-117f-4dfe-ad5e-d8c1716cdc99 0.045s
2025-04-03 12:02:43.542 69797 INFO tempest.lib.common.rest_client [req-2e196526-fec0-4e28-8d3f-ec448c0fa214 req-2e196526-fec0-4e28-8d3f-ec448c0fa214 ] Request (FlavorMetadataValidation:test_flavor_update_with_custom_namespace): 200 POST http://10.180.1.21/compute/v2.1/flavors 1.958s
2025-04-03 12:02:43.547 69813 INFO tempest.common.waiters [-] volume 534754fc-117f-4dfe-ad5e-d8c1716cdc99 reached available after waiting for 1.547898 seconds
2025-04-03 12:02:43.565 69795 INFO tempest.lib.common.rest_client [req-54c61b78-7b78-41a2-bedb-ce9f629577a9 req-54c61b78-7b78-41a2-bedb-ce9f629577a9 ] Request (ServerGroupTestJSON:setUpClass): 201 POST http://10.180.1.21/identity/v3/auth/tokens 0.330s
2025-04-03 12:02:43.567 69779 INFO tempest.lib.common.rest_client [req-e181c723-e000-4501-a1b2-0ba9342a94eb req-e181c723-e000-4501-a1b2-0ba9342a94eb ] Request (ServicesAdminNegativeV253TestJSON:setUpClass): 201 POST http://10.180.1.21/identity/v3/projects 0.364s
2025-04-03 12:02:43.618 69811 INFO tempest.lib.common.rest_client [req-7e1f49d0-194f-4a5d-a7f4-b48014debc0f req-7e1f49d0-194f-4a5d-a7f4-b48014debc0f ] Request (ImagesMetadataTestJSON:setUpClass): 201 POST http://10.180.1.21/identity/v3/projects 0.366s
2025-04-03 12:02:43.622 69781 INFO tempest.lib.common.rest_client [req-14d6f89a-d3c6-4144-89f9-4b555990f758 req-14d6f89a-d3c6-4144-89f9-4b555990f758 ] Request (KeyPairsV210TestJSON:setUpClass): 204 PUT http://10.180.1.21/identity/v3/projects/671392aa0aef494d999306681687d239/users/8ebaf6d3ff834fc598b2794dc9b8a293/roles/18f0b0c734d44f968741603560ef3c61 0.361s
2025-04-03 12:02:43.673 69799 INFO tempest.lib.common.rest_client [req-da71fa90-e77a-4089-8a84-c37cadda2cb3 req-da71fa90-e77a-4089-8a84-c37cadda2cb3 ] Request (FlavorsV261TestJSON:tearDownClass): 201 POST http://10.180.1.21/identity/v3/auth/tokens 0.357s
2025-04-03 12:02:43.691 69765 INFO tempest.lib.common.rest_client [req-1f96c725-9f63-497d-bbe5-cfe57d707843 req-1f96c725-9f63-497d-bbe5-cfe57d707843 ] Request (ServersTestJSON:test_create_server_specify_multibyte_character_name): 200 GET http://10.180.1.21/compute/v2.1/servers/ff8c4788-b8a5-453d-bc3a-95ac3c8e031f 2.053s
2025-04-03 12:02:43.695 69757 INFO tempest.lib.common.rest_client [req-1873b2fc-3aaf-4e23-b1be-bc9689b440f8 req-1873b2fc-3aaf-4e23-b1be-bc9689b440f8 ] Request (ServersTestManualDisk:setUpClass): 201 POST http://10.180.1.21/identity/v3/auth/tokens 0.308s
2025-04-03 12:02:43.698 69801 INFO tempest.lib.common.rest_client [req-1df3cddf-aa04-4020-ad54-143297b1ce82 req-1df3cddf-aa04-4020-ad54-143297b1ce82 ] Request (ServersAdminNegativeTestJSON:setUpClass): 200 GET http://10.180.1.21/identity/v3/domains?name=Default 0.413s
2025-04-03 12:02:43.701 69765 INFO tempest.common.waiters [-] State transition "BUILD/scheduling" ==> "BUILD/None" after 3 second wait
2025-04-03 12:02:43.725 69803 INFO tempest.lib.common.rest_client [req-718c7b7e-ac30-4ece-a4c2-804193d5aba1 req-718c7b7e-ac30-4ece-a4c2-804193d5aba1 ] Request (FlavorsAccessTestJSON:test_flavor_access_add_remove): 200 GET http://10.180.1.21/compute/v2.1/flavors/detail 1.267s
2025-04-03 12:02:43.736 69805 INFO tempest.lib.common.rest_client [req-3030c6d7-ea6b-4399-9ae5-3354ddf3666e req-3030c6d7-ea6b-4399-9ae5-3354ddf3666e ] Request (HypervisorAdminTestJSON:tearDownClass): 204 DELETE http://10.180.1.21:9696/networking/v2.0/security-groups/1019c6c6-47f3-4d72-96a3-bde6a68fded4 0.229s
2025-04-03 12:02:43.758 69771 INFO tempest.lib.common.rest_client [req-e6bca1d6-95de-4ea5-a2d4-644909e09315 req-e6bca1d6-95de-4ea5-a2d4-644909e09315 ] Request (HypervisorAdminNegativeUnderV252Test:tearDownClass): 204 DELETE http://10.180.1.21/identity/v3/projects/b0a1ddc93b6147bb8facdad06331d950 0.279s
2025-04-03 12:02:43.758 69771 INFO tempest.lib.common.dynamic_creds [-] Deleting project and security group for project: 5bdcff90a557418cbb3b8f5fd27eaf8d
2025-04-03 12:02:43.778 69791 INFO tempest.lib.common.rest_client [req-b4e7ec4d-12d8-43ce-92a6-a1cd225bb111 req-b4e7ec4d-12d8-43ce-92a6-a1cd225bb111 ] Request (MigrationsAdminTest:test_list_migrations_in_flavor_resize_situation): 200 GET http://10.180.1.21/compute/v2.1/servers/8bc53731-8231-40a3-98b7-aa51b30850b9 1.290s
2025-04-03 12:02:43.800 69785 INFO tempest.lib.common.rest_client [req-bc396ef6-9c4c-417f-b42b-15f98a30d00a req-bc396ef6-9c4c-417f-b42b-15f98a30d00a ] Request (FlavorsAccessNegativeTestJSON:test_flavor_non_admin_add): 200 POST http://10.180.1.21/compute/v2.1/flavors 1.207s
2025-04-03 12:02:43.816 69773 INFO tempest.lib.common.rest_client [req-666bb8a3-e9c4-473b-909b-0f450537ef87 req-666bb8a3-e9c4-473b-909b-0f450537ef87 ] Request (FlavorsV255TestJSON:tearDownClass): 201 POST http://10.180.1.21/identity/v3/auth/tokens 0.310s
2025-04-03 12:02:43.835 69793 INFO tempest.lib.common.rest_client [req-03cec07b-8a8a-4854-b2df-4353ecb18934 req-03cec07b-8a8a-4854-b2df-4353ecb18934 ] Request (ImagesTestJSON:setUpClass): 201 POST http://10.180.1.21:9696/networking/v2.0/routers 1.026s
2025-04-03 12:02:43.849 69767 INFO tempest.lib.common.rest_client [req-3f7adf48-463a-47e4-a836-773d87b2c8de req-3f7adf48-463a-47e4-a836-773d87b2c8de ] Request (QuotasAdminNegativeTest:test_create_server_when_cpu_quota_is_full): 200 GET http://10.180.1.21/compute/v2.1/os-quota-sets/c70564882a914e158457643fca3cbbf9 2.380s
2025-04-03 12:02:43.868 69795 INFO tempest.lib.common.rest_client [req-c598d075-2639-4696-aae0-c41a1c4a990d req-c598d075-2639-4696-aae0-c41a1c4a990d ] Request (ServerGroupTestJSON:setUpClass): 200 GET http://10.180.1.21/identity/v3/domains?name=Default 0.303s
2025-04-03 12:02:43.874 69771 INFO tempest.lib.common.rest_client [req-02b88277-a14f-4de4-b659-273e1529bb05 req-02b88277-a14f-4de4-b659-273e1529bb05 ] Request (HypervisorAdminNegativeUnderV252Test:tearDownClass): 200 GET http://10.180.1.21:9696/networking/v2.0/security-groups?tenant_id=5bdcff90a557418cbb3b8f5fd27eaf8d&name=default 0.116s
2025-04-03 12:02:43.897 69783 INFO tempest.lib.common.rest_client [req-66e68e24-da24-427b-ba81-74d13f5e6c54 req-66e68e24-da24-427b-ba81-74d13f5e6c54 ] Request (AggregatesAdminNegativeTestJSON:test_aggregate_add_host_as_user): 200 POST http://10.180.1.21/compute/v2.1/os-aggregates 1.270s
2025-04-03 12:02:43.897 69779 INFO tempest.lib.common.rest_client [req-6be19e55-04c8-43a5-8059-f13c839eb12c req-6be19e55-04c8-43a5-8059-f13c839eb12c ] Request (ServicesAdminNegativeV253TestJSON:setUpClass): 201 POST http://10.180.1.21/identity/v3/users 0.329s
2025-04-03 12:02:43.901 69811 INFO tempest.lib.common.rest_client [req-d8d21a42-8c5b-4f37-a0f5-46d1c1bc53e9 req-d8d21a42-8c5b-4f37-a0f5-46d1c1bc53e9 ] Request (ImagesMetadataTestJSON:setUpClass): 201 POST http://10.180.1.21/identity/v3/users 0.281s
2025-04-03 12:02:43.924 69781 INFO tempest.lib.common.rest_client [req-ab9a7a7b-a473-48d9-ad06-7342bcf6fb9b req-ab9a7a7b-a473-48d9-ad06-7342bcf6fb9b ] Request (KeyPairsV210TestJSON:setUpClass): 200 GET http://10.180.1.21/identity/v3/roles 0.301s
2025-04-03 12:02:43.950 69801 INFO tempest.lib.common.rest_client [req-a39569fe-75b0-4838-82a2-7fdc26072fcf req-a39569fe-75b0-4838-82a2-7fdc26072fcf ] Request (ServersAdminNegativeTestJSON:setUpClass): 201 POST http://10.180.1.21/identity/v3/projects 0.251s
2025-04-03 12:02:43.981 69763 INFO tempest.lib.common.rest_client [req-93a815e8-36f2-4b8a-82d5-d25eae691ae0 req-93a815e8-36f2-4b8a-82d5-d25eae691ae0 ] Request (TenantUsagesTestJSON:setUpClass): 200 GET http://10.180.1.21/compute/v2.1/servers/cef3d12a-9249-46f3-84ea-2d8558907d30 1.375s
2025-04-03 12:02:43.990 69763 INFO tempest.common.waiters [-] State transition "BUILD/networking" ==> "BUILD/spawning" after 7 second wait
2025-04-03 12:02:44.002 69759 INFO tempest.lib.common.rest_client [req-b2e245a4-b754-44fe-bb7b-429fb176aaa3 req-b2e245a4-b754-44fe-bb7b-429fb176aaa3 ] Request (HostsAdminTestJSON:test_list_hosts_with_zone): 200 GET http://10.180.1.21/compute/v2.1/os-hosts 1.363s
2025-04-03 12:02:44.018 69757 INFO tempest.lib.common.rest_client [req-bc3ec571-bb07-459e-b8d9-e5f0542877a5 req-bc3ec571-bb07-459e-b8d9-e5f0542877a5 ] Request (ServersTestManualDisk:setUpClass): 201 POST http://10.180.1.21/identity/v3/auth/tokens 0.320s
2025-04-03 12:02:44.034 69771 INFO tempest.lib.common.rest_client [req-0dcd96ee-4877-4518-8b6e-8629bb10e892 req-0dcd96ee-4877-4518-8b6e-8629bb10e892 ] Request (HypervisorAdminNegativeUnderV252Test:tearDownClass): 204 DELETE http://10.180.1.21:9696/networking/v2.0/security-groups/4a86f9d9-692c-467d-8be3-56abe30d0b96 0.159s
2025-04-03 12:02:44.042 69807 INFO tempest.lib.common.rest_client [req-787a6d20-4001-40a6-a0f4-3d7984377b33 req-787a6d20-4001-40a6-a0f4-3d7984377b33 ] Request (FloatingIPsAssociationNegativeTestJSON:setUpClass): 200 GET http://10.180.1.21/compute/v2.1/servers/2eb02944-c362-4b05-a280-e50d011553be 1.409s
2025-04-03 12:02:44.054 69775 INFO tempest.lib.common.rest_client [req-a761e8ca-a292-455c-99f8-cd09765e63ec req-a761e8ca-a292-455c-99f8-cd09765e63ec ] Request (HostsAdminNegativeTestJSON:test_shutdown_nonexistent_host): 404 GET http://10.180.1.21/compute/v2.1/os-hosts/nonexistent_hostname/shutdown 1.392s
2025-04-03 12:02:44.078 69805 INFO tempest.lib.common.rest_client [req-2fa8c0f3-37d0-4e71-8aba-320978b8092d req-2fa8c0f3-37d0-4e71-8aba-320978b8092d ] Request (HypervisorAdminTestJSON:tearDownClass): 204 DELETE http://10.180.1.21/identity/v3/projects/320d62502f9d46a59c1fc5430f0b0075 0.341s
2025-04-03 12:02:44.080 69769 INFO tempest.lib.common.rest_client [req-356575e0-6b9d-48b1-9612-b31d850c9b04 req-356575e0-6b9d-48b1-9612-b31d850c9b04 ] Request (ServerDiagnosticsNegativeTest:test_get_server_diagnostics_by_non_admin): 200 GET http://10.180.1.21/compute/v2.1/servers/28514fc0-27b2-4b44-bd12-d4ccd1831cea 1.419s
2025-04-03 12:02:44.089 69769 INFO tempest.common.waiters [-] State transition "BUILD/None" ==> "BUILD/networking" after 7 second wait
2025-04-03 12:02:44.153 69795 INFO tempest.lib.common.rest_client [req-456414ac-25ab-4a64-8e3d-c00fc9e69a5c req-456414ac-25ab-4a64-8e3d-c00fc9e69a5c ] Request (ServerGroupTestJSON:setUpClass): 201 POST http://10.180.1.21/identity/v3/projects 0.284s
2025-04-03 12:02:44.165 69753 INFO tempest.lib.common.rest_client [req-f024abd0-142b-4ea5-b020-36e57a2a1a7e req-f024abd0-142b-4ea5-b020-36e57a2a1a7e ] Request (ServersListShow296Test:test_list_show_update_rebuild_server_296): 200 GET http://10.180.1.21/compute/v2.1/servers/4bdba0be-6ebc-4da5-b813-290cb085e6f7 1.433s
2025-04-03 12:02:44.188 69755 INFO tempest.lib.common.rest_client [req-b27851e0-4a09-42ff-b47d-f082a4164653 req-b27851e0-4a09-42ff-b47d-f082a4164653 ] Request (FlavorsAdminTestJSON:_run_cleanups): 202 DELETE http://10.180.1.21/compute/v2.1/flavors/1130117628 1.111s
2025-04-03 12:02:44.209 69789 INFO tempest.lib.common.rest_client [req-0f912e60-376c-4003-9df3-29fcaea1594e req-0f912e60-376c-4003-9df3-29fcaea1594e ] Request (ServersWithSpecificFlavorTestJSON:test_verify_created_server_ephemeral_disk): 200 POST http://10.180.1.21/compute/v2.1/flavors/1092506877/os-extra_specs 1.121s
2025-04-03 12:02:44.213 69779 INFO tempest.lib.common.rest_client [req-151f279f-fb47-4ddb-9687-a899b9cbd871 req-151f279f-fb47-4ddb-9687-a899b9cbd871 ] Request (ServicesAdminNegativeV253TestJSON:setUpClass): 200 GET http://10.180.1.21/identity/v3/roles 0.316s
2025-04-03 12:02:44.216 69777 INFO tempest.lib.common.rest_client [req-6d86a6b6-4417-4587-9c69-cd13ba581807 req-6d86a6b6-4417-4587-9c69-cd13ba581807 ] Request (FlavorsExtraSpecsNegativeTestJSON:test_flavor_unset_nonexistent_key): 404 DELETE http://10.180.1.21/compute/v2.1/flavors/797018354/os-extra_specs/hw:cpu_thread_policy 1.123s
2025-04-03 12:02:44.220 69811 INFO tempest.lib.common.rest_client [req-b63d082b-8652-4b83-9982-b4e5a9f45ca9 req-b63d082b-8652-4b83-9982-b4e5a9f45ca9 ] Request (ImagesMetadataTestJSON:setUpClass): 200 GET http://10.180.1.21/identity/v3/roles 0.319s
2025-04-03 12:02:44.236 69781 INFO tempest.lib.common.rest_client [req-2f48a756-78d7-437b-9ffa-749b7c560585 req-2f48a756-78d7-437b-9ffa-749b7c560585 ] Request (KeyPairsV210TestJSON:setUpClass): 204 PUT http://10.180.1.21/identity/v3/projects/671392aa0aef494d999306681687d239/users/8ebaf6d3ff834fc598b2794dc9b8a293/roles/18f0b0c734d44f968741603560ef3c61 0.311s
2025-04-03 12:02:44.236 69781 INFO tempest.lib.common.dynamic_creds [-] Dynamic test user 8ebaf6d3ff834fc598b2794dc9b8a293 is created with scope project and roles: ['admin']
2025-04-03 12:02:44.236 69781 INFO tempest.lib.common.dynamic_creds [-] Acquired dynamic creds: credentials: Credentials: {'domain_id': 'default', 'domain_name': 'Default', 'username': 'tempest-KeyPairsV210TestJSON-65827993-project-admin', 'project_domain_id': 'default', 'project_domain_name': 'Default', 'project_id': '671392aa0aef494d999306681687d239', 'project_name': 'tempest-KeyPairsV210TestJSON-65827993', 'tenant_id': '671392aa0aef494d999306681687d239', 'tenant_name': 'tempest-KeyPairsV210TestJSON-65827993', 'user_domain_id': 'default', 'user_domain_name': 'Default', 'user_id': '8ebaf6d3ff834fc598b2794dc9b8a293', 'system': None}, Network: None, Subnet: None, Router: None
2025-04-03 12:02:44.236 69781 INFO tempest.lib.common.dynamic_creds [-] Created isolated network resources for: credentials: Credentials: {'domain_id': 'default', 'domain_name': 'Default', 'username': 'tempest-KeyPairsV210TestJSON-65827993-project-admin', 'project_domain_id': 'default', 'project_domain_name': 'Default', 'project_id': '671392aa0aef494d999306681687d239', 'project_name': 'tempest-KeyPairsV210TestJSON-65827993', 'tenant_id': '671392aa0aef494d999306681687d239', 'tenant_name': 'tempest-KeyPairsV210TestJSON-65827993', 'user_domain_id': 'default', 'user_domain_name': 'Default', 'user_id': '8ebaf6d3ff834fc598b2794dc9b8a293', 'system': None}, Network: None, Subnet: None, Router: None
2025-04-03 12:02:44.251 69801 INFO tempest.lib.common.rest_client [req-40387c5e-71bd-4f3f-aa04-cf0a378a695d req-40387c5e-71bd-4f3f-aa04-cf0a378a695d ] Request (ServersAdminNegativeTestJSON:setUpClass): 201 POST http://10.180.1.21/identity/v3/users 0.300s
2025-04-03 12:02:44.263 69799 INFO tempest.lib.common.rest_client [req-2adf1bb3-d16e-4dad-9dc4-02d9356949aa req-2adf1bb3-d16e-4dad-9dc4-02d9356949aa ] Request (FlavorsV261TestJSON:tearDownClass): 200 GET http://10.180.1.21:9696/networking/v2.0/security-groups?tenant_id=400c957ef9194a78889a1f3ca7914976&name=default 0.590s
2025-04-03 12:02:44.282 69773 INFO tempest.lib.common.rest_client [req-db349228-4e53-4530-81dd-c35379bfa2db req-db349228-4e53-4530-81dd-c35379bfa2db ] Request (FlavorsV255TestJSON:tearDownClass): 200 GET http://10.180.1.21:9696/networking/v2.0/security-groups?tenant_id=3152a852df784cdfac9a7a4e57715b12&name=default 0.465s
2025-04-03 12:02:44.294 69757 INFO tempest.lib.common.rest_client [req-725f5b15-6643-48f9-b851-5fd380baaf89 req-725f5b15-6643-48f9-b851-5fd380baaf89 ] Request (ServersTestManualDisk:setUpClass): 200 GET http://10.180.1.21/identity/v3/domains?name=Default 0.276s
2025-04-03 12:02:44.316 69797 INFO tempest.lib.common.rest_client [req-a617cdd2-0ce0-4393-babb-93a51fba0334 req-a617cdd2-0ce0-4393-babb-93a51fba0334 ] Request (FlavorMetadataValidation:test_flavor_update_with_custom_namespace): 200 POST http://10.180.1.21/compute/v2.1/flavors/1056765689/os-extra_specs 0.771s
2025-04-03 12:02:44.328 69771 INFO tempest.lib.common.rest_client [req-5cceb91e-5f34-4d25-b8dd-8ab1c6bb1537 req-5cceb91e-5f34-4d25-b8dd-8ab1c6bb1537 ] Request (HypervisorAdminNegativeUnderV252Test:tearDownClass): 204 DELETE http://10.180.1.21/identity/v3/projects/5bdcff90a557418cbb3b8f5fd27eaf8d 0.293s
2025-04-03 12:02:44.344 69805 INFO tempest.lib.common.rest_client [req-0da608b1-ef3d-4f33-b637-4828c26575d3 req-0da608b1-ef3d-4f33-b637-4828c26575d3 ] Request (ServerActionsTestOtherB:setUpClass): 201 POST http://10.180.1.21/identity/v3/auth/tokens 0.264s
2025-04-03 12:02:44.349 69799 INFO tempest.lib.common.rest_client [req-6792bc76-e446-4b88-a272-7f7f3aff4bfb req-6792bc76-e446-4b88-a272-7f7f3aff4bfb ] Request (FlavorsV261TestJSON:tearDownClass): 204 DELETE http://10.180.1.21:9696/networking/v2.0/security-groups/45ad563c-f8c9-49f3-aacf-b1b4dea54758 0.086s
2025-04-03 12:02:44.369 69779 INFO tempest.lib.common.rest_client [req-492e01b8-90e4-4632-ad23-301079ccfe79 req-492e01b8-90e4-4632-ad23-301079ccfe79 ] Request (ServicesAdminNegativeV253TestJSON:setUpClass): 204 PUT http://10.180.1.21/identity/v3/projects/d095b7fd99ee400e854b8580e82a6921/users/7040d37af5dc426aa2b59f38fc4bda7a/roles/18f0b0c734d44f968741603560ef3c61 0.156s
2025-04-03 12:02:44.439 69811 INFO tempest.lib.common.rest_client [req-ae52386f-8c5f-42bb-937c-b65699be0edf req-ae52386f-8c5f-42bb-937c-b65699be0edf ] Request (ImagesMetadataTestJSON:setUpClass): 204 PUT http://10.180.1.21/identity/v3/projects/a99af7283c9844b5b612c0c2ca71c82b/users/907bd8e5955345fe9567448d401484d0/roles/3cb9e908b5ef4bed8b6418d18194e98a 0.219s
2025-04-03 12:02:44.444 69811 INFO tempest.lib.common.dynamic_creds [-] Dynamic test user 907bd8e5955345fe9567448d401484d0 is created with scope project and roles: ['member']
2025-04-03 12:02:44.444 69795 INFO tempest.lib.common.rest_client [req-6474ec78-9e7d-4ec1-acd6-1d9de6e1dbfc req-6474ec78-9e7d-4ec1-acd6-1d9de6e1dbfc ] Request (ServerGroupTestJSON:setUpClass): 201 POST http://10.180.1.21/identity/v3/users 0.290s
2025-04-03 12:02:44.444 69811 INFO tempest.lib.common.dynamic_creds [-] Acquired dynamic creds: credentials: Credentials: {'domain_id': 'default', 'domain_name': 'Default', 'username': 'tempest-ImagesMetadataTestJSON-1641027569-project-member', 'project_domain_id': 'default', 'project_domain_name': 'Default', 'project_id': 'a99af7283c9844b5b612c0c2ca71c82b', 'project_name': 'tempest-ImagesMetadataTestJSON-1641027569', 'tenant_id': 'a99af7283c9844b5b612c0c2ca71c82b', 'tenant_name': 'tempest-ImagesMetadataTestJSON-1641027569', 'user_domain_id': 'default', 'user_domain_name': 'Default', 'user_id': '907bd8e5955345fe9567448d401484d0', 'system': None}, Network: None, Subnet: None, Router: None
2025-04-03 12:02:44.445 69811 INFO tempest.lib.common.dynamic_creds [-] Created isolated network resources for: credentials: Credentials: {'domain_id': 'default', 'domain_name': 'Default', 'username': 'tempest-ImagesMetadataTestJSON-1641027569-project-member', 'project_domain_id': 'default', 'project_domain_name': 'Default', 'project_id': 'a99af7283c9844b5b612c0c2ca71c82b', 'project_name': 'tempest-ImagesMetadataTestJSON-1641027569', 'tenant_id': 'a99af7283c9844b5b612c0c2ca71c82b', 'tenant_name': 'tempest-ImagesMetadataTestJSON-1641027569', 'user_domain_id': 'default', 'user_domain_name': 'Default', 'user_id': '907bd8e5955345fe9567448d401484d0', 'system': None}, Network: None, Subnet: None, Router: None
2025-04-03 12:02:44.507 69801 INFO tempest.lib.common.rest_client [req-099d8f73-c836-4d0b-bf8b-9bdaa89995a1 req-099d8f73-c836-4d0b-bf8b-9bdaa89995a1 ] Request (ServersAdminNegativeTestJSON:setUpClass): 200 GET http://10.180.1.21/identity/v3/roles 0.256s
2025-04-03 12:02:44.520 69773 INFO tempest.lib.common.rest_client [req-823c5a99-a139-47cc-9cf0-78aa76a9abf6 req-823c5a99-a139-47cc-9cf0-78aa76a9abf6 ] Request (FlavorsV255TestJSON:tearDownClass): 204 DELETE http://10.180.1.21:9696/networking/v2.0/security-groups/95bdef3d-5dc9-4b3f-99d4-1815d602e98a 0.237s
2025-04-03 12:02:44.522 69781 INFO tempest.lib.common.rest_client [req-636204d3-06ec-4aa1-a905-c14be4e69205 req-636204d3-06ec-4aa1-a905-c14be4e69205 ] Request (KeyPairsV210TestJSON:setUpClass): 201 POST http://10.180.1.21/identity/v3/auth/tokens 0.282s
2025-04-03 12:02:44.541 69757 INFO tempest.lib.common.rest_client [req-a324d531-b5f5-4f0b-8e1a-326ebb3dfc09 req-a324d531-b5f5-4f0b-8e1a-326ebb3dfc09 ] Request (ServersTestManualDisk:setUpClass): 201 POST http://10.180.1.21/identity/v3/projects 0.246s
2025-04-03 12:02:44.596 69771 INFO tempest.lib.common.rest_client [req-a44a399c-d00c-4ec7-8f67-375b433fca0e req-a44a399c-d00c-4ec7-8f67-375b433fca0e ] Request (AbsoluteLimitsTestJSON:setUpClass): 201 POST http://10.180.1.21/identity/v3/auth/tokens 0.266s
2025-04-03 12:02:44.669 69805 INFO tempest.lib.common.rest_client [req-773fdcdd-4547-4989-9ec3-1e4de75d1119 req-773fdcdd-4547-4989-9ec3-1e4de75d1119 ] Request (ServerActionsTestOtherB:setUpClass): 201 POST http://10.180.1.21/identity/v3/auth/tokens 0.322s
2025-04-03 12:02:44.705 69813 INFO tempest.lib.common.rest_client [req-abeb6282-20ba-4c9f-adfe-1d44ec2b66de req-abeb6282-20ba-4c9f-adfe-1d44ec2b66de ] Request (VolumesAssistedSnapshotsTest:test_volume_assisted_snapshot_create_delete): 200 POST http://10.180.1.21/compute/v2.1/os-keypairs 1.156s
2025-04-03 12:02:44.724 69799 INFO tempest.lib.common.rest_client [req-839a63c3-06d1-4a72-b558-d1f32796bb55 req-839a63c3-06d1-4a72-b558-d1f32796bb55 ] Request (FlavorsV261TestJSON:tearDownClass): 204 DELETE http://10.180.1.21/identity/v3/projects/400c957ef9194a78889a1f3ca7914976 0.374s
2025-04-03 12:02:44.724 69799 INFO tempest.lib.common.dynamic_creds [-] Deleting project and security group for project: 90c61e56f73a41b3baaac57042f3a96c
2025-04-03 12:02:44.732 69787 INFO tempest.lib.common.rest_client [req-a7eb05de-0e6e-4c99-951b-aabb8cef329b req-a7eb05de-0e6e-4c99-951b-aabb8cef329b ] Request (QuotasAdminTestV236:test_get_updated_quotas): 200 GET http://10.180.1.21/compute/v2.1/os-quota-sets/ddb1eb195bc34d0c8c9368f6177d4fa8/detail 1.769s
2025-04-03 12:02:44.745 69803 INFO tempest.lib.common.rest_client [req-7eeb60eb-f994-435e-b1c7-3f96f46011f3 req-7eeb60eb-f994-435e-b1c7-3f96f46011f3 ] Request (FlavorsAccessTestJSON:_run_cleanups): 202 DELETE http://10.180.1.21/compute/v2.1/flavors/1106054302 1.007s
2025-04-03 12:02:44.753 69779 INFO tempest.lib.common.rest_client [req-0d9614e4-2bf5-4171-9bf3-214204cd91a8 req-0d9614e4-2bf5-4171-9bf3-214204cd91a8 ] Request (ServicesAdminNegativeV253TestJSON:setUpClass): 200 GET http://10.180.1.21/identity/v3/roles 0.383s
2025-04-03 12:02:44.765 69761 INFO tempest.lib.common.rest_client [req-1296782f-ac97-4245-8bdd-0dfdeadc284b req-1296782f-ac97-4245-8bdd-0dfdeadc284b ] Request (InstanceActionsV221TestJSON:test_get_list_deleted_instance_actions): 200 GET http://10.180.1.21/compute/v2.1/servers/5efca57c-909d-48e1-b5e1-ded21e713669 1.205s
2025-04-03 12:02:44.776 69761 INFO tempest.common.waiters [-] State transition "BUILD/scheduling" ==> "BUILD/None" after 2 second wait
2025-04-03 12:02:44.778 69795 INFO tempest.lib.common.rest_client [req-9c936e82-df89-445b-aa29-5f87fa0234f7 req-9c936e82-df89-445b-aa29-5f87fa0234f7 ] Request (ServerGroupTestJSON:setUpClass): 200 GET http://10.180.1.21/identity/v3/roles 0.333s
2025-04-03 12:02:44.809 69801 INFO tempest.lib.common.rest_client [req-081c70ec-ce65-43bd-86f2-bd43b4c283bd req-081c70ec-ce65-43bd-86f2-bd43b4c283bd ] Request (ServersAdminNegativeTestJSON:setUpClass): 204 PUT http://10.180.1.21/identity/v3/projects/2536c2a90ebe4b63a9bce798f6a71775/users/a54c7de8f2944c17965127faed54ce3a/roles/3cb9e908b5ef4bed8b6418d18194e98a 0.301s
2025-04-03 12:02:44.809 69801 INFO tempest.lib.common.dynamic_creds [-] Dynamic test user a54c7de8f2944c17965127faed54ce3a is created with scope project and roles: ['member']
2025-04-03 12:02:44.809 69801 INFO tempest.lib.common.dynamic_creds [-] Acquired dynamic creds: credentials: Credentials: {'domain_id': 'default', 'domain_name': 'Default', 'username': 'tempest-ServersAdminNegativeTestJSON-719410011-project-member', 'project_domain_id': 'default', 'project_domain_name': 'Default', 'project_id': '2536c2a90ebe4b63a9bce798f6a71775', 'project_name': 'tempest-ServersAdminNegativeTestJSON-719410011', 'tenant_id': '2536c2a90ebe4b63a9bce798f6a71775', 'tenant_name': 'tempest-ServersAdminNegativeTestJSON-719410011', 'user_domain_id': 'default', 'user_domain_name': 'Default', 'user_id': 'a54c7de8f2944c17965127faed54ce3a', 'system': None}, Network: None, Subnet: None, Router: None
2025-04-03 12:02:44.810 69801 INFO tempest.lib.common.dynamic_creds [-] Created isolated network resources for: credentials: Credentials: {'domain_id': 'default', 'domain_name': 'Default', 'username': 'tempest-ServersAdminNegativeTestJSON-719410011-project-member', 'project_domain_id': 'default', 'project_domain_name': 'Default', 'project_id': '2536c2a90ebe4b63a9bce798f6a71775', 'project_name': 'tempest-ServersAdminNegativeTestJSON-719410011', 'tenant_id': '2536c2a90ebe4b63a9bce798f6a71775', 'tenant_name': 'tempest-ServersAdminNegativeTestJSON-719410011', 'user_domain_id': 'default', 'user_domain_name': 'Default', 'user_id': 'a54c7de8f2944c17965127faed54ce3a', 'system': None}, Network: None, Subnet: None, Router: None
2025-04-03 12:02:44.822 69813 INFO tempest.lib.common.rest_client [req-88590492-3abd-4437-b8e0-2080f9b5aece req-88590492-3abd-4437-b8e0-2080f9b5aece ] Request (VolumesAssistedSnapshotsTest:test_volume_assisted_snapshot_create_delete): 201 POST http://10.180.1.21:9696/networking/v2.0/security-groups 0.114s
2025-04-03 12:02:44.824 69811 INFO tempest.lib.common.rest_client [req-25aa0f7e-07c0-4938-8e3a-74cadfbf1f9c req-25aa0f7e-07c0-4938-8e3a-74cadfbf1f9c ] Request (ImagesMetadataTestJSON:setUpClass): 201 POST http://10.180.1.21/identity/v3/auth/tokens 0.373s
2025-04-03 12:02:44.925 69757 INFO tempest.lib.common.rest_client [req-d42b2420-32d5-42b8-93b8-887fb3a52f5b req-d42b2420-32d5-42b8-93b8-887fb3a52f5b ] Request (ServersTestManualDisk:setUpClass): 201 POST http://10.180.1.21/identity/v3/users 0.383s
2025-04-03 12:02:44.929 69773 INFO tempest.lib.common.rest_client [req-a923964a-25ba-4c89-8e64-f33cc24d7cd5 req-a923964a-25ba-4c89-8e64-f33cc24d7cd5 ] Request (FlavorsV255TestJSON:tearDownClass): 204 DELETE http://10.180.1.21/identity/v3/projects/3152a852df784cdfac9a7a4e57715b12 0.406s
2025-04-03 12:02:44.929 69773 INFO tempest.lib.common.dynamic_creds [-] Deleting project and security group for project: 1303275db0dc40258a8d7040c286b0df
2025-04-03 12:02:44.954 69813 INFO tempest.lib.common.rest_client [req-09d85be9-e949-4e56-bcab-6d53cc0d39c1 req-09d85be9-e949-4e56-bcab-6d53cc0d39c1 ] Request (VolumesAssistedSnapshotsTest:test_volume_assisted_snapshot_create_delete): 201 POST http://10.180.1.21:9696/networking/v2.0/security-group-rules 0.131s
2025-04-03 12:02:44.963 69799 INFO tempest.lib.common.rest_client [req-8242ffc3-f6e4-4b16-afce-322c9b34b6db req-8242ffc3-f6e4-4b16-afce-322c9b34b6db ] Request (FlavorsV261TestJSON:tearDownClass): 200 GET http://10.180.1.21:9696/networking/v2.0/security-groups?tenant_id=90c61e56f73a41b3baaac57042f3a96c&name=default 0.239s
2025-04-03 12:02:44.993 69805 INFO tempest.lib.common.rest_client [req-822725c4-ea0b-43dd-840e-aa95da6fe84f req-822725c4-ea0b-43dd-840e-aa95da6fe84f ] Request (ServerActionsTestOtherB:setUpClass): 200 GET http://10.180.1.21/identity/v3/domains?name=Default 0.324s
2025-04-03 12:02:44.996 69771 INFO tempest.lib.common.rest_client [req-92551ca4-3906-453c-8aac-22c6d3df0051 req-92551ca4-3906-453c-8aac-22c6d3df0051 ] Request (AbsoluteLimitsTestJSON:setUpClass): 201 POST http://10.180.1.21/identity/v3/auth/tokens 0.395s
2025-04-03 12:02:45.058 69787 INFO tempest.lib.common.rest_client [req-80848c20-15b3-4493-8ef1-bd3d5736fe4e req-80848c20-15b3-4493-8ef1-bd3d5736fe4e ] Request (QuotasAdminTestV236:test_get_updated_quotas): 200 GET http://10.180.1.21/identity/v3/domains?name=Default 0.320s
2025-04-03 12:02:45.080 69779 INFO tempest.lib.common.rest_client [req-7ac24750-0752-4675-816a-a3c8c2b9e6f9 req-7ac24750-0752-4675-816a-a3c8c2b9e6f9 ] Request (ServicesAdminNegativeV253TestJSON:setUpClass): 204 PUT http://10.180.1.21/identity/v3/projects/d095b7fd99ee400e854b8580e82a6921/users/7040d37af5dc426aa2b59f38fc4bda7a/roles/18f0b0c734d44f968741603560ef3c61 0.327s
2025-04-03 12:02:45.080 69779 INFO tempest.lib.common.dynamic_creds [-] Dynamic test user 7040d37af5dc426aa2b59f38fc4bda7a is created with scope project and roles: ['admin']
2025-04-03 12:02:45.081 69779 INFO tempest.lib.common.dynamic_creds [-] Acquired dynamic creds: credentials: Credentials: {'domain_id': 'default', 'domain_name': 'Default', 'username': 'tempest-ServicesAdminNegativeV253TestJSON-935434407-project-admin', 'project_domain_id': 'default', 'project_domain_name': 'Default', 'project_id': 'd095b7fd99ee400e854b8580e82a6921', 'project_name': 'tempest-ServicesAdminNegativeV253TestJSON-935434407', 'tenant_id': 'd095b7fd99ee400e854b8580e82a6921', 'tenant_name': 'tempest-ServicesAdminNegativeV253TestJSON-935434407', 'user_domain_id': 'default', 'user_domain_name': 'Default', 'user_id': '7040d37af5dc426aa2b59f38fc4bda7a', 'system': None}, Network: None, Subnet: None, Router: None
2025-04-03 12:02:45.081 69779 INFO tempest.lib.common.dynamic_creds [-] Created isolated network resources for: credentials: Credentials: {'domain_id': 'default', 'domain_name': 'Default', 'username': 'tempest-ServicesAdminNegativeV253TestJSON-935434407-project-admin', 'project_domain_id': 'default', 'project_domain_name': 'Default', 'project_id': 'd095b7fd99ee400e854b8580e82a6921', 'project_name': 'tempest-ServicesAdminNegativeV253TestJSON-935434407', 'tenant_id': 'd095b7fd99ee400e854b8580e82a6921', 'tenant_name': 'tempest-ServicesAdminNegativeV253TestJSON-935434407', 'user_domain_id': 'default', 'user_domain_name': 'Default', 'user_id': '7040d37af5dc426aa2b59f38fc4bda7a', 'system': None}, Network: None, Subnet: None, Router: None
2025-04-03 12:02:45.102 69813 INFO tempest.lib.common.rest_client [req-c8ed5ee6-f745-4b13-acce-f8436f11d85b req-c8ed5ee6-f745-4b13-acce-f8436f11d85b ] Request (VolumesAssistedSnapshotsTest:test_volume_assisted_snapshot_create_delete): 201 POST http://10.180.1.21:9696/networking/v2.0/security-group-rules 0.147s
2025-04-03 12:02:45.104 69785 INFO tempest.lib.common.rest_client [req-b5889720-41c6-4ab0-964c-4b528cee4890 req-b5889720-41c6-4ab0-964c-4b528cee4890 ] Request (FlavorsAccessNegativeTestJSON:test_flavor_non_admin_add): 403 POST http://10.180.1.21/compute/v2.1/flavors/810425176/action 1.301s
2025-04-03 12:02:45.119 69773 INFO tempest.lib.common.rest_client [req-66dd60ef-89d8-4ae6-9399-b94baa0ef991 req-66dd60ef-89d8-4ae6-9399-b94baa0ef991 ] Request (FlavorsV255TestJSON:tearDownClass): 200 GET http://10.180.1.21:9696/networking/v2.0/security-groups?tenant_id=1303275db0dc40258a8d7040c286b0df&name=default 0.190s
2025-04-03 12:02:45.142 69795 INFO tempest.lib.common.rest_client [req-e43fda2f-55fa-4a6a-b8b5-928ef4a4a4a5 req-e43fda2f-55fa-4a6a-b8b5-928ef4a4a4a5 ] Request (ServerGroupTestJSON:setUpClass): 204 PUT http://10.180.1.21/identity/v3/projects/c35b9682ff0e445897b9369129320a9b/users/5aec01579de7423b8309874e1deea045/roles/3cb9e908b5ef4bed8b6418d18194e98a 0.364s
2025-04-03 12:02:45.143 69795 INFO tempest.lib.common.dynamic_creds [-] Dynamic test user 5aec01579de7423b8309874e1deea045 is created with scope project and roles: ['member']
2025-04-03 12:02:45.143 69795 INFO tempest.lib.common.dynamic_creds [-] Acquired dynamic creds: credentials: Credentials: {'domain_id': 'default', 'domain_name': 'Default', 'username': 'tempest-ServerGroupTestJSON-1120722788-project-member', 'project_domain_id': 'default', 'project_domain_name': 'Default', 'project_id': 'c35b9682ff0e445897b9369129320a9b', 'project_name': 'tempest-ServerGroupTestJSON-1120722788', 'tenant_id': 'c35b9682ff0e445897b9369129320a9b', 'tenant_name': 'tempest-ServerGroupTestJSON-1120722788', 'user_domain_id': 'default', 'user_domain_name': 'Default', 'user_id': '5aec01579de7423b8309874e1deea045', 'system': None}, Network: None, Subnet: None, Router: None
2025-04-03 12:02:45.146 69799 INFO tempest.lib.common.rest_client [req-faa865bc-d216-474b-a71b-ff1a827d115b req-faa865bc-d216-474b-a71b-ff1a827d115b ] Request (FlavorsV261TestJSON:tearDownClass): 204 DELETE http://10.180.1.21:9696/networking/v2.0/security-groups/0a083b06-0602-41b5-b786-3366ae20d73e 0.182s
2025-04-03 12:02:45.170 69801 INFO tempest.lib.common.rest_client [req-015b17a1-af36-4046-979e-a38e0e610ebf req-015b17a1-af36-4046-979e-a38e0e610ebf ] Request (ServersAdminNegativeTestJSON:setUpClass): 201 POST http://10.180.1.21/identity/v3/auth/tokens 0.356s
2025-04-03 12:02:45.237 69773 INFO tempest.lib.common.rest_client [req-1863db7d-00ee-42f4-bc5b-29c06e755b6a req-1863db7d-00ee-42f4-bc5b-29c06e755b6a ] Request (FlavorsV255TestJSON:tearDownClass): 204 DELETE http://10.180.1.21:9696/networking/v2.0/security-groups/f014f16e-4be6-4134-a866-ef6b0c177e17 0.117s
2025-04-03 12:02:45.251 69757 INFO tempest.lib.common.rest_client [req-1b4f863f-5b5e-4db8-aef8-dc62d6388b82 req-1b4f863f-5b5e-4db8-aef8-dc62d6388b82 ] Request (ServersTestManualDisk:setUpClass): 200 GET http://10.180.1.21/identity/v3/roles 0.326s
2025-04-03 12:02:45.270 69771 INFO tempest.lib.common.rest_client [req-8ae56648-f4b9-4fea-9371-13e83bf542ea req-8ae56648-f4b9-4fea-9371-13e83bf542ea ] Request (AbsoluteLimitsTestJSON:setUpClass): 200 GET http://10.180.1.21/identity/v3/domains?name=Default 0.273s
2025-04-03 12:02:45.272 69805 INFO tempest.lib.common.rest_client [req-fb743ca9-e927-4726-94be-1d84bbcfc9ed req-fb743ca9-e927-4726-94be-1d84bbcfc9ed ] Request (ServerActionsTestOtherB:setUpClass): 201 POST http://10.180.1.21/identity/v3/projects 0.278s
2025-04-03 12:02:45.371 69787 INFO tempest.lib.common.rest_client [req-4bd41454-a571-4357-bb09-61ee75fce5fe req-4bd41454-a571-4357-bb09-61ee75fce5fe ] Request (QuotasAdminTestV236:test_get_updated_quotas): 201 POST http://10.180.1.21/identity/v3/users 0.312s
2025-04-03 12:02:45.427 69767 INFO tempest.lib.common.rest_client [req-34ea8301-aed1-478d-99b4-05e8bd0e83f9 req-34ea8301-aed1-478d-99b4-05e8bd0e83f9 ] Request (QuotasAdminNegativeTest:test_create_server_when_cpu_quota_is_full): 200 PUT http://10.180.1.21/compute/v2.1/os-quota-sets/c70564882a914e158457643fca3cbbf9 1.576s
2025-04-03 12:02:45.436 69779 INFO tempest.lib.common.rest_client [req-9489b136-54fd-4306-be9b-a8e057aba87f req-9489b136-54fd-4306-be9b-a8e057aba87f ] Request (ServicesAdminNegativeV253TestJSON:setUpClass): 201 POST http://10.180.1.21/identity/v3/auth/tokens 0.351s
2025-04-03 12:02:45.455 69795 INFO tempest.lib.common.rest_client [req-e5d06d13-d2ea-466d-842f-f3f18b697d4a req-e5d06d13-d2ea-466d-842f-f3f18b697d4a ] Request (ServerGroupTestJSON:setUpClass): 201 POST http://10.180.1.21/identity/v3/auth/tokens 0.312s
2025-04-03 12:02:45.487 69759 INFO tempest.lib.common.rest_client [req-4c132661-e66f-449a-8825-b4d03013acbb req-4c132661-e66f-449a-8825-b4d03013acbb ] Request (HostsAdminTestJSON:test_list_hosts_with_zone): 200 GET http://10.180.1.21/compute/v2.1/os-hosts?zone=internal 1.483s
2025-04-03 12:02:45.488 69801 INFO tempest.lib.common.rest_client [req-2c661dc2-e0ba-4998-b565-52fbb244e1ae req-2c661dc2-e0ba-4998-b565-52fbb244e1ae ] Request (ServersAdminNegativeTestJSON:setUpClass): 201 POST http://10.180.1.21/identity/v3/projects 0.317s
