2025-04-03 12:02:31.240 69815 INFO tempest.lib.common.rest_client [req-14bd1a40-4f50-4694-bc13-12b896392c62 req-14bd1a40-4f50-4694-bc13-12b896392c62 ] Request (ServerDiagnosticsV248Test:setUpClass): 200 GET http://10.180.1.21/identity/v3/roles 0.578s
2025-04-03 12:02:31.252 69753 INFO tempest.lib.common.rest_client [req-a48c7035-157a-4208-9d6f-7586fa163ab0 req-a48c7035-157a-4208-9d6f-7586fa163ab0 ] Request (InstanceUsageAuditLogTestJSON:tearDownClass): 200 GET http://10.180.1.21:9696/networking/v2.0/security-groups?tenant_id=98fa2774f78844138c1b12cd50a528f4&name=default 0.112s
2025-04-03 12:02:31.288 69777 INFO tempest.lib.common.rest_client [req-ada2bad4-2bb2-465c-b236-ae79e67165b8 req-ada2bad4-2bb2-465c-b236-ae79e67165b8 ] Request (FlavorsExtraSpecsNegativeTestJSON:setUpClass): 200 GET http://10.180.1.21/identity/v3/roles 0.565s
2025-04-03 12:02:31.295 69769 INFO tempest.lib.common.rest_client [req-2ad7743a-eeaf-414d-a48d-9578e456726e req-2ad7743a-eeaf-414d-a48d-9578e456726e ] Request (ServerDiagnosticsNegativeTest:setUpClass): 204 PUT http://10.180.1.21/identity/v3/projects/d5e3215fcdbe49f9b35cd5ed7c112e13/users/0687d9c66fc341f9a16f1aab4ecfd8f8/roles/18f0b0c734d44f968741603560ef3c61 0.525s
2025-04-03 12:02:31.295 69769 INFO tempest.lib.common.dynamic_creds [-] Dynamic test user 0687d9c66fc341f9a16f1aab4ecfd8f8 is created with scope project and roles: ['admin']
2025-04-03 12:02:31.295 69769 INFO tempest.lib.common.dynamic_creds [-] Acquired dynamic creds: credentials: Credentials: {'domain_id': 'default', 'domain_name': 'Default', 'username': 'tempest-ServerDiagnosticsNegativeTest-1283175142-project-admin', 'project_domain_id': 'default', 'project_domain_name': 'Default', 'project_id': 'd5e3215fcdbe49f9b35cd5ed7c112e13', 'project_name': 'tempest-ServerDiagnosticsNegativeTest-1283175142', 'tenant_id': 'd5e3215fcdbe49f9b35cd5ed7c112e13', 'tenant_name': 'tempest-ServerDiagnosticsNegativeTest-1283175142', 'user_domain_id': 'default', 'user_domain_name': 'Default', 'user_id': '0687d9c66fc341f9a16f1aab4ecfd8f8', 'system': None}, Network: None, Subnet: None, Router: None
2025-04-03 12:02:31.295 69769 INFO tempest.lib.common.dynamic_creds [-] Created isolated network resources for: credentials: Credentials: {'domain_id': 'default', 'domain_name': 'Default', 'username': 'tempest-ServerDiagnosticsNegativeTest-1283175142-project-admin', 'project_domain_id': 'default', 'project_domain_name': 'Default', 'project_id': 'd5e3215fcdbe49f9b35cd5ed7c112e13', 'project_name': 'tempest-ServerDiagnosticsNegativeTest-1283175142', 'tenant_id': 'd5e3215fcdbe49f9b35cd5ed7c112e13', 'tenant_name': 'tempest-ServerDiagnosticsNegativeTest-1283175142', 'user_domain_id': 'default', 'user_domain_name': 'Default', 'user_id': '0687d9c66fc341f9a16f1aab4ecfd8f8', 'system': None}, Network: None, Subnet: None, Router: None
2025-04-03 12:02:31.324 69753 INFO tempest.lib.common.rest_client [req-2cdb0b4a-f776-4638-bad7-e748d7cff152 req-2cdb0b4a-f776-4638-bad7-e748d7cff152 ] Request (InstanceUsageAuditLogTestJSON:tearDownClass): 204 DELETE http://10.180.1.21:9696/networking/v2.0/security-groups/912e00fe-732b-45c7-ab01-8b03309f1e76 0.072s
2025-04-03 12:02:31.342 69783 INFO tempest.lib.common.rest_client [req-b0892a5a-3a96-4bb4-803d-4631325b8044 req-b0892a5a-3a96-4bb4-803d-4631325b8044 ] Request (AggregatesAdminNegativeTestJSON:setUpClass): 200 GET http://10.180.1.21/identity/v3/roles 0.566s
2025-04-03 12:02:31.345 69781 INFO tempest.lib.common.rest_client [req-85297c01-c6ac-4525-8d8e-5576a7bd393f req-85297c01-c6ac-4525-8d8e-5576a7bd393f ] Request (HypervisorAdminV228Test:setUpClass): 200 GET http://10.180.1.21/identity/v3/roles 0.525s
2025-04-03 12:02:31.363 69799 INFO tempest.lib.common.rest_client [req-a8c0376d-f55e-4980-9654-f2aba912d76e req-a8c0376d-f55e-4980-9654-f2aba912d76e ] Request (FlavorsV261TestJSON:setUpClass): 204 PUT http://10.180.1.21/identity/v3/projects/400c957ef9194a78889a1f3ca7914976/users/8485a6a332724fec9b0a551b0e57bbe1/roles/18f0b0c734d44f968741603560ef3c61 0.541s
2025-04-03 12:02:31.363 69799 INFO tempest.lib.common.dynamic_creds [-] Dynamic test user 8485a6a332724fec9b0a551b0e57bbe1 is created with scope project and roles: ['admin']
2025-04-03 12:02:31.363 69799 INFO tempest.lib.common.dynamic_creds [-] Acquired dynamic creds: credentials: Credentials: {'domain_id': 'default', 'domain_name': 'Default', 'username': 'tempest-FlavorsV261TestJSON-1603078724-project-admin', 'project_domain_id': 'default', 'project_domain_name': 'Default', 'project_id': '400c957ef9194a78889a1f3ca7914976', 'project_name': 'tempest-FlavorsV261TestJSON-1603078724', 'tenant_id': '400c957ef9194a78889a1f3ca7914976', 'tenant_name': 'tempest-FlavorsV261TestJSON-1603078724', 'user_domain_id': 'default', 'user_domain_name': 'Default', 'user_id': '8485a6a332724fec9b0a551b0e57bbe1', 'system': None}, Network: None, Subnet: None, Router: None
2025-04-03 12:02:31.363 69799 INFO tempest.lib.common.dynamic_creds [-] Created isolated network resources for: credentials: Credentials: {'domain_id': 'default', 'domain_name': 'Default', 'username': 'tempest-FlavorsV261TestJSON-1603078724-project-admin', 'project_domain_id': 'default', 'project_domain_name': 'Default', 'project_id': '400c957ef9194a78889a1f3ca7914976', 'project_name': 'tempest-FlavorsV261TestJSON-1603078724', 'tenant_id': '400c957ef9194a78889a1f3ca7914976', 'tenant_name': 'tempest-FlavorsV261TestJSON-1603078724', 'user_domain_id': 'default', 'user_domain_name': 'Default', 'user_id': '8485a6a332724fec9b0a551b0e57bbe1', 'system': None}, Network: None, Subnet: None, Router: None
2025-04-03 12:02:31.406 69813 INFO tempest.lib.common.rest_client [req-7d64afcb-3d42-45f9-8951-7f3592339bb8 req-7d64afcb-3d42-45f9-8951-7f3592339bb8 ] Request (VolumesAssistedSnapshotsTest:setUpClass): 201 POST http://10.180.1.21/identity/v3/auth/tokens 0.547s
2025-04-03 12:02:31.427 69789 INFO tempest.lib.common.rest_client [req-9826362a-e92d-4c19-98ca-df421476d719 req-9826362a-e92d-4c19-98ca-df421476d719 ] Request (ServersWithSpecificFlavorTestJSON:setUpClass): 204 PUT http://10.180.1.21/identity/v3/projects/530a98d59f0647c58ee196dd661c57c0/users/b370cab2a1c241faae5713468fdfd530/roles/18f0b0c734d44f968741603560ef3c61 0.561s
2025-04-03 12:02:31.430 69765 INFO tempest.lib.common.rest_client [req-493e358b-29e5-472a-9b59-ec7d51e53901 req-493e358b-29e5-472a-9b59-ec7d51e53901 ] Request (ServersTestJSON:setUpClass): 200 GET http://10.180.1.21/identity/v3/domains?name=Default 0.551s
2025-04-03 12:02:31.484 69797 INFO tempest.lib.common.rest_client [req-ca0cdb4e-e635-4e66-a5df-d2ddf9c20b6d req-ca0cdb4e-e635-4e66-a5df-d2ddf9c20b6d ] Request (AZAdminV2TestJSON:setUpClass): 204 PUT http://10.180.1.21/identity/v3/projects/67121c7f3e6c47caa6c10877b9c7da38/users/b6865a5ffd6c4a559d85dd006dfda600/roles/18f0b0c734d44f968741603560ef3c61 0.602s
2025-04-03 12:02:31.484 69797 INFO tempest.lib.common.dynamic_creds [-] Dynamic test user b6865a5ffd6c4a559d85dd006dfda600 is created with scope project and roles: ['admin']
2025-04-03 12:02:31.484 69797 INFO tempest.lib.common.dynamic_creds [-] Acquired dynamic creds: credentials: Credentials: {'domain_id': 'default', 'domain_name': 'Default', 'username': 'tempest-AZAdminV2TestJSON-820429328-project-admin', 'project_domain_id': 'default', 'project_domain_name': 'Default', 'project_id': '67121c7f3e6c47caa6c10877b9c7da38', 'project_name': 'tempest-AZAdminV2TestJSON-820429328', 'tenant_id': '67121c7f3e6c47caa6c10877b9c7da38', 'tenant_name': 'tempest-AZAdminV2TestJSON-820429328', 'user_domain_id': 'default', 'user_domain_name': 'Default', 'user_id': 'b6865a5ffd6c4a559d85dd006dfda600', 'system': None}, Network: None, Subnet: None, Router: None
2025-04-03 12:02:31.484 69797 INFO tempest.lib.common.dynamic_creds [-] Created isolated network resources for: credentials: Credentials: {'domain_id': 'default', 'domain_name': 'Default', 'username': 'tempest-AZAdminV2TestJSON-820429328-project-admin', 'project_domain_id': 'default', 'project_domain_name': 'Default', 'project_id': '67121c7f3e6c47caa6c10877b9c7da38', 'project_name': 'tempest-AZAdminV2TestJSON-820429328', 'tenant_id': '67121c7f3e6c47caa6c10877b9c7da38', 'tenant_name': 'tempest-AZAdminV2TestJSON-820429328', 'user_domain_id': 'default', 'user_domain_name': 'Default', 'user_id': 'b6865a5ffd6c4a559d85dd006dfda600', 'system': None}, Network: None, Subnet: None, Router: None
2025-04-03 12:02:31.490 69807 INFO tempest.lib.common.rest_client [req-92b6e6bd-1ad3-4ec5-aefb-5af10f02fa98 req-92b6e6bd-1ad3-4ec5-aefb-5af10f02fa98 ] Request (FloatingIPsAssociationNegativeTestJSON:setUpClass): 201 POST http://10.180.1.21/identity/v3/auth/tokens 0.607s
2025-04-03 12:02:31.544 69811 INFO tempest.lib.common.rest_client [req-a23f28b4-81f2-4ae8-bbd4-4dcba98a85f4 req-a23f28b4-81f2-4ae8-bbd4-4dcba98a85f4 ] Request (TenantUsagesNegativeTestJSON:setUpClass): 200 GET http://10.180.1.21/identity/v3/roles 0.644s
2025-04-03 12:02:31.556 69793 INFO tempest.lib.common.rest_client [req-30da4728-64d9-4892-a242-58037a46159e req-30da4728-64d9-4892-a242-58037a46159e ] Request (InstanceUsageAuditLogNegativeTestJSON:setUpClass): 201 POST http://10.180.1.21/identity/v3/auth/tokens 0.660s
2025-04-03 12:02:31.563 69775 INFO tempest.lib.common.rest_client [req-9c3cc7a7-8811-4f3c-a612-e39ae866cb8d req-9c3cc7a7-8811-4f3c-a612-e39ae866cb8d ] Request (HostsAdminNegativeTestJSON:setUpClass): 204 PUT http://10.180.1.21/identity/v3/projects/6afd3657e5644f2cab113fb8a54b8f54/users/8e8f80bdf5574af5bf5e15c50fb98b1b/roles/18f0b0c734d44f968741603560ef3c61 0.623s
2025-04-03 12:02:31.563 69775 INFO tempest.lib.common.dynamic_creds [-] Dynamic test user 8e8f80bdf5574af5bf5e15c50fb98b1b is created with scope project and roles: ['admin']
2025-04-03 12:02:31.563 69775 INFO tempest.lib.common.dynamic_creds [-] Acquired dynamic creds: credentials: Credentials: {'domain_id': 'default', 'domain_name': 'Default', 'username': 'tempest-HostsAdminNegativeTestJSON-1956359347-project-admin', 'project_domain_id': 'default', 'project_domain_name': 'Default', 'project_id': '6afd3657e5644f2cab113fb8a54b8f54', 'project_name': 'tempest-HostsAdminNegativeTestJSON-1956359347', 'tenant_id': '6afd3657e5644f2cab113fb8a54b8f54', 'tenant_name': 'tempest-HostsAdminNegativeTestJSON-1956359347', 'user_domain_id': 'default', 'user_domain_name': 'Default', 'user_id': '8e8f80bdf5574af5bf5e15c50fb98b1b', 'system': None}, Network: None, Subnet: None, Router: None
2025-04-03 12:02:31.563 69775 INFO tempest.lib.common.dynamic_creds [-] Created isolated network resources for: credentials: Credentials: {'domain_id': 'default', 'domain_name': 'Default', 'username': 'tempest-HostsAdminNegativeTestJSON-1956359347-project-admin', 'project_domain_id': 'default', 'project_domain_name': 'Default', 'project_id': '6afd3657e5644f2cab113fb8a54b8f54', 'project_name': 'tempest-HostsAdminNegativeTestJSON-1956359347', 'tenant_id': '6afd3657e5644f2cab113fb8a54b8f54', 'tenant_name': 'tempest-HostsAdminNegativeTestJSON-1956359347', 'user_domain_id': 'default', 'user_domain_name': 'Default', 'user_id': '8e8f80bdf5574af5bf5e15c50fb98b1b', 'system': None}, Network: None, Subnet: None, Router: None
2025-04-03 12:02:31.612 69773 INFO tempest.lib.common.rest_client [req-a91edf99-4730-4e08-9146-d9fe58dfad8e req-a91edf99-4730-4e08-9146-d9fe58dfad8e ] Request (FlavorsV255TestJSON:setUpClass): 204 PUT http://10.180.1.21/identity/v3/projects/1303275db0dc40258a8d7040c286b0df/users/0bbd7472b6994037ac90ef08889da27d/roles/18f0b0c734d44f968741603560ef3c61 0.582s
2025-04-03 12:02:31.612 69773 INFO tempest.lib.common.dynamic_creds [-] Dynamic test user 0bbd7472b6994037ac90ef08889da27d is created with scope project and roles: ['admin']
2025-04-03 12:02:31.612 69773 INFO tempest.lib.common.dynamic_creds [-] Acquired dynamic creds: credentials: Credentials: {'domain_id': 'default', 'domain_name': 'Default', 'username': 'tempest-FlavorsV255TestJSON-290733953-project-admin', 'project_domain_id': 'default', 'project_domain_name': 'Default', 'project_id': '1303275db0dc40258a8d7040c286b0df', 'project_name': 'tempest-FlavorsV255TestJSON-290733953', 'tenant_id': '1303275db0dc40258a8d7040c286b0df', 'tenant_name': 'tempest-FlavorsV255TestJSON-290733953', 'user_domain_id': 'default', 'user_domain_name': 'Default', 'user_id': '0bbd7472b6994037ac90ef08889da27d', 'system': None}, Network: None, Subnet: None, Router: None
2025-04-03 12:02:31.612 69773 INFO tempest.lib.common.dynamic_creds [-] Created isolated network resources for: credentials: Credentials: {'domain_id': 'default', 'domain_name': 'Default', 'username': 'tempest-FlavorsV255TestJSON-290733953-project-admin', 'project_domain_id': 'default', 'project_domain_name': 'Default', 'project_id': '1303275db0dc40258a8d7040c286b0df', 'project_name': 'tempest-FlavorsV255TestJSON-290733953', 'tenant_id': '1303275db0dc40258a8d7040c286b0df', 'tenant_name': 'tempest-FlavorsV255TestJSON-290733953', 'user_domain_id': 'default', 'user_domain_name': 'Default', 'user_id': '0bbd7472b6994037ac90ef08889da27d', 'system': None}, Network: None, Subnet: None, Router: None
2025-04-03 12:02:31.624 69763 INFO tempest.lib.common.rest_client [req-72976609-99da-4173-b49b-2d7622fa870f req-72976609-99da-4173-b49b-2d7622fa870f ] Request (TenantUsagesTestJSON:setUpClass): 201 POST http://10.180.1.21/identity/v3/auth/tokens 0.599s
2025-04-03 12:02:31.625 69763 WARNING tempest.lib.common.rest_client [-] Deprecated: "tenant_id" property is deprecated for removal, use "project_id" instead
2025-04-03 12:02:31.675 69805 INFO tempest.lib.common.rest_client [req-c1386720-87c4-423a-aa7a-a4142c8efb86 req-c1386720-87c4-423a-aa7a-a4142c8efb86 ] Request (HypervisorAdminTestJSON:setUpClass): 204 PUT http://10.180.1.21/identity/v3/projects/08b417d8cabf4e009cc4a06c4841542b/users/d3caee2e14914f63acf806a704367924/roles/18f0b0c734d44f968741603560ef3c61 0.598s
2025-04-03 12:02:31.675 69805 INFO tempest.lib.common.dynamic_creds [-] Dynamic test user d3caee2e14914f63acf806a704367924 is created with scope project and roles: ['admin']
2025-04-03 12:02:31.675 69805 INFO tempest.lib.common.dynamic_creds [-] Acquired dynamic creds: credentials: Credentials: {'domain_id': 'default', 'domain_name': 'Default', 'username': 'tempest-HypervisorAdminTestJSON-682780087-project-admin', 'project_domain_id': 'default', 'project_domain_name': 'Default', 'project_id': '08b417d8cabf4e009cc4a06c4841542b', 'project_name': 'tempest-HypervisorAdminTestJSON-682780087', 'tenant_id': '08b417d8cabf4e009cc4a06c4841542b', 'tenant_name': 'tempest-HypervisorAdminTestJSON-682780087', 'user_domain_id': 'default', 'user_domain_name': 'Default', 'user_id': 'd3caee2e14914f63acf806a704367924', 'system': None}, Network: None, Subnet: None, Router: None
2025-04-03 12:02:31.675 69805 INFO tempest.lib.common.dynamic_creds [-] Created isolated network resources for: credentials: Credentials: {'domain_id': 'default', 'domain_name': 'Default', 'username': 'tempest-HypervisorAdminTestJSON-682780087-project-admin', 'project_domain_id': 'default', 'project_domain_name': 'Default', 'project_id': '08b417d8cabf4e009cc4a06c4841542b', 'project_name': 'tempest-HypervisorAdminTestJSON-682780087', 'tenant_id': '08b417d8cabf4e009cc4a06c4841542b', 'tenant_name': 'tempest-HypervisorAdminTestJSON-682780087', 'user_domain_id': 'default', 'user_domain_name': 'Default', 'user_id': 'd3caee2e14914f63acf806a704367924', 'system': None}, Network: None, Subnet: None, Router: None
2025-04-03 12:02:31.708 69803 INFO tempest.lib.common.rest_client [req-5ebb4874-6213-4f77-b3b9-cfe8b67cb92d req-5ebb4874-6213-4f77-b3b9-cfe8b67cb92d ] Request (AZAdminNegativeTestJSON:test_get_availability_zone_list_detail_with_non_admin_user): 403 GET http://10.180.1.21/compute/v2.1/os-availability-zone/detail 0.757s
2025-04-03 12:02:31.732 69757 INFO tempest.lib.common.rest_client [req-79a65f94-8c44-40bb-8b8b-c8c59ac80516 req-79a65f94-8c44-40bb-8b8b-c8c59ac80516 ] Request (QuotaClassesAdmin257Test:setUpClass): 204 PUT http://10.180.1.21/identity/v3/projects/51d11f5edb3e4869bfa3b52da95a2a14/users/3b344c5cc24e43ae8115552a1b35a52f/roles/18f0b0c734d44f968741603560ef3c61 0.654s
2025-04-03 12:02:31.732 69757 INFO tempest.lib.common.dynamic_creds [-] Dynamic test user 3b344c5cc24e43ae8115552a1b35a52f is created with scope project and roles: ['admin']
2025-04-03 12:02:31.732 69757 INFO tempest.lib.common.dynamic_creds [-] Acquired dynamic creds: credentials: Credentials: {'domain_id': 'default', 'domain_name': 'Default', 'username': 'tempest-QuotaClassesAdmin257Test-1936008971-project-admin', 'project_domain_id': 'default', 'project_domain_name': 'Default', 'project_id': '51d11f5edb3e4869bfa3b52da95a2a14', 'project_name': 'tempest-QuotaClassesAdmin257Test-1936008971', 'tenant_id': '51d11f5edb3e4869bfa3b52da95a2a14', 'tenant_name': 'tempest-QuotaClassesAdmin257Test-1936008971', 'user_domain_id': 'default', 'user_domain_name': 'Default', 'user_id': '3b344c5cc24e43ae8115552a1b35a52f', 'system': None}, Network: None, Subnet: None, Router: None
2025-04-03 12:02:31.732 69757 INFO tempest.lib.common.dynamic_creds [-] Created isolated network resources for: credentials: Credentials: {'domain_id': 'default', 'domain_name': 'Default', 'username': 'tempest-QuotaClassesAdmin257Test-1936008971-project-admin', 'project_domain_id': 'default', 'project_domain_name': 'Default', 'project_id': '51d11f5edb3e4869bfa3b52da95a2a14', 'project_name': 'tempest-QuotaClassesAdmin257Test-1936008971', 'tenant_id': '51d11f5edb3e4869bfa3b52da95a2a14', 'tenant_name': 'tempest-QuotaClassesAdmin257Test-1936008971', 'user_domain_id': 'default', 'user_domain_name': 'Default', 'user_id': '3b344c5cc24e43ae8115552a1b35a52f', 'system': None}, Network: None, Subnet: None, Router: None
2025-04-03 12:02:31.760 69791 INFO tempest.lib.common.rest_client [req-da899d13-e9ac-4158-b27e-412a940aa4f7 req-da899d13-e9ac-4158-b27e-412a940aa4f7 ] Request (MigrationsAdminTest:setUpClass): 204 PUT http://10.180.1.21/identity/v3/projects/25a6a02144c24197b9fc25b4f4c81e25/users/3c50d342bc6a450b8fc055ccd8b594b9/roles/18f0b0c734d44f968741603560ef3c61 0.662s
2025-04-03 12:02:31.760 69791 INFO tempest.lib.common.dynamic_creds [-] Dynamic test user 3c50d342bc6a450b8fc055ccd8b594b9 is created with scope project and roles: ['admin']
2025-04-03 12:02:31.760 69791 INFO tempest.lib.common.dynamic_creds [-] Acquired dynamic creds: credentials: Credentials: {'domain_id': 'default', 'domain_name': 'Default', 'username': 'tempest-MigrationsAdminTest-848185914-project-admin', 'project_domain_id': 'default', 'project_domain_name': 'Default', 'project_id': '25a6a02144c24197b9fc25b4f4c81e25', 'project_name': 'tempest-MigrationsAdminTest-848185914', 'tenant_id': '25a6a02144c24197b9fc25b4f4c81e25', 'tenant_name': 'tempest-MigrationsAdminTest-848185914', 'user_domain_id': 'default', 'user_domain_name': 'Default', 'user_id': '3c50d342bc6a450b8fc055ccd8b594b9', 'system': None}, Network: None, Subnet: None, Router: None
2025-04-03 12:02:31.761 69791 INFO tempest.lib.common.dynamic_creds [-] Created isolated network resources for: credentials: Credentials: {'domain_id': 'default', 'domain_name': 'Default', 'username': 'tempest-MigrationsAdminTest-848185914-project-admin', 'project_domain_id': 'default', 'project_domain_name': 'Default', 'project_id': '25a6a02144c24197b9fc25b4f4c81e25', 'project_name': 'tempest-MigrationsAdminTest-848185914', 'tenant_id': '25a6a02144c24197b9fc25b4f4c81e25', 'tenant_name': 'tempest-MigrationsAdminTest-848185914', 'user_domain_id': 'default', 'user_domain_name': 'Default', 'user_id': '3c50d342bc6a450b8fc055ccd8b594b9', 'system': None}, Network: None, Subnet: None, Router: None
2025-04-03 12:02:31.811 69771 INFO tempest.lib.common.rest_client [req-81f5fbe6-99e6-4ae2-ba10-b0582f3c2853 req-81f5fbe6-99e6-4ae2-ba10-b0582f3c2853 ] Request (HypervisorAdminNegativeUnderV252Test:setUpClass): 204 PUT http://10.180.1.21/identity/v3/projects/b0a1ddc93b6147bb8facdad06331d950/users/f81ef27713ce42979447d89f05efe3d8/roles/18f0b0c734d44f968741603560ef3c61 0.697s
2025-04-03 12:02:31.812 69771 INFO tempest.lib.common.dynamic_creds [-] Dynamic test user f81ef27713ce42979447d89f05efe3d8 is created with scope project and roles: ['admin']
2025-04-03 12:02:31.812 69771 INFO tempest.lib.common.dynamic_creds [-] Acquired dynamic creds: credentials: Credentials: {'domain_id': 'default', 'domain_name': 'Default', 'username': 'tempest-HypervisorAdminNegativeUnderV252Test-884807611-project-admin', 'project_domain_id': 'default', 'project_domain_name': 'Default', 'project_id': 'b0a1ddc93b6147bb8facdad06331d950', 'project_name': 'tempest-HypervisorAdminNegativeUnderV252Test-884807611', 'tenant_id': 'b0a1ddc93b6147bb8facdad06331d950', 'tenant_name': 'tempest-HypervisorAdminNegativeUnderV252Test-884807611', 'user_domain_id': 'default', 'user_domain_name': 'Default', 'user_id': 'f81ef27713ce42979447d89f05efe3d8', 'system': None}, Network: None, Subnet: None, Router: None
2025-04-03 12:02:31.812 69771 INFO tempest.lib.common.dynamic_creds [-] Created isolated network resources for: credentials: Credentials: {'domain_id': 'default', 'domain_name': 'Default', 'username': 'tempest-HypervisorAdminNegativeUnderV252Test-884807611-project-admin', 'project_domain_id': 'default', 'project_domain_name': 'Default', 'project_id': 'b0a1ddc93b6147bb8facdad06331d950', 'project_name': 'tempest-HypervisorAdminNegativeUnderV252Test-884807611', 'tenant_id': 'b0a1ddc93b6147bb8facdad06331d950', 'tenant_name': 'tempest-HypervisorAdminNegativeUnderV252Test-884807611', 'user_domain_id': 'default', 'user_domain_name': 'Default', 'user_id': 'f81ef27713ce42979447d89f05efe3d8', 'system': None}, Network: None, Subnet: None, Router: None
2025-04-03 12:02:31.822 69787 INFO tempest.lib.common.rest_client [req-771c7e99-eb52-4911-933b-ea36e3642edb req-771c7e99-eb52-4911-933b-ea36e3642edb ] Request (QuotasAdminTestV236:setUpClass): 204 PUT http://10.180.1.21/identity/v3/projects/83efc83334f443e8b3393e8609da7f7f/users/45c1f7b91e664a2bb0cda9bfec2fcde9/roles/18f0b0c734d44f968741603560ef3c61 0.658s
2025-04-03 12:02:31.822 69787 INFO tempest.lib.common.dynamic_creds [-] Dynamic test user 45c1f7b91e664a2bb0cda9bfec2fcde9 is created with scope project and roles: ['admin']
2025-04-03 12:02:31.822 69787 INFO tempest.lib.common.dynamic_creds [-] Acquired dynamic creds: credentials: Credentials: {'domain_id': 'default', 'domain_name': 'Default', 'username': 'tempest-QuotasAdminTestV236-25696814-project-admin', 'project_domain_id': 'default', 'project_domain_name': 'Default', 'project_id': '83efc83334f443e8b3393e8609da7f7f', 'project_name': 'tempest-QuotasAdminTestV236-25696814', 'tenant_id': '83efc83334f443e8b3393e8609da7f7f', 'tenant_name': 'tempest-QuotasAdminTestV236-25696814', 'user_domain_id': 'default', 'user_domain_name': 'Default', 'user_id': '45c1f7b91e664a2bb0cda9bfec2fcde9', 'system': None}, Network: None, Subnet: None, Router: None
2025-04-03 12:02:31.823 69787 INFO tempest.lib.common.dynamic_creds [-] Created isolated network resources for: credentials: Credentials: {'domain_id': 'default', 'domain_name': 'Default', 'username': 'tempest-QuotasAdminTestV236-25696814-project-admin', 'project_domain_id': 'default', 'project_domain_name': 'Default', 'project_id': '83efc83334f443e8b3393e8609da7f7f', 'project_name': 'tempest-QuotasAdminTestV236-25696814', 'tenant_id': '83efc83334f443e8b3393e8609da7f7f', 'tenant_name': 'tempest-QuotasAdminTestV236-25696814', 'user_domain_id': 'default', 'user_domain_name': 'Default', 'user_id': '45c1f7b91e664a2bb0cda9bfec2fcde9', 'system': None}, Network: None, Subnet: None, Router: None
2025-04-03 12:02:31.874 69801 INFO tempest.lib.common.rest_client [req-4c43d50e-8edb-4a01-bfc1-e4a312574855 req-4c43d50e-8edb-4a01-bfc1-e4a312574855 ] Request (HypervisorAdminUnderV252Test:setUpClass): 201 POST http://10.180.1.21/identity/v3/auth/tokens 0.692s
2025-04-03 12:02:31.921 69815 INFO tempest.lib.common.rest_client [req-3c6854e5-18e9-47fb-91f6-2cc8f04a49fa req-3c6854e5-18e9-47fb-91f6-2cc8f04a49fa ] Request (ServerDiagnosticsV248Test:setUpClass): 204 PUT http://10.180.1.21/identity/v3/projects/ea91dcc5d23544b18c26ca073f28e6d2/users/df3ee86662314fc3a9c4040f1deccdce/roles/18f0b0c734d44f968741603560ef3c61 0.681s
2025-04-03 12:02:31.921 69815 INFO tempest.lib.common.dynamic_creds [-] Dynamic test user df3ee86662314fc3a9c4040f1deccdce is created with scope project and roles: ['admin']
2025-04-03 12:02:31.921 69795 INFO tempest.lib.common.rest_client [req-8f50cb15-e12b-4fed-bc21-c2845ca719ae req-8f50cb15-e12b-4fed-bc21-c2845ca719ae ] Request (QuotasSecurityGroupAdminNegativeTest:setUpClass): 204 PUT http://10.180.1.21/identity/v3/projects/61e63f6de24b4ed6ac81dcdf89dc061e/users/9339aefa72e64f56a9df8cba93a0d7fc/roles/18f0b0c734d44f968741603560ef3c61 0.702s
2025-04-03 12:02:31.922 69815 INFO tempest.lib.common.dynamic_creds [-] Acquired dynamic creds: credentials: Credentials: {'domain_id': 'default', 'domain_name': 'Default', 'username': 'tempest-ServerDiagnosticsV248Test-1835988951-project-admin', 'project_domain_id': 'default', 'project_domain_name': 'Default', 'project_id': 'ea91dcc5d23544b18c26ca073f28e6d2', 'project_name': 'tempest-ServerDiagnosticsV248Test-1835988951', 'tenant_id': 'ea91dcc5d23544b18c26ca073f28e6d2', 'tenant_name': 'tempest-ServerDiagnosticsV248Test-1835988951', 'user_domain_id': 'default', 'user_domain_name': 'Default', 'user_id': 'df3ee86662314fc3a9c4040f1deccdce', 'system': None}, Network: None, Subnet: None, Router: None
2025-04-03 12:02:31.922 69815 INFO tempest.lib.common.dynamic_creds [-] Created isolated network resources for: credentials: Credentials: {'domain_id': 'default', 'domain_name': 'Default', 'username': 'tempest-ServerDiagnosticsV248Test-1835988951-project-admin', 'project_domain_id': 'default', 'project_domain_name': 'Default', 'project_id': 'ea91dcc5d23544b18c26ca073f28e6d2', 'project_name': 'tempest-ServerDiagnosticsV248Test-1835988951', 'tenant_id': 'ea91dcc5d23544b18c26ca073f28e6d2', 'tenant_name': 'tempest-ServerDiagnosticsV248Test-1835988951', 'user_domain_id': 'default', 'user_domain_name': 'Default', 'user_id': 'df3ee86662314fc3a9c4040f1deccdce', 'system': None}, Network: None, Subnet: None, Router: None
2025-04-03 12:02:31.922 69795 INFO tempest.lib.common.dynamic_creds [-] Dynamic test user 9339aefa72e64f56a9df8cba93a0d7fc is created with scope project and roles: ['admin']
2025-04-03 12:02:31.922 69795 INFO tempest.lib.common.dynamic_creds [-] Acquired dynamic creds: credentials: Credentials: {'domain_id': 'default', 'domain_name': 'Default', 'username': 'tempest-QuotasSecurityGroupAdminNegativeTest-2011292652-project-admin', 'project_domain_id': 'default', 'project_domain_name': 'Default', 'project_id': '61e63f6de24b4ed6ac81dcdf89dc061e', 'project_name': 'tempest-QuotasSecurityGroupAdminNegativeTest-2011292652', 'tenant_id': '61e63f6de24b4ed6ac81dcdf89dc061e', 'tenant_name': 'tempest-QuotasSecurityGroupAdminNegativeTest-2011292652', 'user_domain_id': 'default', 'user_domain_name': 'Default', 'user_id': '9339aefa72e64f56a9df8cba93a0d7fc', 'system': None}, Network: None, Subnet: None, Router: None
2025-04-03 12:02:31.922 69795 INFO tempest.lib.common.dynamic_creds [-] Created isolated network resources for: credentials: Credentials: {'domain_id': 'default', 'domain_name': 'Default', 'username': 'tempest-QuotasSecurityGroupAdminNegativeTest-2011292652-project-admin', 'project_domain_id': 'default', 'project_domain_name': 'Default', 'project_id': '61e63f6de24b4ed6ac81dcdf89dc061e', 'project_name': 'tempest-QuotasSecurityGroupAdminNegativeTest-2011292652', 'tenant_id': '61e63f6de24b4ed6ac81dcdf89dc061e', 'tenant_name': 'tempest-QuotasSecurityGroupAdminNegativeTest-2011292652', 'user_domain_id': 'default', 'user_domain_name': 'Default', 'user_id': '9339aefa72e64f56a9df8cba93a0d7fc', 'system': None}, Network: None, Subnet: None, Router: None
2025-04-03 12:02:31.987 69759 INFO tempest.lib.common.rest_client [req-24fa4ddc-2245-482f-8d33-38e1b0e67f75 req-24fa4ddc-2245-482f-8d33-38e1b0e67f75 ] Request (HostsAdminTestJSON:setUpClass): 201 POST http://10.180.1.21/identity/v3/auth/tokens 0.746s
2025-04-03 12:02:32.003 69777 INFO tempest.lib.common.rest_client [req-d25a9b72-ed18-4f85-9743-760b44de8b5f req-d25a9b72-ed18-4f85-9743-760b44de8b5f ] Request (FlavorsExtraSpecsNegativeTestJSON:setUpClass): 204 PUT http://10.180.1.21/identity/v3/projects/3bb1f08aaca04c93bff5f517cd92e2b0/users/84c0026fb8ae4ed88f8ea12ce0d8b84a/roles/18f0b0c734d44f968741603560ef3c61 0.715s
2025-04-03 12:02:32.004 69777 INFO tempest.lib.common.dynamic_creds [-] Dynamic test user 84c0026fb8ae4ed88f8ea12ce0d8b84a is created with scope project and roles: ['admin']
2025-04-03 12:02:32.004 69777 INFO tempest.lib.common.dynamic_creds [-] Acquired dynamic creds: credentials: Credentials: {'domain_id': 'default', 'domain_name': 'Default', 'username': 'tempest-FlavorsExtraSpecsNegativeTestJSON-310069690-project-admin', 'project_domain_id': 'default', 'project_domain_name': 'Default', 'project_id': '3bb1f08aaca04c93bff5f517cd92e2b0', 'project_name': 'tempest-FlavorsExtraSpecsNegativeTestJSON-310069690', 'tenant_id': '3bb1f08aaca04c93bff5f517cd92e2b0', 'tenant_name': 'tempest-FlavorsExtraSpecsNegativeTestJSON-310069690', 'user_domain_id': 'default', 'user_domain_name': 'Default', 'user_id': '84c0026fb8ae4ed88f8ea12ce0d8b84a', 'system': None}, Network: None, Subnet: None, Router: None
2025-04-03 12:02:32.004 69777 INFO tempest.lib.common.dynamic_creds [-] Created isolated network resources for: credentials: Credentials: {'domain_id': 'default', 'domain_name': 'Default', 'username': 'tempest-FlavorsExtraSpecsNegativeTestJSON-310069690-project-admin', 'project_domain_id': 'default', 'project_domain_name': 'Default', 'project_id': '3bb1f08aaca04c93bff5f517cd92e2b0', 'project_name': 'tempest-FlavorsExtraSpecsNegativeTestJSON-310069690', 'tenant_id': '3bb1f08aaca04c93bff5f517cd92e2b0', 'tenant_name': 'tempest-FlavorsExtraSpecsNegativeTestJSON-310069690', 'user_domain_id': 'default', 'user_domain_name': 'Default', 'user_id': '84c0026fb8ae4ed88f8ea12ce0d8b84a', 'system': None}, Network: None, Subnet: None, Router: None
2025-04-03 12:02:32.056 69769 INFO tempest.lib.common.rest_client [req-1090c8b5-56c1-4be0-a435-09daf4bc6aa1 req-1090c8b5-56c1-4be0-a435-09daf4bc6aa1 ] Request (ServerDiagnosticsNegativeTest:setUpClass): 201 POST http://10.180.1.21/identity/v3/auth/tokens 0.758s
2025-04-03 12:02:32.069 69783 INFO tempest.lib.common.rest_client [req-045843fe-4ebb-4ad9-a9ae-acc01ea2a1b8 req-045843fe-4ebb-4ad9-a9ae-acc01ea2a1b8 ] Request (AggregatesAdminNegativeTestJSON:setUpClass): 204 PUT http://10.180.1.21/identity/v3/projects/3631c724075849ad88ea1f9e03a7c75d/users/723cc91c70c34053aa8006cce1961bd4/roles/18f0b0c734d44f968741603560ef3c61 0.727s
2025-04-03 12:02:32.070 69783 INFO tempest.lib.common.dynamic_creds [-] Dynamic test user 723cc91c70c34053aa8006cce1961bd4 is created with scope project and roles: ['admin']
2025-04-03 12:02:32.070 69783 INFO tempest.lib.common.dynamic_creds [-] Acquired dynamic creds: credentials: Credentials: {'domain_id': 'default', 'domain_name': 'Default', 'username': 'tempest-AggregatesAdminNegativeTestJSON-169535958-project-admin', 'project_domain_id': 'default', 'project_domain_name': 'Default', 'project_id': '3631c724075849ad88ea1f9e03a7c75d', 'project_name': 'tempest-AggregatesAdminNegativeTestJSON-169535958', 'tenant_id': '3631c724075849ad88ea1f9e03a7c75d', 'tenant_name': 'tempest-AggregatesAdminNegativeTestJSON-169535958', 'user_domain_id': 'default', 'user_domain_name': 'Default', 'user_id': '723cc91c70c34053aa8006cce1961bd4', 'system': None}, Network: None, Subnet: None, Router: None
2025-04-03 12:02:32.070 69783 INFO tempest.lib.common.dynamic_creds [-] Created isolated network resources for: credentials: Credentials: {'domain_id': 'default', 'domain_name': 'Default', 'username': 'tempest-AggregatesAdminNegativeTestJSON-169535958-project-admin', 'project_domain_id': 'default', 'project_domain_name': 'Default', 'project_id': '3631c724075849ad88ea1f9e03a7c75d', 'project_name': 'tempest-AggregatesAdminNegativeTestJSON-169535958', 'tenant_id': '3631c724075849ad88ea1f9e03a7c75d', 'tenant_name': 'tempest-AggregatesAdminNegativeTestJSON-169535958', 'user_domain_id': 'default', 'user_domain_name': 'Default', 'user_id': '723cc91c70c34053aa8006cce1961bd4', 'system': None}, Network: None, Subnet: None, Router: None
2025-04-03 12:02:32.093 69753 INFO tempest.lib.common.rest_client [req-03fac770-4fcb-4b32-ba67-6ad4df0d6b35 req-03fac770-4fcb-4b32-ba67-6ad4df0d6b35 ] Request (InstanceUsageAuditLogTestJSON:tearDownClass): 204 DELETE http://10.180.1.21/identity/v3/projects/98fa2774f78844138c1b12cd50a528f4 0.769s
2025-04-03 12:02:32.095 69753 INFO tempest.test [-] raised in LiveMigrationRemoteConsolesV26Test.setUpClass. Invoking tearDownClass.
2025-04-03 12:02:32.155 69781 INFO tempest.lib.common.rest_client [req-d84da3e1-ec12-450d-9330-c3842088d7bb req-d84da3e1-ec12-450d-9330-c3842088d7bb ] Request (HypervisorAdminV228Test:setUpClass): 204 PUT http://10.180.1.21/identity/v3/projects/15179e8fd0ba4065a450c25e92d41b31/users/ad5cd2108ccc443da539c289eeb824a1/roles/18f0b0c734d44f968741603560ef3c61 0.809s
2025-04-03 12:02:32.155 69781 INFO tempest.lib.common.dynamic_creds [-] Dynamic test user ad5cd2108ccc443da539c289eeb824a1 is created with scope project and roles: ['admin']
2025-04-03 12:02:32.155 69781 INFO tempest.lib.common.dynamic_creds [-] Acquired dynamic creds: credentials: Credentials: {'domain_id': 'default', 'domain_name': 'Default', 'username': 'tempest-HypervisorAdminV228Test-531561675-project-admin', 'project_domain_id': 'default', 'project_domain_name': 'Default', 'project_id': '15179e8fd0ba4065a450c25e92d41b31', 'project_name': 'tempest-HypervisorAdminV228Test-531561675', 'tenant_id': '15179e8fd0ba4065a450c25e92d41b31', 'tenant_name': 'tempest-HypervisorAdminV228Test-531561675', 'user_domain_id': 'default', 'user_domain_name': 'Default', 'user_id': 'ad5cd2108ccc443da539c289eeb824a1', 'system': None}, Network: None, Subnet: None, Router: None
2025-04-03 12:02:32.155 69781 INFO tempest.lib.common.dynamic_creds [-] Created isolated network resources for: credentials: Credentials: {'domain_id': 'default', 'domain_name': 'Default', 'username': 'tempest-HypervisorAdminV228Test-531561675-project-admin', 'project_domain_id': 'default', 'project_domain_name': 'Default', 'project_id': '15179e8fd0ba4065a450c25e92d41b31', 'project_name': 'tempest-HypervisorAdminV228Test-531561675', 'tenant_id': '15179e8fd0ba4065a450c25e92d41b31', 'tenant_name': 'tempest-HypervisorAdminV228Test-531561675', 'user_domain_id': 'default', 'user_domain_name': 'Default', 'user_id': 'ad5cd2108ccc443da539c289eeb824a1', 'system': None}, Network: None, Subnet: None, Router: None
2025-04-03 12:02:32.163 69799 INFO tempest.lib.common.rest_client [req-90bd702d-b960-44d8-96a0-ac674e8e0a28 req-90bd702d-b960-44d8-96a0-ac674e8e0a28 ] Request (FlavorsV261TestJSON:setUpClass): 201 POST http://10.180.1.21/identity/v3/auth/tokens 0.797s
2025-04-03 12:02:32.214 69789 INFO tempest.lib.common.rest_client [req-cbacad24-776b-4c1b-9ac7-94f10c0015b9 req-cbacad24-776b-4c1b-9ac7-94f10c0015b9 ] Request (ServersWithSpecificFlavorTestJSON:setUpClass): 200 GET http://10.180.1.21/identity/v3/roles 0.786s
2025-04-03 12:02:32.219 69813 INFO tempest.lib.common.rest_client [req-c0ef520e-e911-4250-855e-e086b2fd408e req-c0ef520e-e911-4250-855e-e086b2fd408e ] Request (VolumesAssistedSnapshotsTest:setUpClass): 201 POST http://10.180.1.21/identity/v3/projects 0.813s
2025-04-03 12:02:32.279 69765 INFO tempest.lib.common.rest_client [req-61620248-aa42-454c-a6f8-24c4c4cf6216 req-61620248-aa42-454c-a6f8-24c4c4cf6216 ] Request (ServersTestJSON:setUpClass): 201 POST http://10.180.1.21/identity/v3/projects 0.847s
2025-04-03 12:02:32.290 69797 INFO tempest.lib.common.rest_client [req-cea621a6-32af-4dfe-a3ae-4fd4e4935029 req-cea621a6-32af-4dfe-a3ae-4fd4e4935029 ] Request (AZAdminV2TestJSON:setUpClass): 201 POST http://10.180.1.21/identity/v3/auth/tokens 0.803s
2025-04-03 12:02:32.332 69807 INFO tempest.lib.common.rest_client [req-78a79640-8ce4-4ea9-81a9-c7c9a6b01c60 req-78a79640-8ce4-4ea9-81a9-c7c9a6b01c60 ] Request (FloatingIPsAssociationNegativeTestJSON:setUpClass): 201 POST http://10.180.1.21/identity/v3/auth/tokens 0.838s
2025-04-03 12:02:32.332 69807 INFO tempest.lib.common.fixed_network [-] (FloatingIPsAssociationNegativeTestJSON:setUpClass) Found network {'id': '8e86caff-184f-4cd1-b9cc-2a5e92c82726', 'name': 'tempest-FloatingIPsAssociationNegativeTestJSON-485692090-network', 'tenant_id': '6c53733d33854c9bb8922449ba8b5de6', 'admin_state_up': True, 'mtu': 8950, 'status': 'ACTIVE', 'subnets': [], 'shared': False, 'project_id': '6c53733d33854c9bb8922449ba8b5de6', 'port_security_enabled': True, 'router:external': False, 'provider:network_type': 'vlan', 'provider:physical_network': 'default', 'provider:segmentation_id': 549, 'availability_zone_hints': [], 'availability_zones': [], 'ipv4_address_scope': None, 'ipv6_address_scope': None, 'description': '', 'tags': [], 'created_at': '2025-04-03T12:02:29Z', 'updated_at': '2025-04-03T12:02:29Z', 'revision_number': 1} available for tenant
2025-04-03 12:02:32.341 69811 INFO tempest.lib.common.rest_client [req-4b454862-527c-45c0-a524-f7865801577d req-4b454862-527c-45c0-a524-f7865801577d ] Request (TenantUsagesNegativeTestJSON:setUpClass): 204 PUT http://10.180.1.21/identity/v3/projects/de3ad009ccea44f18a3db16e98cbe48c/users/0c002a491f284d5e98b7a1ea17151cdf/roles/18f0b0c734d44f968741603560ef3c61 0.796s
2025-04-03 12:02:32.341 69811 INFO tempest.lib.common.dynamic_creds [-] Dynamic test user 0c002a491f284d5e98b7a1ea17151cdf is created with scope project and roles: ['admin']
2025-04-03 12:02:32.341 69811 INFO tempest.lib.common.dynamic_creds [-] Acquired dynamic creds: credentials: Credentials: {'domain_id': 'default', 'domain_name': 'Default', 'username': 'tempest-TenantUsagesNegativeTestJSON-1340181904-project-admin', 'project_domain_id': 'default', 'project_domain_name': 'Default', 'project_id': 'de3ad009ccea44f18a3db16e98cbe48c', 'project_name': 'tempest-TenantUsagesNegativeTestJSON-1340181904', 'tenant_id': 'de3ad009ccea44f18a3db16e98cbe48c', 'tenant_name': 'tempest-TenantUsagesNegativeTestJSON-1340181904', 'user_domain_id': 'default', 'user_domain_name': 'Default', 'user_id': '0c002a491f284d5e98b7a1ea17151cdf', 'system': None}, Network: None, Subnet: None, Router: None
2025-04-03 12:02:32.341 69811 INFO tempest.lib.common.dynamic_creds [-] Created isolated network resources for: credentials: Credentials: {'domain_id': 'default', 'domain_name': 'Default', 'username': 'tempest-TenantUsagesNegativeTestJSON-1340181904-project-admin', 'project_domain_id': 'default', 'project_domain_name': 'Default', 'project_id': 'de3ad009ccea44f18a3db16e98cbe48c', 'project_name': 'tempest-TenantUsagesNegativeTestJSON-1340181904', 'tenant_id': 'de3ad009ccea44f18a3db16e98cbe48c', 'tenant_name': 'tempest-TenantUsagesNegativeTestJSON-1340181904', 'user_domain_id': 'default', 'user_domain_name': 'Default', 'user_id': '0c002a491f284d5e98b7a1ea17151cdf', 'system': None}, Network: None, Subnet: None, Router: None
2025-04-03 12:02:32.394 69775 INFO tempest.lib.common.rest_client [req-79562798-6e23-4b5a-8b29-d15041aea76b req-79562798-6e23-4b5a-8b29-d15041aea76b ] Request (HostsAdminNegativeTestJSON:setUpClass): 201 POST http://10.180.1.21/identity/v3/auth/tokens 0.828s
2025-04-03 12:02:32.405 69773 INFO tempest.lib.common.rest_client [req-c29c7df5-5c12-40ba-be1a-2f9bb1b5989e req-c29c7df5-5c12-40ba-be1a-2f9bb1b5989e ] Request (FlavorsV255TestJSON:setUpClass): 201 POST http://10.180.1.21/identity/v3/auth/tokens 0.789s
2025-04-03 12:02:32.442 69763 INFO tempest.lib.common.rest_client [req-ab676f02-6e37-4d61-98eb-33e0bc0e3155 req-ab676f02-6e37-4d61-98eb-33e0bc0e3155 ] Request (TenantUsagesTestJSON:setUpClass): 201 POST http://10.180.1.21/identity/v3/auth/tokens 0.811s
2025-04-03 12:02:32.443 69763 INFO tempest.lib.common.fixed_network [-] (TenantUsagesTestJSON:setUpClass) Found network None available for tenant
2025-04-03 12:02:32.468 69805 INFO tempest.lib.common.rest_client [req-8d6f84f6-947a-4960-a37b-cf632023d359 req-8d6f84f6-947a-4960-a37b-cf632023d359 ] Request (HypervisorAdminTestJSON:setUpClass): 201 POST http://10.180.1.21/identity/v3/auth/tokens 0.790s
2025-04-03 12:02:32.546 69755 INFO tempest.lib.common.rest_client [req-9542aa96-32a5-4d13-8ee0-9e0b9d8be614 req-9542aa96-32a5-4d13-8ee0-9e0b9d8be614 ] Request (FlavorsAdminTestJSON:test_create_flavor_using_string_ram): 200 POST http://10.180.1.21/compute/v2.1/flavors 1.534s
2025-04-03 12:02:32.566 69803 INFO tempest.lib.common.rest_client [req-f9cd0826-3fa6-4cbd-a91f-130ac1e0d642 req-f9cd0826-3fa6-4cbd-a91f-130ac1e0d642 ] Request (AZAdminNegativeTestJSON:tearDownClass): 204 DELETE http://10.180.1.21/identity/v3/users/1cfde8c7fbca43278fbb1d11748d1561 0.853s
2025-04-03 12:02:32.596 69757 INFO tempest.lib.common.rest_client [req-6f96de92-c2c1-4355-97ac-9d31ec5e1ba4 req-6f96de92-c2c1-4355-97ac-9d31ec5e1ba4 ] Request (QuotaClassesAdmin257Test:setUpClass): 201 POST http://10.180.1.21/identity/v3/auth/tokens 0.861s
2025-04-03 12:02:32.627 69791 INFO tempest.lib.common.rest_client [req-3e7b4f58-4cf8-4cb4-944b-adf98ac07121 req-3e7b4f58-4cf8-4cb4-944b-adf98ac07121 ] Request (MigrationsAdminTest:setUpClass): 201 POST http://10.180.1.21/identity/v3/auth/tokens 0.862s
2025-04-03 12:02:32.657 69771 INFO tempest.lib.common.rest_client [req-7ddb9883-4ca5-4f2e-adf7-55fd4002c8b9 req-7ddb9883-4ca5-4f2e-adf7-55fd4002c8b9 ] Request (HypervisorAdminNegativeUnderV252Test:setUpClass): 201 POST http://10.180.1.21/identity/v3/auth/tokens 0.843s
2025-04-03 12:02:32.686 69787 INFO tempest.lib.common.rest_client [req-85d3144f-75f6-4917-acc1-6524dd793666 req-85d3144f-75f6-4917-acc1-6524dd793666 ] Request (QuotasAdminTestV236:setUpClass): 201 POST http://10.180.1.21/identity/v3/auth/tokens 0.861s
2025-04-03 12:02:32.687 69787 WARNING tempest.lib.common.rest_client [-] Deprecated: "tenant_id" property is deprecated for removal, use "project_id" instead
2025-04-03 12:02:32.751 69815 INFO tempest.lib.common.rest_client [req-e34081d8-bb60-442d-b999-0af0742e4486 req-e34081d8-bb60-442d-b999-0af0742e4486 ] Request (ServerDiagnosticsV248Test:setUpClass): 201 POST http://10.180.1.21/identity/v3/auth/tokens 0.827s
2025-04-03 12:02:32.798 69795 INFO tempest.lib.common.rest_client [req-b998f354-57cb-48d1-8745-557db66c3272 req-b998f354-57cb-48d1-8745-557db66c3272 ] Request (QuotasSecurityGroupAdminNegativeTest:setUpClass): 201 POST http://10.180.1.21/identity/v3/auth/tokens 0.873s
2025-04-03 12:02:32.798 69795 WARNING tempest.lib.common.rest_client [-] Deprecated: "tenant_id" property is deprecated for removal, use "project_id" instead
2025-04-03 12:02:32.813 69777 INFO tempest.lib.common.rest_client [req-fa9b89ba-b949-4fe3-934a-096eb676fabc req-fa9b89ba-b949-4fe3-934a-096eb676fabc ] Request (FlavorsExtraSpecsNegativeTestJSON:setUpClass): 201 POST http://10.180.1.21/identity/v3/auth/tokens 0.806s
2025-04-03 12:02:32.847 69769 INFO tempest.lib.common.rest_client [req-b2390e6b-3b4a-4e74-b4bc-fdcb1e94bb52 req-b2390e6b-3b4a-4e74-b4bc-fdcb1e94bb52 ] Request (ServerDiagnosticsNegativeTest:test_get_server_diagnostics_by_non_admin): 201 POST http://10.180.1.21/identity/v3/auth/tokens 0.787s
2025-04-03 12:02:32.848 69769 INFO tempest.lib.common.fixed_network [-] (ServerDiagnosticsNegativeTest:test_get_server_diagnostics_by_non_admin) Found network None available for tenant
2025-04-03 12:02:32.870 69783 INFO tempest.lib.common.rest_client [req-39a3dca0-e5e3-4cf4-92c8-b7c7d9327c3a req-39a3dca0-e5e3-4cf4-92c8-b7c7d9327c3a ] Request (AggregatesAdminNegativeTestJSON:setUpClass): 201 POST http://10.180.1.21/identity/v3/auth/tokens 0.798s
2025-04-03 12:02:32.901 69753 INFO tempest.lib.common.rest_client [req-1c7b336c-1cd7-4531-aa65-976fb08edff5 req-1c7b336c-1cd7-4531-aa65-976fb08edff5 ] Request (ServerShowV263Test:setUpClass): 201 POST http://10.180.1.21/identity/v3/auth/tokens 0.802s
2025-04-03 12:02:32.913 69761 INFO tempest.lib.common.rest_client [req-dbeff0a1-9cc8-4151-a994-7d32070b3c34 req-dbeff0a1-9cc8-4151-a994-7d32070b3c34 ] Request (AbsoluteLimitsNegativeTestJSON:test_max_metadata_exceed_limit): 403 POST http://10.180.1.21/compute/v2.1/servers 3.572s
2025-04-03 12:02:32.918 69789 INFO tempest.lib.common.rest_client [req-1e74d816-4d0f-4d83-bc3d-8be3f34f52bb req-1e74d816-4d0f-4d83-bc3d-8be3f34f52bb ] Request (ServersWithSpecificFlavorTestJSON:setUpClass): 204 PUT http://10.180.1.21/identity/v3/projects/530a98d59f0647c58ee196dd661c57c0/users/b370cab2a1c241faae5713468fdfd530/roles/18f0b0c734d44f968741603560ef3c61 0.703s
2025-04-03 12:02:32.918 69789 INFO tempest.lib.common.dynamic_creds [-] Dynamic test user b370cab2a1c241faae5713468fdfd530 is created with scope project and roles: ['admin']
2025-04-03 12:02:32.918 69789 INFO tempest.lib.common.dynamic_creds [-] Acquired dynamic creds: credentials: Credentials: {'domain_id': 'default', 'domain_name': 'Default', 'username': 'tempest-ServersWithSpecificFlavorTestJSON-1851340859-project-admin', 'project_domain_id': 'default', 'project_domain_name': 'Default', 'project_id': '530a98d59f0647c58ee196dd661c57c0', 'project_name': 'tempest-ServersWithSpecificFlavorTestJSON-1851340859', 'tenant_id': '530a98d59f0647c58ee196dd661c57c0', 'tenant_name': 'tempest-ServersWithSpecificFlavorTestJSON-1851340859', 'user_domain_id': 'default', 'user_domain_name': 'Default', 'user_id': 'b370cab2a1c241faae5713468fdfd530', 'system': None}, Network: None, Subnet: None, Router: None
2025-04-03 12:02:32.934 69779 INFO tempest.lib.common.rest_client [req-ef579f00-9613-4121-a52f-fa094178d073 req-ef579f00-9613-4121-a52f-fa094178d073 ] Request (ServicesAdminNegativeTestJSON:test_get_service_by_invalid_service_and_valid_host): 200 GET http://10.180.1.21/compute/v2.1/os-services?host=devstack&binary=xxx 1.890s
2025-04-03 12:02:32.936 69781 INFO tempest.lib.common.rest_client [req-f6093b90-8e81-468f-82d9-4613b2b9857c req-f6093b90-8e81-468f-82d9-4613b2b9857c ] Request (HypervisorAdminV228Test:setUpClass): 201 POST http://10.180.1.21/identity/v3/auth/tokens 0.777s
2025-04-03 12:02:32.940 69767 INFO tempest.lib.common.rest_client [req-17dbdbd6-724c-4b01-bc7a-1d1e0fa34b1e req-17dbdbd6-724c-4b01-bc7a-1d1e0fa34b1e ] Request (HypervisorAdminNegativeTestJSON:test_show_hypervisor_with_non_admin_user): 403 GET http://10.180.1.21/compute/v2.1/os-hypervisors/1 1.869s
2025-04-03 12:02:32.973 69813 INFO tempest.lib.common.rest_client [req-5ec9cf5b-674f-4aa8-8bcc-3fd03c9dbe30 req-5ec9cf5b-674f-4aa8-8bcc-3fd03c9dbe30 ] Request (VolumesAssistedSnapshotsTest:setUpClass): 201 POST http://10.180.1.21/identity/v3/users 0.753s
2025-04-03 12:02:33.007 69765 INFO tempest.lib.common.rest_client [req-ba9a15d1-eec1-48b9-9e0b-417dcbf42dbb req-ba9a15d1-eec1-48b9-9e0b-417dcbf42dbb ] Request (ServersTestJSON:setUpClass): 201 POST http://10.180.1.21/identity/v3/users 0.727s
2025-04-03 12:02:33.042 69811 INFO tempest.lib.common.rest_client [req-08e7da01-5695-404d-9c8d-8d4d9e685a0f req-08e7da01-5695-404d-9c8d-8d4d9e685a0f ] Request (TenantUsagesNegativeTestJSON:setUpClass): 201 POST http://10.180.1.21/identity/v3/auth/tokens 0.698s
2025-04-03 12:02:33.079 69803 INFO tempest.lib.common.rest_client [req-83d6e402-d2cf-4dee-88fd-0fb065d59bea req-83d6e402-d2cf-4dee-88fd-0fb065d59bea ] Request (AZAdminNegativeTestJSON:tearDownClass): 204 DELETE http://10.180.1.21/identity/v3/users/f6cbf585ab1f42f0a52a068e289fb51b 0.512s
2025-04-03 12:02:33.079 69803 INFO tempest.lib.common.dynamic_creds [-] Deleting project and security group for project: 43d006c213e64569a2d9be4f07609d0c
2025-04-03 12:02:33.091 69815 INFO tempest.lib.common.rest_client [req-eecd6fa8-9746-4f9c-86cc-e6b3f940a37d req-eecd6fa8-9746-4f9c-86cc-e6b3f940a37d ] Request (ServerDiagnosticsV248Test:test_get_server_diagnostics): 201 POST http://10.180.1.21/identity/v3/auth/tokens 0.335s
2025-04-03 12:02:33.091 69815 INFO tempest.lib.common.fixed_network [-] (ServerDiagnosticsV248Test:test_get_server_diagnostics) Found network None available for tenant
2025-04-03 12:02:33.103 69789 INFO tempest.lib.common.rest_client [req-cbccb58f-f508-477a-9b4f-3b537692d000 req-cbccb58f-f508-477a-9b4f-3b537692d000 ] Request (ServersWithSpecificFlavorTestJSON:setUpClass): 201 POST http://10.180.1.21:9696/networking/v2.0/networks 0.185s
2025-04-03 12:02:33.139 69753 INFO tempest.lib.common.rest_client [req-02989133-2b2c-4943-8bd1-cbdd664f10b5 req-02989133-2b2c-4943-8bd1-cbdd664f10b5 ] Request (ServerShowV263Test:setUpClass): 201 POST http://10.180.1.21/identity/v3/auth/tokens 0.236s
2025-04-03 12:02:33.159 69795 INFO tempest.lib.common.rest_client [req-3fa187c0-e39f-43aa-b67a-e313609bea61 req-3fa187c0-e39f-43aa-b67a-e313609bea61 ] Request (QuotasSecurityGroupAdminNegativeTest:tearDownClass): 204 DELETE http://10.180.1.21/identity/v3/users/52bc03bdd93746d9921f502a779e70fd 0.356s
2025-04-03 12:02:33.243 69761 INFO tempest.lib.common.rest_client [req-604fc3b6-b941-4421-8652-e9b4e28cf592 req-604fc3b6-b941-4421-8652-e9b4e28cf592 ] Request (AbsoluteLimitsNegativeTestJSON:tearDownClass): 204 DELETE http://10.180.1.21/identity/v3/users/733172c7d45444019b7c8565829ce631 0.328s
2025-04-03 12:02:33.243 69761 INFO tempest.lib.common.dynamic_creds [-] Deleting project and security group for project: 14225b5b399a46c28937c94200204a8d
2025-04-03 12:02:33.243 69789 INFO tempest.lib.common.rest_client [req-e0116081-6e90-47be-a9bd-1739587511db req-e0116081-6e90-47be-a9bd-1739587511db ] Request (ServersWithSpecificFlavorTestJSON:setUpClass): 201 POST http://10.180.1.21:9696/networking/v2.0/subnets 0.139s
2025-04-03 12:02:33.255 69793 INFO tempest.lib.common.rest_client [req-d3f66503-4164-4b78-a571-221602c591ce req-d3f66503-4164-4b78-a571-221602c591ce ] Request (InstanceUsageAuditLogNegativeTestJSON:test_get_instance_usage_audit_logs_with_invalid_time): 400 GET http://10.180.1.21/compute/v2.1/os-instance_usage_audit_log/invalid_time 1.697s
