2025-04-03 12:03:58.821 69753 INFO tempest.lib.common.dynamic_creds [-] Dynamic test user 8de02debb42e4331b450b2f2aacb87b7 is created with scope project and roles: ['member']
2025-04-03 12:03:58.821 69753 INFO tempest.lib.common.dynamic_creds [-] Acquired dynamic creds: credentials: Credentials: {'domain_id': 'default', 'domain_name': 'Default', 'username': 'tempest-AttachVolumeNegativeTest-1259887519-project-member', 'project_domain_id': 'default', 'project_domain_name': 'Default', 'project_id': 'd92e79809f3646029ca93a266f65b716', 'project_name': 'tempest-AttachVolumeNegativeTest-1259887519', 'tenant_id': 'd92e79809f3646029ca93a266f65b716', 'tenant_name': 'tempest-AttachVolumeNegativeTest-1259887519', 'user_domain_id': 'default', 'user_domain_name': 'Default', 'user_id': '8de02debb42e4331b450b2f2aacb87b7', 'system': None}, Network: None, Subnet: None, Router: None
2025-04-03 12:03:58.851 69811 INFO tempest.lib.common.rest_client [req-8d5cf340-1e8e-4451-88e1-7ede6826d1d2 req-8d5cf340-1e8e-4451-88e1-7ede6826d1d2 ] Request (AttachInterfacesUnderV243Test:test_add_remove_fixed_ip): 200 GET http://10.180.1.21/compute/v2.1/servers/60f0b1c6-4ec8-4d5b-8953-9f261c0eddf5 0.158s
2025-04-03 12:03:58.873 69765 INFO tempest.lib.common.rest_client [req-02d6b394-9752-453f-b32b-b4a82e94716a req-02d6b394-9752-453f-b32b-b4a82e94716a ] Request (ServersTestJSON:test_create_server_with_ipv6_addr_only): 200 GET http://10.180.1.21/compute/v2.1/servers/92548565-7ab3-4692-b3a2-7cbe5b31c174 0.252s
2025-04-03 12:03:58.877 69807 INFO tempest.lib.common.rest_client [req-1c111505-f8cb-4108-b2b4-4d2503db72b0 req-1c111505-f8cb-4108-b2b4-4d2503db72b0 ] Request (ServerRescueTestJSON:setUpClass): 201 POST http://10.180.1.21:9696/networking/v2.0/networks 0.301s
2025-04-03 12:03:58.883 69753 INFO tempest.lib.common.rest_client [req-fed44f1d-4fb8-44a8-8d9c-2a66ea679168 req-fed44f1d-4fb8-44a8-8d9c-2a66ea679168 ] Request (AttachVolumeNegativeTest:setUpClass): 201 POST http://10.180.1.21/identity/v3/auth/tokens 0.061s
2025-04-03 12:03:58.907 69799 INFO tempest.lib.common.rest_client [req-1411b81e-aa7f-4a62-81c9-5d601dfde4a8 req-1411b81e-aa7f-4a62-81c9-5d601dfde4a8 ] Request (ServerRescueNegativeTestJSON:setUpClass): 200 GET http://10.180.1.21/compute/v2.1/servers/ee130e80-37f3-424c-83fc-d980983ad96f 0.142s
2025-04-03 12:03:58.957 69755 INFO tempest.lib.common.rest_client [req-a6174234-20e1-4af2-a2e1-69b32fdf86ca req-a6174234-20e1-4af2-a2e1-69b32fdf86ca ] Request (ServerDiagnosticsTest:test_get_server_diagnostics): 200 GET http://10.180.1.21/compute/v2.1/servers/0551002b-4313-4f48-8c86-46bcf2c8c1df 0.128s
2025-04-03 12:03:58.959 69767 INFO tempest.lib.common.rest_client [req-bf9dc4bc-77ef-44ef-8e19-df0fb84c0d07 req-bf9dc4bc-77ef-44ef-8e19-df0fb84c0d07 ] Request (ImagesNegativeTestJSON:test_create_image_from_deleted_server): 204 DELETE http://10.180.1.21/compute/v2.1/servers/192aaa13-8dc0-447e-8ef1-0fbd7bf99bb6 0.179s
2025-04-03 12:03:59.028 69803 INFO tempest.lib.common.rest_client [req-5acecc14-3e07-4f68-a4fe-2de326e789fa req-5acecc14-3e07-4f68-a4fe-2de326e789fa ] Request (ServersAdminTestJSON:setUpClass): 200 GET http://10.180.1.21/compute/v2.1/servers/41dc590f-ba91-424e-a087-8b51922e5886 0.097s
2025-04-03 12:03:59.039 69775 INFO tempest.lib.common.rest_client [req-d0dd08f6-48ad-480d-8b49-97cf798b1d64 req-d0dd08f6-48ad-480d-8b49-97cf798b1d64 ] Request (AttachInterfacesV270Test:test_create_get_list_interfaces): 200 GET http://10.180.1.21/compute/v2.1/servers/5f9b0f8d-92cf-4caf-908f-e9e3a8dddeee 0.120s
2025-04-03 12:03:59.115 69759 INFO tempest.lib.common.rest_client [req-199d8178-f30d-405e-b20a-ad7c1dff9e5d req-199d8178-f30d-405e-b20a-ad7c1dff9e5d ] Request (ServerShowV247Test:test_update_rebuild_list_server): 200 GET http://10.180.1.21/compute/v2.1/servers/0d8d692c-4982-429b-8243-17099f95c8ab 0.128s
2025-04-03 12:03:59.124 69753 INFO tempest.lib.common.rest_client [req-dfe962fa-61e8-4ce8-ab28-ef7d65880508 req-dfe962fa-61e8-4ce8-ab28-ef7d65880508 ] Request (AttachVolumeNegativeTest:setUpClass): 201 POST http://10.180.1.21:9696/networking/v2.0/networks 0.241s
2025-04-03 12:03:59.139 69807 INFO tempest.lib.common.rest_client [req-d9d52bba-a9c2-4816-9663-cb18074178a8 req-d9d52bba-a9c2-4816-9663-cb18074178a8 ] Request (ServerRescueTestJSON:setUpClass): 201 POST http://10.180.1.21:9696/networking/v2.0/subnets 0.260s
2025-04-03 12:03:59.184 69793 INFO tempest.lib.common.rest_client [req-feb89ae5-d5ac-4b5f-a4e0-b38b99cf6349 req-feb89ae5-d5ac-4b5f-a4e0-b38b99cf6349 ] Request (ImagesTestJSON:test_create_image_from_suspended_server): 200 GET http://10.180.1.21/compute/v2.1/servers/e6a49a4a-583d-4fc8-bc42-904a7c8224d6 0.140s
2025-04-03 12:03:59.190 69767 INFO tempest.lib.common.rest_client [req-8dab7511-faf7-4693-a43b-cedf7a54686f req-8dab7511-faf7-4693-a43b-cedf7a54686f ] Request (ImagesNegativeTestJSON:test_create_image_from_deleted_server): 200 GET http://10.180.1.21/compute/v2.1/servers/192aaa13-8dc0-447e-8ef1-0fbd7bf99bb6 0.231s
2025-04-03 12:03:59.263 69753 INFO tempest.lib.common.rest_client [req-7d73efb2-a309-45f1-aab3-6122386c9abe req-7d73efb2-a309-45f1-aab3-6122386c9abe ] Request (AttachVolumeNegativeTest:setUpClass): 201 POST http://10.180.1.21:9696/networking/v2.0/subnets 0.139s
2025-04-03 12:03:59.264 69761 INFO tempest.lib.common.rest_client [req-6fcb5467-00f1-40ec-9c1d-6d6cdb95c05d req-6fcb5467-00f1-40ec-9c1d-6d6cdb95c05d ] Request (ListServerFiltersTestJSON:setUpClass): 200 GET http://10.180.1.21/compute/v2.1/servers/9b4c0a65-7270-4028-b232-6e756b03d182 0.142s
2025-04-03 12:03:59.276 69773 INFO tempest.lib.common.rest_client [req-240e8966-6818-4d05-8464-65a8617aeb86 req-240e8966-6818-4d05-8464-65a8617aeb86 ] Request (ServersAdmin275Test:tearDownClass): 200 GET http://10.180.1.21/compute/v2.1/servers/2f68bcc7-530b-4169-a91e-1880350cf467 0.231s
2025-04-03 12:03:59.327 69809 INFO tempest.lib.common.rest_client [req-f899f81e-2a96-4a44-ab49-f9eaaa0f6c29 req-f899f81e-2a96-4a44-ab49-f9eaaa0f6c29 ] Request (ServersTestFqdnHostnames:test_create_server_with_fqdn_name): 200 GET http://10.180.1.21/compute/v2.1/servers/f1ec9889-55f4-455c-a927-36585d57bc41 0.129s
2025-04-03 12:03:59.344 69769 INFO tempest.lib.common.rest_client [req-a05db8b4-e0a8-4edc-bcc3-a79faaeaa2f3 req-a05db8b4-e0a8-4edc-bcc3-a79faaeaa2f3 ] Request (InstanceActionsNegativeTestJSON:setUpClass): 200 GET http://10.180.1.21/compute/v2.1/servers/debf4a55-5e31-4e22-bcd5-4b3267969e51 0.138s
2025-04-03 12:03:59.387 69787 INFO tempest.lib.common.rest_client [req-5869287b-2ee9-4afe-844e-5a12db0d48c4 req-5869287b-2ee9-4afe-844e-5a12db0d48c4 ] Request (SecurityGroupsTestJSON:test_server_security_groups): 200 GET http://10.180.1.21/compute/v2.1/servers/db55a66b-8be9-4ed8-b11e-983b05977063 0.068s
2025-04-03 12:03:59.433 69777 INFO tempest.lib.common.rest_client [req-901044ff-c0c9-409a-be20-ff6b6f183e44 req-901044ff-c0c9-409a-be20-ff6b6f183e44 ] Request (ServersListShow298Test:tearDownClass): 200 GET http://10.180.1.21/compute/v2.1/servers/7105db4d-104b-4c22-9a33-7b5a9a2043c8 0.087s
2025-04-03 12:03:59.447 69781 INFO tempest.lib.common.rest_client [req-8099235a-1bf0-4e5b-b521-0a4d87265e1d req-8099235a-1bf0-4e5b-b521-0a4d87265e1d ] Request (FloatingIPsAssociationTestJSON:test_associate_already_associated_floating_ip): 200 GET http://10.180.1.21/compute/v2.1/servers/9570d9f7-1dcb-41b4-8058-e1f16833ac44 0.066s
2025-04-03 12:03:59.489 69763 INFO tempest.lib.common.rest_client [req-b6b67d73-9d63-4a09-a510-bc18887df5ce req-b6b67d73-9d63-4a09-a510-bc18887df5ce ] Request (MultipleCreateTestJSON:test_multiple_create): 200 GET http://10.180.1.21/compute/v2.1/servers/05ee971f-3aed-4c08-920d-60eaf4f20e75 0.059s
2025-04-03 12:03:59.563 69783 INFO tempest.lib.common.rest_client [req-9ed239ac-ceaf-4450-a4d8-af44d728afaa req-9ed239ac-ceaf-4450-a4d8-af44d728afaa ] Request (DeleteServersAdminTestJSON:test_admin_delete_servers_of_others): 200 GET http://10.180.1.21/compute/v2.1/servers/a1070e28-43c7-48f9-8325-af823ff273bc 0.065s
2025-04-03 12:03:59.643 69771 INFO tempest.lib.common.rest_client [req-0fea9314-8c3a-4a97-a5a6-289592b0276c req-0fea9314-8c3a-4a97-a5a6-289592b0276c ] Request (AttachInterfacesTestJSON:test_create_list_show_delete_interfaces_by_fixed_ip): 200 GET http://10.180.1.21/compute/v2.1/servers/6d2a912a-8990-4032-b22c-d1a769e058fd 0.071s
2025-04-03 12:03:59.680 69791 INFO tempest.lib.common.rest_client [req-21b761f7-343f-4179-88cb-872b8a2d3946 req-21b761f7-343f-4179-88cb-872b8a2d3946 ] Request (MigrationsAdminTest:test_list_migrations_in_flavor_resize_situation): 200 GET http://10.180.1.21/compute/v2.1/servers/8bc53731-8231-40a3-98b7-aa51b30850b9 0.195s
2025-04-03 12:03:59.713 69815 INFO tempest.lib.common.rest_client [req-553448a9-e243-486d-a13a-a284304d35df req-553448a9-e243-486d-a13a-a284304d35df ] Request (ServerDiskConfigTestJSON:test_rebuild_server_with_auto_disk_config): 200 GET http://10.180.1.21/compute/v2.1/servers/ae003353-32f8-4e86-915a-5a184e105be5 0.122s
2025-04-03 12:03:59.764 69801 INFO tempest.lib.common.rest_client [req-f4e3c5d0-24eb-492c-9c62-ace3ef7fea65 req-f4e3c5d0-24eb-492c-9c62-ace3ef7fea65 ] Request (ServersAdminNegativeTestJSON:test_migrate_server_invalid_state): 200 GET http://10.180.1.21/compute/v2.1/servers/f64e0477-2524-4169-98b6-1595ea0269c3 0.128s
2025-04-03 12:03:59.799 69779 INFO tempest.lib.common.rest_client [req-2f80614c-2995-4dbc-a488-7adb2909a4fa req-2f80614c-2995-4dbc-a488-7adb2909a4fa ] Request (ServerShowV257Test:test_rebuild_server): 200 GET http://10.180.1.21/compute/v2.1/servers/42f89423-0e5d-44d3-b202-b449f66ab0b8 0.128s
2025-04-03 12:03:59.813 69779 INFO tempest.common.waiters [-] State transition "REBUILD/rebuild_spawning" ==> "ACTIVE/None" after 10 second wait
2025-04-03 12:03:59.836 69785 INFO tempest.lib.common.rest_client [req-a8a80053-1ea8-4fc1-a729-12ce18e95d8b req-a8a80053-1ea8-4fc1-a729-12ce18e95d8b ] Request (ListImageFiltersTestJSON:setUpClass): 200 GET http://10.180.1.21/compute/v2.1/servers/c4f9d6db-722b-4da2-8e48-192598d791b1 0.142s
2025-04-03 12:03:59.905 69753 INFO tempest.lib.common.rest_client [req-6424452b-d4e5-4adb-929d-38ce17589093 req-6424452b-d4e5-4adb-929d-38ce17589093 ] Request (AttachVolumeNegativeTest:setUpClass): 201 POST http://10.180.1.21:9696/networking/v2.0/routers 0.641s
2025-04-03 12:03:59.916 69779 INFO tempest.lib.common.rest_client [req-dc47aaac-3667-4c74-884b-02c0c74a7d57 req-dc47aaac-3667-4c74-884b-02c0c74a7d57 ] Request (ServerShowV257Test:tearDownClass): 204 DELETE http://10.180.1.21/compute/v2.1/servers/42f89423-0e5d-44d3-b202-b449f66ab0b8 0.101s
2025-04-03 12:03:59.982 69811 INFO tempest.lib.common.rest_client [req-1eecc6e2-7619-4ccf-a4e0-3c6b5a0df331 req-1eecc6e2-7619-4ccf-a4e0-3c6b5a0df331 ] Request (AttachInterfacesUnderV243Test:test_add_remove_fixed_ip): 200 GET http://10.180.1.21/compute/v2.1/servers/60f0b1c6-4ec8-4d5b-8953-9f261c0eddf5 0.121s
2025-04-03 12:04:00.091 69795 INFO tempest.lib.common.rest_client [req-abfeb400-e2e9-4033-a075-5d9fc588da6d req-abfeb400-e2e9-4033-a075-5d9fc588da6d ] Request (ServerGroupTestJSON:test_create_server_with_scheduler_hint_group): 200 GET http://10.180.1.21/compute/v2.1/servers/93bce1b5-ce12-418f-abb9-3adf1e75d1ac 0.292s
2025-04-03 12:04:00.170 69765 INFO tempest.lib.common.rest_client [req-fd1a1749-115d-4657-8ef2-4552f9cade35 req-fd1a1749-115d-4657-8ef2-4552f9cade35 ] Request (ServersTestJSON:test_create_server_with_ipv6_addr_only): 200 GET http://10.180.1.21/compute/v2.1/servers/92548565-7ab3-4692-b3a2-7cbe5b31c174 0.284s
2025-04-03 12:04:00.172 69799 INFO tempest.lib.common.rest_client [req-43fbaea2-ecc0-427c-84ef-9ac07d1ff0dc req-43fbaea2-ecc0-427c-84ef-9ac07d1ff0dc ] Request (ServerRescueNegativeTestJSON:setUpClass): 200 GET http://10.180.1.21/compute/v2.1/servers/ee130e80-37f3-424c-83fc-d980983ad96f 0.255s
2025-04-03 12:04:00.237 69755 INFO tempest.lib.common.rest_client [req-fcb7cef3-3096-447f-98bb-7428f2a938af req-fcb7cef3-3096-447f-98bb-7428f2a938af ] Request (ServerDiagnosticsTest:test_get_server_diagnostics): 200 GET http://10.180.1.21/compute/v2.1/servers/0551002b-4313-4f48-8c86-46bcf2c8c1df 0.270s
2025-04-03 12:04:00.251 69779 INFO tempest.lib.common.rest_client [req-74f68c06-9961-424a-8429-d88bf5759151 req-74f68c06-9961-424a-8429-d88bf5759151 ] Request (ServerShowV257Test:tearDownClass): 200 GET http://10.180.1.21/compute/v2.1/servers/42f89423-0e5d-44d3-b202-b449f66ab0b8 0.334s
2025-04-03 12:04:00.292 69803 INFO tempest.lib.common.rest_client [req-a3ac862e-6f51-4755-86f8-0903a1d57a0a req-a3ac862e-6f51-4755-86f8-0903a1d57a0a ] Request (ServersAdminTestJSON:setUpClass): 200 GET http://10.180.1.21/compute/v2.1/servers/41dc590f-ba91-424e-a087-8b51922e5886 0.254s
2025-04-03 12:04:00.307 69775 INFO tempest.lib.common.rest_client [req-905c0b5a-b54f-4967-9cc8-9e6a3c359764 req-905c0b5a-b54f-4967-9cc8-9e6a3c359764 ] Request (AttachInterfacesV270Test:test_create_get_list_interfaces): 200 GET http://10.180.1.21/compute/v2.1/servers/5f9b0f8d-92cf-4caf-908f-e9e3a8dddeee 0.254s
2025-04-03 12:04:00.353 69759 INFO tempest.lib.common.rest_client [req-8e63980b-5b7a-463b-8ff0-ca870fa834af req-8e63980b-5b7a-463b-8ff0-ca870fa834af ] Request (ServerShowV247Test:test_update_rebuild_list_server): 200 GET http://10.180.1.21/compute/v2.1/servers/0d8d692c-4982-429b-8243-17099f95c8ab 0.226s
2025-04-03 12:04:00.372 69793 INFO tempest.lib.common.rest_client [req-9c712466-29eb-40a5-a858-7112ac9eb62c req-9c712466-29eb-40a5-a858-7112ac9eb62c ] Request (ImagesTestJSON:test_create_image_from_suspended_server): 200 GET http://10.180.1.21/compute/v2.1/servers/e6a49a4a-583d-4fc8-bc42-904a7c8224d6 0.177s
2025-04-03 12:04:00.391 69807 INFO tempest.lib.common.rest_client [req-9ea6b198-a5cd-47db-a72f-73cf8136c98b req-9ea6b198-a5cd-47db-a72f-73cf8136c98b ] Request (ServerRescueTestJSON:setUpClass): 201 POST http://10.180.1.21:9696/networking/v2.0/routers 1.252s
2025-04-03 12:04:00.437 69761 INFO tempest.lib.common.rest_client [req-66f9a2a1-b375-454b-9ca5-26784600629f req-66f9a2a1-b375-454b-9ca5-26784600629f ] Request (ListServerFiltersTestJSON:setUpClass): 200 GET http://10.180.1.21/compute/v2.1/servers/9b4c0a65-7270-4028-b232-6e756b03d182 0.165s
2025-04-03 12:04:00.475 69767 INFO tempest.lib.common.rest_client [req-8d91e11a-fa81-4182-821f-ebd0e18dca60 req-8d91e11a-fa81-4182-821f-ebd0e18dca60 ] Request (ImagesNegativeTestJSON:test_create_image_from_deleted_server): 200 GET http://10.180.1.21/compute/v2.1/servers/192aaa13-8dc0-447e-8ef1-0fbd7bf99bb6 0.272s
2025-04-03 12:04:00.514 69773 INFO tempest.lib.common.rest_client [req-5f8c609b-04d7-44d4-b0da-7bd4ba6ce3a4 req-5f8c609b-04d7-44d4-b0da-7bd4ba6ce3a4 ] Request (ServersAdmin275Test:tearDownClass): 200 GET http://10.180.1.21/compute/v2.1/servers/2f68bcc7-530b-4169-a91e-1880350cf467 0.224s
2025-04-03 12:04:00.532 69809 INFO tempest.lib.common.rest_client [req-3aed9491-28e6-4450-810a-3087e38f4816 req-3aed9491-28e6-4450-810a-3087e38f4816 ] Request (ServersTestFqdnHostnames:test_create_server_with_fqdn_name): 200 GET http://10.180.1.21/compute/v2.1/servers/f1ec9889-55f4-455c-a927-36585d57bc41 0.193s
2025-04-03 12:04:00.582 69769 INFO tempest.lib.common.rest_client [req-f4b74d06-a171-4da3-9251-719eff4154e2 req-f4b74d06-a171-4da3-9251-719eff4154e2 ] Request (InstanceActionsNegativeTestJSON:setUpClass): 200 GET http://10.180.1.21/compute/v2.1/servers/debf4a55-5e31-4e22-bcd5-4b3267969e51 0.228s
2025-04-03 12:04:00.588 69787 INFO tempest.lib.common.rest_client [req-d29b0243-1f7c-43be-a329-fafc62e177a3 req-d29b0243-1f7c-43be-a329-fafc62e177a3 ] Request (SecurityGroupsTestJSON:test_server_security_groups): 200 GET http://10.180.1.21/compute/v2.1/servers/db55a66b-8be9-4ed8-b11e-983b05977063 0.191s
2025-04-03 12:04:00.658 69781 INFO tempest.lib.common.rest_client [req-1f0d2e39-f334-431b-826e-37a062069147 req-1f0d2e39-f334-431b-826e-37a062069147 ] Request (FloatingIPsAssociationTestJSON:test_associate_already_associated_floating_ip): 200 GET http://10.180.1.21/compute/v2.1/servers/9570d9f7-1dcb-41b4-8058-e1f16833ac44 0.195s
2025-04-03 12:04:00.695 69777 INFO tempest.lib.common.rest_client [req-baa4e252-63b5-42fc-8ddc-ebe3458399bf req-baa4e252-63b5-42fc-8ddc-ebe3458399bf ] Request (ServersListShow298Test:tearDownClass): 200 GET http://10.180.1.21/compute/v2.1/servers/7105db4d-104b-4c22-9a33-7b5a9a2043c8 0.246s
2025-04-03 12:04:00.757 69783 INFO tempest.lib.common.rest_client [req-8a2256a6-3b79-4687-b06b-101aaaedc18f req-8a2256a6-3b79-4687-b06b-101aaaedc18f ] Request (DeleteServersAdminTestJSON:test_admin_delete_servers_of_others): 200 GET http://10.180.1.21/compute/v2.1/servers/a1070e28-43c7-48f9-8325-af823ff273bc 0.186s
2025-04-03 12:04:00.758 69763 INFO tempest.lib.common.rest_client [req-332b408d-558c-46ea-91ca-552c2dd89af8 req-332b408d-558c-46ea-91ca-552c2dd89af8 ] Request (MultipleCreateTestJSON:test_multiple_create): 200 GET http://10.180.1.21/compute/v2.1/servers/05ee971f-3aed-4c08-920d-60eaf4f20e75 0.259s
2025-04-03 12:04:00.815 69771 INFO tempest.lib.common.rest_client [req-e747c8e0-ac0e-499b-b810-dba3e732a91a req-e747c8e0-ac0e-499b-b810-dba3e732a91a ] Request (AttachInterfacesTestJSON:test_create_list_show_delete_interfaces_by_fixed_ip): 200 GET http://10.180.1.21/compute/v2.1/servers/6d2a912a-8990-4032-b22c-d1a769e058fd 0.163s
2025-04-03 12:04:00.888 69815 INFO tempest.lib.common.rest_client [req-1fefe4d9-8df1-4e9b-8070-b9762aa87124 req-1fefe4d9-8df1-4e9b-8070-b9762aa87124 ] Request (ServerDiskConfigTestJSON:test_rebuild_server_with_auto_disk_config): 200 GET http://10.180.1.21/compute/v2.1/servers/ae003353-32f8-4e86-915a-5a184e105be5 0.167s
2025-04-03 12:04:00.916 69791 INFO tempest.lib.common.rest_client [req-b92fa391-7ec8-4fda-b6a3-5579258d80f1 req-b92fa391-7ec8-4fda-b6a3-5579258d80f1 ] Request (MigrationsAdminTest:test_list_migrations_in_flavor_resize_situation): 200 GET http://10.180.1.21/compute/v2.1/servers/8bc53731-8231-40a3-98b7-aa51b30850b9 0.225s
2025-04-03 12:04:00.957 69801 INFO tempest.lib.common.rest_client [req-e1bbb5c1-c231-4e1c-a2b9-3db21c7476e4 req-e1bbb5c1-c231-4e1c-a2b9-3db21c7476e4 ] Request (ServersAdminNegativeTestJSON:test_migrate_server_invalid_state): 200 GET http://10.180.1.21/compute/v2.1/servers/f64e0477-2524-4169-98b6-1595ea0269c3 0.185s
2025-04-03 12:04:00.980 69785 INFO tempest.lib.common.rest_client [req-691c3cb3-b4d1-4766-b8bb-b220e163a55e req-691c3cb3-b4d1-4766-b8bb-b220e163a55e ] Request (ListImageFiltersTestJSON:setUpClass): 200 GET http://10.180.1.21/compute/v2.1/servers/c4f9d6db-722b-4da2-8e48-192598d791b1 0.135s
2025-04-03 12:04:01.065 69811 INFO tempest.lib.common.rest_client [req-4f7750a0-fdeb-4be7-9d1c-ba93d6ab63d3 req-4f7750a0-fdeb-4be7-9d1c-ba93d6ab63d3 ] Request (AttachInterfacesUnderV243Test:test_add_remove_fixed_ip): 200 GET http://10.180.1.21/compute/v2.1/servers/60f0b1c6-4ec8-4d5b-8953-9f261c0eddf5 0.075s
2025-04-03 12:04:01.158 69753 INFO tempest.lib.common.rest_client [req-33967286-617c-4eca-8a62-0564ee9d88a9 req-33967286-617c-4eca-8a62-0564ee9d88a9 ] Request (AttachVolumeNegativeTest:setUpClass): 200 PUT http://10.180.1.21:9696/networking/v2.0/routers/f67c63b5-e0a2-47d8-9b44-2a74c6c9fea8/add_router_interface 1.252s
2025-04-03 12:04:01.158 69753 INFO tempest.lib.common.dynamic_creds [-] Created isolated network resources for: credentials: Credentials: {'domain_id': 'default', 'domain_name': 'Default', 'username': 'tempest-AttachVolumeNegativeTest-1259887519-project-member', 'project_domain_id': 'default', 'project_domain_name': 'Default', 'project_id': 'd92e79809f3646029ca93a266f65b716', 'project_name': 'tempest-AttachVolumeNegativeTest-1259887519', 'tenant_id': 'd92e79809f3646029ca93a266f65b716', 'tenant_name': 'tempest-AttachVolumeNegativeTest-1259887519', 'user_domain_id': 'default', 'user_domain_name': 'Default', 'user_id': '8de02debb42e4331b450b2f2aacb87b7', 'system': None}, Network: {'id': '154f2378-5b91-4d24-be0c-2d4b775551a7', 'name': 'tempest-AttachVolumeNegativeTest-617390272-network', 'tenant_id': 'd92e79809f3646029ca93a266f65b716', 'admin_state_up': True, 'mtu': 8950, 'status': 'ACTIVE', 'subnets': [], 'shared': False, 'project_id': 'd92e79809f3646029ca93a266f65b716', 'port_security_enabled': True, 'router:external': False, 'provider:network_type': 'vlan', 'provider:physical_network': 'default', 'provider:segmentation_id': 831, 'availability_zone_hints': [], 'availability_zones': [], 'ipv4_address_scope': None, 'ipv6_address_scope': None, 'description': '', 'tags': [], 'created_at': '2025-04-03T12:03:59Z', 'updated_at': '2025-04-03T12:03:59Z', 'revision_number': 1}, Subnet: {'id': 'b6595000-cbd7-4938-b1e3-06d7206009f0', 'name': 'tempest-AttachVolumeNegativeTest-617390272-subnet', 'tenant_id': 'd92e79809f3646029ca93a266f65b716', 'network_id': '154f2378-5b91-4d24-be0c-2d4b775551a7', 'ip_version': 4, 'subnetpool_id': None, 'enable_dhcp': True, 'ipv6_ra_mode': None, 'ipv6_address_mode': None, 'gateway_ip': '192.168.128.1', 'cidr': '192.168.128.0/28', 'allocation_pools': [{'start': '192.168.128.2', 'end': '192.168.128.14'}], 'host_routes': [], 'dns_nameservers': [], 'description': '', 'router:external': False, 'service_types': [], 'tags': [], 'created_at': '2025-04-03T12:03:59Z', 'updated_at': '2025-04-03T12:03:59Z', 'revision_number': 0, 'project_id': 'd92e79809f3646029ca93a266f65b716'}, Router: {'id': 'f67c63b5-e0a2-47d8-9b44-2a74c6c9fea8', 'name': 'tempest-AttachVolumeNegativeTest-617390272-router', 'tenant_id': 'd92e79809f3646029ca93a266f65b716', 'admin_state_up': True, 'status': 'ACTIVE', 'external_gateway_info': {'network_id': '7a21e0bc-72c7-4b96-aa15-df1e631f0ea9', 'external_fixed_ips': [{'subnet_id': '5455c7c2-5b0d-4ba7-abc6-a1f185f0e705', 'ip_address': '10.180.180.233'}], 'enable_snat': True}, 'description': '', 'availability_zones': [], 'distributed': False, 'ha': False, 'availability_zone_hints': [], 'routes': [], 'flavor_id': None, 'tags': [], 'created_at': '2025-04-03T12:03:59Z', 'updated_at': '2025-04-03T12:03:59Z', 'revision_number': 2, 'project_id': 'd92e79809f3646029ca93a266f65b716'}
2025-04-03 12:04:01.251 69753 INFO tempest.lib.common.rest_client [req-2d1e9764-926c-4906-abaa-ab7268b7f776 req-2d1e9764-926c-4906-abaa-ab7268b7f776 ] Request (AttachVolumeNegativeTest:setUpClass): 201 POST http://10.180.1.21/identity/v3/auth/tokens 0.089s
2025-04-03 12:04:01.293 69795 INFO tempest.lib.common.rest_client [req-0fb79988-257f-487a-9c85-c4727ea037df req-0fb79988-257f-487a-9c85-c4727ea037df ] Request (ServerGroupTestJSON:test_create_server_with_scheduler_hint_group): 200 GET http://10.180.1.21/compute/v2.1/servers/93bce1b5-ce12-418f-abb9-3adf1e75d1ac 0.192s
2025-04-03 12:04:01.328 69765 INFO tempest.lib.common.rest_client [req-94b3f7b0-09ad-42c8-812e-f99d0c5a1a61 req-94b3f7b0-09ad-42c8-812e-f99d0c5a1a61 ] Request (ServersTestJSON:test_create_server_with_ipv6_addr_only): 200 GET http://10.180.1.21/compute/v2.1/servers/92548565-7ab3-4692-b3a2-7cbe5b31c174 0.144s
2025-04-03 12:04:01.336 69765 INFO tempest.common.waiters [-] State transition "BUILD/spawning" ==> "ACTIVE/None" after 44 second wait
2025-04-03 12:04:01.355 69799 INFO tempest.lib.common.rest_client [req-bd628b17-30b5-4fbc-9f59-7cb90fa95214 req-bd628b17-30b5-4fbc-9f59-7cb90fa95214 ] Request (ServerRescueNegativeTestJSON:setUpClass): 200 GET http://10.180.1.21/compute/v2.1/servers/ee130e80-37f3-424c-83fc-d980983ad96f 0.170s
2025-04-03 12:04:01.390 69755 INFO tempest.lib.common.rest_client [req-c59124db-198b-4716-80dd-97b7f8fa8723 req-c59124db-198b-4716-80dd-97b7f8fa8723 ] Request (ServerDiagnosticsTest:test_get_server_diagnostics): 200 GET http://10.180.1.21/compute/v2.1/servers/0551002b-4313-4f48-8c86-46bcf2c8c1df 0.139s
2025-04-03 12:04:01.470 69779 INFO tempest.lib.common.rest_client [req-13f33f23-4be5-43d5-bfdb-599d1b90428c req-13f33f23-4be5-43d5-bfdb-599d1b90428c ] Request (ServerShowV257Test:tearDownClass): 200 GET http://10.180.1.21/compute/v2.1/servers/42f89423-0e5d-44d3-b202-b449f66ab0b8 0.203s
2025-04-03 12:04:01.517 69753 INFO tempest.lib.common.rest_client [req-1b7570a3-d00b-4325-9398-d1d53c0fc578 req-1b7570a3-d00b-4325-9398-d1d53c0fc578 ] Request (ValidationResourcesFixture:setUp): 200 POST http://10.180.1.21/compute/v2.1/os-keypairs 0.262s
2025-04-03 12:04:01.548 69803 INFO tempest.lib.common.rest_client [req-01ba2ee9-4aa2-46f7-9144-7838c8587087 req-01ba2ee9-4aa2-46f7-9144-7838c8587087 ] Request (ServersAdminTestJSON:setUpClass): 200 GET http://10.180.1.21/compute/v2.1/servers/41dc590f-ba91-424e-a087-8b51922e5886 0.244s
2025-04-03 12:04:01.588 69775 INFO tempest.lib.common.rest_client [req-e233c905-9847-460a-9142-0525eab40de8 req-e233c905-9847-460a-9142-0525eab40de8 ] Request (AttachInterfacesV270Test:test_create_get_list_interfaces): 200 GET http://10.180.1.21/compute/v2.1/servers/5f9b0f8d-92cf-4caf-908f-e9e3a8dddeee 0.264s
2025-04-03 12:04:01.648 69759 INFO tempest.lib.common.rest_client [req-a4466ce3-1c10-4336-8ab7-53e9d8a95ac9 req-a4466ce3-1c10-4336-8ab7-53e9d8a95ac9 ] Request (ServerShowV247Test:test_update_rebuild_list_server): 200 GET http://10.180.1.21/compute/v2.1/servers/0d8d692c-4982-429b-8243-17099f95c8ab 0.282s
2025-04-03 12:04:01.714 69793 INFO tempest.lib.common.rest_client [req-b2ddf96c-2b43-458c-a35a-150997a56062 req-b2ddf96c-2b43-458c-a35a-150997a56062 ] Request (ImagesTestJSON:test_create_image_from_suspended_server): 200 GET http://10.180.1.21/compute/v2.1/servers/e6a49a4a-583d-4fc8-bc42-904a7c8224d6 0.333s
2025-04-03 12:04:01.724 69753 INFO tempest.lib.common.rest_client [req-bf21e0ee-0373-4179-ae8a-7000fd17ef82 req-bf21e0ee-0373-4179-ae8a-7000fd17ef82 ] Request (ValidationResourcesFixture:setUp): 201 POST http://10.180.1.21:9696/networking/v2.0/security-groups 0.206s
2025-04-03 12:04:01.737 69765 INFO tempest.lib.common.rest_client [req-b9103e0e-937a-4db0-8c15-84bd55d5fd7b req-b9103e0e-937a-4db0-8c15-84bd55d5fd7b ] Request (ServersTestJSON:test_create_server_with_ipv6_addr_only): 200 GET http://10.180.1.21/compute/v2.1/servers/92548565-7ab3-4692-b3a2-7cbe5b31c174 0.401s
2025-04-03 12:04:01.780 69761 INFO tempest.lib.common.rest_client [req-da74c38f-acd0-4c73-8374-4f6ecccc23dd req-da74c38f-acd0-4c73-8374-4f6ecccc23dd ] Request (ListServerFiltersTestJSON:setUpClass): 200 GET http://10.180.1.21/compute/v2.1/servers/9b4c0a65-7270-4028-b232-6e756b03d182 0.331s
2025-04-03 12:04:01.788 69807 INFO tempest.lib.common.rest_client [req-2ff62c3e-e19a-4a0c-8895-24fa692cdcd6 req-2ff62c3e-e19a-4a0c-8895-24fa692cdcd6 ] Request (ServerRescueTestJSON:setUpClass): 200 PUT http://10.180.1.21:9696/networking/v2.0/routers/0c512ed6-f126-4005-a3d5-1c04609fd774/add_router_interface 1.393s
2025-04-03 12:04:01.788 69807 INFO tempest.lib.common.dynamic_creds [-] Created isolated network resources for: credentials: Credentials: {'domain_id': 'default', 'domain_name': 'Default', 'username': 'tempest-ServerRescueTestJSON-1628916749-project-member', 'project_domain_id': 'default', 'project_domain_name': 'Default', 'project_id': 'e02d69b9dcb34f2d9d1861ef0bb02890', 'project_name': 'tempest-ServerRescueTestJSON-1628916749', 'tenant_id': 'e02d69b9dcb34f2d9d1861ef0bb02890', 'tenant_name': 'tempest-ServerRescueTestJSON-1628916749', 'user_domain_id': 'default', 'user_domain_name': 'Default', 'user_id': '623121b88e6c4b80b33a12dab1d75ef3', 'system': None}, Network: {'id': 'c148bb79-a883-4d0e-9ac6-c34c5632ff2f', 'name': 'tempest-ServerRescueTestJSON-1567010646-network', 'tenant_id': 'e02d69b9dcb34f2d9d1861ef0bb02890', 'admin_state_up': True, 'mtu': 8950, 'status': 'ACTIVE', 'subnets': [], 'shared': False, 'project_id': 'e02d69b9dcb34f2d9d1861ef0bb02890', 'port_security_enabled': True, 'router:external': False, 'provider:network_type': 'vlan', 'provider:physical_network': 'default', 'provider:segmentation_id': 890, 'availability_zone_hints': [], 'availability_zones': [], 'ipv4_address_scope': None, 'ipv6_address_scope': None, 'description': '', 'tags': [], 'created_at': '2025-04-03T12:03:58Z', 'updated_at': '2025-04-03T12:03:58Z', 'revision_number': 1}, Subnet: {'id': 'd36322c3-bf07-4887-9a07-ab50e4a127ad', 'name': 'tempest-ServerRescueTestJSON-1567010646-subnet', 'tenant_id': 'e02d69b9dcb34f2d9d1861ef0bb02890', 'network_id': 'c148bb79-a883-4d0e-9ac6-c34c5632ff2f', 'ip_version': 4, 'subnetpool_id': None, 'enable_dhcp': False, 'ipv6_ra_mode': None, 'ipv6_address_mode': None, 'gateway_ip': '192.168.128.1', 'cidr': '192.168.128.0/28', 'allocation_pools': [{'start': '192.168.128.2', 'end': '192.168.128.14'}], 'host_routes': [], 'dns_nameservers': [], 'description': '', 'router:external': False, 'service_types': [], 'tags': [], 'created_at': '2025-04-03T12:03:58Z', 'updated_at': '2025-04-03T12:03:58Z', 'revision_number': 0, 'project_id': 'e02d69b9dcb34f2d9d1861ef0bb02890'}, Router: {'id': '0c512ed6-f126-4005-a3d5-1c04609fd774', 'name': 'tempest-ServerRescueTestJSON-1567010646-router', 'tenant_id': 'e02d69b9dcb34f2d9d1861ef0bb02890', 'admin_state_up': True, 'status': 'ACTIVE', 'external_gateway_info': {'network_id': '7a21e0bc-72c7-4b96-aa15-df1e631f0ea9', 'external_fixed_ips': [{'subnet_id': '5455c7c2-5b0d-4ba7-abc6-a1f185f0e705', 'ip_address': '10.180.180.168'}], 'enable_snat': True}, 'description': '', 'availability_zones': [], 'distributed': False, 'ha': False, 'availability_zone_hints': [], 'routes': [], 'flavor_id': None, 'tags': [], 'created_at': '2025-04-03T12:03:59Z', 'updated_at': '2025-04-03T12:03:59Z', 'revision_number': 2, 'project_id': 'e02d69b9dcb34f2d9d1861ef0bb02890'}
2025-04-03 12:04:01.812 69767 INFO tempest.lib.common.rest_client [req-215c0c0a-2215-4a62-a8a3-557351f41a6b req-215c0c0a-2215-4a62-a8a3-557351f41a6b ] Request (ImagesNegativeTestJSON:test_create_image_from_deleted_server): 200 GET http://10.180.1.21/compute/v2.1/servers/192aaa13-8dc0-447e-8ef1-0fbd7bf99bb6 0.329s
2025-04-03 12:04:01.873 69773 INFO tempest.lib.common.rest_client [req-3b56bee0-ab6d-408f-b92c-40c98851d26f req-3b56bee0-ab6d-408f-b92c-40c98851d26f ] Request (ServersAdmin275Test:tearDownClass): 200 GET http://10.180.1.21/compute/v2.1/servers/2f68bcc7-530b-4169-a91e-1880350cf467 0.349s
2025-04-03 12:04:01.875 69807 INFO tempest.lib.common.rest_client [req-9cad729e-b3b4-4bbe-ad58-c79d087756fd req-9cad729e-b3b4-4bbe-ad58-c79d087756fd ] Request (ServerRescueTestJSON:setUpClass): 201 POST http://10.180.1.21/identity/v3/auth/tokens 0.083s
2025-04-03 12:04:01.886 69753 INFO tempest.lib.common.rest_client [req-0766e68e-caed-43b4-b9cb-28bfb285e4fb req-0766e68e-caed-43b4-b9cb-28bfb285e4fb ] Request (ValidationResourcesFixture:setUp): 201 POST http://10.180.1.21:9696/networking/v2.0/security-group-rules 0.161s
2025-04-03 12:04:01.907 69809 INFO tempest.lib.common.rest_client [req-a4b31041-7dbf-4293-89e6-c5da064d072d req-a4b31041-7dbf-4293-89e6-c5da064d072d ] Request (ServersTestFqdnHostnames:test_create_server_with_fqdn_name): 200 GET http://10.180.1.21/compute/v2.1/servers/f1ec9889-55f4-455c-a927-36585d57bc41 0.366s
2025-04-03 12:04:01.918 69807 INFO tempest.lib.common.rest_client [req-5498f3c0-b9c3-4dfa-b797-f887dc1fef68 req-5498f3c0-b9c3-4dfa-b797-f887dc1fef68 ] Request (ServerRescueTestJSON:setUpClass): 201 POST http://10.180.1.21/identity/v3/auth/tokens 0.039s
2025-04-03 12:04:01.918 69807 INFO tempest.lib.common.fixed_network [-] (ServerRescueTestJSON:setUpClass) Found network {'id': 'c148bb79-a883-4d0e-9ac6-c34c5632ff2f', 'name': 'tempest-ServerRescueTestJSON-1567010646-network', 'tenant_id': 'e02d69b9dcb34f2d9d1861ef0bb02890', 'admin_state_up': True, 'mtu': 8950, 'status': 'ACTIVE', 'subnets': [], 'shared': False, 'project_id': 'e02d69b9dcb34f2d9d1861ef0bb02890', 'port_security_enabled': True, 'router:external': False, 'provider:network_type': 'vlan', 'provider:physical_network': 'default', 'provider:segmentation_id': 890, 'availability_zone_hints': [], 'availability_zones': [], 'ipv4_address_scope': None, 'ipv6_address_scope': None, 'description': '', 'tags': [], 'created_at': '2025-04-03T12:03:58Z', 'updated_at': '2025-04-03T12:03:58Z', 'revision_number': 1} available for tenant
2025-04-03 12:04:01.940 69769 INFO tempest.lib.common.rest_client [req-f7145a9f-062a-42a8-88e4-8e570711198e req-f7145a9f-062a-42a8-88e4-8e570711198e ] Request (InstanceActionsNegativeTestJSON:setUpClass): 200 GET http://10.180.1.21/compute/v2.1/servers/debf4a55-5e31-4e22-bcd5-4b3267969e51 0.347s
2025-04-03 12:04:01.966 69787 INFO tempest.lib.common.rest_client [req-d90f120c-c4af-4b4c-9bdb-600a43dd368e req-d90f120c-c4af-4b4c-9bdb-600a43dd368e ] Request (SecurityGroupsTestJSON:test_server_security_groups): 200 GET http://10.180.1.21/compute/v2.1/servers/db55a66b-8be9-4ed8-b11e-983b05977063 0.370s
2025-04-03 12:04:01.990 69781 INFO tempest.lib.common.rest_client [req-a0803730-5734-4dcf-8465-05167ea7ee95 req-a0803730-5734-4dcf-8465-05167ea7ee95 ] Request (FloatingIPsAssociationTestJSON:test_associate_already_associated_floating_ip): 200 GET http://10.180.1.21/compute/v2.1/servers/9570d9f7-1dcb-41b4-8058-e1f16833ac44 0.314s
2025-04-03 12:04:01.993 69753 INFO tempest.lib.common.rest_client [req-104d2ed2-7dcd-4bc4-be64-6065b38dbb1b req-104d2ed2-7dcd-4bc4-be64-6065b38dbb1b ] Request (ValidationResourcesFixture:setUp): 201 POST http://10.180.1.21:9696/networking/v2.0/security-group-rules 0.107s
2025-04-03 12:04:02.046 69777 INFO tempest.lib.common.rest_client [req-de809a39-030c-4a9e-8c20-dc168339f4e4 req-de809a39-030c-4a9e-8c20-dc168339f4e4 ] Request (ServersListShow298Test:tearDownClass): 200 GET http://10.180.1.21/compute/v2.1/servers/7105db4d-104b-4c22-9a33-7b5a9a2043c8 0.338s
2025-04-03 12:04:02.076 69765 INFO tempest.lib.common.rest_client [req-71373bf3-45cf-4545-94db-9c919c4e3562 req-71373bf3-45cf-4545-94db-9c919c4e3562 ] Request (ServersTestJSON:_run_cleanups): 204 DELETE http://10.180.1.21/compute/v2.1/servers/92548565-7ab3-4692-b3a2-7cbe5b31c174 0.331s
2025-04-03 12:04:02.100 69783 INFO tempest.lib.common.rest_client [req-abb73bbe-d703-49b3-9b31-da0d9031f82d req-abb73bbe-d703-49b3-9b31-da0d9031f82d ] Request (DeleteServersAdminTestJSON:test_admin_delete_servers_of_others): 200 GET http://10.180.1.21/compute/v2.1/servers/a1070e28-43c7-48f9-8325-af823ff273bc 0.331s
2025-04-03 12:04:02.152 69763 INFO tempest.lib.common.rest_client [req-b6a547e7-90d3-4b83-82d3-61c5e70ec3f6 req-b6a547e7-90d3-4b83-82d3-61c5e70ec3f6 ] Request (MultipleCreateTestJSON:test_multiple_create): 200 GET http://10.180.1.21/compute/v2.1/servers/05ee971f-3aed-4c08-920d-60eaf4f20e75 0.381s
2025-04-03 12:04:02.157 69771 INFO tempest.lib.common.rest_client [req-b018e91a-1db2-44e4-ac3d-d05447e70427 req-b018e91a-1db2-44e4-ac3d-d05447e70427 ] Request (AttachInterfacesTestJSON:test_create_list_show_delete_interfaces_by_fixed_ip): 200 GET http://10.180.1.21/compute/v2.1/servers/6d2a912a-8990-4032-b22c-d1a769e058fd 0.332s
2025-04-03 12:04:02.207 69815 INFO tempest.lib.common.rest_client [req-9ce16a5b-7dfb-4626-9ef1-b3053e294040 req-9ce16a5b-7dfb-4626-9ef1-b3053e294040 ] Request (ServerDiskConfigTestJSON:test_rebuild_server_with_auto_disk_config): 200 GET http://10.180.1.21/compute/v2.1/servers/ae003353-32f8-4e86-915a-5a184e105be5 0.309s
2025-04-03 12:04:02.340 69791 INFO tempest.lib.common.rest_client [req-eefa6017-6646-4936-a742-63b729a72acc req-eefa6017-6646-4936-a742-63b729a72acc ] Request (MigrationsAdminTest:test_list_migrations_in_flavor_resize_situation): 200 GET http://10.180.1.21/compute/v2.1/servers/8bc53731-8231-40a3-98b7-aa51b30850b9 0.415s
2025-04-03 12:04:02.394 69801 INFO tempest.lib.common.rest_client [req-2e033c0f-be03-4937-ab27-9c66c6301f1c req-2e033c0f-be03-4937-ab27-9c66c6301f1c ] Request (ServersAdminNegativeTestJSON:test_migrate_server_invalid_state): 200 GET http://10.180.1.21/compute/v2.1/servers/f64e0477-2524-4169-98b6-1595ea0269c3 0.428s
2025-04-03 12:04:02.426 69753 INFO tempest.lib.common.rest_client [req-cbf8df7a-5146-4ffb-b8bc-ea6500b395d2 req-cbf8df7a-5146-4ffb-b8bc-ea6500b395d2 ] Request (ValidationResourcesFixture:setUp): 201 POST http://10.180.1.21:9696/networking/v2.0/floatingips 0.432s
2025-04-03 12:04:02.460 69785 INFO tempest.lib.common.rest_client [req-fa53c844-e9e6-44a7-b473-383c657a517a req-fa53c844-e9e6-44a7-b473-383c657a517a ] Request (ListImageFiltersTestJSON:setUpClass): 200 GET http://10.180.1.21/compute/v2.1/servers/c4f9d6db-722b-4da2-8e48-192598d791b1 0.472s
2025-04-03 12:04:02.467 69785 INFO tempest.common.waiters [-] State transition "BUILD/scheduling" ==> "BUILD/None" after 26 second wait
2025-04-03 12:04:02.468 69753 INFO tempest.lib.common.rest_client [req-671895df-ec25-402b-b7de-f8b53544c96e req-671895df-ec25-402b-b7de-f8b53544c96e ] Request (AttachVolumeNegativeTest:test_attach_attached_volume_to_different_server): 201 POST http://10.180.1.21/identity/v3/auth/tokens 0.039s
2025-04-03 12:04:02.469 69753 INFO tempest.lib.common.fixed_network [-] (AttachVolumeNegativeTest:test_attach_attached_volume_to_different_server) Found network {'id': '154f2378-5b91-4d24-be0c-2d4b775551a7', 'name': 'tempest-AttachVolumeNegativeTest-617390272-network', 'tenant_id': 'd92e79809f3646029ca93a266f65b716', 'admin_state_up': True, 'mtu': 8950, 'status': 'ACTIVE', 'subnets': [], 'shared': False, 'project_id': 'd92e79809f3646029ca93a266f65b716', 'port_security_enabled': True, 'router:external': False, 'provider:network_type': 'vlan', 'provider:physical_network': 'default', 'provider:segmentation_id': 831, 'availability_zone_hints': [], 'availability_zones': [], 'ipv4_address_scope': None, 'ipv6_address_scope': None, 'description': '', 'tags': [], 'created_at': '2025-04-03T12:03:59Z', 'updated_at': '2025-04-03T12:03:59Z', 'revision_number': 1} available for tenant
2025-04-03 12:04:02.515 69811 INFO tempest.lib.common.rest_client [req-a73c3f17-3f3a-47c2-a597-154a35faa772 req-a73c3f17-3f3a-47c2-a597-154a35faa772 ] Request (AttachInterfacesUnderV243Test:test_add_remove_fixed_ip): 200 GET http://10.180.1.21/compute/v2.1/servers/60f0b1c6-4ec8-4d5b-8953-9f261c0eddf5 0.442s
2025-04-03 12:04:02.581 69807 INFO tempest.lib.common.rest_client [req-fd455575-44b7-47ef-abc2-3db84e993b0e req-fd455575-44b7-47ef-abc2-3db84e993b0e ] Request (ServerRescueTestJSON:setUpClass): 202 POST http://10.180.1.21/compute/v2.1/servers 0.662s
2025-04-03 12:04:02.663 69765 INFO tempest.lib.common.rest_client [req-d5b98ad4-9e55-4a22-bc03-95da8eaaa4f8 req-d5b98ad4-9e55-4a22-bc03-95da8eaaa4f8 ] Request (ServersTestJSON:_run_cleanups): 200 GET http://10.180.1.21/compute/v2.1/servers/92548565-7ab3-4692-b3a2-7cbe5b31c174 0.587s
2025-04-03 12:04:02.701 69795 INFO tempest.lib.common.rest_client [req-87540ef5-eb25-4b22-ad85-d9cf36fb9401 req-87540ef5-eb25-4b22-ad85-d9cf36fb9401 ] Request (ServerGroupTestJSON:test_create_server_with_scheduler_hint_group): 200 GET http://10.180.1.21/compute/v2.1/servers/93bce1b5-ce12-418f-abb9-3adf1e75d1ac 0.398s
2025-04-03 12:04:02.718 69799 INFO tempest.lib.common.rest_client [req-d07fad99-7b48-4153-988a-af4ac9b0378a req-d07fad99-7b48-4153-988a-af4ac9b0378a ] Request (ServerRescueNegativeTestJSON:setUpClass): 200 GET http://10.180.1.21/compute/v2.1/servers/ee130e80-37f3-424c-83fc-d980983ad96f 0.352s
2025-04-03 12:04:02.753 69755 INFO tempest.lib.common.rest_client [req-2726d992-fa22-4311-8992-b9430132786e req-2726d992-fa22-4311-8992-b9430132786e ] Request (ServerDiagnosticsTest:test_get_server_diagnostics): 200 GET http://10.180.1.21/compute/v2.1/servers/0551002b-4313-4f48-8c86-46bcf2c8c1df 0.348s
2025-04-03 12:04:02.809 69779 INFO tempest.lib.common.rest_client [req-a8af405a-a56e-4056-9046-d4c5a8e8958d req-a8af405a-a56e-4056-9046-d4c5a8e8958d ] Request (ServerShowV257Test:tearDownClass): 200 GET http://10.180.1.21/compute/v2.1/servers/42f89423-0e5d-44d3-b202-b449f66ab0b8 0.327s
2025-04-03 12:04:02.866 69803 INFO tempest.lib.common.rest_client [req-5f76ed58-00d1-423f-ab56-abea23b1b50a req-5f76ed58-00d1-423f-ab56-abea23b1b50a ] Request (ServersAdminTestJSON:setUpClass): 200 GET http://10.180.1.21/compute/v2.1/servers/41dc590f-ba91-424e-a087-8b51922e5886 0.308s
2025-04-03 12:04:02.915 69807 INFO tempest.lib.common.rest_client [req-5ea42616-3fe3-4229-825e-6d2776de1309 req-5ea42616-3fe3-4229-825e-6d2776de1309 ] Request (ServerRescueTestJSON:setUpClass): 200 GET http://10.180.1.21/compute/v2.1/servers/0502af08-7fcb-4ebe-9b2c-c5d69661bed1 0.333s
2025-04-03 12:04:02.977 69775 INFO tempest.lib.common.rest_client [req-7e646b66-0e6d-4c74-b320-6ca047ee7c10 req-7e646b66-0e6d-4c74-b320-6ca047ee7c10 ] Request (AttachInterfacesV270Test:test_create_get_list_interfaces): 200 GET http://10.180.1.21/compute/v2.1/servers/5f9b0f8d-92cf-4caf-908f-e9e3a8dddeee 0.376s
2025-04-03 12:04:03.036 69759 INFO tempest.lib.common.rest_client [req-51396acf-c56e-4b41-abf4-7dadd3c3df95 req-51396acf-c56e-4b41-abf4-7dadd3c3df95 ] Request (ServerShowV247Test:test_update_rebuild_list_server): 200 GET http://10.180.1.21/compute/v2.1/servers/0d8d692c-4982-429b-8243-17099f95c8ab 0.372s
2025-04-03 12:04:03.094 69793 INFO tempest.lib.common.rest_client [req-613e332d-b409-42f1-ac30-12773cc3f1e8 req-613e332d-b409-42f1-ac30-12773cc3f1e8 ] Request (ImagesTestJSON:test_create_image_from_suspended_server): 200 GET http://10.180.1.21/compute/v2.1/servers/e6a49a4a-583d-4fc8-bc42-904a7c8224d6 0.368s
2025-04-03 12:04:03.098 69753 INFO tempest.lib.common.rest_client [req-f1e71c14-ab4b-40bc-9a1e-16e7f5bb98f5 req-f1e71c14-ab4b-40bc-9a1e-16e7f5bb98f5 ] Request (AttachVolumeNegativeTest:test_attach_attached_volume_to_different_server): 202 POST http://10.180.1.21/compute/v2.1/servers 0.629s
2025-04-03 12:04:03.178 69767 INFO tempest.lib.common.rest_client [req-01b5053d-280e-45e1-b600-4486495e96d0 req-01b5053d-280e-45e1-b600-4486495e96d0 ] Request (ImagesNegativeTestJSON:test_create_image_from_deleted_server): 200 GET http://10.180.1.21/compute/v2.1/servers/192aaa13-8dc0-447e-8ef1-0fbd7bf99bb6 0.355s
2025-04-03 12:04:03.183 69761 INFO tempest.lib.common.rest_client [req-da8ccbf2-770e-46a8-8e7a-00ea4a9ec7f8 req-da8ccbf2-770e-46a8-8e7a-00ea4a9ec7f8 ] Request (ListServerFiltersTestJSON:setUpClass): 200 GET http://10.180.1.21/compute/v2.1/servers/9b4c0a65-7270-4028-b232-6e756b03d182 0.389s
2025-04-03 12:04:03.191 69767 INFO tempest.common.waiters [-] State transition "ACTIVE/deleting" ==> "DELETED/None" after 4 second wait
2025-04-03 12:04:03.247 69809 INFO tempest.lib.common.rest_client [req-d6cb20e1-8090-4bf4-abe3-09cc90492d6b req-d6cb20e1-8090-4bf4-abe3-09cc90492d6b ] Request (ServersTestFqdnHostnames:test_create_server_with_fqdn_name): 200 GET http://10.180.1.21/compute/v2.1/servers/f1ec9889-55f4-455c-a927-36585d57bc41 0.330s
2025-04-03 12:04:03.256 69809 INFO tempest.common.waiters [-] State transition "BUILD/None" ==> "BUILD/networking" after 40 second wait
2025-04-03 12:04:03.294 69773 INFO tempest.lib.common.rest_client [req-971e3584-c458-4ad5-8a89-a22b626855f2 req-971e3584-c458-4ad5-8a89-a22b626855f2 ] Request (ServersAdmin275Test:tearDownClass): 200 GET http://10.180.1.21/compute/v2.1/servers/2f68bcc7-530b-4169-a91e-1880350cf467 0.403s
2025-04-03 12:04:03.313 69769 INFO tempest.lib.common.rest_client [req-f851624b-cc6a-48a8-8e6c-0ca4ecd7cc38 req-f851624b-cc6a-48a8-8e6c-0ca4ecd7cc38 ] Request (InstanceActionsNegativeTestJSON:setUpClass): 200 GET http://10.180.1.21/compute/v2.1/servers/debf4a55-5e31-4e22-bcd5-4b3267969e51 0.362s
2025-04-03 12:04:03.601 69787 INFO tempest.lib.common.rest_client [req-83920fa4-91b2-4e2d-9242-5d61e02e09c6 req-83920fa4-91b2-4e2d-9242-5d61e02e09c6 ] Request (SecurityGroupsTestJSON:test_server_security_groups): 200 GET http://10.180.1.21/compute/v2.1/servers/db55a66b-8be9-4ed8-b11e-983b05977063 0.623s
2025-04-03 12:04:03.608 69781 INFO tempest.lib.common.rest_client [req-cde838ad-5287-4a59-9cde-a525e7e334ca req-cde838ad-5287-4a59-9cde-a525e7e334ca ] Request (FloatingIPsAssociationTestJSON:test_associate_already_associated_floating_ip): 200 GET http://10.180.1.21/compute/v2.1/servers/9570d9f7-1dcb-41b4-8058-e1f16833ac44 0.605s
2025-04-03 12:04:03.650 69753 INFO tempest.lib.common.rest_client [req-a746777f-99e9-468a-aa61-c9ff3698f2cb req-a746777f-99e9-468a-aa61-c9ff3698f2cb ] Request (AttachVolumeNegativeTest:test_attach_attached_volume_to_different_server): 200 GET http://10.180.1.21/compute/v2.1/servers/5e872a46-1c3e-4e2a-b7bc-358471966940 0.550s
2025-04-03 12:04:03.676 69777 INFO tempest.lib.common.rest_client [req-f224c020-b2b3-436b-9342-6394146d12d0 req-f224c020-b2b3-436b-9342-6394146d12d0 ] Request (ServersListShow298Test:tearDownClass): 200 GET http://10.180.1.21/compute/v2.1/servers/7105db4d-104b-4c22-9a33-7b5a9a2043c8 0.615s
2025-04-03 12:04:03.698 69757 WARNING tempest.lib.common.ssh [-] Failed to establish authenticated ssh connection to cirros@10.180.180.171 ([Errno None] Unable to connect to port 22 on 10.180.180.171). Number attempts: 5. Retry after 6 seconds.: paramiko.ssh_exception.NoValidConnectionsError: [Errno None] Unable to connect to port 22 on 10.180.180.171
2025-04-03 12:04:03.712 69783 INFO tempest.lib.common.rest_client [req-8355cf74-788d-4e60-9748-e8df9e8bcb77 req-8355cf74-788d-4e60-9748-e8df9e8bcb77 ] Request (DeleteServersAdminTestJSON:test_admin_delete_servers_of_others): 200 GET http://10.180.1.21/compute/v2.1/servers/a1070e28-43c7-48f9-8325-af823ff273bc 0.603s
2025-04-03 12:04:03.732 69763 INFO tempest.lib.common.rest_client [req-15f2e7d9-8daa-43e4-8c60-dfe9153fef6b req-15f2e7d9-8daa-43e4-8c60-dfe9153fef6b ] Request (MultipleCreateTestJSON:test_multiple_create): 200 GET http://10.180.1.21/compute/v2.1/servers/05ee971f-3aed-4c08-920d-60eaf4f20e75 0.570s
2025-04-03 12:04:03.758 69771 INFO tempest.lib.common.rest_client [req-e2ed8524-b248-4d43-90cc-b602b4e80a59 req-e2ed8524-b248-4d43-90cc-b602b4e80a59 ] Request (AttachInterfacesTestJSON:test_create_list_show_delete_interfaces_by_fixed_ip): 200 GET http://10.180.1.21/compute/v2.1/servers/6d2a912a-8990-4032-b22c-d1a769e058fd 0.593s
2025-04-03 12:04:03.789 69815 INFO tempest.lib.common.rest_client [req-ffb2a4a9-8162-43c9-bbfe-caabf8272621 req-ffb2a4a9-8162-43c9-bbfe-caabf8272621 ] Request (ServerDiskConfigTestJSON:test_rebuild_server_with_auto_disk_config): 200 GET http://10.180.1.21/compute/v2.1/servers/ae003353-32f8-4e86-915a-5a184e105be5 0.573s
2025-04-03 12:04:03.847 69801 INFO tempest.lib.common.rest_client [req-99f299c3-4093-462b-b9d6-654d2af77d0d req-99f299c3-4093-462b-b9d6-654d2af77d0d ] Request (ServersAdminNegativeTestJSON:test_migrate_server_invalid_state): 200 GET http://10.180.1.21/compute/v2.1/servers/f64e0477-2524-4169-98b6-1595ea0269c3 0.444s
2025-04-03 12:04:03.864 69791 INFO tempest.lib.common.rest_client [req-f079eaf0-1028-40c0-a511-4cc94d865802 req-f079eaf0-1028-40c0-a511-4cc94d865802 ] Request (MigrationsAdminTest:test_list_migrations_in_flavor_resize_situation): 200 GET http://10.180.1.21/compute/v2.1/servers/8bc53731-8231-40a3-98b7-aa51b30850b9 0.513s
2025-04-03 12:04:03.895 69785 INFO tempest.lib.common.rest_client [req-0eb719a2-bf15-4eea-9ccf-5f72f35e9b3e req-0eb719a2-bf15-4eea-9ccf-5f72f35e9b3e ] Request (ListImageFiltersTestJSON:setUpClass): 200 GET http://10.180.1.21/compute/v2.1/servers/c4f9d6db-722b-4da2-8e48-192598d791b1 0.427s
2025-04-03 12:04:03.907 69811 INFO tempest.lib.common.rest_client [req-b45537f5-85db-4a66-aa82-ab60c08278a4 req-b45537f5-85db-4a66-aa82-ab60c08278a4 ] Request (AttachInterfacesUnderV243Test:test_add_remove_fixed_ip): 200 GET http://10.180.1.21/compute/v2.1/servers/60f0b1c6-4ec8-4d5b-8953-9f261c0eddf5 0.379s
2025-04-03 12:04:03.954 69789 WARNING tempest.lib.common.ssh [-] Failed to establish authenticated ssh connection to cirros@10.180.180.214 ([Errno None] Unable to connect to port 22 on 10.180.180.214). Number attempts: 6. Retry after 7 seconds.: paramiko.ssh_exception.NoValidConnectionsError: [Errno None] Unable to connect to port 22 on 10.180.180.214
2025-04-03 12:04:04.015 69765 INFO tempest.lib.common.rest_client [req-b2d03fe2-b240-4210-b37a-eb83210f3a7c req-b2d03fe2-b240-4210-b37a-eb83210f3a7c ] Request (ServersTestJSON:_run_cleanups): 200 GET http://10.180.1.21/compute/v2.1/servers/92548565-7ab3-4692-b3a2-7cbe5b31c174 0.341s
2025-04-03 12:04:04.025 69795 INFO tempest.lib.common.rest_client [req-ddff307b-8118-41d5-8af7-77dea800ace9 req-ddff307b-8118-41d5-8af7-77dea800ace9 ] Request (ServerGroupTestJSON:test_create_server_with_scheduler_hint_group): 200 GET http://10.180.1.21/compute/v2.1/servers/93bce1b5-ce12-418f-abb9-3adf1e75d1ac 0.312s
2025-04-03 12:04:04.078 69799 INFO tempest.lib.common.rest_client [req-792f62cb-3810-40e9-bfaa-362472c60ca7 req-792f62cb-3810-40e9-bfaa-362472c60ca7 ] Request (ServerRescueNegativeTestJSON:setUpClass): 200 GET http://10.180.1.21/compute/v2.1/servers/ee130e80-37f3-424c-83fc-d980983ad96f 0.351s
2025-04-03 12:04:04.087 69755 INFO tempest.lib.common.rest_client [req-cdf96174-4568-48dc-8e96-8ecbecd435e2 req-cdf96174-4568-48dc-8e96-8ecbecd435e2 ] Request (ServerDiagnosticsTest:test_get_server_diagnostics): 200 GET http://10.180.1.21/compute/v2.1/servers/0551002b-4313-4f48-8c86-46bcf2c8c1df 0.325s
2025-04-03 12:04:04.157 69803 INFO tempest.lib.common.rest_client [req-02a4240e-362b-4c9a-bbae-f278e2a9e12c req-02a4240e-362b-4c9a-bbae-f278e2a9e12c ] Request (ServersAdminTestJSON:setUpClass): 200 GET http://10.180.1.21/compute/v2.1/servers/41dc590f-ba91-424e-a087-8b51922e5886 0.276s
2025-04-03 12:04:04.159 69779 INFO tempest.lib.common.rest_client [req-ef976423-ea2e-4f6b-b587-0fce16ace4d1 req-ef976423-ea2e-4f6b-b587-0fce16ace4d1 ] Request (ServerShowV257Test:tearDownClass): 200 GET http://10.180.1.21/compute/v2.1/servers/42f89423-0e5d-44d3-b202-b449f66ab0b8 0.338s
2025-04-03 12:04:04.222 69775 INFO tempest.lib.common.rest_client [req-1186367f-2859-4073-a593-319d70b8be9d req-1186367f-2859-4073-a593-319d70b8be9d ] Request (AttachInterfacesV270Test:test_create_get_list_interfaces): 200 GET http://10.180.1.21/compute/v2.1/servers/5f9b0f8d-92cf-4caf-908f-e9e3a8dddeee 0.233s
2025-04-03 12:04:04.223 69807 INFO tempest.lib.common.rest_client [req-a1cbd621-96eb-4935-93c2-3dc76d08b665 req-a1cbd621-96eb-4935-93c2-3dc76d08b665 ] Request (ServerRescueTestJSON:setUpClass): 200 GET http://10.180.1.21/compute/v2.1/servers/0502af08-7fcb-4ebe-9b2c-c5d69661bed1 0.298s
