2025-03-06 09:30:37.864 69173 INFO tempest.lib.common.dynamic_creds [-] Acquired dynamic creds: credentials: Credentials: {'domain_id': 'default', 'domain_name': 'Default', 'username': 'tempest-QuotaClassesAdminTestJSON-1209415862-project-member', 'project_domain_id': 'default', 'project_domain_name': 'Default', 'project_id': '44582acf0a4a47d7b76f52c908dd060a', 'project_name': 'tempest-QuotaClassesAdminTestJSON-1209415862', 'tenant_id': '44582acf0a4a47d7b76f52c908dd060a', 'tenant_name': 'tempest-QuotaClassesAdminTestJSON-1209415862', 'user_domain_id': 'default', 'user_domain_name': 'Default', 'user_id': '3f286b6c3266454b8cb6b4558e7a7564', 'system': None}, Network: None, Subnet: None, Router: None
2025-03-06 09:30:37.864 69207 WARNING oslo_config.cfg [-] Deprecated: Option "auth_version" from group "identity" is deprecated for removal (Identity v2 API was removed and v3 is the only available identity API version now). Its value may be silently ignored in the future.
2025-03-06 09:30:37.864 69173 INFO tempest.lib.common.dynamic_creds [-] Created isolated network resources for: credentials: Credentials: {'domain_id': 'default', 'domain_name': 'Default', 'username': 'tempest-QuotaClassesAdminTestJSON-1209415862-project-member', 'project_domain_id': 'default', 'project_domain_name': 'Default', 'project_id': '44582acf0a4a47d7b76f52c908dd060a', 'project_name': 'tempest-QuotaClassesAdminTestJSON-1209415862', 'tenant_id': '44582acf0a4a47d7b76f52c908dd060a', 'tenant_name': 'tempest-QuotaClassesAdminTestJSON-1209415862', 'user_domain_id': 'default', 'user_domain_name': 'Default', 'user_id': '3f286b6c3266454b8cb6b4558e7a7564', 'system': None}, Network: None, Subnet: None, Router: None
2025-03-06 09:30:37.865 69207 WARNING oslo_config.cfg [-] Deprecated: Option "access_rules" from group "identity-feature-enabled" is deprecated for removal (Access rules for application credentials is a default feature since Train). Its value may be silently ignored in the future.
2025-03-06 09:30:37.866 69207 WARNING oslo_config.cfg [-] Deprecated: Option "import_image" from group "image-feature-enabled" is deprecated for removal (Issue with image import in WSGI mode was fixed in Victoria, and this feature works in any deployment architecture now.). Its value may be silently ignored in the future.
2025-03-06 09:30:37.866 69207 WARNING oslo_config.cfg [-] Deprecated: Option "os_glance_reserved" from group "image-feature-enabled" is deprecated for removal (os_glance namespace is always reserved since Wallaby). Its value may be silently ignored in the future.
2025-03-06 09:30:37.907 69163 INFO tempest.lib.common.rest_client [req-c2afc9cd-15d2-4ef0-b236-9b3ac91ef843 req-c2afc9cd-15d2-4ef0-b236-9b3ac91ef843 ] Request (VolumesAssistedSnapshotsTest:setUpClass): 201 POST http://10.180.1.21:9696/networking/v2.0/networks 0.317s
2025-03-06 09:30:37.959 69189 INFO tempest [-] Using tempest config file /opt/stack/testrun/etc/tempest.conf
2025-03-06 09:30:37.988 69187 INFO tempest [-] Using tempest config file /opt/stack/testrun/etc/tempest.conf
2025-03-06 09:30:37.990 69189 WARNING oslo_config.cfg [-] Deprecated: Option "auth_version" from group "identity" is deprecated for removal (Identity v2 API was removed and v3 is the only available identity API version now). Its value may be silently ignored in the future.
2025-03-06 09:30:38.004 69189 WARNING oslo_config.cfg [-] Deprecated: Option "access_rules" from group "identity-feature-enabled" is deprecated for removal (Access rules for application credentials is a default feature since Train). Its value may be silently ignored in the future.
2025-03-06 09:30:38.005 69189 WARNING oslo_config.cfg [-] Deprecated: Option "import_image" from group "image-feature-enabled" is deprecated for removal (Issue with image import in WSGI mode was fixed in Victoria, and this feature works in any deployment architecture now.). Its value may be silently ignored in the future.
2025-03-06 09:30:38.005 69189 WARNING oslo_config.cfg [-] Deprecated: Option "os_glance_reserved" from group "image-feature-enabled" is deprecated for removal (os_glance namespace is always reserved since Wallaby). Its value may be silently ignored in the future.
2025-03-06 09:30:38.007 69187 WARNING oslo_config.cfg [-] Deprecated: Option "auth_version" from group "identity" is deprecated for removal (Identity v2 API was removed and v3 is the only available identity API version now). Its value may be silently ignored in the future.
2025-03-06 09:30:38.008 69187 WARNING oslo_config.cfg [-] Deprecated: Option "access_rules" from group "identity-feature-enabled" is deprecated for removal (Access rules for application credentials is a default feature since Train). Its value may be silently ignored in the future.
2025-03-06 09:30:38.009 69167 INFO tempest.lib.common.rest_client [req-c0b7360d-4268-4805-bd48-2dcd3f7d72e4 req-c0b7360d-4268-4805-bd48-2dcd3f7d72e4 ] Request (FlavorsExtraSpecsTestJSON:test_flavor_non_admin_get_all_keys): 200 GET http://10.180.1.21/compute/v2.1/flavors/103064487/os-extra_specs 0.168s
2025-03-06 09:30:38.032 69187 WARNING oslo_config.cfg [-] Deprecated: Option "import_image" from group "image-feature-enabled" is deprecated for removal (Issue with image import in WSGI mode was fixed in Victoria, and this feature works in any deployment architecture now.). Its value may be silently ignored in the future.
2025-03-06 09:30:38.032 69187 WARNING oslo_config.cfg [-] Deprecated: Option "os_glance_reserved" from group "image-feature-enabled" is deprecated for removal (os_glance namespace is always reserved since Wallaby). Its value may be silently ignored in the future.
2025-03-06 09:30:38.078 69201 INFO tempest.lib.common.rest_client [req-211885a0-9d0a-49e2-9ade-f35d3dfa8a3d req-211885a0-9d0a-49e2-9ade-f35d3dfa8a3d ] Request (AZAdminV2TestJSON:setUpClass): 201 POST http://10.180.1.21/identity/v3/auth/tokens 0.079s
2025-03-06 09:30:38.083 69177 INFO tempest.lib.common.rest_client [req-4d06cc26-4fcf-4449-b22e-054d4c0b5985 req-4d06cc26-4fcf-4449-b22e-054d4c0b5985 ] Request (ServersWithSpecificFlavorTestJSON:setUpClass): 201 POST http://10.180.1.21/identity/v3/auth/tokens 0.089s
2025-03-06 09:30:38.101 69167 INFO tempest.lib.common.rest_client [req-c6fb8445-111d-4c32-83c6-3c86663cc5aa req-c6fb8445-111d-4c32-83c6-3c86663cc5aa ] Request (FlavorsExtraSpecsTestJSON:test_flavor_non_admin_get_specific_key): 200 POST http://10.180.1.21/compute/v2.1/flavors/103064487/os-extra_specs 0.060s
2025-03-06 09:30:38.109 69191 INFO tempest.lib.common.rest_client [req-2c8dd2cf-b94e-4310-81f0-09540a3ee84b req-2c8dd2cf-b94e-4310-81f0-09540a3ee84b ] Request (FlavorMetadataValidation:setUpClass): 201 POST http://10.180.1.21/identity/v3/auth/tokens 0.051s
2025-03-06 09:30:38.125 69199 INFO tempest [-] Using tempest config file /opt/stack/testrun/etc/tempest.conf
2025-03-06 09:30:38.131 69167 INFO tempest.lib.common.rest_client [req-1127bcdd-8835-4142-9cc7-2c36344a14d7 req-1127bcdd-8835-4142-9cc7-2c36344a14d7 ] Request (FlavorsExtraSpecsTestJSON:test_flavor_non_admin_get_specific_key): 200 GET http://10.180.1.21/compute/v2.1/flavors/103064487/os-extra_specs/hw:numa_nodes 0.028s
2025-03-06 09:30:38.136 69173 INFO tempest.lib.common.rest_client [req-7b13e056-dad9-480d-84c4-31c1a0a63e19 req-7b13e056-dad9-480d-84c4-31c1a0a63e19 ] Request (QuotaClassesAdminTestJSON:setUpClass): 201 POST http://10.180.1.21/identity/v3/auth/tokens 0.099s
2025-03-06 09:30:38.149 69199 WARNING oslo_config.cfg [-] Deprecated: Option "auth_version" from group "identity" is deprecated for removal (Identity v2 API was removed and v3 is the only available identity API version now). Its value may be silently ignored in the future.
2025-03-06 09:30:38.164 69163 INFO tempest.lib.common.rest_client [req-bab52fbf-2d92-429d-a442-e1c646ee28d8 req-bab52fbf-2d92-429d-a442-e1c646ee28d8 ] Request (VolumesAssistedSnapshotsTest:setUpClass): 201 POST http://10.180.1.21:9696/networking/v2.0/subnets 0.256s
2025-03-06 09:30:38.162 69201 INFO tempest.lib.common.rest_client [req-bf5c2a48-3f9b-44ca-ba1c-14581dc069b1 req-bf5c2a48-3f9b-44ca-ba1c-14581dc069b1 ] Request (AZAdminV2TestJSON:setUpClass): 201 POST http://10.180.1.21/identity/v3/auth/tokens 0.072s
2025-03-06 09:30:38.169 69177 INFO tempest.lib.common.rest_client [req-c5ee6154-9879-4d44-8638-07325d23db2e req-c5ee6154-9879-4d44-8638-07325d23db2e ] Request (ServersWithSpecificFlavorTestJSON:setUpClass): 201 POST http://10.180.1.21/identity/v3/auth/tokens 0.069s
2025-03-06 09:30:38.176 69191 INFO tempest.lib.common.rest_client [req-af00fa94-ad61-4e70-8d57-fd30e272ad04 req-af00fa94-ad61-4e70-8d57-fd30e272ad04 ] Request (FlavorMetadataValidation:setUpClass): 201 POST http://10.180.1.21/identity/v3/auth/tokens 0.046s
2025-03-06 09:30:38.193 69173 INFO tempest.lib.common.rest_client [req-36ac476d-5cd7-4a81-94ea-557d7382556b req-36ac476d-5cd7-4a81-94ea-557d7382556b ] Request (QuotaClassesAdminTestJSON:setUpClass): 201 POST http://10.180.1.21/identity/v3/projects 0.056s
2025-03-06 09:30:38.199 69199 WARNING oslo_config.cfg [-] Deprecated: Option "access_rules" from group "identity-feature-enabled" is deprecated for removal (Access rules for application credentials is a default feature since Train). Its value may be silently ignored in the future.
2025-03-06 09:30:38.200 69199 WARNING oslo_config.cfg [-] Deprecated: Option "import_image" from group "image-feature-enabled" is deprecated for removal (Issue with image import in WSGI mode was fixed in Victoria, and this feature works in any deployment architecture now.). Its value may be silently ignored in the future.
2025-03-06 09:30:38.200 69199 WARNING oslo_config.cfg [-] Deprecated: Option "os_glance_reserved" from group "image-feature-enabled" is deprecated for removal (os_glance namespace is always reserved since Wallaby). Its value may be silently ignored in the future.
2025-03-06 09:30:38.207 69167 INFO tempest.lib.common.rest_client [req-e3678609-949f-48b4-bcbd-df2e90394521 req-e3678609-949f-48b4-bcbd-df2e90394521 ] Request (FlavorsExtraSpecsTestJSON:test_flavor_set_get_update_show_unset_keys): 200 POST http://10.180.1.21/compute/v2.1/flavors/103064487/os-extra_specs 0.074s
2025-03-06 09:30:38.207 69177 INFO tempest.lib.common.rest_client [req-61661254-0d28-43c8-b03f-5db0a992ae63 req-61661254-0d28-43c8-b03f-5db0a992ae63 ] Request (ServersWithSpecificFlavorTestJSON:setUpClass): 200 GET http://10.180.1.21/identity/v3/domains?name=Default 0.037s
2025-03-06 09:30:38.239 69167 INFO tempest.lib.common.rest_client [req-4ec4bbbb-45ba-4965-be6d-7f639934f5bd req-4ec4bbbb-45ba-4965-be6d-7f639934f5bd ] Request (FlavorsExtraSpecsTestJSON:test_flavor_set_get_update_show_unset_keys): 200 GET http://10.180.1.21/compute/v2.1/flavors/103064487/os-extra_specs 0.031s
2025-03-06 09:30:38.265 69191 INFO tempest.lib.common.rest_client [req-7730a23d-538f-4361-ac3c-43d598288888 req-7730a23d-538f-4361-ac3c-43d598288888 ] Request (FlavorMetadataValidation:setUpClass): 200 GET http://10.180.1.21/identity/v3/domains?name=Default 0.089s
2025-03-06 09:30:38.255 69201 INFO tempest.lib.common.rest_client [req-e84c0e4c-83ac-4610-a0c4-e481d8347b0a req-e84c0e4c-83ac-4610-a0c4-e481d8347b0a ] Request (AZAdminV2TestJSON:setUpClass): 200 GET http://10.180.1.21/identity/v3/domains?name=Default 0.081s
2025-03-06 09:30:38.273 69167 INFO tempest.lib.common.rest_client [req-9eee83d4-7d4b-462a-9131-d257d355189d req-9eee83d4-7d4b-462a-9131-d257d355189d ] Request (FlavorsExtraSpecsTestJSON:test_flavor_set_get_update_show_unset_keys): 200 PUT http://10.180.1.21/compute/v2.1/flavors/103064487/os-extra_specs/hw:numa_nodes 0.033s
2025-03-06 09:30:38.276 69173 INFO tempest.lib.common.rest_client [req-1dbc3e08-ddbd-4ac0-92e0-0a37e6e7db1d req-1dbc3e08-ddbd-4ac0-92e0-0a37e6e7db1d ] Request (QuotaClassesAdminTestJSON:setUpClass): 201 POST http://10.180.1.21/identity/v3/users 0.082s
2025-03-06 09:30:38.304 69177 INFO tempest.lib.common.rest_client [req-ab6f7111-eb5b-4811-a302-04473ceabcbd req-ab6f7111-eb5b-4811-a302-04473ceabcbd ] Request (ServersWithSpecificFlavorTestJSON:setUpClass): 201 POST http://10.180.1.21/identity/v3/projects 0.095s
2025-03-06 09:30:38.303 69167 INFO tempest.lib.common.rest_client [req-ae7c5b9f-bba5-4b2c-a617-506267e05c65 req-ae7c5b9f-bba5-4b2c-a617-506267e05c65 ] Request (FlavorsExtraSpecsTestJSON:test_flavor_set_get_update_show_unset_keys): 200 GET http://10.180.1.21/compute/v2.1/flavors/103064487/os-extra_specs 0.030s
2025-03-06 09:30:38.316 69191 INFO tempest.lib.common.rest_client [req-9b9084d1-e6b3-4a8d-b1fb-c45e2093fabd req-9b9084d1-e6b3-4a8d-b1fb-c45e2093fabd ] Request (FlavorMetadataValidation:setUpClass): 201 POST http://10.180.1.21/identity/v3/projects 0.049s
2025-03-06 09:30:38.343 69173 INFO tempest.lib.common.rest_client [req-34c14f87-4115-4148-b236-9e93799866d4 req-34c14f87-4115-4148-b236-9e93799866d4 ] Request (QuotaClassesAdminTestJSON:setUpClass): 200 GET http://10.180.1.21/identity/v3/roles 0.067s
2025-03-06 09:30:38.357 69167 INFO tempest.lib.common.rest_client [req-44057b26-e4cc-4f16-b6e1-066165d12c5c req-44057b26-e4cc-4f16-b6e1-066165d12c5c ] Request (FlavorsExtraSpecsTestJSON:test_flavor_set_get_update_show_unset_keys): 200 DELETE http://10.180.1.21/compute/v2.1/flavors/103064487/os-extra_specs/hw:numa_nodes 0.027s
2025-03-06 09:30:38.375 69177 INFO tempest.lib.common.rest_client [req-915a0d27-3db3-4367-bfeb-0afd9da83e13 req-915a0d27-3db3-4367-bfeb-0afd9da83e13 ] Request (ServersWithSpecificFlavorTestJSON:setUpClass): 201 POST http://10.180.1.21/identity/v3/users 0.070s
2025-03-06 09:30:38.385 69167 INFO tempest.lib.common.rest_client [req-8743d627-30e6-44c0-8376-0b7cbdc88e33 req-8743d627-30e6-44c0-8376-0b7cbdc88e33 ] Request (FlavorsExtraSpecsTestJSON:test_flavor_set_get_update_show_unset_keys): 200 DELETE http://10.180.1.21/compute/v2.1/flavors/103064487/os-extra_specs/hw:cpu_policy 0.028s
2025-03-06 09:30:38.390 69201 INFO tempest.lib.common.rest_client [req-9920c740-d402-439a-a9d4-1a89942639da req-9920c740-d402-439a-a9d4-1a89942639da ] Request (AZAdminV2TestJSON:setUpClass): 201 POST http://10.180.1.21/identity/v3/projects 0.116s
2025-03-06 09:30:38.400 69191 INFO tempest.lib.common.rest_client [req-16ca8ee0-46f0-4fed-9960-4ca11964588a req-16ca8ee0-46f0-4fed-9960-4ca11964588a ] Request (FlavorMetadataValidation:setUpClass): 201 POST http://10.180.1.21/identity/v3/users 0.083s
2025-03-06 09:30:38.407 69167 INFO tempest.lib.common.rest_client [req-cfbce844-2d5c-4596-a529-437aba4692a2 req-cfbce844-2d5c-4596-a529-437aba4692a2 ] Request (FlavorsExtraSpecsTestJSON:test_flavor_set_get_update_show_unset_keys): 200 GET http://10.180.1.21/compute/v2.1/flavors/103064487/os-extra_specs 0.021s
2025-03-06 09:30:38.426 69183 INFO tempest.lib.common.rest_client [req-e25deb8e-1eb6-4a4c-9a36-7accbd1dcfbd req-e25deb8e-1eb6-4a4c-9a36-7accbd1dcfbd ] Request (QuotasAdminTestV257:setUpClass): 201 POST http://10.180.1.21/identity/v3/auth/tokens 0.063s
2025-03-06 09:30:38.433 69177 INFO tempest.lib.common.rest_client [req-aa09f0cb-ff80-4261-aacb-17fbcfd4d482 req-aa09f0cb-ff80-4261-aacb-17fbcfd4d482 ] Request (ServersWithSpecificFlavorTestJSON:setUpClass): 200 GET http://10.180.1.21/identity/v3/roles 0.057s
2025-03-06 09:30:38.435 69173 INFO tempest.lib.common.rest_client [req-e2399f6b-34b4-4352-be4d-db75ba505d80 req-e2399f6b-34b4-4352-be4d-db75ba505d80 ] Request (QuotaClassesAdminTestJSON:setUpClass): 204 PUT http://10.180.1.21/identity/v3/projects/e0f25879c6034298bad1560291661899/users/62f600ed8b4f4d599d9eb1cf4a222c3d/roles/9423c6ba64154006a89a1d130f0a2691 0.088s
2025-03-06 09:30:38.452 69167 INFO tempest.lib.common.rest_client [req-ed6b2b59-fbb8-46c7-8098-70df88a6582d req-ed6b2b59-fbb8-46c7-8098-70df88a6582d ] Request (FlavorsExtraSpecsTestJSON:tearDownClass): 202 DELETE http://10.180.1.21/compute/v2.1/flavors/103064487 0.040s
2025-03-06 09:30:38.455 69195 INFO tempest.test [-] raised in LiveMigrationNegativeTest.setUpClass. Invoking tearDownClass.
2025-03-06 09:30:38.476 69167 INFO tempest.lib.common.rest_client [req-5c2a72ad-4834-4af4-b7a0-11b1773c2cec req-5c2a72ad-4834-4af4-b7a0-11b1773c2cec ] Request (FlavorsExtraSpecsTestJSON:tearDownClass): 200 GET http://10.180.1.21/compute/v2.1/flavors/detail 0.023s
2025-03-06 09:30:38.489 69207 INFO tempest.lib.common.rest_client [req-77bda749-9011-4c69-b067-228626213510 req-77bda749-9011-4c69-b067-228626213510 ] Request (QuotaClassesAdmin257Test:setUpClass): 201 POST http://10.180.1.21/identity/v3/auth/tokens 0.114s
2025-03-06 09:30:38.500 69201 INFO tempest.lib.common.rest_client [req-9b94ec32-b51d-439f-977a-1978da968f7c req-9b94ec32-b51d-439f-977a-1978da968f7c ] Request (AZAdminV2TestJSON:setUpClass): 201 POST http://10.180.1.21/identity/v3/users 0.109s
2025-03-06 09:30:38.516 69191 INFO tempest.lib.common.rest_client [req-6b5ee081-0988-444a-a202-64d34f135d09 req-6b5ee081-0988-444a-a202-64d34f135d09 ] Request (FlavorMetadataValidation:setUpClass): 200 GET http://10.180.1.21/identity/v3/roles 0.115s
2025-03-06 09:30:38.527 69177 INFO tempest.lib.common.rest_client [req-efbf60b8-78f3-494a-8fdd-0fec15fcaa1e req-efbf60b8-78f3-494a-8fdd-0fec15fcaa1e ] Request (ServersWithSpecificFlavorTestJSON:setUpClass): 204 PUT http://10.180.1.21/identity/v3/projects/7222cf3da86d41d1896db0a00e349aba/users/36109695f9464df4b5dcbbd64453eb22/roles/bceb9a0d99eb41e7943ae98b75727d46 0.093s
2025-03-06 09:30:38.527 69177 INFO tempest.lib.common.dynamic_creds [-] Dynamic test user 36109695f9464df4b5dcbbd64453eb22 is created with scope project and roles: ['member']
2025-03-06 09:30:38.528 69177 INFO tempest.lib.common.dynamic_creds [-] Acquired dynamic creds: credentials: Credentials: {'domain_id': 'default', 'domain_name': 'Default', 'username': 'tempest-ServersWithSpecificFlavorTestJSON-1520050001-project-member', 'project_domain_id': 'default', 'project_domain_name': 'Default', 'project_id': '7222cf3da86d41d1896db0a00e349aba', 'project_name': 'tempest-ServersWithSpecificFlavorTestJSON-1520050001', 'tenant_id': '7222cf3da86d41d1896db0a00e349aba', 'tenant_name': 'tempest-ServersWithSpecificFlavorTestJSON-1520050001', 'user_domain_id': 'default', 'user_domain_name': 'Default', 'user_id': '36109695f9464df4b5dcbbd64453eb22', 'system': None}, Network: None, Subnet: None, Router: None
2025-03-06 09:30:38.528 69173 INFO tempest.lib.common.rest_client [req-af57c2e4-1e62-4931-b634-3a9c4f0149ad req-af57c2e4-1e62-4931-b634-3a9c4f0149ad ] Request (QuotaClassesAdminTestJSON:setUpClass): 200 GET http://10.180.1.21/identity/v3/roles 0.092s
2025-03-06 09:30:38.568 69183 INFO tempest.lib.common.rest_client [req-c4cbc6e5-d8f9-4d5c-94d8-efdacb5dca53 req-c4cbc6e5-d8f9-4d5c-94d8-efdacb5dca53 ] Request (QuotasAdminTestV257:setUpClass): 201 POST http://10.180.1.21/identity/v3/auth/tokens 0.118s
2025-03-06 09:30:38.587 69161 INFO tempest.lib.common.rest_client [req-7fefb3c1-ed66-4e49-a0ea-07c9092651f8 req-7fefb3c1-ed66-4e49-a0ea-07c9092651f8 ] Request (HypervisorAdminV228Test:setUpClass): 201 POST http://10.180.1.21/identity/v3/auth/tokens 0.125s
2025-03-06 09:30:38.599 69207 INFO tempest.lib.common.rest_client [req-98bcee74-e966-4fba-91e8-668a285c26a0 req-98bcee74-e966-4fba-91e8-668a285c26a0 ] Request (QuotaClassesAdmin257Test:setUpClass): 201 POST http://10.180.1.21/identity/v3/auth/tokens 0.107s
2025-03-06 09:30:38.611 69201 INFO tempest.lib.common.rest_client [req-8c8fe08b-68e1-4493-979c-3699499640ae req-8c8fe08b-68e1-4493-979c-3699499640ae ] Request (AZAdminV2TestJSON:setUpClass): 200 GET http://10.180.1.21/identity/v3/roles 0.110s
2025-03-06 09:30:38.627 69195 INFO tempest.lib.common.rest_client [req-4a60ce2a-dd87-4695-9e41-c8677b5576c6 req-4a60ce2a-dd87-4695-9e41-c8677b5576c6 ] Request (SecurityGroupsTestAdminJSON:setUpClass): 201 POST http://10.180.1.21/identity/v3/auth/tokens 0.133s
2025-03-06 09:30:38.642 69181 INFO tempest.test [-] raised in LiveMigrationTest.setUpClass. Invoking tearDownClass.
2025-03-06 09:30:38.672 69191 INFO tempest.lib.common.rest_client [req-6988f3cb-8188-48a6-aa46-48354c96504c req-6988f3cb-8188-48a6-aa46-48354c96504c ] Request (FlavorMetadataValidation:setUpClass): 204 PUT http://10.180.1.21/identity/v3/projects/22618a66f3f6432f828626dfbabefffb/users/cc401713d6a847189933e30635f4930b/roles/bceb9a0d99eb41e7943ae98b75727d46 0.155s
2025-03-06 09:30:38.672 69191 INFO tempest.lib.common.dynamic_creds [-] Dynamic test user cc401713d6a847189933e30635f4930b is created with scope project and roles: ['member']
2025-03-06 09:30:38.672 69191 INFO tempest.lib.common.dynamic_creds [-] Acquired dynamic creds: credentials: Credentials: {'domain_id': 'default', 'domain_name': 'Default', 'username': 'tempest-FlavorMetadataValidation-228085491-project-member', 'project_domain_id': 'default', 'project_domain_name': 'Default', 'project_id': '22618a66f3f6432f828626dfbabefffb', 'project_name': 'tempest-FlavorMetadataValidation-228085491', 'tenant_id': '22618a66f3f6432f828626dfbabefffb', 'tenant_name': 'tempest-FlavorMetadataValidation-228085491', 'user_domain_id': 'default', 'user_domain_name': 'Default', 'user_id': 'cc401713d6a847189933e30635f4930b', 'system': None}, Network: None, Subnet: None, Router: None
2025-03-06 09:30:38.673 69191 INFO tempest.lib.common.dynamic_creds [-] Created isolated network resources for: credentials: Credentials: {'domain_id': 'default', 'domain_name': 'Default', 'username': 'tempest-FlavorMetadataValidation-228085491-project-member', 'project_domain_id': 'default', 'project_domain_name': 'Default', 'project_id': '22618a66f3f6432f828626dfbabefffb', 'project_name': 'tempest-FlavorMetadataValidation-228085491', 'tenant_id': '22618a66f3f6432f828626dfbabefffb', 'tenant_name': 'tempest-FlavorMetadataValidation-228085491', 'user_domain_id': 'default', 'user_domain_name': 'Default', 'user_id': 'cc401713d6a847189933e30635f4930b', 'system': None}, Network: None, Subnet: None, Router: None
2025-03-06 09:30:38.710 69177 INFO tempest.lib.common.rest_client [req-00a46bc5-c6a2-4871-b8d4-34e9b5b83795 req-00a46bc5-c6a2-4871-b8d4-34e9b5b83795 ] Request (ServersWithSpecificFlavorTestJSON:setUpClass): 201 POST http://10.180.1.21/identity/v3/auth/tokens 0.182s
2025-03-06 09:30:38.716 69167 INFO tempest.lib.common.rest_client [req-49c2071a-2719-47a4-aff5-ca6ba88c95f8 req-49c2071a-2719-47a4-aff5-ca6ba88c95f8 ] Request (FlavorsExtraSpecsTestJSON:tearDownClass): 204 DELETE http://10.180.1.21/identity/v3/users/a7d8006a413f4a4c839c7434e00287e5 0.214s
2025-03-06 09:30:38.764 69173 INFO tempest.lib.common.rest_client [req-690310c7-56b1-4a4c-acab-1762bc692f69 req-690310c7-56b1-4a4c-acab-1762bc692f69 ] Request (QuotaClassesAdminTestJSON:setUpClass): 204 PUT http://10.180.1.21/identity/v3/projects/e0f25879c6034298bad1560291661899/users/62f600ed8b4f4d599d9eb1cf4a222c3d/roles/9423c6ba64154006a89a1d130f0a2691 0.234s
2025-03-06 09:30:38.764 69173 INFO tempest.lib.common.dynamic_creds [-] Dynamic test user 62f600ed8b4f4d599d9eb1cf4a222c3d is created with scope project and roles: ['admin']
2025-03-06 09:30:38.781 69183 INFO tempest.lib.common.rest_client [req-100d692e-5273-40f2-b279-a4375e3bdc1c req-100d692e-5273-40f2-b279-a4375e3bdc1c ] Request (QuotasAdminTestV257:setUpClass): 200 GET http://10.180.1.21/identity/v3/domains?name=Default 0.212s
2025-03-06 09:30:38.764 69173 INFO tempest.lib.common.dynamic_creds [-] Acquired dynamic creds: credentials: Credentials: {'domain_id': 'default', 'domain_name': 'Default', 'username': 'tempest-QuotaClassesAdminTestJSON-588266860-project-admin', 'project_domain_id': 'default', 'project_domain_name': 'Default', 'project_id': 'e0f25879c6034298bad1560291661899', 'project_name': 'tempest-QuotaClassesAdminTestJSON-588266860', 'tenant_id': 'e0f25879c6034298bad1560291661899', 'tenant_name': 'tempest-QuotaClassesAdminTestJSON-588266860', 'user_domain_id': 'default', 'user_domain_name': 'Default', 'user_id': '62f600ed8b4f4d599d9eb1cf4a222c3d', 'system': None}, Network: None, Subnet: None, Router: None
2025-03-06 09:30:38.787 69173 INFO tempest.lib.common.dynamic_creds [-] Created isolated network resources for: credentials: Credentials: {'domain_id': 'default', 'domain_name': 'Default', 'username': 'tempest-QuotaClassesAdminTestJSON-588266860-project-admin', 'project_domain_id': 'default', 'project_domain_name': 'Default', 'project_id': 'e0f25879c6034298bad1560291661899', 'project_name': 'tempest-QuotaClassesAdminTestJSON-588266860', 'tenant_id': 'e0f25879c6034298bad1560291661899', 'tenant_name': 'tempest-QuotaClassesAdminTestJSON-588266860', 'user_domain_id': 'default', 'user_domain_name': 'Default', 'user_id': '62f600ed8b4f4d599d9eb1cf4a222c3d', 'system': None}, Network: None, Subnet: None, Router: None
2025-03-06 09:30:38.828 69161 INFO tempest.lib.common.rest_client [req-3fc6a78b-2556-41a8-be44-e5aad9fc931a req-3fc6a78b-2556-41a8-be44-e5aad9fc931a ] Request (HypervisorAdminV228Test:setUpClass): 201 POST http://10.180.1.21/identity/v3/auth/tokens 0.239s
2025-03-06 09:30:38.831 69207 INFO tempest.lib.common.rest_client [req-af41d97b-cdaa-42e2-8ffc-996f97538c94 req-af41d97b-cdaa-42e2-8ffc-996f97538c94 ] Request (QuotaClassesAdmin257Test:setUpClass): 200 GET http://10.180.1.21/identity/v3/domains?name=Default 0.231s
2025-03-06 09:30:38.852 69165 INFO tempest.lib.common.rest_client [req-01abec11-2cef-478c-8b4e-1cb9dbc95847 req-01abec11-2cef-478c-8b4e-1cb9dbc95847 ] Request (FlavorsAccessTestJSON:setUpClass): 201 POST http://10.180.1.21/identity/v3/auth/tokens 0.250s
2025-03-06 09:30:38.864 69201 INFO tempest.lib.common.rest_client [req-f4b5fe36-b1ec-482f-8b78-5edebd9a1bf4 req-f4b5fe36-b1ec-482f-8b78-5edebd9a1bf4 ] Request (AZAdminV2TestJSON:setUpClass): 204 PUT http://10.180.1.21/identity/v3/projects/23cf0acbf91346fdb42533bf6c5ddcba/users/98336814c19944d9981a7aafba12002e/roles/bceb9a0d99eb41e7943ae98b75727d46 0.252s
2025-03-06 09:30:38.867 69201 INFO tempest.lib.common.dynamic_creds [-] Dynamic test user 98336814c19944d9981a7aafba12002e is created with scope project and roles: ['member']
2025-03-06 09:30:38.867 69201 INFO tempest.lib.common.dynamic_creds [-] Acquired dynamic creds: credentials: Credentials: {'domain_id': 'default', 'domain_name': 'Default', 'username': 'tempest-AZAdminV2TestJSON-1167634412-project-member', 'project_domain_id': 'default', 'project_domain_name': 'Default', 'project_id': '23cf0acbf91346fdb42533bf6c5ddcba', 'project_name': 'tempest-AZAdminV2TestJSON-1167634412', 'tenant_id': '23cf0acbf91346fdb42533bf6c5ddcba', 'tenant_name': 'tempest-AZAdminV2TestJSON-1167634412', 'user_domain_id': 'default', 'user_domain_name': 'Default', 'user_id': '98336814c19944d9981a7aafba12002e', 'system': None}, Network: None, Subnet: None, Router: None
2025-03-06 09:30:38.867 69201 INFO tempest.lib.common.dynamic_creds [-] Created isolated network resources for: credentials: Credentials: {'domain_id': 'default', 'domain_name': 'Default', 'username': 'tempest-AZAdminV2TestJSON-1167634412-project-member', 'project_domain_id': 'default', 'project_domain_name': 'Default', 'project_id': '23cf0acbf91346fdb42533bf6c5ddcba', 'project_name': 'tempest-AZAdminV2TestJSON-1167634412', 'tenant_id': '23cf0acbf91346fdb42533bf6c5ddcba', 'tenant_name': 'tempest-AZAdminV2TestJSON-1167634412', 'user_domain_id': 'default', 'user_domain_name': 'Default', 'user_id': '98336814c19944d9981a7aafba12002e', 'system': None}, Network: None, Subnet: None, Router: None
2025-03-06 09:30:38.899 69163 INFO tempest.lib.common.rest_client [req-1dd38bc2-b723-4a72-830b-d1b6921cec66 req-1dd38bc2-b723-4a72-830b-d1b6921cec66 ] Request (VolumesAssistedSnapshotsTest:setUpClass): 201 POST http://10.180.1.21:9696/networking/v2.0/routers 0.720s
2025-03-06 09:30:38.927 69195 INFO tempest.lib.common.rest_client [req-409b4327-fbf7-4a79-a5cd-bd8988bba296 req-409b4327-fbf7-4a79-a5cd-bd8988bba296 ] Request (SecurityGroupsTestAdminJSON:setUpClass): 201 POST http://10.180.1.21/identity/v3/auth/tokens 0.282s
2025-03-06 09:30:38.948 69181 INFO tempest.lib.common.rest_client [req-ada940b7-2e8f-436d-86eb-13f93d68edda req-ada940b7-2e8f-436d-86eb-13f93d68edda ] Request (ServicesAdminTestJSON:setUpClass): 201 POST http://10.180.1.21/identity/v3/auth/tokens 0.269s
2025-03-06 09:30:38.954 69211 INFO tempest.lib.common.rest_client [req-2d50f737-2617-47b6-a659-d8b9b4ef3f47 req-2d50f737-2617-47b6-a659-d8b9b4ef3f47 ] Request (HostsAdminTestJSON:setUpClass): 201 POST http://10.180.1.21/identity/v3/auth/tokens 0.281s
2025-03-06 09:30:38.957 69157 INFO tempest.lib.common.rest_client [req-72fee420-b6e7-4ae5-90c0-693c2d4b4a8f req-72fee420-b6e7-4ae5-90c0-693c2d4b4a8f ] Request (FloatingIPDetailsNegativeTestJSON:setUpClass): 201 POST http://10.180.1.21/identity/v3/auth/tokens 0.268s
2025-03-06 09:30:39.036 69167 INFO tempest.lib.common.rest_client [req-600e37ed-6ab1-4727-a3dc-a023a367560a req-600e37ed-6ab1-4727-a3dc-a023a367560a ] Request (FlavorsExtraSpecsTestJSON:tearDownClass): 204 DELETE http://10.180.1.21/identity/v3/users/9f615f3dfdca478d93b828d8df5c9ec0 0.319s
2025-03-06 09:30:39.037 69167 INFO tempest.lib.common.dynamic_creds [-] Deleting project and security group for project: a896ea5e816a4fa4b42fd88ff9490a53
2025-03-06 09:30:39.040 69185 INFO tempest.lib.common.rest_client [req-c6cf21ed-3885-420b-8807-b9d6bea6544a req-c6cf21ed-3885-420b-8807-b9d6bea6544a ] Request (HypervisorAdminNegativeUnderV252Test:setUpClass): 201 POST http://10.180.1.21/identity/v3/auth/tokens 0.305s
2025-03-06 09:30:39.101 69183 INFO tempest.lib.common.rest_client [req-b0abf7df-0aee-4f4f-8719-7cac8e712aa5 req-b0abf7df-0aee-4f4f-8719-7cac8e712aa5 ] Request (QuotasAdminTestV257:setUpClass): 201 POST http://10.180.1.21/identity/v3/projects 0.311s
2025-03-06 09:30:39.114 69173 INFO tempest.lib.common.rest_client [req-c082ef45-cf7c-480f-997a-e5065c2f4783 req-c082ef45-cf7c-480f-997a-e5065c2f4783 ] Request (QuotaClassesAdminTestJSON:setUpClass): 201 POST http://10.180.1.21/identity/v3/auth/tokens 0.318s
2025-03-06 09:30:39.118 69153 INFO tempest.test [-] raised in ServersOnMultiNodesTest.setUpClass. Invoking tearDownClass.
2025-03-06 09:30:39.155 69159 INFO tempest.test [-] raised in TestMultiAttachVolumeSwap.setUpClass. Invoking tearDownClass.
2025-03-06 09:30:39.159 69179 INFO tempest.lib.common.rest_client [req-0e52bc53-1a1f-408d-8645-768616c98417 req-0e52bc53-1a1f-408d-8645-768616c98417 ] Request (HypervisorAdminV253TestBase:setUpClass): 201 POST http://10.180.1.21/identity/v3/auth/tokens 0.350s
2025-03-06 09:30:39.194 69207 INFO tempest.lib.common.rest_client [req-a77e7cdd-e1e3-4d2a-98c9-3d56c3bbffd6 req-a77e7cdd-e1e3-4d2a-98c9-3d56c3bbffd6 ] Request (QuotaClassesAdmin257Test:setUpClass): 201 POST http://10.180.1.21/identity/v3/projects 0.361s
2025-03-06 09:30:39.195 69161 INFO tempest.lib.common.rest_client [req-a4256b52-e7e5-4b73-bc3c-17675055c6e9 req-a4256b52-e7e5-4b73-bc3c-17675055c6e9 ] Request (HypervisorAdminV228Test:setUpClass): 200 GET http://10.180.1.21/identity/v3/domains?name=Default 0.365s
2025-03-06 09:30:39.248 69215 INFO tempest.lib.common.rest_client [req-22a48d4b-51e5-420d-91a7-62a37b7c2947 req-22a48d4b-51e5-420d-91a7-62a37b7c2947 ] Request (AZAdminNegativeTestJSON:setUpClass): 201 POST http://10.180.1.21/identity/v3/auth/tokens 0.387s
2025-03-06 09:30:39.249 69165 INFO tempest.lib.common.rest_client [req-1534ff48-c5e7-4bf7-b9de-b1b69f687546 req-1534ff48-c5e7-4bf7-b9de-b1b69f687546 ] Request (FlavorsAccessTestJSON:setUpClass): 201 POST http://10.180.1.21/identity/v3/auth/tokens 0.393s
2025-03-06 09:30:39.270 69197 INFO tempest.lib.common.rest_client [req-3cab103b-50ac-4052-80da-663c2bbb1b42 req-3cab103b-50ac-4052-80da-663c2bbb1b42 ] Request (FlavorsV261TestJSON:setUpClass): 201 POST http://10.180.1.21/identity/v3/auth/tokens 0.341s
2025-03-06 09:30:39.270 69203 INFO tempest.lib.common.rest_client [req-3164a6c4-234f-4e2b-b648-349c132dd03a req-3164a6c4-234f-4e2b-b648-349c132dd03a ] Request (QuotasSecurityGroupAdminNegativeTest:setUpClass): 201 POST http://10.180.1.21/identity/v3/auth/tokens 0.372s
2025-03-06 09:30:39.294 69193 INFO tempest.lib.common.rest_client [req-dc988875-8f0c-42a6-b7b6-ce1421db0417 req-dc988875-8f0c-42a6-b7b6-ce1421db0417 ] Request (HypervisorAdminNegativeTestJSON:setUpClass): 201 POST http://10.180.1.21/identity/v3/auth/tokens 0.361s
2025-03-06 09:30:39.297 69195 INFO tempest.lib.common.rest_client [req-c8d4dc88-e0c8-4318-8bdb-74d1906e0a8f req-c8d4dc88-e0c8-4318-8bdb-74d1906e0a8f ] Request (SecurityGroupsTestAdminJSON:setUpClass): 200 GET http://10.180.1.21/identity/v3/domains?name=Default 0.366s
2025-03-06 09:30:39.302 69177 INFO tempest.lib.common.rest_client [req-4e161f57-9edc-497f-92a2-f03f8d2c0642 req-4e161f57-9edc-497f-92a2-f03f8d2c0642 ] Request (ServersWithSpecificFlavorTestJSON:setUpClass): 201 POST http://10.180.1.21:9696/networking/v2.0/networks 0.591s
2025-03-06 09:30:39.321 69171 INFO tempest.lib.common.rest_client [req-5eb69bc8-c16f-4849-8d1d-7b2e1c88b37c req-5eb69bc8-c16f-4849-8d1d-7b2e1c88b37c ] Request (AggregatesAdminNegativeTestJSON:setUpClass): 201 POST http://10.180.1.21/identity/v3/auth/tokens 0.369s
2025-03-06 09:30:39.344 69211 INFO tempest.lib.common.rest_client [req-a483ce93-ba26-4486-9610-6f059517a186 req-a483ce93-ba26-4486-9610-6f059517a186 ] Request (HostsAdminTestJSON:setUpClass): 201 POST http://10.180.1.21/identity/v3/auth/tokens 0.378s
2025-03-06 09:30:39.352 69191 INFO tempest.lib.common.rest_client [req-41ccc3cb-6db8-446a-8822-30d52dade4db req-41ccc3cb-6db8-446a-8822-30d52dade4db ] Request (FlavorMetadataValidation:setUpClass): 201 POST http://10.180.1.21/identity/v3/auth/tokens 0.389s
2025-03-06 09:30:39.367 69157 INFO tempest.lib.common.rest_client [req-b121b658-3134-456f-8e0b-81496a5ecd93 req-b121b658-3134-456f-8e0b-81496a5ecd93 ] Request (FloatingIPDetailsNegativeTestJSON:setUpClass): 201 POST http://10.180.1.21/identity/v3/auth/tokens 0.394s
2025-03-06 09:30:39.376 69181 INFO tempest.lib.common.rest_client [req-33e9ceaa-9f45-4911-bfc8-69005aacf103 req-33e9ceaa-9f45-4911-bfc8-69005aacf103 ] Request (ServicesAdminTestJSON:setUpClass): 201 POST http://10.180.1.21/identity/v3/auth/tokens 0.402s
2025-03-06 09:30:39.389 69167 INFO tempest.lib.common.rest_client [req-cd911173-6e6c-482a-bbaa-6f4edb8219d8 req-cd911173-6e6c-482a-bbaa-6f4edb8219d8 ] Request (FlavorsExtraSpecsTestJSON:tearDownClass): 201 POST http://10.180.1.21/identity/v3/auth/tokens 0.349s
2025-03-06 09:30:39.395 69209 INFO tempest.lib.common.rest_client [req-3336e72d-6091-4c72-8aba-90aaf9e57278 req-3336e72d-6091-4c72-8aba-90aaf9e57278 ] Request (QuotasAdminNegativeTest:setUpClass): 201 POST http://10.180.1.21/identity/v3/auth/tokens 0.340s
2025-03-06 09:30:39.415 69185 INFO tempest.lib.common.rest_client [req-92f13788-1163-411a-8344-eaaa63c25440 req-92f13788-1163-411a-8344-eaaa63c25440 ] Request (HypervisorAdminNegativeUnderV252Test:setUpClass): 201 POST http://10.180.1.21/identity/v3/auth/tokens 0.353s
2025-03-06 09:30:39.418 69169 INFO tempest.lib.common.rest_client [req-8fea9e8e-b2fe-43af-8482-b5d3f84459fb req-8fea9e8e-b2fe-43af-8482-b5d3f84459fb ] Request (TenantUsagesNegativeTestJSON:setUpClass): 201 POST http://10.180.1.21/identity/v3/auth/tokens 0.342s
2025-03-06 09:30:39.434 69187 INFO tempest.lib.common.rest_client [req-0cc2b938-4940-4390-b28e-8f7d5e7b1737 req-0cc2b938-4940-4390-b28e-8f7d5e7b1737 ] Request (DeleteServersAdminTestJSON:setUpClass): 201 POST http://10.180.1.21/identity/v3/auth/tokens 0.340s
2025-03-06 09:30:39.439 69183 INFO tempest.lib.common.rest_client [req-1c82899c-4c8e-430f-860a-2e92484ba560 req-1c82899c-4c8e-430f-860a-2e92484ba560 ] Request (QuotasAdminTestV257:setUpClass): 201 POST http://10.180.1.21/identity/v3/users 0.338s
2025-03-06 09:30:39.454 69177 INFO tempest.lib.common.rest_client [req-f42a268f-bdf5-433b-a78a-715a1eb284da req-f42a268f-bdf5-433b-a78a-715a1eb284da ] Request (ServersWithSpecificFlavorTestJSON:setUpClass): 201 POST http://10.180.1.21:9696/networking/v2.0/subnets 0.152s
2025-03-06 09:30:39.460 69199 INFO tempest.lib.common.rest_client [req-06ea2be4-949e-4e59-a1b5-82b8a0f3b63a req-06ea2be4-949e-4e59-a1b5-82b8a0f3b63a ] Request (FloatingIPsAssociationNegativeTestJSON:setUpClass): 201 POST http://10.180.1.21/identity/v3/auth/tokens 0.351s
2025-03-06 09:30:39.484 69155 INFO tempest.lib.common.rest_client [req-c560e6e7-4f29-466a-95c5-45591e45900a req-c560e6e7-4f29-466a-95c5-45591e45900a ] Request (FlavorsExtraSpecsNegativeTestJSON:setUpClass): 201 POST http://10.180.1.21/identity/v3/auth/tokens 0.382s
2025-03-06 09:30:39.495 69201 INFO tempest.lib.common.rest_client [req-8e9d3ca4-58df-416b-9923-00c4cd88dbb4 req-8e9d3ca4-58df-416b-9923-00c4cd88dbb4 ] Request (AZAdminV2TestJSON:setUpClass): 201 POST http://10.180.1.21/identity/v3/auth/tokens 0.391s
2025-03-06 09:30:39.505 69153 INFO tempest.lib.common.rest_client [req-4bfb9bf1-e9b9-45e4-9283-4ca44584f452 req-4bfb9bf1-e9b9-45e4-9283-4ca44584f452 ] Request (AbsoluteLimitsNegativeTestJSON:setUpClass): 201 POST http://10.180.1.21/identity/v3/auth/tokens 0.379s
2025-03-06 09:30:39.528 69205 INFO tempest.lib.common.rest_client [req-a1c9f7e6-3e9f-44bd-b107-5dcfd9a01934 req-a1c9f7e6-3e9f-44bd-b107-5dcfd9a01934 ] Request (FlavorsAccessNegativeTestJSON:setUpClass): 201 POST http://10.180.1.21/identity/v3/auth/tokens 0.383s
2025-03-06 09:30:39.547 69159 INFO tempest.lib.common.rest_client [req-56b64085-cb82-4d58-b6bb-68697cb7d0c9 req-56b64085-cb82-4d58-b6bb-68697cb7d0c9 ] Request (InstanceActionsV221TestJSON:setUpClass): 201 POST http://10.180.1.21/identity/v3/auth/tokens 0.386s
2025-03-06 09:30:39.568 69179 INFO tempest.lib.common.rest_client [req-cec73da9-8c41-4e71-ae82-ed26e1e55dd0 req-cec73da9-8c41-4e71-ae82-ed26e1e55dd0 ] Request (HypervisorAdminV253TestBase:setUpClass): 201 POST http://10.180.1.21/identity/v3/auth/tokens 0.403s
2025-03-06 09:30:39.593 69213 INFO tempest.lib.common.rest_client [req-eedcb6ba-0583-4bd9-8c37-c89c90a4c0db req-eedcb6ba-0583-4bd9-8c37-c89c90a4c0db ] Request (FlavorsAdminTestJSON:setUpClass): 201 POST http://10.180.1.21/identity/v3/auth/tokens 0.407s
2025-03-06 09:30:39.601 69173 INFO tempest.lib.common.rest_client [req-e4022875-dc59-4a80-8fdc-d810ddc3a301 req-e4022875-dc59-4a80-8fdc-d810ddc3a301 ] Request (QuotaClassesAdminTestJSON:test_update_default_quotas): 200 GET http://10.180.1.21/compute/v2.1/os-quota-class-sets/default 0.480s
2025-03-06 09:30:39.608 69207 INFO tempest.lib.common.rest_client [req-e80ac09e-84b8-4b7b-bb34-8b57331fabe9 req-e80ac09e-84b8-4b7b-bb34-8b57331fabe9 ] Request (QuotaClassesAdmin257Test:setUpClass): 201 POST http://10.180.1.21/identity/v3/users 0.413s
2025-03-06 09:30:39.618 69161 INFO tempest.lib.common.rest_client [req-3ee51430-4817-45f5-b57f-f0862083691e req-3ee51430-4817-45f5-b57f-f0862083691e ] Request (HypervisorAdminV228Test:setUpClass): 201 POST http://10.180.1.21/identity/v3/projects 0.413s
2025-03-06 09:30:39.668 69175 INFO tempest.lib.common.rest_client [req-f42d99ff-48ed-4471-9f73-f1afb7224578 req-f42d99ff-48ed-4471-9f73-f1afb7224578 ] Request (ServerDiagnosticsNegativeTest:setUpClass): 201 POST http://10.180.1.21/identity/v3/auth/tokens 0.456s
2025-03-06 09:30:39.669 69165 INFO tempest.lib.common.rest_client [req-4296c2d9-f7d6-4333-b0ba-03d1f8e34e97 req-4296c2d9-f7d6-4333-b0ba-03d1f8e34e97 ] Request (FlavorsAccessTestJSON:setUpClass): 200 GET http://10.180.1.21/identity/v3/domains?name=Default 0.419s
2025-03-06 09:30:39.697 69189 INFO tempest.lib.common.rest_client [req-01c3aa73-25fe-4a8f-b19d-8440df1c4929 req-01c3aa73-25fe-4a8f-b19d-8440df1c4929 ] Request (FloatingIPsAssociationTestJSON:setUpClass): 201 POST http://10.180.1.21/identity/v3/auth/tokens 0.430s
2025-03-06 09:30:39.700 69215 INFO tempest.lib.common.rest_client [req-9bab561f-70af-4ce5-9057-a20b1c9b9c18 req-9bab561f-70af-4ce5-9057-a20b1c9b9c18 ] Request (AZAdminNegativeTestJSON:setUpClass): 201 POST http://10.180.1.21/identity/v3/auth/tokens 0.448s
2025-03-06 09:30:39.723 69203 INFO tempest.lib.common.rest_client [req-c1db1e53-1d6d-4df2-bec8-2c095b097513 req-c1db1e53-1d6d-4df2-bec8-2c095b097513 ] Request (QuotasSecurityGroupAdminNegativeTest:setUpClass): 201 POST http://10.180.1.21/identity/v3/auth/tokens 0.450s
2025-03-06 09:30:39.724 69197 INFO tempest.lib.common.rest_client [req-ed1868b8-e7a1-4af8-be5e-9987b5b19e78 req-ed1868b8-e7a1-4af8-be5e-9987b5b19e78 ] Request (FlavorsV261TestJSON:setUpClass): 201 POST http://10.180.1.21/identity/v3/auth/tokens 0.452s
2025-03-06 09:30:39.746 69193 INFO tempest.lib.common.rest_client [req-e3e4a924-6264-40f4-bdd9-cf158b6f29bb req-e3e4a924-6264-40f4-bdd9-cf158b6f29bb ] Request (HypervisorAdminNegativeTestJSON:setUpClass): 201 POST http://10.180.1.21/identity/v3/auth/tokens 0.449s
2025-03-06 09:30:39.757 69195 INFO tempest.lib.common.rest_client [req-5239c995-d517-4268-a340-0ba2938c1d3c req-5239c995-d517-4268-a340-0ba2938c1d3c ] Request (SecurityGroupsTestAdminJSON:setUpClass): 201 POST http://10.180.1.21/identity/v3/projects 0.457s
2025-03-06 09:30:39.786 69173 INFO tempest.lib.common.rest_client [req-150eeafa-84d5-41f6-b389-fa6ac22f5728 req-150eeafa-84d5-41f6-b389-fa6ac22f5728 ] Request (QuotaClassesAdminTestJSON:test_update_default_quotas): 200 PUT http://10.180.1.21/compute/v2.1/os-quota-class-sets/default 0.183s
2025-03-06 09:30:39.801 69173 INFO tempest.lib.common.rest_client [req-1272352c-5fc7-4050-86cf-15e6a24f2597 req-1272352c-5fc7-4050-86cf-15e6a24f2597 ] Request (QuotaClassesAdminTestJSON:test_update_default_quotas): 200 GET http://10.180.1.21/compute/v2.1/os-quota-class-sets/default 0.012s
2025-03-06 09:30:39.816 69211 INFO tempest.lib.common.rest_client [req-319a1fa8-65c7-49c1-8198-9a90904f84d2 req-319a1fa8-65c7-49c1-8198-9a90904f84d2 ] Request (HostsAdminTestJSON:setUpClass): 200 GET http://10.180.1.21/identity/v3/domains?name=Default 0.470s
2025-03-06 09:30:39.817 69171 INFO tempest.lib.common.rest_client [req-180e6101-bd3b-4077-b7a1-828f6ef727c8 req-180e6101-bd3b-4077-b7a1-828f6ef727c8 ] Request (AggregatesAdminNegativeTestJSON:setUpClass): 201 POST http://10.180.1.21/identity/v3/auth/tokens 0.492s
2025-03-06 09:30:39.841 69157 INFO tempest.lib.common.rest_client [req-e1a9d5a9-2549-46c5-a668-4ef2b0792335 req-e1a9d5a9-2549-46c5-a668-4ef2b0792335 ] Request (FloatingIPDetailsNegativeTestJSON:setUpClass): 200 GET http://10.180.1.21/identity/v3/domains?name=Default 0.473s
2025-03-06 09:30:39.845 69191 INFO tempest.lib.common.rest_client [req-f9c1042c-80db-420c-8a59-70b292a32da1 req-f9c1042c-80db-420c-8a59-70b292a32da1 ] Request (FlavorMetadataValidation:setUpClass): 201 POST http://10.180.1.21/identity/v3/projects 0.492s
2025-03-06 09:30:39.851 69173 INFO tempest.lib.common.rest_client [req-340ee3b7-36b7-4a12-b3b9-4b2be8c62ae9 req-340ee3b7-36b7-4a12-b3b9-4b2be8c62ae9 ] Request (QuotaClassesAdminTestJSON:_run_cleanups): 200 PUT http://10.180.1.21/compute/v2.1/os-quota-class-sets/default 0.048s
2025-03-06 09:30:39.898 69209 INFO tempest.lib.common.rest_client [req-4d0d17d7-3540-4f90-b5fb-6a96771fd564 req-4d0d17d7-3540-4f90-b5fb-6a96771fd564 ] Request (QuotasAdminNegativeTest:setUpClass): 201 POST http://10.180.1.21/identity/v3/auth/tokens 0.500s
2025-03-06 09:30:39.901 69181 INFO tempest.lib.common.rest_client [req-b402fdd4-1d6a-43f3-88f7-9eff93a23b97 req-b402fdd4-1d6a-43f3-88f7-9eff93a23b97 ] Request (ServicesAdminTestJSON:setUpClass): 200 GET http://10.180.1.21/identity/v3/domains?name=Default 0.525s
2025-03-06 09:30:39.925 69185 INFO tempest.lib.common.rest_client [req-f1e4c9f4-7fe6-4163-9c36-38191d4a1e6b req-f1e4c9f4-7fe6-4163-9c36-38191d4a1e6b ] Request (HypervisorAdminNegativeUnderV252Test:setUpClass): 200 GET http://10.180.1.21/identity/v3/domains?name=Default 0.509s
2025-03-06 09:30:39.949 69169 INFO tempest.lib.common.rest_client [req-d22c0130-7695-4c76-a138-6f120fa61ea6 req-d22c0130-7695-4c76-a138-6f120fa61ea6 ] Request (TenantUsagesNegativeTestJSON:setUpClass): 201 POST http://10.180.1.21/identity/v3/auth/tokens 0.528s
2025-03-06 09:30:39.970 69183 INFO tempest.lib.common.rest_client [req-9a9a8479-0cc8-454e-b355-1768db6ae2cd req-9a9a8479-0cc8-454e-b355-1768db6ae2cd ] Request (QuotasAdminTestV257:setUpClass): 200 GET http://10.180.1.21/identity/v3/roles 0.529s
2025-03-06 09:30:39.970 69187 INFO tempest.lib.common.rest_client [req-a4628554-c80a-4a8d-9756-8ac685c831f2 req-a4628554-c80a-4a8d-9756-8ac685c831f2 ] Request (DeleteServersAdminTestJSON:setUpClass): 201 POST http://10.180.1.21/identity/v3/auth/tokens 0.532s
2025-03-06 09:30:40.002 69155 INFO tempest.lib.common.rest_client [req-b485f55b-a520-4701-a2c2-89bacd0e4863 req-b485f55b-a520-4701-a2c2-89bacd0e4863 ] Request (FlavorsExtraSpecsNegativeTestJSON:setUpClass): 201 POST http://10.180.1.21/identity/v3/auth/tokens 0.513s
2025-03-06 09:30:40.033 69201 INFO tempest.lib.common.rest_client [req-22b4cc0b-e843-4862-940d-7ff0764c748b req-22b4cc0b-e843-4862-940d-7ff0764c748b ] Request (AZAdminV2TestJSON:setUpClass): 201 POST http://10.180.1.21/identity/v3/projects 0.537s
2025-03-06 09:30:40.089 69153 INFO tempest.lib.common.rest_client [req-9d4f0eba-0f7d-4dae-8b35-eaf0c0dd4cd6 req-9d4f0eba-0f7d-4dae-8b35-eaf0c0dd4cd6 ] Request (AbsoluteLimitsNegativeTestJSON:setUpClass): 201 POST http://10.180.1.21/identity/v3/auth/tokens 0.579s
2025-03-06 09:30:40.112 69205 INFO tempest.lib.common.rest_client [req-36577edc-d5bc-4e62-b705-594afe45f1c6 req-36577edc-d5bc-4e62-b705-594afe45f1c6 ] Request (FlavorsAccessNegativeTestJSON:setUpClass): 201 POST http://10.180.1.21/identity/v3/auth/tokens 0.581s
2025-03-06 09:30:40.126 69167 INFO tempest.lib.common.rest_client [req-b5a01a0a-5282-4986-8567-7485226b326c req-b5a01a0a-5282-4986-8567-7485226b326c ] Request (FlavorsExtraSpecsTestJSON:tearDownClass): 200 GET http://10.180.1.21:9696/networking/v2.0/security-groups?tenant_id=a896ea5e816a4fa4b42fd88ff9490a53&name=default 0.736s
2025-03-06 09:30:40.134 69199 INFO tempest.lib.common.rest_client [req-c7f6ba34-f723-44a5-8792-72cde389755a req-c7f6ba34-f723-44a5-8792-72cde389755a ] Request (FloatingIPsAssociationNegativeTestJSON:setUpClass): 201 POST http://10.180.1.21/identity/v3/auth/tokens 0.671s
2025-03-06 09:30:40.136 69159 INFO tempest.lib.common.rest_client [req-c2e790e7-2c58-4a22-93c3-77c04be205e2 req-c2e790e7-2c58-4a22-93c3-77c04be205e2 ] Request (InstanceActionsV221TestJSON:setUpClass): 201 POST http://10.180.1.21/identity/v3/auth/tokens 0.586s
2025-03-06 09:30:40.155 69179 INFO tempest.lib.common.rest_client [req-3248b3c7-bbf8-4992-96ab-fcdeb355f36d req-3248b3c7-bbf8-4992-96ab-fcdeb355f36d ] Request (HypervisorAdminV253TestBase:setUpClass): 200 GET http://10.180.1.21/identity/v3/domains?name=Default 0.587s
2025-03-06 09:30:40.167 69213 INFO tempest.lib.common.rest_client [req-55a99cbb-c9ee-4d50-8b63-0918cff51396 req-55a99cbb-c9ee-4d50-8b63-0918cff51396 ] Request (FlavorsAdminTestJSON:setUpClass): 201 POST http://10.180.1.21/identity/v3/auth/tokens 0.570s
2025-03-06 09:30:40.170 69207 INFO tempest.lib.common.rest_client [req-d4db6e45-0416-4639-90f5-4a81aeaeef97 req-d4db6e45-0416-4639-90f5-4a81aeaeef97 ] Request (QuotaClassesAdmin257Test:setUpClass): 200 GET http://10.180.1.21/identity/v3/roles 0.562s
2025-03-06 09:30:40.184 69163 INFO tempest.lib.common.rest_client [req-e658cb80-f11b-4f09-ac77-2f02844192df req-e658cb80-f11b-4f09-ac77-2f02844192df ] Request (VolumesAssistedSnapshotsTest:setUpClass): 200 PUT http://10.180.1.21:9696/networking/v2.0/routers/f2afcfee-c818-4109-9ba7-7e59525cfe67/add_router_interface 1.282s
