2025-03-06 09:33:29.225 69203 INFO tempest.lib.common.rest_client [req-8c5ccd02-83bc-4f63-87fb-90b19a6a70ff req-8c5ccd02-83bc-4f63-87fb-90b19a6a70ff ] Request (ServersNegativeTestMultiTenantJSON:setUpClass): 200 GET http://10.180.1.21/compute/v2.1/servers/545024c9-58d2-4cec-9674-5aaee972370a 0.126s
2025-03-06 09:33:29.553 69165 INFO tempest.lib.common.rest_client [req-7d1e1740-5781-4a14-a16a-8448e636df92 req-7d1e1740-5781-4a14-a16a-8448e636df92 ] Request (ServerDiskConfigTestJSON:test_rebuild_server_with_auto_disk_config): 200 GET http://10.180.1.21/compute/v2.1/servers/db7fed3c-36db-439c-bdf9-90289f849eac 0.089s
2025-03-06 09:33:29.560 69165 INFO tempest.common.waiters [-] State transition "REBUILD/rebuild_spawning" ==> "ACTIVE/None" after 11 second wait
2025-03-06 09:33:29.572 69175 INFO tempest.lib.common.rest_client [req-5ca158b9-9256-403c-96b5-0177e61d95a8 req-5ca158b9-9256-403c-96b5-0177e61d95a8 ] Request (ListServersNegativeTestJSON:setUpClass): 200 GET http://10.180.1.21/compute/v2.1/servers/a1afca68-3af7-4fd0-809f-ca4ad2445d4b 0.090s
2025-03-06 09:33:29.598 69179 INFO tempest.lib.common.rest_client [req-e3458e5c-8e7f-4810-acc6-8cb35e68cccf req-e3458e5c-8e7f-4810-acc6-8cb35e68cccf ] Request (AttachVolumeShelveTestJSON:test_attach_volume_shelved_or_offload_server): 200 GET http://10.180.1.21/compute/v2.1/servers/5be9111c-f58a-43eb-94c1-d0ac8d99159f 0.086s
2025-03-06 09:33:29.613 69161 INFO tempest.lib.common.rest_client [req-678571fb-50b7-40b3-904f-0ea4677654a0 req-678571fb-50b7-40b3-904f-0ea4677654a0 ] Request (ServerAddressesNegativeTestJSON:setUpClass): 200 GET http://10.180.1.21/compute/v2.1/servers/4a3883d1-8f6a-4e32-ba63-0552865b3158 0.088s
2025-03-06 09:33:29.633 69193 WARNING tempest.lib.common.ssh [-] Failed to establish authenticated ssh connection to cirros@10.180.180.178 ([Errno None] Unable to connect to port 22 on 10.180.180.178). Number attempts: 9. Retry after 10 seconds.: paramiko.ssh_exception.NoValidConnectionsError: [Errno None] Unable to connect to port 22 on 10.180.180.178
2025-03-06 09:33:29.666 69205 INFO tempest.lib.common.rest_client [req-149b18ad-a435-42c6-98f0-465a02b1702c req-149b18ad-a435-42c6-98f0-465a02b1702c ] Request (MultipleCreateTestJSON:_run_cleanups): 200 GET http://10.180.1.21/compute/v2.1/servers/998ffe8e-1aba-4e8c-96ab-367a5d54d54f 0.105s
2025-03-06 09:33:29.682 69165 INFO tempest.lib.common.rest_client [req-ff78b424-0510-4c3f-a95b-104c81af05c8 req-ff78b424-0510-4c3f-a95b-104c81af05c8 ] Request (ServerDiskConfigTestJSON:test_rebuild_server_with_auto_disk_config): 200 GET http://10.180.1.21/compute/v2.1/servers/db7fed3c-36db-439c-bdf9-90289f849eac 0.122s
2025-03-06 09:33:29.719 69153 INFO tempest.lib.common.rest_client [req-f59b6451-90bb-4468-a6c0-cbcd76f383cd req-f59b6451-90bb-4468-a6c0-cbcd76f383cd ] Request (ServerShowV247Test:tearDownClass): 200 GET http://10.180.1.21/compute/v2.1/servers/cdb592f0-6224-4f00-84f3-afbd2b7e24a5 0.105s
2025-03-06 09:33:29.730 69211 INFO tempest.lib.common.rest_client [req-7454c2a1-c701-4195-b8f1-123c1bc20ba1 req-7454c2a1-c701-4195-b8f1-123c1bc20ba1 ] Request (ServerPasswordTestJSON:setUpClass): 200 GET http://10.180.1.21/compute/v2.1/servers/4b2b1531-770b-4bb6-9f58-d21e903ea332 0.082s
2025-03-06 09:33:29.785 69165 INFO tempest.lib.common.rest_client [req-08287ff9-943c-458b-9276-cd411d45ca90 req-08287ff9-943c-458b-9276-cd411d45ca90 ] Request (ServerDiskConfigTestJSON:_run_cleanups): 204 DELETE http://10.180.1.21/compute/v2.1/servers/db7fed3c-36db-439c-bdf9-90289f849eac 0.095s
2025-03-06 09:33:29.815 69155 INFO tempest.lib.common.rest_client [req-378e4e0b-0c66-4c7b-bd96-5caa6658e749 req-378e4e0b-0c66-4c7b-bd96-5caa6658e749 ] Request (MigrationsAdminTest:test_list_migrations_in_flavor_resize_situation): 200 GET http://10.180.1.21/compute/v2.1/servers/9fe86c8a-3b99-4503-82d9-db99ae5ec2fa 0.090s
2025-03-06 09:33:29.847 69165 INFO tempest.lib.common.rest_client [req-88a4ac9e-2a05-401c-a3ba-ff00ff14bb71 req-88a4ac9e-2a05-401c-a3ba-ff00ff14bb71 ] Request (ServerDiskConfigTestJSON:test_rebuild_server_with_manual_disk_config): 201 POST http://10.180.1.21/identity/v3/auth/tokens 0.057s
2025-03-06 09:33:29.847 69165 INFO tempest.lib.common.fixed_network [-] (ServerDiskConfigTestJSON:test_rebuild_server_with_manual_disk_config) Found network {'id': '278df984-0c6e-4dbb-9339-7b3ca97cbac0', 'name': 'tempest-ServerDiskConfigTestJSON-1500839901-network', 'tenant_id': '049be408a45d4efebd3a92a317c08ab8', 'admin_state_up': True, 'mtu': 8950, 'status': 'ACTIVE', 'subnets': [], 'shared': False, 'project_id': '049be408a45d4efebd3a92a317c08ab8', 'port_security_enabled': True, 'router:external': False, 'provider:network_type': 'vlan', 'provider:physical_network': 'default', 'provider:segmentation_id': 642, 'availability_zone_hints': [], 'availability_zones': [], 'ipv4_address_scope': None, 'ipv6_address_scope': None, 'description': '', 'tags': [], 'created_at': '2025-03-06T09:31:46Z', 'updated_at': '2025-03-06T09:31:46Z', 'revision_number': 1} available for tenant
2025-03-06 09:33:29.868 69183 INFO tempest.lib.common.rest_client [req-9d1e3a6d-030e-49d7-8166-15531317a22a req-9d1e3a6d-030e-49d7-8166-15531317a22a ] Request (ServersTestBootFromVolume:setUpClass): 200 GET http://10.180.1.21/volume/v3/volumes/9cdd3ca8-1a20-48ac-a373-c098b440b2ba 0.026s
2025-03-06 09:33:29.874 69183 INFO tempest.common.waiters [-] volume 9cdd3ca8-1a20-48ac-a373-c098b440b2ba reached available after waiting for 18.874592 seconds
2025-03-06 09:33:29.896 69157 INFO tempest.lib.common.rest_client [req-5b5dfaac-ca14-407b-96d4-1c13a8bf2675 req-5b5dfaac-ca14-407b-96d4-1c13a8bf2675 ] Request (ImagesOneServerNegativeTestJSON:_run_cleanups): 200 GET http://10.180.1.21/compute/v2.1/servers/c87dc1be-f58a-4499-82a8-0b64649bf610 0.054s
2025-03-06 09:33:30.109 69165 INFO tempest.lib.common.rest_client [req-5d66cb4c-59b2-41cd-98bc-0c4d51b99d1f req-5d66cb4c-59b2-41cd-98bc-0c4d51b99d1f ] Request (ServerDiskConfigTestJSON:test_rebuild_server_with_manual_disk_config): 202 POST http://10.180.1.21/compute/v2.1/servers 0.261s
2025-03-06 09:33:30.169 69189 INFO tempest.lib.common.rest_client [req-0929a55e-0c92-471c-b356-36988685ed3c req-0929a55e-0c92-471c-b356-36988685ed3c ] Request (FloatingIPsAssociationTestJSON:tearDownClass): 200 GET http://10.180.1.21/compute/v2.1/servers/f7d50028-73ab-4348-a49e-ca153c854939 0.234s
2025-03-06 09:33:30.264 69159 INFO tempest.lib.common.rest_client [req-9d970c4f-9044-4197-a4e6-e740c25d8f46 req-9d970c4f-9044-4197-a4e6-e740c25d8f46 ] Request (ServerRescueTestJSONUnderV235:setUpClass): 200 GET http://10.180.1.21/compute/v2.1/servers/42ea1741-5132-4f0e-a4cb-4b7a598e4188 0.318s
2025-03-06 09:33:30.287 69183 INFO tempest.lib.common.rest_client [req-5c4645b1-3fe8-42d8-b227-fb9d6a04dfd5 req-5c4645b1-3fe8-42d8-b227-fb9d6a04dfd5 ] Request (ServersTestBootFromVolume:setUpClass): 202 POST http://10.180.1.21/compute/v2.1/servers 0.412s
2025-03-06 09:33:30.298 69201 WARNING tempest.lib.common.ssh [-] Failed to establish authenticated ssh connection to cirros@10.180.180.221 ([Errno None] Unable to connect to port 22 on 10.180.180.221). Number attempts: 12. Retry after 13 seconds.: paramiko.ssh_exception.NoValidConnectionsError: [Errno None] Unable to connect to port 22 on 10.180.180.221
2025-03-06 09:33:30.314 69177 INFO tempest.lib.common.rest_client [req-6209e8d3-1c78-4c16-8837-1c4fbf5b246a req-6209e8d3-1c78-4c16-8837-1c4fbf5b246a ] Request (ServersWithSpecificFlavorTestJSON:test_verify_created_server_ephemeral_disk): 200 GET http://10.180.1.21/compute/v2.1/servers/5e723aa8-38dc-4692-8d2f-ff6aa2aa573a 0.332s
2025-03-06 09:33:30.354 69213 INFO tempest.lib.common.rest_client [req-175b6fc0-34d8-46c7-bbed-d09636fa69e2 req-175b6fc0-34d8-46c7-bbed-d09636fa69e2 ] Request (ServerExternalEventsTest:tearDownClass): 200 GET http://10.180.1.21/compute/v2.1/servers/bf972e49-a76d-47d5-bc4f-f934412c899a 0.357s
2025-03-06 09:33:30.369 69187 INFO tempest.lib.common.rest_client [req-54c792fa-adef-4be3-963a-8c04d7b82abb req-54c792fa-adef-4be3-963a-8c04d7b82abb ] Request (DeleteServersAdminTestJSON:test_delete_server_while_in_error_state): 200 GET http://10.180.1.21/compute/v2.1/servers/06b1ab57-ad18-44ea-87f6-1e189219697e 0.327s
2025-03-06 09:33:30.407 69165 INFO tempest.lib.common.rest_client [req-dd8fc734-2b19-451d-91a4-a2789eb1ba58 req-dd8fc734-2b19-451d-91a4-a2789eb1ba58 ] Request (ServerDiskConfigTestJSON:test_rebuild_server_with_manual_disk_config): 200 GET http://10.180.1.21/compute/v2.1/servers/b4723bbd-2e44-411c-bddd-3c9710bc20f7 0.295s
2025-03-06 09:33:30.413 69197 INFO tempest.lib.common.rest_client [req-b02fab83-585e-4261-b87d-4152539cb914 req-b02fab83-585e-4261-b87d-4152539cb914 ] Request (ServersAdminNegativeTestJSON:tearDownClass): 200 GET http://10.180.1.21/compute/v2.1/servers/9c5bda7c-55f0-402d-a515-87147f39fdd9 0.347s
2025-03-06 09:33:30.457 69169 INFO tempest.lib.common.rest_client [req-d7145420-ed81-4440-96bf-d7c0929bb3c2 req-d7145420-ed81-4440-96bf-d7c0929bb3c2 ] Request (ImagesTestJSON:test_create_image_from_suspended_server): 200 GET http://10.180.1.21/compute/v2.1/servers/af1eeca6-bbdc-4880-9256-5985dd2458a5 0.341s
2025-03-06 09:33:30.468 69171 INFO tempest.lib.common.rest_client [req-e7fbcff7-ad2b-44b9-a82e-1ec4651365d6 req-e7fbcff7-ad2b-44b9-a82e-1ec4651365d6 ] Request (ServerDiagnosticsTest:tearDownClass): 200 GET http://10.180.1.21/compute/v2.1/servers/08f79565-00e9-4b4e-a675-d150436201ad 0.342s
2025-03-06 09:33:30.507 69199 INFO tempest.lib.common.rest_client [req-ff200ff8-f2a6-4e71-b2d7-1ba6ea74b8ad req-ff200ff8-f2a6-4e71-b2d7-1ba6ea74b8ad ] Request (ServersTestMultiNic:test_verify_duplicate_network_nics): 200 GET http://10.180.1.21/compute/v2.1/servers/e36c017c-0a98-4987-b4e6-76dfe617831f 0.329s
2025-03-06 09:33:30.520 69207 INFO tempest.lib.common.rest_client [req-d5084858-b3af-4ac1-ac8a-3fa2a4f732b4 req-d5084858-b3af-4ac1-ac8a-3fa2a4f732b4 ] Request (SecurityGroupsTestJSON:test_list_security_groups_by_server): 200 GET http://10.180.1.21/compute/v2.1/servers/ea190e91-e74a-497b-b28d-91c72895bb58 0.336s
2025-03-06 09:33:30.557 69183 INFO tempest.lib.common.rest_client [req-512472e5-a16c-4857-9cf1-c0097524d95e req-512472e5-a16c-4857-9cf1-c0097524d95e ] Request (ServersTestBootFromVolume:setUpClass): 200 GET http://10.180.1.21/compute/v2.1/servers/ba678a0d-d3f0-4dca-ad62-697237cf99ea 0.268s
2025-03-06 09:33:30.560 69203 INFO tempest.lib.common.rest_client [req-5ee10467-1954-44df-a921-928f424d241a req-5ee10467-1954-44df-a921-928f424d241a ] Request (ServersNegativeTestMultiTenantJSON:setUpClass): 200 GET http://10.180.1.21/compute/v2.1/servers/545024c9-58d2-4cec-9674-5aaee972370a 0.325s
2025-03-06 09:33:30.659 69179 INFO tempest.lib.common.rest_client [req-059de2a0-2f8d-4f1d-8302-9df225b212cd req-059de2a0-2f8d-4f1d-8302-9df225b212cd ] Request (AttachVolumeShelveTestJSON:test_attach_volume_shelved_or_offload_server): 200 GET http://10.180.1.21/compute/v2.1/servers/5be9111c-f58a-43eb-94c1-d0ac8d99159f 0.052s
2025-03-06 09:33:30.667 69175 INFO tempest.lib.common.rest_client [req-b074f09d-a191-467d-81b1-63f92801eac6 req-b074f09d-a191-467d-81b1-63f92801eac6 ] Request (ListServersNegativeTestJSON:setUpClass): 200 GET http://10.180.1.21/compute/v2.1/servers/a1afca68-3af7-4fd0-809f-ca4ad2445d4b 0.088s
2025-03-06 09:33:30.714 69161 INFO tempest.lib.common.rest_client [req-55d7df21-eb9f-446d-a7f3-da66bc180153 req-55d7df21-eb9f-446d-a7f3-da66bc180153 ] Request (ServerAddressesNegativeTestJSON:setUpClass): 200 GET http://10.180.1.21/compute/v2.1/servers/4a3883d1-8f6a-4e32-ba63-0552865b3158 0.093s
2025-03-06 09:33:30.735 69205 INFO tempest.lib.common.rest_client [req-8dd930f6-bb26-40cb-96fc-44f1f9f20091 req-8dd930f6-bb26-40cb-96fc-44f1f9f20091 ] Request (MultipleCreateTestJSON:_run_cleanups): 200 GET http://10.180.1.21/compute/v2.1/servers/998ffe8e-1aba-4e8c-96ab-367a5d54d54f 0.061s
2025-03-06 09:33:30.790 69211 INFO tempest.lib.common.rest_client [req-d322c631-3283-47ff-ab86-e6c5a18f073f req-d322c631-3283-47ff-ab86-e6c5a18f073f ] Request (ServerPasswordTestJSON:setUpClass): 200 GET http://10.180.1.21/compute/v2.1/servers/4b2b1531-770b-4bb6-9f58-d21e903ea332 0.053s
2025-03-06 09:33:30.793 69153 INFO tempest.lib.common.rest_client [req-032a807c-5ad7-46c8-93c3-6f6676b2453a req-032a807c-5ad7-46c8-93c3-6f6676b2453a ] Request (ServerShowV247Test:tearDownClass): 200 GET http://10.180.1.21/compute/v2.1/servers/cdb592f0-6224-4f00-84f3-afbd2b7e24a5 0.064s
2025-03-06 09:33:30.933 69155 INFO tempest.lib.common.rest_client [req-1bd5cfd4-b326-4970-a2c1-35a4b277b5a7 req-1bd5cfd4-b326-4970-a2c1-35a4b277b5a7 ] Request (MigrationsAdminTest:test_list_migrations_in_flavor_resize_situation): 200 GET http://10.180.1.21/compute/v2.1/servers/9fe86c8a-3b99-4503-82d9-db99ae5ec2fa 0.110s
2025-03-06 09:33:30.957 69157 INFO tempest.lib.common.rest_client [req-462ff582-436c-4b2b-8065-e945cab97b7c req-462ff582-436c-4b2b-8065-e945cab97b7c ] Request (ImagesOneServerNegativeTestJSON:_run_cleanups): 200 GET http://10.180.1.21/compute/v2.1/servers/c87dc1be-f58a-4499-82a8-0b64649bf610 0.053s
2025-03-06 09:33:31.234 69189 INFO tempest.lib.common.rest_client [req-81ced1db-ea80-400a-ac61-865cb9dff16a req-81ced1db-ea80-400a-ac61-865cb9dff16a ] Request (FloatingIPsAssociationTestJSON:tearDownClass): 200 GET http://10.180.1.21/compute/v2.1/servers/f7d50028-73ab-4348-a49e-ca153c854939 0.056s
2025-03-06 09:33:31.390 69177 INFO tempest.lib.common.rest_client [req-f92fcbc7-24d2-4932-a467-1edcd5c79eea req-f92fcbc7-24d2-4932-a467-1edcd5c79eea ] Request (ServersWithSpecificFlavorTestJSON:test_verify_created_server_ephemeral_disk): 200 GET http://10.180.1.21/compute/v2.1/servers/5e723aa8-38dc-4692-8d2f-ff6aa2aa573a 0.065s
2025-03-06 09:33:31.446 69213 INFO tempest.lib.common.rest_client [req-599e4215-1cab-4db3-a9c6-91db156f4512 req-599e4215-1cab-4db3-a9c6-91db156f4512 ] Request (ServerExternalEventsTest:tearDownClass): 200 GET http://10.180.1.21/compute/v2.1/servers/bf972e49-a76d-47d5-bc4f-f934412c899a 0.084s
2025-03-06 09:33:31.500 69187 INFO tempest.lib.common.rest_client [req-87b2808b-745e-49bc-a7a8-be358b8b200a req-87b2808b-745e-49bc-a7a8-be358b8b200a ] Request (DeleteServersAdminTestJSON:test_delete_server_while_in_error_state): 200 GET http://10.180.1.21/compute/v2.1/servers/06b1ab57-ad18-44ea-87f6-1e189219697e 0.124s
2025-03-06 09:33:31.546 69165 INFO tempest.lib.common.rest_client [req-c71c7e4b-d2c1-45d9-8731-6acdd217feb2 req-c71c7e4b-d2c1-45d9-8731-6acdd217feb2 ] Request (ServerDiskConfigTestJSON:test_rebuild_server_with_manual_disk_config): 200 GET http://10.180.1.21/compute/v2.1/servers/b4723bbd-2e44-411c-bddd-3c9710bc20f7 0.130s
2025-03-06 09:33:31.571 69181 WARNING tempest.lib.common.ssh [-] Failed to establish authenticated ssh connection to cirros@10.180.180.242 ([Errno None] Unable to connect to port 22 on 10.180.180.242). Number attempts: 10. Retry after 11 seconds.: paramiko.ssh_exception.NoValidConnectionsError: [Errno None] Unable to connect to port 22 on 10.180.180.242
2025-03-06 09:33:31.607 69197 INFO tempest.lib.common.rest_client [req-58b7c264-2df6-40d2-852c-23b02fd59f4e req-58b7c264-2df6-40d2-852c-23b02fd59f4e ] Request (ServersAdminNegativeTestJSON:tearDownClass): 200 GET http://10.180.1.21/compute/v2.1/servers/9c5bda7c-55f0-402d-a515-87147f39fdd9 0.184s
2025-03-06 09:33:31.624 69159 INFO tempest.lib.common.rest_client [req-edb2d527-a776-4201-9090-1ab908b70fb4 req-edb2d527-a776-4201-9090-1ab908b70fb4 ] Request (ServerRescueTestJSONUnderV235:setUpClass): 200 GET http://10.180.1.21/compute/v2.1/servers/42ea1741-5132-4f0e-a4cb-4b7a598e4188 0.351s
2025-03-06 09:33:31.656 69169 INFO tempest.lib.common.rest_client [req-84e8e908-2075-4bad-8e63-bab1ed925e16 req-84e8e908-2075-4bad-8e63-bab1ed925e16 ] Request (ImagesTestJSON:test_create_image_from_suspended_server): 200 GET http://10.180.1.21/compute/v2.1/servers/af1eeca6-bbdc-4880-9256-5985dd2458a5 0.190s
2025-03-06 09:33:31.664 69169 INFO tempest.common.waiters [-] State transition "BUILD/None" ==> "BUILD/networking" after 85 second wait
2025-03-06 09:33:31.679 69171 INFO tempest.lib.common.rest_client [req-a0127426-5d36-4e2f-ad9a-1fcab2119fd6 req-a0127426-5d36-4e2f-ad9a-1fcab2119fd6 ] Request (ServerDiagnosticsTest:tearDownClass): 200 GET http://10.180.1.21/compute/v2.1/servers/08f79565-00e9-4b4e-a675-d150436201ad 0.203s
2025-03-06 09:33:31.702 69199 INFO tempest.lib.common.rest_client [req-c575fcfe-037c-4c41-a176-38804f1bcd11 req-c575fcfe-037c-4c41-a176-38804f1bcd11 ] Request (ServersTestMultiNic:test_verify_duplicate_network_nics): 200 GET http://10.180.1.21/compute/v2.1/servers/e36c017c-0a98-4987-b4e6-76dfe617831f 0.185s
2025-03-06 09:33:31.725 69207 INFO tempest.lib.common.rest_client [req-28de312b-1893-409e-aecc-a65553363038 req-28de312b-1893-409e-aecc-a65553363038 ] Request (SecurityGroupsTestJSON:test_list_security_groups_by_server): 200 GET http://10.180.1.21/compute/v2.1/servers/ea190e91-e74a-497b-b28d-91c72895bb58 0.197s
2025-03-06 09:33:31.752 69203 INFO tempest.lib.common.rest_client [req-3d773b9b-8b7d-4370-bd8c-7a2b67b16371 req-3d773b9b-8b7d-4370-bd8c-7a2b67b16371 ] Request (ServersNegativeTestMultiTenantJSON:setUpClass): 200 GET http://10.180.1.21/compute/v2.1/servers/545024c9-58d2-4cec-9674-5aaee972370a 0.184s
2025-03-06 09:33:31.778 69183 INFO tempest.lib.common.rest_client [req-02b90244-c72c-4cd4-acca-36c9f2cbaeef req-02b90244-c72c-4cd4-acca-36c9f2cbaeef ] Request (ServersTestBootFromVolume:setUpClass): 200 GET http://10.180.1.21/compute/v2.1/servers/ba678a0d-d3f0-4dca-ad62-697237cf99ea 0.208s
2025-03-06 09:33:31.811 69179 INFO tempest.lib.common.rest_client [req-1a56d925-e778-47af-818b-318f9eeefd99 req-1a56d925-e778-47af-818b-318f9eeefd99 ] Request (AttachVolumeShelveTestJSON:test_attach_volume_shelved_or_offload_server): 200 GET http://10.180.1.21/compute/v2.1/servers/5be9111c-f58a-43eb-94c1-d0ac8d99159f 0.143s
2025-03-06 09:33:31.863 69161 INFO tempest.lib.common.rest_client [req-1ea93ac9-e76d-4990-ae94-7629beec7b68 req-1ea93ac9-e76d-4990-ae94-7629beec7b68 ] Request (ServerAddressesNegativeTestJSON:setUpClass): 200 GET http://10.180.1.21/compute/v2.1/servers/4a3883d1-8f6a-4e32-ba63-0552865b3158 0.141s
2025-03-06 09:33:31.919 69175 INFO tempest.lib.common.rest_client [req-78c1564d-329d-4d0f-9d9b-dcf49fa463c9 req-78c1564d-329d-4d0f-9d9b-dcf49fa463c9 ] Request (ListServersNegativeTestJSON:setUpClass): 200 GET http://10.180.1.21/compute/v2.1/servers/a1afca68-3af7-4fd0-809f-ca4ad2445d4b 0.244s
2025-03-06 09:33:31.919 69205 INFO tempest.lib.common.rest_client [req-5ee3b82a-8f4a-4ec2-858c-422e2f75f4e5 req-5ee3b82a-8f4a-4ec2-858c-422e2f75f4e5 ] Request (MultipleCreateTestJSON:_run_cleanups): 200 GET http://10.180.1.21/compute/v2.1/servers/998ffe8e-1aba-4e8c-96ab-367a5d54d54f 0.174s
2025-03-06 09:33:31.927 69175 INFO tempest.common.waiters [-] State transition "BUILD/spawning" ==> "ACTIVE/None" after 89 second wait
2025-03-06 09:33:31.965 69211 INFO tempest.lib.common.rest_client [req-6d25d554-f8f7-4802-a376-5ab687dfdf80 req-6d25d554-f8f7-4802-a376-5ab687dfdf80 ] Request (ServerPasswordTestJSON:setUpClass): 200 GET http://10.180.1.21/compute/v2.1/servers/4b2b1531-770b-4bb6-9f58-d21e903ea332 0.165s
2025-03-06 09:33:31.998 69153 INFO tempest.lib.common.rest_client [req-e923ec33-a23a-4d47-a1e9-c1a48a7ae20c req-e923ec33-a23a-4d47-a1e9-c1a48a7ae20c ] Request (ServerShowV247Test:tearDownClass): 200 GET http://10.180.1.21/compute/v2.1/servers/cdb592f0-6224-4f00-84f3-afbd2b7e24a5 0.193s
2025-03-06 09:33:32.049 69175 INFO tempest.lib.common.rest_client [req-ec109f72-1c37-4720-a28d-cbc22d7e03a0 req-ec109f72-1c37-4720-a28d-cbc22d7e03a0 ] Request (ListServersNegativeTestJSON:setUpClass): 200 GET http://10.180.1.21/compute/v2.1/servers/31f99c1b-3e10-4015-8038-30cbfeba2c15 0.122s
2025-03-06 09:33:32.096 69157 INFO tempest.lib.common.rest_client [req-ed1aa172-6aa9-4f10-b2ec-ccd2902694fc req-ed1aa172-6aa9-4f10-b2ec-ccd2902694fc ] Request (ImagesOneServerNegativeTestJSON:_run_cleanups): 200 GET http://10.180.1.21/compute/v2.1/servers/c87dc1be-f58a-4499-82a8-0b64649bf610 0.130s
2025-03-06 09:33:32.135 69155 INFO tempest.lib.common.rest_client [req-6330b880-a73c-4388-8e6c-85f0f3056b2c req-6330b880-a73c-4388-8e6c-85f0f3056b2c ] Request (MigrationsAdminTest:test_list_migrations_in_flavor_resize_situation): 200 GET http://10.180.1.21/compute/v2.1/servers/9fe86c8a-3b99-4503-82d9-db99ae5ec2fa 0.194s
2025-03-06 09:33:32.198 69175 INFO tempest.lib.common.rest_client [req-06f774e2-5bf0-44cd-b795-cc30e6d58743 req-06f774e2-5bf0-44cd-b795-cc30e6d58743 ] Request (ListServersNegativeTestJSON:setUpClass): 200 GET http://10.180.1.21/compute/v2.1/servers/37a066a8-dd83-4d14-96cf-ea82da6d526b 0.142s
2025-03-06 09:33:32.291 69175 INFO tempest.lib.common.rest_client [req-a439e736-736c-49b0-9bc8-2c2290700a77 req-a439e736-736c-49b0-9bc8-2c2290700a77 ] Request (ListServersNegativeTestJSON:setUpClass): 204 DELETE http://10.180.1.21/compute/v2.1/servers/31f99c1b-3e10-4015-8038-30cbfeba2c15 0.084s
2025-03-06 09:33:32.320 69189 INFO tempest.lib.common.rest_client [req-e0056347-b881-45c0-9a5c-cc5f9d92ce21 req-e0056347-b881-45c0-9a5c-cc5f9d92ce21 ] Request (FloatingIPsAssociationTestJSON:tearDownClass): 200 GET http://10.180.1.21/compute/v2.1/servers/f7d50028-73ab-4348-a49e-ca153c854939 0.078s
2025-03-06 09:33:32.449 69177 INFO tempest.lib.common.rest_client [req-8dc3636c-4ff6-4fea-950d-a27cf500c215 req-8dc3636c-4ff6-4fea-950d-a27cf500c215 ] Request (ServersWithSpecificFlavorTestJSON:test_verify_created_server_ephemeral_disk): 200 GET http://10.180.1.21/compute/v2.1/servers/5e723aa8-38dc-4692-8d2f-ff6aa2aa573a 0.049s
2025-03-06 09:33:32.469 69175 INFO tempest.lib.common.rest_client [req-cb0b1451-aa3f-4323-b5d8-0e95eed29a0d req-cb0b1451-aa3f-4323-b5d8-0e95eed29a0d ] Request (ListServersNegativeTestJSON:setUpClass): 200 GET http://10.180.1.21/compute/v2.1/servers/31f99c1b-3e10-4015-8038-30cbfeba2c15 0.177s
2025-03-06 09:33:32.515 69213 INFO tempest.lib.common.rest_client [req-1204dcf9-7e8a-4bf6-9edb-dc88972656dd req-1204dcf9-7e8a-4bf6-9edb-dc88972656dd ] Request (ServerExternalEventsTest:tearDownClass): 200 GET http://10.180.1.21/compute/v2.1/servers/bf972e49-a76d-47d5-bc4f-f934412c899a 0.058s
2025-03-06 09:33:32.577 69187 INFO tempest.lib.common.rest_client [req-20429450-1c46-4df6-891b-6546e6805fbd req-20429450-1c46-4df6-891b-6546e6805fbd ] Request (DeleteServersAdminTestJSON:test_delete_server_while_in_error_state): 200 GET http://10.180.1.21/compute/v2.1/servers/06b1ab57-ad18-44ea-87f6-1e189219697e 0.069s
2025-03-06 09:33:32.605 69165 INFO tempest.lib.common.rest_client [req-22613219-850a-4e1c-bd04-451983d3364a req-22613219-850a-4e1c-bd04-451983d3364a ] Request (ServerDiskConfigTestJSON:test_rebuild_server_with_manual_disk_config): 200 GET http://10.180.1.21/compute/v2.1/servers/b4723bbd-2e44-411c-bddd-3c9710bc20f7 0.051s
2025-03-06 09:33:32.713 69197 INFO tempest.lib.common.rest_client [req-466f0d7e-21e5-4684-97e0-7a6d9b4c6887 req-466f0d7e-21e5-4684-97e0-7a6d9b4c6887 ] Request (ServersAdminNegativeTestJSON:tearDownClass): 200 GET http://10.180.1.21/compute/v2.1/servers/9c5bda7c-55f0-402d-a515-87147f39fdd9 0.093s
2025-03-06 09:33:32.759 69159 INFO tempest.lib.common.rest_client [req-d1ec8591-40ab-434c-9300-6fe00fb3d08a req-d1ec8591-40ab-434c-9300-6fe00fb3d08a ] Request (ServerRescueTestJSONUnderV235:setUpClass): 200 GET http://10.180.1.21/compute/v2.1/servers/42ea1741-5132-4f0e-a4cb-4b7a598e4188 0.126s
2025-03-06 09:33:32.822 69171 INFO tempest.lib.common.rest_client [req-345b9f12-82e9-4763-8dfd-708e6aaa0144 req-345b9f12-82e9-4763-8dfd-708e6aaa0144 ] Request (ServerDiagnosticsTest:tearDownClass): 200 GET http://10.180.1.21/compute/v2.1/servers/08f79565-00e9-4b4e-a675-d150436201ad 0.134s
2025-03-06 09:33:32.845 69169 INFO tempest.lib.common.rest_client [req-f9834dbb-8a7c-45f8-be3e-331f948210e0 req-f9834dbb-8a7c-45f8-be3e-331f948210e0 ] Request (ImagesTestJSON:test_create_image_from_suspended_server): 200 GET http://10.180.1.21/compute/v2.1/servers/af1eeca6-bbdc-4880-9256-5985dd2458a5 0.180s
2025-03-06 09:33:32.852 69169 INFO tempest.common.waiters [-] State transition "BUILD/networking" ==> "BUILD/block_device_mapping" after 86 second wait
2025-03-06 09:33:32.878 69199 INFO tempest.lib.common.rest_client [req-3b41fac8-41d4-41d2-a19b-c4d787561ef2 req-3b41fac8-41d4-41d2-a19b-c4d787561ef2 ] Request (ServersTestMultiNic:test_verify_duplicate_network_nics): 200 GET http://10.180.1.21/compute/v2.1/servers/e36c017c-0a98-4987-b4e6-76dfe617831f 0.168s
2025-03-06 09:33:32.899 69207 INFO tempest.lib.common.rest_client [req-75261595-2d1e-4eb1-b2ec-a589c28cf6d4 req-75261595-2d1e-4eb1-b2ec-a589c28cf6d4 ] Request (SecurityGroupsTestJSON:test_list_security_groups_by_server): 200 GET http://10.180.1.21/compute/v2.1/servers/ea190e91-e74a-497b-b28d-91c72895bb58 0.166s
2025-03-06 09:33:32.931 69203 INFO tempest.lib.common.rest_client [req-6d654f46-4457-4a3a-97ea-f2dd40543454 req-6d654f46-4457-4a3a-97ea-f2dd40543454 ] Request (ServersNegativeTestMultiTenantJSON:setUpClass): 200 GET http://10.180.1.21/compute/v2.1/servers/545024c9-58d2-4cec-9674-5aaee972370a 0.169s
2025-03-06 09:33:32.956 69183 INFO tempest.lib.common.rest_client [req-fd17c795-0943-4dee-bcf6-38dea0ed827f req-fd17c795-0943-4dee-bcf6-38dea0ed827f ] Request (ServersTestBootFromVolume:setUpClass): 200 GET http://10.180.1.21/compute/v2.1/servers/ba678a0d-d3f0-4dca-ad62-697237cf99ea 0.168s
2025-03-06 09:33:32.983 69179 INFO tempest.lib.common.rest_client [req-1087d4da-dc91-4723-aa75-e8d69a14400a req-1087d4da-dc91-4723-aa75-e8d69a14400a ] Request (AttachVolumeShelveTestJSON:test_attach_volume_shelved_or_offload_server): 200 GET http://10.180.1.21/compute/v2.1/servers/5be9111c-f58a-43eb-94c1-d0ac8d99159f 0.162s
2025-03-06 09:33:33.002 69205 INFO tempest.lib.common.rest_client [req-a3812855-fa6e-40a7-b167-726892d1c088 req-a3812855-fa6e-40a7-b167-726892d1c088 ] Request (MultipleCreateTestJSON:_run_cleanups): 404 GET http://10.180.1.21/compute/v2.1/servers/998ffe8e-1aba-4e8c-96ab-367a5d54d54f 0.075s
2025-03-06 09:33:33.004 69161 INFO tempest.lib.common.rest_client [req-16a4b11d-4c88-42a6-bc2a-28b2204e06f6 req-16a4b11d-4c88-42a6-bc2a-28b2204e06f6 ] Request (ServerAddressesNegativeTestJSON:setUpClass): 200 GET http://10.180.1.21/compute/v2.1/servers/4a3883d1-8f6a-4e32-ba63-0552865b3158 0.133s
2025-03-06 09:33:33.025 69205 INFO tempest.lib.common.rest_client [req-aaf87127-f227-4dc2-8bd0-2194d6d92e42 req-aaf87127-f227-4dc2-8bd0-2194d6d92e42 ] Request (MultipleCreateTestJSON:_run_cleanups): 404 GET http://10.180.1.21/compute/v2.1/servers/5593b9ed-c7cb-498c-b4c3-4a2da54c2036 0.022s
2025-03-06 09:33:33.060 69211 INFO tempest.lib.common.rest_client [req-f462894a-52d0-49c1-b7e6-8eca3c1563f0 req-f462894a-52d0-49c1-b7e6-8eca3c1563f0 ] Request (ServerPasswordTestJSON:setUpClass): 200 GET http://10.180.1.21/compute/v2.1/servers/4b2b1531-770b-4bb6-9f58-d21e903ea332 0.086s
2025-03-06 09:33:33.067 69211 INFO tempest.common.waiters [-] State transition "BUILD/scheduling" ==> "BUILD/None" after 39 second wait
2025-03-06 09:33:33.084 69153 INFO tempest.lib.common.rest_client [req-307ee4d5-3722-4f0f-915c-1239296abd99 req-307ee4d5-3722-4f0f-915c-1239296abd99 ] Request (ServerShowV247Test:tearDownClass): 200 GET http://10.180.1.21/compute/v2.1/servers/cdb592f0-6224-4f00-84f3-afbd2b7e24a5 0.074s
2025-03-06 09:33:33.094 69205 INFO tempest.lib.common.rest_client [req-2da57289-ce26-4341-85ad-b1e5e7645eda req-2da57289-ce26-4341-85ad-b1e5e7645eda ] Request (MultipleCreateTestJSON:test_multiple_create_with_reservation_return): 201 POST http://10.180.1.21/identity/v3/auth/tokens 0.062s
2025-03-06 09:33:33.095 69205 INFO tempest.lib.common.fixed_network [-] (MultipleCreateTestJSON:test_multiple_create_with_reservation_return) Found network {'id': '7e92978c-367e-4dca-a637-35cd57d40d27', 'name': 'tempest-MultipleCreateTestJSON-1878021669-network', 'tenant_id': '2b60897c37e343c7ab42527b57b456a6', 'admin_state_up': True, 'mtu': 8950, 'status': 'ACTIVE', 'subnets': [], 'shared': False, 'project_id': '2b60897c37e343c7ab42527b57b456a6', 'port_security_enabled': True, 'router:external': False, 'provider:network_type': 'vlan', 'provider:physical_network': 'default', 'provider:segmentation_id': 289, 'availability_zone_hints': [], 'availability_zones': [], 'ipv4_address_scope': None, 'ipv6_address_scope': None, 'description': '', 'tags': [], 'created_at': '2025-03-06T09:31:33Z', 'updated_at': '2025-03-06T09:31:33Z', 'revision_number': 1} available for tenant
2025-03-06 09:33:33.163 69157 INFO tempest.lib.common.rest_client [req-7321b74d-1ab3-4c51-ac03-850124813d9d req-7321b74d-1ab3-4c51-ac03-850124813d9d ] Request (ImagesOneServerNegativeTestJSON:_run_cleanups): 200 GET http://10.180.1.21/compute/v2.1/servers/c87dc1be-f58a-4499-82a8-0b64649bf610 0.049s
2025-03-06 09:33:33.251 69155 INFO tempest.lib.common.rest_client [req-fe9f9002-bd2f-4fcd-8ed9-0b1f1771107b req-fe9f9002-bd2f-4fcd-8ed9-0b1f1771107b ] Request (MigrationsAdminTest:test_list_migrations_in_flavor_resize_situation): 200 GET http://10.180.1.21/compute/v2.1/servers/9fe86c8a-3b99-4503-82d9-db99ae5ec2fa 0.109s
2025-03-06 09:33:33.389 69189 INFO tempest.lib.common.rest_client [req-7ffe6498-1265-4fa6-8ffc-73a41db5c4f2 req-7ffe6498-1265-4fa6-8ffc-73a41db5c4f2 ] Request (FloatingIPsAssociationTestJSON:tearDownClass): 200 GET http://10.180.1.21/compute/v2.1/servers/f7d50028-73ab-4348-a49e-ca153c854939 0.059s
2025-03-06 09:33:33.420 69205 INFO tempest.lib.common.rest_client [req-3bd7a25c-86b6-41a9-8467-990978641b30 req-3bd7a25c-86b6-41a9-8467-990978641b30 ] Request (MultipleCreateTestJSON:test_multiple_create_with_reservation_return): 202 POST http://10.180.1.21/compute/v2.1/servers 0.325s
2025-03-06 09:33:33.454 69205 INFO tempest.lib.common.rest_client [req-a33c7937-0abc-4bd1-ba73-46288135114e req-a33c7937-0abc-4bd1-ba73-46288135114e ] Request (MultipleCreateTestJSON:test_multiple_create_with_reservation_return): 200 GET http://10.180.1.21/compute/v2.1/servers 0.033s
2025-03-06 09:33:33.496 69205 INFO tempest.lib.common.rest_client [req-9912cad9-8e0d-4bae-9edc-234b7137ab4a req-9912cad9-8e0d-4bae-9edc-234b7137ab4a ] Request (MultipleCreateTestJSON:test_multiple_create_with_reservation_return): 200 GET http://10.180.1.21/compute/v2.1/servers/f0f4b525-d58e-47de-b878-e76a2fa4e074 0.041s
2025-03-06 09:33:33.508 69177 INFO tempest.lib.common.rest_client [req-88e595a4-860b-4436-976c-e8dbe12f7ab0 req-88e595a4-860b-4436-976c-e8dbe12f7ab0 ] Request (ServersWithSpecificFlavorTestJSON:test_verify_created_server_ephemeral_disk): 200 GET http://10.180.1.21/compute/v2.1/servers/5e723aa8-38dc-4692-8d2f-ff6aa2aa573a 0.050s
2025-03-06 09:33:33.579 69213 INFO tempest.lib.common.rest_client [req-affb28bd-4b9c-446f-b997-18a04e886f41 req-affb28bd-4b9c-446f-b997-18a04e886f41 ] Request (ServerExternalEventsTest:tearDownClass): 200 GET http://10.180.1.21/compute/v2.1/servers/bf972e49-a76d-47d5-bc4f-f934412c899a 0.056s
2025-03-06 09:33:33.583 69175 INFO tempest.lib.common.rest_client [req-86456ebf-e105-47a6-8d33-6ea7aa6de180 req-86456ebf-e105-47a6-8d33-6ea7aa6de180 ] Request (ListServersNegativeTestJSON:setUpClass): 200 GET http://10.180.1.21/compute/v2.1/servers/31f99c1b-3e10-4015-8038-30cbfeba2c15 0.107s
2025-03-06 09:33:33.649 69187 INFO tempest.lib.common.rest_client [req-78c2e9b8-1da5-4fbc-b64f-a20879adc123 req-78c2e9b8-1da5-4fbc-b64f-a20879adc123 ] Request (DeleteServersAdminTestJSON:test_delete_server_while_in_error_state): 200 GET http://10.180.1.21/compute/v2.1/servers/06b1ab57-ad18-44ea-87f6-1e189219697e 0.063s
2025-03-06 09:33:33.663 69165 INFO tempest.lib.common.rest_client [req-892e6c25-00e7-4183-a390-71c651e52c0c req-892e6c25-00e7-4183-a390-71c651e52c0c ] Request (ServerDiskConfigTestJSON:test_rebuild_server_with_manual_disk_config): 200 GET http://10.180.1.21/compute/v2.1/servers/b4723bbd-2e44-411c-bddd-3c9710bc20f7 0.049s
2025-03-06 09:33:33.781 69197 INFO tempest.lib.common.rest_client [req-4c958e1b-4cc9-4af4-b0d7-7e15da33dd34 req-4c958e1b-4cc9-4af4-b0d7-7e15da33dd34 ] Request (ServersAdminNegativeTestJSON:tearDownClass): 200 GET http://10.180.1.21/compute/v2.1/servers/9c5bda7c-55f0-402d-a515-87147f39fdd9 0.061s
2025-03-06 09:33:33.878 69159 INFO tempest.lib.common.rest_client [req-5739dc8e-39f5-4e0e-a487-7a037d83fea5 req-5739dc8e-39f5-4e0e-a487-7a037d83fea5 ] Request (ServerRescueTestJSONUnderV235:setUpClass): 200 GET http://10.180.1.21/compute/v2.1/servers/42ea1741-5132-4f0e-a4cb-4b7a598e4188 0.111s
2025-03-06 09:33:33.886 69159 INFO tempest.common.waiters [-] State transition "BUILD/spawning" ==> "ACTIVE/None" after 91 second wait
2025-03-06 09:33:34.013 69169 INFO tempest.lib.common.rest_client [req-1843fd49-7a23-408b-8346-450ef94eee13 req-1843fd49-7a23-408b-8346-450ef94eee13 ] Request (ImagesTestJSON:test_create_image_from_suspended_server): 200 GET http://10.180.1.21/compute/v2.1/servers/af1eeca6-bbdc-4880-9256-5985dd2458a5 0.159s
2025-03-06 09:33:34.029 69169 INFO tempest.common.waiters [-] State transition "BUILD/block_device_mapping" ==> "BUILD/spawning" after 88 second wait
2025-03-06 09:33:34.077 69199 INFO tempest.lib.common.rest_client [req-305720d9-bdf0-4066-a4a0-aafd7b0be084 req-305720d9-bdf0-4066-a4a0-aafd7b0be084 ] Request (ServersTestMultiNic:test_verify_duplicate_network_nics): 200 GET http://10.180.1.21/compute/v2.1/servers/e36c017c-0a98-4987-b4e6-76dfe617831f 0.191s
2025-03-06 09:33:34.123 69171 INFO tempest.lib.common.rest_client [req-5cfbdce9-b76b-4f96-9c2b-77df57d50a79 req-5cfbdce9-b76b-4f96-9c2b-77df57d50a79 ] Request (ServerDiagnosticsTest:tearDownClass): 200 GET http://10.180.1.21/compute/v2.1/servers/08f79565-00e9-4b4e-a675-d150436201ad 0.292s
2025-03-06 09:33:34.161 69159 INFO tempest.lib.common.rest_client [req-95b74be0-92bd-4df9-a876-d3eccda6e5c2 req-95b74be0-92bd-4df9-a876-d3eccda6e5c2 ] Request (ServerRescueTestJSONUnderV235:setUpClass): 200 POST http://10.180.1.21/compute/v2.1/servers/42ea1741-5132-4f0e-a4cb-4b7a598e4188/action 0.274s
2025-03-06 09:33:34.186 69207 INFO tempest.lib.common.rest_client [req-d0ec5f25-6956-43b9-814f-18310bdc9fdd req-d0ec5f25-6956-43b9-814f-18310bdc9fdd ] Request (SecurityGroupsTestJSON:test_list_security_groups_by_server): 200 GET http://10.180.1.21/compute/v2.1/servers/ea190e91-e74a-497b-b28d-91c72895bb58 0.280s
2025-03-06 09:33:34.214 69203 INFO tempest.lib.common.rest_client [req-7eb32d82-1d1a-4bb0-96f3-b65587f82707 req-7eb32d82-1d1a-4bb0-96f3-b65587f82707 ] Request (ServersNegativeTestMultiTenantJSON:setUpClass): 200 GET http://10.180.1.21/compute/v2.1/servers/545024c9-58d2-4cec-9674-5aaee972370a 0.275s
2025-03-06 09:33:34.243 69183 INFO tempest.lib.common.rest_client [req-520c94be-b664-470e-82de-569cf3c0db0c req-520c94be-b664-470e-82de-569cf3c0db0c ] Request (ServersTestBootFromVolume:setUpClass): 200 GET http://10.180.1.21/compute/v2.1/servers/ba678a0d-d3f0-4dca-ad62-697237cf99ea 0.279s
2025-03-06 09:33:34.266 69179 INFO tempest.lib.common.rest_client [req-e58725e3-cce7-49a1-a108-6e73ba2e2d5e req-e58725e3-cce7-49a1-a108-6e73ba2e2d5e ] Request (AttachVolumeShelveTestJSON:test_attach_volume_shelved_or_offload_server): 200 GET http://10.180.1.21/compute/v2.1/servers/5be9111c-f58a-43eb-94c1-d0ac8d99159f 0.274s
2025-03-06 09:33:34.291 69161 INFO tempest.lib.common.rest_client [req-a8f01f45-7d66-449e-a7f9-c6a9a9cb5d03 req-a8f01f45-7d66-449e-a7f9-c6a9a9cb5d03 ] Request (ServerAddressesNegativeTestJSON:setUpClass): 200 GET http://10.180.1.21/compute/v2.1/servers/4a3883d1-8f6a-4e32-ba63-0552865b3158 0.273s
2025-03-06 09:33:34.314 69211 INFO tempest.lib.common.rest_client [req-570e0109-f427-4469-9e57-d39a355ffc43 req-570e0109-f427-4469-9e57-d39a355ffc43 ] Request (ServerPasswordTestJSON:setUpClass): 200 GET http://10.180.1.21/compute/v2.1/servers/4b2b1531-770b-4bb6-9f58-d21e903ea332 0.244s
2025-03-06 09:33:34.357 69153 INFO tempest.lib.common.rest_client [req-84c5a142-0e9c-436b-8496-d527f95163f1 req-84c5a142-0e9c-436b-8496-d527f95163f1 ] Request (ServerShowV247Test:tearDownClass): 200 GET http://10.180.1.21/compute/v2.1/servers/cdb592f0-6224-4f00-84f3-afbd2b7e24a5 0.261s
2025-03-06 09:33:34.413 69157 INFO tempest.lib.common.rest_client [req-abaa0e36-63e5-4076-80a8-f797efc1ddb4 req-abaa0e36-63e5-4076-80a8-f797efc1ddb4 ] Request (ImagesOneServerNegativeTestJSON:_run_cleanups): 200 GET http://10.180.1.21/compute/v2.1/servers/c87dc1be-f58a-4499-82a8-0b64649bf610 0.240s
2025-03-06 09:33:34.426 69159 INFO tempest.lib.common.rest_client [req-e83d67be-4dd5-42b2-a9a9-cd8118674565 req-e83d67be-4dd5-42b2-a9a9-cd8118674565 ] Request (ServerRescueTestJSONUnderV235:setUpClass): 200 GET http://10.180.1.21/compute/v2.1/servers/42ea1741-5132-4f0e-a4cb-4b7a598e4188 0.264s
2025-03-06 09:33:34.503 69189 INFO tempest.lib.common.rest_client [req-5336c0e9-96af-4154-a33c-49c35f6b66a6 req-5336c0e9-96af-4154-a33c-49c35f6b66a6 ] Request (FloatingIPsAssociationTestJSON:tearDownClass): 200 GET http://10.180.1.21/compute/v2.1/servers/f7d50028-73ab-4348-a49e-ca153c854939 0.107s
2025-03-06 09:33:34.553 69205 INFO tempest.lib.common.rest_client [req-e53dedb8-f283-4d21-b679-cb98966f3592 req-e53dedb8-f283-4d21-b679-cb98966f3592 ] Request (MultipleCreateTestJSON:test_multiple_create_with_reservation_return): 200 GET http://10.180.1.21/compute/v2.1/servers/f0f4b525-d58e-47de-b878-e76a2fa4e074 0.048s
2025-03-06 09:33:34.588 69155 INFO tempest.lib.common.rest_client [req-8929558c-afc2-4d18-8b08-1865dce65f12 req-8929558c-afc2-4d18-8b08-1865dce65f12 ] Request (MigrationsAdminTest:test_list_migrations_in_flavor_resize_situation): 200 GET http://10.180.1.21/compute/v2.1/servers/9fe86c8a-3b99-4503-82d9-db99ae5ec2fa 0.326s
2025-03-06 09:33:34.606 69177 INFO tempest.lib.common.rest_client [req-a7303a3f-2661-4750-960c-6aa2468d2849 req-a7303a3f-2661-4750-960c-6aa2468d2849 ] Request (ServersWithSpecificFlavorTestJSON:test_verify_created_server_ephemeral_disk): 200 GET http://10.180.1.21/compute/v2.1/servers/5e723aa8-38dc-4692-8d2f-ff6aa2aa573a 0.089s
2025-03-06 09:33:34.655 69213 INFO tempest.lib.common.rest_client [req-a062d84f-1443-4ceb-846b-825c678f057e req-a062d84f-1443-4ceb-846b-825c678f057e ] Request (ServerExternalEventsTest:tearDownClass): 200 GET http://10.180.1.21/compute/v2.1/servers/bf972e49-a76d-47d5-bc4f-f934412c899a 0.069s
2025-03-06 09:33:34.707 69175 INFO tempest.lib.common.rest_client [req-acc5ba96-7c7c-43e7-9257-0b00a6d91432 req-acc5ba96-7c7c-43e7-9257-0b00a6d91432 ] Request (ListServersNegativeTestJSON:setUpClass): 200 GET http://10.180.1.21/compute/v2.1/servers/31f99c1b-3e10-4015-8038-30cbfeba2c15 0.116s
2025-03-06 09:33:34.713 69163 WARNING tempest.lib.common.ssh [-] Failed to establish authenticated ssh connection to cirros@10.180.180.211 ([Errno None] Unable to connect to port 22 on 10.180.180.211). Number attempts: 12. Retry after 13 seconds.: paramiko.ssh_exception.NoValidConnectionsError: [Errno None] Unable to connect to port 22 on 10.180.180.211
2025-03-06 09:33:34.718 69187 INFO tempest.lib.common.rest_client [req-a0738036-d614-44be-8eaa-68dbabf44648 req-a0738036-d614-44be-8eaa-68dbabf44648 ] Request (DeleteServersAdminTestJSON:test_delete_server_while_in_error_state): 200 GET http://10.180.1.21/compute/v2.1/servers/06b1ab57-ad18-44ea-87f6-1e189219697e 0.061s
2025-03-06 09:33:34.762 69165 INFO tempest.lib.common.rest_client [req-cc16ad3c-596a-44fc-a6ae-f19a07b7f222 req-cc16ad3c-596a-44fc-a6ae-f19a07b7f222 ] Request (ServerDiskConfigTestJSON:test_rebuild_server_with_manual_disk_config): 200 GET http://10.180.1.21/compute/v2.1/servers/b4723bbd-2e44-411c-bddd-3c9710bc20f7 0.091s
2025-03-06 09:33:34.768 69165 INFO tempest.common.waiters [-] State transition "BUILD/scheduling" ==> "BUILD/None" after 4 second wait
2025-03-06 09:33:34.852 69197 INFO tempest.lib.common.rest_client [req-c5ba1973-3415-4c81-bbaf-75543d9983d9 req-c5ba1973-3415-4c81-bbaf-75543d9983d9 ] Request (ServersAdminNegativeTestJSON:tearDownClass): 200 GET http://10.180.1.21/compute/v2.1/servers/9c5bda7c-55f0-402d-a515-87147f39fdd9 0.063s
2025-03-06 09:33:35.123 69169 INFO tempest.lib.common.rest_client [req-e2617f08-134e-40b6-b332-ab5d367fed7a req-e2617f08-134e-40b6-b332-ab5d367fed7a ] Request (ImagesTestJSON:test_create_image_from_suspended_server): 200 GET http://10.180.1.21/compute/v2.1/servers/af1eeca6-bbdc-4880-9256-5985dd2458a5 0.093s
2025-03-06 09:33:35.145 69199 INFO tempest.lib.common.rest_client [req-1b378b88-cbee-4f12-913a-0fe64a4a7284 req-1b378b88-cbee-4f12-913a-0fe64a4a7284 ] Request (ServersTestMultiNic:test_verify_duplicate_network_nics): 200 GET http://10.180.1.21/compute/v2.1/servers/e36c017c-0a98-4987-b4e6-76dfe617831f 0.055s
2025-03-06 09:33:35.187 69171 INFO tempest.lib.common.rest_client [req-dfbaa3dd-a2e9-442f-9058-3bde42675fbc req-dfbaa3dd-a2e9-442f-9058-3bde42675fbc ] Request (ServerDiagnosticsTest:tearDownClass): 200 GET http://10.180.1.21/compute/v2.1/servers/08f79565-00e9-4b4e-a675-d150436201ad 0.056s
2025-03-06 09:33:35.264 69207 INFO tempest.lib.common.rest_client [req-671f74c0-2d9a-4554-86fa-67531f5c3806 req-671f74c0-2d9a-4554-86fa-67531f5c3806 ] Request (SecurityGroupsTestJSON:test_list_security_groups_by_server): 200 GET http://10.180.1.21/compute/v2.1/servers/ea190e91-e74a-497b-b28d-91c72895bb58 0.065s
2025-03-06 09:33:35.280 69203 INFO tempest.lib.common.rest_client [req-d4915566-83d4-431e-8d4d-b18cfa0c1b31 req-d4915566-83d4-431e-8d4d-b18cfa0c1b31 ] Request (ServersNegativeTestMultiTenantJSON:setUpClass): 200 GET http://10.180.1.21/compute/v2.1/servers/545024c9-58d2-4cec-9674-5aaee972370a 0.057s
2025-03-06 09:33:35.326 69183 INFO tempest.lib.common.rest_client [req-4e09cc8b-d409-4769-a012-127d5f36f2ad req-4e09cc8b-d409-4769-a012-127d5f36f2ad ] Request (ServersTestBootFromVolume:setUpClass): 200 GET http://10.180.1.21/compute/v2.1/servers/ba678a0d-d3f0-4dca-ad62-697237cf99ea 0.076s
2025-03-06 09:33:35.336 69179 INFO tempest.lib.common.rest_client [req-c37155d0-ec71-4a31-88af-73b28828d1fb req-c37155d0-ec71-4a31-88af-73b28828d1fb ] Request (AttachVolumeShelveTestJSON:test_attach_volume_shelved_or_offload_server): 200 GET http://10.180.1.21/compute/v2.1/servers/5be9111c-f58a-43eb-94c1-d0ac8d99159f 0.058s
2025-03-06 09:33:35.353 69209 WARNING tempest.lib.common.ssh [-] Failed to establish authenticated ssh connection to cirros@10.180.180.245 ([Errno None] Unable to connect to port 22 on 10.180.180.245). Number attempts: 8. Retry after 9 seconds.: paramiko.ssh_exception.NoValidConnectionsError: [Errno None] Unable to connect to port 22 on 10.180.180.245
2025-03-06 09:33:35.377 69161 INFO tempest.lib.common.rest_client [req-c4bfcadd-99ce-4270-8839-b1aa0863e451 req-c4bfcadd-99ce-4270-8839-b1aa0863e451 ] Request (ServerAddressesNegativeTestJSON:setUpClass): 200 GET http://10.180.1.21/compute/v2.1/servers/4a3883d1-8f6a-4e32-ba63-0552865b3158 0.078s
2025-03-06 09:33:35.381 69211 INFO tempest.lib.common.rest_client [req-88311f03-5d77-42a6-9755-8707c26571ea req-88311f03-5d77-42a6-9755-8707c26571ea ] Request (ServerPasswordTestJSON:setUpClass): 200 GET http://10.180.1.21/compute/v2.1/servers/4b2b1531-770b-4bb6-9f58-d21e903ea332 0.059s
2025-03-06 09:33:35.400 69153 INFO tempest.lib.common.rest_client [req-f9a59077-15b2-4050-9f4c-f3d1eed5e2bd req-f9a59077-15b2-4050-9f4c-f3d1eed5e2bd ] Request (ServerShowV247Test:tearDownClass): 404 GET http://10.180.1.21/compute/v2.1/servers/cdb592f0-6224-4f00-84f3-afbd2b7e24a5 0.033s
2025-03-06 09:33:35.469 69153 INFO tempest.lib.common.rest_client [req-ea4cf5a9-2665-4d57-8f05-f2579e12ee22 req-ea4cf5a9-2665-4d57-8f05-f2579e12ee22 ] Request (ServerShowV247Test:tearDownClass): 204 DELETE http://10.180.1.21/compute/v2.1/servers/926ca96a-e296-406e-b870-8982aad41870 0.069s
2025-03-06 09:33:35.478 69157 INFO tempest.lib.common.rest_client [req-9a07b086-aab8-4aa5-916a-608dfdcdf0c2 req-9a07b086-aab8-4aa5-916a-608dfdcdf0c2 ] Request (ImagesOneServerNegativeTestJSON:_run_cleanups): 200 GET http://10.180.1.21/compute/v2.1/servers/c87dc1be-f58a-4499-82a8-0b64649bf610 0.054s
2025-03-06 09:33:35.532 69153 INFO tempest.lib.common.rest_client [req-f2e41b43-d0c5-473a-aca7-3fa4fdcf45de req-f2e41b43-d0c5-473a-aca7-3fa4fdcf45de ] Request (ServerShowV247Test:tearDownClass): 200 GET http://10.180.1.21/compute/v2.1/servers/926ca96a-e296-406e-b870-8982aad41870 0.062s
2025-03-06 09:33:35.570 69159 INFO tempest.lib.common.rest_client [req-eb61f390-a454-4755-8701-ecef3f3d8f79 req-eb61f390-a454-4755-8701-ecef3f3d8f79 ] Request (ServerRescueTestJSONUnderV235:setUpClass): 200 GET http://10.180.1.21/compute/v2.1/servers/42ea1741-5132-4f0e-a4cb-4b7a598e4188 0.137s
2025-03-06 09:33:35.603 69189 INFO tempest.lib.common.rest_client [req-fccdee4e-c73e-4f8e-a3ee-d69a830bb804 req-fccdee4e-c73e-4f8e-a3ee-d69a830bb804 ] Request (FloatingIPsAssociationTestJSON:tearDownClass): 200 GET http://10.180.1.21/compute/v2.1/servers/f7d50028-73ab-4348-a49e-ca153c854939 0.092s
2025-03-06 09:33:35.621 69205 INFO tempest.lib.common.rest_client [req-88da1c22-705a-444f-b522-b16adb52fa60 req-88da1c22-705a-444f-b522-b16adb52fa60 ] Request (MultipleCreateTestJSON:test_multiple_create_with_reservation_return): 200 GET http://10.180.1.21/compute/v2.1/servers/f0f4b525-d58e-47de-b878-e76a2fa4e074 0.059s
2025-03-06 09:33:35.670 69177 INFO tempest.lib.common.rest_client [req-0e7890ce-c056-40ff-9fd4-965c15397da7 req-0e7890ce-c056-40ff-9fd4-965c15397da7 ] Request (ServersWithSpecificFlavorTestJSON:test_verify_created_server_ephemeral_disk): 200 GET http://10.180.1.21/compute/v2.1/servers/5e723aa8-38dc-4692-8d2f-ff6aa2aa573a 0.052s
2025-03-06 09:33:35.692 69155 INFO tempest.lib.common.rest_client [req-4a5ece20-bd9d-4b05-8368-c53601036178 req-4a5ece20-bd9d-4b05-8368-c53601036178 ] Request (MigrationsAdminTest:test_list_migrations_in_flavor_resize_situation): 200 GET http://10.180.1.21/compute/v2.1/servers/9fe86c8a-3b99-4503-82d9-db99ae5ec2fa 0.096s
2025-03-06 09:33:35.729 69213 INFO tempest.lib.common.rest_client [req-f5471eac-c8f0-4c41-b4f8-02ce6d479300 req-f5471eac-c8f0-4c41-b4f8-02ce6d479300 ] Request (ServerExternalEventsTest:tearDownClass): 200 GET http://10.180.1.21/compute/v2.1/servers/bf972e49-a76d-47d5-bc4f-f934412c899a 0.065s
2025-03-06 09:33:35.780 69175 INFO tempest.lib.common.rest_client [req-845cff95-7d31-48c3-9736-f9b373f08100 req-845cff95-7d31-48c3-9736-f9b373f08100 ] Request (ListServersNegativeTestJSON:setUpClass): 200 GET http://10.180.1.21/compute/v2.1/servers/31f99c1b-3e10-4015-8038-30cbfeba2c15 0.065s
2025-03-06 09:33:35.795 69187 INFO tempest.lib.common.rest_client [req-d74a44b6-3cb3-4aa2-9c23-9cc9080dc740 req-d74a44b6-3cb3-4aa2-9c23-9cc9080dc740 ] Request (DeleteServersAdminTestJSON:test_delete_server_while_in_error_state): 200 GET http://10.180.1.21/compute/v2.1/servers/06b1ab57-ad18-44ea-87f6-1e189219697e 0.070s
2025-03-06 09:33:35.840 69165 INFO tempest.lib.common.rest_client [req-1ba72b1e-fba3-40eb-b0da-68812e66833e req-1ba72b1e-fba3-40eb-b0da-68812e66833e ] Request (ServerDiskConfigTestJSON:test_rebuild_server_with_manual_disk_config): 200 GET http://10.180.1.21/compute/v2.1/servers/b4723bbd-2e44-411c-bddd-3c9710bc20f7 0.071s
2025-03-06 09:33:35.929 69197 INFO tempest.lib.common.rest_client [req-28b9f9d4-da63-4164-803c-576308cf7152 req-28b9f9d4-da63-4164-803c-576308cf7152 ] Request (ServersAdminNegativeTestJSON:tearDownClass): 200 GET http://10.180.1.21/compute/v2.1/servers/9c5bda7c-55f0-402d-a515-87147f39fdd9 0.069s
2025-03-06 09:33:36.218 69199 INFO tempest.lib.common.rest_client [req-7894b47d-ca3a-4056-8cf3-a9a2e3106f2b req-7894b47d-ca3a-4056-8cf3-a9a2e3106f2b ] Request (ServersTestMultiNic:test_verify_duplicate_network_nics): 200 GET http://10.180.1.21/compute/v2.1/servers/e36c017c-0a98-4987-b4e6-76dfe617831f 0.065s
2025-03-06 09:33:36.268 69169 INFO tempest.lib.common.rest_client [req-95201c40-379f-424b-865e-65a42397bfc6 req-95201c40-379f-424b-865e-65a42397bfc6 ] Request (ImagesTestJSON:test_create_image_from_suspended_server): 200 GET http://10.180.1.21/compute/v2.1/servers/af1eeca6-bbdc-4880-9256-5985dd2458a5 0.137s
2025-03-06 09:33:36.283 69171 INFO tempest.lib.common.rest_client [req-d07d71a4-fb71-4571-947b-175c1ca35a01 req-d07d71a4-fb71-4571-947b-175c1ca35a01 ] Request (ServerDiagnosticsTest:tearDownClass): 200 GET http://10.180.1.21/compute/v2.1/servers/08f79565-00e9-4b4e-a675-d150436201ad 0.087s
2025-03-06 09:33:36.343 69207 INFO tempest.lib.common.rest_client [req-593ccd45-8854-4ece-8bc5-133c82fe6d62 req-593ccd45-8854-4ece-8bc5-133c82fe6d62 ] Request (SecurityGroupsTestJSON:test_list_security_groups_by_server): 200 GET http://10.180.1.21/compute/v2.1/servers/ea190e91-e74a-497b-b28d-91c72895bb58 0.066s
2025-03-06 09:33:36.418 69183 INFO tempest.lib.common.rest_client [req-0aa3ba2c-2cf4-458d-9053-3f635a3ca9a8 req-0aa3ba2c-2cf4-458d-9053-3f635a3ca9a8 ] Request (ServersTestBootFromVolume:setUpClass): 200 GET http://10.180.1.21/compute/v2.1/servers/ba678a0d-d3f0-4dca-ad62-697237cf99ea 0.083s
2025-03-06 09:33:36.426 69203 INFO tempest.lib.common.rest_client [req-6eeea461-f56e-4b75-8732-79ba9cfc9250 req-6eeea461-f56e-4b75-8732-79ba9cfc9250 ] Request (ServersNegativeTestMultiTenantJSON:setUpClass): 200 GET http://10.180.1.21/compute/v2.1/servers/545024c9-58d2-4cec-9674-5aaee972370a 0.138s
2025-03-06 09:33:36.436 69203 INFO tempest.common.waiters [-] State transition "BUILD/None" ==> "BUILD/block_device_mapping" after 69 second wait
2025-03-06 09:33:36.445 69185 WARNING tempest.lib.common.ssh [-] Failed to establish authenticated ssh connection to cirros@10.180.180.232 ([Errno None] Unable to connect to port 22 on 10.180.180.232). Number attempts: 10. Retry after 11 seconds.: paramiko.ssh_exception.NoValidConnectionsError: [Errno None] Unable to connect to port 22 on 10.180.180.232
2025-03-06 09:33:36.472 69179 INFO tempest.lib.common.rest_client [req-79149c72-6f8b-41d9-9daf-3d14cf00ca18 req-79149c72-6f8b-41d9-9daf-3d14cf00ca18 ] Request (AttachVolumeShelveTestJSON:test_attach_volume_shelved_or_offload_server): 200 GET http://10.180.1.21/compute/v2.1/servers/5be9111c-f58a-43eb-94c1-d0ac8d99159f 0.128s
