2025-03-06 09:32:19.095 69199 INFO tempest.lib.common.rest_client [req-f6e3aa5e-fedc-4a85-a123-af17cd1c927b req-f6e3aa5e-fedc-4a85-a123-af17cd1c927b ] Request (SecurityGroupsNegativeTestJSON:tearDownClass): 204 DELETE http://10.180.1.21:9696/networking/v2.0/routers/703cc5aa-4c4b-48de-9b8a-ee4bdf4462b9 0.408s
2025-03-06 09:32:19.142 69187 INFO tempest.lib.common.rest_client [req-893fd427-06ff-4f4f-a1c7-a0442eb7f5e8 req-893fd427-06ff-4f4f-a1c7-a0442eb7f5e8 ] Request (DeleteServersAdminTestJSON:test_delete_server_while_in_error_state): 200 GET http://10.180.1.21/compute/v2.1/servers/06b1ab57-ad18-44ea-87f6-1e189219697e 0.060s
2025-03-06 09:32:19.226 69165 INFO tempest.lib.common.rest_client [req-08e80230-f7b8-4772-b5fd-f15f57d0c62f req-08e80230-f7b8-4772-b5fd-f15f57d0c62f ] Request (ServerDiskConfigTestJSON:test_rebuild_server_with_auto_disk_config): 200 GET http://10.180.1.21/compute/v2.1/servers/db7fed3c-36db-439c-bdf9-90289f849eac 0.081s
2025-03-06 09:32:19.261 69155 INFO tempest.lib.common.rest_client [req-269e17e8-43b0-4a78-bd61-bb0537468727 req-269e17e8-43b0-4a78-bd61-bb0537468727 ] Request (MigrationsAdminTest:test_list_migrations_in_flavor_resize_situation): 200 GET http://10.180.1.21/compute/v2.1/servers/9fe86c8a-3b99-4503-82d9-db99ae5ec2fa 0.181s
2025-03-06 09:32:19.269 69199 INFO tempest.lib.common.rest_client [req-ac812cef-ccf8-4337-875e-479ac35b33a3 req-ac812cef-ccf8-4337-875e-479ac35b33a3 ] Request (SecurityGroupsNegativeTestJSON:tearDownClass): 204 DELETE http://10.180.1.21:9696/networking/v2.0/subnets/02bb7751-40ef-4f48-9c7a-d1517b2922ed 0.174s
2025-03-06 09:32:19.295 69173 INFO tempest.lib.common.rest_client [req-e0f936c2-96a2-4d75-b678-0e124a382ca5 req-e0f936c2-96a2-4d75-b678-0e124a382ca5 ] Request (ServersTestFqdnHostnames:test_create_server_with_fqdn_name): 200 GET http://10.180.1.21/compute/v2.1/servers/1e1899d0-34ea-4ff3-a123-7790cf4989f5 0.132s
2025-03-06 09:32:19.322 69171 INFO tempest.lib.common.rest_client [req-c0048a92-8863-4965-8daf-247469f91458 req-c0048a92-8863-4965-8daf-247469f91458 ] Request (ServerDiagnosticsTest:test_get_server_diagnostics): 200 GET http://10.180.1.21/compute/v2.1/servers/08f79565-00e9-4b4e-a675-d150436201ad 0.112s
2025-03-06 09:32:19.358 69205 INFO tempest.lib.common.rest_client [req-e51515c3-37ec-44ec-bf56-00b5c73f0840 req-e51515c3-37ec-44ec-bf56-00b5c73f0840 ] Request (MultipleCreateTestJSON:test_multiple_create): 200 GET http://10.180.1.21/compute/v2.1/servers/5593b9ed-c7cb-498c-b4c3-4a2da54c2036 0.147s
2025-03-06 09:32:19.393 69175 INFO tempest.lib.common.rest_client [req-a10d2779-d834-428d-a80e-5d0d6aa5e69a req-a10d2779-d834-428d-a80e-5d0d6aa5e69a ] Request (ListServersNegativeTestJSON:setUpClass): 200 GET http://10.180.1.21/compute/v2.1/servers/a1afca68-3af7-4fd0-809f-ca4ad2445d4b 0.135s
2025-03-06 09:32:19.396 69183 INFO tempest.lib.common.rest_client [req-40603320-5fd8-44f4-a97f-30e6ebf5877f req-40603320-5fd8-44f4-a97f-30e6ebf5877f ] Request (ImagesOneServerTestJSON:test_create_image_specify_multibyte_character_image_name): 200 GET http://10.180.1.21/compute/v2.1/images/ce5027e7-388e-4a1f-a6f1-63e6dd6c398d 0.106s
2025-03-06 09:32:19.454 69159 INFO tempest.lib.common.rest_client [req-8c02613a-f8f3-403a-a789-c594fc8498e3 req-8c02613a-f8f3-403a-a789-c594fc8498e3 ] Request (ServerRescueTestJSONUnderV235:setUpClass): 200 GET http://10.180.1.21/compute/v2.1/servers/42ea1741-5132-4f0e-a4cb-4b7a598e4188 0.137s
2025-03-06 09:32:19.526 69199 INFO tempest.lib.common.rest_client [req-5b99ac02-bff5-4da2-9e2d-2890d6ca8d07 req-5b99ac02-bff5-4da2-9e2d-2890d6ca8d07 ] Request (SecurityGroupsNegativeTestJSON:tearDownClass): 204 DELETE http://10.180.1.21:9696/networking/v2.0/networks/62f72560-f540-4b81-865d-43cd76ea7816 0.257s
2025-03-06 09:32:19.529 69203 INFO tempest.lib.common.rest_client [req-d7fb761f-d4fb-4994-be7e-c5d0f296da0e req-d7fb761f-d4fb-4994-be7e-c5d0f296da0e ] Request (ServersNegativeTestMultiTenantJSON:setUpClass): 201 POST http://10.180.1.21:9696/networking/v2.0/routers 0.734s
2025-03-06 09:32:19.615 69199 INFO tempest.lib.common.rest_client [req-395abbcf-bf1b-4149-8de1-08caf7f27d50 req-395abbcf-bf1b-4149-8de1-08caf7f27d50 ] Request (SecurityGroupsNegativeTestJSON:tearDownClass): 204 DELETE http://10.180.1.21/identity/v3/users/6be1a5bc89d54771bac4abd1b503f200 0.088s
2025-03-06 09:32:19.615 69199 INFO tempest.lib.common.dynamic_creds [-] Deleting project and security group for project: 66a0a61f8cb8424f83df1fa07330b56d
2025-03-06 09:32:19.642 69199 INFO tempest.lib.common.rest_client [req-ce408fa1-3e73-439f-9578-7540e1219800 req-ce408fa1-3e73-439f-9578-7540e1219800 ] Request (SecurityGroupsNegativeTestJSON:tearDownClass): 200 GET http://10.180.1.21:9696/networking/v2.0/security-groups?tenant_id=66a0a61f8cb8424f83df1fa07330b56d&name=default 0.026s
2025-03-06 09:32:19.727 69161 INFO tempest.lib.common.rest_client [req-bf7117da-fced-473c-97fa-942d19ab456c req-bf7117da-fced-473c-97fa-942d19ab456c ] Request (ImagesNegativeTestJSON:test_create_image_from_deleted_server): 200 GET http://10.180.1.21/compute/v2.1/servers/f116cf00-074f-41f8-9c1f-bae0cd7932ff 0.094s
2025-03-06 09:32:19.771 69199 INFO tempest.lib.common.rest_client [req-fc764822-e022-4cab-aa97-63ef322346b8 req-fc764822-e022-4cab-aa97-63ef322346b8 ] Request (SecurityGroupsNegativeTestJSON:tearDownClass): 204 DELETE http://10.180.1.21:9696/networking/v2.0/security-groups/e1c7df5d-a0d5-4cb9-94a7-871c9f9819e3 0.128s
2025-03-06 09:32:19.774 69169 INFO tempest.lib.common.rest_client [req-dcb0ddb8-0cb4-4cc4-82a0-82b42fcf12c3 req-dcb0ddb8-0cb4-4cc4-82a0-82b42fcf12c3 ] Request (ImagesTestJSON:test_create_image_from_suspended_server): 200 GET http://10.180.1.21/compute/v2.1/servers/af1eeca6-bbdc-4880-9256-5985dd2458a5 0.087s
2025-03-06 09:32:19.857 69213 INFO tempest.lib.common.rest_client [req-f71a8bbc-3eee-400b-b598-313fd0add0d4 req-f71a8bbc-3eee-400b-b598-313fd0add0d4 ] Request (ServerExternalEventsTest:test_create_server_external_events): 200 GET http://10.180.1.21/compute/v2.1/servers/bf972e49-a76d-47d5-bc4f-f934412c899a 0.102s
2025-03-06 09:32:19.900 69199 INFO tempest.lib.common.rest_client [req-12597b51-7781-4e0e-9285-217fd8f00d81 req-12597b51-7781-4e0e-9285-217fd8f00d81 ] Request (SecurityGroupsNegativeTestJSON:tearDownClass): 204 DELETE http://10.180.1.21/identity/v3/projects/66a0a61f8cb8424f83df1fa07330b56d 0.128s
2025-03-06 09:32:19.943 69211 INFO tempest.lib.common.rest_client [req-333022aa-1341-4b19-9998-c19ffec4c07e req-333022aa-1341-4b19-9998-c19ffec4c07e ] Request (InstanceActionsNegativeTestJSON:tearDownClass): 200 GET http://10.180.1.21/compute/v2.1/servers/fb8d223d-d2ec-48c1-8d20-7617be76dabe 0.087s
2025-03-06 09:32:19.970 69189 INFO tempest.lib.common.rest_client [req-a1ded15e-7c72-4666-9c62-0ef8ffbdbe55 req-a1ded15e-7c72-4666-9c62-0ef8ffbdbe55 ] Request (FloatingIPsAssociationTestJSON:test_associate_already_associated_floating_ip): 200 GET http://10.180.1.21/compute/v2.1/servers/2494681b-ef4f-405a-8898-affcc4f7f136 0.158s
2025-03-06 09:32:19.980 69199 INFO tempest.lib.common.rest_client [req-78298aff-7736-49ab-bbef-e54bba904461 req-78298aff-7736-49ab-bbef-e54bba904461 ] Request (ServersTestMultiNic:setUpClass): 201 POST http://10.180.1.21/identity/v3/auth/tokens 0.079s
2025-03-06 09:32:19.982 69189 INFO tempest.common.waiters [-] State transition "BUILD/spawning" ==> "ACTIVE/None" after 54 second wait
2025-03-06 09:32:20.013 69199 INFO tempest.lib.common.rest_client [req-a00e32db-cd46-4e51-bb0d-f80f66895391 req-a00e32db-cd46-4e51-bb0d-f80f66895391 ] Request (ServersTestMultiNic:setUpClass): 201 POST http://10.180.1.21/identity/v3/auth/tokens 0.030s
2025-03-06 09:32:20.026 69179 INFO tempest.lib.common.rest_client [req-b65e9168-3594-4140-a9e6-4cdf66b33c54 req-b65e9168-3594-4140-a9e6-4cdf66b33c54 ] Request (ServerDiagnosticsV248Test:tearDownClass): 200 GET http://10.180.1.21/compute/v2.1/servers/223b8b6f-b42c-4a06-b5bb-0354dd87cdea 0.124s
2025-03-06 09:32:20.040 69153 INFO tempest.lib.common.rest_client [req-176b8dcf-2040-453e-ac6a-9b70741a046b req-176b8dcf-2040-453e-ac6a-9b70741a046b ] Request (ServerShowV247Test:test_update_rebuild_list_server): 200 GET http://10.180.1.21/compute/v2.1/servers/cdb592f0-6224-4f00-84f3-afbd2b7e24a5 0.120s
2025-03-06 09:32:20.047 69199 INFO tempest.lib.common.rest_client [req-96a7f111-88ea-4de5-85c5-da75556ee348 req-96a7f111-88ea-4de5-85c5-da75556ee348 ] Request (ServersTestMultiNic:setUpClass): 200 GET http://10.180.1.21/identity/v3/domains?name=Default 0.034s
2025-03-06 09:32:20.082 69199 INFO tempest.lib.common.rest_client [req-afe7d715-7e48-46e0-a20b-c005babe3ea3 req-afe7d715-7e48-46e0-a20b-c005babe3ea3 ] Request (ServersTestMultiNic:setUpClass): 201 POST http://10.180.1.21/identity/v3/projects 0.033s
2025-03-06 09:32:20.122 69197 INFO tempest.lib.common.rest_client [req-428098e5-51f4-4c2d-9e9e-9a41ba215c81 req-428098e5-51f4-4c2d-9e9e-9a41ba215c81 ] Request (ServersAdminNegativeTestJSON:test_migrate_server_invalid_state): 200 GET http://10.180.1.21/compute/v2.1/servers/9c5bda7c-55f0-402d-a515-87147f39fdd9 0.171s
2025-03-06 09:32:20.164 69199 INFO tempest.lib.common.rest_client [req-3a5c1a95-8f40-439c-9d1d-46bdf70b2098 req-3a5c1a95-8f40-439c-9d1d-46bdf70b2098 ] Request (ServersTestMultiNic:setUpClass): 201 POST http://10.180.1.21/identity/v3/users 0.081s
2025-03-06 09:32:20.189 69199 INFO tempest.lib.common.rest_client [req-7323e191-fba1-4f79-861f-846f82d94578 req-7323e191-fba1-4f79-861f-846f82d94578 ] Request (ServersTestMultiNic:setUpClass): 200 GET http://10.180.1.21/identity/v3/roles 0.025s
2025-03-06 09:32:20.202 69157 INFO tempest.lib.common.rest_client [req-c99646fa-ed8a-44ba-82d0-bf606d0a162b req-c99646fa-ed8a-44ba-82d0-bf606d0a162b ] Request (ImagesOneServerNegativeTestJSON:_run_cleanups): 200 GET http://10.180.1.21/compute/v2.1/servers/b25fe864-0d1a-4818-810e-6e1cc8cbfe9c 0.216s
2025-03-06 09:32:20.222 69199 INFO tempest.lib.common.rest_client [req-62a398b6-5dc2-4aac-986a-9e1ab1a82629 req-62a398b6-5dc2-4aac-986a-9e1ab1a82629 ] Request (ServersTestMultiNic:setUpClass): 204 PUT http://10.180.1.21/identity/v3/projects/ffbad854cc264619b11c9b43b3d76d63/users/6d479adc8ecb4d068f0a75faf032ff80/roles/bceb9a0d99eb41e7943ae98b75727d46 0.032s
2025-03-06 09:32:20.222 69199 INFO tempest.lib.common.dynamic_creds [-] Dynamic test user 6d479adc8ecb4d068f0a75faf032ff80 is created with scope project and roles: ['member']
2025-03-06 09:32:20.223 69199 INFO tempest.lib.common.dynamic_creds [-] Acquired dynamic creds: credentials: Credentials: {'domain_id': 'default', 'domain_name': 'Default', 'username': 'tempest-ServersTestMultiNic-1253284502-project-member', 'project_domain_id': 'default', 'project_domain_name': 'Default', 'project_id': 'ffbad854cc264619b11c9b43b3d76d63', 'project_name': 'tempest-ServersTestMultiNic-1253284502', 'tenant_id': 'ffbad854cc264619b11c9b43b3d76d63', 'tenant_name': 'tempest-ServersTestMultiNic-1253284502', 'user_domain_id': 'default', 'user_domain_name': 'Default', 'user_id': '6d479adc8ecb4d068f0a75faf032ff80', 'system': None}, Network: None, Subnet: None, Router: None
2025-03-06 09:32:20.229 69177 WARNING tempest.lib.common.ssh [-] Failed to establish authenticated ssh connection to cirros@10.180.180.213 ([Errno None] Unable to connect to port 22 on 10.180.180.213). Number attempts: 5. Retry after 6 seconds.: paramiko.ssh_exception.NoValidConnectionsError: [Errno None] Unable to connect to port 22 on 10.180.180.213
2025-03-06 09:32:20.256 69167 INFO tempest.lib.common.rest_client [req-0e3b6b61-e992-463f-a9eb-45a5d95f14af req-0e3b6b61-e992-463f-a9eb-45a5d95f14af ] Request (VolumesAdminNegativeTest:test_update_attached_volume_with_nonexistent_volume_in_body): 200 GET http://10.180.1.21/compute/v2.1/servers/56bc1ae3-fb52-412c-a86d-3bfd7a17b81b 0.246s
2025-03-06 09:32:20.301 69199 INFO tempest.lib.common.rest_client [req-caa0fa53-4ab6-48b1-b664-71221a4b9969 req-caa0fa53-4ab6-48b1-b664-71221a4b9969 ] Request (ServersTestMultiNic:setUpClass): 201 POST http://10.180.1.21/identity/v3/auth/tokens 0.074s
2025-03-06 09:32:20.317 69207 INFO tempest.lib.common.rest_client [req-2bb9286a-4160-4739-b5ea-acfef55a3b70 req-2bb9286a-4160-4739-b5ea-acfef55a3b70 ] Request (TenantUsagesTestJSON:tearDownClass): 200 GET http://10.180.1.21/compute/v2.1/servers/94e9ac10-b6a0-4fc0-b64e-763f3793b7e8 0.270s
2025-03-06 09:32:20.529 69209 INFO tempest.lib.common.rest_client [req-7069eb34-cef7-47f8-b376-f2b81fa7941a req-7069eb34-cef7-47f8-b376-f2b81fa7941a ] Request (AttachInterfacesTestJSON:test_create_list_show_delete_interfaces_by_fixed_ip): 200 GET http://10.180.1.21/compute/v2.1/servers/9cc8488b-6eba-4f35-84a1-ef972b043b95 0.438s
2025-03-06 09:32:20.536 69209 INFO tempest.common.waiters [-] State transition "BUILD/None" ==> "BUILD/block_device_mapping" after 53 second wait
2025-03-06 09:32:20.555 69203 INFO tempest.lib.common.rest_client [req-2b54a33a-db7f-4009-8e4c-8ff1766c57da req-2b54a33a-db7f-4009-8e4c-8ff1766c57da ] Request (ServersNegativeTestMultiTenantJSON:setUpClass): 200 PUT http://10.180.1.21:9696/networking/v2.0/routers/d0772e69-ace7-456a-bca3-f2c416a3f0d5/add_router_interface 1.025s
2025-03-06 09:32:20.555 69203 INFO tempest.lib.common.dynamic_creds [-] Created isolated network resources for: credentials: Credentials: {'domain_id': 'default', 'domain_name': 'Default', 'username': 'tempest-ServersNegativeTestMultiTenantJSON-2045137220-project-member', 'project_domain_id': 'default', 'project_domain_name': 'Default', 'project_id': '7e3562c654c8436baa5a2494bd6b5d4a', 'project_name': 'tempest-ServersNegativeTestMultiTenantJSON-2045137220', 'tenant_id': '7e3562c654c8436baa5a2494bd6b5d4a', 'tenant_name': 'tempest-ServersNegativeTestMultiTenantJSON-2045137220', 'user_domain_id': 'default', 'user_domain_name': 'Default', 'user_id': '4cf9daa2919e4576ad6306997e8488ab', 'system': None}, Network: {'id': '780b877e-fb51-4dd9-8c85-fca14954f31d', 'name': 'tempest-ServersNegativeTestMultiTenantJSON-125829364-network', 'tenant_id': '7e3562c654c8436baa5a2494bd6b5d4a', 'admin_state_up': True, 'mtu': 8950, 'status': 'ACTIVE', 'subnets': [], 'shared': False, 'project_id': '7e3562c654c8436baa5a2494bd6b5d4a', 'port_security_enabled': True, 'router:external': False, 'provider:network_type': 'vlan', 'provider:physical_network': 'default', 'provider:segmentation_id': 814, 'availability_zone_hints': [], 'availability_zones': [], 'ipv4_address_scope': None, 'ipv6_address_scope': None, 'description': '', 'tags': [], 'created_at': '2025-03-06T09:32:18Z', 'updated_at': '2025-03-06T09:32:18Z', 'revision_number': 1}, Subnet: {'id': '9bfc7fdd-fa31-47a6-8f97-dfb68586e2a8', 'name': 'tempest-ServersNegativeTestMultiTenantJSON-125829364-subnet', 'tenant_id': '7e3562c654c8436baa5a2494bd6b5d4a', 'network_id': '780b877e-fb51-4dd9-8c85-fca14954f31d', 'ip_version': 4, 'subnetpool_id': None, 'enable_dhcp': True, 'ipv6_ra_mode': None, 'ipv6_address_mode': None, 'gateway_ip': '192.168.128.1', 'cidr': '192.168.128.0/28', 'allocation_pools': [{'start': '192.168.128.2', 'end': '192.168.128.14'}], 'host_routes': [], 'dns_nameservers': [], 'description': '', 'router:external': False, 'service_types': [], 'tags': [], 'created_at': '2025-03-06T09:32:18Z', 'updated_at': '2025-03-06T09:32:18Z', 'revision_number': 0, 'project_id': '7e3562c654c8436baa5a2494bd6b5d4a'}, Router: {'id': 'd0772e69-ace7-456a-bca3-f2c416a3f0d5', 'name': 'tempest-ServersNegativeTestMultiTenantJSON-125829364-router', 'tenant_id': '7e3562c654c8436baa5a2494bd6b5d4a', 'admin_state_up': True, 'status': 'ACTIVE', 'external_gateway_info': {'network_id': '08eb7682-68bf-4c37-be1a-5bd184f2922e', 'external_fixed_ips': [{'subnet_id': '4fa3ce76-3842-4372-9573-b3849722f3e8', 'ip_address': '10.180.180.162'}], 'enable_snat': True}, 'description': '', 'availability_zones': [], 'distributed': False, 'ha': False, 'availability_zone_hints': [], 'routes': [], 'flavor_id': None, 'tags': [], 'created_at': '2025-03-06T09:32:18Z', 'updated_at': '2025-03-06T09:32:19Z', 'revision_number': 2, 'project_id': '7e3562c654c8436baa5a2494bd6b5d4a'}
2025-03-06 09:32:20.593 69187 INFO tempest.lib.common.rest_client [req-affb7bd9-e173-4263-9a17-520f9386e13f req-affb7bd9-e173-4263-9a17-520f9386e13f ] Request (DeleteServersAdminTestJSON:test_delete_server_while_in_error_state): 200 GET http://10.180.1.21/compute/v2.1/servers/06b1ab57-ad18-44ea-87f6-1e189219697e 0.433s
2025-03-06 09:32:20.649 69165 INFO tempest.lib.common.rest_client [req-bb03d007-7e66-4203-81b1-eaadcd482a24 req-bb03d007-7e66-4203-81b1-eaadcd482a24 ] Request (ServerDiskConfigTestJSON:test_rebuild_server_with_auto_disk_config): 200 GET http://10.180.1.21/compute/v2.1/servers/db7fed3c-36db-439c-bdf9-90289f849eac 0.416s
2025-03-06 09:32:20.656 69203 INFO tempest.lib.common.rest_client [req-b41230e9-3d5b-4c80-94a8-2df9b827cb64 req-b41230e9-3d5b-4c80-94a8-2df9b827cb64 ] Request (ServersNegativeTestMultiTenantJSON:setUpClass): 201 POST http://10.180.1.21/identity/v3/auth/tokens 0.097s
2025-03-06 09:32:20.678 69199 INFO tempest.lib.common.rest_client [req-6d167e8b-6237-442e-9b10-0f7d3d831ea1 req-6d167e8b-6237-442e-9b10-0f7d3d831ea1 ] Request (ServersTestMultiNic:setUpClass): 201 POST http://10.180.1.21:9696/networking/v2.0/networks 0.376s
2025-03-06 09:32:20.708 69203 INFO tempest.lib.common.rest_client [req-d97aafcb-b9b2-4f37-8732-5d2d594d0ae2 req-d97aafcb-b9b2-4f37-8732-5d2d594d0ae2 ] Request (ServersNegativeTestMultiTenantJSON:setUpClass): 201 POST http://10.180.1.21/identity/v3/projects 0.051s
2025-03-06 09:32:20.788 69203 INFO tempest.lib.common.rest_client [req-2c30c645-4b8f-41fd-9f7d-c82e27ccb5f0 req-2c30c645-4b8f-41fd-9f7d-c82e27ccb5f0 ] Request (ServersNegativeTestMultiTenantJSON:setUpClass): 201 POST http://10.180.1.21/identity/v3/users 0.080s
2025-03-06 09:32:20.790 69155 INFO tempest.lib.common.rest_client [req-f5ac9525-4f3f-4a5f-8c96-5fb27f5bf48a req-f5ac9525-4f3f-4a5f-8c96-5fb27f5bf48a ] Request (MigrationsAdminTest:test_list_migrations_in_flavor_resize_situation): 200 GET http://10.180.1.21/compute/v2.1/servers/9fe86c8a-3b99-4503-82d9-db99ae5ec2fa 0.516s
2025-03-06 09:32:20.798 69193 WARNING tempest.lib.common.ssh [-] Failed to establish authenticated ssh connection to cirros@10.180.180.178 ([Errno None] Unable to connect to port 22 on 10.180.180.178). Number attempts: 1. Retry after 2 seconds.: paramiko.ssh_exception.NoValidConnectionsError: [Errno None] Unable to connect to port 22 on 10.180.180.178
2025-03-06 09:32:20.820 69203 INFO tempest.lib.common.rest_client [req-f8767c8e-8126-451d-81f3-064e19b6da11 req-f8767c8e-8126-451d-81f3-064e19b6da11 ] Request (ServersNegativeTestMultiTenantJSON:setUpClass): 200 GET http://10.180.1.21/identity/v3/roles 0.032s
2025-03-06 09:32:20.865 69203 INFO tempest.lib.common.rest_client [req-a809448a-4e11-4310-abb5-d0ccd314e364 req-a809448a-4e11-4310-abb5-d0ccd314e364 ] Request (ServersNegativeTestMultiTenantJSON:setUpClass): 204 PUT http://10.180.1.21/identity/v3/projects/c58a10618cca44b0922d463f042d5cf9/users/579f643c4ea94609963fc866c01a7552/roles/bceb9a0d99eb41e7943ae98b75727d46 0.044s
2025-03-06 09:32:20.865 69203 INFO tempest.lib.common.dynamic_creds [-] Dynamic test user 579f643c4ea94609963fc866c01a7552 is created with scope project and roles: ['member']
2025-03-06 09:32:20.865 69203 INFO tempest.lib.common.dynamic_creds [-] Acquired dynamic creds: credentials: Credentials: {'domain_id': 'default', 'domain_name': 'Default', 'username': 'tempest-ServersNegativeTestMultiTenantJSON-1993123044-project-member', 'project_domain_id': 'default', 'project_domain_name': 'Default', 'project_id': 'c58a10618cca44b0922d463f042d5cf9', 'project_name': 'tempest-ServersNegativeTestMultiTenantJSON-1993123044', 'tenant_id': 'c58a10618cca44b0922d463f042d5cf9', 'tenant_name': 'tempest-ServersNegativeTestMultiTenantJSON-1993123044', 'user_domain_id': 'default', 'user_domain_name': 'Default', 'user_id': '579f643c4ea94609963fc866c01a7552', 'system': None}, Network: None, Subnet: None, Router: None
2025-03-06 09:32:20.867 69173 INFO tempest.lib.common.rest_client [req-d9e331dd-b5a9-4a1c-a8e1-9cbd8851ddec req-d9e331dd-b5a9-4a1c-a8e1-9cbd8851ddec ] Request (ServersTestFqdnHostnames:test_create_server_with_fqdn_name): 200 GET http://10.180.1.21/compute/v2.1/servers/1e1899d0-34ea-4ff3-a123-7790cf4989f5 0.562s
2025-03-06 09:32:20.922 69171 INFO tempest.lib.common.rest_client [req-d250951b-7109-49b1-9260-c59c8cc26643 req-d250951b-7109-49b1-9260-c59c8cc26643 ] Request (ServerDiagnosticsTest:test_get_server_diagnostics): 200 GET http://10.180.1.21/compute/v2.1/servers/08f79565-00e9-4b4e-a675-d150436201ad 0.591s
2025-03-06 09:32:20.931 69171 INFO tempest.common.waiters [-] State transition "BUILD/scheduling" ==> "BUILD/None" after 35 second wait
2025-03-06 09:32:20.986 69205 INFO tempest.lib.common.rest_client [req-d2ac8d49-b5b4-4d9e-932e-ef51f5333742 req-d2ac8d49-b5b4-4d9e-932e-ef51f5333742 ] Request (MultipleCreateTestJSON:test_multiple_create): 200 GET http://10.180.1.21/compute/v2.1/servers/5593b9ed-c7cb-498c-b4c3-4a2da54c2036 0.618s
2025-03-06 09:32:21.022 69183 INFO tempest.lib.common.rest_client [req-f3946e71-04f3-47b7-b5d6-cdc3c0958d39 req-f3946e71-04f3-47b7-b5d6-cdc3c0958d39 ] Request (ImagesOneServerTestJSON:test_create_image_specify_multibyte_character_image_name): 200 GET http://10.180.1.21/compute/v2.1/images/ce5027e7-388e-4a1f-a6f1-63e6dd6c398d 0.619s
2025-03-06 09:32:21.049 69185 WARNING tempest.lib.common.ssh [-] Failed to establish authenticated ssh connection to cirros@10.180.180.232 ([Errno None] Unable to connect to port 22 on 10.180.180.232). Number attempts: 2. Retry after 3 seconds.: paramiko.ssh_exception.NoValidConnectionsError: [Errno None] Unable to connect to port 22 on 10.180.180.232
2025-03-06 09:32:21.071 69199 INFO tempest.lib.common.rest_client [req-0efde743-810f-4e3e-b6b3-1b435838c963 req-0efde743-810f-4e3e-b6b3-1b435838c963 ] Request (ServersTestMultiNic:setUpClass): 201 POST http://10.180.1.21:9696/networking/v2.0/subnets 0.392s
2025-03-06 09:32:21.108 69175 INFO tempest.lib.common.rest_client [req-082d89c8-20eb-41da-843d-e5b1c1adb947 req-082d89c8-20eb-41da-843d-e5b1c1adb947 ] Request (ListServersNegativeTestJSON:setUpClass): 200 GET http://10.180.1.21/compute/v2.1/servers/a1afca68-3af7-4fd0-809f-ca4ad2445d4b 0.702s
2025-03-06 09:32:21.116 69203 INFO tempest.lib.common.rest_client [req-47304601-1062-4b36-9a97-8eae7e700610 req-47304601-1062-4b36-9a97-8eae7e700610 ] Request (ServersNegativeTestMultiTenantJSON:setUpClass): 201 POST http://10.180.1.21:9696/networking/v2.0/networks 0.251s
2025-03-06 09:32:21.159 69159 INFO tempest.lib.common.rest_client [req-07a33e84-80cb-4798-82f2-04052462192d req-07a33e84-80cb-4798-82f2-04052462192d ] Request (ServerRescueTestJSONUnderV235:setUpClass): 200 GET http://10.180.1.21/compute/v2.1/servers/42ea1741-5132-4f0e-a4cb-4b7a598e4188 0.693s
2025-03-06 09:32:21.250 69161 INFO tempest.lib.common.rest_client [req-54538feb-2fe4-4211-8b36-29b210bbb72f req-54538feb-2fe4-4211-8b36-29b210bbb72f ] Request (ImagesNegativeTestJSON:test_create_image_from_deleted_server): 200 GET http://10.180.1.21/compute/v2.1/servers/f116cf00-074f-41f8-9c1f-bae0cd7932ff 0.514s
2025-03-06 09:32:21.318 69169 INFO tempest.lib.common.rest_client [req-d8d2a31c-6012-4b2d-b9b8-fc01ca71bf55 req-d8d2a31c-6012-4b2d-b9b8-fc01ca71bf55 ] Request (ImagesTestJSON:test_create_image_from_suspended_server): 200 GET http://10.180.1.21/compute/v2.1/servers/af1eeca6-bbdc-4880-9256-5985dd2458a5 0.529s
2025-03-06 09:32:21.389 69213 INFO tempest.lib.common.rest_client [req-0dbb74dd-df5b-4b75-8de8-cfd5b50db6b9 req-0dbb74dd-df5b-4b75-8de8-cfd5b50db6b9 ] Request (ServerExternalEventsTest:test_create_server_external_events): 200 GET http://10.180.1.21/compute/v2.1/servers/bf972e49-a76d-47d5-bc4f-f934412c899a 0.518s
2025-03-06 09:32:21.446 69203 INFO tempest.lib.common.rest_client [req-9b20baec-e7fa-4711-b196-4f27e084915e req-9b20baec-e7fa-4711-b196-4f27e084915e ] Request (ServersNegativeTestMultiTenantJSON:setUpClass): 201 POST http://10.180.1.21:9696/networking/v2.0/subnets 0.329s
2025-03-06 09:32:21.463 69211 INFO tempest.lib.common.rest_client [req-d4b2566e-4bfe-49cf-8faf-19034390c664 req-d4b2566e-4bfe-49cf-8faf-19034390c664 ] Request (InstanceActionsNegativeTestJSON:tearDownClass): 200 GET http://10.180.1.21/compute/v2.1/servers/fb8d223d-d2ec-48c1-8d20-7617be76dabe 0.512s
2025-03-06 09:32:21.488 69179 INFO tempest.lib.common.rest_client [req-bbed8029-36d6-414f-86a6-bc8c5618ab04 req-bbed8029-36d6-414f-86a6-bc8c5618ab04 ] Request (ServerDiagnosticsV248Test:tearDownClass): 404 GET http://10.180.1.21/compute/v2.1/servers/223b8b6f-b42c-4a06-b5bb-0354dd87cdea 0.447s
2025-03-06 09:32:21.566 69153 INFO tempest.lib.common.rest_client [req-b0be1151-bb94-4233-b711-1d4dab13bf5a req-b0be1151-bb94-4233-b711-1d4dab13bf5a ] Request (ServerShowV247Test:test_update_rebuild_list_server): 200 GET http://10.180.1.21/compute/v2.1/servers/cdb592f0-6224-4f00-84f3-afbd2b7e24a5 0.511s
2025-03-06 09:32:21.577 69189 INFO tempest.lib.common.rest_client [req-e9b56a79-5ed3-4095-886d-6371ae58486b req-e9b56a79-5ed3-4095-886d-6371ae58486b ] Request (FloatingIPsAssociationTestJSON:test_associate_already_associated_floating_ip): 202 POST http://10.180.1.21/compute/v2.1/servers/f7d50028-73ab-4348-a49e-ca153c854939/action 1.594s
2025-03-06 09:32:21.632 69197 INFO tempest.lib.common.rest_client [req-df775dd1-aaa7-4500-91a0-fac2e1d23c95 req-df775dd1-aaa7-4500-91a0-fac2e1d23c95 ] Request (ServersAdminNegativeTestJSON:test_migrate_server_invalid_state): 200 GET http://10.180.1.21/compute/v2.1/servers/9c5bda7c-55f0-402d-a515-87147f39fdd9 0.498s
2025-03-06 09:32:21.655 69179 INFO tempest.lib.common.rest_client [req-2fdfac1b-bed8-4382-9fd9-8b92e835d0d6 req-2fdfac1b-bed8-4382-9fd9-8b92e835d0d6 ] Request (ServerDiagnosticsV248Test:tearDownClass): 204 DELETE http://10.180.1.21/identity/v3/users/a67704a30b2b450a9bac050da17bbfc4 0.166s
2025-03-06 09:32:21.690 69167 INFO tempest.lib.common.rest_client [req-02684065-1724-4aa7-beae-0ae9b961f121 req-02684065-1724-4aa7-beae-0ae9b961f121 ] Request (VolumesAdminNegativeTest:test_update_attached_volume_with_nonexistent_volume_in_body): 200 GET http://10.180.1.21/compute/v2.1/servers/56bc1ae3-fb52-412c-a86d-3bfd7a17b81b 0.422s
2025-03-06 09:32:21.692 69157 INFO tempest.lib.common.rest_client [req-f6b05711-e8fd-4e83-b783-7f17fac60d86 req-f6b05711-e8fd-4e83-b783-7f17fac60d86 ] Request (ImagesOneServerNegativeTestJSON:_run_cleanups): 200 GET http://10.180.1.21/compute/v2.1/servers/b25fe864-0d1a-4818-810e-6e1cc8cbfe9c 0.482s
2025-03-06 09:32:21.765 69179 INFO tempest.lib.common.rest_client [req-4c399767-0a9d-492b-9182-dc087299fc8e req-4c399767-0a9d-492b-9182-dc087299fc8e ] Request (ServerDiagnosticsV248Test:tearDownClass): 204 DELETE http://10.180.1.21/identity/v3/users/2570de1890fb4a00a0dc1227d04a65e8 0.110s
2025-03-06 09:32:21.765 69179 INFO tempest.lib.common.dynamic_creds [-] Deleting project and security group for project: 958f042552ae469e8c2d96b91f146fe9
2025-03-06 09:32:21.781 69207 INFO tempest.lib.common.rest_client [req-1c8a256e-d7b6-4571-add3-596d580a4747 req-1c8a256e-d7b6-4571-add3-596d580a4747 ] Request (TenantUsagesTestJSON:tearDownClass): 200 GET http://10.180.1.21/compute/v2.1/servers/94e9ac10-b6a0-4fc0-b64e-763f3793b7e8 0.453s
2025-03-06 09:32:21.820 69209 INFO tempest.lib.common.rest_client [req-777861f2-83df-4589-b1de-f63d3f7ba4e1 req-777861f2-83df-4589-b1de-f63d3f7ba4e1 ] Request (AttachInterfacesTestJSON:test_create_list_show_delete_interfaces_by_fixed_ip): 200 GET http://10.180.1.21/compute/v2.1/servers/9cc8488b-6eba-4f35-84a1-ef972b043b95 0.283s
2025-03-06 09:32:21.833 69209 INFO tempest.common.waiters [-] State transition "BUILD/block_device_mapping" ==> "BUILD/spawning" after 54 second wait
2025-03-06 09:32:21.861 69179 INFO tempest.lib.common.rest_client [req-cfbfb1a7-47de-4c10-b569-edf953064f72 req-cfbfb1a7-47de-4c10-b569-edf953064f72 ] Request (ServerDiagnosticsV248Test:tearDownClass): 201 POST http://10.180.1.21/identity/v3/auth/tokens 0.096s
2025-03-06 09:32:21.888 69187 INFO tempest.lib.common.rest_client [req-5aafbd78-59e9-4453-bd46-b80aad99aee1 req-5aafbd78-59e9-4453-bd46-b80aad99aee1 ] Request (DeleteServersAdminTestJSON:test_delete_server_while_in_error_state): 200 GET http://10.180.1.21/compute/v2.1/servers/06b1ab57-ad18-44ea-87f6-1e189219697e 0.283s
2025-03-06 09:32:21.962 69165 INFO tempest.lib.common.rest_client [req-0dcf2ac3-7725-429b-a373-de0802d703cb req-0dcf2ac3-7725-429b-a373-de0802d703cb ] Request (ServerDiskConfigTestJSON:test_rebuild_server_with_auto_disk_config): 200 GET http://10.180.1.21/compute/v2.1/servers/db7fed3c-36db-439c-bdf9-90289f849eac 0.303s
2025-03-06 09:32:22.094 69155 INFO tempest.lib.common.rest_client [req-68c7703c-a69a-43b6-b31f-6bee2772ff66 req-68c7703c-a69a-43b6-b31f-6bee2772ff66 ] Request (MigrationsAdminTest:test_list_migrations_in_flavor_resize_situation): 200 GET http://10.180.1.21/compute/v2.1/servers/9fe86c8a-3b99-4503-82d9-db99ae5ec2fa 0.294s
2025-03-06 09:32:22.123 69199 INFO tempest.lib.common.rest_client [req-aa5220a9-ca4d-44d7-a3b6-3d7e31f09739 req-aa5220a9-ca4d-44d7-a3b6-3d7e31f09739 ] Request (ServersTestMultiNic:setUpClass): 201 POST http://10.180.1.21:9696/networking/v2.0/routers 1.051s
2025-03-06 09:32:22.171 69173 INFO tempest.lib.common.rest_client [req-b73d240a-4144-4304-a2ef-32f7af21ddfd req-b73d240a-4144-4304-a2ef-32f7af21ddfd ] Request (ServersTestFqdnHostnames:test_create_server_with_fqdn_name): 200 GET http://10.180.1.21/compute/v2.1/servers/1e1899d0-34ea-4ff3-a123-7790cf4989f5 0.295s
2025-03-06 09:32:22.175 69179 INFO tempest.lib.common.rest_client [req-83f6793f-9930-4e8b-90d9-1dc2508a844f req-83f6793f-9930-4e8b-90d9-1dc2508a844f ] Request (ServerDiagnosticsV248Test:tearDownClass): 200 GET http://10.180.1.21:9696/networking/v2.0/security-groups?tenant_id=958f042552ae469e8c2d96b91f146fe9&name=default 0.313s
2025-03-06 09:32:22.244 69171 INFO tempest.lib.common.rest_client [req-a6ce4d4a-cab5-4d93-b2e7-f1d34457bfc0 req-a6ce4d4a-cab5-4d93-b2e7-f1d34457bfc0 ] Request (ServerDiagnosticsTest:test_get_server_diagnostics): 200 GET http://10.180.1.21/compute/v2.1/servers/08f79565-00e9-4b4e-a675-d150436201ad 0.310s
2025-03-06 09:32:22.323 69205 INFO tempest.lib.common.rest_client [req-70891a00-ed5c-43ad-97cb-118e30fdf9d6 req-70891a00-ed5c-43ad-97cb-118e30fdf9d6 ] Request (MultipleCreateTestJSON:test_multiple_create): 200 GET http://10.180.1.21/compute/v2.1/servers/5593b9ed-c7cb-498c-b4c3-4a2da54c2036 0.327s
2025-03-06 09:32:22.330 69201 WARNING tempest.lib.common.ssh [-] Failed to establish authenticated ssh connection to cirros@10.180.180.221 ([Errno None] Unable to connect to port 22 on 10.180.180.221). Number attempts: 7. Retry after 8 seconds.: paramiko.ssh_exception.NoValidConnectionsError: [Errno None] Unable to connect to port 22 on 10.180.180.221
2025-03-06 09:32:22.368 69183 INFO tempest.lib.common.rest_client [req-63772993-ba27-4b4e-a518-ab1f2366a4b5 req-63772993-ba27-4b4e-a518-ab1f2366a4b5 ] Request (ImagesOneServerTestJSON:test_create_image_specify_multibyte_character_image_name): 200 GET http://10.180.1.21/compute/v2.1/images/ce5027e7-388e-4a1f-a6f1-63e6dd6c398d 0.342s
2025-03-06 09:32:22.441 69175 INFO tempest.lib.common.rest_client [req-2b3f2eb6-4957-47d2-8f8a-48cd6fc62810 req-2b3f2eb6-4957-47d2-8f8a-48cd6fc62810 ] Request (ListServersNegativeTestJSON:setUpClass): 200 GET http://10.180.1.21/compute/v2.1/servers/a1afca68-3af7-4fd0-809f-ca4ad2445d4b 0.322s
2025-03-06 09:32:22.516 69159 INFO tempest.lib.common.rest_client [req-8928e8b2-9f58-4589-a39d-2b48238ab80a req-8928e8b2-9f58-4589-a39d-2b48238ab80a ] Request (ServerRescueTestJSONUnderV235:setUpClass): 200 GET http://10.180.1.21/compute/v2.1/servers/42ea1741-5132-4f0e-a4cb-4b7a598e4188 0.346s
2025-03-06 09:32:22.603 69161 INFO tempest.lib.common.rest_client [req-1a8b3708-b9ea-483f-a472-a3e49da91e50 req-1a8b3708-b9ea-483f-a472-a3e49da91e50 ] Request (ImagesNegativeTestJSON:test_create_image_from_deleted_server): 200 GET http://10.180.1.21/compute/v2.1/servers/f116cf00-074f-41f8-9c1f-bae0cd7932ff 0.344s
2025-03-06 09:32:22.616 69179 INFO tempest.lib.common.rest_client [req-a9b9e340-92af-471b-9c14-d7d77c9434c1 req-a9b9e340-92af-471b-9c14-d7d77c9434c1 ] Request (ServerDiagnosticsV248Test:tearDownClass): 204 DELETE http://10.180.1.21:9696/networking/v2.0/security-groups/f0075848-6733-46b6-b400-bdc3e1142c08 0.440s
2025-03-06 09:32:22.688 69169 INFO tempest.lib.common.rest_client [req-31738e29-7328-4e56-9f9a-e6673844175f req-31738e29-7328-4e56-9f9a-e6673844175f ] Request (ImagesTestJSON:test_create_image_from_suspended_server): 200 GET http://10.180.1.21/compute/v2.1/servers/af1eeca6-bbdc-4880-9256-5985dd2458a5 0.354s
2025-03-06 09:32:22.715 69179 INFO tempest.lib.common.rest_client [req-dd7b38eb-71b1-4a33-809b-6dd8e69f0cdc req-dd7b38eb-71b1-4a33-809b-6dd8e69f0cdc ] Request (ServerDiagnosticsV248Test:tearDownClass): 204 DELETE http://10.180.1.21/identity/v3/projects/958f042552ae469e8c2d96b91f146fe9 0.099s
2025-03-06 09:32:22.716 69179 INFO tempest.lib.common.dynamic_creds [-] Deleting project and security group for project: 8887c883d3ec47319eae22ada7783b9a
2025-03-06 09:32:22.736 69183 INFO tempest.lib.common.rest_client [req-6b5e0cd2-1bf0-454d-ad8c-24677fdc5034 req-6b5e0cd2-1bf0-454d-ad8c-24677fdc5034 ] Request (ImagesOneServerTestJSON:test_create_image_specify_multibyte_character_image_name): 200 GET http://10.180.1.21/compute/v2.1/images/ce5027e7-388e-4a1f-a6f1-63e6dd6c398d 0.364s
2025-03-06 09:32:22.799 69203 INFO tempest.lib.common.rest_client [req-cf94d5e3-78bf-48a2-8f16-cda398a1a17e req-cf94d5e3-78bf-48a2-8f16-cda398a1a17e ] Request (ServersNegativeTestMultiTenantJSON:setUpClass): 201 POST http://10.180.1.21:9696/networking/v2.0/routers 1.353s
2025-03-06 09:32:22.822 69213 INFO tempest.lib.common.rest_client [req-aa64f090-dc11-4a9b-8d79-be82883c0f0f req-aa64f090-dc11-4a9b-8d79-be82883c0f0f ] Request (ServerExternalEventsTest:test_create_server_external_events): 200 GET http://10.180.1.21/compute/v2.1/servers/bf972e49-a76d-47d5-bc4f-f934412c899a 0.423s
2025-03-06 09:32:22.914 69211 INFO tempest.lib.common.rest_client [req-5eace6bd-5713-4688-84fa-18ca43624bb1 req-5eace6bd-5713-4688-84fa-18ca43624bb1 ] Request (InstanceActionsNegativeTestJSON:tearDownClass): 200 GET http://10.180.1.21/compute/v2.1/servers/fb8d223d-d2ec-48c1-8d20-7617be76dabe 0.442s
2025-03-06 09:32:22.924 69179 INFO tempest.lib.common.rest_client [req-b6539fdb-728c-4c07-b131-ffa24856eccc req-b6539fdb-728c-4c07-b131-ffa24856eccc ] Request (ServerDiagnosticsV248Test:tearDownClass): 200 GET http://10.180.1.21:9696/networking/v2.0/security-groups?tenant_id=8887c883d3ec47319eae22ada7783b9a&name=default 0.208s
2025-03-06 09:32:22.977 69153 INFO tempest.lib.common.rest_client [req-4cec9b18-71c4-4ea1-98b8-091a537d9461 req-4cec9b18-71c4-4ea1-98b8-091a537d9461 ] Request (ServerShowV247Test:test_update_rebuild_list_server): 200 GET http://10.180.1.21/compute/v2.1/servers/cdb592f0-6224-4f00-84f3-afbd2b7e24a5 0.401s
2025-03-06 09:32:23.035 69197 INFO tempest.lib.common.rest_client [req-0a4a2498-96df-49c6-958a-0324af640787 req-0a4a2498-96df-49c6-958a-0324af640787 ] Request (ServersAdminNegativeTestJSON:test_migrate_server_invalid_state): 200 GET http://10.180.1.21/compute/v2.1/servers/9c5bda7c-55f0-402d-a515-87147f39fdd9 0.390s
2025-03-06 09:32:23.057 69179 INFO tempest.lib.common.rest_client [req-1058a249-7177-4fc2-9c40-44bfd2bd6f4b req-1058a249-7177-4fc2-9c40-44bfd2bd6f4b ] Request (ServerDiagnosticsV248Test:tearDownClass): 204 DELETE http://10.180.1.21:9696/networking/v2.0/security-groups/b127110d-9805-40df-8a9c-ebaaff9cfbf5 0.132s
2025-03-06 09:32:23.108 69157 INFO tempest.lib.common.rest_client [req-168da244-fde2-45e4-90e6-04bc8ee4c8a2 req-168da244-fde2-45e4-90e6-04bc8ee4c8a2 ] Request (ImagesOneServerNegativeTestJSON:_run_cleanups): 200 GET http://10.180.1.21/compute/v2.1/servers/b25fe864-0d1a-4818-810e-6e1cc8cbfe9c 0.405s
2025-03-06 09:32:23.192 69167 INFO tempest.lib.common.rest_client [req-0f04a1e0-79f4-4d14-bf91-c4ffc990f828 req-0f04a1e0-79f4-4d14-bf91-c4ffc990f828 ] Request (VolumesAdminNegativeTest:test_update_attached_volume_with_nonexistent_volume_in_body): 200 GET http://10.180.1.21/compute/v2.1/servers/56bc1ae3-fb52-412c-a86d-3bfd7a17b81b 0.489s
2025-03-06 09:32:23.199 69179 INFO tempest.lib.common.rest_client [req-7f000034-531f-4f4f-a140-d137aca51ccc req-7f000034-531f-4f4f-a140-d137aca51ccc ] Request (ServerDiagnosticsV248Test:tearDownClass): 204 DELETE http://10.180.1.21/identity/v3/projects/8887c883d3ec47319eae22ada7783b9a 0.141s
2025-03-06 09:32:23.268 69179 INFO tempest.lib.common.rest_client [req-fc98f04d-e37b-45df-acfb-2c2374258ab9 req-fc98f04d-e37b-45df-acfb-2c2374258ab9 ] Request (FloatingIPsTestJSON:setUpClass): 201 POST http://10.180.1.21/identity/v3/auth/tokens 0.068s
2025-03-06 09:32:23.296 69179 INFO tempest.lib.common.rest_client [req-d55afd94-0054-4f35-babe-3d1e97b11c35 req-d55afd94-0054-4f35-babe-3d1e97b11c35 ] Request (FloatingIPsTestJSON:setUpClass): 201 POST http://10.180.1.21/identity/v3/auth/tokens 0.025s
2025-03-06 09:32:23.318 69179 INFO tempest.lib.common.rest_client [req-80c434fd-3864-4da9-b930-9014dbcae9d0 req-80c434fd-3864-4da9-b930-9014dbcae9d0 ] Request (FloatingIPsTestJSON:setUpClass): 200 GET http://10.180.1.21/identity/v3/domains?name=Default 0.021s
2025-03-06 09:32:23.344 69179 INFO tempest.lib.common.rest_client [req-374c443a-6182-48e2-9337-6277e4082b6a req-374c443a-6182-48e2-9337-6277e4082b6a ] Request (FloatingIPsTestJSON:setUpClass): 201 POST http://10.180.1.21/identity/v3/projects 0.026s
2025-03-06 09:32:23.351 69183 INFO tempest.lib.common.rest_client [req-107a8f9d-3504-4a85-85a4-83487905f4a2 req-107a8f9d-3504-4a85-85a4-83487905f4a2 ] Request (ImagesOneServerTestJSON:test_create_image_specify_multibyte_character_image_name): 200 GET http://10.180.1.21/compute/v2.1/servers/176ad5bc-882c-4539-b69e-03c06616f933 0.609s
2025-03-06 09:32:23.405 69179 INFO tempest.lib.common.rest_client [req-2faf9db5-5fad-426a-bdf7-ee66ceae59f7 req-2faf9db5-5fad-426a-bdf7-ee66ceae59f7 ] Request (FloatingIPsTestJSON:setUpClass): 201 POST http://10.180.1.21/identity/v3/users 0.060s
2025-03-06 09:32:23.425 69179 INFO tempest.lib.common.rest_client [req-74822e96-04d4-4a51-b71c-3bc20c02be74 req-74822e96-04d4-4a51-b71c-3bc20c02be74 ] Request (FloatingIPsTestJSON:setUpClass): 200 GET http://10.180.1.21/identity/v3/roles 0.020s
2025-03-06 09:32:23.434 69207 INFO tempest.lib.common.rest_client [req-d8326c06-aaf7-4967-987d-b72a8d401e40 req-d8326c06-aaf7-4967-987d-b72a8d401e40 ] Request (TenantUsagesTestJSON:tearDownClass): 200 GET http://10.180.1.21/compute/v2.1/servers/94e9ac10-b6a0-4fc0-b64e-763f3793b7e8 0.643s
2025-03-06 09:32:23.460 69179 INFO tempest.lib.common.rest_client [req-11801f04-2148-40dc-8f5e-1e06c7786bff req-11801f04-2148-40dc-8f5e-1e06c7786bff ] Request (FloatingIPsTestJSON:setUpClass): 204 PUT http://10.180.1.21/identity/v3/projects/28fcd60fc672480d94abd79752da2b81/users/940303410f6d462d82df02bc6f952aed/roles/bceb9a0d99eb41e7943ae98b75727d46 0.034s
2025-03-06 09:32:23.461 69179 INFO tempest.lib.common.dynamic_creds [-] Dynamic test user 940303410f6d462d82df02bc6f952aed is created with scope project and roles: ['member']
2025-03-06 09:32:23.461 69179 INFO tempest.lib.common.dynamic_creds [-] Acquired dynamic creds: credentials: Credentials: {'domain_id': 'default', 'domain_name': 'Default', 'username': 'tempest-FloatingIPsTestJSON-765531284-project-member', 'project_domain_id': 'default', 'project_domain_name': 'Default', 'project_id': '28fcd60fc672480d94abd79752da2b81', 'project_name': 'tempest-FloatingIPsTestJSON-765531284', 'tenant_id': '28fcd60fc672480d94abd79752da2b81', 'tenant_name': 'tempest-FloatingIPsTestJSON-765531284', 'user_domain_id': 'default', 'user_domain_name': 'Default', 'user_id': '940303410f6d462d82df02bc6f952aed', 'system': None}, Network: None, Subnet: None, Router: None
2025-03-06 09:32:23.520 69179 INFO tempest.lib.common.rest_client [req-38b66fa4-2427-4a17-98e9-eb34eaa907c6 req-38b66fa4-2427-4a17-98e9-eb34eaa907c6 ] Request (FloatingIPsTestJSON:setUpClass): 201 POST http://10.180.1.21/identity/v3/auth/tokens 0.059s
2025-03-06 09:32:23.533 69209 INFO tempest.lib.common.rest_client [req-1dbf20e5-0f78-4338-8394-094c6ae3760a req-1dbf20e5-0f78-4338-8394-094c6ae3760a ] Request (AttachInterfacesTestJSON:test_create_list_show_delete_interfaces_by_fixed_ip): 200 GET http://10.180.1.21/compute/v2.1/servers/9cc8488b-6eba-4f35-84a1-ef972b043b95 0.699s
2025-03-06 09:32:23.606 69187 INFO tempest.lib.common.rest_client [req-9130fa60-4d87-467b-bf3d-892bce314e76 req-9130fa60-4d87-467b-bf3d-892bce314e76 ] Request (DeleteServersAdminTestJSON:test_delete_server_while_in_error_state): 200 GET http://10.180.1.21/compute/v2.1/servers/06b1ab57-ad18-44ea-87f6-1e189219697e 0.707s
2025-03-06 09:32:23.610 69181 WARNING tempest.lib.common.ssh [-] Failed to establish authenticated ssh connection to cirros@10.180.180.242 ([Errno None] Unable to connect to port 22 on 10.180.180.242). Number attempts: 3. Retry after 4 seconds.: paramiko.ssh_exception.NoValidConnectionsError: [Errno None] Unable to connect to port 22 on 10.180.180.242
2025-03-06 09:32:23.670 69165 INFO tempest.lib.common.rest_client [req-1ee5a377-e396-40c8-bff6-3027af814e5a req-1ee5a377-e396-40c8-bff6-3027af814e5a ] Request (ServerDiskConfigTestJSON:test_rebuild_server_with_auto_disk_config): 200 GET http://10.180.1.21/compute/v2.1/servers/db7fed3c-36db-439c-bdf9-90289f849eac 0.698s
2025-03-06 09:32:23.804 69155 INFO tempest.lib.common.rest_client [req-06cd5884-2940-4bfe-b63a-b2957c4bdf96 req-06cd5884-2940-4bfe-b63a-b2957c4bdf96 ] Request (MigrationsAdminTest:test_list_migrations_in_flavor_resize_situation): 200 GET http://10.180.1.21/compute/v2.1/servers/9fe86c8a-3b99-4503-82d9-db99ae5ec2fa 0.693s
2025-03-06 09:32:23.842 69179 INFO tempest.lib.common.rest_client [req-17b70846-64e7-4958-a66b-b3a129d15be6 req-17b70846-64e7-4958-a66b-b3a129d15be6 ] Request (FloatingIPsTestJSON:setUpClass): 201 POST http://10.180.1.21:9696/networking/v2.0/networks 0.322s
2025-03-06 09:32:23.866 69193 WARNING tempest.lib.common.ssh [-] Failed to establish authenticated ssh connection to cirros@10.180.180.178 ([Errno None] Unable to connect to port 22 on 10.180.180.178). Number attempts: 2. Retry after 3 seconds.: paramiko.ssh_exception.NoValidConnectionsError: [Errno None] Unable to connect to port 22 on 10.180.180.178
2025-03-06 09:32:23.875 69173 INFO tempest.lib.common.rest_client [req-85fc1e2a-bd2f-4d8e-86c3-bac85b60fb9a req-85fc1e2a-bd2f-4d8e-86c3-bac85b60fb9a ] Request (ServersTestFqdnHostnames:test_create_server_with_fqdn_name): 200 GET http://10.180.1.21/compute/v2.1/servers/1e1899d0-34ea-4ff3-a123-7790cf4989f5 0.696s
2025-03-06 09:32:23.930 69171 INFO tempest.lib.common.rest_client [req-79d0f211-b6fa-45e4-b279-e8d10cb4ba1f req-79d0f211-b6fa-45e4-b279-e8d10cb4ba1f ] Request (ServerDiagnosticsTest:test_get_server_diagnostics): 200 GET http://10.180.1.21/compute/v2.1/servers/08f79565-00e9-4b4e-a675-d150436201ad 0.677s
2025-03-06 09:32:23.988 69205 INFO tempest.lib.common.rest_client [req-8ffc5c7d-e6a3-4005-bfbb-e522f72e6fc9 req-8ffc5c7d-e6a3-4005-bfbb-e522f72e6fc9 ] Request (MultipleCreateTestJSON:test_multiple_create): 200 GET http://10.180.1.21/compute/v2.1/servers/5593b9ed-c7cb-498c-b4c3-4a2da54c2036 0.654s
2025-03-06 09:32:24.050 69175 INFO tempest.lib.common.rest_client [req-95a61ffe-279b-41ad-a330-f39da84e4925 req-95a61ffe-279b-41ad-a330-f39da84e4925 ] Request (ListServersNegativeTestJSON:setUpClass): 200 GET http://10.180.1.21/compute/v2.1/servers/a1afca68-3af7-4fd0-809f-ca4ad2445d4b 0.597s
2025-03-06 09:32:24.112 69159 INFO tempest.lib.common.rest_client [req-eba700fc-8e05-448b-b5ed-213383d7c421 req-eba700fc-8e05-448b-b5ed-213383d7c421 ] Request (ServerRescueTestJSONUnderV235:setUpClass): 200 GET http://10.180.1.21/compute/v2.1/servers/42ea1741-5132-4f0e-a4cb-4b7a598e4188 0.583s
2025-03-06 09:32:24.212 69161 INFO tempest.lib.common.rest_client [req-9c74f8ee-cddc-4bd3-830f-f890e5bc50f6 req-9c74f8ee-cddc-4bd3-830f-f890e5bc50f6 ] Request (ImagesNegativeTestJSON:test_create_image_from_deleted_server): 200 GET http://10.180.1.21/compute/v2.1/servers/f116cf00-074f-41f8-9c1f-bae0cd7932ff 0.599s
2025-03-06 09:32:24.286 69169 INFO tempest.lib.common.rest_client [req-6d27886e-5501-431d-822f-764d3e8b3794 req-6d27886e-5501-431d-822f-764d3e8b3794 ] Request (ImagesTestJSON:test_create_image_from_suspended_server): 200 GET http://10.180.1.21/compute/v2.1/servers/af1eeca6-bbdc-4880-9256-5985dd2458a5 0.582s
2025-03-06 09:32:24.336 69213 INFO tempest.lib.common.rest_client [req-e7d9302c-0a88-4b69-9ec5-66b96f34fe75 req-e7d9302c-0a88-4b69-9ec5-66b96f34fe75 ] Request (ServerExternalEventsTest:test_create_server_external_events): 200 GET http://10.180.1.21/compute/v2.1/servers/bf972e49-a76d-47d5-bc4f-f934412c899a 0.505s
2025-03-06 09:32:24.395 69211 INFO tempest.lib.common.rest_client [req-a37087c8-4a55-4b6d-a5bc-59636526cc3e req-a37087c8-4a55-4b6d-a5bc-59636526cc3e ] Request (InstanceActionsNegativeTestJSON:tearDownClass): 200 GET http://10.180.1.21/compute/v2.1/servers/fb8d223d-d2ec-48c1-8d20-7617be76dabe 0.468s
2025-03-06 09:32:24.446 69153 INFO tempest.lib.common.rest_client [req-34b2370d-43a2-4b48-8f31-70564be83eb7 req-34b2370d-43a2-4b48-8f31-70564be83eb7 ] Request (ServerShowV247Test:test_update_rebuild_list_server): 200 GET http://10.180.1.21/compute/v2.1/servers/cdb592f0-6224-4f00-84f3-afbd2b7e24a5 0.454s
2025-03-06 09:32:24.455 69179 INFO tempest.lib.common.rest_client [req-5618e4f7-ecc6-41ad-9449-1a0743f9adf0 req-5618e4f7-ecc6-41ad-9449-1a0743f9adf0 ] Request (FloatingIPsTestJSON:setUpClass): 201 POST http://10.180.1.21:9696/networking/v2.0/subnets 0.611s
2025-03-06 09:32:24.469 69199 INFO tempest.lib.common.rest_client [req-b3e015d7-52f4-4b38-a477-6cd3dc135b74 req-b3e015d7-52f4-4b38-a477-6cd3dc135b74 ] Request (ServersTestMultiNic:setUpClass): 200 PUT http://10.180.1.21:9696/networking/v2.0/routers/7f4c71ed-1218-43f8-bd2c-25a142caab33/add_router_interface 2.345s
2025-03-06 09:32:24.469 69199 INFO tempest.lib.common.dynamic_creds [-] Created isolated network resources for: credentials: Credentials: {'domain_id': 'default', 'domain_name': 'Default', 'username': 'tempest-ServersTestMultiNic-1253284502-project-member', 'project_domain_id': 'default', 'project_domain_name': 'Default', 'project_id': 'ffbad854cc264619b11c9b43b3d76d63', 'project_name': 'tempest-ServersTestMultiNic-1253284502', 'tenant_id': 'ffbad854cc264619b11c9b43b3d76d63', 'tenant_name': 'tempest-ServersTestMultiNic-1253284502', 'user_domain_id': 'default', 'user_domain_name': 'Default', 'user_id': '6d479adc8ecb4d068f0a75faf032ff80', 'system': None}, Network: {'id': '5d6b683c-5ef8-419e-9ff5-237ead0fd34a', 'name': 'tempest-ServersTestMultiNic-1936139532-network', 'tenant_id': 'ffbad854cc264619b11c9b43b3d76d63', 'admin_state_up': True, 'mtu': 8950, 'status': 'ACTIVE', 'subnets': [], 'shared': False, 'project_id': 'ffbad854cc264619b11c9b43b3d76d63', 'port_security_enabled': True, 'router:external': False, 'provider:network_type': 'vlan', 'provider:physical_network': 'default', 'provider:segmentation_id': 894, 'availability_zone_hints': [], 'availability_zones': [], 'ipv4_address_scope': None, 'ipv6_address_scope': None, 'description': '', 'tags': [], 'created_at': '2025-03-06T09:32:20Z', 'updated_at': '2025-03-06T09:32:20Z', 'revision_number': 1}, Subnet: {'id': '8e3f3ac0-90a0-4847-affe-2f0f4031764f', 'name': 'tempest-ServersTestMultiNic-1936139532-subnet', 'tenant_id': 'ffbad854cc264619b11c9b43b3d76d63', 'network_id': '5d6b683c-5ef8-419e-9ff5-237ead0fd34a', 'ip_version': 4, 'subnetpool_id': None, 'enable_dhcp': True, 'ipv6_ra_mode': None, 'ipv6_address_mode': None, 'gateway_ip': '192.168.128.1', 'cidr': '192.168.128.0/28', 'allocation_pools': [{'start': '192.168.128.2', 'end': '192.168.128.14'}], 'host_routes': [], 'dns_nameservers': [], 'description': '', 'router:external': False, 'service_types': [], 'tags': [], 'created_at': '2025-03-06T09:32:20Z', 'updated_at': '2025-03-06T09:32:20Z', 'revision_number': 0, 'project_id': 'ffbad854cc264619b11c9b43b3d76d63'}, Router: {'id': '7f4c71ed-1218-43f8-bd2c-25a142caab33', 'name': 'tempest-ServersTestMultiNic-1936139532-router', 'tenant_id': 'ffbad854cc264619b11c9b43b3d76d63', 'admin_state_up': True, 'status': 'ACTIVE', 'external_gateway_info': {'network_id': '08eb7682-68bf-4c37-be1a-5bd184f2922e', 'external_fixed_ips': [{'subnet_id': '4fa3ce76-3842-4372-9573-b3849722f3e8', 'ip_address': '10.180.180.233'}], 'enable_snat': True}, 'description': '', 'availability_zones': [], 'distributed': False, 'ha': False, 'availability_zone_hints': [], 'routes': [], 'flavor_id': None, 'tags': [], 'created_at': '2025-03-06T09:32:21Z', 'updated_at': '2025-03-06T09:32:21Z', 'revision_number': 2, 'project_id': 'ffbad854cc264619b11c9b43b3d76d63'}
2025-03-06 09:32:24.505 69197 INFO tempest.lib.common.rest_client [req-36d24968-d1ee-4eaa-a38c-de027999165b req-36d24968-d1ee-4eaa-a38c-de027999165b ] Request (ServersAdminNegativeTestJSON:test_migrate_server_invalid_state): 200 GET http://10.180.1.21/compute/v2.1/servers/9c5bda7c-55f0-402d-a515-87147f39fdd9 0.457s
2025-03-06 09:32:24.583 69157 INFO tempest.lib.common.rest_client [req-90e00466-3207-4771-830b-bec0912e2761 req-90e00466-3207-4771-830b-bec0912e2761 ] Request (ImagesOneServerNegativeTestJSON:_run_cleanups): 200 GET http://10.180.1.21/compute/v2.1/servers/b25fe864-0d1a-4818-810e-6e1cc8cbfe9c 0.463s
2025-03-06 09:32:24.601 69199 INFO tempest.lib.common.rest_client [req-f3c91941-7f4a-411a-9f05-900383ffd6d4 req-f3c91941-7f4a-411a-9f05-900383ffd6d4 ] Request (ServersTestMultiNic:setUpClass): 201 POST http://10.180.1.21/identity/v3/auth/tokens 0.127s
2025-03-06 09:32:24.695 69167 INFO tempest.lib.common.rest_client [req-2657887a-5a86-4960-a89d-1ac246fa06b4 req-2657887a-5a86-4960-a89d-1ac246fa06b4 ] Request (VolumesAdminNegativeTest:test_update_attached_volume_with_nonexistent_volume_in_body): 200 GET http://10.180.1.21/compute/v2.1/servers/56bc1ae3-fb52-412c-a86d-3bfd7a17b81b 0.491s
