2025-03-06 09:33:07.696 69203 INFO tempest.lib.common.rest_client [req-62c1aa32-b52b-4e67-a840-c73a47ed55f0 req-62c1aa32-b52b-4e67-a840-c73a47ed55f0 ] Request (ServersNegativeTestMultiTenantJSON:setUpClass): 200 GET http://10.180.1.21/compute/v2.1/servers/545024c9-58d2-4cec-9674-5aaee972370a 0.072s
2025-03-06 09:33:07.748 69179 INFO tempest.lib.common.rest_client [req-f6cc39ba-a04d-4806-ad85-d7fef1f9a19d req-f6cc39ba-a04d-4806-ad85-d7fef1f9a19d ] Request (AttachVolumeShelveTestJSON:test_attach_volume_shelved_or_offload_server): 200 GET http://10.180.1.21/compute/v2.1/servers/5be9111c-f58a-43eb-94c1-d0ac8d99159f 0.081s
2025-03-06 09:33:07.807 69161 INFO tempest.lib.common.rest_client [req-648c10ab-10a9-4e6e-89d6-887319b1d540 req-648c10ab-10a9-4e6e-89d6-887319b1d540 ] Request (ServerAddressesNegativeTestJSON:setUpClass): 200 GET http://10.180.1.21/compute/v2.1/servers/4a3883d1-8f6a-4e32-ba63-0552865b3158 0.083s
2025-03-06 09:33:07.813 69197 INFO tempest.lib.common.rest_client [req-370d1af7-6d1d-4e86-83d1-eb150fe84612 req-370d1af7-6d1d-4e86-83d1-eb150fe84612 ] Request (ServersAdminNegativeTestJSON:test_migrate_server_invalid_state): 200 GET http://10.180.1.21/compute/v2.1/servers/9c5bda7c-55f0-402d-a515-87147f39fdd9 0.195s
2025-03-06 09:33:07.877 69205 INFO tempest.lib.common.rest_client [req-72e739f5-3d83-404f-971e-37a02dd42146 req-72e739f5-3d83-404f-971e-37a02dd42146 ] Request (MultipleCreateTestJSON:_run_cleanups): 200 GET http://10.180.1.21/compute/v2.1/servers/998ffe8e-1aba-4e8c-96ab-367a5d54d54f 0.095s
2025-03-06 09:33:07.899 69159 INFO tempest.lib.common.rest_client [req-66ca1740-43dc-4e20-9673-15e4f701200b req-66ca1740-43dc-4e20-9673-15e4f701200b ] Request (ServerRescueTestJSONUnderV235:setUpClass): 200 GET http://10.180.1.21/compute/v2.1/servers/42ea1741-5132-4f0e-a4cb-4b7a598e4188 0.068s
2025-03-06 09:33:07.972 69153 INFO tempest.lib.common.rest_client [req-98154f8c-1c9b-422d-a9e9-ca379ae25740 req-98154f8c-1c9b-422d-a9e9-ca379ae25740 ] Request (ServerShowV247Test:tearDownClass): 200 GET http://10.180.1.21/compute/v2.1/servers/cdb592f0-6224-4f00-84f3-afbd2b7e24a5 0.080s
2025-03-06 09:33:07.991 69189 INFO tempest.lib.common.rest_client [req-08c6da6b-2ee9-45a7-841f-880e95395b9b req-08c6da6b-2ee9-45a7-841f-880e95395b9b ] Request (FloatingIPsAssociationTestJSON:tearDownClass): 200 GET http://10.180.1.21/compute/v2.1/servers/f7d50028-73ab-4348-a49e-ca153c854939 0.108s
2025-03-06 09:33:08.040 69211 INFO tempest.lib.common.rest_client [req-f17d5313-dc5d-49b7-b82f-42c8b3250176 req-f17d5313-dc5d-49b7-b82f-42c8b3250176 ] Request (ServerPasswordTestJSON:setUpClass): 200 GET http://10.180.1.21/compute/v2.1/servers/4b2b1531-770b-4bb6-9f58-d21e903ea332 0.102s
2025-03-06 09:33:08.058 69157 INFO tempest.lib.common.rest_client [req-ba77aa37-42b8-40d0-bc6e-c260521205c4 req-ba77aa37-42b8-40d0-bc6e-c260521205c4 ] Request (ImagesOneServerNegativeTestJSON:_run_cleanups): 200 GET http://10.180.1.21/compute/v2.1/servers/c87dc1be-f58a-4499-82a8-0b64649bf610 0.116s
2025-03-06 09:33:08.106 69183 INFO tempest.lib.common.rest_client [req-598e84a1-b073-4ece-8eba-6db5fc137958 req-598e84a1-b073-4ece-8eba-6db5fc137958 ] Request (ServersTestBootFromVolume:setUpClass): 201 POST http://10.180.1.21:9696/networking/v2.0/subnets 0.509s
2025-03-06 09:33:08.114 69177 INFO tempest.lib.common.rest_client [req-6d4e554f-8150-4bed-a1f3-1ce3001ea3cc req-6d4e554f-8150-4bed-a1f3-1ce3001ea3cc ] Request (ServersWithSpecificFlavorTestJSON:test_verify_created_server_ephemeral_disk): 200 GET http://10.180.1.21/compute/v2.1/servers/5e723aa8-38dc-4692-8d2f-ff6aa2aa573a 0.117s
2025-03-06 09:33:08.121 69187 INFO tempest.lib.common.rest_client [req-e5e59f44-282d-41dd-b7f2-9e8304ad24e5 req-e5e59f44-282d-41dd-b7f2-9e8304ad24e5 ] Request (DeleteServersAdminTestJSON:test_delete_server_while_in_error_state): 200 GET http://10.180.1.21/compute/v2.1/servers/06b1ab57-ad18-44ea-87f6-1e189219697e 0.062s
2025-03-06 09:33:08.129 69187 INFO tempest.common.waiters [-] State transition "ERROR/deleting" ==> "DELETED/None" after 5 second wait
2025-03-06 09:33:08.302 69213 INFO tempest.lib.common.rest_client [req-51ecdece-6a1e-4cb7-b999-61811e027f89 req-51ecdece-6a1e-4cb7-b999-61811e027f89 ] Request (ServerExternalEventsTest:test_create_server_external_events): 200 GET http://10.180.1.21/compute/v2.1/servers/bf972e49-a76d-47d5-bc4f-f934412c899a 0.061s
2025-03-06 09:33:08.312 69155 INFO tempest.lib.common.rest_client [req-24b9204a-bd95-4b07-a371-43f8d0331738 req-24b9204a-bd95-4b07-a371-43f8d0331738 ] Request (MigrationsAdminTest:test_list_migrations_in_flavor_resize_situation): 200 GET http://10.180.1.21/compute/v2.1/servers/9fe86c8a-3b99-4503-82d9-db99ae5ec2fa 0.102s
2025-03-06 09:33:08.454 69171 INFO tempest.lib.common.rest_client [req-2522d63a-5b0a-45dd-a176-d75174a8db48 req-2522d63a-5b0a-45dd-a176-d75174a8db48 ] Request (ServerDiagnosticsTest:tearDownClass): 200 GET http://10.180.1.21/compute/v2.1/servers/08f79565-00e9-4b4e-a675-d150436201ad 0.054s
2025-03-06 09:33:08.461 69171 INFO tempest.common.waiters [-] State transition "ACTIVE/deleting" ==> "DELETED/None" after 3 second wait
2025-03-06 09:33:08.495 69169 INFO tempest.lib.common.rest_client [req-d244363d-7e6a-48c4-aac5-78b20e6a26fc req-d244363d-7e6a-48c4-aac5-78b20e6a26fc ] Request (ImagesTestJSON:test_create_image_from_suspended_server): 200 GET http://10.180.1.21/compute/v2.1/servers/af1eeca6-bbdc-4880-9256-5985dd2458a5 0.046s
2025-03-06 09:33:08.556 69175 INFO tempest.lib.common.rest_client [req-b5ee2a28-dd04-4798-9916-3bd57e29f3a2 req-b5ee2a28-dd04-4798-9916-3bd57e29f3a2 ] Request (ListServersNegativeTestJSON:setUpClass): 200 GET http://10.180.1.21/compute/v2.1/servers/a1afca68-3af7-4fd0-809f-ca4ad2445d4b 0.052s
2025-03-06 09:33:08.569 69199 INFO tempest.lib.common.rest_client [req-6ac4f016-c57d-4df4-8038-41c980aef8e0 req-6ac4f016-c57d-4df4-8038-41c980aef8e0 ] Request (ServersTestMultiNic:test_verify_duplicate_network_nics): 200 GET http://10.180.1.21/compute/v2.1/servers/e36c017c-0a98-4987-b4e6-76dfe617831f 0.047s
2025-03-06 09:33:08.632 69207 INFO tempest.lib.common.rest_client [req-a2e11912-1f85-4f62-87cb-983e5536698b req-a2e11912-1f85-4f62-87cb-983e5536698b ] Request (SecurityGroupsTestJSON:test_list_security_groups_by_server): 200 GET http://10.180.1.21/compute/v2.1/servers/ea190e91-e74a-497b-b28d-91c72895bb58 0.062s
2025-03-06 09:33:08.746 69165 INFO tempest.lib.common.rest_client [req-6948794a-0748-43a6-841f-c3b8308f78d2 req-6948794a-0748-43a6-841f-c3b8308f78d2 ] Request (ServerDiskConfigTestJSON:test_rebuild_server_with_auto_disk_config): 200 GET http://10.180.1.21/compute/v2.1/servers/db7fed3c-36db-439c-bdf9-90289f849eac 0.088s
2025-03-06 09:33:08.761 69165 INFO tempest.common.waiters [-] State transition "BUILD/networking" ==> "BUILD/spawning" after 78 second wait
2025-03-06 09:33:08.763 69183 INFO tempest.lib.common.rest_client [req-ad6ee045-dd93-4ada-bdff-3f305a700cc9 req-ad6ee045-dd93-4ada-bdff-3f305a700cc9 ] Request (ServersTestBootFromVolume:setUpClass): 201 POST http://10.180.1.21:9696/networking/v2.0/routers 0.656s
2025-03-06 09:33:08.764 69203 INFO tempest.lib.common.rest_client [req-d3be8f01-d6a7-4d69-8e7f-f11b2959cc21 req-d3be8f01-d6a7-4d69-8e7f-f11b2959cc21 ] Request (ServersNegativeTestMultiTenantJSON:setUpClass): 200 GET http://10.180.1.21/compute/v2.1/servers/545024c9-58d2-4cec-9674-5aaee972370a 0.060s
2025-03-06 09:33:08.825 69179 INFO tempest.lib.common.rest_client [req-063677de-7a71-4081-b909-0e87466369c5 req-063677de-7a71-4081-b909-0e87466369c5 ] Request (AttachVolumeShelveTestJSON:test_attach_volume_shelved_or_offload_server): 200 GET http://10.180.1.21/compute/v2.1/servers/5be9111c-f58a-43eb-94c1-d0ac8d99159f 0.060s
2025-03-06 09:33:08.876 69161 INFO tempest.lib.common.rest_client [req-27cd4fda-f12a-4625-baaf-d1651f89571c req-27cd4fda-f12a-4625-baaf-d1651f89571c ] Request (ServerAddressesNegativeTestJSON:setUpClass): 200 GET http://10.180.1.21/compute/v2.1/servers/4a3883d1-8f6a-4e32-ba63-0552865b3158 0.060s
2025-03-06 09:33:08.947 69197 INFO tempest.lib.common.rest_client [req-7e6b324f-d9d5-4c03-8a08-0ba1f2f90d04 req-7e6b324f-d9d5-4c03-8a08-0ba1f2f90d04 ] Request (ServersAdminNegativeTestJSON:test_migrate_server_invalid_state): 200 GET http://10.180.1.21/compute/v2.1/servers/9c5bda7c-55f0-402d-a515-87147f39fdd9 0.122s
2025-03-06 09:33:08.950 69205 INFO tempest.lib.common.rest_client [req-63e0e3d9-d902-484f-8ed3-aca5c03315b2 req-63e0e3d9-d902-484f-8ed3-aca5c03315b2 ] Request (MultipleCreateTestJSON:_run_cleanups): 200 GET http://10.180.1.21/compute/v2.1/servers/998ffe8e-1aba-4e8c-96ab-367a5d54d54f 0.065s
2025-03-06 09:33:08.963 69197 INFO tempest.common.waiters [-] State transition "BUILD/spawning" ==> "ACTIVE/None" after 80 second wait
2025-03-06 09:33:08.999 69159 INFO tempest.lib.common.rest_client [req-5f2ff5df-10fb-46d1-a6c4-8f4dcfc8cea7 req-5f2ff5df-10fb-46d1-a6c4-8f4dcfc8cea7 ] Request (ServerRescueTestJSONUnderV235:setUpClass): 200 GET http://10.180.1.21/compute/v2.1/servers/42ea1741-5132-4f0e-a4cb-4b7a598e4188 0.090s
2025-03-06 09:33:09.053 69197 INFO tempest.lib.common.rest_client [req-f17834dd-0b9a-434e-9f34-338b28fea26c req-f17834dd-0b9a-434e-9f34-338b28fea26c ] Request (ServersAdminNegativeTestJSON:test_migrate_server_invalid_state): 202 POST http://10.180.1.21/compute/v2.1/servers/9c5bda7c-55f0-402d-a515-87147f39fdd9/action 0.090s
2025-03-06 09:33:09.062 69153 INFO tempest.lib.common.rest_client [req-1a15b7c5-b4a6-4bef-88ae-fb364bc3273a req-1a15b7c5-b4a6-4bef-88ae-fb364bc3273a ] Request (ServerShowV247Test:tearDownClass): 200 GET http://10.180.1.21/compute/v2.1/servers/cdb592f0-6224-4f00-84f3-afbd2b7e24a5 0.076s
2025-03-06 09:33:09.109 69189 INFO tempest.lib.common.rest_client [req-4f5446df-7798-462d-80a5-d6e549aab54a req-4f5446df-7798-462d-80a5-d6e549aab54a ] Request (FloatingIPsAssociationTestJSON:tearDownClass): 200 GET http://10.180.1.21/compute/v2.1/servers/f7d50028-73ab-4348-a49e-ca153c854939 0.109s
2025-03-06 09:33:09.162 69211 INFO tempest.lib.common.rest_client [req-b9fd3c41-9f37-4d91-a2d0-4cf8f725820f req-b9fd3c41-9f37-4d91-a2d0-4cf8f725820f ] Request (ServerPasswordTestJSON:setUpClass): 200 GET http://10.180.1.21/compute/v2.1/servers/4b2b1531-770b-4bb6-9f58-d21e903ea332 0.107s
2025-03-06 09:33:09.213 69157 INFO tempest.lib.common.rest_client [req-962dce9b-98a3-4e52-9fb1-38d941a205fa req-962dce9b-98a3-4e52-9fb1-38d941a205fa ] Request (ImagesOneServerNegativeTestJSON:_run_cleanups): 200 GET http://10.180.1.21/compute/v2.1/servers/c87dc1be-f58a-4499-82a8-0b64649bf610 0.140s
2025-03-06 09:33:09.261 69197 INFO tempest.lib.common.rest_client [req-5fe11de3-ecd0-490b-8b7a-36d80bdaddf0 req-5fe11de3-ecd0-490b-8b7a-36d80bdaddf0 ] Request (ServersAdminNegativeTestJSON:test_migrate_server_invalid_state): 200 GET http://10.180.1.21/compute/v2.1/servers/9c5bda7c-55f0-402d-a515-87147f39fdd9 0.207s
2025-03-06 09:33:09.272 69177 INFO tempest.lib.common.rest_client [req-0b754b16-cdc1-45db-8d2f-9c43bcadbb69 req-0b754b16-cdc1-45db-8d2f-9c43bcadbb69 ] Request (ServersWithSpecificFlavorTestJSON:test_verify_created_server_ephemeral_disk): 200 GET http://10.180.1.21/compute/v2.1/servers/5e723aa8-38dc-4692-8d2f-ff6aa2aa573a 0.144s
2025-03-06 09:33:09.327 69187 INFO tempest.lib.common.rest_client [req-ac1e3833-a300-4b44-bc7b-e1b597de7ff7 req-ac1e3833-a300-4b44-bc7b-e1b597de7ff7 ] Request (DeleteServersAdminTestJSON:test_delete_server_while_in_error_state): 200 GET http://10.180.1.21/compute/v2.1/servers/06b1ab57-ad18-44ea-87f6-1e189219697e 0.197s
2025-03-06 09:33:09.370 69213 INFO tempest.lib.common.rest_client [req-57d6522e-4964-4371-bfb7-4c70d5633dbe req-57d6522e-4964-4371-bfb7-4c70d5633dbe ] Request (ServerExternalEventsTest:test_create_server_external_events): 200 GET http://10.180.1.21/compute/v2.1/servers/bf972e49-a76d-47d5-bc4f-f934412c899a 0.060s
2025-03-06 09:33:09.484 69155 INFO tempest.lib.common.rest_client [req-a0a9a52f-286a-483a-b06d-372c6997abc0 req-a0a9a52f-286a-483a-b06d-372c6997abc0 ] Request (MigrationsAdminTest:test_list_migrations_in_flavor_resize_situation): 200 GET http://10.180.1.21/compute/v2.1/servers/9fe86c8a-3b99-4503-82d9-db99ae5ec2fa 0.165s
2025-03-06 09:33:09.520 69171 INFO tempest.lib.common.rest_client [req-3603654f-bba4-4af0-8a00-76678fcf3572 req-3603654f-bba4-4af0-8a00-76678fcf3572 ] Request (ServerDiagnosticsTest:tearDownClass): 200 GET http://10.180.1.21/compute/v2.1/servers/08f79565-00e9-4b4e-a675-d150436201ad 0.058s
2025-03-06 09:33:09.557 69169 INFO tempest.lib.common.rest_client [req-e12dc4ac-f141-4b75-ab00-9036fec903ee req-e12dc4ac-f141-4b75-ab00-9036fec903ee ] Request (ImagesTestJSON:test_create_image_from_suspended_server): 200 GET http://10.180.1.21/compute/v2.1/servers/af1eeca6-bbdc-4880-9256-5985dd2458a5 0.054s
2025-03-06 09:33:09.602 69183 INFO tempest.lib.common.rest_client [req-dee87fd5-758a-4a1a-995a-cf8d0b095162 req-dee87fd5-758a-4a1a-995a-cf8d0b095162 ] Request (ServersTestBootFromVolume:setUpClass): 200 PUT http://10.180.1.21:9696/networking/v2.0/routers/d10b3027-5e02-4a18-a35a-4b8094070e20/add_router_interface 0.839s
2025-03-06 09:33:09.602 69183 INFO tempest.lib.common.dynamic_creds [-] Created isolated network resources for: credentials: Credentials: {'domain_id': 'default', 'domain_name': 'Default', 'username': 'tempest-ServersTestBootFromVolume-1076109165-project-member', 'project_domain_id': 'default', 'project_domain_name': 'Default', 'project_id': '958f028ef3ca48ba8718810498150130', 'project_name': 'tempest-ServersTestBootFromVolume-1076109165', 'tenant_id': '958f028ef3ca48ba8718810498150130', 'tenant_name': 'tempest-ServersTestBootFromVolume-1076109165', 'user_domain_id': 'default', 'user_domain_name': 'Default', 'user_id': 'a9be797c2d4745df90d7f23c933bf20f', 'system': None}, Network: {'id': '817eb0eb-27c9-48d3-849d-5f98e3daf0e4', 'name': 'tempest-ServersTestBootFromVolume-1075885952-network', 'tenant_id': '958f028ef3ca48ba8718810498150130', 'admin_state_up': True, 'mtu': 8950, 'status': 'ACTIVE', 'subnets': [], 'shared': False, 'project_id': '958f028ef3ca48ba8718810498150130', 'port_security_enabled': True, 'router:external': False, 'provider:network_type': 'vlan', 'provider:physical_network': 'default', 'provider:segmentation_id': 158, 'availability_zone_hints': [], 'availability_zones': [], 'ipv4_address_scope': None, 'ipv6_address_scope': None, 'description': '', 'tags': [], 'created_at': '2025-03-06T09:33:07Z', 'updated_at': '2025-03-06T09:33:07Z', 'revision_number': 1}, Subnet: {'id': 'ebb72d5a-dd48-429c-84ba-5566269ca698', 'name': 'tempest-ServersTestBootFromVolume-1075885952-subnet', 'tenant_id': '958f028ef3ca48ba8718810498150130', 'network_id': '817eb0eb-27c9-48d3-849d-5f98e3daf0e4', 'ip_version': 4, 'subnetpool_id': None, 'enable_dhcp': True, 'ipv6_ra_mode': None, 'ipv6_address_mode': None, 'gateway_ip': '192.168.128.1', 'cidr': '192.168.128.0/28', 'allocation_pools': [{'start': '192.168.128.2', 'end': '192.168.128.14'}], 'host_routes': [], 'dns_nameservers': [], 'description': '', 'router:external': False, 'service_types': [], 'tags': [], 'created_at': '2025-03-06T09:33:07Z', 'updated_at': '2025-03-06T09:33:07Z', 'revision_number': 0, 'project_id': '958f028ef3ca48ba8718810498150130'}, Router: {'id': 'd10b3027-5e02-4a18-a35a-4b8094070e20', 'name': 'tempest-ServersTestBootFromVolume-1075885952-router', 'tenant_id': '958f028ef3ca48ba8718810498150130', 'admin_state_up': True, 'status': 'ACTIVE', 'external_gateway_info': {'network_id': '08eb7682-68bf-4c37-be1a-5bd184f2922e', 'external_fixed_ips': [{'subnet_id': '4fa3ce76-3842-4372-9573-b3849722f3e8', 'ip_address': '10.180.180.235'}], 'enable_snat': True}, 'description': '', 'availability_zones': [], 'distributed': False, 'ha': False, 'availability_zone_hints': [], 'routes': [], 'flavor_id': None, 'tags': [], 'created_at': '2025-03-06T09:33:08Z', 'updated_at': '2025-03-06T09:33:08Z', 'revision_number': 2, 'project_id': '958f028ef3ca48ba8718810498150130'}
2025-03-06 09:33:09.626 69175 INFO tempest.lib.common.rest_client [req-3c0e129c-e337-4915-9d78-34e1f829ee26 req-3c0e129c-e337-4915-9d78-34e1f829ee26 ] Request (ListServersNegativeTestJSON:setUpClass): 200 GET http://10.180.1.21/compute/v2.1/servers/a1afca68-3af7-4fd0-809f-ca4ad2445d4b 0.059s
2025-03-06 09:33:09.636 69199 INFO tempest.lib.common.rest_client [req-fad42a67-eda8-437f-9d01-24777ddd7ead req-fad42a67-eda8-437f-9d01-24777ddd7ead ] Request (ServersTestMultiNic:test_verify_duplicate_network_nics): 200 GET http://10.180.1.21/compute/v2.1/servers/e36c017c-0a98-4987-b4e6-76dfe617831f 0.059s
2025-03-06 09:33:09.681 69183 INFO tempest.lib.common.rest_client [req-01f62586-6b46-42cc-9303-077f75f4a6e4 req-01f62586-6b46-42cc-9303-077f75f4a6e4 ] Request (ServersTestBootFromVolume:setUpClass): 201 POST http://10.180.1.21/identity/v3/auth/tokens 0.074s
2025-03-06 09:33:09.690 69207 INFO tempest.lib.common.rest_client [req-aee1ebf6-7926-48a8-9ff9-f8001224532b req-aee1ebf6-7926-48a8-9ff9-f8001224532b ] Request (SecurityGroupsTestJSON:test_list_security_groups_by_server): 200 GET http://10.180.1.21/compute/v2.1/servers/ea190e91-e74a-497b-b28d-91c72895bb58 0.051s
2025-03-06 09:33:09.785 69183 INFO tempest.lib.common.rest_client [req-7acad26a-c632-4f81-af83-214b4085e3db req-7acad26a-c632-4f81-af83-214b4085e3db ] Request (ServersTestBootFromVolume:setUpClass): 200 POST http://10.180.1.21/compute/v2.1/os-keypairs 0.103s
2025-03-06 09:33:09.842 69203 INFO tempest.lib.common.rest_client [req-baf4922d-2ac8-4e50-95a0-1106f9fd1049 req-baf4922d-2ac8-4e50-95a0-1106f9fd1049 ] Request (ServersNegativeTestMultiTenantJSON:setUpClass): 200 GET http://10.180.1.21/compute/v2.1/servers/545024c9-58d2-4cec-9674-5aaee972370a 0.066s
2025-03-06 09:33:09.901 69179 INFO tempest.lib.common.rest_client [req-a22414c5-a195-4647-867b-d7af8704eac7 req-a22414c5-a195-4647-867b-d7af8704eac7 ] Request (AttachVolumeShelveTestJSON:test_attach_volume_shelved_or_offload_server): 200 GET http://10.180.1.21/compute/v2.1/servers/5be9111c-f58a-43eb-94c1-d0ac8d99159f 0.066s
2025-03-06 09:33:09.920 69165 INFO tempest.lib.common.rest_client [req-f30331a0-d5c5-47c7-969f-7ea41dfeb990 req-f30331a0-d5c5-47c7-969f-7ea41dfeb990 ] Request (ServerDiskConfigTestJSON:test_rebuild_server_with_auto_disk_config): 200 GET http://10.180.1.21/compute/v2.1/servers/db7fed3c-36db-439c-bdf9-90289f849eac 0.157s
2025-03-06 09:33:09.928 69183 INFO tempest.lib.common.rest_client [req-045c3c3c-0062-42ca-91f0-2276d738af28 req-045c3c3c-0062-42ca-91f0-2276d738af28 ] Request (ServersTestBootFromVolume:setUpClass): 201 POST http://10.180.1.21:9696/networking/v2.0/security-groups 0.141s
2025-03-06 09:33:09.957 69161 INFO tempest.lib.common.rest_client [req-e84bc6b8-4885-424b-bace-ff2b7d598091 req-e84bc6b8-4885-424b-bace-ff2b7d598091 ] Request (ServerAddressesNegativeTestJSON:setUpClass): 200 GET http://10.180.1.21/compute/v2.1/servers/4a3883d1-8f6a-4e32-ba63-0552865b3158 0.071s
2025-03-06 09:33:10.009 69183 INFO tempest.lib.common.rest_client [req-3552e89b-a3b3-49a3-978e-7e7368cc38ee req-3552e89b-a3b3-49a3-978e-7e7368cc38ee ] Request (ServersTestBootFromVolume:setUpClass): 201 POST http://10.180.1.21:9696/networking/v2.0/security-group-rules 0.080s
2025-03-06 09:33:10.043 69205 INFO tempest.lib.common.rest_client [req-27505302-7867-4034-bbb5-6ca6ecfcdb94 req-27505302-7867-4034-bbb5-6ca6ecfcdb94 ] Request (MultipleCreateTestJSON:_run_cleanups): 200 GET http://10.180.1.21/compute/v2.1/servers/998ffe8e-1aba-4e8c-96ab-367a5d54d54f 0.079s
2025-03-06 09:33:10.067 69159 INFO tempest.lib.common.rest_client [req-d096dfa9-9128-4a88-adda-4c0cfa33f67f req-d096dfa9-9128-4a88-adda-4c0cfa33f67f ] Request (ServerRescueTestJSONUnderV235:setUpClass): 200 GET http://10.180.1.21/compute/v2.1/servers/42ea1741-5132-4f0e-a4cb-4b7a598e4188 0.060s
2025-03-06 09:33:10.116 69183 INFO tempest.lib.common.rest_client [req-d8e27074-7440-4e28-87df-f1055589e419 req-d8e27074-7440-4e28-87df-f1055589e419 ] Request (ServersTestBootFromVolume:setUpClass): 201 POST http://10.180.1.21:9696/networking/v2.0/security-group-rules 0.106s
2025-03-06 09:33:10.158 69153 INFO tempest.lib.common.rest_client [req-e4dc6aca-74cf-49f7-9974-96e248640016 req-e4dc6aca-74cf-49f7-9974-96e248640016 ] Request (ServerShowV247Test:tearDownClass): 200 GET http://10.180.1.21/compute/v2.1/servers/cdb592f0-6224-4f00-84f3-afbd2b7e24a5 0.078s
2025-03-06 09:33:10.199 69189 INFO tempest.lib.common.rest_client [req-0baca0f2-c291-476b-9c9f-177c44db98d7 req-0baca0f2-c291-476b-9c9f-177c44db98d7 ] Request (FloatingIPsAssociationTestJSON:tearDownClass): 200 GET http://10.180.1.21/compute/v2.1/servers/f7d50028-73ab-4348-a49e-ca153c854939 0.082s
2025-03-06 09:33:10.208 69189 INFO tempest.common.waiters [-] State transition "ACTIVE/deleting" ==> "DELETED/None" after 5 second wait
2025-03-06 09:33:10.256 69211 INFO tempest.lib.common.rest_client [req-7d96e55b-25bc-44dd-b657-304507059884 req-7d96e55b-25bc-44dd-b657-304507059884 ] Request (ServerPasswordTestJSON:setUpClass): 200 GET http://10.180.1.21/compute/v2.1/servers/4b2b1531-770b-4bb6-9f58-d21e903ea332 0.083s
2025-03-06 09:33:10.265 69167 WARNING tempest.lib.common.ssh [-] Failed to establish authenticated ssh connection to cirros@10.180.180.185 ([Errno None] Unable to connect to port 22 on 10.180.180.185). Number attempts: 4. Retry after 5 seconds.: paramiko.ssh_exception.NoValidConnectionsError: [Errno None] Unable to connect to port 22 on 10.180.180.185
2025-03-06 09:33:10.282 69157 INFO tempest.lib.common.rest_client [req-e8b92576-a595-4dd1-8528-96976509d1b3 req-e8b92576-a595-4dd1-8528-96976509d1b3 ] Request (ImagesOneServerNegativeTestJSON:_run_cleanups): 200 GET http://10.180.1.21/compute/v2.1/servers/c87dc1be-f58a-4499-82a8-0b64649bf610 0.062s
2025-03-06 09:33:10.292 69157 INFO tempest.common.waiters [-] State transition "BUILD/scheduling" ==> "BUILD/None" after 39 second wait
2025-03-06 09:33:10.336 69177 INFO tempest.lib.common.rest_client [req-410d9102-49f3-4ab9-99f7-98642c66944c req-410d9102-49f3-4ab9-99f7-98642c66944c ] Request (ServersWithSpecificFlavorTestJSON:test_verify_created_server_ephemeral_disk): 200 GET http://10.180.1.21/compute/v2.1/servers/5e723aa8-38dc-4692-8d2f-ff6aa2aa573a 0.054s
2025-03-06 09:33:10.408 69197 INFO tempest.lib.common.rest_client [req-ec4cefeb-a0ad-41dd-a403-5ef9b91ddfd8 req-ec4cefeb-a0ad-41dd-a403-5ef9b91ddfd8 ] Request (ServersAdminNegativeTestJSON:test_migrate_server_invalid_state): 200 GET http://10.180.1.21/compute/v2.1/servers/9c5bda7c-55f0-402d-a515-87147f39fdd9 0.138s
2025-03-06 09:33:10.419 69187 INFO tempest.lib.common.rest_client [req-5e28a6d3-62e9-4aeb-aca7-6e2ad791bbca req-5e28a6d3-62e9-4aeb-aca7-6e2ad791bbca ] Request (DeleteServersAdminTestJSON:test_delete_server_while_in_error_state): 200 GET http://10.180.1.21/compute/v2.1/servers/06b1ab57-ad18-44ea-87f6-1e189219697e 0.079s
2025-03-06 09:33:10.571 69213 INFO tempest.lib.common.rest_client [req-a7bec482-05ee-467a-8a7c-e62b9d4611e6 req-a7bec482-05ee-467a-8a7c-e62b9d4611e6 ] Request (ServerExternalEventsTest:test_create_server_external_events): 200 GET http://10.180.1.21/compute/v2.1/servers/bf972e49-a76d-47d5-bc4f-f934412c899a 0.190s
2025-03-06 09:33:10.583 69213 INFO tempest.common.waiters [-] State transition "BUILD/None" ==> "BUILD/block_device_mapping" after 77 second wait
2025-03-06 09:33:10.606 69183 INFO tempest.lib.common.rest_client [req-fd37d634-4396-4776-8fba-a03a013ab0d7 req-fd37d634-4396-4776-8fba-a03a013ab0d7 ] Request (ServersTestBootFromVolume:setUpClass): 201 POST http://10.180.1.21:9696/networking/v2.0/floatingips 0.490s
2025-03-06 09:33:10.645 69171 INFO tempest.lib.common.rest_client [req-250ce820-7748-41a4-b86c-7d0c17556085 req-250ce820-7748-41a4-b86c-7d0c17556085 ] Request (ServerDiagnosticsTest:tearDownClass): 200 GET http://10.180.1.21/compute/v2.1/servers/08f79565-00e9-4b4e-a675-d150436201ad 0.117s
2025-03-06 09:33:10.649 69155 INFO tempest.lib.common.rest_client [req-3fa5630b-27cd-4359-8e67-ceeab23d3d55 req-3fa5630b-27cd-4359-8e67-ceeab23d3d55 ] Request (MigrationsAdminTest:test_list_migrations_in_flavor_resize_situation): 200 GET http://10.180.1.21/compute/v2.1/servers/9fe86c8a-3b99-4503-82d9-db99ae5ec2fa 0.153s
2025-03-06 09:33:10.661 69155 INFO tempest.common.waiters [-] State transition "RESIZE/resize_migrating" ==> "RESIZE/resize_migrated" after 43 second wait
2025-03-06 09:33:10.663 69183 INFO tempest.lib.common.rest_client [req-e9cbb946-ccf1-487f-a64b-f44a835fe7d9 req-e9cbb946-ccf1-487f-a64b-f44a835fe7d9 ] Request (ServersTestBootFromVolume:setUpClass): 201 POST http://10.180.1.21/identity/v3/auth/tokens 0.049s
2025-03-06 09:33:10.663 69183 INFO tempest.lib.common.fixed_network [-] (ServersTestBootFromVolume:setUpClass) Found network {'id': '817eb0eb-27c9-48d3-849d-5f98e3daf0e4', 'name': 'tempest-ServersTestBootFromVolume-1075885952-network', 'tenant_id': '958f028ef3ca48ba8718810498150130', 'admin_state_up': True, 'mtu': 8950, 'status': 'ACTIVE', 'subnets': [], 'shared': False, 'project_id': '958f028ef3ca48ba8718810498150130', 'port_security_enabled': True, 'router:external': False, 'provider:network_type': 'vlan', 'provider:physical_network': 'default', 'provider:segmentation_id': 158, 'availability_zone_hints': [], 'availability_zones': [], 'ipv4_address_scope': None, 'ipv6_address_scope': None, 'description': '', 'tags': [], 'created_at': '2025-03-06T09:33:07Z', 'updated_at': '2025-03-06T09:33:07Z', 'revision_number': 1} available for tenant
2025-03-06 09:33:10.702 69169 INFO tempest.lib.common.rest_client [req-8917456b-dbeb-4f01-a90f-61dad8353c71 req-8917456b-dbeb-4f01-a90f-61dad8353c71 ] Request (ImagesTestJSON:test_create_image_from_suspended_server): 200 GET http://10.180.1.21/compute/v2.1/servers/af1eeca6-bbdc-4880-9256-5985dd2458a5 0.125s
2025-03-06 09:33:10.757 69199 INFO tempest.lib.common.rest_client [req-00541974-e089-443e-96fc-1aade3d6931b req-00541974-e089-443e-96fc-1aade3d6931b ] Request (ServersTestMultiNic:test_verify_duplicate_network_nics): 200 GET http://10.180.1.21/compute/v2.1/servers/e36c017c-0a98-4987-b4e6-76dfe617831f 0.112s
2025-03-06 09:33:10.833 69207 INFO tempest.lib.common.rest_client [req-457d9dab-1c06-4037-9ffa-bc4bdf0220b2 req-457d9dab-1c06-4037-9ffa-bc4bdf0220b2 ] Request (SecurityGroupsTestJSON:test_list_security_groups_by_server): 200 GET http://10.180.1.21/compute/v2.1/servers/ea190e91-e74a-497b-b28d-91c72895bb58 0.135s
2025-03-06 09:33:10.909 69203 INFO tempest.lib.common.rest_client [req-3f3890b7-105b-4dd6-b2ac-c0ce785b6d4b req-3f3890b7-105b-4dd6-b2ac-c0ce785b6d4b ] Request (ServersNegativeTestMultiTenantJSON:setUpClass): 200 GET http://10.180.1.21/compute/v2.1/servers/545024c9-58d2-4cec-9674-5aaee972370a 0.058s
2025-03-06 09:33:10.938 69175 INFO tempest.lib.common.rest_client [req-2bccc582-3c1a-45b8-8ccc-9e7e509a2cb0 req-2bccc582-3c1a-45b8-8ccc-9e7e509a2cb0 ] Request (ListServersNegativeTestJSON:setUpClass): 200 GET http://10.180.1.21/compute/v2.1/servers/a1afca68-3af7-4fd0-809f-ca4ad2445d4b 0.304s
2025-03-06 09:33:10.984 69179 INFO tempest.lib.common.rest_client [req-6ac3ac5a-ba76-4520-a5f7-5af42323e132 req-6ac3ac5a-ba76-4520-a5f7-5af42323e132 ] Request (AttachVolumeShelveTestJSON:test_attach_volume_shelved_or_offload_server): 200 GET http://10.180.1.21/compute/v2.1/servers/5be9111c-f58a-43eb-94c1-d0ac8d99159f 0.065s
2025-03-06 09:33:11.043 69161 INFO tempest.lib.common.rest_client [req-4fbd491b-1b00-4892-bab9-82ad4b8d904e req-4fbd491b-1b00-4892-bab9-82ad4b8d904e ] Request (ServerAddressesNegativeTestJSON:setUpClass): 200 GET http://10.180.1.21/compute/v2.1/servers/4a3883d1-8f6a-4e32-ba63-0552865b3158 0.078s
2025-03-06 09:33:11.084 69165 INFO tempest.lib.common.rest_client [req-0fe020bb-c132-495f-bb20-0541c8648677 req-0fe020bb-c132-495f-bb20-0541c8648677 ] Request (ServerDiskConfigTestJSON:test_rebuild_server_with_auto_disk_config): 200 GET http://10.180.1.21/compute/v2.1/servers/db7fed3c-36db-439c-bdf9-90289f849eac 0.155s
2025-03-06 09:33:11.150 69205 INFO tempest.lib.common.rest_client [req-66622800-29ff-4096-b114-bb889127ab13 req-66622800-29ff-4096-b114-bb889127ab13 ] Request (MultipleCreateTestJSON:_run_cleanups): 200 GET http://10.180.1.21/compute/v2.1/servers/998ffe8e-1aba-4e8c-96ab-367a5d54d54f 0.095s
2025-03-06 09:33:11.152 69159 INFO tempest.lib.common.rest_client [req-9ba26deb-a01a-4167-82ec-0f237af0dd69 req-9ba26deb-a01a-4167-82ec-0f237af0dd69 ] Request (ServerRescueTestJSONUnderV235:setUpClass): 200 GET http://10.180.1.21/compute/v2.1/servers/42ea1741-5132-4f0e-a4cb-4b7a598e4188 0.072s
2025-03-06 09:33:11.162 69183 INFO tempest.lib.common.rest_client [req-844decd7-89ee-4ddc-bce8-30affba71f85 req-844decd7-89ee-4ddc-bce8-30affba71f85 ] Request (ServersTestBootFromVolume:setUpClass): 202 POST http://10.180.1.21/volume/v3/volumes 0.498s
2025-03-06 09:33:11.209 69183 INFO tempest.lib.common.rest_client [req-a4e9bece-f260-4419-94de-e0a9ff4d1dbd req-a4e9bece-f260-4419-94de-e0a9ff4d1dbd ] Request (ServersTestBootFromVolume:setUpClass): 200 GET http://10.180.1.21/volume/v3/volumes/9cdd3ca8-1a20-48ac-a373-c098b440b2ba 0.039s
2025-03-06 09:33:11.243 69153 INFO tempest.lib.common.rest_client [req-d27ef731-08ab-404e-98ff-663dab4d7398 req-d27ef731-08ab-404e-98ff-663dab4d7398 ] Request (ServerShowV247Test:tearDownClass): 200 GET http://10.180.1.21/compute/v2.1/servers/cdb592f0-6224-4f00-84f3-afbd2b7e24a5 0.074s
2025-03-06 09:33:11.279 69189 INFO tempest.lib.common.rest_client [req-0f7f3069-9e1e-42d8-a756-698fcdc76596 req-0f7f3069-9e1e-42d8-a756-698fcdc76596 ] Request (FloatingIPsAssociationTestJSON:tearDownClass): 200 GET http://10.180.1.21/compute/v2.1/servers/f7d50028-73ab-4348-a49e-ca153c854939 0.069s
2025-03-06 09:33:11.321 69211 INFO tempest.lib.common.rest_client [req-7d327e11-aca8-4a80-b4c1-70b7477a3fd5 req-7d327e11-aca8-4a80-b4c1-70b7477a3fd5 ] Request (ServerPasswordTestJSON:setUpClass): 200 GET http://10.180.1.21/compute/v2.1/servers/4b2b1531-770b-4bb6-9f58-d21e903ea332 0.054s
2025-03-06 09:33:11.344 69157 INFO tempest.lib.common.rest_client [req-5a3f28b2-e2ac-4058-9521-af1b3ea11a2f req-5a3f28b2-e2ac-4058-9521-af1b3ea11a2f ] Request (ImagesOneServerNegativeTestJSON:_run_cleanups): 200 GET http://10.180.1.21/compute/v2.1/servers/c87dc1be-f58a-4499-82a8-0b64649bf610 0.049s
2025-03-06 09:33:11.391 69177 INFO tempest.lib.common.rest_client [req-1d79260d-39e0-43ec-b381-6cbd1d3f1756 req-1d79260d-39e0-43ec-b381-6cbd1d3f1756 ] Request (ServersWithSpecificFlavorTestJSON:test_verify_created_server_ephemeral_disk): 200 GET http://10.180.1.21/compute/v2.1/servers/5e723aa8-38dc-4692-8d2f-ff6aa2aa573a 0.047s
2025-03-06 09:33:11.488 69187 INFO tempest.lib.common.rest_client [req-d1bd7f37-28f3-4809-9390-77893449e4f1 req-d1bd7f37-28f3-4809-9390-77893449e4f1 ] Request (DeleteServersAdminTestJSON:test_delete_server_while_in_error_state): 200 GET http://10.180.1.21/compute/v2.1/servers/06b1ab57-ad18-44ea-87f6-1e189219697e 0.059s
2025-03-06 09:33:11.504 69197 INFO tempest.lib.common.rest_client [req-b32bf6a1-6c23-4f2f-b5c0-a657563f5517 req-b32bf6a1-6c23-4f2f-b5c0-a657563f5517 ] Request (ServersAdminNegativeTestJSON:test_migrate_server_invalid_state): 200 GET http://10.180.1.21/compute/v2.1/servers/9c5bda7c-55f0-402d-a515-87147f39fdd9 0.087s
2025-03-06 09:33:11.511 69197 INFO tempest.common.waiters [-] State transition "ACTIVE/suspending" ==> "SUSPENDED/None" after 2 second wait
2025-03-06 09:33:11.545 69181 WARNING tempest.lib.common.ssh [-] Failed to establish authenticated ssh connection to cirros@10.180.180.242 ([Errno None] Unable to connect to port 22 on 10.180.180.242). Number attempts: 8. Retry after 9 seconds.: paramiko.ssh_exception.NoValidConnectionsError: [Errno None] Unable to connect to port 22 on 10.180.180.242
2025-03-06 09:33:11.578 69197 INFO tempest.lib.common.rest_client [req-0ff3dcc4-db6b-4290-a504-71949bd247de req-0ff3dcc4-db6b-4290-a504-71949bd247de ] Request (ServersAdminNegativeTestJSON:test_migrate_server_invalid_state): 409 POST http://10.180.1.21/compute/v2.1/servers/9c5bda7c-55f0-402d-a515-87147f39fdd9/action 0.067s
2025-03-06 09:33:11.588 69197 INFO tempest.lib.common.rest_client [req-1ce341ce-5ae6-46a5-8bd0-7801486cf9f2 req-1ce341ce-5ae6-46a5-8bd0-7801486cf9f2 ] Request (ServersAdminNegativeTestJSON:test_reset_state_server_invalid_state): 400 POST http://10.180.1.21/compute/v2.1/servers/1c541afe-a78b-4cd1-8d70-63221956a835/action 0.009s
2025-03-06 09:33:11.596 69197 INFO tempest.lib.common.rest_client [req-27ab65c4-6998-4c8b-a026-f1b95b4300ce req-27ab65c4-6998-4c8b-a026-f1b95b4300ce ] Request (ServersAdminNegativeTestJSON:test_reset_state_server_invalid_type): 400 POST http://10.180.1.21/compute/v2.1/servers/1c541afe-a78b-4cd1-8d70-63221956a835/action 0.006s
2025-03-06 09:33:11.604 69197 INFO tempest.lib.common.rest_client [req-9fca5030-8294-463d-a698-0288abb0ab28 req-9fca5030-8294-463d-a698-0288abb0ab28 ] Request (ServersAdminNegativeTestJSON:test_reset_state_server_nonexistent_server): 404 POST http://10.180.1.21/compute/v2.1/servers/999/action 0.006s
2025-03-06 09:33:11.684 69213 INFO tempest.lib.common.rest_client [req-a4c915cb-43f2-4362-af37-f8f9f4a1f5e7 req-a4c915cb-43f2-4362-af37-f8f9f4a1f5e7 ] Request (ServerExternalEventsTest:test_create_server_external_events): 200 GET http://10.180.1.21/compute/v2.1/servers/bf972e49-a76d-47d5-bc4f-f934412c899a 0.100s
2025-03-06 09:33:11.696 69213 INFO tempest.common.waiters [-] State transition "BUILD/block_device_mapping" ==> "BUILD/spawning" after 78 second wait
2025-03-06 09:33:11.701 69197 INFO tempest.lib.common.rest_client [req-2e479a61-df24-473a-a82f-10abecb5ecf6 req-2e479a61-df24-473a-a82f-10abecb5ecf6 ] Request (ServersAdminNegativeTestJSON:test_resize_server_using_overlimit_ram): 200 GET http://10.180.1.21/compute/v2.1/os-quota-sets/7623ade7735644f3a2e3af5d0a70f555 0.095s
2025-03-06 09:33:11.744 69171 INFO tempest.lib.common.rest_client [req-f2c60aef-a164-4f0f-89f1-d4dfcb62104a req-f2c60aef-a164-4f0f-89f1-d4dfcb62104a ] Request (ServerDiagnosticsTest:tearDownClass): 200 GET http://10.180.1.21/compute/v2.1/servers/08f79565-00e9-4b4e-a675-d150436201ad 0.082s
2025-03-06 09:33:11.762 69197 INFO tempest.lib.common.rest_client [req-847cd4d5-6a3f-4645-a25a-fd7f5ee93bf4 req-847cd4d5-6a3f-4645-a25a-fd7f5ee93bf4 ] Request (ServersAdminNegativeTestJSON:test_resize_server_using_overlimit_ram): 200 POST http://10.180.1.21/compute/v2.1/flavors 0.059s
2025-03-06 09:33:11.796 69155 INFO tempest.lib.common.rest_client [req-4d809549-50cb-489f-aaa6-d895225611ef req-4d809549-50cb-489f-aaa6-d895225611ef ] Request (MigrationsAdminTest:test_list_migrations_in_flavor_resize_situation): 200 GET http://10.180.1.21/compute/v2.1/servers/9fe86c8a-3b99-4503-82d9-db99ae5ec2fa 0.133s
2025-03-06 09:33:11.819 69169 INFO tempest.lib.common.rest_client [req-bd68cdb3-abc8-42b1-bec5-6f826497d693 req-bd68cdb3-abc8-42b1-bec5-6f826497d693 ] Request (ImagesTestJSON:test_create_image_from_suspended_server): 200 GET http://10.180.1.21/compute/v2.1/servers/af1eeca6-bbdc-4880-9256-5985dd2458a5 0.103s
2025-03-06 09:33:11.876 69199 INFO tempest.lib.common.rest_client [req-3b890d81-2a6a-45bb-8a82-ab215859f591 req-3b890d81-2a6a-45bb-8a82-ab215859f591 ] Request (ServersTestMultiNic:test_verify_duplicate_network_nics): 200 GET http://10.180.1.21/compute/v2.1/servers/e36c017c-0a98-4987-b4e6-76dfe617831f 0.110s
2025-03-06 09:33:11.913 69197 INFO tempest.lib.common.rest_client [req-15bf72f2-2dc6-4373-91e6-1092e6e95c1d req-15bf72f2-2dc6-4373-91e6-1092e6e95c1d ] Request (ServersAdminNegativeTestJSON:test_resize_server_using_overlimit_ram): 403 POST http://10.180.1.21/compute/v2.1/servers/1c541afe-a78b-4cd1-8d70-63221956a835/action 0.149s
2025-03-06 09:33:11.926 69207 INFO tempest.lib.common.rest_client [req-2c8cf4d4-2145-439a-9ce9-729679aeb007 req-2c8cf4d4-2145-439a-9ce9-729679aeb007 ] Request (SecurityGroupsTestJSON:test_list_security_groups_by_server): 200 GET http://10.180.1.21/compute/v2.1/servers/ea190e91-e74a-497b-b28d-91c72895bb58 0.084s
2025-03-06 09:33:11.930 69197 INFO tempest.lib.common.rest_client [req-7da9e5d9-a4f1-43c0-9336-1288adf81ce4 req-7da9e5d9-a4f1-43c0-9336-1288adf81ce4 ] Request (ServersAdminNegativeTestJSON:_run_cleanups): 202 DELETE http://10.180.1.21/compute/v2.1/flavors/827945718 0.016s
2025-03-06 09:33:11.953 69197 INFO tempest.lib.common.rest_client [req-39a3d62b-6c33-457e-b073-f95f1f1fd435 req-39a3d62b-6c33-457e-b073-f95f1f1fd435 ] Request (ServersAdminNegativeTestJSON:_run_cleanups): 200 GET http://10.180.1.21/compute/v2.1/flavors/detail 0.023s
2025-03-06 09:33:11.971 69203 INFO tempest.lib.common.rest_client [req-c3e3e2f3-7309-452c-9a51-42355222f839 req-c3e3e2f3-7309-452c-9a51-42355222f839 ] Request (ServersNegativeTestMultiTenantJSON:setUpClass): 200 GET http://10.180.1.21/compute/v2.1/servers/545024c9-58d2-4cec-9674-5aaee972370a 0.051s
2025-03-06 09:33:12.002 69175 INFO tempest.lib.common.rest_client [req-057b84fb-eccf-42c1-a975-3fb40fa94176 req-057b84fb-eccf-42c1-a975-3fb40fa94176 ] Request (ListServersNegativeTestJSON:setUpClass): 200 GET http://10.180.1.21/compute/v2.1/servers/a1afca68-3af7-4fd0-809f-ca4ad2445d4b 0.053s
2025-03-06 09:33:12.016 69197 INFO tempest.lib.common.rest_client [req-29172ad5-f4dd-4075-9225-132eeca1f387 req-29172ad5-f4dd-4075-9225-132eeca1f387 ] Request (ServersAdminNegativeTestJSON:test_resize_server_using_overlimit_vcpus): 200 GET http://10.180.1.21/compute/v2.1/os-quota-sets/7623ade7735644f3a2e3af5d0a70f555 0.056s
2025-03-06 09:33:12.037 69197 INFO tempest.lib.common.rest_client [req-ec7bb86c-6853-4f33-a19c-ef835247f584 req-ec7bb86c-6853-4f33-a19c-ef835247f584 ] Request (ServersAdminNegativeTestJSON:test_resize_server_using_overlimit_vcpus): 200 POST http://10.180.1.21/compute/v2.1/flavors 0.020s
2025-03-06 09:33:12.058 69179 INFO tempest.lib.common.rest_client [req-4a0d95bf-9573-446a-8dc0-fe019e242c7e req-4a0d95bf-9573-446a-8dc0-fe019e242c7e ] Request (AttachVolumeShelveTestJSON:test_attach_volume_shelved_or_offload_server): 200 GET http://10.180.1.21/compute/v2.1/servers/5be9111c-f58a-43eb-94c1-d0ac8d99159f 0.063s
2025-03-06 09:33:12.115 69161 INFO tempest.lib.common.rest_client [req-8f1f3c89-2536-44cd-ad71-48c6b3168f86 req-8f1f3c89-2536-44cd-ad71-48c6b3168f86 ] Request (ServerAddressesNegativeTestJSON:setUpClass): 200 GET http://10.180.1.21/compute/v2.1/servers/4a3883d1-8f6a-4e32-ba63-0552865b3158 0.058s
2025-03-06 09:33:12.142 69197 INFO tempest.lib.common.rest_client [req-f8726f62-94e3-4eea-836f-9bd3b6287020 req-f8726f62-94e3-4eea-836f-9bd3b6287020 ] Request (ServersAdminNegativeTestJSON:test_resize_server_using_overlimit_vcpus): 403 POST http://10.180.1.21/compute/v2.1/servers/1c541afe-a78b-4cd1-8d70-63221956a835/action 0.102s
2025-03-06 09:33:12.165 69197 INFO tempest.lib.common.rest_client [req-d8a29ac9-6a1b-4b39-b34a-8c0dae3e6f40 req-d8a29ac9-6a1b-4b39-b34a-8c0dae3e6f40 ] Request (ServersAdminNegativeTestJSON:_run_cleanups): 202 DELETE http://10.180.1.21/compute/v2.1/flavors/719439983 0.022s
2025-03-06 09:33:12.247 69183 INFO tempest.lib.common.rest_client [req-b8fdf676-793b-4b15-8e2d-2f402942d60e req-b8fdf676-793b-4b15-8e2d-2f402942d60e ] Request (ServersTestBootFromVolume:setUpClass): 200 GET http://10.180.1.21/volume/v3/volumes/9cdd3ca8-1a20-48ac-a373-c098b440b2ba 0.029s
2025-03-06 09:33:12.277 69165 INFO tempest.lib.common.rest_client [req-f2cf8773-84d1-4f4c-a67e-c61c906215af req-f2cf8773-84d1-4f4c-a67e-c61c906215af ] Request (ServerDiskConfigTestJSON:test_rebuild_server_with_auto_disk_config): 200 GET http://10.180.1.21/compute/v2.1/servers/db7fed3c-36db-439c-bdf9-90289f849eac 0.180s
2025-03-06 09:33:12.346 69205 INFO tempest.lib.common.rest_client [req-2369b19a-7661-4b95-9321-b6fda2af9704 req-2369b19a-7661-4b95-9321-b6fda2af9704 ] Request (MultipleCreateTestJSON:_run_cleanups): 200 GET http://10.180.1.21/compute/v2.1/servers/998ffe8e-1aba-4e8c-96ab-367a5d54d54f 0.186s
2025-03-06 09:33:12.369 69197 INFO tempest.lib.common.rest_client [req-670b35dd-0774-498d-b339-653549e2fe04 req-670b35dd-0774-498d-b339-653549e2fe04 ] Request (ServersAdminNegativeTestJSON:_run_cleanups): 200 GET http://10.180.1.21/compute/v2.1/flavors/detail 0.204s
2025-03-06 09:33:12.436 69159 INFO tempest.lib.common.rest_client [req-4a38cc20-7dcc-4dcd-b2e0-9bfc19932f71 req-4a38cc20-7dcc-4dcd-b2e0-9bfc19932f71 ] Request (ServerRescueTestJSONUnderV235:setUpClass): 200 GET http://10.180.1.21/compute/v2.1/servers/42ea1741-5132-4f0e-a4cb-4b7a598e4188 0.276s
2025-03-06 09:33:12.448 69153 INFO tempest.lib.common.rest_client [req-ead81021-fb41-4760-96ca-c42f45d306d1 req-ead81021-fb41-4760-96ca-c42f45d306d1 ] Request (ServerShowV247Test:tearDownClass): 200 GET http://10.180.1.21/compute/v2.1/servers/cdb592f0-6224-4f00-84f3-afbd2b7e24a5 0.193s
2025-03-06 09:33:12.499 69211 INFO tempest.lib.common.rest_client [req-4a34ce1c-cb75-4033-8161-ed3f45d01d4c req-4a34ce1c-cb75-4033-8161-ed3f45d01d4c ] Request (ServerPasswordTestJSON:setUpClass): 200 GET http://10.180.1.21/compute/v2.1/servers/4b2b1531-770b-4bb6-9f58-d21e903ea332 0.171s
2025-03-06 09:33:12.499 69189 INFO tempest.lib.common.rest_client [req-01297173-8f7f-4763-9429-cc4fad763296 req-01297173-8f7f-4763-9429-cc4fad763296 ] Request (FloatingIPsAssociationTestJSON:tearDownClass): 200 GET http://10.180.1.21/compute/v2.1/servers/f7d50028-73ab-4348-a49e-ca153c854939 0.209s
2025-03-06 09:33:12.523 69197 INFO tempest.lib.common.rest_client [req-5c0b5ffd-e59d-471c-aadb-c9d4430a690b req-5c0b5ffd-e59d-471c-aadb-c9d4430a690b ] Request (ServersAdminNegativeTestJSON:test_restore_server_invalid_state): 409 POST http://10.180.1.21/compute/v2.1/servers/1c541afe-a78b-4cd1-8d70-63221956a835/action 0.149s
2025-03-06 09:33:12.543 69157 INFO tempest.lib.common.rest_client [req-12fb6345-c7b8-4081-b4e6-2f6e3e99491e req-12fb6345-c7b8-4081-b4e6-2f6e3e99491e ] Request (ImagesOneServerNegativeTestJSON:_run_cleanups): 200 GET http://10.180.1.21/compute/v2.1/servers/c87dc1be-f58a-4499-82a8-0b64649bf610 0.191s
2025-03-06 09:33:12.567 69177 INFO tempest.lib.common.rest_client [req-a26abd4b-9a83-4f6f-960c-ccea3cb04b6a req-a26abd4b-9a83-4f6f-960c-ccea3cb04b6a ] Request (ServersWithSpecificFlavorTestJSON:test_verify_created_server_ephemeral_disk): 200 GET http://10.180.1.21/compute/v2.1/servers/5e723aa8-38dc-4692-8d2f-ff6aa2aa573a 0.169s
2025-03-06 09:33:12.592 69187 INFO tempest.lib.common.rest_client [req-d95092ef-ddda-472e-b1e5-03de5ed529ed req-d95092ef-ddda-472e-b1e5-03de5ed529ed ] Request (DeleteServersAdminTestJSON:test_delete_server_while_in_error_state): 200 GET http://10.180.1.21/compute/v2.1/servers/06b1ab57-ad18-44ea-87f6-1e189219697e 0.097s
2025-03-06 09:33:12.637 69197 INFO tempest.lib.common.rest_client [req-d5558b0d-6868-4a27-861d-54134f089d3a req-d5558b0d-6868-4a27-861d-54134f089d3a ] Request (ServersAdminNegativeTestJSON:tearDownClass): 204 DELETE http://10.180.1.21/compute/v2.1/servers/9c5bda7c-55f0-402d-a515-87147f39fdd9 0.112s
2025-03-06 09:33:12.745 69197 INFO tempest.lib.common.rest_client [req-079aa6d6-e219-4264-a268-69ef20bd812e req-079aa6d6-e219-4264-a268-69ef20bd812e ] Request (ServersAdminNegativeTestJSON:tearDownClass): 200 GET http://10.180.1.21/compute/v2.1/servers/9c5bda7c-55f0-402d-a515-87147f39fdd9 0.108s
2025-03-06 09:33:12.786 69213 INFO tempest.lib.common.rest_client [req-780ed4aa-332e-45f9-b319-bfd015214273 req-780ed4aa-332e-45f9-b319-bfd015214273 ] Request (ServerExternalEventsTest:test_create_server_external_events): 200 GET http://10.180.1.21/compute/v2.1/servers/bf972e49-a76d-47d5-bc4f-f934412c899a 0.088s
2025-03-06 09:33:12.817 69171 INFO tempest.lib.common.rest_client [req-17cf8491-bf56-4678-af1e-d8d127255a98 req-17cf8491-bf56-4678-af1e-d8d127255a98 ] Request (ServerDiagnosticsTest:tearDownClass): 200 GET http://10.180.1.21/compute/v2.1/servers/08f79565-00e9-4b4e-a675-d150436201ad 0.064s
2025-03-06 09:33:12.881 69169 INFO tempest.lib.common.rest_client [req-2f87b318-cc42-44e0-bc7c-b0d81512de52 req-2f87b318-cc42-44e0-bc7c-b0d81512de52 ] Request (ImagesTestJSON:test_create_image_from_suspended_server): 200 GET http://10.180.1.21/compute/v2.1/servers/af1eeca6-bbdc-4880-9256-5985dd2458a5 0.052s
2025-03-06 09:33:12.909 69155 INFO tempest.lib.common.rest_client [req-2ecc1af6-7c8b-4876-807c-f2c88b894662 req-2ecc1af6-7c8b-4876-807c-f2c88b894662 ] Request (MigrationsAdminTest:test_list_migrations_in_flavor_resize_situation): 200 GET http://10.180.1.21/compute/v2.1/servers/9fe86c8a-3b99-4503-82d9-db99ae5ec2fa 0.105s
2025-03-06 09:33:12.933 69199 INFO tempest.lib.common.rest_client [req-ab4780b5-577d-49c1-937b-690b42ecef2d req-ab4780b5-577d-49c1-937b-690b42ecef2d ] Request (ServersTestMultiNic:test_verify_duplicate_network_nics): 200 GET http://10.180.1.21/compute/v2.1/servers/e36c017c-0a98-4987-b4e6-76dfe617831f 0.048s
2025-03-06 09:33:12.987 69207 INFO tempest.lib.common.rest_client [req-97f6421b-04ad-498c-9b59-b6600dd037bb req-97f6421b-04ad-498c-9b59-b6600dd037bb ] Request (SecurityGroupsTestJSON:test_list_security_groups_by_server): 200 GET http://10.180.1.21/compute/v2.1/servers/ea190e91-e74a-497b-b28d-91c72895bb58 0.052s
2025-03-06 09:33:13.037 69203 INFO tempest.lib.common.rest_client [req-7b17d9ac-7059-4271-a96c-07cc2cb77b23 req-7b17d9ac-7059-4271-a96c-07cc2cb77b23 ] Request (ServersNegativeTestMultiTenantJSON:setUpClass): 200 GET http://10.180.1.21/compute/v2.1/servers/545024c9-58d2-4cec-9674-5aaee972370a 0.057s
2025-03-06 09:33:13.066 69175 INFO tempest.lib.common.rest_client [req-c18492b9-69bf-42ee-a3ec-1a53acc4974c req-c18492b9-69bf-42ee-a3ec-1a53acc4974c ] Request (ListServersNegativeTestJSON:setUpClass): 200 GET http://10.180.1.21/compute/v2.1/servers/a1afca68-3af7-4fd0-809f-ca4ad2445d4b 0.055s
2025-03-06 09:33:13.126 69179 INFO tempest.lib.common.rest_client [req-af0f5873-855f-4dd5-8ca9-44adf8b33cd1 req-af0f5873-855f-4dd5-8ca9-44adf8b33cd1 ] Request (AttachVolumeShelveTestJSON:test_attach_volume_shelved_or_offload_server): 200 GET http://10.180.1.21/compute/v2.1/servers/5be9111c-f58a-43eb-94c1-d0ac8d99159f 0.058s
2025-03-06 09:33:13.189 69161 INFO tempest.lib.common.rest_client [req-fa9c9a57-04ba-401e-9d45-fc0467eb7d25 req-fa9c9a57-04ba-401e-9d45-fc0467eb7d25 ] Request (ServerAddressesNegativeTestJSON:setUpClass): 200 GET http://10.180.1.21/compute/v2.1/servers/4a3883d1-8f6a-4e32-ba63-0552865b3158 0.060s
2025-03-06 09:33:13.209 69209 WARNING tempest.lib.common.ssh [-] Failed to establish authenticated ssh connection to cirros@10.180.180.245 ([Errno None] Unable to connect to port 22 on 10.180.180.245). Number attempts: 6. Retry after 7 seconds.: paramiko.ssh_exception.NoValidConnectionsError: [Errno None] Unable to connect to port 22 on 10.180.180.245
2025-03-06 09:33:13.282 69183 INFO tempest.lib.common.rest_client [req-4efcb40e-a38f-4028-b09d-e2dfff8718ef req-4efcb40e-a38f-4028-b09d-e2dfff8718ef ] Request (ServersTestBootFromVolume:setUpClass): 200 GET http://10.180.1.21/volume/v3/volumes/9cdd3ca8-1a20-48ac-a373-c098b440b2ba 0.027s
2025-03-06 09:33:13.397 69165 INFO tempest.lib.common.rest_client [req-1ea5e5b5-2de1-4b2f-8fd8-228e89ec628e req-1ea5e5b5-2de1-4b2f-8fd8-228e89ec628e ] Request (ServerDiskConfigTestJSON:test_rebuild_server_with_auto_disk_config): 200 GET http://10.180.1.21/compute/v2.1/servers/db7fed3c-36db-439c-bdf9-90289f849eac 0.112s
2025-03-06 09:33:13.417 69205 INFO tempest.lib.common.rest_client [req-0c779bf4-dd94-4bc8-ab7c-359768ef1517 req-0c779bf4-dd94-4bc8-ab7c-359768ef1517 ] Request (MultipleCreateTestJSON:_run_cleanups): 200 GET http://10.180.1.21/compute/v2.1/servers/998ffe8e-1aba-4e8c-96ab-367a5d54d54f 0.061s
2025-03-06 09:33:13.507 69159 INFO tempest.lib.common.rest_client [req-51623c5b-9103-42b4-8fd6-e4946bedd627 req-51623c5b-9103-42b4-8fd6-e4946bedd627 ] Request (ServerRescueTestJSONUnderV235:setUpClass): 200 GET http://10.180.1.21/compute/v2.1/servers/42ea1741-5132-4f0e-a4cb-4b7a598e4188 0.063s
2025-03-06 09:33:13.525 69153 INFO tempest.lib.common.rest_client [req-5f84b4ee-6197-448b-8714-2720b395d792 req-5f84b4ee-6197-448b-8714-2720b395d792 ] Request (ServerShowV247Test:tearDownClass): 200 GET http://10.180.1.21/compute/v2.1/servers/cdb592f0-6224-4f00-84f3-afbd2b7e24a5 0.067s
2025-03-06 09:33:13.566 69211 INFO tempest.lib.common.rest_client [req-ca305b5e-9a65-41b4-9f38-7aae43c5b44d req-ca305b5e-9a65-41b4-9f38-7aae43c5b44d ] Request (ServerPasswordTestJSON:setUpClass): 200 GET http://10.180.1.21/compute/v2.1/servers/4b2b1531-770b-4bb6-9f58-d21e903ea332 0.059s
2025-03-06 09:33:13.594 69189 INFO tempest.lib.common.rest_client [req-05600662-0886-4919-9148-9a2e37e4324a req-05600662-0886-4919-9148-9a2e37e4324a ] Request (FloatingIPsAssociationTestJSON:tearDownClass): 200 GET http://10.180.1.21/compute/v2.1/servers/f7d50028-73ab-4348-a49e-ca153c854939 0.086s
2025-03-06 09:33:13.624 69157 INFO tempest.lib.common.rest_client [req-aa0f48fc-2930-4274-9599-2c5420f94baa req-aa0f48fc-2930-4274-9599-2c5420f94baa ] Request (ImagesOneServerNegativeTestJSON:_run_cleanups): 200 GET http://10.180.1.21/compute/v2.1/servers/c87dc1be-f58a-4499-82a8-0b64649bf610 0.072s
2025-03-06 09:33:13.650 69177 INFO tempest.lib.common.rest_client [req-7e39c3f8-34dc-47a7-8ded-fdaa84cfea6a req-7e39c3f8-34dc-47a7-8ded-fdaa84cfea6a ] Request (ServersWithSpecificFlavorTestJSON:test_verify_created_server_ephemeral_disk): 200 GET http://10.180.1.21/compute/v2.1/servers/5e723aa8-38dc-4692-8d2f-ff6aa2aa573a 0.074s
2025-03-06 09:33:13.697 69187 INFO tempest.lib.common.rest_client [req-f909d88e-715c-47f2-bbfd-e7b9e3028410 req-f909d88e-715c-47f2-bbfd-e7b9e3028410 ] Request (DeleteServersAdminTestJSON:test_delete_server_while_in_error_state): 200 GET http://10.180.1.21/compute/v2.1/servers/06b1ab57-ad18-44ea-87f6-1e189219697e 0.097s
2025-03-06 09:33:13.881 69197 INFO tempest.lib.common.rest_client [req-f8ca2c11-a171-44a3-88da-9a7580a730a4 req-f8ca2c11-a171-44a3-88da-9a7580a730a4 ] Request (ServersAdminNegativeTestJSON:tearDownClass): 200 GET http://10.180.1.21/compute/v2.1/servers/9c5bda7c-55f0-402d-a515-87147f39fdd9 0.127s
