2025-03-06 09:31:52.654 69213 INFO tempest.lib.common.fixed_network [-] (ServerExternalEventsTest:test_create_server_external_events) Found network None available for tenant
2025-03-06 09:31:52.662 69159 INFO tempest.lib.common.rest_client [req-613f8e13-d21c-44e1-959e-4c0aa86ca474 req-613f8e13-d21c-44e1-959e-4c0aa86ca474 ] Request (InstanceActionsV221TestJSON:tearDownClass): 204 DELETE http://10.180.1.21:9696/networking/v2.0/networks/721a04a6-27f4-4b96-9ed4-309f298af704 0.468s
2025-03-06 09:31:52.683 69195 INFO tempest.lib.common.rest_client [req-74abdb83-3836-4957-8624-0043381bd880 req-74abdb83-3836-4957-8624-0043381bd880 ] Request (QuotasTestJSON:test_get_quotas): 200 GET http://10.180.1.21/compute/v2.1/os-quota-sets/6f3f27f8b90d4eccb47749ad5d682c3d 0.252s
2025-03-06 09:31:52.706 69167 INFO tempest.lib.common.rest_client [req-adef20f7-ece5-4e66-82d8-c576ac3084b6 req-adef20f7-ece5-4e66-82d8-c576ac3084b6 ] Request (VolumesAdminNegativeTest:test_update_attached_volume_with_nonexistent_volume_in_body): 200 GET http://10.180.1.21/compute/v2.1/servers/56bc1ae3-fb52-412c-a86d-3bfd7a17b81b 0.262s
2025-03-06 09:31:52.737 69159 INFO tempest.lib.common.rest_client [req-c61f71be-22f6-4b7a-9f79-ebcb3e71bae4 req-c61f71be-22f6-4b7a-9f79-ebcb3e71bae4 ] Request (InstanceActionsV221TestJSON:tearDownClass): 204 DELETE http://10.180.1.21/identity/v3/users/6bc9c478f53b41f984a1772277380645 0.074s
2025-03-06 09:31:52.737 69159 INFO tempest.lib.common.dynamic_creds [-] Deleting project and security group for project: e25ca448129740cd83284f9bc7c75457
2025-03-06 09:31:52.749 69181 INFO tempest.lib.common.rest_client [req-140e81c9-d42c-4524-8262-5ab8fb2df609 req-140e81c9-d42c-4524-8262-5ab8fb2df609 ] Request (AttachVolumeNegativeTest:test_attach_attached_volume_to_different_server): 200 GET http://10.180.1.21/compute/v2.1/servers/9eb1eeb3-aad7-4187-93f1-8ed435ce8e08 0.156s
2025-03-06 09:31:52.774 69159 INFO tempest.lib.common.rest_client [req-82e001d7-19d7-4a26-871b-5553325ef9d7 req-82e001d7-19d7-4a26-871b-5553325ef9d7 ] Request (InstanceActionsV221TestJSON:tearDownClass): 200 GET http://10.180.1.21:9696/networking/v2.0/security-groups?tenant_id=e25ca448129740cd83284f9bc7c75457&name=default 0.036s
2025-03-06 09:31:52.819 69175 INFO tempest.lib.common.rest_client [req-7ccb2d3c-5d41-4dc1-acaa-66b304d7d896 req-7ccb2d3c-5d41-4dc1-acaa-66b304d7d896 ] Request (ListServersNegativeTestJSON:setUpClass): 201 POST http://10.180.1.21:9696/networking/v2.0/networks 0.357s
2025-03-06 09:31:52.832 69155 INFO tempest.lib.common.rest_client [req-1977e69b-615d-494d-81b6-c35d8eb58dc7 req-1977e69b-615d-494d-81b6-c35d8eb58dc7 ] Request (MigrationsAdminTest:test_list_migrations_in_flavor_resize_situation): 200 GET http://10.180.1.21/compute/v2.1/servers/9fe86c8a-3b99-4503-82d9-db99ae5ec2fa 0.176s
2025-03-06 09:31:52.910 69177 INFO tempest.lib.common.rest_client [req-422ec9e6-6b15-410d-9aeb-b8cea3a67c35 req-422ec9e6-6b15-410d-9aeb-b8cea3a67c35 ] Request (ServersWithSpecificFlavorTestJSON:test_verify_created_server_ephemeral_disk): 200 PUT http://10.180.1.21:9696/networking/v2.0/floatingips/7566fc61-fdc5-49f6-aee5-924c2a5cd236 0.716s
2025-03-06 09:31:52.944 69159 INFO tempest.lib.common.rest_client [req-b970a852-d385-4d41-95a7-b9c3cfca5c6f req-b970a852-d385-4d41-95a7-b9c3cfca5c6f ] Request (InstanceActionsV221TestJSON:tearDownClass): 204 DELETE http://10.180.1.21:9696/networking/v2.0/security-groups/6515db56-e612-4206-9873-9cace615a8e6 0.169s
2025-03-06 09:31:52.973 69195 INFO tempest.lib.common.rest_client [req-ad44073d-8104-40c8-99c1-3f49db9ecf33 req-ad44073d-8104-40c8-99c1-3f49db9ecf33 ] Request (QuotasTestJSON:test_get_quotas): 200 GET http://10.180.1.21/compute/v2.1/os-quota-sets/6f3f27f8b90d4eccb47749ad5d682c3d?user_id=38b4c00b35f942f982715de772f6531b 0.287s
2025-03-06 09:31:53.041 69187 INFO tempest.lib.common.rest_client [req-8cdfd522-957a-48dc-8aa1-ee9d4005d51f req-8cdfd522-957a-48dc-8aa1-ee9d4005d51f ] Request (DeleteServersAdminTestJSON:test_delete_server_while_in_error_state): 200 GET http://10.180.1.21/compute/v2.1/servers/06b1ab57-ad18-44ea-87f6-1e189219697e 0.340s
2025-03-06 09:31:53.068 69175 INFO tempest.lib.common.rest_client [req-05551743-1e4a-4283-9b7c-3efe8ab49d2d req-05551743-1e4a-4283-9b7c-3efe8ab49d2d ] Request (ListServersNegativeTestJSON:setUpClass): 201 POST http://10.180.1.21:9696/networking/v2.0/subnets 0.249s
2025-03-06 09:31:53.089 69213 INFO tempest.lib.common.rest_client [req-a2b84b09-970f-4c6a-8e27-a8c3ac242c9c req-a2b84b09-970f-4c6a-8e27-a8c3ac242c9c ] Request (ServerExternalEventsTest:test_create_server_external_events): 202 POST http://10.180.1.21/compute/v2.1/servers 0.435s
2025-03-06 09:31:53.093 69159 INFO tempest.lib.common.rest_client [req-2b1dd50d-fe20-493f-b2f3-5557e09abf7b req-2b1dd50d-fe20-493f-b2f3-5557e09abf7b ] Request (InstanceActionsV221TestJSON:tearDownClass): 204 DELETE http://10.180.1.21/identity/v3/projects/e25ca448129740cd83284f9bc7c75457 0.148s
2025-03-06 09:31:53.094 69159 INFO tempest.test [-] raised in ServerPersonalityTestJSON.setUpClass. Invoking tearDownClass.
2025-03-06 09:31:53.106 69195 INFO tempest.lib.common.rest_client [req-23792058-4e81-421f-beaa-cbe8a0fe843f req-23792058-4e81-421f-beaa-cbe8a0fe843f ] Request (QuotasTestJSON:tearDownClass): 204 DELETE http://10.180.1.21/identity/v3/users/38b4c00b35f942f982715de772f6531b 0.124s
2025-03-06 09:31:53.106 69195 INFO tempest.lib.common.dynamic_creds [-] Deleting project and security group for project: 6f3f27f8b90d4eccb47749ad5d682c3d
2025-03-06 09:31:53.114 69209 INFO tempest.lib.common.rest_client [req-09757704-b8e9-4813-91a7-f24a6ea3a8af req-09757704-b8e9-4813-91a7-f24a6ea3a8af ] Request (AttachInterfacesTestJSON:test_create_list_show_delete_interfaces_by_fixed_ip): 200 GET http://10.180.1.21/compute/v2.1/servers/9cc8488b-6eba-4f35-84a1-ef972b043b95 0.397s
2025-03-06 09:31:53.175 69189 INFO tempest.lib.common.rest_client [req-82a96bcb-a301-4188-b5a6-e206002678bf req-82a96bcb-a301-4188-b5a6-e206002678bf ] Request (FloatingIPsAssociationTestJSON:test_associate_already_associated_floating_ip): 200 GET http://10.180.1.21/compute/v2.1/servers/2494681b-ef4f-405a-8898-affcc4f7f136 0.386s
2025-03-06 09:31:53.177 69159 INFO tempest.lib.common.rest_client [req-a1cfa63d-d594-45fb-bfc6-ffa51b944e18 req-a1cfa63d-d594-45fb-bfc6-ffa51b944e18 ] Request (ServerRescueTestJSONUnderV235:setUpClass): 201 POST http://10.180.1.21/identity/v3/auth/tokens 0.078s
2025-03-06 09:31:53.177 69165 INFO tempest.lib.common.rest_client [req-78a81b24-1554-4d87-a550-7c29527e507a req-78a81b24-1554-4d87-a550-7c29527e507a ] Request (ServerDiskConfigTestJSON:test_rebuild_server_with_auto_disk_config): 200 GET http://10.180.1.21/compute/v2.1/servers/db7fed3c-36db-439c-bdf9-90289f849eac 0.420s
2025-03-06 09:31:53.181 69195 INFO tempest.lib.common.rest_client [req-75d0634e-0a35-4178-85ae-20ec2131a330 req-75d0634e-0a35-4178-85ae-20ec2131a330 ] Request (QuotasTestJSON:tearDownClass): 201 POST http://10.180.1.21/identity/v3/auth/tokens 0.074s
2025-03-06 09:31:53.220 69159 INFO tempest.lib.common.rest_client [req-1a996c34-38b5-4274-b6ca-e363291a7bba req-1a996c34-38b5-4274-b6ca-e363291a7bba ] Request (ServerRescueTestJSONUnderV235:setUpClass): 201 POST http://10.180.1.21/identity/v3/auth/tokens 0.038s
2025-03-06 09:31:53.236 69171 INFO tempest.lib.common.rest_client [req-7a5241d4-42ae-4041-baa3-3b7edabbcf6a req-7a5241d4-42ae-4041-baa3-3b7edabbcf6a ] Request (ServerDiagnosticsTest:test_get_server_diagnostics): 200 GET http://10.180.1.21/compute/v2.1/servers/08f79565-00e9-4b4e-a675-d150436201ad 0.392s
2025-03-06 09:31:53.247 69159 INFO tempest.lib.common.rest_client [req-1a829753-d9df-4437-9316-88cdd0516895 req-1a829753-d9df-4437-9316-88cdd0516895 ] Request (ServerRescueTestJSONUnderV235:setUpClass): 200 GET http://10.180.1.21/identity/v3/domains?name=Default 0.026s
2025-03-06 09:31:53.283 69159 INFO tempest.lib.common.rest_client [req-52ab944e-e5fa-44e3-b41e-d0d4b255b776 req-52ab944e-e5fa-44e3-b41e-d0d4b255b776 ] Request (ServerRescueTestJSONUnderV235:setUpClass): 201 POST http://10.180.1.21/identity/v3/projects 0.036s
2025-03-06 09:31:53.316 69199 INFO tempest.lib.common.rest_client [req-d49f5632-657f-4909-b473-e22fc05f0cc2 req-d49f5632-657f-4909-b473-e22fc05f0cc2 ] Request (FloatingIPsAssociationNegativeTestJSON:tearDownClass): 200 GET http://10.180.1.21/compute/v2.1/servers/48440713-7649-4947-8bf0-89bcfaec2a28 0.426s
2025-03-06 09:31:53.351 69159 INFO tempest.lib.common.rest_client [req-79220c3d-bb27-45f4-9414-e0d93bd73cd8 req-79220c3d-bb27-45f4-9414-e0d93bd73cd8 ] Request (ServerRescueTestJSONUnderV235:setUpClass): 201 POST http://10.180.1.21/identity/v3/users 0.067s
2025-03-06 09:31:53.377 69159 INFO tempest.lib.common.rest_client [req-2e3eb82a-4397-453a-aaec-11a421bf7f13 req-2e3eb82a-4397-453a-aaec-11a421bf7f13 ] Request (ServerRescueTestJSONUnderV235:setUpClass): 200 GET http://10.180.1.21/identity/v3/roles 0.026s
2025-03-06 09:31:53.402 69177 INFO tempest.lib.common.rest_client [req-0125f9aa-55e2-4b57-a5a2-ec73dbc966f1 req-0125f9aa-55e2-4b57-a5a2-ec73dbc966f1 ] Request (ServersWithSpecificFlavorTestJSON:test_verify_created_server_ephemeral_disk): 200 GET http://10.180.1.21/compute/v2.1/servers/e41bc40e-f2c2-4fe5-9a77-68c71cbe8e8a 0.491s
2025-03-06 09:31:53.404 69211 INFO tempest.lib.common.rest_client [req-ad17c6ec-a25a-4532-bb42-dd6e5fe68be8 req-ad17c6ec-a25a-4532-bb42-dd6e5fe68be8 ] Request (InstanceActionsNegativeTestJSON:setUpClass): 200 GET http://10.180.1.21/compute/v2.1/servers/fb8d223d-d2ec-48c1-8d20-7617be76dabe 0.493s
2025-03-06 09:31:53.415 69177 INFO tempest.lib.common.ssh [-] Creating ssh connection to '10.180.180.213:22' as 'cirros' with public key authentication
2025-03-06 09:31:53.417 69159 INFO tempest.lib.common.rest_client [req-e89b8d9b-3641-455b-a888-ab03c6eb35c2 req-e89b8d9b-3641-455b-a888-ab03c6eb35c2 ] Request (ServerRescueTestJSONUnderV235:setUpClass): 204 PUT http://10.180.1.21/identity/v3/projects/90b63a06280c43b984fa128c30214faa/users/ce551bddc1a54e6c8ca989b8133a9afd/roles/bceb9a0d99eb41e7943ae98b75727d46 0.039s
2025-03-06 09:31:53.417 69159 INFO tempest.lib.common.dynamic_creds [-] Dynamic test user ce551bddc1a54e6c8ca989b8133a9afd is created with scope project and roles: ['member']
2025-03-06 09:31:53.418 69159 INFO tempest.lib.common.dynamic_creds [-] Acquired dynamic creds: credentials: Credentials: {'domain_id': 'default', 'domain_name': 'Default', 'username': 'tempest-ServerRescueTestJSONUnderV235-1353243346-project-member', 'project_domain_id': 'default', 'project_domain_name': 'Default', 'project_id': '90b63a06280c43b984fa128c30214faa', 'project_name': 'tempest-ServerRescueTestJSONUnderV235-1353243346', 'tenant_id': '90b63a06280c43b984fa128c30214faa', 'tenant_name': 'tempest-ServerRescueTestJSONUnderV235-1353243346', 'user_domain_id': 'default', 'user_domain_name': 'Default', 'user_id': 'ce551bddc1a54e6c8ca989b8133a9afd', 'system': None}, Network: None, Subnet: None, Router: None
2025-03-06 09:31:53.454 69183 INFO tempest.lib.common.rest_client [req-ad3c4964-e6b3-49c2-981e-071098249171 req-ad3c4964-e6b3-49c2-981e-071098249171 ] Request (ImagesOneServerTestJSON:test_create_delete_image): 200 GET http://10.180.1.21/compute/v2.1/images/ba64be62-fdb8-4656-bf9a-d8ee0d401069 0.503s
2025-03-06 09:31:53.481 69159 INFO tempest.lib.common.rest_client [req-6d6f3d92-d689-4140-9708-3d3f122f543b req-6d6f3d92-d689-4140-9708-3d3f122f543b ] Request (ServerRescueTestJSONUnderV235:setUpClass): 201 POST http://10.180.1.21/identity/v3/auth/tokens 0.063s
2025-03-06 09:31:53.484 69173 INFO tempest.lib.common.rest_client [req-758c2020-4679-4af8-9c1c-66ca8c2da7f8 req-758c2020-4679-4af8-9c1c-66ca8c2da7f8 ] Request (ServersTestFqdnHostnames:test_create_server_with_fqdn_name): 200 GET http://10.180.1.21/compute/v2.1/servers/1e1899d0-34ea-4ff3-a123-7790cf4989f5 0.525s
2025-03-06 09:31:53.491 69173 INFO tempest.common.waiters [-] State transition "BUILD/scheduling" ==> "BUILD/None" after 19 second wait
2025-03-06 09:31:53.526 69205 INFO tempest.lib.common.rest_client [req-b53d7066-7ff1-423a-bee9-d5fdf09ebaad req-b53d7066-7ff1-423a-bee9-d5fdf09ebaad ] Request (MultipleCreateTestJSON:test_multiple_create): 200 GET http://10.180.1.21/compute/v2.1/servers/5593b9ed-c7cb-498c-b4c3-4a2da54c2036 0.502s
2025-03-06 09:31:53.564 69185 INFO tempest.lib.common.rest_client [req-bd87f497-ed7a-4925-825b-46386ce60dda req-bd87f497-ed7a-4925-825b-46386ce60dda ] Request (ServerActionsTestOtherB:setUpClass): 200 GET http://10.180.1.21/compute/v2.1/servers/0acce7bd-b0b0-430e-b913-8d3a73b9e783 0.477s
2025-03-06 09:31:53.579 69195 INFO tempest.lib.common.rest_client [req-24094fd9-d40d-490b-bfe2-807af9cda2bc req-24094fd9-d40d-490b-bfe2-807af9cda2bc ] Request (QuotasTestJSON:tearDownClass): 200 GET http://10.180.1.21:9696/networking/v2.0/security-groups?tenant_id=6f3f27f8b90d4eccb47749ad5d682c3d&name=default 0.397s
2025-03-06 09:31:53.589 69213 INFO tempest.lib.common.rest_client [req-5345aa9e-6a04-4432-ac1b-5761c5d0218c req-5345aa9e-6a04-4432-ac1b-5761c5d0218c ] Request (ServerExternalEventsTest:test_create_server_external_events): 200 GET http://10.180.1.21/compute/v2.1/servers/bf972e49-a76d-47d5-bc4f-f934412c899a 0.499s
2025-03-06 09:31:53.594 69201 WARNING tempest.lib.common.ssh [-] Failed to establish authenticated ssh connection to cirros@10.180.180.221 ([Errno None] Unable to connect to port 22 on 10.180.180.221). Number attempts: 4. Retry after 5 seconds.: paramiko.ssh_exception.NoValidConnectionsError: [Errno None] Unable to connect to port 22 on 10.180.180.221
2025-03-06 09:31:53.598 69169 INFO tempest.lib.common.rest_client [req-5d28ab5a-cddd-409a-8928-784740a313da req-5d28ab5a-cddd-409a-8928-784740a313da ] Request (ImagesTestJSON:test_create_image_from_stopped_server): 200 GET http://10.180.1.21/compute/v2.1/images/ee0820a6-56a8-4e8c-b533-3ef7917b76e8 0.475s
2025-03-06 09:31:53.677 69153 INFO tempest.lib.common.rest_client [req-66c31a2a-fc19-4ed7-bac0-20b3b28b9396 req-66c31a2a-fc19-4ed7-bac0-20b3b28b9396 ] Request (ServerShowV247Test:test_update_rebuild_list_server): 200 GET http://10.180.1.21/compute/v2.1/servers/cdb592f0-6224-4f00-84f3-afbd2b7e24a5 0.430s
2025-03-06 09:31:53.692 69193 INFO tempest.lib.common.rest_client [req-923159cc-be6d-4495-b170-5440a7367b76 req-923159cc-be6d-4495-b170-5440a7367b76 ] Request (ServersTestJSON:setUpClass): 200 GET http://10.180.1.21/compute/v2.1/servers/40404246-f067-4f63-b751-1509d0844840 0.513s
2025-03-06 09:31:53.768 69179 INFO tempest.lib.common.rest_client [req-64eb62ab-9ebd-4c66-9c9c-7a70575e4665 req-64eb62ab-9ebd-4c66-9c9c-7a70575e4665 ] Request (ServerDiagnosticsV248Test:tearDownClass): 200 GET http://10.180.1.21/compute/v2.1/servers/223b8b6f-b42c-4a06-b5bb-0354dd87cdea 0.475s
2025-03-06 09:31:53.792 69197 INFO tempest.lib.common.rest_client [req-5f101232-6327-4e2f-9954-f7e1ec6df456 req-5f101232-6327-4e2f-9954-f7e1ec6df456 ] Request (ServersAdminNegativeTestJSON:test_migrate_server_invalid_state): 200 GET http://10.180.1.21/compute/v2.1/servers/9c5bda7c-55f0-402d-a515-87147f39fdd9 0.484s
2025-03-06 09:31:53.859 69195 INFO tempest.lib.common.rest_client [req-8b44372e-9a8c-4e97-8dc8-6007610136c2 req-8b44372e-9a8c-4e97-8dc8-6007610136c2 ] Request (QuotasTestJSON:tearDownClass): 204 DELETE http://10.180.1.21:9696/networking/v2.0/security-groups/a534be36-d965-4a0c-9151-25cc09d6c517 0.280s
2025-03-06 09:31:53.870 69157 INFO tempest.lib.common.rest_client [req-e2ff2aa4-e7f0-4a2e-85e6-56c8a6dcd186 req-e2ff2aa4-e7f0-4a2e-85e6-56c8a6dcd186 ] Request (ImagesOneServerNegativeTestJSON:_run_cleanups): 200 GET http://10.180.1.21/compute/v2.1/servers/b25fe864-0d1a-4818-810e-6e1cc8cbfe9c 0.376s
2025-03-06 09:31:53.913 69203 INFO tempest.lib.common.rest_client [req-9d86e072-c7c2-4220-b1fc-39bfa9787710 req-9d86e072-c7c2-4220-b1fc-39bfa9787710 ] Request (ServersListShow298Test:tearDownClass): 200 GET http://10.180.1.21/compute/v2.1/servers/bcce1167-e77a-40a1-afcf-3a6d77789789 0.525s
2025-03-06 09:31:53.962 69195 INFO tempest.lib.common.rest_client [req-1b22fdbb-bd41-451f-bb96-5bfff561ef3b req-1b22fdbb-bd41-451f-bb96-5bfff561ef3b ] Request (QuotasTestJSON:tearDownClass): 204 DELETE http://10.180.1.21/identity/v3/projects/6f3f27f8b90d4eccb47749ad5d682c3d 0.103s
2025-03-06 09:31:54.017 69159 INFO tempest.lib.common.rest_client [req-56039d78-0a4d-4a21-9f29-58c856733c60 req-56039d78-0a4d-4a21-9f29-58c856733c60 ] Request (ServerRescueTestJSONUnderV235:setUpClass): 201 POST http://10.180.1.21:9696/networking/v2.0/networks 0.535s
2025-03-06 09:31:54.033 69161 INFO tempest.lib.common.rest_client [req-fa8c6cee-5715-4dbb-9562-8ed69f963e17 req-fa8c6cee-5715-4dbb-9562-8ed69f963e17 ] Request (ImagesNegativeTestJSON:test_create_image_from_deleted_server): 200 GET http://10.180.1.21/compute/v2.1/servers/f116cf00-074f-41f8-9c1f-bae0cd7932ff 0.513s
2025-03-06 09:31:54.041 69161 INFO tempest.common.waiters [-] State transition "BUILD/networking" ==> "BUILD/block_device_mapping" after 40 second wait
2025-03-06 09:31:54.094 69167 INFO tempest.lib.common.rest_client [req-84f7da08-e4df-470c-8059-3e668c42119e req-84f7da08-e4df-470c-8059-3e668c42119e ] Request (VolumesAdminNegativeTest:test_update_attached_volume_with_nonexistent_volume_in_body): 200 GET http://10.180.1.21/compute/v2.1/servers/56bc1ae3-fb52-412c-a86d-3bfd7a17b81b 0.376s
2025-03-06 09:31:54.120 69207 INFO tempest.lib.common.rest_client [req-e43283fc-b3ab-49d7-87be-5bb1d79cb87f req-e43283fc-b3ab-49d7-87be-5bb1d79cb87f ] Request (TenantUsagesTestJSON:setUpClass): 200 GET http://10.180.1.21/compute/v2.1/servers/94e9ac10-b6a0-4fc0-b64e-763f3793b7e8 0.475s
2025-03-06 09:31:54.194 69155 INFO tempest.lib.common.rest_client [req-c46d8265-272d-43ea-8392-0bcecee1bae5 req-c46d8265-272d-43ea-8392-0bcecee1bae5 ] Request (MigrationsAdminTest:test_list_migrations_in_flavor_resize_situation): 200 GET http://10.180.1.21/compute/v2.1/servers/9fe86c8a-3b99-4503-82d9-db99ae5ec2fa 0.348s
2025-03-06 09:31:54.204 69181 INFO tempest.lib.common.rest_client [req-2b2ceff6-00d8-4736-820c-00bce10eff47 req-2b2ceff6-00d8-4736-820c-00bce10eff47 ] Request (AttachVolumeNegativeTest:test_attach_attached_volume_to_different_server): 200 GET http://10.180.1.21/compute/v2.1/servers/9eb1eeb3-aad7-4187-93f1-8ed435ce8e08 0.446s
2025-03-06 09:31:54.267 69187 INFO tempest.lib.common.rest_client [req-ff15d187-1f41-47be-913e-21edd2e3facd req-ff15d187-1f41-47be-913e-21edd2e3facd ] Request (DeleteServersAdminTestJSON:test_delete_server_while_in_error_state): 200 GET http://10.180.1.21/compute/v2.1/servers/06b1ab57-ad18-44ea-87f6-1e189219697e 0.212s
2025-03-06 09:31:54.286 69209 INFO tempest.lib.common.rest_client [req-2b30504c-1609-423d-966c-b6e474de7901 req-2b30504c-1609-423d-966c-b6e474de7901 ] Request (AttachInterfacesTestJSON:test_create_list_show_delete_interfaces_by_fixed_ip): 200 GET http://10.180.1.21/compute/v2.1/servers/9cc8488b-6eba-4f35-84a1-ef972b043b95 0.163s
2025-03-06 09:31:54.325 69189 INFO tempest.lib.common.rest_client [req-6fb4a2b6-7767-4728-9fbd-05b4ed5b7d6f req-6fb4a2b6-7767-4728-9fbd-05b4ed5b7d6f ] Request (FloatingIPsAssociationTestJSON:test_associate_already_associated_floating_ip): 200 GET http://10.180.1.21/compute/v2.1/servers/2494681b-ef4f-405a-8898-affcc4f7f136 0.137s
2025-03-06 09:31:54.361 69165 INFO tempest.lib.common.rest_client [req-39bd7121-2931-4ede-8109-42a5b4b50ecc req-39bd7121-2931-4ede-8109-42a5b4b50ecc ] Request (ServerDiskConfigTestJSON:test_rebuild_server_with_auto_disk_config): 200 GET http://10.180.1.21/compute/v2.1/servers/db7fed3c-36db-439c-bdf9-90289f849eac 0.170s
2025-03-06 09:31:54.384 69171 INFO tempest.lib.common.rest_client [req-27b1842a-6c6a-44d3-8a5f-8bc6b69b6393 req-27b1842a-6c6a-44d3-8a5f-8bc6b69b6393 ] Request (ServerDiagnosticsTest:test_get_server_diagnostics): 200 GET http://10.180.1.21/compute/v2.1/servers/08f79565-00e9-4b4e-a675-d150436201ad 0.137s
2025-03-06 09:31:54.450 69199 INFO tempest.lib.common.rest_client [req-beedfe95-ce18-4988-a921-8846a78cd5ff req-beedfe95-ce18-4988-a921-8846a78cd5ff ] Request (FloatingIPsAssociationNegativeTestJSON:tearDownClass): 200 GET http://10.180.1.21/compute/v2.1/servers/48440713-7649-4947-8bf0-89bcfaec2a28 0.124s
2025-03-06 09:31:54.483 69211 INFO tempest.lib.common.rest_client [req-dd0a8f5b-350b-4fb9-9387-8bf3c057dbd6 req-dd0a8f5b-350b-4fb9-9387-8bf3c057dbd6 ] Request (InstanceActionsNegativeTestJSON:setUpClass): 200 GET http://10.180.1.21/compute/v2.1/servers/fb8d223d-d2ec-48c1-8d20-7617be76dabe 0.069s
2025-03-06 09:31:54.499 69183 INFO tempest.lib.common.rest_client [req-a23eafa2-f04e-472d-a633-aba647f04ab7 req-a23eafa2-f04e-472d-a633-aba647f04ab7 ] Request (ImagesOneServerTestJSON:test_create_delete_image): 200 GET http://10.180.1.21/compute/v2.1/images/ba64be62-fdb8-4656-bf9a-d8ee0d401069 0.039s
2025-03-06 09:31:54.542 69159 INFO tempest.lib.common.rest_client [req-1e5a973e-6f20-41f7-94fe-9e564c8ee344 req-1e5a973e-6f20-41f7-94fe-9e564c8ee344 ] Request (ServerRescueTestJSONUnderV235:setUpClass): 201 POST http://10.180.1.21:9696/networking/v2.0/subnets 0.524s
2025-03-06 09:31:54.569 69173 INFO tempest.lib.common.rest_client [req-deb37f1e-6fdc-4de6-9b03-0e179e30ee97 req-deb37f1e-6fdc-4de6-9b03-0e179e30ee97 ] Request (ServersTestFqdnHostnames:test_create_server_with_fqdn_name): 200 GET http://10.180.1.21/compute/v2.1/servers/1e1899d0-34ea-4ff3-a123-7790cf4989f5 0.077s
2025-03-06 09:31:54.599 69205 INFO tempest.lib.common.rest_client [req-00c68325-2be9-46c5-aadb-7e0dec21ba19 req-00c68325-2be9-46c5-aadb-7e0dec21ba19 ] Request (MultipleCreateTestJSON:test_multiple_create): 200 GET http://10.180.1.21/compute/v2.1/servers/5593b9ed-c7cb-498c-b4c3-4a2da54c2036 0.063s
2025-03-06 09:31:54.634 69185 INFO tempest.lib.common.rest_client [req-1ed50f6a-3422-4f1c-bfd0-690731881936 req-1ed50f6a-3422-4f1c-bfd0-690731881936 ] Request (ServerActionsTestOtherB:setUpClass): 200 GET http://10.180.1.21/compute/v2.1/servers/0acce7bd-b0b0-430e-b913-8d3a73b9e783 0.059s
2025-03-06 09:31:54.638 69169 INFO tempest.lib.common.rest_client [req-8dc8a563-6746-42dc-8f5e-00ab277df380 req-8dc8a563-6746-42dc-8f5e-00ab277df380 ] Request (ImagesTestJSON:test_create_image_from_stopped_server): 200 GET http://10.180.1.21/compute/v2.1/images/ee0820a6-56a8-4e8c-b533-3ef7917b76e8 0.034s
2025-03-06 09:31:54.689 69213 INFO tempest.lib.common.rest_client [req-2a1c1ac6-d86e-4d6f-a9a2-736618c521a4 req-2a1c1ac6-d86e-4d6f-a9a2-736618c521a4 ] Request (ServerExternalEventsTest:test_create_server_external_events): 200 GET http://10.180.1.21/compute/v2.1/servers/bf972e49-a76d-47d5-bc4f-f934412c899a 0.083s
2025-03-06 09:31:54.783 69193 INFO tempest.lib.common.rest_client [req-faf7f870-0194-46bd-86dc-d8c54af5cee8 req-faf7f870-0194-46bd-86dc-d8c54af5cee8 ] Request (ServersTestJSON:setUpClass): 200 GET http://10.180.1.21/compute/v2.1/servers/40404246-f067-4f63-b751-1509d0844840 0.078s
2025-03-06 09:31:54.860 69179 INFO tempest.lib.common.rest_client [req-8050fd29-140d-430c-a96c-4c8d27e61b10 req-8050fd29-140d-430c-a96c-4c8d27e61b10 ] Request (ServerDiagnosticsV248Test:tearDownClass): 200 GET http://10.180.1.21/compute/v2.1/servers/223b8b6f-b42c-4a06-b5bb-0354dd87cdea 0.074s
2025-03-06 09:31:54.910 69197 INFO tempest.lib.common.rest_client [req-403945dc-75c2-4820-97d6-0117421a1a88 req-403945dc-75c2-4820-97d6-0117421a1a88 ] Request (ServersAdminNegativeTestJSON:test_migrate_server_invalid_state): 200 GET http://10.180.1.21/compute/v2.1/servers/9c5bda7c-55f0-402d-a515-87147f39fdd9 0.107s
2025-03-06 09:31:54.961 69153 INFO tempest.lib.common.rest_client [req-fde81ef3-d4ae-47c9-975f-822bc0047f6a req-fde81ef3-d4ae-47c9-975f-822bc0047f6a ] Request (ServerShowV247Test:test_update_rebuild_list_server): 200 GET http://10.180.1.21/compute/v2.1/servers/cdb592f0-6224-4f00-84f3-afbd2b7e24a5 0.263s
2025-03-06 09:31:54.984 69157 INFO tempest.lib.common.rest_client [req-91eb8346-2ff5-44f7-9f61-bc9fb86d80ba req-91eb8346-2ff5-44f7-9f61-bc9fb86d80ba ] Request (ImagesOneServerNegativeTestJSON:_run_cleanups): 200 GET http://10.180.1.21/compute/v2.1/servers/b25fe864-0d1a-4818-810e-6e1cc8cbfe9c 0.103s
2025-03-06 09:31:54.986 69175 INFO tempest.lib.common.rest_client [req-6da9e1bf-2025-4b7b-90ef-d2999e3b17c8 req-6da9e1bf-2025-4b7b-90ef-d2999e3b17c8 ] Request (ListServersNegativeTestJSON:setUpClass): 201 POST http://10.180.1.21:9696/networking/v2.0/routers 1.917s
2025-03-06 09:31:54.991 69157 INFO tempest.common.waiters [-] State transition "ACTIVE/deleting" ==> "DELETED/None" after 3 second wait
2025-03-06 09:31:55.063 69203 INFO tempest.lib.common.rest_client [req-f691de29-2b92-4d3a-b302-9d486a8d3a28 req-f691de29-2b92-4d3a-b302-9d486a8d3a28 ] Request (ServersListShow298Test:tearDownClass): 200 GET http://10.180.1.21/compute/v2.1/servers/bcce1167-e77a-40a1-afcf-3a6d77789789 0.135s
2025-03-06 09:31:55.166 69167 INFO tempest.lib.common.rest_client [req-4e9d98da-c79c-4b95-808e-9dd4656316bd req-4e9d98da-c79c-4b95-808e-9dd4656316bd ] Request (VolumesAdminNegativeTest:test_update_attached_volume_with_nonexistent_volume_in_body): 200 GET http://10.180.1.21/compute/v2.1/servers/56bc1ae3-fb52-412c-a86d-3bfd7a17b81b 0.060s
2025-03-06 09:31:55.176 69161 INFO tempest.lib.common.rest_client [req-38da005b-0509-4452-af28-4631bede0ac1 req-38da005b-0509-4452-af28-4631bede0ac1 ] Request (ImagesNegativeTestJSON:test_create_image_from_deleted_server): 200 GET http://10.180.1.21/compute/v2.1/servers/f116cf00-074f-41f8-9c1f-bae0cd7932ff 0.134s
2025-03-06 09:31:55.185 69161 INFO tempest.common.waiters [-] State transition "BUILD/block_device_mapping" ==> "BUILD/spawning" after 41 second wait
2025-03-06 09:31:55.272 69155 INFO tempest.lib.common.rest_client [req-783b7170-4c46-4f25-b20e-d3d505344032 req-783b7170-4c46-4f25-b20e-d3d505344032 ] Request (MigrationsAdminTest:test_list_migrations_in_flavor_resize_situation): 200 GET http://10.180.1.21/compute/v2.1/servers/9fe86c8a-3b99-4503-82d9-db99ae5ec2fa 0.068s
2025-03-06 09:31:55.332 69181 INFO tempest.lib.common.rest_client [req-15a6cbb3-017a-4796-923a-4b9159a78c86 req-15a6cbb3-017a-4796-923a-4b9159a78c86 ] Request (AttachVolumeNegativeTest:test_attach_attached_volume_to_different_server): 200 GET http://10.180.1.21/compute/v2.1/servers/9eb1eeb3-aad7-4187-93f1-8ed435ce8e08 0.120s
2025-03-06 09:31:55.344 69207 INFO tempest.lib.common.rest_client [req-72fef60c-488e-4ab8-aabe-639b0b211a44 req-72fef60c-488e-4ab8-aabe-639b0b211a44 ] Request (TenantUsagesTestJSON:setUpClass): 200 GET http://10.180.1.21/compute/v2.1/servers/94e9ac10-b6a0-4fc0-b64e-763f3793b7e8 0.214s
2025-03-06 09:31:55.404 69209 INFO tempest.lib.common.rest_client [req-f8840416-e8d5-4934-b486-0c59fdb29213 req-f8840416-e8d5-4934-b486-0c59fdb29213 ] Request (AttachInterfacesTestJSON:test_create_list_show_delete_interfaces_by_fixed_ip): 200 GET http://10.180.1.21/compute/v2.1/servers/9cc8488b-6eba-4f35-84a1-ef972b043b95 0.109s
2025-03-06 09:31:55.422 69187 INFO tempest.lib.common.rest_client [req-1e6b02ba-6e78-48fd-8f31-61f3202446eb req-1e6b02ba-6e78-48fd-8f31-61f3202446eb ] Request (DeleteServersAdminTestJSON:test_delete_server_while_in_error_state): 200 GET http://10.180.1.21/compute/v2.1/servers/06b1ab57-ad18-44ea-87f6-1e189219697e 0.146s
2025-03-06 09:31:55.454 69189 INFO tempest.lib.common.rest_client [req-9d64841a-d77c-47e2-b15c-493dc6de06f4 req-9d64841a-d77c-47e2-b15c-493dc6de06f4 ] Request (FloatingIPsAssociationTestJSON:test_associate_already_associated_floating_ip): 200 GET http://10.180.1.21/compute/v2.1/servers/2494681b-ef4f-405a-8898-affcc4f7f136 0.118s
2025-03-06 09:31:55.487 69165 INFO tempest.lib.common.rest_client [req-49effe11-4f81-4d22-9571-ff2aa0eb23c9 req-49effe11-4f81-4d22-9571-ff2aa0eb23c9 ] Request (ServerDiskConfigTestJSON:test_rebuild_server_with_auto_disk_config): 200 GET http://10.180.1.21/compute/v2.1/servers/db7fed3c-36db-439c-bdf9-90289f849eac 0.115s
2025-03-06 09:31:55.513 69171 INFO tempest.lib.common.rest_client [req-39cf70e7-9437-402e-8f3d-b76742af5283 req-39cf70e7-9437-402e-8f3d-b76742af5283 ] Request (ServerDiagnosticsTest:test_get_server_diagnostics): 200 GET http://10.180.1.21/compute/v2.1/servers/08f79565-00e9-4b4e-a675-d150436201ad 0.119s
2025-03-06 09:31:55.565 69211 INFO tempest.lib.common.rest_client [req-57a5f879-d73b-4ace-967e-f4782b069b71 req-57a5f879-d73b-4ace-967e-f4782b069b71 ] Request (InstanceActionsNegativeTestJSON:setUpClass): 200 GET http://10.180.1.21/compute/v2.1/servers/fb8d223d-d2ec-48c1-8d20-7617be76dabe 0.074s
2025-03-06 09:31:55.579 69199 INFO tempest.lib.common.rest_client [req-28f533f2-857e-43ff-b9f8-25d483fd34d6 req-28f533f2-857e-43ff-b9f8-25d483fd34d6 ] Request (FloatingIPsAssociationNegativeTestJSON:tearDownClass): 200 GET http://10.180.1.21/compute/v2.1/servers/48440713-7649-4947-8bf0-89bcfaec2a28 0.117s
2025-03-06 09:31:55.642 69173 INFO tempest.lib.common.rest_client [req-9abc9891-a252-4efa-b254-bde5941bced2 req-9abc9891-a252-4efa-b254-bde5941bced2 ] Request (ServersTestFqdnHostnames:test_create_server_with_fqdn_name): 200 GET http://10.180.1.21/compute/v2.1/servers/1e1899d0-34ea-4ff3-a123-7790cf4989f5 0.060s
2025-03-06 09:31:55.719 69205 INFO tempest.lib.common.rest_client [req-cea1cd17-bcb6-468c-a4e9-f900e597cc2e req-cea1cd17-bcb6-468c-a4e9-f900e597cc2e ] Request (MultipleCreateTestJSON:test_multiple_create): 200 GET http://10.180.1.21/compute/v2.1/servers/5593b9ed-c7cb-498c-b4c3-4a2da54c2036 0.110s
2025-03-06 09:31:55.789 69183 INFO tempest.lib.common.rest_client [req-f048973a-a7da-464e-8134-8335474871d6 req-f048973a-a7da-464e-8134-8335474871d6 ] Request (ImagesOneServerTestJSON:test_create_delete_image): 200 GET http://10.180.1.21/compute/v2.1/images/ba64be62-fdb8-4656-bf9a-d8ee0d401069 0.286s
2025-03-06 09:31:55.798 69169 INFO tempest.lib.common.rest_client [req-be174d7d-a498-4b36-864a-bf3bdce77ff7 req-be174d7d-a498-4b36-864a-bf3bdce77ff7 ] Request (ImagesTestJSON:test_create_image_from_stopped_server): 200 GET http://10.180.1.21/compute/v2.1/images/ee0820a6-56a8-4e8c-b533-3ef7917b76e8 0.155s
2025-03-06 09:31:55.854 69185 INFO tempest.lib.common.rest_client [req-0f2e8ba1-fa7e-4733-8687-a7ef093281ed req-0f2e8ba1-fa7e-4733-8687-a7ef093281ed ] Request (ServerActionsTestOtherB:setUpClass): 200 GET http://10.180.1.21/compute/v2.1/servers/0acce7bd-b0b0-430e-b913-8d3a73b9e783 0.207s
2025-03-06 09:31:55.869 69213 INFO tempest.lib.common.rest_client [req-7c1c74c0-18ef-4ea3-ac50-4ed07d89979d req-7c1c74c0-18ef-4ea3-ac50-4ed07d89979d ] Request (ServerExternalEventsTest:test_create_server_external_events): 200 GET http://10.180.1.21/compute/v2.1/servers/bf972e49-a76d-47d5-bc4f-f934412c899a 0.165s
2025-03-06 09:31:55.906 69193 INFO tempest.lib.common.rest_client [req-2a526afb-befe-47af-82b7-249fca14d2e3 req-2a526afb-befe-47af-82b7-249fca14d2e3 ] Request (ServersTestJSON:setUpClass): 200 GET http://10.180.1.21/compute/v2.1/servers/40404246-f067-4f63-b751-1509d0844840 0.111s
2025-03-06 09:31:55.954 69179 INFO tempest.lib.common.rest_client [req-14595634-2acc-4601-8604-3a8b1e17d8da req-14595634-2acc-4601-8604-3a8b1e17d8da ] Request (ServerDiagnosticsV248Test:tearDownClass): 200 GET http://10.180.1.21/compute/v2.1/servers/223b8b6f-b42c-4a06-b5bb-0354dd87cdea 0.080s
2025-03-06 09:31:55.979 69197 INFO tempest.lib.common.rest_client [req-0a317f04-2287-44fa-a8eb-36e0f1c3ff65 req-0a317f04-2287-44fa-a8eb-36e0f1c3ff65 ] Request (ServersAdminNegativeTestJSON:test_migrate_server_invalid_state): 200 GET http://10.180.1.21/compute/v2.1/servers/9c5bda7c-55f0-402d-a515-87147f39fdd9 0.055s
2025-03-06 09:31:56.066 69157 INFO tempest.lib.common.rest_client [req-94b1204b-dc32-4a06-aafb-71ac634bab18 req-94b1204b-dc32-4a06-aafb-71ac634bab18 ] Request (ImagesOneServerNegativeTestJSON:_run_cleanups): 200 GET http://10.180.1.21/compute/v2.1/servers/b25fe864-0d1a-4818-810e-6e1cc8cbfe9c 0.074s
2025-03-06 09:31:56.071 69153 INFO tempest.lib.common.rest_client [req-3e30e8b6-9ead-408c-9d69-be4dcb155e00 req-3e30e8b6-9ead-408c-9d69-be4dcb155e00 ] Request (ServerShowV247Test:test_update_rebuild_list_server): 200 GET http://10.180.1.21/compute/v2.1/servers/cdb592f0-6224-4f00-84f3-afbd2b7e24a5 0.094s
2025-03-06 09:31:56.105 69159 INFO tempest.lib.common.rest_client [req-70ab913e-ed91-48c8-8226-1d965abcb4c6 req-70ab913e-ed91-48c8-8226-1d965abcb4c6 ] Request (ServerRescueTestJSONUnderV235:setUpClass): 201 POST http://10.180.1.21:9696/networking/v2.0/routers 1.563s
2025-03-06 09:31:56.213 69203 INFO tempest.lib.common.rest_client [req-4b85286d-d356-4595-9d85-89419defd45f req-4b85286d-d356-4595-9d85-89419defd45f ] Request (ServersListShow298Test:tearDownClass): 200 GET http://10.180.1.21/compute/v2.1/servers/bcce1167-e77a-40a1-afcf-3a6d77789789 0.135s
2025-03-06 09:31:56.248 69167 INFO tempest.lib.common.rest_client [req-aaeae658-7593-4e9e-b493-62f6eabfc947 req-aaeae658-7593-4e9e-b493-62f6eabfc947 ] Request (VolumesAdminNegativeTest:test_update_attached_volume_with_nonexistent_volume_in_body): 200 GET http://10.180.1.21/compute/v2.1/servers/56bc1ae3-fb52-412c-a86d-3bfd7a17b81b 0.070s
2025-03-06 09:31:56.347 69161 INFO tempest.lib.common.rest_client [req-0ca84935-13ce-4b22-bc40-95c5b34e0761 req-0ca84935-13ce-4b22-bc40-95c5b34e0761 ] Request (ImagesNegativeTestJSON:test_create_image_from_deleted_server): 200 GET http://10.180.1.21/compute/v2.1/servers/f116cf00-074f-41f8-9c1f-bae0cd7932ff 0.161s
2025-03-06 09:31:56.350 69155 INFO tempest.lib.common.rest_client [req-01135da1-02b5-481c-997a-b7dfe9f48c71 req-01135da1-02b5-481c-997a-b7dfe9f48c71 ] Request (MigrationsAdminTest:test_list_migrations_in_flavor_resize_situation): 200 GET http://10.180.1.21/compute/v2.1/servers/9fe86c8a-3b99-4503-82d9-db99ae5ec2fa 0.070s
2025-03-06 09:31:56.422 69175 INFO tempest.lib.common.rest_client [req-2ee99d8f-92d1-4c92-baf3-4e37c4b332ad req-2ee99d8f-92d1-4c92-baf3-4e37c4b332ad ] Request (ListServersNegativeTestJSON:setUpClass): 200 PUT http://10.180.1.21:9696/networking/v2.0/routers/79fd7a66-aa14-4569-bad9-57f244134ae0/add_router_interface 1.432s
2025-03-06 09:31:56.422 69175 INFO tempest.lib.common.dynamic_creds [-] Created isolated network resources for: credentials: Credentials: {'domain_id': 'default', 'domain_name': 'Default', 'username': 'tempest-ListServersNegativeTestJSON-574951879-project-member', 'project_domain_id': 'default', 'project_domain_name': 'Default', 'project_id': 'b6bcbccc49e54a4ca76fddb0281e850b', 'project_name': 'tempest-ListServersNegativeTestJSON-574951879', 'tenant_id': 'b6bcbccc49e54a4ca76fddb0281e850b', 'tenant_name': 'tempest-ListServersNegativeTestJSON-574951879', 'user_domain_id': 'default', 'user_domain_name': 'Default', 'user_id': '505f1ac26fd744c79223abc9ad64954b', 'system': None}, Network: {'id': '222c7dc2-1127-4244-89e5-c12a3e748d01', 'name': 'tempest-ListServersNegativeTestJSON-1197016120-network', 'tenant_id': 'b6bcbccc49e54a4ca76fddb0281e850b', 'admin_state_up': True, 'mtu': 8950, 'status': 'ACTIVE', 'subnets': [], 'shared': False, 'project_id': 'b6bcbccc49e54a4ca76fddb0281e850b', 'port_security_enabled': True, 'router:external': False, 'provider:network_type': 'vlan', 'provider:physical_network': 'default', 'provider:segmentation_id': 867, 'availability_zone_hints': [], 'availability_zones': [], 'ipv4_address_scope': None, 'ipv6_address_scope': None, 'description': '', 'tags': [], 'created_at': '2025-03-06T09:31:52Z', 'updated_at': '2025-03-06T09:31:52Z', 'revision_number': 1}, Subnet: {'id': 'e443f41e-ec5c-48ca-b86c-f558a8e5daf2', 'name': 'tempest-ListServersNegativeTestJSON-1197016120-subnet', 'tenant_id': 'b6bcbccc49e54a4ca76fddb0281e850b', 'network_id': '222c7dc2-1127-4244-89e5-c12a3e748d01', 'ip_version': 4, 'subnetpool_id': None, 'enable_dhcp': True, 'ipv6_ra_mode': None, 'ipv6_address_mode': None, 'gateway_ip': '192.168.128.1', 'cidr': '192.168.128.0/28', 'allocation_pools': [{'start': '192.168.128.2', 'end': '192.168.128.14'}], 'host_routes': [], 'dns_nameservers': [], 'description': '', 'router:external': False, 'service_types': [], 'tags': [], 'created_at': '2025-03-06T09:31:52Z', 'updated_at': '2025-03-06T09:31:52Z', 'revision_number': 0, 'project_id': 'b6bcbccc49e54a4ca76fddb0281e850b'}, Router: {'id': '79fd7a66-aa14-4569-bad9-57f244134ae0', 'name': 'tempest-ListServersNegativeTestJSON-1197016120-router', 'tenant_id': 'b6bcbccc49e54a4ca76fddb0281e850b', 'admin_state_up': True, 'status': 'ACTIVE', 'external_gateway_info': {'network_id': '08eb7682-68bf-4c37-be1a-5bd184f2922e', 'external_fixed_ips': [{'subnet_id': '4fa3ce76-3842-4372-9573-b3849722f3e8', 'ip_address': '10.180.180.198'}], 'enable_snat': True}, 'description': '', 'availability_zones': [], 'distributed': False, 'ha': False, 'availability_zone_hints': [], 'routes': [], 'flavor_id': None, 'tags': [], 'created_at': '2025-03-06T09:31:53Z', 'updated_at': '2025-03-06T09:31:54Z', 'revision_number': 2, 'project_id': 'b6bcbccc49e54a4ca76fddb0281e850b'}
2025-03-06 09:31:56.438 69181 INFO tempest.lib.common.rest_client [req-e1b70aae-d707-49cf-b58f-3e31db77a050 req-e1b70aae-d707-49cf-b58f-3e31db77a050 ] Request (AttachVolumeNegativeTest:test_attach_attached_volume_to_different_server): 200 GET http://10.180.1.21/compute/v2.1/servers/9eb1eeb3-aad7-4187-93f1-8ed435ce8e08 0.097s
2025-03-06 09:31:56.536 69209 INFO tempest.lib.common.rest_client [req-d512bee7-7476-44d3-95d7-f4568ccb240c req-d512bee7-7476-44d3-95d7-f4568ccb240c ] Request (AttachInterfacesTestJSON:test_create_list_show_delete_interfaces_by_fixed_ip): 200 GET http://10.180.1.21/compute/v2.1/servers/9cc8488b-6eba-4f35-84a1-ef972b043b95 0.122s
2025-03-06 09:31:56.537 69175 INFO tempest.lib.common.rest_client [req-56dd6e9e-60e1-4a17-9b34-9c4e637287f4 req-56dd6e9e-60e1-4a17-9b34-9c4e637287f4 ] Request (ListServersNegativeTestJSON:setUpClass): 201 POST http://10.180.1.21/identity/v3/auth/tokens 0.112s
2025-03-06 09:31:56.582 69175 INFO tempest.lib.common.rest_client [req-c3227db7-9f26-42d3-8d26-0ce2e59ad656 req-c3227db7-9f26-42d3-8d26-0ce2e59ad656 ] Request (ListServersNegativeTestJSON:setUpClass): 201 POST http://10.180.1.21/identity/v3/auth/tokens 0.040s
2025-03-06 09:31:56.582 69175 INFO tempest.lib.common.fixed_network [-] (ListServersNegativeTestJSON:setUpClass) Found network {'id': '222c7dc2-1127-4244-89e5-c12a3e748d01', 'name': 'tempest-ListServersNegativeTestJSON-1197016120-network', 'tenant_id': 'b6bcbccc49e54a4ca76fddb0281e850b', 'admin_state_up': True, 'mtu': 8950, 'status': 'ACTIVE', 'subnets': [], 'shared': False, 'project_id': 'b6bcbccc49e54a4ca76fddb0281e850b', 'port_security_enabled': True, 'router:external': False, 'provider:network_type': 'vlan', 'provider:physical_network': 'default', 'provider:segmentation_id': 867, 'availability_zone_hints': [], 'availability_zones': [], 'ipv4_address_scope': None, 'ipv6_address_scope': None, 'description': '', 'tags': [], 'created_at': '2025-03-06T09:31:52Z', 'updated_at': '2025-03-06T09:31:52Z', 'revision_number': 1} available for tenant
2025-03-06 09:31:56.631 69187 INFO tempest.lib.common.rest_client [req-9f3bb326-32ef-49ed-b1da-e1542741d0ea req-9f3bb326-32ef-49ed-b1da-e1542741d0ea ] Request (DeleteServersAdminTestJSON:test_delete_server_while_in_error_state): 200 GET http://10.180.1.21/compute/v2.1/servers/06b1ab57-ad18-44ea-87f6-1e189219697e 0.201s
2025-03-06 09:31:56.679 69207 INFO tempest.lib.common.rest_client [req-61a37698-4f88-40ae-9175-e3a418b7e04d req-61a37698-4f88-40ae-9175-e3a418b7e04d ] Request (TenantUsagesTestJSON:setUpClass): 200 GET http://10.180.1.21/compute/v2.1/servers/94e9ac10-b6a0-4fc0-b64e-763f3793b7e8 0.324s
2025-03-06 09:31:56.689 69207 INFO tempest.common.waiters [-] State transition "BUILD/spawning" ==> "ACTIVE/None" after 43 second wait
2025-03-06 09:31:56.696 69189 INFO tempest.lib.common.rest_client [req-f16a406e-41ed-4fd9-bdbb-968f262f50e1 req-f16a406e-41ed-4fd9-bdbb-968f262f50e1 ] Request (FloatingIPsAssociationTestJSON:test_associate_already_associated_floating_ip): 200 GET http://10.180.1.21/compute/v2.1/servers/2494681b-ef4f-405a-8898-affcc4f7f136 0.227s
2025-03-06 09:31:56.733 69165 INFO tempest.lib.common.rest_client [req-880a2ea0-2305-4ec9-bb34-640105442dee req-880a2ea0-2305-4ec9-bb34-640105442dee ] Request (ServerDiskConfigTestJSON:test_rebuild_server_with_auto_disk_config): 200 GET http://10.180.1.21/compute/v2.1/servers/db7fed3c-36db-439c-bdf9-90289f849eac 0.236s
2025-03-06 09:31:56.791 69171 INFO tempest.lib.common.rest_client [req-243d8578-a381-42bf-8ccd-5aa907f5b847 req-243d8578-a381-42bf-8ccd-5aa907f5b847 ] Request (ServerDiagnosticsTest:test_get_server_diagnostics): 200 GET http://10.180.1.21/compute/v2.1/servers/08f79565-00e9-4b4e-a675-d150436201ad 0.265s
2025-03-06 09:31:56.802 69211 INFO tempest.lib.common.rest_client [req-2adc13a1-39a8-49a1-9630-17e6ed5b2226 req-2adc13a1-39a8-49a1-9630-17e6ed5b2226 ] Request (InstanceActionsNegativeTestJSON:setUpClass): 200 GET http://10.180.1.21/compute/v2.1/servers/fb8d223d-d2ec-48c1-8d20-7617be76dabe 0.224s
2025-03-06 09:31:56.862 69199 INFO tempest.lib.common.rest_client [req-4a74ebb4-9068-4ac2-9f4e-db4aeb064d29 req-4a74ebb4-9068-4ac2-9f4e-db4aeb064d29 ] Request (FloatingIPsAssociationNegativeTestJSON:tearDownClass): 200 GET http://10.180.1.21/compute/v2.1/servers/48440713-7649-4947-8bf0-89bcfaec2a28 0.274s
2025-03-06 09:31:56.919 69173 INFO tempest.lib.common.rest_client [req-0f1ae573-6599-4f66-9717-a7ffa08bce4b req-0f1ae573-6599-4f66-9717-a7ffa08bce4b ] Request (ServersTestFqdnHostnames:test_create_server_with_fqdn_name): 200 GET http://10.180.1.21/compute/v2.1/servers/1e1899d0-34ea-4ff3-a123-7790cf4989f5 0.266s
2025-03-06 09:31:57.017 69207 INFO tempest.lib.common.rest_client [req-9f1a305d-f8a1-4157-aed3-916091070b64 req-9f1a305d-f8a1-4157-aed3-916091070b64 ] Request (TenantUsagesTestJSON:test_get_usage_tenant): 200 GET http://10.180.1.21/compute/v2.1/os-simple-tenant-usage/19b33f969fc84a21a1f73af5146efcaa?start=2025-03-05T09%3A31%3A56.689723&end=2025-03-07T09%3A31%3A56.689723 0.327s
2025-03-06 09:31:57.069 69205 INFO tempest.lib.common.rest_client [req-b851ef3b-2feb-4b4e-b2f3-1177813ecd5e req-b851ef3b-2feb-4b4e-b2f3-1177813ecd5e ] Request (MultipleCreateTestJSON:test_multiple_create): 200 GET http://10.180.1.21/compute/v2.1/servers/5593b9ed-c7cb-498c-b4c3-4a2da54c2036 0.334s
2025-03-06 09:31:57.496 69159 INFO tempest.lib.common.rest_client [req-776390b2-f933-4a76-a241-6d4ad57ca52e req-776390b2-f933-4a76-a241-6d4ad57ca52e ] Request (ServerRescueTestJSONUnderV235:setUpClass): 200 PUT http://10.180.1.21:9696/networking/v2.0/routers/8d8ff7a3-b779-4607-8553-89cb0f7f0893/add_router_interface 1.390s
2025-03-06 09:31:57.496 69159 INFO tempest.lib.common.dynamic_creds [-] Created isolated network resources for: credentials: Credentials: {'domain_id': 'default', 'domain_name': 'Default', 'username': 'tempest-ServerRescueTestJSONUnderV235-1353243346-project-member', 'project_domain_id': 'default', 'project_domain_name': 'Default', 'project_id': '90b63a06280c43b984fa128c30214faa', 'project_name': 'tempest-ServerRescueTestJSONUnderV235-1353243346', 'tenant_id': '90b63a06280c43b984fa128c30214faa', 'tenant_name': 'tempest-ServerRescueTestJSONUnderV235-1353243346', 'user_domain_id': 'default', 'user_domain_name': 'Default', 'user_id': 'ce551bddc1a54e6c8ca989b8133a9afd', 'system': None}, Network: {'id': '1f78ec4f-1027-4123-8060-207456a62dc4', 'name': 'tempest-ServerRescueTestJSONUnderV235-1957300418-network', 'tenant_id': '90b63a06280c43b984fa128c30214faa', 'admin_state_up': True, 'mtu': 8950, 'status': 'ACTIVE', 'subnets': [], 'shared': False, 'project_id': '90b63a06280c43b984fa128c30214faa', 'port_security_enabled': True, 'router:external': False, 'provider:network_type': 'vlan', 'provider:physical_network': 'default', 'provider:segmentation_id': 537, 'availability_zone_hints': [], 'availability_zones': [], 'ipv4_address_scope': None, 'ipv6_address_scope': None, 'description': '', 'tags': [], 'created_at': '2025-03-06T09:31:53Z', 'updated_at': '2025-03-06T09:31:53Z', 'revision_number': 1}, Subnet: {'id': 'dbfe8d5c-44c5-4de8-91ba-158f19675ca9', 'name': 'tempest-ServerRescueTestJSONUnderV235-1957300418-subnet', 'tenant_id': '90b63a06280c43b984fa128c30214faa', 'network_id': '1f78ec4f-1027-4123-8060-207456a62dc4', 'ip_version': 4, 'subnetpool_id': None, 'enable_dhcp': False, 'ipv6_ra_mode': None, 'ipv6_address_mode': None, 'gateway_ip': '192.168.128.1', 'cidr': '192.168.128.0/28', 'allocation_pools': [{'start': '192.168.128.2', 'end': '192.168.128.14'}], 'host_routes': [], 'dns_nameservers': [], 'description': '', 'router:external': False, 'service_types': [], 'tags': [], 'created_at': '2025-03-06T09:31:54Z', 'updated_at': '2025-03-06T09:31:54Z', 'revision_number': 0, 'project_id': '90b63a06280c43b984fa128c30214faa'}, Router: {'id': '8d8ff7a3-b779-4607-8553-89cb0f7f0893', 'name': 'tempest-ServerRescueTestJSONUnderV235-1957300418-router', 'tenant_id': '90b63a06280c43b984fa128c30214faa', 'admin_state_up': True, 'status': 'ACTIVE', 'external_gateway_info': {'network_id': '08eb7682-68bf-4c37-be1a-5bd184f2922e', 'external_fixed_ips': [{'subnet_id': '4fa3ce76-3842-4372-9573-b3849722f3e8', 'ip_address': '10.180.180.129'}], 'enable_snat': True}, 'description': '', 'availability_zones': [], 'distributed': False, 'ha': False, 'availability_zone_hints': [], 'routes': [], 'flavor_id': None, 'tags': [], 'created_at': '2025-03-06T09:31:54Z', 'updated_at': '2025-03-06T09:31:55Z', 'revision_number': 2, 'project_id': '90b63a06280c43b984fa128c30214faa'}
2025-03-06 09:31:57.502 69177 WARNING tempest.lib.common.ssh [-] Failed to establish authenticated ssh connection to cirros@10.180.180.213 ([Errno None] Unable to connect to port 22 on 10.180.180.213). Number attempts: 1. Retry after 2 seconds.: paramiko.ssh_exception.NoValidConnectionsError: [Errno None] Unable to connect to port 22 on 10.180.180.213
2025-03-06 09:31:57.612 69159 INFO tempest.lib.common.rest_client [req-26b8ae01-50da-4c78-b958-42b06fdc8c07 req-26b8ae01-50da-4c78-b958-42b06fdc8c07 ] Request (ServerRescueTestJSONUnderV235:setUpClass): 201 POST http://10.180.1.21/identity/v3/auth/tokens 0.110s
2025-03-06 09:31:57.656 69159 INFO tempest.lib.common.rest_client [req-5c4e0494-2483-41d6-8791-803511aa83f9 req-5c4e0494-2483-41d6-8791-803511aa83f9 ] Request (ServerRescueTestJSONUnderV235:setUpClass): 201 POST http://10.180.1.21/identity/v3/auth/tokens 0.039s
2025-03-06 09:31:57.657 69159 INFO tempest.lib.common.fixed_network [-] (ServerRescueTestJSONUnderV235:setUpClass) Found network {'id': '1f78ec4f-1027-4123-8060-207456a62dc4', 'name': 'tempest-ServerRescueTestJSONUnderV235-1957300418-network', 'tenant_id': '90b63a06280c43b984fa128c30214faa', 'admin_state_up': True, 'mtu': 8950, 'status': 'ACTIVE', 'subnets': [], 'shared': False, 'project_id': '90b63a06280c43b984fa128c30214faa', 'port_security_enabled': True, 'router:external': False, 'provider:network_type': 'vlan', 'provider:physical_network': 'default', 'provider:segmentation_id': 537, 'availability_zone_hints': [], 'availability_zones': [], 'ipv4_address_scope': None, 'ipv6_address_scope': None, 'description': '', 'tags': [], 'created_at': '2025-03-06T09:31:53Z', 'updated_at': '2025-03-06T09:31:53Z', 'revision_number': 1} available for tenant
2025-03-06 09:31:58.011 69163 WARNING tempest.lib.common.ssh [-] Failed to establish authenticated ssh connection to cirros@10.180.180.211 ([Errno None] Unable to connect to port 22 on 10.180.180.211). Number attempts: 4. Retry after 5 seconds.: paramiko.ssh_exception.NoValidConnectionsError: [Errno None] Unable to connect to port 22 on 10.180.180.211
2025-03-06 09:32:00.570 69177 WARNING tempest.lib.common.ssh [-] Failed to establish authenticated ssh connection to cirros@10.180.180.213 ([Errno None] Unable to connect to port 22 on 10.180.180.213). Number attempts: 2. Retry after 3 seconds.: paramiko.ssh_exception.NoValidConnectionsError: [Errno None] Unable to connect to port 22 on 10.180.180.213
2025-03-06 09:32:01.109 69183 INFO tempest.lib.common.rest_client [req-a7ab3a81-b859-4ca5-a906-610718eb296f req-a7ab3a81-b859-4ca5-a906-610718eb296f ] Request (ImagesOneServerTestJSON:test_create_delete_image): 200 GET http://10.180.1.21/compute/v2.1/images/ba64be62-fdb8-4656-bf9a-d8ee0d401069 4.309s
2025-03-06 09:32:01.142 69169 INFO tempest.lib.common.rest_client [req-2b57a544-472b-4b6c-b495-83af720554df req-2b57a544-472b-4b6c-b495-83af720554df ] Request (ImagesTestJSON:test_create_image_from_stopped_server): 200 GET http://10.180.1.21/compute/v2.1/images/ee0820a6-56a8-4e8c-b533-3ef7917b76e8 4.340s
2025-03-06 09:32:01.206 69185 INFO tempest.lib.common.rest_client [req-b75b6e0a-66d6-4329-845f-c3e0aabbc74f req-b75b6e0a-66d6-4329-845f-c3e0aabbc74f ] Request (ServerActionsTestOtherB:setUpClass): 200 GET http://10.180.1.21/compute/v2.1/servers/0acce7bd-b0b0-430e-b913-8d3a73b9e783 4.342s
2025-03-06 09:32:01.262 69213 INFO tempest.lib.common.rest_client [req-0c7292d3-a4b5-46f6-99e8-aa8c3fe3d83f req-0c7292d3-a4b5-46f6-99e8-aa8c3fe3d83f ] Request (ServerExternalEventsTest:test_create_server_external_events): 200 GET http://10.180.1.21/compute/v2.1/servers/bf972e49-a76d-47d5-bc4f-f934412c899a 4.382s
2025-03-06 09:32:01.321 69193 INFO tempest.lib.common.rest_client [req-0ff4e82f-4372-4a2c-91c1-84c366a9edf9 req-0ff4e82f-4372-4a2c-91c1-84c366a9edf9 ] Request (ServersTestJSON:setUpClass): 200 GET http://10.180.1.21/compute/v2.1/servers/40404246-f067-4f63-b751-1509d0844840 4.406s
2025-03-06 09:32:01.386 69179 INFO tempest.lib.common.rest_client [req-650db4c4-1298-4cfa-9268-159c15b2c12d req-650db4c4-1298-4cfa-9268-159c15b2c12d ] Request (ServerDiagnosticsV248Test:tearDownClass): 200 GET http://10.180.1.21/compute/v2.1/servers/223b8b6f-b42c-4a06-b5bb-0354dd87cdea 4.419s
2025-03-06 09:32:01.436 69197 INFO tempest.lib.common.rest_client [req-86a7f3c5-34ac-47f6-8b5b-0dae67e466d3 req-86a7f3c5-34ac-47f6-8b5b-0dae67e466d3 ] Request (ServersAdminNegativeTestJSON:test_migrate_server_invalid_state): 200 GET http://10.180.1.21/compute/v2.1/servers/9c5bda7c-55f0-402d-a515-87147f39fdd9 4.441s
