2025-03-06 09:31:27.993 69167 INFO tempest.lib.common.dynamic_creds [-] Created isolated network resources for: credentials: Credentials: {'domain_id': 'default', 'domain_name': 'Default', 'username': 'tempest-VolumesAdminNegativeTest-118789864-project-member', 'project_domain_id': 'default', 'project_domain_name': 'Default', 'project_id': '26551f59df0d4860bb89c7632ec148f5', 'project_name': 'tempest-VolumesAdminNegativeTest-118789864', 'tenant_id': '26551f59df0d4860bb89c7632ec148f5', 'tenant_name': 'tempest-VolumesAdminNegativeTest-118789864', 'user_domain_id': 'default', 'user_domain_name': 'Default', 'user_id': '97bcf0fd8fdc4fbbb5827d3de23f6d1e', 'system': None}, Network: {'id': 'f43a58ad-1fc4-4556-85c2-db02f409db28', 'name': 'tempest-VolumesAdminNegativeTest-1152255259-network', 'tenant_id': '26551f59df0d4860bb89c7632ec148f5', 'admin_state_up': True, 'mtu': 8950, 'status': 'ACTIVE', 'subnets': [], 'shared': False, 'project_id': '26551f59df0d4860bb89c7632ec148f5', 'port_security_enabled': True, 'router:external': False, 'provider:network_type': 'vlan', 'provider:physical_network': 'default', 'provider:segmentation_id': 646, 'availability_zone_hints': [], 'availability_zones': [], 'ipv4_address_scope': None, 'ipv6_address_scope': None, 'description': '', 'tags': [], 'created_at': '2025-03-06T09:31:24Z', 'updated_at': '2025-03-06T09:31:24Z', 'revision_number': 1}, Subnet: {'id': '515231a3-5aa1-4df6-b1e7-c6d6ccda457e', 'name': 'tempest-VolumesAdminNegativeTest-1152255259-subnet', 'tenant_id': '26551f59df0d4860bb89c7632ec148f5', 'network_id': 'f43a58ad-1fc4-4556-85c2-db02f409db28', 'ip_version': 4, 'subnetpool_id': None, 'enable_dhcp': True, 'ipv6_ra_mode': None, 'ipv6_address_mode': None, 'gateway_ip': '192.168.128.1', 'cidr': '192.168.128.0/28', 'allocation_pools': [{'start': '192.168.128.2', 'end': '192.168.128.14'}], 'host_routes': [], 'dns_nameservers': [], 'description': '', 'router:external': False, 'service_types': [], 'tags': [], 'created_at': '2025-03-06T09:31:25Z', 'updated_at': '2025-03-06T09:31:25Z', 'revision_number': 0, 'project_id': '26551f59df0d4860bb89c7632ec148f5'}, Router: {'id': '8b8eedbe-e398-49ab-bc57-d1d919d9b006', 'name': 'tempest-VolumesAdminNegativeTest-1152255259-router', 'tenant_id': '26551f59df0d4860bb89c7632ec148f5', 'admin_state_up': True, 'status': 'ACTIVE', 'external_gateway_info': {'network_id': '08eb7682-68bf-4c37-be1a-5bd184f2922e', 'external_fixed_ips': [{'subnet_id': '4fa3ce76-3842-4372-9573-b3849722f3e8', 'ip_address': '10.180.180.238'}], 'enable_snat': True}, 'description': '', 'availability_zones': [], 'distributed': False, 'ha': False, 'availability_zone_hints': [], 'routes': [], 'flavor_id': None, 'tags': [], 'created_at': '2025-03-06T09:31:25Z', 'updated_at': '2025-03-06T09:31:26Z', 'revision_number': 2, 'project_id': '26551f59df0d4860bb89c7632ec148f5'}
2025-03-06 09:31:28.050 69189 INFO tempest.lib.common.rest_client [req-76891f84-1dcb-41e0-aae1-4ad53e42af2b req-76891f84-1dcb-41e0-aae1-4ad53e42af2b ] Request (FloatingIPsAssociationTestJSON:test_associate_already_associated_floating_ip): 200 GET http://10.180.1.21/compute/v2.1/servers/2494681b-ef4f-405a-8898-affcc4f7f136 1.827s
2025-03-06 09:31:28.066 69199 INFO tempest.lib.common.rest_client [req-20802b07-6b26-432f-86f1-1797f7f889b9 req-20802b07-6b26-432f-86f1-1797f7f889b9 ] Request (FloatingIPsAssociationNegativeTestJSON:test_associate_ip_to_server_with_floating_ip): 202 POST http://10.180.1.21/compute/v2.1/servers/48440713-7649-4947-8bf0-89bcfaec2a28/action 2.936s
2025-03-06 09:31:28.103 69167 INFO tempest.lib.common.rest_client [req-8d74ab33-3e91-4297-a813-3b811b1dc9f6 req-8d74ab33-3e91-4297-a813-3b811b1dc9f6 ] Request (VolumesAdminNegativeTest:setUpClass): 201 POST http://10.180.1.21/identity/v3/auth/tokens 0.106s
2025-03-06 09:31:28.137 69191 INFO tempest.lib.common.rest_client [req-9116ee9d-f84c-45d5-aec9-f4b39f02b739 req-9116ee9d-f84c-45d5-aec9-f4b39f02b739 ] Request (QuotasAdminTestJSON:tearDownClass): 204 DELETE http://10.180.1.21:9696/networking/v2.0/security-groups/7d38be4e-740a-4171-87cb-18001b5498c5 0.145s
2025-03-06 09:31:28.149 69159 INFO tempest.lib.common.rest_client [req-873c0c0a-c9ff-442d-bcf1-ad3accb3c108 req-873c0c0a-c9ff-442d-bcf1-ad3accb3c108 ] Request (InstanceActionsV221TestJSON:test_get_list_deleted_instance_actions): 200 GET http://10.180.1.21/compute/v2.1/servers/0603a8a3-d704-4ec2-9808-3fda6be1df72 1.670s
2025-03-06 09:31:28.199 69195 INFO tempest.lib.common.rest_client [req-d1570ddd-38d4-479d-a03e-5817c2232913 req-d1570ddd-38d4-479d-a03e-5817c2232913 ] Request (SecurityGroupRulesTestJSON:test_security_group_rules_create_with_optional_group_id): 200 POST http://10.180.1.21/compute/v2.1/os-security-groups 1.854s
2025-03-06 09:31:28.204 69167 INFO tempest.lib.common.rest_client [req-248dc11f-9d91-4109-b5ae-e24df68ec019 req-248dc11f-9d91-4109-b5ae-e24df68ec019 ] Request (VolumesAdminNegativeTest:setUpClass): 201 POST http://10.180.1.21/identity/v3/projects 0.101s
2025-03-06 09:31:28.224 69187 INFO tempest.lib.common.rest_client [req-ca5024d7-e96b-47b7-a48b-878a22409d92 req-ca5024d7-e96b-47b7-a48b-878a22409d92 ] Request (DeleteServersAdminTestJSON:test_admin_delete_servers_of_others): 200 GET http://10.180.1.21/compute/v2.1/servers/3d615018-ab02-4f07-bc90-d13b44c09a5b 1.724s
2025-03-06 09:31:28.288 69167 INFO tempest.lib.common.rest_client [req-86a8db59-8556-4aa8-ab3e-c628dbceb7c1 req-86a8db59-8556-4aa8-ab3e-c628dbceb7c1 ] Request (VolumesAdminNegativeTest:setUpClass): 201 POST http://10.180.1.21/identity/v3/users 0.082s
2025-03-06 09:31:28.311 69191 INFO tempest.lib.common.rest_client [req-8e4f79ce-1530-4f0f-836c-865630bbe868 req-8e4f79ce-1530-4f0f-836c-865630bbe868 ] Request (QuotasAdminTestJSON:tearDownClass): 204 DELETE http://10.180.1.21/identity/v3/projects/cd3445a11a37433c812266d3d67aab5e 0.173s
2025-03-06 09:31:28.347 69163 INFO tempest.lib.common.rest_client [req-b47c93fd-9e14-4d12-bfe6-a366a913b6b4 req-b47c93fd-9e14-4d12-bfe6-a366a913b6b4 ] Request (VolumesAssistedSnapshotsTest:test_volume_assisted_snapshot_create_delete): 200 GET http://10.180.1.21/compute/v2.1/servers/bd07bcb9-1fe3-4c7c-a2d5-05cdfd1c42ae 1.660s
2025-03-06 09:31:28.375 69167 INFO tempest.lib.common.rest_client [req-06011a4f-1e95-4f77-8300-dea0d54dffc6 req-06011a4f-1e95-4f77-8300-dea0d54dffc6 ] Request (VolumesAdminNegativeTest:setUpClass): 200 GET http://10.180.1.21/identity/v3/roles 0.086s
2025-03-06 09:31:28.377 69191 INFO tempest.lib.common.rest_client [req-bffa4627-4dbb-4394-860c-4fdab533b7e7 req-bffa4627-4dbb-4394-860c-4fdab533b7e7 ] Request (QuotasAdminTestV236:setUpClass): 201 POST http://10.180.1.21/identity/v3/auth/tokens 0.064s
2025-03-06 09:31:28.407 69167 INFO tempest.lib.common.rest_client [req-8eec4f8d-64a1-46e1-a871-b23df5095920 req-8eec4f8d-64a1-46e1-a871-b23df5095920 ] Request (VolumesAdminNegativeTest:setUpClass): 204 PUT http://10.180.1.21/identity/v3/projects/73f7f9138eb2455da71c4e43a8c41955/users/a7c773e1f28f4555b9ae6811f1dbf209/roles/9423c6ba64154006a89a1d130f0a2691 0.031s
2025-03-06 09:31:28.485 69191 INFO tempest.lib.common.rest_client [req-2a17cfe5-f627-4cd7-8b17-e4c6b6650310 req-2a17cfe5-f627-4cd7-8b17-e4c6b6650310 ] Request (QuotasAdminTestV236:setUpClass): 201 POST http://10.180.1.21/identity/v3/auth/tokens 0.105s
2025-03-06 09:31:28.512 69167 INFO tempest.lib.common.rest_client [req-6b3e15f7-1a42-4b2c-8791-be03b2ededa4 req-6b3e15f7-1a42-4b2c-8791-be03b2ededa4 ] Request (VolumesAdminNegativeTest:setUpClass): 200 GET http://10.180.1.21/identity/v3/roles 0.104s
2025-03-06 09:31:28.532 69203 INFO tempest.lib.common.rest_client [req-ffac42b0-1a16-4ff9-84f5-0bca86cd7f19 req-ffac42b0-1a16-4ff9-84f5-0bca86cd7f19 ] Request (ServersListShow298Test:test_list_show_update_rebuild_server_298): 202 POST http://10.180.1.21/compute/v2.1/servers/bcce1167-e77a-40a1-afcf-3a6d77789789/action 2.005s
2025-03-06 09:31:28.538 69191 INFO tempest.lib.common.rest_client [req-ba81db79-df28-401f-96da-9923c706961f req-ba81db79-df28-401f-96da-9923c706961f ] Request (QuotasAdminTestV236:setUpClass): 200 GET http://10.180.1.21/identity/v3/domains?name=Default 0.053s
2025-03-06 09:31:28.562 69167 INFO tempest.lib.common.rest_client [req-5b315bb6-1e46-441c-a36b-8580e893e513 req-5b315bb6-1e46-441c-a36b-8580e893e513 ] Request (VolumesAdminNegativeTest:setUpClass): 204 PUT http://10.180.1.21/identity/v3/projects/73f7f9138eb2455da71c4e43a8c41955/users/a7c773e1f28f4555b9ae6811f1dbf209/roles/9423c6ba64154006a89a1d130f0a2691 0.049s
2025-03-06 09:31:28.563 69167 INFO tempest.lib.common.dynamic_creds [-] Dynamic test user a7c773e1f28f4555b9ae6811f1dbf209 is created with scope project and roles: ['admin']
2025-03-06 09:31:28.563 69167 INFO tempest.lib.common.dynamic_creds [-] Acquired dynamic creds: credentials: Credentials: {'domain_id': 'default', 'domain_name': 'Default', 'username': 'tempest-VolumesAdminNegativeTest-385567271-project-admin', 'project_domain_id': 'default', 'project_domain_name': 'Default', 'project_id': '73f7f9138eb2455da71c4e43a8c41955', 'project_name': 'tempest-VolumesAdminNegativeTest-385567271', 'tenant_id': '73f7f9138eb2455da71c4e43a8c41955', 'tenant_name': 'tempest-VolumesAdminNegativeTest-385567271', 'user_domain_id': 'default', 'user_domain_name': 'Default', 'user_id': 'a7c773e1f28f4555b9ae6811f1dbf209', 'system': None}, Network: None, Subnet: None, Router: None
2025-03-06 09:31:28.678 69191 INFO tempest.lib.common.rest_client [req-73dd1f71-0261-42ea-9391-a7c5841c3c8a req-73dd1f71-0261-42ea-9391-a7c5841c3c8a ] Request (QuotasAdminTestV236:setUpClass): 201 POST http://10.180.1.21/identity/v3/projects 0.139s
2025-03-06 09:31:28.708 69173 INFO tempest.lib.common.rest_client [req-3e95cf39-7308-4fdc-93c2-f4d32295e848 req-3e95cf39-7308-4fdc-93c2-f4d32295e848 ] Request (ServersTestFqdnHostnames:test_create_server_with_fqdn_name): 200 POST http://10.180.1.21/compute/v2.1/os-keypairs 1.759s
2025-03-06 09:31:28.714 69171 INFO tempest.lib.common.rest_client [req-c133f673-5677-4699-9036-5ce982c8de42 req-c133f673-5677-4699-9036-5ce982c8de42 ] Request (AggregatesAdminNegativeTestJSON:test_aggregate_get_details_as_user): 403 GET http://10.180.1.21/compute/v2.1/os-aggregates/6 1.614s
2025-03-06 09:31:28.784 69191 INFO tempest.lib.common.rest_client [req-6d2f0fa5-9d7a-4ca6-95c2-b2c8e1358c1f req-6d2f0fa5-9d7a-4ca6-95c2-b2c8e1358c1f ] Request (QuotasAdminTestV236:setUpClass): 201 POST http://10.180.1.21/identity/v3/users 0.106s
2025-03-06 09:31:28.813 69191 INFO tempest.lib.common.rest_client [req-6a8f9729-518e-45a1-ba6d-5863d3cd664f req-6a8f9729-518e-45a1-ba6d-5863d3cd664f ] Request (QuotasAdminTestV236:setUpClass): 200 GET http://10.180.1.21/identity/v3/roles 0.028s
2025-03-06 09:31:28.822 69175 INFO tempest.lib.common.rest_client [req-5f9d6c9a-91bd-4b7d-8165-12554b275812 req-5f9d6c9a-91bd-4b7d-8165-12554b275812 ] Request (ServerDiagnosticsNegativeTest:tearDownClass): 200 GET http://10.180.1.21/compute/v2.1/servers/47027cae-3d2d-424e-8f73-38cd839ed5ae 1.693s
2025-03-06 09:31:28.866 69191 INFO tempest.lib.common.rest_client [req-d24bcf10-a1bd-484c-89aa-b12f3433fd1b req-d24bcf10-a1bd-484c-89aa-b12f3433fd1b ] Request (QuotasAdminTestV236:setUpClass): 204 PUT http://10.180.1.21/identity/v3/projects/10555ecfa6f047f294e01d2b93a3ebb4/users/5a840034984e4370ab14aaea18b0e135/roles/bceb9a0d99eb41e7943ae98b75727d46 0.052s
2025-03-06 09:31:28.866 69191 INFO tempest.lib.common.dynamic_creds [-] Dynamic test user 5a840034984e4370ab14aaea18b0e135 is created with scope project and roles: ['member']
2025-03-06 09:31:28.867 69191 INFO tempest.lib.common.dynamic_creds [-] Acquired dynamic creds: credentials: Credentials: {'domain_id': 'default', 'domain_name': 'Default', 'username': 'tempest-QuotasAdminTestV236-1923933520-project-member', 'project_domain_id': 'default', 'project_domain_name': 'Default', 'project_id': '10555ecfa6f047f294e01d2b93a3ebb4', 'project_name': 'tempest-QuotasAdminTestV236-1923933520', 'tenant_id': '10555ecfa6f047f294e01d2b93a3ebb4', 'tenant_name': 'tempest-QuotasAdminTestV236-1923933520', 'user_domain_id': 'default', 'user_domain_name': 'Default', 'user_id': '5a840034984e4370ab14aaea18b0e135', 'system': None}, Network: None, Subnet: None, Router: None
2025-03-06 09:31:28.867 69191 INFO tempest.lib.common.dynamic_creds [-] Created isolated network resources for: credentials: Credentials: {'domain_id': 'default', 'domain_name': 'Default', 'username': 'tempest-QuotasAdminTestV236-1923933520-project-member', 'project_domain_id': 'default', 'project_domain_name': 'Default', 'project_id': '10555ecfa6f047f294e01d2b93a3ebb4', 'project_name': 'tempest-QuotasAdminTestV236-1923933520', 'tenant_id': '10555ecfa6f047f294e01d2b93a3ebb4', 'tenant_name': 'tempest-QuotasAdminTestV236-1923933520', 'user_domain_id': 'default', 'user_domain_name': 'Default', 'user_id': '5a840034984e4370ab14aaea18b0e135', 'system': None}, Network: None, Subnet: None, Router: None
2025-03-06 09:31:28.892 69167 INFO tempest.lib.common.rest_client [req-af47beeb-7920-4b9c-a4ba-88755876694a req-af47beeb-7920-4b9c-a4ba-88755876694a ] Request (VolumesAdminNegativeTest:setUpClass): 201 POST http://10.180.1.21:9696/networking/v2.0/networks 0.328s
2025-03-06 09:31:28.918 69211 INFO tempest.lib.common.rest_client [req-f4c75702-ab81-41cf-b02e-f276f3907776 req-f4c75702-ab81-41cf-b02e-f276f3907776 ] Request (InstanceActionsNegativeTestJSON:setUpClass): 200 GET http://10.180.1.21/compute/v2.1/servers/fb8d223d-d2ec-48c1-8d20-7617be76dabe 1.696s
2025-03-06 09:31:28.923 69173 INFO tempest.lib.common.rest_client [req-3323602c-b1b8-4eb9-a1a1-9eeabad50d8e req-3323602c-b1b8-4eb9-a1a1-9eeabad50d8e ] Request (ServersTestFqdnHostnames:test_create_server_with_fqdn_name): 201 POST http://10.180.1.21:9696/networking/v2.0/security-groups 0.213s
2025-03-06 09:31:28.928 69211 INFO tempest.common.waiters [-] State transition "BUILD/scheduling" ==> "BUILD/None" after 10 second wait
2025-03-06 09:31:28.982 69191 INFO tempest.lib.common.rest_client [req-2b5cbc6a-e025-4ac9-98d2-9f53f1c7aab4 req-2b5cbc6a-e025-4ac9-98d2-9f53f1c7aab4 ] Request (QuotasAdminTestV236:setUpClass): 201 POST http://10.180.1.21/identity/v3/auth/tokens 0.110s
2025-03-06 09:31:29.073 69191 INFO tempest.lib.common.rest_client [req-1c67c5e3-c48e-4e28-8a3c-6e8ed009c17e req-1c67c5e3-c48e-4e28-8a3c-6e8ed009c17e ] Request (QuotasAdminTestV236:setUpClass): 201 POST http://10.180.1.21/identity/v3/projects 0.091s
2025-03-06 09:31:29.092 69153 INFO tempest.lib.common.rest_client [req-3f84d408-3ba5-4cfe-91d0-68182c507c39 req-3f84d408-3ba5-4cfe-91d0-68182c507c39 ] Request (SecurityGroupRulesNegativeTestJSON:tearDownClass): 202 DELETE http://10.180.1.21/compute/v2.1/os-security-groups/2a3d38c4-1c73-4ff4-95af-df50687f9808 1.779s
2025-03-06 09:31:29.151 69173 INFO tempest.lib.common.rest_client [req-908044b1-44d2-4c7b-b30e-454ec511a3ad req-908044b1-44d2-4c7b-b30e-454ec511a3ad ] Request (ServersTestFqdnHostnames:test_create_server_with_fqdn_name): 201 POST http://10.180.1.21:9696/networking/v2.0/security-group-rules 0.228s
2025-03-06 09:31:29.158 69183 INFO tempest.lib.common.rest_client [req-c8d25a20-2798-411c-8375-e373c1ea8532 req-c8d25a20-2798-411c-8375-e373c1ea8532 ] Request (ImagesOneServerTestJSON:setUpClass): 200 GET http://10.180.1.21/compute/v2.1/servers/176ad5bc-882c-4539-b69e-03c06616f933 1.740s
2025-03-06 09:31:29.182 69191 INFO tempest.lib.common.rest_client [req-066b2698-893e-4c84-99cd-43908eaf4d27 req-066b2698-893e-4c84-99cd-43908eaf4d27 ] Request (QuotasAdminTestV236:setUpClass): 201 POST http://10.180.1.21/identity/v3/users 0.108s
2025-03-06 09:31:29.184 69205 INFO tempest.lib.common.rest_client [req-daa2b697-571d-4483-92ef-58007d8c6254 req-daa2b697-571d-4483-92ef-58007d8c6254 ] Request (FlavorsAccessNegativeTestJSON:_run_cleanups): 202 DELETE http://10.180.1.21/compute/v2.1/flavors/1842933702 1.738s
2025-03-06 09:31:29.200 69213 INFO tempest.lib.common.rest_client [req-91028c5f-1223-4fb9-9c7d-47f43f268a70 req-91028c5f-1223-4fb9-9c7d-47f43f268a70 ] Request (FlavorsAdminTestJSON:_run_cleanups): 202 DELETE http://10.180.1.21/compute/v2.1/flavors/1223654946 1.741s
2025-03-06 09:31:29.224 69191 INFO tempest.lib.common.rest_client [req-f63f2e36-adaf-464f-9494-8831eab272a4 req-f63f2e36-adaf-464f-9494-8831eab272a4 ] Request (QuotasAdminTestV236:setUpClass): 200 GET http://10.180.1.21/identity/v3/roles 0.042s
2025-03-06 09:31:29.254 69191 INFO tempest.lib.common.rest_client [req-9491dfdd-1720-4683-8b32-c7a57dc6bd0b req-9491dfdd-1720-4683-8b32-c7a57dc6bd0b ] Request (QuotasAdminTestV236:setUpClass): 204 PUT http://10.180.1.21/identity/v3/projects/d21d71aee83e4ed3a6fbd81063af5a18/users/722eec0bea8848c1b14b2a4a018830ba/roles/9423c6ba64154006a89a1d130f0a2691 0.029s
2025-03-06 09:31:29.257 69185 INFO tempest.lib.common.rest_client [req-d4f2f94e-83b9-491e-be03-79274cb72da0 req-d4f2f94e-83b9-491e-be03-79274cb72da0 ] Request (ServerActionsTestOtherB:setUpClass): 200 GET http://10.180.1.21/compute/v2.1/servers/0acce7bd-b0b0-430e-b913-8d3a73b9e783 1.674s
2025-03-06 09:31:29.329 69191 INFO tempest.lib.common.rest_client [req-dbe7392e-8608-4acf-b996-998683606d88 req-dbe7392e-8608-4acf-b996-998683606d88 ] Request (QuotasAdminTestV236:setUpClass): 200 GET http://10.180.1.21/identity/v3/roles 0.075s
2025-03-06 09:31:29.352 69191 INFO tempest.lib.common.rest_client [req-bdca4c42-c824-48c3-af85-1937b2d916f0 req-bdca4c42-c824-48c3-af85-1937b2d916f0 ] Request (QuotasAdminTestV236:setUpClass): 204 PUT http://10.180.1.21/identity/v3/projects/d21d71aee83e4ed3a6fbd81063af5a18/users/722eec0bea8848c1b14b2a4a018830ba/roles/9423c6ba64154006a89a1d130f0a2691 0.022s
2025-03-06 09:31:29.352 69191 INFO tempest.lib.common.dynamic_creds [-] Dynamic test user 722eec0bea8848c1b14b2a4a018830ba is created with scope project and roles: ['admin']
2025-03-06 09:31:29.352 69191 INFO tempest.lib.common.dynamic_creds [-] Acquired dynamic creds: credentials: Credentials: {'domain_id': 'default', 'domain_name': 'Default', 'username': 'tempest-QuotasAdminTestV236-386032572-project-admin', 'project_domain_id': 'default', 'project_domain_name': 'Default', 'project_id': 'd21d71aee83e4ed3a6fbd81063af5a18', 'project_name': 'tempest-QuotasAdminTestV236-386032572', 'tenant_id': 'd21d71aee83e4ed3a6fbd81063af5a18', 'tenant_name': 'tempest-QuotasAdminTestV236-386032572', 'user_domain_id': 'default', 'user_domain_name': 'Default', 'user_id': '722eec0bea8848c1b14b2a4a018830ba', 'system': None}, Network: None, Subnet: None, Router: None
2025-03-06 09:31:29.352 69191 INFO tempest.lib.common.dynamic_creds [-] Created isolated network resources for: credentials: Credentials: {'domain_id': 'default', 'domain_name': 'Default', 'username': 'tempest-QuotasAdminTestV236-386032572-project-admin', 'project_domain_id': 'default', 'project_domain_name': 'Default', 'project_id': 'd21d71aee83e4ed3a6fbd81063af5a18', 'project_name': 'tempest-QuotasAdminTestV236-386032572', 'tenant_id': 'd21d71aee83e4ed3a6fbd81063af5a18', 'tenant_name': 'tempest-QuotasAdminTestV236-386032572', 'user_domain_id': 'default', 'user_domain_name': 'Default', 'user_id': '722eec0bea8848c1b14b2a4a018830ba', 'system': None}, Network: None, Subnet: None, Router: None
2025-03-06 09:31:29.367 69167 INFO tempest.lib.common.rest_client [req-bea190f3-0765-4336-90a6-0b079cd8fe8e req-bea190f3-0765-4336-90a6-0b079cd8fe8e ] Request (VolumesAdminNegativeTest:setUpClass): 201 POST http://10.180.1.21:9696/networking/v2.0/subnets 0.474s
2025-03-06 09:31:29.388 69201 INFO tempest.lib.common.rest_client [req-601609c2-38b2-4c9c-814f-cb7c64d5bd1f req-601609c2-38b2-4c9c-814f-cb7c64d5bd1f ] Request (ServerActionsTestJSON:setUpClass): 200 GET http://10.180.1.21/compute/v2.1/servers/28bf3f4e-650a-44b4-abf2-8195f32cfb34 1.752s
2025-03-06 09:31:29.398 69201 INFO tempest.common.waiters [-] State transition "BUILD/spawning" ==> "ACTIVE/None" after 27 second wait
2025-03-06 09:31:29.401 69173 INFO tempest.lib.common.rest_client [req-4fb914f6-0120-4d4b-b1d9-6e9e4e9024f0 req-4fb914f6-0120-4d4b-b1d9-6e9e4e9024f0 ] Request (ServersTestFqdnHostnames:test_create_server_with_fqdn_name): 201 POST http://10.180.1.21:9696/networking/v2.0/security-group-rules 0.249s
2025-03-06 09:31:29.435 69191 INFO tempest.lib.common.rest_client [req-3ac674b0-8814-4b83-b32a-4df9c635f049 req-3ac674b0-8814-4b83-b32a-4df9c635f049 ] Request (QuotasAdminTestV236:setUpClass): 201 POST http://10.180.1.21/identity/v3/auth/tokens 0.080s
2025-03-06 09:31:29.449 69193 INFO tempest.lib.common.rest_client [req-b4614eea-a110-4f50-a346-fd9454cde3b7 req-b4614eea-a110-4f50-a346-fd9454cde3b7 ] Request (ServersTestJSON:setUpClass): 200 GET http://10.180.1.21/compute/v2.1/servers/40404246-f067-4f63-b751-1509d0844840 1.808s
2025-03-06 09:31:29.458 69157 INFO tempest.lib.common.rest_client [req-d71fb211-5383-4a7f-83c7-68a4b3d698a9 req-d71fb211-5383-4a7f-83c7-68a4b3d698a9 ] Request (ImagesOneServerNegativeTestJSON:test_create_image_specify_invalid_metadata): 400 POST http://10.180.1.21/compute/v2.1/servers/b25fe864-0d1a-4818-810e-6e1cc8cbfe9c/action 1.808s
2025-03-06 09:31:29.465 69191 INFO tempest.lib.common.rest_client [req-e5e569ad-a67c-4b91-a6cc-746badec8339 req-e5e569ad-a67c-4b91-a6cc-746badec8339 ] Request (QuotasAdminTestV236:test_get_updated_quotas): 200 GET http://10.180.1.21/identity/v3/domains?name=Default 0.027s
2025-03-06 09:31:29.494 69191 INFO tempest.lib.common.rest_client [req-ce3fab76-7dc5-4e81-b516-90ac2c1e0598 req-ce3fab76-7dc5-4e81-b516-90ac2c1e0598 ] Request (QuotasAdminTestV236:test_get_updated_quotas): 201 POST http://10.180.1.21/identity/v3/projects 0.029s
2025-03-06 09:31:29.540 69179 INFO tempest.lib.common.rest_client [req-b6867d0a-1380-46cb-916a-2ca1273206a1 req-b6867d0a-1380-46cb-916a-2ca1273206a1 ] Request (ServerDiagnosticsV248Test:test_get_server_diagnostics): 200 GET http://10.180.1.21/compute/v2.1/servers/223b8b6f-b42c-4a06-b5bb-0354dd87cdea 1.815s
2025-03-06 09:31:29.544 69191 INFO tempest.lib.common.rest_client [req-d492740b-a63f-45de-ae77-15a29f64c6a1 req-d492740b-a63f-45de-ae77-15a29f64c6a1 ] Request (QuotasAdminTestV236:test_get_updated_quotas): 200 GET http://10.180.1.21/identity/v3/domains?name=Default 0.049s
2025-03-06 09:31:29.552 69179 INFO tempest.common.waiters [-] State transition "BUILD/spawning" ==> "ACTIVE/None" after 27 second wait
2025-03-06 09:31:29.610 69169 INFO tempest.lib.common.rest_client [req-3f2e0239-2636-4629-a1d0-591c60002400 req-3f2e0239-2636-4629-a1d0-591c60002400 ] Request (ImagesTestJSON:test_create_image_from_stopped_server): 200 GET http://10.180.1.21/compute/v2.1/servers/5a20a423-c3ac-476e-aecb-7e42a7c24610 1.803s
2025-03-06 09:31:29.731 69165 INFO tempest.lib.common.rest_client [req-a94b7517-5f5c-434b-b41a-269d2893fe99 req-a94b7517-5f5c-434b-b41a-269d2893fe99 ] Request (FloatingIPDetailsTestJSON:setUpClass): 200 POST http://10.180.1.21/compute/v2.1/os-floating-ips 2.863s
2025-03-06 09:31:29.814 69207 INFO tempest.lib.common.rest_client [req-ffe6edee-51b3-43c5-a215-f8c2560840a2 req-ffe6edee-51b3-43c5-a215-f8c2560840a2 ] Request (TenantUsagesTestJSON:setUpClass): 200 GET http://10.180.1.21/compute/v2.1/servers/94e9ac10-b6a0-4fc0-b64e-763f3793b7e8 1.725s
2025-03-06 09:31:29.879 69177 INFO tempest.lib.common.rest_client [req-4db010ad-8337-4f96-be17-403d0b91d593 req-4db010ad-8337-4f96-be17-403d0b91d593 ] Request (ServersWithSpecificFlavorTestJSON:test_verify_created_server_ephemeral_disk): 200 GET http://10.180.1.21/compute/v2.1/servers/e41bc40e-f2c2-4fe5-9a77-68c71cbe8e8a 1.713s
2025-03-06 09:31:30.220 69153 INFO tempest.lib.common.rest_client [req-7b136c82-6201-4c8d-83b7-0779587f4920 req-7b136c82-6201-4c8d-83b7-0779587f4920 ] Request (SecurityGroupRulesNegativeTestJSON:tearDownClass): 200 PUT http://10.180.1.21:9696/networking/v2.0/routers/56a7e707-ab39-41f2-a360-38759b80c6a7/remove_router_interface 1.127s
2025-03-06 09:31:30.229 69195 INFO tempest.lib.common.rest_client [req-4bf20cda-262c-418c-b318-1d58eff39201 req-4bf20cda-262c-418c-b318-1d58eff39201 ] Request (SecurityGroupRulesTestJSON:test_security_group_rules_create_with_optional_group_id): 200 POST http://10.180.1.21/compute/v2.1/os-security-group-rules 2.026s
2025-03-06 09:31:30.231 69195 WARNING tempest.lib.common.rest_client [-] Deprecated: "tenant_id" property is deprecated for removal, use "project_id" instead
2025-03-06 09:31:30.344 69203 INFO tempest.lib.common.rest_client [req-f6326540-09bc-45c2-870e-7fffd31be957 req-f6326540-09bc-45c2-870e-7fffd31be957 ] Request (ServersListShow298Test:test_list_show_update_rebuild_server_298): 200 GET http://10.180.1.21/compute/v2.1/servers/bcce1167-e77a-40a1-afcf-3a6d77789789 1.786s
2025-03-06 09:31:30.366 69171 INFO tempest.lib.common.rest_client [req-095dcac3-2f4a-428b-b557-397834e34db8 req-095dcac3-2f4a-428b-b557-397834e34db8 ] Request (AggregatesAdminNegativeTestJSON:_run_cleanups): 200 DELETE http://10.180.1.21/compute/v2.1/os-aggregates/6 1.651s
2025-03-06 09:31:30.374 69173 INFO tempest.lib.common.rest_client [req-e8ac22e3-6ab5-4a34-a6ba-ae2d27aa2105 req-e8ac22e3-6ab5-4a34-a6ba-ae2d27aa2105 ] Request (ServersTestFqdnHostnames:test_create_server_with_fqdn_name): 201 POST http://10.180.1.21:9696/networking/v2.0/floatingips 0.973s
2025-03-06 09:31:30.429 69197 INFO tempest.lib.common.rest_client [req-a9b51424-f6d5-487d-8925-ecb7c18a06a1 req-a9b51424-f6d5-487d-8925-ecb7c18a06a1 ] Request (ServersAdminNegativeTestJSON:setUpClass): 200 GET http://10.180.1.21/compute/v2.1/servers/1c541afe-a78b-4cd1-8d70-63221956a835 1.663s
2025-03-06 09:31:30.448 69173 INFO tempest.lib.common.rest_client [req-9782a6ff-ee55-4fff-961a-c3f22aa6ad9d req-9782a6ff-ee55-4fff-961a-c3f22aa6ad9d ] Request (ServersTestFqdnHostnames:test_create_server_with_fqdn_name): 201 POST http://10.180.1.21/identity/v3/auth/tokens 0.070s
2025-03-06 09:31:30.449 69173 INFO tempest.lib.common.fixed_network [-] (ServersTestFqdnHostnames:test_create_server_with_fqdn_name) Found network {'id': '53a66eaa-44ba-42a1-a979-c732b051c24a', 'name': 'tempest-ServersTestFqdnHostnames-143655503-network', 'tenant_id': '06189282d79340dd81553ca4a69cc17a', 'admin_state_up': True, 'mtu': 8950, 'status': 'ACTIVE', 'subnets': [], 'shared': False, 'project_id': '06189282d79340dd81553ca4a69cc17a', 'port_security_enabled': True, 'router:external': False, 'provider:network_type': 'vlan', 'provider:physical_network': 'default', 'provider:segmentation_id': 49, 'availability_zone_hints': [], 'availability_zones': [], 'ipv4_address_scope': None, 'ipv6_address_scope': None, 'description': '', 'tags': [], 'created_at': '2025-03-06T09:31:23Z', 'updated_at': '2025-03-06T09:31:23Z', 'revision_number': 1} available for tenant
2025-03-06 09:31:30.492 69161 INFO tempest.lib.common.rest_client [req-2f896e7f-38b1-496c-b8bc-ff66dbf50cf8 req-2f896e7f-38b1-496c-b8bc-ff66dbf50cf8 ] Request (ImagesNegativeTestJSON:test_create_image_from_deleted_server): 200 GET http://10.180.1.21/compute/v2.1/servers/f116cf00-074f-41f8-9c1f-bae0cd7932ff 1.665s
2025-03-06 09:31:30.555 69181 INFO tempest.lib.common.rest_client [req-6fc64e51-c743-4092-9bc1-92963937c448 req-6fc64e51-c743-4092-9bc1-92963937c448 ] Request (AttachVolumeNegativeTest:test_attach_attached_volume_to_different_server): 200 GET http://10.180.1.21/compute/v2.1/servers/9eb1eeb3-aad7-4187-93f1-8ed435ce8e08 1.672s
2025-03-06 09:31:30.619 69155 INFO tempest.lib.common.rest_client [req-b94a1279-8ebd-435d-bed2-a6235de7277a req-b94a1279-8ebd-435d-bed2-a6235de7277a ] Request (MigrationsAdminTest:test_list_migrations_in_flavor_resize_situation): 200 GET http://10.180.1.21/compute/v2.1/servers/9fe86c8a-3b99-4503-82d9-db99ae5ec2fa 1.685s
2025-03-06 09:31:30.703 69209 INFO tempest.lib.common.rest_client [req-39b55468-934a-4879-a51d-11619b3ae2dc req-39b55468-934a-4879-a51d-11619b3ae2dc ] Request (AttachInterfacesTestJSON:test_create_list_show_delete_interfaces_by_fixed_ip): 200 GET http://10.180.1.21/compute/v2.1/servers/9cc8488b-6eba-4f35-84a1-ef972b043b95 1.714s
2025-03-06 09:31:30.757 69167 INFO tempest.lib.common.rest_client [req-962c69b4-eb01-43cc-b737-884db6e851e6 req-962c69b4-eb01-43cc-b737-884db6e851e6 ] Request (VolumesAdminNegativeTest:setUpClass): 201 POST http://10.180.1.21:9696/networking/v2.0/routers 1.390s
2025-03-06 09:31:30.778 69189 INFO tempest.lib.common.rest_client [req-514915f4-c41f-47de-a056-53fcf696a6f1 req-514915f4-c41f-47de-a056-53fcf696a6f1 ] Request (FloatingIPsAssociationTestJSON:test_associate_already_associated_floating_ip): 200 GET http://10.180.1.21/compute/v2.1/servers/2494681b-ef4f-405a-8898-affcc4f7f136 1.720s
2025-03-06 09:31:30.849 69199 INFO tempest.lib.common.rest_client [req-d313d260-524b-4251-8e9a-5a8d670949a7 req-d313d260-524b-4251-8e9a-5a8d670949a7 ] Request (FloatingIPsAssociationNegativeTestJSON:test_associate_ip_to_server_with_floating_ip): 200 POST http://10.180.1.21/compute/v2.1/os-floating-ips 2.781s
2025-03-06 09:31:30.874 69159 INFO tempest.lib.common.rest_client [req-d2421094-34d7-429b-9f21-4f70a81cd0c1 req-d2421094-34d7-429b-9f21-4f70a81cd0c1 ] Request (InstanceActionsV221TestJSON:test_get_list_deleted_instance_actions): 200 GET http://10.180.1.21/compute/v2.1/servers/0603a8a3-d704-4ec2-9808-3fda6be1df72 1.708s
2025-03-06 09:31:30.879 69205 INFO tempest.lib.common.rest_client [req-8ddbae81-c0ec-4257-875a-ab767859db18 req-8ddbae81-c0ec-4257-875a-ab767859db18 ] Request (FlavorsAccessNegativeTestJSON:_run_cleanups): 200 GET http://10.180.1.21/compute/v2.1/flavors/detail 1.695s
2025-03-06 09:31:30.905 69213 INFO tempest.lib.common.rest_client [req-61d32176-484b-47d3-84e8-60a2a293e7a1 req-61d32176-484b-47d3-84e8-60a2a293e7a1 ] Request (FlavorsAdminTestJSON:_run_cleanups): 200 GET http://10.180.1.21/compute/v2.1/flavors/detail 1.704s
2025-03-06 09:31:30.975 69187 INFO tempest.lib.common.rest_client [req-5b7d799f-7b6d-4bf6-84d9-53b9c59aebb7 req-5b7d799f-7b6d-4bf6-84d9-53b9c59aebb7 ] Request (DeleteServersAdminTestJSON:test_admin_delete_servers_of_others): 200 GET http://10.180.1.21/compute/v2.1/servers/3d615018-ab02-4f07-bc90-d13b44c09a5b 1.738s
2025-03-06 09:31:31.034 69205 INFO tempest.lib.common.rest_client [req-133f783c-65cb-4c47-a3fa-acb3d81ab8ef req-133f783c-65cb-4c47-a3fa-acb3d81ab8ef ] Request (FlavorsAccessNegativeTestJSON:tearDownClass): 204 DELETE http://10.180.1.21/identity/v3/users/2f911132af0e4c4ab9761daaa9706ca4 0.146s
2025-03-06 09:31:31.059 69201 INFO tempest.lib.common.rest_client [req-c7579cb6-5e45-4915-9c1e-cceddddbc89b req-c7579cb6-5e45-4915-9c1e-cceddddbc89b ] Request (ServerActionsTestJSON:setUpClass): 200 GET http://10.180.1.21/compute/v2.1/servers/28bf3f4e-650a-44b4-abf2-8195f32cfb34/os-interface 1.660s
2025-03-06 09:31:31.125 69205 INFO tempest.lib.common.rest_client [req-ffc5eeb5-f730-43ed-a4f2-6010b76b909c req-ffc5eeb5-f730-43ed-a4f2-6010b76b909c ] Request (FlavorsAccessNegativeTestJSON:tearDownClass): 204 DELETE http://10.180.1.21/identity/v3/users/125cdcdb9b3b44da82ffae1d3d354117 0.090s
2025-03-06 09:31:31.163 69153 INFO tempest.lib.common.rest_client [req-f8ec9aab-4d26-4d4e-b04a-8f84db122bc4 req-f8ec9aab-4d26-4d4e-b04a-8f84db122bc4 ] Request (SecurityGroupRulesNegativeTestJSON:tearDownClass): 204 DELETE http://10.180.1.21:9696/networking/v2.0/routers/56a7e707-ab39-41f2-a360-38759b80c6a7 0.943s
2025-03-06 09:31:31.194 69157 INFO tempest.lib.common.rest_client [req-8007fa00-ff5e-4161-9591-81457b914a1c req-8007fa00-ff5e-4161-9591-81457b914a1c ] Request (ImagesOneServerNegativeTestJSON:tearDown): 200 GET http://10.180.1.21/compute/v2.1/servers/b25fe864-0d1a-4818-810e-6e1cc8cbfe9c 1.735s
2025-03-06 09:31:31.239 69205 INFO tempest.lib.common.rest_client [req-6b71ac5b-515b-4d48-abf6-c5fb8fa9cea4 req-6b71ac5b-515b-4d48-abf6-c5fb8fa9cea4 ] Request (FlavorsAccessNegativeTestJSON:tearDownClass): 204 DELETE http://10.180.1.21/identity/v3/users/bbd3be6cfc9f48709b4076b11373a7e1 0.113s
2025-03-06 09:31:31.239 69205 INFO tempest.lib.common.dynamic_creds [-] Deleting project and security group for project: e097d90df3ca47b381f28af2e7d907e2
2025-03-06 09:31:31.283 69153 INFO tempest.lib.common.rest_client [req-f6f43b32-8ddc-4177-8ef7-dca082ac0fe0 req-f6f43b32-8ddc-4177-8ef7-dca082ac0fe0 ] Request (SecurityGroupRulesNegativeTestJSON:tearDownClass): 204 DELETE http://10.180.1.21:9696/networking/v2.0/subnets/e3a867c7-c787-4c6e-aae0-6ed66d81a51f 0.120s
2025-03-06 09:31:31.302 69205 INFO tempest.lib.common.rest_client [req-f9cf565b-a5e7-453a-9a0e-0504a7b78266 req-f9cf565b-a5e7-453a-9a0e-0504a7b78266 ] Request (FlavorsAccessNegativeTestJSON:tearDownClass): 201 POST http://10.180.1.21/identity/v3/auth/tokens 0.061s
2025-03-06 09:31:31.392 69163 INFO tempest.lib.common.rest_client [req-bcd20e0e-10d4-43e9-a7b4-2ad5714eeb52 req-bcd20e0e-10d4-43e9-a7b4-2ad5714eeb52 ] Request (VolumesAssistedSnapshotsTest:test_volume_assisted_snapshot_create_delete): 200 GET http://10.180.1.21/compute/v2.1/servers/bd07bcb9-1fe3-4c7c-a2d5-05cdfd1c42ae 2.034s
2025-03-06 09:31:31.400 69163 INFO tempest.common.waiters [-] State transition "BUILD/spawning" ==> "ACTIVE/None" after 29 second wait
2025-03-06 09:31:31.418 69191 INFO tempest.lib.common.rest_client [req-5cd2473f-2d8b-4878-97dd-56e526416735 req-5cd2473f-2d8b-4878-97dd-56e526416735 ] Request (QuotasAdminTestV236:test_get_updated_quotas): 200 PUT http://10.180.1.21/compute/v2.1/os-quota-sets/2b17d94cc49a4cbe88795910f3e6c20b 1.874s
2025-03-06 09:31:31.555 69205 INFO tempest.lib.common.rest_client [req-0ea261a2-c44b-471f-8007-f0dc961ee6ab req-0ea261a2-c44b-471f-8007-f0dc961ee6ab ] Request (FlavorsAccessNegativeTestJSON:tearDownClass): 200 GET http://10.180.1.21:9696/networking/v2.0/security-groups?tenant_id=e097d90df3ca47b381f28af2e7d907e2&name=default 0.252s
2025-03-06 09:31:31.755 69153 INFO tempest.lib.common.rest_client [req-d607506a-51f1-47c4-86cc-d24f516b027f req-d607506a-51f1-47c4-86cc-d24f516b027f ] Request (SecurityGroupRulesNegativeTestJSON:tearDownClass): 204 DELETE http://10.180.1.21:9696/networking/v2.0/networks/072ef8df-d8cd-4002-9c71-bf99c449221f 0.471s
2025-03-06 09:31:31.815 69205 INFO tempest.lib.common.rest_client [req-719b8353-a348-4088-b1ae-4e7955a7fb3a req-719b8353-a348-4088-b1ae-4e7955a7fb3a ] Request (FlavorsAccessNegativeTestJSON:tearDownClass): 204 DELETE http://10.180.1.21:9696/networking/v2.0/security-groups/13c05ac3-21d8-4855-a9a3-e1c87af01054 0.260s
2025-03-06 09:31:31.941 69153 INFO tempest.lib.common.rest_client [req-6ab96d39-2852-43a5-ad97-341000ee885d req-6ab96d39-2852-43a5-ad97-341000ee885d ] Request (SecurityGroupRulesNegativeTestJSON:tearDownClass): 204 DELETE http://10.180.1.21/identity/v3/users/856b6c8fdfb8459c99514d7e53c62c76 0.186s
2025-03-06 09:31:31.942 69153 INFO tempest.lib.common.dynamic_creds [-] Deleting project and security group for project: 9e4579ab71d045f1af9618dedcd2bc12
2025-03-06 09:31:31.953 69205 INFO tempest.lib.common.rest_client [req-99852eed-db1c-4ba8-985f-ed6de03f6d86 req-99852eed-db1c-4ba8-985f-ed6de03f6d86 ] Request (FlavorsAccessNegativeTestJSON:tearDownClass): 204 DELETE http://10.180.1.21/identity/v3/projects/e097d90df3ca47b381f28af2e7d907e2 0.138s
2025-03-06 09:31:31.954 69205 INFO tempest.lib.common.dynamic_creds [-] Deleting project and security group for project: a6ca075702b54d0c9e7445e09f6ca33e
2025-03-06 09:31:32.021 69153 INFO tempest.lib.common.rest_client [req-55422512-abec-40a4-bd2c-27ab309ca888 req-55422512-abec-40a4-bd2c-27ab309ca888 ] Request (SecurityGroupRulesNegativeTestJSON:tearDownClass): 200 GET http://10.180.1.21:9696/networking/v2.0/security-groups?tenant_id=9e4579ab71d045f1af9618dedcd2bc12&name=default 0.079s
2025-03-06 09:31:32.027 69179 INFO tempest.lib.common.rest_client [req-98d0b3af-7a5b-4bcc-af22-e0da2beb93e4 req-98d0b3af-7a5b-4bcc-af22-e0da2beb93e4 ] Request (ServerDiagnosticsV248Test:test_get_server_diagnostics): 200 GET http://10.180.1.21/compute/v2.1/servers/223b8b6f-b42c-4a06-b5bb-0354dd87cdea/diagnostics 2.475s
2025-03-06 09:31:32.166 69175 INFO tempest.lib.common.rest_client [req-3da8321a-ddfa-4c75-8ad9-343e4688600b req-3da8321a-ddfa-4c75-8ad9-343e4688600b ] Request (ServerDiagnosticsNegativeTest:tearDownClass): 200 GET http://10.180.1.21/compute/v2.1/servers/47027cae-3d2d-424e-8f73-38cd839ed5ae 2.336s
2025-03-06 09:31:32.180 69201 INFO tempest.lib.common.rest_client [req-bbf6ce8d-ce17-49c0-afcb-07a26af8a845 req-bbf6ce8d-ce17-49c0-afcb-07a26af8a845 ] Request (ServerActionsTestJSON:setUpClass): 200 PUT http://10.180.1.21:9696/networking/v2.0/floatingips/67a76ef2-7725-4d73-bb7d-33f6a5ecaa82 1.119s
2025-03-06 09:31:32.181 69201 INFO tempest.lib.common.ssh [-] Creating ssh connection to '10.180.180.221:22' as 'cirros' with public key authentication
2025-03-06 09:31:32.238 69211 INFO tempest.lib.common.rest_client [req-17cca555-0d29-4e28-a5ea-a95e5804e20b req-17cca555-0d29-4e28-a5ea-a95e5804e20b ] Request (InstanceActionsNegativeTestJSON:setUpClass): 200 GET http://10.180.1.21/compute/v2.1/servers/fb8d223d-d2ec-48c1-8d20-7617be76dabe 2.308s
2025-03-06 09:31:32.258 69165 INFO tempest.lib.common.rest_client [req-5f41d51e-a21a-45c3-9429-d4160cce0c80 req-5f41d51e-a21a-45c3-9429-d4160cce0c80 ] Request (FloatingIPDetailsTestJSON:setUpClass): 200 POST http://10.180.1.21/compute/v2.1/os-floating-ips 2.522s
2025-03-06 09:31:32.263 69205 INFO tempest.lib.common.rest_client [req-569aa4da-2d17-4819-8d6d-3f200331a9b9 req-569aa4da-2d17-4819-8d6d-3f200331a9b9 ] Request (FlavorsAccessNegativeTestJSON:tearDownClass): 200 GET http://10.180.1.21:9696/networking/v2.0/security-groups?tenant_id=a6ca075702b54d0c9e7445e09f6ca33e&name=default 0.309s
2025-03-06 09:31:32.292 69153 INFO tempest.lib.common.rest_client [req-519d9a83-1fda-4e00-bd5f-729316ed7407 req-519d9a83-1fda-4e00-bd5f-729316ed7407 ] Request (SecurityGroupRulesNegativeTestJSON:tearDownClass): 204 DELETE http://10.180.1.21:9696/networking/v2.0/security-groups/39bf6874-00be-492f-a9ca-dbd8ed00f223 0.271s
2025-03-06 09:31:32.302 69183 INFO tempest.lib.common.rest_client [req-a4def588-d05e-4128-86e0-dad696513725 req-a4def588-d05e-4128-86e0-dad696513725 ] Request (ImagesOneServerTestJSON:setUpClass): 200 GET http://10.180.1.21/compute/v2.1/servers/176ad5bc-882c-4539-b69e-03c06616f933 2.130s
2025-03-06 09:31:32.359 69185 INFO tempest.lib.common.rest_client [req-b4864e09-64a8-455e-b229-0e01d263441c req-b4864e09-64a8-455e-b229-0e01d263441c ] Request (ServerActionsTestOtherB:setUpClass): 200 GET http://10.180.1.21/compute/v2.1/servers/0acce7bd-b0b0-430e-b913-8d3a73b9e783 2.090s
2025-03-06 09:31:32.367 69185 INFO tempest.common.waiters [-] State transition "BUILD/scheduling" ==> "BUILD/None" after 9 second wait
2025-03-06 09:31:32.371 69171 INFO tempest.lib.common.rest_client [req-17bb69d7-519f-4259-b1dc-4f738afce403 req-17bb69d7-519f-4259-b1dc-4f738afce403 ] Request (AggregatesAdminNegativeTestJSON:test_aggregate_get_details_with_invalid_id): 404 GET http://10.180.1.21/compute/v2.1/os-aggregates/-1 2.004s
2025-03-06 09:31:32.402 69205 INFO tempest.lib.common.rest_client [req-22aeb4dc-dbdc-4e2c-a625-2d094d068718 req-22aeb4dc-dbdc-4e2c-a625-2d094d068718 ] Request (FlavorsAccessNegativeTestJSON:tearDownClass): 204 DELETE http://10.180.1.21:9696/networking/v2.0/security-groups/a362039e-edd7-4370-9e6f-6850af92d6ce 0.138s
2025-03-06 09:31:32.410 69153 INFO tempest.lib.common.rest_client [req-0c314c59-c049-434a-8925-89cff6c029f7 req-0c314c59-c049-434a-8925-89cff6c029f7 ] Request (SecurityGroupRulesNegativeTestJSON:tearDownClass): 204 DELETE http://10.180.1.21/identity/v3/projects/9e4579ab71d045f1af9618dedcd2bc12 0.117s
2025-03-06 09:31:32.420 69195 INFO tempest.lib.common.rest_client [req-d01eabbf-a21b-4bfa-918b-19b93d26298c req-d01eabbf-a21b-4bfa-918b-19b93d26298c ] Request (SecurityGroupRulesTestJSON:test_security_group_rules_delete_when_peer_group_deleted): 200 POST http://10.180.1.21/compute/v2.1/os-security-groups 2.187s
2025-03-06 09:31:32.472 69153 INFO tempest.lib.common.rest_client [req-f72f9ba9-f529-4604-a5ae-56bfee808467 req-f72f9ba9-f529-4604-a5ae-56bfee808467 ] Request (ServerShowV247Test:setUpClass): 201 POST http://10.180.1.21/identity/v3/auth/tokens 0.060s
2025-03-06 09:31:32.480 69193 INFO tempest.lib.common.rest_client [req-77a593ea-7136-4791-8ad5-9ea2580595b3 req-77a593ea-7136-4791-8ad5-9ea2580595b3 ] Request (ServersTestJSON:setUpClass): 200 GET http://10.180.1.21/compute/v2.1/servers/40404246-f067-4f63-b751-1509d0844840 2.015s
2025-03-06 09:31:32.490 69193 INFO tempest.common.waiters [-] State transition "BUILD/scheduling" ==> "BUILD/None" after 8 second wait
2025-03-06 09:31:32.506 69153 INFO tempest.lib.common.rest_client [req-912cef4c-72ad-4408-960e-85957aec4a04 req-912cef4c-72ad-4408-960e-85957aec4a04 ] Request (ServerShowV247Test:setUpClass): 201 POST http://10.180.1.21/identity/v3/auth/tokens 0.031s
2025-03-06 09:31:32.534 69153 INFO tempest.lib.common.rest_client [req-a4217583-86ea-4d82-bc9d-0c4ad7b8a685 req-a4217583-86ea-4d82-bc9d-0c4ad7b8a685 ] Request (ServerShowV247Test:setUpClass): 200 GET http://10.180.1.21/identity/v3/domains?name=Default 0.027s
2025-03-06 09:31:32.552 69205 INFO tempest.lib.common.rest_client [req-928e3812-41e7-43d5-a788-4c380fb9b792 req-928e3812-41e7-43d5-a788-4c380fb9b792 ] Request (FlavorsAccessNegativeTestJSON:tearDownClass): 204 DELETE http://10.180.1.21/identity/v3/projects/a6ca075702b54d0c9e7445e09f6ca33e 0.149s
2025-03-06 09:31:32.552 69205 INFO tempest.lib.common.dynamic_creds [-] Deleting project and security group for project: d8e3c827cd2442beadd48c3d3575d747
2025-03-06 09:31:32.593 69153 INFO tempest.lib.common.rest_client [req-6e747cb8-2dd4-43c4-9111-5d8f46bbad08 req-6e747cb8-2dd4-43c4-9111-5d8f46bbad08 ] Request (ServerShowV247Test:setUpClass): 201 POST http://10.180.1.21/identity/v3/projects 0.058s
2025-03-06 09:31:32.636 69169 INFO tempest.lib.common.rest_client [req-a1452da6-431b-46eb-8e47-510a9270bd76 req-a1452da6-431b-46eb-8e47-510a9270bd76 ] Request (ImagesTestJSON:test_create_image_from_stopped_server): 200 GET http://10.180.1.21/compute/v2.1/servers/5a20a423-c3ac-476e-aecb-7e42a7c24610 2.014s
2025-03-06 09:31:32.650 69169 INFO tempest.common.waiters [-] State transition "BUILD/None" ==> "BUILD/spawning" after 27 second wait
2025-03-06 09:31:32.658 69153 INFO tempest.lib.common.rest_client [req-319cf6dc-e39f-4b12-8432-d9048d0a7e3e req-319cf6dc-e39f-4b12-8432-d9048d0a7e3e ] Request (ServerShowV247Test:setUpClass): 201 POST http://10.180.1.21/identity/v3/users 0.064s
2025-03-06 09:31:32.686 69153 INFO tempest.lib.common.rest_client [req-651ac407-6e34-48e7-b963-0f927a5f5976 req-651ac407-6e34-48e7-b963-0f927a5f5976 ] Request (ServerShowV247Test:setUpClass): 200 GET http://10.180.1.21/identity/v3/roles 0.025s
2025-03-06 09:31:32.702 69167 INFO tempest.lib.common.rest_client [req-f2d79502-ac80-4b77-8ccc-42efa4f82a1a req-f2d79502-ac80-4b77-8ccc-42efa4f82a1a ] Request (VolumesAdminNegativeTest:setUpClass): 200 PUT http://10.180.1.21:9696/networking/v2.0/routers/b1c6860e-6d19-45c6-bde3-f9ad996857d4/add_router_interface 1.944s
2025-03-06 09:31:32.702 69167 INFO tempest.lib.common.dynamic_creds [-] Created isolated network resources for: credentials: Credentials: {'domain_id': 'default', 'domain_name': 'Default', 'username': 'tempest-VolumesAdminNegativeTest-385567271-project-admin', 'project_domain_id': 'default', 'project_domain_name': 'Default', 'project_id': '73f7f9138eb2455da71c4e43a8c41955', 'project_name': 'tempest-VolumesAdminNegativeTest-385567271', 'tenant_id': '73f7f9138eb2455da71c4e43a8c41955', 'tenant_name': 'tempest-VolumesAdminNegativeTest-385567271', 'user_domain_id': 'default', 'user_domain_name': 'Default', 'user_id': 'a7c773e1f28f4555b9ae6811f1dbf209', 'system': None}, Network: {'id': 'ddbed060-6eeb-434f-b503-a60f8e7d96b7', 'name': 'tempest-VolumesAdminNegativeTest-1007037257-network', 'tenant_id': '73f7f9138eb2455da71c4e43a8c41955', 'admin_state_up': True, 'mtu': 8950, 'status': 'ACTIVE', 'subnets': [], 'shared': False, 'project_id': '73f7f9138eb2455da71c4e43a8c41955', 'port_security_enabled': True, 'router:external': False, 'provider:network_type': 'vlan', 'provider:physical_network': 'default', 'provider:segmentation_id': 391, 'availability_zone_hints': [], 'availability_zones': [], 'ipv4_address_scope': None, 'ipv6_address_scope': None, 'description': '', 'tags': [], 'created_at': '2025-03-06T09:31:28Z', 'updated_at': '2025-03-06T09:31:28Z', 'revision_number': 1}, Subnet: {'id': '98d744f7-d1e0-4b5a-9747-7e53635ed55d', 'name': 'tempest-VolumesAdminNegativeTest-1007037257-subnet', 'tenant_id': '73f7f9138eb2455da71c4e43a8c41955', 'network_id': 'ddbed060-6eeb-434f-b503-a60f8e7d96b7', 'ip_version': 4, 'subnetpool_id': None, 'enable_dhcp': True, 'ipv6_ra_mode': None, 'ipv6_address_mode': None, 'gateway_ip': '192.168.128.1', 'cidr': '192.168.128.0/28', 'allocation_pools': [{'start': '192.168.128.2', 'end': '192.168.128.14'}], 'host_routes': [], 'dns_nameservers': [], 'description': '', 'router:external': False, 'service_types': [], 'tags': [], 'created_at': '2025-03-06T09:31:29Z', 'updated_at': '2025-03-06T09:31:29Z', 'revision_number': 0, 'project_id': '73f7f9138eb2455da71c4e43a8c41955'}, Router: {'id': 'b1c6860e-6d19-45c6-bde3-f9ad996857d4', 'name': 'tempest-VolumesAdminNegativeTest-1007037257-router', 'tenant_id': '73f7f9138eb2455da71c4e43a8c41955', 'admin_state_up': True, 'status': 'ACTIVE', 'external_gateway_info': {'network_id': '08eb7682-68bf-4c37-be1a-5bd184f2922e', 'external_fixed_ips': [{'subnet_id': '4fa3ce76-3842-4372-9573-b3849722f3e8', 'ip_address': '10.180.180.203'}], 'enable_snat': True}, 'description': '', 'availability_zones': [], 'distributed': False, 'ha': False, 'availability_zone_hints': [], 'routes': [], 'flavor_id': None, 'tags': [], 'created_at': '2025-03-06T09:31:29Z', 'updated_at': '2025-03-06T09:31:30Z', 'revision_number': 2, 'project_id': '73f7f9138eb2455da71c4e43a8c41955'}
2025-03-06 09:31:32.712 69207 INFO tempest.lib.common.rest_client [req-bae51404-262a-4e68-878e-34a4f547bf9a req-bae51404-262a-4e68-878e-34a4f547bf9a ] Request (TenantUsagesTestJSON:setUpClass): 200 GET http://10.180.1.21/compute/v2.1/servers/94e9ac10-b6a0-4fc0-b64e-763f3793b7e8 1.889s
2025-03-06 09:31:32.719 69153 INFO tempest.lib.common.rest_client [req-c840eb13-a5e8-437f-b34c-ece0e25b99a5 req-c840eb13-a5e8-437f-b34c-ece0e25b99a5 ] Request (ServerShowV247Test:setUpClass): 204 PUT http://10.180.1.21/identity/v3/projects/5c0e2ce5977d48c8a50a687d143d3687/users/c9fefd531eb04282b1d466cbc035abd7/roles/bceb9a0d99eb41e7943ae98b75727d46 0.033s
2025-03-06 09:31:32.720 69153 INFO tempest.lib.common.dynamic_creds [-] Dynamic test user c9fefd531eb04282b1d466cbc035abd7 is created with scope project and roles: ['member']
2025-03-06 09:31:32.720 69205 INFO tempest.lib.common.rest_client [req-fa7595ff-4a75-4d06-86b5-67334decfa55 req-fa7595ff-4a75-4d06-86b5-67334decfa55 ] Request (FlavorsAccessNegativeTestJSON:tearDownClass): 200 GET http://10.180.1.21:9696/networking/v2.0/security-groups?tenant_id=d8e3c827cd2442beadd48c3d3575d747&name=default 0.167s
2025-03-06 09:31:32.720 69153 INFO tempest.lib.common.dynamic_creds [-] Acquired dynamic creds: credentials: Credentials: {'domain_id': 'default', 'domain_name': 'Default', 'username': 'tempest-ServerShowV247Test-1856159214-project-member', 'project_domain_id': 'default', 'project_domain_name': 'Default', 'project_id': '5c0e2ce5977d48c8a50a687d143d3687', 'project_name': 'tempest-ServerShowV247Test-1856159214', 'tenant_id': '5c0e2ce5977d48c8a50a687d143d3687', 'tenant_name': 'tempest-ServerShowV247Test-1856159214', 'user_domain_id': 'default', 'user_domain_name': 'Default', 'user_id': 'c9fefd531eb04282b1d466cbc035abd7', 'system': None}, Network: None, Subnet: None, Router: None
2025-03-06 09:31:32.720 69153 INFO tempest.lib.common.dynamic_creds [-] Created isolated network resources for: credentials: Credentials: {'domain_id': 'default', 'domain_name': 'Default', 'username': 'tempest-ServerShowV247Test-1856159214-project-member', 'project_domain_id': 'default', 'project_domain_name': 'Default', 'project_id': '5c0e2ce5977d48c8a50a687d143d3687', 'project_name': 'tempest-ServerShowV247Test-1856159214', 'tenant_id': '5c0e2ce5977d48c8a50a687d143d3687', 'tenant_name': 'tempest-ServerShowV247Test-1856159214', 'user_domain_id': 'default', 'user_domain_name': 'Default', 'user_id': 'c9fefd531eb04282b1d466cbc035abd7', 'system': None}, Network: None, Subnet: None, Router: None
2025-03-06 09:31:32.813 69167 INFO tempest.lib.common.rest_client [req-8a0b241b-f756-4c8a-82e3-534bfb014dd9 req-8a0b241b-f756-4c8a-82e3-534bfb014dd9 ] Request (VolumesAdminNegativeTest:setUpClass): 201 POST http://10.180.1.21/identity/v3/auth/tokens 0.107s
2025-03-06 09:31:32.834 69153 INFO tempest.lib.common.rest_client [req-e4917593-0bbe-403e-82c3-ec73ee2482d5 req-e4917593-0bbe-403e-82c3-ec73ee2482d5 ] Request (ServerShowV247Test:setUpClass): 201 POST http://10.180.1.21/identity/v3/auth/tokens 0.109s
2025-03-06 09:31:32.841 69173 INFO tempest.lib.common.rest_client [req-61c582a3-880b-4abd-b02c-60341d0d5246 req-61c582a3-880b-4abd-b02c-60341d0d5246 ] Request (ServersTestFqdnHostnames:test_create_server_with_fqdn_name): 202 POST http://10.180.1.21/compute/v2.1/servers 2.392s
2025-03-06 09:31:32.882 69205 INFO tempest.lib.common.rest_client [req-18a6ea6e-cd18-4cfa-9c8a-d14949bbec1f req-18a6ea6e-cd18-4cfa-9c8a-d14949bbec1f ] Request (FlavorsAccessNegativeTestJSON:tearDownClass): 204 DELETE http://10.180.1.21:9696/networking/v2.0/security-groups/8aef8ad1-fbf5-4fa1-908b-a9dd7e0367b9 0.162s
2025-03-06 09:31:32.900 69153 INFO tempest.lib.common.rest_client [req-dac017f5-a0fc-41c9-abe0-983d39628dc4 req-dac017f5-a0fc-41c9-abe0-983d39628dc4 ] Request (ServerShowV247Test:setUpClass): 200 GET http://10.180.1.21/identity/v3/projects/5c0e2ce5977d48c8a50a687d143d3687 0.065s
2025-03-06 09:31:32.900 69153 INFO tempest.lib.common.dynamic_creds [-] Using the existing project 5c0e2ce5977d48c8a50a687d143d3687 for scope project and roles: ['reader']
