2025-03-06 09:33:02.740 69213 INFO tempest.lib.common.rest_client [req-39b4d0ad-8002-4307-9466-625e4cfe4e36 req-39b4d0ad-8002-4307-9466-625e4cfe4e36 ] Request (ServerExternalEventsTest:test_create_server_external_events): 200 GET http://10.180.1.21/compute/v2.1/servers/bf972e49-a76d-47d5-bc4f-f934412c899a 0.058s
2025-03-06 09:33:02.804 69175 INFO tempest.lib.common.rest_client [req-b9a8d16f-f1e6-4b6c-9fb7-e3805f768401 req-b9a8d16f-f1e6-4b6c-9fb7-e3805f768401 ] Request (ListServersNegativeTestJSON:setUpClass): 200 GET http://10.180.1.21/compute/v2.1/servers/a1afca68-3af7-4fd0-809f-ca4ad2445d4b 0.065s
2025-03-06 09:33:02.878 69189 INFO tempest.lib.common.rest_client [req-3a6b988b-a640-42f6-b6e6-ec9b0f5b8a01 req-3a6b988b-a640-42f6-b6e6-ec9b0f5b8a01 ] Request (FloatingIPsAssociationTestJSON:tearDownClass): 200 GET http://10.180.1.21/compute/v2.1/servers/2494681b-ef4f-405a-8898-affcc4f7f136 0.079s
2025-03-06 09:33:02.910 69187 INFO tempest.lib.common.rest_client [req-900b8361-a727-41c5-9c8c-ea0164c37b08 req-900b8361-a727-41c5-9c8c-ea0164c37b08 ] Request (DeleteServersAdminTestJSON:test_delete_server_while_in_error_state): 200 GET http://10.180.1.21/compute/v2.1/servers/06b1ab57-ad18-44ea-87f6-1e189219697e 0.214s
2025-03-06 09:33:02.921 69187 INFO tempest.common.waiters [-] State transition "BUILD/spawning" ==> "ACTIVE/None" after 77 second wait
2025-03-06 09:33:02.983 69171 INFO tempest.lib.common.rest_client [req-eda403eb-c182-4332-a04f-ffd02c9d814a req-eda403eb-c182-4332-a04f-ffd02c9d814a ] Request (ServerDiagnosticsTest:test_get_server_diagnostics): 200 GET http://10.180.1.21/compute/v2.1/servers/08f79565-00e9-4b4e-a675-d150436201ad 0.149s
2025-03-06 09:33:02.990 69169 INFO tempest.lib.common.rest_client [req-48230654-b07b-4612-a145-ab960302edf7 req-48230654-b07b-4612-a145-ab960302edf7 ] Request (ImagesTestJSON:test_create_image_from_suspended_server): 200 GET http://10.180.1.21/compute/v2.1/servers/af1eeca6-bbdc-4880-9256-5985dd2458a5 0.137s
2025-03-06 09:33:03.044 69199 INFO tempest.lib.common.rest_client [req-720951fb-c17c-4ce3-a2de-e5eb6a510cf9 req-720951fb-c17c-4ce3-a2de-e5eb6a510cf9 ] Request (ServersTestMultiNic:test_verify_duplicate_network_nics): 200 GET http://10.180.1.21/compute/v2.1/servers/e36c017c-0a98-4987-b4e6-76dfe617831f 0.158s
2025-03-06 09:33:03.097 69187 INFO tempest.lib.common.rest_client [req-a5521531-8e04-4d27-b230-6e9367aac276 req-a5521531-8e04-4d27-b230-6e9367aac276 ] Request (DeleteServersAdminTestJSON:test_delete_server_while_in_error_state): 202 POST http://10.180.1.21/compute/v2.1/servers/06b1ab57-ad18-44ea-87f6-1e189219697e/action 0.176s
2025-03-06 09:33:03.145 69165 INFO tempest.lib.common.rest_client [req-f7487dc1-0c6e-411e-bc4c-71c8a412aa46 req-f7487dc1-0c6e-411e-bc4c-71c8a412aa46 ] Request (ServerDiskConfigTestJSON:test_rebuild_server_with_auto_disk_config): 200 GET http://10.180.1.21/compute/v2.1/servers/db7fed3c-36db-439c-bdf9-90289f849eac 0.216s
2025-03-06 09:33:03.228 69197 INFO tempest.lib.common.rest_client [req-3c63fa9d-2b9e-49ef-a2b0-482a142da4f6 req-3c63fa9d-2b9e-49ef-a2b0-482a142da4f6 ] Request (ServersAdminNegativeTestJSON:test_migrate_server_invalid_state): 200 GET http://10.180.1.21/compute/v2.1/servers/9c5bda7c-55f0-402d-a515-87147f39fdd9 0.156s
2025-03-06 09:33:03.228 69207 INFO tempest.lib.common.rest_client [req-5c425933-dc02-4a3d-86c2-5fda7a0f1d9f req-5c425933-dc02-4a3d-86c2-5fda7a0f1d9f ] Request (SecurityGroupsTestJSON:test_list_security_groups_by_server): 200 GET http://10.180.1.21/compute/v2.1/servers/ea190e91-e74a-497b-b28d-91c72895bb58 0.327s
2025-03-06 09:33:03.243 69183 INFO tempest.lib.common.rest_client [req-5e7161d7-df70-415b-a3d8-14a2d6ffb288 req-5e7161d7-df70-415b-a3d8-14a2d6ffb288 ] Request (ImagesOneServerTestJSON:tearDownClass): 200 PUT http://10.180.1.21:9696/networking/v2.0/routers/d6d146ff-65e1-4a42-968a-fbd626a65957/remove_router_interface 1.012s
2025-03-06 09:33:03.276 69203 INFO tempest.lib.common.rest_client [req-baa5294f-a508-4f07-9bdd-2501307dd3be req-baa5294f-a508-4f07-9bdd-2501307dd3be ] Request (ServersNegativeTestMultiTenantJSON:setUpClass): 200 GET http://10.180.1.21/compute/v2.1/servers/545024c9-58d2-4cec-9674-5aaee972370a 0.168s
2025-03-06 09:33:03.326 69179 INFO tempest.lib.common.rest_client [req-803a35a1-a570-4bca-8a9c-048fc5dbb37d req-803a35a1-a570-4bca-8a9c-048fc5dbb37d ] Request (AttachVolumeShelveTestJSON:test_attach_volume_shelved_or_offload_server): 200 GET http://10.180.1.21/compute/v2.1/servers/5be9111c-f58a-43eb-94c1-d0ac8d99159f 0.163s
2025-03-06 09:33:03.364 69187 INFO tempest.lib.common.rest_client [req-1f410da0-9f9d-471b-891b-bb0500a52dd3 req-1f410da0-9f9d-471b-891b-bb0500a52dd3 ] Request (DeleteServersAdminTestJSON:test_delete_server_while_in_error_state): 200 GET http://10.180.1.21/compute/v2.1/servers/06b1ab57-ad18-44ea-87f6-1e189219697e 0.266s
2025-03-06 09:33:03.431 69161 INFO tempest.lib.common.rest_client [req-afd06f35-a55e-4af8-896a-6ba738a74af1 req-afd06f35-a55e-4af8-896a-6ba738a74af1 ] Request (ServerAddressesNegativeTestJSON:setUpClass): 200 GET http://10.180.1.21/compute/v2.1/servers/4a3883d1-8f6a-4e32-ba63-0552865b3158 0.059s
2025-03-06 09:33:03.451 69187 INFO tempest.lib.common.rest_client [req-f348593d-c5d6-48d7-b019-3533b088fe49 req-f348593d-c5d6-48d7-b019-3533b088fe49 ] Request (DeleteServersAdminTestJSON:test_delete_server_while_in_error_state): 204 DELETE http://10.180.1.21/compute/v2.1/servers/06b1ab57-ad18-44ea-87f6-1e189219697e 0.080s
2025-03-06 09:33:03.495 69205 INFO tempest.lib.common.rest_client [req-a89a1183-0d3b-49e8-8973-64658bca062d req-a89a1183-0d3b-49e8-8973-64658bca062d ] Request (MultipleCreateTestJSON:_run_cleanups): 200 GET http://10.180.1.21/compute/v2.1/servers/998ffe8e-1aba-4e8c-96ab-367a5d54d54f 0.113s
2025-03-06 09:33:03.502 69205 INFO tempest.common.waiters [-] State transition "ACTIVE/deleting" ==> "DELETED/None" after 4 second wait
2025-03-06 09:33:03.505 69153 INFO tempest.lib.common.rest_client [req-3ece4dfe-0bd0-4476-a57c-ece8b7834554 req-3ece4dfe-0bd0-4476-a57c-ece8b7834554 ] Request (ServerShowV247Test:tearDownClass): 200 GET http://10.180.1.21/compute/v2.1/servers/cdb592f0-6224-4f00-84f3-afbd2b7e24a5 0.082s
2025-03-06 09:33:03.555 69159 INFO tempest.lib.common.rest_client [req-c4fbbfe7-c32e-4928-8d09-b163746246c2 req-c4fbbfe7-c32e-4928-8d09-b163746246c2 ] Request (ServerRescueTestJSONUnderV235:setUpClass): 200 GET http://10.180.1.21/compute/v2.1/servers/42ea1741-5132-4f0e-a4cb-4b7a598e4188 0.065s
2025-03-06 09:33:03.609 69209 WARNING tempest.lib.common.ssh [-] Failed to establish authenticated ssh connection to cirros@10.180.180.245 ([Errno None] Unable to connect to port 22 on 10.180.180.245). Number attempts: 5. Retry after 6 seconds.: paramiko.ssh_exception.NoValidConnectionsError: [Errno None] Unable to connect to port 22 on 10.180.180.245
2025-03-06 09:33:03.611 69211 INFO tempest.lib.common.rest_client [req-51c3c69e-a252-4ec2-83a1-1ceaa0ef0f1a req-51c3c69e-a252-4ec2-83a1-1ceaa0ef0f1a ] Request (ServerPasswordTestJSON:setUpClass): 200 GET http://10.180.1.21/compute/v2.1/servers/4b2b1531-770b-4bb6-9f58-d21e903ea332 0.049s
2025-03-06 09:33:03.618 69187 INFO tempest.lib.common.rest_client [req-4a619a8b-bc5b-47c9-8852-b9f8ca2ea98b req-4a619a8b-bc5b-47c9-8852-b9f8ca2ea98b ] Request (DeleteServersAdminTestJSON:test_delete_server_while_in_error_state): 200 GET http://10.180.1.21/compute/v2.1/servers/06b1ab57-ad18-44ea-87f6-1e189219697e 0.166s
2025-03-06 09:33:03.674 69183 INFO tempest.lib.common.rest_client [req-c438d1e1-2638-41f4-b00f-faacf30ef1fd req-c438d1e1-2638-41f4-b00f-faacf30ef1fd ] Request (ImagesOneServerTestJSON:tearDownClass): 204 DELETE http://10.180.1.21:9696/networking/v2.0/routers/d6d146ff-65e1-4a42-968a-fbd626a65957 0.431s
2025-03-06 09:33:03.680 69157 INFO tempest.lib.common.rest_client [req-bf1ab233-5a6b-478a-92b0-194fe83c9f81 req-bf1ab233-5a6b-478a-92b0-194fe83c9f81 ] Request (ImagesOneServerNegativeTestJSON:_run_cleanups): 200 GET http://10.180.1.21/compute/v2.1/servers/c87dc1be-f58a-4499-82a8-0b64649bf610 0.050s
2025-03-06 09:33:03.738 69177 INFO tempest.lib.common.rest_client [req-44212d8d-6794-4d44-9456-b3fbb16331a0 req-44212d8d-6794-4d44-9456-b3fbb16331a0 ] Request (ServersWithSpecificFlavorTestJSON:test_verify_created_server_ephemeral_disk): 200 GET http://10.180.1.21/compute/v2.1/servers/5e723aa8-38dc-4692-8d2f-ff6aa2aa573a 0.049s
2025-03-06 09:33:03.808 69155 INFO tempest.lib.common.rest_client [req-561c6669-6648-4633-9c9b-0f7a3d13453a req-561c6669-6648-4633-9c9b-0f7a3d13453a ] Request (MigrationsAdminTest:test_list_migrations_in_flavor_resize_situation): 200 GET http://10.180.1.21/compute/v2.1/servers/9fe86c8a-3b99-4503-82d9-db99ae5ec2fa 0.125s
2025-03-06 09:33:03.823 69155 INFO tempest.common.waiters [-] State transition "RESIZE/resize_prep" ==> "RESIZE/resize_migrating" after 36 second wait
2025-03-06 09:33:03.829 69213 INFO tempest.lib.common.rest_client [req-ef7811aa-a28e-4daa-b398-9a4b1ed547fa req-ef7811aa-a28e-4daa-b398-9a4b1ed547fa ] Request (ServerExternalEventsTest:test_create_server_external_events): 200 GET http://10.180.1.21/compute/v2.1/servers/bf972e49-a76d-47d5-bc4f-f934412c899a 0.079s
2025-03-06 09:33:03.847 69183 INFO tempest.lib.common.rest_client [req-9d1ef500-bbea-4122-8d7d-aef59c64490c req-9d1ef500-bbea-4122-8d7d-aef59c64490c ] Request (ImagesOneServerTestJSON:tearDownClass): 204 DELETE http://10.180.1.21:9696/networking/v2.0/subnets/f721a950-4946-481b-9f6e-18f48d1647c2 0.172s
2025-03-06 09:33:03.891 69175 INFO tempest.lib.common.rest_client [req-16d06486-8284-4d37-90fc-e3b3589d95d8 req-16d06486-8284-4d37-90fc-e3b3589d95d8 ] Request (ListServersNegativeTestJSON:setUpClass): 200 GET http://10.180.1.21/compute/v2.1/servers/a1afca68-3af7-4fd0-809f-ca4ad2445d4b 0.076s
2025-03-06 09:33:03.957 69189 INFO tempest.lib.common.rest_client [req-a6be0338-ac89-400d-b027-391aec0c9779 req-a6be0338-ac89-400d-b027-391aec0c9779 ] Request (FloatingIPsAssociationTestJSON:tearDownClass): 200 GET http://10.180.1.21/compute/v2.1/servers/2494681b-ef4f-405a-8898-affcc4f7f136 0.067s
2025-03-06 09:33:03.993 69185 WARNING tempest.lib.common.ssh [-] Failed to establish authenticated ssh connection to cirros@10.180.180.232 ([Errno None] Unable to connect to port 22 on 10.180.180.232). Number attempts: 7. Retry after 8 seconds.: paramiko.ssh_exception.NoValidConnectionsError: [Errno None] Unable to connect to port 22 on 10.180.180.232
2025-03-06 09:33:04.071 69169 INFO tempest.lib.common.rest_client [req-096101ac-bc63-471f-b8c4-404b416e38dd req-096101ac-bc63-471f-b8c4-404b416e38dd ] Request (ImagesTestJSON:test_create_image_from_suspended_server): 200 GET http://10.180.1.21/compute/v2.1/servers/af1eeca6-bbdc-4880-9256-5985dd2458a5 0.070s
2025-03-06 09:33:04.128 69199 INFO tempest.lib.common.rest_client [req-051f765e-aea8-4683-a1a5-043ec6b746a0 req-051f765e-aea8-4683-a1a5-043ec6b746a0 ] Request (ServersTestMultiNic:test_verify_duplicate_network_nics): 200 GET http://10.180.1.21/compute/v2.1/servers/e36c017c-0a98-4987-b4e6-76dfe617831f 0.071s
2025-03-06 09:33:04.138 69171 INFO tempest.lib.common.rest_client [req-f69698dd-23a3-4f92-bf93-8414f1e27cb1 req-f69698dd-23a3-4f92-bf93-8414f1e27cb1 ] Request (ServerDiagnosticsTest:test_get_server_diagnostics): 200 GET http://10.180.1.21/compute/v2.1/servers/08f79565-00e9-4b4e-a675-d150436201ad 0.146s
2025-03-06 09:33:04.146 69171 INFO tempest.common.waiters [-] State transition "BUILD/spawning" ==> "ACTIVE/None" after 79 second wait
2025-03-06 09:33:04.211 69183 INFO tempest.lib.common.rest_client [req-94de63ff-e208-4cc7-93f5-a1bec5e07647 req-94de63ff-e208-4cc7-93f5-a1bec5e07647 ] Request (ImagesOneServerTestJSON:tearDownClass): 204 DELETE http://10.180.1.21:9696/networking/v2.0/networks/30cffab5-2e0d-4576-a9a4-7810ea903052 0.364s
2025-03-06 09:33:04.214 69165 INFO tempest.lib.common.rest_client [req-496831dc-128d-40b2-8bcb-176a80f1c1d9 req-496831dc-128d-40b2-8bcb-176a80f1c1d9 ] Request (ServerDiskConfigTestJSON:test_rebuild_server_with_auto_disk_config): 200 GET http://10.180.1.21/compute/v2.1/servers/db7fed3c-36db-439c-bdf9-90289f849eac 0.060s
2025-03-06 09:33:04.284 69183 INFO tempest.lib.common.rest_client [req-ada0eb57-a5fe-4fc6-b2cd-46758cb7b0a3 req-ada0eb57-a5fe-4fc6-b2cd-46758cb7b0a3 ] Request (ImagesOneServerTestJSON:tearDownClass): 204 DELETE http://10.180.1.21/identity/v3/users/a654293f12c14f13b4180e0315fce107 0.073s
2025-03-06 09:33:04.285 69183 INFO tempest.lib.common.dynamic_creds [-] Deleting project and security group for project: 11904f2766494d33858534efdffbd497
2025-03-06 09:33:04.286 69207 INFO tempest.lib.common.rest_client [req-737a3e89-6721-4d4f-b7a1-f25ad1ed073b req-737a3e89-6721-4d4f-b7a1-f25ad1ed073b ] Request (SecurityGroupsTestJSON:test_list_security_groups_by_server): 200 GET http://10.180.1.21/compute/v2.1/servers/ea190e91-e74a-497b-b28d-91c72895bb58 0.050s
2025-03-06 09:33:04.320 69183 INFO tempest.lib.common.rest_client [req-0113aa86-3549-4f21-97dd-a7b01d0c711c req-0113aa86-3549-4f21-97dd-a7b01d0c711c ] Request (ImagesOneServerTestJSON:tearDownClass): 200 GET http://10.180.1.21:9696/networking/v2.0/security-groups?tenant_id=11904f2766494d33858534efdffbd497&name=default 0.034s
2025-03-06 09:33:04.379 69197 INFO tempest.lib.common.rest_client [req-02ba6be9-1485-464a-a9cf-3f66ac42c909 req-02ba6be9-1485-464a-a9cf-3f66ac42c909 ] Request (ServersAdminNegativeTestJSON:test_migrate_server_invalid_state): 200 GET http://10.180.1.21/compute/v2.1/servers/9c5bda7c-55f0-402d-a515-87147f39fdd9 0.139s
2025-03-06 09:33:04.400 69183 INFO tempest.lib.common.rest_client [req-811bab89-88f6-472c-9b1d-7cdde7eed2f3 req-811bab89-88f6-472c-9b1d-7cdde7eed2f3 ] Request (ImagesOneServerTestJSON:tearDownClass): 204 DELETE http://10.180.1.21:9696/networking/v2.0/security-groups/bd28eb52-80cf-4022-aa5a-1874d2e4d2b5 0.080s
2025-03-06 09:33:04.427 69203 INFO tempest.lib.common.rest_client [req-10b56680-55ec-4ef9-a317-3604a4e58c4f req-10b56680-55ec-4ef9-a317-3604a4e58c4f ] Request (ServersNegativeTestMultiTenantJSON:setUpClass): 200 GET http://10.180.1.21/compute/v2.1/servers/545024c9-58d2-4cec-9674-5aaee972370a 0.143s
2025-03-06 09:33:04.434 69203 INFO tempest.common.waiters [-] State transition "BUILD/scheduling" ==> "BUILD/None" after 37 second wait
2025-03-06 09:33:04.478 69179 INFO tempest.lib.common.rest_client [req-25dbc689-145a-496c-bc88-7354c7db59c8 req-25dbc689-145a-496c-bc88-7354c7db59c8 ] Request (AttachVolumeShelveTestJSON:test_attach_volume_shelved_or_offload_server): 200 GET http://10.180.1.21/compute/v2.1/servers/5be9111c-f58a-43eb-94c1-d0ac8d99159f 0.143s
2025-03-06 09:33:04.483 69183 INFO tempest.lib.common.rest_client [req-575e9d73-6cfe-4d7e-9962-544fb9d205ec req-575e9d73-6cfe-4d7e-9962-544fb9d205ec ] Request (ImagesOneServerTestJSON:tearDownClass): 204 DELETE http://10.180.1.21/identity/v3/projects/11904f2766494d33858534efdffbd497 0.083s
2025-03-06 09:33:04.506 69163 WARNING tempest.lib.common.ssh [-] Failed to establish authenticated ssh connection to cirros@10.180.180.211 ([Errno None] Unable to connect to port 22 on 10.180.180.211). Number attempts: 10. Retry after 11 seconds.: paramiko.ssh_exception.NoValidConnectionsError: [Errno None] Unable to connect to port 22 on 10.180.180.211
2025-03-06 09:33:04.525 69161 INFO tempest.lib.common.rest_client [req-4bccc1a8-f86d-4025-9e52-c606282045b6 req-4bccc1a8-f86d-4025-9e52-c606282045b6 ] Request (ServerAddressesNegativeTestJSON:setUpClass): 200 GET http://10.180.1.21/compute/v2.1/servers/4a3883d1-8f6a-4e32-ba63-0552865b3158 0.085s
2025-03-06 09:33:04.537 69183 INFO tempest.lib.common.rest_client [req-86f64414-2117-4285-b507-79f309bea8dd req-86f64414-2117-4285-b507-79f309bea8dd ] Request (KeyPairsV22TestJSON:setUpClass): 201 POST http://10.180.1.21/identity/v3/auth/tokens 0.052s
2025-03-06 09:33:04.567 69183 INFO tempest.lib.common.rest_client [req-0e95be68-9f06-4af6-b06f-856a6cc03994 req-0e95be68-9f06-4af6-b06f-856a6cc03994 ] Request (KeyPairsV22TestJSON:setUpClass): 201 POST http://10.180.1.21/identity/v3/auth/tokens 0.027s
2025-03-06 09:33:04.583 69205 INFO tempest.lib.common.rest_client [req-01af9285-3a1a-4dbc-9d73-891715766f39 req-01af9285-3a1a-4dbc-9d73-891715766f39 ] Request (MultipleCreateTestJSON:_run_cleanups): 200 GET http://10.180.1.21/compute/v2.1/servers/998ffe8e-1aba-4e8c-96ab-367a5d54d54f 0.079s
2025-03-06 09:33:04.597 69183 INFO tempest.lib.common.rest_client [req-83a2a113-f9d6-4982-8d60-fc4cb575d75c req-83a2a113-f9d6-4982-8d60-fc4cb575d75c ] Request (KeyPairsV22TestJSON:setUpClass): 200 GET http://10.180.1.21/identity/v3/domains?name=Default 0.029s
2025-03-06 09:33:04.624 69183 INFO tempest.lib.common.rest_client [req-36001217-d84b-4f47-b734-de9df9143a8e req-36001217-d84b-4f47-b734-de9df9143a8e ] Request (KeyPairsV22TestJSON:setUpClass): 201 POST http://10.180.1.21/identity/v3/projects 0.026s
2025-03-06 09:33:04.635 69153 INFO tempest.lib.common.rest_client [req-725066cc-39a1-4015-b283-25a7cdc3ef28 req-725066cc-39a1-4015-b283-25a7cdc3ef28 ] Request (ServerShowV247Test:tearDownClass): 200 GET http://10.180.1.21/compute/v2.1/servers/cdb592f0-6224-4f00-84f3-afbd2b7e24a5 0.120s
2025-03-06 09:33:04.680 69159 INFO tempest.lib.common.rest_client [req-a783dfae-b037-4eaa-b0f7-d15ecaa5a4ea req-a783dfae-b037-4eaa-b0f7-d15ecaa5a4ea ] Request (ServerRescueTestJSONUnderV235:setUpClass): 200 GET http://10.180.1.21/compute/v2.1/servers/42ea1741-5132-4f0e-a4cb-4b7a598e4188 0.115s
2025-03-06 09:33:04.683 69183 INFO tempest.lib.common.rest_client [req-78ecc714-8b84-487a-8dfb-cc68aeefd7ab req-78ecc714-8b84-487a-8dfb-cc68aeefd7ab ] Request (KeyPairsV22TestJSON:setUpClass): 201 POST http://10.180.1.21/identity/v3/users 0.059s
2025-03-06 09:33:04.704 69183 INFO tempest.lib.common.rest_client [req-e9fb5ca4-eca3-40f4-b577-d90cbe6e768e req-e9fb5ca4-eca3-40f4-b577-d90cbe6e768e ] Request (KeyPairsV22TestJSON:setUpClass): 200 GET http://10.180.1.21/identity/v3/roles 0.020s
2025-03-06 09:33:04.725 69211 INFO tempest.lib.common.rest_client [req-7391d5ae-c24d-4a7d-acf2-0ea96cae9383 req-7391d5ae-c24d-4a7d-acf2-0ea96cae9383 ] Request (ServerPasswordTestJSON:setUpClass): 200 GET http://10.180.1.21/compute/v2.1/servers/4b2b1531-770b-4bb6-9f58-d21e903ea332 0.103s
2025-03-06 09:33:04.731 69183 INFO tempest.lib.common.rest_client [req-5f4e4280-9d8d-4d5a-8967-81a031cc4452 req-5f4e4280-9d8d-4d5a-8967-81a031cc4452 ] Request (KeyPairsV22TestJSON:setUpClass): 204 PUT http://10.180.1.21/identity/v3/projects/ccc84b6c7fcd4d95977d8b9dc476155b/users/15cc2d2cde3843b5a0e5ed3d6fb0edff/roles/bceb9a0d99eb41e7943ae98b75727d46 0.026s
2025-03-06 09:33:04.731 69183 INFO tempest.lib.common.dynamic_creds [-] Dynamic test user 15cc2d2cde3843b5a0e5ed3d6fb0edff is created with scope project and roles: ['member']
2025-03-06 09:33:04.731 69183 INFO tempest.lib.common.dynamic_creds [-] Acquired dynamic creds: credentials: Credentials: {'domain_id': 'default', 'domain_name': 'Default', 'username': 'tempest-KeyPairsV22TestJSON-1406270183-project-member', 'project_domain_id': 'default', 'project_domain_name': 'Default', 'project_id': 'ccc84b6c7fcd4d95977d8b9dc476155b', 'project_name': 'tempest-KeyPairsV22TestJSON-1406270183', 'tenant_id': 'ccc84b6c7fcd4d95977d8b9dc476155b', 'tenant_name': 'tempest-KeyPairsV22TestJSON-1406270183', 'user_domain_id': 'default', 'user_domain_name': 'Default', 'user_id': '15cc2d2cde3843b5a0e5ed3d6fb0edff', 'system': None}, Network: None, Subnet: None, Router: None
2025-03-06 09:33:04.731 69183 INFO tempest.lib.common.dynamic_creds [-] Created isolated network resources for: credentials: Credentials: {'domain_id': 'default', 'domain_name': 'Default', 'username': 'tempest-KeyPairsV22TestJSON-1406270183-project-member', 'project_domain_id': 'default', 'project_domain_name': 'Default', 'project_id': 'ccc84b6c7fcd4d95977d8b9dc476155b', 'project_name': 'tempest-KeyPairsV22TestJSON-1406270183', 'tenant_id': 'ccc84b6c7fcd4d95977d8b9dc476155b', 'tenant_name': 'tempest-KeyPairsV22TestJSON-1406270183', 'user_domain_id': 'default', 'user_domain_name': 'Default', 'user_id': '15cc2d2cde3843b5a0e5ed3d6fb0edff', 'system': None}, Network: None, Subnet: None, Router: None
2025-03-06 09:33:04.756 69171 INFO tempest.lib.common.rest_client [req-3f3c51c6-5785-4008-a50f-97f9bce06618 req-3f3c51c6-5785-4008-a50f-97f9bce06618 ] Request (ServerDiagnosticsTest:test_get_server_diagnostics): 200 GET http://10.180.1.21/compute/v2.1/servers/08f79565-00e9-4b4e-a675-d150436201ad/diagnostics 0.609s
2025-03-06 09:33:04.809 69157 INFO tempest.lib.common.rest_client [req-a40a8bd3-1c7b-42be-8534-883adb923800 req-a40a8bd3-1c7b-42be-8534-883adb923800 ] Request (ImagesOneServerNegativeTestJSON:_run_cleanups): 200 GET http://10.180.1.21/compute/v2.1/servers/c87dc1be-f58a-4499-82a8-0b64649bf610 0.121s
2025-03-06 09:33:04.823 69183 INFO tempest.lib.common.rest_client [req-cfc75409-ef62-42b9-bf9a-f21338a650b0 req-cfc75409-ef62-42b9-bf9a-f21338a650b0 ] Request (KeyPairsV22TestJSON:setUpClass): 201 POST http://10.180.1.21/identity/v3/auth/tokens 0.089s
2025-03-06 09:33:04.833 69187 INFO tempest.lib.common.rest_client [req-dde0cc3d-90e1-4934-a2a8-c1b34bcf639b req-dde0cc3d-90e1-4934-a2a8-c1b34bcf639b ] Request (DeleteServersAdminTestJSON:test_delete_server_while_in_error_state): 200 GET http://10.180.1.21/compute/v2.1/servers/06b1ab57-ad18-44ea-87f6-1e189219697e 0.203s
2025-03-06 09:33:04.864 69177 INFO tempest.lib.common.rest_client [req-17acc32b-0980-4b57-8525-2f4f8ba25791 req-17acc32b-0980-4b57-8525-2f4f8ba25791 ] Request (ServersWithSpecificFlavorTestJSON:test_verify_created_server_ephemeral_disk): 200 GET http://10.180.1.21/compute/v2.1/servers/5e723aa8-38dc-4692-8d2f-ff6aa2aa573a 0.118s
2025-03-06 09:33:04.910 69171 INFO tempest.lib.common.rest_client [req-7d265e2f-bdf9-4067-944c-97a129e54b42 req-7d265e2f-bdf9-4067-944c-97a129e54b42 ] Request (ServerDiagnosticsTest:tearDownClass): 204 DELETE http://10.180.1.21/compute/v2.1/servers/08f79565-00e9-4b4e-a675-d150436201ad 0.153s
2025-03-06 09:33:04.999 69155 INFO tempest.lib.common.rest_client [req-d327a45e-8432-4456-abe2-1d05fa15d6d3 req-d327a45e-8432-4456-abe2-1d05fa15d6d3 ] Request (MigrationsAdminTest:test_list_migrations_in_flavor_resize_situation): 200 GET http://10.180.1.21/compute/v2.1/servers/9fe86c8a-3b99-4503-82d9-db99ae5ec2fa 0.173s
2025-03-06 09:33:05.010 69183 INFO tempest.lib.common.rest_client [req-ccaad518-2295-4f50-aa85-91f6268ca56f req-ccaad518-2295-4f50-aa85-91f6268ca56f ] Request (KeyPairsV22TestJSON:test_get_keypair_detail): 201 POST http://10.180.1.21/compute/v2.1/os-keypairs 0.184s
2025-03-06 09:33:05.042 69213 INFO tempest.lib.common.rest_client [req-c3730f82-416e-403f-803b-846edc4635aa req-c3730f82-416e-403f-803b-846edc4635aa ] Request (ServerExternalEventsTest:test_create_server_external_events): 200 GET http://10.180.1.21/compute/v2.1/servers/bf972e49-a76d-47d5-bc4f-f934412c899a 0.199s
2025-03-06 09:33:05.057 69175 INFO tempest.lib.common.rest_client [req-afe343a6-a1f0-4739-bf96-39c0062c3eef req-afe343a6-a1f0-4739-bf96-39c0062c3eef ] Request (ListServersNegativeTestJSON:setUpClass): 200 GET http://10.180.1.21/compute/v2.1/servers/a1afca68-3af7-4fd0-809f-ca4ad2445d4b 0.156s
2025-03-06 09:33:05.074 69189 INFO tempest.lib.common.rest_client [req-965b8161-c069-4662-80c5-e0223c3dfdcf req-965b8161-c069-4662-80c5-e0223c3dfdcf ] Request (FloatingIPsAssociationTestJSON:tearDownClass): 404 GET http://10.180.1.21/compute/v2.1/servers/2494681b-ef4f-405a-8898-affcc4f7f136 0.106s
2025-03-06 09:33:05.081 69183 INFO tempest.lib.common.rest_client [req-e4b18502-f75d-4115-8387-52e7c92cc9d1 req-e4b18502-f75d-4115-8387-52e7c92cc9d1 ] Request (KeyPairsV22TestJSON:test_get_keypair_detail): 200 GET http://10.180.1.21/compute/v2.1/os-keypairs/tempest-keypair-1720990534 0.069s
2025-03-06 09:33:05.126 69171 INFO tempest.lib.common.rest_client [req-56118ebe-d37c-4fbf-8ca2-7462816b9cb8 req-56118ebe-d37c-4fbf-8ca2-7462816b9cb8 ] Request (ServerDiagnosticsTest:tearDownClass): 200 GET http://10.180.1.21/compute/v2.1/servers/08f79565-00e9-4b4e-a675-d150436201ad 0.216s
2025-03-06 09:33:05.173 69169 INFO tempest.lib.common.rest_client [req-5b23d92a-5a09-486b-94ca-db827e3c7f7d req-5b23d92a-5a09-486b-94ca-db827e3c7f7d ] Request (ImagesTestJSON:test_create_image_from_suspended_server): 200 GET http://10.180.1.21/compute/v2.1/servers/af1eeca6-bbdc-4880-9256-5985dd2458a5 0.093s
2025-03-06 09:33:05.187 69183 INFO tempest.lib.common.rest_client [req-46b2b9ce-eeff-41ed-960e-888ff8f023d2 req-46b2b9ce-eeff-41ed-960e-888ff8f023d2 ] Request (KeyPairsV22TestJSON:_run_cleanups): 204 DELETE http://10.180.1.21/compute/v2.1/os-keypairs/tempest-keypair-1720990534 0.104s
2025-03-06 09:33:05.235 69199 INFO tempest.lib.common.rest_client [req-e3f7dbfd-6283-46a7-8d5b-08424a2fd1c7 req-e3f7dbfd-6283-46a7-8d5b-08424a2fd1c7 ] Request (ServersTestMultiNic:test_verify_duplicate_network_nics): 200 GET http://10.180.1.21/compute/v2.1/servers/e36c017c-0a98-4987-b4e6-76dfe617831f 0.097s
2025-03-06 09:33:05.269 69183 INFO tempest.lib.common.rest_client [req-b3891eb8-2da4-4444-9b67-41924cea87f6 req-b3891eb8-2da4-4444-9b67-41924cea87f6 ] Request (KeyPairsV22TestJSON:test_keypair_create_delete): 201 POST http://10.180.1.21/compute/v2.1/os-keypairs 0.080s
2025-03-06 09:33:05.321 69165 INFO tempest.lib.common.rest_client [req-cff79a08-6d31-4f37-88ab-d2fec1703f7c req-cff79a08-6d31-4f37-88ab-d2fec1703f7c ] Request (ServerDiskConfigTestJSON:test_rebuild_server_with_auto_disk_config): 200 GET http://10.180.1.21/compute/v2.1/servers/db7fed3c-36db-439c-bdf9-90289f849eac 0.099s
2025-03-06 09:33:05.337 69183 INFO tempest.lib.common.rest_client [req-38161163-3b00-464c-8134-9e8d0e35c10d req-38161163-3b00-464c-8134-9e8d0e35c10d ] Request (KeyPairsV22TestJSON:_run_cleanups): 204 DELETE http://10.180.1.21/compute/v2.1/os-keypairs/tempest-keypair-1518607684 0.066s
2025-03-06 09:33:05.391 69207 INFO tempest.lib.common.rest_client [req-569de8d4-6ba6-4d27-87c0-7e231a8c7a95 req-569de8d4-6ba6-4d27-87c0-7e231a8c7a95 ] Request (SecurityGroupsTestJSON:test_list_security_groups_by_server): 200 GET http://10.180.1.21/compute/v2.1/servers/ea190e91-e74a-497b-b28d-91c72895bb58 0.091s
2025-03-06 09:33:05.405 69189 INFO tempest.lib.common.rest_client [req-578abc18-f937-45e1-8705-1264fa47e328 req-578abc18-f937-45e1-8705-1264fa47e328 ] Request (FloatingIPsAssociationTestJSON:tearDownClass): 202 DELETE http://10.180.1.21/compute/v2.1/os-floating-ips/e5e0321d-24bd-41e6-b195-2300feab6514 0.330s
2025-03-06 09:33:05.419 69183 INFO tempest.lib.common.rest_client [req-364a2b8a-3a34-4c40-87ea-a4b65c2e54a2 req-364a2b8a-3a34-4c40-87ea-a4b65c2e54a2 ] Request (KeyPairsV22TestJSON:test_keypair_create_with_pub_key): 201 POST http://10.180.1.21/compute/v2.1/os-keypairs 0.081s
2025-03-06 09:33:05.499 69189 INFO tempest.lib.common.rest_client [req-e833894f-fa89-4ab1-850e-1826277f3cc4 req-e833894f-fa89-4ab1-850e-1826277f3cc4 ] Request (FloatingIPsAssociationTestJSON:tearDownClass): 204 DELETE http://10.180.1.21/compute/v2.1/servers/f7d50028-73ab-4348-a49e-ca153c854939 0.094s
2025-03-06 09:33:05.510 69197 INFO tempest.lib.common.rest_client [req-5980bfb0-3b77-4b5d-846b-f5b497c43b51 req-5980bfb0-3b77-4b5d-846b-f5b497c43b51 ] Request (ServersAdminNegativeTestJSON:test_migrate_server_invalid_state): 200 GET http://10.180.1.21/compute/v2.1/servers/9c5bda7c-55f0-402d-a515-87147f39fdd9 0.122s
2025-03-06 09:33:05.515 69183 INFO tempest.lib.common.rest_client [req-ee44639e-49e9-4d7e-9cd4-ce3e18700148 req-ee44639e-49e9-4d7e-9cd4-ce3e18700148 ] Request (KeyPairsV22TestJSON:_run_cleanups): 204 DELETE http://10.180.1.21/compute/v2.1/os-keypairs/tempest-keypair-1380019861 0.094s
2025-03-06 09:33:05.556 69203 INFO tempest.lib.common.rest_client [req-0906ce66-5146-45fc-b41d-2f633ecdcaa1 req-0906ce66-5146-45fc-b41d-2f633ecdcaa1 ] Request (ServersNegativeTestMultiTenantJSON:setUpClass): 200 GET http://10.180.1.21/compute/v2.1/servers/545024c9-58d2-4cec-9674-5aaee972370a 0.121s
2025-03-06 09:33:05.563 69179 INFO tempest.lib.common.rest_client [req-6c33d3fd-85e0-4639-8ad8-276c873836bd req-6c33d3fd-85e0-4639-8ad8-276c873836bd ] Request (AttachVolumeShelveTestJSON:test_attach_volume_shelved_or_offload_server): 200 GET http://10.180.1.21/compute/v2.1/servers/5be9111c-f58a-43eb-94c1-d0ac8d99159f 0.074s
2025-03-06 09:33:05.608 69183 INFO tempest.lib.common.rest_client [req-0aff3994-7be3-4e3e-b194-02a63e22fcdf req-0aff3994-7be3-4e3e-b194-02a63e22fcdf ] Request (KeyPairsV22TestJSON:test_keypairs_create_list_delete): 201 POST http://10.180.1.21/compute/v2.1/os-keypairs 0.091s
2025-03-06 09:33:05.652 69161 INFO tempest.lib.common.rest_client [req-72103c3b-b72c-4d52-9c87-7c24568ccd61 req-72103c3b-b72c-4d52-9c87-7c24568ccd61 ] Request (ServerAddressesNegativeTestJSON:setUpClass): 200 GET http://10.180.1.21/compute/v2.1/servers/4a3883d1-8f6a-4e32-ba63-0552865b3158 0.119s
2025-03-06 09:33:05.667 69189 INFO tempest.lib.common.rest_client [req-b4096701-acf0-41d5-a2d2-ad75a6422363 req-b4096701-acf0-41d5-a2d2-ad75a6422363 ] Request (FloatingIPsAssociationTestJSON:tearDownClass): 200 GET http://10.180.1.21/compute/v2.1/servers/f7d50028-73ab-4348-a49e-ca153c854939 0.167s
2025-03-06 09:33:05.693 69183 INFO tempest.lib.common.rest_client [req-3b010198-2867-4a02-8d0f-03989f5e022e req-3b010198-2867-4a02-8d0f-03989f5e022e ] Request (KeyPairsV22TestJSON:test_keypairs_create_list_delete): 201 POST http://10.180.1.21/compute/v2.1/os-keypairs 0.083s
2025-03-06 09:33:05.704 69205 INFO tempest.lib.common.rest_client [req-f99e6c5b-a654-441c-b0a7-2d3a19a55f0c req-f99e6c5b-a654-441c-b0a7-2d3a19a55f0c ] Request (MultipleCreateTestJSON:_run_cleanups): 200 GET http://10.180.1.21/compute/v2.1/servers/998ffe8e-1aba-4e8c-96ab-367a5d54d54f 0.114s
2025-03-06 09:33:05.752 69159 INFO tempest.lib.common.rest_client [req-ec37eb8f-3899-4ba3-a397-850c235732f1 req-ec37eb8f-3899-4ba3-a397-850c235732f1 ] Request (ServerRescueTestJSONUnderV235:setUpClass): 200 GET http://10.180.1.21/compute/v2.1/servers/42ea1741-5132-4f0e-a4cb-4b7a598e4188 0.064s
2025-03-06 09:33:05.764 69153 INFO tempest.lib.common.rest_client [req-993f0aef-e9d5-4ee2-b871-e1d52c483271 req-993f0aef-e9d5-4ee2-b871-e1d52c483271 ] Request (ServerShowV247Test:tearDownClass): 200 GET http://10.180.1.21/compute/v2.1/servers/cdb592f0-6224-4f00-84f3-afbd2b7e24a5 0.120s
2025-03-06 09:33:05.778 69153 INFO tempest.common.waiters [-] State transition "ACTIVE/deleting" ==> "DELETED/None" after 4 second wait
2025-03-06 09:33:05.790 69183 INFO tempest.lib.common.rest_client [req-51de3d98-8c9b-4067-8765-95388defbe19 req-51de3d98-8c9b-4067-8765-95388defbe19 ] Request (KeyPairsV22TestJSON:test_keypairs_create_list_delete): 201 POST http://10.180.1.21/compute/v2.1/os-keypairs 0.095s
2025-03-06 09:33:05.807 69183 INFO tempest.lib.common.rest_client [req-47ad2ad7-d10b-490f-b84a-f4d6e78570bd req-47ad2ad7-d10b-490f-b84a-f4d6e78570bd ] Request (KeyPairsV22TestJSON:test_keypairs_create_list_delete): 200 GET http://10.180.1.21/compute/v2.1/os-keypairs 0.014s
2025-03-06 09:33:05.822 69183 INFO tempest.lib.common.rest_client [req-e30acd91-fcea-43f2-beda-a00db6c97f7e req-e30acd91-fcea-43f2-beda-a00db6c97f7e ] Request (KeyPairsV22TestJSON:_run_cleanups): 204 DELETE http://10.180.1.21/compute/v2.1/os-keypairs/tempest-KeyPairsV22TestJSON-keypair-979808146 0.014s
2025-03-06 09:33:05.837 69211 INFO tempest.lib.common.rest_client [req-16e44b2f-0bec-4f87-b9f2-437be5ce4be3 req-16e44b2f-0bec-4f87-b9f2-437be5ce4be3 ] Request (ServerPasswordTestJSON:setUpClass): 200 GET http://10.180.1.21/compute/v2.1/servers/4b2b1531-770b-4bb6-9f58-d21e903ea332 0.104s
2025-03-06 09:33:05.852 69183 INFO tempest.lib.common.rest_client [req-8415d1b8-b55b-44fa-934b-5f28e5a8e236 req-8415d1b8-b55b-44fa-934b-5f28e5a8e236 ] Request (KeyPairsV22TestJSON:_run_cleanups): 204 DELETE http://10.180.1.21/compute/v2.1/os-keypairs/tempest-KeyPairsV22TestJSON-keypair-1125755094 0.029s
2025-03-06 09:33:05.874 69157 INFO tempest.lib.common.rest_client [req-6184f254-c0ac-484e-8f66-0086776f3796 req-6184f254-c0ac-484e-8f66-0086776f3796 ] Request (ImagesOneServerNegativeTestJSON:_run_cleanups): 200 GET http://10.180.1.21/compute/v2.1/servers/c87dc1be-f58a-4499-82a8-0b64649bf610 0.056s
2025-03-06 09:33:05.887 69183 INFO tempest.lib.common.rest_client [req-48789a1a-41e0-4679-9946-c0c57bb22fdf req-48789a1a-41e0-4679-9946-c0c57bb22fdf ] Request (KeyPairsV22TestJSON:_run_cleanups): 204 DELETE http://10.180.1.21/compute/v2.1/os-keypairs/tempest-KeyPairsV22TestJSON-keypair-1614906737 0.035s
2025-03-06 09:33:05.934 69177 INFO tempest.lib.common.rest_client [req-6520a0cd-6604-4aca-b27d-2996c1b00b45 req-6520a0cd-6604-4aca-b27d-2996c1b00b45 ] Request (ServersWithSpecificFlavorTestJSON:test_verify_created_server_ephemeral_disk): 200 GET http://10.180.1.21/compute/v2.1/servers/5e723aa8-38dc-4692-8d2f-ff6aa2aa573a 0.060s
2025-03-06 09:33:05.961 69183 INFO tempest.lib.common.rest_client [req-6ece6772-0766-47c5-af16-26364c27a609 req-6ece6772-0766-47c5-af16-26364c27a609 ] Request (KeyPairsV22TestJSON:test_keypairsv22_create_list_show): 201 POST http://10.180.1.21/compute/v2.1/os-keypairs 0.072s
2025-03-06 09:33:05.972 69183 INFO tempest.lib.common.rest_client [req-288e3faa-ac4a-49b0-84cc-13ca6f03e91f req-288e3faa-ac4a-49b0-84cc-13ca6f03e91f ] Request (KeyPairsV22TestJSON:test_keypairsv22_create_list_show): 200 GET http://10.180.1.21/compute/v2.1/os-keypairs/tempest-keypair-550279391 0.010s
2025-03-06 09:33:05.984 69183 INFO tempest.lib.common.rest_client [req-42b03c0b-a505-43b3-ade1-e698aef460cf req-42b03c0b-a505-43b3-ade1-e698aef460cf ] Request (KeyPairsV22TestJSON:test_keypairsv22_create_list_show): 200 GET http://10.180.1.21/compute/v2.1/os-keypairs 0.010s
2025-03-06 09:33:05.986 69187 INFO tempest.lib.common.rest_client [req-b4236f08-abee-4baa-8356-d1ecc529e9c2 req-b4236f08-abee-4baa-8356-d1ecc529e9c2 ] Request (DeleteServersAdminTestJSON:test_delete_server_while_in_error_state): 200 GET http://10.180.1.21/compute/v2.1/servers/06b1ab57-ad18-44ea-87f6-1e189219697e 0.141s
2025-03-06 09:33:06.000 69183 INFO tempest.lib.common.rest_client [req-635e0e95-0e0c-4bc3-8d02-dbe04ec5bb4c req-635e0e95-0e0c-4bc3-8d02-dbe04ec5bb4c ] Request (KeyPairsV22TestJSON:_run_cleanups): 204 DELETE http://10.180.1.21/compute/v2.1/os-keypairs/tempest-keypair-550279391 0.015s
2025-03-06 09:33:06.100 69155 INFO tempest.lib.common.rest_client [req-6a486b3a-49fe-40a0-aebf-d477eb86f068 req-6a486b3a-49fe-40a0-aebf-d477eb86f068 ] Request (MigrationsAdminTest:test_list_migrations_in_flavor_resize_situation): 200 GET http://10.180.1.21/compute/v2.1/servers/9fe86c8a-3b99-4503-82d9-db99ae5ec2fa 0.094s
2025-03-06 09:33:06.166 69213 INFO tempest.lib.common.rest_client [req-eee90881-55c8-4662-896e-7fbb2c989a04 req-eee90881-55c8-4662-896e-7fbb2c989a04 ] Request (ServerExternalEventsTest:test_create_server_external_events): 200 GET http://10.180.1.21/compute/v2.1/servers/bf972e49-a76d-47d5-bc4f-f934412c899a 0.117s
2025-03-06 09:33:06.239 69183 INFO tempest.lib.common.rest_client [req-c299686d-aa55-42f7-8792-59a98f5f1f7a req-c299686d-aa55-42f7-8792-59a98f5f1f7a ] Request (KeyPairsV22TestJSON:test_keypairsv22_create_list_show_with_type): 201 POST http://10.180.1.21/compute/v2.1/os-keypairs 0.237s
2025-03-06 09:33:06.328 69171 INFO tempest.lib.common.rest_client [req-27c81c34-4ce5-455b-bdd2-22221c261178 req-27c81c34-4ce5-455b-bdd2-22221c261178 ] Request (ServerDiagnosticsTest:tearDownClass): 200 GET http://10.180.1.21/compute/v2.1/servers/08f79565-00e9-4b4e-a675-d150436201ad 0.194s
2025-03-06 09:33:06.375 69169 INFO tempest.lib.common.rest_client [req-2bda1fce-1690-47eb-be58-6c4c365fb1a4 req-2bda1fce-1690-47eb-be58-6c4c365fb1a4 ] Request (ImagesTestJSON:test_create_image_from_suspended_server): 200 GET http://10.180.1.21/compute/v2.1/servers/af1eeca6-bbdc-4880-9256-5985dd2458a5 0.194s
2025-03-06 09:33:06.386 69183 INFO tempest.lib.common.rest_client [req-ac589992-c2b5-4324-9c99-6c0f18dc2d89 req-ac589992-c2b5-4324-9c99-6c0f18dc2d89 ] Request (KeyPairsV22TestJSON:test_keypairsv22_create_list_show_with_type): 200 GET http://10.180.1.21/compute/v2.1/os-keypairs/tempest-keypair-612907237 0.145s
2025-03-06 09:33:06.432 69175 INFO tempest.lib.common.rest_client [req-1f761f7d-6788-47a5-ba3d-193710b83bfe req-1f761f7d-6788-47a5-ba3d-193710b83bfe ] Request (ListServersNegativeTestJSON:setUpClass): 200 GET http://10.180.1.21/compute/v2.1/servers/a1afca68-3af7-4fd0-809f-ca4ad2445d4b 0.367s
2025-03-06 09:33:06.435 69199 INFO tempest.lib.common.rest_client [req-d75f6b87-2339-4c6b-bcac-9aca070f7876 req-d75f6b87-2339-4c6b-bcac-9aca070f7876 ] Request (ServersTestMultiNic:test_verify_duplicate_network_nics): 200 GET http://10.180.1.21/compute/v2.1/servers/e36c017c-0a98-4987-b4e6-76dfe617831f 0.191s
2025-03-06 09:33:06.443 69199 INFO tempest.common.waiters [-] State transition "BUILD/scheduling" ==> "BUILD/None" after 38 second wait
2025-03-06 09:33:06.445 69183 INFO tempest.lib.common.rest_client [req-29f3db38-13d3-4c45-86cd-ffb7422c4281 req-29f3db38-13d3-4c45-86cd-ffb7422c4281 ] Request (KeyPairsV22TestJSON:test_keypairsv22_create_list_show_with_type): 200 GET http://10.180.1.21/compute/v2.1/os-keypairs 0.057s
2025-03-06 09:33:06.478 69165 INFO tempest.lib.common.rest_client [req-d4851bf9-44b2-4612-b7ad-82c539300c6d req-d4851bf9-44b2-4612-b7ad-82c539300c6d ] Request (ServerDiskConfigTestJSON:test_rebuild_server_with_auto_disk_config): 200 GET http://10.180.1.21/compute/v2.1/servers/db7fed3c-36db-439c-bdf9-90289f849eac 0.148s
2025-03-06 09:33:06.491 69183 INFO tempest.lib.common.rest_client [req-1068940f-aca4-4094-b6e4-d811fdde9cef req-1068940f-aca4-4094-b6e4-d811fdde9cef ] Request (KeyPairsV22TestJSON:_run_cleanups): 204 DELETE http://10.180.1.21/compute/v2.1/os-keypairs/tempest-keypair-612907237 0.044s
2025-03-06 09:33:06.492 69207 INFO tempest.lib.common.rest_client [req-404ff042-ef65-4db4-ada0-74f885b0ff93 req-404ff042-ef65-4db4-ada0-74f885b0ff93 ] Request (SecurityGroupsTestJSON:test_list_security_groups_by_server): 200 GET http://10.180.1.21/compute/v2.1/servers/ea190e91-e74a-497b-b28d-91c72895bb58 0.094s
2025-03-06 09:33:06.605 69183 INFO tempest.lib.common.rest_client [req-6ed5fc6e-90f1-4483-baad-0aee28f62c6a req-6ed5fc6e-90f1-4483-baad-0aee28f62c6a ] Request (KeyPairsV22TestJSON:tearDownClass): 204 DELETE http://10.180.1.21/identity/v3/users/15cc2d2cde3843b5a0e5ed3d6fb0edff 0.112s
2025-03-06 09:33:06.605 69183 INFO tempest.lib.common.dynamic_creds [-] Deleting project and security group for project: ccc84b6c7fcd4d95977d8b9dc476155b
2025-03-06 09:33:06.610 69197 INFO tempest.lib.common.rest_client [req-bbf80912-0789-4f1b-9642-6ca296516f3d req-bbf80912-0789-4f1b-9642-6ca296516f3d ] Request (ServersAdminNegativeTestJSON:test_migrate_server_invalid_state): 200 GET http://10.180.1.21/compute/v2.1/servers/9c5bda7c-55f0-402d-a515-87147f39fdd9 0.090s
2025-03-06 09:33:06.616 69203 INFO tempest.lib.common.rest_client [req-aaa1bbb5-9c37-4d38-82d9-5e360d84dcdc req-aaa1bbb5-9c37-4d38-82d9-5e360d84dcdc ] Request (ServersNegativeTestMultiTenantJSON:setUpClass): 200 GET http://10.180.1.21/compute/v2.1/servers/545024c9-58d2-4cec-9674-5aaee972370a 0.052s
2025-03-06 09:33:06.658 69183 INFO tempest.lib.common.rest_client [req-8745307d-bf1d-48d4-bf5e-1214835d7fc1 req-8745307d-bf1d-48d4-bf5e-1214835d7fc1 ] Request (KeyPairsV22TestJSON:tearDownClass): 201 POST http://10.180.1.21/identity/v3/auth/tokens 0.052s
2025-03-06 09:33:06.658 69179 INFO tempest.lib.common.rest_client [req-0285c33b-beba-4324-8bb7-cec7b8c9196b req-0285c33b-beba-4324-8bb7-cec7b8c9196b ] Request (AttachVolumeShelveTestJSON:test_attach_volume_shelved_or_offload_server): 200 GET http://10.180.1.21/compute/v2.1/servers/5be9111c-f58a-43eb-94c1-d0ac8d99159f 0.085s
2025-03-06 09:33:06.716 69161 INFO tempest.lib.common.rest_client [req-18294193-ef67-409e-803d-e598ad31e3a2 req-18294193-ef67-409e-803d-e598ad31e3a2 ] Request (ServerAddressesNegativeTestJSON:setUpClass): 200 GET http://10.180.1.21/compute/v2.1/servers/4a3883d1-8f6a-4e32-ba63-0552865b3158 0.055s
2025-03-06 09:33:06.773 69205 INFO tempest.lib.common.rest_client [req-694e5238-a8fb-4ec4-b1fe-b5ccce16cbab req-694e5238-a8fb-4ec4-b1fe-b5ccce16cbab ] Request (MultipleCreateTestJSON:_run_cleanups): 200 GET http://10.180.1.21/compute/v2.1/servers/998ffe8e-1aba-4e8c-96ab-367a5d54d54f 0.060s
2025-03-06 09:33:06.809 69193 WARNING tempest.lib.common.ssh [-] Failed to establish authenticated ssh connection to cirros@10.180.180.178 ([Errno None] Unable to connect to port 22 on 10.180.180.178). Number attempts: 7. Retry after 8 seconds.: paramiko.ssh_exception.NoValidConnectionsError: [Errno None] Unable to connect to port 22 on 10.180.180.178
2025-03-06 09:33:06.822 69159 INFO tempest.lib.common.rest_client [req-8c95aafa-938a-44d4-8003-24f047847243 req-8c95aafa-938a-44d4-8003-24f047847243 ] Request (ServerRescueTestJSONUnderV235:setUpClass): 200 GET http://10.180.1.21/compute/v2.1/servers/42ea1741-5132-4f0e-a4cb-4b7a598e4188 0.061s
2025-03-06 09:33:06.867 69183 INFO tempest.lib.common.rest_client [req-12a4b1aa-cf3c-40d0-b28c-985a87f793e6 req-12a4b1aa-cf3c-40d0-b28c-985a87f793e6 ] Request (KeyPairsV22TestJSON:tearDownClass): 200 GET http://10.180.1.21:9696/networking/v2.0/security-groups?tenant_id=ccc84b6c7fcd4d95977d8b9dc476155b&name=default 0.209s
2025-03-06 09:33:06.873 69189 INFO tempest.lib.common.rest_client [req-89c62d33-a644-4c8d-992f-4eaab098149b req-89c62d33-a644-4c8d-992f-4eaab098149b ] Request (FloatingIPsAssociationTestJSON:tearDownClass): 200 GET http://10.180.1.21/compute/v2.1/servers/f7d50028-73ab-4348-a49e-ca153c854939 0.198s
2025-03-06 09:33:06.881 69153 INFO tempest.lib.common.rest_client [req-093e64bc-0ab9-4fb8-a1e3-0b35557540d3 req-093e64bc-0ab9-4fb8-a1e3-0b35557540d3 ] Request (ServerShowV247Test:tearDownClass): 200 GET http://10.180.1.21/compute/v2.1/servers/cdb592f0-6224-4f00-84f3-afbd2b7e24a5 0.101s
2025-03-06 09:33:06.927 69211 INFO tempest.lib.common.rest_client [req-f08bc976-9a56-4e1c-a9be-b333b30c27c7 req-f08bc976-9a56-4e1c-a9be-b333b30c27c7 ] Request (ServerPasswordTestJSON:setUpClass): 200 GET http://10.180.1.21/compute/v2.1/servers/4b2b1531-770b-4bb6-9f58-d21e903ea332 0.080s
2025-03-06 09:33:06.932 69157 INFO tempest.lib.common.rest_client [req-23b9ac49-2f0c-436e-90c3-c219e1c12d52 req-23b9ac49-2f0c-436e-90c3-c219e1c12d52 ] Request (ImagesOneServerNegativeTestJSON:_run_cleanups): 200 GET http://10.180.1.21/compute/v2.1/servers/c87dc1be-f58a-4499-82a8-0b64649bf610 0.047s
2025-03-06 09:33:06.937 69173 WARNING tempest.lib.common.ssh [-] Failed to establish authenticated ssh connection to cirros@10.180.180.222 ([Errno None] Unable to connect to port 22 on 10.180.180.222). Number attempts: 5. Retry after 6 seconds.: paramiko.ssh_exception.NoValidConnectionsError: [Errno None] Unable to connect to port 22 on 10.180.180.222
2025-03-06 09:33:06.963 69183 INFO tempest.lib.common.rest_client [req-e8747171-48d2-4097-a782-3af485fe0114 req-e8747171-48d2-4097-a782-3af485fe0114 ] Request (KeyPairsV22TestJSON:tearDownClass): 204 DELETE http://10.180.1.21:9696/networking/v2.0/security-groups/5845cf99-4c1e-47c3-968e-5ffc66c248b7 0.095s
2025-03-06 09:33:06.989 69177 INFO tempest.lib.common.rest_client [req-3c940e90-b38c-4db2-bb1c-b66a8d085e3a req-3c940e90-b38c-4db2-bb1c-b66a8d085e3a ] Request (ServersWithSpecificFlavorTestJSON:test_verify_created_server_ephemeral_disk): 200 GET http://10.180.1.21/compute/v2.1/servers/5e723aa8-38dc-4692-8d2f-ff6aa2aa573a 0.047s
2025-03-06 09:33:07.028 69183 INFO tempest.lib.common.rest_client [req-6bafaa3a-4dd8-46df-8844-9a413c56428e req-6bafaa3a-4dd8-46df-8844-9a413c56428e ] Request (KeyPairsV22TestJSON:tearDownClass): 204 DELETE http://10.180.1.21/identity/v3/projects/ccc84b6c7fcd4d95977d8b9dc476155b 0.064s
2025-03-06 09:33:07.050 69187 INFO tempest.lib.common.rest_client [req-2c82200a-5599-4213-88eb-c2a9902a4008 req-2c82200a-5599-4213-88eb-c2a9902a4008 ] Request (DeleteServersAdminTestJSON:test_delete_server_while_in_error_state): 200 GET http://10.180.1.21/compute/v2.1/servers/06b1ab57-ad18-44ea-87f6-1e189219697e 0.056s
2025-03-06 09:33:07.089 69183 INFO tempest.lib.common.rest_client [req-e70356f2-9f69-4278-8f94-204eb004b4a2 req-e70356f2-9f69-4278-8f94-204eb004b4a2 ] Request (ServersTestBootFromVolume:setUpClass): 201 POST http://10.180.1.21/identity/v3/auth/tokens 0.060s
2025-03-06 09:33:07.117 69183 INFO tempest.lib.common.rest_client [req-7f5e891a-9ad2-4635-b446-ed325ce7a3fc req-7f5e891a-9ad2-4635-b446-ed325ce7a3fc ] Request (ServersTestBootFromVolume:setUpClass): 201 POST http://10.180.1.21/identity/v3/auth/tokens 0.025s
2025-03-06 09:33:07.140 69183 INFO tempest.lib.common.rest_client [req-1135ea63-727d-4833-a2e5-33d768129f4b req-1135ea63-727d-4833-a2e5-33d768129f4b ] Request (ServersTestBootFromVolume:setUpClass): 200 GET http://10.180.1.21/identity/v3/domains?name=Default 0.023s
2025-03-06 09:33:07.166 69183 INFO tempest.lib.common.rest_client [req-898f5c00-fd0c-4cc3-92b3-9d19d05de622 req-898f5c00-fd0c-4cc3-92b3-9d19d05de622 ] Request (ServersTestBootFromVolume:setUpClass): 201 POST http://10.180.1.21/identity/v3/projects 0.025s
2025-03-06 09:33:07.201 69155 INFO tempest.lib.common.rest_client [req-08929bdb-3276-4523-8511-5c5f49a43a37 req-08929bdb-3276-4523-8511-5c5f49a43a37 ] Request (MigrationsAdminTest:test_list_migrations_in_flavor_resize_situation): 200 GET http://10.180.1.21/compute/v2.1/servers/9fe86c8a-3b99-4503-82d9-db99ae5ec2fa 0.093s
2025-03-06 09:33:07.220 69183 INFO tempest.lib.common.rest_client [req-a0d450c0-fc3a-4de7-bb82-c1f9ca31dd0b req-a0d450c0-fc3a-4de7-bb82-c1f9ca31dd0b ] Request (ServersTestBootFromVolume:setUpClass): 201 POST http://10.180.1.21/identity/v3/users 0.053s
2025-03-06 09:33:07.233 69213 INFO tempest.lib.common.rest_client [req-616dda66-edca-408d-921e-dac06fad1544 req-616dda66-edca-408d-921e-dac06fad1544 ] Request (ServerExternalEventsTest:test_create_server_external_events): 200 GET http://10.180.1.21/compute/v2.1/servers/bf972e49-a76d-47d5-bc4f-f934412c899a 0.056s
2025-03-06 09:33:07.243 69183 INFO tempest.lib.common.rest_client [req-546812f4-63af-4568-86db-6d907894c9a6 req-546812f4-63af-4568-86db-6d907894c9a6 ] Request (ServersTestBootFromVolume:setUpClass): 200 GET http://10.180.1.21/identity/v3/roles 0.023s
2025-03-06 09:33:07.268 69183 INFO tempest.lib.common.rest_client [req-ab629696-4497-4dca-b8f7-a15a1ae734a9 req-ab629696-4497-4dca-b8f7-a15a1ae734a9 ] Request (ServersTestBootFromVolume:setUpClass): 204 PUT http://10.180.1.21/identity/v3/projects/958f028ef3ca48ba8718810498150130/users/a9be797c2d4745df90d7f23c933bf20f/roles/bceb9a0d99eb41e7943ae98b75727d46 0.024s
2025-03-06 09:33:07.269 69183 INFO tempest.lib.common.dynamic_creds [-] Dynamic test user a9be797c2d4745df90d7f23c933bf20f is created with scope project and roles: ['member']
2025-03-06 09:33:07.269 69183 INFO tempest.lib.common.dynamic_creds [-] Acquired dynamic creds: credentials: Credentials: {'domain_id': 'default', 'domain_name': 'Default', 'username': 'tempest-ServersTestBootFromVolume-1076109165-project-member', 'project_domain_id': 'default', 'project_domain_name': 'Default', 'project_id': '958f028ef3ca48ba8718810498150130', 'project_name': 'tempest-ServersTestBootFromVolume-1076109165', 'tenant_id': '958f028ef3ca48ba8718810498150130', 'tenant_name': 'tempest-ServersTestBootFromVolume-1076109165', 'user_domain_id': 'default', 'user_domain_name': 'Default', 'user_id': 'a9be797c2d4745df90d7f23c933bf20f', 'system': None}, Network: None, Subnet: None, Router: None
2025-03-06 09:33:07.324 69183 INFO tempest.lib.common.rest_client [req-5f101c9e-23b8-4f44-acac-eb3fa58ea3fe req-5f101c9e-23b8-4f44-acac-eb3fa58ea3fe ] Request (ServersTestBootFromVolume:setUpClass): 201 POST http://10.180.1.21/identity/v3/auth/tokens 0.054s
2025-03-06 09:33:07.391 69171 INFO tempest.lib.common.rest_client [req-73547532-d23f-41fe-9707-9a8b03a026ed req-73547532-d23f-41fe-9707-9a8b03a026ed ] Request (ServerDiagnosticsTest:tearDownClass): 200 GET http://10.180.1.21/compute/v2.1/servers/08f79565-00e9-4b4e-a675-d150436201ad 0.054s
2025-03-06 09:33:07.437 69169 INFO tempest.lib.common.rest_client [req-4fc7e829-30df-4159-8788-2e9137cc5fc3 req-4fc7e829-30df-4159-8788-2e9137cc5fc3 ] Request (ImagesTestJSON:test_create_image_from_suspended_server): 200 GET http://10.180.1.21/compute/v2.1/servers/af1eeca6-bbdc-4880-9256-5985dd2458a5 0.053s
2025-03-06 09:33:07.496 69175 INFO tempest.lib.common.rest_client [req-b097162d-17ac-46d4-ba09-b610db548ee3 req-b097162d-17ac-46d4-ba09-b610db548ee3 ] Request (ListServersNegativeTestJSON:setUpClass): 200 GET http://10.180.1.21/compute/v2.1/servers/a1afca68-3af7-4fd0-809f-ca4ad2445d4b 0.055s
2025-03-06 09:33:07.510 69199 INFO tempest.lib.common.rest_client [req-3f810c26-4ebc-491f-9052-5604b2cbccc8 req-3f810c26-4ebc-491f-9052-5604b2cbccc8 ] Request (ServersTestMultiNic:test_verify_duplicate_network_nics): 200 GET http://10.180.1.21/compute/v2.1/servers/e36c017c-0a98-4987-b4e6-76dfe617831f 0.064s
2025-03-06 09:33:07.562 69207 INFO tempest.lib.common.rest_client [req-840a7042-8add-48d2-92dc-51a55547dc70 req-840a7042-8add-48d2-92dc-51a55547dc70 ] Request (SecurityGroupsTestJSON:test_list_security_groups_by_server): 200 GET http://10.180.1.21/compute/v2.1/servers/ea190e91-e74a-497b-b28d-91c72895bb58 0.057s
2025-03-06 09:33:07.596 69183 INFO tempest.lib.common.rest_client [req-006c86b7-eca0-41ee-990d-6a7d2eb3f92e req-006c86b7-eca0-41ee-990d-6a7d2eb3f92e ] Request (ServersTestBootFromVolume:setUpClass): 201 POST http://10.180.1.21:9696/networking/v2.0/networks 0.272s
2025-03-06 09:33:07.650 69165 INFO tempest.lib.common.rest_client [req-22699d19-9765-4303-97f0-bba23920f2b0 req-22699d19-9765-4303-97f0-bba23920f2b0 ] Request (ServerDiskConfigTestJSON:test_rebuild_server_with_auto_disk_config): 200 GET http://10.180.1.21/compute/v2.1/servers/db7fed3c-36db-439c-bdf9-90289f849eac 0.163s
2025-03-06 09:33:07.657 69165 INFO tempest.common.waiters [-] State transition "BUILD/None" ==> "BUILD/networking" after 77 second wait
