2025-03-06 09:32:55.090 69205 INFO tempest.lib.common.rest_client [req-2675d397-732c-42b8-b2eb-deca88c96781 req-2675d397-732c-42b8-b2eb-deca88c96781 ] Request (MultipleCreateTestJSON:test_multiple_create): 200 GET http://10.180.1.21/compute/v2.1/servers/5593b9ed-c7cb-498c-b4c3-4a2da54c2036 0.155s
2025-03-06 09:32:55.121 69213 INFO tempest.lib.common.rest_client [req-ec3f502a-783f-46e1-9917-1560c3f1aa55 req-ec3f502a-783f-46e1-9917-1560c3f1aa55 ] Request (ServerExternalEventsTest:test_create_server_external_events): 200 GET http://10.180.1.21/compute/v2.1/servers/bf972e49-a76d-47d5-bc4f-f934412c899a 0.109s
2025-03-06 09:32:55.143 69175 INFO tempest.lib.common.rest_client [req-37f59263-8278-4358-bac1-468d04b0c530 req-37f59263-8278-4358-bac1-468d04b0c530 ] Request (ListServersNegativeTestJSON:setUpClass): 200 GET http://10.180.1.21/compute/v2.1/servers/a1afca68-3af7-4fd0-809f-ca4ad2445d4b 0.117s
2025-03-06 09:32:55.178 69189 INFO tempest.lib.common.rest_client [req-eb595a53-6e01-4cbb-86fe-ce7adb003d31 req-eb595a53-6e01-4cbb-86fe-ce7adb003d31 ] Request (FloatingIPsAssociationTestJSON:tearDownClass): 200 GET http://10.180.1.21/compute/v2.1/servers/2494681b-ef4f-405a-8898-affcc4f7f136 0.096s
2025-03-06 09:32:55.199 69169 INFO tempest.lib.common.rest_client [req-52d31052-075f-4a7e-942c-4add484fd458 req-52d31052-075f-4a7e-942c-4add484fd458 ] Request (ImagesTestJSON:test_create_image_from_suspended_server): 200 GET http://10.180.1.21/compute/v2.1/servers/af1eeca6-bbdc-4880-9256-5985dd2458a5 0.101s
2025-03-06 09:32:55.225 69199 INFO tempest.lib.common.rest_client [req-3eb06be5-07fa-4cda-810c-99cbcef9b21e req-3eb06be5-07fa-4cda-810c-99cbcef9b21e ] Request (ServersTestMultiNic:test_verify_duplicate_network_nics): 200 GET http://10.180.1.21/compute/v2.1/servers/e36c017c-0a98-4987-b4e6-76dfe617831f 0.072s
2025-03-06 09:32:55.264 69207 INFO tempest.lib.common.rest_client [req-ba19bd6b-eb0f-4505-a5cb-7bcdc584b23c req-ba19bd6b-eb0f-4505-a5cb-7bcdc584b23c ] Request (SecurityGroupsTestJSON:test_list_security_groups_by_server): 200 GET http://10.180.1.21/compute/v2.1/servers/ea190e91-e74a-497b-b28d-91c72895bb58 0.101s
2025-03-06 09:32:55.278 69165 INFO tempest.lib.common.rest_client [req-b17c7eb3-960e-4475-bced-af37f701b518 req-b17c7eb3-960e-4475-bced-af37f701b518 ] Request (ServerDiskConfigTestJSON:test_rebuild_server_with_auto_disk_config): 200 GET http://10.180.1.21/compute/v2.1/servers/db7fed3c-36db-439c-bdf9-90289f849eac 0.061s
2025-03-06 09:32:55.321 69197 INFO tempest.lib.common.rest_client [req-c4f945e5-9e19-4e1b-b0c7-165903dd713a req-c4f945e5-9e19-4e1b-b0c7-165903dd713a ] Request (ServersAdminNegativeTestJSON:test_migrate_server_invalid_state): 200 GET http://10.180.1.21/compute/v2.1/servers/9c5bda7c-55f0-402d-a515-87147f39fdd9 0.099s
2025-03-06 09:32:55.615 69153 INFO tempest.lib.common.rest_client [req-680a321d-692a-40fa-b249-1fbf3342efc1 req-680a321d-692a-40fa-b249-1fbf3342efc1 ] Request (ServerShowV247Test:test_update_rebuild_list_server): 200 GET http://10.180.1.21/compute/v2.1/servers/cdb592f0-6224-4f00-84f3-afbd2b7e24a5 0.070s
2025-03-06 09:32:55.667 69179 INFO tempest.lib.common.rest_client [req-67429c86-14a5-4ed5-bc39-154f2a5c9429 req-67429c86-14a5-4ed5-bc39-154f2a5c9429 ] Request (AttachVolumeShelveTestJSON:test_attach_volume_shelved_or_offload_server): 200 GET http://10.180.1.21/compute/v2.1/servers/5be9111c-f58a-43eb-94c1-d0ac8d99159f 0.065s
2025-03-06 09:32:55.714 69203 INFO tempest.lib.common.rest_client [req-3d9a2080-1493-439a-918b-0b811288805b req-3d9a2080-1493-439a-918b-0b811288805b ] Request (ServersNegativeTestMultiTenantJSON:setUpClass): 200 GET http://10.180.1.21/compute/v2.1/servers/545024c9-58d2-4cec-9674-5aaee972370a 0.058s
2025-03-06 09:32:55.825 69183 INFO tempest.lib.common.rest_client [req-124ee547-754d-4b67-b3bd-4198badba62c req-124ee547-754d-4b67-b3bd-4198badba62c ] Request (ImagesOneServerTestJSON:tearDownClass): 200 GET http://10.180.1.21/compute/v2.1/servers/176ad5bc-882c-4539-b69e-03c06616f933 0.076s
2025-03-06 09:32:55.868 69161 INFO tempest.lib.common.rest_client [req-1e19327a-cefc-43e7-a920-715b0e331868 req-1e19327a-cefc-43e7-a920-715b0e331868 ] Request (ServerAddressesNegativeTestJSON:setUpClass): 200 GET http://10.180.1.21/compute/v2.1/servers/4a3883d1-8f6a-4e32-ba63-0552865b3158 0.066s
2025-03-06 09:32:56.020 69187 INFO tempest.lib.common.rest_client [req-167a8787-7253-4be1-a82a-8a267c75e9a9 req-167a8787-7253-4be1-a82a-8a267c75e9a9 ] Request (DeleteServersAdminTestJSON:test_delete_server_while_in_error_state): 200 GET http://10.180.1.21/compute/v2.1/servers/06b1ab57-ad18-44ea-87f6-1e189219697e 0.114s
2025-03-06 09:32:56.022 69155 INFO tempest.lib.common.rest_client [req-cd10b19b-f052-42e4-83b3-496adf23939d req-cd10b19b-f052-42e4-83b3-496adf23939d ] Request (MigrationsAdminTest:test_list_migrations_in_flavor_resize_situation): 200 GET http://10.180.1.21/compute/v2.1/servers/9fe86c8a-3b99-4503-82d9-db99ae5ec2fa 0.117s
2025-03-06 09:32:56.058 69167 WARNING tempest.lib.common.ssh [-] Failed to establish authenticated ssh connection to cirros@10.180.180.185 ([Errno None] Unable to connect to port 22 on 10.180.180.185). Number attempts: 2. Retry after 3 seconds.: paramiko.ssh_exception.NoValidConnectionsError: [Errno None] Unable to connect to port 22 on 10.180.180.185
2025-03-06 09:32:56.068 69159 INFO tempest.lib.common.rest_client [req-a844b987-76db-4ccd-a20f-0289eddf6b5c req-a844b987-76db-4ccd-a20f-0289eddf6b5c ] Request (ServerRescueTestJSONUnderV235:setUpClass): 200 GET http://10.180.1.21/compute/v2.1/servers/42ea1741-5132-4f0e-a4cb-4b7a598e4188 0.114s
2025-03-06 09:32:56.072 69211 INFO tempest.lib.common.rest_client [req-6561599a-02c5-414c-9404-4be61679c601 req-6561599a-02c5-414c-9404-4be61679c601 ] Request (ServerPasswordTestJSON:setUpClass): 200 GET http://10.180.1.21/compute/v2.1/servers/4b2b1531-770b-4bb6-9f58-d21e903ea332 0.135s
2025-03-06 09:32:56.076 69159 INFO tempest.common.waiters [-] State transition "BUILD/scheduling" ==> "BUILD/None" after 54 second wait
2025-03-06 09:32:56.132 69157 INFO tempest.lib.common.rest_client [req-883d6c48-ee8a-460c-bc5d-2c58a39a08ef req-883d6c48-ee8a-460c-bc5d-2c58a39a08ef ] Request (ImagesOneServerNegativeTestJSON:_run_cleanups): 200 GET http://10.180.1.21/compute/v2.1/servers/c87dc1be-f58a-4499-82a8-0b64649bf610 0.110s
2025-03-06 09:32:56.169 69171 INFO tempest.lib.common.rest_client [req-9ef64edf-d668-4050-a698-1255edf1b15a req-9ef64edf-d668-4050-a698-1255edf1b15a ] Request (ServerDiagnosticsTest:test_get_server_diagnostics): 200 GET http://10.180.1.21/compute/v2.1/servers/08f79565-00e9-4b4e-a675-d150436201ad 0.168s
2025-03-06 09:32:56.176 69171 INFO tempest.common.waiters [-] State transition "BUILD/networking" ==> "BUILD/block_device_mapping" after 71 second wait
2025-03-06 09:32:56.185 69177 INFO tempest.lib.common.rest_client [req-0851ec2b-e9d2-4f1d-ac9b-50c05fd35646 req-0851ec2b-e9d2-4f1d-ac9b-50c05fd35646 ] Request (ServersWithSpecificFlavorTestJSON:test_verify_created_server_ephemeral_disk): 200 GET http://10.180.1.21/compute/v2.1/servers/5e723aa8-38dc-4692-8d2f-ff6aa2aa573a 0.113s
2025-03-06 09:32:56.239 69213 INFO tempest.lib.common.rest_client [req-8b83ebe1-68d6-493a-b23b-2884aa55ef00 req-8b83ebe1-68d6-493a-b23b-2884aa55ef00 ] Request (ServerExternalEventsTest:test_create_server_external_events): 200 GET http://10.180.1.21/compute/v2.1/servers/bf972e49-a76d-47d5-bc4f-f934412c899a 0.106s
2025-03-06 09:32:56.249 69193 WARNING tempest.lib.common.ssh [-] Failed to establish authenticated ssh connection to cirros@10.180.180.178 ([Errno None] Unable to connect to port 22 on 10.180.180.178). Number attempts: 6. Retry after 7 seconds.: paramiko.ssh_exception.NoValidConnectionsError: [Errno None] Unable to connect to port 22 on 10.180.180.178
2025-03-06 09:32:56.255 69205 INFO tempest.lib.common.rest_client [req-3c78f14b-62e0-4e4d-bfcd-0034f597f2f4 req-3c78f14b-62e0-4e4d-bfcd-0034f597f2f4 ] Request (MultipleCreateTestJSON:test_multiple_create): 200 GET http://10.180.1.21/compute/v2.1/servers/5593b9ed-c7cb-498c-b4c3-4a2da54c2036 0.153s
2025-03-06 09:32:56.286 69175 INFO tempest.lib.common.rest_client [req-4f8646fe-92d4-4d63-bb8a-15aa8909ce10 req-4f8646fe-92d4-4d63-bb8a-15aa8909ce10 ] Request (ListServersNegativeTestJSON:setUpClass): 200 GET http://10.180.1.21/compute/v2.1/servers/a1afca68-3af7-4fd0-809f-ca4ad2445d4b 0.135s
2025-03-06 09:32:56.306 69189 INFO tempest.lib.common.rest_client [req-c76cd1c9-112c-4547-886b-9f8f242c6c2b req-c76cd1c9-112c-4547-886b-9f8f242c6c2b ] Request (FloatingIPsAssociationTestJSON:tearDownClass): 200 GET http://10.180.1.21/compute/v2.1/servers/2494681b-ef4f-405a-8898-affcc4f7f136 0.118s
2025-03-06 09:32:56.335 69169 INFO tempest.lib.common.rest_client [req-54c63682-26ff-45a5-ae70-2a28f9b80e50 req-54c63682-26ff-45a5-ae70-2a28f9b80e50 ] Request (ImagesTestJSON:test_create_image_from_suspended_server): 200 GET http://10.180.1.21/compute/v2.1/servers/af1eeca6-bbdc-4880-9256-5985dd2458a5 0.129s
2025-03-06 09:32:56.350 69199 INFO tempest.lib.common.rest_client [req-d66e3476-fb07-4448-af59-508bb4643f10 req-d66e3476-fb07-4448-af59-508bb4643f10 ] Request (ServersTestMultiNic:test_verify_duplicate_network_nics): 200 GET http://10.180.1.21/compute/v2.1/servers/e36c017c-0a98-4987-b4e6-76dfe617831f 0.104s
2025-03-06 09:32:56.378 69207 INFO tempest.lib.common.rest_client [req-6a80b6a0-9f55-4a46-a27d-c0f0e9657522 req-6a80b6a0-9f55-4a46-a27d-c0f0e9657522 ] Request (SecurityGroupsTestJSON:test_list_security_groups_by_server): 200 GET http://10.180.1.21/compute/v2.1/servers/ea190e91-e74a-497b-b28d-91c72895bb58 0.105s
2025-03-06 09:32:56.393 69165 INFO tempest.lib.common.rest_client [req-d785385f-373e-4b75-a239-f58b735d7984 req-d785385f-373e-4b75-a239-f58b735d7984 ] Request (ServerDiskConfigTestJSON:test_rebuild_server_with_auto_disk_config): 200 GET http://10.180.1.21/compute/v2.1/servers/db7fed3c-36db-439c-bdf9-90289f849eac 0.107s
2025-03-06 09:32:56.422 69197 INFO tempest.lib.common.rest_client [req-b5879e6c-5d66-4870-8629-c5c98627b20a req-b5879e6c-5d66-4870-8629-c5c98627b20a ] Request (ServersAdminNegativeTestJSON:test_migrate_server_invalid_state): 200 GET http://10.180.1.21/compute/v2.1/servers/9c5bda7c-55f0-402d-a515-87147f39fdd9 0.093s
2025-03-06 09:32:56.675 69153 INFO tempest.lib.common.rest_client [req-6ebf2c3c-66a7-41ac-bc07-25d217b20520 req-6ebf2c3c-66a7-41ac-bc07-25d217b20520 ] Request (ServerShowV247Test:test_update_rebuild_list_server): 200 GET http://10.180.1.21/compute/v2.1/servers/cdb592f0-6224-4f00-84f3-afbd2b7e24a5 0.051s
2025-03-06 09:32:56.731 69179 INFO tempest.lib.common.rest_client [req-df0e4a69-ebb8-4a62-8db5-44b5c334100b req-df0e4a69-ebb8-4a62-8db5-44b5c334100b ] Request (AttachVolumeShelveTestJSON:test_attach_volume_shelved_or_offload_server): 200 GET http://10.180.1.21/compute/v2.1/servers/5be9111c-f58a-43eb-94c1-d0ac8d99159f 0.051s
2025-03-06 09:32:56.778 69203 INFO tempest.lib.common.rest_client [req-e2df3f39-fc5a-4072-9c12-d1a3013ab36e req-e2df3f39-fc5a-4072-9c12-d1a3013ab36e ] Request (ServersNegativeTestMultiTenantJSON:setUpClass): 200 GET http://10.180.1.21/compute/v2.1/servers/545024c9-58d2-4cec-9674-5aaee972370a 0.055s
2025-03-06 09:32:56.907 69183 INFO tempest.lib.common.rest_client [req-8681f6f2-86fe-4100-bb7d-acc5dd90a10b req-8681f6f2-86fe-4100-bb7d-acc5dd90a10b ] Request (ImagesOneServerTestJSON:tearDownClass): 200 GET http://10.180.1.21/compute/v2.1/servers/176ad5bc-882c-4539-b69e-03c06616f933 0.074s
2025-03-06 09:32:56.936 69161 INFO tempest.lib.common.rest_client [req-12a1f4ec-c79b-41a5-840a-293e028d4d95 req-12a1f4ec-c79b-41a5-840a-293e028d4d95 ] Request (ServerAddressesNegativeTestJSON:setUpClass): 200 GET http://10.180.1.21/compute/v2.1/servers/4a3883d1-8f6a-4e32-ba63-0552865b3158 0.059s
2025-03-06 09:32:57.120 69155 INFO tempest.lib.common.rest_client [req-31db73e0-25d8-4b1d-b5b4-08e703121341 req-31db73e0-25d8-4b1d-b5b4-08e703121341 ] Request (MigrationsAdminTest:test_list_migrations_in_flavor_resize_situation): 200 GET http://10.180.1.21/compute/v2.1/servers/9fe86c8a-3b99-4503-82d9-db99ae5ec2fa 0.088s
2025-03-06 09:32:57.165 69159 INFO tempest.lib.common.rest_client [req-87534452-fa88-48da-a2a5-a84bcd276c0a req-87534452-fa88-48da-a2a5-a84bcd276c0a ] Request (ServerRescueTestJSONUnderV235:setUpClass): 200 GET http://10.180.1.21/compute/v2.1/servers/42ea1741-5132-4f0e-a4cb-4b7a598e4188 0.088s
2025-03-06 09:32:57.182 69187 INFO tempest.lib.common.rest_client [req-e0be2064-563b-4824-9b48-4efa51ed71dd req-e0be2064-563b-4824-9b48-4efa51ed71dd ] Request (DeleteServersAdminTestJSON:test_delete_server_while_in_error_state): 200 GET http://10.180.1.21/compute/v2.1/servers/06b1ab57-ad18-44ea-87f6-1e189219697e 0.154s
2025-03-06 09:32:57.212 69211 INFO tempest.lib.common.rest_client [req-ef1d2133-e4c5-49ab-936a-62f3e21be5f4 req-ef1d2133-e4c5-49ab-936a-62f3e21be5f4 ] Request (ServerPasswordTestJSON:setUpClass): 200 GET http://10.180.1.21/compute/v2.1/servers/4b2b1531-770b-4bb6-9f58-d21e903ea332 0.132s
2025-03-06 09:32:57.234 69157 INFO tempest.lib.common.rest_client [req-526e8f12-5f40-4d61-9153-c098c52cb270 req-526e8f12-5f40-4d61-9153-c098c52cb270 ] Request (ImagesOneServerNegativeTestJSON:_run_cleanups): 200 GET http://10.180.1.21/compute/v2.1/servers/c87dc1be-f58a-4499-82a8-0b64649bf610 0.092s
2025-03-06 09:32:57.297 69177 INFO tempest.lib.common.rest_client [req-44b906c4-e50a-425e-a3f8-913ec397bcc4 req-44b906c4-e50a-425e-a3f8-913ec397bcc4 ] Request (ServersWithSpecificFlavorTestJSON:test_verify_created_server_ephemeral_disk): 200 GET http://10.180.1.21/compute/v2.1/servers/5e723aa8-38dc-4692-8d2f-ff6aa2aa573a 0.098s
2025-03-06 09:32:57.300 69171 INFO tempest.lib.common.rest_client [req-5f53bb14-6075-4c05-aaae-bdecb65e965c req-5f53bb14-6075-4c05-aaae-bdecb65e965c ] Request (ServerDiagnosticsTest:test_get_server_diagnostics): 200 GET http://10.180.1.21/compute/v2.1/servers/08f79565-00e9-4b4e-a675-d150436201ad 0.123s
2025-03-06 09:32:57.307 69171 INFO tempest.common.waiters [-] State transition "BUILD/block_device_mapping" ==> "BUILD/spawning" after 72 second wait
2025-03-06 09:32:57.344 69213 INFO tempest.lib.common.rest_client [req-0acc9440-82cc-48a2-8b33-d354718d257a req-0acc9440-82cc-48a2-8b33-d354718d257a ] Request (ServerExternalEventsTest:test_create_server_external_events): 200 GET http://10.180.1.21/compute/v2.1/servers/bf972e49-a76d-47d5-bc4f-f934412c899a 0.098s
2025-03-06 09:32:57.392 69175 INFO tempest.lib.common.rest_client [req-a19a5508-9db5-4d09-b542-fe3aa14c9ba6 req-a19a5508-9db5-4d09-b542-fe3aa14c9ba6 ] Request (ListServersNegativeTestJSON:setUpClass): 200 GET http://10.180.1.21/compute/v2.1/servers/a1afca68-3af7-4fd0-809f-ca4ad2445d4b 0.099s
2025-03-06 09:32:57.410 69205 INFO tempest.lib.common.rest_client [req-2a6015aa-7866-4b10-92b1-7d04f8a5c095 req-2a6015aa-7866-4b10-92b1-7d04f8a5c095 ] Request (MultipleCreateTestJSON:test_multiple_create): 200 GET http://10.180.1.21/compute/v2.1/servers/5593b9ed-c7cb-498c-b4c3-4a2da54c2036 0.147s
2025-03-06 09:32:57.443 69189 INFO tempest.lib.common.rest_client [req-8ed200a3-0aec-4119-aaee-99e2a58e61fd req-8ed200a3-0aec-4119-aaee-99e2a58e61fd ] Request (FloatingIPsAssociationTestJSON:tearDownClass): 200 GET http://10.180.1.21/compute/v2.1/servers/2494681b-ef4f-405a-8898-affcc4f7f136 0.129s
2025-03-06 09:32:57.452 69169 INFO tempest.lib.common.rest_client [req-7ff15d34-2a47-48d1-aa43-5dd42a5d0788 req-7ff15d34-2a47-48d1-aa43-5dd42a5d0788 ] Request (ImagesTestJSON:test_create_image_from_suspended_server): 200 GET http://10.180.1.21/compute/v2.1/servers/af1eeca6-bbdc-4880-9256-5985dd2458a5 0.109s
2025-03-06 09:32:57.489 69199 INFO tempest.lib.common.rest_client [req-6681ddf7-9c4d-46d6-ae18-d3537cb062e8 req-6681ddf7-9c4d-46d6-ae18-d3537cb062e8 ] Request (ServersTestMultiNic:test_verify_duplicate_network_nics): 200 GET http://10.180.1.21/compute/v2.1/servers/e36c017c-0a98-4987-b4e6-76dfe617831f 0.132s
2025-03-06 09:32:57.504 69207 INFO tempest.lib.common.rest_client [req-77a6c881-69a6-423e-9e3d-27c838a8c574 req-77a6c881-69a6-423e-9e3d-27c838a8c574 ] Request (SecurityGroupsTestJSON:test_list_security_groups_by_server): 200 GET http://10.180.1.21/compute/v2.1/servers/ea190e91-e74a-497b-b28d-91c72895bb58 0.119s
2025-03-06 09:32:57.536 69165 INFO tempest.lib.common.rest_client [req-3e2b4a6d-357d-43da-9552-7be8023c31fa req-3e2b4a6d-357d-43da-9552-7be8023c31fa ] Request (ServerDiskConfigTestJSON:test_rebuild_server_with_auto_disk_config): 200 GET http://10.180.1.21/compute/v2.1/servers/db7fed3c-36db-439c-bdf9-90289f849eac 0.135s
2025-03-06 09:32:57.551 69197 INFO tempest.lib.common.rest_client [req-797840f2-3247-4f25-a632-3182cd8ba0c8 req-797840f2-3247-4f25-a632-3182cd8ba0c8 ] Request (ServersAdminNegativeTestJSON:test_migrate_server_invalid_state): 200 GET http://10.180.1.21/compute/v2.1/servers/9c5bda7c-55f0-402d-a515-87147f39fdd9 0.120s
2025-03-06 09:32:57.557 69197 INFO tempest.common.waiters [-] State transition "BUILD/None" ==> "BUILD/networking" after 69 second wait
2025-03-06 09:32:57.734 69153 INFO tempest.lib.common.rest_client [req-f0858cd8-9eec-4ce8-8023-850e3960c504 req-f0858cd8-9eec-4ce8-8023-850e3960c504 ] Request (ServerShowV247Test:test_update_rebuild_list_server): 200 GET http://10.180.1.21/compute/v2.1/servers/cdb592f0-6224-4f00-84f3-afbd2b7e24a5 0.049s
2025-03-06 09:32:57.797 69179 INFO tempest.lib.common.rest_client [req-23a313b1-562a-4ee1-b454-310b8ae6bc70 req-23a313b1-562a-4ee1-b454-310b8ae6bc70 ] Request (AttachVolumeShelveTestJSON:test_attach_volume_shelved_or_offload_server): 200 GET http://10.180.1.21/compute/v2.1/servers/5be9111c-f58a-43eb-94c1-d0ac8d99159f 0.056s
2025-03-06 09:32:57.849 69203 INFO tempest.lib.common.rest_client [req-baea31d5-d8ce-4e77-b079-d4dafaf664fa req-baea31d5-d8ce-4e77-b079-d4dafaf664fa ] Request (ServersNegativeTestMultiTenantJSON:setUpClass): 200 GET http://10.180.1.21/compute/v2.1/servers/545024c9-58d2-4cec-9674-5aaee972370a 0.062s
2025-03-06 09:32:57.986 69183 INFO tempest.lib.common.rest_client [req-0b521c78-b8d2-4325-9233-42b23c749b5b req-0b521c78-b8d2-4325-9233-42b23c749b5b ] Request (ImagesOneServerTestJSON:tearDownClass): 200 GET http://10.180.1.21/compute/v2.1/servers/176ad5bc-882c-4539-b69e-03c06616f933 0.070s
2025-03-06 09:32:57.998 69161 INFO tempest.lib.common.rest_client [req-5f2e02ec-fe32-4d90-a29d-1f4a9045e347 req-5f2e02ec-fe32-4d90-a29d-1f4a9045e347 ] Request (ServerAddressesNegativeTestJSON:setUpClass): 200 GET http://10.180.1.21/compute/v2.1/servers/4a3883d1-8f6a-4e32-ba63-0552865b3158 0.054s
2025-03-06 09:32:58.230 69159 INFO tempest.lib.common.rest_client [req-36eab1ac-43c3-4684-878e-ce7007d6102d req-36eab1ac-43c3-4684-878e-ce7007d6102d ] Request (ServerRescueTestJSONUnderV235:setUpClass): 200 GET http://10.180.1.21/compute/v2.1/servers/42ea1741-5132-4f0e-a4cb-4b7a598e4188 0.057s
2025-03-06 09:32:58.255 69155 INFO tempest.lib.common.rest_client [req-18c9f084-b810-475c-8b78-d398ff517a01 req-18c9f084-b810-475c-8b78-d398ff517a01 ] Request (MigrationsAdminTest:test_list_migrations_in_flavor_resize_situation): 200 GET http://10.180.1.21/compute/v2.1/servers/9fe86c8a-3b99-4503-82d9-db99ae5ec2fa 0.126s
2025-03-06 09:32:58.320 69211 INFO tempest.lib.common.rest_client [req-7e8a9180-5986-475f-8d93-c56a5136c89d req-7e8a9180-5986-475f-8d93-c56a5136c89d ] Request (ServerPasswordTestJSON:setUpClass): 200 GET http://10.180.1.21/compute/v2.1/servers/4b2b1531-770b-4bb6-9f58-d21e903ea332 0.092s
2025-03-06 09:32:58.362 69173 WARNING tempest.lib.common.ssh [-] Failed to establish authenticated ssh connection to cirros@10.180.180.222 ([Errno None] Unable to connect to port 22 on 10.180.180.222). Number attempts: 4. Retry after 5 seconds.: paramiko.ssh_exception.NoValidConnectionsError: [Errno None] Unable to connect to port 22 on 10.180.180.222
2025-03-06 09:32:58.364 69157 INFO tempest.lib.common.rest_client [req-25762837-efd9-4abb-bffc-0d8288707e4b req-25762837-efd9-4abb-bffc-0d8288707e4b ] Request (ImagesOneServerNegativeTestJSON:_run_cleanups): 200 GET http://10.180.1.21/compute/v2.1/servers/c87dc1be-f58a-4499-82a8-0b64649bf610 0.121s
2025-03-06 09:32:58.367 69187 INFO tempest.lib.common.rest_client [req-53d2d5a1-b2b8-449b-8561-86cc994c9776 req-53d2d5a1-b2b8-449b-8561-86cc994c9776 ] Request (DeleteServersAdminTestJSON:test_delete_server_while_in_error_state): 200 GET http://10.180.1.21/compute/v2.1/servers/06b1ab57-ad18-44ea-87f6-1e189219697e 0.177s
2025-03-06 09:32:58.421 69177 INFO tempest.lib.common.rest_client [req-d7572991-9627-4749-a086-0e49f76da5d6 req-d7572991-9627-4749-a086-0e49f76da5d6 ] Request (ServersWithSpecificFlavorTestJSON:test_verify_created_server_ephemeral_disk): 200 GET http://10.180.1.21/compute/v2.1/servers/5e723aa8-38dc-4692-8d2f-ff6aa2aa573a 0.114s
2025-03-06 09:32:58.469 69213 INFO tempest.lib.common.rest_client [req-e5023b6f-12ac-450f-b5de-9cf5be8b161b req-e5023b6f-12ac-450f-b5de-9cf5be8b161b ] Request (ServerExternalEventsTest:test_create_server_external_events): 200 GET http://10.180.1.21/compute/v2.1/servers/bf972e49-a76d-47d5-bc4f-f934412c899a 0.117s
2025-03-06 09:32:58.485 69171 INFO tempest.lib.common.rest_client [req-b34f0769-5568-4e29-b01d-72488bd2740f req-b34f0769-5568-4e29-b01d-72488bd2740f ] Request (ServerDiagnosticsTest:test_get_server_diagnostics): 200 GET http://10.180.1.21/compute/v2.1/servers/08f79565-00e9-4b4e-a675-d150436201ad 0.173s
2025-03-06 09:32:58.526 69175 INFO tempest.lib.common.rest_client [req-a0b2cb56-350a-417c-8757-e1efe5b539db req-a0b2cb56-350a-417c-8757-e1efe5b539db ] Request (ListServersNegativeTestJSON:setUpClass): 200 GET http://10.180.1.21/compute/v2.1/servers/a1afca68-3af7-4fd0-809f-ca4ad2445d4b 0.126s
2025-03-06 09:32:58.580 69189 INFO tempest.lib.common.rest_client [req-06e6104e-d645-4d14-ae05-0f4b5e2537d8 req-06e6104e-d645-4d14-ae05-0f4b5e2537d8 ] Request (FloatingIPsAssociationTestJSON:tearDownClass): 200 GET http://10.180.1.21/compute/v2.1/servers/2494681b-ef4f-405a-8898-affcc4f7f136 0.129s
2025-03-06 09:32:58.595 69205 INFO tempest.lib.common.rest_client [req-ac596b4d-bd9e-4792-97f4-35c02aede7da req-ac596b4d-bd9e-4792-97f4-35c02aede7da ] Request (MultipleCreateTestJSON:test_multiple_create): 200 GET http://10.180.1.21/compute/v2.1/servers/5593b9ed-c7cb-498c-b4c3-4a2da54c2036 0.176s
2025-03-06 09:32:58.603 69205 INFO tempest.common.waiters [-] State transition "BUILD/spawning" ==> "ACTIVE/None" after 78 second wait
2025-03-06 09:32:58.626 69169 INFO tempest.lib.common.rest_client [req-5623754c-b1ad-480f-adba-59fc22334038 req-5623754c-b1ad-480f-adba-59fc22334038 ] Request (ImagesTestJSON:test_create_image_from_suspended_server): 200 GET http://10.180.1.21/compute/v2.1/servers/af1eeca6-bbdc-4880-9256-5985dd2458a5 0.167s
2025-03-06 09:32:58.638 69199 INFO tempest.lib.common.rest_client [req-61a2b0cd-03ff-46f7-b109-77451a3ffcf5 req-61a2b0cd-03ff-46f7-b109-77451a3ffcf5 ] Request (ServersTestMultiNic:test_verify_duplicate_network_nics): 200 GET http://10.180.1.21/compute/v2.1/servers/e36c017c-0a98-4987-b4e6-76dfe617831f 0.142s
2025-03-06 09:32:58.674 69207 INFO tempest.lib.common.rest_client [req-9b639e61-2b66-4f6b-ad8e-1098c47db89d req-9b639e61-2b66-4f6b-ad8e-1098c47db89d ] Request (SecurityGroupsTestJSON:test_list_security_groups_by_server): 200 GET http://10.180.1.21/compute/v2.1/servers/ea190e91-e74a-497b-b28d-91c72895bb58 0.161s
2025-03-06 09:32:58.683 69165 INFO tempest.lib.common.rest_client [req-86299ef7-5b1f-4a8a-9032-9ef28e459495 req-86299ef7-5b1f-4a8a-9032-9ef28e459495 ] Request (ServerDiskConfigTestJSON:test_rebuild_server_with_auto_disk_config): 200 GET http://10.180.1.21/compute/v2.1/servers/db7fed3c-36db-439c-bdf9-90289f849eac 0.140s
2025-03-06 09:32:58.763 69197 INFO tempest.lib.common.rest_client [req-09abe040-afbb-49f6-b01e-9aaf8d2dbe1f req-09abe040-afbb-49f6-b01e-9aaf8d2dbe1f ] Request (ServersAdminNegativeTestJSON:test_migrate_server_invalid_state): 200 GET http://10.180.1.21/compute/v2.1/servers/9c5bda7c-55f0-402d-a515-87147f39fdd9 0.205s
2025-03-06 09:32:58.769 69197 INFO tempest.common.waiters [-] State transition "BUILD/networking" ==> "BUILD/block_device_mapping" after 70 second wait
2025-03-06 09:32:58.773 69205 INFO tempest.lib.common.rest_client [req-26f7e9f8-f6ed-4013-940a-607b1f710837 req-26f7e9f8-f6ed-4013-940a-607b1f710837 ] Request (MultipleCreateTestJSON:test_multiple_create): 200 GET http://10.180.1.21/compute/v2.1/servers/998ffe8e-1aba-4e8c-96ab-367a5d54d54f 0.170s
2025-03-06 09:32:58.842 69153 INFO tempest.lib.common.rest_client [req-6d59eccc-7234-4862-a4c1-ec1e35b5b95f req-6d59eccc-7234-4862-a4c1-ec1e35b5b95f ] Request (ServerShowV247Test:test_update_rebuild_list_server): 200 GET http://10.180.1.21/compute/v2.1/servers/cdb592f0-6224-4f00-84f3-afbd2b7e24a5 0.099s
2025-03-06 09:32:58.870 69205 INFO tempest.lib.common.rest_client [req-c6970ddb-2489-4f18-8061-ac6072105475 req-c6970ddb-2489-4f18-8061-ac6072105475 ] Request (MultipleCreateTestJSON:_run_cleanups): 204 DELETE http://10.180.1.21/compute/v2.1/servers/998ffe8e-1aba-4e8c-96ab-367a5d54d54f 0.087s
2025-03-06 09:32:58.905 69179 INFO tempest.lib.common.rest_client [req-7954c1b5-7967-4f74-8317-0b37155d2ce5 req-7954c1b5-7967-4f74-8317-0b37155d2ce5 ] Request (AttachVolumeShelveTestJSON:test_attach_volume_shelved_or_offload_server): 200 GET http://10.180.1.21/compute/v2.1/servers/5be9111c-f58a-43eb-94c1-d0ac8d99159f 0.100s
2025-03-06 09:32:58.923 69203 INFO tempest.lib.common.rest_client [req-4a564f92-7f4b-499f-bb02-aa24f3f8be65 req-4a564f92-7f4b-499f-bb02-aa24f3f8be65 ] Request (ServersNegativeTestMultiTenantJSON:setUpClass): 200 GET http://10.180.1.21/compute/v2.1/servers/545024c9-58d2-4cec-9674-5aaee972370a 0.065s
2025-03-06 09:32:58.978 69205 INFO tempest.lib.common.rest_client [req-b76dfb1e-a7d1-4571-9be6-0b9ffe8bf072 req-b76dfb1e-a7d1-4571-9be6-0b9ffe8bf072 ] Request (MultipleCreateTestJSON:_run_cleanups): 204 DELETE http://10.180.1.21/compute/v2.1/servers/5593b9ed-c7cb-498c-b4c3-4a2da54c2036 0.107s
2025-03-06 09:32:59.062 69183 INFO tempest.lib.common.rest_client [req-244fd955-ca3e-41aa-8c02-47b096bd0dd7 req-244fd955-ca3e-41aa-8c02-47b096bd0dd7 ] Request (ImagesOneServerTestJSON:tearDownClass): 200 GET http://10.180.1.21/compute/v2.1/servers/176ad5bc-882c-4539-b69e-03c06616f933 0.068s
2025-03-06 09:32:59.071 69205 INFO tempest.lib.common.rest_client [req-3aecaddf-ab8e-4b11-87f0-eefb554b27e1 req-3aecaddf-ab8e-4b11-87f0-eefb554b27e1 ] Request (MultipleCreateTestJSON:_run_cleanups): 200 GET http://10.180.1.21/compute/v2.1/servers/998ffe8e-1aba-4e8c-96ab-367a5d54d54f 0.092s
2025-03-06 09:32:59.115 69161 INFO tempest.lib.common.rest_client [req-36636c2b-7949-4f37-94af-45e8e271cfc2 req-36636c2b-7949-4f37-94af-45e8e271cfc2 ] Request (ServerAddressesNegativeTestJSON:setUpClass): 200 GET http://10.180.1.21/compute/v2.1/servers/4a3883d1-8f6a-4e32-ba63-0552865b3158 0.109s
2025-03-06 09:32:59.290 69159 INFO tempest.lib.common.rest_client [req-392068ee-abe8-4234-b02f-9ab5f82cd83a req-392068ee-abe8-4234-b02f-9ab5f82cd83a ] Request (ServerRescueTestJSONUnderV235:setUpClass): 200 GET http://10.180.1.21/compute/v2.1/servers/42ea1741-5132-4f0e-a4cb-4b7a598e4188 0.051s
2025-03-06 09:32:59.355 69155 INFO tempest.lib.common.rest_client [req-2051d7d9-eca3-441c-b9ae-85604cc1f317 req-2051d7d9-eca3-441c-b9ae-85604cc1f317 ] Request (MigrationsAdminTest:test_list_migrations_in_flavor_resize_situation): 200 GET http://10.180.1.21/compute/v2.1/servers/9fe86c8a-3b99-4503-82d9-db99ae5ec2fa 0.092s
2025-03-06 09:32:59.376 69211 INFO tempest.lib.common.rest_client [req-421cb468-cf7c-4066-9f7c-984f8dfbba3a req-421cb468-cf7c-4066-9f7c-984f8dfbba3a ] Request (ServerPasswordTestJSON:setUpClass): 200 GET http://10.180.1.21/compute/v2.1/servers/4b2b1531-770b-4bb6-9f58-d21e903ea332 0.047s
2025-03-06 09:32:59.430 69157 INFO tempest.lib.common.rest_client [req-f8c7e993-2b71-4703-bf00-009bc56178b6 req-f8c7e993-2b71-4703-bf00-009bc56178b6 ] Request (ImagesOneServerNegativeTestJSON:_run_cleanups): 200 GET http://10.180.1.21/compute/v2.1/servers/c87dc1be-f58a-4499-82a8-0b64649bf610 0.054s
2025-03-06 09:32:59.465 69187 INFO tempest.lib.common.rest_client [req-cd6ee28b-9fc6-4368-9895-608bd39dada3 req-cd6ee28b-9fc6-4368-9895-608bd39dada3 ] Request (DeleteServersAdminTestJSON:test_delete_server_while_in_error_state): 200 GET http://10.180.1.21/compute/v2.1/servers/06b1ab57-ad18-44ea-87f6-1e189219697e 0.088s
2025-03-06 09:32:59.484 69177 INFO tempest.lib.common.rest_client [req-f6ec7406-5cde-4cd5-a358-504f15e5246b req-f6ec7406-5cde-4cd5-a358-504f15e5246b ] Request (ServersWithSpecificFlavorTestJSON:test_verify_created_server_ephemeral_disk): 200 GET http://10.180.1.21/compute/v2.1/servers/5e723aa8-38dc-4692-8d2f-ff6aa2aa573a 0.052s
2025-03-06 09:32:59.528 69213 INFO tempest.lib.common.rest_client [req-e2fd9750-5d84-4e3c-8bd2-bd4eb78b2a03 req-e2fd9750-5d84-4e3c-8bd2-bd4eb78b2a03 ] Request (ServerExternalEventsTest:test_create_server_external_events): 200 GET http://10.180.1.21/compute/v2.1/servers/bf972e49-a76d-47d5-bc4f-f934412c899a 0.048s
2025-03-06 09:32:59.585 69175 INFO tempest.lib.common.rest_client [req-3daf4d98-185e-41f4-940b-1021b69116d0 req-3daf4d98-185e-41f4-940b-1021b69116d0 ] Request (ListServersNegativeTestJSON:setUpClass): 200 GET http://10.180.1.21/compute/v2.1/servers/a1afca68-3af7-4fd0-809f-ca4ad2445d4b 0.051s
2025-03-06 09:32:59.612 69171 INFO tempest.lib.common.rest_client [req-a552df6d-97fe-4f42-af03-1d098e18ffe6 req-a552df6d-97fe-4f42-af03-1d098e18ffe6 ] Request (ServerDiagnosticsTest:test_get_server_diagnostics): 200 GET http://10.180.1.21/compute/v2.1/servers/08f79565-00e9-4b4e-a675-d150436201ad 0.116s
2025-03-06 09:32:59.651 69189 INFO tempest.lib.common.rest_client [req-d2f9501e-4611-4b76-9155-c2cd44dc1918 req-d2f9501e-4611-4b76-9155-c2cd44dc1918 ] Request (FloatingIPsAssociationTestJSON:tearDownClass): 200 GET http://10.180.1.21/compute/v2.1/servers/2494681b-ef4f-405a-8898-affcc4f7f136 0.063s
2025-03-06 09:32:59.685 69169 INFO tempest.lib.common.rest_client [req-0e5a18ae-8843-4dd1-9dcf-4a97ebbeca2f req-0e5a18ae-8843-4dd1-9dcf-4a97ebbeca2f ] Request (ImagesTestJSON:test_create_image_from_suspended_server): 200 GET http://10.180.1.21/compute/v2.1/servers/af1eeca6-bbdc-4880-9256-5985dd2458a5 0.051s
2025-03-06 09:32:59.702 69199 INFO tempest.lib.common.rest_client [req-a5ad7238-4801-4795-9f47-f936cc6b656f req-a5ad7238-4801-4795-9f47-f936cc6b656f ] Request (ServersTestMultiNic:test_verify_duplicate_network_nics): 200 GET http://10.180.1.21/compute/v2.1/servers/e36c017c-0a98-4987-b4e6-76dfe617831f 0.055s
2025-03-06 09:32:59.734 69207 INFO tempest.lib.common.rest_client [req-0cc8b2e8-a315-400c-8d63-04e3d7097991 req-0cc8b2e8-a315-400c-8d63-04e3d7097991 ] Request (SecurityGroupsTestJSON:test_list_security_groups_by_server): 200 GET http://10.180.1.21/compute/v2.1/servers/ea190e91-e74a-497b-b28d-91c72895bb58 0.051s
2025-03-06 09:32:59.747 69165 INFO tempest.lib.common.rest_client [req-58de8b73-cff3-42a2-b73d-bea4bb3e8be9 req-58de8b73-cff3-42a2-b73d-bea4bb3e8be9 ] Request (ServerDiskConfigTestJSON:test_rebuild_server_with_auto_disk_config): 200 GET http://10.180.1.21/compute/v2.1/servers/db7fed3c-36db-439c-bdf9-90289f849eac 0.052s
2025-03-06 09:32:59.873 69197 INFO tempest.lib.common.rest_client [req-d52596d2-bbad-4b3f-89c2-8098d909eae1 req-d52596d2-bbad-4b3f-89c2-8098d909eae1 ] Request (ServersAdminNegativeTestJSON:test_migrate_server_invalid_state): 200 GET http://10.180.1.21/compute/v2.1/servers/9c5bda7c-55f0-402d-a515-87147f39fdd9 0.103s
2025-03-06 09:32:59.881 69197 INFO tempest.common.waiters [-] State transition "BUILD/block_device_mapping" ==> "BUILD/spawning" after 71 second wait
2025-03-06 09:32:59.909 69153 INFO tempest.lib.common.rest_client [req-2c9f83d5-82b0-45b2-ba0c-f87406e331cb req-2c9f83d5-82b0-45b2-ba0c-f87406e331cb ] Request (ServerShowV247Test:test_update_rebuild_list_server): 200 GET http://10.180.1.21/compute/v2.1/servers/cdb592f0-6224-4f00-84f3-afbd2b7e24a5 0.054s
2025-03-06 09:32:59.962 69181 WARNING tempest.lib.common.ssh [-] Failed to establish authenticated ssh connection to cirros@10.180.180.242 ([Errno None] Unable to connect to port 22 on 10.180.180.242). Number attempts: 7. Retry after 8 seconds.: paramiko.ssh_exception.NoValidConnectionsError: [Errno None] Unable to connect to port 22 on 10.180.180.242
2025-03-06 09:32:59.980 69203 INFO tempest.lib.common.rest_client [req-43b1baf6-7ac8-47c1-8333-df8b2505d9cf req-43b1baf6-7ac8-47c1-8333-df8b2505d9cf ] Request (ServersNegativeTestMultiTenantJSON:setUpClass): 200 GET http://10.180.1.21/compute/v2.1/servers/545024c9-58d2-4cec-9674-5aaee972370a 0.049s
2025-03-06 09:32:59.994 69179 INFO tempest.lib.common.rest_client [req-6588a114-20be-46e0-9c74-78030426ff55 req-6588a114-20be-46e0-9c74-78030426ff55 ] Request (AttachVolumeShelveTestJSON:test_attach_volume_shelved_or_offload_server): 200 GET http://10.180.1.21/compute/v2.1/servers/5be9111c-f58a-43eb-94c1-d0ac8d99159f 0.080s
2025-03-06 09:33:00.090 69201 WARNING tempest.lib.common.ssh [-] Failed to establish authenticated ssh connection to cirros@10.180.180.221 ([Errno None] Unable to connect to port 22 on 10.180.180.221). Number attempts: 10. Retry after 11 seconds.: paramiko.ssh_exception.NoValidConnectionsError: [Errno None] Unable to connect to port 22 on 10.180.180.221
2025-03-06 09:33:00.132 69183 INFO tempest.lib.common.rest_client [req-cff96ed0-8d6d-450e-9b3f-2e8d71347226 req-cff96ed0-8d6d-450e-9b3f-2e8d71347226 ] Request (ImagesOneServerTestJSON:tearDownClass): 200 GET http://10.180.1.21/compute/v2.1/servers/176ad5bc-882c-4539-b69e-03c06616f933 0.062s
2025-03-06 09:33:00.167 69205 INFO tempest.lib.common.rest_client [req-f191a2d0-ae4f-4872-9f83-ae3ea4a23c22 req-f191a2d0-ae4f-4872-9f83-ae3ea4a23c22 ] Request (MultipleCreateTestJSON:_run_cleanups): 200 GET http://10.180.1.21/compute/v2.1/servers/998ffe8e-1aba-4e8c-96ab-367a5d54d54f 0.088s
2025-03-06 09:33:00.180 69161 INFO tempest.lib.common.rest_client [req-f1779ee4-55d6-426c-84c6-d822b2aae8db req-f1779ee4-55d6-426c-84c6-d822b2aae8db ] Request (ServerAddressesNegativeTestJSON:setUpClass): 200 GET http://10.180.1.21/compute/v2.1/servers/4a3883d1-8f6a-4e32-ba63-0552865b3158 0.057s
2025-03-06 09:33:00.350 69159 INFO tempest.lib.common.rest_client [req-94100497-ccb8-45d3-8f8d-8a4b65f338a0 req-94100497-ccb8-45d3-8f8d-8a4b65f338a0 ] Request (ServerRescueTestJSONUnderV235:setUpClass): 200 GET http://10.180.1.21/compute/v2.1/servers/42ea1741-5132-4f0e-a4cb-4b7a598e4188 0.050s
2025-03-06 09:33:00.432 69211 INFO tempest.lib.common.rest_client [req-53ed6fa4-8277-4e09-b964-2420d46b70d9 req-53ed6fa4-8277-4e09-b964-2420d46b70d9 ] Request (ServerPasswordTestJSON:setUpClass): 200 GET http://10.180.1.21/compute/v2.1/servers/4b2b1531-770b-4bb6-9f58-d21e903ea332 0.048s
2025-03-06 09:33:00.451 69155 INFO tempest.lib.common.rest_client [req-f14a16e6-3c2d-41eb-b61b-0b561dbf7544 req-f14a16e6-3c2d-41eb-b61b-0b561dbf7544 ] Request (MigrationsAdminTest:test_list_migrations_in_flavor_resize_situation): 200 GET http://10.180.1.21/compute/v2.1/servers/9fe86c8a-3b99-4503-82d9-db99ae5ec2fa 0.089s
2025-03-06 09:33:00.486 69157 INFO tempest.lib.common.rest_client [req-461e1c0e-ff01-4387-a828-eccfd2ca6f3a req-461e1c0e-ff01-4387-a828-eccfd2ca6f3a ] Request (ImagesOneServerNegativeTestJSON:_run_cleanups): 200 GET http://10.180.1.21/compute/v2.1/servers/c87dc1be-f58a-4499-82a8-0b64649bf610 0.048s
2025-03-06 09:33:00.543 69177 INFO tempest.lib.common.rest_client [req-db826cc0-523e-4da0-98ff-f384b6a6f376 req-db826cc0-523e-4da0-98ff-f384b6a6f376 ] Request (ServersWithSpecificFlavorTestJSON:test_verify_created_server_ephemeral_disk): 200 GET http://10.180.1.21/compute/v2.1/servers/5e723aa8-38dc-4692-8d2f-ff6aa2aa573a 0.050s
2025-03-06 09:33:00.563 69187 INFO tempest.lib.common.rest_client [req-468a4f93-2f12-4836-be1c-36fe5d5f91d5 req-468a4f93-2f12-4836-be1c-36fe5d5f91d5 ] Request (DeleteServersAdminTestJSON:test_delete_server_while_in_error_state): 200 GET http://10.180.1.21/compute/v2.1/servers/06b1ab57-ad18-44ea-87f6-1e189219697e 0.091s
2025-03-06 09:33:00.592 69213 INFO tempest.lib.common.rest_client [req-77a4a028-1b85-43d9-b351-9ffcc0f0b5f3 req-77a4a028-1b85-43d9-b351-9ffcc0f0b5f3 ] Request (ServerExternalEventsTest:test_create_server_external_events): 200 GET http://10.180.1.21/compute/v2.1/servers/bf972e49-a76d-47d5-bc4f-f934412c899a 0.057s
2025-03-06 09:33:00.645 69175 INFO tempest.lib.common.rest_client [req-fcb3e849-e4c5-44c0-ac1b-e226ef31cb39 req-fcb3e849-e4c5-44c0-ac1b-e226ef31cb39 ] Request (ListServersNegativeTestJSON:setUpClass): 200 GET http://10.180.1.21/compute/v2.1/servers/a1afca68-3af7-4fd0-809f-ca4ad2445d4b 0.050s
2025-03-06 09:33:00.715 69189 INFO tempest.lib.common.rest_client [req-283f3aba-3dda-46d7-adef-535091da0087 req-283f3aba-3dda-46d7-adef-535091da0087 ] Request (FloatingIPsAssociationTestJSON:tearDownClass): 200 GET http://10.180.1.21/compute/v2.1/servers/2494681b-ef4f-405a-8898-affcc4f7f136 0.057s
2025-03-06 09:33:00.727 69171 INFO tempest.lib.common.rest_client [req-9f0385d4-eccc-4908-bd0d-b9f2c5702446 req-9f0385d4-eccc-4908-bd0d-b9f2c5702446 ] Request (ServerDiagnosticsTest:test_get_server_diagnostics): 200 GET http://10.180.1.21/compute/v2.1/servers/08f79565-00e9-4b4e-a675-d150436201ad 0.106s
2025-03-06 09:33:00.762 69169 INFO tempest.lib.common.rest_client [req-c08d7b17-d7c5-44e0-945d-390efd3a4be3 req-c08d7b17-d7c5-44e0-945d-390efd3a4be3 ] Request (ImagesTestJSON:test_create_image_from_suspended_server): 200 GET http://10.180.1.21/compute/v2.1/servers/af1eeca6-bbdc-4880-9256-5985dd2458a5 0.066s
2025-03-06 09:33:00.770 69169 INFO tempest.common.waiters [-] State transition "BUILD/scheduling" ==> "BUILD/None" after 54 second wait
2025-03-06 09:33:00.791 69199 INFO tempest.lib.common.rest_client [req-0eb6f6da-edd9-44fc-9c47-61c37cf2ef8b req-0eb6f6da-edd9-44fc-9c47-61c37cf2ef8b ] Request (ServersTestMultiNic:test_verify_duplicate_network_nics): 200 GET http://10.180.1.21/compute/v2.1/servers/e36c017c-0a98-4987-b4e6-76dfe617831f 0.081s
2025-03-06 09:33:00.820 69207 INFO tempest.lib.common.rest_client [req-93f368ba-a69d-4d45-80cd-c47a1ad9a949 req-93f368ba-a69d-4d45-80cd-c47a1ad9a949 ] Request (SecurityGroupsTestJSON:test_list_security_groups_by_server): 200 GET http://10.180.1.21/compute/v2.1/servers/ea190e91-e74a-497b-b28d-91c72895bb58 0.079s
2025-03-06 09:33:00.852 69165 INFO tempest.lib.common.rest_client [req-bc7069e7-1f39-4dfc-99a2-3081d900e260 req-bc7069e7-1f39-4dfc-99a2-3081d900e260 ] Request (ServerDiskConfigTestJSON:test_rebuild_server_with_auto_disk_config): 200 GET http://10.180.1.21/compute/v2.1/servers/db7fed3c-36db-439c-bdf9-90289f849eac 0.097s
2025-03-06 09:33:00.969 69153 INFO tempest.lib.common.rest_client [req-9cbadf63-1c2c-42b0-943a-5850da5c7380 req-9cbadf63-1c2c-42b0-943a-5850da5c7380 ] Request (ServerShowV247Test:test_update_rebuild_list_server): 200 GET http://10.180.1.21/compute/v2.1/servers/cdb592f0-6224-4f00-84f3-afbd2b7e24a5 0.051s
2025-03-06 09:33:00.971 69197 INFO tempest.lib.common.rest_client [req-361791e1-1cb8-41b1-8e4d-87df77946fe4 req-361791e1-1cb8-41b1-8e4d-87df77946fe4 ] Request (ServersAdminNegativeTestJSON:test_migrate_server_invalid_state): 200 GET http://10.180.1.21/compute/v2.1/servers/9c5bda7c-55f0-402d-a515-87147f39fdd9 0.089s
2025-03-06 09:33:00.977 69153 INFO tempest.common.waiters [-] State transition "REBUILD/rebuild_spawning" ==> "ACTIVE/None" after 10 second wait
2025-03-06 09:33:01.044 69203 INFO tempest.lib.common.rest_client [req-33bdc82d-19c7-496f-a6fc-a49174fa932c req-33bdc82d-19c7-496f-a6fc-a49174fa932c ] Request (ServersNegativeTestMultiTenantJSON:setUpClass): 200 GET http://10.180.1.21/compute/v2.1/servers/545024c9-58d2-4cec-9674-5aaee972370a 0.049s
2025-03-06 09:33:01.089 69179 INFO tempest.lib.common.rest_client [req-a85e5568-2835-4f6e-aa3b-1b9a1393373e req-a85e5568-2835-4f6e-aa3b-1b9a1393373e ] Request (AttachVolumeShelveTestJSON:test_attach_volume_shelved_or_offload_server): 200 GET http://10.180.1.21/compute/v2.1/servers/5be9111c-f58a-43eb-94c1-d0ac8d99159f 0.086s
2025-03-06 09:33:01.138 69153 INFO tempest.lib.common.rest_client [req-0b04d48b-02dc-462d-b48a-e1e967315d8b req-0b04d48b-02dc-462d-b48a-e1e967315d8b ] Request (ServerShowV247Test:test_update_rebuild_list_server): 200 GET http://10.180.1.21/compute/v2.1/servers/detail 0.161s
2025-03-06 09:33:01.200 69183 INFO tempest.lib.common.rest_client [req-231a184d-4d1b-4bbf-be2a-47e69529ad4c req-231a184d-4d1b-4bbf-be2a-47e69529ad4c ] Request (ImagesOneServerTestJSON:tearDownClass): 200 GET http://10.180.1.21/compute/v2.1/servers/176ad5bc-882c-4539-b69e-03c06616f933 0.058s
2025-03-06 09:33:01.218 69153 INFO tempest.lib.common.rest_client [req-95e59eaa-3d11-4c48-a37f-88f1e6f39295 req-95e59eaa-3d11-4c48-a37f-88f1e6f39295 ] Request (ServerShowV247Test:tearDownClass): 204 DELETE http://10.180.1.21/compute/v2.1/servers/cdb592f0-6224-4f00-84f3-afbd2b7e24a5 0.069s
2025-03-06 09:33:01.289 69161 INFO tempest.lib.common.rest_client [req-d6eb275b-6580-4ee3-b04d-cd2488ad57ab req-d6eb275b-6580-4ee3-b04d-cd2488ad57ab ] Request (ServerAddressesNegativeTestJSON:setUpClass): 200 GET http://10.180.1.21/compute/v2.1/servers/4a3883d1-8f6a-4e32-ba63-0552865b3158 0.101s
2025-03-06 09:33:01.304 69205 INFO tempest.lib.common.rest_client [req-ca1c4748-7d43-4f5b-b824-53a0aa69174a req-ca1c4748-7d43-4f5b-b824-53a0aa69174a ] Request (MultipleCreateTestJSON:_run_cleanups): 200 GET http://10.180.1.21/compute/v2.1/servers/998ffe8e-1aba-4e8c-96ab-367a5d54d54f 0.127s
2025-03-06 09:33:01.352 69153 INFO tempest.lib.common.rest_client [req-7b38bea6-dd96-4747-b8af-39b3be3a97d5 req-7b38bea6-dd96-4747-b8af-39b3be3a97d5 ] Request (ServerShowV247Test:tearDownClass): 200 GET http://10.180.1.21/compute/v2.1/servers/cdb592f0-6224-4f00-84f3-afbd2b7e24a5 0.133s
2025-03-06 09:33:01.423 69159 INFO tempest.lib.common.rest_client [req-a65dde9b-f917-46db-beef-82a4803cee69 req-a65dde9b-f917-46db-beef-82a4803cee69 ] Request (ServerRescueTestJSONUnderV235:setUpClass): 200 GET http://10.180.1.21/compute/v2.1/servers/42ea1741-5132-4f0e-a4cb-4b7a598e4188 0.066s
2025-03-06 09:33:01.495 69211 INFO tempest.lib.common.rest_client [req-543f3315-541c-4786-8ca9-b382c87da86b req-543f3315-541c-4786-8ca9-b382c87da86b ] Request (ServerPasswordTestJSON:setUpClass): 200 GET http://10.180.1.21/compute/v2.1/servers/4b2b1531-770b-4bb6-9f58-d21e903ea332 0.055s
2025-03-06 09:33:01.558 69157 INFO tempest.lib.common.rest_client [req-6dcf2548-fcdc-4685-b836-67f5881419b2 req-6dcf2548-fcdc-4685-b836-67f5881419b2 ] Request (ImagesOneServerNegativeTestJSON:_run_cleanups): 200 GET http://10.180.1.21/compute/v2.1/servers/c87dc1be-f58a-4499-82a8-0b64649bf610 0.064s
2025-03-06 09:33:01.563 69155 INFO tempest.lib.common.rest_client [req-5a319c1e-ae85-4c83-ba26-5fd9960a529f req-5a319c1e-ae85-4c83-ba26-5fd9960a529f ] Request (MigrationsAdminTest:test_list_migrations_in_flavor_resize_situation): 200 GET http://10.180.1.21/compute/v2.1/servers/9fe86c8a-3b99-4503-82d9-db99ae5ec2fa 0.104s
2025-03-06 09:33:01.620 69177 INFO tempest.lib.common.rest_client [req-361de501-73d0-4e1b-9169-95f8cbc0e39b req-361de501-73d0-4e1b-9169-95f8cbc0e39b ] Request (ServersWithSpecificFlavorTestJSON:test_verify_created_server_ephemeral_disk): 200 GET http://10.180.1.21/compute/v2.1/servers/5e723aa8-38dc-4692-8d2f-ff6aa2aa573a 0.069s
2025-03-06 09:33:01.674 69213 INFO tempest.lib.common.rest_client [req-0e61eb6a-3df2-4cee-80f7-5dc73cc501b1 req-0e61eb6a-3df2-4cee-80f7-5dc73cc501b1 ] Request (ServerExternalEventsTest:test_create_server_external_events): 200 GET http://10.180.1.21/compute/v2.1/servers/bf972e49-a76d-47d5-bc4f-f934412c899a 0.074s
2025-03-06 09:33:01.687 69187 INFO tempest.lib.common.rest_client [req-824cb59b-92b6-4f11-aca9-50794ff8347c req-824cb59b-92b6-4f11-aca9-50794ff8347c ] Request (DeleteServersAdminTestJSON:test_delete_server_while_in_error_state): 200 GET http://10.180.1.21/compute/v2.1/servers/06b1ab57-ad18-44ea-87f6-1e189219697e 0.116s
2025-03-06 09:33:01.731 69175 INFO tempest.lib.common.rest_client [req-e207ca53-a205-4afa-a0e0-0b765f3c50fd req-e207ca53-a205-4afa-a0e0-0b765f3c50fd ] Request (ListServersNegativeTestJSON:setUpClass): 200 GET http://10.180.1.21/compute/v2.1/servers/a1afca68-3af7-4fd0-809f-ca4ad2445d4b 0.078s
2025-03-06 09:33:01.789 69189 INFO tempest.lib.common.rest_client [req-198432a3-f5f5-4c01-87ba-64fa8533d3f0 req-198432a3-f5f5-4c01-87ba-64fa8533d3f0 ] Request (FloatingIPsAssociationTestJSON:tearDownClass): 200 GET http://10.180.1.21/compute/v2.1/servers/2494681b-ef4f-405a-8898-affcc4f7f136 0.066s
2025-03-06 09:33:01.827 69171 INFO tempest.lib.common.rest_client [req-04e46385-fe31-4ac3-a454-0eb22d105774 req-04e46385-fe31-4ac3-a454-0eb22d105774 ] Request (ServerDiagnosticsTest:test_get_server_diagnostics): 200 GET http://10.180.1.21/compute/v2.1/servers/08f79565-00e9-4b4e-a675-d150436201ad 0.091s
2025-03-06 09:33:01.845 69169 INFO tempest.lib.common.rest_client [req-3f05c207-ae88-4d86-aadc-59ff22960ced req-3f05c207-ae88-4d86-aadc-59ff22960ced ] Request (ImagesTestJSON:test_create_image_from_suspended_server): 200 GET http://10.180.1.21/compute/v2.1/servers/af1eeca6-bbdc-4880-9256-5985dd2458a5 0.074s
2025-03-06 09:33:01.875 69199 INFO tempest.lib.common.rest_client [req-460f9433-381d-4906-8917-a33cf4ce30a9 req-460f9433-381d-4906-8917-a33cf4ce30a9 ] Request (ServersTestMultiNic:test_verify_duplicate_network_nics): 200 GET http://10.180.1.21/compute/v2.1/servers/e36c017c-0a98-4987-b4e6-76dfe617831f 0.076s
2025-03-06 09:33:01.893 69207 INFO tempest.lib.common.rest_client [req-a2132a02-06af-4b6d-a6c0-42f01e196ad8 req-a2132a02-06af-4b6d-a6c0-42f01e196ad8 ] Request (SecurityGroupsTestJSON:test_list_security_groups_by_server): 200 GET http://10.180.1.21/compute/v2.1/servers/ea190e91-e74a-497b-b28d-91c72895bb58 0.066s
2025-03-06 09:33:01.921 69165 INFO tempest.lib.common.rest_client [req-325811b6-1e96-444e-a666-8b85f87a49d7 req-325811b6-1e96-444e-a666-8b85f87a49d7 ] Request (ServerDiskConfigTestJSON:test_rebuild_server_with_auto_disk_config): 200 GET http://10.180.1.21/compute/v2.1/servers/db7fed3c-36db-439c-bdf9-90289f849eac 0.061s
2025-03-06 09:33:02.064 69197 INFO tempest.lib.common.rest_client [req-7b9bc623-ca03-429d-8298-83356a9d120f req-7b9bc623-ca03-429d-8298-83356a9d120f ] Request (ServersAdminNegativeTestJSON:test_migrate_server_invalid_state): 200 GET http://10.180.1.21/compute/v2.1/servers/9c5bda7c-55f0-402d-a515-87147f39fdd9 0.086s
2025-03-06 09:33:02.100 69203 INFO tempest.lib.common.rest_client [req-4f18c868-8d1c-42fd-945b-2859b78739bb req-4f18c868-8d1c-42fd-945b-2859b78739bb ] Request (ServersNegativeTestMultiTenantJSON:setUpClass): 200 GET http://10.180.1.21/compute/v2.1/servers/545024c9-58d2-4cec-9674-5aaee972370a 0.048s
2025-03-06 09:33:02.154 69179 INFO tempest.lib.common.rest_client [req-c30aa721-ac9c-4004-ad8c-e6f9ce69058c req-c30aa721-ac9c-4004-ad8c-e6f9ce69058c ] Request (AttachVolumeShelveTestJSON:test_attach_volume_shelved_or_offload_server): 200 GET http://10.180.1.21/compute/v2.1/servers/5be9111c-f58a-43eb-94c1-d0ac8d99159f 0.052s
2025-03-06 09:33:02.230 69183 INFO tempest.lib.common.rest_client [req-26da01c6-b5b8-49e1-8697-1fb2d5c827cf req-26da01c6-b5b8-49e1-8697-1fb2d5c827cf ] Request (ImagesOneServerTestJSON:tearDownClass): 404 GET http://10.180.1.21/compute/v2.1/servers/176ad5bc-882c-4539-b69e-03c06616f933 0.021s
2025-03-06 09:33:02.363 69161 INFO tempest.lib.common.rest_client [req-aa629856-03ab-4656-8534-3ba6281e6743 req-aa629856-03ab-4656-8534-3ba6281e6743 ] Request (ServerAddressesNegativeTestJSON:setUpClass): 200 GET http://10.180.1.21/compute/v2.1/servers/4a3883d1-8f6a-4e32-ba63-0552865b3158 0.059s
2025-03-06 09:33:02.372 69205 INFO tempest.lib.common.rest_client [req-f817b5d8-affa-49ca-b191-9fd9462df211 req-f817b5d8-affa-49ca-b191-9fd9462df211 ] Request (MultipleCreateTestJSON:_run_cleanups): 200 GET http://10.180.1.21/compute/v2.1/servers/998ffe8e-1aba-4e8c-96ab-367a5d54d54f 0.059s
2025-03-06 09:33:02.414 69153 INFO tempest.lib.common.rest_client [req-0fa1b200-7ef2-46e2-8fd9-112066b5fe85 req-0fa1b200-7ef2-46e2-8fd9-112066b5fe85 ] Request (ServerShowV247Test:tearDownClass): 200 GET http://10.180.1.21/compute/v2.1/servers/cdb592f0-6224-4f00-84f3-afbd2b7e24a5 0.051s
2025-03-06 09:33:02.482 69159 INFO tempest.lib.common.rest_client [req-e8c54d98-da4a-4a29-952c-d157ae78aabf req-e8c54d98-da4a-4a29-952c-d157ae78aabf ] Request (ServerRescueTestJSONUnderV235:setUpClass): 200 GET http://10.180.1.21/compute/v2.1/servers/42ea1741-5132-4f0e-a4cb-4b7a598e4188 0.052s
2025-03-06 09:33:02.554 69211 INFO tempest.lib.common.rest_client [req-d4837879-e295-460a-93a5-3d6982a183f1 req-d4837879-e295-460a-93a5-3d6982a183f1 ] Request (ServerPasswordTestJSON:setUpClass): 200 GET http://10.180.1.21/compute/v2.1/servers/4b2b1531-770b-4bb6-9f58-d21e903ea332 0.051s
2025-03-06 09:33:02.622 69157 INFO tempest.lib.common.rest_client [req-ed2b971f-12d6-4ac0-a7e2-53578a35e8ed req-ed2b971f-12d6-4ac0-a7e2-53578a35e8ed ] Request (ImagesOneServerNegativeTestJSON:_run_cleanups): 200 GET http://10.180.1.21/compute/v2.1/servers/c87dc1be-f58a-4499-82a8-0b64649bf610 0.053s
2025-03-06 09:33:02.650 69167 WARNING tempest.lib.common.ssh [-] Failed to establish authenticated ssh connection to cirros@10.180.180.185 ([Errno None] Unable to connect to port 22 on 10.180.180.185). Number attempts: 3. Retry after 4 seconds.: paramiko.ssh_exception.NoValidConnectionsError: [Errno None] Unable to connect to port 22 on 10.180.180.185
2025-03-06 09:33:02.675 69155 INFO tempest.lib.common.rest_client [req-3d78505b-e081-4af9-bd80-6c374789c5e6 req-3d78505b-e081-4af9-bd80-6c374789c5e6 ] Request (MigrationsAdminTest:test_list_migrations_in_flavor_resize_situation): 200 GET http://10.180.1.21/compute/v2.1/servers/9fe86c8a-3b99-4503-82d9-db99ae5ec2fa 0.098s
2025-03-06 09:33:02.681 69177 INFO tempest.lib.common.rest_client [req-06969fe9-c4ea-476f-929f-dee4e9242fae req-06969fe9-c4ea-476f-929f-dee4e9242fae ] Request (ServersWithSpecificFlavorTestJSON:test_verify_created_server_ephemeral_disk): 200 GET http://10.180.1.21/compute/v2.1/servers/5e723aa8-38dc-4692-8d2f-ff6aa2aa573a 0.052s
