2025-03-06 09:31:18.461 69167 INFO tempest.lib.common.rest_client [req-7a0f416b-096a-4683-bc08-377b590c0d09 req-7a0f416b-096a-4683-bc08-377b590c0d09 ] Request (InstanceUsageAuditLogTestJSON:setUpClass): 201 POST http://10.180.1.21/identity/v3/projects 0.039s
2025-03-06 09:31:18.478 69203 INFO tempest.lib.common.rest_client [req-71c12fed-903b-4601-90f8-21a6e56c3d56 req-71c12fed-903b-4601-90f8-21a6e56c3d56 ] Request (ServersListShow298Test:test_list_show_update_rebuild_server_298): 200 GET http://10.180.1.21/compute/v2.1/servers/bcce1167-e77a-40a1-afcf-3a6d77789789 1.676s
2025-03-06 09:31:18.544 69173 INFO tempest.lib.common.rest_client [req-b74d57e9-2602-45d8-8733-17eaafdaebd0 req-b74d57e9-2602-45d8-8733-17eaafdaebd0 ] Request (ImagesMetadataTestJSON:setUp): 200 PUT http://10.180.1.21/compute/v2.1/images/64af783b-05d2-4f59-b90e-220dd6fb191b/metadata 1.835s
2025-03-06 09:31:18.549 69179 INFO tempest.lib.common.rest_client [req-599c3495-c9d2-4d64-b732-a6b87560ff8f req-599c3495-c9d2-4d64-b732-a6b87560ff8f ] Request (ServerDiagnosticsV248Test:test_get_server_diagnostics): 200 GET http://10.180.1.21/compute/v2.1/servers/223b8b6f-b42c-4a06-b5bb-0354dd87cdea 1.663s
2025-03-06 09:31:18.562 69167 INFO tempest.lib.common.rest_client [req-d12f4e58-7e06-4027-b798-0376d13ef0ca req-d12f4e58-7e06-4027-b798-0376d13ef0ca ] Request (InstanceUsageAuditLogTestJSON:setUpClass): 201 POST http://10.180.1.21/identity/v3/users 0.100s
2025-03-06 09:31:18.596 69153 INFO tempest.lib.common.rest_client [req-ac649959-8165-46d8-92c7-a553cb3434d0 req-ac649959-8165-46d8-92c7-a553cb3434d0 ] Request (SecurityGroupRulesNegativeTestJSON:test_create_security_group_rule_with_non_existent_id): 404 POST http://10.180.1.21/compute/v2.1/os-security-group-rules 1.365s
2025-03-06 09:31:18.601 69167 INFO tempest.lib.common.rest_client [req-4edfecac-a544-4c7c-b570-41faf7ea4be9 req-4edfecac-a544-4c7c-b570-41faf7ea4be9 ] Request (InstanceUsageAuditLogTestJSON:setUpClass): 200 GET http://10.180.1.21/identity/v3/roles 0.039s
2025-03-06 09:31:18.626 69169 INFO tempest.lib.common.rest_client [req-e2911d03-b87f-429f-a3d1-a64e74e97346 req-e2911d03-b87f-429f-a3d1-a64e74e97346 ] Request (ImagesTestJSON:test_create_image_from_stopped_server): 200 GET http://10.180.1.21/compute/v2.1/servers/5a20a423-c3ac-476e-aecb-7e42a7c24610 1.486s
2025-03-06 09:31:18.643 69167 INFO tempest.lib.common.rest_client [req-f28479af-d6f3-4d90-84b6-292ecd6d40bc req-f28479af-d6f3-4d90-84b6-292ecd6d40bc ] Request (InstanceUsageAuditLogTestJSON:setUpClass): 204 PUT http://10.180.1.21/identity/v3/projects/5f17acbc1f61465493aa9dcd9a77b907/users/1af09838db2c4bc8bf5a0c0e71b1fce4/roles/bceb9a0d99eb41e7943ae98b75727d46 0.041s
2025-03-06 09:31:18.643 69167 INFO tempest.lib.common.dynamic_creds [-] Dynamic test user 1af09838db2c4bc8bf5a0c0e71b1fce4 is created with scope project and roles: ['member']
2025-03-06 09:31:18.643 69167 INFO tempest.lib.common.dynamic_creds [-] Acquired dynamic creds: credentials: Credentials: {'domain_id': 'default', 'domain_name': 'Default', 'username': 'tempest-InstanceUsageAuditLogTestJSON-1409087481-project-member', 'project_domain_id': 'default', 'project_domain_name': 'Default', 'project_id': '5f17acbc1f61465493aa9dcd9a77b907', 'project_name': 'tempest-InstanceUsageAuditLogTestJSON-1409087481', 'tenant_id': '5f17acbc1f61465493aa9dcd9a77b907', 'tenant_name': 'tempest-InstanceUsageAuditLogTestJSON-1409087481', 'user_domain_id': 'default', 'user_domain_name': 'Default', 'user_id': '1af09838db2c4bc8bf5a0c0e71b1fce4', 'system': None}, Network: None, Subnet: None, Router: None
2025-03-06 09:31:18.643 69167 INFO tempest.lib.common.dynamic_creds [-] Created isolated network resources for: credentials: Credentials: {'domain_id': 'default', 'domain_name': 'Default', 'username': 'tempest-InstanceUsageAuditLogTestJSON-1409087481-project-member', 'project_domain_id': 'default', 'project_domain_name': 'Default', 'project_id': '5f17acbc1f61465493aa9dcd9a77b907', 'project_name': 'tempest-InstanceUsageAuditLogTestJSON-1409087481', 'tenant_id': '5f17acbc1f61465493aa9dcd9a77b907', 'tenant_name': 'tempest-InstanceUsageAuditLogTestJSON-1409087481', 'user_domain_id': 'default', 'user_domain_name': 'Default', 'user_id': '1af09838db2c4bc8bf5a0c0e71b1fce4', 'system': None}, Network: None, Subnet: None, Router: None
2025-03-06 09:31:18.738 69207 INFO tempest.lib.common.rest_client [req-fc5d349e-9832-4552-807f-884bd289bfda req-fc5d349e-9832-4552-807f-884bd289bfda ] Request (TenantUsagesTestJSON:setUpClass): 200 GET http://10.180.1.21/compute/v2.1/servers/94e9ac10-b6a0-4fc0-b64e-763f3793b7e8 1.460s
2025-03-06 09:31:18.750 69167 INFO tempest.lib.common.rest_client [req-bcaf8948-d59e-444a-9c1e-002a5f4e741d req-bcaf8948-d59e-444a-9c1e-002a5f4e741d ] Request (InstanceUsageAuditLogTestJSON:setUpClass): 201 POST http://10.180.1.21/identity/v3/auth/tokens 0.103s
2025-03-06 09:31:18.758 69159 INFO tempest.lib.common.rest_client [req-6d9f9e0c-a4ed-4f65-8050-c0201052d739 req-6d9f9e0c-a4ed-4f65-8050-c0201052d739 ] Request (InstanceActionsV221TestJSON:test_get_list_deleted_instance_actions): 204 DELETE http://10.180.1.21/compute/v2.1/servers/0603a8a3-d704-4ec2-9808-3fda6be1df72 1.513s
2025-03-06 09:31:18.783 69165 INFO tempest.lib.common.rest_client [req-705e9c00-82f1-4d2c-86da-b8802e2dc561 req-705e9c00-82f1-4d2c-86da-b8802e2dc561 ] Request (FlavorsV255TestJSON:test_crud_flavor): 200 GET http://10.180.1.21/compute/v2.1/flavors 1.049s
2025-03-06 09:31:18.819 69209 INFO tempest.lib.common.rest_client [req-09f121bd-df11-47c6-8502-7f27fbebec58 req-09f121bd-df11-47c6-8502-7f27fbebec58 ] Request (AttachInterfacesTestJSON:setUpClass): 201 POST http://10.180.1.21:9696/networking/v2.0/routers 2.224s
2025-03-06 09:31:18.823 69177 INFO tempest.lib.common.rest_client [req-58535be0-a55e-490f-865a-8453c7182b5e req-58535be0-a55e-490f-865a-8453c7182b5e ] Request (ServersWithSpecificFlavorTestJSON:test_verify_created_server_ephemeral_disk): 200 GET http://10.180.1.21/compute/v2.1/servers/e41bc40e-f2c2-4fe5-9a77-68c71cbe8e8a 1.148s
2025-03-06 09:31:18.829 69205 INFO tempest.lib.common.rest_client [req-d3afef83-5ee1-4776-a472-86d7cb836003 req-d3afef83-5ee1-4776-a472-86d7cb836003 ] Request (FlavorsAccessNegativeTestJSON:test_flavor_non_admin_remove): 403 POST http://10.180.1.21/compute/v2.1/flavors/806350314/action 0.829s
2025-03-06 09:31:18.836 69177 INFO tempest.common.waiters [-] State transition "BUILD/scheduling" ==> "BUILD/None" after 7 second wait
2025-03-06 09:31:18.838 69167 INFO tempest.lib.common.rest_client [req-0bac3f61-45ee-48fd-a89e-e2ab29bf5c4d req-0bac3f61-45ee-48fd-a89e-e2ab29bf5c4d ] Request (InstanceUsageAuditLogTestJSON:setUpClass): 201 POST http://10.180.1.21/identity/v3/projects 0.087s
2025-03-06 09:31:18.844 69213 INFO tempest.lib.common.rest_client [req-22be2706-4585-4bd6-bf31-cb4e87d0f492 req-22be2706-4585-4bd6-bf31-cb4e87d0f492 ] Request (FlavorsAdminTestJSON:test_create_list_flavor_without_extra_data): 200 GET http://10.180.1.21/compute/v2.1/flavors/732127027 0.793s
2025-03-06 09:31:18.866 69171 INFO tempest.lib.common.rest_client [req-d5dd4c2f-59bf-44a3-8aab-3ca680c99c11 req-d5dd4c2f-59bf-44a3-8aab-3ca680c99c11 ] Request (AggregatesAdminNegativeTestJSON:_run_cleanups): 200 DELETE http://10.180.1.21/compute/v2.1/os-aggregates/4 0.779s
2025-03-06 09:31:18.876 69197 INFO tempest.lib.common.rest_client [req-e6db8fda-efde-4c49-8473-f62db8421ed1 req-e6db8fda-efde-4c49-8473-f62db8421ed1 ] Request (ServersAdminNegativeTestJSON:setUpClass): 200 GET http://10.180.1.21/compute/v2.1/servers/1c541afe-a78b-4cd1-8d70-63221956a835 0.905s
2025-03-06 09:31:18.933 69167 INFO tempest.lib.common.rest_client [req-8e3e762e-8de9-4657-9967-8a6f933d626a req-8e3e762e-8de9-4657-9967-8a6f933d626a ] Request (InstanceUsageAuditLogTestJSON:setUpClass): 201 POST http://10.180.1.21/identity/v3/users 0.094s
2025-03-06 09:31:18.956 69167 INFO tempest.lib.common.rest_client [req-5f650c76-7b42-4191-8a8c-f3d174a961b0 req-5f650c76-7b42-4191-8a8c-f3d174a961b0 ] Request (InstanceUsageAuditLogTestJSON:setUpClass): 200 GET http://10.180.1.21/identity/v3/roles 0.023s
2025-03-06 09:31:18.974 69175 INFO tempest.lib.common.rest_client [req-f103c294-246b-4503-80db-94cd1d662bde req-f103c294-246b-4503-80db-94cd1d662bde ] Request (ServerDiagnosticsNegativeTest:tearDownClass): 204 DELETE http://10.180.1.21/compute/v2.1/servers/47027cae-3d2d-424e-8f73-38cd839ed5ae 0.809s
2025-03-06 09:31:19.008 69167 INFO tempest.lib.common.rest_client [req-b4a5e9db-6591-49e8-ae03-0cd69f2edf01 req-b4a5e9db-6591-49e8-ae03-0cd69f2edf01 ] Request (InstanceUsageAuditLogTestJSON:setUpClass): 204 PUT http://10.180.1.21/identity/v3/projects/9436cd7e03e845c79c3dc0f657bb2e09/users/6c29b1bfb1c44631b627976cad86bc7b/roles/9423c6ba64154006a89a1d130f0a2691 0.047s
2025-03-06 09:31:19.034 69185 INFO tempest.lib.common.rest_client [req-6c1b7cad-1881-4b00-8aa0-3ebec8cc6e2f req-6c1b7cad-1881-4b00-8aa0-3ebec8cc6e2f ] Request (ServerActionsTestOtherB:setUpClass): 200 POST http://10.180.1.21/compute/v2.1/os-keypairs 0.920s
2025-03-06 09:31:19.075 69167 INFO tempest.lib.common.rest_client [req-2ec97a85-9446-4fac-808e-e85aeff37876 req-2ec97a85-9446-4fac-808e-e85aeff37876 ] Request (InstanceUsageAuditLogTestJSON:setUpClass): 200 GET http://10.180.1.21/identity/v3/roles 0.067s
2025-03-06 09:31:19.100 69167 INFO tempest.lib.common.rest_client [req-c2bfdcd9-fc27-42cd-b9c6-2ee11db2edb4 req-c2bfdcd9-fc27-42cd-b9c6-2ee11db2edb4 ] Request (InstanceUsageAuditLogTestJSON:setUpClass): 204 PUT http://10.180.1.21/identity/v3/projects/9436cd7e03e845c79c3dc0f657bb2e09/users/6c29b1bfb1c44631b627976cad86bc7b/roles/9423c6ba64154006a89a1d130f0a2691 0.025s
2025-03-06 09:31:19.100 69167 INFO tempest.lib.common.dynamic_creds [-] Dynamic test user 6c29b1bfb1c44631b627976cad86bc7b is created with scope project and roles: ['admin']
2025-03-06 09:31:19.101 69167 INFO tempest.lib.common.dynamic_creds [-] Acquired dynamic creds: credentials: Credentials: {'domain_id': 'default', 'domain_name': 'Default', 'username': 'tempest-InstanceUsageAuditLogTestJSON-1108058766-project-admin', 'project_domain_id': 'default', 'project_domain_name': 'Default', 'project_id': '9436cd7e03e845c79c3dc0f657bb2e09', 'project_name': 'tempest-InstanceUsageAuditLogTestJSON-1108058766', 'tenant_id': '9436cd7e03e845c79c3dc0f657bb2e09', 'tenant_name': 'tempest-InstanceUsageAuditLogTestJSON-1108058766', 'user_domain_id': 'default', 'user_domain_name': 'Default', 'user_id': '6c29b1bfb1c44631b627976cad86bc7b', 'system': None}, Network: None, Subnet: None, Router: None
2025-03-06 09:31:19.101 69167 INFO tempest.lib.common.dynamic_creds [-] Created isolated network resources for: credentials: Credentials: {'domain_id': 'default', 'domain_name': 'Default', 'username': 'tempest-InstanceUsageAuditLogTestJSON-1108058766-project-admin', 'project_domain_id': 'default', 'project_domain_name': 'Default', 'project_id': '9436cd7e03e845c79c3dc0f657bb2e09', 'project_name': 'tempest-InstanceUsageAuditLogTestJSON-1108058766', 'tenant_id': '9436cd7e03e845c79c3dc0f657bb2e09', 'tenant_name': 'tempest-InstanceUsageAuditLogTestJSON-1108058766', 'user_domain_id': 'default', 'user_domain_name': 'Default', 'user_id': '6c29b1bfb1c44631b627976cad86bc7b', 'system': None}, Network: None, Subnet: None, Router: None
2025-03-06 09:31:19.124 69189 INFO tempest.lib.common.rest_client [req-8f78d8c1-1a15-4aff-8a26-9f314493164e req-8f78d8c1-1a15-4aff-8a26-9f314493164e ] Request (FloatingIPsAssociationTestJSON:setUpClass): 200 GET http://10.180.1.21/compute/v2.1/servers/f7d50028-73ab-4348-a49e-ca153c854939 0.945s
2025-03-06 09:31:19.134 69189 INFO tempest.common.waiters [-] State transition "BUILD/spawning" ==> "ACTIVE/None" after 23 second wait
2025-03-06 09:31:19.178 69193 INFO tempest.lib.common.rest_client [req-5782d063-c0ce-471a-bdc0-a61dcaf366e5 req-5782d063-c0ce-471a-bdc0-a61dcaf366e5 ] Request (ServersTestJSON:setUpClass): 200 POST http://10.180.1.21/compute/v2.1/os-keypairs 0.995s
2025-03-06 09:31:19.200 69167 INFO tempest.lib.common.rest_client [req-46a58ae6-ecdf-4148-9019-1d4d24906189 req-46a58ae6-ecdf-4148-9019-1d4d24906189 ] Request (InstanceUsageAuditLogTestJSON:setUpClass): 201 POST http://10.180.1.21/identity/v3/auth/tokens 0.093s
2025-03-06 09:31:19.205 69155 INFO tempest.lib.common.rest_client [req-731e8cc1-1b1e-4e4e-a399-736e5198a7d0 req-731e8cc1-1b1e-4e4e-a399-736e5198a7d0 ] Request (HypervisorAdminUnderV252Test:test_search_hypervisor): 200 GET http://10.180.1.21/compute/v2.1/os-hypervisors/domain-c8.fc996f14-c53b-4953-92e3-bdfa48f5cc28/search 0.901s
2025-03-06 09:31:19.241 69185 INFO tempest.lib.common.rest_client [req-14f1dcd9-2ff7-4ae1-b96c-5e67e913b831 req-14f1dcd9-2ff7-4ae1-b96c-5e67e913b831 ] Request (ServerActionsTestOtherB:setUpClass): 201 POST http://10.180.1.21:9696/networking/v2.0/security-groups 0.205s
2025-03-06 09:31:19.287 69161 INFO tempest.lib.common.rest_client [req-592d8f2a-3868-4b42-9b23-c82243484752 req-592d8f2a-3868-4b42-9b23-c82243484752 ] Request (ImagesNegativeTestJSON:test_create_image_from_deleted_server): 200 GET http://10.180.1.21/compute/v2.1/servers/f116cf00-074f-41f8-9c1f-bae0cd7932ff 0.958s
2025-03-06 09:31:19.334 69155 INFO tempest.lib.common.rest_client [req-d8899c84-fbb6-48ba-bfd6-97a0923dfdff req-d8899c84-fbb6-48ba-bfd6-97a0923dfdff ] Request (HypervisorAdminUnderV252Test:tearDownClass): 204 DELETE http://10.180.1.21/identity/v3/users/f9a93a6e841445968a8d3c3a248ec8e9 0.127s
2025-03-06 09:31:19.366 69193 INFO tempest.lib.common.rest_client [req-fc4816a0-bb3c-400d-aeba-33c1b4bfcf15 req-fc4816a0-bb3c-400d-aeba-33c1b4bfcf15 ] Request (ServersTestJSON:setUpClass): 201 POST http://10.180.1.21:9696/networking/v2.0/security-groups 0.185s
2025-03-06 09:31:19.404 69185 INFO tempest.lib.common.rest_client [req-79244c63-73d0-48c6-b59c-cc0933757720 req-79244c63-73d0-48c6-b59c-cc0933757720 ] Request (ServerActionsTestOtherB:setUpClass): 201 POST http://10.180.1.21:9696/networking/v2.0/security-group-rules 0.162s
2025-03-06 09:31:19.437 69155 INFO tempest.lib.common.rest_client [req-6af9d81a-ceb3-47e4-a43f-865f32e0c40b req-6af9d81a-ceb3-47e4-a43f-865f32e0c40b ] Request (HypervisorAdminUnderV252Test:tearDownClass): 204 DELETE http://10.180.1.21/identity/v3/users/fd985f42dedf47b098bb993936351043 0.102s
2025-03-06 09:31:19.437 69155 INFO tempest.lib.common.dynamic_creds [-] Deleting project and security group for project: 0dac19eb33134b0fb567ba2e94971e9e
2025-03-06 09:31:19.454 69195 INFO tempest.lib.common.rest_client [req-a8b65f15-7c46-482b-a07c-7c6f8234de38 req-a8b65f15-7c46-482b-a07c-7c6f8234de38 ] Request (SecurityGroupRulesTestJSON:test_security_group_rules_create): 200 POST http://10.180.1.21/compute/v2.1/os-security-groups 1.205s
2025-03-06 09:31:19.483 69193 INFO tempest.lib.common.rest_client [req-a4e13085-8245-4ea9-b55d-90a151ac75db req-a4e13085-8245-4ea9-b55d-90a151ac75db ] Request (ServersTestJSON:setUpClass): 201 POST http://10.180.1.21:9696/networking/v2.0/security-group-rules 0.117s
2025-03-06 09:31:19.529 69155 INFO tempest.lib.common.rest_client [req-170a289f-a62e-499d-aeac-9a1901512f7f req-170a289f-a62e-499d-aeac-9a1901512f7f ] Request (HypervisorAdminUnderV252Test:tearDownClass): 201 POST http://10.180.1.21/identity/v3/auth/tokens 0.091s
2025-03-06 09:31:19.539 69181 INFO tempest.lib.common.rest_client [req-43eb62ce-8898-4136-b26a-509ddc11e05c req-43eb62ce-8898-4136-b26a-509ddc11e05c ] Request (AttachVolumeNegativeTest:test_attach_attached_volume_to_different_server): 200 GET http://10.180.1.21/compute/v2.1/servers/9eb1eeb3-aad7-4187-93f1-8ed435ce8e08 1.129s
2025-03-06 09:31:19.551 69191 INFO tempest.lib.common.rest_client [req-1806323f-78b3-44b3-8d5d-b8d48205e1e2 req-1806323f-78b3-44b3-8d5d-b8d48205e1e2 ] Request (QuotasAdminTestJSON:test_get_updated_quotas): 200 PUT http://10.180.1.21/compute/v2.1/os-quota-sets/530a3f037397492ab3ec22f17d88b5a3?user_id=217f001c7ebf4d7cbcf960c6d09a4e75 1.177s
2025-03-06 09:31:19.562 69185 INFO tempest.lib.common.rest_client [req-fb84ab92-5500-4c3c-875a-f3b19b37d6c5 req-fb84ab92-5500-4c3c-875a-f3b19b37d6c5 ] Request (ServerActionsTestOtherB:setUpClass): 201 POST http://10.180.1.21:9696/networking/v2.0/security-group-rules 0.158s
2025-03-06 09:31:19.623 69193 INFO tempest.lib.common.rest_client [req-c30a2a48-b5a9-42c6-a3eb-3948ad1f44ee req-c30a2a48-b5a9-42c6-a3eb-3948ad1f44ee ] Request (ServersTestJSON:setUpClass): 201 POST http://10.180.1.21:9696/networking/v2.0/security-group-rules 0.138s
2025-03-06 09:31:19.804 69173 INFO tempest.lib.common.rest_client [req-aa26a81a-fadf-410f-affe-4880ccc4c491 req-aa26a81a-fadf-410f-affe-4880ccc4c491 ] Request (ImagesMetadataTestJSON:test_update_image_metadata): 200 POST http://10.180.1.21/compute/v2.1/images/64af783b-05d2-4f59-b90e-220dd6fb191b/metadata 1.259s
2025-03-06 09:31:19.834 69199 INFO tempest.lib.common.rest_client [req-52e17f8d-744d-4e22-9f7e-bd503c46ce77 req-52e17f8d-744d-4e22-9f7e-bd503c46ce77 ] Request (FloatingIPsAssociationNegativeTestJSON:setUpClass): 200 GET http://10.180.1.21/compute/v2.1/servers/48440713-7649-4947-8bf0-89bcfaec2a28 1.328s
2025-03-06 09:31:19.867 69153 INFO tempest.lib.common.rest_client [req-e23e27c6-b83b-45cf-87e2-b11e53495f47 req-e23e27c6-b83b-45cf-87e2-b11e53495f47 ] Request (SecurityGroupRulesNegativeTestJSON:test_delete_security_group_rule_with_non_existent_id): 404 DELETE http://10.180.1.21/compute/v2.1/os-security-group-rules/3f68d36c-909e-472a-8800-1c6b69c05a4b 1.270s
2025-03-06 09:31:19.878 69155 INFO tempest.lib.common.rest_client [req-6a10d413-5b62-4b63-9933-5932297fd491 req-6a10d413-5b62-4b63-9933-5932297fd491 ] Request (HypervisorAdminUnderV252Test:tearDownClass): 200 GET http://10.180.1.21:9696/networking/v2.0/security-groups?tenant_id=0dac19eb33134b0fb567ba2e94971e9e&name=default 0.349s
2025-03-06 09:31:20.095 69157 INFO tempest.lib.common.rest_client [req-1f796b35-e7cc-449a-9425-5c1e905b4b8f req-1f796b35-e7cc-449a-9425-5c1e905b4b8f ] Request (ImagesOneServerNegativeTestJSON:setUpClass): 200 GET http://10.180.1.21/compute/v2.1/servers/b25fe864-0d1a-4818-810e-6e1cc8cbfe9c 1.398s
2025-03-06 09:31:20.115 69165 INFO tempest.lib.common.rest_client [req-f35b2b29-d9e9-4ec1-b7f5-11f92a340853 req-f35b2b29-d9e9-4ec1-b7f5-11f92a340853 ] Request (FlavorsV255TestJSON:_run_cleanups): 202 DELETE http://10.180.1.21/compute/v2.1/flavors/1232670487 1.324s
2025-03-06 09:31:20.157 69155 INFO tempest.lib.common.rest_client [req-08c1f893-01cc-4945-acd5-07ce0f5f38cd req-08c1f893-01cc-4945-acd5-07ce0f5f38cd ] Request (HypervisorAdminUnderV252Test:tearDownClass): 204 DELETE http://10.180.1.21:9696/networking/v2.0/security-groups/a45e5997-5f58-42fc-b98a-22ec158d8d92 0.278s
2025-03-06 09:31:20.174 69159 INFO tempest.lib.common.rest_client [req-9b3b25b2-f606-484e-9c8d-5b0b0dc2ef40 req-9b3b25b2-f606-484e-9c8d-5b0b0dc2ef40 ] Request (InstanceActionsV221TestJSON:test_get_list_deleted_instance_actions): 200 GET http://10.180.1.21/compute/v2.1/servers/0603a8a3-d704-4ec2-9808-3fda6be1df72 1.416s
2025-03-06 09:31:20.194 69187 INFO tempest.lib.common.rest_client [req-d742358a-4901-4e47-aa0b-4e6abff52b12 req-d742358a-4901-4e47-aa0b-4e6abff52b12 ] Request (DeleteServersAdminTestJSON:test_admin_delete_servers_of_others): 200 GET http://10.180.1.21/compute/v2.1/servers/3d615018-ab02-4f07-bc90-d13b44c09a5b 1.387s
2025-03-06 09:31:20.203 69187 INFO tempest.common.waiters [-] State transition "ACTIVE/deleting" ==> "DELETED/None" after 3 second wait
2025-03-06 09:31:20.250 69155 INFO tempest.lib.common.rest_client [req-48bc1a20-f55d-406e-b114-7cd1d1f001bb req-48bc1a20-f55d-406e-b114-7cd1d1f001bb ] Request (HypervisorAdminUnderV252Test:tearDownClass): 204 DELETE http://10.180.1.21/identity/v3/projects/0dac19eb33134b0fb567ba2e94971e9e 0.092s
2025-03-06 09:31:20.251 69155 INFO tempest.lib.common.dynamic_creds [-] Deleting project and security group for project: 612f1ba849d7497b8d883fab2756ce01
2025-03-06 09:31:20.366 69163 INFO tempest.lib.common.rest_client [req-327a2c58-249b-4c91-8018-943ba52d57e5 req-327a2c58-249b-4c91-8018-943ba52d57e5 ] Request (VolumesAssistedSnapshotsTest:test_volume_assisted_snapshot_create_delete): 200 GET http://10.180.1.21/compute/v2.1/servers/bd07bcb9-1fe3-4c7c-a2d5-05cdfd1c42ae 1.545s
2025-03-06 09:31:20.373 69185 INFO tempest.lib.common.rest_client [req-16284e90-e2c1-47cc-a1e5-61aa8f46aa7e req-16284e90-e2c1-47cc-a1e5-61aa8f46aa7e ] Request (ServerActionsTestOtherB:setUpClass): 201 POST http://10.180.1.21:9696/networking/v2.0/floatingips 0.810s
2025-03-06 09:31:20.374 69163 INFO tempest.common.waiters [-] State transition "BUILD/networking" ==> "BUILD/spawning" after 18 second wait
2025-03-06 09:31:20.375 69205 INFO tempest.lib.common.rest_client [req-85ac7bae-b248-4d3e-92ae-b559f5d535ca req-85ac7bae-b248-4d3e-92ae-b559f5d535ca ] Request (FlavorsAccessNegativeTestJSON:_run_cleanups): 200 POST http://10.180.1.21/compute/v2.1/flavors/806350314/action 1.545s
2025-03-06 09:31:20.404 69171 INFO tempest.lib.common.rest_client [req-3572bbe3-89d7-4a44-aa3a-63505b613745 req-3572bbe3-89d7-4a44-aa3a-63505b613745 ] Request (AggregatesAdminNegativeTestJSON:test_aggregate_delete_as_user): 200 POST http://10.180.1.21/compute/v2.1/os-aggregates 1.533s
2025-03-06 09:31:20.436 69185 INFO tempest.lib.common.rest_client [req-c2bb555b-3c4b-48b4-8945-fecd9ca26a7f req-c2bb555b-3c4b-48b4-8945-fecd9ca26a7f ] Request (ServerActionsTestOtherB:setUpClass): 201 POST http://10.180.1.21/identity/v3/auth/tokens 0.059s
2025-03-06 09:31:20.436 69185 INFO tempest.lib.common.fixed_network [-] (ServerActionsTestOtherB:setUpClass) Found network {'id': '58c1f161-2730-47e2-b5ae-8d466d55a890', 'name': 'tempest-ServerActionsTestOtherB-1774972952-network', 'tenant_id': '725c8697cfb04846b6bc581e30c2dc45', 'admin_state_up': True, 'mtu': 8950, 'status': 'ACTIVE', 'subnets': [], 'shared': False, 'project_id': '725c8697cfb04846b6bc581e30c2dc45', 'port_security_enabled': True, 'router:external': False, 'provider:network_type': 'vlan', 'provider:physical_network': 'default', 'provider:segmentation_id': 172, 'availability_zone_hints': [], 'availability_zones': [], 'ipv4_address_scope': None, 'ipv6_address_scope': None, 'description': '', 'tags': [], 'created_at': '2025-03-06T09:31:11Z', 'updated_at': '2025-03-06T09:31:11Z', 'revision_number': 1} available for tenant
2025-03-06 09:31:20.499 69213 INFO tempest.lib.common.rest_client [req-d50b980e-a974-43ea-a17b-a5a27c339c95 req-d50b980e-a974-43ea-a17b-a5a27c339c95 ] Request (FlavorsAdminTestJSON:test_create_list_flavor_without_extra_data): 200 GET http://10.180.1.21/compute/v2.1/flavors/detail 1.653s
2025-03-06 09:31:20.529 69193 INFO tempest.lib.common.rest_client [req-5469d90e-172b-454e-971a-c028144b652e req-5469d90e-172b-454e-971a-c028144b652e ] Request (ServersTestJSON:setUpClass): 201 POST http://10.180.1.21:9696/networking/v2.0/floatingips 0.904s
2025-03-06 09:31:20.581 69155 INFO tempest.lib.common.rest_client [req-f0a181d5-0b16-462b-90e4-4ceab2b63875 req-f0a181d5-0b16-462b-90e4-4ceab2b63875 ] Request (HypervisorAdminUnderV252Test:tearDownClass): 200 GET http://10.180.1.21:9696/networking/v2.0/security-groups?tenant_id=612f1ba849d7497b8d883fab2756ce01&name=default 0.330s
2025-03-06 09:31:20.594 69193 INFO tempest.lib.common.rest_client [req-ff5ad46d-2a50-439c-b2c4-3b4738ae6201 req-ff5ad46d-2a50-439c-b2c4-3b4738ae6201 ] Request (ServersTestJSON:setUpClass): 201 POST http://10.180.1.21/identity/v3/auth/tokens 0.062s
2025-03-06 09:31:20.594 69193 INFO tempest.lib.common.fixed_network [-] (ServersTestJSON:setUpClass) Found network {'id': 'b035ecf0-f308-455d-b518-5592b758bd81', 'name': 'tempest-ServersTestJSON-2021810506-network', 'tenant_id': '5d63fcdeb630472b8fcc22464cd229fe', 'admin_state_up': True, 'mtu': 8950, 'status': 'ACTIVE', 'subnets': [], 'shared': False, 'project_id': '5d63fcdeb630472b8fcc22464cd229fe', 'port_security_enabled': True, 'router:external': False, 'provider:network_type': 'vlan', 'provider:physical_network': 'default', 'provider:segmentation_id': 463, 'availability_zone_hints': [], 'availability_zones': [], 'ipv4_address_scope': None, 'ipv6_address_scope': None, 'description': '', 'tags': [], 'created_at': '2025-03-06T09:31:12Z', 'updated_at': '2025-03-06T09:31:12Z', 'revision_number': 1} available for tenant
2025-03-06 09:31:20.665 69175 INFO tempest.lib.common.rest_client [req-5028fc37-79ac-4229-a7df-61c5d9872c45 req-5028fc37-79ac-4229-a7df-61c5d9872c45 ] Request (ServerDiagnosticsNegativeTest:tearDownClass): 200 GET http://10.180.1.21/compute/v2.1/servers/47027cae-3d2d-424e-8f73-38cd839ed5ae 1.691s
2025-03-06 09:31:20.787 69167 INFO tempest.lib.common.rest_client [req-e2231e91-94f8-4d5c-be2f-f4451752d75a req-e2231e91-94f8-4d5c-be2f-f4451752d75a ] Request (InstanceUsageAuditLogTestJSON:test_get_instance_usage_audit_log): 200 GET http://10.180.1.21/compute/v2.1/os-instance_usage_audit_log/2025-03-06%2009%3A31%3A19 1.585s
2025-03-06 09:31:20.892 69211 INFO tempest.lib.common.rest_client [req-cedc821e-6c53-43d5-b47f-872d181cbb6c req-cedc821e-6c53-43d5-b47f-872d181cbb6c ] Request (InstanceActionsNegativeTestJSON:setUpClass): 200 GET http://10.180.1.21/compute/v2.1/servers/fb8d223d-d2ec-48c1-8d20-7617be76dabe 1.614s
2025-03-06 09:31:20.936 69209 INFO tempest.lib.common.rest_client [req-5ddbd3d6-04eb-46ce-be2d-5dcc48222898 req-5ddbd3d6-04eb-46ce-be2d-5dcc48222898 ] Request (AttachInterfacesTestJSON:setUpClass): 200 PUT http://10.180.1.21:9696/networking/v2.0/routers/7a0e653f-2649-4cec-bad3-56f4efceeb16/add_router_interface 2.117s
2025-03-06 09:31:20.937 69209 INFO tempest.lib.common.dynamic_creds [-] Created isolated network resources for: credentials: Credentials: {'domain_id': 'default', 'domain_name': 'Default', 'username': 'tempest-AttachInterfacesTestJSON-826121514-project-member', 'project_domain_id': 'default', 'project_domain_name': 'Default', 'project_id': 'e09e70ea0fcc4af6b1b75c71f620f986', 'project_name': 'tempest-AttachInterfacesTestJSON-826121514', 'tenant_id': 'e09e70ea0fcc4af6b1b75c71f620f986', 'tenant_name': 'tempest-AttachInterfacesTestJSON-826121514', 'user_domain_id': 'default', 'user_domain_name': 'Default', 'user_id': '05353b1ca13e48ccb4423a806a911f69', 'system': None}, Network: {'id': '861135b3-4eb3-47ea-9db9-8a531bc9d76a', 'name': 'tempest-AttachInterfacesTestJSON-568495719-network', 'tenant_id': 'e09e70ea0fcc4af6b1b75c71f620f986', 'admin_state_up': True, 'mtu': 8950, 'status': 'ACTIVE', 'subnets': [], 'shared': False, 'project_id': 'e09e70ea0fcc4af6b1b75c71f620f986', 'port_security_enabled': True, 'router:external': False, 'provider:network_type': 'vlan', 'provider:physical_network': 'default', 'provider:segmentation_id': 691, 'availability_zone_hints': [], 'availability_zones': [], 'ipv4_address_scope': None, 'ipv6_address_scope': None, 'description': '', 'tags': [], 'created_at': '2025-03-06T09:31:15Z', 'updated_at': '2025-03-06T09:31:15Z', 'revision_number': 1}, Subnet: {'id': 'ec516013-1f6a-425c-a9cf-35192489541b', 'name': 'tempest-AttachInterfacesTestJSON-568495719-subnet', 'tenant_id': 'e09e70ea0fcc4af6b1b75c71f620f986', 'network_id': '861135b3-4eb3-47ea-9db9-8a531bc9d76a', 'ip_version': 4, 'subnetpool_id': None, 'enable_dhcp': True, 'ipv6_ra_mode': None, 'ipv6_address_mode': None, 'gateway_ip': '192.168.128.1', 'cidr': '192.168.128.0/28', 'allocation_pools': [{'start': '192.168.128.2', 'end': '192.168.128.14'}], 'host_routes': [], 'dns_nameservers': [], 'description': '', 'router:external': False, 'service_types': [], 'tags': [], 'created_at': '2025-03-06T09:31:16Z', 'updated_at': '2025-03-06T09:31:16Z', 'revision_number': 0, 'project_id': 'e09e70ea0fcc4af6b1b75c71f620f986'}, Router: {'id': '7a0e653f-2649-4cec-bad3-56f4efceeb16', 'name': 'tempest-AttachInterfacesTestJSON-568495719-router', 'tenant_id': 'e09e70ea0fcc4af6b1b75c71f620f986', 'admin_state_up': True, 'status': 'ACTIVE', 'external_gateway_info': {'network_id': '08eb7682-68bf-4c37-be1a-5bd184f2922e', 'external_fixed_ips': [{'subnet_id': '4fa3ce76-3842-4372-9573-b3849722f3e8', 'ip_address': '10.180.180.187'}], 'enable_snat': True}, 'description': '', 'availability_zones': [], 'distributed': False, 'ha': False, 'availability_zone_hints': [], 'routes': [], 'flavor_id': None, 'tags': [], 'created_at': '2025-03-06T09:31:16Z', 'updated_at': '2025-03-06T09:31:18Z', 'revision_number': 2, 'project_id': 'e09e70ea0fcc4af6b1b75c71f620f986'}
2025-03-06 09:31:21.013 69155 INFO tempest.lib.common.rest_client [req-57dbb4e1-bbd7-44a6-b69e-fe497b8ecdf2 req-57dbb4e1-bbd7-44a6-b69e-fe497b8ecdf2 ] Request (HypervisorAdminUnderV252Test:tearDownClass): 204 DELETE http://10.180.1.21:9696/networking/v2.0/security-groups/31739d69-5324-4f47-b7e2-dbdd01bb6003 0.431s
2025-03-06 09:31:21.032 69209 INFO tempest.lib.common.rest_client [req-fed0dabb-e28d-45a7-aa0c-0f6e8bb2d2c2 req-fed0dabb-e28d-45a7-aa0c-0f6e8bb2d2c2 ] Request (AttachInterfacesTestJSON:setUpClass): 201 POST http://10.180.1.21/identity/v3/auth/tokens 0.090s
2025-03-06 09:31:21.063 69201 INFO tempest.lib.common.rest_client [req-fa0fa50d-6631-4269-a99e-8eb6808e5661 req-fa0fa50d-6631-4269-a99e-8eb6808e5661 ] Request (ServerActionsTestJSON:setUpClass): 200 GET http://10.180.1.21/compute/v2.1/servers/28bf3f4e-650a-44b4-abf2-8195f32cfb34 1.781s
2025-03-06 09:31:21.115 69183 INFO tempest.lib.common.rest_client [req-6cde46ab-dc81-4d59-b32d-c0819144f586 req-6cde46ab-dc81-4d59-b32d-c0819144f586 ] Request (ImagesOneServerTestJSON:setUpClass): 200 GET http://10.180.1.21/compute/v2.1/servers/176ad5bc-882c-4539-b69e-03c06616f933 1.722s
2025-03-06 09:31:21.144 69155 INFO tempest.lib.common.rest_client [req-bb36a62e-864a-4985-92f6-e71b653ae002 req-bb36a62e-864a-4985-92f6-e71b653ae002 ] Request (HypervisorAdminUnderV252Test:tearDownClass): 204 DELETE http://10.180.1.21/identity/v3/projects/612f1ba849d7497b8d883fab2756ce01 0.131s
2025-03-06 09:31:21.206 69155 INFO tempest.lib.common.rest_client [req-f1f0eff0-3ac4-4274-89b9-70f65ff3ae7b req-f1f0eff0-3ac4-4274-89b9-70f65ff3ae7b ] Request (MigrationsAdminTest:setUpClass): 201 POST http://10.180.1.21/identity/v3/auth/tokens 0.060s
2025-03-06 09:31:21.242 69155 INFO tempest.lib.common.rest_client [req-70de9484-ef85-4a23-b191-ac10b91f7111 req-70de9484-ef85-4a23-b191-ac10b91f7111 ] Request (MigrationsAdminTest:setUpClass): 201 POST http://10.180.1.21/identity/v3/auth/tokens 0.032s
2025-03-06 09:31:21.276 69155 INFO tempest.lib.common.rest_client [req-83b81e75-5ee1-403e-9b01-39d5750b32b2 req-83b81e75-5ee1-403e-9b01-39d5750b32b2 ] Request (MigrationsAdminTest:setUpClass): 200 GET http://10.180.1.21/identity/v3/domains?name=Default 0.033s
2025-03-06 09:31:21.314 69155 INFO tempest.lib.common.rest_client [req-d93b62da-76a9-496a-95e6-bce3f21a43b8 req-d93b62da-76a9-496a-95e6-bce3f21a43b8 ] Request (MigrationsAdminTest:setUpClass): 201 POST http://10.180.1.21/identity/v3/projects 0.037s
2025-03-06 09:31:21.334 69195 INFO tempest.lib.common.rest_client [req-2c202c3a-c740-41ca-8d63-ae060b12198c req-2c202c3a-c740-41ca-8d63-ae060b12198c ] Request (SecurityGroupRulesTestJSON:test_security_group_rules_create): 200 POST http://10.180.1.21/compute/v2.1/os-security-group-rules 1.878s
2025-03-06 09:31:21.400 69155 INFO tempest.lib.common.rest_client [req-10572175-6194-459d-8e88-a8f3740f4eac req-10572175-6194-459d-8e88-a8f3740f4eac ] Request (MigrationsAdminTest:setUpClass): 201 POST http://10.180.1.21/identity/v3/users 0.084s
2025-03-06 09:31:21.421 69203 INFO tempest.lib.common.rest_client [req-cae89b7a-aa8c-4266-8de7-f56db828c79e req-cae89b7a-aa8c-4266-8de7-f56db828c79e ] Request (ServersListShow298Test:test_list_show_update_rebuild_server_298): 200 GET http://10.180.1.21/compute/v2.1/servers/bcce1167-e77a-40a1-afcf-3a6d77789789 1.926s
2025-03-06 09:31:21.421 69155 INFO tempest.lib.common.rest_client [req-0d58b739-dd4e-45ec-8670-db944141e579 req-0d58b739-dd4e-45ec-8670-db944141e579 ] Request (MigrationsAdminTest:setUpClass): 200 GET http://10.180.1.21/identity/v3/roles 0.021s
2025-03-06 09:31:21.435 69203 INFO tempest.common.waiters [-] State transition "BUILD/spawning" ==> "ACTIVE/None" after 24 second wait
2025-03-06 09:31:21.451 69155 INFO tempest.lib.common.rest_client [req-0bc79e60-e8b7-42ae-9ca5-237226c21659 req-0bc79e60-e8b7-42ae-9ca5-237226c21659 ] Request (MigrationsAdminTest:setUpClass): 204 PUT http://10.180.1.21/identity/v3/projects/1e52dc5cd3ea490b9f47ad95a7406fd8/users/2e31d42e80cc4affa1ce099dad0a2aa2/roles/bceb9a0d99eb41e7943ae98b75727d46 0.030s
2025-03-06 09:31:21.452 69155 INFO tempest.lib.common.dynamic_creds [-] Dynamic test user 2e31d42e80cc4affa1ce099dad0a2aa2 is created with scope project and roles: ['member']
2025-03-06 09:31:21.452 69155 INFO tempest.lib.common.dynamic_creds [-] Acquired dynamic creds: credentials: Credentials: {'domain_id': 'default', 'domain_name': 'Default', 'username': 'tempest-MigrationsAdminTest-1821304571-project-member', 'project_domain_id': 'default', 'project_domain_name': 'Default', 'project_id': '1e52dc5cd3ea490b9f47ad95a7406fd8', 'project_name': 'tempest-MigrationsAdminTest-1821304571', 'tenant_id': '1e52dc5cd3ea490b9f47ad95a7406fd8', 'tenant_name': 'tempest-MigrationsAdminTest-1821304571', 'user_domain_id': 'default', 'user_domain_name': 'Default', 'user_id': '2e31d42e80cc4affa1ce099dad0a2aa2', 'system': None}, Network: None, Subnet: None, Router: None
2025-03-06 09:31:21.452 69155 INFO tempest.lib.common.dynamic_creds [-] Created isolated network resources for: credentials: Credentials: {'domain_id': 'default', 'domain_name': 'Default', 'username': 'tempest-MigrationsAdminTest-1821304571-project-member', 'project_domain_id': 'default', 'project_domain_name': 'Default', 'project_id': '1e52dc5cd3ea490b9f47ad95a7406fd8', 'project_name': 'tempest-MigrationsAdminTest-1821304571', 'tenant_id': '1e52dc5cd3ea490b9f47ad95a7406fd8', 'tenant_name': 'tempest-MigrationsAdminTest-1821304571', 'user_domain_id': 'default', 'user_domain_name': 'Default', 'user_id': '2e31d42e80cc4affa1ce099dad0a2aa2', 'system': None}, Network: None, Subnet: None, Router: None
2025-03-06 09:31:21.534 69155 INFO tempest.lib.common.rest_client [req-d3b838cc-7847-4ea5-98ee-e6d37782c872 req-d3b838cc-7847-4ea5-98ee-e6d37782c872 ] Request (MigrationsAdminTest:setUpClass): 201 POST http://10.180.1.21/identity/v3/auth/tokens 0.078s
2025-03-06 09:31:21.588 69191 INFO tempest.lib.common.rest_client [req-bec7de3a-b83f-4b96-beb0-395871194375 req-bec7de3a-b83f-4b96-beb0-395871194375 ] Request (QuotasAdminTestJSON:test_get_updated_quotas): 200 GET http://10.180.1.21/compute/v2.1/os-quota-sets/530a3f037397492ab3ec22f17d88b5a3?user_id=217f001c7ebf4d7cbcf960c6d09a4e75 2.035s
2025-03-06 09:31:21.599 69189 INFO tempest.lib.common.rest_client [req-0807bc37-c9c0-462a-a853-cdba4ef28228 req-0807bc37-c9c0-462a-a853-cdba4ef28228 ] Request (FloatingIPsAssociationTestJSON:setUpClass): 200 POST http://10.180.1.21/compute/v2.1/os-floating-ips 2.464s
2025-03-06 09:31:21.606 69155 INFO tempest.lib.common.rest_client [req-e4e2c89c-efaf-416a-a65a-60d64d20b693 req-e4e2c89c-efaf-416a-a65a-60d64d20b693 ] Request (MigrationsAdminTest:setUpClass): 201 POST http://10.180.1.21/identity/v3/projects 0.070s
2025-03-06 09:31:21.648 69179 INFO tempest.lib.common.rest_client [req-da20e389-c605-4865-8664-aafac79dda19 req-da20e389-c605-4865-8664-aafac79dda19 ] Request (ServerDiagnosticsV248Test:test_get_server_diagnostics): 200 GET http://10.180.1.21/compute/v2.1/servers/223b8b6f-b42c-4a06-b5bb-0354dd87cdea 2.083s
2025-03-06 09:31:21.655 69189 INFO tempest.lib.common.rest_client [req-8961203f-db06-4aa5-a977-1b3973ad94bc req-8961203f-db06-4aa5-a977-1b3973ad94bc ] Request (FloatingIPsAssociationTestJSON:test_associate_already_associated_floating_ip): 201 POST http://10.180.1.21/identity/v3/auth/tokens 0.051s
2025-03-06 09:31:21.656 69189 INFO tempest.lib.common.fixed_network [-] (FloatingIPsAssociationTestJSON:test_associate_already_associated_floating_ip) Found network {'id': '9d585a58-9359-4483-b691-3dd39e3739a5', 'name': 'tempest-FloatingIPsAssociationTestJSON-58095815-network', 'tenant_id': '104945a5ab134e1a83e6e3f62cb39ecf', 'admin_state_up': True, 'mtu': 8950, 'status': 'ACTIVE', 'subnets': [], 'shared': False, 'project_id': '104945a5ab134e1a83e6e3f62cb39ecf', 'port_security_enabled': True, 'router:external': False, 'provider:network_type': 'vlan', 'provider:physical_network': 'default', 'provider:segmentation_id': 567, 'availability_zone_hints': [], 'availability_zones': [], 'ipv4_address_scope': None, 'ipv6_address_scope': None, 'description': '', 'tags': [], 'created_at': '2025-03-06T09:30:45Z', 'updated_at': '2025-03-06T09:30:45Z', 'revision_number': 1} available for tenant
2025-03-06 09:31:21.658 69169 INFO tempest.lib.common.rest_client [req-e3f537df-6bdf-41c3-b737-0f45635ebe8d req-e3f537df-6bdf-41c3-b737-0f45635ebe8d ] Request (ImagesTestJSON:test_create_image_from_stopped_server): 200 GET http://10.180.1.21/compute/v2.1/servers/5a20a423-c3ac-476e-aecb-7e42a7c24610 2.023s
2025-03-06 09:31:21.659 69179 INFO tempest.common.waiters [-] State transition "BUILD/None" ==> "BUILD/spawning" after 19 second wait
2025-03-06 09:31:21.669 69191 INFO tempest.lib.common.rest_client [req-602575d8-908e-4b3e-9f40-973963940c32 req-602575d8-908e-4b3e-9f40-973963940c32 ] Request (QuotasAdminTestJSON:_run_cleanups): 204 DELETE http://10.180.1.21/identity/v3/users/217f001c7ebf4d7cbcf960c6d09a4e75 0.079s
2025-03-06 09:31:21.692 69173 INFO tempest.lib.common.rest_client [req-4b06b53d-ac2f-4b69-b77b-1a63503ce467 req-4b06b53d-ac2f-4b69-b77b-1a63503ce467 ] Request (ImagesMetadataTestJSON:test_update_image_metadata): 200 GET http://10.180.1.21/compute/v2.1/images/64af783b-05d2-4f59-b90e-220dd6fb191b/metadata 1.887s
2025-03-06 09:31:21.707 69207 INFO tempest.lib.common.rest_client [req-3f9a0b79-d84d-4e10-ac62-e67f79291905 req-3f9a0b79-d84d-4e10-ac62-e67f79291905 ] Request (TenantUsagesTestJSON:setUpClass): 200 GET http://10.180.1.21/compute/v2.1/servers/94e9ac10-b6a0-4fc0-b64e-763f3793b7e8 1.956s
2025-03-06 09:31:21.718 69207 INFO tempest.common.waiters [-] State transition "BUILD/scheduling" ==> "BUILD/None" after 8 second wait
2025-03-06 09:31:21.763 69177 INFO tempest.lib.common.rest_client [req-c4eccbc1-e141-4b66-a045-c9b4fadb0012 req-c4eccbc1-e141-4b66-a045-c9b4fadb0012 ] Request (ServersWithSpecificFlavorTestJSON:test_verify_created_server_ephemeral_disk): 200 GET http://10.180.1.21/compute/v2.1/servers/e41bc40e-f2c2-4fe5-9a77-68c71cbe8e8a 1.926s
2025-03-06 09:31:21.769 69155 INFO tempest.lib.common.rest_client [req-c7e365e0-9c41-4ceb-b861-ece21948a5a4 req-c7e365e0-9c41-4ceb-b861-ece21948a5a4 ] Request (MigrationsAdminTest:setUpClass): 201 POST http://10.180.1.21/identity/v3/users 0.162s
2025-03-06 09:31:21.772 69173 INFO tempest.lib.common.rest_client [req-e9ce61dd-fc59-4d0a-a90b-72e59f96f9f6 req-e9ce61dd-fc59-4d0a-a90b-72e59f96f9f6 ] Request (ImagesMetadataTestJSON:tearDownClass): 204 DELETE http://10.180.1.21/image/v2/images/64af783b-05d2-4f59-b90e-220dd6fb191b 0.076s
2025-03-06 09:31:21.796 69191 INFO tempest.lib.common.rest_client [req-1c5bdc2e-106f-43a1-bfcd-d65100521308 req-1c5bdc2e-106f-43a1-bfcd-d65100521308 ] Request (QuotasAdminTestJSON:_run_cleanups): 204 DELETE http://10.180.1.21/identity/v3/projects/530a3f037397492ab3ec22f17d88b5a3 0.126s
2025-03-06 09:31:21.833 69197 INFO tempest.lib.common.rest_client [req-40d84d60-550d-408b-9085-079a79c571d4 req-40d84d60-550d-408b-9085-079a79c571d4 ] Request (ServersAdminNegativeTestJSON:setUpClass): 200 GET http://10.180.1.21/compute/v2.1/servers/1c541afe-a78b-4cd1-8d70-63221956a835 1.941s
2025-03-06 09:31:21.844 69153 INFO tempest.lib.common.rest_client [req-2b4462dc-11ae-482a-97ee-60867c9c56e4 req-2b4462dc-11ae-482a-97ee-60867c9c56e4 ] Request (SecurityGroupRulesNegativeTestJSON:tearDownClass): 202 DELETE http://10.180.1.21/compute/v2.1/os-security-groups/39637ec6-d89c-4fc3-bd8f-0620ce077a13 1.975s
2025-03-06 09:31:21.849 69155 INFO tempest.lib.common.rest_client [req-41fd4c3b-1cd9-411d-b2fa-082caf7eee07 req-41fd4c3b-1cd9-411d-b2fa-082caf7eee07 ] Request (MigrationsAdminTest:setUpClass): 200 GET http://10.180.1.21/identity/v3/roles 0.080s
2025-03-06 09:31:21.871 69165 INFO tempest.lib.common.rest_client [req-28db1044-df32-4c0b-bfc3-7b8e8f1b3b3e req-28db1044-df32-4c0b-bfc3-7b8e8f1b3b3e ] Request (FlavorsV255TestJSON:_run_cleanups): 200 GET http://10.180.1.21/compute/v2.1/flavors/detail 1.754s
2025-03-06 09:31:21.887 69205 INFO tempest.lib.common.rest_client [req-8d219926-6aa5-4caa-9da5-be58878646c8 req-8d219926-6aa5-4caa-9da5-be58878646c8 ] Request (FlavorsAccessNegativeTestJSON:_run_cleanups): 202 DELETE http://10.180.1.21/compute/v2.1/flavors/806350314 1.511s
2025-03-06 09:31:21.895 69171 INFO tempest.lib.common.rest_client [req-8ba2273c-77a6-45af-934c-c6ab61f2f959 req-8ba2273c-77a6-45af-934c-c6ab61f2f959 ] Request (AggregatesAdminNegativeTestJSON:test_aggregate_delete_as_user): 403 DELETE http://10.180.1.21/compute/v2.1/os-aggregates/5 1.487s
2025-03-06 09:31:21.904 69155 INFO tempest.lib.common.rest_client [req-20311fad-b12f-4ece-9005-c538541b56cb req-20311fad-b12f-4ece-9005-c538541b56cb ] Request (MigrationsAdminTest:setUpClass): 204 PUT http://10.180.1.21/identity/v3/projects/2ed6a0843fa04a6e833e6ec08412da70/users/15d925d1ccfa4c64ab10b85fbe54715d/roles/9423c6ba64154006a89a1d130f0a2691 0.054s
2025-03-06 09:31:21.909 69161 INFO tempest.lib.common.rest_client [req-5dd33707-a7fd-4c17-9867-2bc8ef3c1bbf req-5dd33707-a7fd-4c17-9867-2bc8ef3c1bbf ] Request (ImagesNegativeTestJSON:test_create_image_from_deleted_server): 200 GET http://10.180.1.21/compute/v2.1/servers/f116cf00-074f-41f8-9c1f-bae0cd7932ff 1.611s
2025-03-06 09:31:21.922 69213 INFO tempest.lib.common.rest_client [req-168435fa-c5e6-4f50-adf9-ea5fcb0150c7 req-168435fa-c5e6-4f50-adf9-ea5fcb0150c7 ] Request (FlavorsAdminTestJSON:_run_cleanups): 202 DELETE http://10.180.1.21/compute/v2.1/flavors/732127027 1.415s
2025-03-06 09:31:21.927 69173 INFO tempest.lib.common.rest_client [req-19202d7d-ffdd-45e9-924b-ad458c612d44 req-19202d7d-ffdd-45e9-924b-ad458c612d44 ] Request (ImagesMetadataTestJSON:tearDownClass): 204 DELETE http://10.180.1.21/identity/v3/users/d61141be2aa1442eac1cf0da75068ed4 0.154s
2025-03-06 09:31:21.927 69173 INFO tempest.lib.common.dynamic_creds [-] Deleting project and security group for project: 347fed8887524d57a99fbbc9b371f088
2025-03-06 09:31:21.982 69181 INFO tempest.lib.common.rest_client [req-390bb4c7-7757-44fe-b773-d940fea9298b req-390bb4c7-7757-44fe-b773-d940fea9298b ] Request (AttachVolumeNegativeTest:test_attach_attached_volume_to_different_server): 200 GET http://10.180.1.21/compute/v2.1/servers/9eb1eeb3-aad7-4187-93f1-8ed435ce8e08 1.427s
2025-03-06 09:31:21.993 69155 INFO tempest.lib.common.rest_client [req-dc8876fc-c1b7-46b7-9259-c146093b6195 req-dc8876fc-c1b7-46b7-9259-c146093b6195 ] Request (MigrationsAdminTest:setUpClass): 200 GET http://10.180.1.21/identity/v3/roles 0.089s
2025-03-06 09:31:22.047 69165 INFO tempest.lib.common.rest_client [req-c5f0eaf5-5547-411c-b119-0865d6863be8 req-c5f0eaf5-5547-411c-b119-0865d6863be8 ] Request (FlavorsV255TestJSON:tearDownClass): 204 DELETE http://10.180.1.21/identity/v3/users/8de10d54fc3f4637bb082a14a107e305 0.169s
2025-03-06 09:31:22.059 69173 INFO tempest.lib.common.rest_client [req-77ff23bf-459e-4915-9d49-1a5dbe59c222 req-77ff23bf-459e-4915-9d49-1a5dbe59c222 ] Request (ImagesMetadataTestJSON:tearDownClass): 201 POST http://10.180.1.21/identity/v3/auth/tokens 0.131s
2025-03-06 09:31:22.097 69155 INFO tempest.lib.common.rest_client [req-5913e377-2687-4c26-bc07-5109409aee09 req-5913e377-2687-4c26-bc07-5109409aee09 ] Request (MigrationsAdminTest:setUpClass): 204 PUT http://10.180.1.21/identity/v3/projects/2ed6a0843fa04a6e833e6ec08412da70/users/15d925d1ccfa4c64ab10b85fbe54715d/roles/9423c6ba64154006a89a1d130f0a2691 0.104s
2025-03-06 09:31:22.098 69155 INFO tempest.lib.common.dynamic_creds [-] Dynamic test user 15d925d1ccfa4c64ab10b85fbe54715d is created with scope project and roles: ['admin']
2025-03-06 09:31:22.098 69155 INFO tempest.lib.common.dynamic_creds [-] Acquired dynamic creds: credentials: Credentials: {'domain_id': 'default', 'domain_name': 'Default', 'username': 'tempest-MigrationsAdminTest-1027421122-project-admin', 'project_domain_id': 'default', 'project_domain_name': 'Default', 'project_id': '2ed6a0843fa04a6e833e6ec08412da70', 'project_name': 'tempest-MigrationsAdminTest-1027421122', 'tenant_id': '2ed6a0843fa04a6e833e6ec08412da70', 'tenant_name': 'tempest-MigrationsAdminTest-1027421122', 'user_domain_id': 'default', 'user_domain_name': 'Default', 'user_id': '15d925d1ccfa4c64ab10b85fbe54715d', 'system': None}, Network: None, Subnet: None, Router: None
2025-03-06 09:31:22.098 69155 INFO tempest.lib.common.dynamic_creds [-] Created isolated network resources for: credentials: Credentials: {'domain_id': 'default', 'domain_name': 'Default', 'username': 'tempest-MigrationsAdminTest-1027421122-project-admin', 'project_domain_id': 'default', 'project_domain_name': 'Default', 'project_id': '2ed6a0843fa04a6e833e6ec08412da70', 'project_name': 'tempest-MigrationsAdminTest-1027421122', 'tenant_id': '2ed6a0843fa04a6e833e6ec08412da70', 'tenant_name': 'tempest-MigrationsAdminTest-1027421122', 'user_domain_id': 'default', 'user_domain_name': 'Default', 'user_id': '15d925d1ccfa4c64ab10b85fbe54715d', 'system': None}, Network: None, Subnet: None, Router: None
2025-03-06 09:31:22.167 69165 INFO tempest.lib.common.rest_client [req-03be1a8c-74aa-4ef3-bccf-00065d298ffe req-03be1a8c-74aa-4ef3-bccf-00065d298ffe ] Request (FlavorsV255TestJSON:tearDownClass): 204 DELETE http://10.180.1.21/identity/v3/users/360347f3575644aeb0b0a3e173f319d5 0.120s
2025-03-06 09:31:22.167 69165 INFO tempest.lib.common.dynamic_creds [-] Deleting project and security group for project: 819837c39d1f46798877576644a55e07
2025-03-06 09:31:22.235 69165 INFO tempest.lib.common.rest_client [req-739a17c3-52f0-43ac-bc86-3726d44097e5 req-739a17c3-52f0-43ac-bc86-3726d44097e5 ] Request (FlavorsV255TestJSON:tearDownClass): 201 POST http://10.180.1.21/identity/v3/auth/tokens 0.068s
2025-03-06 09:31:22.247 69155 INFO tempest.lib.common.rest_client [req-735b4234-cb26-4475-adce-222d6e115fcc req-735b4234-cb26-4475-adce-222d6e115fcc ] Request (MigrationsAdminTest:setUpClass): 201 POST http://10.180.1.21/identity/v3/auth/tokens 0.146s
2025-03-06 09:31:22.284 69173 INFO tempest.lib.common.rest_client [req-41e39f67-b3ae-4344-99e0-ed2016e73e81 req-41e39f67-b3ae-4344-99e0-ed2016e73e81 ] Request (ImagesMetadataTestJSON:tearDownClass): 200 GET http://10.180.1.21:9696/networking/v2.0/security-groups?tenant_id=347fed8887524d57a99fbbc9b371f088&name=default 0.224s
2025-03-06 09:31:22.288 69185 INFO tempest.lib.common.rest_client [req-d0ec56f2-49f7-4cac-8290-f697c37fcf52 req-d0ec56f2-49f7-4cac-8290-f697c37fcf52 ] Request (ServerActionsTestOtherB:setUpClass): 202 POST http://10.180.1.21/compute/v2.1/servers 1.851s
2025-03-06 09:31:22.304 69167 INFO tempest.lib.common.rest_client [req-1da10bf4-1e42-4590-809f-8396589617a4 req-1da10bf4-1e42-4590-809f-8396589617a4 ] Request (InstanceUsageAuditLogTestJSON:test_list_instance_usage_audit_logs): 200 GET http://10.180.1.21/compute/v2.1/os-instance_usage_audit_log 1.513s
2025-03-06 09:31:22.387 69167 INFO tempest.lib.common.rest_client [req-f67aacf0-3781-4e31-86b0-d95f8f23ba3a req-f67aacf0-3781-4e31-86b0-d95f8f23ba3a ] Request (InstanceUsageAuditLogTestJSON:tearDownClass): 204 DELETE http://10.180.1.21/identity/v3/users/1af09838db2c4bc8bf5a0c0e71b1fce4 0.078s
2025-03-06 09:31:22.432 69193 INFO tempest.lib.common.rest_client [req-c01a2963-b067-4949-bdf9-ef1461c70acf req-c01a2963-b067-4949-bdf9-ef1461c70acf ] Request (ServersTestJSON:setUpClass): 202 POST http://10.180.1.21/compute/v2.1/servers 1.837s
2025-03-06 09:31:22.433 69173 INFO tempest.lib.common.rest_client [req-60b34e32-6c2a-4d84-acf0-baef0f776c94 req-60b34e32-6c2a-4d84-acf0-baef0f776c94 ] Request (ImagesMetadataTestJSON:tearDownClass): 204 DELETE http://10.180.1.21:9696/networking/v2.0/security-groups/e72e7615-354b-4af1-8b6f-0aa71b1fb6ca 0.147s
2025-03-06 09:31:22.479 69165 INFO tempest.lib.common.rest_client [req-c82001f8-4258-43fc-ae56-52713b6de517 req-c82001f8-4258-43fc-ae56-52713b6de517 ] Request (FlavorsV255TestJSON:tearDownClass): 200 GET http://10.180.1.21:9696/networking/v2.0/security-groups?tenant_id=819837c39d1f46798877576644a55e07&name=default 0.243s
2025-03-06 09:31:22.503 69167 INFO tempest.lib.common.rest_client [req-84ed848b-af14-471f-9867-5719c5a2b551 req-84ed848b-af14-471f-9867-5719c5a2b551 ] Request (InstanceUsageAuditLogTestJSON:tearDownClass): 204 DELETE http://10.180.1.21/identity/v3/users/6c29b1bfb1c44631b627976cad86bc7b 0.116s
2025-03-06 09:31:22.503 69167 INFO tempest.lib.common.dynamic_creds [-] Deleting project and security group for project: 9436cd7e03e845c79c3dc0f657bb2e09
2025-03-06 09:31:22.506 69199 INFO tempest.lib.common.rest_client [req-20ffcd24-0c47-4d44-b4e5-8bc4a6cfe7d6 req-20ffcd24-0c47-4d44-b4e5-8bc4a6cfe7d6 ] Request (FloatingIPsAssociationNegativeTestJSON:setUpClass): 200 GET http://10.180.1.21/compute/v2.1/servers/48440713-7649-4947-8bf0-89bcfaec2a28 1.662s
2025-03-06 09:31:22.513 69199 INFO tempest.common.waiters [-] State transition "BUILD/spawning" ==> "ACTIVE/None" after 26 second wait
2025-03-06 09:31:22.560 69165 INFO tempest.lib.common.rest_client [req-a4938ed8-3765-4663-b3bb-492c695f8c79 req-a4938ed8-3765-4663-b3bb-492c695f8c79 ] Request (FlavorsV255TestJSON:tearDownClass): 204 DELETE http://10.180.1.21:9696/networking/v2.0/security-groups/d06beefd-e509-4c45-a787-9d21e09c8379 0.081s
2025-03-06 09:31:22.596 69173 INFO tempest.lib.common.rest_client [req-5f7a245d-c330-4be5-beab-e832f552dac6 req-5f7a245d-c330-4be5-beab-e832f552dac6 ] Request (ImagesMetadataTestJSON:tearDownClass): 204 DELETE http://10.180.1.21/identity/v3/projects/347fed8887524d57a99fbbc9b371f088 0.162s
2025-03-06 09:31:22.603 69157 INFO tempest.lib.common.rest_client [req-d61a9b49-2a32-46bb-8ec5-f8966f6d1b70 req-d61a9b49-2a32-46bb-8ec5-f8966f6d1b70 ] Request (ImagesOneServerNegativeTestJSON:setUpClass): 200 GET http://10.180.1.21/compute/v2.1/servers/b25fe864-0d1a-4818-810e-6e1cc8cbfe9c 1.489s
