2025-03-06 09:33:21.445 69169 INFO tempest.lib.common.rest_client [req-f77374dd-d0e1-4b46-9a11-72bf47b614d3 req-f77374dd-d0e1-4b46-9a11-72bf47b614d3 ] Request (ImagesTestJSON:test_create_image_from_suspended_server): 200 GET http://10.180.1.21/compute/v2.1/servers/af1eeca6-bbdc-4880-9256-5985dd2458a5 0.053s
2025-03-06 09:33:21.499 69199 INFO tempest.lib.common.rest_client [req-2bbc97ac-478d-4552-ae9a-bf971f429f9c req-2bbc97ac-478d-4552-ae9a-bf971f429f9c ] Request (ServersTestMultiNic:test_verify_duplicate_network_nics): 200 GET http://10.180.1.21/compute/v2.1/servers/e36c017c-0a98-4987-b4e6-76dfe617831f 0.055s
2025-03-06 09:33:21.549 69207 INFO tempest.lib.common.rest_client [req-d8cbeea5-b2a9-4e88-844f-c2a0060e95a0 req-d8cbeea5-b2a9-4e88-844f-c2a0060e95a0 ] Request (SecurityGroupsTestJSON:test_list_security_groups_by_server): 200 GET http://10.180.1.21/compute/v2.1/servers/ea190e91-e74a-497b-b28d-91c72895bb58 0.051s
2025-03-06 09:33:21.576 69183 INFO tempest.lib.common.rest_client [req-03343b0d-b824-4acd-a3e2-fdd90d3decd1 req-03343b0d-b824-4acd-a3e2-fdd90d3decd1 ] Request (ServersTestBootFromVolume:setUpClass): 200 GET http://10.180.1.21/volume/v3/volumes/9cdd3ca8-1a20-48ac-a373-c098b440b2ba 0.029s
2025-03-06 09:33:21.618 69203 INFO tempest.lib.common.rest_client [req-86a7d01f-28f1-47c3-964e-01ae429fa1ec req-86a7d01f-28f1-47c3-964e-01ae429fa1ec ] Request (ServersNegativeTestMultiTenantJSON:setUpClass): 200 GET http://10.180.1.21/compute/v2.1/servers/545024c9-58d2-4cec-9674-5aaee972370a 0.058s
2025-03-06 09:33:21.722 69165 INFO tempest.lib.common.rest_client [req-3201a6b0-e3c6-41a7-9ee2-ff9946e36d1e req-3201a6b0-e3c6-41a7-9ee2-ff9946e36d1e ] Request (ServerDiskConfigTestJSON:test_rebuild_server_with_auto_disk_config): 200 GET http://10.180.1.21/compute/v2.1/servers/db7fed3c-36db-439c-bdf9-90289f849eac 0.125s
2025-03-06 09:33:21.828 69175 INFO tempest.lib.common.rest_client [req-48493e70-c354-4493-b4b9-9821626847c5 req-48493e70-c354-4493-b4b9-9821626847c5 ] Request (ListServersNegativeTestJSON:setUpClass): 200 GET http://10.180.1.21/compute/v2.1/servers/a1afca68-3af7-4fd0-809f-ca4ad2445d4b 0.155s
2025-03-06 09:33:21.835 69175 INFO tempest.common.waiters [-] State transition "BUILD/block_device_mapping" ==> "BUILD/spawning" after 79 second wait
2025-03-06 09:33:21.854 69213 INFO tempest.lib.common.rest_client [req-f84d56c6-33cb-4b77-bb39-bc629c708903 req-f84d56c6-33cb-4b77-bb39-bc629c708903 ] Request (ServerExternalEventsTest:test_create_server_external_events): 200 GET http://10.180.1.21/compute/v2.1/servers/bf972e49-a76d-47d5-bc4f-f934412c899a 0.147s
2025-03-06 09:33:21.861 69213 INFO tempest.common.waiters [-] State transition "BUILD/spawning" ==> "ACTIVE/None" after 88 second wait
2025-03-06 09:33:21.895 69179 INFO tempest.lib.common.rest_client [req-91af60b1-1d1e-4267-8236-c830a6f3b09f req-91af60b1-1d1e-4267-8236-c830a6f3b09f ] Request (AttachVolumeShelveTestJSON:test_attach_volume_shelved_or_offload_server): 200 GET http://10.180.1.21/compute/v2.1/servers/5be9111c-f58a-43eb-94c1-d0ac8d99159f 0.173s
2025-03-06 09:33:21.958 69161 INFO tempest.lib.common.rest_client [req-5074fa81-f6a8-4e33-bfe6-06dcb0bd1ed6 req-5074fa81-f6a8-4e33-bfe6-06dcb0bd1ed6 ] Request (ServerAddressesNegativeTestJSON:setUpClass): 200 GET http://10.180.1.21/compute/v2.1/servers/4a3883d1-8f6a-4e32-ba63-0552865b3158 0.089s
2025-03-06 09:33:21.984 69213 INFO tempest.lib.common.rest_client [req-c652a9fb-e03c-4bfa-b932-c86da77f9a1c req-c652a9fb-e03c-4bfa-b932-c86da77f9a1c ] Request (ServerExternalEventsTest:test_create_server_external_events): 200 POST http://10.180.1.21/compute/v2.1/os-server-external-events 0.122s
2025-03-06 09:33:22.047 69205 INFO tempest.lib.common.rest_client [req-32752c7e-757d-43cd-8a97-815abb9e439c req-32752c7e-757d-43cd-8a97-815abb9e439c ] Request (MultipleCreateTestJSON:_run_cleanups): 200 GET http://10.180.1.21/compute/v2.1/servers/998ffe8e-1aba-4e8c-96ab-367a5d54d54f 0.110s
2025-03-06 09:33:22.068 69155 INFO tempest.lib.common.rest_client [req-1fdebc4a-8e6a-404f-8b7d-61ba004ea5d9 req-1fdebc4a-8e6a-404f-8b7d-61ba004ea5d9 ] Request (MigrationsAdminTest:test_list_migrations_in_flavor_resize_situation): 200 GET http://10.180.1.21/compute/v2.1/servers/9fe86c8a-3b99-4503-82d9-db99ae5ec2fa 0.154s
2025-03-06 09:33:22.106 69159 INFO tempest.lib.common.rest_client [req-60e1ebfa-6acf-46cf-89f3-c136dfe0de71 req-60e1ebfa-6acf-46cf-89f3-c136dfe0de71 ] Request (ServerRescueTestJSONUnderV235:setUpClass): 200 GET http://10.180.1.21/compute/v2.1/servers/42ea1741-5132-4f0e-a4cb-4b7a598e4188 0.140s
2025-03-06 09:33:22.116 69159 INFO tempest.common.waiters [-] State transition "BUILD/None" ==> "BUILD/networking" after 80 second wait
2025-03-06 09:33:22.152 69213 INFO tempest.lib.common.rest_client [req-5a546765-64bc-498a-8a31-2c0c6ace8ce2 req-5a546765-64bc-498a-8a31-2c0c6ace8ce2 ] Request (ServerExternalEventsTest:tearDownClass): 204 DELETE http://10.180.1.21/compute/v2.1/servers/bf972e49-a76d-47d5-bc4f-f934412c899a 0.164s
2025-03-06 09:33:22.172 69153 INFO tempest.lib.common.rest_client [req-fa49885e-557c-4bee-ab38-e3c5d26beb9a req-fa49885e-557c-4bee-ab38-e3c5d26beb9a ] Request (ServerShowV247Test:tearDownClass): 200 GET http://10.180.1.21/compute/v2.1/servers/cdb592f0-6224-4f00-84f3-afbd2b7e24a5 0.071s
2025-03-06 09:33:22.208 69211 INFO tempest.lib.common.rest_client [req-709d5cfe-1c2d-4104-b518-39e76da8610b req-709d5cfe-1c2d-4104-b518-39e76da8610b ] Request (ServerPasswordTestJSON:setUpClass): 200 GET http://10.180.1.21/compute/v2.1/servers/4b2b1531-770b-4bb6-9f58-d21e903ea332 0.060s
2025-03-06 09:33:22.266 69177 INFO tempest.lib.common.rest_client [req-75c974ec-1e22-4d6a-9393-0a51f2883e09 req-75c974ec-1e22-4d6a-9393-0a51f2883e09 ] Request (ServersWithSpecificFlavorTestJSON:test_verify_created_server_ephemeral_disk): 200 GET http://10.180.1.21/compute/v2.1/servers/5e723aa8-38dc-4692-8d2f-ff6aa2aa573a 0.075s
2025-03-06 09:33:22.270 69213 INFO tempest.lib.common.rest_client [req-c783f1f4-91ab-48f3-938e-1e2471c5326b req-c783f1f4-91ab-48f3-938e-1e2471c5326b ] Request (ServerExternalEventsTest:tearDownClass): 200 GET http://10.180.1.21/compute/v2.1/servers/bf972e49-a76d-47d5-bc4f-f934412c899a 0.117s
2025-03-06 09:33:22.323 69157 INFO tempest.lib.common.rest_client [req-26abf6ec-adc2-47ed-ad0c-00cc9a59c576 req-26abf6ec-adc2-47ed-ad0c-00cc9a59c576 ] Request (ImagesOneServerNegativeTestJSON:_run_cleanups): 200 GET http://10.180.1.21/compute/v2.1/servers/c87dc1be-f58a-4499-82a8-0b64649bf610 0.081s
2025-03-06 09:33:22.326 69189 INFO tempest.lib.common.rest_client [req-eb949f86-cb3a-4b1b-91b5-f02da8d6ef04 req-eb949f86-cb3a-4b1b-91b5-f02da8d6ef04 ] Request (FloatingIPsAssociationTestJSON:tearDownClass): 200 GET http://10.180.1.21/compute/v2.1/servers/f7d50028-73ab-4348-a49e-ca153c854939 0.113s
2025-03-06 09:33:22.381 69187 INFO tempest.lib.common.rest_client [req-5da4bd23-4bd1-4263-90d7-0e366b44aaa7 req-5da4bd23-4bd1-4263-90d7-0e366b44aaa7 ] Request (DeleteServersAdminTestJSON:test_delete_server_while_in_error_state): 200 GET http://10.180.1.21/compute/v2.1/servers/06b1ab57-ad18-44ea-87f6-1e189219697e 0.082s
2025-03-06 09:33:22.394 69197 INFO tempest.lib.common.rest_client [req-d19eb6a1-5f68-4392-a9a6-30e1e1a0406e req-d19eb6a1-5f68-4392-a9a6-30e1e1a0406e ] Request (ServersAdminNegativeTestJSON:tearDownClass): 200 GET http://10.180.1.21/compute/v2.1/servers/9c5bda7c-55f0-402d-a515-87147f39fdd9 0.057s
2025-03-06 09:33:22.493 69171 INFO tempest.lib.common.rest_client [req-79a52610-b716-4108-a9b9-189bf5228821 req-79a52610-b716-4108-a9b9-189bf5228821 ] Request (ServerDiagnosticsTest:tearDownClass): 200 GET http://10.180.1.21/compute/v2.1/servers/08f79565-00e9-4b4e-a675-d150436201ad 0.057s
2025-03-06 09:33:22.504 69169 INFO tempest.lib.common.rest_client [req-8230b339-3208-4b2e-9126-c7859ff9c0fb req-8230b339-3208-4b2e-9126-c7859ff9c0fb ] Request (ImagesTestJSON:test_create_image_from_suspended_server): 200 GET http://10.180.1.21/compute/v2.1/servers/af1eeca6-bbdc-4880-9256-5985dd2458a5 0.051s
2025-03-06 09:33:22.566 69199 INFO tempest.lib.common.rest_client [req-1db757f7-ccc8-45b3-ba92-2816ffccfbb3 req-1db757f7-ccc8-45b3-ba92-2816ffccfbb3 ] Request (ServersTestMultiNic:test_verify_duplicate_network_nics): 200 GET http://10.180.1.21/compute/v2.1/servers/e36c017c-0a98-4987-b4e6-76dfe617831f 0.059s
2025-03-06 09:33:22.613 69183 INFO tempest.lib.common.rest_client [req-fe8679a7-5753-404d-8314-e769a0d76be1 req-fe8679a7-5753-404d-8314-e769a0d76be1 ] Request (ServersTestBootFromVolume:setUpClass): 200 GET http://10.180.1.21/volume/v3/volumes/9cdd3ca8-1a20-48ac-a373-c098b440b2ba 0.030s
2025-03-06 09:33:22.615 69207 INFO tempest.lib.common.rest_client [req-7a6b7e02-a726-4e85-91b8-2a96f78e7094 req-7a6b7e02-a726-4e85-91b8-2a96f78e7094 ] Request (SecurityGroupsTestJSON:test_list_security_groups_by_server): 200 GET http://10.180.1.21/compute/v2.1/servers/ea190e91-e74a-497b-b28d-91c72895bb58 0.058s
2025-03-06 09:33:22.676 69203 INFO tempest.lib.common.rest_client [req-f101bc10-bb93-4652-8571-bdf097393193 req-f101bc10-bb93-4652-8571-bdf097393193 ] Request (ServersNegativeTestMultiTenantJSON:setUpClass): 200 GET http://10.180.1.21/compute/v2.1/servers/545024c9-58d2-4cec-9674-5aaee972370a 0.051s
2025-03-06 09:33:22.889 69165 INFO tempest.lib.common.rest_client [req-05965b47-3ce0-4aa7-b183-a2d7e83d6097 req-05965b47-3ce0-4aa7-b183-a2d7e83d6097 ] Request (ServerDiskConfigTestJSON:test_rebuild_server_with_auto_disk_config): 200 GET http://10.180.1.21/compute/v2.1/servers/db7fed3c-36db-439c-bdf9-90289f849eac 0.159s
2025-03-06 09:33:22.896 69165 INFO tempest.common.waiters [-] State transition "REBUILD/rebuilding" ==> "REBUILD/rebuild_block_device_mapping" after 4 second wait
2025-03-06 09:33:22.927 69175 INFO tempest.lib.common.rest_client [req-51c83310-8bfb-48e6-bf36-49f4fc3ac35a req-51c83310-8bfb-48e6-bf36-49f4fc3ac35a ] Request (ListServersNegativeTestJSON:setUpClass): 200 GET http://10.180.1.21/compute/v2.1/servers/a1afca68-3af7-4fd0-809f-ca4ad2445d4b 0.090s
2025-03-06 09:33:22.982 69179 INFO tempest.lib.common.rest_client [req-333db936-dc1f-4969-9e20-b7e21716e84b req-333db936-dc1f-4969-9e20-b7e21716e84b ] Request (AttachVolumeShelveTestJSON:test_attach_volume_shelved_or_offload_server): 200 GET http://10.180.1.21/compute/v2.1/servers/5be9111c-f58a-43eb-94c1-d0ac8d99159f 0.078s
2025-03-06 09:33:23.028 69161 INFO tempest.lib.common.rest_client [req-0b150392-f9bc-4acb-9853-7c1f94449bea req-0b150392-f9bc-4acb-9853-7c1f94449bea ] Request (ServerAddressesNegativeTestJSON:setUpClass): 200 GET http://10.180.1.21/compute/v2.1/servers/4a3883d1-8f6a-4e32-ba63-0552865b3158 0.059s
2025-03-06 09:33:23.140 69205 INFO tempest.lib.common.rest_client [req-a6213738-cd30-4fb4-929d-3c0e6a4eb9f6 req-a6213738-cd30-4fb4-929d-3c0e6a4eb9f6 ] Request (MultipleCreateTestJSON:_run_cleanups): 200 GET http://10.180.1.21/compute/v2.1/servers/998ffe8e-1aba-4e8c-96ab-367a5d54d54f 0.083s
2025-03-06 09:33:23.176 69155 INFO tempest.lib.common.rest_client [req-b3b9bf57-cd9f-4549-abee-42da4e7a85ba req-b3b9bf57-cd9f-4549-abee-42da4e7a85ba ] Request (MigrationsAdminTest:test_list_migrations_in_flavor_resize_situation): 200 GET http://10.180.1.21/compute/v2.1/servers/9fe86c8a-3b99-4503-82d9-db99ae5ec2fa 0.100s
2025-03-06 09:33:23.258 69153 INFO tempest.lib.common.rest_client [req-23b13d61-09c6-426c-9f68-eddc3ac52dcc req-23b13d61-09c6-426c-9f68-eddc3ac52dcc ] Request (ServerShowV247Test:tearDownClass): 200 GET http://10.180.1.21/compute/v2.1/servers/cdb592f0-6224-4f00-84f3-afbd2b7e24a5 0.077s
2025-03-06 09:33:23.287 69159 INFO tempest.lib.common.rest_client [req-f60c9f66-e086-43d1-95b4-ab6b183a7e88 req-f60c9f66-e086-43d1-95b4-ab6b183a7e88 ] Request (ServerRescueTestJSONUnderV235:setUpClass): 200 GET http://10.180.1.21/compute/v2.1/servers/42ea1741-5132-4f0e-a4cb-4b7a598e4188 0.170s
2025-03-06 09:33:23.293 69159 INFO tempest.common.waiters [-] State transition "BUILD/networking" ==> "BUILD/block_device_mapping" after 81 second wait
2025-03-06 09:33:23.315 69211 INFO tempest.lib.common.rest_client [req-5732e77c-0b0b-414b-a1fc-f35035b90b70 req-5732e77c-0b0b-414b-a1fc-f35035b90b70 ] Request (ServerPasswordTestJSON:setUpClass): 200 GET http://10.180.1.21/compute/v2.1/servers/4b2b1531-770b-4bb6-9f58-d21e903ea332 0.099s
2025-03-06 09:33:23.352 69177 INFO tempest.lib.common.rest_client [req-aa6f0efe-9402-4f87-a00c-39b97271bbf8 req-aa6f0efe-9402-4f87-a00c-39b97271bbf8 ] Request (ServersWithSpecificFlavorTestJSON:test_verify_created_server_ephemeral_disk): 200 GET http://10.180.1.21/compute/v2.1/servers/5e723aa8-38dc-4692-8d2f-ff6aa2aa573a 0.078s
2025-03-06 09:33:23.397 69157 INFO tempest.lib.common.rest_client [req-32a991a7-5293-4ce9-9339-a983cb473880 req-32a991a7-5293-4ce9-9339-a983cb473880 ] Request (ImagesOneServerNegativeTestJSON:_run_cleanups): 200 GET http://10.180.1.21/compute/v2.1/servers/c87dc1be-f58a-4499-82a8-0b64649bf610 0.064s
2025-03-06 09:33:23.413 69213 INFO tempest.lib.common.rest_client [req-b4eec64a-2bd9-49bd-8dd4-77ca4ea82faa req-b4eec64a-2bd9-49bd-8dd4-77ca4ea82faa ] Request (ServerExternalEventsTest:tearDownClass): 200 GET http://10.180.1.21/compute/v2.1/servers/bf972e49-a76d-47d5-bc4f-f934412c899a 0.134s
2025-03-06 09:33:23.458 69189 INFO tempest.lib.common.rest_client [req-1b2ecabb-885e-450b-b48a-8f42c7310457 req-1b2ecabb-885e-450b-b48a-8f42c7310457 ] Request (FloatingIPsAssociationTestJSON:tearDownClass): 200 GET http://10.180.1.21/compute/v2.1/servers/f7d50028-73ab-4348-a49e-ca153c854939 0.121s
2025-03-06 09:33:23.475 69187 INFO tempest.lib.common.rest_client [req-0e280157-881b-4c05-8962-2f6fda177fbf req-0e280157-881b-4c05-8962-2f6fda177fbf ] Request (DeleteServersAdminTestJSON:test_delete_server_while_in_error_state): 200 GET http://10.180.1.21/compute/v2.1/servers/06b1ab57-ad18-44ea-87f6-1e189219697e 0.085s
2025-03-06 09:33:23.517 69197 INFO tempest.lib.common.rest_client [req-55e6b7ad-e158-42c9-8f54-5a0f4baf44c8 req-55e6b7ad-e158-42c9-8f54-5a0f4baf44c8 ] Request (ServersAdminNegativeTestJSON:tearDownClass): 200 GET http://10.180.1.21/compute/v2.1/servers/9c5bda7c-55f0-402d-a515-87147f39fdd9 0.115s
2025-03-06 09:33:23.564 69171 INFO tempest.lib.common.rest_client [req-5c3882a4-53c2-4bb7-ad09-d5aa2f42e743 req-5c3882a4-53c2-4bb7-ad09-d5aa2f42e743 ] Request (ServerDiagnosticsTest:tearDownClass): 200 GET http://10.180.1.21/compute/v2.1/servers/08f79565-00e9-4b4e-a675-d150436201ad 0.062s
2025-03-06 09:33:23.565 69169 INFO tempest.lib.common.rest_client [req-744ba3d7-feea-46a4-a36f-355038cfb695 req-744ba3d7-feea-46a4-a36f-355038cfb695 ] Request (ImagesTestJSON:test_create_image_from_suspended_server): 200 GET http://10.180.1.21/compute/v2.1/servers/af1eeca6-bbdc-4880-9256-5985dd2458a5 0.053s
2025-03-06 09:33:23.621 69199 INFO tempest.lib.common.rest_client [req-b6992d6f-30d7-4847-9db9-1967dab65be4 req-b6992d6f-30d7-4847-9db9-1967dab65be4 ] Request (ServersTestMultiNic:test_verify_duplicate_network_nics): 200 GET http://10.180.1.21/compute/v2.1/servers/e36c017c-0a98-4987-b4e6-76dfe617831f 0.047s
2025-03-06 09:33:23.647 69183 INFO tempest.lib.common.rest_client [req-625bbe3e-9a53-4532-9a63-d786003f9fc7 req-625bbe3e-9a53-4532-9a63-d786003f9fc7 ] Request (ServersTestBootFromVolume:setUpClass): 200 GET http://10.180.1.21/volume/v3/volumes/9cdd3ca8-1a20-48ac-a373-c098b440b2ba 0.025s
2025-03-06 09:33:23.670 69207 INFO tempest.lib.common.rest_client [req-a2113037-122b-40b3-b63e-c1b4b926c8e0 req-a2113037-122b-40b3-b63e-c1b4b926c8e0 ] Request (SecurityGroupsTestJSON:test_list_security_groups_by_server): 200 GET http://10.180.1.21/compute/v2.1/servers/ea190e91-e74a-497b-b28d-91c72895bb58 0.047s
2025-03-06 09:33:23.734 69203 INFO tempest.lib.common.rest_client [req-121476fa-9a70-4c1f-9c8c-d934085d6e88 req-121476fa-9a70-4c1f-9c8c-d934085d6e88 ] Request (ServersNegativeTestMultiTenantJSON:setUpClass): 200 GET http://10.180.1.21/compute/v2.1/servers/545024c9-58d2-4cec-9674-5aaee972370a 0.049s
2025-03-06 09:33:23.769 69209 WARNING tempest.lib.common.ssh [-] Failed to establish authenticated ssh connection to cirros@10.180.180.245 ([Errno None] Unable to connect to port 22 on 10.180.180.245). Number attempts: 7. Retry after 8 seconds.: paramiko.ssh_exception.NoValidConnectionsError: [Errno None] Unable to connect to port 22 on 10.180.180.245
2025-03-06 09:33:24.001 69165 INFO tempest.lib.common.rest_client [req-64e51651-4662-4be2-a4ac-fa9cd4cbef7a req-64e51651-4662-4be2-a4ac-fa9cd4cbef7a ] Request (ServerDiskConfigTestJSON:test_rebuild_server_with_auto_disk_config): 200 GET http://10.180.1.21/compute/v2.1/servers/db7fed3c-36db-439c-bdf9-90289f849eac 0.104s
2025-03-06 09:33:24.008 69165 INFO tempest.common.waiters [-] State transition "REBUILD/rebuild_block_device_mapping" ==> "REBUILD/rebuild_spawning" after 6 second wait
2025-03-06 09:33:24.030 69175 INFO tempest.lib.common.rest_client [req-acd3cf21-d799-44ef-b73f-6debc2b2c286 req-acd3cf21-d799-44ef-b73f-6debc2b2c286 ] Request (ListServersNegativeTestJSON:setUpClass): 200 GET http://10.180.1.21/compute/v2.1/servers/a1afca68-3af7-4fd0-809f-ca4ad2445d4b 0.096s
2025-03-06 09:33:24.050 69179 INFO tempest.lib.common.rest_client [req-e049fc5a-2277-4868-8d67-e14258c6b2cd req-e049fc5a-2277-4868-8d67-e14258c6b2cd ] Request (AttachVolumeShelveTestJSON:test_attach_volume_shelved_or_offload_server): 200 GET http://10.180.1.21/compute/v2.1/servers/5be9111c-f58a-43eb-94c1-d0ac8d99159f 0.059s
2025-03-06 09:33:24.083 69161 INFO tempest.lib.common.rest_client [req-dd50eee9-beaf-47c7-846a-779f5b884dc0 req-dd50eee9-beaf-47c7-846a-779f5b884dc0 ] Request (ServerAddressesNegativeTestJSON:setUpClass): 200 GET http://10.180.1.21/compute/v2.1/servers/4a3883d1-8f6a-4e32-ba63-0552865b3158 0.047s
2025-03-06 09:33:24.091 69161 INFO tempest.common.waiters [-] State transition "BUILD/scheduling" ==> "BUILD/None" after 41 second wait
2025-03-06 09:33:24.205 69205 INFO tempest.lib.common.rest_client [req-946f1a44-d9c3-4114-89ee-a3492c1d3643 req-946f1a44-d9c3-4114-89ee-a3492c1d3643 ] Request (MultipleCreateTestJSON:_run_cleanups): 200 GET http://10.180.1.21/compute/v2.1/servers/998ffe8e-1aba-4e8c-96ab-367a5d54d54f 0.056s
2025-03-06 09:33:24.267 69155 INFO tempest.lib.common.rest_client [req-7d1ced70-1eee-4766-b761-79f2d711e93f req-7d1ced70-1eee-4766-b761-79f2d711e93f ] Request (MigrationsAdminTest:test_list_migrations_in_flavor_resize_situation): 200 GET http://10.180.1.21/compute/v2.1/servers/9fe86c8a-3b99-4503-82d9-db99ae5ec2fa 0.083s
2025-03-06 09:33:24.330 69153 INFO tempest.lib.common.rest_client [req-7ff19405-ac1c-4302-abe1-bb76860927cc req-7ff19405-ac1c-4302-abe1-bb76860927cc ] Request (ServerShowV247Test:tearDownClass): 200 GET http://10.180.1.21/compute/v2.1/servers/cdb592f0-6224-4f00-84f3-afbd2b7e24a5 0.060s
2025-03-06 09:33:24.380 69211 INFO tempest.lib.common.rest_client [req-225f5260-2dfa-4e61-8463-d605c32a85ff req-225f5260-2dfa-4e61-8463-d605c32a85ff ] Request (ServerPasswordTestJSON:setUpClass): 200 GET http://10.180.1.21/compute/v2.1/servers/4b2b1531-770b-4bb6-9f58-d21e903ea332 0.054s
2025-03-06 09:33:24.430 69177 INFO tempest.lib.common.rest_client [req-6e6fe0c9-ca50-4419-a542-ccf0de2242c9 req-6e6fe0c9-ca50-4419-a542-ccf0de2242c9 ] Request (ServersWithSpecificFlavorTestJSON:test_verify_created_server_ephemeral_disk): 200 GET http://10.180.1.21/compute/v2.1/servers/5e723aa8-38dc-4692-8d2f-ff6aa2aa573a 0.067s
2025-03-06 09:33:24.442 69177 INFO tempest.common.waiters [-] State transition "BUILD/scheduling" ==> "BUILD/None" after 40 second wait
2025-03-06 09:33:24.449 69159 INFO tempest.lib.common.rest_client [req-7e22841b-e331-43c3-8213-994db8a93b77 req-7e22841b-e331-43c3-8213-994db8a93b77 ] Request (ServerRescueTestJSONUnderV235:setUpClass): 200 GET http://10.180.1.21/compute/v2.1/servers/42ea1741-5132-4f0e-a4cb-4b7a598e4188 0.154s
2025-03-06 09:33:24.463 69159 INFO tempest.common.waiters [-] State transition "BUILD/block_device_mapping" ==> "BUILD/spawning" after 82 second wait
2025-03-06 09:33:24.502 69157 INFO tempest.lib.common.rest_client [req-573396e6-143c-465c-a814-1051082b36ab req-573396e6-143c-465c-a814-1051082b36ab ] Request (ImagesOneServerNegativeTestJSON:_run_cleanups): 200 GET http://10.180.1.21/compute/v2.1/servers/c87dc1be-f58a-4499-82a8-0b64649bf610 0.096s
2025-03-06 09:33:24.572 69189 INFO tempest.lib.common.rest_client [req-559f7ac1-dc7f-436f-ba1a-6c0553121300 req-559f7ac1-dc7f-436f-ba1a-6c0553121300 ] Request (FloatingIPsAssociationTestJSON:tearDownClass): 200 GET http://10.180.1.21/compute/v2.1/servers/f7d50028-73ab-4348-a49e-ca153c854939 0.106s
2025-03-06 09:33:24.582 69213 INFO tempest.lib.common.rest_client [req-f8117ab1-617d-4f3d-9699-5355161c2bd8 req-f8117ab1-617d-4f3d-9699-5355161c2bd8 ] Request (ServerExternalEventsTest:tearDownClass): 200 GET http://10.180.1.21/compute/v2.1/servers/bf972e49-a76d-47d5-bc4f-f934412c899a 0.161s
2025-03-06 09:33:24.634 69187 INFO tempest.lib.common.rest_client [req-9b41a89a-508c-4490-a92e-086a2c5a414a req-9b41a89a-508c-4490-a92e-086a2c5a414a ] Request (DeleteServersAdminTestJSON:test_delete_server_while_in_error_state): 200 GET http://10.180.1.21/compute/v2.1/servers/06b1ab57-ad18-44ea-87f6-1e189219697e 0.149s
2025-03-06 09:33:24.641 69197 INFO tempest.lib.common.rest_client [req-45d8eaca-fe3e-496c-a1c4-f8600c95d888 req-45d8eaca-fe3e-496c-a1c4-f8600c95d888 ] Request (ServersAdminNegativeTestJSON:tearDownClass): 200 GET http://10.180.1.21/compute/v2.1/servers/9c5bda7c-55f0-402d-a515-87147f39fdd9 0.115s
2025-03-06 09:33:24.692 69183 INFO tempest.lib.common.rest_client [req-bcd76fb7-5330-4432-a231-d4bb669ca8f3 req-bcd76fb7-5330-4432-a231-d4bb669ca8f3 ] Request (ServersTestBootFromVolume:setUpClass): 200 GET http://10.180.1.21/volume/v3/volumes/9cdd3ca8-1a20-48ac-a373-c098b440b2ba 0.037s
2025-03-06 09:33:24.695 69171 INFO tempest.lib.common.rest_client [req-e50c2a91-5bd8-4977-93fa-75f69061f812 req-e50c2a91-5bd8-4977-93fa-75f69061f812 ] Request (ServerDiagnosticsTest:tearDownClass): 200 GET http://10.180.1.21/compute/v2.1/servers/08f79565-00e9-4b4e-a675-d150436201ad 0.123s
2025-03-06 09:33:24.707 69169 INFO tempest.lib.common.rest_client [req-728449d0-f7ae-4b64-8eb9-3a4959249bfa req-728449d0-f7ae-4b64-8eb9-3a4959249bfa ] Request (ImagesTestJSON:test_create_image_from_suspended_server): 200 GET http://10.180.1.21/compute/v2.1/servers/af1eeca6-bbdc-4880-9256-5985dd2458a5 0.132s
2025-03-06 09:33:24.750 69199 INFO tempest.lib.common.rest_client [req-8549bfb8-6c56-4856-b371-6ff476ceced0 req-8549bfb8-6c56-4856-b371-6ff476ceced0 ] Request (ServersTestMultiNic:test_verify_duplicate_network_nics): 200 GET http://10.180.1.21/compute/v2.1/servers/e36c017c-0a98-4987-b4e6-76dfe617831f 0.121s
2025-03-06 09:33:24.786 69207 INFO tempest.lib.common.rest_client [req-6577be7d-2ef7-426c-9790-77ed373c23e5 req-6577be7d-2ef7-426c-9790-77ed373c23e5 ] Request (SecurityGroupsTestJSON:test_list_security_groups_by_server): 200 GET http://10.180.1.21/compute/v2.1/servers/ea190e91-e74a-497b-b28d-91c72895bb58 0.107s
2025-03-06 09:33:24.807 69203 INFO tempest.lib.common.rest_client [req-83d8546a-4f2f-42a0-885d-1dd2877ec902 req-83d8546a-4f2f-42a0-885d-1dd2877ec902 ] Request (ServersNegativeTestMultiTenantJSON:setUpClass): 200 GET http://10.180.1.21/compute/v2.1/servers/545024c9-58d2-4cec-9674-5aaee972370a 0.065s
2025-03-06 09:33:25.101 69165 INFO tempest.lib.common.rest_client [req-b9d6ee9a-ab4c-450e-a723-9c1abca5448c req-b9d6ee9a-ab4c-450e-a723-9c1abca5448c ] Request (ServerDiskConfigTestJSON:test_rebuild_server_with_auto_disk_config): 200 GET http://10.180.1.21/compute/v2.1/servers/db7fed3c-36db-439c-bdf9-90289f849eac 0.092s
2025-03-06 09:33:25.121 69175 INFO tempest.lib.common.rest_client [req-c8f9b304-0c24-43d4-986d-e06029531dfa req-c8f9b304-0c24-43d4-986d-e06029531dfa ] Request (ListServersNegativeTestJSON:setUpClass): 200 GET http://10.180.1.21/compute/v2.1/servers/a1afca68-3af7-4fd0-809f-ca4ad2445d4b 0.083s
2025-03-06 09:33:25.145 69179 INFO tempest.lib.common.rest_client [req-885e0a29-c050-4587-9b1a-c8c98a645ab9 req-885e0a29-c050-4587-9b1a-c8c98a645ab9 ] Request (AttachVolumeShelveTestJSON:test_attach_volume_shelved_or_offload_server): 200 GET http://10.180.1.21/compute/v2.1/servers/5be9111c-f58a-43eb-94c1-d0ac8d99159f 0.086s
2025-03-06 09:33:25.164 69161 INFO tempest.lib.common.rest_client [req-a957dfce-69cf-48b6-92f7-376c46a9dc0f req-a957dfce-69cf-48b6-92f7-376c46a9dc0f ] Request (ServerAddressesNegativeTestJSON:setUpClass): 200 GET http://10.180.1.21/compute/v2.1/servers/4a3883d1-8f6a-4e32-ba63-0552865b3158 0.072s
2025-03-06 09:33:25.276 69205 INFO tempest.lib.common.rest_client [req-29946ed4-49e5-4067-a519-43fb2deef734 req-29946ed4-49e5-4067-a519-43fb2deef734 ] Request (MultipleCreateTestJSON:_run_cleanups): 200 GET http://10.180.1.21/compute/v2.1/servers/998ffe8e-1aba-4e8c-96ab-367a5d54d54f 0.063s
2025-03-06 09:33:25.365 69155 INFO tempest.lib.common.rest_client [req-6ee00c2d-a5f8-4e6e-a4cf-3af7e17876b1 req-6ee00c2d-a5f8-4e6e-a4cf-3af7e17876b1 ] Request (MigrationsAdminTest:test_list_migrations_in_flavor_resize_situation): 200 GET http://10.180.1.21/compute/v2.1/servers/9fe86c8a-3b99-4503-82d9-db99ae5ec2fa 0.090s
2025-03-06 09:33:25.397 69153 INFO tempest.lib.common.rest_client [req-af1ab5d6-9f3f-4251-90a1-c38d51ad675e req-af1ab5d6-9f3f-4251-90a1-c38d51ad675e ] Request (ServerShowV247Test:tearDownClass): 200 GET http://10.180.1.21/compute/v2.1/servers/cdb592f0-6224-4f00-84f3-afbd2b7e24a5 0.058s
2025-03-06 09:33:25.436 69211 INFO tempest.lib.common.rest_client [req-9a0cd052-5dfc-4dc3-b312-0dd0750aa84b req-9a0cd052-5dfc-4dc3-b312-0dd0750aa84b ] Request (ServerPasswordTestJSON:setUpClass): 200 GET http://10.180.1.21/compute/v2.1/servers/4b2b1531-770b-4bb6-9f58-d21e903ea332 0.049s
2025-03-06 09:33:25.596 69159 INFO tempest.lib.common.rest_client [req-4442bb4b-0c6b-4ebd-b256-abf7d19784d9 req-4442bb4b-0c6b-4ebd-b256-abf7d19784d9 ] Request (ServerRescueTestJSONUnderV235:setUpClass): 200 GET http://10.180.1.21/compute/v2.1/servers/42ea1741-5132-4f0e-a4cb-4b7a598e4188 0.132s
2025-03-06 09:33:25.649 69157 INFO tempest.lib.common.rest_client [req-95c9738e-8388-40ad-986b-2e74228b70e7 req-95c9738e-8388-40ad-986b-2e74228b70e7 ] Request (ImagesOneServerNegativeTestJSON:_run_cleanups): 200 GET http://10.180.1.21/compute/v2.1/servers/c87dc1be-f58a-4499-82a8-0b64649bf610 0.133s
2025-03-06 09:33:25.712 69189 INFO tempest.lib.common.rest_client [req-88fb0fa7-005f-45e3-aaf5-7f36b3b418f1 req-88fb0fa7-005f-45e3-aaf5-7f36b3b418f1 ] Request (FloatingIPsAssociationTestJSON:tearDownClass): 200 GET http://10.180.1.21/compute/v2.1/servers/f7d50028-73ab-4348-a49e-ca153c854939 0.132s
2025-03-06 09:33:25.728 69183 INFO tempest.lib.common.rest_client [req-837fc393-809e-41bd-a56d-e727c8fa6eb8 req-837fc393-809e-41bd-a56d-e727c8fa6eb8 ] Request (ServersTestBootFromVolume:setUpClass): 200 GET http://10.180.1.21/volume/v3/volumes/9cdd3ca8-1a20-48ac-a373-c098b440b2ba 0.029s
2025-03-06 09:33:25.740 69177 INFO tempest.lib.common.rest_client [req-34e62b2b-e6fb-44a7-ab02-591ed3fa392d req-34e62b2b-e6fb-44a7-ab02-591ed3fa392d ] Request (ServersWithSpecificFlavorTestJSON:test_verify_created_server_ephemeral_disk): 200 GET http://10.180.1.21/compute/v2.1/servers/5e723aa8-38dc-4692-8d2f-ff6aa2aa573a 0.297s
2025-03-06 09:33:25.772 69213 INFO tempest.lib.common.rest_client [req-7d83d34f-d7e4-46d8-b990-945b37b1e11d req-7d83d34f-d7e4-46d8-b990-945b37b1e11d ] Request (ServerExternalEventsTest:tearDownClass): 200 GET http://10.180.1.21/compute/v2.1/servers/bf972e49-a76d-47d5-bc4f-f934412c899a 0.181s
2025-03-06 09:33:25.801 69187 INFO tempest.lib.common.rest_client [req-fe42ecc0-0a8a-45d7-a685-4e12168f726a req-fe42ecc0-0a8a-45d7-a685-4e12168f726a ] Request (DeleteServersAdminTestJSON:test_delete_server_while_in_error_state): 200 GET http://10.180.1.21/compute/v2.1/servers/06b1ab57-ad18-44ea-87f6-1e189219697e 0.154s
2025-03-06 09:33:25.837 69197 INFO tempest.lib.common.rest_client [req-3bf0c0f6-72f4-47be-97f4-58f593e74c9d req-3bf0c0f6-72f4-47be-97f4-58f593e74c9d ] Request (ServersAdminNegativeTestJSON:tearDownClass): 200 GET http://10.180.1.21/compute/v2.1/servers/9c5bda7c-55f0-402d-a515-87147f39fdd9 0.189s
2025-03-06 09:33:25.859 69171 INFO tempest.lib.common.rest_client [req-597f8cfb-7d81-480d-8380-62ed23fc269c req-597f8cfb-7d81-480d-8380-62ed23fc269c ] Request (ServerDiagnosticsTest:tearDownClass): 200 GET http://10.180.1.21/compute/v2.1/servers/08f79565-00e9-4b4e-a675-d150436201ad 0.151s
2025-03-06 09:33:25.894 69169 INFO tempest.lib.common.rest_client [req-aac02373-dc3f-4106-bffd-fd0b8894f8e8 req-aac02373-dc3f-4106-bffd-fd0b8894f8e8 ] Request (ImagesTestJSON:test_create_image_from_suspended_server): 200 GET http://10.180.1.21/compute/v2.1/servers/af1eeca6-bbdc-4880-9256-5985dd2458a5 0.178s
2025-03-06 09:33:25.909 69199 INFO tempest.lib.common.rest_client [req-ecc16add-fe0e-46c5-93e2-c3a1dc0ea62e req-ecc16add-fe0e-46c5-93e2-c3a1dc0ea62e ] Request (ServersTestMultiNic:test_verify_duplicate_network_nics): 200 GET http://10.180.1.21/compute/v2.1/servers/e36c017c-0a98-4987-b4e6-76dfe617831f 0.148s
2025-03-06 09:33:25.933 69185 WARNING tempest.lib.common.ssh [-] Failed to establish authenticated ssh connection to cirros@10.180.180.232 ([Errno None] Unable to connect to port 22 on 10.180.180.232). Number attempts: 9. Retry after 10 seconds.: paramiko.ssh_exception.NoValidConnectionsError: [Errno None] Unable to connect to port 22 on 10.180.180.232
2025-03-06 09:33:25.950 69207 INFO tempest.lib.common.rest_client [req-f5b0f2d5-57cd-4db2-9835-70b5f61c8942 req-f5b0f2d5-57cd-4db2-9835-70b5f61c8942 ] Request (SecurityGroupsTestJSON:test_list_security_groups_by_server): 200 GET http://10.180.1.21/compute/v2.1/servers/ea190e91-e74a-497b-b28d-91c72895bb58 0.154s
2025-03-06 09:33:25.970 69203 INFO tempest.lib.common.rest_client [req-789fd053-1a46-44a7-ae2a-725ba71904bb req-789fd053-1a46-44a7-ae2a-725ba71904bb ] Request (ServersNegativeTestMultiTenantJSON:setUpClass): 200 GET http://10.180.1.21/compute/v2.1/servers/545024c9-58d2-4cec-9674-5aaee972370a 0.154s
2025-03-06 09:33:26.230 69165 INFO tempest.lib.common.rest_client [req-4b90c73c-f2e6-4dac-8c93-9524330c8c76 req-4b90c73c-f2e6-4dac-8c93-9524330c8c76 ] Request (ServerDiskConfigTestJSON:test_rebuild_server_with_auto_disk_config): 200 GET http://10.180.1.21/compute/v2.1/servers/db7fed3c-36db-439c-bdf9-90289f849eac 0.120s
2025-03-06 09:33:26.248 69175 INFO tempest.lib.common.rest_client [req-32b1cb19-79f6-4077-b256-0e5bec991b9a req-32b1cb19-79f6-4077-b256-0e5bec991b9a ] Request (ListServersNegativeTestJSON:setUpClass): 200 GET http://10.180.1.21/compute/v2.1/servers/a1afca68-3af7-4fd0-809f-ca4ad2445d4b 0.119s
2025-03-06 09:33:26.277 69179 INFO tempest.lib.common.rest_client [req-b0b6b567-446d-486b-a3f0-e58b99bee821 req-b0b6b567-446d-486b-a3f0-e58b99bee821 ] Request (AttachVolumeShelveTestJSON:test_attach_volume_shelved_or_offload_server): 200 GET http://10.180.1.21/compute/v2.1/servers/5be9111c-f58a-43eb-94c1-d0ac8d99159f 0.123s
2025-03-06 09:33:26.294 69161 INFO tempest.lib.common.rest_client [req-24476031-64d1-4352-a524-5c557c634bc9 req-24476031-64d1-4352-a524-5c557c634bc9 ] Request (ServerAddressesNegativeTestJSON:setUpClass): 200 GET http://10.180.1.21/compute/v2.1/servers/4a3883d1-8f6a-4e32-ba63-0552865b3158 0.121s
2025-03-06 09:33:26.335 69205 INFO tempest.lib.common.rest_client [req-1dc2a820-82c6-496d-832d-dd411a1a6e3c req-1dc2a820-82c6-496d-832d-dd411a1a6e3c ] Request (MultipleCreateTestJSON:_run_cleanups): 200 GET http://10.180.1.21/compute/v2.1/servers/998ffe8e-1aba-4e8c-96ab-367a5d54d54f 0.051s
2025-03-06 09:33:26.463 69153 INFO tempest.lib.common.rest_client [req-75b4f534-e5fb-4814-a479-90eb1b805681 req-75b4f534-e5fb-4814-a479-90eb1b805681 ] Request (ServerShowV247Test:tearDownClass): 200 GET http://10.180.1.21/compute/v2.1/servers/cdb592f0-6224-4f00-84f3-afbd2b7e24a5 0.056s
2025-03-06 09:33:26.465 69155 INFO tempest.lib.common.rest_client [req-47e5b1ce-cb46-4b46-a8c5-20eba0a049e8 req-47e5b1ce-cb46-4b46-a8c5-20eba0a049e8 ] Request (MigrationsAdminTest:test_list_migrations_in_flavor_resize_situation): 200 GET http://10.180.1.21/compute/v2.1/servers/9fe86c8a-3b99-4503-82d9-db99ae5ec2fa 0.092s
2025-03-06 09:33:26.509 69211 INFO tempest.lib.common.rest_client [req-ac0958f6-dbc4-4861-9aef-242b9f716bb8 req-ac0958f6-dbc4-4861-9aef-242b9f716bb8 ] Request (ServerPasswordTestJSON:setUpClass): 200 GET http://10.180.1.21/compute/v2.1/servers/4b2b1531-770b-4bb6-9f58-d21e903ea332 0.065s
2025-03-06 09:33:26.696 69159 INFO tempest.lib.common.rest_client [req-0b4fcac7-a96c-4e01-8a35-81f0c5d43204 req-0b4fcac7-a96c-4e01-8a35-81f0c5d43204 ] Request (ServerRescueTestJSONUnderV235:setUpClass): 200 GET http://10.180.1.21/compute/v2.1/servers/42ea1741-5132-4f0e-a4cb-4b7a598e4188 0.092s
2025-03-06 09:33:26.713 69157 INFO tempest.lib.common.rest_client [req-bb20c3d8-c51c-4f09-a129-0ab7ac6cc186 req-bb20c3d8-c51c-4f09-a129-0ab7ac6cc186 ] Request (ImagesOneServerNegativeTestJSON:_run_cleanups): 200 GET http://10.180.1.21/compute/v2.1/servers/c87dc1be-f58a-4499-82a8-0b64649bf610 0.052s
2025-03-06 09:33:26.763 69183 INFO tempest.lib.common.rest_client [req-1c1f50b2-00bd-4c72-bc0e-e249c86b960a req-1c1f50b2-00bd-4c72-bc0e-e249c86b960a ] Request (ServersTestBootFromVolume:setUpClass): 200 GET http://10.180.1.21/volume/v3/volumes/9cdd3ca8-1a20-48ac-a373-c098b440b2ba 0.027s
2025-03-06 09:33:26.787 69189 INFO tempest.lib.common.rest_client [req-f840e167-750e-4a56-80a4-527884c1c969 req-f840e167-750e-4a56-80a4-527884c1c969 ] Request (FloatingIPsAssociationTestJSON:tearDownClass): 200 GET http://10.180.1.21/compute/v2.1/servers/f7d50028-73ab-4348-a49e-ca153c854939 0.067s
2025-03-06 09:33:26.812 69177 INFO tempest.lib.common.rest_client [req-7fc6d911-873e-48b4-a6e4-820f31c02af8 req-7fc6d911-873e-48b4-a6e4-820f31c02af8 ] Request (ServersWithSpecificFlavorTestJSON:test_verify_created_server_ephemeral_disk): 200 GET http://10.180.1.21/compute/v2.1/servers/5e723aa8-38dc-4692-8d2f-ff6aa2aa573a 0.062s
2025-03-06 09:33:26.852 69213 INFO tempest.lib.common.rest_client [req-e6087db1-51cf-4751-9d5c-0cec24928dde req-e6087db1-51cf-4751-9d5c-0cec24928dde ] Request (ServerExternalEventsTest:tearDownClass): 200 GET http://10.180.1.21/compute/v2.1/servers/bf972e49-a76d-47d5-bc4f-f934412c899a 0.071s
2025-03-06 09:33:26.858 69213 INFO tempest.common.waiters [-] State transition "ACTIVE/deleting" ==> "DELETED/None" after 4 second wait
2025-03-06 09:33:26.876 69187 INFO tempest.lib.common.rest_client [req-fc35beaf-a131-4ec9-a133-bd46c44d92fb req-fc35beaf-a131-4ec9-a133-bd46c44d92fb ] Request (DeleteServersAdminTestJSON:test_delete_server_while_in_error_state): 200 GET http://10.180.1.21/compute/v2.1/servers/06b1ab57-ad18-44ea-87f6-1e189219697e 0.067s
2025-03-06 09:33:26.906 69197 INFO tempest.lib.common.rest_client [req-32800d89-11e2-4ac9-9db2-326d73d1a9e1 req-32800d89-11e2-4ac9-9db2-326d73d1a9e1 ] Request (ServersAdminNegativeTestJSON:tearDownClass): 200 GET http://10.180.1.21/compute/v2.1/servers/9c5bda7c-55f0-402d-a515-87147f39fdd9 0.061s
2025-03-06 09:33:26.932 69171 INFO tempest.lib.common.rest_client [req-75eb58f4-ddcc-483b-95b1-186bf78444b6 req-75eb58f4-ddcc-483b-95b1-186bf78444b6 ] Request (ServerDiagnosticsTest:tearDownClass): 200 GET http://10.180.1.21/compute/v2.1/servers/08f79565-00e9-4b4e-a675-d150436201ad 0.064s
2025-03-06 09:33:26.954 69169 INFO tempest.lib.common.rest_client [req-51a62f45-b9d0-4404-9820-19ac020b715f req-51a62f45-b9d0-4404-9820-19ac020b715f ] Request (ImagesTestJSON:test_create_image_from_suspended_server): 200 GET http://10.180.1.21/compute/v2.1/servers/af1eeca6-bbdc-4880-9256-5985dd2458a5 0.051s
2025-03-06 09:33:26.979 69199 INFO tempest.lib.common.rest_client [req-1898f6f6-a680-4ef5-b1ca-66aa32fba9db req-1898f6f6-a680-4ef5-b1ca-66aa32fba9db ] Request (ServersTestMultiNic:test_verify_duplicate_network_nics): 200 GET http://10.180.1.21/compute/v2.1/servers/e36c017c-0a98-4987-b4e6-76dfe617831f 0.060s
2025-03-06 09:33:27.015 69207 INFO tempest.lib.common.rest_client [req-0665ac5e-21f5-49aa-b3a6-cd3c422bf0dc req-0665ac5e-21f5-49aa-b3a6-cd3c422bf0dc ] Request (SecurityGroupsTestJSON:test_list_security_groups_by_server): 200 GET http://10.180.1.21/compute/v2.1/servers/ea190e91-e74a-497b-b28d-91c72895bb58 0.051s
2025-03-06 09:33:27.027 69203 INFO tempest.lib.common.rest_client [req-34dac4d7-8434-41c7-83ae-a6c7154ec748 req-34dac4d7-8434-41c7-83ae-a6c7154ec748 ] Request (ServersNegativeTestMultiTenantJSON:setUpClass): 200 GET http://10.180.1.21/compute/v2.1/servers/545024c9-58d2-4cec-9674-5aaee972370a 0.047s
2025-03-06 09:33:27.097 69173 WARNING tempest.lib.common.ssh [-] Failed to establish authenticated ssh connection to cirros@10.180.180.222 ([Errno None] Unable to connect to port 22 on 10.180.180.222). Number attempts: 7. Retry after 8 seconds.: paramiko.ssh_exception.NoValidConnectionsError: [Errno None] Unable to connect to port 22 on 10.180.180.222
2025-03-06 09:33:27.364 69165 INFO tempest.lib.common.rest_client [req-6023fab7-d729-4cac-bf8e-dc224a845c40 req-6023fab7-d729-4cac-bf8e-dc224a845c40 ] Request (ServerDiskConfigTestJSON:test_rebuild_server_with_auto_disk_config): 200 GET http://10.180.1.21/compute/v2.1/servers/db7fed3c-36db-439c-bdf9-90289f849eac 0.125s
2025-03-06 09:33:27.384 69175 INFO tempest.lib.common.rest_client [req-17907abd-a124-4e47-90a0-ff5f69785712 req-17907abd-a124-4e47-90a0-ff5f69785712 ] Request (ListServersNegativeTestJSON:setUpClass): 200 GET http://10.180.1.21/compute/v2.1/servers/a1afca68-3af7-4fd0-809f-ca4ad2445d4b 0.129s
2025-03-06 09:33:27.423 69179 INFO tempest.lib.common.rest_client [req-83315368-1f78-480a-87e5-193768af51dc req-83315368-1f78-480a-87e5-193768af51dc ] Request (AttachVolumeShelveTestJSON:test_attach_volume_shelved_or_offload_server): 200 GET http://10.180.1.21/compute/v2.1/servers/5be9111c-f58a-43eb-94c1-d0ac8d99159f 0.136s
2025-03-06 09:33:27.431 69179 INFO tempest.common.waiters [-] State transition "BUILD/scheduling" ==> "BUILD/None" after 39 second wait
2025-03-06 09:33:27.436 69161 INFO tempest.lib.common.rest_client [req-395b82bc-4615-4b87-8e48-b47e5b31f24b req-395b82bc-4615-4b87-8e48-b47e5b31f24b ] Request (ServerAddressesNegativeTestJSON:setUpClass): 200 GET http://10.180.1.21/compute/v2.1/servers/4a3883d1-8f6a-4e32-ba63-0552865b3158 0.135s
2025-03-06 09:33:27.491 69205 INFO tempest.lib.common.rest_client [req-dc89585d-61a0-486b-ae6d-a3a9030cd4a7 req-dc89585d-61a0-486b-ae6d-a3a9030cd4a7 ] Request (MultipleCreateTestJSON:_run_cleanups): 200 GET http://10.180.1.21/compute/v2.1/servers/998ffe8e-1aba-4e8c-96ab-367a5d54d54f 0.148s
2025-03-06 09:33:27.535 69153 INFO tempest.lib.common.rest_client [req-473d4b2a-92a7-4f6e-a58c-dea1a50a5722 req-473d4b2a-92a7-4f6e-a58c-dea1a50a5722 ] Request (ServerShowV247Test:tearDownClass): 200 GET http://10.180.1.21/compute/v2.1/servers/cdb592f0-6224-4f00-84f3-afbd2b7e24a5 0.062s
2025-03-06 09:33:27.583 69211 INFO tempest.lib.common.rest_client [req-4f22b8d1-221b-4e37-8bb7-8f8c1d101d3a req-4f22b8d1-221b-4e37-8bb7-8f8c1d101d3a ] Request (ServerPasswordTestJSON:setUpClass): 200 GET http://10.180.1.21/compute/v2.1/servers/4b2b1531-770b-4bb6-9f58-d21e903ea332 0.067s
2025-03-06 09:33:27.605 69155 INFO tempest.lib.common.rest_client [req-961f371f-c4f3-46ab-a091-3a1caf2c0fe7 req-961f371f-c4f3-46ab-a091-3a1caf2c0fe7 ] Request (MigrationsAdminTest:test_list_migrations_in_flavor_resize_situation): 200 GET http://10.180.1.21/compute/v2.1/servers/9fe86c8a-3b99-4503-82d9-db99ae5ec2fa 0.131s
2025-03-06 09:33:27.772 69157 INFO tempest.lib.common.rest_client [req-48bea38a-ca62-4257-a44b-ad072864c6d7 req-48bea38a-ca62-4257-a44b-ad072864c6d7 ] Request (ImagesOneServerNegativeTestJSON:_run_cleanups): 200 GET http://10.180.1.21/compute/v2.1/servers/c87dc1be-f58a-4499-82a8-0b64649bf610 0.051s
2025-03-06 09:33:27.796 69183 INFO tempest.lib.common.rest_client [req-c7868faf-845c-4fce-aa2b-2e5361af089c req-c7868faf-845c-4fce-aa2b-2e5361af089c ] Request (ServersTestBootFromVolume:setUpClass): 200 GET http://10.180.1.21/volume/v3/volumes/9cdd3ca8-1a20-48ac-a373-c098b440b2ba 0.025s
2025-03-06 09:33:27.798 69159 INFO tempest.lib.common.rest_client [req-8b452f99-41fe-41f1-86fb-c5db7cd968c9 req-8b452f99-41fe-41f1-86fb-c5db7cd968c9 ] Request (ServerRescueTestJSONUnderV235:setUpClass): 200 GET http://10.180.1.21/compute/v2.1/servers/42ea1741-5132-4f0e-a4cb-4b7a598e4188 0.095s
2025-03-06 09:33:27.857 69189 INFO tempest.lib.common.rest_client [req-09650b28-0f86-4e86-8d6c-262ff7236fe0 req-09650b28-0f86-4e86-8d6c-262ff7236fe0 ] Request (FloatingIPsAssociationTestJSON:tearDownClass): 200 GET http://10.180.1.21/compute/v2.1/servers/f7d50028-73ab-4348-a49e-ca153c854939 0.061s
2025-03-06 09:33:27.871 69177 INFO tempest.lib.common.rest_client [req-c809f4ce-e9eb-4173-a1c2-97dd4be141c9 req-c809f4ce-e9eb-4173-a1c2-97dd4be141c9 ] Request (ServersWithSpecificFlavorTestJSON:test_verify_created_server_ephemeral_disk): 200 GET http://10.180.1.21/compute/v2.1/servers/5e723aa8-38dc-4692-8d2f-ff6aa2aa573a 0.048s
2025-03-06 09:33:27.911 69213 INFO tempest.lib.common.rest_client [req-bafaab73-03d6-446f-939a-00a9058afc1d req-bafaab73-03d6-446f-939a-00a9058afc1d ] Request (ServerExternalEventsTest:tearDownClass): 200 GET http://10.180.1.21/compute/v2.1/servers/bf972e49-a76d-47d5-bc4f-f934412c899a 0.052s
2025-03-06 09:33:27.935 69187 INFO tempest.lib.common.rest_client [req-f7993cb5-7bb1-42ef-a458-333387bca4f2 req-f7993cb5-7bb1-42ef-a458-333387bca4f2 ] Request (DeleteServersAdminTestJSON:test_delete_server_while_in_error_state): 200 GET http://10.180.1.21/compute/v2.1/servers/06b1ab57-ad18-44ea-87f6-1e189219697e 0.052s
2025-03-06 09:33:27.967 69197 INFO tempest.lib.common.rest_client [req-90c50053-bd9d-4cb5-b35e-be3b9173ac0d req-90c50053-bd9d-4cb5-b35e-be3b9173ac0d ] Request (ServersAdminNegativeTestJSON:tearDownClass): 200 GET http://10.180.1.21/compute/v2.1/servers/9c5bda7c-55f0-402d-a515-87147f39fdd9 0.052s
2025-03-06 09:33:27.994 69171 INFO tempest.lib.common.rest_client [req-bda5392f-be33-4f5d-bd8c-fd504228e998 req-bda5392f-be33-4f5d-bd8c-fd504228e998 ] Request (ServerDiagnosticsTest:tearDownClass): 200 GET http://10.180.1.21/compute/v2.1/servers/08f79565-00e9-4b4e-a675-d150436201ad 0.055s
2025-03-06 09:33:28.014 69169 INFO tempest.lib.common.rest_client [req-0a22a7aa-962b-4437-a16b-135437d825d9 req-0a22a7aa-962b-4437-a16b-135437d825d9 ] Request (ImagesTestJSON:test_create_image_from_suspended_server): 200 GET http://10.180.1.21/compute/v2.1/servers/af1eeca6-bbdc-4880-9256-5985dd2458a5 0.053s
2025-03-06 09:33:28.042 69199 INFO tempest.lib.common.rest_client [req-b054111c-d170-42b8-a98f-e5435852ac12 req-b054111c-d170-42b8-a98f-e5435852ac12 ] Request (ServersTestMultiNic:test_verify_duplicate_network_nics): 200 GET http://10.180.1.21/compute/v2.1/servers/e36c017c-0a98-4987-b4e6-76dfe617831f 0.055s
2025-03-06 09:33:28.075 69207 INFO tempest.lib.common.rest_client [req-b9c674dc-aea8-42e7-a712-26936e4bdf4f req-b9c674dc-aea8-42e7-a712-26936e4bdf4f ] Request (SecurityGroupsTestJSON:test_list_security_groups_by_server): 200 GET http://10.180.1.21/compute/v2.1/servers/ea190e91-e74a-497b-b28d-91c72895bb58 0.052s
2025-03-06 09:33:28.090 69203 INFO tempest.lib.common.rest_client [req-1c92bc1a-d38f-4446-9adb-6738a48f8f3b req-1c92bc1a-d38f-4446-9adb-6738a48f8f3b ] Request (ServersNegativeTestMultiTenantJSON:setUpClass): 200 GET http://10.180.1.21/compute/v2.1/servers/545024c9-58d2-4cec-9674-5aaee972370a 0.055s
2025-03-06 09:33:28.441 69167 WARNING tempest.lib.common.ssh [-] Failed to establish authenticated ssh connection to cirros@10.180.180.185 ([Errno None] Unable to connect to port 22 on 10.180.180.185). Number attempts: 6. Retry after 7 seconds.: paramiko.ssh_exception.NoValidConnectionsError: [Errno None] Unable to connect to port 22 on 10.180.180.185
2025-03-06 09:33:28.456 69165 INFO tempest.lib.common.rest_client [req-650537c6-185e-48ae-94fe-48de170fb8dc req-650537c6-185e-48ae-94fe-48de170fb8dc ] Request (ServerDiskConfigTestJSON:test_rebuild_server_with_auto_disk_config): 200 GET http://10.180.1.21/compute/v2.1/servers/db7fed3c-36db-439c-bdf9-90289f849eac 0.083s
2025-03-06 09:33:28.473 69175 INFO tempest.lib.common.rest_client [req-e29f742e-ee85-4f26-82d4-ee9c5f523ce3 req-e29f742e-ee85-4f26-82d4-ee9c5f523ce3 ] Request (ListServersNegativeTestJSON:setUpClass): 200 GET http://10.180.1.21/compute/v2.1/servers/a1afca68-3af7-4fd0-809f-ca4ad2445d4b 0.081s
2025-03-06 09:33:28.501 69179 INFO tempest.lib.common.rest_client [req-b01b9787-0097-4309-b681-ba23ad6c99d0 req-b01b9787-0097-4309-b681-ba23ad6c99d0 ] Request (AttachVolumeShelveTestJSON:test_attach_volume_shelved_or_offload_server): 200 GET http://10.180.1.21/compute/v2.1/servers/5be9111c-f58a-43eb-94c1-d0ac8d99159f 0.069s
2025-03-06 09:33:28.516 69161 INFO tempest.lib.common.rest_client [req-bce96ad3-05ee-4cea-b8bc-4768e4025feb req-bce96ad3-05ee-4cea-b8bc-4768e4025feb ] Request (ServerAddressesNegativeTestJSON:setUpClass): 200 GET http://10.180.1.21/compute/v2.1/servers/4a3883d1-8f6a-4e32-ba63-0552865b3158 0.072s
2025-03-06 09:33:28.553 69205 INFO tempest.lib.common.rest_client [req-8f61d5d6-9f0a-47ea-a6f9-4480153cebb3 req-8f61d5d6-9f0a-47ea-a6f9-4480153cebb3 ] Request (MultipleCreateTestJSON:_run_cleanups): 200 GET http://10.180.1.21/compute/v2.1/servers/998ffe8e-1aba-4e8c-96ab-367a5d54d54f 0.053s
2025-03-06 09:33:28.605 69153 INFO tempest.lib.common.rest_client [req-021f47ef-d161-47a8-8d88-427ec9b2eebb req-021f47ef-d161-47a8-8d88-427ec9b2eebb ] Request (ServerShowV247Test:tearDownClass): 200 GET http://10.180.1.21/compute/v2.1/servers/cdb592f0-6224-4f00-84f3-afbd2b7e24a5 0.056s
2025-03-06 09:33:28.640 69211 INFO tempest.lib.common.rest_client [req-b6217309-911b-41c2-9e93-60a98d3cdf4b req-b6217309-911b-41c2-9e93-60a98d3cdf4b ] Request (ServerPasswordTestJSON:setUpClass): 200 GET http://10.180.1.21/compute/v2.1/servers/4b2b1531-770b-4bb6-9f58-d21e903ea332 0.048s
2025-03-06 09:33:28.717 69155 INFO tempest.lib.common.rest_client [req-ff912932-4706-4592-9e0f-3c55d407efea req-ff912932-4706-4592-9e0f-3c55d407efea ] Request (MigrationsAdminTest:test_list_migrations_in_flavor_resize_situation): 200 GET http://10.180.1.21/compute/v2.1/servers/9fe86c8a-3b99-4503-82d9-db99ae5ec2fa 0.104s
2025-03-06 09:33:28.834 69183 INFO tempest.lib.common.rest_client [req-6f20e973-2939-44a6-a0f6-5037b78146dc req-6f20e973-2939-44a6-a0f6-5037b78146dc ] Request (ServersTestBootFromVolume:setUpClass): 200 GET http://10.180.1.21/volume/v3/volumes/9cdd3ca8-1a20-48ac-a373-c098b440b2ba 0.031s
2025-03-06 09:33:28.835 69157 INFO tempest.lib.common.rest_client [req-819435b2-e7ca-4649-b594-c2304674d5b3 req-819435b2-e7ca-4649-b594-c2304674d5b3 ] Request (ImagesOneServerNegativeTestJSON:_run_cleanups): 200 GET http://10.180.1.21/compute/v2.1/servers/c87dc1be-f58a-4499-82a8-0b64649bf610 0.056s
2025-03-06 09:33:28.926 69189 INFO tempest.lib.common.rest_client [req-91f5e66e-861e-4423-a9ce-eb1861be2a98 req-91f5e66e-861e-4423-a9ce-eb1861be2a98 ] Request (FloatingIPsAssociationTestJSON:tearDownClass): 200 GET http://10.180.1.21/compute/v2.1/servers/f7d50028-73ab-4348-a49e-ca153c854939 0.061s
2025-03-06 09:33:28.936 69159 INFO tempest.lib.common.rest_client [req-57fdd54c-1685-44ce-a8be-25daca2c2676 req-57fdd54c-1685-44ce-a8be-25daca2c2676 ] Request (ServerRescueTestJSONUnderV235:setUpClass): 200 GET http://10.180.1.21/compute/v2.1/servers/42ea1741-5132-4f0e-a4cb-4b7a598e4188 0.130s
2025-03-06 09:33:28.973 69177 INFO tempest.lib.common.rest_client [req-b07d0d60-85a7-4505-938b-7d191f098214 req-b07d0d60-85a7-4505-938b-7d191f098214 ] Request (ServersWithSpecificFlavorTestJSON:test_verify_created_server_ephemeral_disk): 200 GET http://10.180.1.21/compute/v2.1/servers/5e723aa8-38dc-4692-8d2f-ff6aa2aa573a 0.094s
2025-03-06 09:33:28.989 69213 INFO tempest.lib.common.rest_client [req-7bccc76b-4c1d-4343-9064-373a3feba529 req-7bccc76b-4c1d-4343-9064-373a3feba529 ] Request (ServerExternalEventsTest:tearDownClass): 200 GET http://10.180.1.21/compute/v2.1/servers/bf972e49-a76d-47d5-bc4f-f934412c899a 0.070s
2025-03-06 09:33:29.029 69187 INFO tempest.lib.common.rest_client [req-f7ed4152-a09e-40c2-8d97-393e9a285ae9 req-f7ed4152-a09e-40c2-8d97-393e9a285ae9 ] Request (DeleteServersAdminTestJSON:test_delete_server_while_in_error_state): 200 GET http://10.180.1.21/compute/v2.1/servers/06b1ab57-ad18-44ea-87f6-1e189219697e 0.086s
2025-03-06 09:33:29.056 69197 INFO tempest.lib.common.rest_client [req-0bf5f0a2-f00a-4076-a00d-fdf9929b2437 req-0bf5f0a2-f00a-4076-a00d-fdf9929b2437 ] Request (ServersAdminNegativeTestJSON:tearDownClass): 200 GET http://10.180.1.21/compute/v2.1/servers/9c5bda7c-55f0-402d-a515-87147f39fdd9 0.081s
2025-03-06 09:33:29.108 69169 INFO tempest.lib.common.rest_client [req-98f47310-2872-425c-80ca-666f7da43a6b req-98f47310-2872-425c-80ca-666f7da43a6b ] Request (ImagesTestJSON:test_create_image_from_suspended_server): 200 GET http://10.180.1.21/compute/v2.1/servers/af1eeca6-bbdc-4880-9256-5985dd2458a5 0.085s
2025-03-06 09:33:29.115 69171 INFO tempest.lib.common.rest_client [req-6cc88f50-a5be-4c0e-b0c2-6875e86e4e4c req-6cc88f50-a5be-4c0e-b0c2-6875e86e4e4c ] Request (ServerDiagnosticsTest:tearDownClass): 200 GET http://10.180.1.21/compute/v2.1/servers/08f79565-00e9-4b4e-a675-d150436201ad 0.113s
2025-03-06 09:33:29.169 69199 INFO tempest.lib.common.rest_client [req-7ddc8c3c-9eca-4f3b-9e7a-0e47863b068d req-7ddc8c3c-9eca-4f3b-9e7a-0e47863b068d ] Request (ServersTestMultiNic:test_verify_duplicate_network_nics): 200 GET http://10.180.1.21/compute/v2.1/servers/e36c017c-0a98-4987-b4e6-76dfe617831f 0.117s
2025-03-06 09:33:29.175 69207 INFO tempest.lib.common.rest_client [req-171b43b2-0e38-4009-9027-96c4a201b530 req-171b43b2-0e38-4009-9027-96c4a201b530 ] Request (SecurityGroupsTestJSON:test_list_security_groups_by_server): 200 GET http://10.180.1.21/compute/v2.1/servers/ea190e91-e74a-497b-b28d-91c72895bb58 0.092s
