2025-03-06 09:31:39.243 69173 INFO tempest.lib.common.rest_client [req-92a9fc42-8e2c-48f8-a9fe-c99461f7d8db req-92a9fc42-8e2c-48f8-a9fe-c99461f7d8db ] Request (ServersTestFqdnHostnames:test_create_server_with_fqdn_name): 200 GET http://10.180.1.21/compute/v2.1/servers/1e1899d0-34ea-4ff3-a123-7790cf4989f5 0.922s
2025-03-06 09:31:39.341 69205 INFO tempest.lib.common.rest_client [req-7d04f5c6-67ea-4e13-9efe-33fadf14d15e req-7d04f5c6-67ea-4e13-9efe-33fadf14d15e ] Request (MultipleCreateTestJSON:test_multiple_create): 202 POST http://10.180.1.21/compute/v2.1/servers 1.612s
2025-03-06 09:31:39.388 69201 WARNING tempest.lib.common.ssh [-] Failed to establish authenticated ssh connection to cirros@10.180.180.221 ([Errno None] Unable to connect to port 22 on 10.180.180.221). Number attempts: 2. Retry after 3 seconds.: paramiko.ssh_exception.NoValidConnectionsError: [Errno None] Unable to connect to port 22 on 10.180.180.221
2025-03-06 09:31:39.406 69175 INFO tempest.lib.common.rest_client [req-9f5a3684-2650-45a5-ae40-464673685ec4 req-9f5a3684-2650-45a5-ae40-464673685ec4 ] Request (ServerDiagnosticsNegativeTest:tearDownClass): 200 GET http://10.180.1.21/compute/v2.1/servers/47027cae-3d2d-424e-8f73-38cd839ed5ae 0.661s
2025-03-06 09:31:39.452 69211 INFO tempest.lib.common.rest_client [req-541500ac-d6c2-4d7d-832b-d0a02d2f1253 req-541500ac-d6c2-4d7d-832b-d0a02d2f1253 ] Request (InstanceActionsNegativeTestJSON:setUpClass): 200 GET http://10.180.1.21/compute/v2.1/servers/fb8d223d-d2ec-48c1-8d20-7617be76dabe 0.464s
2025-03-06 09:31:39.544 69183 INFO tempest.lib.common.rest_client [req-b8c2ace8-c95b-4a82-b5f7-62add59c5053 req-b8c2ace8-c95b-4a82-b5f7-62add59c5053 ] Request (ImagesOneServerTestJSON:setUpClass): 200 GET http://10.180.1.21/compute/v2.1/servers/176ad5bc-882c-4539-b69e-03c06616f933 0.506s
2025-03-06 09:31:39.601 69165 INFO tempest.lib.common.rest_client [req-f708c6dd-ff89-4dab-a5cb-7e5feec65421 req-f708c6dd-ff89-4dab-a5cb-7e5feec65421 ] Request (FloatingIPDetailsTestJSON:_run_cleanups): 202 DELETE http://10.180.1.21/compute/v2.1/os-floating-ips/16924cdf-e4d1-4d6a-8eaa-79147e1fc22a 0.903s
2025-03-06 09:31:39.602 69185 INFO tempest.lib.common.rest_client [req-5a584edb-4e7f-41b6-a8f7-70dcd31a0b3f req-5a584edb-4e7f-41b6-a8f7-70dcd31a0b3f ] Request (ServerActionsTestOtherB:setUpClass): 200 GET http://10.180.1.21/compute/v2.1/servers/0acce7bd-b0b0-430e-b913-8d3a73b9e783 0.550s
2025-03-06 09:31:39.609 69199 INFO tempest.lib.common.rest_client [req-6513a99a-b6c8-45a6-844a-750842a74b64 req-6513a99a-b6c8-45a6-844a-750842a74b64 ] Request (FloatingIPsAssociationNegativeTestJSON:test_associate_ip_to_server_without_passing_floating_ip): 400 POST http://10.180.1.21/compute/v2.1/servers/48440713-7649-4947-8bf0-89bcfaec2a28/action 0.520s
2025-03-06 09:31:39.624 69213 INFO tempest.lib.common.rest_client [req-6c30a61d-f2cf-4075-89b2-71b5366d4384 req-6c30a61d-f2cf-4075-89b2-71b5366d4384 ] Request (FlavorsAdminTestJSON:test_is_public_string_variations): 200 GET http://10.180.1.21/compute/v2.1/flavors/detail?is_public=0 0.526s
2025-03-06 09:31:39.678 69191 INFO tempest.lib.common.rest_client [req-3ffd270b-1b33-4ac9-980c-c44409c2570d req-3ffd270b-1b33-4ac9-980c-c44409c2570d ] Request (FlavorsV2NegativeTest:test_boot_with_low_ram): 200 GET http://10.180.1.21/compute/v2.1/flavors/42 0.600s
2025-03-06 09:31:39.726 69171 INFO tempest.lib.common.rest_client [req-8deb0857-cccd-42b2-a0da-705fe53127df req-8deb0857-cccd-42b2-a0da-705fe53127df ] Request (AggregatesAdminNegativeTestJSON:_run_cleanups): 200 POST http://10.180.1.21/compute/v2.1/os-aggregates/7/action 0.626s
2025-03-06 09:31:39.731 69193 INFO tempest.lib.common.rest_client [req-89cf6770-016d-4f73-b583-b04791eb8f7b req-89cf6770-016d-4f73-b583-b04791eb8f7b ] Request (ServersTestJSON:setUpClass): 200 GET http://10.180.1.21/compute/v2.1/servers/40404246-f067-4f63-b751-1509d0844840 0.629s
2025-03-06 09:31:39.840 69195 INFO tempest.lib.common.rest_client [req-d81f785e-542c-43f7-a115-b6fa8a2f5e56 req-d81f785e-542c-43f7-a115-b6fa8a2f5e56 ] Request (SecurityGroupRulesTestJSON:test_security_group_rules_list): 200 POST http://10.180.1.21/compute/v2.1/os-security-groups 0.709s
2025-03-06 09:31:39.909 69157 INFO tempest.lib.common.rest_client [req-316e0f13-47ac-44b2-b108-5b2d178edbf8 req-316e0f13-47ac-44b2-b108-5b2d178edbf8 ] Request (ImagesOneServerNegativeTestJSON:tearDown): 200 GET http://10.180.1.21/compute/v2.1/servers/b25fe864-0d1a-4818-810e-6e1cc8cbfe9c 0.776s
2025-03-06 09:31:39.912 69153 INFO tempest.lib.common.rest_client [req-6489c606-1b82-4ef7-bc6c-263bb02daec2 req-6489c606-1b82-4ef7-bc6c-263bb02daec2 ] Request (ServerShowV247Test:test_update_rebuild_list_server): 200 GET http://10.180.1.21/compute/v2.1/servers/cdb592f0-6224-4f00-84f3-afbd2b7e24a5 0.711s
2025-03-06 09:31:39.965 69177 INFO tempest.lib.common.rest_client [req-a4110cb6-5629-4787-8458-34c5381a5757 req-a4110cb6-5629-4787-8458-34c5381a5757 ] Request (ServersWithSpecificFlavorTestJSON:test_verify_created_server_ephemeral_disk): 200 GET http://10.180.1.21/compute/v2.1/servers/e41bc40e-f2c2-4fe5-9a77-68c71cbe8e8a 0.703s
2025-03-06 09:31:39.978 69177 INFO tempest.common.waiters [-] State transition "BUILD/None" ==> "BUILD/networking" after 28 second wait
2025-03-06 09:31:40.027 69207 INFO tempest.lib.common.rest_client [req-cd0c4783-3f38-43ab-8799-c32c1385f923 req-cd0c4783-3f38-43ab-8799-c32c1385f923 ] Request (TenantUsagesTestJSON:setUpClass): 200 GET http://10.180.1.21/compute/v2.1/servers/94e9ac10-b6a0-4fc0-b64e-763f3793b7e8 0.704s
2025-03-06 09:31:40.044 69191 INFO tempest.lib.common.rest_client [req-b02d4f28-d81e-481c-a791-226617c2551f req-b02d4f28-d81e-481c-a791-226617c2551f ] Request (FlavorsV2NegativeTest:test_boot_with_low_ram): 201 POST http://10.180.1.21/image/v2/images 0.359s
2025-03-06 09:31:40.066 69169 INFO tempest.lib.common.rest_client [req-6ec7701c-a6f8-4bbf-926e-3e87be968c2e req-6ec7701c-a6f8-4bbf-926e-3e87be968c2e ] Request (ImagesTestJSON:test_create_image_from_stopped_server): 200 GET http://10.180.1.21/compute/v2.1/servers/5a20a423-c3ac-476e-aecb-7e42a7c24610 0.816s
2025-03-06 09:31:40.105 69203 INFO tempest.lib.common.rest_client [req-5bf878b1-d302-4cf5-ac94-e58e1dd66e46 req-5bf878b1-d302-4cf5-ac94-e58e1dd66e46 ] Request (ServersListShow298Test:test_list_show_update_rebuild_server_298): 200 GET http://10.180.1.21/compute/v2.1/servers/bcce1167-e77a-40a1-afcf-3a6d77789789 0.777s
2025-03-06 09:31:40.179 69205 INFO tempest.lib.common.rest_client [req-5f84c051-6438-4e13-ae11-04342c889ca8 req-5f84c051-6438-4e13-ae11-04342c889ca8 ] Request (MultipleCreateTestJSON:test_multiple_create): 200 GET http://10.180.1.21/compute/v2.1/servers 0.837s
2025-03-06 09:31:40.183 69161 INFO tempest.lib.common.rest_client [req-4b5715e7-d5a6-4bb6-ba02-81ac2c37ffdc req-4b5715e7-d5a6-4bb6-ba02-81ac2c37ffdc ] Request (ImagesNegativeTestJSON:test_create_image_from_deleted_server): 200 GET http://10.180.1.21/compute/v2.1/servers/f116cf00-074f-41f8-9c1f-bae0cd7932ff 0.808s
2025-03-06 09:31:40.232 69167 INFO tempest.lib.common.rest_client [req-8d1ae753-169f-4a5f-b848-e010d017b7ae req-8d1ae753-169f-4a5f-b848-e010d017b7ae ] Request (VolumesAdminNegativeTest:test_update_attached_volume_with_nonexistent_volume_in_body): 200 GET http://10.180.1.21/compute/v2.1/servers/56bc1ae3-fb52-412c-a86d-3bfd7a17b81b 0.829s
2025-03-06 09:31:40.261 69181 INFO tempest.lib.common.rest_client [req-a5c6db63-7260-42ff-8eb8-bdc6e562c268 req-a5c6db63-7260-42ff-8eb8-bdc6e562c268 ] Request (AttachVolumeNegativeTest:test_attach_attached_volume_to_different_server): 200 GET http://10.180.1.21/compute/v2.1/servers/9eb1eeb3-aad7-4187-93f1-8ed435ce8e08 0.816s
2025-03-06 09:31:40.287 69155 INFO tempest.lib.common.rest_client [req-d6375848-0180-4098-a33c-9e44600f5052 req-d6375848-0180-4098-a33c-9e44600f5052 ] Request (MigrationsAdminTest:test_list_migrations_in_flavor_resize_situation): 200 GET http://10.180.1.21/compute/v2.1/servers/9fe86c8a-3b99-4503-82d9-db99ae5ec2fa 0.809s
2025-03-06 09:31:40.319 69209 INFO tempest.lib.common.rest_client [req-358a0497-d57e-42e0-af79-6876635a6f98 req-358a0497-d57e-42e0-af79-6876635a6f98 ] Request (AttachInterfacesTestJSON:test_create_list_show_delete_interfaces_by_fixed_ip): 200 GET http://10.180.1.21/compute/v2.1/servers/9cc8488b-6eba-4f35-84a1-ef972b043b95 0.813s
2025-03-06 09:31:40.339 69189 INFO tempest.lib.common.rest_client [req-95f2e952-e554-44e8-8ca1-d812a8eded70 req-95f2e952-e554-44e8-8ca1-d812a8eded70 ] Request (FloatingIPsAssociationTestJSON:test_associate_already_associated_floating_ip): 200 GET http://10.180.1.21/compute/v2.1/servers/2494681b-ef4f-405a-8898-affcc4f7f136 0.782s
2025-03-06 09:31:40.453 69165 INFO tempest.lib.common.rest_client [req-0f33605b-ab6d-4dcb-949d-36105a4b51df req-0f33605b-ab6d-4dcb-949d-36105a4b51df ] Request (FloatingIPDetailsTestJSON:test_list_floating_ips): 200 GET http://10.180.1.21/compute/v2.1/os-floating-ips 0.850s
2025-03-06 09:31:40.494 69199 INFO tempest.lib.common.rest_client [req-3fd73f88-ad7c-4e16-bd1d-46a501cc26e4 req-3fd73f88-ad7c-4e16-bd1d-46a501cc26e4 ] Request (FloatingIPsAssociationNegativeTestJSON:test_associate_nonexistent_floating_ip): 404 POST http://10.180.1.21/compute/v2.1/servers/48440713-7649-4947-8bf0-89bcfaec2a28/action 0.883s
2025-03-06 09:31:40.528 69187 INFO tempest.lib.common.rest_client [req-bcbfc682-02f3-4c97-bf00-aa4c8036af2d req-bcbfc682-02f3-4c97-bf00-aa4c8036af2d ] Request (DeleteServersAdminTestJSON:test_admin_delete_servers_of_others): 200 GET http://10.180.1.21/compute/v2.1/servers/3d615018-ab02-4f07-bc90-d13b44c09a5b 0.901s
2025-03-06 09:31:40.530 69213 INFO tempest.lib.common.rest_client [req-4dd010fc-3c37-4044-b8eb-471baf653b05 req-4dd010fc-3c37-4044-b8eb-471baf653b05 ] Request (FlavorsAdminTestJSON:test_is_public_string_variations): 200 GET http://10.180.1.21/compute/v2.1/flavors/detail?is_public=t 0.903s
2025-03-06 09:31:40.552 69171 INFO tempest.lib.common.rest_client [req-dd234865-a236-4c73-a5c3-1d55264b8ac7 req-dd234865-a236-4c73-a5c3-1d55264b8ac7 ] Request (AggregatesAdminNegativeTestJSON:_run_cleanups): 200 DELETE http://10.180.1.21/compute/v2.1/os-aggregates/7 0.823s
2025-03-06 09:31:40.633 69159 INFO tempest.lib.common.rest_client [req-ae5d9fb1-4c0f-4286-8c1b-ba83009d9762 req-ae5d9fb1-4c0f-4286-8c1b-ba83009d9762 ] Request (InstanceActionsV221TestJSON:test_get_list_deleted_instance_actions): 200 GET http://10.180.1.21/compute/v2.1/servers/0603a8a3-d704-4ec2-9808-3fda6be1df72 0.843s
2025-03-06 09:31:40.720 69197 INFO tempest.lib.common.rest_client [req-c2893318-6655-4090-b735-b1abe2392d7c req-c2893318-6655-4090-b735-b1abe2392d7c ] Request (ServersAdminNegativeTestJSON:setUpClass): 200 GET http://10.180.1.21/compute/v2.1/servers/1c541afe-a78b-4cd1-8d70-63221956a835 1.020s
2025-03-06 09:31:40.728 69191 INFO tempest.lib.common.rest_client [req-8b70e7cd-1d2f-4327-9b3f-23b734765118 req-8b70e7cd-1d2f-4327-9b3f-23b734765118 ] Request (FlavorsV2NegativeTest:test_boot_with_low_ram): 204 PUT http://10.180.1.21/image/v2/images/a5c03c28-9217-45a3-956a-814a83575326/file 0.684s
2025-03-06 09:31:40.741 69195 INFO tempest.lib.common.rest_client [req-22686b09-71ab-4e9d-bf30-1078571dd5ce req-22686b09-71ab-4e9d-bf30-1078571dd5ce ] Request (SecurityGroupRulesTestJSON:test_security_group_rules_list): 200 POST http://10.180.1.21/compute/v2.1/os-security-group-rules 0.896s
2025-03-06 09:31:40.772 69191 INFO tempest.lib.common.rest_client [req-d0ae6301-3bc1-4ebe-b9fc-7ca9ad11a65a req-d0ae6301-3bc1-4ebe-b9fc-7ca9ad11a65a ] Request (FlavorsV2NegativeTest:test_boot_with_low_ram): 201 POST http://10.180.1.21/identity/v3/auth/tokens 0.041s
2025-03-06 09:31:40.772 69191 INFO tempest.lib.common.fixed_network [-] (FlavorsV2NegativeTest:test_boot_with_low_ram) Found network None available for tenant
2025-03-06 09:31:40.818 69205 INFO tempest.lib.common.rest_client [req-fa95f248-2a8f-41c7-b230-78c832270e2b req-fa95f248-2a8f-41c7-b230-78c832270e2b ] Request (MultipleCreateTestJSON:test_multiple_create): 200 GET http://10.180.1.21/compute/v2.1/servers/5593b9ed-c7cb-498c-b4c3-4a2da54c2036 0.636s
2025-03-06 09:31:40.864 69173 INFO tempest.lib.common.rest_client [req-5fd6de29-94b7-4a29-b84b-ba898a5ecc53 req-5fd6de29-94b7-4a29-b84b-ba898a5ecc53 ] Request (ServersTestFqdnHostnames:test_create_server_with_fqdn_name): 200 GET http://10.180.1.21/compute/v2.1/servers/1e1899d0-34ea-4ff3-a123-7790cf4989f5 0.613s
2025-03-06 09:31:40.894 69157 INFO tempest.lib.common.rest_client [req-e246ddb0-8e40-495b-a164-738ad1ba2f1d req-e246ddb0-8e40-495b-a164-738ad1ba2f1d ] Request (ImagesOneServerNegativeTestJSON:setUp): 200 GET http://10.180.1.21/compute/v2.1/servers/b25fe864-0d1a-4818-810e-6e1cc8cbfe9c 0.977s
2025-03-06 09:31:40.927 69175 INFO tempest.lib.common.rest_client [req-5024a5d5-1c41-420e-acde-90c076249f48 req-5024a5d5-1c41-420e-acde-90c076249f48 ] Request (ServerDiagnosticsNegativeTest:tearDownClass): 200 GET http://10.180.1.21/compute/v2.1/servers/47027cae-3d2d-424e-8f73-38cd839ed5ae 0.512s
2025-03-06 09:31:40.947 69211 INFO tempest.lib.common.rest_client [req-e2f2fed8-e0de-4576-a39e-363d78eb9097 req-e2f2fed8-e0de-4576-a39e-363d78eb9097 ] Request (InstanceActionsNegativeTestJSON:setUpClass): 200 GET http://10.180.1.21/compute/v2.1/servers/fb8d223d-d2ec-48c1-8d20-7617be76dabe 0.487s
2025-03-06 09:31:40.975 69199 INFO tempest.lib.common.rest_client [req-54b2806e-7d26-4cb7-88d4-7acec76243fd req-54b2806e-7d26-4cb7-88d4-7acec76243fd ] Request (FloatingIPsAssociationNegativeTestJSON:test_dissociate_nonexistent_floating_ip): 404 POST http://10.180.1.21/compute/v2.1/servers/48440713-7649-4947-8bf0-89bcfaec2a28/action 0.480s
2025-03-06 09:31:41.000 69213 INFO tempest.lib.common.rest_client [req-9fc2341f-6f0e-4cf1-92b7-7727b01c364f req-9fc2341f-6f0e-4cf1-92b7-7727b01c364f ] Request (FlavorsAdminTestJSON:test_is_public_string_variations): 200 GET http://10.180.1.21/compute/v2.1/flavors/detail?is_public=true 0.464s
2025-03-06 09:31:41.023 69171 INFO tempest.lib.common.rest_client [req-e218c825-35ed-4082-9805-634e5f1e5d4f req-e218c825-35ed-4082-9805-634e5f1e5d4f ] Request (AggregatesAdminNegativeTestJSON:test_aggregate_remove_nonexistent_host): 200 POST http://10.180.1.21/compute/v2.1/os-aggregates 0.470s
2025-03-06 09:31:41.132 69183 INFO tempest.lib.common.rest_client [req-91900ec6-0394-490f-88fb-125cdd2a9a2f req-91900ec6-0394-490f-88fb-125cdd2a9a2f ] Request (ImagesOneServerTestJSON:setUpClass): 200 GET http://10.180.1.21/compute/v2.1/servers/176ad5bc-882c-4539-b69e-03c06616f933 0.577s
2025-03-06 09:31:41.192 69185 INFO tempest.lib.common.rest_client [req-e10662a1-930c-4076-bfa9-f10579876c1a req-e10662a1-930c-4076-bfa9-f10579876c1a ] Request (ServerActionsTestOtherB:setUpClass): 200 GET http://10.180.1.21/compute/v2.1/servers/0acce7bd-b0b0-430e-b913-8d3a73b9e783 0.579s
2025-03-06 09:31:41.243 69193 INFO tempest.lib.common.rest_client [req-0f916cda-2208-4635-8c53-7aee8e7db1b4 req-0f916cda-2208-4635-8c53-7aee8e7db1b4 ] Request (ServersTestJSON:setUpClass): 200 GET http://10.180.1.21/compute/v2.1/servers/40404246-f067-4f63-b751-1509d0844840 0.500s
2025-03-06 09:31:41.378 69195 INFO tempest.lib.common.rest_client [req-2dbbbc9e-f9ec-4ead-88db-767b5269b5d6 req-2dbbbc9e-f9ec-4ead-88db-767b5269b5d6 ] Request (SecurityGroupRulesTestJSON:test_security_group_rules_list): 200 POST http://10.180.1.21/compute/v2.1/os-security-group-rules 0.634s
2025-03-06 09:31:41.437 69165 INFO tempest.lib.common.rest_client [req-924cee89-2b16-479b-9a70-e658f7a7ee8a req-924cee89-2b16-479b-9a70-e658f7a7ee8a ] Request (FloatingIPDetailsTestJSON:tearDownClass): 202 DELETE http://10.180.1.21/compute/v2.1/os-floating-ips/959dbf64-3bea-4694-af0e-d67876577eeb 0.975s
2025-03-06 09:31:41.521 69191 INFO tempest.lib.common.rest_client [req-1cff5d97-3830-4eb6-9c85-29196e70b8bb req-1cff5d97-3830-4eb6-9c85-29196e70b8bb ] Request (FlavorsV2NegativeTest:test_boot_with_low_ram): 400 POST http://10.180.1.21/compute/v2.1/servers 0.748s
2025-03-06 09:31:41.578 69153 INFO tempest.lib.common.rest_client [req-51c7f7d8-d02a-4164-8f36-1c481c2e911c req-51c7f7d8-d02a-4164-8f36-1c481c2e911c ] Request (ServerShowV247Test:test_update_rebuild_list_server): 200 GET http://10.180.1.21/compute/v2.1/servers/cdb592f0-6224-4f00-84f3-afbd2b7e24a5 0.656s
2025-03-06 09:31:41.586 69191 INFO tempest.lib.common.rest_client [req-093f4820-784b-41d1-a3a6-41fb049cf5ec req-093f4820-784b-41d1-a3a6-41fb049cf5ec ] Request (FlavorsV2NegativeTest:_run_cleanups): 204 DELETE http://10.180.1.21/image/v2/images/a5c03c28-9217-45a3-956a-814a83575326 0.064s
2025-03-06 09:31:41.671 69199 INFO tempest.lib.common.rest_client [req-d16f8070-120a-4be3-a8d8-bf4ef48b28f2 req-d16f8070-120a-4be3-a8d8-bf4ef48b28f2 ] Request (FloatingIPsAssociationNegativeTestJSON:tearDownClass): 204 DELETE http://10.180.1.21/compute/v2.1/servers/48440713-7649-4947-8bf0-89bcfaec2a28 0.694s
2025-03-06 09:31:41.694 69191 INFO tempest.lib.common.rest_client [req-02606322-09f7-42ec-a365-acf40a46fe71 req-02606322-09f7-42ec-a365-acf40a46fe71 ] Request (FlavorsV2NegativeTest:tearDownClass): 204 DELETE http://10.180.1.21/identity/v3/users/e3ed0e7455404948b7538a8843c44c7a 0.106s
2025-03-06 09:31:41.695 69191 INFO tempest.lib.common.dynamic_creds [-] Deleting project and security group for project: 52484065af7648eb9c4fc9a5dedb87e9
2025-03-06 09:31:41.753 69191 INFO tempest.lib.common.rest_client [req-084e0e78-da45-41f5-8181-cffe31e0ad4b req-084e0e78-da45-41f5-8181-cffe31e0ad4b ] Request (FlavorsV2NegativeTest:tearDownClass): 201 POST http://10.180.1.21/identity/v3/auth/tokens 0.058s
2025-03-06 09:31:41.778 69177 INFO tempest.lib.common.rest_client [req-10a1924b-2920-44af-b5ae-8e0e12ade285 req-10a1924b-2920-44af-b5ae-8e0e12ade285 ] Request (ServersWithSpecificFlavorTestJSON:test_verify_created_server_ephemeral_disk): 200 GET http://10.180.1.21/compute/v2.1/servers/e41bc40e-f2c2-4fe5-9a77-68c71cbe8e8a 0.799s
2025-03-06 09:31:41.785 69177 INFO tempest.common.waiters [-] State transition "BUILD/networking" ==> "BUILD/spawning" after 30 second wait
2025-03-06 09:31:41.803 69213 INFO tempest.lib.common.rest_client [req-fcb914ca-2c77-497c-8afc-c7e25611cc76 req-fcb914ca-2c77-497c-8afc-c7e25611cc76 ] Request (FlavorsAdminTestJSON:test_is_public_string_variations): 200 GET http://10.180.1.21/compute/v2.1/flavors/detail?is_public=yes 0.797s
2025-03-06 09:31:41.831 69171 INFO tempest.lib.common.rest_client [req-1820f9d1-6fde-4fec-8628-726bacfa4262 req-1820f9d1-6fde-4fec-8628-726bacfa4262 ] Request (AggregatesAdminNegativeTestJSON:test_aggregate_remove_nonexistent_host): 404 POST http://10.180.1.21/compute/v2.1/os-aggregates/8/action 0.801s
2025-03-06 09:31:41.884 69157 INFO tempest.lib.common.rest_client [req-4e55e046-ccda-4dd6-9bd4-db7ec681f0b1 req-4e55e046-ccda-4dd6-9bd4-db7ec681f0b1 ] Request (ImagesOneServerNegativeTestJSON:test_create_second_image_when_first_image_is_being_saved): 202 POST http://10.180.1.21/compute/v2.1/servers/b25fe864-0d1a-4818-810e-6e1cc8cbfe9c/action 0.980s
2025-03-06 09:31:41.891 69207 INFO tempest.lib.common.rest_client [req-96400aa2-500c-4fe7-92fd-dd1d6be7c37b req-96400aa2-500c-4fe7-92fd-dd1d6be7c37b ] Request (TenantUsagesTestJSON:setUpClass): 200 GET http://10.180.1.21/compute/v2.1/servers/94e9ac10-b6a0-4fc0-b64e-763f3793b7e8 0.850s
2025-03-06 09:31:41.912 69191 INFO tempest.lib.common.rest_client [req-6f97d301-df32-41fc-a760-a7faaa2c9417 req-6f97d301-df32-41fc-a760-a7faaa2c9417 ] Request (FlavorsV2NegativeTest:tearDownClass): 200 GET http://10.180.1.21:9696/networking/v2.0/security-groups?tenant_id=52484065af7648eb9c4fc9a5dedb87e9&name=default 0.158s
2025-03-06 09:31:41.950 69203 INFO tempest.lib.common.rest_client [req-619ec50a-b984-4136-9195-c6da2d55fb2b req-619ec50a-b984-4136-9195-c6da2d55fb2b ] Request (ServersListShow298Test:test_list_show_update_rebuild_server_298): 200 GET http://10.180.1.21/compute/v2.1/servers/bcce1167-e77a-40a1-afcf-3a6d77789789 0.829s
2025-03-06 09:31:41.968 69203 INFO tempest.common.waiters [-] State transition "REBUILD/rebuild_spawning" ==> "ACTIVE/None" after 11 second wait
2025-03-06 09:31:42.002 69169 INFO tempest.lib.common.rest_client [req-4c8a6342-a2d9-4c49-8c71-60f656f7d8a9 req-4c8a6342-a2d9-4c49-8c71-60f656f7d8a9 ] Request (ImagesTestJSON:test_create_image_from_stopped_server): 200 GET http://10.180.1.21/compute/v2.1/servers/5a20a423-c3ac-476e-aecb-7e42a7c24610 0.924s
2025-03-06 09:31:42.021 69161 INFO tempest.lib.common.rest_client [req-173883f9-2165-4af1-a172-bb400c7e2f59 req-173883f9-2165-4af1-a172-bb400c7e2f59 ] Request (ImagesNegativeTestJSON:test_create_image_from_deleted_server): 200 GET http://10.180.1.21/compute/v2.1/servers/f116cf00-074f-41f8-9c1f-bae0cd7932ff 0.824s
2025-03-06 09:31:42.028 69191 INFO tempest.lib.common.rest_client [req-b337acfb-f0bb-4a87-bad4-1bba4bc1a038 req-b337acfb-f0bb-4a87-bad4-1bba4bc1a038 ] Request (FlavorsV2NegativeTest:tearDownClass): 204 DELETE http://10.180.1.21:9696/networking/v2.0/security-groups/b7eb867d-51a5-4e0e-808b-201b4ecdef66 0.116s
2025-03-06 09:31:42.050 69167 INFO tempest.lib.common.rest_client [req-5f0301a1-6ddc-41a8-a21a-ed91d49b872a req-5f0301a1-6ddc-41a8-a21a-ed91d49b872a ] Request (VolumesAdminNegativeTest:test_update_attached_volume_with_nonexistent_volume_in_body): 200 GET http://10.180.1.21/compute/v2.1/servers/56bc1ae3-fb52-412c-a86d-3bfd7a17b81b 0.809s
2025-03-06 09:31:42.077 69181 INFO tempest.lib.common.rest_client [req-aa3cdde6-7117-411e-af40-f0e83fe5e727 req-aa3cdde6-7117-411e-af40-f0e83fe5e727 ] Request (AttachVolumeNegativeTest:test_attach_attached_volume_to_different_server): 200 GET http://10.180.1.21/compute/v2.1/servers/9eb1eeb3-aad7-4187-93f1-8ed435ce8e08 0.804s
2025-03-06 09:31:42.096 69155 INFO tempest.lib.common.rest_client [req-4eca31e4-03ec-4c74-be37-f45e61d9e2a0 req-4eca31e4-03ec-4c74-be37-f45e61d9e2a0 ] Request (MigrationsAdminTest:test_list_migrations_in_flavor_resize_situation): 200 GET http://10.180.1.21/compute/v2.1/servers/9fe86c8a-3b99-4503-82d9-db99ae5ec2fa 0.797s
2025-03-06 09:31:42.098 69191 INFO tempest.lib.common.rest_client [req-11154582-320a-401b-9cf9-06720e7d4082 req-11154582-320a-401b-9cf9-06720e7d4082 ] Request (FlavorsV2NegativeTest:tearDownClass): 204 DELETE http://10.180.1.21/identity/v3/projects/52484065af7648eb9c4fc9a5dedb87e9 0.069s
2025-03-06 09:31:42.128 69209 INFO tempest.lib.common.rest_client [req-fd51288c-e84a-46e8-882f-a16aab647e93 req-fd51288c-e84a-46e8-882f-a16aab647e93 ] Request (AttachInterfacesTestJSON:test_create_list_show_delete_interfaces_by_fixed_ip): 200 GET http://10.180.1.21/compute/v2.1/servers/9cc8488b-6eba-4f35-84a1-ef972b043b95 0.798s
2025-03-06 09:31:42.147 69189 INFO tempest.lib.common.rest_client [req-8887e327-b37e-4ce8-8b8a-6c782e00ef4d req-8887e327-b37e-4ce8-8b8a-6c782e00ef4d ] Request (FloatingIPsAssociationTestJSON:test_associate_already_associated_floating_ip): 200 GET http://10.180.1.21/compute/v2.1/servers/2494681b-ef4f-405a-8898-affcc4f7f136 0.796s
2025-03-06 09:31:42.169 69191 INFO tempest.lib.common.rest_client [req-da08633c-8fab-4dff-9155-8756793a6125 req-da08633c-8fab-4dff-9155-8756793a6125 ] Request (KeyPairsNegativeTestJSON:setUpClass): 201 POST http://10.180.1.21/identity/v3/auth/tokens 0.069s
2025-03-06 09:31:42.172 69195 INFO tempest.lib.common.rest_client [req-5c687c6a-a649-4d63-a583-df415e619a49 req-5c687c6a-a649-4d63-a583-df415e619a49 ] Request (SecurityGroupRulesTestJSON:test_security_group_rules_list): 200 GET http://10.180.1.21/compute/v2.1/os-security-groups/513b2ab6-267a-4bc8-a8f6-db0c23de82ce 0.792s
2025-03-06 09:31:42.200 69191 INFO tempest.lib.common.rest_client [req-75ab1193-b27a-4257-99c0-b875459cfb85 req-75ab1193-b27a-4257-99c0-b875459cfb85 ] Request (KeyPairsNegativeTestJSON:setUpClass): 201 POST http://10.180.1.21/identity/v3/auth/tokens 0.029s
2025-03-06 09:31:42.226 69191 INFO tempest.lib.common.rest_client [req-dc939254-0ec9-4c09-8df8-95836fa79e3d req-dc939254-0ec9-4c09-8df8-95836fa79e3d ] Request (KeyPairsNegativeTestJSON:setUpClass): 200 GET http://10.180.1.21/identity/v3/domains?name=Default 0.025s
2025-03-06 09:31:42.241 69187 INFO tempest.lib.common.rest_client [req-b4a9a74f-ac86-43bf-8bb1-4cc5e761a113 req-b4a9a74f-ac86-43bf-8bb1-4cc5e761a113 ] Request (DeleteServersAdminTestJSON:test_admin_delete_servers_of_others): 200 GET http://10.180.1.21/compute/v2.1/servers/3d615018-ab02-4f07-bc90-d13b44c09a5b 0.703s
2025-03-06 09:31:42.255 69191 INFO tempest.lib.common.rest_client [req-8d7c4a10-9acb-41ab-b376-b8ba312cb5f1 req-8d7c4a10-9acb-41ab-b376-b8ba312cb5f1 ] Request (KeyPairsNegativeTestJSON:setUpClass): 201 POST http://10.180.1.21/identity/v3/projects 0.029s
2025-03-06 09:31:42.302 69159 INFO tempest.lib.common.rest_client [req-99c7b20a-e5dd-4eea-b7ab-5a88585ed839 req-99c7b20a-e5dd-4eea-b7ab-5a88585ed839 ] Request (InstanceActionsV221TestJSON:test_get_list_deleted_instance_actions): 200 GET http://10.180.1.21/compute/v2.1/servers/0603a8a3-d704-4ec2-9808-3fda6be1df72 0.661s
2025-03-06 09:31:42.332 69191 INFO tempest.lib.common.rest_client [req-883a33c0-e825-4604-8555-bfbffcb356b1 req-883a33c0-e825-4604-8555-bfbffcb356b1 ] Request (KeyPairsNegativeTestJSON:setUpClass): 201 POST http://10.180.1.21/identity/v3/users 0.075s
2025-03-06 09:31:42.357 69191 INFO tempest.lib.common.rest_client [req-5cd17b44-c2dc-49c8-9ce9-a579f8fd08b3 req-5cd17b44-c2dc-49c8-9ce9-a579f8fd08b3 ] Request (KeyPairsNegativeTestJSON:setUpClass): 200 GET http://10.180.1.21/identity/v3/roles 0.025s
2025-03-06 09:31:42.385 69191 INFO tempest.lib.common.rest_client [req-b6da9e95-c3ba-4ab2-8e7b-25b66b035243 req-b6da9e95-c3ba-4ab2-8e7b-25b66b035243 ] Request (KeyPairsNegativeTestJSON:setUpClass): 204 PUT http://10.180.1.21/identity/v3/projects/304b1685b92d4850b4f5100df5239085/users/fc7a81d9ddc7439aa801bbd9efe6e901/roles/bceb9a0d99eb41e7943ae98b75727d46 0.027s
2025-03-06 09:31:42.385 69191 INFO tempest.lib.common.dynamic_creds [-] Dynamic test user fc7a81d9ddc7439aa801bbd9efe6e901 is created with scope project and roles: ['member']
2025-03-06 09:31:42.385 69191 INFO tempest.lib.common.dynamic_creds [-] Acquired dynamic creds: credentials: Credentials: {'domain_id': 'default', 'domain_name': 'Default', 'username': 'tempest-KeyPairsNegativeTestJSON-876595983-project-member', 'project_domain_id': 'default', 'project_domain_name': 'Default', 'project_id': '304b1685b92d4850b4f5100df5239085', 'project_name': 'tempest-KeyPairsNegativeTestJSON-876595983', 'tenant_id': '304b1685b92d4850b4f5100df5239085', 'tenant_name': 'tempest-KeyPairsNegativeTestJSON-876595983', 'user_domain_id': 'default', 'user_domain_name': 'Default', 'user_id': 'fc7a81d9ddc7439aa801bbd9efe6e901', 'system': None}, Network: None, Subnet: None, Router: None
2025-03-06 09:31:42.386 69191 INFO tempest.lib.common.dynamic_creds [-] Created isolated network resources for: credentials: Credentials: {'domain_id': 'default', 'domain_name': 'Default', 'username': 'tempest-KeyPairsNegativeTestJSON-876595983-project-member', 'project_domain_id': 'default', 'project_domain_name': 'Default', 'project_id': '304b1685b92d4850b4f5100df5239085', 'project_name': 'tempest-KeyPairsNegativeTestJSON-876595983', 'tenant_id': '304b1685b92d4850b4f5100df5239085', 'tenant_name': 'tempest-KeyPairsNegativeTestJSON-876595983', 'user_domain_id': 'default', 'user_domain_name': 'Default', 'user_id': 'fc7a81d9ddc7439aa801bbd9efe6e901', 'system': None}, Network: None, Subnet: None, Router: None
2025-03-06 09:31:42.432 69199 INFO tempest.lib.common.rest_client [req-2ccdc2d6-64f1-4fa6-acff-f6db7eb078c2 req-2ccdc2d6-64f1-4fa6-acff-f6db7eb078c2 ] Request (FloatingIPsAssociationNegativeTestJSON:tearDownClass): 200 GET http://10.180.1.21/compute/v2.1/servers/48440713-7649-4947-8bf0-89bcfaec2a28 0.761s
2025-03-06 09:31:42.472 69191 INFO tempest.lib.common.rest_client [req-434cfac4-3097-4ec0-85f4-a10b6df1bbda req-434cfac4-3097-4ec0-85f4-a10b6df1bbda ] Request (KeyPairsNegativeTestJSON:setUpClass): 201 POST http://10.180.1.21/identity/v3/auth/tokens 0.083s
2025-03-06 09:31:42.480 69165 INFO tempest.lib.common.rest_client [req-59639321-2379-43a6-a36c-49a1368fdc23 req-59639321-2379-43a6-a36c-49a1368fdc23 ] Request (FloatingIPDetailsTestJSON:tearDownClass): 202 DELETE http://10.180.1.21/compute/v2.1/os-floating-ips/d54d20f2-2329-4ec8-b458-7d0aa7c2aded 1.041s
2025-03-06 09:31:42.507 69213 INFO tempest.lib.common.rest_client [req-258b5cfb-f443-424a-b537-dd1067780733 req-258b5cfb-f443-424a-b537-dd1067780733 ] Request (FlavorsAdminTestJSON:test_is_public_string_variations): 200 GET http://10.180.1.21/compute/v2.1/flavors/detail?is_public=1 0.699s
2025-03-06 09:31:42.525 69197 INFO tempest.lib.common.rest_client [req-863b81b1-4d29-43ec-bf35-f53e121f1159 req-863b81b1-4d29-43ec-bf35-f53e121f1159 ] Request (ServersAdminNegativeTestJSON:setUpClass): 200 GET http://10.180.1.21/compute/v2.1/servers/1c541afe-a78b-4cd1-8d70-63221956a835 0.796s
2025-03-06 09:31:42.552 69171 INFO tempest.lib.common.rest_client [req-e666140f-6330-4ae4-b1f3-e1b2ee42fb5a req-e666140f-6330-4ae4-b1f3-e1b2ee42fb5a ] Request (AggregatesAdminNegativeTestJSON:_run_cleanups): 200 DELETE http://10.180.1.21/compute/v2.1/os-aggregates/8 0.721s
2025-03-06 09:31:42.558 69205 INFO tempest.lib.common.rest_client [req-f73673a4-bc3f-4e2e-a1f7-d38b846174ce req-f73673a4-bc3f-4e2e-a1f7-d38b846174ce ] Request (MultipleCreateTestJSON:test_multiple_create): 200 GET http://10.180.1.21/compute/v2.1/servers/5593b9ed-c7cb-498c-b4c3-4a2da54c2036 0.731s
2025-03-06 09:31:42.588 69157 INFO tempest.lib.common.rest_client [req-bca4f0ca-588b-4224-9318-4709a55f970c req-bca4f0ca-588b-4224-9318-4709a55f970c ] Request (ImagesOneServerNegativeTestJSON:test_create_second_image_when_first_image_is_being_saved): 409 POST http://10.180.1.21/compute/v2.1/servers/b25fe864-0d1a-4818-810e-6e1cc8cbfe9c/action 0.703s
2025-03-06 09:31:42.613 69173 INFO tempest.lib.common.rest_client [req-2b53fd8c-4df6-4881-b41a-a84909f69184 req-2b53fd8c-4df6-4881-b41a-a84909f69184 ] Request (ServersTestFqdnHostnames:test_create_server_with_fqdn_name): 200 GET http://10.180.1.21/compute/v2.1/servers/1e1899d0-34ea-4ff3-a123-7790cf4989f5 0.741s
2025-03-06 09:31:42.643 69175 INFO tempest.lib.common.rest_client [req-a80921ca-0b23-4137-9199-e0a3525fc1ea req-a80921ca-0b23-4137-9199-e0a3525fc1ea ] Request (ServerDiagnosticsNegativeTest:tearDownClass): 200 GET http://10.180.1.21/compute/v2.1/servers/47027cae-3d2d-424e-8f73-38cd839ed5ae 0.708s
2025-03-06 09:31:42.659 69171 INFO tempest.lib.common.rest_client [req-a223ce2b-ad73-4c40-9443-939db4bca06a req-a223ce2b-ad73-4c40-9443-939db4bca06a ] Request (AggregatesAdminNegativeTestJSON:tearDownClass): 204 DELETE http://10.180.1.21/identity/v3/users/d43f433fbb9d49fca58b2e932960d546 0.105s
2025-03-06 09:31:42.667 69211 INFO tempest.lib.common.rest_client [req-35a065d6-d8ca-4236-8a03-9e8b8019f3e8 req-35a065d6-d8ca-4236-8a03-9e8b8019f3e8 ] Request (InstanceActionsNegativeTestJSON:setUpClass): 200 GET http://10.180.1.21/compute/v2.1/servers/fb8d223d-d2ec-48c1-8d20-7617be76dabe 0.712s
2025-03-06 09:31:42.738 69203 INFO tempest.lib.common.rest_client [req-0bce83d9-b056-46bc-9d1a-d4c8352d1959 req-0bce83d9-b056-46bc-9d1a-d4c8352d1959 ] Request (ServersListShow298Test:tearDownClass): 204 DELETE http://10.180.1.21/compute/v2.1/servers/bcce1167-e77a-40a1-afcf-3a6d77789789 0.767s
2025-03-06 09:31:42.780 69171 INFO tempest.lib.common.rest_client [req-c67307cc-4264-47d5-8134-f35fad22b5db req-c67307cc-4264-47d5-8134-f35fad22b5db ] Request (AggregatesAdminNegativeTestJSON:tearDownClass): 204 DELETE http://10.180.1.21/identity/v3/users/796b620c29d14ad39f043b51e4c2a621 0.121s
2025-03-06 09:31:42.780 69171 INFO tempest.lib.common.dynamic_creds [-] Deleting project and security group for project: 3dd46551b41f4410ab024235ca7348b0
2025-03-06 09:31:42.842 69171 INFO tempest.lib.common.rest_client [req-edec86de-f06c-4cae-aa19-ece62f3ba6b0 req-edec86de-f06c-4cae-aa19-ece62f3ba6b0 ] Request (AggregatesAdminNegativeTestJSON:tearDownClass): 201 POST http://10.180.1.21/identity/v3/auth/tokens 0.061s
2025-03-06 09:31:42.896 69183 INFO tempest.lib.common.rest_client [req-5cd3a8b5-8d88-4db2-953c-75fd75779bc6 req-5cd3a8b5-8d88-4db2-953c-75fd75779bc6 ] Request (ImagesOneServerTestJSON:setUpClass): 200 GET http://10.180.1.21/compute/v2.1/servers/176ad5bc-882c-4539-b69e-03c06616f933 0.756s
2025-03-06 09:31:43.077 69171 INFO tempest.lib.common.rest_client [req-3f6a48a8-0d03-4f95-a16d-e5f99ee4c49d req-3f6a48a8-0d03-4f95-a16d-e5f99ee4c49d ] Request (AggregatesAdminNegativeTestJSON:tearDownClass): 200 GET http://10.180.1.21:9696/networking/v2.0/security-groups?tenant_id=3dd46551b41f4410ab024235ca7348b0&name=default 0.234s
2025-03-06 09:31:43.162 69171 INFO tempest.lib.common.rest_client [req-dd9ea41d-5ff1-4406-b1cb-760960506f8b req-dd9ea41d-5ff1-4406-b1cb-760960506f8b ] Request (AggregatesAdminNegativeTestJSON:tearDownClass): 204 DELETE http://10.180.1.21:9696/networking/v2.0/security-groups/d6a8c281-f624-46dd-b1f1-532d21ef5324 0.084s
2025-03-06 09:31:43.168 69195 INFO tempest.lib.common.rest_client [req-37fff2cf-3237-4290-914c-6bec8c342a70 req-37fff2cf-3237-4290-914c-6bec8c342a70 ] Request (SecurityGroupRulesTestJSON:_run_cleanups): 202 DELETE http://10.180.1.21/compute/v2.1/os-security-group-rules/516511cd-5f13-4954-8785-c4da04f52dbd 0.992s
2025-03-06 09:31:43.205 69179 INFO tempest.lib.common.rest_client [req-65f3bdbf-2054-4868-9ebe-4ec4bc43652e req-65f3bdbf-2054-4868-9ebe-4ec4bc43652e ] Request (ServerDiagnosticsV248Test:test_get_server_diagnostics): 200 GET http://10.180.1.21/compute/v2.1/servers/223b8b6f-b42c-4a06-b5bb-0354dd87cdea/diagnostics 1.159s
2025-03-06 09:31:43.225 69185 INFO tempest.lib.common.rest_client [req-1b7c96bd-1fe1-47dc-aa80-a1dc6f0b7180 req-1b7c96bd-1fe1-47dc-aa80-a1dc6f0b7180 ] Request (ServerActionsTestOtherB:setUpClass): 200 GET http://10.180.1.21/compute/v2.1/servers/0acce7bd-b0b0-430e-b913-8d3a73b9e783 1.025s
2025-03-06 09:31:43.225 69171 INFO tempest.lib.common.rest_client [req-08aed08a-0c11-49cc-9c56-0a7a0f17fc78 req-08aed08a-0c11-49cc-9c56-0a7a0f17fc78 ] Request (AggregatesAdminNegativeTestJSON:tearDownClass): 204 DELETE http://10.180.1.21/identity/v3/projects/3dd46551b41f4410ab024235ca7348b0 0.062s
2025-03-06 09:31:43.225 69171 INFO tempest.lib.common.dynamic_creds [-] Deleting project and security group for project: 612e3990c86044c18c4a5d379d0c89a8
2025-03-06 09:31:43.261 69193 INFO tempest.lib.common.rest_client [req-b0a51f2c-e3c8-47cd-8bd8-f048ee4ada98 req-b0a51f2c-e3c8-47cd-8bd8-f048ee4ada98 ] Request (ServersTestJSON:setUpClass): 200 GET http://10.180.1.21/compute/v2.1/servers/40404246-f067-4f63-b751-1509d0844840 1.007s
2025-03-06 09:31:43.356 69191 INFO tempest.lib.common.rest_client [req-cf1eeede-716b-4854-b14d-6774676995d9 req-cf1eeede-716b-4854-b14d-6774676995d9 ] Request (KeyPairsNegativeTestJSON:test_create_keypair_invalid_name): 400 POST http://10.180.1.21/compute/v2.1/os-keypairs 0.882s
2025-03-06 09:31:43.373 69213 INFO tempest.lib.common.rest_client [req-8672cada-2b9a-46f8-b62e-ab071fb16811 req-8672cada-2b9a-46f8-b62e-ab071fb16811 ] Request (FlavorsAdminTestJSON:_run_cleanups): 202 DELETE http://10.180.1.21/compute/v2.1/flavors/1434825327 0.861s
2025-03-06 09:31:43.434 69171 INFO tempest.lib.common.rest_client [req-5e2f1d80-11f1-46c9-a3cb-78f1390a3751 req-5e2f1d80-11f1-46c9-a3cb-78f1390a3751 ] Request (AggregatesAdminNegativeTestJSON:tearDownClass): 200 GET http://10.180.1.21:9696/networking/v2.0/security-groups?tenant_id=612e3990c86044c18c4a5d379d0c89a8&name=default 0.208s
2025-03-06 09:31:43.442 69153 INFO tempest.lib.common.rest_client [req-55199441-04a4-4aaf-a969-25fd547982ae req-55199441-04a4-4aaf-a969-25fd547982ae ] Request (ServerShowV247Test:test_update_rebuild_list_server): 200 GET http://10.180.1.21/compute/v2.1/servers/cdb592f0-6224-4f00-84f3-afbd2b7e24a5 0.855s
2025-03-06 09:31:43.509 69171 INFO tempest.lib.common.rest_client [req-55279f48-951c-4813-ac31-35aed013eeca req-55279f48-951c-4813-ac31-35aed013eeca ] Request (AggregatesAdminNegativeTestJSON:tearDownClass): 204 DELETE http://10.180.1.21:9696/networking/v2.0/security-groups/7f334b60-0bd7-4bf1-89de-15c915863640 0.074s
2025-03-06 09:31:43.544 69157 INFO tempest.lib.common.rest_client [req-ea05d51a-558e-41d5-9569-21a1a63dfb3d req-ea05d51a-558e-41d5-9569-21a1a63dfb3d ] Request (ImagesOneServerNegativeTestJSON:test_create_second_image_when_first_image_is_being_saved): 204 DELETE http://10.180.1.21/compute/v2.1/images/0ec6fb36-50cf-44a1-ba44-239afa5d025e 0.955s
2025-03-06 09:31:43.612 69203 INFO tempest.lib.common.rest_client [req-83b22af7-9ded-46b6-8726-caf910fed401 req-83b22af7-9ded-46b6-8726-caf910fed401 ] Request (ServersListShow298Test:tearDownClass): 200 GET http://10.180.1.21/compute/v2.1/servers/bcce1167-e77a-40a1-afcf-3a6d77789789 0.872s
2025-03-06 09:31:43.616 69171 INFO tempest.lib.common.rest_client [req-0075caf9-aee4-44a5-946c-fe72f9ca72ac req-0075caf9-aee4-44a5-946c-fe72f9ca72ac ] Request (AggregatesAdminNegativeTestJSON:tearDownClass): 204 DELETE http://10.180.1.21/identity/v3/projects/612e3990c86044c18c4a5d379d0c89a8 0.107s
2025-03-06 09:31:43.679 69171 INFO tempest.lib.common.rest_client [req-07940e2c-ffb3-441d-b82a-77664007a3f7 req-07940e2c-ffb3-441d-b82a-77664007a3f7 ] Request (ServerDiagnosticsTest:setUpClass): 201 POST http://10.180.1.21/identity/v3/auth/tokens 0.061s
2025-03-06 09:31:43.729 69171 INFO tempest.lib.common.rest_client [req-c5f18235-027e-4683-813d-01dc8ade54d8 req-c5f18235-027e-4683-813d-01dc8ade54d8 ] Request (ServerDiagnosticsTest:setUpClass): 201 POST http://10.180.1.21/identity/v3/auth/tokens 0.044s
2025-03-06 09:31:43.759 69177 INFO tempest.lib.common.rest_client [req-37012114-9f42-408a-bf62-407a1f58aef0 req-37012114-9f42-408a-bf62-407a1f58aef0 ] Request (ServersWithSpecificFlavorTestJSON:test_verify_created_server_ephemeral_disk): 200 GET http://10.180.1.21/compute/v2.1/servers/e41bc40e-f2c2-4fe5-9a77-68c71cbe8e8a 0.973s
2025-03-06 09:31:43.773 69171 INFO tempest.lib.common.rest_client [req-5c479c1d-a7d6-45a7-84f5-9450d551d7dc req-5c479c1d-a7d6-45a7-84f5-9450d551d7dc ] Request (ServerDiagnosticsTest:setUpClass): 200 GET http://10.180.1.21/identity/v3/domains?name=Default 0.043s
2025-03-06 09:31:43.801 69163 WARNING tempest.lib.common.ssh [-] Failed to establish authenticated ssh connection to cirros@10.180.180.211 ([Errno None] Unable to connect to port 22 on 10.180.180.211). Number attempts: 2. Retry after 3 seconds.: paramiko.ssh_exception.NoValidConnectionsError: [Errno None] Unable to connect to port 22 on 10.180.180.211
2025-03-06 09:31:43.816 69171 INFO tempest.lib.common.rest_client [req-134629b2-b6fa-465c-ae87-1d2bd014d3ff req-134629b2-b6fa-465c-ae87-1d2bd014d3ff ] Request (ServerDiagnosticsTest:setUpClass): 201 POST http://10.180.1.21/identity/v3/projects 0.042s
2025-03-06 09:31:43.819 69207 INFO tempest.lib.common.rest_client [req-5be58f47-ac11-493a-ba8b-5861ff86b1dc req-5be58f47-ac11-493a-ba8b-5861ff86b1dc ] Request (TenantUsagesTestJSON:setUpClass): 200 GET http://10.180.1.21/compute/v2.1/servers/94e9ac10-b6a0-4fc0-b64e-763f3793b7e8 0.920s
2025-03-06 09:31:43.890 69171 INFO tempest.lib.common.rest_client [req-dcd4d782-c9c8-4da7-a408-3b525b7a3cd7 req-dcd4d782-c9c8-4da7-a408-3b525b7a3cd7 ] Request (ServerDiagnosticsTest:setUpClass): 201 POST http://10.180.1.21/identity/v3/users 0.074s
2025-03-06 09:31:43.919 69171 INFO tempest.lib.common.rest_client [req-44648cf8-e815-4d7c-a512-8027754a1343 req-44648cf8-e815-4d7c-a512-8027754a1343 ] Request (ServerDiagnosticsTest:setUpClass): 200 GET http://10.180.1.21/identity/v3/roles 0.028s
2025-03-06 09:31:43.934 69165 INFO tempest.lib.common.rest_client [req-fba4f26d-18f3-40b9-af5d-08a0e0614624 req-fba4f26d-18f3-40b9-af5d-08a0e0614624 ] Request (FloatingIPDetailsTestJSON:tearDownClass): 202 DELETE http://10.180.1.21/compute/v2.1/os-floating-ips/2d50b899-1073-4aab-9be6-1fbdfbc42863 1.453s
2025-03-06 09:31:43.954 69171 INFO tempest.lib.common.rest_client [req-418952a3-304f-4f21-b82c-78a5f8633b41 req-418952a3-304f-4f21-b82c-78a5f8633b41 ] Request (ServerDiagnosticsTest:setUpClass): 204 PUT http://10.180.1.21/identity/v3/projects/d1a03d294c4a4037ba0503b8a830943d/users/6e18bd31c5dc4c0a92e18f8858fc0de7/roles/bceb9a0d99eb41e7943ae98b75727d46 0.035s
2025-03-06 09:31:43.954 69171 INFO tempest.lib.common.dynamic_creds [-] Dynamic test user 6e18bd31c5dc4c0a92e18f8858fc0de7 is created with scope project and roles: ['member']
2025-03-06 09:31:43.955 69171 INFO tempest.lib.common.dynamic_creds [-] Acquired dynamic creds: credentials: Credentials: {'domain_id': 'default', 'domain_name': 'Default', 'username': 'tempest-ServerDiagnosticsTest-705568188-project-member', 'project_domain_id': 'default', 'project_domain_name': 'Default', 'project_id': 'd1a03d294c4a4037ba0503b8a830943d', 'project_name': 'tempest-ServerDiagnosticsTest-705568188', 'tenant_id': 'd1a03d294c4a4037ba0503b8a830943d', 'tenant_name': 'tempest-ServerDiagnosticsTest-705568188', 'user_domain_id': 'default', 'user_domain_name': 'Default', 'user_id': '6e18bd31c5dc4c0a92e18f8858fc0de7', 'system': None}, Network: None, Subnet: None, Router: None
2025-03-06 09:31:43.955 69171 INFO tempest.lib.common.dynamic_creds [-] Created isolated network resources for: credentials: Credentials: {'domain_id': 'default', 'domain_name': 'Default', 'username': 'tempest-ServerDiagnosticsTest-705568188-project-member', 'project_domain_id': 'default', 'project_domain_name': 'Default', 'project_id': 'd1a03d294c4a4037ba0503b8a830943d', 'project_name': 'tempest-ServerDiagnosticsTest-705568188', 'tenant_id': 'd1a03d294c4a4037ba0503b8a830943d', 'tenant_name': 'tempest-ServerDiagnosticsTest-705568188', 'user_domain_id': 'default', 'user_domain_name': 'Default', 'user_id': '6e18bd31c5dc4c0a92e18f8858fc0de7', 'system': None}, Network: None, Subnet: None, Router: None
2025-03-06 09:31:43.991 69161 INFO tempest.lib.common.rest_client [req-11cdfda9-64c2-4a08-a425-255634b307db req-11cdfda9-64c2-4a08-a425-255634b307db ] Request (ImagesNegativeTestJSON:test_create_image_from_deleted_server): 200 GET http://10.180.1.21/compute/v2.1/servers/f116cf00-074f-41f8-9c1f-bae0cd7932ff 0.960s
2025-03-06 09:31:44.001 69169 INFO tempest.lib.common.rest_client [req-3fe4b103-eb95-4f66-97b9-1f0d1d2b5af7 req-3fe4b103-eb95-4f66-97b9-1f0d1d2b5af7 ] Request (ImagesTestJSON:test_create_image_from_stopped_server): 200 GET http://10.180.1.21/compute/v2.1/servers/5a20a423-c3ac-476e-aecb-7e42a7c24610 0.990s
2025-03-06 09:31:44.014 69169 INFO tempest.common.waiters [-] State transition "BUILD/spawning" ==> "ACTIVE/None" after 39 second wait
2025-03-06 09:31:44.032 69171 INFO tempest.lib.common.rest_client [req-8c7cfb06-e893-40d5-94b1-7c8d58eb65b8 req-8c7cfb06-e893-40d5-94b1-7c8d58eb65b8 ] Request (ServerDiagnosticsTest:setUpClass): 201 POST http://10.180.1.21/identity/v3/auth/tokens 0.074s
2025-03-06 09:31:44.052 69167 INFO tempest.lib.common.rest_client [req-448c143c-0ad0-4ad2-86ec-94d5d9f94e03 req-448c143c-0ad0-4ad2-86ec-94d5d9f94e03 ] Request (VolumesAdminNegativeTest:test_update_attached_volume_with_nonexistent_volume_in_body): 200 GET http://10.180.1.21/compute/v2.1/servers/56bc1ae3-fb52-412c-a86d-3bfd7a17b81b 0.994s
2025-03-06 09:31:44.073 69181 INFO tempest.lib.common.rest_client [req-c9f643ad-d323-4dd6-8b6b-b9e26f5c1696 req-c9f643ad-d323-4dd6-8b6b-b9e26f5c1696 ] Request (AttachVolumeNegativeTest:test_attach_attached_volume_to_different_server): 200 GET http://10.180.1.21/compute/v2.1/servers/9eb1eeb3-aad7-4187-93f1-8ed435ce8e08 0.986s
2025-03-06 09:31:44.114 69155 INFO tempest.lib.common.rest_client [req-7a822e9a-cd24-46bb-bb4e-5a37e5931414 req-7a822e9a-cd24-46bb-bb4e-5a37e5931414 ] Request (MigrationsAdminTest:test_list_migrations_in_flavor_resize_situation): 200 GET http://10.180.1.21/compute/v2.1/servers/9fe86c8a-3b99-4503-82d9-db99ae5ec2fa 1.009s
2025-03-06 09:31:44.116 69171 INFO tempest.lib.common.rest_client [req-7dca958b-15fc-417e-aa51-123f09e0559b req-7dca958b-15fc-417e-aa51-123f09e0559b ] Request (ServerDiagnosticsTest:setUpClass): 201 POST http://10.180.1.21/identity/v3/projects 0.083s
2025-03-06 09:31:44.140 69209 INFO tempest.lib.common.rest_client [req-8bdd904d-e198-40b3-bf42-e80913bd3d99 req-8bdd904d-e198-40b3-bf42-e80913bd3d99 ] Request (AttachInterfacesTestJSON:test_create_list_show_delete_interfaces_by_fixed_ip): 200 GET http://10.180.1.21/compute/v2.1/servers/9cc8488b-6eba-4f35-84a1-ef972b043b95 1.002s
2025-03-06 09:31:44.179 69189 INFO tempest.lib.common.rest_client [req-65b725c9-e355-4447-8967-8c31009663fb req-65b725c9-e355-4447-8967-8c31009663fb ] Request (FloatingIPsAssociationTestJSON:test_associate_already_associated_floating_ip): 200 GET http://10.180.1.21/compute/v2.1/servers/2494681b-ef4f-405a-8898-affcc4f7f136 1.023s
2025-03-06 09:31:44.185 69171 INFO tempest.lib.common.rest_client [req-b4536f68-373b-4151-b4e6-1f699954838d req-b4536f68-373b-4151-b4e6-1f699954838d ] Request (ServerDiagnosticsTest:setUpClass): 201 POST http://10.180.1.21/identity/v3/users 0.068s
2025-03-06 09:31:44.190 69189 INFO tempest.common.waiters [-] State transition "BUILD/scheduling" ==> "BUILD/None" after 19 second wait
2025-03-06 09:31:44.212 69171 INFO tempest.lib.common.rest_client [req-04181343-f919-4b0d-939d-5049d4566540 req-04181343-f919-4b0d-939d-5049d4566540 ] Request (ServerDiagnosticsTest:setUpClass): 200 GET http://10.180.1.21/identity/v3/roles 0.027s
2025-03-06 09:31:44.250 69171 INFO tempest.lib.common.rest_client [req-badfe6e7-b694-4dcc-8769-7366f22ba356 req-badfe6e7-b694-4dcc-8769-7366f22ba356 ] Request (ServerDiagnosticsTest:setUpClass): 204 PUT http://10.180.1.21/identity/v3/projects/d95552ae18024ca283192f5078ceca13/users/84b9fcc702e84c81ad11f7e45076745c/roles/9423c6ba64154006a89a1d130f0a2691 0.037s
2025-03-06 09:31:44.269 69179 INFO tempest.lib.common.rest_client [req-c5a5c5c2-08d5-4aaf-b090-c183d7af9fb3 req-c5a5c5c2-08d5-4aaf-b090-c183d7af9fb3 ] Request (ServerDiagnosticsV248Test:tearDownClass): 204 DELETE http://10.180.1.21/compute/v2.1/servers/223b8b6f-b42c-4a06-b5bb-0354dd87cdea 1.056s
2025-03-06 09:31:44.269 69195 INFO tempest.lib.common.rest_client [req-7206927a-d25a-494f-836e-7d2c8978ae2c req-7206927a-d25a-494f-836e-7d2c8978ae2c ] Request (SecurityGroupRulesTestJSON:tearDownClass): 202 DELETE http://10.180.1.21/compute/v2.1/os-security-groups/513b2ab6-267a-4bc8-a8f6-db0c23de82ce 1.099s
2025-03-06 09:31:44.291 69187 INFO tempest.lib.common.rest_client [req-cd866368-2e36-42fc-80c0-dc4d2890266c req-cd866368-2e36-42fc-80c0-dc4d2890266c ] Request (DeleteServersAdminTestJSON:test_admin_delete_servers_of_others): 404 GET http://10.180.1.21/compute/v2.1/servers/3d615018-ab02-4f07-bc90-d13b44c09a5b 1.042s
2025-03-06 09:31:44.319 69171 INFO tempest.lib.common.rest_client [req-0c157acf-ee88-49c8-a71e-50765592ae9a req-0c157acf-ee88-49c8-a71e-50765592ae9a ] Request (ServerDiagnosticsTest:setUpClass): 200 GET http://10.180.1.21/identity/v3/roles 0.068s
2025-03-06 09:31:44.330 69191 INFO tempest.lib.common.rest_client [req-0e02fb60-e8c3-4905-a7d9-3eb85046cf1b req-0e02fb60-e8c3-4905-a7d9-3eb85046cf1b ] Request (KeyPairsNegativeTestJSON:test_create_keypair_when_public_key_bits_exceeds_maximum): 400 POST http://10.180.1.21/compute/v2.1/os-keypairs 0.971s
2025-03-06 09:31:44.342 69171 INFO tempest.lib.common.rest_client [req-adfa9bc1-c177-4d7d-918c-e0acb55e3538 req-adfa9bc1-c177-4d7d-918c-e0acb55e3538 ] Request (ServerDiagnosticsTest:setUpClass): 204 PUT http://10.180.1.21/identity/v3/projects/d95552ae18024ca283192f5078ceca13/users/84b9fcc702e84c81ad11f7e45076745c/roles/9423c6ba64154006a89a1d130f0a2691 0.023s
2025-03-06 09:31:44.342 69171 INFO tempest.lib.common.dynamic_creds [-] Dynamic test user 84b9fcc702e84c81ad11f7e45076745c is created with scope project and roles: ['admin']
2025-03-06 09:31:44.343 69171 INFO tempest.lib.common.dynamic_creds [-] Acquired dynamic creds: credentials: Credentials: {'domain_id': 'default', 'domain_name': 'Default', 'username': 'tempest-ServerDiagnosticsTest-714798173-project-admin', 'project_domain_id': 'default', 'project_domain_name': 'Default', 'project_id': 'd95552ae18024ca283192f5078ceca13', 'project_name': 'tempest-ServerDiagnosticsTest-714798173', 'tenant_id': 'd95552ae18024ca283192f5078ceca13', 'tenant_name': 'tempest-ServerDiagnosticsTest-714798173', 'user_domain_id': 'default', 'user_domain_name': 'Default', 'user_id': '84b9fcc702e84c81ad11f7e45076745c', 'system': None}, Network: None, Subnet: None, Router: None
2025-03-06 09:31:44.343 69171 INFO tempest.lib.common.dynamic_creds [-] Created isolated network resources for: credentials: Credentials: {'domain_id': 'default', 'domain_name': 'Default', 'username': 'tempest-ServerDiagnosticsTest-714798173-project-admin', 'project_domain_id': 'default', 'project_domain_name': 'Default', 'project_id': 'd95552ae18024ca283192f5078ceca13', 'project_name': 'tempest-ServerDiagnosticsTest-714798173', 'tenant_id': 'd95552ae18024ca283192f5078ceca13', 'tenant_name': 'tempest-ServerDiagnosticsTest-714798173', 'user_domain_id': 'default', 'user_domain_name': 'Default', 'user_id': '84b9fcc702e84c81ad11f7e45076745c', 'system': None}, Network: None, Subnet: None, Router: None
2025-03-06 09:31:44.343 69159 INFO tempest.lib.common.rest_client [req-fa9e6241-35cf-4a13-95d7-95ae525e6020 req-fa9e6241-35cf-4a13-95d7-95ae525e6020 ] Request (InstanceActionsV221TestJSON:test_get_list_deleted_instance_actions): 200 GET http://10.180.1.21/compute/v2.1/servers/0603a8a3-d704-4ec2-9808-3fda6be1df72 1.029s
2025-03-06 09:31:44.354 69213 INFO tempest.lib.common.rest_client [req-182d6cb4-d2bb-4efc-84b4-b900f8d5c840 req-182d6cb4-d2bb-4efc-84b4-b900f8d5c840 ] Request (FlavorsAdminTestJSON:_run_cleanups): 200 GET http://10.180.1.21/compute/v2.1/flavors/detail 0.981s
2025-03-06 09:31:44.382 69187 INFO tempest.lib.common.rest_client [req-3b7e5f1e-b59b-4e33-97f2-6fc242c038c4 req-3b7e5f1e-b59b-4e33-97f2-6fc242c038c4 ] Request (DeleteServersAdminTestJSON:test_delete_server_while_in_error_state): 201 POST http://10.180.1.21/identity/v3/auth/tokens 0.083s
