2025-03-12 21:29:32.157 68970 INFO tempest.lib.common.dynamic_creds [-] Deleting project and security group for project: 9e0e16c7606b410d9862b7cee3892872
2025-03-12 21:29:32.161 68916 INFO tempest.lib.common.rest_client [req-95c4d219-4ac8-4116-b04d-735270bf3748 req-95c4d219-4ac8-4116-b04d-735270bf3748 ] Request (AttachInterfacesUnderV243Test:test_add_remove_fixed_ip): 200 GET http://10.180.1.21/compute/v2.1/servers/9172c277-4b51-4c2d-b86b-4e70028eca7f 0.214s
2025-03-12 21:29:32.167 68964 INFO tempest.lib.common.rest_client [req-e01f60b3-0ea8-4b46-9f1e-3cb655358616 req-e01f60b3-0ea8-4b46-9f1e-3cb655358616 ] Request (DeleteServersAdminTestJSON:test_delete_server_while_in_error_state): 200 GET http://10.180.1.21/compute/v2.1/servers/b6bc3cbc-2cee-4470-a436-d11518ec54fa 0.162s
2025-03-12 21:29:32.185 68970 INFO tempest.lib.common.rest_client [req-f89f29fa-a2a6-4402-80cf-4086ccd4612f req-f89f29fa-a2a6-4402-80cf-4086ccd4612f ] Request (FloatingIPsAssociationNegativeTestJSON:tearDownClass): 200 GET http://10.180.1.21:9696/networking/v2.0/security-groups?tenant_id=9e0e16c7606b410d9862b7cee3892872&name=default 0.028s
2025-03-12 21:29:32.219 68934 INFO tempest.lib.common.rest_client [req-db1d0424-90a3-4324-9db7-8d3df587a92a req-db1d0424-90a3-4324-9db7-8d3df587a92a ] Request (ServersAdmin275Test:test_rebuild_update_server_275): 200 GET http://10.180.1.21/compute/v2.1/servers/14c46ebc-c084-4943-9721-bab5623654e0 0.209s
2025-03-12 21:29:32.276 68938 INFO tempest.lib.common.rest_client [req-972b6a30-109d-49dd-996a-37182695d7a8 req-972b6a30-109d-49dd-996a-37182695d7a8 ] Request (ServerActionsV293TestJSON:setUpClass): 200 GET http://10.180.1.21/compute/v2.1/servers/a5aae937-9db7-4f5e-b907-91d0654e1625 0.215s
2025-03-12 21:29:32.285 68944 INFO tempest.lib.common.rest_client [req-e499f283-444a-43ad-ad7c-990286d71fc3 req-e499f283-444a-43ad-ad7c-990286d71fc3 ] Request (SecurityGroupsTestJSON:test_security_groups_create_list_delete): 200 POST http://10.180.1.21/compute/v2.1/os-security-groups 0.276s
2025-03-12 21:29:32.292 68970 INFO tempest.lib.common.rest_client [req-85d6a8da-9077-4876-b207-deaff116b499 req-85d6a8da-9077-4876-b207-deaff116b499 ] Request (FloatingIPsAssociationNegativeTestJSON:tearDownClass): 204 DELETE http://10.180.1.21:9696/networking/v2.0/security-groups/de3ec42f-80c8-4b03-bb79-0019dc075df9 0.106s
2025-03-12 21:29:32.342 68920 INFO tempest.lib.common.rest_client [req-a7f0c744-e8df-4dce-aad6-8943a596d68b req-a7f0c744-e8df-4dce-aad6-8943a596d68b ] Request (ServersTestMultiNic:test_verify_duplicate_network_nics): 200 GET http://10.180.1.21/compute/v2.1/servers/8bfb3d1a-62f5-4781-949f-533f968c9d64 0.228s
2025-03-12 21:29:32.344 68952 INFO tempest.lib.common.rest_client [req-e90ef62d-9e23-4401-a682-48433ef3b4a0 req-e90ef62d-9e23-4401-a682-48433ef3b4a0 ] Request (ImagesNegativeTestJSON:test_create_image_from_deleted_server): 200 GET http://10.180.1.21/compute/v2.1/servers/23cc8440-a4d2-44a1-a601-1e885eff80a2 0.243s
2025-03-12 21:29:32.381 68970 INFO tempest.lib.common.rest_client [req-c5c0e858-0952-4182-b0c7-085d347d602d req-c5c0e858-0952-4182-b0c7-085d347d602d ] Request (FloatingIPsAssociationNegativeTestJSON:tearDownClass): 204 DELETE http://10.180.1.21/identity/v3/projects/9e0e16c7606b410d9862b7cee3892872 0.089s
2025-03-12 21:29:32.391 68930 INFO tempest.lib.common.rest_client [req-6d8e0896-a8f6-4735-8719-907c2b3f7126 req-6d8e0896-a8f6-4735-8719-907c2b3f7126 ] Request (ServerMetadataTestJSON:setUpClass): 200 GET http://10.180.1.21/compute/v2.1/servers/1e358274-7d2a-42c3-af65-387f347f8925 0.126s
2025-03-12 21:29:32.394 68966 INFO tempest.lib.common.rest_client [req-14b43904-0a34-4d00-96e9-0dd07d6c8d0e req-14b43904-0a34-4d00-96e9-0dd07d6c8d0e ] Request (ServerRescueTestJSON:setUpClass): 200 GET http://10.180.1.21/compute/v2.1/servers/dd97f7fd-2d0b-4be4-a329-748a9cf9af29 0.191s
2025-03-12 21:29:32.445 68970 INFO tempest.lib.common.rest_client [req-48c34920-2154-45ab-868b-383b25210790 req-48c34920-2154-45ab-868b-383b25210790 ] Request (MultipleCreateNegativeTestJSON:setUpClass): 201 POST http://10.180.1.21/identity/v3/auth/tokens 0.062s
2025-03-12 21:29:32.476 68970 INFO tempest.lib.common.rest_client [req-1dfa5a1c-b738-413b-beae-839adb86f3cc req-1dfa5a1c-b738-413b-beae-839adb86f3cc ] Request (MultipleCreateNegativeTestJSON:setUpClass): 201 POST http://10.180.1.21/identity/v3/auth/tokens 0.028s
2025-03-12 21:29:32.510 68970 INFO tempest.lib.common.rest_client [req-86dd2808-816a-4801-9e63-5bd9fc191951 req-86dd2808-816a-4801-9e63-5bd9fc191951 ] Request (MultipleCreateNegativeTestJSON:setUpClass): 200 GET http://10.180.1.21/identity/v3/domains?name=Default 0.033s
2025-03-12 21:29:32.515 68944 INFO tempest.lib.common.rest_client [req-5e4c5bad-2d27-4b46-9769-b50bae6b2d79 req-5e4c5bad-2d27-4b46-9769-b50bae6b2d79 ] Request (SecurityGroupsTestJSON:test_security_groups_create_list_delete): 200 GET http://10.180.1.21/compute/v2.1/os-security-groups 0.226s
2025-03-12 21:29:32.516 68960 INFO tempest.lib.common.rest_client [req-eeeab267-d477-4bec-a66f-a0fbb9f55317 req-eeeab267-d477-4bec-a66f-a0fbb9f55317 ] Request (InstanceActionsTestJSON:setUpClass): 200 GET http://10.180.1.21/compute/v2.1/servers/91948ae2-5ced-4505-958c-4d35577cd24e 0.182s
2025-03-12 21:29:32.549 68970 INFO tempest.lib.common.rest_client [req-9f93aa24-7d81-4985-891e-cdb1af2c47c9 req-9f93aa24-7d81-4985-891e-cdb1af2c47c9 ] Request (MultipleCreateNegativeTestJSON:setUpClass): 201 POST http://10.180.1.21/identity/v3/projects 0.038s
2025-03-12 21:29:32.597 68924 INFO tempest.lib.common.rest_client [req-14298333-0acb-4db9-94a3-e705c092259f req-14298333-0acb-4db9-94a3-e705c092259f ] Request (ServerActionsTestOtherB:setUpClass): 200 GET http://10.180.1.21/compute/v2.1/servers/c61ee34d-013c-48f9-a317-64fd8e3c3b50 0.082s
2025-03-12 21:29:32.635 68970 INFO tempest.lib.common.rest_client [req-1eb9b304-c2f5-44e6-916b-201bc248aff1 req-1eb9b304-c2f5-44e6-916b-201bc248aff1 ] Request (MultipleCreateNegativeTestJSON:setUpClass): 201 POST http://10.180.1.21/identity/v3/users 0.086s
2025-03-12 21:29:32.658 68970 INFO tempest.lib.common.rest_client [req-2fc8fdf3-d2c1-467f-8adb-204bae0d4996 req-2fc8fdf3-d2c1-467f-8adb-204bae0d4996 ] Request (MultipleCreateNegativeTestJSON:setUpClass): 200 GET http://10.180.1.21/identity/v3/roles 0.022s
2025-03-12 21:29:32.660 68978 INFO tempest.lib.common.rest_client [req-93abaaee-c10e-4228-8d1a-4ee8eb4ac977 req-93abaaee-c10e-4228-8d1a-4ee8eb4ac977 ] Request (MigrationsAdminTest:test_list_migrations_in_flavor_resize_situation): 200 GET http://10.180.1.21/compute/v2.1/servers/d1f4a410-8029-42d8-9458-2979d5b18985 0.221s
2025-03-12 21:29:32.691 68970 INFO tempest.lib.common.rest_client [req-bb20b1ed-d36e-416a-8c47-082e3f54bd42 req-bb20b1ed-d36e-416a-8c47-082e3f54bd42 ] Request (MultipleCreateNegativeTestJSON:setUpClass): 204 PUT http://10.180.1.21/identity/v3/projects/c12e5328a90341e996262587f73553f5/users/cd56ff9d91404c958fae495fb75194e4/roles/1f5bae1c18084a07a5dc880bea902b6e 0.032s
2025-03-12 21:29:32.691 68970 INFO tempest.lib.common.dynamic_creds [-] Dynamic test user cd56ff9d91404c958fae495fb75194e4 is created with scope project and roles: ['member']
2025-03-12 21:29:32.692 68970 INFO tempest.lib.common.dynamic_creds [-] Acquired dynamic creds: credentials: Credentials: {'domain_id': 'default', 'domain_name': 'Default', 'username': 'tempest-MultipleCreateNegativeTestJSON-2094176182-project-member', 'project_domain_id': 'default', 'project_domain_name': 'Default', 'project_id': 'c12e5328a90341e996262587f73553f5', 'project_name': 'tempest-MultipleCreateNegativeTestJSON-2094176182', 'tenant_id': 'c12e5328a90341e996262587f73553f5', 'tenant_name': 'tempest-MultipleCreateNegativeTestJSON-2094176182', 'user_domain_id': 'default', 'user_domain_name': 'Default', 'user_id': 'cd56ff9d91404c958fae495fb75194e4', 'system': None}, Network: None, Subnet: None, Router: None
2025-03-12 21:29:32.692 68970 INFO tempest.lib.common.dynamic_creds [-] Created isolated network resources for: credentials: Credentials: {'domain_id': 'default', 'domain_name': 'Default', 'username': 'tempest-MultipleCreateNegativeTestJSON-2094176182-project-member', 'project_domain_id': 'default', 'project_domain_name': 'Default', 'project_id': 'c12e5328a90341e996262587f73553f5', 'project_name': 'tempest-MultipleCreateNegativeTestJSON-2094176182', 'tenant_id': 'c12e5328a90341e996262587f73553f5', 'tenant_name': 'tempest-MultipleCreateNegativeTestJSON-2094176182', 'user_domain_id': 'default', 'user_domain_name': 'Default', 'user_id': 'cd56ff9d91404c958fae495fb75194e4', 'system': None}, Network: None, Subnet: None, Router: None
2025-03-12 21:29:32.724 68944 INFO tempest.lib.common.rest_client [req-a1315fdc-47b2-4ee2-9858-579b2d27d717 req-a1315fdc-47b2-4ee2-9858-579b2d27d717 ] Request (SecurityGroupsTestJSON:test_security_groups_create_list_delete): 202 DELETE http://10.180.1.21/compute/v2.1/os-security-groups/76a5a3a3-146f-4add-92e7-bffe8f20c79c 0.205s
2025-03-12 21:29:32.751 68944 INFO tempest.lib.common.rest_client [req-d9740b5b-36bd-4380-9a32-efd82ffeb165 req-d9740b5b-36bd-4380-9a32-efd82ffeb165 ] Request (SecurityGroupsTestJSON:test_security_groups_create_list_delete): 404 GET http://10.180.1.21/compute/v2.1/os-security-groups/76a5a3a3-146f-4add-92e7-bffe8f20c79c 0.025s
2025-03-12 21:29:32.796 68970 INFO tempest.lib.common.rest_client [req-dc56525c-bee0-451e-9090-41e6714c5d96 req-dc56525c-bee0-451e-9090-41e6714c5d96 ] Request (MultipleCreateNegativeTestJSON:setUpClass): 201 POST http://10.180.1.21/identity/v3/auth/tokens 0.100s
2025-03-12 21:29:32.823 68962 INFO tempest.lib.common.rest_client [req-9596906d-564c-4bce-b9f5-a0244410f670 req-9596906d-564c-4bce-b9f5-a0244410f670 ] Request (DeleteServersTestJSON:test_delete_active_server): 200 GET http://10.180.1.21/compute/v2.1/servers/2798bb9e-2924-4fbe-91f5-cb29c417fe78 0.079s
2025-03-12 21:29:32.825 68970 INFO tempest.lib.common.rest_client [req-d93e8953-d929-401e-8141-1521212ea91b req-d93e8953-d929-401e-8141-1521212ea91b ] Request (MultipleCreateNegativeTestJSON:test_max_count_less_than_min_count): 201 POST http://10.180.1.21/identity/v3/auth/tokens 0.025s
2025-03-12 21:29:32.826 68970 INFO tempest.lib.common.fixed_network [-] (MultipleCreateNegativeTestJSON:test_max_count_less_than_min_count) Found network None available for tenant
2025-03-12 21:29:32.894 68944 INFO tempest.lib.common.rest_client [req-80498685-7a20-4e7f-ba3c-2edc1b99da17 req-80498685-7a20-4e7f-ba3c-2edc1b99da17 ] Request (SecurityGroupsTestJSON:test_security_groups_create_list_delete): 202 DELETE http://10.180.1.21/compute/v2.1/os-security-groups/39f14735-4c0c-47d5-955b-86c93f09fe9f 0.142s
2025-03-12 21:29:32.956 68940 INFO tempest.lib.common.rest_client [req-6a6b1deb-0b08-4108-b7dd-3c0d3ab385ad req-6a6b1deb-0b08-4108-b7dd-3c0d3ab385ad ] Request (ServersTestJSON:test_create_server_specify_multibyte_character_name): 200 GET http://10.180.1.21/compute/v2.1/servers/7ac22d65-87d4-4e6f-905b-90d908517ed0 0.148s
2025-03-12 21:29:32.989 68926 INFO tempest.lib.common.rest_client [req-587e8177-617f-48c6-ba73-b96b9db69950 req-587e8177-617f-48c6-ba73-b96b9db69950 ] Request (ListServerFiltersTestJSON:tearDownClass): 200 GET http://10.180.1.21/compute/v2.1/servers/c5dc9190-d11e-4fc1-93dd-107a5267886f 0.176s
2025-03-12 21:29:33.046 68970 INFO tempest.lib.common.rest_client [req-8ceff34f-4bcb-4ffa-b035-5921c0a649e3 req-8ceff34f-4bcb-4ffa-b035-5921c0a649e3 ] Request (MultipleCreateNegativeTestJSON:test_max_count_less_than_min_count): 400 POST http://10.180.1.21/compute/v2.1/servers 0.219s
2025-03-12 21:29:33.057 68974 INFO tempest.lib.common.rest_client [req-79255c35-6611-43f3-abca-2672406dbc07 req-79255c35-6611-43f3-abca-2672406dbc07 ] Request (ImagesOneServerTestJSON:setUpClass): 200 GET http://10.180.1.21/compute/v2.1/servers/cf75af4d-93b3-4bbb-b60c-8dd85c1d9d9d 0.192s
2025-03-12 21:29:33.070 68944 INFO tempest.lib.common.rest_client [req-bad05fa6-f7a9-4f4a-9886-e7273591c1a5 req-bad05fa6-f7a9-4f4a-9886-e7273591c1a5 ] Request (SecurityGroupsTestJSON:test_security_groups_create_list_delete): 404 GET http://10.180.1.21/compute/v2.1/os-security-groups/39f14735-4c0c-47d5-955b-86c93f09fe9f 0.176s
2025-03-12 21:29:33.079 68970 INFO tempest.lib.common.rest_client [req-f5b0bd26-89f6-43d5-9f6f-af997a01a314 req-f5b0bd26-89f6-43d5-9f6f-af997a01a314 ] Request (MultipleCreateNegativeTestJSON:test_max_count_less_than_one): 201 POST http://10.180.1.21/identity/v3/auth/tokens 0.028s
2025-03-12 21:29:33.080 68970 INFO tempest.lib.common.fixed_network [-] (MultipleCreateNegativeTestJSON:test_max_count_less_than_one) Found network None available for tenant
2025-03-12 21:29:33.123 68932 INFO tempest.lib.common.rest_client [req-f6f450c0-370a-42a4-bd58-fff36eaedf1d req-f6f450c0-370a-42a4-bd58-fff36eaedf1d ] Request (ServersAdminTestJSON:setUpClass): 200 GET http://10.180.1.21/compute/v2.1/servers/74bda310-8e1f-42da-9e25-0c52335ba195 0.115s
2025-03-12 21:29:33.230 68928 INFO tempest.lib.common.rest_client [req-52090a26-c794-40fc-8327-ba76898fc884 req-52090a26-c794-40fc-8327-ba76898fc884 ] Request (ServersAdminNegativeTestJSON:test_migrate_server_invalid_state): 200 GET http://10.180.1.21/compute/v2.1/servers/381deaa9-7935-4d31-9fb9-6ee36f3499a9 0.268s
2025-03-12 21:29:33.251 68950 WARNING tempest.lib.common.ssh [-] Failed to establish authenticated ssh connection to cirros@10.180.180.214 ([Errno None] Unable to connect to port 22 on 10.180.180.214). Number attempts: 5. Retry after 6 seconds.: paramiko.ssh_exception.NoValidConnectionsError: [Errno None] Unable to connect to port 22 on 10.180.180.214
2025-03-12 21:29:33.275 68944 INFO tempest.lib.common.rest_client [req-c22b6f0c-02de-45bf-9207-b7679ead6c16 req-c22b6f0c-02de-45bf-9207-b7679ead6c16 ] Request (SecurityGroupsTestJSON:test_security_groups_create_list_delete): 202 DELETE http://10.180.1.21/compute/v2.1/os-security-groups/3fc748a9-6d6b-44e0-9bf3-b8f57865216c 0.204s
2025-03-12 21:29:33.282 68970 INFO tempest.lib.common.rest_client [req-949701c1-be5a-4c79-87e1-b69567130c1e req-949701c1-be5a-4c79-87e1-b69567130c1e ] Request (MultipleCreateNegativeTestJSON:test_max_count_less_than_one): 400 POST http://10.180.1.21/compute/v2.1/servers 0.202s
2025-03-12 21:29:33.299 68968 INFO tempest.lib.common.rest_client [req-c04ff53a-d472-4eda-8d7b-03dc73fbac77 req-c04ff53a-d472-4eda-8d7b-03dc73fbac77 ] Request (TenantUsagesTestJSON:tearDownClass): 200 GET http://10.180.1.21/compute/v2.1/servers/cbe09b25-b49e-450f-9176-15b85e9e303a 0.224s
2025-03-12 21:29:33.320 68970 INFO tempest.lib.common.rest_client [req-0fa40a47-472a-43ed-97e1-1447b03874e9 req-0fa40a47-472a-43ed-97e1-1447b03874e9 ] Request (MultipleCreateNegativeTestJSON:test_max_count_non_integer): 201 POST http://10.180.1.21/identity/v3/auth/tokens 0.035s
2025-03-12 21:29:33.321 68970 INFO tempest.lib.common.fixed_network [-] (MultipleCreateNegativeTestJSON:test_max_count_non_integer) Found network None available for tenant
2025-03-12 21:29:33.361 68936 INFO tempest.lib.common.rest_client [req-ad26a4f2-4db1-4f1a-9283-3bd361578a9d req-ad26a4f2-4db1-4f1a-9283-3bd361578a9d ] Request (ServerDiagnosticsV248Test:tearDownClass): 200 GET http://10.180.1.21/compute/v2.1/servers/e531bf63-79c8-4f6a-b8a9-60930da933ba 0.280s
2025-03-12 21:29:33.364 68922 INFO tempest.lib.common.rest_client [req-ee6067b4-620a-45ec-8069-1be3783ebaac req-ee6067b4-620a-45ec-8069-1be3783ebaac ] Request (ListImageFiltersTestJSON:setUpClass): 200 GET http://10.180.1.21/compute/v2.1/servers/f009d542-950f-4cd2-b03c-7d9a5b82d921 0.243s
2025-03-12 21:29:33.378 68948 WARNING tempest.lib.common.ssh [-] Failed to establish authenticated ssh connection to cirros@10.180.180.221 ([Errno None] Unable to connect to port 22 on 10.180.180.221). Number attempts: 6. Retry after 7 seconds.: paramiko.ssh_exception.NoValidConnectionsError: [Errno None] Unable to connect to port 22 on 10.180.180.221
2025-03-12 21:29:33.416 68916 INFO tempest.lib.common.rest_client [req-d2e3f555-3f3f-48ca-bd9f-5d2dddeeb562 req-d2e3f555-3f3f-48ca-bd9f-5d2dddeeb562 ] Request (AttachInterfacesUnderV243Test:test_add_remove_fixed_ip): 200 GET http://10.180.1.21/compute/v2.1/servers/9172c277-4b51-4c2d-b86b-4e70028eca7f 0.247s
2025-03-12 21:29:33.468 68964 INFO tempest.lib.common.rest_client [req-9ab47e8c-e0d5-4a79-b75e-b2269adcb990 req-9ab47e8c-e0d5-4a79-b75e-b2269adcb990 ] Request (DeleteServersAdminTestJSON:test_delete_server_while_in_error_state): 200 GET http://10.180.1.21/compute/v2.1/servers/b6bc3cbc-2cee-4470-a436-d11518ec54fa 0.293s
2025-03-12 21:29:33.483 68918 INFO tempest.lib.common.rest_client [req-ad2b89ab-acb2-46ab-999d-3809134e9ae7 req-ad2b89ab-acb2-46ab-999d-3809134e9ae7 ] Request (FloatingIPsAssociationTestJSON:setUpClass): 200 GET http://10.180.1.21/compute/v2.1/servers/544b1215-eb04-4ea0-82ef-1ba86cbff201 0.352s
2025-03-12 21:29:33.490 68918 INFO tempest.common.waiters [-] State transition "BUILD/networking" ==> "BUILD/block_device_mapping" after 38 second wait
2025-03-12 21:29:33.503 68944 INFO tempest.lib.common.rest_client [req-59045def-b9fa-466a-b40f-a0ea00be6f45 req-59045def-b9fa-466a-b40f-a0ea00be6f45 ] Request (SecurityGroupsTestJSON:test_security_groups_create_list_delete): 404 GET http://10.180.1.21/compute/v2.1/os-security-groups/3fc748a9-6d6b-44e0-9bf3-b8f57865216c 0.227s
2025-03-12 21:29:33.531 68934 INFO tempest.lib.common.rest_client [req-d68381c0-d4e7-4123-a7e0-5e11b977faa2 req-d68381c0-d4e7-4123-a7e0-5e11b977faa2 ] Request (ServersAdmin275Test:test_rebuild_update_server_275): 200 GET http://10.180.1.21/compute/v2.1/servers/14c46ebc-c084-4943-9721-bab5623654e0 0.300s
2025-03-12 21:29:33.536 68970 INFO tempest.lib.common.rest_client [req-a02c68a4-5059-441f-b9aa-69f0f8d0e6bc req-a02c68a4-5059-441f-b9aa-69f0f8d0e6bc ] Request (MultipleCreateNegativeTestJSON:test_max_count_non_integer): 400 POST http://10.180.1.21/compute/v2.1/servers 0.214s
2025-03-12 21:29:33.567 68970 INFO tempest.lib.common.rest_client [req-5c3ddc85-90ae-4d37-a8a5-a14d593c6096 req-5c3ddc85-90ae-4d37-a8a5-a14d593c6096 ] Request (MultipleCreateNegativeTestJSON:test_min_count_less_than_one): 201 POST http://10.180.1.21/identity/v3/auth/tokens 0.027s
2025-03-12 21:29:33.568 68970 INFO tempest.lib.common.fixed_network [-] (MultipleCreateNegativeTestJSON:test_min_count_less_than_one) Found network None available for tenant
2025-03-12 21:29:33.579 68938 INFO tempest.lib.common.rest_client [req-558acf25-457f-4796-9a2a-22af77fc548e req-558acf25-457f-4796-9a2a-22af77fc548e ] Request (ServerActionsV293TestJSON:setUpClass): 200 GET http://10.180.1.21/compute/v2.1/servers/a5aae937-9db7-4f5e-b907-91d0654e1625 0.292s
2025-03-12 21:29:33.582 68920 INFO tempest.lib.common.rest_client [req-ce366044-0b46-40fa-a591-50eababb1102 req-ce366044-0b46-40fa-a591-50eababb1102 ] Request (ServersTestMultiNic:test_verify_duplicate_network_nics): 200 GET http://10.180.1.21/compute/v2.1/servers/8bfb3d1a-62f5-4781-949f-533f968c9d64 0.232s
2025-03-12 21:29:33.630 68930 INFO tempest.lib.common.rest_client [req-9bee9c67-99e3-4b02-a24b-fecbeb7971c9 req-9bee9c67-99e3-4b02-a24b-fecbeb7971c9 ] Request (ServerMetadataTestJSON:setUpClass): 200 GET http://10.180.1.21/compute/v2.1/servers/1e358274-7d2a-42c3-af65-387f347f8925 0.231s
2025-03-12 21:29:33.632 68952 INFO tempest.lib.common.rest_client [req-8a6a5e54-00df-4420-b382-95cf2ec3e91d req-8a6a5e54-00df-4420-b382-95cf2ec3e91d ] Request (ImagesNegativeTestJSON:test_create_image_from_deleted_server): 200 GET http://10.180.1.21/compute/v2.1/servers/23cc8440-a4d2-44a1-a601-1e885eff80a2 0.280s
2025-03-12 21:29:33.635 68946 WARNING tempest.lib.common.ssh [-] Failed to establish authenticated ssh connection to cirros@10.180.180.158 ([Errno None] Unable to connect to port 22 on 10.180.180.158). Number attempts: 2. Retry after 3 seconds.: paramiko.ssh_exception.NoValidConnectionsError: [Errno None] Unable to connect to port 22 on 10.180.180.158
2025-03-12 21:29:33.674 68966 INFO tempest.lib.common.rest_client [req-2c106625-9d4f-4abc-864c-2cb0eeee86f4 req-2c106625-9d4f-4abc-864c-2cb0eeee86f4 ] Request (ServerRescueTestJSON:setUpClass): 200 GET http://10.180.1.21/compute/v2.1/servers/dd97f7fd-2d0b-4be4-a329-748a9cf9af29 0.270s
2025-03-12 21:29:33.724 68944 INFO tempest.lib.common.rest_client [req-f2ca79e2-29d6-4c52-b32d-977adbc48a8d req-f2ca79e2-29d6-4c52-b32d-977adbc48a8d ] Request (SecurityGroupsTestJSON:test_security_groups_create_list_delete): 200 GET http://10.180.1.21/compute/v2.1/os-security-groups 0.220s
2025-03-12 21:29:33.730 68970 INFO tempest.lib.common.rest_client [req-ecd10a5f-e14d-4b11-bb05-1dccadbd0f47 req-ecd10a5f-e14d-4b11-bb05-1dccadbd0f47 ] Request (MultipleCreateNegativeTestJSON:test_min_count_less_than_one): 400 POST http://10.180.1.21/compute/v2.1/servers 0.161s
2025-03-12 21:29:33.763 68943 WARNING tempest.lib.common.ssh [-] Failed to establish authenticated ssh connection to cirros@10.180.180.239 ([Errno None] Unable to connect to port 22 on 10.180.180.239). Number attempts: 2. Retry after 3 seconds.: paramiko.ssh_exception.NoValidConnectionsError: [Errno None] Unable to connect to port 22 on 10.180.180.239
2025-03-12 21:29:33.769 68960 INFO tempest.lib.common.rest_client [req-088a3269-1391-41ad-bd24-451c334bdf7d req-088a3269-1391-41ad-bd24-451c334bdf7d ] Request (InstanceActionsTestJSON:setUpClass): 200 GET http://10.180.1.21/compute/v2.1/servers/91948ae2-5ced-4505-958c-4d35577cd24e 0.239s
2025-03-12 21:29:33.770 68970 INFO tempest.lib.common.rest_client [req-a8ba5ad4-f8c6-477e-8496-46b12d060b68 req-a8ba5ad4-f8c6-477e-8496-46b12d060b68 ] Request (MultipleCreateNegativeTestJSON:test_min_count_non_integer): 201 POST http://10.180.1.21/identity/v3/auth/tokens 0.034s
2025-03-12 21:29:33.771 68970 INFO tempest.lib.common.fixed_network [-] (MultipleCreateNegativeTestJSON:test_min_count_non_integer) Found network None available for tenant
2025-03-12 21:29:33.782 68924 INFO tempest.lib.common.rest_client [req-a4006b0e-36c5-41b5-a7d3-7d5fbcc13bed req-a4006b0e-36c5-41b5-a7d3-7d5fbcc13bed ] Request (ServerActionsTestOtherB:setUpClass): 200 GET http://10.180.1.21/compute/v2.1/servers/c61ee34d-013c-48f9-a317-64fd8e3c3b50 0.175s
2025-03-12 21:29:33.877 68944 INFO tempest.lib.common.rest_client [req-e2b59cf1-8010-449b-9555-40c11a446bd5 req-e2b59cf1-8010-449b-9555-40c11a446bd5 ] Request (SecurityGroupsTestJSON:test_server_security_groups): 200 POST http://10.180.1.21/compute/v2.1/os-security-groups 0.149s
2025-03-12 21:29:33.882 68970 INFO tempest.lib.common.rest_client [req-26fe50ce-8f7c-47d7-91bf-4e084d044790 req-26fe50ce-8f7c-47d7-91bf-4e084d044790 ] Request (MultipleCreateNegativeTestJSON:test_min_count_non_integer): 400 POST http://10.180.1.21/compute/v2.1/servers 0.111s
2025-03-12 21:29:33.892 68978 INFO tempest.lib.common.rest_client [req-fcbd6390-4c03-402c-8c22-c7f2f3573366 req-fcbd6390-4c03-402c-8c22-c7f2f3573366 ] Request (MigrationsAdminTest:test_list_migrations_in_flavor_resize_situation): 200 GET http://10.180.1.21/compute/v2.1/servers/d1f4a410-8029-42d8-9458-2979d5b18985 0.219s
2025-03-12 21:29:33.946 68962 INFO tempest.lib.common.rest_client [req-1892a2de-47df-4521-9903-1d7869d98ea9 req-1892a2de-47df-4521-9903-1d7869d98ea9 ] Request (DeleteServersTestJSON:test_delete_active_server): 200 GET http://10.180.1.21/compute/v2.1/servers/2798bb9e-2924-4fbe-91f5-cb29c417fe78 0.108s
2025-03-12 21:29:33.989 68944 INFO tempest.lib.common.rest_client [req-50847787-34f0-4ee4-9fa2-fab0891dd531 req-50847787-34f0-4ee4-9fa2-fab0891dd531 ] Request (SecurityGroupsTestJSON:test_server_security_groups): 200 POST http://10.180.1.21/compute/v2.1/os-security-groups 0.110s
2025-03-12 21:29:34.041 68970 INFO tempest.lib.common.rest_client [req-52711275-a303-4872-804b-e3d478b1f3fe req-52711275-a303-4872-804b-e3d478b1f3fe ] Request (MultipleCreateNegativeTestJSON:tearDownClass): 204 DELETE http://10.180.1.21/identity/v3/users/cd56ff9d91404c958fae495fb75194e4 0.157s
2025-03-12 21:29:34.042 68970 INFO tempest.lib.common.dynamic_creds [-] Deleting project and security group for project: c12e5328a90341e996262587f73553f5
2025-03-12 21:29:34.065 68944 INFO tempest.lib.common.rest_client [req-0119c8f2-909b-49c3-b71e-0284d68cdeb8 req-0119c8f2-909b-49c3-b71e-0284d68cdeb8 ] Request (SecurityGroupsTestJSON:test_server_security_groups): 201 POST http://10.180.1.21/identity/v3/auth/tokens 0.070s
2025-03-12 21:29:34.065 68944 INFO tempest.lib.common.fixed_network [-] (SecurityGroupsTestJSON:test_server_security_groups) Found network {'id': 'b75bd8ac-0496-45cf-b6af-c1320dac99a3', 'name': 'tempest-SecurityGroupsTestJSON-511444467-network', 'tenant_id': 'b74be75d89574f11a731c23bffe9954b', 'admin_state_up': True, 'mtu': 8950, 'status': 'ACTIVE', 'subnets': [], 'shared': False, 'project_id': 'b74be75d89574f11a731c23bffe9954b', 'port_security_enabled': True, 'router:external': False, 'provider:network_type': 'vlan', 'provider:physical_network': 'default', 'provider:segmentation_id': 654, 'availability_zone_hints': [], 'availability_zones': [], 'ipv4_address_scope': None, 'ipv6_address_scope': None, 'description': '', 'tags': [], 'created_at': '2025-03-12T21:28:34Z', 'updated_at': '2025-03-12T21:28:34Z', 'revision_number': 1} available for tenant
2025-03-12 21:29:34.067 68926 INFO tempest.lib.common.rest_client [req-26fda3a3-242b-4707-ad42-be55c95c72c5 req-26fda3a3-242b-4707-ad42-be55c95c72c5 ] Request (ListServerFiltersTestJSON:tearDownClass): 200 GET http://10.180.1.21/compute/v2.1/servers/c5dc9190-d11e-4fc1-93dd-107a5267886f 0.064s
2025-03-12 21:29:34.077 68940 INFO tempest.lib.common.rest_client [req-45bf55b9-46e9-4573-bb72-102f6e0940ab req-45bf55b9-46e9-4573-bb72-102f6e0940ab ] Request (ServersTestJSON:test_create_server_specify_multibyte_character_name): 200 GET http://10.180.1.21/compute/v2.1/servers/7ac22d65-87d4-4e6f-905b-90d908517ed0 0.111s
2025-03-12 21:29:34.107 68970 INFO tempest.lib.common.rest_client [req-08dacacc-9dc0-4839-ac56-0753a4608e35 req-08dacacc-9dc0-4839-ac56-0753a4608e35 ] Request (MultipleCreateNegativeTestJSON:tearDownClass): 201 POST http://10.180.1.21/identity/v3/auth/tokens 0.065s
2025-03-12 21:29:34.130 68974 INFO tempest.lib.common.rest_client [req-b93486f6-c0e0-480e-9052-15d89dcd3543 req-b93486f6-c0e0-480e-9052-15d89dcd3543 ] Request (ImagesOneServerTestJSON:setUpClass): 200 GET http://10.180.1.21/compute/v2.1/servers/cf75af4d-93b3-4bbb-b60c-8dd85c1d9d9d 0.064s
2025-03-12 21:29:34.186 68932 INFO tempest.lib.common.rest_client [req-30e00359-7b7f-46f9-8fca-f424c69ad480 req-30e00359-7b7f-46f9-8fca-f424c69ad480 ] Request (ServersAdminTestJSON:setUpClass): 200 GET http://10.180.1.21/compute/v2.1/servers/74bda310-8e1f-42da-9e25-0c52335ba195 0.053s
2025-03-12 21:29:34.356 68928 INFO tempest.lib.common.rest_client [req-fad5a595-0cea-4bc4-91e9-d167c40f8f3b req-fad5a595-0cea-4bc4-91e9-d167c40f8f3b ] Request (ServersAdminNegativeTestJSON:test_migrate_server_invalid_state): 200 GET http://10.180.1.21/compute/v2.1/servers/381deaa9-7935-4d31-9fb9-6ee36f3499a9 0.118s
2025-03-12 21:29:34.372 68970 INFO tempest.lib.common.rest_client [req-0ab5ab73-7f28-4a1f-9b1a-40fa6cb5e79a req-0ab5ab73-7f28-4a1f-9b1a-40fa6cb5e79a ] Request (MultipleCreateNegativeTestJSON:tearDownClass): 200 GET http://10.180.1.21:9696/networking/v2.0/security-groups?tenant_id=c12e5328a90341e996262587f73553f5&name=default 0.265s
2025-03-12 21:29:34.378 68968 INFO tempest.lib.common.rest_client [req-272b72f5-a3f1-4f80-b92e-e2735a0b0edd req-272b72f5-a3f1-4f80-b92e-e2735a0b0edd ] Request (TenantUsagesTestJSON:tearDownClass): 404 GET http://10.180.1.21/compute/v2.1/servers/cbe09b25-b49e-450f-9176-15b85e9e303a 0.070s
2025-03-12 21:29:34.446 68968 INFO tempest.lib.common.rest_client [req-f0ce567d-eb7a-4c64-a8e0-067f7da66171 req-f0ce567d-eb7a-4c64-a8e0-067f7da66171 ] Request (TenantUsagesTestJSON:tearDownClass): 204 DELETE http://10.180.1.21/identity/v3/users/d9167a75c7534f268d542a86e380113f 0.066s
2025-03-12 21:29:34.448 68922 INFO tempest.lib.common.rest_client [req-6c6b747f-1648-4bf0-b7ff-71a187183772 req-6c6b747f-1648-4bf0-b7ff-71a187183772 ] Request (ListImageFiltersTestJSON:setUpClass): 200 GET http://10.180.1.21/compute/v2.1/servers/f009d542-950f-4cd2-b03c-7d9a5b82d921 0.073s
2025-03-12 21:29:34.462 68970 INFO tempest.lib.common.rest_client [req-6cd04ed1-e1d3-4ec7-968b-f7eba18d8572 req-6cd04ed1-e1d3-4ec7-968b-f7eba18d8572 ] Request (MultipleCreateNegativeTestJSON:tearDownClass): 204 DELETE http://10.180.1.21:9696/networking/v2.0/security-groups/3c5ead26-8557-479d-a410-914e68fd60c4 0.089s
2025-03-12 21:29:34.463 68944 INFO tempest.lib.common.rest_client [req-40f31c77-cb40-4f7c-90d0-3f029bafdb60 req-40f31c77-cb40-4f7c-90d0-3f029bafdb60 ] Request (SecurityGroupsTestJSON:test_server_security_groups): 202 POST http://10.180.1.21/compute/v2.1/servers 0.397s
2025-03-12 21:29:34.527 68916 INFO tempest.lib.common.rest_client [req-5f9dd4a1-54c9-42f2-b2bf-a6c6c44944b8 req-5f9dd4a1-54c9-42f2-b2bf-a6c6c44944b8 ] Request (AttachInterfacesUnderV243Test:test_add_remove_fixed_ip): 200 GET http://10.180.1.21/compute/v2.1/servers/9172c277-4b51-4c2d-b86b-4e70028eca7f 0.101s
2025-03-12 21:29:34.534 68936 INFO tempest.lib.common.rest_client [req-a05f08a6-3703-4312-903a-19d44b907cc8 req-a05f08a6-3703-4312-903a-19d44b907cc8 ] Request (ServerDiagnosticsV248Test:tearDownClass): 200 GET http://10.180.1.21/compute/v2.1/servers/e531bf63-79c8-4f6a-b8a9-60930da933ba 0.156s
2025-03-12 21:29:34.581 68944 INFO tempest.lib.common.rest_client [req-3e4b9d61-dbfc-4a6c-b91c-c7fdd77ceae1 req-3e4b9d61-dbfc-4a6c-b91c-c7fdd77ceae1 ] Request (SecurityGroupsTestJSON:test_server_security_groups): 200 GET http://10.180.1.21/compute/v2.1/servers/0a466d74-4aea-4601-9b46-865c29d21e8a 0.111s
2025-03-12 21:29:34.589 68970 INFO tempest.lib.common.rest_client [req-cd0f1782-6262-408d-bd1b-a72a708a3d64 req-cd0f1782-6262-408d-bd1b-a72a708a3d64 ] Request (MultipleCreateNegativeTestJSON:tearDownClass): 204 DELETE http://10.180.1.21/identity/v3/projects/c12e5328a90341e996262587f73553f5 0.127s
2025-03-12 21:29:34.607 68964 INFO tempest.lib.common.rest_client [req-0ce894ed-f20b-4961-8132-f340fd279c66 req-0ce894ed-f20b-4961-8132-f340fd279c66 ] Request (DeleteServersAdminTestJSON:test_delete_server_while_in_error_state): 200 GET http://10.180.1.21/compute/v2.1/servers/b6bc3cbc-2cee-4470-a436-d11518ec54fa 0.127s
2025-03-12 21:29:34.633 68968 INFO tempest.lib.common.rest_client [req-34da2234-8d65-4c76-9a5f-4fa02db861c5 req-34da2234-8d65-4c76-9a5f-4fa02db861c5 ] Request (TenantUsagesTestJSON:tearDownClass): 204 DELETE http://10.180.1.21/identity/v3/users/0a7aeb1530b74fff98f7472aa8e53a7e 0.187s
2025-03-12 21:29:34.633 68968 INFO tempest.lib.common.dynamic_creds [-] Deleting project and security group for project: bf65e3be2e4948d79062f08cdf55fa83
2025-03-12 21:29:34.662 68934 INFO tempest.lib.common.rest_client [req-795ea726-0909-42c7-a993-3e3e74be8a2d req-795ea726-0909-42c7-a993-3e3e74be8a2d ] Request (ServersAdmin275Test:test_rebuild_update_server_275): 200 GET http://10.180.1.21/compute/v2.1/servers/14c46ebc-c084-4943-9721-bab5623654e0 0.121s
2025-03-12 21:29:34.663 68970 INFO tempest.lib.common.rest_client [req-dce2e751-4c48-43ea-90e9-efc2eea10248 req-dce2e751-4c48-43ea-90e9-efc2eea10248 ] Request (ServerAddressesTestJSON:setUpClass): 201 POST http://10.180.1.21/identity/v3/auth/tokens 0.072s
2025-03-12 21:29:34.697 68968 INFO tempest.lib.common.rest_client [req-4918f5d5-89fc-43c7-878a-7a79fa3169c6 req-4918f5d5-89fc-43c7-878a-7a79fa3169c6 ] Request (TenantUsagesTestJSON:tearDownClass): 201 POST http://10.180.1.21/identity/v3/auth/tokens 0.063s
2025-03-12 21:29:34.715 68918 INFO tempest.lib.common.rest_client [req-a8d08ba2-953f-4560-bb8b-9d2cfce99b98 req-a8d08ba2-953f-4560-bb8b-9d2cfce99b98 ] Request (FloatingIPsAssociationTestJSON:setUpClass): 200 GET http://10.180.1.21/compute/v2.1/servers/544b1215-eb04-4ea0-82ef-1ba86cbff201 0.222s
2025-03-12 21:29:34.727 68918 INFO tempest.common.waiters [-] State transition "BUILD/block_device_mapping" ==> "BUILD/spawning" after 39 second wait
2025-03-12 21:29:34.731 68970 INFO tempest.lib.common.rest_client [req-97d46733-f4a4-4419-98b2-a60afa71a53d req-97d46733-f4a4-4419-98b2-a60afa71a53d ] Request (ServerAddressesTestJSON:setUpClass): 201 POST http://10.180.1.21/identity/v3/auth/tokens 0.062s
2025-03-12 21:29:34.735 68920 INFO tempest.lib.common.rest_client [req-1f2bcfbc-16a2-4727-8130-38013f64274a req-1f2bcfbc-16a2-4727-8130-38013f64274a ] Request (ServersTestMultiNic:test_verify_duplicate_network_nics): 200 GET http://10.180.1.21/compute/v2.1/servers/8bfb3d1a-62f5-4781-949f-533f968c9d64 0.144s
2025-03-12 21:29:34.769 68970 INFO tempest.lib.common.rest_client [req-8c3a58d4-6534-4540-9eae-39bf561667e0 req-8c3a58d4-6534-4540-9eae-39bf561667e0 ] Request (ServerAddressesTestJSON:setUpClass): 200 GET http://10.180.1.21/identity/v3/domains?name=Default 0.037s
2025-03-12 21:29:34.784 68938 INFO tempest.lib.common.rest_client [req-f71dad11-5300-47a9-8edc-01af38746751 req-f71dad11-5300-47a9-8edc-01af38746751 ] Request (ServerActionsV293TestJSON:setUpClass): 200 GET http://10.180.1.21/compute/v2.1/servers/a5aae937-9db7-4f5e-b907-91d0654e1625 0.192s
2025-03-12 21:29:34.803 68930 INFO tempest.lib.common.rest_client [req-40a02c28-e220-4bad-a3cf-0af268d4a4a2 req-40a02c28-e220-4bad-a3cf-0af268d4a4a2 ] Request (ServerMetadataTestJSON:setUpClass): 200 GET http://10.180.1.21/compute/v2.1/servers/1e358274-7d2a-42c3-af65-387f347f8925 0.164s
2025-03-12 21:29:34.806 68970 INFO tempest.lib.common.rest_client [req-9cdc337f-e857-4a0d-ad63-0442cb2cb460 req-9cdc337f-e857-4a0d-ad63-0442cb2cb460 ] Request (ServerAddressesTestJSON:setUpClass): 201 POST http://10.180.1.21/identity/v3/projects 0.037s
2025-03-12 21:29:34.849 68952 INFO tempest.lib.common.rest_client [req-f35bec43-fb99-4d33-97df-88b768330ce5 req-f35bec43-fb99-4d33-97df-88b768330ce5 ] Request (ImagesNegativeTestJSON:test_create_image_from_deleted_server): 200 GET http://10.180.1.21/compute/v2.1/servers/23cc8440-a4d2-44a1-a601-1e885eff80a2 0.208s
2025-03-12 21:29:34.874 68970 INFO tempest.lib.common.rest_client [req-23642c0b-f478-4a41-b79b-c0f5cf569830 req-23642c0b-f478-4a41-b79b-c0f5cf569830 ] Request (ServerAddressesTestJSON:setUpClass): 201 POST http://10.180.1.21/identity/v3/users 0.066s
2025-03-12 21:29:34.877 68966 INFO tempest.lib.common.rest_client [req-bf86c0d7-759d-487f-aeb5-ddd2539bed97 req-bf86c0d7-759d-487f-aeb5-ddd2539bed97 ] Request (ServerRescueTestJSON:setUpClass): 200 GET http://10.180.1.21/compute/v2.1/servers/dd97f7fd-2d0b-4be4-a329-748a9cf9af29 0.195s
2025-03-12 21:29:34.907 68968 INFO tempest.lib.common.rest_client [req-fec89efc-f70a-44d2-a65f-b0a91537da93 req-fec89efc-f70a-44d2-a65f-b0a91537da93 ] Request (TenantUsagesTestJSON:tearDownClass): 200 GET http://10.180.1.21:9696/networking/v2.0/security-groups?tenant_id=bf65e3be2e4948d79062f08cdf55fa83&name=default 0.210s
2025-03-12 21:29:34.907 68970 INFO tempest.lib.common.rest_client [req-849bd1d4-61db-484f-bf88-dfcc0acb08c3 req-849bd1d4-61db-484f-bf88-dfcc0acb08c3 ] Request (ServerAddressesTestJSON:setUpClass): 200 GET http://10.180.1.21/identity/v3/roles 0.032s
2025-03-12 21:29:34.939 68970 INFO tempest.lib.common.rest_client [req-850396f7-239c-46fe-9dd1-b9a04a01ad18 req-850396f7-239c-46fe-9dd1-b9a04a01ad18 ] Request (ServerAddressesTestJSON:setUpClass): 204 PUT http://10.180.1.21/identity/v3/projects/dddb6e8e287949dbaba6d7c35ce42335/users/dc9d1768cc1449418f05e2ca2b994caf/roles/1f5bae1c18084a07a5dc880bea902b6e 0.032s
2025-03-12 21:29:34.939 68970 INFO tempest.lib.common.dynamic_creds [-] Dynamic test user dc9d1768cc1449418f05e2ca2b994caf is created with scope project and roles: ['member']
2025-03-12 21:29:34.939 68970 INFO tempest.lib.common.dynamic_creds [-] Acquired dynamic creds: credentials: Credentials: {'domain_id': 'default', 'domain_name': 'Default', 'username': 'tempest-ServerAddressesTestJSON-937491891-project-member', 'project_domain_id': 'default', 'project_domain_name': 'Default', 'project_id': 'dddb6e8e287949dbaba6d7c35ce42335', 'project_name': 'tempest-ServerAddressesTestJSON-937491891', 'tenant_id': 'dddb6e8e287949dbaba6d7c35ce42335', 'tenant_name': 'tempest-ServerAddressesTestJSON-937491891', 'user_domain_id': 'default', 'user_domain_name': 'Default', 'user_id': 'dc9d1768cc1449418f05e2ca2b994caf', 'system': None}, Network: None, Subnet: None, Router: None
2025-03-12 21:29:34.983 68960 INFO tempest.lib.common.rest_client [req-d0a1a343-a8d4-4051-9deb-3c84f771dfea req-d0a1a343-a8d4-4051-9deb-3c84f771dfea ] Request (InstanceActionsTestJSON:setUpClass): 200 GET http://10.180.1.21/compute/v2.1/servers/91948ae2-5ced-4505-958c-4d35577cd24e 0.204s
2025-03-12 21:29:34.995 68960 INFO tempest.common.waiters [-] State transition "BUILD/spawning" ==> "ACTIVE/None" after 43 second wait
2025-03-12 21:29:35.008 68970 INFO tempest.lib.common.rest_client [req-b72edb4f-ac11-4d96-83b2-2194559ff09e req-b72edb4f-ac11-4d96-83b2-2194559ff09e ] Request (ServerAddressesTestJSON:setUpClass): 201 POST http://10.180.1.21/identity/v3/auth/tokens 0.068s
2025-03-12 21:29:35.088 68978 INFO tempest.lib.common.rest_client [req-392dd487-eabb-4825-b3a2-335715792d3b req-392dd487-eabb-4825-b3a2-335715792d3b ] Request (MigrationsAdminTest:test_list_migrations_in_flavor_resize_situation): 200 GET http://10.180.1.21/compute/v2.1/servers/d1f4a410-8029-42d8-9458-2979d5b18985 0.186s
2025-03-12 21:29:35.148 68962 INFO tempest.lib.common.rest_client [req-5f1e36f8-c5fb-49f3-929a-18b9632522cc req-5f1e36f8-c5fb-49f3-929a-18b9632522cc ] Request (DeleteServersTestJSON:test_delete_active_server): 200 GET http://10.180.1.21/compute/v2.1/servers/2798bb9e-2924-4fbe-91f5-cb29c417fe78 0.193s
2025-03-12 21:29:35.181 68960 INFO tempest.lib.common.rest_client [req-2e8ac722-9f06-430e-b6f7-ee7d990cabc1 req-2e8ac722-9f06-430e-b6f7-ee7d990cabc1 ] Request (InstanceActionsTestJSON:test_get_instance_action): 200 GET http://10.180.1.21/compute/v2.1/servers/91948ae2-5ced-4505-958c-4d35577cd24e/os-instance-actions/req-dba01714-e3a8-4722-af15-3349ca9b49fa 0.185s
2025-03-12 21:29:35.189 68924 INFO tempest.lib.common.rest_client [req-7102a38d-a93e-4803-b6d2-4a6a9e156adb req-7102a38d-a93e-4803-b6d2-4a6a9e156adb ] Request (ServerActionsTestOtherB:setUpClass): 200 GET http://10.180.1.21/compute/v2.1/servers/c61ee34d-013c-48f9-a317-64fd8e3c3b50 0.394s
2025-03-12 21:29:35.251 68926 INFO tempest.lib.common.rest_client [req-2a5432e4-b62e-419a-a2dc-30e1fdc7276c req-2a5432e4-b62e-419a-a2dc-30e1fdc7276c ] Request (ListServerFiltersTestJSON:tearDownClass): 200 GET http://10.180.1.21/compute/v2.1/servers/c5dc9190-d11e-4fc1-93dd-107a5267886f 0.168s
2025-03-12 21:29:35.266 68968 INFO tempest.lib.common.rest_client [req-183ea099-ca72-40a5-9f39-e5ec2288c46f req-183ea099-ca72-40a5-9f39-e5ec2288c46f ] Request (TenantUsagesTestJSON:tearDownClass): 204 DELETE http://10.180.1.21:9696/networking/v2.0/security-groups/d91f7a56-5db1-44d3-abbe-5cee63568e34 0.359s
2025-03-12 21:29:35.296 68970 INFO tempest.lib.common.rest_client [req-cf0be930-6ddb-4b28-80dc-b30cb61f9376 req-cf0be930-6ddb-4b28-80dc-b30cb61f9376 ] Request (ServerAddressesTestJSON:setUpClass): 201 POST http://10.180.1.21:9696/networking/v2.0/networks 0.287s
2025-03-12 21:29:35.317 68974 INFO tempest.lib.common.rest_client [req-bf62d887-390c-43fd-b5bc-1f7ce1467b05 req-bf62d887-390c-43fd-b5bc-1f7ce1467b05 ] Request (ImagesOneServerTestJSON:setUpClass): 200 GET http://10.180.1.21/compute/v2.1/servers/cf75af4d-93b3-4bbb-b60c-8dd85c1d9d9d 0.179s
2025-03-12 21:29:35.321 68940 INFO tempest.lib.common.rest_client [req-0db8c9e3-4e52-4702-a48d-859e6b4353e7 req-0db8c9e3-4e52-4702-a48d-859e6b4353e7 ] Request (ServersTestJSON:test_create_server_specify_multibyte_character_name): 200 GET http://10.180.1.21/compute/v2.1/servers/7ac22d65-87d4-4e6f-905b-90d908517ed0 0.233s
2025-03-12 21:29:35.369 68968 INFO tempest.lib.common.rest_client [req-f9b4df74-12cd-4dc6-aa15-48ae48151d05 req-f9b4df74-12cd-4dc6-aa15-48ae48151d05 ] Request (TenantUsagesTestJSON:tearDownClass): 204 DELETE http://10.180.1.21/identity/v3/projects/bf65e3be2e4948d79062f08cdf55fa83 0.102s
2025-03-12 21:29:35.369 68968 INFO tempest.lib.common.dynamic_creds [-] Deleting project and security group for project: d900e47270b04d7c81567d85ca0f909e
2025-03-12 21:29:35.380 68932 INFO tempest.lib.common.rest_client [req-a7fc3204-6039-4bcd-ba0d-37908fadaccc req-a7fc3204-6039-4bcd-ba0d-37908fadaccc ] Request (ServersAdminTestJSON:setUpClass): 200 GET http://10.180.1.21/compute/v2.1/servers/74bda310-8e1f-42da-9e25-0c52335ba195 0.185s
2025-03-12 21:29:35.395 68968 INFO tempest.lib.common.rest_client [req-7da0f023-42c5-46c3-b059-904de0d9d933 req-7da0f023-42c5-46c3-b059-904de0d9d933 ] Request (TenantUsagesTestJSON:tearDownClass): 200 GET http://10.180.1.21:9696/networking/v2.0/security-groups?tenant_id=d900e47270b04d7c81567d85ca0f909e&name=default 0.026s
2025-03-12 21:29:35.401 68960 INFO tempest.lib.common.rest_client [req-a71dbcd5-e11f-4c89-b881-7d1105cb59e1 req-a71dbcd5-e11f-4c89-b881-7d1105cb59e1 ] Request (InstanceActionsTestJSON:test_list_instance_actions): 202 POST http://10.180.1.21/compute/v2.1/servers/91948ae2-5ced-4505-958c-4d35577cd24e/action 0.207s
2025-03-12 21:29:35.510 68928 INFO tempest.lib.common.rest_client [req-fe7ebf44-ea7d-4ab9-9902-cf554cc61dc8 req-fe7ebf44-ea7d-4ab9-9902-cf554cc61dc8 ] Request (ServersAdminNegativeTestJSON:test_migrate_server_invalid_state): 200 GET http://10.180.1.21/compute/v2.1/servers/381deaa9-7935-4d31-9fb9-6ee36f3499a9 0.146s
2025-03-12 21:29:35.538 68970 INFO tempest.lib.common.rest_client [req-2bd11a8c-1a0c-45c5-abb3-e9c84d011cd6 req-2bd11a8c-1a0c-45c5-abb3-e9c84d011cd6 ] Request (ServerAddressesTestJSON:setUpClass): 201 POST http://10.180.1.21:9696/networking/v2.0/subnets 0.241s
2025-03-12 21:29:35.552 68968 INFO tempest.lib.common.rest_client [req-01835585-02c7-422d-9aee-a9e06fb1375e req-01835585-02c7-422d-9aee-a9e06fb1375e ] Request (TenantUsagesTestJSON:tearDownClass): 204 DELETE http://10.180.1.21:9696/networking/v2.0/security-groups/f925128c-2119-4e49-995c-ce6f8efed2cc 0.156s
2025-03-12 21:29:35.564 68960 INFO tempest.lib.common.rest_client [req-a95bbf2b-30d2-4bea-8aab-d0caca3fbd85 req-a95bbf2b-30d2-4bea-8aab-d0caca3fbd85 ] Request (InstanceActionsTestJSON:test_list_instance_actions): 200 GET http://10.180.1.21/compute/v2.1/servers/91948ae2-5ced-4505-958c-4d35577cd24e 0.163s
2025-03-12 21:29:35.593 68922 INFO tempest.lib.common.rest_client [req-e20ab55c-50c9-4cc3-bb09-c0493c088954 req-e20ab55c-50c9-4cc3-bb09-c0493c088954 ] Request (ListImageFiltersTestJSON:setUpClass): 200 GET http://10.180.1.21/compute/v2.1/servers/f009d542-950f-4cd2-b03c-7d9a5b82d921 0.137s
2025-03-12 21:29:35.617 68916 INFO tempest.lib.common.rest_client [req-65e1ee5e-da8f-4e44-b0ff-710ad361de53 req-65e1ee5e-da8f-4e44-b0ff-710ad361de53 ] Request (AttachInterfacesUnderV243Test:test_add_remove_fixed_ip): 200 GET http://10.180.1.21/compute/v2.1/servers/9172c277-4b51-4c2d-b86b-4e70028eca7f 0.079s
2025-03-12 21:29:35.657 68968 INFO tempest.lib.common.rest_client [req-13b3052f-9572-444f-b36c-81ab361af1b2 req-13b3052f-9572-444f-b36c-81ab361af1b2 ] Request (TenantUsagesTestJSON:tearDownClass): 204 DELETE http://10.180.1.21/identity/v3/projects/d900e47270b04d7c81567d85ca0f909e 0.104s
2025-03-12 21:29:35.675 68944 INFO tempest.lib.common.rest_client [req-6c4e4a56-67f9-4330-bf1e-108d4de45fc0 req-6c4e4a56-67f9-4330-bf1e-108d4de45fc0 ] Request (SecurityGroupsTestJSON:test_server_security_groups): 200 GET http://10.180.1.21/compute/v2.1/servers/0a466d74-4aea-4601-9b46-865c29d21e8a 0.078s
2025-03-12 21:29:35.683 68936 INFO tempest.lib.common.rest_client [req-7cbe162c-500d-4565-8feb-e38f0203fd3b req-7cbe162c-500d-4565-8feb-e38f0203fd3b ] Request (ServerDiagnosticsV248Test:tearDownClass): 200 GET http://10.180.1.21/compute/v2.1/servers/e531bf63-79c8-4f6a-b8a9-60930da933ba 0.134s
2025-03-12 21:29:35.724 68968 INFO tempest.lib.common.rest_client [req-ea5f6bce-be79-4eee-a797-8e1dc81d742e req-ea5f6bce-be79-4eee-a797-8e1dc81d742e ] Request (ListServersNegativeTestJSON:setUpClass): 201 POST http://10.180.1.21/identity/v3/auth/tokens 0.065s
2025-03-12 21:29:35.735 68964 INFO tempest.lib.common.rest_client [req-6fea99c0-9fa0-40d6-8b1d-6fc9adce4e90 req-6fea99c0-9fa0-40d6-8b1d-6fc9adce4e90 ] Request (DeleteServersAdminTestJSON:test_delete_server_while_in_error_state): 200 GET http://10.180.1.21/compute/v2.1/servers/b6bc3cbc-2cee-4470-a436-d11518ec54fa 0.117s
2025-03-12 21:29:35.756 68934 INFO tempest.lib.common.rest_client [req-58ca43f2-ec81-4495-8baa-9db55b6acff6 req-58ca43f2-ec81-4495-8baa-9db55b6acff6 ] Request (ServersAdmin275Test:test_rebuild_update_server_275): 200 GET http://10.180.1.21/compute/v2.1/servers/14c46ebc-c084-4943-9721-bab5623654e0 0.084s
2025-03-12 21:29:35.757 68968 INFO tempest.lib.common.rest_client [req-0f12d51d-cb32-4dd3-b77d-af54c49bed19 req-0f12d51d-cb32-4dd3-b77d-af54c49bed19 ] Request (ListServersNegativeTestJSON:setUpClass): 201 POST http://10.180.1.21/identity/v3/auth/tokens 0.030s
2025-03-12 21:29:35.773 68934 INFO tempest.common.waiters [-] State transition "BUILD/scheduling" ==> "BUILD/None" after 31 second wait
2025-03-12 21:29:35.780 68968 INFO tempest.lib.common.rest_client [req-7ae625f6-7ff5-4aeb-8ada-5ca6a0513025 req-7ae625f6-7ff5-4aeb-8ada-5ca6a0513025 ] Request (ListServersNegativeTestJSON:setUpClass): 200 GET http://10.180.1.21/identity/v3/domains?name=Default 0.023s
2025-03-12 21:29:35.805 68968 INFO tempest.lib.common.rest_client [req-40d787c5-bc33-403d-a320-7d5cf0208dfd req-40d787c5-bc33-403d-a320-7d5cf0208dfd ] Request (ListServersNegativeTestJSON:setUpClass): 201 POST http://10.180.1.21/identity/v3/projects 0.025s
2025-03-12 21:29:35.815 68920 INFO tempest.lib.common.rest_client [req-1ea91227-6480-4bc8-a5f0-6ec0b63ca05a req-1ea91227-6480-4bc8-a5f0-6ec0b63ca05a ] Request (ServersTestMultiNic:test_verify_duplicate_network_nics): 200 GET http://10.180.1.21/compute/v2.1/servers/8bfb3d1a-62f5-4781-949f-533f968c9d64 0.071s
2025-03-12 21:29:35.844 68918 INFO tempest.lib.common.rest_client [req-1204e5f7-7df4-47aa-94a0-c528af32dd65 req-1204e5f7-7df4-47aa-94a0-c528af32dd65 ] Request (FloatingIPsAssociationTestJSON:setUpClass): 200 GET http://10.180.1.21/compute/v2.1/servers/544b1215-eb04-4ea0-82ef-1ba86cbff201 0.116s
2025-03-12 21:29:35.870 68968 INFO tempest.lib.common.rest_client [req-3bcb19ed-7266-4ef3-a3a4-31a97d9e2834 req-3bcb19ed-7266-4ef3-a3a4-31a97d9e2834 ] Request (ListServersNegativeTestJSON:setUpClass): 201 POST http://10.180.1.21/identity/v3/users 0.064s
2025-03-12 21:29:35.873 68938 INFO tempest.lib.common.rest_client [req-4fa204d4-0a1e-41b3-a561-b3f4333719b7 req-4fa204d4-0a1e-41b3-a561-b3f4333719b7 ] Request (ServerActionsV293TestJSON:setUpClass): 200 GET http://10.180.1.21/compute/v2.1/servers/a5aae937-9db7-4f5e-b907-91d0654e1625 0.074s
2025-03-12 21:29:35.895 68968 INFO tempest.lib.common.rest_client [req-496d8197-3970-4e3c-9c8a-4fa3ecf6a81c req-496d8197-3970-4e3c-9c8a-4fa3ecf6a81c ] Request (ListServersNegativeTestJSON:setUpClass): 200 GET http://10.180.1.21/identity/v3/roles 0.025s
2025-03-12 21:29:35.897 68930 INFO tempest.lib.common.rest_client [req-4a604513-f63b-4141-97e9-e3147599a776 req-4a604513-f63b-4141-97e9-e3147599a776 ] Request (ServerMetadataTestJSON:setUpClass): 200 GET http://10.180.1.21/compute/v2.1/servers/1e358274-7d2a-42c3-af65-387f347f8925 0.082s
2025-03-12 21:29:35.926 68968 INFO tempest.lib.common.rest_client [req-96301c0b-9ea4-471a-ac6d-30f5d4157e0a req-96301c0b-9ea4-471a-ac6d-30f5d4157e0a ] Request (ListServersNegativeTestJSON:setUpClass): 204 PUT http://10.180.1.21/identity/v3/projects/e84048e0afa54afa94016fd179616bcc/users/2918efef2eed4a6ea15a34414fdb0568/roles/1f5bae1c18084a07a5dc880bea902b6e 0.031s
2025-03-12 21:29:35.927 68968 INFO tempest.lib.common.dynamic_creds [-] Dynamic test user 2918efef2eed4a6ea15a34414fdb0568 is created with scope project and roles: ['member']
2025-03-12 21:29:35.927 68968 INFO tempest.lib.common.dynamic_creds [-] Acquired dynamic creds: credentials: Credentials: {'domain_id': 'default', 'domain_name': 'Default', 'username': 'tempest-ListServersNegativeTestJSON-516715489-project-member', 'project_domain_id': 'default', 'project_domain_name': 'Default', 'project_id': 'e84048e0afa54afa94016fd179616bcc', 'project_name': 'tempest-ListServersNegativeTestJSON-516715489', 'tenant_id': 'e84048e0afa54afa94016fd179616bcc', 'tenant_name': 'tempest-ListServersNegativeTestJSON-516715489', 'user_domain_id': 'default', 'user_domain_name': 'Default', 'user_id': '2918efef2eed4a6ea15a34414fdb0568', 'system': None}, Network: None, Subnet: None, Router: None
2025-03-12 21:29:35.938 68952 INFO tempest.lib.common.rest_client [req-1cc5ba02-a060-42c0-a4b9-2c1cdef49340 req-1cc5ba02-a060-42c0-a4b9-2c1cdef49340 ] Request (ImagesNegativeTestJSON:test_create_image_from_deleted_server): 200 GET http://10.180.1.21/compute/v2.1/servers/23cc8440-a4d2-44a1-a601-1e885eff80a2 0.078s
2025-03-12 21:29:35.949 68966 INFO tempest.lib.common.rest_client [req-08a27ad8-b6fd-448d-bee9-16f848754e76 req-08a27ad8-b6fd-448d-bee9-16f848754e76 ] Request (ServerRescueTestJSON:setUpClass): 200 GET http://10.180.1.21/compute/v2.1/servers/dd97f7fd-2d0b-4be4-a329-748a9cf9af29 0.063s
2025-03-12 21:29:35.989 68968 INFO tempest.lib.common.rest_client [req-b919e380-ebd2-4f75-841d-7c9c1d2b9cc9 req-b919e380-ebd2-4f75-841d-7c9c1d2b9cc9 ] Request (ListServersNegativeTestJSON:setUpClass): 201 POST http://10.180.1.21/identity/v3/auth/tokens 0.061s
2025-03-12 21:29:36.066 68956 WARNING tempest.lib.common.ssh [-] Failed to establish authenticated ssh connection to cirros@10.180.180.172 ([Errno None] Unable to connect to port 22 on 10.180.180.172). Number attempts: 3. Retry after 4 seconds.: paramiko.ssh_exception.NoValidConnectionsError: [Errno None] Unable to connect to port 22 on 10.180.180.172
2025-03-12 21:29:36.222 68962 INFO tempest.lib.common.rest_client [req-525eb675-61ad-4c4e-b668-0a6552ef481f req-525eb675-61ad-4c4e-b668-0a6552ef481f ] Request (DeleteServersTestJSON:test_delete_active_server): 200 GET http://10.180.1.21/compute/v2.1/servers/2798bb9e-2924-4fbe-91f5-cb29c417fe78 0.066s
