2025-03-12 21:30:58.640 68964 INFO tempest.lib.common.rest_client [req-4de3f95b-3148-4419-b18c-14eeb081231e req-4de3f95b-3148-4419-b18c-14eeb081231e ] Request (ServicesAdminNegativeTestJSON:setUpClass): 200 GET http://10.180.1.21/identity/v3/roles 0.079s
2025-03-12 21:30:58.673 68964 INFO tempest.lib.common.rest_client [req-4f68c8d8-b3da-42c5-a97e-0850eecdd29a req-4f68c8d8-b3da-42c5-a97e-0850eecdd29a ] Request (ServicesAdminNegativeTestJSON:setUpClass): 204 PUT http://10.180.1.21/identity/v3/projects/518a5509e2cd43229a7fd65f929739cb/users/877a8122a48149558851a18b6a1f49d4/roles/8f239b972dc64a83ae505e18036b2398 0.033s
2025-03-12 21:30:58.674 68964 INFO tempest.lib.common.dynamic_creds [-] Dynamic test user 877a8122a48149558851a18b6a1f49d4 is created with scope project and roles: ['admin']
2025-03-12 21:30:58.674 68964 INFO tempest.lib.common.dynamic_creds [-] Acquired dynamic creds: credentials: Credentials: {'domain_id': 'default', 'domain_name': 'Default', 'username': 'tempest-ServicesAdminNegativeTestJSON-1210290580-project-admin', 'project_domain_id': 'default', 'project_domain_name': 'Default', 'project_id': '518a5509e2cd43229a7fd65f929739cb', 'project_name': 'tempest-ServicesAdminNegativeTestJSON-1210290580', 'tenant_id': '518a5509e2cd43229a7fd65f929739cb', 'tenant_name': 'tempest-ServicesAdminNegativeTestJSON-1210290580', 'user_domain_id': 'default', 'user_domain_name': 'Default', 'user_id': '877a8122a48149558851a18b6a1f49d4', 'system': None}, Network: None, Subnet: None, Router: None
2025-03-12 21:30:58.674 68964 INFO tempest.lib.common.dynamic_creds [-] Created isolated network resources for: credentials: Credentials: {'domain_id': 'default', 'domain_name': 'Default', 'username': 'tempest-ServicesAdminNegativeTestJSON-1210290580-project-admin', 'project_domain_id': 'default', 'project_domain_name': 'Default', 'project_id': '518a5509e2cd43229a7fd65f929739cb', 'project_name': 'tempest-ServicesAdminNegativeTestJSON-1210290580', 'tenant_id': '518a5509e2cd43229a7fd65f929739cb', 'tenant_name': 'tempest-ServicesAdminNegativeTestJSON-1210290580', 'user_domain_id': 'default', 'user_domain_name': 'Default', 'user_id': '877a8122a48149558851a18b6a1f49d4', 'system': None}, Network: None, Subnet: None, Router: None
2025-03-12 21:30:58.683 68932 INFO tempest.lib.common.rest_client [req-46bbbe90-dbec-4eb5-8391-24642219d65f req-46bbbe90-dbec-4eb5-8391-24642219d65f ] Request (ServersAdminTestJSON:test_create_server_with_scheduling_hint): 200 GET http://10.180.1.21/compute/v2.1/servers/f9506261-0ce6-4fe1-aa8f-ce06d7e15909 0.082s
2025-03-12 21:30:58.749 68918 INFO tempest.lib.common.rest_client [req-b3dda6d4-1669-44f7-903c-c1e98df67f5c req-b3dda6d4-1669-44f7-903c-c1e98df67f5c ] Request (FloatingIPsAssociationTestJSON:test_associate_already_associated_floating_ip): 200 GET http://10.180.1.21/compute/v2.1/servers/415ba173-fc7d-47f8-82f7-4f0737d6c0f3 0.074s
2025-03-12 21:30:58.769 68926 INFO tempest.lib.common.rest_client [req-d00e3bc8-b52a-4f9e-83dc-f0dab99392f8 req-d00e3bc8-b52a-4f9e-83dc-f0dab99392f8 ] Request (ListServerFiltersTestJSON:tearDownClass): 204 DELETE http://10.180.1.21:9696/networking/v2.0/subnets/b244303b-5e29-45aa-80c6-e6956f3532a8 0.181s
2025-03-12 21:30:58.788 68964 INFO tempest.lib.common.rest_client [req-7d40aac2-8658-455e-ab6e-a730c8964e44 req-7d40aac2-8658-455e-ab6e-a730c8964e44 ] Request (ServicesAdminNegativeTestJSON:setUpClass): 201 POST http://10.180.1.21/identity/v3/auth/tokens 0.106s
2025-03-12 21:30:58.833 68978 INFO tempest.lib.common.rest_client [req-5330454f-d9d9-47a2-ba48-bb6308c73d3f req-5330454f-d9d9-47a2-ba48-bb6308c73d3f ] Request (MigrationsAdminTest:test_resize_server_revert_deleted_flavor): 200 GET http://10.180.1.21/compute/v2.1/servers/5539cf00-8c1e-4af5-8b91-c8e8c5065f28 0.083s
2025-03-12 21:30:58.912 68952 INFO tempest.lib.common.rest_client [req-cccfb9d1-47d4-47f0-b80a-9a8dbb45b88f req-cccfb9d1-47d4-47f0-b80a-9a8dbb45b88f ] Request (ServersV294TestFqdnHostnames:setUpClass): 200 GET http://10.180.1.21/compute/v2.1/servers/74b9dbab-b094-4f3b-8dd9-d6573c5f3062 0.078s
2025-03-12 21:30:58.927 68964 INFO tempest.lib.common.rest_client [req-585577e7-3567-4dd7-b888-a18fd7179461 req-585577e7-3567-4dd7-b888-a18fd7179461 ] Request (ServicesAdminNegativeTestJSON:test_get_service_by_invalid_params): 200 GET http://10.180.1.21/compute/v2.1/os-services 0.138s
2025-03-12 21:30:58.955 68964 INFO tempest.lib.common.rest_client [req-84899bc7-37b7-4aff-b2b7-2e62511c11c0 req-84899bc7-37b7-4aff-b2b7-2e62511c11c0 ] Request (ServicesAdminNegativeTestJSON:test_get_service_by_invalid_params): 200 GET http://10.180.1.21/compute/v2.1/os-services?xxx=nova-compute 0.023s
2025-03-12 21:30:58.976 68968 INFO tempest.lib.common.rest_client [req-d4a1ce7c-307b-4703-940d-3b87932e61cc req-d4a1ce7c-307b-4703-940d-3b87932e61cc ] Request (ListServersNegativeTestJSON:setUpClass): 200 GET http://10.180.1.21/compute/v2.1/servers/46aed8d6-f613-40c8-ae1a-42f38f622f8c 0.089s
2025-03-12 21:30:58.988 68968 INFO tempest.common.waiters [-] State transition "BUILD/None" ==> "BUILD/networking" after 78 second wait
2025-03-12 21:30:59.002 68964 INFO tempest.lib.common.rest_client [req-5a23d154-1d12-46ea-a9c8-a1d7a8f5c7b1 req-5a23d154-1d12-46ea-a9c8-a1d7a8f5c7b1 ] Request (ServicesAdminNegativeTestJSON:test_get_service_by_invalid_service_and_valid_host): 200 GET http://10.180.1.21/compute/v2.1/os-services 0.040s
2025-03-12 21:30:59.031 68964 INFO tempest.lib.common.rest_client [req-e4c38df9-a0ce-45cd-a145-53e6e6aec1c0 req-e4c38df9-a0ce-45cd-a145-53e6e6aec1c0 ] Request (ServicesAdminNegativeTestJSON:test_get_service_by_invalid_service_and_valid_host): 200 GET http://10.180.1.21/compute/v2.1/os-services?host=devstack&binary=xxx 0.027s
2025-03-12 21:30:59.043 68920 INFO tempest.lib.common.rest_client [req-72a203b4-587e-4ef2-b76b-a37c078406b9 req-72a203b4-587e-4ef2-b76b-a37c078406b9 ] Request (ServersTestMultiNic:_run_cleanups): 200 GET http://10.180.1.21/compute/v2.1/servers/8bfb3d1a-62f5-4781-949f-533f968c9d64 0.088s
2025-03-12 21:30:59.061 68964 INFO tempest.lib.common.rest_client [req-18bfc1a2-efce-4e0e-90ae-3d9cc8ebace7 req-18bfc1a2-efce-4e0e-90ae-3d9cc8ebace7 ] Request (ServicesAdminNegativeTestJSON:test_get_service_with_valid_service_and_invalid_host): 200 GET http://10.180.1.21/compute/v2.1/os-services 0.027s
2025-03-12 21:30:59.097 68964 INFO tempest.lib.common.rest_client [req-cb6f11b2-eaf7-42ac-9461-817ed76efcc1 req-cb6f11b2-eaf7-42ac-9461-817ed76efcc1 ] Request (ServicesAdminNegativeTestJSON:test_get_service_with_valid_service_and_invalid_host): 200 GET http://10.180.1.21/compute/v2.1/os-services?host=xxx&binary=nova-scheduler 0.033s
2025-03-12 21:30:59.148 68926 INFO tempest.lib.common.rest_client [req-69440f3b-46ec-4195-b640-85a3be49b94e req-69440f3b-46ec-4195-b640-85a3be49b94e ] Request (ListServerFiltersTestJSON:tearDownClass): 204 DELETE http://10.180.1.21:9696/networking/v2.0/networks/bec1b2f7-2e16-4827-a7a3-1a9d84e32f7a 0.378s
2025-03-12 21:30:59.168 68964 INFO tempest.lib.common.rest_client [req-a70a79a5-ab53-4c84-8caf-ce4513a40133 req-a70a79a5-ab53-4c84-8caf-ce4513a40133 ] Request (ServicesAdminNegativeTestJSON:test_list_services_with_non_admin_user): 403 GET http://10.180.1.21/compute/v2.1/os-services 0.066s
2025-03-12 21:30:59.278 68974 INFO tempest.lib.common.rest_client [req-50cf982f-b748-48d3-ad48-291d3287217c req-50cf982f-b748-48d3-ad48-291d3287217c ] Request (ImagesOneServerTestJSON:tearDownClass): 200 GET http://10.180.1.21/compute/v2.1/servers/cf75af4d-93b3-4bbb-b60c-8dd85c1d9d9d 0.197s
2025-03-12 21:30:59.286 68926 INFO tempest.lib.common.rest_client [req-2123ce70-c980-4c8e-8770-09c14632ace5 req-2123ce70-c980-4c8e-8770-09c14632ace5 ] Request (ListServerFiltersTestJSON:tearDownClass): 204 DELETE http://10.180.1.21/identity/v3/users/d010074c1d224db2a95dedad315ad1de 0.138s
2025-03-12 21:30:59.286 68926 INFO tempest.lib.common.dynamic_creds [-] Deleting project and security group for project: 3c4bba0e95044befa03921b601d1f2bd
2025-03-12 21:30:59.288 68964 INFO tempest.lib.common.rest_client [req-27419333-16b7-4ef9-a0d3-f31fe3561bfc req-27419333-16b7-4ef9-a0d3-f31fe3561bfc ] Request (ServicesAdminNegativeTestJSON:tearDownClass): 204 DELETE http://10.180.1.21/identity/v3/users/46354266eb034d1ab830ac9ed020eab2 0.118s
2025-03-12 21:30:59.327 68926 INFO tempest.lib.common.rest_client [req-f05e8bc0-a468-4f8d-a0a0-fa4104e95ad7 req-f05e8bc0-a468-4f8d-a0a0-fa4104e95ad7 ] Request (ListServerFiltersTestJSON:tearDownClass): 200 GET http://10.180.1.21:9696/networking/v2.0/security-groups?tenant_id=3c4bba0e95044befa03921b601d1f2bd&name=default 0.041s
2025-03-12 21:30:59.375 68940 INFO tempest.lib.common.rest_client [req-9b68e92b-9db7-4ef2-acb3-845408e919f7 req-9b68e92b-9db7-4ef2-acb3-845408e919f7 ] Request (ServersTestJSON:test_create_server_with_ipv6_addr_only): 200 GET http://10.180.1.21/compute/v2.1/servers/39d6d5b4-6684-41b0-a459-5993a3583fd0 0.127s
2025-03-12 21:30:59.394 68970 INFO tempest.lib.common.rest_client [req-a8b1b466-36c8-4bda-8d82-df3f3c85aefc req-a8b1b466-36c8-4bda-8d82-df3f3c85aefc ] Request (ServerAddressesTestJSON:setUpClass): 200 GET http://10.180.1.21/compute/v2.1/servers/2bce802a-bf71-4199-a1d3-0466bed7e0be 0.247s
2025-03-12 21:30:59.409 68970 INFO tempest.common.waiters [-] State transition "BUILD/spawning" ==> "ACTIVE/None" after 81 second wait
2025-03-12 21:30:59.417 68950 INFO tempest.lib.common.rest_client [req-15d72ca8-6e19-4791-a2c6-193aeea145ce req-15d72ca8-6e19-4791-a2c6-193aeea145ce ] Request (VolumesAssistedSnapshotsTest:test_volume_assisted_snapshot_create_delete): 200 GET http://10.180.1.21/volume/v3/volumes/24139f94-1157-4f5c-a13c-19bc43aab5cb 0.047s
2025-03-12 21:30:59.434 68964 INFO tempest.lib.common.rest_client [req-29dba744-6499-4ae6-adc9-d1c1e7d5cb21 req-29dba744-6499-4ae6-adc9-d1c1e7d5cb21 ] Request (ServicesAdminNegativeTestJSON:tearDownClass): 204 DELETE http://10.180.1.21/identity/v3/users/877a8122a48149558851a18b6a1f49d4 0.146s
2025-03-12 21:30:59.434 68964 INFO tempest.lib.common.dynamic_creds [-] Deleting project and security group for project: 019b57afb3df492eb23405d605c53ffe
2025-03-12 21:30:59.510 68962 INFO tempest.lib.common.rest_client [req-7ad2dfec-eff7-424c-b152-bc23f991babf req-7ad2dfec-eff7-424c-b152-bc23f991babf ] Request (DeleteServersTestJSON:test_delete_active_server): 200 GET http://10.180.1.21/compute/v2.1/servers/2798bb9e-2924-4fbe-91f5-cb29c417fe78 0.176s
2025-03-12 21:30:59.511 68964 INFO tempest.lib.common.rest_client [req-e695d586-37e7-4737-bc9d-e4596416d0fe req-e695d586-37e7-4737-bc9d-e4596416d0fe ] Request (ServicesAdminNegativeTestJSON:tearDownClass): 201 POST http://10.180.1.21/identity/v3/auth/tokens 0.077s
2025-03-12 21:30:59.583 68958 INFO tempest.lib.common.rest_client [req-66793f8c-1373-4bc9-bb7c-df94b555bcb7 req-66793f8c-1373-4bc9-bb7c-df94b555bcb7 ] Request (ServerActionsTestJSON:test_lock_unlock_server): 200 GET http://10.180.1.21/compute/v2.1/servers/536eadbc-43da-483f-a944-4d819d5c1850 0.312s
2025-03-12 21:30:59.591 68966 INFO tempest.lib.common.rest_client [req-a3e0899b-ecb6-4e76-9ea8-a2c1761632dc req-a3e0899b-ecb6-4e76-9ea8-a2c1761632dc ] Request (ServerRescueTestJSON:test_rescue_unrescue_instance): 200 GET http://10.180.1.21/compute/v2.1/servers/11847cbd-e74c-49ca-b518-aaa7204767b3 0.185s
2025-03-12 21:30:59.604 68926 INFO tempest.lib.common.rest_client [req-cf77855a-9393-4a11-8fe9-1e47c12aaacd req-cf77855a-9393-4a11-8fe9-1e47c12aaacd ] Request (ListServerFiltersTestJSON:tearDownClass): 204 DELETE http://10.180.1.21:9696/networking/v2.0/security-groups/72344b10-c258-43f1-adb2-892139f1e8f6 0.276s
2025-03-12 21:30:59.633 68970 INFO tempest.lib.common.rest_client [req-471b105f-5a52-46a8-8a3e-94f0a33ed927 req-471b105f-5a52-46a8-8a3e-94f0a33ed927 ] Request (ServerAddressesTestJSON:test_list_server_addresses): 200 GET http://10.180.1.21/compute/v2.1/servers/2bce802a-bf71-4199-a1d3-0466bed7e0be/ips 0.223s
2025-03-12 21:30:59.683 68926 INFO tempest.lib.common.rest_client [req-1c11a678-e819-4bf0-b01d-64b12709a2c1 req-1c11a678-e819-4bf0-b01d-64b12709a2c1 ] Request (ListServerFiltersTestJSON:tearDownClass): 204 DELETE http://10.180.1.21/identity/v3/projects/3c4bba0e95044befa03921b601d1f2bd 0.079s
2025-03-12 21:30:59.686 68936 INFO tempest.lib.common.rest_client [req-15533f80-87d8-4d2f-aa9b-1e3e5b92acc4 req-15533f80-87d8-4d2f-aa9b-1e3e5b92acc4 ] Request (ImagesOneServerNegativeTestJSON:setUpClass): 200 GET http://10.180.1.21/compute/v2.1/servers/07974438-9f23-485d-b9c5-659709c0fa16 0.202s
2025-03-12 21:30:59.754 68934 INFO tempest.lib.common.rest_client [req-ac8d0150-ab1c-4abe-8fc9-9fd46757cfe0 req-ac8d0150-ab1c-4abe-8fc9-9fd46757cfe0 ] Request (ServersAdmin275Test:tearDownClass): 200 GET http://10.180.1.21/compute/v2.1/servers/14c46ebc-c084-4943-9721-bab5623654e0 0.261s
2025-03-12 21:30:59.769 68926 INFO tempest.lib.common.rest_client [req-fe3adfbe-97ba-4ebf-b86b-cc87d5f90cb7 req-fe3adfbe-97ba-4ebf-b86b-cc87d5f90cb7 ] Request (ServerAddressesNegativeTestJSON:setUpClass): 201 POST http://10.180.1.21/identity/v3/auth/tokens 0.084s
2025-03-12 21:30:59.783 68938 WARNING tempest.lib.common.ssh [-] Failed to establish authenticated ssh connection to cirros@10.180.180.185 ([Errno None] Unable to connect to port 22 on 10.180.180.185). Number attempts: 3. Retry after 4 seconds.: paramiko.ssh_exception.NoValidConnectionsError: [Errno None] Unable to connect to port 22 on 10.180.180.185
2025-03-12 21:30:59.798 68944 INFO tempest.lib.common.rest_client [req-5876d656-78cb-41f4-b1a7-5bf0ef618e0c req-5876d656-78cb-41f4-b1a7-5bf0ef618e0c ] Request (SecurityGroupsTestJSON:test_server_security_groups): 200 GET http://10.180.1.21/compute/v2.1/servers/0a466d74-4aea-4601-9b46-865c29d21e8a 0.378s
2025-03-12 21:30:59.805 68926 INFO tempest.lib.common.rest_client [req-4762f804-e8b2-4642-9366-29d3bdc5ae4a req-4762f804-e8b2-4642-9366-29d3bdc5ae4a ] Request (ServerAddressesNegativeTestJSON:setUpClass): 201 POST http://10.180.1.21/identity/v3/auth/tokens 0.033s
2025-03-12 21:30:59.808 68930 INFO tempest.lib.common.rest_client [req-7abd0631-e83e-4fbb-b9c8-f7bf0cd714a3 req-7abd0631-e83e-4fbb-b9c8-f7bf0cd714a3 ] Request (ServerMetadataNegativeTestJSON:setUpClass): 200 GET http://10.180.1.21/compute/v2.1/servers/6546c525-c06b-4a56-a4b4-bb55d83d5b89 0.258s
2025-03-12 21:30:59.811 68944 INFO tempest.common.waiters [-] State transition "BUILD/spawning" ==> "ACTIVE/None" after 85 second wait
2025-03-12 21:30:59.831 68926 INFO tempest.lib.common.rest_client [req-6abaed48-87cc-4833-be9e-84720aa4a179 req-6abaed48-87cc-4833-be9e-84720aa4a179 ] Request (ServerAddressesNegativeTestJSON:setUpClass): 200 GET http://10.180.1.21/identity/v3/domains?name=Default 0.026s
2025-03-12 21:30:59.847 68922 INFO tempest.lib.common.rest_client [req-ece35722-72bb-4ad0-b2df-eab90de148ff req-ece35722-72bb-4ad0-b2df-eab90de148ff ] Request (ListImageFiltersTestJSON:setUpClass): 200 GET http://10.180.1.21/compute/v2.1/images/9b74eee3-bc0d-4f0a-a4d8-2bfeefe14ced 0.248s
2025-03-12 21:30:59.871 68926 INFO tempest.lib.common.rest_client [req-ceca3600-1786-4176-be7f-6efe6732051b req-ceca3600-1786-4176-be7f-6efe6732051b ] Request (ServerAddressesNegativeTestJSON:setUpClass): 201 POST http://10.180.1.21/identity/v3/projects 0.039s
2025-03-12 21:30:59.876 68970 INFO tempest.lib.common.rest_client [req-eaad7207-2bf8-40ff-a939-d2160c100a4d req-eaad7207-2bf8-40ff-a939-d2160c100a4d ] Request (ServerAddressesTestJSON:test_list_server_addresses_by_network): 200 GET http://10.180.1.21/compute/v2.1/servers/2bce802a-bf71-4199-a1d3-0466bed7e0be/ips 0.238s
2025-03-12 21:30:59.897 68960 INFO tempest.lib.common.rest_client [req-030ad221-96a3-4634-8b0b-0075fcd5d751 req-030ad221-96a3-4634-8b0b-0075fcd5d751 ] Request (ServerPasswordTestJSON:setUpClass): 200 GET http://10.180.1.21/compute/v2.1/servers/704832be-edca-4d76-a806-948c94251861 0.336s
2025-03-12 21:30:59.908 68964 INFO tempest.lib.common.rest_client [req-fe370d99-6a02-4d38-a281-12bd044c4abd req-fe370d99-6a02-4d38-a281-12bd044c4abd ] Request (ServicesAdminNegativeTestJSON:tearDownClass): 200 GET http://10.180.1.21:9696/networking/v2.0/security-groups?tenant_id=019b57afb3df492eb23405d605c53ffe&name=default 0.396s
2025-03-12 21:30:59.930 68932 INFO tempest.lib.common.rest_client [req-10326814-2055-4911-bbfe-43035b56babe req-10326814-2055-4911-bbfe-43035b56babe ] Request (ServersAdminTestJSON:test_create_server_with_scheduling_hint): 200 GET http://10.180.1.21/compute/v2.1/servers/f9506261-0ce6-4fe1-aa8f-ce06d7e15909 0.237s
2025-03-12 21:30:59.944 68926 INFO tempest.lib.common.rest_client [req-4503ec12-9dcd-4d18-8700-0df9c0dc1f19 req-4503ec12-9dcd-4d18-8700-0df9c0dc1f19 ] Request (ServerAddressesNegativeTestJSON:setUpClass): 201 POST http://10.180.1.21/identity/v3/users 0.073s
2025-03-12 21:30:59.945 68932 INFO tempest.common.waiters [-] State transition "BUILD/scheduling" ==> "BUILD/None" after 62 second wait
2025-03-12 21:30:59.969 68918 INFO tempest.lib.common.rest_client [req-9c7a62ae-049c-4111-864a-46c137d96680 req-9c7a62ae-049c-4111-864a-46c137d96680 ] Request (FloatingIPsAssociationTestJSON:test_associate_already_associated_floating_ip): 200 GET http://10.180.1.21/compute/v2.1/servers/415ba173-fc7d-47f8-82f7-4f0737d6c0f3 0.203s
2025-03-12 21:30:59.974 68926 INFO tempest.lib.common.rest_client [req-657e7fa9-4ca2-4f7a-8698-4a4e6d0f4bae req-657e7fa9-4ca2-4f7a-8698-4a4e6d0f4bae ] Request (ServerAddressesNegativeTestJSON:setUpClass): 200 GET http://10.180.1.21/identity/v3/roles 0.029s
2025-03-12 21:31:00.013 68926 INFO tempest.lib.common.rest_client [req-77b5e8a8-e134-4679-9ce8-038dec752655 req-77b5e8a8-e134-4679-9ce8-038dec752655 ] Request (ServerAddressesNegativeTestJSON:setUpClass): 204 PUT http://10.180.1.21/identity/v3/projects/6f2d16d004574be7b98c8f3f9f11bc7c/users/2e03425d2e03426ab8cfbcd5ee576762/roles/1f5bae1c18084a07a5dc880bea902b6e 0.039s
2025-03-12 21:31:00.014 68926 INFO tempest.lib.common.dynamic_creds [-] Dynamic test user 2e03425d2e03426ab8cfbcd5ee576762 is created with scope project and roles: ['member']
2025-03-12 21:31:00.016 68926 INFO tempest.lib.common.dynamic_creds [-] Acquired dynamic creds: credentials: Credentials: {'domain_id': 'default', 'domain_name': 'Default', 'username': 'tempest-ServerAddressesNegativeTestJSON-1447100626-project-member', 'project_domain_id': 'default', 'project_domain_name': 'Default', 'project_id': '6f2d16d004574be7b98c8f3f9f11bc7c', 'project_name': 'tempest-ServerAddressesNegativeTestJSON-1447100626', 'tenant_id': '6f2d16d004574be7b98c8f3f9f11bc7c', 'tenant_name': 'tempest-ServerAddressesNegativeTestJSON-1447100626', 'user_domain_id': 'default', 'user_domain_name': 'Default', 'user_id': '2e03425d2e03426ab8cfbcd5ee576762', 'system': None}, Network: None, Subnet: None, Router: None
2025-03-12 21:31:00.066 68978 INFO tempest.lib.common.rest_client [req-b676ef08-8308-41c1-8b85-b9870343e54e req-b676ef08-8308-41c1-8b85-b9870343e54e ] Request (MigrationsAdminTest:test_resize_server_revert_deleted_flavor): 200 GET http://10.180.1.21/compute/v2.1/servers/5539cf00-8c1e-4af5-8b91-c8e8c5065f28 0.224s
2025-03-12 21:31:00.081 68926 INFO tempest.lib.common.rest_client [req-cbb0dd27-a8c9-4604-81e7-1ff169fa5aaf req-cbb0dd27-a8c9-4604-81e7-1ff169fa5aaf ] Request (ServerAddressesNegativeTestJSON:setUpClass): 201 POST http://10.180.1.21/identity/v3/auth/tokens 0.064s
2025-03-12 21:31:00.111 68970 INFO tempest.lib.common.rest_client [req-abee4738-8d73-4fde-a8a6-4c55f588b485 req-abee4738-8d73-4fde-a8a6-4c55f588b485 ] Request (ServerAddressesTestJSON:test_list_server_addresses_by_network): 200 GET http://10.180.1.21/compute/v2.1/servers/2bce802a-bf71-4199-a1d3-0466bed7e0be/ips/tempest-ServerAddressesTestJSON-225433836-network 0.233s
2025-03-12 21:31:00.186 68964 INFO tempest.lib.common.rest_client [req-2e742218-0517-4fc8-bfe3-4d775520ea9d req-2e742218-0517-4fc8-bfe3-4d775520ea9d ] Request (ServicesAdminNegativeTestJSON:tearDownClass): 204 DELETE http://10.180.1.21:9696/networking/v2.0/security-groups/b85458b5-3e9c-4703-9a80-13de9f980f99 0.278s
2025-03-12 21:31:00.214 68952 INFO tempest.lib.common.rest_client [req-a172b288-5bc3-4c1a-b17f-53101ad5e259 req-a172b288-5bc3-4c1a-b17f-53101ad5e259 ] Request (ServersV294TestFqdnHostnames:setUpClass): 200 GET http://10.180.1.21/compute/v2.1/servers/74b9dbab-b094-4f3b-8dd9-d6573c5f3062 0.286s
2025-03-12 21:31:00.273 68964 INFO tempest.lib.common.rest_client [req-b92c10ed-1dbc-4102-8853-9521e0ceea32 req-b92c10ed-1dbc-4102-8853-9521e0ceea32 ] Request (ServicesAdminNegativeTestJSON:tearDownClass): 204 DELETE http://10.180.1.21/identity/v3/projects/019b57afb3df492eb23405d605c53ffe 0.087s
2025-03-12 21:31:00.274 68964 INFO tempest.lib.common.dynamic_creds [-] Deleting project and security group for project: 518a5509e2cd43229a7fd65f929739cb
2025-03-12 21:31:00.439 68946 WARNING tempest.lib.common.ssh [-] Failed to establish authenticated ssh connection to cirros@10.180.180.158 ([Errno None] Unable to connect to port 22 on 10.180.180.158). Number attempts: 11. Retry after 12 seconds.: paramiko.ssh_exception.NoValidConnectionsError: [Errno None] Unable to connect to port 22 on 10.180.180.158
2025-03-12 21:31:00.469 68950 INFO tempest.lib.common.rest_client [req-b0a52d79-51b5-4a78-ba34-6859204e8adc req-b0a52d79-51b5-4a78-ba34-6859204e8adc ] Request (VolumesAssistedSnapshotsTest:test_volume_assisted_snapshot_create_delete): 200 GET http://10.180.1.21/volume/v3/volumes/24139f94-1157-4f5c-a13c-19bc43aab5cb 0.045s
2025-03-12 21:31:00.482 68968 INFO tempest.lib.common.rest_client [req-87f2505a-e466-49ee-88c4-2dff601091cc req-87f2505a-e466-49ee-88c4-2dff601091cc ] Request (ListServersNegativeTestJSON:setUpClass): 200 GET http://10.180.1.21/compute/v2.1/servers/46aed8d6-f613-40c8-ae1a-42f38f622f8c 0.493s
2025-03-12 21:31:00.491 68968 INFO tempest.common.waiters [-] State transition "BUILD/networking" ==> "BUILD/spawning" after 80 second wait
2025-03-12 21:31:00.527 68944 INFO tempest.lib.common.rest_client [req-4a9a19c6-f2bf-40c5-8ac2-e5f8f2b624f3 req-4a9a19c6-f2bf-40c5-8ac2-e5f8f2b624f3 ] Request (SecurityGroupsTestJSON:test_server_security_groups): 202 POST http://10.180.1.21/compute/v2.1/servers/0a466d74-4aea-4601-9b46-865c29d21e8a/action 0.715s
2025-03-12 21:31:00.610 68920 INFO tempest.lib.common.rest_client [req-d86f0d13-880a-4147-bc05-7c92424005ac req-d86f0d13-880a-4147-bc05-7c92424005ac ] Request (ServersTestMultiNic:_run_cleanups): 200 GET http://10.180.1.21/compute/v2.1/servers/8bfb3d1a-62f5-4781-949f-533f968c9d64 0.553s
2025-03-12 21:31:00.683 68970 INFO tempest.lib.common.rest_client [req-1e68690e-7792-4e84-a42d-75c9aba67f50 req-1e68690e-7792-4e84-a42d-75c9aba67f50 ] Request (ServerAddressesTestJSON:tearDownClass): 204 DELETE http://10.180.1.21/compute/v2.1/servers/2bce802a-bf71-4199-a1d3-0466bed7e0be 0.565s
2025-03-12 21:31:00.756 68940 INFO tempest.lib.common.rest_client [req-d6f93cc0-937d-4a4d-bf3c-4ac9e0c21844 req-d6f93cc0-937d-4a4d-bf3c-4ac9e0c21844 ] Request (ServersTestJSON:test_create_server_with_ipv6_addr_only): 200 GET http://10.180.1.21/compute/v2.1/servers/39d6d5b4-6684-41b0-a459-5993a3583fd0 0.371s
2025-03-12 21:31:00.797 68964 INFO tempest.lib.common.rest_client [req-594e33a4-2118-4a6d-9b5a-ae29da829ebf req-594e33a4-2118-4a6d-9b5a-ae29da829ebf ] Request (ServicesAdminNegativeTestJSON:tearDownClass): 200 GET http://10.180.1.21:9696/networking/v2.0/security-groups?tenant_id=518a5509e2cd43229a7fd65f929739cb&name=default 0.523s
2025-03-12 21:31:00.847 68962 INFO tempest.lib.common.rest_client [req-89aca1bc-cb71-4b47-b8a6-0b02886d50e9 req-89aca1bc-cb71-4b47-b8a6-0b02886d50e9 ] Request (DeleteServersTestJSON:test_delete_active_server): 200 GET http://10.180.1.21/compute/v2.1/servers/2798bb9e-2924-4fbe-91f5-cb29c417fe78 0.325s
2025-03-12 21:31:00.907 68974 INFO tempest.lib.common.rest_client [req-816e549e-0dd6-48e4-a9a5-4204a787e5e5 req-816e549e-0dd6-48e4-a9a5-4204a787e5e5 ] Request (ImagesOneServerTestJSON:tearDownClass): 200 GET http://10.180.1.21/compute/v2.1/servers/cf75af4d-93b3-4bbb-b60c-8dd85c1d9d9d 0.617s
2025-03-12 21:31:00.919 68964 INFO tempest.lib.common.rest_client [req-f448f60c-c580-43c5-af6e-d73925a845bc req-f448f60c-c580-43c5-af6e-d73925a845bc ] Request (ServicesAdminNegativeTestJSON:tearDownClass): 204 DELETE http://10.180.1.21:9696/networking/v2.0/security-groups/557bff0f-5e0c-4adb-a177-3a10fe96f446 0.121s
2025-03-12 21:31:00.925 68928 INFO tempest.lib.common.rest_client [req-49bc35b4-01d8-4d43-9127-54a7ce2f1573 req-49bc35b4-01d8-4d43-9127-54a7ce2f1573 ] Request (ServersTestBootFromVolume:setUpClass): 200 PUT http://10.180.1.21:9696/networking/v2.0/routers/bb345f3e-9188-41ab-a3c4-e343361b3ffd/add_router_interface 2.373s
2025-03-12 21:31:00.926 68928 INFO tempest.lib.common.dynamic_creds [-] Created isolated network resources for: credentials: Credentials: {'domain_id': 'default', 'domain_name': 'Default', 'username': 'tempest-ServersTestBootFromVolume-730718652-project-member', 'project_domain_id': 'default', 'project_domain_name': 'Default', 'project_id': 'a0278163ab31467fbd6b22cc3e415f21', 'project_name': 'tempest-ServersTestBootFromVolume-730718652', 'tenant_id': 'a0278163ab31467fbd6b22cc3e415f21', 'tenant_name': 'tempest-ServersTestBootFromVolume-730718652', 'user_domain_id': 'default', 'user_domain_name': 'Default', 'user_id': '3737bfea95794fb0b642f0588b8c7789', 'system': None}, Network: {'id': '66fa4bad-52e6-4698-84df-b39cc8cf9a97', 'name': 'tempest-ServersTestBootFromVolume-1687283532-network', 'tenant_id': 'a0278163ab31467fbd6b22cc3e415f21', 'admin_state_up': True, 'mtu': 8950, 'status': 'ACTIVE', 'subnets': [], 'shared': False, 'project_id': 'a0278163ab31467fbd6b22cc3e415f21', 'port_security_enabled': True, 'router:external': False, 'provider:network_type': 'vlan', 'provider:physical_network': 'default', 'provider:segmentation_id': 418, 'availability_zone_hints': [], 'availability_zones': [], 'ipv4_address_scope': None, 'ipv6_address_scope': None, 'description': '', 'tags': [], 'created_at': '2025-03-12T21:30:56Z', 'updated_at': '2025-03-12T21:30:56Z', 'revision_number': 1}, Subnet: {'id': '65c2d3f9-8eb6-4e51-94ae-1df3bfaee29c', 'name': 'tempest-ServersTestBootFromVolume-1687283532-subnet', 'tenant_id': 'a0278163ab31467fbd6b22cc3e415f21', 'network_id': '66fa4bad-52e6-4698-84df-b39cc8cf9a97', 'ip_version': 4, 'subnetpool_id': None, 'enable_dhcp': True, 'ipv6_ra_mode': None, 'ipv6_address_mode': None, 'gateway_ip': '192.168.128.1', 'cidr': '192.168.128.0/28', 'allocation_pools': [{'start': '192.168.128.2', 'end': '192.168.128.14'}], 'host_routes': [], 'dns_nameservers': [], 'description': '', 'router:external': False, 'service_types': [], 'tags': [], 'created_at': '2025-03-12T21:30:56Z', 'updated_at': '2025-03-12T21:30:56Z', 'revision_number': 0, 'project_id': 'a0278163ab31467fbd6b22cc3e415f21'}, Router: {'id': 'bb345f3e-9188-41ab-a3c4-e343361b3ffd', 'name': 'tempest-ServersTestBootFromVolume-1687283532-router', 'tenant_id': 'a0278163ab31467fbd6b22cc3e415f21', 'admin_state_up': True, 'status': 'ACTIVE', 'external_gateway_info': {'network_id': 'cb2688db-b9b2-479d-bab2-b69ff33d450a', 'external_fixed_ips': [{'subnet_id': '403ff567-e20c-4b3f-a496-b0551dc05ee6', 'ip_address': '10.180.180.195'}], 'enable_snat': True}, 'description': '', 'availability_zones': [], 'distributed': False, 'ha': False, 'availability_zone_hints': [], 'routes': [], 'flavor_id': None, 'tags': [], 'created_at': '2025-03-12T21:30:57Z', 'updated_at': '2025-03-12T21:30:58Z', 'revision_number': 2, 'project_id': 'a0278163ab31467fbd6b22cc3e415f21'}
2025-03-12 21:31:00.934 68944 INFO tempest.lib.common.rest_client [req-1b6068b2-79f6-4bfc-8996-dc7fe97ddc2d req-1b6068b2-79f6-4bfc-8996-dc7fe97ddc2d ] Request (SecurityGroupsTestJSON:test_server_security_groups): 400 DELETE http://10.180.1.21/compute/v2.1/os-security-groups/440be5de-0e4a-4c6b-8a3b-056e3d15f0f6 0.407s
2025-03-12 21:31:00.995 68926 INFO tempest.lib.common.rest_client [req-39a6c3a6-5b0d-45f4-806f-821a5cad2162 req-39a6c3a6-5b0d-45f4-806f-821a5cad2162 ] Request (ServerAddressesNegativeTestJSON:setUpClass): 201 POST http://10.180.1.21:9696/networking/v2.0/networks 0.913s
2025-03-12 21:31:01.026 68966 INFO tempest.lib.common.rest_client [req-b1aee1b0-3a5f-4f41-a8fc-635a05b008d4 req-b1aee1b0-3a5f-4f41-a8fc-635a05b008d4 ] Request (ServerRescueTestJSON:test_rescue_unrescue_instance): 200 GET http://10.180.1.21/compute/v2.1/servers/11847cbd-e74c-49ca-b518-aaa7204767b3 0.425s
2025-03-12 21:31:01.053 68928 INFO tempest.lib.common.rest_client [req-890c7f0a-86a3-496a-aa78-af388a7d165e req-890c7f0a-86a3-496a-aa78-af388a7d165e ] Request (ServersTestBootFromVolume:setUpClass): 201 POST http://10.180.1.21/identity/v3/auth/tokens 0.124s
2025-03-12 21:31:01.064 68964 INFO tempest.lib.common.rest_client [req-122937a2-8276-41f6-97a4-9fa91961cdf0 req-122937a2-8276-41f6-97a4-9fa91961cdf0 ] Request (ServicesAdminNegativeTestJSON:tearDownClass): 204 DELETE http://10.180.1.21/identity/v3/projects/518a5509e2cd43229a7fd65f929739cb 0.145s
2025-03-12 21:31:01.110 68958 INFO tempest.lib.common.rest_client [req-f9c14e83-a928-4438-b320-a75adc79580e req-f9c14e83-a928-4438-b320-a75adc79580e ] Request (ServerActionsTestJSON:test_lock_unlock_server): 200 GET http://10.180.1.21/compute/v2.1/servers/536eadbc-43da-483f-a944-4d819d5c1850 0.512s
2025-03-12 21:31:01.153 68964 INFO tempest.lib.common.rest_client [req-a44661a7-1d19-4bde-9689-58f952f86fc0 req-a44661a7-1d19-4bde-9689-58f952f86fc0 ] Request (ServersTestFqdnHostnames:setUpClass): 201 POST http://10.180.1.21/identity/v3/auth/tokens 0.087s
2025-03-12 21:31:01.165 68936 INFO tempest.lib.common.rest_client [req-17838f9c-7109-47e1-955b-0a0c2df3c22c req-17838f9c-7109-47e1-955b-0a0c2df3c22c ] Request (ImagesOneServerNegativeTestJSON:setUpClass): 200 GET http://10.180.1.21/compute/v2.1/servers/07974438-9f23-485d-b9c5-659709c0fa16 0.467s
2025-03-12 21:31:01.197 68964 INFO tempest.lib.common.rest_client [req-fc42a3c4-d361-4dbb-a314-4207d17cf6f7 req-fc42a3c4-d361-4dbb-a314-4207d17cf6f7 ] Request (ServersTestFqdnHostnames:setUpClass): 201 POST http://10.180.1.21/identity/v3/auth/tokens 0.041s
2025-03-12 21:31:01.219 68970 INFO tempest.lib.common.rest_client [req-952bdb93-9133-4eb6-a491-0cb5e79fb326 req-952bdb93-9133-4eb6-a491-0cb5e79fb326 ] Request (ServerAddressesTestJSON:tearDownClass): 200 GET http://10.180.1.21/compute/v2.1/servers/2bce802a-bf71-4199-a1d3-0466bed7e0be 0.535s
2025-03-12 21:31:01.222 68943 WARNING tempest.lib.common.ssh [-] Failed to establish authenticated ssh connection to cirros@10.180.180.239 ([Errno None] Unable to connect to port 22 on 10.180.180.239). Number attempts: 11. Retry after 12 seconds.: paramiko.ssh_exception.NoValidConnectionsError: [Errno None] Unable to connect to port 22 on 10.180.180.239
2025-03-12 21:31:01.251 68964 INFO tempest.lib.common.rest_client [req-c0111a9a-89d3-437c-a6c3-7d98dad1c512 req-c0111a9a-89d3-437c-a6c3-7d98dad1c512 ] Request (ServersTestFqdnHostnames:setUpClass): 200 GET http://10.180.1.21/identity/v3/domains?name=Default 0.054s
2025-03-12 21:31:01.287 68934 INFO tempest.lib.common.rest_client [req-9a25b391-651c-4bcb-9d5d-c391d3c3f785 req-9a25b391-651c-4bcb-9d5d-c391d3c3f785 ] Request (ServersAdmin275Test:tearDownClass): 200 GET http://10.180.1.21/compute/v2.1/servers/14c46ebc-c084-4943-9721-bab5623654e0 0.518s
2025-03-12 21:31:01.288 68964 INFO tempest.lib.common.rest_client [req-9df29e8a-224b-4ba2-8fae-204fd385a496 req-9df29e8a-224b-4ba2-8fae-204fd385a496 ] Request (ServersTestFqdnHostnames:setUpClass): 201 POST http://10.180.1.21/identity/v3/projects 0.036s
2025-03-12 21:31:01.299 68926 INFO tempest.lib.common.rest_client [req-b2255a73-6dd0-4a82-83bb-790e57d4ddb9 req-b2255a73-6dd0-4a82-83bb-790e57d4ddb9 ] Request (ServerAddressesNegativeTestJSON:setUpClass): 201 POST http://10.180.1.21:9696/networking/v2.0/subnets 0.304s
2025-03-12 21:31:01.309 68930 INFO tempest.lib.common.rest_client [req-e0c1ec06-6316-4db1-9f84-b5735073d48e req-e0c1ec06-6316-4db1-9f84-b5735073d48e ] Request (ServerMetadataNegativeTestJSON:setUpClass): 200 GET http://10.180.1.21/compute/v2.1/servers/6546c525-c06b-4a56-a4b4-bb55d83d5b89 0.490s
2025-03-12 21:31:01.328 68922 INFO tempest.lib.common.rest_client [req-54b7377b-0abb-4b42-8933-222add3d29fd req-54b7377b-0abb-4b42-8933-222add3d29fd ] Request (ListImageFiltersTestJSON:setUpClass): 200 GET http://10.180.1.21/compute/v2.1/images/9b74eee3-bc0d-4f0a-a4d8-2bfeefe14ced 0.478s
2025-03-12 21:31:01.370 68964 INFO tempest.lib.common.rest_client [req-dd763288-38a2-4913-bb39-170392b77949 req-dd763288-38a2-4913-bb39-170392b77949 ] Request (ServersTestFqdnHostnames:setUpClass): 201 POST http://10.180.1.21/identity/v3/users 0.079s
2025-03-12 21:31:01.387 68960 INFO tempest.lib.common.rest_client [req-c3cfeb81-98eb-47bc-bc8e-a79dfb2c6cd2 req-c3cfeb81-98eb-47bc-bc8e-a79dfb2c6cd2 ] Request (ServerPasswordTestJSON:setUpClass): 200 GET http://10.180.1.21/compute/v2.1/servers/704832be-edca-4d76-a806-948c94251861 0.478s
2025-03-12 21:31:01.395 68960 INFO tempest.common.waiters [-] State transition "BUILD/scheduling" ==> "BUILD/None" after 46 second wait
2025-03-12 21:31:01.397 68944 INFO tempest.lib.common.rest_client [req-5096f31e-0ca5-4e8e-a616-fbe66f29b87a req-5096f31e-0ca5-4e8e-a616-fbe66f29b87a ] Request (SecurityGroupsTestJSON:test_server_security_groups): 202 POST http://10.180.1.21/compute/v2.1/servers/0a466d74-4aea-4601-9b46-865c29d21e8a/action 0.462s
2025-03-12 21:31:01.398 68964 INFO tempest.lib.common.rest_client [req-3b503090-7a6b-4a3e-b0d2-e2d53511cba6 req-3b503090-7a6b-4a3e-b0d2-e2d53511cba6 ] Request (ServersTestFqdnHostnames:setUpClass): 200 GET http://10.180.1.21/identity/v3/roles 0.027s
2025-03-12 21:31:01.436 68964 INFO tempest.lib.common.rest_client [req-662fb7cc-44bd-444d-a7a5-fb18f9792ad8 req-662fb7cc-44bd-444d-a7a5-fb18f9792ad8 ] Request (ServersTestFqdnHostnames:setUpClass): 204 PUT http://10.180.1.21/identity/v3/projects/0df2952b4f6d4dbaa7b90aeeb951012c/users/0bd32c14042343508ffe6c79656041b9/roles/1f5bae1c18084a07a5dc880bea902b6e 0.038s
2025-03-12 21:31:01.436 68964 INFO tempest.lib.common.dynamic_creds [-] Dynamic test user 0bd32c14042343508ffe6c79656041b9 is created with scope project and roles: ['member']
2025-03-12 21:31:01.437 68964 INFO tempest.lib.common.dynamic_creds [-] Acquired dynamic creds: credentials: Credentials: {'domain_id': 'default', 'domain_name': 'Default', 'username': 'tempest-ServersTestFqdnHostnames-1174180004-project-member', 'project_domain_id': 'default', 'project_domain_name': 'Default', 'project_id': '0df2952b4f6d4dbaa7b90aeeb951012c', 'project_name': 'tempest-ServersTestFqdnHostnames-1174180004', 'tenant_id': '0df2952b4f6d4dbaa7b90aeeb951012c', 'tenant_name': 'tempest-ServersTestFqdnHostnames-1174180004', 'user_domain_id': 'default', 'user_domain_name': 'Default', 'user_id': '0bd32c14042343508ffe6c79656041b9', 'system': None}, Network: None, Subnet: None, Router: None
2025-03-12 21:31:01.457 68918 INFO tempest.lib.common.rest_client [req-c31901b0-47de-4204-b53f-2639c7a594ab req-c31901b0-47de-4204-b53f-2639c7a594ab ] Request (FloatingIPsAssociationTestJSON:test_associate_already_associated_floating_ip): 200 GET http://10.180.1.21/compute/v2.1/servers/415ba173-fc7d-47f8-82f7-4f0737d6c0f3 0.479s
2025-03-12 21:31:01.458 68932 INFO tempest.lib.common.rest_client [req-bd286f87-c6f2-4e7f-aec1-ce1f563961f8 req-bd286f87-c6f2-4e7f-aec1-ce1f563961f8 ] Request (ServersAdminTestJSON:test_create_server_with_scheduling_hint): 200 GET http://10.180.1.21/compute/v2.1/servers/f9506261-0ce6-4fe1-aa8f-ce06d7e15909 0.511s
2025-03-12 21:31:01.506 68964 INFO tempest.lib.common.rest_client [req-f6a6ef71-bd19-4601-90ba-b7e60d200ec7 req-f6a6ef71-bd19-4601-90ba-b7e60d200ec7 ] Request (ServersTestFqdnHostnames:setUpClass): 201 POST http://10.180.1.21/identity/v3/auth/tokens 0.069s
2025-03-12 21:31:01.530 68978 INFO tempest.lib.common.rest_client [req-f77bb70d-c513-4cf0-890d-e305336a8cf7 req-f77bb70d-c513-4cf0-890d-e305336a8cf7 ] Request (MigrationsAdminTest:test_resize_server_revert_deleted_flavor): 200 GET http://10.180.1.21/compute/v2.1/servers/5539cf00-8c1e-4af5-8b91-c8e8c5065f28 0.448s
2025-03-12 21:31:01.530 68950 INFO tempest.lib.common.rest_client [req-cfa45daa-576e-42cb-8202-cee9ad90d376 req-cfa45daa-576e-42cb-8202-cee9ad90d376 ] Request (VolumesAssistedSnapshotsTest:test_volume_assisted_snapshot_create_delete): 200 GET http://10.180.1.21/volume/v3/volumes/24139f94-1157-4f5c-a13c-19bc43aab5cb 0.046s
2025-03-12 21:31:01.658 68928 INFO tempest.lib.common.rest_client [req-92e0da19-bf07-4485-85d1-45169742c6da req-92e0da19-bf07-4485-85d1-45169742c6da ] Request (ServersTestBootFromVolume:setUpClass): 200 POST http://10.180.1.21/compute/v2.1/os-keypairs 0.602s
2025-03-12 21:31:01.838 68944 INFO tempest.lib.common.rest_client [req-8bdcd30a-c8c2-4d48-b76a-0e1a840deaa5 req-8bdcd30a-c8c2-4d48-b76a-0e1a840deaa5 ] Request (SecurityGroupsTestJSON:test_server_security_groups): 200 GET http://10.180.1.21/compute/v2.1/servers/0a466d74-4aea-4601-9b46-865c29d21e8a 0.441s
2025-03-12 21:31:01.847 68924 WARNING tempest.lib.common.ssh [-] Failed to establish authenticated ssh connection to cirros@10.180.180.169 ([Errno None] Unable to connect to port 22 on 10.180.180.169). Number attempts: 8. Retry after 9 seconds.: paramiko.ssh_exception.NoValidConnectionsError: [Errno None] Unable to connect to port 22 on 10.180.180.169
2025-03-12 21:31:01.872 68952 INFO tempest.lib.common.rest_client [req-2394720d-e622-4dbf-b471-1075643f59c7 req-2394720d-e622-4dbf-b471-1075643f59c7 ] Request (ServersV294TestFqdnHostnames:setUpClass): 200 GET http://10.180.1.21/compute/v2.1/servers/74b9dbab-b094-4f3b-8dd9-d6573c5f3062 0.640s
2025-03-12 21:31:01.918 68928 INFO tempest.lib.common.rest_client [req-42b72953-f798-4ab6-8377-853b5060b8d0 req-42b72953-f798-4ab6-8377-853b5060b8d0 ] Request (ServersTestBootFromVolume:setUpClass): 201 POST http://10.180.1.21:9696/networking/v2.0/security-groups 0.259s
2025-03-12 21:31:01.981 68920 INFO tempest.lib.common.rest_client [req-18c6cd19-49a3-4e44-963c-92b9450a55a4 req-18c6cd19-49a3-4e44-963c-92b9450a55a4 ] Request (ServersTestMultiNic:_run_cleanups): 200 GET http://10.180.1.21/compute/v2.1/servers/8bfb3d1a-62f5-4781-949f-533f968c9d64 0.357s
2025-03-12 21:31:02.068 68940 INFO tempest.lib.common.rest_client [req-a729ee83-fed9-4491-a472-88c79853cef5 req-a729ee83-fed9-4491-a472-88c79853cef5 ] Request (ServersTestJSON:test_create_server_with_ipv6_addr_only): 200 GET http://10.180.1.21/compute/v2.1/servers/39d6d5b4-6684-41b0-a459-5993a3583fd0 0.301s
2025-03-12 21:31:02.075 68940 INFO tempest.common.waiters [-] State transition "BUILD/None" ==> "BUILD/networking" after 81 second wait
2025-03-12 21:31:02.093 68968 INFO tempest.lib.common.rest_client [req-500b872e-1ae3-4838-abee-76b8a297b063 req-500b872e-1ae3-4838-abee-76b8a297b063 ] Request (ListServersNegativeTestJSON:setUpClass): 200 GET http://10.180.1.21/compute/v2.1/servers/46aed8d6-f613-40c8-ae1a-42f38f622f8c 0.600s
2025-03-12 21:31:02.157 68974 INFO tempest.lib.common.rest_client [req-ddd8e35b-ab3a-4f0c-9f7d-d3c2e5e871ab req-ddd8e35b-ab3a-4f0c-9f7d-d3c2e5e871ab ] Request (ImagesOneServerTestJSON:tearDownClass): 200 GET http://10.180.1.21/compute/v2.1/servers/cf75af4d-93b3-4bbb-b60c-8dd85c1d9d9d 0.238s
2025-03-12 21:31:02.174 68962 INFO tempest.lib.common.rest_client [req-cee7963d-1d78-4ba0-8b60-f7f2ba395074 req-cee7963d-1d78-4ba0-8b60-f7f2ba395074 ] Request (DeleteServersTestJSON:test_delete_active_server): 200 GET http://10.180.1.21/compute/v2.1/servers/2798bb9e-2924-4fbe-91f5-cb29c417fe78 0.317s
2025-03-12 21:31:02.219 68928 INFO tempest.lib.common.rest_client [req-ba3c373f-b298-4507-92b3-d5dac31f9388 req-ba3c373f-b298-4507-92b3-d5dac31f9388 ] Request (ServersTestBootFromVolume:setUpClass): 201 POST http://10.180.1.21:9696/networking/v2.0/security-group-rules 0.300s
2025-03-12 21:31:02.222 68966 INFO tempest.lib.common.rest_client [req-0012ad63-57ef-45a4-bffa-1a7cff8758dd req-0012ad63-57ef-45a4-bffa-1a7cff8758dd ] Request (ServerRescueTestJSON:test_rescue_unrescue_instance): 200 GET http://10.180.1.21/compute/v2.1/servers/11847cbd-e74c-49ca-b518-aaa7204767b3 0.182s
2025-03-12 21:31:02.297 68936 INFO tempest.lib.common.rest_client [req-8b62b993-82e9-431e-99dd-981d6d0325f8 req-8b62b993-82e9-431e-99dd-981d6d0325f8 ] Request (ImagesOneServerNegativeTestJSON:setUpClass): 200 GET http://10.180.1.21/compute/v2.1/servers/07974438-9f23-485d-b9c5-659709c0fa16 0.119s
2025-03-12 21:31:02.374 68958 INFO tempest.lib.common.rest_client [req-dc6323c2-e106-4828-b173-05fdf78d5765 req-dc6323c2-e106-4828-b173-05fdf78d5765 ] Request (ServerActionsTestJSON:test_lock_unlock_server): 200 GET http://10.180.1.21/compute/v2.1/servers/536eadbc-43da-483f-a944-4d819d5c1850 0.253s
2025-03-12 21:31:02.401 68928 INFO tempest.lib.common.rest_client [req-0bc3ce67-6d58-4399-950c-9dd322d82e8b req-0bc3ce67-6d58-4399-950c-9dd322d82e8b ] Request (ServersTestBootFromVolume:setUpClass): 201 POST http://10.180.1.21:9696/networking/v2.0/security-group-rules 0.181s
2025-03-12 21:31:02.442 68964 INFO tempest.lib.common.rest_client [req-6efdc8ae-840b-4ed0-980a-350a1ac19000 req-6efdc8ae-840b-4ed0-980a-350a1ac19000 ] Request (ServersTestFqdnHostnames:setUpClass): 201 POST http://10.180.1.21:9696/networking/v2.0/networks 0.936s
2025-03-12 21:31:02.453 68934 INFO tempest.lib.common.rest_client [req-5b6683ae-35aa-45d5-bf13-96880cc17a69 req-5b6683ae-35aa-45d5-bf13-96880cc17a69 ] Request (ServersAdmin275Test:tearDownClass): 200 GET http://10.180.1.21/compute/v2.1/servers/14c46ebc-c084-4943-9721-bab5623654e0 0.146s
2025-03-12 21:31:02.461 68970 INFO tempest.lib.common.rest_client [req-1356391e-305f-4a5e-80a1-32b8236426c5 req-1356391e-305f-4a5e-80a1-32b8236426c5 ] Request (ServerAddressesTestJSON:tearDownClass): 200 GET http://10.180.1.21/compute/v2.1/servers/2bce802a-bf71-4199-a1d3-0466bed7e0be 0.223s
2025-03-12 21:31:02.500 68922 INFO tempest.lib.common.rest_client [req-d5c3e27e-bfff-4d04-acf9-5a3213640681 req-d5c3e27e-bfff-4d04-acf9-5a3213640681 ] Request (ListImageFiltersTestJSON:setUpClass): 200 GET http://10.180.1.21/compute/v2.1/images/9b74eee3-bc0d-4f0a-a4d8-2bfeefe14ced 0.166s
2025-03-12 21:31:02.555 68930 INFO tempest.lib.common.rest_client [req-93d1c546-3038-44b7-a340-b88502fe22df req-93d1c546-3038-44b7-a340-b88502fe22df ] Request (ServerMetadataNegativeTestJSON:setUpClass): 200 GET http://10.180.1.21/compute/v2.1/servers/6546c525-c06b-4a56-a4b4-bb55d83d5b89 0.236s
2025-03-12 21:31:02.578 68950 INFO tempest.lib.common.rest_client [req-c79b9ad6-a284-476e-84f4-c70b99f576c2 req-c79b9ad6-a284-476e-84f4-c70b99f576c2 ] Request (VolumesAssistedSnapshotsTest:test_volume_assisted_snapshot_create_delete): 200 GET http://10.180.1.21/volume/v3/volumes/24139f94-1157-4f5c-a13c-19bc43aab5cb 0.036s
2025-03-12 21:31:02.587 68950 INFO tempest.common.waiters [-] Attachment f6e27184-0a64-4845-8527-65261cfa4853 created for volume 24139f94-1157-4f5c-a13c-19bc43aab5cb to server ae8e0d43-2cf2-4b95-ae1a-c9e60effe553 after waiting for 7.587586 seconds
2025-03-12 21:31:02.605 68960 INFO tempest.lib.common.rest_client [req-e47d46b7-ce64-4f40-9d7d-ad7623d21470 req-e47d46b7-ce64-4f40-9d7d-ad7623d21470 ] Request (ServerPasswordTestJSON:setUpClass): 200 GET http://10.180.1.21/compute/v2.1/servers/704832be-edca-4d76-a806-948c94251861 0.208s
2025-03-12 21:31:02.626 68950 INFO tempest.lib.common.rest_client [req-b48667fc-0429-4876-ae08-280737812f3a req-b48667fc-0429-4876-ae08-280737812f3a ] Request (VolumesAssistedSnapshotsTest:test_volume_assisted_snapshot_create_delete): 200 GET http://10.180.1.21/volume/v3/volumes/24139f94-1157-4f5c-a13c-19bc43aab5cb 0.039s
2025-03-12 21:31:02.635 68950 INFO tempest.common.waiters [-] volume 24139f94-1157-4f5c-a13c-19bc43aab5cb reached in-use after waiting for 0.635895 seconds
2025-03-12 21:31:02.650 68918 INFO tempest.lib.common.rest_client [req-7869b982-8029-4730-a800-9bd441e921aa req-7869b982-8029-4730-a800-9bd441e921aa ] Request (FloatingIPsAssociationTestJSON:test_associate_already_associated_floating_ip): 200 GET http://10.180.1.21/compute/v2.1/servers/415ba173-fc7d-47f8-82f7-4f0737d6c0f3 0.184s
2025-03-12 21:31:02.702 68932 INFO tempest.lib.common.rest_client [req-77a617da-5b30-4eba-9c43-f4740f5e7420 req-77a617da-5b30-4eba-9c43-f4740f5e7420 ] Request (ServersAdminTestJSON:test_create_server_with_scheduling_hint): 200 GET http://10.180.1.21/compute/v2.1/servers/f9506261-0ce6-4fe1-aa8f-ce06d7e15909 0.231s
2025-03-12 21:31:02.771 68978 INFO tempest.lib.common.rest_client [req-d603e391-8252-4cce-acc1-87954c93fe72 req-d603e391-8252-4cce-acc1-87954c93fe72 ] Request (MigrationsAdminTest:test_resize_server_revert_deleted_flavor): 200 GET http://10.180.1.21/compute/v2.1/servers/5539cf00-8c1e-4af5-8b91-c8e8c5065f28 0.223s
2025-03-12 21:31:02.919 68950 INFO tempest.lib.common.rest_client [req-6259632b-5bed-440a-87f5-cae5e529e237 req-6259632b-5bed-440a-87f5-cae5e529e237 ] Request (VolumesAssistedSnapshotsTest:test_volume_assisted_snapshot_create_delete): 200 POST http://10.180.1.21/compute/v2.1/os-assisted-volume-snapshots 0.283s
2025-03-12 21:31:03.002 68952 INFO tempest.lib.common.rest_client [req-4e023d3d-06ba-44c1-bc3a-398857f89e88 req-4e023d3d-06ba-44c1-bc3a-398857f89e88 ] Request (ServersV294TestFqdnHostnames:setUpClass): 200 GET http://10.180.1.21/compute/v2.1/servers/74b9dbab-b094-4f3b-8dd9-d6573c5f3062 0.118s
2025-03-12 21:31:03.025 68950 INFO tempest.lib.common.rest_client [req-4f82786e-2c22-4189-9124-ccd79b50453d req-4f82786e-2c22-4189-9124-ccd79b50453d ] Request (VolumesAssistedSnapshotsTest:test_volume_assisted_snapshot_create_delete): 204 DELETE http://10.180.1.21/compute/v2.1/os-assisted-volume-snapshots/None?delete_info=%7B%22volume_id%22%3A+%2224139f94-1157-4f5c-a13c-19bc43aab5cb%22%7D 0.105s
2025-03-12 21:31:03.069 68950 INFO tempest.lib.common.rest_client [req-af92530f-b134-4c2c-801b-8c83d6cfc7b6 req-af92530f-b134-4c2c-801b-8c83d6cfc7b6 ] Request (VolumesAssistedSnapshotsTest:_run_cleanups): 200 GET http://10.180.1.21/volume/v3/volumes/24139f94-1157-4f5c-a13c-19bc43aab5cb 0.044s
2025-03-12 21:31:03.104 68920 INFO tempest.lib.common.rest_client [req-d943c8af-d0fd-4add-bf6f-fb3dc1b66215 req-d943c8af-d0fd-4add-bf6f-fb3dc1b66215 ] Request (ServersTestMultiNic:_run_cleanups): 200 GET http://10.180.1.21/compute/v2.1/servers/8bfb3d1a-62f5-4781-949f-533f968c9d64 0.112s
2025-03-12 21:31:03.123 68928 INFO tempest.lib.common.rest_client [req-88e3dcef-62ae-4d3e-9e18-f3d364b2966e req-88e3dcef-62ae-4d3e-9e18-f3d364b2966e ] Request (ServersTestBootFromVolume:setUpClass): 201 POST http://10.180.1.21:9696/networking/v2.0/floatingips 0.722s
2025-03-12 21:31:03.161 68928 INFO tempest.lib.common.rest_client [req-0450b0d4-fb33-40af-91b5-1edbd7323648 req-0450b0d4-fb33-40af-91b5-1edbd7323648 ] Request (ServersTestBootFromVolume:setUpClass): 201 POST http://10.180.1.21/identity/v3/auth/tokens 0.035s
2025-03-12 21:31:03.162 68928 INFO tempest.lib.common.fixed_network [-] (ServersTestBootFromVolume:setUpClass) Found network {'id': '66fa4bad-52e6-4698-84df-b39cc8cf9a97', 'name': 'tempest-ServersTestBootFromVolume-1687283532-network', 'tenant_id': 'a0278163ab31467fbd6b22cc3e415f21', 'admin_state_up': True, 'mtu': 8950, 'status': 'ACTIVE', 'subnets': [], 'shared': False, 'project_id': 'a0278163ab31467fbd6b22cc3e415f21', 'port_security_enabled': True, 'router:external': False, 'provider:network_type': 'vlan', 'provider:physical_network': 'default', 'provider:segmentation_id': 418, 'availability_zone_hints': [], 'availability_zones': [], 'ipv4_address_scope': None, 'ipv6_address_scope': None, 'description': '', 'tags': [], 'created_at': '2025-03-12T21:30:56Z', 'updated_at': '2025-03-12T21:30:56Z', 'revision_number': 1} available for tenant
2025-03-12 21:31:03.175 68964 INFO tempest.lib.common.rest_client [req-149887a3-921f-429f-8e40-3e3d1a9b9e86 req-149887a3-921f-429f-8e40-3e3d1a9b9e86 ] Request (ServersTestFqdnHostnames:setUpClass): 201 POST http://10.180.1.21:9696/networking/v2.0/subnets 0.732s
2025-03-12 21:31:03.260 68944 INFO tempest.lib.common.rest_client [req-363b2b2f-9840-4ce8-b221-0c1a1e7bbde6 req-363b2b2f-9840-4ce8-b221-0c1a1e7bbde6 ] Request (SecurityGroupsTestJSON:test_server_security_groups): 200 GET http://10.180.1.21/compute/v2.1/servers/0a466d74-4aea-4601-9b46-865c29d21e8a 0.414s
2025-03-12 21:31:03.296 68950 INFO tempest.lib.common.rest_client [req-fdb30642-4fb6-4bac-a848-e687f2fc691c req-fdb30642-4fb6-4bac-a848-e687f2fc691c ] Request (VolumesAssistedSnapshotsTest:_run_cleanups): 202 DELETE http://10.180.1.21/compute/v2.1/servers/ae8e0d43-2cf2-4b95-ae1a-c9e60effe553/os-volume_attachments/24139f94-1157-4f5c-a13c-19bc43aab5cb 0.218s
2025-03-12 21:31:03.486 68968 INFO tempest.lib.common.rest_client [req-07015c0b-89f4-4750-8bb5-1b46612f9f9c req-07015c0b-89f4-4750-8bb5-1b46612f9f9c ] Request (ListServersNegativeTestJSON:setUpClass): 200 GET http://10.180.1.21/compute/v2.1/servers/46aed8d6-f613-40c8-ae1a-42f38f622f8c 0.382s
2025-03-12 21:31:03.583 68974 INFO tempest.lib.common.rest_client [req-bfc70202-93d0-4943-891d-97928a46edff req-bfc70202-93d0-4943-891d-97928a46edff ] Request (ImagesOneServerTestJSON:tearDownClass): 200 GET http://10.180.1.21/compute/v2.1/servers/cf75af4d-93b3-4bbb-b60c-8dd85c1d9d9d 0.416s
2025-03-12 21:31:03.592 68974 INFO tempest.common.waiters [-] State transition "ACTIVE/deleting" ==> "DELETED/None" after 5 second wait
2025-03-12 21:31:03.597 68940 INFO tempest.lib.common.rest_client [req-b9b5b77d-a46b-4183-bab1-39cf2c4bb392 req-b9b5b77d-a46b-4183-bab1-39cf2c4bb392 ] Request (ServersTestJSON:test_create_server_with_ipv6_addr_only): 200 GET http://10.180.1.21/compute/v2.1/servers/39d6d5b4-6684-41b0-a459-5993a3583fd0 0.521s
2025-03-12 21:31:03.609 68940 INFO tempest.common.waiters [-] State transition "BUILD/networking" ==> "BUILD/spawning" after 82 second wait
2025-03-12 21:31:03.639 68928 INFO tempest.lib.common.rest_client [req-f5616359-1ba9-431e-9370-479e8d05b7ad req-f5616359-1ba9-431e-9370-479e8d05b7ad ] Request (ServersTestBootFromVolume:setUpClass): 202 POST http://10.180.1.21/volume/v3/volumes 0.476s
