2025-03-12 21:28:39.315 68976 INFO tempest.lib.common.rest_client [req-63a4631a-973d-4909-a31f-7fe5e0194550 req-63a4631a-973d-4909-a31f-7fe5e0194550 ] Request (TestVersions:tearDownClass): 204 DELETE http://10.180.1.21:9696/networking/v2.0/security-groups/62a4ca39-aae3-416e-91ef-19856acefc32 0.154s
2025-03-12 21:28:39.338 68958 INFO tempest.lib.common.rest_client [req-1db909df-196b-4916-8a3b-676667d5ba38 req-1db909df-196b-4916-8a3b-676667d5ba38 ] Request (ServerActionsTestJSON:setUpClass): 200 GET http://10.180.1.21/compute/v2.1/servers/536eadbc-43da-483f-a944-4d819d5c1850 0.680s
2025-03-12 21:28:39.353 68958 INFO tempest.common.waiters [-] State transition "BUILD/scheduling" ==> "BUILD/None" after 11 second wait
2025-03-12 21:28:39.415 68976 INFO tempest.lib.common.rest_client [req-3a158580-9c08-4fc4-a7c2-fc86ec216f1c req-3a158580-9c08-4fc4-a7c2-fc86ec216f1c ] Request (TestVersions:tearDownClass): 204 DELETE http://10.180.1.21/identity/v3/projects/5a309dc74f1d4f20a321ae31545a10a8 0.099s
2025-03-12 21:28:39.424 68934 INFO tempest.lib.common.rest_client [req-c223deb1-bde4-452f-8b77-99ff32580442 req-c223deb1-bde4-452f-8b77-99ff32580442 ] Request (FlavorsAccessNegativeTestJSON:tearDownClass): 204 DELETE http://10.180.1.21:9696/networking/v2.0/security-groups/e490ff18-ce2c-413b-9a0e-f93f7ce5d739 0.294s
2025-03-12 21:28:39.438 68964 INFO tempest.lib.common.rest_client [req-d0514ae1-4c56-475d-9174-b37c431a36cd req-d0514ae1-4c56-475d-9174-b37c431a36cd ] Request (DeleteServersAdminTestJSON:test_admin_delete_servers_of_others): 200 GET http://10.180.1.21/compute/v2.1/servers/31daaef4-ef63-49d0-9a94-8b44ca57d776 0.743s
2025-03-12 21:28:39.445 68964 INFO tempest.common.waiters [-] State transition "ACTIVE/deleting" ==> "DELETED/None" after 4 second wait
2025-03-12 21:28:39.511 68968 INFO tempest.lib.common.rest_client [req-3e24c68c-2a47-4a43-8fef-3feda5b68946 req-3e24c68c-2a47-4a43-8fef-3feda5b68946 ] Request (TenantUsagesTestJSON:setUpClass): 200 GET http://10.180.1.21/compute/v2.1/servers/cbe09b25-b49e-450f-9176-15b85e9e303a 0.779s
2025-03-12 21:28:39.551 68916 INFO tempest.lib.common.rest_client [req-ad331004-fafd-40fc-9288-bb59c7f5440b req-ad331004-fafd-40fc-9288-bb59c7f5440b ] Request (ImagesMetadataTestJSON:test_set_image_metadata): 200 GET http://10.180.1.21/compute/v2.1/images/85bc731b-f431-4137-9876-5ecb261ba2eb/metadata 0.809s
2025-03-12 21:28:39.568 68934 INFO tempest.lib.common.rest_client [req-8f31e215-ad28-4d45-af98-59c2cfa0f2f9 req-8f31e215-ad28-4d45-af98-59c2cfa0f2f9 ] Request (FlavorsAccessNegativeTestJSON:tearDownClass): 204 DELETE http://10.180.1.21/identity/v3/projects/2f32a21a6317436d852b2e884b1e7a56 0.144s
2025-03-12 21:28:39.568 68934 INFO tempest.lib.common.dynamic_creds [-] Deleting project and security group for project: 9a86035d1ed24008af91fc926a9d4bf6
2025-03-12 21:28:39.594 68960 INFO tempest.lib.common.rest_client [req-57f03e4e-35f9-4958-9be5-ab153a99c5f2 req-57f03e4e-35f9-4958-9be5-ab153a99c5f2 ] Request (SecurityGroupRulesNegativeTestJSON:tearDownClass): 204 DELETE http://10.180.1.21:9696/networking/v2.0/routers/2171ae23-ea8c-41a9-b5fc-3ca159a34ab0 0.957s
2025-03-12 21:28:39.631 68956 INFO tempest.lib.common.rest_client [req-181cb3b3-e8cf-41e1-b57e-c93d8173fbdf req-181cb3b3-e8cf-41e1-b57e-c93d8173fbdf ] Request (ServersWithSpecificFlavorTestJSON:test_verify_created_server_ephemeral_disk): 200 GET http://10.180.1.21/compute/v2.1/servers/eabaabda-c30c-4997-83b6-f99a1ea79dbc 0.881s
2025-03-12 21:28:39.669 68924 INFO tempest.lib.common.rest_client [req-ca0a38f5-3cdf-47d8-b080-baf1b93d95fa req-ca0a38f5-3cdf-47d8-b080-baf1b93d95fa ] Request (SecurityGroupsNegativeTestJSON:test_update_non_existent_security_group): 404 PUT http://10.180.1.21/compute/v2.1/os-security-groups/e5d2065a-5836-414d-89ea-14fc05e7a2a9 0.884s
2025-03-12 21:28:39.824 68960 INFO tempest.lib.common.rest_client [req-1f04d46f-b2a3-44df-9d95-743e706b7643 req-1f04d46f-b2a3-44df-9d95-743e706b7643 ] Request (SecurityGroupRulesNegativeTestJSON:tearDownClass): 204 DELETE http://10.180.1.21:9696/networking/v2.0/subnets/0d9a29bc-3447-46e5-824d-3dee03467b74 0.229s
2025-03-12 21:28:39.886 68970 INFO tempest.lib.common.rest_client [req-9a47a6c5-86ac-4505-9fba-adb1bc263e73 req-9a47a6c5-86ac-4505-9fba-adb1bc263e73 ] Request (FloatingIPsAssociationNegativeTestJSON:test_associate_ip_to_server_with_floating_ip): 200 POST http://10.180.1.21/compute/v2.1/os-floating-ips 1.514s
2025-03-12 21:28:39.909 68954 INFO tempest.lib.common.rest_client [req-749c60d7-6370-4a31-a4d7-21d0a233f68a req-749c60d7-6370-4a31-a4d7-21d0a233f68a ] Request (HostsAdminTestJSON:test_show_host_detail): 200 GET http://10.180.1.21/compute/v2.1/os-hosts 1.094s
2025-03-12 21:28:39.929 68946 INFO tempest.lib.common.rest_client [req-194ca65d-0242-4a9c-8c9f-2898816c076e req-194ca65d-0242-4a9c-8c9f-2898816c076e ] Request (AttachVolumeTestJSON:test_attach_detach_volume): 200 GET http://10.180.1.21/compute/v2.1/servers/632d944a-2286-42bb-a3b8-cdaf59c72880 1.125s
2025-03-12 21:28:39.939 68922 INFO tempest.lib.common.rest_client [req-a7117de4-f53f-4ff8-92d7-ea392ea8c1fd req-a7117de4-f53f-4ff8-92d7-ea392ea8c1fd ] Request (FlavorsAdminTestJSON:test_is_public_string_variations): 200 POST http://10.180.1.21/compute/v2.1/flavors 1.102s
2025-03-12 21:28:39.948 68940 INFO tempest.lib.common.rest_client [req-b4da5b81-4485-4032-a1a5-696af29d9ce8 req-b4da5b81-4485-4032-a1a5-696af29d9ce8 ] Request (KeyPairsV22TestJSON:_run_cleanups): 204 DELETE http://10.180.1.21/compute/v2.1/os-keypairs/tempest-keypair-552721037 1.091s
2025-03-12 21:28:39.996 68918 INFO tempest.lib.common.rest_client [req-c781569e-1c59-414e-9cb9-bf26d3de6182 req-c781569e-1c59-414e-9cb9-bf26d3de6182 ] Request (QuotaClassesAdmin257Test:_run_cleanups): 200 PUT http://10.180.1.21/compute/v2.1/os-quota-class-sets/default 1.120s
2025-03-12 21:28:40.010 68974 INFO tempest.lib.common.rest_client [req-aaaa1537-c503-45ab-9bf4-e3afc6bf846e req-aaaa1537-c503-45ab-9bf4-e3afc6bf846e ] Request (AggregatesAdminNegativeTestJSON:test_aggregate_get_details_with_invalid_id): 404 GET http://10.180.1.21/compute/v2.1/os-aggregates/-1 1.106s
2025-03-12 21:28:40.042 68934 INFO tempest.lib.common.rest_client [req-6372f5b4-d9f9-48ef-adab-6a970cdf0125 req-6372f5b4-d9f9-48ef-adab-6a970cdf0125 ] Request (FlavorsAccessNegativeTestJSON:tearDownClass): 200 GET http://10.180.1.21:9696/networking/v2.0/security-groups?tenant_id=9a86035d1ed24008af91fc926a9d4bf6&name=default 0.474s
2025-03-12 21:28:40.093 68943 INFO tempest.lib.common.rest_client [req-7e10fb9c-2342-40d0-9204-3a229239f011 req-7e10fb9c-2342-40d0-9204-3a229239f011 ] Request (VolumesAdminNegativeTest:test_update_attached_volume_with_nonexistent_volume_in_body): 200 GET http://10.180.1.21/compute/v2.1/servers/67b5f02a-0cec-4dce-9930-d335044db208 1.121s
2025-03-12 21:28:40.119 68940 INFO tempest.lib.common.rest_client [req-5923e9b7-e1d9-4e04-bdb9-cc27bd629cfc req-5923e9b7-e1d9-4e04-bdb9-cc27bd629cfc ] Request (KeyPairsV22TestJSON:tearDownClass): 204 DELETE http://10.180.1.21/identity/v3/users/ef14a9ff73a74008934834fc2fc410c5 0.169s
2025-03-12 21:28:40.119 68940 INFO tempest.lib.common.dynamic_creds [-] Deleting project and security group for project: 02a9de84d0aa45ad9e8d3f3df0a8612f
2025-03-12 21:28:40.120 68918 INFO tempest.lib.common.rest_client [req-8961270f-8836-4850-b85a-fb32ef45b92a req-8961270f-8836-4850-b85a-fb32ef45b92a ] Request (QuotaClassesAdmin257Test:tearDownClass): 204 DELETE http://10.180.1.21/identity/v3/users/be631d8bc45f4f64a543932e9380f2da 0.122s
2025-03-12 21:28:40.135 68960 INFO tempest.lib.common.rest_client [req-964ac4b7-9503-4a7a-a36a-a04823775859 req-964ac4b7-9503-4a7a-a36a-a04823775859 ] Request (SecurityGroupRulesNegativeTestJSON:tearDownClass): 204 DELETE http://10.180.1.21:9696/networking/v2.0/networks/5dec5f15-660a-4655-979c-fe7acad7de27 0.311s
2025-03-12 21:28:40.177 68940 INFO tempest.lib.common.rest_client [req-68f1b06f-176e-47eb-8cce-b7fa2bbfe338 req-68f1b06f-176e-47eb-8cce-b7fa2bbfe338 ] Request (KeyPairsV22TestJSON:tearDownClass): 201 POST http://10.180.1.21/identity/v3/auth/tokens 0.057s
2025-03-12 21:28:40.182 68920 INFO tempest.lib.common.rest_client [req-92807d65-57e5-4d93-ae62-ccb50bc39a4b req-92807d65-57e5-4d93-ae62-ccb50bc39a4b ] Request (ServerDiagnosticsTest:tearDownClass): 200 GET http://10.180.1.21/compute/v2.1/servers/849d7e6d-b9a9-4585-8b44-25e4bbe0e30e 1.122s
2025-03-12 21:28:40.212 68934 INFO tempest.lib.common.rest_client [req-65e0a602-b0fc-43b2-931d-dcc81a975fef req-65e0a602-b0fc-43b2-931d-dcc81a975fef ] Request (FlavorsAccessNegativeTestJSON:tearDownClass): 204 DELETE http://10.180.1.21:9696/networking/v2.0/security-groups/e08b9da3-436a-4262-888a-94f918fa5518 0.168s
2025-03-12 21:28:40.218 68930 INFO tempest.lib.common.rest_client [req-c9cffd45-cd2e-4893-bb50-ba9224b135bf req-c9cffd45-cd2e-4893-bb50-ba9224b135bf ] Request (FlavorsV2TestJSON:test_list_flavors_filter_by_min_ram): 200 GET http://10.180.1.21/compute/v2.1/flavors?minRam=193 1.105s
2025-03-12 21:28:40.219 68966 INFO tempest.lib.common.rest_client [req-8fe6f309-0932-4b59-bb3a-d2edf0f67e93 req-8fe6f309-0932-4b59-bb3a-d2edf0f67e93 ] Request (QuotasAdminTestV236:test_get_updated_quotas): 200 GET http://10.180.1.21/identity/v3/domains?name=Default 0.154s
2025-03-12 21:28:40.231 68928 INFO tempest.lib.common.rest_client [req-653377af-3740-4f9c-a1a3-989580487e03 req-653377af-3740-4f9c-a1a3-989580487e03 ] Request (ServersAdminNegativeTestJSON:setUpClass): 200 GET http://10.180.1.21/compute/v2.1/servers/a7f9464a-1ce9-41c1-acd0-085769f87f3b 1.340s
2025-03-12 21:28:40.260 68918 INFO tempest.lib.common.rest_client [req-58c44a05-39f8-4aa9-840d-69e2886aeb9e req-58c44a05-39f8-4aa9-840d-69e2886aeb9e ] Request (QuotaClassesAdmin257Test:tearDownClass): 204 DELETE http://10.180.1.21/identity/v3/users/8c132b8f70fa4ba3bb91c53f57b6e6d5 0.139s
2025-03-12 21:28:40.260 68918 INFO tempest.lib.common.dynamic_creds [-] Deleting project and security group for project: 87d21cda37f6497ea28474d3970b7b68
2025-03-12 21:28:40.300 68926 INFO tempest.lib.common.rest_client [req-b5713e78-2393-4d45-bd28-af8c83d533c6 req-b5713e78-2393-4d45-bd28-af8c83d533c6 ] Request (ListServerFiltersTestJSON:setUpClass): 200 GET http://10.180.1.21/compute/v2.1/servers/c5dc9190-d11e-4fc1-93dd-107a5267886f 1.116s
2025-03-12 21:28:40.306 68960 INFO tempest.lib.common.rest_client [req-56c60c2b-a79a-40b0-827e-06b92b9a83cc req-56c60c2b-a79a-40b0-827e-06b92b9a83cc ] Request (SecurityGroupRulesNegativeTestJSON:tearDownClass): 204 DELETE http://10.180.1.21/identity/v3/users/76960476b5b84d30827b79d009ec93e8 0.170s
2025-03-12 21:28:40.306 68960 INFO tempest.lib.common.dynamic_creds [-] Deleting project and security group for project: 030ef317dd44454e82d05f1799e28cbc
2025-03-12 21:28:40.331 68944 INFO tempest.lib.common.rest_client [req-73531565-2454-4008-9652-d28f8c717343 req-73531565-2454-4008-9652-d28f8c717343 ] Request (SecurityGroupsTestJSON:test_list_security_groups_by_server): 200 POST http://10.180.1.21/compute/v2.1/os-security-groups 1.168s
2025-03-12 21:28:40.372 68960 INFO tempest.lib.common.rest_client [req-37dba11c-31ad-4f94-b45f-2ef4347b97d8 req-37dba11c-31ad-4f94-b45f-2ef4347b97d8 ] Request (SecurityGroupRulesNegativeTestJSON:tearDownClass): 200 GET http://10.180.1.21:9696/networking/v2.0/security-groups?tenant_id=030ef317dd44454e82d05f1799e28cbc&name=default 0.066s
2025-03-12 21:28:40.389 68938 INFO tempest.lib.common.rest_client [req-5527314c-eec3-4c5c-9a6a-817f5cdc639d req-5527314c-eec3-4c5c-9a6a-817f5cdc639d ] Request (InstanceActionsNegativeTestJSON:tearDownClass): 200 GET http://10.180.1.21/compute/v2.1/servers/498784a2-9d4b-493a-949d-176231487ba8 1.128s
2025-03-12 21:28:40.404 68936 INFO tempest.lib.common.rest_client [req-7840640f-8b8f-40a7-aa82-f7161557b166 req-7840640f-8b8f-40a7-aa82-f7161557b166 ] Request (ServerDiagnosticsV248Test:test_get_server_diagnostics): 200 GET http://10.180.1.21/compute/v2.1/servers/e531bf63-79c8-4f6a-b8a9-60930da933ba 0.969s
2025-03-12 21:28:40.409 68934 INFO tempest.lib.common.rest_client [req-59a149bd-21cc-4e1f-b0e6-5c8ed0c7529c req-59a149bd-21cc-4e1f-b0e6-5c8ed0c7529c ] Request (FlavorsAccessNegativeTestJSON:tearDownClass): 204 DELETE http://10.180.1.21/identity/v3/projects/9a86035d1ed24008af91fc926a9d4bf6 0.197s
2025-03-12 21:28:40.410 68934 INFO tempest.lib.common.dynamic_creds [-] Deleting project and security group for project: 524cafb9d9134a90a8b19144174d82cb
2025-03-12 21:28:40.469 68918 INFO tempest.lib.common.rest_client [req-494b9135-a922-4970-b598-624ad42715db req-494b9135-a922-4970-b598-624ad42715db ] Request (QuotaClassesAdmin257Test:tearDownClass): 201 POST http://10.180.1.21/identity/v3/auth/tokens 0.209s
2025-03-12 21:28:40.487 68966 INFO tempest.lib.common.rest_client [req-0ac05da7-635f-4b57-a8c1-1e20dcb68957 req-0ac05da7-635f-4b57-a8c1-1e20dcb68957 ] Request (QuotasAdminTestV236:test_get_updated_quotas): 201 POST http://10.180.1.21/identity/v3/projects 0.268s
2025-03-12 21:28:40.524 68944 INFO tempest.lib.common.rest_client [req-e3a52147-b603-4ebf-9015-5df9e436a61f req-e3a52147-b603-4ebf-9015-5df9e436a61f ] Request (SecurityGroupsTestJSON:test_list_security_groups_by_server): 201 POST http://10.180.1.21/identity/v3/auth/tokens 0.185s
2025-03-12 21:28:40.525 68944 INFO tempest.lib.common.fixed_network [-] (SecurityGroupsTestJSON:test_list_security_groups_by_server) Found network {'id': 'b75bd8ac-0496-45cf-b6af-c1320dac99a3', 'name': 'tempest-SecurityGroupsTestJSON-511444467-network', 'tenant_id': 'b74be75d89574f11a731c23bffe9954b', 'admin_state_up': True, 'mtu': 8950, 'status': 'ACTIVE', 'subnets': [], 'shared': False, 'project_id': 'b74be75d89574f11a731c23bffe9954b', 'port_security_enabled': True, 'router:external': False, 'provider:network_type': 'vlan', 'provider:physical_network': 'default', 'provider:segmentation_id': 654, 'availability_zone_hints': [], 'availability_zones': [], 'ipv4_address_scope': None, 'ipv6_address_scope': None, 'description': '', 'tags': [], 'created_at': '2025-03-12T21:28:34Z', 'updated_at': '2025-03-12T21:28:34Z', 'revision_number': 1} available for tenant
2025-03-12 21:28:40.540 68940 INFO tempest.lib.common.rest_client [req-de928b11-428b-44ba-8182-80bfd03f84fe req-de928b11-428b-44ba-8182-80bfd03f84fe ] Request (KeyPairsV22TestJSON:tearDownClass): 200 GET http://10.180.1.21:9696/networking/v2.0/security-groups?tenant_id=02a9de84d0aa45ad9e8d3f3df0a8612f&name=default 0.363s
2025-03-12 21:28:40.550 68960 INFO tempest.lib.common.rest_client [req-94bed253-730b-473a-812e-48e3bb761a20 req-94bed253-730b-473a-812e-48e3bb761a20 ] Request (SecurityGroupRulesNegativeTestJSON:tearDownClass): 204 DELETE http://10.180.1.21:9696/networking/v2.0/security-groups/32b65b3f-ce11-4703-9c58-6ff885c07b44 0.177s
2025-03-12 21:28:40.552 68932 INFO tempest.lib.common.rest_client [req-36503ca9-3237-44ef-a197-7a31f9a94132 req-36503ca9-3237-44ef-a197-7a31f9a94132 ] Request (ServersAdminTestJSON:setUpClass): 201 POST http://10.180.1.21:9696/networking/v2.0/routers 1.928s
2025-03-12 21:28:40.596 68966 INFO tempest.lib.common.rest_client [req-8e187eb7-f1ba-4aaa-969c-6e731c97d7e6 req-8e187eb7-f1ba-4aaa-969c-6e731c97d7e6 ] Request (QuotasAdminTestV236:test_get_updated_quotas): 200 GET http://10.180.1.21/identity/v3/domains?name=Default 0.108s
2025-03-12 21:28:40.601 68962 INFO tempest.lib.common.rest_client [req-f5965043-edd3-4d6b-84a8-15107e844f62 req-f5965043-edd3-4d6b-84a8-15107e844f62 ] Request (ServerDiagnosticsNegativeTest:test_get_server_diagnostics_by_non_admin): 200 GET http://10.180.1.21/compute/v2.1/servers/24d8a83a-b087-4a0a-8eb2-2ec41afd4707 1.076s
2025-03-12 21:28:40.662 68960 INFO tempest.lib.common.rest_client [req-de089b59-f2bc-491e-8ac0-c3a18056d9fd req-de089b59-f2bc-491e-8ac0-c3a18056d9fd ] Request (SecurityGroupRulesNegativeTestJSON:tearDownClass): 204 DELETE http://10.180.1.21/identity/v3/projects/030ef317dd44454e82d05f1799e28cbc 0.112s
2025-03-12 21:28:40.684 68934 INFO tempest.lib.common.rest_client [req-19fbf7c1-2236-4eef-90a4-09f0d4c75fc2 req-19fbf7c1-2236-4eef-90a4-09f0d4c75fc2 ] Request (FlavorsAccessNegativeTestJSON:tearDownClass): 200 GET http://10.180.1.21:9696/networking/v2.0/security-groups?tenant_id=524cafb9d9134a90a8b19144174d82cb&name=default 0.274s
2025-03-12 21:28:40.700 68916 INFO tempest.lib.common.rest_client [req-f9912edc-ec8b-4b92-909b-f92d7dcbf850 req-f9912edc-ec8b-4b92-909b-f92d7dcbf850 ] Request (ImagesMetadataTestJSON:setUp): 200 PUT http://10.180.1.21/compute/v2.1/images/85bc731b-f431-4137-9876-5ecb261ba2eb/metadata 1.147s
2025-03-12 21:28:40.742 68960 INFO tempest.lib.common.rest_client [req-077af708-07f9-445d-b1e5-08b8c2d94b4f req-077af708-07f9-445d-b1e5-08b8c2d94b4f ] Request (InstanceActionsTestJSON:setUpClass): 201 POST http://10.180.1.21/identity/v3/auth/tokens 0.078s
2025-03-12 21:28:40.780 68960 INFO tempest.lib.common.rest_client [req-0ce8c9f1-84eb-4a74-a16c-3e2c501da081 req-0ce8c9f1-84eb-4a74-a16c-3e2c501da081 ] Request (InstanceActionsTestJSON:setUpClass): 201 POST http://10.180.1.21/identity/v3/auth/tokens 0.035s
2025-03-12 21:28:40.788 68950 INFO tempest.lib.common.rest_client [req-ea5a23c7-c891-41fd-afc2-71cf25dfdd65 req-ea5a23c7-c891-41fd-afc2-71cf25dfdd65 ] Request (VolumesAssistedSnapshotsTest:test_volume_assisted_snapshot_create_delete): 200 GET http://10.180.1.21/compute/v2.1/servers/ae8e0d43-2cf2-4b95-ae1a-c9e60effe553 1.013s
2025-03-12 21:28:40.796 68940 INFO tempest.lib.common.rest_client [req-a2436ed2-3720-4892-96a3-1da93610219e req-a2436ed2-3720-4892-96a3-1da93610219e ] Request (KeyPairsV22TestJSON:tearDownClass): 204 DELETE http://10.180.1.21:9696/networking/v2.0/security-groups/eb98389f-60bc-4086-a71d-552d3a741fbd 0.255s
2025-03-12 21:28:40.812 68960 INFO tempest.lib.common.rest_client [req-db90f89b-3311-412e-907c-5d110c5c9853 req-db90f89b-3311-412e-907c-5d110c5c9853 ] Request (InstanceActionsTestJSON:setUpClass): 200 GET http://10.180.1.21/identity/v3/domains?name=Default 0.032s
2025-03-12 21:28:40.835 68918 INFO tempest.lib.common.rest_client [req-2c52cadf-7e5e-4e77-a965-d439fe926d92 req-2c52cadf-7e5e-4e77-a965-d439fe926d92 ] Request (QuotaClassesAdmin257Test:tearDownClass): 200 GET http://10.180.1.21:9696/networking/v2.0/security-groups?tenant_id=87d21cda37f6497ea28474d3970b7b68&name=default 0.365s
2025-03-12 21:28:40.844 68978 INFO tempest.lib.common.rest_client [req-ebf0a64d-fb07-4062-8ed8-125d3f33826b req-ebf0a64d-fb07-4062-8ed8-125d3f33826b ] Request (MigrationsAdminTest:test_list_migrations_in_flavor_resize_situation): 200 GET http://10.180.1.21/compute/v2.1/servers/d1f4a410-8029-42d8-9458-2979d5b18985 1.141s
2025-03-12 21:28:40.851 68960 INFO tempest.lib.common.rest_client [req-70413fb5-41d9-4cb9-8def-b2718a81e633 req-70413fb5-41d9-4cb9-8def-b2718a81e633 ] Request (InstanceActionsTestJSON:setUpClass): 201 POST http://10.180.1.21/identity/v3/projects 0.038s
2025-03-12 21:28:40.879 68940 INFO tempest.lib.common.rest_client [req-cd688842-792d-458a-ad2c-aab623cc0dee req-cd688842-792d-458a-ad2c-aab623cc0dee ] Request (KeyPairsV22TestJSON:tearDownClass): 204 DELETE http://10.180.1.21/identity/v3/projects/02a9de84d0aa45ad9e8d3f3df0a8612f 0.083s
2025-03-12 21:28:40.879 68934 INFO tempest.lib.common.rest_client [req-5fbef5e7-18f1-41d0-96cf-2e4903bb158b req-5fbef5e7-18f1-41d0-96cf-2e4903bb158b ] Request (FlavorsAccessNegativeTestJSON:tearDownClass): 204 DELETE http://10.180.1.21:9696/networking/v2.0/security-groups/5dd6f7dd-5f33-4dda-9957-77c170001345 0.195s
2025-03-12 21:28:40.880 68940 INFO tempest.test [-] raised in ServerPersonalityTestJSON.setUpClass. Invoking tearDownClass.
2025-03-12 21:28:40.933 68960 INFO tempest.lib.common.rest_client [req-de592275-996d-4f51-b2c6-ad2284f0136d req-de592275-996d-4f51-b2c6-ad2284f0136d ] Request (InstanceActionsTestJSON:setUpClass): 201 POST http://10.180.1.21/identity/v3/users 0.081s
2025-03-12 21:28:40.967 68940 INFO tempest.lib.common.rest_client [req-3bd13e30-3f20-4ca0-90fb-50454afc08d1 req-3bd13e30-3f20-4ca0-90fb-50454afc08d1 ] Request (ServersTestJSON:setUpClass): 201 POST http://10.180.1.21/identity/v3/auth/tokens 0.084s
2025-03-12 21:28:40.978 68918 INFO tempest.lib.common.rest_client [req-af76e917-099f-4b21-8c76-c2e44e86e1da req-af76e917-099f-4b21-8c76-c2e44e86e1da ] Request (QuotaClassesAdmin257Test:tearDownClass): 204 DELETE http://10.180.1.21:9696/networking/v2.0/security-groups/8ab43ec9-2812-4358-9051-2be37271c834 0.142s
2025-03-12 21:28:41.004 68934 INFO tempest.lib.common.rest_client [req-2c298dd8-b9be-4553-9d6b-4118d94cb5ea req-2c298dd8-b9be-4553-9d6b-4118d94cb5ea ] Request (FlavorsAccessNegativeTestJSON:tearDownClass): 204 DELETE http://10.180.1.21/identity/v3/projects/524cafb9d9134a90a8b19144174d82cb 0.124s
2025-03-12 21:28:41.029 68960 INFO tempest.lib.common.rest_client [req-3f0873d1-fc4a-473f-a685-684396351983 req-3f0873d1-fc4a-473f-a685-684396351983 ] Request (InstanceActionsTestJSON:setUpClass): 200 GET http://10.180.1.21/identity/v3/roles 0.095s
2025-03-12 21:28:41.033 68940 INFO tempest.lib.common.rest_client [req-fab48c57-59cd-442d-9cd9-9f195b3e9061 req-fab48c57-59cd-442d-9cd9-9f195b3e9061 ] Request (ServersTestJSON:setUpClass): 201 POST http://10.180.1.21/identity/v3/auth/tokens 0.063s
2025-03-12 21:28:41.058 68934 INFO tempest.lib.common.rest_client [req-f1024c9b-bc9f-4ce4-bb09-e982810c873f req-f1024c9b-bc9f-4ce4-bb09-e982810c873f ] Request (SecurityGroupsTestAdminJSON:setUpClass): 201 POST http://10.180.1.21/identity/v3/auth/tokens 0.052s
2025-03-12 21:28:41.084 68954 INFO tempest.lib.common.rest_client [req-721ee370-b343-45c9-8e58-a7c72d73ebc5 req-721ee370-b343-45c9-8e58-a7c72d73ebc5 ] Request (HostsAdminTestJSON:test_show_host_detail): 200 GET http://10.180.1.21/compute/v2.1/os-hosts/cpu-1 1.173s
2025-03-12 21:28:41.088 68918 INFO tempest.lib.common.rest_client [req-2b0be33f-ec6f-41ad-a7f8-21fed3938c2d req-2b0be33f-ec6f-41ad-a7f8-21fed3938c2d ] Request (QuotaClassesAdmin257Test:tearDownClass): 204 DELETE http://10.180.1.21/identity/v3/projects/87d21cda37f6497ea28474d3970b7b68 0.110s
2025-03-12 21:28:41.088 68918 INFO tempest.lib.common.dynamic_creds [-] Deleting project and security group for project: 5df6c39172cf48b2bf7c87a6915503c4
2025-03-12 21:28:41.090 68960 INFO tempest.lib.common.rest_client [req-e80a2ab4-7576-4a64-898b-a10dacefbbbc req-e80a2ab4-7576-4a64-898b-a10dacefbbbc ] Request (InstanceActionsTestJSON:setUpClass): 204 PUT http://10.180.1.21/identity/v3/projects/59d2c3de2c25463db163f4aaeaa389a2/users/cc252c68adab44f29679b11f4904f87a/roles/1f5bae1c18084a07a5dc880bea902b6e 0.061s
2025-03-12 21:28:41.090 68960 INFO tempest.lib.common.dynamic_creds [-] Dynamic test user cc252c68adab44f29679b11f4904f87a is created with scope project and roles: ['member']
2025-03-12 21:28:41.091 68960 INFO tempest.lib.common.dynamic_creds [-] Acquired dynamic creds: credentials: Credentials: {'domain_id': 'default', 'domain_name': 'Default', 'username': 'tempest-InstanceActionsTestJSON-1345045874-project-member', 'project_domain_id': 'default', 'project_domain_name': 'Default', 'project_id': '59d2c3de2c25463db163f4aaeaa389a2', 'project_name': 'tempest-InstanceActionsTestJSON-1345045874', 'tenant_id': '59d2c3de2c25463db163f4aaeaa389a2', 'tenant_name': 'tempest-InstanceActionsTestJSON-1345045874', 'user_domain_id': 'default', 'user_domain_name': 'Default', 'user_id': 'cc252c68adab44f29679b11f4904f87a', 'system': None}, Network: None, Subnet: None, Router: None
2025-03-12 21:28:41.102 68922 INFO tempest.lib.common.rest_client [req-0ec54e34-35a1-4930-9fb7-4121f9e3ba4b req-0ec54e34-35a1-4930-9fb7-4121f9e3ba4b ] Request (FlavorsAdminTestJSON:test_is_public_string_variations): 200 GET http://10.180.1.21/compute/v2.1/flavors/detail?is_public=f 1.160s
2025-03-12 21:28:41.108 68974 INFO tempest.lib.common.rest_client [req-0cd1348a-dcc2-4629-90c6-c1ccd2c51a00 req-0cd1348a-dcc2-4629-90c6-c1ccd2c51a00 ] Request (AggregatesAdminNegativeTestJSON:test_aggregate_list_as_user): 403 GET http://10.180.1.21/compute/v2.1/os-aggregates 1.096s
2025-03-12 21:28:41.151 68934 INFO tempest.lib.common.rest_client [req-9b45f27b-427e-4980-9bd6-03420f633ca6 req-9b45f27b-427e-4980-9bd6-03420f633ca6 ] Request (SecurityGroupsTestAdminJSON:setUpClass): 201 POST http://10.180.1.21/identity/v3/auth/tokens 0.090s
2025-03-12 21:28:41.169 68940 INFO tempest.lib.common.rest_client [req-22179aab-0ade-4524-90b9-0ae82bf6e1e1 req-22179aab-0ade-4524-90b9-0ae82bf6e1e1 ] Request (ServersTestJSON:setUpClass): 200 GET http://10.180.1.21/identity/v3/domains?name=Default 0.136s
2025-03-12 21:28:41.191 68960 INFO tempest.lib.common.rest_client [req-7853e8ed-dbaa-42a8-9cbd-efdc9714c263 req-7853e8ed-dbaa-42a8-9cbd-efdc9714c263 ] Request (InstanceActionsTestJSON:setUpClass): 201 POST http://10.180.1.21/identity/v3/auth/tokens 0.100s
2025-03-12 21:28:41.225 68954 INFO tempest.lib.common.rest_client [req-0f853cbc-12e9-4628-a7c4-4b36b666828b req-0f853cbc-12e9-4628-a7c4-4b36b666828b ] Request (HostsAdminTestJSON:tearDownClass): 204 DELETE http://10.180.1.21/identity/v3/users/5e5d5e5dcbba4146b72131c8d2a6782c 0.140s
2025-03-12 21:28:41.247 68934 INFO tempest.lib.common.rest_client [req-bc4792ba-0d98-42b1-97c6-ee2294e804ab req-bc4792ba-0d98-42b1-97c6-ee2294e804ab ] Request (SecurityGroupsTestAdminJSON:setUpClass): 200 GET http://10.180.1.21/identity/v3/domains?name=Default 0.095s
2025-03-12 21:28:41.262 68924 INFO tempest.lib.common.rest_client [req-8fb1a34e-24ec-451f-aab7-7c3ac5baa5df req-8fb1a34e-24ec-451f-aab7-7c3ac5baa5df ] Request (SecurityGroupsNegativeTestJSON:tearDownClass): 200 PUT http://10.180.1.21:9696/networking/v2.0/routers/c47ce553-7589-454a-b4b5-a48ec0ffd198/remove_router_interface 1.590s
2025-03-12 21:28:41.304 68940 INFO tempest.lib.common.rest_client [req-7b8b9831-81b0-4e13-b549-1daf94a0d6b8 req-7b8b9831-81b0-4e13-b549-1daf94a0d6b8 ] Request (ServersTestJSON:setUpClass): 201 POST http://10.180.1.21/identity/v3/projects 0.134s
2025-03-12 21:28:41.376 68948 INFO tempest.lib.common.rest_client [req-d0b337ac-7137-4cba-a47f-a2e377ce379e req-d0b337ac-7137-4cba-a47f-a2e377ce379e ] Request (ServersTestJSON:setUpClass): 200 GET http://10.180.1.21/compute/v2.1/servers/462394ab-4bb2-4e64-8327-e435b51c7d27 1.276s
2025-03-12 21:28:41.399 68930 INFO tempest.lib.common.rest_client [req-c459f434-8070-415d-af3e-622794c332f1 req-c459f434-8070-415d-af3e-622794c332f1 ] Request (FlavorsV2TestJSON:test_list_flavors_limit_results): 200 GET http://10.180.1.21/compute/v2.1/flavors?limit=1 1.171s
2025-03-12 21:28:41.404 68934 INFO tempest.lib.common.rest_client [req-7d8aa54f-f8b9-47db-b5a9-91820f572871 req-7d8aa54f-f8b9-47db-b5a9-91820f572871 ] Request (SecurityGroupsTestAdminJSON:setUpClass): 201 POST http://10.180.1.21/identity/v3/projects 0.157s
2025-03-12 21:28:41.428 68954 INFO tempest.lib.common.rest_client [req-2286f592-55b8-4fac-84ca-60c6797a5951 req-2286f592-55b8-4fac-84ca-60c6797a5951 ] Request (HostsAdminTestJSON:tearDownClass): 204 DELETE http://10.180.1.21/identity/v3/users/fce8bb1f43a3447b948e953551f00780 0.202s
2025-03-12 21:28:41.428 68954 INFO tempest.lib.common.dynamic_creds [-] Deleting project and security group for project: ac00fbd40942478abe15bfd6883c61a7
2025-03-12 21:28:41.491 68952 INFO tempest.lib.common.rest_client [req-c0844cf3-fe80-4ff9-b691-7d06d620188c req-c0844cf3-fe80-4ff9-b691-7d06d620188c ] Request (ImagesNegativeTestJSON:test_create_image_from_deleted_server): 200 GET http://10.180.1.21/compute/v2.1/servers/23cc8440-a4d2-44a1-a601-1e885eff80a2 1.227s
2025-03-12 21:28:41.508 68952 INFO tempest.common.waiters [-] State transition "BUILD/scheduling" ==> "BUILD/None" after 13 second wait
2025-03-12 21:28:41.508 68934 INFO tempest.lib.common.rest_client [req-a99f2415-d626-450c-9547-4f085224773c req-a99f2415-d626-450c-9547-4f085224773c ] Request (SecurityGroupsTestAdminJSON:setUpClass): 201 POST http://10.180.1.21/identity/v3/users 0.104s
2025-03-12 21:28:41.515 68940 INFO tempest.lib.common.rest_client [req-22612af9-ae1e-477b-9c42-4f065603ab04 req-22612af9-ae1e-477b-9c42-4f065603ab04 ] Request (ServersTestJSON:setUpClass): 201 POST http://10.180.1.21/identity/v3/users 0.210s
2025-03-12 21:28:41.539 68934 INFO tempest.lib.common.rest_client [req-cee40761-99ae-4225-8b4a-1f15f3e112ae req-cee40761-99ae-4225-8b4a-1f15f3e112ae ] Request (SecurityGroupsTestAdminJSON:setUpClass): 200 GET http://10.180.1.21/identity/v3/roles 0.030s
2025-03-12 21:28:41.539 68954 INFO tempest.lib.common.rest_client [req-158bbd77-dcbf-4e01-898b-5bb94cb94a99 req-158bbd77-dcbf-4e01-898b-5bb94cb94a99 ] Request (HostsAdminTestJSON:tearDownClass): 201 POST http://10.180.1.21/identity/v3/auth/tokens 0.108s
2025-03-12 21:28:41.557 68940 INFO tempest.lib.common.rest_client [req-dd6f277e-05a7-4a68-a66c-b66ad9ef4f85 req-dd6f277e-05a7-4a68-a66c-b66ad9ef4f85 ] Request (ServersTestJSON:setUpClass): 200 GET http://10.180.1.21/identity/v3/roles 0.042s
2025-03-12 21:28:41.578 68934 INFO tempest.lib.common.rest_client [req-f8028d3f-587c-4f86-9792-868dc63748a7 req-f8028d3f-587c-4f86-9792-868dc63748a7 ] Request (SecurityGroupsTestAdminJSON:setUpClass): 204 PUT http://10.180.1.21/identity/v3/projects/8e3cb8fbbcb04eafa22182dd3edef71a/users/5b156a624c02413fb28e757054414b89/roles/1f5bae1c18084a07a5dc880bea902b6e 0.039s
2025-03-12 21:28:41.578 68934 INFO tempest.lib.common.dynamic_creds [-] Dynamic test user 5b156a624c02413fb28e757054414b89 is created with scope project and roles: ['member']
2025-03-12 21:28:41.578 68934 INFO tempest.lib.common.dynamic_creds [-] Acquired dynamic creds: credentials: Credentials: {'domain_id': 'default', 'domain_name': 'Default', 'username': 'tempest-SecurityGroupsTestAdminJSON-1015007280-project-member', 'project_domain_id': 'default', 'project_domain_name': 'Default', 'project_id': '8e3cb8fbbcb04eafa22182dd3edef71a', 'project_name': 'tempest-SecurityGroupsTestAdminJSON-1015007280', 'tenant_id': '8e3cb8fbbcb04eafa22182dd3edef71a', 'tenant_name': 'tempest-SecurityGroupsTestAdminJSON-1015007280', 'user_domain_id': 'default', 'user_domain_name': 'Default', 'user_id': '5b156a624c02413fb28e757054414b89', 'system': None}, Network: None, Subnet: None, Router: None
2025-03-12 21:28:41.579 68934 INFO tempest.lib.common.dynamic_creds [-] Created isolated network resources for: credentials: Credentials: {'domain_id': 'default', 'domain_name': 'Default', 'username': 'tempest-SecurityGroupsTestAdminJSON-1015007280-project-member', 'project_domain_id': 'default', 'project_domain_name': 'Default', 'project_id': '8e3cb8fbbcb04eafa22182dd3edef71a', 'project_name': 'tempest-SecurityGroupsTestAdminJSON-1015007280', 'tenant_id': '8e3cb8fbbcb04eafa22182dd3edef71a', 'tenant_name': 'tempest-SecurityGroupsTestAdminJSON-1015007280', 'user_domain_id': 'default', 'user_domain_name': 'Default', 'user_id': '5b156a624c02413fb28e757054414b89', 'system': None}, Network: None, Subnet: None, Router: None
2025-03-12 21:28:41.585 68918 INFO tempest.lib.common.rest_client [req-baa07873-750b-475d-ac99-6d59027a6af5 req-baa07873-750b-475d-ac99-6d59027a6af5 ] Request (QuotaClassesAdmin257Test:tearDownClass): 200 GET http://10.180.1.21:9696/networking/v2.0/security-groups?tenant_id=5df6c39172cf48b2bf7c87a6915503c4&name=default 0.497s
2025-03-12 21:28:41.592 68958 INFO tempest.lib.common.rest_client [req-c879e008-8b7f-492a-b4f3-404ac5727a67 req-c879e008-8b7f-492a-b4f3-404ac5727a67 ] Request (ServerActionsTestJSON:setUpClass): 200 GET http://10.180.1.21/compute/v2.1/servers/536eadbc-43da-483f-a944-4d819d5c1850 1.238s
2025-03-12 21:28:41.641 68940 INFO tempest.lib.common.rest_client [req-2eca69fb-ad10-4bc3-b898-cadcaf391e49 req-2eca69fb-ad10-4bc3-b898-cadcaf391e49 ] Request (ServersTestJSON:setUpClass): 204 PUT http://10.180.1.21/identity/v3/projects/d9cf4ff7e1c640cd8620744a6f500a9c/users/acc73dfdd0af439484be6065af98b46d/roles/1f5bae1c18084a07a5dc880bea902b6e 0.083s
2025-03-12 21:28:41.642 68940 INFO tempest.lib.common.dynamic_creds [-] Dynamic test user acc73dfdd0af439484be6065af98b46d is created with scope project and roles: ['member']
2025-03-12 21:28:41.642 68940 INFO tempest.lib.common.dynamic_creds [-] Acquired dynamic creds: credentials: Credentials: {'domain_id': 'default', 'domain_name': 'Default', 'username': 'tempest-ServersTestJSON-1605680355-project-member', 'project_domain_id': 'default', 'project_domain_name': 'Default', 'project_id': 'd9cf4ff7e1c640cd8620744a6f500a9c', 'project_name': 'tempest-ServersTestJSON-1605680355', 'tenant_id': 'd9cf4ff7e1c640cd8620744a6f500a9c', 'tenant_name': 'tempest-ServersTestJSON-1605680355', 'user_domain_id': 'default', 'user_domain_name': 'Default', 'user_id': 'acc73dfdd0af439484be6065af98b46d', 'system': None}, Network: None, Subnet: None, Router: None
2025-03-12 21:28:41.700 68964 INFO tempest.lib.common.rest_client [req-52461aaf-5406-411d-ba3d-5d50611ab425 req-52461aaf-5406-411d-ba3d-5d50611ab425 ] Request (DeleteServersAdminTestJSON:test_admin_delete_servers_of_others): 200 GET http://10.180.1.21/compute/v2.1/servers/31daaef4-ef63-49d0-9a94-8b44ca57d776 1.253s
2025-03-12 21:28:41.709 68940 INFO tempest.lib.common.rest_client [req-95310a88-b32c-4010-b219-1273c401c879 req-95310a88-b32c-4010-b219-1273c401c879 ] Request (ServersTestJSON:setUpClass): 201 POST http://10.180.1.21/identity/v3/auth/tokens 0.066s
2025-03-12 21:28:41.709 68934 INFO tempest.lib.common.rest_client [req-a83af21b-5d85-4799-8d28-c19ba936fce0 req-a83af21b-5d85-4799-8d28-c19ba936fce0 ] Request (SecurityGroupsTestAdminJSON:setUpClass): 201 POST http://10.180.1.21/identity/v3/auth/tokens 0.126s
2025-03-12 21:28:41.750 68934 INFO tempest.lib.common.rest_client [req-420482a3-c18f-4af2-9c7f-beadfb3616fe req-420482a3-c18f-4af2-9c7f-beadfb3616fe ] Request (SecurityGroupsTestAdminJSON:setUpClass): 201 POST http://10.180.1.21/identity/v3/projects 0.040s
2025-03-12 21:28:41.787 68968 INFO tempest.lib.common.rest_client [req-e5784e51-c072-4bcb-9e67-5f67994eb64d req-e5784e51-c072-4bcb-9e67-5f67994eb64d ] Request (TenantUsagesTestJSON:setUpClass): 200 GET http://10.180.1.21/compute/v2.1/servers/cbe09b25-b49e-450f-9176-15b85e9e303a 1.262s
2025-03-12 21:28:41.828 68934 INFO tempest.lib.common.rest_client [req-c767f0f7-2111-4cb3-a655-e39da688cfe3 req-c767f0f7-2111-4cb3-a655-e39da688cfe3 ] Request (SecurityGroupsTestAdminJSON:setUpClass): 201 POST http://10.180.1.21/identity/v3/users 0.077s
2025-03-12 21:28:41.855 68934 INFO tempest.lib.common.rest_client [req-418d5771-4cc1-4393-ab96-6bda6f5439a9 req-418d5771-4cc1-4393-ab96-6bda6f5439a9 ] Request (SecurityGroupsTestAdminJSON:setUpClass): 200 GET http://10.180.1.21/identity/v3/roles 0.027s
2025-03-12 21:28:41.878 68918 INFO tempest.lib.common.rest_client [req-2d063e4d-4eca-442d-9e6e-a67145c65234 req-2d063e4d-4eca-442d-9e6e-a67145c65234 ] Request (QuotaClassesAdmin257Test:tearDownClass): 204 DELETE http://10.180.1.21:9696/networking/v2.0/security-groups/3496f4b3-55d1-472e-be3e-ee04adc346ad 0.292s
2025-03-12 21:28:41.884 68934 INFO tempest.lib.common.rest_client [req-6811fd18-831e-4df1-b6c9-ba6eb4524be2 req-6811fd18-831e-4df1-b6c9-ba6eb4524be2 ] Request (SecurityGroupsTestAdminJSON:setUpClass): 204 PUT http://10.180.1.21/identity/v3/projects/a840fa15486945d9a460bee4be399bd6/users/e56b836c38f64056823ef08f4c9c1973/roles/8f239b972dc64a83ae505e18036b2398 0.028s
2025-03-12 21:28:41.933 68934 INFO tempest.lib.common.rest_client [req-29ca52cb-078c-4d77-b79c-ea21108f2d5e req-29ca52cb-078c-4d77-b79c-ea21108f2d5e ] Request (SecurityGroupsTestAdminJSON:setUpClass): 200 GET http://10.180.1.21/identity/v3/roles 0.049s
2025-03-12 21:28:41.949 68934 INFO tempest.lib.common.rest_client [req-19c249c4-f090-41a2-98b6-e9a30526e061 req-19c249c4-f090-41a2-98b6-e9a30526e061 ] Request (SecurityGroupsTestAdminJSON:setUpClass): 204 PUT http://10.180.1.21/identity/v3/projects/a840fa15486945d9a460bee4be399bd6/users/e56b836c38f64056823ef08f4c9c1973/roles/8f239b972dc64a83ae505e18036b2398 0.016s
2025-03-12 21:28:41.949 68934 INFO tempest.lib.common.dynamic_creds [-] Dynamic test user e56b836c38f64056823ef08f4c9c1973 is created with scope project and roles: ['admin']
2025-03-12 21:28:41.950 68934 INFO tempest.lib.common.dynamic_creds [-] Acquired dynamic creds: credentials: Credentials: {'domain_id': 'default', 'domain_name': 'Default', 'username': 'tempest-SecurityGroupsTestAdminJSON-179731037-project-admin', 'project_domain_id': 'default', 'project_domain_name': 'Default', 'project_id': 'a840fa15486945d9a460bee4be399bd6', 'project_name': 'tempest-SecurityGroupsTestAdminJSON-179731037', 'tenant_id': 'a840fa15486945d9a460bee4be399bd6', 'tenant_name': 'tempest-SecurityGroupsTestAdminJSON-179731037', 'user_domain_id': 'default', 'user_domain_name': 'Default', 'user_id': 'e56b836c38f64056823ef08f4c9c1973', 'system': None}, Network: None, Subnet: None, Router: None
2025-03-12 21:28:41.950 68934 INFO tempest.lib.common.dynamic_creds [-] Created isolated network resources for: credentials: Credentials: {'domain_id': 'default', 'domain_name': 'Default', 'username': 'tempest-SecurityGroupsTestAdminJSON-179731037-project-admin', 'project_domain_id': 'default', 'project_domain_name': 'Default', 'project_id': 'a840fa15486945d9a460bee4be399bd6', 'project_name': 'tempest-SecurityGroupsTestAdminJSON-179731037', 'tenant_id': 'a840fa15486945d9a460bee4be399bd6', 'tenant_name': 'tempest-SecurityGroupsTestAdminJSON-179731037', 'user_domain_id': 'default', 'user_domain_name': 'Default', 'user_id': 'e56b836c38f64056823ef08f4c9c1973', 'system': None}, Network: None, Subnet: None, Router: None
2025-03-12 21:28:41.968 68954 INFO tempest.lib.common.rest_client [req-dc376228-9fa7-4282-b4c9-463887d7cff3 req-dc376228-9fa7-4282-b4c9-463887d7cff3 ] Request (HostsAdminTestJSON:tearDownClass): 200 GET http://10.180.1.21:9696/networking/v2.0/security-groups?tenant_id=ac00fbd40942478abe15bfd6883c61a7&name=default 0.429s
2025-03-12 21:28:41.978 68918 INFO tempest.lib.common.rest_client [req-6a2b6e6e-5eb3-4372-b7fc-f0115d69b44f req-6a2b6e6e-5eb3-4372-b7fc-f0115d69b44f ] Request (QuotaClassesAdmin257Test:tearDownClass): 204 DELETE http://10.180.1.21/identity/v3/projects/5df6c39172cf48b2bf7c87a6915503c4 0.100s
2025-03-12 21:28:42.024 68934 INFO tempest.lib.common.rest_client [req-0eb90eea-7c08-4d6f-ae67-a7e88326d953 req-0eb90eea-7c08-4d6f-ae67-a7e88326d953 ] Request (SecurityGroupsTestAdminJSON:setUpClass): 201 POST http://10.180.1.21/identity/v3/auth/tokens 0.071s
2025-03-12 21:28:42.040 68918 INFO tempest.lib.common.rest_client [req-d3251a2d-9a88-407a-ba4e-f28cbd339b7f req-d3251a2d-9a88-407a-ba4e-f28cbd339b7f ] Request (FloatingIPsAssociationTestJSON:setUpClass): 201 POST http://10.180.1.21/identity/v3/auth/tokens 0.060s
2025-03-12 21:28:42.047 68960 INFO tempest.lib.common.rest_client [req-c593ab1f-34cf-4a1e-8d27-84de19181a04 req-c593ab1f-34cf-4a1e-8d27-84de19181a04 ] Request (InstanceActionsTestJSON:setUpClass): 201 POST http://10.180.1.21:9696/networking/v2.0/networks 0.855s
2025-03-12 21:28:42.073 68918 INFO tempest.lib.common.rest_client [req-6c4766d7-2dec-40e5-ae78-ba333f721023 req-6c4766d7-2dec-40e5-ae78-ba333f721023 ] Request (FloatingIPsAssociationTestJSON:setUpClass): 201 POST http://10.180.1.21/identity/v3/auth/tokens 0.030s
2025-03-12 21:28:42.104 68918 INFO tempest.lib.common.rest_client [req-b28a5df6-4031-4f9f-8359-0090e4a72c52 req-b28a5df6-4031-4f9f-8359-0090e4a72c52 ] Request (FloatingIPsAssociationTestJSON:setUpClass): 200 GET http://10.180.1.21/identity/v3/domains?name=Default 0.031s
2025-03-12 21:28:42.139 68918 INFO tempest.lib.common.rest_client [req-3b89256f-abca-4356-a297-24a8ade25f26 req-3b89256f-abca-4356-a297-24a8ade25f26 ] Request (FloatingIPsAssociationTestJSON:setUpClass): 201 POST http://10.180.1.21/identity/v3/projects 0.034s
2025-03-12 21:28:42.198 68918 INFO tempest.lib.common.rest_client [req-b6eb90fa-bd9c-48b4-8f6a-3b2cdaffa21b req-b6eb90fa-bd9c-48b4-8f6a-3b2cdaffa21b ] Request (FloatingIPsAssociationTestJSON:setUpClass): 201 POST http://10.180.1.21/identity/v3/users 0.058s
2025-03-12 21:28:42.221 68918 INFO tempest.lib.common.rest_client [req-bd7823d7-1415-460b-878c-8d3ea4769fdd req-bd7823d7-1415-460b-878c-8d3ea4769fdd ] Request (FloatingIPsAssociationTestJSON:setUpClass): 200 GET http://10.180.1.21/identity/v3/roles 0.023s
2025-03-12 21:28:42.261 68918 INFO tempest.lib.common.rest_client [req-9faa3ff0-d2ba-4d4a-a0ad-ef9ff11da56c req-9faa3ff0-d2ba-4d4a-a0ad-ef9ff11da56c ] Request (FloatingIPsAssociationTestJSON:setUpClass): 204 PUT http://10.180.1.21/identity/v3/projects/a032c2c951a94f83bd0633d77b07008d/users/cd94d7c133ed44d3be66cc878a185333/roles/1f5bae1c18084a07a5dc880bea902b6e 0.039s
2025-03-12 21:28:42.261 68918 INFO tempest.lib.common.dynamic_creds [-] Dynamic test user cd94d7c133ed44d3be66cc878a185333 is created with scope project and roles: ['member']
2025-03-12 21:28:42.261 68918 INFO tempest.lib.common.dynamic_creds [-] Acquired dynamic creds: credentials: Credentials: {'domain_id': 'default', 'domain_name': 'Default', 'username': 'tempest-FloatingIPsAssociationTestJSON-1941772641-project-member', 'project_domain_id': 'default', 'project_domain_name': 'Default', 'project_id': 'a032c2c951a94f83bd0633d77b07008d', 'project_name': 'tempest-FloatingIPsAssociationTestJSON-1941772641', 'tenant_id': 'a032c2c951a94f83bd0633d77b07008d', 'tenant_name': 'tempest-FloatingIPsAssociationTestJSON-1941772641', 'user_domain_id': 'default', 'user_domain_name': 'Default', 'user_id': 'cd94d7c133ed44d3be66cc878a185333', 'system': None}, Network: None, Subnet: None, Router: None
2025-03-12 21:28:42.346 68918 INFO tempest.lib.common.rest_client [req-163a67a5-02c8-4df1-8450-e4d80be1d237 req-163a67a5-02c8-4df1-8450-e4d80be1d237 ] Request (FloatingIPsAssociationTestJSON:setUpClass): 201 POST http://10.180.1.21/identity/v3/auth/tokens 0.085s
2025-03-12 21:28:42.396 68954 INFO tempest.lib.common.rest_client [req-2cf6dcee-c4fb-41da-8745-4f3de0faaff9 req-2cf6dcee-c4fb-41da-8745-4f3de0faaff9 ] Request (HostsAdminTestJSON:tearDownClass): 204 DELETE http://10.180.1.21:9696/networking/v2.0/security-groups/29978f3e-04c8-491d-8157-96870fdc4a7e 0.427s
2025-03-12 21:28:42.471 68954 INFO tempest.lib.common.rest_client [req-6ae0b17b-2e0f-43e2-b8b5-13299d7de379 req-6ae0b17b-2e0f-43e2-b8b5-13299d7de379 ] Request (HostsAdminTestJSON:tearDownClass): 204 DELETE http://10.180.1.21/identity/v3/projects/ac00fbd40942478abe15bfd6883c61a7 0.074s
2025-03-12 21:28:42.472 68954 INFO tempest.lib.common.dynamic_creds [-] Deleting project and security group for project: cdd654f61e1544618e7b2d1774218ed6
2025-03-12 21:28:42.528 68924 INFO tempest.lib.common.rest_client [req-445f9d9c-5f59-4532-81fe-f425988dc7de req-445f9d9c-5f59-4532-81fe-f425988dc7de ] Request (SecurityGroupsNegativeTestJSON:tearDownClass): 204 DELETE http://10.180.1.21:9696/networking/v2.0/routers/c47ce553-7589-454a-b4b5-a48ec0ffd198 1.265s
2025-03-12 21:28:42.548 68960 INFO tempest.lib.common.rest_client [req-b9e8136f-08ea-44bf-8a95-273b0725d5fe req-b9e8136f-08ea-44bf-8a95-273b0725d5fe ] Request (InstanceActionsTestJSON:setUpClass): 201 POST http://10.180.1.21:9696/networking/v2.0/subnets 0.501s
2025-03-12 21:28:42.602 68940 INFO tempest.lib.common.rest_client [req-8fdbb33c-c9b6-4b05-84de-e88fe948c3a8 req-8fdbb33c-c9b6-4b05-84de-e88fe948c3a8 ] Request (ServersTestJSON:setUpClass): 201 POST http://10.180.1.21:9696/networking/v2.0/networks 0.893s
2025-03-12 21:28:42.733 68944 INFO tempest.lib.common.rest_client [req-490f1e97-7523-451b-b558-32814259b99b req-490f1e97-7523-451b-b558-32814259b99b ] Request (SecurityGroupsTestJSON:test_list_security_groups_by_server): 202 POST http://10.180.1.21/compute/v2.1/servers 2.207s
2025-03-12 21:28:42.826 68954 INFO tempest.lib.common.rest_client [req-629471a4-6d36-4c07-a4dc-02bccf909ab8 req-629471a4-6d36-4c07-a4dc-02bccf909ab8 ] Request (HostsAdminTestJSON:tearDownClass): 200 GET http://10.180.1.21:9696/networking/v2.0/security-groups?tenant_id=cdd654f61e1544618e7b2d1774218ed6&name=default 0.353s
2025-03-12 21:28:42.879 68924 INFO tempest.lib.common.rest_client [req-f6137409-4604-4cfc-a045-9668efd8d3e1 req-f6137409-4604-4cfc-a045-9668efd8d3e1 ] Request (SecurityGroupsNegativeTestJSON:tearDownClass): 204 DELETE http://10.180.1.21:9696/networking/v2.0/subnets/e906b132-0ac0-447c-a6de-dc74347f06fc 0.351s
2025-03-12 21:28:42.993 68966 INFO tempest.lib.common.rest_client [req-3127d19d-e2cf-4489-9a60-5c3e1ca3cfef req-3127d19d-e2cf-4489-9a60-5c3e1ca3cfef ] Request (QuotasAdminTestV236:test_get_updated_quotas): 200 PUT http://10.180.1.21/compute/v2.1/os-quota-sets/61113f5381914533ac68b8387f385c5a 2.396s
2025-03-12 21:28:43.069 68956 INFO tempest.lib.common.rest_client [req-737811ec-9fe8-4891-b0d8-ec423a6268d5 req-737811ec-9fe8-4891-b0d8-ec423a6268d5 ] Request (ServersWithSpecificFlavorTestJSON:test_verify_created_server_ephemeral_disk): 200 GET http://10.180.1.21/compute/v2.1/servers/eabaabda-c30c-4997-83b6-f99a1ea79dbc 2.429s
2025-03-12 21:28:43.074 68954 INFO tempest.lib.common.rest_client [req-919e79f0-4f23-4816-99da-7c421ad31f20 req-919e79f0-4f23-4816-99da-7c421ad31f20 ] Request (HostsAdminTestJSON:tearDownClass): 204 DELETE http://10.180.1.21:9696/networking/v2.0/security-groups/949bac06-7b70-42a9-bcb5-b91d1320daa6 0.247s
2025-03-12 21:28:43.143 68924 INFO tempest.lib.common.rest_client [req-d051cc2c-4890-4410-bfda-2f903ee000e8 req-d051cc2c-4890-4410-bfda-2f903ee000e8 ] Request (SecurityGroupsNegativeTestJSON:tearDownClass): 204 DELETE http://10.180.1.21:9696/networking/v2.0/networks/4751f531-657b-405f-bc30-8359d9be575e 0.263s
2025-03-12 21:28:43.214 68918 INFO tempest.lib.common.rest_client [req-7d547562-a1ee-43b4-842a-7b09b9c3660b req-7d547562-a1ee-43b4-842a-7b09b9c3660b ] Request (FloatingIPsAssociationTestJSON:setUpClass): 201 POST http://10.180.1.21:9696/networking/v2.0/networks 0.866s
2025-03-12 21:28:43.227 68954 INFO tempest.lib.common.rest_client [req-e185ac27-2563-4d7f-8786-fd07f2e7d905 req-e185ac27-2563-4d7f-8786-fd07f2e7d905 ] Request (HostsAdminTestJSON:tearDownClass): 204 DELETE http://10.180.1.21/identity/v3/projects/cdd654f61e1544618e7b2d1774218ed6 0.152s
2025-03-12 21:28:43.230 68932 INFO tempest.lib.common.rest_client [req-89eeba0a-83a7-438a-a999-8adb779e5a8e req-89eeba0a-83a7-438a-a999-8adb779e5a8e ] Request (ServersAdminTestJSON:setUpClass): 200 PUT http://10.180.1.21:9696/networking/v2.0/routers/e3e1c14d-c280-4cfa-8b2a-762d80a32a67/add_router_interface 2.678s
2025-03-12 21:28:43.231 68932 INFO tempest.lib.common.dynamic_creds [-] Created isolated network resources for: credentials: Credentials: {'domain_id': 'default', 'domain_name': 'Default', 'username': 'tempest-ServersAdminTestJSON-12087359-project-member', 'project_domain_id': 'default', 'project_domain_name': 'Default', 'project_id': '43043299629b4009b6210e33605dbb0b', 'project_name': 'tempest-ServersAdminTestJSON-12087359', 'tenant_id': '43043299629b4009b6210e33605dbb0b', 'tenant_name': 'tempest-ServersAdminTestJSON-12087359', 'user_domain_id': 'default', 'user_domain_name': 'Default', 'user_id': '8ec0cd9bbc3b414ab0f92d496a680168', 'system': None}, Network: {'id': '14f3712e-3f2c-4788-8bb0-c961c85909e0', 'name': 'tempest-ServersAdminTestJSON-640840010-network', 'tenant_id': '43043299629b4009b6210e33605dbb0b', 'admin_state_up': True, 'mtu': 8950, 'status': 'ACTIVE', 'subnets': [], 'shared': False, 'project_id': '43043299629b4009b6210e33605dbb0b', 'port_security_enabled': True, 'router:external': False, 'provider:network_type': 'vlan', 'provider:physical_network': 'default', 'provider:segmentation_id': 402, 'availability_zone_hints': [], 'availability_zones': [], 'ipv4_address_scope': None, 'ipv6_address_scope': None, 'description': '', 'tags': [], 'created_at': '2025-03-12T21:28:38Z', 'updated_at': '2025-03-12T21:28:38Z', 'revision_number': 1}, Subnet: {'id': '95d60fff-03e5-4462-99a8-d1e059620787', 'name': 'tempest-ServersAdminTestJSON-640840010-subnet', 'tenant_id': '43043299629b4009b6210e33605dbb0b', 'network_id': '14f3712e-3f2c-4788-8bb0-c961c85909e0', 'ip_version': 4, 'subnetpool_id': None, 'enable_dhcp': True, 'ipv6_ra_mode': None, 'ipv6_address_mode': None, 'gateway_ip': '192.168.128.1', 'cidr': '192.168.128.0/28', 'allocation_pools': [{'start': '192.168.128.2', 'end': '192.168.128.14'}], 'host_routes': [], 'dns_nameservers': [], 'description': '', 'router:external': False, 'service_types': [], 'tags': [], 'created_at': '2025-03-12T21:28:38Z', 'updated_at': '2025-03-12T21:28:38Z', 'revision_number': 0, 'project_id': '43043299629b4009b6210e33605dbb0b'}, Router: {'id': 'e3e1c14d-c280-4cfa-8b2a-762d80a32a67', 'name': 'tempest-ServersAdminTestJSON-640840010-router', 'tenant_id': '43043299629b4009b6210e33605dbb0b', 'admin_state_up': True, 'status': 'ACTIVE', 'external_gateway_info': {'network_id': 'cb2688db-b9b2-479d-bab2-b69ff33d450a', 'external_fixed_ips': [{'subnet_id': '403ff567-e20c-4b3f-a496-b0551dc05ee6', 'ip_address': '10.180.180.247'}], 'enable_snat': True}, 'description': '', 'availability_zones': [], 'distributed': False, 'ha': False, 'availability_zone_hints': [], 'routes': [], 'flavor_id': None, 'tags': [], 'created_at': '2025-03-12T21:28:38Z', 'updated_at': '2025-03-12T21:28:39Z', 'revision_number': 2, 'project_id': '43043299629b4009b6210e33605dbb0b'}
2025-03-12 21:28:43.239 68924 INFO tempest.lib.common.rest_client [req-fd8b44e0-85f3-47d0-8451-51b3b327a72e req-fd8b44e0-85f3-47d0-8451-51b3b327a72e ] Request (SecurityGroupsNegativeTestJSON:tearDownClass): 204 DELETE http://10.180.1.21/identity/v3/users/61503c4e354d45ddbf9887db8dfc0fad 0.095s
2025-03-12 21:28:43.239 68924 INFO tempest.lib.common.dynamic_creds [-] Deleting project and security group for project: 75bfbdf0d8bd464ea8b3d2163a2f9244
2025-03-12 21:28:43.290 68924 INFO tempest.lib.common.rest_client [req-2b3eb222-4a1b-4d99-aa14-4a2d4db0d534 req-2b3eb222-4a1b-4d99-aa14-4a2d4db0d534 ] Request (SecurityGroupsNegativeTestJSON:tearDownClass): 200 GET http://10.180.1.21:9696/networking/v2.0/security-groups?tenant_id=75bfbdf0d8bd464ea8b3d2163a2f9244&name=default 0.051s
