2025-03-12 21:29:25.623 68938 INFO tempest.lib.common.rest_client [req-71cc7570-4c3e-42ba-8362-71f928b2bd87 req-71cc7570-4c3e-42ba-8362-71f928b2bd87 ] Request (ServerActionsV293TestJSON:setUpClass): 200 GET http://10.180.1.21/volume/v3/volumes/7be2f33c-3b69-493b-bdef-ed02f089105d 0.034s
2025-03-12 21:29:25.671 68928 INFO tempest.lib.common.rest_client [req-30027983-4718-4cc2-bacc-e51c256b11df req-30027983-4718-4cc2-bacc-e51c256b11df ] Request (ServersAdminNegativeTestJSON:test_migrate_server_invalid_state): 200 GET http://10.180.1.21/compute/v2.1/servers/381deaa9-7935-4d31-9fb9-6ee36f3499a9 0.210s
2025-03-12 21:29:25.723 68943 INFO tempest.lib.common.rest_client [req-2e7f2174-06f9-4aca-b689-e186ad0cbfa1 req-2e7f2174-06f9-4aca-b689-e186ad0cbfa1 ] Request (VolumesAdminNegativeTest:test_update_attached_volume_with_nonexistent_volume_in_body): 200 GET http://10.180.1.21/compute/v2.1/servers/67b5f02a-0cec-4dce-9930-d335044db208 0.413s
2025-03-12 21:29:25.726 68974 INFO tempest.lib.common.rest_client [req-83b92a26-86aa-4923-865b-4d93f0ccc8d0 req-83b92a26-86aa-4923-865b-4d93f0ccc8d0 ] Request (ImagesOneServerTestJSON:setUpClass): 200 GET http://10.180.1.21/compute/v2.1/servers/cf75af4d-93b3-4bbb-b60c-8dd85c1d9d9d 0.240s
2025-03-12 21:29:25.734 68943 INFO tempest.common.waiters [-] State transition "BUILD/spawning" ==> "ACTIVE/None" after 51 second wait
2025-03-12 21:29:25.791 68932 INFO tempest.lib.common.rest_client [req-05b25b41-eeaf-4699-bf68-efac9c4d309d req-05b25b41-eeaf-4699-bf68-efac9c4d309d ] Request (ServersAdminTestJSON:setUpClass): 200 GET http://10.180.1.21/compute/v2.1/servers/74bda310-8e1f-42da-9e25-0c52335ba195 0.240s
2025-03-12 21:29:25.804 68936 INFO tempest.lib.common.rest_client [req-306da57c-b770-49f7-8d08-a2f39a8374c0 req-306da57c-b770-49f7-8d08-a2f39a8374c0 ] Request (ServerDiagnosticsV248Test:tearDownClass): 200 GET http://10.180.1.21/compute/v2.1/servers/e531bf63-79c8-4f6a-b8a9-60930da933ba 0.174s
2025-03-12 21:29:25.869 68943 INFO tempest.lib.common.rest_client [req-2ac5a979-8774-4862-a331-9bf3cddb66cf req-2ac5a979-8774-4862-a331-9bf3cddb66cf ] Request (VolumesAdminNegativeTest:test_update_attached_volume_with_nonexistent_volume_in_body): 200 GET http://10.180.1.21/compute/v2.1/servers/67b5f02a-0cec-4dce-9930-d335044db208/os-interface 0.133s
2025-03-12 21:29:25.891 68968 INFO tempest.lib.common.rest_client [req-7c65e880-5b4b-4edd-be8f-124a2b170467 req-7c65e880-5b4b-4edd-be8f-124a2b170467 ] Request (TenantUsagesTestJSON:tearDownClass): 200 GET http://10.180.1.21/compute/v2.1/servers/cbe09b25-b49e-450f-9176-15b85e9e303a 0.202s
2025-03-12 21:29:25.949 68922 INFO tempest.lib.common.rest_client [req-a98656ca-548f-43d9-aacd-57445179acd9 req-a98656ca-548f-43d9-aacd-57445179acd9 ] Request (ListImageFiltersTestJSON:setUpClass): 200 GET http://10.180.1.21/compute/v2.1/servers/f009d542-950f-4cd2-b03c-7d9a5b82d921 0.209s
2025-03-12 21:29:25.971 68916 INFO tempest.lib.common.rest_client [req-f9eec892-da9a-4a98-9913-1fd7dad06214 req-f9eec892-da9a-4a98-9913-1fd7dad06214 ] Request (AttachInterfacesUnderV243Test:test_add_remove_fixed_ip): 200 GET http://10.180.1.21/compute/v2.1/servers/9172c277-4b51-4c2d-b86b-4e70028eca7f 0.183s
2025-03-12 21:29:26.040 68918 INFO tempest.lib.common.rest_client [req-b147ef74-470e-4d97-9e10-d1afa8bf1fed req-b147ef74-470e-4d97-9e10-d1afa8bf1fed ] Request (FloatingIPsAssociationTestJSON:setUpClass): 200 GET http://10.180.1.21/compute/v2.1/servers/544b1215-eb04-4ea0-82ef-1ba86cbff201 0.152s
2025-03-12 21:29:26.043 68934 INFO tempest.lib.common.rest_client [req-753c9242-245f-4fa1-bdf6-26ab65479372 req-753c9242-245f-4fa1-bdf6-26ab65479372 ] Request (ServersAdmin275Test:test_rebuild_update_server_275): 200 GET http://10.180.1.21/compute/v2.1/servers/14c46ebc-c084-4943-9721-bab5623654e0 0.205s
2025-03-12 21:29:26.127 68964 INFO tempest.lib.common.rest_client [req-536a877a-8edd-4270-9912-f79bda98136b req-536a877a-8edd-4270-9912-f79bda98136b ] Request (DeleteServersAdminTestJSON:test_delete_server_while_in_error_state): 200 GET http://10.180.1.21/compute/v2.1/servers/b6bc3cbc-2cee-4470-a436-d11518ec54fa 0.190s
2025-03-12 21:29:26.131 68970 INFO tempest.lib.common.rest_client [req-e25c481c-c088-49d7-84db-909ac9c39bb5 req-e25c481c-c088-49d7-84db-909ac9c39bb5 ] Request (FloatingIPsAssociationNegativeTestJSON:tearDownClass): 200 GET http://10.180.1.21/compute/v2.1/servers/33469372-8efa-466c-acb8-91bf53a5be4b 0.128s
2025-03-12 21:29:26.205 68952 INFO tempest.lib.common.rest_client [req-73033aba-513f-489c-9130-607d5d4d18e4 req-73033aba-513f-489c-9130-607d5d4d18e4 ] Request (ImagesNegativeTestJSON:test_create_image_from_deleted_server): 200 GET http://10.180.1.21/compute/v2.1/servers/23cc8440-a4d2-44a1-a601-1e885eff80a2 0.201s
2025-03-12 21:29:26.289 68920 INFO tempest.lib.common.rest_client [req-8f633c73-a1c8-4225-8436-ba48b9ccbb06 req-8f633c73-a1c8-4225-8436-ba48b9ccbb06 ] Request (ServersTestMultiNic:test_verify_duplicate_network_nics): 200 GET http://10.180.1.21/compute/v2.1/servers/8bfb3d1a-62f5-4781-949f-533f968c9d64 0.130s
2025-03-12 21:29:26.330 68960 INFO tempest.lib.common.rest_client [req-87c46f07-f1b2-44c7-bb36-bfbfc077f185 req-87c46f07-f1b2-44c7-bb36-bfbfc077f185 ] Request (InstanceActionsTestJSON:setUpClass): 200 GET http://10.180.1.21/compute/v2.1/servers/91948ae2-5ced-4505-958c-4d35577cd24e 0.175s
2025-03-12 21:29:26.381 68966 INFO tempest.lib.common.rest_client [req-6ed23f81-4fa7-4422-b6e1-8fb3306922c3 req-6ed23f81-4fa7-4422-b6e1-8fb3306922c3 ] Request (ServerRescueTestJSON:setUpClass): 200 GET http://10.180.1.21/compute/v2.1/servers/dd97f7fd-2d0b-4be4-a329-748a9cf9af29 0.156s
2025-03-12 21:29:26.406 68956 WARNING tempest.lib.common.ssh [-] Failed to establish authenticated ssh connection to cirros@10.180.180.172 ([Errno None] Unable to connect to port 22 on 10.180.180.172). Number attempts: 1. Retry after 2 seconds.: paramiko.ssh_exception.NoValidConnectionsError: [Errno None] Unable to connect to port 22 on 10.180.180.172
2025-03-12 21:29:26.437 68946 INFO tempest.lib.common.rest_client [req-76e82d13-5e44-4548-a055-32469b1ace70 req-76e82d13-5e44-4548-a055-32469b1ace70 ] Request (AttachVolumeTestJSON:test_attach_detach_volume): 200 PUT http://10.180.1.21:9696/networking/v2.0/floatingips/b02ccd4e-5019-42d7-9541-08a2dd85a1af 1.374s
2025-03-12 21:29:26.438 68946 INFO tempest.lib.common.ssh [-] Creating ssh connection to '10.180.180.158:22' as 'cirros' with public key authentication
2025-03-12 21:29:26.451 68930 INFO tempest.lib.common.rest_client [req-8de9c794-18ae-4711-883c-f02c1d675150 req-8de9c794-18ae-4711-883c-f02c1d675150 ] Request (ServerMetadataTestJSON:setUpClass): 200 GET http://10.180.1.21/compute/v2.1/servers/1e358274-7d2a-42c3-af65-387f347f8925 0.156s
2025-03-12 21:29:26.468 68978 INFO tempest.lib.common.rest_client [req-8b7f4ffc-4b9a-435b-95b4-beb265880244 req-8b7f4ffc-4b9a-435b-95b4-beb265880244 ] Request (MigrationsAdminTest:test_list_migrations_in_flavor_resize_situation): 200 GET http://10.180.1.21/compute/v2.1/servers/d1f4a410-8029-42d8-9458-2979d5b18985 0.198s
2025-03-12 21:29:26.523 68924 INFO tempest.lib.common.rest_client [req-e48cb6e7-beff-496a-bbbf-bf872d843358 req-e48cb6e7-beff-496a-bbbf-bf872d843358 ] Request (ServerActionsTestOtherB:setUpClass): 200 GET http://10.180.1.21/compute/v2.1/servers/c61ee34d-013c-48f9-a317-64fd8e3c3b50 0.101s
2025-03-12 21:29:26.599 68943 INFO tempest.lib.common.rest_client [req-1faa6bc6-dc2f-4462-8ff3-a13084d34e1e req-1faa6bc6-dc2f-4462-8ff3-a13084d34e1e ] Request (VolumesAdminNegativeTest:test_update_attached_volume_with_nonexistent_volume_in_body): 200 PUT http://10.180.1.21:9696/networking/v2.0/floatingips/bef03ba6-d055-4f31-b216-2cd23734136d 0.727s
2025-03-12 21:29:26.603 68943 INFO tempest.lib.common.ssh [-] Creating ssh connection to '10.180.180.239:22' as 'cirros' with public key authentication
2025-03-12 21:29:26.630 68940 INFO tempest.lib.common.rest_client [req-83cc7a49-b30d-4c55-b6e1-80ed4a397d50 req-83cc7a49-b30d-4c55-b6e1-80ed4a397d50 ] Request (ServersTestJSON:test_create_server_specify_multibyte_character_name): 200 GET http://10.180.1.21/compute/v2.1/servers/7ac22d65-87d4-4e6f-905b-90d908517ed0 0.297s
2025-03-12 21:29:26.639 68940 INFO tempest.common.waiters [-] State transition "BUILD/networking" ==> "BUILD/spawning" after 33 second wait
2025-03-12 21:29:26.669 68938 INFO tempest.lib.common.rest_client [req-3ce48b01-a904-48bf-aacf-12a4d47e4da0 req-3ce48b01-a904-48bf-aacf-12a4d47e4da0 ] Request (ServerActionsV293TestJSON:setUpClass): 200 GET http://10.180.1.21/volume/v3/volumes/7be2f33c-3b69-493b-bdef-ed02f089105d 0.038s
2025-03-12 21:29:26.689 68944 INFO tempest.lib.common.rest_client [req-9782d63c-31f8-4ebc-a106-6909fd211823 req-9782d63c-31f8-4ebc-a106-6909fd211823 ] Request (SecurityGroupsTestJSON:test_list_security_groups_by_server): 200 GET http://10.180.1.21/compute/v2.1/servers/c0266f22-d7f9-4d58-85ad-383048bd9b0a 0.159s
2025-03-12 21:29:26.719 68926 INFO tempest.lib.common.rest_client [req-bbcec258-14b4-488f-a46f-6e451c5cd1e4 req-bbcec258-14b4-488f-a46f-6e451c5cd1e4 ] Request (ListServerFiltersTestJSON:tearDownClass): 200 GET http://10.180.1.21/compute/v2.1/servers/c5dc9190-d11e-4fc1-93dd-107a5267886f 0.106s
2025-03-12 21:29:26.746 68928 INFO tempest.lib.common.rest_client [req-5a30cc99-9644-4aef-8bfe-32ccdf9edf19 req-5a30cc99-9644-4aef-8bfe-32ccdf9edf19 ] Request (ServersAdminNegativeTestJSON:test_migrate_server_invalid_state): 200 GET http://10.180.1.21/compute/v2.1/servers/381deaa9-7935-4d31-9fb9-6ee36f3499a9 0.066s
2025-03-12 21:29:26.812 68974 INFO tempest.lib.common.rest_client [req-6e8825a7-160d-4898-b1af-68b7da3cef36 req-6e8825a7-160d-4898-b1af-68b7da3cef36 ] Request (ImagesOneServerTestJSON:setUpClass): 200 GET http://10.180.1.21/compute/v2.1/servers/cf75af4d-93b3-4bbb-b60c-8dd85c1d9d9d 0.072s
2025-03-12 21:29:26.858 68932 INFO tempest.lib.common.rest_client [req-f0e72bdc-f069-4538-9a87-36402a51d107 req-f0e72bdc-f069-4538-9a87-36402a51d107 ] Request (ServersAdminTestJSON:setUpClass): 200 GET http://10.180.1.21/compute/v2.1/servers/74bda310-8e1f-42da-9e25-0c52335ba195 0.052s
2025-03-12 21:29:26.884 68936 INFO tempest.lib.common.rest_client [req-77a31305-a3f4-4bc3-82a2-17fb65baff65 req-77a31305-a3f4-4bc3-82a2-17fb65baff65 ] Request (ServerDiagnosticsV248Test:tearDownClass): 200 GET http://10.180.1.21/compute/v2.1/servers/e531bf63-79c8-4f6a-b8a9-60930da933ba 0.063s
2025-03-12 21:29:26.990 68968 INFO tempest.lib.common.rest_client [req-564e5c29-deb7-4107-b9d9-40bd33f5a998 req-564e5c29-deb7-4107-b9d9-40bd33f5a998 ] Request (TenantUsagesTestJSON:tearDownClass): 200 GET http://10.180.1.21/compute/v2.1/servers/cbe09b25-b49e-450f-9176-15b85e9e303a 0.088s
2025-03-12 21:29:27.031 68922 INFO tempest.lib.common.rest_client [req-09b35ed1-6370-4e52-8d21-f6cc1f217eb6 req-09b35ed1-6370-4e52-8d21-f6cc1f217eb6 ] Request (ListImageFiltersTestJSON:setUpClass): 200 GET http://10.180.1.21/compute/v2.1/servers/f009d542-950f-4cd2-b03c-7d9a5b82d921 0.065s
2025-03-12 21:29:27.065 68916 INFO tempest.lib.common.rest_client [req-00867a97-f745-42d2-acf7-f6c5ba8a18e6 req-00867a97-f745-42d2-acf7-f6c5ba8a18e6 ] Request (AttachInterfacesUnderV243Test:test_add_remove_fixed_ip): 200 GET http://10.180.1.21/compute/v2.1/servers/9172c277-4b51-4c2d-b86b-4e70028eca7f 0.083s
2025-03-12 21:29:27.075 68916 INFO tempest.common.waiters [-] State transition "BUILD/scheduling" ==> "BUILD/None" after 26 second wait
2025-03-12 21:29:27.110 68962 INFO tempest.lib.common.rest_client [req-92e35411-b462-47ef-aa4f-3ceb3756748b req-92e35411-b462-47ef-aa4f-3ceb3756748b ] Request (DeleteServersTestJSON:setUpClass): 200 PUT http://10.180.1.21:9696/networking/v2.0/routers/f196446d-d6d3-4d8d-b3c0-c63dd33f2c71/add_router_interface 1.889s
2025-03-12 21:29:27.110 68962 INFO tempest.lib.common.dynamic_creds [-] Created isolated network resources for: credentials: Credentials: {'domain_id': 'default', 'domain_name': 'Default', 'username': 'tempest-DeleteServersTestJSON-876060754-project-member', 'project_domain_id': 'default', 'project_domain_name': 'Default', 'project_id': '9db479328d704865a366ac3e44aecf14', 'project_name': 'tempest-DeleteServersTestJSON-876060754', 'tenant_id': '9db479328d704865a366ac3e44aecf14', 'tenant_name': 'tempest-DeleteServersTestJSON-876060754', 'user_domain_id': 'default', 'user_domain_name': 'Default', 'user_id': 'afc5c69cbb58455ea9b895b6c0a5031a', 'system': None}, Network: {'id': '4202ad40-7a42-4132-af67-57b6c7124c22', 'name': 'tempest-DeleteServersTestJSON-1045661470-network', 'tenant_id': '9db479328d704865a366ac3e44aecf14', 'admin_state_up': True, 'mtu': 8950, 'status': 'ACTIVE', 'subnets': [], 'shared': False, 'project_id': '9db479328d704865a366ac3e44aecf14', 'port_security_enabled': True, 'router:external': False, 'provider:network_type': 'vlan', 'provider:physical_network': 'default', 'provider:segmentation_id': 557, 'availability_zone_hints': [], 'availability_zones': [], 'ipv4_address_scope': None, 'ipv6_address_scope': None, 'description': '', 'tags': [], 'created_at': '2025-03-12T21:29:23Z', 'updated_at': '2025-03-12T21:29:23Z', 'revision_number': 1}, Subnet: {'id': 'ec9a8806-b372-4599-b112-08597e265279', 'name': 'tempest-DeleteServersTestJSON-1045661470-subnet', 'tenant_id': '9db479328d704865a366ac3e44aecf14', 'network_id': '4202ad40-7a42-4132-af67-57b6c7124c22', 'ip_version': 4, 'subnetpool_id': None, 'enable_dhcp': True, 'ipv6_ra_mode': None, 'ipv6_address_mode': None, 'gateway_ip': '192.168.128.1', 'cidr': '192.168.128.0/28', 'allocation_pools': [{'start': '192.168.128.2', 'end': '192.168.128.14'}], 'host_routes': [], 'dns_nameservers': [], 'description': '', 'router:external': False, 'service_types': [], 'tags': [], 'created_at': '2025-03-12T21:29:23Z', 'updated_at': '2025-03-12T21:29:23Z', 'revision_number': 0, 'project_id': '9db479328d704865a366ac3e44aecf14'}, Router: {'id': 'f196446d-d6d3-4d8d-b3c0-c63dd33f2c71', 'name': 'tempest-DeleteServersTestJSON-1045661470-router', 'tenant_id': '9db479328d704865a366ac3e44aecf14', 'admin_state_up': True, 'status': 'ACTIVE', 'external_gateway_info': {'network_id': 'cb2688db-b9b2-479d-bab2-b69ff33d450a', 'external_fixed_ips': [{'subnet_id': '403ff567-e20c-4b3f-a496-b0551dc05ee6', 'ip_address': '10.180.180.235'}], 'enable_snat': True}, 'description': '', 'availability_zones': [], 'distributed': False, 'ha': False, 'availability_zone_hints': [], 'routes': [], 'flavor_id': None, 'tags': [], 'created_at': '2025-03-12T21:29:23Z', 'updated_at': '2025-03-12T21:29:24Z', 'revision_number': 2, 'project_id': '9db479328d704865a366ac3e44aecf14'}
2025-03-12 21:29:27.144 68918 INFO tempest.lib.common.rest_client [req-03d34552-aaf4-4020-907f-9d2be203c0f1 req-03d34552-aaf4-4020-907f-9d2be203c0f1 ] Request (FloatingIPsAssociationTestJSON:setUpClass): 200 GET http://10.180.1.21/compute/v2.1/servers/544b1215-eb04-4ea0-82ef-1ba86cbff201 0.088s
2025-03-12 21:29:27.162 68934 INFO tempest.lib.common.rest_client [req-ae5f1647-dc5f-4eba-b2c1-e1b71ecc7f07 req-ae5f1647-dc5f-4eba-b2c1-e1b71ecc7f07 ] Request (ServersAdmin275Test:test_rebuild_update_server_275): 200 GET http://10.180.1.21/compute/v2.1/servers/14c46ebc-c084-4943-9721-bab5623654e0 0.102s
2025-03-12 21:29:27.228 68970 INFO tempest.lib.common.rest_client [req-2f63b11f-f15a-4a70-b322-38d7911b8e0f req-2f63b11f-f15a-4a70-b322-38d7911b8e0f ] Request (FloatingIPsAssociationNegativeTestJSON:tearDownClass): 200 GET http://10.180.1.21/compute/v2.1/servers/33469372-8efa-466c-acb8-91bf53a5be4b 0.088s
2025-03-12 21:29:27.229 68964 INFO tempest.lib.common.rest_client [req-2716c322-f572-431a-8225-3132257f2c02 req-2716c322-f572-431a-8225-3132257f2c02 ] Request (DeleteServersAdminTestJSON:test_delete_server_while_in_error_state): 200 GET http://10.180.1.21/compute/v2.1/servers/b6bc3cbc-2cee-4470-a436-d11518ec54fa 0.094s
2025-03-12 21:29:27.237 68962 INFO tempest.lib.common.rest_client [req-aeff6ddb-16c5-431c-bc7f-a46f121a18bb req-aeff6ddb-16c5-431c-bc7f-a46f121a18bb ] Request (DeleteServersTestJSON:setUpClass): 201 POST http://10.180.1.21/identity/v3/auth/tokens 0.123s
2025-03-12 21:29:27.279 68962 INFO tempest.lib.common.rest_client [req-b160586c-1cbb-4b99-9ced-dcf8de2652fb req-b160586c-1cbb-4b99-9ced-dcf8de2652fb ] Request (DeleteServersTestJSON:test_delete_active_server): 201 POST http://10.180.1.21/identity/v3/auth/tokens 0.036s
2025-03-12 21:29:27.279 68962 INFO tempest.lib.common.fixed_network [-] (DeleteServersTestJSON:test_delete_active_server) Found network {'id': '4202ad40-7a42-4132-af67-57b6c7124c22', 'name': 'tempest-DeleteServersTestJSON-1045661470-network', 'tenant_id': '9db479328d704865a366ac3e44aecf14', 'admin_state_up': True, 'mtu': 8950, 'status': 'ACTIVE', 'subnets': [], 'shared': False, 'project_id': '9db479328d704865a366ac3e44aecf14', 'port_security_enabled': True, 'router:external': False, 'provider:network_type': 'vlan', 'provider:physical_network': 'default', 'provider:segmentation_id': 557, 'availability_zone_hints': [], 'availability_zones': [], 'ipv4_address_scope': None, 'ipv6_address_scope': None, 'description': '', 'tags': [], 'created_at': '2025-03-12T21:29:23Z', 'updated_at': '2025-03-12T21:29:23Z', 'revision_number': 1} available for tenant
2025-03-12 21:29:27.285 68952 INFO tempest.lib.common.rest_client [req-f76a36a8-adda-4cab-8c50-b0f02ecfa242 req-f76a36a8-adda-4cab-8c50-b0f02ecfa242 ] Request (ImagesNegativeTestJSON:test_create_image_from_deleted_server): 200 GET http://10.180.1.21/compute/v2.1/servers/23cc8440-a4d2-44a1-a601-1e885eff80a2 0.070s
2025-03-12 21:29:27.366 68920 INFO tempest.lib.common.rest_client [req-72c85bcc-0567-49ad-be03-c47a0d90deb6 req-72c85bcc-0567-49ad-be03-c47a0d90deb6 ] Request (ServersTestMultiNic:test_verify_duplicate_network_nics): 200 GET http://10.180.1.21/compute/v2.1/servers/8bfb3d1a-62f5-4781-949f-533f968c9d64 0.063s
2025-03-12 21:29:27.460 68960 INFO tempest.lib.common.rest_client [req-7162db58-034f-462a-96b1-52acb29ca06d req-7162db58-034f-462a-96b1-52acb29ca06d ] Request (InstanceActionsTestJSON:setUpClass): 200 GET http://10.180.1.21/compute/v2.1/servers/91948ae2-5ced-4505-958c-4d35577cd24e 0.120s
2025-03-12 21:29:27.514 68966 INFO tempest.lib.common.rest_client [req-1b0c0fba-649f-47a8-bc4f-eff36d1cea60 req-1b0c0fba-649f-47a8-bc4f-eff36d1cea60 ] Request (ServerRescueTestJSON:setUpClass): 200 GET http://10.180.1.21/compute/v2.1/servers/dd97f7fd-2d0b-4be4-a329-748a9cf9af29 0.121s
2025-03-12 21:29:27.569 68930 INFO tempest.lib.common.rest_client [req-dd6dec98-c840-414a-8119-436b31e083bd req-dd6dec98-c840-414a-8119-436b31e083bd ] Request (ServerMetadataTestJSON:setUpClass): 200 GET http://10.180.1.21/compute/v2.1/servers/1e358274-7d2a-42c3-af65-387f347f8925 0.109s
2025-03-12 21:29:27.702 68962 INFO tempest.lib.common.rest_client [req-6601f8eb-b388-4c9b-b7d8-39b7abb1a7b1 req-6601f8eb-b388-4c9b-b7d8-39b7abb1a7b1 ] Request (DeleteServersTestJSON:test_delete_active_server): 202 POST http://10.180.1.21/compute/v2.1/servers 0.422s
2025-03-12 21:29:27.706 68938 INFO tempest.lib.common.rest_client [req-04661297-512f-4a61-9a4f-becb5de27d31 req-04661297-512f-4a61-9a4f-becb5de27d31 ] Request (ServerActionsV293TestJSON:setUpClass): 200 GET http://10.180.1.21/volume/v3/volumes/7be2f33c-3b69-493b-bdef-ed02f089105d 0.030s
2025-03-12 21:29:27.713 68978 INFO tempest.lib.common.rest_client [req-8dbd1610-28f8-4c46-b0bc-1269efd3e728 req-8dbd1610-28f8-4c46-b0bc-1269efd3e728 ] Request (MigrationsAdminTest:test_list_migrations_in_flavor_resize_situation): 200 GET http://10.180.1.21/compute/v2.1/servers/d1f4a410-8029-42d8-9458-2979d5b18985 0.237s
2025-03-12 21:29:27.772 68924 INFO tempest.lib.common.rest_client [req-18e047c9-9668-4a1a-9074-a1979c9cd328 req-18e047c9-9668-4a1a-9074-a1979c9cd328 ] Request (ServerActionsTestOtherB:setUpClass): 200 GET http://10.180.1.21/compute/v2.1/servers/c61ee34d-013c-48f9-a317-64fd8e3c3b50 0.241s
2025-03-12 21:29:27.865 68940 INFO tempest.lib.common.rest_client [req-a846d1c7-307a-4f41-9c4f-0c00af7495e5 req-a846d1c7-307a-4f41-9c4f-0c00af7495e5 ] Request (ServersTestJSON:test_create_server_specify_multibyte_character_name): 200 GET http://10.180.1.21/compute/v2.1/servers/7ac22d65-87d4-4e6f-905b-90d908517ed0 0.225s
2025-03-12 21:29:27.909 68962 INFO tempest.lib.common.rest_client [req-eec48b64-2f95-4dbc-809e-6c065d0d0848 req-eec48b64-2f95-4dbc-809e-6c065d0d0848 ] Request (DeleteServersTestJSON:test_delete_active_server): 200 GET http://10.180.1.21/compute/v2.1/servers/2798bb9e-2924-4fbe-91f5-cb29c417fe78 0.205s
2025-03-12 21:29:27.974 68926 INFO tempest.lib.common.rest_client [req-f2aeb7fe-8f51-446a-b1f2-8725e8f74a97 req-f2aeb7fe-8f51-446a-b1f2-8725e8f74a97 ] Request (ListServerFiltersTestJSON:tearDownClass): 200 GET http://10.180.1.21/compute/v2.1/servers/c5dc9190-d11e-4fc1-93dd-107a5267886f 0.242s
2025-03-12 21:29:28.005 68944 INFO tempest.lib.common.rest_client [req-d51e187b-41d7-4c44-be21-1683442906a2 req-d51e187b-41d7-4c44-be21-1683442906a2 ] Request (SecurityGroupsTestJSON:test_list_security_groups_by_server): 200 GET http://10.180.1.21/compute/v2.1/servers/c0266f22-d7f9-4d58-85ad-383048bd9b0a 0.307s
2025-03-12 21:29:28.028 68928 INFO tempest.lib.common.rest_client [req-d419a035-e766-4a1a-a4e5-60eaca064a8a req-d419a035-e766-4a1a-a4e5-60eaca064a8a ] Request (ServersAdminNegativeTestJSON:test_migrate_server_invalid_state): 200 GET http://10.180.1.21/compute/v2.1/servers/381deaa9-7935-4d31-9fb9-6ee36f3499a9 0.267s
2025-03-12 21:29:28.035 68928 INFO tempest.common.waiters [-] State transition "BUILD/None" ==> "BUILD/networking" after 35 second wait
2025-03-12 21:29:28.069 68974 INFO tempest.lib.common.rest_client [req-352cd593-26f4-46ec-a01f-95aebc858944 req-352cd593-26f4-46ec-a01f-95aebc858944 ] Request (ImagesOneServerTestJSON:setUpClass): 200 GET http://10.180.1.21/compute/v2.1/servers/cf75af4d-93b3-4bbb-b60c-8dd85c1d9d9d 0.248s
2025-03-12 21:29:28.088 68932 INFO tempest.lib.common.rest_client [req-9d55169e-f3b5-4ad7-a04f-feb6a5c23488 req-9d55169e-f3b5-4ad7-a04f-feb6a5c23488 ] Request (ServersAdminTestJSON:setUpClass): 200 GET http://10.180.1.21/compute/v2.1/servers/74bda310-8e1f-42da-9e25-0c52335ba195 0.220s
2025-03-12 21:29:28.153 68936 INFO tempest.lib.common.rest_client [req-67d12c2a-a903-4ae2-9881-7e51bdcf9fbb req-67d12c2a-a903-4ae2-9881-7e51bdcf9fbb ] Request (ServerDiagnosticsV248Test:tearDownClass): 200 GET http://10.180.1.21/compute/v2.1/servers/e531bf63-79c8-4f6a-b8a9-60930da933ba 0.256s
2025-03-12 21:29:28.169 68968 INFO tempest.lib.common.rest_client [req-582aa6db-c4c5-4dd1-8c1b-1422e758a0a9 req-582aa6db-c4c5-4dd1-8c1b-1422e758a0a9 ] Request (TenantUsagesTestJSON:tearDownClass): 200 GET http://10.180.1.21/compute/v2.1/servers/cbe09b25-b49e-450f-9176-15b85e9e303a 0.169s
2025-03-12 21:29:28.226 68922 INFO tempest.lib.common.rest_client [req-4b18829f-c17e-48bd-816d-6b87b9c287f8 req-4b18829f-c17e-48bd-816d-6b87b9c287f8 ] Request (ListImageFiltersTestJSON:setUpClass): 200 GET http://10.180.1.21/compute/v2.1/servers/f009d542-950f-4cd2-b03c-7d9a5b82d921 0.184s
2025-03-12 21:29:28.234 68916 INFO tempest.lib.common.rest_client [req-58a90b95-95db-4484-96d1-effd09bd94d9 req-58a90b95-95db-4484-96d1-effd09bd94d9 ] Request (AttachInterfacesUnderV243Test:test_add_remove_fixed_ip): 200 GET http://10.180.1.21/compute/v2.1/servers/9172c277-4b51-4c2d-b86b-4e70028eca7f 0.156s
2025-03-12 21:29:28.291 68918 INFO tempest.lib.common.rest_client [req-576cbec3-66c6-4549-82f2-c245745f0e8b req-576cbec3-66c6-4549-82f2-c245745f0e8b ] Request (FloatingIPsAssociationTestJSON:setUpClass): 200 GET http://10.180.1.21/compute/v2.1/servers/544b1215-eb04-4ea0-82ef-1ba86cbff201 0.136s
2025-03-12 21:29:28.302 68934 INFO tempest.lib.common.rest_client [req-8053c581-2b01-4343-ae0c-67455faa09df req-8053c581-2b01-4343-ae0c-67455faa09df ] Request (ServersAdmin275Test:test_rebuild_update_server_275): 200 GET http://10.180.1.21/compute/v2.1/servers/14c46ebc-c084-4943-9721-bab5623654e0 0.126s
2025-03-12 21:29:28.355 68964 INFO tempest.lib.common.rest_client [req-c00e869b-6e16-43bb-ad61-64c6562b4811 req-c00e869b-6e16-43bb-ad61-64c6562b4811 ] Request (DeleteServersAdminTestJSON:test_delete_server_while_in_error_state): 200 GET http://10.180.1.21/compute/v2.1/servers/b6bc3cbc-2cee-4470-a436-d11518ec54fa 0.114s
2025-03-12 21:29:28.357 68970 INFO tempest.lib.common.rest_client [req-778cab27-514d-4c8d-859a-628bda4546e4 req-778cab27-514d-4c8d-859a-628bda4546e4 ] Request (FloatingIPsAssociationNegativeTestJSON:tearDownClass): 200 GET http://10.180.1.21/compute/v2.1/servers/33469372-8efa-466c-acb8-91bf53a5be4b 0.118s
2025-03-12 21:29:28.424 68952 INFO tempest.lib.common.rest_client [req-42451bee-5fe5-4ab8-b645-1deec3971795 req-42451bee-5fe5-4ab8-b645-1deec3971795 ] Request (ImagesNegativeTestJSON:test_create_image_from_deleted_server): 200 GET http://10.180.1.21/compute/v2.1/servers/23cc8440-a4d2-44a1-a601-1e885eff80a2 0.126s
2025-03-12 21:29:28.440 68920 INFO tempest.lib.common.rest_client [req-5dced4a2-b885-4ef7-b20b-d0f0223ab68e req-5dced4a2-b885-4ef7-b20b-d0f0223ab68e ] Request (ServersTestMultiNic:test_verify_duplicate_network_nics): 200 GET http://10.180.1.21/compute/v2.1/servers/8bfb3d1a-62f5-4781-949f-533f968c9d64 0.067s
2025-03-12 21:29:28.583 68966 INFO tempest.lib.common.rest_client [req-7c158e58-5ec4-495f-ae56-91fed9f92776 req-7c158e58-5ec4-495f-ae56-91fed9f92776 ] Request (ServerRescueTestJSON:setUpClass): 200 GET http://10.180.1.21/compute/v2.1/servers/dd97f7fd-2d0b-4be4-a329-748a9cf9af29 0.061s
2025-03-12 21:29:28.614 68960 INFO tempest.lib.common.rest_client [req-1f7ce76a-0ab5-453b-adb1-83aea5f68eae req-1f7ce76a-0ab5-453b-adb1-83aea5f68eae ] Request (InstanceActionsTestJSON:setUpClass): 200 GET http://10.180.1.21/compute/v2.1/servers/91948ae2-5ced-4505-958c-4d35577cd24e 0.140s
2025-03-12 21:29:28.660 68930 INFO tempest.lib.common.rest_client [req-7d69a392-b258-4a92-83cd-48b219c2a491 req-7d69a392-b258-4a92-83cd-48b219c2a491 ] Request (ServerMetadataTestJSON:setUpClass): 200 GET http://10.180.1.21/compute/v2.1/servers/1e358274-7d2a-42c3-af65-387f347f8925 0.079s
2025-03-12 21:29:28.744 68938 INFO tempest.lib.common.rest_client [req-cae0c310-a499-48be-85f0-ac9331683fc6 req-cae0c310-a499-48be-85f0-ac9331683fc6 ] Request (ServerActionsV293TestJSON:setUpClass): 200 GET http://10.180.1.21/volume/v3/volumes/7be2f33c-3b69-493b-bdef-ed02f089105d 0.029s
2025-03-12 21:29:28.822 68978 INFO tempest.lib.common.rest_client [req-f892d5f4-4980-45fe-9046-b7680b8d36ac req-f892d5f4-4980-45fe-9046-b7680b8d36ac ] Request (MigrationsAdminTest:test_list_migrations_in_flavor_resize_situation): 200 GET http://10.180.1.21/compute/v2.1/servers/d1f4a410-8029-42d8-9458-2979d5b18985 0.101s
2025-03-12 21:29:28.832 68924 INFO tempest.lib.common.rest_client [req-e17a4b93-62f8-4507-86aa-70061060bed5 req-e17a4b93-62f8-4507-86aa-70061060bed5 ] Request (ServerActionsTestOtherB:setUpClass): 200 GET http://10.180.1.21/compute/v2.1/servers/c61ee34d-013c-48f9-a317-64fd8e3c3b50 0.053s
2025-03-12 21:29:28.966 68940 INFO tempest.lib.common.rest_client [req-64f717a1-5874-4dda-a011-e2ee98e4da13 req-64f717a1-5874-4dda-a011-e2ee98e4da13 ] Request (ServersTestJSON:test_create_server_specify_multibyte_character_name): 200 GET http://10.180.1.21/compute/v2.1/servers/7ac22d65-87d4-4e6f-905b-90d908517ed0 0.091s
2025-03-12 21:29:28.971 68962 INFO tempest.lib.common.rest_client [req-a0a5e3aa-b354-4b73-aea7-a585ba4dc65b req-a0a5e3aa-b354-4b73-aea7-a585ba4dc65b ] Request (DeleteServersTestJSON:test_delete_active_server): 200 GET http://10.180.1.21/compute/v2.1/servers/2798bb9e-2924-4fbe-91f5-cb29c417fe78 0.052s
2025-03-12 21:29:29.045 68926 INFO tempest.lib.common.rest_client [req-c0f952a0-73d3-4673-ae5d-15eaad38ddfd req-c0f952a0-73d3-4673-ae5d-15eaad38ddfd ] Request (ListServerFiltersTestJSON:tearDownClass): 200 GET http://10.180.1.21/compute/v2.1/servers/c5dc9190-d11e-4fc1-93dd-107a5267886f 0.063s
2025-03-12 21:29:29.109 68944 INFO tempest.lib.common.rest_client [req-a8203529-5c7b-464c-9f67-926ad59015c9 req-a8203529-5c7b-464c-9f67-926ad59015c9 ] Request (SecurityGroupsTestJSON:test_list_security_groups_by_server): 200 GET http://10.180.1.21/compute/v2.1/servers/c0266f22-d7f9-4d58-85ad-383048bd9b0a 0.094s
2025-03-12 21:29:29.116 68944 INFO tempest.common.waiters [-] State transition "BUILD/spawning" ==> "ACTIVE/None" after 45 second wait
2025-03-12 21:29:29.136 68928 INFO tempest.lib.common.rest_client [req-3465c34f-94c7-4a76-85ed-29889186f7e6 req-3465c34f-94c7-4a76-85ed-29889186f7e6 ] Request (ServersAdminNegativeTestJSON:test_migrate_server_invalid_state): 200 GET http://10.180.1.21/compute/v2.1/servers/381deaa9-7935-4d31-9fb9-6ee36f3499a9 0.100s
2025-03-12 21:29:29.143 68928 INFO tempest.common.waiters [-] State transition "BUILD/networking" ==> "BUILD/spawning" after 36 second wait
2025-03-12 21:29:29.164 68974 INFO tempest.lib.common.rest_client [req-b3a68820-ff8c-485c-a3b0-da4c6a637c88 req-b3a68820-ff8c-485c-a3b0-da4c6a637c88 ] Request (ImagesOneServerTestJSON:setUpClass): 200 GET http://10.180.1.21/compute/v2.1/servers/cf75af4d-93b3-4bbb-b60c-8dd85c1d9d9d 0.080s
2025-03-12 21:29:29.185 68932 INFO tempest.lib.common.rest_client [req-37380411-a414-4d23-91eb-9627f978fb4c req-37380411-a414-4d23-91eb-9627f978fb4c ] Request (ServersAdminTestJSON:setUpClass): 200 GET http://10.180.1.21/compute/v2.1/servers/74bda310-8e1f-42da-9e25-0c52335ba195 0.084s
2025-03-12 21:29:29.243 68936 INFO tempest.lib.common.rest_client [req-e9372cbc-081d-4e38-b632-568b670b772c req-e9372cbc-081d-4e38-b632-568b670b772c ] Request (ServerDiagnosticsV248Test:tearDownClass): 200 GET http://10.180.1.21/compute/v2.1/servers/e531bf63-79c8-4f6a-b8a9-60930da933ba 0.077s
2025-03-12 21:29:29.306 68968 INFO tempest.lib.common.rest_client [req-8c7f359a-63e9-4a4a-ba90-ee1c1d2ee7d8 req-8c7f359a-63e9-4a4a-ba90-ee1c1d2ee7d8 ] Request (TenantUsagesTestJSON:tearDownClass): 200 GET http://10.180.1.21/compute/v2.1/servers/cbe09b25-b49e-450f-9176-15b85e9e303a 0.126s
2025-03-12 21:29:29.355 68922 INFO tempest.lib.common.rest_client [req-9aa197f3-1ee0-45b0-a02c-37ec2c088af8 req-9aa197f3-1ee0-45b0-a02c-37ec2c088af8 ] Request (ListImageFiltersTestJSON:setUpClass): 200 GET http://10.180.1.21/compute/v2.1/servers/f009d542-950f-4cd2-b03c-7d9a5b82d921 0.118s
2025-03-12 21:29:29.405 68916 INFO tempest.lib.common.rest_client [req-b6e02fcb-703d-4a04-ac77-8ae25f4846bf req-b6e02fcb-703d-4a04-ac77-8ae25f4846bf ] Request (AttachInterfacesUnderV243Test:test_add_remove_fixed_ip): 200 GET http://10.180.1.21/compute/v2.1/servers/9172c277-4b51-4c2d-b86b-4e70028eca7f 0.159s
2025-03-12 21:29:29.464 68918 INFO tempest.lib.common.rest_client [req-58df4901-44ba-49ae-b813-3526b46aad0e req-58df4901-44ba-49ae-b813-3526b46aad0e ] Request (FloatingIPsAssociationTestJSON:setUpClass): 200 GET http://10.180.1.21/compute/v2.1/servers/544b1215-eb04-4ea0-82ef-1ba86cbff201 0.157s
2025-03-12 21:29:29.475 68956 WARNING tempest.lib.common.ssh [-] Failed to establish authenticated ssh connection to cirros@10.180.180.172 ([Errno None] Unable to connect to port 22 on 10.180.180.172). Number attempts: 2. Retry after 3 seconds.: paramiko.ssh_exception.NoValidConnectionsError: [Errno None] Unable to connect to port 22 on 10.180.180.172
2025-03-12 21:29:29.503 68944 INFO tempest.lib.common.rest_client [req-ad41389e-2280-4c0f-8bd6-3b3a024a32f6 req-ad41389e-2280-4c0f-8bd6-3b3a024a32f6 ] Request (SecurityGroupsTestJSON:test_list_security_groups_by_server): 202 POST http://10.180.1.21/compute/v2.1/servers/c0266f22-d7f9-4d58-85ad-383048bd9b0a/action 0.386s
2025-03-12 21:29:29.530 68934 INFO tempest.lib.common.rest_client [req-19a51f29-0c91-433c-9528-f6155a535478 req-19a51f29-0c91-433c-9528-f6155a535478 ] Request (ServersAdmin275Test:test_rebuild_update_server_275): 200 GET http://10.180.1.21/compute/v2.1/servers/14c46ebc-c084-4943-9721-bab5623654e0 0.212s
2025-03-12 21:29:29.549 68970 INFO tempest.lib.common.rest_client [req-acd949f6-08e7-4862-9e76-888766a5bec1 req-acd949f6-08e7-4862-9e76-888766a5bec1 ] Request (FloatingIPsAssociationNegativeTestJSON:tearDownClass): 404 GET http://10.180.1.21/compute/v2.1/servers/33469372-8efa-466c-acb8-91bf53a5be4b 0.182s
2025-03-12 21:29:29.555 68964 INFO tempest.lib.common.rest_client [req-e7b79138-f43d-41fe-8f3f-093344ec9119 req-e7b79138-f43d-41fe-8f3f-093344ec9119 ] Request (DeleteServersAdminTestJSON:test_delete_server_while_in_error_state): 200 GET http://10.180.1.21/compute/v2.1/servers/b6bc3cbc-2cee-4470-a436-d11518ec54fa 0.191s
2025-03-12 21:29:29.612 68952 INFO tempest.lib.common.rest_client [req-7dc079aa-0132-4d87-a1a2-0f739527c872 req-7dc079aa-0132-4d87-a1a2-0f739527c872 ] Request (ImagesNegativeTestJSON:test_create_image_from_deleted_server): 200 GET http://10.180.1.21/compute/v2.1/servers/23cc8440-a4d2-44a1-a601-1e885eff80a2 0.180s
2025-03-12 21:29:29.625 68920 INFO tempest.lib.common.rest_client [req-e80655bc-6fc9-413c-8518-57ade5d9479d req-e80655bc-6fc9-413c-8518-57ade5d9479d ] Request (ServersTestMultiNic:test_verify_duplicate_network_nics): 200 GET http://10.180.1.21/compute/v2.1/servers/8bfb3d1a-62f5-4781-949f-533f968c9d64 0.175s
2025-03-12 21:29:29.689 68966 INFO tempest.lib.common.rest_client [req-3476abe3-90b7-4fa7-9b4d-3f79670ad4b9 req-3476abe3-90b7-4fa7-9b4d-3f79670ad4b9 ] Request (ServerRescueTestJSON:setUpClass): 200 GET http://10.180.1.21/compute/v2.1/servers/dd97f7fd-2d0b-4be4-a329-748a9cf9af29 0.093s
2025-03-12 21:29:29.798 68938 INFO tempest.lib.common.rest_client [req-8169458c-3ff6-4ed6-a271-4fab62709637 req-8169458c-3ff6-4ed6-a271-4fab62709637 ] Request (ServerActionsV293TestJSON:setUpClass): 200 GET http://10.180.1.21/volume/v3/volumes/7be2f33c-3b69-493b-bdef-ed02f089105d 0.046s
2025-03-12 21:29:29.811 68938 INFO tempest.common.waiters [-] volume 7be2f33c-3b69-493b-bdef-ed02f089105d reached available after waiting for 21.811864 seconds
2025-03-12 21:29:30.002 68944 INFO tempest.lib.common.rest_client [req-3c1724dc-f723-4c4b-98a1-f65150a57936 req-3c1724dc-f723-4c4b-98a1-f65150a57936 ] Request (SecurityGroupsTestJSON:test_list_security_groups_by_server): 202 POST http://10.180.1.21/compute/v2.1/servers/c0266f22-d7f9-4d58-85ad-383048bd9b0a/action 0.498s
2025-03-12 21:29:30.058 68930 INFO tempest.lib.common.rest_client [req-ea63305f-aa71-4c1b-95eb-0d4d589d8691 req-ea63305f-aa71-4c1b-95eb-0d4d589d8691 ] Request (ServerMetadataTestJSON:setUpClass): 200 GET http://10.180.1.21/compute/v2.1/servers/1e358274-7d2a-42c3-af65-387f347f8925 0.389s
2025-03-12 21:29:30.095 68960 INFO tempest.lib.common.rest_client [req-4248639f-d99f-47c7-87a2-3f4cbc928b42 req-4248639f-d99f-47c7-87a2-3f4cbc928b42 ] Request (InstanceActionsTestJSON:setUpClass): 200 GET http://10.180.1.21/compute/v2.1/servers/91948ae2-5ced-4505-958c-4d35577cd24e 0.471s
2025-03-12 21:29:30.246 68978 INFO tempest.lib.common.rest_client [req-dfb9569e-5bd9-4dcc-b717-1a18a7dd3ca0 req-dfb9569e-5bd9-4dcc-b717-1a18a7dd3ca0 ] Request (MigrationsAdminTest:test_list_migrations_in_flavor_resize_situation): 200 GET http://10.180.1.21/compute/v2.1/servers/d1f4a410-8029-42d8-9458-2979d5b18985 0.415s
2025-03-12 21:29:30.323 68924 INFO tempest.lib.common.rest_client [req-8eb26e87-17c4-4f0c-a26d-bac6a1ea6997 req-8eb26e87-17c4-4f0c-a26d-bac6a1ea6997 ] Request (ServerActionsTestOtherB:setUpClass): 200 GET http://10.180.1.21/compute/v2.1/servers/c61ee34d-013c-48f9-a317-64fd8e3c3b50 0.483s
2025-03-12 21:29:30.481 68940 INFO tempest.lib.common.rest_client [req-53880a17-075c-47f6-88c1-67872f0be562 req-53880a17-075c-47f6-88c1-67872f0be562 ] Request (ServersTestJSON:test_create_server_specify_multibyte_character_name): 200 GET http://10.180.1.21/compute/v2.1/servers/7ac22d65-87d4-4e6f-905b-90d908517ed0 0.506s
2025-03-12 21:29:30.549 68962 INFO tempest.lib.common.rest_client [req-9618279e-1117-4940-a40d-b9106da3b548 req-9618279e-1117-4940-a40d-b9106da3b548 ] Request (DeleteServersTestJSON:test_delete_active_server): 200 GET http://10.180.1.21/compute/v2.1/servers/2798bb9e-2924-4fbe-91f5-cb29c417fe78 0.568s
2025-03-12 21:29:30.564 68946 WARNING tempest.lib.common.ssh [-] Failed to establish authenticated ssh connection to cirros@10.180.180.158 ([Errno None] Unable to connect to port 22 on 10.180.180.158). Number attempts: 1. Retry after 2 seconds.: paramiko.ssh_exception.NoValidConnectionsError: [Errno None] Unable to connect to port 22 on 10.180.180.158
2025-03-12 21:29:30.568 68938 INFO tempest.lib.common.rest_client [req-714c776f-8a13-4236-b303-ffd12ca769a9 req-714c776f-8a13-4236-b303-ffd12ca769a9 ] Request (ServerActionsV293TestJSON:setUpClass): 202 POST http://10.180.1.21/compute/v2.1/servers 0.755s
2025-03-12 21:29:30.664 68926 INFO tempest.lib.common.rest_client [req-693eb6a8-601d-4246-bb72-28daf8a62f86 req-693eb6a8-601d-4246-bb72-28daf8a62f86 ] Request (ListServerFiltersTestJSON:tearDownClass): 200 GET http://10.180.1.21/compute/v2.1/servers/c5dc9190-d11e-4fc1-93dd-107a5267886f 0.610s
2025-03-12 21:29:30.679 68944 INFO tempest.lib.common.rest_client [req-862bb307-2ef3-425d-81ca-4994742d55cc req-862bb307-2ef3-425d-81ca-4994742d55cc ] Request (SecurityGroupsTestJSON:test_list_security_groups_by_server): 200 GET http://10.180.1.21/compute/v2.1/servers/c0266f22-d7f9-4d58-85ad-383048bd9b0a/os-security-groups 0.677s
2025-03-12 21:29:30.756 68974 INFO tempest.lib.common.rest_client [req-1b8b88e5-40ec-4e16-b7f5-d7d714ae98c3 req-1b8b88e5-40ec-4e16-b7f5-d7d714ae98c3 ] Request (ImagesOneServerTestJSON:setUpClass): 200 GET http://10.180.1.21/compute/v2.1/servers/cf75af4d-93b3-4bbb-b60c-8dd85c1d9d9d 0.581s
2025-03-12 21:29:30.762 68928 INFO tempest.lib.common.rest_client [req-a8453ca9-8a53-4092-a158-97d78095c754 req-a8453ca9-8a53-4092-a158-97d78095c754 ] Request (ServersAdminNegativeTestJSON:test_migrate_server_invalid_state): 200 GET http://10.180.1.21/compute/v2.1/servers/381deaa9-7935-4d31-9fb9-6ee36f3499a9 0.617s
2025-03-12 21:29:30.766 68943 WARNING tempest.lib.common.ssh [-] Failed to establish authenticated ssh connection to cirros@10.180.180.239 ([Errno None] Unable to connect to port 22 on 10.180.180.239). Number attempts: 1. Retry after 2 seconds.: paramiko.ssh_exception.NoValidConnectionsError: [Errno None] Unable to connect to port 22 on 10.180.180.239
2025-03-12 21:29:30.822 68932 INFO tempest.lib.common.rest_client [req-2dc74c18-2819-4cc9-b23c-32e9b43219a3 req-2dc74c18-2819-4cc9-b23c-32e9b43219a3 ] Request (ServersAdminTestJSON:setUpClass): 200 GET http://10.180.1.21/compute/v2.1/servers/74bda310-8e1f-42da-9e25-0c52335ba195 0.629s
2025-03-12 21:29:30.834 68936 INFO tempest.lib.common.rest_client [req-64f97d59-a1af-4a6c-b2e3-ca877f42ad55 req-64f97d59-a1af-4a6c-b2e3-ca877f42ad55 ] Request (ServerDiagnosticsV248Test:tearDownClass): 200 GET http://10.180.1.21/compute/v2.1/servers/e531bf63-79c8-4f6a-b8a9-60930da933ba 0.578s
2025-03-12 21:29:30.881 68968 INFO tempest.lib.common.rest_client [req-b2115272-187f-473f-bcc2-7a7523f7966e req-b2115272-187f-473f-bcc2-7a7523f7966e ] Request (TenantUsagesTestJSON:tearDownClass): 200 GET http://10.180.1.21/compute/v2.1/servers/cbe09b25-b49e-450f-9176-15b85e9e303a 0.561s
2025-03-12 21:29:30.885 68922 INFO tempest.lib.common.rest_client [req-50ae9240-9adb-45eb-abc2-0f0980bd98d8 req-50ae9240-9adb-45eb-abc2-0f0980bd98d8 ] Request (ListImageFiltersTestJSON:setUpClass): 200 GET http://10.180.1.21/compute/v2.1/servers/f009d542-950f-4cd2-b03c-7d9a5b82d921 0.519s
2025-03-12 21:29:30.936 68918 INFO tempest.lib.common.rest_client [req-9cccc13b-96bb-46dc-9212-a32fd085b561 req-9cccc13b-96bb-46dc-9212-a32fd085b561 ] Request (FloatingIPsAssociationTestJSON:setUpClass): 200 GET http://10.180.1.21/compute/v2.1/servers/544b1215-eb04-4ea0-82ef-1ba86cbff201 0.461s
2025-03-12 21:29:30.938 68916 INFO tempest.lib.common.rest_client [req-1f5298f2-1e55-4fe9-a67b-6e1a5a6b794c req-1f5298f2-1e55-4fe9-a67b-6e1a5a6b794c ] Request (AttachInterfacesUnderV243Test:test_add_remove_fixed_ip): 200 GET http://10.180.1.21/compute/v2.1/servers/9172c277-4b51-4c2d-b86b-4e70028eca7f 0.522s
2025-03-12 21:29:30.942 68970 INFO tempest.lib.common.rest_client [req-e54fb0c7-2d36-4faf-8849-3475d8cb03fd req-e54fb0c7-2d36-4faf-8849-3475d8cb03fd ] Request (FloatingIPsAssociationNegativeTestJSON:tearDownClass): 200 PUT http://10.180.1.21:9696/networking/v2.0/routers/8f5be3b1-b473-4f23-b379-d6b2334c5490/remove_router_interface 1.392s
2025-03-12 21:29:30.996 68934 INFO tempest.lib.common.rest_client [req-4b3a8d65-6c20-46b7-a779-bafb760fd134 req-4b3a8d65-6c20-46b7-a779-bafb760fd134 ] Request (ServersAdmin275Test:test_rebuild_update_server_275): 200 GET http://10.180.1.21/compute/v2.1/servers/14c46ebc-c084-4943-9721-bab5623654e0 0.456s
2025-03-12 21:29:30.996 68964 INFO tempest.lib.common.rest_client [req-b837e728-81f5-4ed8-9e9a-1931cf3f4409 req-b837e728-81f5-4ed8-9e9a-1931cf3f4409 ] Request (DeleteServersAdminTestJSON:test_delete_server_while_in_error_state): 200 GET http://10.180.1.21/compute/v2.1/servers/b6bc3cbc-2cee-4470-a436-d11518ec54fa 0.432s
2025-03-12 21:29:31.004 68964 INFO tempest.common.waiters [-] State transition "BUILD/scheduling" ==> "BUILD/None" after 29 second wait
2025-03-12 21:29:31.047 68938 INFO tempest.lib.common.rest_client [req-76f46278-00c2-42c0-9c07-8a4e71a5e399 req-76f46278-00c2-42c0-9c07-8a4e71a5e399 ] Request (ServerActionsV293TestJSON:setUpClass): 200 GET http://10.180.1.21/compute/v2.1/servers/a5aae937-9db7-4f5e-b907-91d0654e1625 0.476s
2025-03-12 21:29:31.092 68952 INFO tempest.lib.common.rest_client [req-35b96f1c-2e42-4652-b593-a5d54a0f92d1 req-35b96f1c-2e42-4652-b593-a5d54a0f92d1 ] Request (ImagesNegativeTestJSON:test_create_image_from_deleted_server): 200 GET http://10.180.1.21/compute/v2.1/servers/23cc8440-a4d2-44a1-a601-1e885eff80a2 0.468s
2025-03-12 21:29:31.103 68920 INFO tempest.lib.common.rest_client [req-1f9b76b4-b807-4311-ad54-8bda8f3061db req-1f9b76b4-b807-4311-ad54-8bda8f3061db ] Request (ServersTestMultiNic:test_verify_duplicate_network_nics): 200 GET http://10.180.1.21/compute/v2.1/servers/8bfb3d1a-62f5-4781-949f-533f968c9d64 0.467s
2025-03-12 21:29:31.194 68966 INFO tempest.lib.common.rest_client [req-694b68a0-9bae-4449-a9d5-97f189275e8f req-694b68a0-9bae-4449-a9d5-97f189275e8f ] Request (ServerRescueTestJSON:setUpClass): 200 GET http://10.180.1.21/compute/v2.1/servers/dd97f7fd-2d0b-4be4-a329-748a9cf9af29 0.495s
2025-03-12 21:29:31.227 68944 INFO tempest.lib.common.rest_client [req-005c2ba0-2017-41a5-832a-852747b5ab1b req-005c2ba0-2017-41a5-832a-852747b5ab1b ] Request (SecurityGroupsTestJSON:test_security_group_create_get_delete): 200 POST http://10.180.1.21/compute/v2.1/os-security-groups 0.542s
2025-03-12 21:29:31.255 68930 INFO tempest.lib.common.rest_client [req-a803167d-c7a3-43df-9d93-a7ccadbc71c7 req-a803167d-c7a3-43df-9d93-a7ccadbc71c7 ] Request (ServerMetadataTestJSON:setUpClass): 200 GET http://10.180.1.21/compute/v2.1/servers/1e358274-7d2a-42c3-af65-387f347f8925 0.185s
2025-03-12 21:29:31.267 68958 WARNING tempest.lib.common.ssh [-] Failed to establish authenticated ssh connection to cirros@10.180.180.155 ([Errno None] Unable to connect to port 22 on 10.180.180.155). Number attempts: 3. Retry after 4 seconds.: paramiko.ssh_exception.NoValidConnectionsError: [Errno None] Unable to connect to port 22 on 10.180.180.155
2025-03-12 21:29:31.300 68944 INFO tempest.lib.common.rest_client [req-6710cfde-8523-4459-a6a5-da7cd6f5881a req-6710cfde-8523-4459-a6a5-da7cd6f5881a ] Request (SecurityGroupsTestJSON:test_security_group_create_get_delete): 200 GET http://10.180.1.21/compute/v2.1/os-security-groups/275caec3-8ad4-4dd9-a5ce-a4cda9fb2aac 0.069s
2025-03-12 21:29:31.326 68960 INFO tempest.lib.common.rest_client [req-53805d2f-603c-45f2-9805-53a1f3166025 req-53805d2f-603c-45f2-9805-53a1f3166025 ] Request (InstanceActionsTestJSON:setUpClass): 200 GET http://10.180.1.21/compute/v2.1/servers/91948ae2-5ced-4505-958c-4d35577cd24e 0.222s
2025-03-12 21:29:31.346 68970 INFO tempest.lib.common.rest_client [req-b5761ccf-1088-4a48-8874-f25127a478b7 req-b5761ccf-1088-4a48-8874-f25127a478b7 ] Request (FloatingIPsAssociationNegativeTestJSON:tearDownClass): 204 DELETE http://10.180.1.21:9696/networking/v2.0/routers/8f5be3b1-b473-4f23-b379-d6b2334c5490 0.403s
2025-03-12 21:29:31.429 68978 INFO tempest.lib.common.rest_client [req-2697a7b8-b9dc-4e71-964a-3b0bf160df5c req-2697a7b8-b9dc-4e71-964a-3b0bf160df5c ] Request (MigrationsAdminTest:test_list_migrations_in_flavor_resize_situation): 200 GET http://10.180.1.21/compute/v2.1/servers/d1f4a410-8029-42d8-9458-2979d5b18985 0.176s
2025-03-12 21:29:31.439 68944 INFO tempest.lib.common.rest_client [req-e2ebbba8-a32a-4d16-8149-95ab917991fe req-e2ebbba8-a32a-4d16-8149-95ab917991fe ] Request (SecurityGroupsTestJSON:test_security_group_create_get_delete): 202 DELETE http://10.180.1.21/compute/v2.1/os-security-groups/275caec3-8ad4-4dd9-a5ce-a4cda9fb2aac 0.136s
2025-03-12 21:29:31.468 68944 INFO tempest.lib.common.rest_client [req-d5541725-bf16-4af5-9397-62bad0d50b24 req-d5541725-bf16-4af5-9397-62bad0d50b24 ] Request (SecurityGroupsTestJSON:test_security_group_create_get_delete): 404 GET http://10.180.1.21/compute/v2.1/os-security-groups/275caec3-8ad4-4dd9-a5ce-a4cda9fb2aac 0.028s
2025-03-12 21:29:31.505 68924 INFO tempest.lib.common.rest_client [req-0ad9cb9c-347f-4a11-9761-e912e1783aca req-0ad9cb9c-347f-4a11-9761-e912e1783aca ] Request (ServerActionsTestOtherB:setUpClass): 200 GET http://10.180.1.21/compute/v2.1/servers/c61ee34d-013c-48f9-a317-64fd8e3c3b50 0.174s
2025-03-12 21:29:31.556 68970 INFO tempest.lib.common.rest_client [req-86e1c140-7553-4e02-82d9-fc4bf16b114d req-86e1c140-7553-4e02-82d9-fc4bf16b114d ] Request (FloatingIPsAssociationNegativeTestJSON:tearDownClass): 204 DELETE http://10.180.1.21:9696/networking/v2.0/subnets/533c85f3-8267-4d36-9c2b-f942dd6c8629 0.210s
2025-03-12 21:29:31.674 68944 INFO tempest.lib.common.rest_client [req-f7642d6f-5a65-4c00-a087-0f9ea9f6c548 req-f7642d6f-5a65-4c00-a087-0f9ea9f6c548 ] Request (SecurityGroupsTestJSON:test_security_groups_create_list_delete): 200 POST http://10.180.1.21/compute/v2.1/os-security-groups 0.204s
2025-03-12 21:29:31.733 68962 INFO tempest.lib.common.rest_client [req-c2e25982-d733-4969-8994-807ece6db07b req-c2e25982-d733-4969-8994-807ece6db07b ] Request (DeleteServersTestJSON:test_delete_active_server): 200 GET http://10.180.1.21/compute/v2.1/servers/2798bb9e-2924-4fbe-91f5-cb29c417fe78 0.176s
2025-03-12 21:29:31.793 68940 INFO tempest.lib.common.rest_client [req-2d715781-1c9c-442c-b3f7-c86eff241689 req-2d715781-1c9c-442c-b3f7-c86eff241689 ] Request (ServersTestJSON:test_create_server_specify_multibyte_character_name): 200 GET http://10.180.1.21/compute/v2.1/servers/7ac22d65-87d4-4e6f-905b-90d908517ed0 0.302s
2025-03-12 21:29:31.800 68926 INFO tempest.lib.common.rest_client [req-d24c3664-a28a-4d73-9b05-05f435f0c9f2 req-d24c3664-a28a-4d73-9b05-05f435f0c9f2 ] Request (ListServerFiltersTestJSON:tearDownClass): 200 GET http://10.180.1.21/compute/v2.1/servers/c5dc9190-d11e-4fc1-93dd-107a5267886f 0.127s
2025-03-12 21:29:31.852 68974 INFO tempest.lib.common.rest_client [req-593a82e3-5a05-4a54-b6ea-63b3b375dab6 req-593a82e3-5a05-4a54-b6ea-63b3b375dab6 ] Request (ImagesOneServerTestJSON:setUpClass): 200 GET http://10.180.1.21/compute/v2.1/servers/cf75af4d-93b3-4bbb-b60c-8dd85c1d9d9d 0.079s
2025-03-12 21:29:31.945 68928 INFO tempest.lib.common.rest_client [req-62b61baf-8ea7-44d0-b640-ebe47bba87cd req-62b61baf-8ea7-44d0-b640-ebe47bba87cd ] Request (ServersAdminNegativeTestJSON:test_migrate_server_invalid_state): 200 GET http://10.180.1.21/compute/v2.1/servers/381deaa9-7935-4d31-9fb9-6ee36f3499a9 0.169s
2025-03-12 21:29:32.000 68932 INFO tempest.lib.common.rest_client [req-edfc7156-a86d-4ec2-98c1-ab4940891eb8 req-edfc7156-a86d-4ec2-98c1-ab4940891eb8 ] Request (ServersAdminTestJSON:setUpClass): 200 GET http://10.180.1.21/compute/v2.1/servers/74bda310-8e1f-42da-9e25-0c52335ba195 0.170s
2025-03-12 21:29:32.006 68944 INFO tempest.lib.common.rest_client [req-e5058a66-c70e-45eb-869d-bf1970ea6d6c req-e5058a66-c70e-45eb-869d-bf1970ea6d6c ] Request (SecurityGroupsTestJSON:test_security_groups_create_list_delete): 200 POST http://10.180.1.21/compute/v2.1/os-security-groups 0.329s
2025-03-12 21:29:32.064 68968 INFO tempest.lib.common.rest_client [req-0101b645-f8e6-4371-af92-f83b2029bd6d req-0101b645-f8e6-4371-af92-f83b2029bd6d ] Request (TenantUsagesTestJSON:tearDownClass): 200 GET http://10.180.1.21/compute/v2.1/servers/cbe09b25-b49e-450f-9176-15b85e9e303a 0.173s
2025-03-12 21:29:32.068 68970 INFO tempest.lib.common.rest_client [req-f9da3139-a6ae-4b18-844d-85d2372e2979 req-f9da3139-a6ae-4b18-844d-85d2372e2979 ] Request (FloatingIPsAssociationNegativeTestJSON:tearDownClass): 204 DELETE http://10.180.1.21:9696/networking/v2.0/networks/754632a4-dee4-484a-b515-098cdf33e214 0.512s
2025-03-12 21:29:32.070 68936 INFO tempest.lib.common.rest_client [req-b3d0db92-4656-41ad-8e68-59e136650304 req-b3d0db92-4656-41ad-8e68-59e136650304 ] Request (ServerDiagnosticsV248Test:tearDownClass): 200 GET http://10.180.1.21/compute/v2.1/servers/e531bf63-79c8-4f6a-b8a9-60930da933ba 0.218s
2025-03-12 21:29:32.113 68922 INFO tempest.lib.common.rest_client [req-74706daa-8990-4e49-93a7-a160fa598590 req-74706daa-8990-4e49-93a7-a160fa598590 ] Request (ListImageFiltersTestJSON:setUpClass): 200 GET http://10.180.1.21/compute/v2.1/servers/f009d542-950f-4cd2-b03c-7d9a5b82d921 0.218s
2025-03-12 21:29:32.122 68918 INFO tempest.lib.common.rest_client [req-51547f2f-b009-49a1-bffd-9933da65aa5c req-51547f2f-b009-49a1-bffd-9933da65aa5c ] Request (FloatingIPsAssociationTestJSON:setUpClass): 200 GET http://10.180.1.21/compute/v2.1/servers/544b1215-eb04-4ea0-82ef-1ba86cbff201 0.176s
2025-03-12 21:29:32.129 68918 INFO tempest.common.waiters [-] State transition "BUILD/None" ==> "BUILD/networking" after 37 second wait
2025-03-12 21:29:32.157 68970 INFO tempest.lib.common.rest_client [req-6ca39ce9-1780-4061-8622-29cdacfc8230 req-6ca39ce9-1780-4061-8622-29cdacfc8230 ] Request (FloatingIPsAssociationNegativeTestJSON:tearDownClass): 204 DELETE http://10.180.1.21/identity/v3/users/f1dd5fc612a14967af47eca47478dc33 0.087s
