2025-03-12 21:30:20.117 68964 INFO tempest.lib.common.rest_client [req-51070161-e26d-4e28-ac54-02b868a24208 req-51070161-e26d-4e28-ac54-02b868a24208 ] Request (DeleteServersAdminTestJSON:test_delete_server_while_in_error_state): 200 GET http://10.180.1.21/compute/v2.1/servers/b6bc3cbc-2cee-4470-a436-d11518ec54fa 0.063s
2025-03-12 21:30:20.135 68966 INFO tempest.lib.common.rest_client [req-6df17323-0f5d-4712-84e5-1a3a3bf5ed99 req-6df17323-0f5d-4712-84e5-1a3a3bf5ed99 ] Request (ServerRescueTestJSON:setUpClass): 200 GET http://10.180.1.21/compute/v2.1/servers/dd97f7fd-2d0b-4be4-a329-748a9cf9af29 0.127s
2025-03-12 21:30:20.164 68960 INFO tempest.lib.common.rest_client [req-7a38e009-6a66-4980-b8d9-a3c290377430 req-7a38e009-6a66-4980-b8d9-a3c290377430 ] Request (ServerPasswordTestJSON:setUpClass): 200 GET http://10.180.1.21/compute/v2.1/servers/704832be-edca-4d76-a806-948c94251861 0.076s
2025-03-12 21:30:20.227 68938 INFO tempest.lib.common.rest_client [req-bcc0ac13-b4e1-446c-bc44-8fd387c26b30 req-bcc0ac13-b4e1-446c-bc44-8fd387c26b30 ] Request (ServerActionsV293TestJSON:setUpClass): 200 GET http://10.180.1.21/compute/v2.1/servers/a5aae937-9db7-4f5e-b907-91d0654e1625 0.061s
2025-03-12 21:30:20.297 68934 INFO tempest.lib.common.rest_client [req-4e550849-ddf4-4737-aaf3-73fef0cc9a6f req-4e550849-ddf4-4737-aaf3-73fef0cc9a6f ] Request (ServersAdmin275Test:test_rebuild_update_server_275): 200 GET http://10.180.1.21/compute/v2.1/servers/14c46ebc-c084-4943-9721-bab5623654e0 0.073s
2025-03-12 21:30:20.307 68934 INFO tempest.common.waiters [-] State transition "REBUILD/rebuild_spawning" ==> "ACTIVE/None" after 9 second wait
2025-03-12 21:30:20.412 68952 INFO tempest.lib.common.rest_client [req-50b9e3fa-e319-400b-9b7b-c4269a2d09a6 req-50b9e3fa-e319-400b-9b7b-c4269a2d09a6 ] Request (ServersV294TestFqdnHostnames:setUpClass): 200 GET http://10.180.1.21/compute/v2.1/servers/74b9dbab-b094-4f3b-8dd9-d6573c5f3062 0.059s
2025-03-12 21:30:20.458 68918 INFO tempest.lib.common.rest_client [req-06f327a4-5639-4020-bcd3-9cec0f99cbc4 req-06f327a4-5639-4020-bcd3-9cec0f99cbc4 ] Request (FloatingIPsAssociationTestJSON:test_associate_already_associated_floating_ip): 200 GET http://10.180.1.21/compute/v2.1/servers/415ba173-fc7d-47f8-82f7-4f0737d6c0f3 0.073s
2025-03-12 21:30:20.524 68930 INFO tempest.lib.common.rest_client [req-043e6235-03fb-473d-b23b-0e6961652db4 req-043e6235-03fb-473d-b23b-0e6961652db4 ] Request (ServerMetadataTestJSON:tearDownClass): 200 GET http://10.180.1.21/compute/v2.1/servers/1e358274-7d2a-42c3-af65-387f347f8925 0.061s
2025-03-12 21:30:20.559 68974 INFO tempest.lib.common.rest_client [req-e2d301a8-cb11-444b-a3f8-bc18b1d7cbac req-e2d301a8-cb11-444b-a3f8-bc18b1d7cbac ] Request (ImagesOneServerTestJSON:test_create_delete_image): 200 GET http://10.180.1.21/compute/v2.1/images/3d0f976d-c04f-44cd-a68b-7d0695677a36 0.087s
2025-03-12 21:30:20.632 68934 INFO tempest.lib.common.rest_client [req-14991ba1-935e-48eb-a8c7-7632a6f103ed req-14991ba1-935e-48eb-a8c7-7632a6f103ed ] Request (ServersAdmin275Test:test_rebuild_update_server_275): 202 POST http://10.180.1.21/compute/v2.1/servers/14c46ebc-c084-4943-9721-bab5623654e0/action 0.322s
2025-03-12 21:30:20.634 68922 INFO tempest.lib.common.rest_client [req-bfa54c96-460d-4657-b6fc-ab7f689038c3 req-bfa54c96-460d-4657-b6fc-ab7f689038c3 ] Request (ListImageFiltersTestJSON:setUpClass): 200 GET http://10.180.1.21/compute/v2.1/servers/f009d542-950f-4cd2-b03c-7d9a5b82d921 0.073s
2025-03-12 21:30:20.682 68932 INFO tempest.lib.common.rest_client [req-4a5bca9d-5c74-42fb-bc8d-6f6823c0c21b req-4a5bca9d-5c74-42fb-bc8d-6f6823c0c21b ] Request (ServersAdminTestJSON:test_create_server_with_scheduling_hint): 200 GET http://10.180.1.21/compute/v2.1/servers/f9506261-0ce6-4fe1-aa8f-ce06d7e15909 0.069s
2025-03-12 21:30:20.723 68934 INFO tempest.lib.common.rest_client [req-979f68b1-80ea-4a36-9405-cac5f69677bb req-979f68b1-80ea-4a36-9405-cac5f69677bb ] Request (ServersAdmin275Test:_run_cleanups): 200 GET http://10.180.1.21/compute/v2.1/servers/14c46ebc-c084-4943-9721-bab5623654e0 0.081s
2025-03-12 21:30:20.771 68978 INFO tempest.lib.common.rest_client [req-f30a2504-a699-4096-acb8-48c09ac1823f req-f30a2504-a699-4096-acb8-48c09ac1823f ] Request (MigrationsAdminTest:test_resize_server_revert_deleted_flavor): 200 GET http://10.180.1.21/compute/v2.1/servers/5539cf00-8c1e-4af5-8b91-c8e8c5065f28 0.114s
2025-03-12 21:30:20.810 68920 INFO tempest.lib.common.rest_client [req-6062b401-59a0-4db5-9152-32c1c5ed1294 req-6062b401-59a0-4db5-9152-32c1c5ed1294 ] Request (ServersTestMultiNic:test_verify_duplicate_network_nics): 200 GET http://10.180.1.21/compute/v2.1/servers/8bfb3d1a-62f5-4781-949f-533f968c9d64 0.167s
2025-03-12 21:30:20.818 68944 INFO tempest.lib.common.rest_client [req-de3135f9-3ec3-4cd2-8d5d-0d6197694242 req-de3135f9-3ec3-4cd2-8d5d-0d6197694242 ] Request (SecurityGroupsTestJSON:test_server_security_groups): 200 GET http://10.180.1.21/compute/v2.1/servers/0a466d74-4aea-4601-9b46-865c29d21e8a 0.128s
2025-03-12 21:30:20.882 68968 INFO tempest.lib.common.rest_client [req-331f1e38-e191-4f7d-b763-cc9d8b5e9670 req-331f1e38-e191-4f7d-b763-cc9d8b5e9670 ] Request (ListServersNegativeTestJSON:setUpClass): 200 GET http://10.180.1.21/compute/v2.1/servers/46aed8d6-f613-40c8-ae1a-42f38f622f8c 0.058s
2025-03-12 21:30:20.886 68928 INFO tempest.lib.common.rest_client [req-c5fe2366-7670-462c-ab7d-0af256e87560 req-c5fe2366-7670-462c-ab7d-0af256e87560 ] Request (ServersAdminNegativeTestJSON:tearDownClass): 200 GET http://10.180.1.21/compute/v2.1/servers/a7f9464a-1ce9-41c1-acd0-085769f87f3b 0.133s
2025-03-12 21:30:20.894 68928 INFO tempest.common.waiters [-] State transition "ACTIVE/deleting" ==> "DELETED/None" after 4 second wait
2025-03-12 21:30:20.943 68970 INFO tempest.lib.common.rest_client [req-112fbc86-57ed-481d-9ec8-5de66bbea92b req-112fbc86-57ed-481d-9ec8-5de66bbea92b ] Request (ServerAddressesTestJSON:setUpClass): 200 GET http://10.180.1.21/compute/v2.1/servers/2bce802a-bf71-4199-a1d3-0466bed7e0be 0.061s
2025-03-12 21:30:20.991 68936 INFO tempest.lib.common.rest_client [req-c83902df-b596-45ab-88d1-a5459fe9ae6f req-c83902df-b596-45ab-88d1-a5459fe9ae6f ] Request (ImagesOneServerNegativeTestJSON:setUpClass): 200 GET http://10.180.1.21/compute/v2.1/servers/07974438-9f23-485d-b9c5-659709c0fa16 0.050s
2025-03-12 21:30:20.996 68926 INFO tempest.lib.common.rest_client [req-60cf734a-8a52-4042-9bb3-70d1e3e12ff3 req-60cf734a-8a52-4042-9bb3-70d1e3e12ff3 ] Request (ListServerFiltersTestJSON:tearDownClass): 200 GET http://10.180.1.21/compute/v2.1/servers/36a5ae04-7fa7-46b7-a63d-7b1aa5043afa 0.061s
2025-03-12 21:30:21.038 68962 INFO tempest.lib.common.rest_client [req-6599fe42-90ec-4d72-aaa8-45166ddb0907 req-6599fe42-90ec-4d72-aaa8-45166ddb0907 ] Request (DeleteServersTestJSON:test_delete_active_server): 200 GET http://10.180.1.21/compute/v2.1/servers/2798bb9e-2924-4fbe-91f5-cb29c417fe78 0.049s
2025-03-12 21:30:21.214 68964 INFO tempest.lib.common.rest_client [req-e17d44de-ac06-48ee-af06-c55cc6a6132f req-e17d44de-ac06-48ee-af06-c55cc6a6132f ] Request (DeleteServersAdminTestJSON:test_delete_server_while_in_error_state): 200 GET http://10.180.1.21/compute/v2.1/servers/b6bc3cbc-2cee-4470-a436-d11518ec54fa 0.084s
2025-03-12 21:30:21.330 68940 INFO tempest.lib.common.rest_client [req-8e5d7c61-8e42-4ccc-84de-3af4c25a3846 req-8e5d7c61-8e42-4ccc-84de-3af4c25a3846 ] Request (ServersTestJSON:test_create_server_with_ipv6_addr_only): 200 GET http://10.180.1.21/compute/v2.1/servers/39d6d5b4-6684-41b0-a459-5993a3583fd0 0.291s
2025-03-12 21:30:21.364 68966 INFO tempest.lib.common.rest_client [req-7dbbde82-ee12-46d2-a0d8-f358f00d1cf8 req-7dbbde82-ee12-46d2-a0d8-f358f00d1cf8 ] Request (ServerRescueTestJSON:setUpClass): 200 GET http://10.180.1.21/compute/v2.1/servers/dd97f7fd-2d0b-4be4-a329-748a9cf9af29 0.220s
2025-03-12 21:30:21.383 68960 INFO tempest.lib.common.rest_client [req-1c461bcc-ebad-4fed-8f2e-208912327eff req-1c461bcc-ebad-4fed-8f2e-208912327eff ] Request (ServerPasswordTestJSON:setUpClass): 200 GET http://10.180.1.21/compute/v2.1/servers/704832be-edca-4d76-a806-948c94251861 0.208s
2025-03-12 21:30:21.418 68938 INFO tempest.lib.common.rest_client [req-a7b601bf-2ecc-486f-a325-9f0f565b1e84 req-a7b601bf-2ecc-486f-a325-9f0f565b1e84 ] Request (ServerActionsV293TestJSON:setUpClass): 200 GET http://10.180.1.21/compute/v2.1/servers/a5aae937-9db7-4f5e-b907-91d0654e1625 0.180s
2025-03-12 21:30:21.478 68952 INFO tempest.lib.common.rest_client [req-b23cbcd0-828f-4688-9bdf-b3b6b99fcfe3 req-b23cbcd0-828f-4688-9bdf-b3b6b99fcfe3 ] Request (ServersV294TestFqdnHostnames:setUpClass): 200 GET http://10.180.1.21/compute/v2.1/servers/74b9dbab-b094-4f3b-8dd9-d6573c5f3062 0.055s
2025-03-12 21:30:21.518 68918 INFO tempest.lib.common.rest_client [req-5096ec60-23f7-4018-8966-13f6972d56c1 req-5096ec60-23f7-4018-8966-13f6972d56c1 ] Request (FloatingIPsAssociationTestJSON:test_associate_already_associated_floating_ip): 200 GET http://10.180.1.21/compute/v2.1/servers/415ba173-fc7d-47f8-82f7-4f0737d6c0f3 0.049s
2025-03-12 21:30:21.594 68974 INFO tempest.lib.common.rest_client [req-fc0de84d-c4f4-4fbc-a988-3418d826ccbd req-fc0de84d-c4f4-4fbc-a988-3418d826ccbd ] Request (ImagesOneServerTestJSON:test_create_delete_image): 200 GET http://10.180.1.21/compute/v2.1/images/3d0f976d-c04f-44cd-a68b-7d0695677a36 0.032s
2025-03-12 21:30:21.609 68930 INFO tempest.lib.common.rest_client [req-c6d46b30-0d1d-4280-bf9d-19d101a31238 req-c6d46b30-0d1d-4280-bf9d-19d101a31238 ] Request (ServerMetadataTestJSON:tearDownClass): 200 GET http://10.180.1.21/compute/v2.1/servers/1e358274-7d2a-42c3-af65-387f347f8925 0.077s
2025-03-12 21:30:21.691 68922 INFO tempest.lib.common.rest_client [req-ead54d39-6dc5-47e1-b429-be163e980e64 req-ead54d39-6dc5-47e1-b429-be163e980e64 ] Request (ListImageFiltersTestJSON:setUpClass): 200 GET http://10.180.1.21/compute/v2.1/servers/f009d542-950f-4cd2-b03c-7d9a5b82d921 0.049s
2025-03-12 21:30:21.698 68948 WARNING tempest.lib.common.ssh [-] Failed to establish authenticated ssh connection to cirros@10.180.180.221 ([Errno None] Unable to connect to port 22 on 10.180.180.221). Number attempts: 10. Retry after 11 seconds.: paramiko.ssh_exception.NoValidConnectionsError: [Errno None] Unable to connect to port 22 on 10.180.180.221
2025-03-12 21:30:21.741 68932 INFO tempest.lib.common.rest_client [req-acb23b6c-43d3-48fb-96bb-2b7e13975ae6 req-acb23b6c-43d3-48fb-96bb-2b7e13975ae6 ] Request (ServersAdminTestJSON:test_create_server_with_scheduling_hint): 200 GET http://10.180.1.21/compute/v2.1/servers/f9506261-0ce6-4fe1-aa8f-ce06d7e15909 0.050s
2025-03-12 21:30:21.786 68934 INFO tempest.lib.common.rest_client [req-f7a8867f-bb74-4cc6-8c8a-f98f80853c1c req-f7a8867f-bb74-4cc6-8c8a-f98f80853c1c ] Request (ServersAdmin275Test:_run_cleanups): 200 GET http://10.180.1.21/compute/v2.1/servers/14c46ebc-c084-4943-9721-bab5623654e0 0.052s
2025-03-12 21:30:21.825 68978 INFO tempest.lib.common.rest_client [req-6810de18-b659-432b-ba7c-4b554ac6456b req-6810de18-b659-432b-ba7c-4b554ac6456b ] Request (MigrationsAdminTest:test_resize_server_revert_deleted_flavor): 200 GET http://10.180.1.21/compute/v2.1/servers/5539cf00-8c1e-4af5-8b91-c8e8c5065f28 0.047s
2025-03-12 21:30:21.875 68944 INFO tempest.lib.common.rest_client [req-3144fd20-346c-444c-8204-0f6bc93c903a req-3144fd20-346c-444c-8204-0f6bc93c903a ] Request (SecurityGroupsTestJSON:test_server_security_groups): 200 GET http://10.180.1.21/compute/v2.1/servers/0a466d74-4aea-4601-9b46-865c29d21e8a 0.046s
2025-03-12 21:30:21.937 68968 INFO tempest.lib.common.rest_client [req-7bf1fffd-a17a-4996-b0f3-ca3d01db43fc req-7bf1fffd-a17a-4996-b0f3-ca3d01db43fc ] Request (ListServersNegativeTestJSON:setUpClass): 200 GET http://10.180.1.21/compute/v2.1/servers/46aed8d6-f613-40c8-ae1a-42f38f622f8c 0.046s
2025-03-12 21:30:21.944 68968 INFO tempest.common.waiters [-] State transition "BUILD/scheduling" ==> "BUILD/None" after 41 second wait
2025-03-12 21:30:21.963 68920 INFO tempest.lib.common.rest_client [req-63c07aee-e0e3-4647-b756-6040640de3e4 req-63c07aee-e0e3-4647-b756-6040640de3e4 ] Request (ServersTestMultiNic:test_verify_duplicate_network_nics): 200 GET http://10.180.1.21/compute/v2.1/servers/8bfb3d1a-62f5-4781-949f-533f968c9d64 0.145s
2025-03-12 21:30:21.991 68928 INFO tempest.lib.common.rest_client [req-ad2a3c6a-a8a2-4805-a721-4bb83b5d5248 req-ad2a3c6a-a8a2-4805-a721-4bb83b5d5248 ] Request (ServersAdminNegativeTestJSON:tearDownClass): 200 GET http://10.180.1.21/compute/v2.1/servers/a7f9464a-1ce9-41c1-acd0-085769f87f3b 0.096s
2025-03-12 21:30:22.011 68970 INFO tempest.lib.common.rest_client [req-99d84913-ee9b-4986-893e-aadda7fdee45 req-99d84913-ee9b-4986-893e-aadda7fdee45 ] Request (ServerAddressesTestJSON:setUpClass): 200 GET http://10.180.1.21/compute/v2.1/servers/2bce802a-bf71-4199-a1d3-0466bed7e0be 0.060s
2025-03-12 21:30:22.054 68936 INFO tempest.lib.common.rest_client [req-f2da25e2-b91d-4630-a79a-bfd2da2479d6 req-f2da25e2-b91d-4630-a79a-bfd2da2479d6 ] Request (ImagesOneServerNegativeTestJSON:setUpClass): 200 GET http://10.180.1.21/compute/v2.1/servers/07974438-9f23-485d-b9c5-659709c0fa16 0.051s
2025-03-12 21:30:22.105 68962 INFO tempest.lib.common.rest_client [req-b66f39f1-8df7-46db-b3e1-32ccfdcf92e7 req-b66f39f1-8df7-46db-b3e1-32ccfdcf92e7 ] Request (DeleteServersTestJSON:test_delete_active_server): 200 GET http://10.180.1.21/compute/v2.1/servers/2798bb9e-2924-4fbe-91f5-cb29c417fe78 0.059s
2025-03-12 21:30:22.290 68926 INFO tempest.lib.common.rest_client [req-d0b12c54-f30e-4061-aae8-552acca2aa8d req-d0b12c54-f30e-4061-aae8-552acca2aa8d ] Request (ListServerFiltersTestJSON:tearDownClass): 404 GET http://10.180.1.21/compute/v2.1/servers/36a5ae04-7fa7-46b7-a63d-7b1aa5043afa 0.286s
2025-03-12 21:30:22.301 68964 INFO tempest.lib.common.rest_client [req-8819d5e4-11c1-4fb1-a146-3f353792a885 req-8819d5e4-11c1-4fb1-a146-3f353792a885 ] Request (DeleteServersAdminTestJSON:test_delete_server_while_in_error_state): 200 GET http://10.180.1.21/compute/v2.1/servers/b6bc3cbc-2cee-4470-a436-d11518ec54fa 0.079s
2025-03-12 21:30:22.364 68926 INFO tempest.lib.common.rest_client [req-04a73f74-a490-4fe8-8830-c26a8cb38d7d req-04a73f74-a490-4fe8-8830-c26a8cb38d7d ] Request (ListServerFiltersTestJSON:tearDownClass): 204 DELETE http://10.180.1.21/compute/v2.1/servers/bb3bd3b9-c459-4bdb-a55e-e65178dc47d3 0.073s
2025-03-12 21:30:22.405 68940 INFO tempest.lib.common.rest_client [req-412b8a2f-ac42-44f9-aa65-13063e030f87 req-412b8a2f-ac42-44f9-aa65-13063e030f87 ] Request (ServersTestJSON:test_create_server_with_ipv6_addr_only): 200 GET http://10.180.1.21/compute/v2.1/servers/39d6d5b4-6684-41b0-a459-5993a3583fd0 0.066s
2025-03-12 21:30:22.478 68926 INFO tempest.lib.common.rest_client [req-5b183628-7fb2-400d-b220-53896681f1b7 req-5b183628-7fb2-400d-b220-53896681f1b7 ] Request (ListServerFiltersTestJSON:tearDownClass): 200 GET http://10.180.1.21/compute/v2.1/servers/bb3bd3b9-c459-4bdb-a55e-e65178dc47d3 0.113s
2025-03-12 21:30:22.525 68966 INFO tempest.lib.common.rest_client [req-651146c9-36fa-488c-bb4f-1893075b977b req-651146c9-36fa-488c-bb4f-1893075b977b ] Request (ServerRescueTestJSON:setUpClass): 200 GET http://10.180.1.21/compute/v2.1/servers/dd97f7fd-2d0b-4be4-a329-748a9cf9af29 0.153s
2025-03-12 21:30:22.540 68960 INFO tempest.lib.common.rest_client [req-994f09e2-66ad-4cb6-b5ef-b28179bad0ef req-994f09e2-66ad-4cb6-b5ef-b28179bad0ef ] Request (ServerPasswordTestJSON:setUpClass): 200 GET http://10.180.1.21/compute/v2.1/servers/704832be-edca-4d76-a806-948c94251861 0.148s
2025-03-12 21:30:22.587 68938 INFO tempest.lib.common.rest_client [req-64fe4049-4385-4b21-875c-de5a71c2bf8c req-64fe4049-4385-4b21-875c-de5a71c2bf8c ] Request (ServerActionsV293TestJSON:setUpClass): 200 GET http://10.180.1.21/compute/v2.1/servers/a5aae937-9db7-4f5e-b907-91d0654e1625 0.159s
2025-03-12 21:30:22.602 68952 INFO tempest.lib.common.rest_client [req-64771eb6-a7f8-4489-8730-529521df1940 req-64771eb6-a7f8-4489-8730-529521df1940 ] Request (ServersV294TestFqdnHostnames:setUpClass): 200 GET http://10.180.1.21/compute/v2.1/servers/74b9dbab-b094-4f3b-8dd9-d6573c5f3062 0.114s
2025-03-12 21:30:22.646 68918 INFO tempest.lib.common.rest_client [req-cb7502b5-6eb9-45a2-bfe1-1297ced62957 req-cb7502b5-6eb9-45a2-bfe1-1297ced62957 ] Request (FloatingIPsAssociationTestJSON:test_associate_already_associated_floating_ip): 200 GET http://10.180.1.21/compute/v2.1/servers/415ba173-fc7d-47f8-82f7-4f0737d6c0f3 0.120s
2025-03-12 21:30:22.662 68974 INFO tempest.lib.common.rest_client [req-4198fcc8-87b6-4696-a9da-92e13ba65080 req-4198fcc8-87b6-4696-a9da-92e13ba65080 ] Request (ImagesOneServerTestJSON:test_create_delete_image): 200 GET http://10.180.1.21/compute/v2.1/images/3d0f976d-c04f-44cd-a68b-7d0695677a36 0.064s
2025-03-12 21:30:22.714 68930 INFO tempest.lib.common.rest_client [req-76e066f2-0eac-402e-9248-2267190b5f62 req-76e066f2-0eac-402e-9248-2267190b5f62 ] Request (ServerMetadataTestJSON:tearDownClass): 200 GET http://10.180.1.21/compute/v2.1/servers/1e358274-7d2a-42c3-af65-387f347f8925 0.097s
2025-03-12 21:30:22.781 68922 INFO tempest.lib.common.rest_client [req-86b7b92d-3257-40c6-bb5c-07a5978e3366 req-86b7b92d-3257-40c6-bb5c-07a5978e3366 ] Request (ListImageFiltersTestJSON:setUpClass): 200 GET http://10.180.1.21/compute/v2.1/servers/f009d542-950f-4cd2-b03c-7d9a5b82d921 0.082s
2025-03-12 21:30:22.815 68932 INFO tempest.lib.common.rest_client [req-165eb6a8-459b-4718-bb6e-82dd3d23d6db req-165eb6a8-459b-4718-bb6e-82dd3d23d6db ] Request (ServersAdminTestJSON:test_create_server_with_scheduling_hint): 200 GET http://10.180.1.21/compute/v2.1/servers/f9506261-0ce6-4fe1-aa8f-ce06d7e15909 0.066s
2025-03-12 21:30:22.868 68934 INFO tempest.lib.common.rest_client [req-7504518b-a80a-4489-9259-290c4f218939 req-7504518b-a80a-4489-9259-290c4f218939 ] Request (ServersAdmin275Test:_run_cleanups): 200 GET http://10.180.1.21/compute/v2.1/servers/14c46ebc-c084-4943-9721-bab5623654e0 0.072s
2025-03-12 21:30:22.890 68978 INFO tempest.lib.common.rest_client [req-d06be27c-1b4c-4561-830c-3ce726b53e01 req-d06be27c-1b4c-4561-830c-3ce726b53e01 ] Request (MigrationsAdminTest:test_resize_server_revert_deleted_flavor): 200 GET http://10.180.1.21/compute/v2.1/servers/5539cf00-8c1e-4af5-8b91-c8e8c5065f28 0.055s
2025-03-12 21:30:22.914 68916 WARNING tempest.lib.common.ssh [-] Failed to establish authenticated ssh connection to cirros@10.180.180.139 ([Errno None] Unable to connect to port 22 on 10.180.180.139). Number attempts: 3. Retry after 4 seconds.: paramiko.ssh_exception.NoValidConnectionsError: [Errno None] Unable to connect to port 22 on 10.180.180.139
2025-03-12 21:30:22.948 68944 INFO tempest.lib.common.rest_client [req-5668443b-1236-44cf-adc2-9f3f3bbf91b9 req-5668443b-1236-44cf-adc2-9f3f3bbf91b9 ] Request (SecurityGroupsTestJSON:test_server_security_groups): 200 GET http://10.180.1.21/compute/v2.1/servers/0a466d74-4aea-4601-9b46-865c29d21e8a 0.067s
2025-03-12 21:30:22.999 68968 INFO tempest.lib.common.rest_client [req-27e28b29-8f68-440e-b541-bb2604ac754c req-27e28b29-8f68-440e-b541-bb2604ac754c ] Request (ListServersNegativeTestJSON:setUpClass): 200 GET http://10.180.1.21/compute/v2.1/servers/46aed8d6-f613-40c8-ae1a-42f38f622f8c 0.054s
2025-03-12 21:30:23.063 68928 INFO tempest.lib.common.rest_client [req-b50fde6b-3004-47de-b368-5c0727fa7244 req-b50fde6b-3004-47de-b368-5c0727fa7244 ] Request (ServersAdminNegativeTestJSON:tearDownClass): 200 GET http://10.180.1.21/compute/v2.1/servers/a7f9464a-1ce9-41c1-acd0-085769f87f3b 0.062s
2025-03-12 21:30:23.098 68920 INFO tempest.lib.common.rest_client [req-9cf338db-0ff1-4eb9-bc26-5d8a1cf91563 req-9cf338db-0ff1-4eb9-bc26-5d8a1cf91563 ] Request (ServersTestMultiNic:test_verify_duplicate_network_nics): 200 GET http://10.180.1.21/compute/v2.1/servers/8bfb3d1a-62f5-4781-949f-533f968c9d64 0.126s
2025-03-12 21:30:23.112 68970 INFO tempest.lib.common.rest_client [req-5f150f97-28bd-4cdb-86ba-783c3343d5d3 req-5f150f97-28bd-4cdb-86ba-783c3343d5d3 ] Request (ServerAddressesTestJSON:setUpClass): 200 GET http://10.180.1.21/compute/v2.1/servers/2bce802a-bf71-4199-a1d3-0466bed7e0be 0.094s
2025-03-12 21:30:23.149 68936 INFO tempest.lib.common.rest_client [req-b44156a4-ae7c-4139-8096-3035fb28d26e req-b44156a4-ae7c-4139-8096-3035fb28d26e ] Request (ImagesOneServerNegativeTestJSON:setUpClass): 200 GET http://10.180.1.21/compute/v2.1/servers/07974438-9f23-485d-b9c5-659709c0fa16 0.086s
2025-03-12 21:30:23.162 68962 INFO tempest.lib.common.rest_client [req-b4ed5779-4e14-4c95-bc7b-751284cf1f0b req-b4ed5779-4e14-4c95-bc7b-751284cf1f0b ] Request (DeleteServersTestJSON:test_delete_active_server): 200 GET http://10.180.1.21/compute/v2.1/servers/2798bb9e-2924-4fbe-91f5-cb29c417fe78 0.046s
2025-03-12 21:30:23.366 68964 INFO tempest.lib.common.rest_client [req-b4d5738f-4ca5-4382-9d65-2ec5c18f7cb2 req-b4d5738f-4ca5-4382-9d65-2ec5c18f7cb2 ] Request (DeleteServersAdminTestJSON:test_delete_server_while_in_error_state): 200 GET http://10.180.1.21/compute/v2.1/servers/b6bc3cbc-2cee-4470-a436-d11518ec54fa 0.057s
2025-03-12 21:30:23.472 68940 INFO tempest.lib.common.rest_client [req-76f9841c-d47b-442a-a7b6-9ff40378e875 req-76f9841c-d47b-442a-a7b6-9ff40378e875 ] Request (ServersTestJSON:test_create_server_with_ipv6_addr_only): 200 GET http://10.180.1.21/compute/v2.1/servers/39d6d5b4-6684-41b0-a459-5993a3583fd0 0.059s
2025-03-12 21:30:23.646 68966 INFO tempest.lib.common.rest_client [req-95a58d64-a5b3-40fd-bca6-180345f54310 req-95a58d64-a5b3-40fd-bca6-180345f54310 ] Request (ServerRescueTestJSON:setUpClass): 200 GET http://10.180.1.21/compute/v2.1/servers/dd97f7fd-2d0b-4be4-a329-748a9cf9af29 0.112s
2025-03-12 21:30:23.648 68926 INFO tempest.lib.common.rest_client [req-e2cd114b-4eac-4965-81da-1d1511c57f1e req-e2cd114b-4eac-4965-81da-1d1511c57f1e ] Request (ListServerFiltersTestJSON:tearDownClass): 200 GET http://10.180.1.21/compute/v2.1/servers/bb3bd3b9-c459-4bdb-a55e-e65178dc47d3 0.158s
2025-03-12 21:30:23.707 68960 INFO tempest.lib.common.rest_client [req-4cf50cb9-5d88-4944-a601-9ea7186fe71c req-4cf50cb9-5d88-4944-a601-9ea7186fe71c ] Request (ServerPasswordTestJSON:setUpClass): 200 GET http://10.180.1.21/compute/v2.1/servers/704832be-edca-4d76-a806-948c94251861 0.160s
2025-03-12 21:30:23.712 68938 INFO tempest.lib.common.rest_client [req-7abe719d-53a9-4354-a5c6-ea470e3e02a3 req-7abe719d-53a9-4354-a5c6-ea470e3e02a3 ] Request (ServerActionsV293TestJSON:setUpClass): 200 GET http://10.180.1.21/compute/v2.1/servers/a5aae937-9db7-4f5e-b907-91d0654e1625 0.112s
2025-03-12 21:30:23.765 68918 INFO tempest.lib.common.rest_client [req-dedc4e81-c6a0-4648-a4f2-be30b6974232 req-dedc4e81-c6a0-4648-a4f2-be30b6974232 ] Request (FloatingIPsAssociationTestJSON:test_associate_already_associated_floating_ip): 200 GET http://10.180.1.21/compute/v2.1/servers/415ba173-fc7d-47f8-82f7-4f0737d6c0f3 0.112s
2025-03-12 21:30:23.770 68952 INFO tempest.lib.common.rest_client [req-563c33d2-90ed-4018-9427-458366eb0f39 req-563c33d2-90ed-4018-9427-458366eb0f39 ] Request (ServersV294TestFqdnHostnames:setUpClass): 200 GET http://10.180.1.21/compute/v2.1/servers/74b9dbab-b094-4f3b-8dd9-d6573c5f3062 0.155s
2025-03-12 21:30:23.804 68974 INFO tempest.lib.common.rest_client [req-55b91fef-ea8c-493e-926f-d1212cbb51bd req-55b91fef-ea8c-493e-926f-d1212cbb51bd ] Request (ImagesOneServerTestJSON:test_create_delete_image): 200 GET http://10.180.1.21/compute/v2.1/images/3d0f976d-c04f-44cd-a68b-7d0695677a36 0.138s
2025-03-12 21:30:23.830 68930 INFO tempest.lib.common.rest_client [req-974a4f2d-e4bf-4f11-95ec-ab1be8a24521 req-974a4f2d-e4bf-4f11-95ec-ab1be8a24521 ] Request (ServerMetadataTestJSON:tearDownClass): 200 GET http://10.180.1.21/compute/v2.1/servers/1e358274-7d2a-42c3-af65-387f347f8925 0.104s
2025-03-12 21:30:23.865 68922 INFO tempest.lib.common.rest_client [req-e63f3e4d-f42c-4609-b703-7061bb34b315 req-e63f3e4d-f42c-4609-b703-7061bb34b315 ] Request (ListImageFiltersTestJSON:setUpClass): 200 GET http://10.180.1.21/compute/v2.1/servers/f009d542-950f-4cd2-b03c-7d9a5b82d921 0.076s
2025-03-12 21:30:23.882 68932 INFO tempest.lib.common.rest_client [req-078dcd2d-8e80-436f-8bed-916180470103 req-078dcd2d-8e80-436f-8bed-916180470103 ] Request (ServersAdminTestJSON:test_create_server_with_scheduling_hint): 200 GET http://10.180.1.21/compute/v2.1/servers/f9506261-0ce6-4fe1-aa8f-ce06d7e15909 0.058s
2025-03-12 21:30:23.945 68934 INFO tempest.lib.common.rest_client [req-7eca5fe9-c4e2-4994-9bf9-1286263944c8 req-7eca5fe9-c4e2-4994-9bf9-1286263944c8 ] Request (ServersAdmin275Test:_run_cleanups): 200 GET http://10.180.1.21/compute/v2.1/servers/14c46ebc-c084-4943-9721-bab5623654e0 0.062s
2025-03-12 21:30:23.952 68978 INFO tempest.lib.common.rest_client [req-28ebf52c-92da-4a03-bf93-ab3dd0ed4265 req-28ebf52c-92da-4a03-bf93-ab3dd0ed4265 ] Request (MigrationsAdminTest:test_resize_server_revert_deleted_flavor): 200 GET http://10.180.1.21/compute/v2.1/servers/5539cf00-8c1e-4af5-8b91-c8e8c5065f28 0.053s
2025-03-12 21:30:23.954 68934 INFO tempest.common.waiters [-] State transition "REBUILD/rebuilding" ==> "REBUILD/rebuild_spawning" after 3 second wait
2025-03-12 21:30:24.002 68956 WARNING tempest.lib.common.ssh [-] Failed to establish authenticated ssh connection to cirros@10.180.180.172 ([Errno None] Unable to connect to port 22 on 10.180.180.172). Number attempts: 8. Retry after 9 seconds.: paramiko.ssh_exception.NoValidConnectionsError: [Errno None] Unable to connect to port 22 on 10.180.180.172
2025-03-12 21:30:24.012 68944 INFO tempest.lib.common.rest_client [req-a567de80-9ef8-48e9-91e4-664c838e3eaf req-a567de80-9ef8-48e9-91e4-664c838e3eaf ] Request (SecurityGroupsTestJSON:test_server_security_groups): 200 GET http://10.180.1.21/compute/v2.1/servers/0a466d74-4aea-4601-9b46-865c29d21e8a 0.056s
2025-03-12 21:30:24.059 68968 INFO tempest.lib.common.rest_client [req-6b4d5991-001d-4f2d-aaba-7e201f78d22b req-6b4d5991-001d-4f2d-aaba-7e201f78d22b ] Request (ListServersNegativeTestJSON:setUpClass): 200 GET http://10.180.1.21/compute/v2.1/servers/46aed8d6-f613-40c8-ae1a-42f38f622f8c 0.052s
2025-03-12 21:30:24.132 68928 INFO tempest.lib.common.rest_client [req-96296f85-97e2-42b7-98e7-4bdc961f5530 req-96296f85-97e2-42b7-98e7-4bdc961f5530 ] Request (ServersAdminNegativeTestJSON:tearDownClass): 200 GET http://10.180.1.21/compute/v2.1/servers/a7f9464a-1ce9-41c1-acd0-085769f87f3b 0.061s
2025-03-12 21:30:24.182 68970 INFO tempest.lib.common.rest_client [req-240bf1f3-2104-4812-9ba1-742f95455359 req-240bf1f3-2104-4812-9ba1-742f95455359 ] Request (ServerAddressesTestJSON:setUpClass): 200 GET http://10.180.1.21/compute/v2.1/servers/2bce802a-bf71-4199-a1d3-0466bed7e0be 0.060s
2025-03-12 21:30:24.219 68920 INFO tempest.lib.common.rest_client [req-1cdf99e9-7cc9-47e1-823f-d5eda7f02cbc req-1cdf99e9-7cc9-47e1-823f-d5eda7f02cbc ] Request (ServersTestMultiNic:test_verify_duplicate_network_nics): 200 GET http://10.180.1.21/compute/v2.1/servers/8bfb3d1a-62f5-4781-949f-533f968c9d64 0.108s
2025-03-12 21:30:24.228 68936 INFO tempest.lib.common.rest_client [req-159c0d38-f83b-4687-a9f3-9ee9e1cb6fbf req-159c0d38-f83b-4687-a9f3-9ee9e1cb6fbf ] Request (ImagesOneServerNegativeTestJSON:setUpClass): 200 GET http://10.180.1.21/compute/v2.1/servers/07974438-9f23-485d-b9c5-659709c0fa16 0.070s
2025-03-12 21:30:24.270 68962 INFO tempest.lib.common.rest_client [req-43d8d4d5-93a0-4929-ab7b-f3c7a077c707 req-43d8d4d5-93a0-4929-ab7b-f3c7a077c707 ] Request (DeleteServersTestJSON:test_delete_active_server): 200 GET http://10.180.1.21/compute/v2.1/servers/2798bb9e-2924-4fbe-91f5-cb29c417fe78 0.099s
2025-03-12 21:30:24.433 68964 INFO tempest.lib.common.rest_client [req-891037a4-36f5-4e62-9469-68db1d5327e0 req-891037a4-36f5-4e62-9469-68db1d5327e0 ] Request (DeleteServersAdminTestJSON:test_delete_server_while_in_error_state): 200 GET http://10.180.1.21/compute/v2.1/servers/b6bc3cbc-2cee-4470-a436-d11518ec54fa 0.059s
2025-03-12 21:30:24.537 68940 INFO tempest.lib.common.rest_client [req-ca3262e6-7a88-451a-97d8-cf9545aaac45 req-ca3262e6-7a88-451a-97d8-cf9545aaac45 ] Request (ServersTestJSON:test_create_server_with_ipv6_addr_only): 200 GET http://10.180.1.21/compute/v2.1/servers/39d6d5b4-6684-41b0-a459-5993a3583fd0 0.054s
2025-03-12 21:30:24.803 68926 INFO tempest.lib.common.rest_client [req-6afae5d4-f5cb-4bb4-a05f-5fd24e768475 req-6afae5d4-f5cb-4bb4-a05f-5fd24e768475 ] Request (ListServerFiltersTestJSON:tearDownClass): 200 GET http://10.180.1.21/compute/v2.1/servers/bb3bd3b9-c459-4bdb-a55e-e65178dc47d3 0.146s
2025-03-12 21:30:24.835 68966 INFO tempest.lib.common.rest_client [req-1b47af6d-650a-47f6-9085-26bc5716d32d req-1b47af6d-650a-47f6-9085-26bc5716d32d ] Request (ServerRescueTestJSON:setUpClass): 200 GET http://10.180.1.21/compute/v2.1/servers/dd97f7fd-2d0b-4be4-a329-748a9cf9af29 0.176s
2025-03-12 21:30:24.861 68960 INFO tempest.lib.common.rest_client [req-37791165-f737-4bb0-8a64-9ee12c0d19b7 req-37791165-f737-4bb0-8a64-9ee12c0d19b7 ] Request (ServerPasswordTestJSON:setUpClass): 200 GET http://10.180.1.21/compute/v2.1/servers/704832be-edca-4d76-a806-948c94251861 0.145s
2025-03-12 21:30:24.901 68938 INFO tempest.lib.common.rest_client [req-33071b88-e86f-4d26-a47a-dd59b0ad18dd req-33071b88-e86f-4d26-a47a-dd59b0ad18dd ] Request (ServerActionsV293TestJSON:setUpClass): 200 GET http://10.180.1.21/compute/v2.1/servers/a5aae937-9db7-4f5e-b907-91d0654e1625 0.173s
2025-03-12 21:30:24.930 68918 INFO tempest.lib.common.rest_client [req-e2deffcd-e972-4823-ae6e-3f80946d20ce req-e2deffcd-e972-4823-ae6e-3f80946d20ce ] Request (FloatingIPsAssociationTestJSON:test_associate_already_associated_floating_ip): 200 GET http://10.180.1.21/compute/v2.1/servers/415ba173-fc7d-47f8-82f7-4f0737d6c0f3 0.150s
2025-03-12 21:30:24.960 68974 INFO tempest.lib.common.rest_client [req-28fcb1cd-2273-4185-8fd6-6d8227c599b4 req-28fcb1cd-2273-4185-8fd6-6d8227c599b4 ] Request (ImagesOneServerTestJSON:test_create_delete_image): 200 GET http://10.180.1.21/compute/v2.1/images/3d0f976d-c04f-44cd-a68b-7d0695677a36 0.151s
2025-03-12 21:30:24.969 68952 INFO tempest.lib.common.rest_client [req-d1927563-c14b-4756-b2d1-eecd9f7cdf23 req-d1927563-c14b-4756-b2d1-eecd9f7cdf23 ] Request (ServersV294TestFqdnHostnames:setUpClass): 200 GET http://10.180.1.21/compute/v2.1/servers/74b9dbab-b094-4f3b-8dd9-d6573c5f3062 0.187s
2025-03-12 21:30:25.026 68930 INFO tempest.lib.common.rest_client [req-444da092-5f33-4728-a434-ce2d70f6b7b9 req-444da092-5f33-4728-a434-ce2d70f6b7b9 ] Request (ServerMetadataTestJSON:tearDownClass): 200 GET http://10.180.1.21/compute/v2.1/servers/1e358274-7d2a-42c3-af65-387f347f8925 0.188s
2025-03-12 21:30:25.042 68922 INFO tempest.lib.common.rest_client [req-c0418c66-96ed-411c-9198-6c3550414608 req-c0418c66-96ed-411c-9198-6c3550414608 ] Request (ListImageFiltersTestJSON:setUpClass): 200 GET http://10.180.1.21/compute/v2.1/servers/f009d542-950f-4cd2-b03c-7d9a5b82d921 0.169s
2025-03-12 21:30:25.049 68922 INFO tempest.common.waiters [-] State transition "BUILD/None" ==> "BUILD/networking" after 69 second wait
2025-03-12 21:30:25.080 68932 INFO tempest.lib.common.rest_client [req-9b1aae61-45ca-47b2-b134-6547a0e1a3e1 req-9b1aae61-45ca-47b2-b134-6547a0e1a3e1 ] Request (ServersAdminTestJSON:test_create_server_with_scheduling_hint): 200 GET http://10.180.1.21/compute/v2.1/servers/f9506261-0ce6-4fe1-aa8f-ce06d7e15909 0.184s
2025-03-12 21:30:25.132 68978 INFO tempest.lib.common.rest_client [req-9f7d24e6-e701-4573-bcaa-08697dfec8cb req-9f7d24e6-e701-4573-bcaa-08697dfec8cb ] Request (MigrationsAdminTest:test_resize_server_revert_deleted_flavor): 200 GET http://10.180.1.21/compute/v2.1/servers/5539cf00-8c1e-4af5-8b91-c8e8c5065f28 0.172s
2025-03-12 21:30:25.173 68934 INFO tempest.lib.common.rest_client [req-005abf83-be02-48c3-bcf2-cdef188a1e2d req-005abf83-be02-48c3-bcf2-cdef188a1e2d ] Request (ServersAdmin275Test:_run_cleanups): 200 GET http://10.180.1.21/compute/v2.1/servers/14c46ebc-c084-4943-9721-bab5623654e0 0.218s
2025-03-12 21:30:25.212 68944 INFO tempest.lib.common.rest_client [req-c718fcde-01fa-4291-9d0f-879a495082eb req-c718fcde-01fa-4291-9d0f-879a495082eb ] Request (SecurityGroupsTestJSON:test_server_security_groups): 200 GET http://10.180.1.21/compute/v2.1/servers/0a466d74-4aea-4601-9b46-865c29d21e8a 0.191s
2025-03-12 21:30:25.238 68968 INFO tempest.lib.common.rest_client [req-bb285d61-5cc6-4157-9dc4-5b8b963a8109 req-bb285d61-5cc6-4157-9dc4-5b8b963a8109 ] Request (ListServersNegativeTestJSON:setUpClass): 200 GET http://10.180.1.21/compute/v2.1/servers/46aed8d6-f613-40c8-ae1a-42f38f622f8c 0.171s
2025-03-12 21:30:25.277 68928 INFO tempest.lib.common.rest_client [req-9b85ee94-bcb7-4eb1-8f98-4a655c9ab298 req-9b85ee94-bcb7-4eb1-8f98-4a655c9ab298 ] Request (ServersAdminNegativeTestJSON:tearDownClass): 200 GET http://10.180.1.21/compute/v2.1/servers/a7f9464a-1ce9-41c1-acd0-085769f87f3b 0.133s
2025-03-12 21:30:25.308 68970 INFO tempest.lib.common.rest_client [req-b166054e-a2ac-4c1a-aa42-fa742467663b req-b166054e-a2ac-4c1a-aa42-fa742467663b ] Request (ServerAddressesTestJSON:setUpClass): 200 GET http://10.180.1.21/compute/v2.1/servers/2bce802a-bf71-4199-a1d3-0466bed7e0be 0.119s
2025-03-12 21:30:25.366 68936 INFO tempest.lib.common.rest_client [req-c34ad72a-3a37-492a-bc7c-db149c8c6eb7 req-c34ad72a-3a37-492a-bc7c-db149c8c6eb7 ] Request (ImagesOneServerNegativeTestJSON:setUpClass): 200 GET http://10.180.1.21/compute/v2.1/servers/07974438-9f23-485d-b9c5-659709c0fa16 0.130s
2025-03-12 21:30:25.406 68920 INFO tempest.lib.common.rest_client [req-0b7a4275-424f-4c88-93cf-c4581d5dea5d req-0b7a4275-424f-4c88-93cf-c4581d5dea5d ] Request (ServersTestMultiNic:test_verify_duplicate_network_nics): 200 GET http://10.180.1.21/compute/v2.1/servers/8bfb3d1a-62f5-4781-949f-533f968c9d64 0.179s
2025-03-12 21:30:25.429 68962 INFO tempest.lib.common.rest_client [req-a358175a-b809-4ced-bb49-c738714ce79f req-a358175a-b809-4ced-bb49-c738714ce79f ] Request (DeleteServersTestJSON:test_delete_active_server): 200 GET http://10.180.1.21/compute/v2.1/servers/2798bb9e-2924-4fbe-91f5-cb29c417fe78 0.152s
2025-03-12 21:30:25.479 68950 WARNING tempest.lib.common.ssh [-] Failed to establish authenticated ssh connection to cirros@10.180.180.214 ([Errno None] Unable to connect to port 22 on 10.180.180.214). Number attempts: 10. Retry after 11 seconds.: paramiko.ssh_exception.NoValidConnectionsError: [Errno None] Unable to connect to port 22 on 10.180.180.214
2025-03-12 21:30:25.511 68964 INFO tempest.lib.common.rest_client [req-2955460a-503c-4b91-8917-b6e8e9670b4a req-2955460a-503c-4b91-8917-b6e8e9670b4a ] Request (DeleteServersAdminTestJSON:test_delete_server_while_in_error_state): 200 GET http://10.180.1.21/compute/v2.1/servers/b6bc3cbc-2cee-4470-a436-d11518ec54fa 0.070s
2025-03-12 21:30:25.603 68940 INFO tempest.lib.common.rest_client [req-021aea02-5c92-42a6-b6bb-7b466df2a3ab req-021aea02-5c92-42a6-b6bb-7b466df2a3ab ] Request (ServersTestJSON:test_create_server_with_ipv6_addr_only): 200 GET http://10.180.1.21/compute/v2.1/servers/39d6d5b4-6684-41b0-a459-5993a3583fd0 0.058s
2025-03-12 21:30:25.872 68926 INFO tempest.lib.common.rest_client [req-34297fee-2e7a-4b55-b9f2-e30be29c61cb req-34297fee-2e7a-4b55-b9f2-e30be29c61cb ] Request (ListServerFiltersTestJSON:tearDownClass): 200 GET http://10.180.1.21/compute/v2.1/servers/bb3bd3b9-c459-4bdb-a55e-e65178dc47d3 0.061s
2025-03-12 21:30:25.926 68960 INFO tempest.lib.common.rest_client [req-e5610a6c-90d2-454c-b6f2-00db69f356d1 req-e5610a6c-90d2-454c-b6f2-00db69f356d1 ] Request (ServerPasswordTestJSON:setUpClass): 200 GET http://10.180.1.21/compute/v2.1/servers/704832be-edca-4d76-a806-948c94251861 0.055s
2025-03-12 21:30:25.956 68966 INFO tempest.lib.common.rest_client [req-e170e651-dcb7-4509-ae0f-24e1ad799754 req-e170e651-dcb7-4509-ae0f-24e1ad799754 ] Request (ServerRescueTestJSON:setUpClass): 200 GET http://10.180.1.21/compute/v2.1/servers/dd97f7fd-2d0b-4be4-a329-748a9cf9af29 0.112s
2025-03-12 21:30:25.985 68938 INFO tempest.lib.common.rest_client [req-26ecfaed-7174-416e-a5b9-1ddc365ec7a4 req-26ecfaed-7174-416e-a5b9-1ddc365ec7a4 ] Request (ServerActionsV293TestJSON:setUpClass): 200 GET http://10.180.1.21/compute/v2.1/servers/a5aae937-9db7-4f5e-b907-91d0654e1625 0.074s
2025-03-12 21:30:26.016 68918 INFO tempest.lib.common.rest_client [req-c4ad35a3-ee31-45d3-9f98-da3a0cb6a621 req-c4ad35a3-ee31-45d3-9f98-da3a0cb6a621 ] Request (FloatingIPsAssociationTestJSON:test_associate_already_associated_floating_ip): 200 GET http://10.180.1.21/compute/v2.1/servers/415ba173-fc7d-47f8-82f7-4f0737d6c0f3 0.071s
2025-03-12 21:30:26.026 68974 INFO tempest.lib.common.rest_client [req-51f4f16f-9f5e-4f27-a566-1f828ce4059b req-51f4f16f-9f5e-4f27-a566-1f828ce4059b ] Request (ImagesOneServerTestJSON:test_create_delete_image): 200 GET http://10.180.1.21/compute/v2.1/images/3d0f976d-c04f-44cd-a68b-7d0695677a36 0.061s
2025-03-12 21:30:26.085 68952 INFO tempest.lib.common.rest_client [req-cc3cbcc2-9e39-4f6e-b746-b78c0c20151b req-cc3cbcc2-9e39-4f6e-b746-b78c0c20151b ] Request (ServersV294TestFqdnHostnames:setUpClass): 200 GET http://10.180.1.21/compute/v2.1/servers/74b9dbab-b094-4f3b-8dd9-d6573c5f3062 0.103s
2025-03-12 21:30:26.111 68930 INFO tempest.lib.common.rest_client [req-678d8bcd-d286-4006-bb75-8f7160bb29a9 req-678d8bcd-d286-4006-bb75-8f7160bb29a9 ] Request (ServerMetadataTestJSON:tearDownClass): 200 GET http://10.180.1.21/compute/v2.1/servers/1e358274-7d2a-42c3-af65-387f347f8925 0.071s
2025-03-12 21:30:26.170 68932 INFO tempest.lib.common.rest_client [req-10495ec1-dbe7-430b-a0fc-3d8db7d0211b req-10495ec1-dbe7-430b-a0fc-3d8db7d0211b ] Request (ServersAdminTestJSON:test_create_server_with_scheduling_hint): 200 GET http://10.180.1.21/compute/v2.1/servers/f9506261-0ce6-4fe1-aa8f-ce06d7e15909 0.073s
2025-03-12 21:30:26.191 68922 INFO tempest.lib.common.rest_client [req-9cfe321f-4f12-4666-930d-d63c3af88172 req-9cfe321f-4f12-4666-930d-d63c3af88172 ] Request (ListImageFiltersTestJSON:setUpClass): 200 GET http://10.180.1.21/compute/v2.1/servers/f009d542-950f-4cd2-b03c-7d9a5b82d921 0.141s
2025-03-12 21:30:26.198 68922 INFO tempest.common.waiters [-] State transition "BUILD/networking" ==> "BUILD/spawning" after 70 second wait
2025-03-12 21:30:26.220 68978 INFO tempest.lib.common.rest_client [req-2333c713-7f7e-4c96-85bb-57bdded7b574 req-2333c713-7f7e-4c96-85bb-57bdded7b574 ] Request (MigrationsAdminTest:test_resize_server_revert_deleted_flavor): 200 GET http://10.180.1.21/compute/v2.1/servers/5539cf00-8c1e-4af5-8b91-c8e8c5065f28 0.080s
2025-03-12 21:30:26.252 68934 INFO tempest.lib.common.rest_client [req-8898fbbf-69da-4556-b3e3-029516a65669 req-8898fbbf-69da-4556-b3e3-029516a65669 ] Request (ServersAdmin275Test:_run_cleanups): 200 GET http://10.180.1.21/compute/v2.1/servers/14c46ebc-c084-4943-9721-bab5623654e0 0.068s
2025-03-12 21:30:26.279 68944 INFO tempest.lib.common.rest_client [req-52d0cecb-2040-4e20-ac37-b8bb21376467 req-52d0cecb-2040-4e20-ac37-b8bb21376467 ] Request (SecurityGroupsTestJSON:test_server_security_groups): 200 GET http://10.180.1.21/compute/v2.1/servers/0a466d74-4aea-4601-9b46-865c29d21e8a 0.054s
2025-03-12 21:30:26.303 68968 INFO tempest.lib.common.rest_client [req-4b6ac855-ee7a-4f9f-bac7-47835af40bed req-4b6ac855-ee7a-4f9f-bac7-47835af40bed ] Request (ListServersNegativeTestJSON:setUpClass): 200 GET http://10.180.1.21/compute/v2.1/servers/46aed8d6-f613-40c8-ae1a-42f38f622f8c 0.053s
2025-03-12 21:30:26.351 68928 INFO tempest.lib.common.rest_client [req-6695f291-6966-4a2c-8872-3c4dd70404f6 req-6695f291-6966-4a2c-8872-3c4dd70404f6 ] Request (ServersAdminNegativeTestJSON:tearDownClass): 200 GET http://10.180.1.21/compute/v2.1/servers/a7f9464a-1ce9-41c1-acd0-085769f87f3b 0.065s
2025-03-12 21:30:26.367 68970 INFO tempest.lib.common.rest_client [req-37597cb6-5dbf-4324-b630-60027ed779c5 req-37597cb6-5dbf-4324-b630-60027ed779c5 ] Request (ServerAddressesTestJSON:setUpClass): 200 GET http://10.180.1.21/compute/v2.1/servers/2bce802a-bf71-4199-a1d3-0466bed7e0be 0.052s
2025-03-12 21:30:26.432 68936 INFO tempest.lib.common.rest_client [req-406a9a7b-e7bb-48d7-8e4c-affdca5b4936 req-406a9a7b-e7bb-48d7-8e4c-affdca5b4936 ] Request (ImagesOneServerNegativeTestJSON:setUpClass): 200 GET http://10.180.1.21/compute/v2.1/servers/07974438-9f23-485d-b9c5-659709c0fa16 0.054s
2025-03-12 21:30:26.492 68962 INFO tempest.lib.common.rest_client [req-1d2caa57-427c-4e63-9692-168b684d4c12 req-1d2caa57-427c-4e63-9692-168b684d4c12 ] Request (DeleteServersTestJSON:test_delete_active_server): 200 GET http://10.180.1.21/compute/v2.1/servers/2798bb9e-2924-4fbe-91f5-cb29c417fe78 0.054s
2025-03-12 21:30:26.587 68964 INFO tempest.lib.common.rest_client [req-a5e5b8d1-4a07-4622-aaf1-0b8c61292f92 req-a5e5b8d1-4a07-4622-aaf1-0b8c61292f92 ] Request (DeleteServersAdminTestJSON:test_delete_server_while_in_error_state): 200 GET http://10.180.1.21/compute/v2.1/servers/b6bc3cbc-2cee-4470-a436-d11518ec54fa 0.068s
2025-03-12 21:30:26.592 68920 INFO tempest.lib.common.rest_client [req-8ff07e8e-ab91-450b-b889-7afe5374c2a5 req-8ff07e8e-ab91-450b-b889-7afe5374c2a5 ] Request (ServersTestMultiNic:test_verify_duplicate_network_nics): 200 GET http://10.180.1.21/compute/v2.1/servers/8bfb3d1a-62f5-4781-949f-533f968c9d64 0.177s
2025-03-12 21:30:26.679 68940 INFO tempest.lib.common.rest_client [req-cd4e0c90-28a4-4647-b653-03ada5f2562d req-cd4e0c90-28a4-4647-b653-03ada5f2562d ] Request (ServersTestJSON:test_create_server_with_ipv6_addr_only): 200 GET http://10.180.1.21/compute/v2.1/servers/39d6d5b4-6684-41b0-a459-5993a3583fd0 0.066s
2025-03-12 21:30:26.972 68926 INFO tempest.lib.common.rest_client [req-e9968e3d-eb32-4bd7-b0e6-2e9352bcfa98 req-e9968e3d-eb32-4bd7-b0e6-2e9352bcfa98 ] Request (ListServerFiltersTestJSON:tearDownClass): 200 GET http://10.180.1.21/compute/v2.1/servers/bb3bd3b9-c459-4bdb-a55e-e65178dc47d3 0.091s
2025-03-12 21:30:26.981 68926 INFO tempest.common.waiters [-] State transition "ACTIVE/deleting" ==> "DELETED/None" after 4 second wait
2025-03-12 21:30:27.017 68960 INFO tempest.lib.common.rest_client [req-8f26dbb1-1e9d-4b58-abb8-4c2e31128712 req-8f26dbb1-1e9d-4b58-abb8-4c2e31128712 ] Request (ServerPasswordTestJSON:setUpClass): 200 GET http://10.180.1.21/compute/v2.1/servers/704832be-edca-4d76-a806-948c94251861 0.078s
2025-03-12 21:30:27.078 68938 INFO tempest.lib.common.rest_client [req-8adc173a-a946-4552-ba58-fb731d35ee83 req-8adc173a-a946-4552-ba58-fb731d35ee83 ] Request (ServerActionsV293TestJSON:setUpClass): 200 GET http://10.180.1.21/compute/v2.1/servers/a5aae937-9db7-4f5e-b907-91d0654e1625 0.081s
2025-03-12 21:30:27.121 68966 INFO tempest.lib.common.rest_client [req-11728800-1012-4d47-8320-b8f93822f859 req-11728800-1012-4d47-8320-b8f93822f859 ] Request (ServerRescueTestJSON:setUpClass): 200 GET http://10.180.1.21/compute/v2.1/servers/dd97f7fd-2d0b-4be4-a329-748a9cf9af29 0.157s
2025-03-12 21:30:27.134 68918 INFO tempest.lib.common.rest_client [req-463d31ea-4860-4d2b-9275-161974587893 req-463d31ea-4860-4d2b-9275-161974587893 ] Request (FloatingIPsAssociationTestJSON:test_associate_already_associated_floating_ip): 200 GET http://10.180.1.21/compute/v2.1/servers/415ba173-fc7d-47f8-82f7-4f0737d6c0f3 0.108s
2025-03-12 21:30:27.157 68974 INFO tempest.lib.common.rest_client [req-583df5b1-f5c8-41dd-abe5-e1b356bd5f2c req-583df5b1-f5c8-41dd-abe5-e1b356bd5f2c ] Request (ImagesOneServerTestJSON:test_create_delete_image): 200 GET http://10.180.1.21/compute/v2.1/images/3d0f976d-c04f-44cd-a68b-7d0695677a36 0.127s
2025-03-12 21:30:27.196 68952 INFO tempest.lib.common.rest_client [req-7dfeccbc-29ee-4697-820f-8e8c42288064 req-7dfeccbc-29ee-4697-820f-8e8c42288064 ] Request (ServersV294TestFqdnHostnames:setUpClass): 200 GET http://10.180.1.21/compute/v2.1/servers/74b9dbab-b094-4f3b-8dd9-d6573c5f3062 0.100s
2025-03-12 21:30:27.222 68930 INFO tempest.lib.common.rest_client [req-9336bd8c-18de-4719-98bb-71b5eba0e4c8 req-9336bd8c-18de-4719-98bb-71b5eba0e4c8 ] Request (ServerMetadataTestJSON:tearDownClass): 200 GET http://10.180.1.21/compute/v2.1/servers/1e358274-7d2a-42c3-af65-387f347f8925 0.104s
2025-03-12 21:30:27.248 68932 INFO tempest.lib.common.rest_client [req-b401ee9e-2102-444e-98cf-f6b0b43d8cd6 req-b401ee9e-2102-444e-98cf-f6b0b43d8cd6 ] Request (ServersAdminTestJSON:test_create_server_with_scheduling_hint): 200 GET http://10.180.1.21/compute/v2.1/servers/f9506261-0ce6-4fe1-aa8f-ce06d7e15909 0.067s
2025-03-12 21:30:27.302 68978 INFO tempest.lib.common.rest_client [req-eb3a7480-6422-48cb-baf7-ca409d8813d0 req-eb3a7480-6422-48cb-baf7-ca409d8813d0 ] Request (MigrationsAdminTest:test_resize_server_revert_deleted_flavor): 200 GET http://10.180.1.21/compute/v2.1/servers/5539cf00-8c1e-4af5-8b91-c8e8c5065f28 0.074s
2025-03-12 21:30:27.333 68922 INFO tempest.lib.common.rest_client [req-5a079443-e759-46fd-ac47-89a4131ad156 req-5a079443-e759-46fd-ac47-89a4131ad156 ] Request (ListImageFiltersTestJSON:setUpClass): 200 GET http://10.180.1.21/compute/v2.1/servers/f009d542-950f-4cd2-b03c-7d9a5b82d921 0.133s
2025-03-12 21:30:27.358 68934 INFO tempest.lib.common.rest_client [req-820aad2d-db91-4dbd-a31d-d77a21003a5a req-820aad2d-db91-4dbd-a31d-d77a21003a5a ] Request (ServersAdmin275Test:_run_cleanups): 200 GET http://10.180.1.21/compute/v2.1/servers/14c46ebc-c084-4943-9721-bab5623654e0 0.095s
2025-03-12 21:30:27.386 68944 INFO tempest.lib.common.rest_client [req-d00a71b5-2204-4817-a6bf-de8ebfc43e98 req-d00a71b5-2204-4817-a6bf-de8ebfc43e98 ] Request (SecurityGroupsTestJSON:test_server_security_groups): 200 GET http://10.180.1.21/compute/v2.1/servers/0a466d74-4aea-4601-9b46-865c29d21e8a 0.099s
2025-03-12 21:30:27.416 68968 INFO tempest.lib.common.rest_client [req-2518268b-6997-4cfb-aa2d-b2d8d91de3e9 req-2518268b-6997-4cfb-aa2d-b2d8d91de3e9 ] Request (ListServersNegativeTestJSON:setUpClass): 200 GET http://10.180.1.21/compute/v2.1/servers/46aed8d6-f613-40c8-ae1a-42f38f622f8c 0.104s
2025-03-12 21:30:27.455 68928 INFO tempest.lib.common.rest_client [req-71606d89-b415-4d79-ab99-650cfc4963db req-71606d89-b415-4d79-ab99-650cfc4963db ] Request (ServersAdminNegativeTestJSON:tearDownClass): 200 GET http://10.180.1.21/compute/v2.1/servers/a7f9464a-1ce9-41c1-acd0-085769f87f3b 0.096s
2025-03-12 21:30:27.471 68970 INFO tempest.lib.common.rest_client [req-b3069bcb-cb12-4645-b5e0-ae7de4d203bb req-b3069bcb-cb12-4645-b5e0-ae7de4d203bb ] Request (ServerAddressesTestJSON:setUpClass): 200 GET http://10.180.1.21/compute/v2.1/servers/2bce802a-bf71-4199-a1d3-0466bed7e0be 0.095s
2025-03-12 21:30:27.502 68936 INFO tempest.lib.common.rest_client [req-0e66fd0f-1c03-40c3-ac15-477274167df5 req-0e66fd0f-1c03-40c3-ac15-477274167df5 ] Request (ImagesOneServerNegativeTestJSON:setUpClass): 200 GET http://10.180.1.21/compute/v2.1/servers/07974438-9f23-485d-b9c5-659709c0fa16 0.062s
2025-03-12 21:30:27.566 68962 INFO tempest.lib.common.rest_client [req-e7ab2632-12bf-40f6-b3e2-cb19b565e7d0 req-e7ab2632-12bf-40f6-b3e2-cb19b565e7d0 ] Request (DeleteServersTestJSON:test_delete_active_server): 200 GET http://10.180.1.21/compute/v2.1/servers/2798bb9e-2924-4fbe-91f5-cb29c417fe78 0.064s
2025-03-12 21:30:27.574 68962 INFO tempest.common.waiters [-] State transition "BUILD/None" ==> "BUILD/networking" after 60 second wait
2025-03-12 21:30:27.650 68924 WARNING tempest.lib.common.ssh [-] Failed to establish authenticated ssh connection to cirros@10.180.180.169 ([Errno None] Unable to connect to port 22 on 10.180.180.169). Number attempts: 4. Retry after 5 seconds.: paramiko.ssh_exception.NoValidConnectionsError: [Errno None] Unable to connect to port 22 on 10.180.180.169
2025-03-12 21:30:27.673 68964 INFO tempest.lib.common.rest_client [req-fd6db67f-ae2c-49ac-9fa6-e2482e40b5b2 req-fd6db67f-ae2c-49ac-9fa6-e2482e40b5b2 ] Request (DeleteServersAdminTestJSON:test_delete_server_while_in_error_state): 200 GET http://10.180.1.21/compute/v2.1/servers/b6bc3cbc-2cee-4470-a436-d11518ec54fa 0.078s
2025-03-12 21:30:27.744 68920 INFO tempest.lib.common.rest_client [req-9946997d-3f7b-41a0-8f1c-f2da30594ab7 req-9946997d-3f7b-41a0-8f1c-f2da30594ab7 ] Request (ServersTestMultiNic:test_verify_duplicate_network_nics): 200 GET http://10.180.1.21/compute/v2.1/servers/8bfb3d1a-62f5-4781-949f-533f968c9d64 0.143s
2025-03-12 21:30:27.753 68940 INFO tempest.lib.common.rest_client [req-28edeb57-abe9-4a7d-aabf-a2a43911c7e7 req-28edeb57-abe9-4a7d-aabf-a2a43911c7e7 ] Request (ServersTestJSON:test_create_server_with_ipv6_addr_only): 200 GET http://10.180.1.21/compute/v2.1/servers/39d6d5b4-6684-41b0-a459-5993a3583fd0 0.065s
2025-03-12 21:30:28.053 68926 INFO tempest.lib.common.rest_client [req-a9a22b79-58d5-4d8e-b4cf-ffe7a5648004 req-a9a22b79-58d5-4d8e-b4cf-ffe7a5648004 ] Request (ListServerFiltersTestJSON:tearDownClass): 200 GET http://10.180.1.21/compute/v2.1/servers/bb3bd3b9-c459-4bdb-a55e-e65178dc47d3 0.070s
2025-03-12 21:30:28.090 68960 INFO tempest.lib.common.rest_client [req-7607123a-ae28-4cd1-9fe7-6d412cd64e8c req-7607123a-ae28-4cd1-9fe7-6d412cd64e8c ] Request (ServerPasswordTestJSON:setUpClass): 200 GET http://10.180.1.21/compute/v2.1/servers/704832be-edca-4d76-a806-948c94251861 0.060s
2025-03-12 21:30:28.150 68938 INFO tempest.lib.common.rest_client [req-904ebbd1-a025-43f2-a385-78f635785325 req-904ebbd1-a025-43f2-a385-78f635785325 ] Request (ServerActionsV293TestJSON:setUpClass): 200 GET http://10.180.1.21/compute/v2.1/servers/a5aae937-9db7-4f5e-b907-91d0654e1625 0.060s
2025-03-12 21:30:28.163 68946 WARNING tempest.lib.common.ssh [-] Failed to establish authenticated ssh connection to cirros@10.180.180.158 ([Errno None] Unable to connect to port 22 on 10.180.180.158). Number attempts: 8. Retry after 9 seconds.: paramiko.ssh_exception.NoValidConnectionsError: [Errno None] Unable to connect to port 22 on 10.180.180.158
2025-03-12 21:30:28.203 68918 INFO tempest.lib.common.rest_client [req-3db7707e-bb7e-4491-b0cc-45ef36a48f9d req-3db7707e-bb7e-4491-b0cc-45ef36a48f9d ] Request (FloatingIPsAssociationTestJSON:test_associate_already_associated_floating_ip): 200 GET http://10.180.1.21/compute/v2.1/servers/415ba173-fc7d-47f8-82f7-4f0737d6c0f3 0.057s
