2025-03-12 21:28:13.009 68918 INFO tempest.lib.common.dynamic_creds [-] Created isolated network resources for: credentials: Credentials: {'domain_id': 'default', 'domain_name': 'Default', 'username': 'tempest-FlavorsExtraSpecsTestJSON-1240032864-project-admin', 'project_domain_id': 'default', 'project_domain_name': 'Default', 'project_id': '7adeb3b05f0e48ff91bb7f1e8fdf9106', 'project_name': 'tempest-FlavorsExtraSpecsTestJSON-1240032864', 'tenant_id': '7adeb3b05f0e48ff91bb7f1e8fdf9106', 'tenant_name': 'tempest-FlavorsExtraSpecsTestJSON-1240032864', 'user_domain_id': 'default', 'user_domain_name': 'Default', 'user_id': 'c5bbec175c414c898ddede783654154c', 'system': None}, Network: None, Subnet: None, Router: None
2025-03-12 21:28:13.038 68958 INFO tempest.lib.common.rest_client [req-0753aa3b-7171-4fbd-b80a-1b23761c7aec req-0753aa3b-7171-4fbd-b80a-1b23761c7aec ] Request (HypervisorAdminV253TestBase:tearDownClass): 204 DELETE http://10.180.1.21:9696/networking/v2.0/security-groups/0a89c4df-350a-4b66-9c26-eb2606750f4e 0.252s
2025-03-12 21:28:13.055 68938 INFO tempest.lib.common.rest_client [req-c53b55e4-2588-47bd-9dc1-272eb166fa22 req-c53b55e4-2588-47bd-9dc1-272eb166fa22 ] Request (InstanceActionsNegativeTestJSON:setUpClass): 200 GET http://10.180.1.21/compute/v2.1/servers/498784a2-9d4b-493a-949d-176231487ba8 2.140s
2025-03-12 21:28:13.061 68966 INFO tempest.lib.common.rest_client [req-5cd50f86-8a51-43ba-b349-f52eb8e8f4aa req-5cd50f86-8a51-43ba-b349-f52eb8e8f4aa ] Request (QuotasAdminTestV236:setUpClass): 201 POST http://10.180.1.21/identity/v3/auth/tokens 0.152s
2025-03-12 21:28:13.066 68938 INFO tempest.common.waiters [-] State transition "BUILD/None" ==> "BUILD/spawning" after 4 second wait
2025-03-12 21:28:13.076 68940 INFO tempest.lib.common.rest_client [req-df0abe93-0447-4e1e-9e18-b0ae6cf24cca req-df0abe93-0447-4e1e-9e18-b0ae6cf24cca ] Request (KeyPairsV22TestJSON:setUpClass): 201 POST http://10.180.1.21/identity/v3/users 0.183s
2025-03-12 21:28:13.092 68946 INFO tempest.lib.common.rest_client [req-142faf58-2512-4d7c-af65-1fdbd205a280 req-142faf58-2512-4d7c-af65-1fdbd205a280 ] Request (ExtensionsTest:setUpClass): 201 POST http://10.180.1.21/identity/v3/users 0.138s
2025-03-12 21:28:13.117 68964 INFO tempest.lib.common.rest_client [req-a33c64bc-b0a9-40b2-ab40-2a3f9bf74101 req-a33c64bc-b0a9-40b2-ab40-2a3f9bf74101 ] Request (DeleteServersAdminTestJSON:test_admin_delete_servers_of_others): 200 GET http://10.180.1.21/compute/v2.1/servers/31daaef4-ef63-49d0-9a94-8b44ca57d776 2.121s
2025-03-12 21:28:13.150 68932 INFO tempest.lib.common.rest_client [req-69264b90-d196-4770-ad5a-19f00e39d376 req-69264b90-d196-4770-ad5a-19f00e39d376 ] Request (NetworksTest:tearDownClass): 204 DELETE http://10.180.1.21/identity/v3/projects/59dd9a46a7aa4d489f77643946098bdb 0.173s
2025-03-12 21:28:13.150 68932 INFO tempest.lib.common.dynamic_creds [-] Deleting project and security group for project: 88222bd41cee4de28aa05e8061c0fac4
2025-03-12 21:28:13.210 68930 INFO tempest.lib.common.rest_client [req-b1f0ce15-7d6d-45be-a251-e421de2c58ab req-b1f0ce15-7d6d-45be-a251-e421de2c58ab ] Request (FlavorsAccessTestJSON:test_flavor_access_add_remove): 200 POST http://10.180.1.21/compute/v2.1/flavors/355354023/action 2.220s
2025-03-12 21:28:13.245 68932 INFO tempest.lib.common.rest_client [req-a3cd2e2d-86f8-4825-831c-2a5657d66f51 req-a3cd2e2d-86f8-4825-831c-2a5657d66f51 ] Request (NetworksTest:tearDownClass): 200 GET http://10.180.1.21:9696/networking/v2.0/security-groups?tenant_id=88222bd41cee4de28aa05e8061c0fac4&name=default 0.094s
2025-03-12 21:28:13.254 68918 INFO tempest.lib.common.rest_client [req-9f4de4f9-76ad-4d9a-a1d3-c567ce6a7b23 req-9f4de4f9-76ad-4d9a-a1d3-c567ce6a7b23 ] Request (FlavorsExtraSpecsTestJSON:setUpClass): 201 POST http://10.180.1.21/identity/v3/auth/tokens 0.243s
2025-03-12 21:28:13.280 68950 INFO tempest.lib.common.rest_client [req-27624f8e-24f7-45e3-aad5-4e3b7e2fa7d3 req-27624f8e-24f7-45e3-aad5-4e3b7e2fa7d3 ] Request (VolumesAssistedSnapshotsTest:setUpClass): 201 POST http://10.180.1.21:9696/networking/v2.0/routers 0.981s
2025-03-12 21:28:13.281 68966 INFO tempest.lib.common.rest_client [req-1adf84bb-fc64-4cf9-bad2-9ead2df6a34d req-1adf84bb-fc64-4cf9-bad2-9ead2df6a34d ] Request (QuotasAdminTestV236:setUpClass): 201 POST http://10.180.1.21/identity/v3/auth/tokens 0.215s
2025-03-12 21:28:13.311 68958 INFO tempest.lib.common.rest_client [req-517cf15a-5c29-4a27-9971-f21170d1e7b2 req-517cf15a-5c29-4a27-9971-f21170d1e7b2 ] Request (HypervisorAdminV253TestBase:tearDownClass): 204 DELETE http://10.180.1.21/identity/v3/projects/6a2981e5a27f4e9cbad7c38071721220 0.272s
2025-03-12 21:28:13.311 68958 INFO tempest.lib.common.dynamic_creds [-] Deleting project and security group for project: 0809e74eea164077baf0681e4dff1539
2025-03-12 21:28:13.319 68932 INFO tempest.lib.common.rest_client [req-fd4a8816-2392-487c-bcdb-85659a770a55 req-fd4a8816-2392-487c-bcdb-85659a770a55 ] Request (NetworksTest:tearDownClass): 204 DELETE http://10.180.1.21:9696/networking/v2.0/security-groups/553887c5-f22a-4e79-9c32-8d66071ed62c 0.074s
2025-03-12 21:28:13.337 68940 INFO tempest.lib.common.rest_client [req-f42521c1-f05d-43dd-8fd7-5f3f83170a85 req-f42521c1-f05d-43dd-8fd7-5f3f83170a85 ] Request (KeyPairsV22TestJSON:setUpClass): 200 GET http://10.180.1.21/identity/v3/roles 0.261s
2025-03-12 21:28:13.373 68946 INFO tempest.lib.common.rest_client [req-c22a5954-d77c-4ea6-b2dc-1f9ee55c5673 req-c22a5954-d77c-4ea6-b2dc-1f9ee55c5673 ] Request (ExtensionsTest:setUpClass): 200 GET http://10.180.1.21/identity/v3/roles 0.280s
2025-03-12 21:28:13.432 68958 INFO tempest.lib.common.rest_client [req-c32eb989-8b56-4a5e-91e2-8e4975c4f93f req-c32eb989-8b56-4a5e-91e2-8e4975c4f93f ] Request (HypervisorAdminV253TestBase:tearDownClass): 200 GET http://10.180.1.21:9696/networking/v2.0/security-groups?tenant_id=0809e74eea164077baf0681e4dff1539&name=default 0.120s
2025-03-12 21:28:13.489 68966 INFO tempest.lib.common.rest_client [req-9283cad9-8ab3-4268-beae-86034210e043 req-9283cad9-8ab3-4268-beae-86034210e043 ] Request (QuotasAdminTestV236:setUpClass): 200 GET http://10.180.1.21/identity/v3/domains?name=Default 0.207s
2025-03-12 21:28:13.496 68968 INFO tempest.lib.common.rest_client [req-7b2ca9a8-2603-4eb9-8050-820acc1442d9 req-7b2ca9a8-2603-4eb9-8050-820acc1442d9 ] Request (HypervisorAdminNegativeTestJSON:test_get_hypervisor_uptime_with_non_admin_user): 200 GET http://10.180.1.21/compute/v2.1/os-hypervisors 2.496s
2025-03-12 21:28:13.530 68958 INFO tempest.lib.common.rest_client [req-1de9a929-f232-4b7f-9730-02079fd5a745 req-1de9a929-f232-4b7f-9730-02079fd5a745 ] Request (HypervisorAdminV253TestBase:tearDownClass): 204 DELETE http://10.180.1.21:9696/networking/v2.0/security-groups/51f55e9c-14ae-4a62-b116-31e22496aa70 0.097s
2025-03-12 21:28:13.567 68932 INFO tempest.lib.common.rest_client [req-cfd21eb6-7df4-44b1-82fe-3cc8abc4e3d4 req-cfd21eb6-7df4-44b1-82fe-3cc8abc4e3d4 ] Request (NetworksTest:tearDownClass): 204 DELETE http://10.180.1.21/identity/v3/projects/88222bd41cee4de28aa05e8061c0fac4 0.247s
2025-03-12 21:28:13.608 68940 INFO tempest.lib.common.rest_client [req-9cf04fef-491c-41b3-b295-358415cd1e4c req-9cf04fef-491c-41b3-b295-358415cd1e4c ] Request (KeyPairsV22TestJSON:setUpClass): 204 PUT http://10.180.1.21/identity/v3/projects/02a9de84d0aa45ad9e8d3f3df0a8612f/users/ef14a9ff73a74008934834fc2fc410c5/roles/1f5bae1c18084a07a5dc880bea902b6e 0.269s
2025-03-12 21:28:13.608 68940 INFO tempest.lib.common.dynamic_creds [-] Dynamic test user ef14a9ff73a74008934834fc2fc410c5 is created with scope project and roles: ['member']
2025-03-12 21:28:13.608 68940 INFO tempest.lib.common.dynamic_creds [-] Acquired dynamic creds: credentials: Credentials: {'domain_id': 'default', 'domain_name': 'Default', 'username': 'tempest-KeyPairsV22TestJSON-712290923-project-member', 'project_domain_id': 'default', 'project_domain_name': 'Default', 'project_id': '02a9de84d0aa45ad9e8d3f3df0a8612f', 'project_name': 'tempest-KeyPairsV22TestJSON-712290923', 'tenant_id': '02a9de84d0aa45ad9e8d3f3df0a8612f', 'tenant_name': 'tempest-KeyPairsV22TestJSON-712290923', 'user_domain_id': 'default', 'user_domain_name': 'Default', 'user_id': 'ef14a9ff73a74008934834fc2fc410c5', 'system': None}, Network: None, Subnet: None, Router: None
2025-03-12 21:28:13.608 68940 INFO tempest.lib.common.dynamic_creds [-] Created isolated network resources for: credentials: Credentials: {'domain_id': 'default', 'domain_name': 'Default', 'username': 'tempest-KeyPairsV22TestJSON-712290923-project-member', 'project_domain_id': 'default', 'project_domain_name': 'Default', 'project_id': '02a9de84d0aa45ad9e8d3f3df0a8612f', 'project_name': 'tempest-KeyPairsV22TestJSON-712290923', 'tenant_id': '02a9de84d0aa45ad9e8d3f3df0a8612f', 'tenant_name': 'tempest-KeyPairsV22TestJSON-712290923', 'user_domain_id': 'default', 'user_domain_name': 'Default', 'user_id': 'ef14a9ff73a74008934834fc2fc410c5', 'system': None}, Network: None, Subnet: None, Router: None
2025-03-12 21:28:13.620 68946 INFO tempest.lib.common.rest_client [req-5978ebc6-a998-4c34-9b2b-e6430731631e req-5978ebc6-a998-4c34-9b2b-e6430731631e ] Request (ExtensionsTest:setUpClass): 204 PUT http://10.180.1.21/identity/v3/projects/ccd740ef982d4b2d9ef1444df4eb0313/users/4cc638e8867e44e9bbef27abe411a97f/roles/1f5bae1c18084a07a5dc880bea902b6e 0.246s
2025-03-12 21:28:13.620 68946 INFO tempest.lib.common.dynamic_creds [-] Dynamic test user 4cc638e8867e44e9bbef27abe411a97f is created with scope project and roles: ['member']
2025-03-12 21:28:13.620 68946 INFO tempest.lib.common.dynamic_creds [-] Acquired dynamic creds: credentials: Credentials: {'domain_id': 'default', 'domain_name': 'Default', 'username': 'tempest-ExtensionsTest-1694241515-project-member', 'project_domain_id': 'default', 'project_domain_name': 'Default', 'project_id': 'ccd740ef982d4b2d9ef1444df4eb0313', 'project_name': 'tempest-ExtensionsTest-1694241515', 'tenant_id': 'ccd740ef982d4b2d9ef1444df4eb0313', 'tenant_name': 'tempest-ExtensionsTest-1694241515', 'user_domain_id': 'default', 'user_domain_name': 'Default', 'user_id': '4cc638e8867e44e9bbef27abe411a97f', 'system': None}, Network: None, Subnet: None, Router: None
2025-03-12 21:28:13.621 68946 INFO tempest.lib.common.dynamic_creds [-] Created isolated network resources for: credentials: Credentials: {'domain_id': 'default', 'domain_name': 'Default', 'username': 'tempest-ExtensionsTest-1694241515-project-member', 'project_domain_id': 'default', 'project_domain_name': 'Default', 'project_id': 'ccd740ef982d4b2d9ef1444df4eb0313', 'project_name': 'tempest-ExtensionsTest-1694241515', 'tenant_id': 'ccd740ef982d4b2d9ef1444df4eb0313', 'tenant_name': 'tempest-ExtensionsTest-1694241515', 'user_domain_id': 'default', 'user_domain_name': 'Default', 'user_id': '4cc638e8867e44e9bbef27abe411a97f', 'system': None}, Network: None, Subnet: None, Router: None
2025-03-12 21:28:13.673 68966 INFO tempest.lib.common.rest_client [req-cbd8b343-108b-404e-bab3-9fa2f451f37f req-cbd8b343-108b-404e-bab3-9fa2f451f37f ] Request (QuotasAdminTestV236:setUpClass): 201 POST http://10.180.1.21/identity/v3/projects 0.184s
2025-03-12 21:28:13.703 68958 INFO tempest.lib.common.rest_client [req-f1bfe8f3-148b-4a00-a92e-c85440e4a1ee req-f1bfe8f3-148b-4a00-a92e-c85440e4a1ee ] Request (HypervisorAdminV253TestBase:tearDownClass): 204 DELETE http://10.180.1.21/identity/v3/projects/0809e74eea164077baf0681e4dff1539 0.173s
2025-03-12 21:28:13.704 68958 INFO tempest.test [-] raised in LiveMigrationTest.setUpClass. Invoking tearDownClass.
2025-03-12 21:28:13.709 68962 INFO tempest.lib.common.rest_client [req-72aff04a-3b6d-4c1f-9bfd-7e09e63a8d80 req-72aff04a-3b6d-4c1f-9bfd-7e09e63a8d80 ] Request (ServerDiagnosticsNegativeTest:test_get_server_diagnostics_by_non_admin): 202 POST http://10.180.1.21/compute/v2.1/servers 2.599s
2025-03-12 21:28:13.735 68932 INFO tempest.lib.common.rest_client [req-aef3b6ff-7f7d-46a2-ab3a-1961b1272097 req-aef3b6ff-7f7d-46a2-ab3a-1961b1272097 ] Request (QuotasAdminTestJSON:setUpClass): 201 POST http://10.180.1.21/identity/v3/auth/tokens 0.166s
2025-03-12 21:28:13.772 68920 INFO tempest.lib.common.rest_client [req-0f6267f6-a7dd-44d1-8b28-a45a09df6b75 req-0f6267f6-a7dd-44d1-8b28-a45a09df6b75 ] Request (ServerDiagnosticsTest:test_get_server_diagnostics): 200 GET http://10.180.1.21/compute/v2.1/servers/849d7e6d-b9a9-4585-8b44-25e4bbe0e30e 2.278s
2025-03-12 21:28:13.777 68940 INFO tempest.lib.common.rest_client [req-4fcaa315-054f-4a69-a439-0ab5f171c2ce req-4fcaa315-054f-4a69-a439-0ab5f171c2ce ] Request (KeyPairsV22TestJSON:setUpClass): 201 POST http://10.180.1.21/identity/v3/auth/tokens 0.166s
2025-03-12 21:28:13.784 68920 INFO tempest.common.waiters [-] State transition "BUILD/None" ==> "BUILD/networking" after 3 second wait
2025-03-12 21:28:13.801 68946 INFO tempest.lib.common.rest_client [req-418ae1ac-1b07-421e-804e-a5e3d93785ca req-418ae1ac-1b07-421e-804e-a5e3d93785ca ] Request (ExtensionsTest:setUpClass): 201 POST http://10.180.1.21/identity/v3/auth/tokens 0.176s
2025-03-12 21:28:13.810 68966 INFO tempest.lib.common.rest_client [req-c7d4bc0a-da10-4904-ad38-a7789fc90a6f req-c7d4bc0a-da10-4904-ad38-a7789fc90a6f ] Request (QuotasAdminTestV236:setUpClass): 201 POST http://10.180.1.21/identity/v3/users 0.135s
2025-03-12 21:28:13.832 68958 INFO tempest.lib.common.rest_client [req-f009f59b-f7bf-4bc7-b334-f1270c6ce6da req-f009f59b-f7bf-4bc7-b334-f1270c6ce6da ] Request (ServerActionsTestJSON:setUpClass): 201 POST http://10.180.1.21/identity/v3/auth/tokens 0.124s
2025-03-12 21:28:13.833 68928 INFO tempest.lib.common.rest_client [req-aab90792-2d99-4c42-87db-9f35740dc523 req-aab90792-2d99-4c42-87db-9f35740dc523 ] Request (ServersAdminNegativeTestJSON:setUpClass): 200 GET http://10.180.1.21/compute/v2.1/servers/a7f9464a-1ce9-41c1-acd0-085769f87f3b 2.226s
2025-03-12 21:28:13.836 68932 INFO tempest.lib.common.rest_client [req-c69c4819-4bb6-48f9-90d6-d31fb435230c req-c69c4819-4bb6-48f9-90d6-d31fb435230c ] Request (QuotasAdminTestJSON:setUpClass): 201 POST http://10.180.1.21/identity/v3/auth/tokens 0.096s
2025-03-12 21:28:13.849 68966 INFO tempest.lib.common.rest_client [req-b9919821-9b46-4b1b-889d-7805c8479166 req-b9919821-9b46-4b1b-889d-7805c8479166 ] Request (QuotasAdminTestV236:setUpClass): 200 GET http://10.180.1.21/identity/v3/roles 0.039s
2025-03-12 21:28:13.856 68916 INFO tempest.lib.common.rest_client [req-5db2c4b7-4bd3-4f8a-aecd-97c41fe11006 req-5db2c4b7-4bd3-4f8a-aecd-97c41fe11006 ] Request (FlavorsExtraSpecsNegativeTestJSON:test_flavor_non_admin_unset_keys): 200 POST http://10.180.1.21/compute/v2.1/flavors/670788083/os-extra_specs 2.246s
2025-03-12 21:28:13.861 68932 INFO tempest.lib.common.rest_client [req-dd5e3a71-bbe6-4a42-887a-b7426cfd03c5 req-dd5e3a71-bbe6-4a42-887a-b7426cfd03c5 ] Request (QuotasAdminTestJSON:setUpClass): 200 GET http://10.180.1.21/identity/v3/domains?name=Default 0.023s
2025-03-12 21:28:13.877 68943 INFO tempest.lib.common.rest_client [req-5c9e38af-3bd0-48cb-9ce7-930d710e8801 req-5c9e38af-3bd0-48cb-9ce7-930d710e8801 ] Request (HypervisorAdminUnderV252Test:test_search_hypervisor): 200 GET http://10.180.1.21/compute/v2.1/os-hypervisors/domain-c8.fc996f14-c53b-4953-92e3-bdfa48f5cc28/search 2.213s
2025-03-12 21:28:13.879 68958 INFO tempest.lib.common.rest_client [req-30059ce8-7fef-4071-90cd-778a2d8c27c5 req-30059ce8-7fef-4071-90cd-778a2d8c27c5 ] Request (ServerActionsTestJSON:setUpClass): 201 POST http://10.180.1.21/identity/v3/auth/tokens 0.042s
2025-03-12 21:28:13.887 68966 INFO tempest.lib.common.rest_client [req-8371145e-2052-41b2-a14d-df684fdc7877 req-8371145e-2052-41b2-a14d-df684fdc7877 ] Request (QuotasAdminTestV236:setUpClass): 204 PUT http://10.180.1.21/identity/v3/projects/9502a7fa8b704d4b81cf6a4d24d9cdb3/users/84d430da656d49c0b28ec027394ce250/roles/1f5bae1c18084a07a5dc880bea902b6e 0.037s
2025-03-12 21:28:13.887 68966 INFO tempest.lib.common.dynamic_creds [-] Dynamic test user 84d430da656d49c0b28ec027394ce250 is created with scope project and roles: ['member']
2025-03-12 21:28:13.887 68966 INFO tempest.lib.common.dynamic_creds [-] Acquired dynamic creds: credentials: Credentials: {'domain_id': 'default', 'domain_name': 'Default', 'username': 'tempest-QuotasAdminTestV236-1358832253-project-member', 'project_domain_id': 'default', 'project_domain_name': 'Default', 'project_id': '9502a7fa8b704d4b81cf6a4d24d9cdb3', 'project_name': 'tempest-QuotasAdminTestV236-1358832253', 'tenant_id': '9502a7fa8b704d4b81cf6a4d24d9cdb3', 'tenant_name': 'tempest-QuotasAdminTestV236-1358832253', 'user_domain_id': 'default', 'user_domain_name': 'Default', 'user_id': '84d430da656d49c0b28ec027394ce250', 'system': None}, Network: None, Subnet: None, Router: None
2025-03-12 21:28:13.887 68966 INFO tempest.lib.common.dynamic_creds [-] Created isolated network resources for: credentials: Credentials: {'domain_id': 'default', 'domain_name': 'Default', 'username': 'tempest-QuotasAdminTestV236-1358832253-project-member', 'project_domain_id': 'default', 'project_domain_name': 'Default', 'project_id': '9502a7fa8b704d4b81cf6a4d24d9cdb3', 'project_name': 'tempest-QuotasAdminTestV236-1358832253', 'tenant_id': '9502a7fa8b704d4b81cf6a4d24d9cdb3', 'tenant_name': 'tempest-QuotasAdminTestV236-1358832253', 'user_domain_id': 'default', 'user_domain_name': 'Default', 'user_id': '84d430da656d49c0b28ec027394ce250', 'system': None}, Network: None, Subnet: None, Router: None
2025-03-12 21:28:13.925 68932 INFO tempest.lib.common.rest_client [req-3ec4b884-f869-4800-8da3-0ba3682ee187 req-3ec4b884-f869-4800-8da3-0ba3682ee187 ] Request (QuotasAdminTestJSON:setUpClass): 201 POST http://10.180.1.21/identity/v3/projects 0.063s
2025-03-12 21:28:13.975 68958 INFO tempest.lib.common.rest_client [req-b8b09389-4e75-443b-9d33-35fb29068fc7 req-b8b09389-4e75-443b-9d33-35fb29068fc7 ] Request (ServerActionsTestJSON:setUpClass): 200 GET http://10.180.1.21/identity/v3/domains?name=Default 0.095s
2025-03-12 21:28:14.024 68943 INFO tempest.lib.common.rest_client [req-51fabb0a-441c-4d62-8fa4-1b871cab4662 req-51fabb0a-441c-4d62-8fa4-1b871cab4662 ] Request (HypervisorAdminUnderV252Test:tearDownClass): 204 DELETE http://10.180.1.21/identity/v3/users/31434df327d74d57a5756ce1fce886b3 0.140s
2025-03-12 21:28:14.035 68966 INFO tempest.lib.common.rest_client [req-2d467019-1388-4ab5-a6fd-0a95d993f32e req-2d467019-1388-4ab5-a6fd-0a95d993f32e ] Request (QuotasAdminTestV236:setUpClass): 201 POST http://10.180.1.21/identity/v3/auth/tokens 0.143s
2025-03-12 21:28:14.094 68958 INFO tempest.lib.common.rest_client [req-e03a6bcb-8386-4447-a1da-7a45e9537821 req-e03a6bcb-8386-4447-a1da-7a45e9537821 ] Request (ServerActionsTestJSON:setUpClass): 201 POST http://10.180.1.21/identity/v3/projects 0.118s
2025-03-12 21:28:14.096 68932 INFO tempest.lib.common.rest_client [req-9e4d2e6a-94ca-4d6f-9f02-c05af4572355 req-9e4d2e6a-94ca-4d6f-9f02-c05af4572355 ] Request (QuotasAdminTestJSON:setUpClass): 201 POST http://10.180.1.21/identity/v3/users 0.171s
2025-03-12 21:28:14.158 68966 INFO tempest.lib.common.rest_client [req-b81b0eab-0c21-4498-8cbe-7ed36710e602 req-b81b0eab-0c21-4498-8cbe-7ed36710e602 ] Request (QuotasAdminTestV236:setUpClass): 201 POST http://10.180.1.21/identity/v3/projects 0.120s
2025-03-12 21:28:14.168 68926 INFO tempest.lib.common.rest_client [req-b8107b29-4e14-4c2d-9c21-aca712790b1e req-b8107b29-4e14-4c2d-9c21-aca712790b1e ] Request (ListServerFiltersTestJSON:setUpClass): 202 POST http://10.180.1.21/compute/v2.1/servers 2.381s
2025-03-12 21:28:14.186 68943 INFO tempest.lib.common.rest_client [req-f1c78cd8-3ea9-4cc3-adcf-542a3a9ee5c3 req-f1c78cd8-3ea9-4cc3-adcf-542a3a9ee5c3 ] Request (HypervisorAdminUnderV252Test:tearDownClass): 204 DELETE http://10.180.1.21/identity/v3/users/55efdd22ec2044a9b82acef29296e9d6 0.161s
2025-03-12 21:28:14.186 68943 INFO tempest.lib.common.dynamic_creds [-] Deleting project and security group for project: 5ebb41263c4043b7a604649f98ef4fc6
2025-03-12 21:28:14.197 68954 INFO tempest.lib.common.rest_client [req-ded82c96-4842-4e3e-b020-fdb449002862 req-ded82c96-4842-4e3e-b020-fdb449002862 ] Request (FlavorsV255TestJSON:test_crud_flavor): 200 GET http://10.180.1.21/compute/v2.1/flavors/detail 2.361s
2025-03-12 21:28:14.235 68932 INFO tempest.lib.common.rest_client [req-73ef8461-397e-4160-ae39-42cddc9e5366 req-73ef8461-397e-4160-ae39-42cddc9e5366 ] Request (QuotasAdminTestJSON:setUpClass): 200 GET http://10.180.1.21/identity/v3/roles 0.138s
2025-03-12 21:28:14.245 68958 INFO tempest.lib.common.rest_client [req-d37627f8-7d98-47ed-843a-78b3135cd3e2 req-d37627f8-7d98-47ed-843a-78b3135cd3e2 ] Request (ServerActionsTestJSON:setUpClass): 201 POST http://10.180.1.21/identity/v3/users 0.151s
2025-03-12 21:28:14.262 68966 INFO tempest.lib.common.rest_client [req-3c946f13-62a4-47ee-ba25-4a5a489ae109 req-3c946f13-62a4-47ee-ba25-4a5a489ae109 ] Request (QuotasAdminTestV236:setUpClass): 201 POST http://10.180.1.21/identity/v3/users 0.103s
2025-03-12 21:28:14.285 68943 INFO tempest.lib.common.rest_client [req-f53ad29d-f041-4240-8e6d-6238094c7180 req-f53ad29d-f041-4240-8e6d-6238094c7180 ] Request (HypervisorAdminUnderV252Test:tearDownClass): 201 POST http://10.180.1.21/identity/v3/auth/tokens 0.098s
2025-03-12 21:28:14.302 68926 INFO tempest.lib.common.rest_client [req-46c9a376-3f21-4e5e-9da2-956c4a7a164d req-46c9a376-3f21-4e5e-9da2-956c4a7a164d ] Request (ListServerFiltersTestJSON:setUpClass): 201 POST http://10.180.1.21/identity/v3/auth/tokens 0.130s
2025-03-12 21:28:14.302 68926 INFO tempest.lib.common.fixed_network [-] (ListServerFiltersTestJSON:setUpClass) Found network {'id': 'bec1b2f7-2e16-4827-a7a3-1a9d84e32f7a', 'name': 'tempest-ListServerFiltersTestJSON-1161538165-network', 'tenant_id': '3c4bba0e95044befa03921b601d1f2bd', 'admin_state_up': True, 'mtu': 8950, 'status': 'ACTIVE', 'subnets': [], 'shared': False, 'project_id': '3c4bba0e95044befa03921b601d1f2bd', 'port_security_enabled': True, 'router:external': False, 'provider:network_type': 'vlan', 'provider:physical_network': 'default', 'provider:segmentation_id': 514, 'availability_zone_hints': [], 'availability_zones': [], 'ipv4_address_scope': None, 'ipv6_address_scope': None, 'description': '', 'tags': [], 'created_at': '2025-03-12T21:28:06Z', 'updated_at': '2025-03-12T21:28:06Z', 'revision_number': 1} available for tenant
2025-03-12 21:28:14.338 68932 INFO tempest.lib.common.rest_client [req-e5aa6c3d-e4f6-4d7a-88d4-abf5edd1dea1 req-e5aa6c3d-e4f6-4d7a-88d4-abf5edd1dea1 ] Request (QuotasAdminTestJSON:setUpClass): 204 PUT http://10.180.1.21/identity/v3/projects/4f69165921c14612993e42ee9615df61/users/cb91c17f5718406e884cf353a18dc323/roles/1f5bae1c18084a07a5dc880bea902b6e 0.103s
2025-03-12 21:28:14.338 68932 INFO tempest.lib.common.dynamic_creds [-] Dynamic test user cb91c17f5718406e884cf353a18dc323 is created with scope project and roles: ['member']
2025-03-12 21:28:14.339 68932 INFO tempest.lib.common.dynamic_creds [-] Acquired dynamic creds: credentials: Credentials: {'domain_id': 'default', 'domain_name': 'Default', 'username': 'tempest-QuotasAdminTestJSON-1233741556-project-member', 'project_domain_id': 'default', 'project_domain_name': 'Default', 'project_id': '4f69165921c14612993e42ee9615df61', 'project_name': 'tempest-QuotasAdminTestJSON-1233741556', 'tenant_id': '4f69165921c14612993e42ee9615df61', 'tenant_name': 'tempest-QuotasAdminTestJSON-1233741556', 'user_domain_id': 'default', 'user_domain_name': 'Default', 'user_id': 'cb91c17f5718406e884cf353a18dc323', 'system': None}, Network: None, Subnet: None, Router: None
2025-03-12 21:28:14.339 68932 INFO tempest.lib.common.dynamic_creds [-] Created isolated network resources for: credentials: Credentials: {'domain_id': 'default', 'domain_name': 'Default', 'username': 'tempest-QuotasAdminTestJSON-1233741556-project-member', 'project_domain_id': 'default', 'project_domain_name': 'Default', 'project_id': '4f69165921c14612993e42ee9615df61', 'project_name': 'tempest-QuotasAdminTestJSON-1233741556', 'tenant_id': '4f69165921c14612993e42ee9615df61', 'tenant_name': 'tempest-QuotasAdminTestJSON-1233741556', 'user_domain_id': 'default', 'user_domain_name': 'Default', 'user_id': 'cb91c17f5718406e884cf353a18dc323', 'system': None}, Network: None, Subnet: None, Router: None
2025-03-12 21:28:14.380 68948 INFO tempest.lib.common.rest_client [req-d4f4f6f5-b0d1-4e7b-a8bb-9563af75787e req-d4f4f6f5-b0d1-4e7b-a8bb-9563af75787e ] Request (ServersTestJSON:setUpClass): 202 POST http://10.180.1.21/compute/v2.1/servers 2.947s
2025-03-12 21:28:14.386 68936 INFO tempest.lib.common.rest_client [req-8cca8474-0f10-4995-8b7f-580d034fb49d req-8cca8474-0f10-4995-8b7f-580d034fb49d ] Request (QuotaClassesAdminTestJSON:test_update_default_quotas): 200 GET http://10.180.1.21/compute/v2.1/os-quota-class-sets/default 2.496s
2025-03-12 21:28:14.403 68958 INFO tempest.lib.common.rest_client [req-87725bb9-7bc2-4935-82bc-de5f3345cf0a req-87725bb9-7bc2-4935-82bc-de5f3345cf0a ] Request (ServerActionsTestJSON:setUpClass): 200 GET http://10.180.1.21/identity/v3/roles 0.158s
2025-03-12 21:28:14.416 68952 INFO tempest.lib.common.rest_client [req-58f7c61a-cf6f-41a1-870d-0ef6fab0bf99 req-58f7c61a-cf6f-41a1-870d-0ef6fab0bf99 ] Request (ImagesMetadataNegativeTestJSON:test_update_nonexistent_image_metadata): 404 POST http://10.180.1.21/compute/v2.1/images/ec5e3616-5197-4c19-8665-e142f8318a98/metadata 2.420s
2025-03-12 21:28:14.424 68966 INFO tempest.lib.common.rest_client [req-1b626f94-08a0-42e2-9d6e-6300822e671f req-1b626f94-08a0-42e2-9d6e-6300822e671f ] Request (QuotasAdminTestV236:setUpClass): 200 GET http://10.180.1.21/identity/v3/roles 0.162s
2025-03-12 21:28:14.449 68960 INFO tempest.lib.common.rest_client [req-7cf7701e-6cea-4793-ad7d-f256bc6eeed9 req-7cf7701e-6cea-4793-ad7d-f256bc6eeed9 ] Request (SecurityGroupRulesNegativeTestJSON:test_create_security_group_rule_duplicate): 400 POST http://10.180.1.21/compute/v2.1/os-security-group-rules 2.539s
2025-03-12 21:28:14.511 68958 INFO tempest.lib.common.rest_client [req-c93596b7-02ce-4802-ab81-2e5ebc227c47 req-c93596b7-02ce-4802-ab81-2e5ebc227c47 ] Request (ServerActionsTestJSON:setUpClass): 204 PUT http://10.180.1.21/identity/v3/projects/5f8ba2e078dc45a5b9a0b5e0a9e77daa/users/aca14cd7e255492bbf8a72ee654585a4/roles/1f5bae1c18084a07a5dc880bea902b6e 0.107s
2025-03-12 21:28:14.512 68958 INFO tempest.lib.common.dynamic_creds [-] Dynamic test user aca14cd7e255492bbf8a72ee654585a4 is created with scope project and roles: ['member']
2025-03-12 21:28:14.513 68958 INFO tempest.lib.common.dynamic_creds [-] Acquired dynamic creds: credentials: Credentials: {'domain_id': 'default', 'domain_name': 'Default', 'username': 'tempest-ServerActionsTestJSON-2128474641-project-member', 'project_domain_id': 'default', 'project_domain_name': 'Default', 'project_id': '5f8ba2e078dc45a5b9a0b5e0a9e77daa', 'project_name': 'tempest-ServerActionsTestJSON-2128474641', 'tenant_id': '5f8ba2e078dc45a5b9a0b5e0a9e77daa', 'tenant_name': 'tempest-ServerActionsTestJSON-2128474641', 'user_domain_id': 'default', 'user_domain_name': 'Default', 'user_id': 'aca14cd7e255492bbf8a72ee654585a4', 'system': None}, Network: None, Subnet: None, Router: None
2025-03-12 21:28:14.517 68932 INFO tempest.lib.common.rest_client [req-ce7a6a71-3601-4bfa-b5b7-fba7261a220c req-ce7a6a71-3601-4bfa-b5b7-fba7261a220c ] Request (QuotasAdminTestJSON:setUpClass): 201 POST http://10.180.1.21/identity/v3/auth/tokens 0.174s
2025-03-12 21:28:14.599 68943 INFO tempest.lib.common.rest_client [req-e81b3d2e-16e9-425c-be98-2ef278baf4c1 req-e81b3d2e-16e9-425c-be98-2ef278baf4c1 ] Request (HypervisorAdminUnderV252Test:tearDownClass): 200 GET http://10.180.1.21:9696/networking/v2.0/security-groups?tenant_id=5ebb41263c4043b7a604649f98ef4fc6&name=default 0.314s
2025-03-12 21:28:14.617 68952 INFO tempest.lib.common.rest_client [req-dac579b4-3382-4b4d-ad1f-74bb186a3f68 req-dac579b4-3382-4b4d-ad1f-74bb186a3f68 ] Request (ImagesMetadataNegativeTestJSON:tearDownClass): 204 DELETE http://10.180.1.21/identity/v3/users/d80707c1a7eb49638caef7ff400463ae 0.200s
2025-03-12 21:28:14.617 68952 INFO tempest.lib.common.dynamic_creds [-] Deleting project and security group for project: d1a4ab5055634d70ace0f0e44af7a427
2025-03-12 21:28:14.641 68956 INFO tempest.lib.common.rest_client [req-539b0ce6-0773-4349-9069-7d65e571fcc1 req-539b0ce6-0773-4349-9069-7d65e571fcc1 ] Request (ServersWithSpecificFlavorTestJSON:test_verify_created_server_ephemeral_disk): 200 GET http://10.180.1.21/compute/v2.1/flavors/42 2.293s
2025-03-12 21:28:14.652 68973 INFO tempest.lib.common.rest_client [req-39b8d4da-09e6-4801-b6ad-5fd63e406a1f req-39b8d4da-09e6-4801-b6ad-5fd63e406a1f ] Request (HypervisorAdminNegativeUnderV252Test:test_show_servers_with_nonexistent_hypervisor): 404 GET http://10.180.1.21/compute/v2.1/os-hypervisors/53ee84ec-bc83-40ad-abe1-fd2b90a4a619/servers 2.061s
2025-03-12 21:28:14.671 68958 INFO tempest.lib.common.rest_client [req-8e6929e1-0c5c-46a9-af89-289e7717cdb8 req-8e6929e1-0c5c-46a9-af89-289e7717cdb8 ] Request (ServerActionsTestJSON:setUpClass): 201 POST http://10.180.1.21/identity/v3/auth/tokens 0.158s
2025-03-12 21:28:14.682 68966 INFO tempest.lib.common.rest_client [req-b4a6b2b3-7d1a-4601-bde0-1be8332899f1 req-b4a6b2b3-7d1a-4601-bde0-1be8332899f1 ] Request (QuotasAdminTestV236:setUpClass): 204 PUT http://10.180.1.21/identity/v3/projects/01bb996b1e8e431f9b5dbcfe906e3960/users/1008cc5dde52428aad74a24a09b07ae4/roles/8f239b972dc64a83ae505e18036b2398 0.257s
2025-03-12 21:28:14.689 68943 INFO tempest.lib.common.rest_client [req-d879b77c-32aa-4f2a-890f-232828365570 req-d879b77c-32aa-4f2a-890f-232828365570 ] Request (HypervisorAdminUnderV252Test:tearDownClass): 204 DELETE http://10.180.1.21:9696/networking/v2.0/security-groups/66ea352c-380b-4e39-ad4f-e06b2c6f983b 0.089s
2025-03-12 21:28:14.709 68974 INFO tempest.lib.common.rest_client [req-7bd2f612-b465-4b54-b33a-3bcd8960ba14 req-7bd2f612-b465-4b54-b33a-3bcd8960ba14 ] Request (AggregatesAdminNegativeTestJSON:test_aggregate_add_existent_host): 409 POST http://10.180.1.21/compute/v2.1/os-aggregates/1/action 1.938s
2025-03-12 21:28:14.726 68932 INFO tempest.lib.common.rest_client [req-705ce05b-4670-46c5-b9cf-2f480531d1ff req-705ce05b-4670-46c5-b9cf-2f480531d1ff ] Request (QuotasAdminTestJSON:setUpClass): 201 POST http://10.180.1.21/identity/v3/projects 0.209s
2025-03-12 21:28:14.734 68922 INFO tempest.lib.common.rest_client [req-b717d71f-3c72-4d0d-bbba-b509373174f7 req-b717d71f-3c72-4d0d-bbba-b509373174f7 ] Request (FlavorsAdminTestJSON:test_create_flavor_verify_entry_in_list_details): 200 GET http://10.180.1.21/compute/v2.1/flavors/detail 1.927s
2025-03-12 21:28:14.738 68952 INFO tempest.lib.common.rest_client [req-41e40276-2fea-4929-a532-b477488eadbd req-41e40276-2fea-4929-a532-b477488eadbd ] Request (ImagesMetadataNegativeTestJSON:tearDownClass): 201 POST http://10.180.1.21/identity/v3/auth/tokens 0.120s
2025-03-12 21:28:14.750 68944 INFO tempest.lib.common.rest_client [req-48ba40be-bf12-41d2-835d-ea4d3340d8a1 req-48ba40be-bf12-41d2-835d-ea4d3340d8a1 ] Request (KeyPairsV210TestJSON:_run_cleanups): 204 DELETE http://10.180.1.21/compute/v2.1/os-keypairs/tempest-KeyPairsV210TestJSON-keypair-787249895 1.920s
2025-03-12 21:28:14.755 68976 INFO tempest.lib.common.rest_client [req-2d5944de-c2a8-4bf7-a0f2-abc3f2ee8665 req-2d5944de-c2a8-4bf7-a0f2-abc3f2ee8665 ] Request (HostsAdminNegativeTestJSON:test_show_host_detail_with_non_admin_user): 403 GET http://10.180.1.21/compute/v2.1/os-hosts/devstack 1.898s
2025-03-12 21:28:14.819 68973 INFO tempest.lib.common.rest_client [req-2ba17809-8373-4c10-a026-013b913b9f9b req-2ba17809-8373-4c10-a026-013b913b9f9b ] Request (HypervisorAdminNegativeUnderV252Test:tearDownClass): 204 DELETE http://10.180.1.21/identity/v3/users/f5bb71d7898641269d9609e81eb75e29 0.165s
2025-03-12 21:28:14.895 68924 INFO tempest.lib.common.rest_client [req-576a22fe-eb30-46dd-8b95-32452ba27bea req-576a22fe-eb30-46dd-8b95-32452ba27bea ] Request (QuotasAdminNegativeTest:test_create_server_when_instances_quota_is_full): 200 PUT http://10.180.1.21/compute/v2.1/os-quota-sets/06bbd865cc98429a86574f44f7697cd6 2.312s
2025-03-12 21:28:14.920 68950 INFO tempest.lib.common.rest_client [req-ea284b4e-41b5-49d5-a4e2-7433017d52c9 req-ea284b4e-41b5-49d5-a4e2-7433017d52c9 ] Request (VolumesAssistedSnapshotsTest:setUpClass): 200 PUT http://10.180.1.21:9696/networking/v2.0/routers/7830dba9-2ac7-4dec-93ea-80c2cde9cc5f/add_router_interface 1.638s
2025-03-12 21:28:14.921 68950 INFO tempest.lib.common.dynamic_creds [-] Created isolated network resources for: credentials: Credentials: {'domain_id': 'default', 'domain_name': 'Default', 'username': 'tempest-VolumesAssistedSnapshotsTest-2073078230-project', 'project_domain_id': 'default', 'project_domain_name': 'Default', 'project_id': '652600a328e0476084f4ffea5cb1debc', 'project_name': 'tempest-VolumesAssistedSnapshotsTest-2073078230', 'tenant_id': '652600a328e0476084f4ffea5cb1debc', 'tenant_name': 'tempest-VolumesAssistedSnapshotsTest-2073078230', 'user_domain_id': 'default', 'user_domain_name': 'Default', 'user_id': '8864b3afa2e443878cffc1394cbfdab2', 'system': None}, Network: {'id': '0ea9b50a-f529-40ee-96f1-364067d7eb35', 'name': 'tempest-VolumesAssistedSnapshotsTest-925578347-network', 'tenant_id': '652600a328e0476084f4ffea5cb1debc', 'admin_state_up': True, 'mtu': 8950, 'status': 'ACTIVE', 'subnets': [], 'shared': False, 'project_id': '652600a328e0476084f4ffea5cb1debc', 'port_security_enabled': True, 'router:external': False, 'provider:network_type': 'vlan', 'provider:physical_network': 'default', 'provider:segmentation_id': 481, 'availability_zone_hints': [], 'availability_zones': [], 'ipv4_address_scope': None, 'ipv6_address_scope': None, 'description': '', 'tags': [], 'created_at': '2025-03-12T21:28:11Z', 'updated_at': '2025-03-12T21:28:11Z', 'revision_number': 1}, Subnet: {'id': '2df6e730-f2f0-4bc9-9021-5e79f7651b9c', 'name': 'tempest-VolumesAssistedSnapshotsTest-925578347-subnet', 'tenant_id': '652600a328e0476084f4ffea5cb1debc', 'network_id': '0ea9b50a-f529-40ee-96f1-364067d7eb35', 'ip_version': 4, 'subnetpool_id': None, 'enable_dhcp': True, 'ipv6_ra_mode': None, 'ipv6_address_mode': None, 'gateway_ip': '192.168.128.1', 'cidr': '192.168.128.0/28', 'allocation_pools': [{'start': '192.168.128.2', 'end': '192.168.128.14'}], 'host_routes': [], 'dns_nameservers': [], 'description': '', 'router:external': False, 'service_types': [], 'tags': [], 'created_at': '2025-03-12T21:28:12Z', 'updated_at': '2025-03-12T21:28:12Z', 'revision_number': 0, 'project_id': '652600a328e0476084f4ffea5cb1debc'}, Router: {'id': '7830dba9-2ac7-4dec-93ea-80c2cde9cc5f', 'name': 'tempest-VolumesAssistedSnapshotsTest-925578347-router', 'tenant_id': '652600a328e0476084f4ffea5cb1debc', 'admin_state_up': True, 'status': 'ACTIVE', 'external_gateway_info': {'network_id': 'cb2688db-b9b2-479d-bab2-b69ff33d450a', 'external_fixed_ips': [{'subnet_id': '403ff567-e20c-4b3f-a496-b0551dc05ee6', 'ip_address': '10.180.180.182'}], 'enable_snat': True}, 'description': '', 'availability_zones': [], 'distributed': False, 'ha': False, 'availability_zone_hints': [], 'routes': [], 'flavor_id': None, 'tags': [], 'created_at': '2025-03-12T21:28:12Z', 'updated_at': '2025-03-12T21:28:12Z', 'revision_number': 2, 'project_id': '652600a328e0476084f4ffea5cb1debc'}
2025-03-12 21:28:14.929 68966 INFO tempest.lib.common.rest_client [req-b4372ed3-a67f-4074-8cec-0b89b37dab8d req-b4372ed3-a67f-4074-8cec-0b89b37dab8d ] Request (QuotasAdminTestV236:setUpClass): 200 GET http://10.180.1.21/identity/v3/roles 0.246s
2025-03-12 21:28:14.953 68978 INFO tempest.lib.common.rest_client [req-06c3633c-1c10-46e1-b8e9-c5ed1a098128 req-06c3633c-1c10-46e1-b8e9-c5ed1a098128 ] Request (MigrationsAdminTest:test_list_migrations_in_flavor_resize_situation): 200 GET http://10.180.1.21/compute/v2.1/servers/d1f4a410-8029-42d8-9458-2979d5b18985 2.032s
2025-03-12 21:28:14.964 68932 INFO tempest.lib.common.rest_client [req-e1ee7526-8557-462d-b7c9-e65b4266a801 req-e1ee7526-8557-462d-b7c9-e65b4266a801 ] Request (QuotasAdminTestJSON:setUpClass): 201 POST http://10.180.1.21/identity/v3/users 0.236s
2025-03-12 21:28:15.009 68943 INFO tempest.lib.common.rest_client [req-7e8a3163-669b-4a5c-9b27-5c0c8bb2f87b req-7e8a3163-669b-4a5c-9b27-5c0c8bb2f87b ] Request (HypervisorAdminUnderV252Test:tearDownClass): 204 DELETE http://10.180.1.21/identity/v3/projects/5ebb41263c4043b7a604649f98ef4fc6 0.319s
2025-03-12 21:28:15.009 68943 INFO tempest.lib.common.dynamic_creds [-] Deleting project and security group for project: 289fdd76b6df409e9691020d6a8104ea
2025-03-12 21:28:15.020 68970 INFO tempest.lib.common.rest_client [req-e91feb9c-1f4c-4151-8eb9-102635dd0a1f req-e91feb9c-1f4c-4151-8eb9-102635dd0a1f ] Request (FloatingIPsAssociationNegativeTestJSON:setUpClass): 200 GET http://10.180.1.21/compute/v2.1/servers/33469372-8efa-466c-acb8-91bf53a5be4b 2.035s
2025-03-12 21:28:15.064 68930 INFO tempest.lib.common.rest_client [req-30553f5d-8264-4647-9391-3f01645d3583 req-30553f5d-8264-4647-9391-3f01645d3583 ] Request (FlavorsAccessTestJSON:test_flavor_access_add_remove): 200 GET http://10.180.1.21/compute/v2.1/flavors/detail 1.853s
2025-03-12 21:28:15.081 68924 INFO tempest.lib.common.rest_client [req-4b739f4c-0ec0-49e3-9660-9d086abe0310 req-4b739f4c-0ec0-49e3-9660-9d086abe0310 ] Request (QuotasAdminNegativeTest:test_create_server_when_instances_quota_is_full): 201 POST http://10.180.1.21/identity/v3/auth/tokens 0.179s
2025-03-12 21:28:15.082 68924 INFO tempest.lib.common.fixed_network [-] (QuotasAdminNegativeTest:test_create_server_when_instances_quota_is_full) Found network None available for tenant
2025-03-12 21:28:15.136 68973 INFO tempest.lib.common.rest_client [req-80ac0fca-d186-4c39-a45a-0aa6a0d3da9a req-80ac0fca-d186-4c39-a45a-0aa6a0d3da9a ] Request (HypervisorAdminNegativeUnderV252Test:tearDownClass): 204 DELETE http://10.180.1.21/identity/v3/users/1fe1eb894e87491ca6ff0e17bfe7f5c7 0.316s
2025-03-12 21:28:15.136 68973 INFO tempest.lib.common.dynamic_creds [-] Deleting project and security group for project: 81dd6e9698ff4949abf07166fc3b671d
2025-03-12 21:28:15.166 68950 INFO tempest.lib.common.rest_client [req-398ddc1c-b376-4951-b3e5-002240bf8ae6 req-398ddc1c-b376-4951-b3e5-002240bf8ae6 ] Request (VolumesAssistedSnapshotsTest:setUpClass): 201 POST http://10.180.1.21/identity/v3/auth/tokens 0.241s
2025-03-12 21:28:15.198 68966 INFO tempest.lib.common.rest_client [req-af88fc85-eac9-4bd9-8409-d5cad73dfdfb req-af88fc85-eac9-4bd9-8409-d5cad73dfdfb ] Request (QuotasAdminTestV236:setUpClass): 204 PUT http://10.180.1.21/identity/v3/projects/01bb996b1e8e431f9b5dbcfe906e3960/users/1008cc5dde52428aad74a24a09b07ae4/roles/8f239b972dc64a83ae505e18036b2398 0.267s
2025-03-12 21:28:15.198 68966 INFO tempest.lib.common.dynamic_creds [-] Dynamic test user 1008cc5dde52428aad74a24a09b07ae4 is created with scope project and roles: ['admin']
2025-03-12 21:28:15.198 68966 INFO tempest.lib.common.dynamic_creds [-] Acquired dynamic creds: credentials: Credentials: {'domain_id': 'default', 'domain_name': 'Default', 'username': 'tempest-QuotasAdminTestV236-1301931381-project-admin', 'project_domain_id': 'default', 'project_domain_name': 'Default', 'project_id': '01bb996b1e8e431f9b5dbcfe906e3960', 'project_name': 'tempest-QuotasAdminTestV236-1301931381', 'tenant_id': '01bb996b1e8e431f9b5dbcfe906e3960', 'tenant_name': 'tempest-QuotasAdminTestV236-1301931381', 'user_domain_id': 'default', 'user_domain_name': 'Default', 'user_id': '1008cc5dde52428aad74a24a09b07ae4', 'system': None}, Network: None, Subnet: None, Router: None
2025-03-12 21:28:15.198 68966 INFO tempest.lib.common.dynamic_creds [-] Created isolated network resources for: credentials: Credentials: {'domain_id': 'default', 'domain_name': 'Default', 'username': 'tempest-QuotasAdminTestV236-1301931381-project-admin', 'project_domain_id': 'default', 'project_domain_name': 'Default', 'project_id': '01bb996b1e8e431f9b5dbcfe906e3960', 'project_name': 'tempest-QuotasAdminTestV236-1301931381', 'tenant_id': '01bb996b1e8e431f9b5dbcfe906e3960', 'tenant_name': 'tempest-QuotasAdminTestV236-1301931381', 'user_domain_id': 'default', 'user_domain_name': 'Default', 'user_id': '1008cc5dde52428aad74a24a09b07ae4', 'system': None}, Network: None, Subnet: None, Router: None
2025-03-12 21:28:15.221 68952 INFO tempest.lib.common.rest_client [req-18832a71-dfcc-45e4-8e05-fffafe1dca5d req-18832a71-dfcc-45e4-8e05-fffafe1dca5d ] Request (ImagesMetadataNegativeTestJSON:tearDownClass): 200 GET http://10.180.1.21:9696/networking/v2.0/security-groups?tenant_id=d1a4ab5055634d70ace0f0e44af7a427&name=default 0.483s
2025-03-12 21:28:15.245 68932 INFO tempest.lib.common.rest_client [req-09a455fb-a14e-45f1-9cae-720c9fe88cfd req-09a455fb-a14e-45f1-9cae-720c9fe88cfd ] Request (QuotasAdminTestJSON:setUpClass): 200 GET http://10.180.1.21/identity/v3/roles 0.281s
2025-03-12 21:28:15.270 68943 INFO tempest.lib.common.rest_client [req-28d01a12-eb54-4a10-a0ba-21d0a50ee714 req-28d01a12-eb54-4a10-a0ba-21d0a50ee714 ] Request (HypervisorAdminUnderV252Test:tearDownClass): 200 GET http://10.180.1.21:9696/networking/v2.0/security-groups?tenant_id=289fdd76b6df409e9691020d6a8104ea&name=default 0.260s
2025-03-12 21:28:15.301 68934 INFO tempest.lib.common.rest_client [req-e69419e2-9eea-41c6-b531-13f6e8c6c1b2 req-e69419e2-9eea-41c6-b531-13f6e8c6c1b2 ] Request (FlavorsAccessNegativeTestJSON:_run_cleanups): 200 POST http://10.180.1.21/compute/v2.1/flavors/335282912/action 2.420s
2025-03-12 21:28:15.309 68968 INFO tempest.lib.common.rest_client [req-b6398a0b-4a39-4fc2-a28c-8831ffd83b82 req-b6398a0b-4a39-4fc2-a28c-8831ffd83b82 ] Request (HypervisorAdminNegativeTestJSON:test_get_hypervisor_uptime_with_non_admin_user): 403 GET http://10.180.1.21/compute/v2.1/os-hypervisors/1/uptime 1.812s
2025-03-12 21:28:15.316 68973 INFO tempest.lib.common.rest_client [req-9601406a-bd42-47f6-a155-3040b8a26c58 req-9601406a-bd42-47f6-a155-3040b8a26c58 ] Request (HypervisorAdminNegativeUnderV252Test:tearDownClass): 201 POST http://10.180.1.21/identity/v3/auth/tokens 0.180s
2025-03-12 21:28:15.326 68958 INFO tempest.lib.common.rest_client [req-4abfcf59-a60e-4c64-8622-93c37e244367 req-4abfcf59-a60e-4c64-8622-93c37e244367 ] Request (ServerActionsTestJSON:setUpClass): 201 POST http://10.180.1.21:9696/networking/v2.0/networks 0.655s
2025-03-12 21:28:15.345 68918 INFO tempest.lib.common.rest_client [req-4449b4b0-23bf-4425-b217-14e31956f1bc req-4449b4b0-23bf-4425-b217-14e31956f1bc ] Request (FlavorsExtraSpecsTestJSON:setUpClass): 200 POST http://10.180.1.21/compute/v2.1/flavors 2.089s
2025-03-12 21:28:15.369 68943 INFO tempest.lib.common.rest_client [req-48af8bdb-c3e2-447d-bbdc-7e1501a7f63e req-48af8bdb-c3e2-447d-bbdc-7e1501a7f63e ] Request (HypervisorAdminUnderV252Test:tearDownClass): 204 DELETE http://10.180.1.21:9696/networking/v2.0/security-groups/e77cd061-74a0-47ed-bba7-b8a3dbbd26f6 0.099s
2025-03-12 21:28:15.393 68952 INFO tempest.lib.common.rest_client [req-8551a6c9-0490-4040-9b1f-5f4a534f6000 req-8551a6c9-0490-4040-9b1f-5f4a534f6000 ] Request (ImagesMetadataNegativeTestJSON:tearDownClass): 204 DELETE http://10.180.1.21:9696/networking/v2.0/security-groups/89470912-660a-4af3-948f-418811a856b8 0.171s
2025-03-12 21:28:15.394 68966 INFO tempest.lib.common.rest_client [req-5cca5b88-74da-4421-83b2-773fc331e034 req-5cca5b88-74da-4421-83b2-773fc331e034 ] Request (QuotasAdminTestV236:setUpClass): 201 POST http://10.180.1.21/identity/v3/auth/tokens 0.193s
2025-03-12 21:28:15.395 68966 WARNING tempest.lib.common.rest_client [-] Deprecated: "tenant_id" property is deprecated for removal, use "project_id" instead
2025-03-12 21:28:15.398 68962 INFO tempest.lib.common.rest_client [req-9eef8693-6611-4d21-80bb-f4f7313d4ad2 req-9eef8693-6611-4d21-80bb-f4f7313d4ad2 ] Request (ServerDiagnosticsNegativeTest:test_get_server_diagnostics_by_non_admin): 200 GET http://10.180.1.21/compute/v2.1/servers/24d8a83a-b087-4a0a-8eb2-2ec41afd4707 1.687s
2025-03-12 21:28:15.427 68932 INFO tempest.lib.common.rest_client [req-62f96b5a-91af-4fc0-8d15-c6ad69a5a71f req-62f96b5a-91af-4fc0-8d15-c6ad69a5a71f ] Request (QuotasAdminTestJSON:setUpClass): 204 PUT http://10.180.1.21/identity/v3/projects/05d30211dd2146c69a9fbed60d707dbb/users/36f1cce91377472bb9f6cf4deb64e785/roles/8f239b972dc64a83ae505e18036b2398 0.181s
2025-03-12 21:28:15.523 68958 INFO tempest.lib.common.rest_client [req-213ad15d-515a-422b-a1ff-7f21d8e1ff2f req-213ad15d-515a-422b-a1ff-7f21d8e1ff2f ] Request (ServerActionsTestJSON:setUpClass): 201 POST http://10.180.1.21:9696/networking/v2.0/subnets 0.196s
2025-03-12 21:28:15.554 68940 INFO tempest.lib.common.rest_client [req-d031b86d-3b44-466d-9320-3531ac6a06ad req-d031b86d-3b44-466d-9320-3531ac6a06ad ] Request (KeyPairsV22TestJSON:test_get_keypair_detail): 201 POST http://10.180.1.21/compute/v2.1/os-keypairs 1.774s
2025-03-12 21:28:15.561 68916 INFO tempest.lib.common.rest_client [req-2258ae25-29c1-4b2f-9c21-faa49adeecd0 req-2258ae25-29c1-4b2f-9c21-faa49adeecd0 ] Request (FlavorsExtraSpecsNegativeTestJSON:test_flavor_non_admin_unset_keys): 403 DELETE http://10.180.1.21/compute/v2.1/flavors/670788083/os-extra_specs/hw:numa_nodes 1.703s
2025-03-12 21:28:15.598 68952 INFO tempest.lib.common.rest_client [req-e706f673-2625-49a5-8ae7-bd61fd832b72 req-e706f673-2625-49a5-8ae7-bd61fd832b72 ] Request (ImagesMetadataNegativeTestJSON:tearDownClass): 204 DELETE http://10.180.1.21/identity/v3/projects/d1a4ab5055634d70ace0f0e44af7a427 0.204s
2025-03-12 21:28:15.600 68943 INFO tempest.lib.common.rest_client [req-d87094f5-80ba-4226-849f-391111311f7a req-d87094f5-80ba-4226-849f-391111311f7a ] Request (HypervisorAdminUnderV252Test:tearDownClass): 204 DELETE http://10.180.1.21/identity/v3/projects/289fdd76b6df409e9691020d6a8104ea 0.227s
2025-03-12 21:28:15.601 68943 INFO tempest.test [-] raised in SpiceDirectConsoleTestJSON.setUpClass. Invoking tearDownClass.
2025-03-12 21:28:15.602 68943 INFO tempest.test [-] raised in TestMultiAttachVolumeSwap.setUpClass. Invoking tearDownClass.
2025-03-12 21:28:15.655 68932 INFO tempest.lib.common.rest_client [req-fe4a84f1-d063-4511-85d3-3708938de678 req-fe4a84f1-d063-4511-85d3-3708938de678 ] Request (QuotasAdminTestJSON:setUpClass): 200 GET http://10.180.1.21/identity/v3/roles 0.227s
2025-03-12 21:28:15.677 68952 INFO tempest.lib.common.rest_client [req-355f4905-d665-483b-9e2a-051c081ccb8d req-355f4905-d665-483b-9e2a-051c081ccb8d ] Request (ImagesNegativeTestJSON:setUpClass): 201 POST http://10.180.1.21/identity/v3/auth/tokens 0.077s
2025-03-12 21:28:15.686 68950 INFO tempest.lib.common.rest_client [req-44038b69-5098-41bb-ba15-d2ecfb336b83 req-44038b69-5098-41bb-ba15-d2ecfb336b83 ] Request (VolumesAssistedSnapshotsTest:test_volume_assisted_snapshot_create_delete): 202 POST http://10.180.1.21/volume/v3/volumes 0.518s
2025-03-12 21:28:15.718 68973 INFO tempest.lib.common.rest_client [req-897c7e83-9a18-48ac-b3e9-571077d4c855 req-897c7e83-9a18-48ac-b3e9-571077d4c855 ] Request (HypervisorAdminNegativeUnderV252Test:tearDownClass): 200 GET http://10.180.1.21:9696/networking/v2.0/security-groups?tenant_id=81dd6e9698ff4949abf07166fc3b671d&name=default 0.401s
2025-03-12 21:28:15.722 68943 INFO tempest.lib.common.rest_client [req-e1986537-1517-4654-9f8a-55dc5c751ef1 req-e1986537-1517-4654-9f8a-55dc5c751ef1 ] Request (VolumesAdminNegativeTest:setUpClass): 201 POST http://10.180.1.21/identity/v3/auth/tokens 0.115s
2025-03-12 21:28:15.744 68932 INFO tempest.lib.common.rest_client [req-85732992-35db-40b2-9a19-1bd6a03e457f req-85732992-35db-40b2-9a19-1bd6a03e457f ] Request (QuotasAdminTestJSON:setUpClass): 204 PUT http://10.180.1.21/identity/v3/projects/05d30211dd2146c69a9fbed60d707dbb/users/36f1cce91377472bb9f6cf4deb64e785/roles/8f239b972dc64a83ae505e18036b2398 0.089s
2025-03-12 21:28:15.745 68932 INFO tempest.lib.common.dynamic_creds [-] Dynamic test user 36f1cce91377472bb9f6cf4deb64e785 is created with scope project and roles: ['admin']
2025-03-12 21:28:15.745 68932 INFO tempest.lib.common.dynamic_creds [-] Acquired dynamic creds: credentials: Credentials: {'domain_id': 'default', 'domain_name': 'Default', 'username': 'tempest-QuotasAdminTestJSON-1360708419-project-admin', 'project_domain_id': 'default', 'project_domain_name': 'Default', 'project_id': '05d30211dd2146c69a9fbed60d707dbb', 'project_name': 'tempest-QuotasAdminTestJSON-1360708419', 'tenant_id': '05d30211dd2146c69a9fbed60d707dbb', 'tenant_name': 'tempest-QuotasAdminTestJSON-1360708419', 'user_domain_id': 'default', 'user_domain_name': 'Default', 'user_id': '36f1cce91377472bb9f6cf4deb64e785', 'system': None}, Network: None, Subnet: None, Router: None
2025-03-12 21:28:15.745 68938 INFO tempest.lib.common.rest_client [req-02b04124-78cd-4026-ae9c-89c2e4f5bdd1 req-02b04124-78cd-4026-ae9c-89c2e4f5bdd1 ] Request (InstanceActionsNegativeTestJSON:setUpClass): 200 GET http://10.180.1.21/compute/v2.1/servers/498784a2-9d4b-493a-949d-176231487ba8 1.678s
2025-03-12 21:28:15.745 68932 INFO tempest.lib.common.dynamic_creds [-] Created isolated network resources for: credentials: Credentials: {'domain_id': 'default', 'domain_name': 'Default', 'username': 'tempest-QuotasAdminTestJSON-1360708419-project-admin', 'project_domain_id': 'default', 'project_domain_name': 'Default', 'project_id': '05d30211dd2146c69a9fbed60d707dbb', 'project_name': 'tempest-QuotasAdminTestJSON-1360708419', 'tenant_id': '05d30211dd2146c69a9fbed60d707dbb', 'tenant_name': 'tempest-QuotasAdminTestJSON-1360708419', 'user_domain_id': 'default', 'user_domain_name': 'Default', 'user_id': '36f1cce91377472bb9f6cf4deb64e785', 'system': None}, Network: None, Subnet: None, Router: None
2025-03-12 21:28:15.746 68946 INFO tempest.lib.common.rest_client [req-0aeb2ce2-045b-4ca1-8f76-169c3bd03551 req-0aeb2ce2-045b-4ca1-8f76-169c3bd03551 ] Request (ExtensionsTest:test_get_extension): 200 GET http://10.180.1.21/compute/v2.1/extensions/os-consoles 1.942s
