2025-03-06 09:02:08.533 69592 INFO tempest.lib.common.rest_client [req-4e8fc332-5550-4202-959b-d8cb97953cef req-4e8fc332-5550-4202-959b-d8cb97953cef ] Request (SecurityGroupsTestAdminJSON:test_list_security_groups_list_all_tenants_filter): 200 GET http://10.180.1.21/compute/v2.1/os-security-groups?all_tenants=true 4.016s
2025-03-06 09:02:08.536 69590 INFO tempest.common.waiters [-] State transition "BUILD/scheduling" ==> "BUILD/None" after 3 second wait
2025-03-06 09:02:08.591 69558 INFO tempest.lib.common.rest_client [req-635d43fb-3cd9-4bac-b306-346f4cde507d req-635d43fb-3cd9-4bac-b306-346f4cde507d ] Request (VolumesAssistedSnapshotsTest:test_volume_assisted_snapshot_create_delete): 200 GET http://10.180.1.21/compute/v2.1/servers/7f1b4467-736f-48f6-8e6c-08ba9a6ba725/os-interface 2.169s
2025-03-06 09:02:08.616 69585 INFO tempest.lib.common.rest_client [req-e986048f-700a-4c1f-b923-4a43c40c72f7 req-e986048f-700a-4c1f-b923-4a43c40c72f7 ] Request (ServerDiagnosticsTest:tearDownClass): 200 GET http://10.180.1.21/compute/v2.1/servers/93db5ef7-9fbd-4a76-a50a-71cc14b3355e 2.173s
2025-03-06 09:02:08.620 69598 INFO tempest.lib.common.rest_client [req-77e28fc6-a2eb-41d4-8dd6-ea5befded621 req-77e28fc6-a2eb-41d4-8dd6-ea5befded621 ] Request (ServersTestBootFromVolume:setUpClass): 200 GET http://10.180.1.21/volume/v3/volumes/89dc07ea-dc4c-438e-8a69-415d8200befc 0.041s
2025-03-06 09:02:08.624 69585 INFO tempest.common.waiters [-] State transition "ACTIVE/deleting" ==> "DELETED/None" after 3 second wait
2025-03-06 09:02:08.633 69560 INFO tempest.lib.common.rest_client [req-197ec927-3b01-46a7-84bb-f6780f818723 req-197ec927-3b01-46a7-84bb-f6780f818723 ] Request (FlavorsAccessNegativeTestJSON:tearDownClass): 204 DELETE http://10.180.1.21/identity/v3/users/a61821f490194f708e795a6501124f62 0.102s
2025-03-06 09:02:08.648 69580 INFO tempest.lib.common.rest_client [req-8aa021d5-6578-4b81-926e-a40675ab97b3 req-8aa021d5-6578-4b81-926e-a40675ab97b3 ] Request (ServersTestMultiNic:test_verify_duplicate_network_nics): 200 GET http://10.180.1.21/compute/v2.1/servers/12a88bb1-749a-4eff-91d0-e0929a530f8e 2.108s
2025-03-06 09:02:08.686 69566 INFO tempest.lib.common.rest_client [req-41e21391-51cf-4668-b430-f5d0284e9871 req-41e21391-51cf-4668-b430-f5d0284e9871 ] Request (QuotasAdminTestJSON:_run_cleanups): 204 DELETE http://10.180.1.21/identity/v3/projects/4a8367d163ba4898afa518623ce065f1 0.157s
2025-03-06 09:02:08.754 69560 INFO tempest.lib.common.rest_client [req-e7f72bca-08d5-4918-844c-80498b768ffb req-e7f72bca-08d5-4918-844c-80498b768ffb ] Request (FlavorsAccessNegativeTestJSON:tearDownClass): 204 DELETE http://10.180.1.21/identity/v3/users/6eafc6fbf1a34a73a559ed9834ac62ca 0.120s
2025-03-06 09:02:08.754 69560 INFO tempest.lib.common.dynamic_creds [-] Deleting project and security group for project: 22199ec26d994fc0b8b6d51b5a1c444e
2025-03-06 09:02:08.795 69544 INFO tempest.lib.common.rest_client [req-845b5c53-c01d-417e-bc03-073672ee23e0 req-845b5c53-c01d-417e-bc03-073672ee23e0 ] Request (MigrationsAdminTest:test_list_migrations_in_flavor_resize_situation): 200 GET http://10.180.1.21/compute/v2.1/servers/99c21326-9d7e-4439-89b0-5dfd90577cdb 2.213s
2025-03-06 09:02:08.803 69572 INFO tempest.lib.common.rest_client [req-f63412b4-b2f7-4ef2-b429-cf3a00cf8c22 req-f63412b4-b2f7-4ef2-b429-cf3a00cf8c22 ] Request (ServersNegativeTestJSON:setUpClass): 200 GET http://10.180.1.21/compute/v2.1/servers/9421efc6-6e98-48f4-a136-b3217e97527f 2.143s
2025-03-06 09:02:08.821 69560 INFO tempest.lib.common.rest_client [req-3f85f13e-cd1b-41f2-816e-a10e34e867c9 req-3f85f13e-cd1b-41f2-816e-a10e34e867c9 ] Request (FlavorsAccessNegativeTestJSON:tearDownClass): 201 POST http://10.180.1.21/identity/v3/auth/tokens 0.065s
2025-03-06 09:02:08.861 69540 INFO tempest.lib.common.rest_client [req-8717c2d7-c345-4d78-a3cc-36ca86f303f2 req-8717c2d7-c345-4d78-a3cc-36ca86f303f2 ] Request (ImagesOneServerTestJSON:setUpClass): 200 GET http://10.180.1.21/compute/v2.1/servers/b67b2f26-bb01-45c5-abb3-e63da889b324 2.110s
2025-03-06 09:02:08.862 69570 INFO tempest.lib.common.rest_client [req-e4995054-b033-4fb1-bb2b-52496886727e req-e4995054-b033-4fb1-bb2b-52496886727e ] Request (FloatingIPsAssociationTestJSON:setUpClass): 200 GET http://10.180.1.21/compute/v2.1/servers/8c21d28c-0df5-4c1e-928e-a504576e6af2 2.144s
2025-03-06 09:02:08.944 69578 INFO tempest.lib.common.rest_client [req-4d15b7fd-9076-4f20-a4a4-41120397d801 req-4d15b7fd-9076-4f20-a4a4-41120397d801 ] Request (DeleteServersAdminTestJSON:test_admin_delete_servers_of_others): 200 GET http://10.180.1.21/compute/v2.1/servers/b8f35160-0994-45dd-9159-7d896cf4c9f2 2.113s
2025-03-06 09:02:09.089 69564 INFO tempest.lib.common.rest_client [req-0a5fccb6-298f-472d-8717-90ac38eeb608 req-0a5fccb6-298f-472d-8717-90ac38eeb608 ] Request (SecurityGroupRulesTestJSON:test_security_group_rules_create_with_optional_cidr): 200 POST http://10.180.1.21/compute/v2.1/os-security-group-rules 2.325s
2025-03-06 09:02:09.092 69560 INFO tempest.lib.common.rest_client [req-1a9055c4-7617-43d6-8d6d-c20f2d9ee1e9 req-1a9055c4-7617-43d6-8d6d-c20f2d9ee1e9 ] Request (FlavorsAccessNegativeTestJSON:tearDownClass): 200 GET http://10.180.1.21:9696/networking/v2.0/security-groups?tenant_id=22199ec26d994fc0b8b6d51b5a1c444e&name=default 0.270s
2025-03-06 09:02:09.149 69596 INFO tempest.lib.common.rest_client [req-ee5de595-a6da-471e-b349-081e923ba0b4 req-ee5de595-a6da-471e-b349-081e923ba0b4 ] Request (ServerRescueTestJSONUnderV235:setUpClass): 200 GET http://10.180.1.21/compute/v2.1/servers/748b699b-74d2-4956-bfa4-2e07de0a83ff 2.143s
2025-03-06 09:02:09.187 69576 INFO tempest.lib.common.rest_client [req-2bb3a195-dc13-4361-ac93-fc41db513a1c req-2bb3a195-dc13-4361-ac93-fc41db513a1c ] Request (ServersTestManualDisk:setUpClass): 200 GET http://10.180.1.21/compute/v2.1/servers/981b1665-fc39-4e8a-9628-4c878ef5659e 2.269s
2025-03-06 09:02:09.191 69586 INFO tempest.lib.common.rest_client [req-df84adc0-756b-4b6d-b4da-bc10c45a8334 req-df84adc0-756b-4b6d-b4da-bc10c45a8334 ] Request (ListImageFiltersTestJSON:setUpClass): 200 GET http://10.180.1.21/compute/v2.1/images/e60275c4-5c7c-440c-b92a-0cf320cdc98e 2.154s
2025-03-06 09:02:09.198 69576 INFO tempest.common.waiters [-] State transition "BUILD/networking" ==> "BUILD/spawning" after 10 second wait
2025-03-06 09:02:09.226 69560 INFO tempest.lib.common.rest_client [req-b02d1ebd-55ec-4edf-8c7f-e61dc2469000 req-b02d1ebd-55ec-4edf-8c7f-e61dc2469000 ] Request (FlavorsAccessNegativeTestJSON:tearDownClass): 204 DELETE http://10.180.1.21:9696/networking/v2.0/security-groups/30fb20a7-1110-4028-83d7-75b8898cfbc5 0.133s
2025-03-06 09:02:09.312 69560 INFO tempest.lib.common.rest_client [req-b3f6d914-2047-4b34-80a0-4920e13db0cb req-b3f6d914-2047-4b34-80a0-4920e13db0cb ] Request (FlavorsAccessNegativeTestJSON:tearDownClass): 204 DELETE http://10.180.1.21/identity/v3/projects/22199ec26d994fc0b8b6d51b5a1c444e 0.085s
2025-03-06 09:02:09.312 69560 INFO tempest.lib.common.dynamic_creds [-] Deleting project and security group for project: 1719472be9174329b8a6c9c9cbef9be6
2025-03-06 09:02:09.375 69574 INFO tempest.lib.common.rest_client [req-6b6d9d21-19ae-4ea8-a35e-a9fd923399ad req-6b6d9d21-19ae-4ea8-a35e-a9fd923399ad ] Request (ServerDiagnosticsNegativeTest:test_get_server_diagnostics_by_non_admin): 200 GET http://10.180.1.21/compute/v2.1/servers/5e2b8644-0643-452c-908c-db1c741760a5 1.778s
2025-03-06 09:02:09.387 69574 INFO tempest.common.waiters [-] State transition "BUILD/spawning" ==> "ACTIVE/None" after 28 second wait
2025-03-06 09:02:09.449 69558 INFO tempest.lib.common.rest_client [req-18f9bd6c-21c5-4b86-a0c0-ee5e748afb16 req-18f9bd6c-21c5-4b86-a0c0-ee5e748afb16 ] Request (VolumesAssistedSnapshotsTest:test_volume_assisted_snapshot_create_delete): 200 PUT http://10.180.1.21:9696/networking/v2.0/floatingips/232198e6-01c4-4d83-8572-b5dca0bc48d0 0.856s
2025-03-06 09:02:09.451 69558 INFO tempest.lib.common.ssh [-] Creating ssh connection to '10.180.180.230:22' as 'cirros' with public key authentication
2025-03-06 09:02:09.496 69560 INFO tempest.lib.common.rest_client [req-3fec17ac-00f2-426d-ab07-97648959df10 req-3fec17ac-00f2-426d-ab07-97648959df10 ] Request (FlavorsAccessNegativeTestJSON:tearDownClass): 200 GET http://10.180.1.21:9696/networking/v2.0/security-groups?tenant_id=1719472be9174329b8a6c9c9cbef9be6&name=default 0.183s
2025-03-06 09:02:09.591 69560 INFO tempest.lib.common.rest_client [req-f48cd920-be5b-431d-acd6-3581583bceb1 req-f48cd920-be5b-431d-acd6-3581583bceb1 ] Request (FlavorsAccessNegativeTestJSON:tearDownClass): 204 DELETE http://10.180.1.21:9696/networking/v2.0/security-groups/6f99946e-34ad-45c6-9235-dc5166e18baf 0.095s
2025-03-06 09:02:09.661 69598 INFO tempest.lib.common.rest_client [req-1eef155a-168b-4679-8315-41b668e46f19 req-1eef155a-168b-4679-8315-41b668e46f19 ] Request (ServersTestBootFromVolume:setUpClass): 200 GET http://10.180.1.21/volume/v3/volumes/89dc07ea-dc4c-438e-8a69-415d8200befc 0.031s
2025-03-06 09:02:09.690 69560 INFO tempest.lib.common.rest_client [req-298c720d-c8c0-4be7-9d39-4bf9d17d2622 req-298c720d-c8c0-4be7-9d39-4bf9d17d2622 ] Request (FlavorsAccessNegativeTestJSON:tearDownClass): 204 DELETE http://10.180.1.21/identity/v3/projects/1719472be9174329b8a6c9c9cbef9be6 0.098s
2025-03-06 09:02:09.691 69560 INFO tempest.lib.common.dynamic_creds [-] Deleting project and security group for project: 1d6bf38a8e234417ad30dd554e85a3d0
2025-03-06 09:02:09.777 69594 INFO tempest.lib.common.rest_client [req-73b83fec-aa10-4914-be32-9cacd46f4025 req-73b83fec-aa10-4914-be32-9cacd46f4025 ] Request (SecurityGroupsTestJSON:test_list_security_groups_by_server): 202 POST http://10.180.1.21/compute/v2.1/servers/17f009fc-b0fd-49e6-8074-0194dfab0f07/action 2.255s
2025-03-06 09:02:09.814 69560 INFO tempest.lib.common.rest_client [req-6a6254fc-dc9c-4c41-9b0d-be27663848de req-6a6254fc-dc9c-4c41-9b0d-be27663848de ] Request (FlavorsAccessNegativeTestJSON:tearDownClass): 200 GET http://10.180.1.21:9696/networking/v2.0/security-groups?tenant_id=1d6bf38a8e234417ad30dd554e85a3d0&name=default 0.123s
2025-03-06 09:02:09.857 69546 INFO tempest.lib.common.rest_client [req-ed43139f-519b-4c00-b84d-3a014a6f6547 req-ed43139f-519b-4c00-b84d-3a014a6f6547 ] Request (FloatingIPDetailsTestJSON:_run_cleanups): 202 DELETE http://10.180.1.21/compute/v2.1/os-floating-ips/22284e2a-1deb-46a6-b754-ce9aad197932 2.078s
2025-03-06 09:02:09.874 69542 INFO tempest.lib.common.rest_client [req-b2b40894-5ac1-4575-b58e-712e33daf04f req-b2b40894-5ac1-4575-b58e-712e33daf04f ] Request (KeyPairsV210TestJSON:_run_cleanups): 204 DELETE http://10.180.1.21/compute/v2.1/os-keypairs/tempest-keypair-1123562988?user_id=2e79cabf5de34b08bda21e634e79d1ae 1.885s
2025-03-06 09:02:09.898 69568 INFO tempest.lib.common.rest_client [req-d48dbe14-bd3c-4656-8507-32e2e208bd0e req-d48dbe14-bd3c-4656-8507-32e2e208bd0e ] Request (FlavorsAdminTestJSON:_run_cleanups): 202 DELETE http://10.180.1.21/compute/v2.1/flavors/1876948606 1.826s
2025-03-06 09:02:09.957 69552 INFO tempest.lib.common.rest_client [req-3fa772f9-2e5e-4270-b652-4578c1be81af req-3fa772f9-2e5e-4270-b652-4578c1be81af ] Request (TenantUsagesTestJSON:test_get_usage_tenant_with_non_admin_user): 200 GET http://10.180.1.21/compute/v2.1/os-simple-tenant-usage/2155435fe5f6436991cd67718e4952ca?start=2025-03-05T09%3A02%3A05.696838&end=2025-03-07T09%3A02%3A05.696838 1.759s
2025-03-06 09:02:09.962 69600 INFO tempest.lib.common.rest_client [req-878f9ba4-dff7-4713-98ba-9f0ad728fbb8 req-878f9ba4-dff7-4713-98ba-9f0ad728fbb8 ] Request (AggregatesAdminNegativeTestJSON:test_aggregate_remove_host_as_user): 403 POST http://10.180.1.21/compute/v2.1/os-aggregates/7/action 1.614s
2025-03-06 09:02:09.968 69582 INFO tempest.lib.common.rest_client [req-f2ee6549-eb28-41bf-af77-ad712b4169ba req-f2ee6549-eb28-41bf-af77-ad712b4169ba ] Request (ServerExternalEventsTest:tearDownClass): 200 GET http://10.180.1.21/compute/v2.1/servers/d36a9604-4cc7-4781-9d17-d45d62b6a66e 2.072s
2025-03-06 09:02:09.996 69560 INFO tempest.lib.common.rest_client [req-589247e7-32a1-4b22-8d37-d00ff6614dde req-589247e7-32a1-4b22-8d37-d00ff6614dde ] Request (FlavorsAccessNegativeTestJSON:tearDownClass): 204 DELETE http://10.180.1.21:9696/networking/v2.0/security-groups/13ff2085-0594-4c70-a576-6abc95807001 0.182s
2025-03-06 09:02:10.003 69542 INFO tempest.lib.common.rest_client [req-4fbcd8e8-86ba-478f-b28b-940987e48658 req-4fbcd8e8-86ba-478f-b28b-940987e48658 ] Request (KeyPairsV210TestJSON:tearDownClass): 204 DELETE http://10.180.1.21/identity/v3/users/2e79cabf5de34b08bda21e634e79d1ae 0.126s
2025-03-06 09:02:10.045 69538 INFO tempest.lib.common.rest_client [req-03d60d16-7e21-40ea-8c1d-cfee08b3f371 req-03d60d16-7e21-40ea-8c1d-cfee08b3f371 ] Request (ServerAddressesTestJSON:setUpClass): 200 GET http://10.180.1.21/compute/v2.1/servers/372e5d17-9bf6-4431-8804-d6ddc5f717ef 1.451s
2025-03-06 09:02:10.053 69538 INFO tempest.common.waiters [-] State transition "BUILD/None" ==> "BUILD/networking" after 10 second wait
2025-03-06 09:02:10.097 69542 INFO tempest.lib.common.rest_client [req-60fc5cc7-36cf-4fc6-977a-2a10cdb3a245 req-60fc5cc7-36cf-4fc6-977a-2a10cdb3a245 ] Request (KeyPairsV210TestJSON:tearDownClass): 204 DELETE http://10.180.1.21/identity/v3/users/beec6589005f493ea247e83b52b18736 0.093s
2025-03-06 09:02:10.097 69542 INFO tempest.lib.common.dynamic_creds [-] Deleting project and security group for project: 33bc395393a44bd1a05a48554a03666b
2025-03-06 09:02:10.103 69560 INFO tempest.lib.common.rest_client [req-50d772b7-95ff-41f7-be8a-3cc607e9bb86 req-50d772b7-95ff-41f7-be8a-3cc607e9bb86 ] Request (FlavorsAccessNegativeTestJSON:tearDownClass): 204 DELETE http://10.180.1.21/identity/v3/projects/1d6bf38a8e234417ad30dd554e85a3d0 0.106s
2025-03-06 09:02:10.121 69588 INFO tempest.lib.common.rest_client [req-fca2e00a-0218-4b06-bfbd-01413c59fc32 req-fca2e00a-0218-4b06-bfbd-01413c59fc32 ] Request (ServerRescueNegativeTestJSON:setUpClass): 200 GET http://10.180.1.21/compute/v2.1/servers/9fdc7289-1ff9-4b6c-a263-6930d47677bc 1.468s
2025-03-06 09:02:10.125 69592 INFO tempest.lib.common.rest_client [req-0dffb5d9-084d-48dd-ae2b-78068d4911b8 req-0dffb5d9-084d-48dd-ae2b-78068d4911b8 ] Request (SecurityGroupsTestAdminJSON:test_list_security_groups_list_all_tenants_filter): 200 GET http://10.180.1.21/compute/v2.1/os-security-groups?all_tenants=true 1.580s
2025-03-06 09:02:10.161 69542 INFO tempest.lib.common.rest_client [req-a21d9480-05d1-4539-94f8-e04c8c46eec4 req-a21d9480-05d1-4539-94f8-e04c8c46eec4 ] Request (KeyPairsV210TestJSON:tearDownClass): 201 POST http://10.180.1.21/identity/v3/auth/tokens 0.064s
2025-03-06 09:02:10.172 69560 INFO tempest.lib.common.rest_client [req-cb0915d6-03f5-463e-ab60-55d82d9ef553 req-cb0915d6-03f5-463e-ab60-55d82d9ef553 ] Request (HypervisorAdminNegativeTestJSON:setUpClass): 201 POST http://10.180.1.21/identity/v3/auth/tokens 0.068s
2025-03-06 09:02:10.243 69560 INFO tempest.lib.common.rest_client [req-6e224b33-64c5-43b0-8ca4-7027339ae9c3 req-6e224b33-64c5-43b0-8ca4-7027339ae9c3 ] Request (HypervisorAdminNegativeTestJSON:setUpClass): 201 POST http://10.180.1.21/identity/v3/auth/tokens 0.067s
2025-03-06 09:02:10.262 69566 INFO tempest.lib.common.rest_client [req-ab1420b1-a315-4eed-ab02-ea122bb87ec9 req-ab1420b1-a315-4eed-ab02-ea122bb87ec9 ] Request (QuotasAdminTestJSON:test_update_all_quota_resources_for_tenant): 200 GET http://10.180.1.21/compute/v2.1/os-quota-sets/ae7945ff718541ef81062c8a2aa844ef/defaults 1.574s
2025-03-06 09:02:10.276 69560 INFO tempest.lib.common.rest_client [req-5a7628b8-9b27-4f27-9721-cb50f878133d req-5a7628b8-9b27-4f27-9721-cb50f878133d ] Request (HypervisorAdminNegativeTestJSON:setUpClass): 200 GET http://10.180.1.21/identity/v3/domains?name=Default 0.033s
2025-03-06 09:02:10.276 69562 INFO tempest.lib.common.rest_client [req-51c1d057-2aa1-4067-b041-8192a66191dc req-51c1d057-2aa1-4067-b041-8192a66191dc ] Request (ServersAdmin275Test:_run_cleanups): 200 GET http://10.180.1.21/compute/v2.1/servers/4daa71d1-7ad0-4357-a975-400d96176698 1.299s
2025-03-06 09:02:10.318 69560 INFO tempest.lib.common.rest_client [req-69977342-319e-4918-9676-6c78c830d820 req-69977342-319e-4918-9676-6c78c830d820 ] Request (HypervisorAdminNegativeTestJSON:setUpClass): 201 POST http://10.180.1.21/identity/v3/projects 0.041s
2025-03-06 09:02:10.348 69556 INFO tempest.lib.common.rest_client [req-66384d34-c662-45ba-a648-48f52f66494a req-66384d34-c662-45ba-a648-48f52f66494a ] Request (AttachInterfacesTestJSON:test_create_list_show_delete_interfaces_by_fixed_ip): 200 GET http://10.180.1.21/compute/v2.1/servers/d754cfd3-f0ca-4903-8309-c0fd88805fea 1.281s
2025-03-06 09:02:10.392 69586 INFO tempest.lib.common.rest_client [req-44bd2de5-0fa6-4e52-b9e0-a752141f3df2 req-44bd2de5-0fa6-4e52-b9e0-a752141f3df2 ] Request (ListImageFiltersTestJSON:setUpClass): 200 GET http://10.180.1.21/compute/v2.1/images/e60275c4-5c7c-440c-b92a-0cf320cdc98e 1.198s
2025-03-06 09:02:10.407 69560 INFO tempest.lib.common.rest_client [req-785bcb49-0d76-445c-bb0e-8a2590bb3bb6 req-785bcb49-0d76-445c-bb0e-8a2590bb3bb6 ] Request (HypervisorAdminNegativeTestJSON:setUpClass): 201 POST http://10.180.1.21/identity/v3/users 0.088s
2025-03-06 09:02:10.421 69574 INFO tempest.lib.common.rest_client [req-cbfc83b7-d82e-4aef-9780-b3bde82f4a23 req-cbfc83b7-d82e-4aef-9780-b3bde82f4a23 ] Request (ServerDiagnosticsNegativeTest:test_get_server_diagnostics_by_non_admin): 403 GET http://10.180.1.21/compute/v2.1/servers/5e2b8644-0643-452c-908c-db1c741760a5/diagnostics 1.033s
2025-03-06 09:02:10.437 69560 INFO tempest.lib.common.rest_client [req-c15adef3-56f6-42b1-8954-c850bad730ae req-c15adef3-56f6-42b1-8954-c850bad730ae ] Request (HypervisorAdminNegativeTestJSON:setUpClass): 200 GET http://10.180.1.21/identity/v3/roles 0.029s
2025-03-06 09:02:10.467 69560 INFO tempest.lib.common.rest_client [req-776cced6-5cc9-43fc-9303-91440a6a98b0 req-776cced6-5cc9-43fc-9303-91440a6a98b0 ] Request (HypervisorAdminNegativeTestJSON:setUpClass): 204 PUT http://10.180.1.21/identity/v3/projects/6fde9d97cae24ea4a00606afa62b56b9/users/e72810c77f04426e8496b629fb783d0c/roles/77dd1ec00a064f5dbf5c2f18f20924a1 0.030s
2025-03-06 09:02:10.467 69560 INFO tempest.lib.common.dynamic_creds [-] Dynamic test user e72810c77f04426e8496b629fb783d0c is created with scope project and roles: ['member']
2025-03-06 09:02:10.468 69560 INFO tempest.lib.common.dynamic_creds [-] Acquired dynamic creds: credentials: Credentials: {'domain_id': 'default', 'domain_name': 'Default', 'username': 'tempest-HypervisorAdminNegativeTestJSON-1557266454-project-member', 'project_domain_id': 'default', 'project_domain_name': 'Default', 'project_id': '6fde9d97cae24ea4a00606afa62b56b9', 'project_name': 'tempest-HypervisorAdminNegativeTestJSON-1557266454', 'tenant_id': '6fde9d97cae24ea4a00606afa62b56b9', 'tenant_name': 'tempest-HypervisorAdminNegativeTestJSON-1557266454', 'user_domain_id': 'default', 'user_domain_name': 'Default', 'user_id': 'e72810c77f04426e8496b629fb783d0c', 'system': None}, Network: None, Subnet: None, Router: None
2025-03-06 09:02:10.468 69560 INFO tempest.lib.common.dynamic_creds [-] Created isolated network resources for: credentials: Credentials: {'domain_id': 'default', 'domain_name': 'Default', 'username': 'tempest-HypervisorAdminNegativeTestJSON-1557266454-project-member', 'project_domain_id': 'default', 'project_domain_name': 'Default', 'project_id': '6fde9d97cae24ea4a00606afa62b56b9', 'project_name': 'tempest-HypervisorAdminNegativeTestJSON-1557266454', 'tenant_id': '6fde9d97cae24ea4a00606afa62b56b9', 'tenant_name': 'tempest-HypervisorAdminNegativeTestJSON-1557266454', 'user_domain_id': 'default', 'user_domain_name': 'Default', 'user_id': 'e72810c77f04426e8496b629fb783d0c', 'system': None}, Network: None, Subnet: None, Router: None
2025-03-06 09:02:10.475 69586 INFO tempest.lib.common.rest_client [req-d54822a3-ebee-41ca-aa6b-f861b47d7d69 req-d54822a3-ebee-41ca-aa6b-f861b47d7d69 ] Request (ListImageFiltersTestJSON:setUpClass): 201 POST http://10.180.1.21/identity/v3/auth/tokens 0.074s
2025-03-06 09:02:10.476 69586 INFO tempest.lib.common.fixed_network [-] (ListImageFiltersTestJSON:setUpClass) Found network None available for tenant
2025-03-06 09:02:10.498 69590 INFO tempest.lib.common.rest_client [req-a46e13f7-6c5b-46f9-824a-28f9b63c81a9 req-a46e13f7-6c5b-46f9-824a-28f9b63c81a9 ] Request (ImagesNegativeTestJSON:test_create_image_from_deleted_server): 200 GET http://10.180.1.21/compute/v2.1/servers/78a33d3a-2242-450d-a896-0701fbc034ae 0.961s
2025-03-06 09:02:10.504 69542 INFO tempest.lib.common.rest_client [req-d2c6f7e6-e01e-4433-848a-113b2cc1ea2f req-d2c6f7e6-e01e-4433-848a-113b2cc1ea2f ] Request (KeyPairsV210TestJSON:tearDownClass): 200 GET http://10.180.1.21:9696/networking/v2.0/security-groups?tenant_id=33bc395393a44bd1a05a48554a03666b&name=default 0.342s
2025-03-06 09:02:10.554 69560 INFO tempest.lib.common.rest_client [req-4b4daddf-4c09-4da9-a5f3-dc5add2bbc28 req-4b4daddf-4c09-4da9-a5f3-dc5add2bbc28 ] Request (HypervisorAdminNegativeTestJSON:setUpClass): 201 POST http://10.180.1.21/identity/v3/auth/tokens 0.082s
2025-03-06 09:02:10.584 69585 INFO tempest.lib.common.rest_client [req-24b07eb9-220a-4bd4-97b4-68f811d1a9e8 req-24b07eb9-220a-4bd4-97b4-68f811d1a9e8 ] Request (ServerDiagnosticsTest:tearDownClass): 200 GET http://10.180.1.21/compute/v2.1/servers/93db5ef7-9fbd-4a76-a50a-71cc14b3355e 0.959s
2025-03-06 09:02:10.590 69564 INFO tempest.lib.common.rest_client [req-6e8ad94b-7085-4170-9678-0d71c00e1640 req-6e8ad94b-7085-4170-9678-0d71c00e1640 ] Request (SecurityGroupRulesTestJSON:test_security_group_rules_create_with_optional_group_id): 200 POST http://10.180.1.21/compute/v2.1/os-security-groups 1.498s
2025-03-06 09:02:10.633 69560 INFO tempest.lib.common.rest_client [req-b6f97e5e-3452-41c0-b71d-eb6bf6478598 req-b6f97e5e-3452-41c0-b71d-eb6bf6478598 ] Request (HypervisorAdminNegativeTestJSON:setUpClass): 201 POST http://10.180.1.21/identity/v3/projects 0.078s
2025-03-06 09:02:10.677 69580 INFO tempest.lib.common.rest_client [req-92576b04-b29e-4b58-aa54-3352e5a2143a req-92576b04-b29e-4b58-aa54-3352e5a2143a ] Request (ServersTestMultiNic:test_verify_duplicate_network_nics): 200 GET http://10.180.1.21/compute/v2.1/servers/12a88bb1-749a-4eff-91d0-e0929a530f8e 1.017s
2025-03-06 09:02:10.690 69580 INFO tempest.common.waiters [-] State transition "BUILD/scheduling" ==> "BUILD/None" after 5 second wait
2025-03-06 09:02:10.716 69598 INFO tempest.lib.common.rest_client [req-91130856-f8e4-4a05-aa9b-565542a59dd8 req-91130856-f8e4-4a05-aa9b-565542a59dd8 ] Request (ServersTestBootFromVolume:setUpClass): 200 GET http://10.180.1.21/volume/v3/volumes/89dc07ea-dc4c-438e-8a69-415d8200befc 0.044s
2025-03-06 09:02:10.725 69560 INFO tempest.lib.common.rest_client [req-b8c6f897-39fc-47c3-a30d-613d31ca4b94 req-b8c6f897-39fc-47c3-a30d-613d31ca4b94 ] Request (HypervisorAdminNegativeTestJSON:setUpClass): 201 POST http://10.180.1.21/identity/v3/users 0.092s
2025-03-06 09:02:10.751 69560 INFO tempest.lib.common.rest_client [req-c65c537c-32fb-4450-bf48-7dc27707a112 req-c65c537c-32fb-4450-bf48-7dc27707a112 ] Request (HypervisorAdminNegativeTestJSON:setUpClass): 200 GET http://10.180.1.21/identity/v3/roles 0.025s
2025-03-06 09:02:10.754 69542 INFO tempest.lib.common.rest_client [req-af04941f-4fce-4bd1-96a6-82f4054269f3 req-af04941f-4fce-4bd1-96a6-82f4054269f3 ] Request (KeyPairsV210TestJSON:tearDownClass): 204 DELETE http://10.180.1.21:9696/networking/v2.0/security-groups/2d32175b-1a6b-4028-acd0-2f3fca03e96e 0.247s
2025-03-06 09:02:10.786 69560 INFO tempest.lib.common.rest_client [req-a8a82176-4979-4d45-826e-9987944e0640 req-a8a82176-4979-4d45-826e-9987944e0640 ] Request (HypervisorAdminNegativeTestJSON:setUpClass): 204 PUT http://10.180.1.21/identity/v3/projects/d528c1bec2a740e786610e6bcb56f23b/users/e0c5ba59cb3f4a02a76abde6ad90bf18/roles/65f1463d8ce5489f8a5832b934fb5ddb 0.034s
2025-03-06 09:02:10.844 69542 INFO tempest.lib.common.rest_client [req-68015f79-db3b-4386-a3c9-458806aaf165 req-68015f79-db3b-4386-a3c9-458806aaf165 ] Request (KeyPairsV210TestJSON:tearDownClass): 204 DELETE http://10.180.1.21/identity/v3/projects/33bc395393a44bd1a05a48554a03666b 0.090s
2025-03-06 09:02:10.845 69542 INFO tempest.lib.common.dynamic_creds [-] Deleting project and security group for project: 79016fd862e94b9f999d92530e525571
2025-03-06 09:02:10.858 69594 INFO tempest.lib.common.rest_client [req-6c26ddb1-e173-44f6-a545-eea4f7c224ac req-6c26ddb1-e173-44f6-a545-eea4f7c224ac ] Request (SecurityGroupsTestJSON:test_list_security_groups_by_server): 200 GET http://10.180.1.21/compute/v2.1/servers/17f009fc-b0fd-49e6-8074-0194dfab0f07/os-security-groups 1.080s
2025-03-06 09:02:10.899 69560 INFO tempest.lib.common.rest_client [req-4c61c64c-b99b-4207-b568-df9fbc8fee1b req-4c61c64c-b99b-4207-b568-df9fbc8fee1b ] Request (HypervisorAdminNegativeTestJSON:setUpClass): 200 GET http://10.180.1.21/identity/v3/roles 0.111s
2025-03-06 09:02:10.899 69544 INFO tempest.lib.common.rest_client [req-a4e1f778-7bc8-460a-94dd-1be1aef9338e req-a4e1f778-7bc8-460a-94dd-1be1aef9338e ] Request (MigrationsAdminTest:test_list_migrations_in_flavor_resize_situation): 200 GET http://10.180.1.21/compute/v2.1/servers/99c21326-9d7e-4439-89b0-5dfd90577cdb 1.095s
2025-03-06 09:02:10.909 69544 INFO tempest.common.waiters [-] State transition "BUILD/spawning" ==> "ACTIVE/None" after 26 second wait
2025-03-06 09:02:10.932 69560 INFO tempest.lib.common.rest_client [req-46e181d2-57e2-4fba-ac6c-bd2cc801ce41 req-46e181d2-57e2-4fba-ac6c-bd2cc801ce41 ] Request (HypervisorAdminNegativeTestJSON:setUpClass): 204 PUT http://10.180.1.21/identity/v3/projects/d528c1bec2a740e786610e6bcb56f23b/users/e0c5ba59cb3f4a02a76abde6ad90bf18/roles/65f1463d8ce5489f8a5832b934fb5ddb 0.033s
2025-03-06 09:02:10.932 69560 INFO tempest.lib.common.dynamic_creds [-] Dynamic test user e0c5ba59cb3f4a02a76abde6ad90bf18 is created with scope project and roles: ['admin']
2025-03-06 09:02:10.932 69560 INFO tempest.lib.common.dynamic_creds [-] Acquired dynamic creds: credentials: Credentials: {'domain_id': 'default', 'domain_name': 'Default', 'username': 'tempest-HypervisorAdminNegativeTestJSON-1836158006-project-admin', 'project_domain_id': 'default', 'project_domain_name': 'Default', 'project_id': 'd528c1bec2a740e786610e6bcb56f23b', 'project_name': 'tempest-HypervisorAdminNegativeTestJSON-1836158006', 'tenant_id': 'd528c1bec2a740e786610e6bcb56f23b', 'tenant_name': 'tempest-HypervisorAdminNegativeTestJSON-1836158006', 'user_domain_id': 'default', 'user_domain_name': 'Default', 'user_id': 'e0c5ba59cb3f4a02a76abde6ad90bf18', 'system': None}, Network: None, Subnet: None, Router: None
2025-03-06 09:02:10.932 69560 INFO tempest.lib.common.dynamic_creds [-] Created isolated network resources for: credentials: Credentials: {'domain_id': 'default', 'domain_name': 'Default', 'username': 'tempest-HypervisorAdminNegativeTestJSON-1836158006-project-admin', 'project_domain_id': 'default', 'project_domain_name': 'Default', 'project_id': 'd528c1bec2a740e786610e6bcb56f23b', 'project_name': 'tempest-HypervisorAdminNegativeTestJSON-1836158006', 'tenant_id': 'd528c1bec2a740e786610e6bcb56f23b', 'tenant_name': 'tempest-HypervisorAdminNegativeTestJSON-1836158006', 'user_domain_id': 'default', 'user_domain_name': 'Default', 'user_id': 'e0c5ba59cb3f4a02a76abde6ad90bf18', 'system': None}, Network: None, Subnet: None, Router: None
2025-03-06 09:02:10.997 69542 INFO tempest.lib.common.rest_client [req-954ef668-b486-4803-9bfe-ea991817b301 req-954ef668-b486-4803-9bfe-ea991817b301 ] Request (KeyPairsV210TestJSON:tearDownClass): 200 GET http://10.180.1.21:9696/networking/v2.0/security-groups?tenant_id=79016fd862e94b9f999d92530e525571&name=default 0.148s
2025-03-06 09:02:11.030 69560 INFO tempest.lib.common.rest_client [req-38e81c42-3aaf-4fa3-97c6-19a9f583ddc9 req-38e81c42-3aaf-4fa3-97c6-19a9f583ddc9 ] Request (HypervisorAdminNegativeTestJSON:setUpClass): 201 POST http://10.180.1.21/identity/v3/auth/tokens 0.094s
2025-03-06 09:02:11.079 69542 INFO tempest.lib.common.rest_client [req-8ff7f455-6044-42a6-b212-5787fbf3f1cb req-8ff7f455-6044-42a6-b212-5787fbf3f1cb ] Request (KeyPairsV210TestJSON:tearDownClass): 204 DELETE http://10.180.1.21:9696/networking/v2.0/security-groups/bec79bfb-bf59-4fd8-94c0-8da0a8ecb949 0.081s
2025-03-06 09:02:11.183 69542 INFO tempest.lib.common.rest_client [req-4cdf9c57-36f1-4193-a6b9-2b24fb458925 req-4cdf9c57-36f1-4193-a6b9-2b24fb458925 ] Request (KeyPairsV210TestJSON:tearDownClass): 204 DELETE http://10.180.1.21/identity/v3/projects/79016fd862e94b9f999d92530e525571 0.103s
2025-03-06 09:02:11.252 69542 INFO tempest.lib.common.rest_client [req-f997a41e-752f-4b62-88e9-d0b76d326fde req-f997a41e-752f-4b62-88e9-d0b76d326fde ] Request (ServicesAdminNegativeTestJSON:setUpClass): 201 POST http://10.180.1.21/identity/v3/auth/tokens 0.067s
2025-03-06 09:02:11.261 69572 INFO tempest.lib.common.rest_client [req-01cbefcc-2503-48fe-90f2-d4b19b6c9ae9 req-01cbefcc-2503-48fe-90f2-d4b19b6c9ae9 ] Request (ServersNegativeTestJSON:setUpClass): 200 GET http://10.180.1.21/compute/v2.1/servers/9421efc6-6e98-48f4-a136-b3217e97527f 1.443s
2025-03-06 09:02:11.265 69546 INFO tempest.lib.common.rest_client [req-79efe497-f542-4e3e-b85a-3d3aa64a7101 req-79efe497-f542-4e3e-b85a-3d3aa64a7101 ] Request (FloatingIPDetailsTestJSON:test_list_floating_ips): 200 GET http://10.180.1.21/compute/v2.1/os-floating-ips 1.407s
2025-03-06 09:02:11.296 69542 INFO tempest.lib.common.rest_client [req-3298f7cb-335d-4540-bc0e-c5f76ad07eb5 req-3298f7cb-335d-4540-bc0e-c5f76ad07eb5 ] Request (ServicesAdminNegativeTestJSON:setUpClass): 201 POST http://10.180.1.21/identity/v3/auth/tokens 0.038s
2025-03-06 09:02:11.329 69542 INFO tempest.lib.common.rest_client [req-eb78a92d-28e0-4488-8cf3-88e59dbdddc0 req-eb78a92d-28e0-4488-8cf3-88e59dbdddc0 ] Request (ServicesAdminNegativeTestJSON:setUpClass): 200 GET http://10.180.1.21/identity/v3/domains?name=Default 0.032s
2025-03-06 09:02:11.344 69570 INFO tempest.lib.common.rest_client [req-bdf0be72-ea58-4c71-8056-89873b02f15e req-bdf0be72-ea58-4c71-8056-89873b02f15e ] Request (FloatingIPsAssociationTestJSON:setUpClass): 200 GET http://10.180.1.21/compute/v2.1/servers/8c21d28c-0df5-4c1e-928e-a504576e6af2 1.467s
2025-03-06 09:02:11.348 69540 INFO tempest.lib.common.rest_client [req-b3fc1fa9-600d-4ca8-bdd4-7571f232c59f req-b3fc1fa9-600d-4ca8-bdd4-7571f232c59f ] Request (ImagesOneServerTestJSON:setUpClass): 200 GET http://10.180.1.21/compute/v2.1/servers/b67b2f26-bb01-45c5-abb3-e63da889b324 1.474s
2025-03-06 09:02:11.360 69542 INFO tempest.lib.common.rest_client [req-8921a641-ddcd-4336-be3f-f9261e1f7e1b req-8921a641-ddcd-4336-be3f-f9261e1f7e1b ] Request (ServicesAdminNegativeTestJSON:setUpClass): 201 POST http://10.180.1.21/identity/v3/projects 0.030s
2025-03-06 09:02:11.367 69568 INFO tempest.lib.common.rest_client [req-3e84d109-bae5-4f12-9045-08fbc96715b4 req-3e84d109-bae5-4f12-9045-08fbc96715b4 ] Request (FlavorsAdminTestJSON:_run_cleanups): 200 GET http://10.180.1.21/compute/v2.1/flavors/detail 1.469s
2025-03-06 09:02:11.407 69552 INFO tempest.lib.common.rest_client [req-1ec2376f-c334-462e-a7e7-9277bf5525da req-1ec2376f-c334-462e-a7e7-9277bf5525da ] Request (TenantUsagesTestJSON:test_list_usage_all_tenants): 200 GET http://10.180.1.21/compute/v2.1/os-simple-tenant-usage?start=2025-03-05T09%3A02%3A05.696838&end=2025-03-07T09%3A02%3A05.696838&detailed=1 1.446s
2025-03-06 09:02:11.408 69578 INFO tempest.lib.common.rest_client [req-a79cf1a3-1736-4dc6-8c4e-73e44407b4f6 req-a79cf1a3-1736-4dc6-8c4e-73e44407b4f6 ] Request (DeleteServersAdminTestJSON:test_admin_delete_servers_of_others): 200 GET http://10.180.1.21/compute/v2.1/servers/b8f35160-0994-45dd-9159-7d896cf4c9f2 1.450s
2025-03-06 09:02:11.432 69542 INFO tempest.lib.common.rest_client [req-2b19d3a0-ed59-435b-9182-8530cb36a52c req-2b19d3a0-ed59-435b-9182-8530cb36a52c ] Request (ServicesAdminNegativeTestJSON:setUpClass): 201 POST http://10.180.1.21/identity/v3/users 0.072s
2025-03-06 09:02:11.454 69542 INFO tempest.lib.common.rest_client [req-79a7bbf9-4f2c-4e09-b927-cd3fb891da5a req-79a7bbf9-4f2c-4e09-b927-cd3fb891da5a ] Request (ServicesAdminNegativeTestJSON:setUpClass): 200 GET http://10.180.1.21/identity/v3/roles 0.021s
2025-03-06 09:02:11.481 69542 INFO tempest.lib.common.rest_client [req-3cf14ebf-04d9-4d9a-b901-c7f3a67f3720 req-3cf14ebf-04d9-4d9a-b901-c7f3a67f3720 ] Request (ServicesAdminNegativeTestJSON:setUpClass): 204 PUT http://10.180.1.21/identity/v3/projects/9955020d55ac4d3bb8036cbc7df97774/users/6627951daac840b592909500c6f1d06c/roles/77dd1ec00a064f5dbf5c2f18f20924a1 0.026s
2025-03-06 09:02:11.482 69542 INFO tempest.lib.common.dynamic_creds [-] Dynamic test user 6627951daac840b592909500c6f1d06c is created with scope project and roles: ['member']
2025-03-06 09:02:11.482 69542 INFO tempest.lib.common.dynamic_creds [-] Acquired dynamic creds: credentials: Credentials: {'domain_id': 'default', 'domain_name': 'Default', 'username': 'tempest-ServicesAdminNegativeTestJSON-1256193923-project-member', 'project_domain_id': 'default', 'project_domain_name': 'Default', 'project_id': '9955020d55ac4d3bb8036cbc7df97774', 'project_name': 'tempest-ServicesAdminNegativeTestJSON-1256193923', 'tenant_id': '9955020d55ac4d3bb8036cbc7df97774', 'tenant_name': 'tempest-ServicesAdminNegativeTestJSON-1256193923', 'user_domain_id': 'default', 'user_domain_name': 'Default', 'user_id': '6627951daac840b592909500c6f1d06c', 'system': None}, Network: None, Subnet: None, Router: None
2025-03-06 09:02:11.482 69542 INFO tempest.lib.common.dynamic_creds [-] Created isolated network resources for: credentials: Credentials: {'domain_id': 'default', 'domain_name': 'Default', 'username': 'tempest-ServicesAdminNegativeTestJSON-1256193923-project-member', 'project_domain_id': 'default', 'project_domain_name': 'Default', 'project_id': '9955020d55ac4d3bb8036cbc7df97774', 'project_name': 'tempest-ServicesAdminNegativeTestJSON-1256193923', 'tenant_id': '9955020d55ac4d3bb8036cbc7df97774', 'tenant_name': 'tempest-ServicesAdminNegativeTestJSON-1256193923', 'user_domain_id': 'default', 'user_domain_name': 'Default', 'user_id': '6627951daac840b592909500c6f1d06c', 'system': None}, Network: None, Subnet: None, Router: None
2025-03-06 09:02:11.509 69592 INFO tempest.lib.common.rest_client [req-01de386f-78f9-4b38-bb9a-0d4983fe97b5 req-01de386f-78f9-4b38-bb9a-0d4983fe97b5 ] Request (SecurityGroupsTestAdminJSON:_run_cleanups): 202 DELETE http://10.180.1.21/compute/v2.1/os-security-groups/41bcad98-406f-46cd-b008-5d09f2a6d49d 1.379s
2025-03-06 09:02:11.528 69600 INFO tempest.lib.common.rest_client [req-16cf2ad1-31da-421f-8571-9ba413a945e7 req-16cf2ad1-31da-421f-8571-9ba413a945e7 ] Request (AggregatesAdminNegativeTestJSON:_run_cleanups): 200 POST http://10.180.1.21/compute/v2.1/os-aggregates/7/action 1.565s
2025-03-06 09:02:11.556 69542 INFO tempest.lib.common.rest_client [req-ee7cc046-ea73-4502-9fe5-f2ee360b3fb7 req-ee7cc046-ea73-4502-9fe5-f2ee360b3fb7 ] Request (ServicesAdminNegativeTestJSON:setUpClass): 201 POST http://10.180.1.21/identity/v3/auth/tokens 0.069s
2025-03-06 09:02:11.561 69596 INFO tempest.lib.common.rest_client [req-8fd4002f-8661-44fd-9194-47e80259dd24 req-8fd4002f-8661-44fd-9194-47e80259dd24 ] Request (ServerRescueTestJSONUnderV235:setUpClass): 200 GET http://10.180.1.21/compute/v2.1/servers/748b699b-74d2-4956-bfa4-2e07de0a83ff 1.405s
2025-03-06 09:02:11.615 69542 INFO tempest.lib.common.rest_client [req-83dbbe31-bcfc-4b09-9160-101a505c613e req-83dbbe31-bcfc-4b09-9160-101a505c613e ] Request (ServicesAdminNegativeTestJSON:setUpClass): 201 POST http://10.180.1.21/identity/v3/projects 0.058s
2025-03-06 09:02:11.626 69576 INFO tempest.lib.common.rest_client [req-4912f705-982d-439b-992c-66319ee03acb req-4912f705-982d-439b-992c-66319ee03acb ] Request (ServersTestManualDisk:setUpClass): 200 GET http://10.180.1.21/compute/v2.1/servers/981b1665-fc39-4e8a-9628-4c878ef5659e 1.426s
2025-03-06 09:02:11.666 69542 INFO tempest.lib.common.rest_client [req-60dd72d7-26e2-4eec-bc32-2eae565b5f56 req-60dd72d7-26e2-4eec-bc32-2eae565b5f56 ] Request (ServicesAdminNegativeTestJSON:setUpClass): 201 POST http://10.180.1.21/identity/v3/users 0.051s
2025-03-06 09:02:11.687 69542 INFO tempest.lib.common.rest_client [req-9a32c493-c618-4547-ade8-63ee9ffea8fd req-9a32c493-c618-4547-ade8-63ee9ffea8fd ] Request (ServicesAdminNegativeTestJSON:setUpClass): 200 GET http://10.180.1.21/identity/v3/roles 0.020s
2025-03-06 09:02:11.701 69574 INFO tempest.lib.common.rest_client [req-db4ab539-1c91-4070-b365-ef5f2fe11dae req-db4ab539-1c91-4070-b365-ef5f2fe11dae ] Request (ServerDiagnosticsNegativeTest:tearDownClass): 204 DELETE http://10.180.1.21/compute/v2.1/servers/5e2b8644-0643-452c-908c-db1c741760a5 1.278s
2025-03-06 09:02:11.719 69542 INFO tempest.lib.common.rest_client [req-9c9b61b1-f819-4993-b92a-296a09fb3336 req-9c9b61b1-f819-4993-b92a-296a09fb3336 ] Request (ServicesAdminNegativeTestJSON:setUpClass): 204 PUT http://10.180.1.21/identity/v3/projects/49a87af9e0a647eca07c8796f4d96e2f/users/88f801970c194ad2ad4c955bfc193ae3/roles/65f1463d8ce5489f8a5832b934fb5ddb 0.032s
2025-03-06 09:02:11.759 69598 INFO tempest.lib.common.rest_client [req-fe42fcef-ca07-4466-8606-6a23745359a6 req-fe42fcef-ca07-4466-8606-6a23745359a6 ] Request (ServersTestBootFromVolume:setUpClass): 200 GET http://10.180.1.21/volume/v3/volumes/89dc07ea-dc4c-438e-8a69-415d8200befc 0.030s
2025-03-06 09:02:11.775 69542 INFO tempest.lib.common.rest_client [req-adda8606-42ea-4f01-896e-53fcfe2e8818 req-adda8606-42ea-4f01-896e-53fcfe2e8818 ] Request (ServicesAdminNegativeTestJSON:setUpClass): 200 GET http://10.180.1.21/identity/v3/roles 0.056s
2025-03-06 09:02:11.796 69542 INFO tempest.lib.common.rest_client [req-6239ae7a-04ad-47af-a881-2a128eafd3e2 req-6239ae7a-04ad-47af-a881-2a128eafd3e2 ] Request (ServicesAdminNegativeTestJSON:setUpClass): 204 PUT http://10.180.1.21/identity/v3/projects/49a87af9e0a647eca07c8796f4d96e2f/users/88f801970c194ad2ad4c955bfc193ae3/roles/65f1463d8ce5489f8a5832b934fb5ddb 0.020s
2025-03-06 09:02:11.796 69542 INFO tempest.lib.common.dynamic_creds [-] Dynamic test user 88f801970c194ad2ad4c955bfc193ae3 is created with scope project and roles: ['admin']
2025-03-06 09:02:11.797 69542 INFO tempest.lib.common.dynamic_creds [-] Acquired dynamic creds: credentials: Credentials: {'domain_id': 'default', 'domain_name': 'Default', 'username': 'tempest-ServicesAdminNegativeTestJSON-1275214109-project-admin', 'project_domain_id': 'default', 'project_domain_name': 'Default', 'project_id': '49a87af9e0a647eca07c8796f4d96e2f', 'project_name': 'tempest-ServicesAdminNegativeTestJSON-1275214109', 'tenant_id': '49a87af9e0a647eca07c8796f4d96e2f', 'tenant_name': 'tempest-ServicesAdminNegativeTestJSON-1275214109', 'user_domain_id': 'default', 'user_domain_name': 'Default', 'user_id': '88f801970c194ad2ad4c955bfc193ae3', 'system': None}, Network: None, Subnet: None, Router: None
2025-03-06 09:02:11.797 69542 INFO tempest.lib.common.dynamic_creds [-] Created isolated network resources for: credentials: Credentials: {'domain_id': 'default', 'domain_name': 'Default', 'username': 'tempest-ServicesAdminNegativeTestJSON-1275214109-project-admin', 'project_domain_id': 'default', 'project_domain_name': 'Default', 'project_id': '49a87af9e0a647eca07c8796f4d96e2f', 'project_name': 'tempest-ServicesAdminNegativeTestJSON-1275214109', 'tenant_id': '49a87af9e0a647eca07c8796f4d96e2f', 'tenant_name': 'tempest-ServicesAdminNegativeTestJSON-1275214109', 'user_domain_id': 'default', 'user_domain_name': 'Default', 'user_id': '88f801970c194ad2ad4c955bfc193ae3', 'system': None}, Network: None, Subnet: None, Router: None
2025-03-06 09:02:11.818 69566 INFO tempest.lib.common.rest_client [req-ca6459d1-f607-4ffc-bfbb-dd9ddbccbcfc req-ca6459d1-f607-4ffc-bfbb-dd9ddbccbcfc ] Request (QuotasAdminTestJSON:test_update_all_quota_resources_for_tenant): 200 PUT http://10.180.1.21/compute/v2.1/os-quota-sets/ae7945ff718541ef81062c8a2aa844ef 1.552s
2025-03-06 09:02:11.880 69542 INFO tempest.lib.common.rest_client [req-5ad29f36-f00a-4383-8de0-55122074874f req-5ad29f36-f00a-4383-8de0-55122074874f ] Request (ServicesAdminNegativeTestJSON:setUpClass): 201 POST http://10.180.1.21/identity/v3/auth/tokens 0.081s
2025-03-06 09:02:11.916 69586 INFO tempest.lib.common.rest_client [req-80c6148a-2336-4df2-b9b0-b0d076303a30 req-80c6148a-2336-4df2-b9b0-b0d076303a30 ] Request (ListImageFiltersTestJSON:setUpClass): 202 POST http://10.180.1.21/compute/v2.1/servers 1.440s
2025-03-06 09:02:11.991 69586 INFO tempest.lib.common.rest_client [req-03fd9858-ab50-49b3-966d-d5dd76ad7172 req-03fd9858-ab50-49b3-966d-d5dd76ad7172 ] Request (ListImageFiltersTestJSON:setUpClass): 201 POST http://10.180.1.21/identity/v3/auth/tokens 0.070s
2025-03-06 09:02:11.991 69586 INFO tempest.lib.common.fixed_network [-] (ListImageFiltersTestJSON:setUpClass) Found network None available for tenant
2025-03-06 09:02:12.015 69564 INFO tempest.lib.common.rest_client [req-76f14719-8a65-41ad-b82b-0ca3c2cd93aa req-76f14719-8a65-41ad-b82b-0ca3c2cd93aa ] Request (SecurityGroupRulesTestJSON:test_security_group_rules_create_with_optional_group_id): 200 POST http://10.180.1.21/compute/v2.1/os-security-groups 1.422s
2025-03-06 09:02:12.078 69594 INFO tempest.lib.common.rest_client [req-c64e3b82-6c92-4ade-a352-3ea973dc882b req-c64e3b82-6c92-4ade-a352-3ea973dc882b ] Request (SecurityGroupsTestJSON:test_security_group_create_get_delete): 200 POST http://10.180.1.21/compute/v2.1/os-security-groups 1.209s
2025-03-06 09:02:12.133 69582 INFO tempest.lib.common.rest_client [req-21eaff6d-0cc2-4d7b-88c0-1ad79bb4efab req-21eaff6d-0cc2-4d7b-88c0-1ad79bb4efab ] Request (ServerExternalEventsTest:tearDownClass): 200 GET http://10.180.1.21/compute/v2.1/servers/d36a9604-4cc7-4781-9d17-d45d62b6a66e 1.152s
2025-03-06 09:02:12.197 69544 INFO tempest.lib.common.rest_client [req-14fa17ae-bfaf-4e1f-a30e-09004f957da7 req-14fa17ae-bfaf-4e1f-a30e-09004f957da7 ] Request (MigrationsAdminTest:test_list_migrations_in_flavor_resize_situation): 202 POST http://10.180.1.21/compute/v2.1/servers/99c21326-9d7e-4439-89b0-5dfd90577cdb/action 1.287s
2025-03-06 09:02:12.238 69560 INFO tempest.lib.common.rest_client [req-26a98142-e94e-489c-a54b-8eb9466d3ed2 req-26a98142-e94e-489c-a54b-8eb9466d3ed2 ] Request (HypervisorAdminNegativeTestJSON:test_get_hypervisor_list_details_with_non_admin_user): 403 GET http://10.180.1.21/compute/v2.1/os-hypervisors/detail 1.206s
2025-03-06 09:02:12.295 69588 INFO tempest.lib.common.rest_client [req-01eb1397-6977-4a76-b2ed-3d7d2738db4b req-01eb1397-6977-4a76-b2ed-3d7d2738db4b ] Request (ServerRescueNegativeTestJSON:setUpClass): 200 GET http://10.180.1.21/compute/v2.1/servers/9fdc7289-1ff9-4b6c-a263-6930d47677bc 1.163s
2025-03-06 09:02:12.312 69538 INFO tempest.lib.common.rest_client [req-88c36d8b-efbf-4459-9322-e773af65f0a6 req-88c36d8b-efbf-4459-9322-e773af65f0a6 ] Request (ServerAddressesTestJSON:setUpClass): 200 GET http://10.180.1.21/compute/v2.1/servers/372e5d17-9bf6-4431-8804-d6ddc5f717ef 1.258s
2025-03-06 09:02:12.320 69538 INFO tempest.common.waiters [-] State transition "BUILD/networking" ==> "BUILD/spawning" after 12 second wait
2025-03-06 09:02:12.389 69562 INFO tempest.lib.common.rest_client [req-0def5f7c-53d7-437c-8bca-6d8e93d19816 req-0def5f7c-53d7-437c-8bca-6d8e93d19816 ] Request (ServersAdmin275Test:_run_cleanups): 200 GET http://10.180.1.21/compute/v2.1/servers/4daa71d1-7ad0-4357-a975-400d96176698 1.096s
2025-03-06 09:02:12.402 69562 INFO tempest.common.waiters [-] State transition "REBUILD/rebuild_spawning" ==> "ACTIVE/None" after 8 second wait
2025-03-06 09:02:12.455 69556 INFO tempest.lib.common.rest_client [req-8cc138b2-d2d8-4d05-817f-2311e9bd06c0 req-8cc138b2-d2d8-4d05-817f-2311e9bd06c0 ] Request (AttachInterfacesTestJSON:test_create_list_show_delete_interfaces_by_fixed_ip): 200 GET http://10.180.1.21/compute/v2.1/servers/d754cfd3-f0ca-4903-8309-c0fd88805fea 1.097s
2025-03-06 09:02:12.473 69568 INFO tempest.lib.common.rest_client [req-887902f6-35bd-4efd-9654-4a62300f3221 req-887902f6-35bd-4efd-9654-4a62300f3221 ] Request (FlavorsAdminTestJSON:test_is_public_string_variations): 200 POST http://10.180.1.21/compute/v2.1/flavors 1.100s
2025-03-06 09:02:12.582 69552 INFO tempest.lib.common.rest_client [req-551ae9ad-43a3-4588-b4db-e1f2e3739729 req-551ae9ad-43a3-4588-b4db-e1f2e3739729 ] Request (TenantUsagesTestJSON:tearDownClass): 204 DELETE http://10.180.1.21/compute/v2.1/servers/dfe2202c-0859-4596-a0a4-70fef4f6ecff 1.169s
2025-03-06 09:02:12.648 69590 INFO tempest.lib.common.rest_client [req-a2d78067-d8e1-4b3e-be5c-81c554c943a9 req-a2d78067-d8e1-4b3e-be5c-81c554c943a9 ] Request (ImagesNegativeTestJSON:test_create_image_from_deleted_server): 200 GET http://10.180.1.21/compute/v2.1/servers/78a33d3a-2242-450d-a896-0701fbc034ae 1.141s
2025-03-06 09:02:12.802 69598 INFO tempest.lib.common.rest_client [req-f9d3df38-01c0-41d1-bad5-a06a0ff5e51a req-f9d3df38-01c0-41d1-bad5-a06a0ff5e51a ] Request (ServersTestBootFromVolume:setUpClass): 200 GET http://10.180.1.21/volume/v3/volumes/89dc07ea-dc4c-438e-8a69-415d8200befc 0.035s
2025-03-06 09:02:12.848 69592 INFO tempest.lib.common.rest_client [req-db66159f-85bd-4e9d-a4f8-8d4965f26009 req-db66159f-85bd-4e9d-a4f8-8d4965f26009 ] Request (SecurityGroupsTestAdminJSON:_run_cleanups): 202 DELETE http://10.180.1.21/compute/v2.1/os-security-groups/8a043070-21ae-40ca-ace4-93b6a3427c37 1.338s
2025-03-06 09:02:12.871 69600 INFO tempest.lib.common.rest_client [req-d7eb4ffb-01a0-43f5-a759-ca5e6581a596 req-d7eb4ffb-01a0-43f5-a759-ca5e6581a596 ] Request (AggregatesAdminNegativeTestJSON:_run_cleanups): 200 DELETE http://10.180.1.21/compute/v2.1/os-aggregates/7 1.341s
2025-03-06 09:02:12.889 69546 INFO tempest.lib.common.rest_client [req-2403de8b-746a-4262-a354-2a59e8151e56 req-2403de8b-746a-4262-a354-2a59e8151e56 ] Request (FloatingIPDetailsTestJSON:tearDownClass): 202 DELETE http://10.180.1.21/compute/v2.1/os-floating-ips/aa68e80a-6cd4-44ff-a8cb-450bdf6ffdff 1.619s
2025-03-06 09:02:12.975 69585 INFO tempest.lib.common.rest_client [req-26b2d139-0f7e-4ca6-8deb-5e5cb60dfef9 req-26b2d139-0f7e-4ca6-8deb-5e5cb60dfef9 ] Request (ServerDiagnosticsTest:tearDownClass): 200 GET http://10.180.1.21/compute/v2.1/servers/93db5ef7-9fbd-4a76-a50a-71cc14b3355e 1.377s
2025-03-06 09:02:12.977 69580 INFO tempest.lib.common.rest_client [req-7d1c1699-c70f-4352-8304-3085adfa9b2e req-7d1c1699-c70f-4352-8304-3085adfa9b2e ] Request (ServersTestMultiNic:test_verify_duplicate_network_nics): 200 GET http://10.180.1.21/compute/v2.1/servers/12a88bb1-749a-4eff-91d0-e0929a530f8e 1.286s
2025-03-06 09:02:13.117 69574 INFO tempest.lib.common.rest_client [req-9ed2a37e-c11c-404d-abc9-4926604af727 req-9ed2a37e-c11c-404d-abc9-4926604af727 ] Request (ServerDiagnosticsNegativeTest:tearDownClass): 200 GET http://10.180.1.21/compute/v2.1/servers/5e2b8644-0643-452c-908c-db1c741760a5 1.415s
2025-03-06 09:02:13.171 69542 INFO tempest.lib.common.rest_client [req-6e7c94d5-3d8d-484f-9ba5-c891ef52b578 req-6e7c94d5-3d8d-484f-9ba5-c891ef52b578 ] Request (ServicesAdminNegativeTestJSON:test_get_service_by_invalid_params): 200 GET http://10.180.1.21/compute/v2.1/os-services 1.289s
2025-03-06 09:02:13.268 69566 INFO tempest.lib.common.rest_client [req-604b3a07-77b9-4096-a44e-77b39cc0fe50 req-604b3a07-77b9-4096-a44e-77b39cc0fe50 ] Request (QuotasAdminTestJSON:_run_cleanups): 200 PUT http://10.180.1.21/compute/v2.1/os-quota-sets/ae7945ff718541ef81062c8a2aa844ef 1.447s
2025-03-06 09:02:13.431 69566 INFO tempest.lib.common.rest_client [req-5028729c-e8cd-4bc6-8bcc-11ccb4af4189 req-5028729c-e8cd-4bc6-8bcc-11ccb4af4189 ] Request (QuotasAdminTestJSON:tearDownClass): 204 DELETE http://10.180.1.21/identity/v3/users/84c05e39aa1f434696046f23061dac4d 0.157s
2025-03-06 09:02:13.470 69586 INFO tempest.lib.common.rest_client [req-052952b4-e799-4697-96f1-3d9f1564894e req-052952b4-e799-4697-96f1-3d9f1564894e ] Request (ListImageFiltersTestJSON:setUpClass): 202 POST http://10.180.1.21/compute/v2.1/servers 1.478s
2025-03-06 09:02:13.483 69564 INFO tempest.lib.common.rest_client [req-47ff27cd-3d88-48b6-958c-fc656444e4e1 req-47ff27cd-3d88-48b6-958c-fc656444e4e1 ] Request (SecurityGroupRulesTestJSON:test_security_group_rules_create_with_optional_group_id): 200 POST http://10.180.1.21/compute/v2.1/os-security-group-rules 1.462s
2025-03-06 09:02:13.486 69564 WARNING tempest.lib.common.rest_client [-] Deprecated: "tenant_id" property is deprecated for removal, use "project_id" instead
2025-03-06 09:02:13.507 69554 INFO tempest.lib.common.rest_client [req-36e5a487-c93a-4921-ae4b-ec6a4b412581 req-36e5a487-c93a-4921-ae4b-ec6a4b412581 ] Request (QuotasAdminTestV257:test_get_updated_quotas): 200 GET http://10.180.1.21/identity/v3/domains?name=Default 0.147s
2025-03-06 09:02:13.512 69594 INFO tempest.lib.common.rest_client [req-67bf513b-2390-43fb-b18d-b955868f840e req-67bf513b-2390-43fb-b18d-b955868f840e ] Request (SecurityGroupsTestJSON:test_security_group_create_get_delete): 200 GET http://10.180.1.21/compute/v2.1/os-security-groups/9fdbf9a5-161b-45ac-8789-7f82c606dd09 1.431s
2025-03-06 09:02:13.522 69560 INFO tempest.lib.common.rest_client [req-6fe614d9-752c-4569-8416-68546a809607 req-6fe614d9-752c-4569-8416-68546a809607 ] Request (HypervisorAdminNegativeTestJSON:test_get_hypervisor_list_with_non_admin_user): 403 GET http://10.180.1.21/compute/v2.1/os-hypervisors 1.282s
2025-03-06 09:02:13.549 69558 WARNING tempest.lib.common.ssh [-] Failed to establish authenticated ssh connection to cirros@10.180.180.230 ([Errno None] Unable to connect to port 22 on 10.180.180.230). Number attempts: 1. Retry after 2 seconds.: paramiko.ssh_exception.NoValidConnectionsError: [Errno None] Unable to connect to port 22 on 10.180.180.230
2025-03-06 09:02:13.563 69554 INFO tempest.lib.common.rest_client [req-7f610040-7a1d-4e72-9f0b-d96b415334e8 req-7f610040-7a1d-4e72-9f0b-d96b415334e8 ] Request (QuotasAdminTestV257:test_get_updated_quotas): 201 POST http://10.180.1.21/identity/v3/projects 0.055s
