2025-03-06 09:01:32.210 69548 INFO tempest.lib.common.rest_client [req-20a6cf91-39c8-4336-ae1a-3b19ae36db36 req-20a6cf91-39c8-4336-ae1a-3b19ae36db36 ] Request (ServerDiagnosticsV248Test:setUpClass): 200 GET http://10.180.1.21/identity/v3/roles 0.135s
2025-03-06 09:01:32.270 69578 INFO tempest.lib.common.rest_client [req-a1277f40-eac9-4fcc-9abe-2601fe2d36d3 req-a1277f40-eac9-4fcc-9abe-2601fe2d36d3 ] Request (DeleteServersAdminTestJSON:test_admin_delete_servers_of_others): 200 GET http://10.180.1.21/compute/v2.1/servers/b8f35160-0994-45dd-9159-7d896cf4c9f2 1.758s
2025-03-06 09:01:32.334 69560 INFO tempest.lib.common.rest_client [req-c4963b0a-655a-4f2a-9818-083139894e02 req-c4963b0a-655a-4f2a-9818-083139894e02 ] Request (FlavorsAccessNegativeTestJSON:test_add_flavor_access_duplicate): 200 POST http://10.180.1.21/compute/v2.1/flavors/1940002613/action 2.340s
2025-03-06 09:01:32.343 69585 INFO tempest.lib.common.rest_client [req-65bf2802-534e-4a39-81bb-ba90a7559043 req-65bf2802-534e-4a39-81bb-ba90a7559043 ] Request (ServerDiagnosticsTest:test_get_server_diagnostics): 200 GET http://10.180.1.21/compute/v2.1/servers/93db5ef7-9fbd-4a76-a50a-71cc14b3355e 1.785s
2025-03-06 09:01:32.353 69540 INFO tempest.lib.common.rest_client [req-debb7051-9ec3-4f02-98d5-bce41877ed79 req-debb7051-9ec3-4f02-98d5-bce41877ed79 ] Request (ServicesAdminNegativeV253TestJSON:test_enable_service_with_invalid_service_id): 404 PUT http://10.180.1.21/compute/v2.1/os-services/7da44b50-073b-4c6d-a710-173b577ae502 1.778s
2025-03-06 09:01:32.368 69546 INFO tempest.lib.common.rest_client [req-67e48f09-ed20-4b3b-b04f-a57865ed36a7 req-67e48f09-ed20-4b3b-b04f-a57865ed36a7 ] Request (QuotaClassesAdminTestJSON:test_update_default_quotas): 200 GET http://10.180.1.21/compute/v2.1/os-quota-class-sets/default 1.490s
2025-03-06 09:01:32.371 69550 INFO tempest.lib.common.rest_client [req-1e73a69f-c943-4ebd-b153-fc3dbbe0ff27 req-1e73a69f-c943-4ebd-b153-fc3dbbe0ff27 ] Request (KeyPairsV2TestJSON:setUpClass): 200 GET http://10.180.1.21/identity/v3/roles 0.214s
2025-03-06 09:01:32.393 69596 INFO tempest.lib.common.rest_client [req-cdab18ae-f7c4-49fe-815b-c2f91deec5b6 req-cdab18ae-f7c4-49fe-815b-c2f91deec5b6 ] Request (ImagesDeleteNegativeTestJSON:test_delete_image_with_invalid_image_id): 404 DELETE http://10.180.1.21/compute/v2.1/images/tempest-invalid-347727043 1.502s
2025-03-06 09:01:32.396 69574 INFO tempest.lib.common.rest_client [req-6fd5d953-0e1c-4ef0-9cbd-2715f6093da6 req-6fd5d953-0e1c-4ef0-9cbd-2715f6093da6 ] Request (AZAdminV2TestJSON:tearDownClass): 201 POST http://10.180.1.21/identity/v3/auth/tokens 0.195s
2025-03-06 09:01:32.405 69548 INFO tempest.lib.common.rest_client [req-6f825d37-75ce-445f-8dc8-c1a64612ab7d req-6f825d37-75ce-445f-8dc8-c1a64612ab7d ] Request (ServerDiagnosticsV248Test:setUpClass): 204 PUT http://10.180.1.21/identity/v3/projects/123fa2dc86ee47d2a2821a9f3e7e77f2/users/898f4e750a674bbe85219b6ed5bc2978/roles/77dd1ec00a064f5dbf5c2f18f20924a1 0.191s
2025-03-06 09:01:32.405 69548 INFO tempest.lib.common.dynamic_creds [-] Dynamic test user 898f4e750a674bbe85219b6ed5bc2978 is created with scope project and roles: ['member']
2025-03-06 09:01:32.405 69548 INFO tempest.lib.common.dynamic_creds [-] Acquired dynamic creds: credentials: Credentials: {'domain_id': 'default', 'domain_name': 'Default', 'username': 'tempest-ServerDiagnosticsV248Test-1581520821-project-member', 'project_domain_id': 'default', 'project_domain_name': 'Default', 'project_id': '123fa2dc86ee47d2a2821a9f3e7e77f2', 'project_name': 'tempest-ServerDiagnosticsV248Test-1581520821', 'tenant_id': '123fa2dc86ee47d2a2821a9f3e7e77f2', 'tenant_name': 'tempest-ServerDiagnosticsV248Test-1581520821', 'user_domain_id': 'default', 'user_domain_name': 'Default', 'user_id': '898f4e750a674bbe85219b6ed5bc2978', 'system': None}, Network: None, Subnet: None, Router: None
2025-03-06 09:01:32.405 69548 INFO tempest.lib.common.dynamic_creds [-] Created isolated network resources for: credentials: Credentials: {'domain_id': 'default', 'domain_name': 'Default', 'username': 'tempest-ServerDiagnosticsV248Test-1581520821-project-member', 'project_domain_id': 'default', 'project_domain_name': 'Default', 'project_id': '123fa2dc86ee47d2a2821a9f3e7e77f2', 'project_name': 'tempest-ServerDiagnosticsV248Test-1581520821', 'tenant_id': '123fa2dc86ee47d2a2821a9f3e7e77f2', 'tenant_name': 'tempest-ServerDiagnosticsV248Test-1581520821', 'user_domain_id': 'default', 'user_domain_name': 'Default', 'user_id': '898f4e750a674bbe85219b6ed5bc2978', 'system': None}, Network: None, Subnet: None, Router: None
2025-03-06 09:01:32.459 69550 INFO tempest.lib.common.rest_client [req-9a66593f-25ce-4502-b48e-a17e456028ba req-9a66593f-25ce-4502-b48e-a17e456028ba ] Request (KeyPairsV2TestJSON:setUpClass): 204 PUT http://10.180.1.21/identity/v3/projects/835b0f7247104f1e9daeff29bf6f7ff9/users/70c237b012314b55851f97114820abd9/roles/77dd1ec00a064f5dbf5c2f18f20924a1 0.087s
2025-03-06 09:01:32.459 69550 INFO tempest.lib.common.dynamic_creds [-] Dynamic test user 70c237b012314b55851f97114820abd9 is created with scope project and roles: ['member']
2025-03-06 09:01:32.459 69550 INFO tempest.lib.common.dynamic_creds [-] Acquired dynamic creds: credentials: Credentials: {'domain_id': 'default', 'domain_name': 'Default', 'username': 'tempest-KeyPairsV2TestJSON-670153920-project-member', 'project_domain_id': 'default', 'project_domain_name': 'Default', 'project_id': '835b0f7247104f1e9daeff29bf6f7ff9', 'project_name': 'tempest-KeyPairsV2TestJSON-670153920', 'tenant_id': '835b0f7247104f1e9daeff29bf6f7ff9', 'tenant_name': 'tempest-KeyPairsV2TestJSON-670153920', 'user_domain_id': 'default', 'user_domain_name': 'Default', 'user_id': '70c237b012314b55851f97114820abd9', 'system': None}, Network: None, Subnet: None, Router: None
2025-03-06 09:01:32.459 69550 INFO tempest.lib.common.dynamic_creds [-] Created isolated network resources for: credentials: Credentials: {'domain_id': 'default', 'domain_name': 'Default', 'username': 'tempest-KeyPairsV2TestJSON-670153920-project-member', 'project_domain_id': 'default', 'project_domain_name': 'Default', 'project_id': '835b0f7247104f1e9daeff29bf6f7ff9', 'project_name': 'tempest-KeyPairsV2TestJSON-670153920', 'tenant_id': '835b0f7247104f1e9daeff29bf6f7ff9', 'tenant_name': 'tempest-KeyPairsV2TestJSON-670153920', 'user_domain_id': 'default', 'user_domain_name': 'Default', 'user_id': '70c237b012314b55851f97114820abd9', 'system': None}, Network: None, Subnet: None, Router: None
2025-03-06 09:01:32.509 69582 INFO tempest.lib.common.rest_client [req-1d166b17-7604-4c05-870b-442d6d4ef152 req-1d166b17-7604-4c05-870b-442d6d4ef152 ] Request (ServerExternalEventsTest:test_create_server_external_events): 200 GET http://10.180.1.21/compute/v2.1/servers/d36a9604-4cc7-4781-9d17-d45d62b6a66e 1.569s
2025-03-06 09:01:32.514 69552 INFO tempest.lib.common.rest_client [req-f8a1c3da-e57f-485a-948e-9541522cc8d4 req-f8a1c3da-e57f-485a-948e-9541522cc8d4 ] Request (HypervisorAdminV228Test:tearDownClass): 200 GET http://10.180.1.21:9696/networking/v2.0/security-groups?tenant_id=e721cbd0df6543e3a5eb0183f51dd4c8&name=default 0.396s
2025-03-06 09:01:32.534 69542 INFO tempest.lib.common.rest_client [req-97b40212-55e4-4f49-b2d2-75ab5234f45b req-97b40212-55e4-4f49-b2d2-75ab5234f45b ] Request (FlavorsExtraSpecsTestJSON:test_flavor_non_admin_get_specific_key): 200 POST http://10.180.1.21/compute/v2.1/flavors/1516382881/os-extra_specs 1.447s
2025-03-06 09:01:32.540 69568 INFO tempest.lib.common.rest_client [req-9a595d09-2d45-41d3-a16a-122c861c8d8d req-9a595d09-2d45-41d3-a16a-122c861c8d8d ] Request (FlavorsAdminTestJSON:test_create_flavor_using_string_ram): 200 POST http://10.180.1.21/compute/v2.1/flavors 1.867s
2025-03-06 09:01:32.552 69572 INFO tempest.lib.common.rest_client [req-c91a97f7-3453-40a7-abd4-a38bb6820e2c req-c91a97f7-3453-40a7-abd4-a38bb6820e2c ] Request (HypervisorAdminV253TestBase:tearDownClass): 200 GET http://10.180.1.21:9696/networking/v2.0/security-groups?tenant_id=1d63ef202d914072ac364b821d38071e&name=default 0.429s
2025-03-06 09:01:32.565 69538 INFO tempest.lib.common.rest_client [req-4c0de162-d55b-45a0-93db-856568d5e77e req-4c0de162-d55b-45a0-93db-856568d5e77e ] Request (ImagesMetadataNegativeTestJSON:test_get_nonexistent_image_metadata_item): 404 GET http://10.180.1.21/compute/v2.1/images/4688b7be-134e-46cd-b78a-09167598b006/metadata/os_version 1.470s
2025-03-06 09:01:32.597 69548 INFO tempest.lib.common.rest_client [req-20548422-e391-47b7-885a-32de1b18ef83 req-20548422-e391-47b7-885a-32de1b18ef83 ] Request (ServerDiagnosticsV248Test:setUpClass): 201 POST http://10.180.1.21/identity/v3/auth/tokens 0.183s
2025-03-06 09:01:32.606 69550 INFO tempest.lib.common.rest_client [req-61cb9dbd-2099-4964-9289-ec390b93b75a req-61cb9dbd-2099-4964-9289-ec390b93b75a ] Request (KeyPairsV2TestJSON:setUpClass): 201 POST http://10.180.1.21/identity/v3/auth/tokens 0.143s
2025-03-06 09:01:32.636 69548 INFO tempest.lib.common.rest_client [req-52378f88-6ae6-4a05-a247-3207a1628523 req-52378f88-6ae6-4a05-a247-3207a1628523 ] Request (ServerDiagnosticsV248Test:setUpClass): 201 POST http://10.180.1.21/identity/v3/projects 0.039s
2025-03-06 09:01:32.697 69548 INFO tempest.lib.common.rest_client [req-7fcc3e88-bce0-4ad1-96b7-3c4ac841c8b2 req-7fcc3e88-bce0-4ad1-96b7-3c4ac841c8b2 ] Request (ServerDiagnosticsV248Test:setUpClass): 201 POST http://10.180.1.21/identity/v3/users 0.060s
2025-03-06 09:01:32.716 69548 INFO tempest.lib.common.rest_client [req-f5b1d56a-b3c1-4418-bd9e-0bc4f897e7d5 req-f5b1d56a-b3c1-4418-bd9e-0bc4f897e7d5 ] Request (ServerDiagnosticsV248Test:setUpClass): 200 GET http://10.180.1.21/identity/v3/roles 0.018s
2025-03-06 09:01:32.741 69552 INFO tempest.lib.common.rest_client [req-70ad58b2-1977-43ab-855e-050cedd28e88 req-70ad58b2-1977-43ab-855e-050cedd28e88 ] Request (HypervisorAdminV228Test:tearDownClass): 204 DELETE http://10.180.1.21:9696/networking/v2.0/security-groups/48d19e4e-a396-44ff-8793-279138599c97 0.226s
2025-03-06 09:01:32.751 69548 INFO tempest.lib.common.rest_client [req-3ef5df4e-496b-4569-a945-be30d9ef57a5 req-3ef5df4e-496b-4569-a945-be30d9ef57a5 ] Request (ServerDiagnosticsV248Test:setUpClass): 204 PUT http://10.180.1.21/identity/v3/projects/d9321b6f714d474283bf5c6c9a7d7b56/users/d7bbfcfe0e76416f82379235d4a07ceb/roles/65f1463d8ce5489f8a5832b934fb5ddb 0.034s
2025-03-06 09:01:32.752 69586 INFO tempest.lib.common.rest_client [req-9b6130f4-2bd9-4570-9841-ba17180ce99f req-9b6130f4-2bd9-4570-9841-ba17180ce99f ] Request (FloatingIPsTestJSON:test_allocate_floating_ip): 200 GET http://10.180.1.21/compute/v2.1/os-floating-ips 1.492s
2025-03-06 09:01:32.759 69574 INFO tempest.lib.common.rest_client [req-b34b655a-4e02-49b0-9b5b-37ce8d704733 req-b34b655a-4e02-49b0-9b5b-37ce8d704733 ] Request (AZAdminV2TestJSON:tearDownClass): 200 GET http://10.180.1.21:9696/networking/v2.0/security-groups?tenant_id=99d32db1d60f48b99e30f94285bcdd60&name=default 0.362s
2025-03-06 09:01:32.764 69556 INFO tempest.lib.common.rest_client [req-2d4fb017-f2a0-4984-95e9-15290833c4a6 req-2d4fb017-f2a0-4984-95e9-15290833c4a6 ] Request (FlavorsExtraSpecsNegativeTestJSON:test_flavor_non_admin_set_keys): 403 POST http://10.180.1.21/compute/v2.1/flavors/1571399351/os-extra_specs 1.261s
2025-03-06 09:01:32.771 69572 INFO tempest.lib.common.rest_client [req-fa1628f5-072a-45ec-b430-0a78ac9bb44d req-fa1628f5-072a-45ec-b430-0a78ac9bb44d ] Request (HypervisorAdminV253TestBase:tearDownClass): 204 DELETE http://10.180.1.21:9696/networking/v2.0/security-groups/11d577ff-73a4-4f87-ba95-416cbe5cc471 0.219s
2025-03-06 09:01:32.808 69548 INFO tempest.lib.common.rest_client [req-c21c3ff7-6c60-40b7-964e-c3a8dbb2c1c4 req-c21c3ff7-6c60-40b7-964e-c3a8dbb2c1c4 ] Request (ServerDiagnosticsV248Test:setUpClass): 200 GET http://10.180.1.21/identity/v3/roles 0.057s
2025-03-06 09:01:32.864 69552 INFO tempest.lib.common.rest_client [req-b8f4f661-fd83-4112-8c11-8501b4ddf33e req-b8f4f661-fd83-4112-8c11-8501b4ddf33e ] Request (HypervisorAdminV228Test:tearDownClass): 204 DELETE http://10.180.1.21/identity/v3/projects/e721cbd0df6543e3a5eb0183f51dd4c8 0.122s
2025-03-06 09:01:32.864 69552 INFO tempest.lib.common.dynamic_creds [-] Deleting project and security group for project: f34f0f7f79af499c9892df300a9a16ad
2025-03-06 09:01:32.882 69574 INFO tempest.lib.common.rest_client [req-9c173b26-8b42-4139-b6da-60ef5313b982 req-9c173b26-8b42-4139-b6da-60ef5313b982 ] Request (AZAdminV2TestJSON:tearDownClass): 204 DELETE http://10.180.1.21:9696/networking/v2.0/security-groups/ce026584-f9dc-49f4-9bf2-05dddb0561d4 0.123s
2025-03-06 09:01:32.949 69552 INFO tempest.lib.common.rest_client [req-7f143c71-d80f-44a8-91bb-9c73e22be1ac req-7f143c71-d80f-44a8-91bb-9c73e22be1ac ] Request (HypervisorAdminV228Test:tearDownClass): 200 GET http://10.180.1.21:9696/networking/v2.0/security-groups?tenant_id=f34f0f7f79af499c9892df300a9a16ad&name=default 0.085s
2025-03-06 09:01:32.954 69548 INFO tempest.lib.common.rest_client [req-703a2c2e-f3ea-4c4d-9aa0-eea1a8aabf15 req-703a2c2e-f3ea-4c4d-9aa0-eea1a8aabf15 ] Request (ServerDiagnosticsV248Test:setUpClass): 204 PUT http://10.180.1.21/identity/v3/projects/d9321b6f714d474283bf5c6c9a7d7b56/users/d7bbfcfe0e76416f82379235d4a07ceb/roles/65f1463d8ce5489f8a5832b934fb5ddb 0.145s
2025-03-06 09:01:32.955 69548 INFO tempest.lib.common.dynamic_creds [-] Dynamic test user d7bbfcfe0e76416f82379235d4a07ceb is created with scope project and roles: ['admin']
2025-03-06 09:01:32.955 69548 INFO tempest.lib.common.dynamic_creds [-] Acquired dynamic creds: credentials: Credentials: {'domain_id': 'default', 'domain_name': 'Default', 'username': 'tempest-ServerDiagnosticsV248Test-1146473110-project-admin', 'project_domain_id': 'default', 'project_domain_name': 'Default', 'project_id': 'd9321b6f714d474283bf5c6c9a7d7b56', 'project_name': 'tempest-ServerDiagnosticsV248Test-1146473110', 'tenant_id': 'd9321b6f714d474283bf5c6c9a7d7b56', 'tenant_name': 'tempest-ServerDiagnosticsV248Test-1146473110', 'user_domain_id': 'default', 'user_domain_name': 'Default', 'user_id': 'd7bbfcfe0e76416f82379235d4a07ceb', 'system': None}, Network: None, Subnet: None, Router: None
2025-03-06 09:01:32.955 69548 INFO tempest.lib.common.dynamic_creds [-] Created isolated network resources for: credentials: Credentials: {'domain_id': 'default', 'domain_name': 'Default', 'username': 'tempest-ServerDiagnosticsV248Test-1146473110-project-admin', 'project_domain_id': 'default', 'project_domain_name': 'Default', 'project_id': 'd9321b6f714d474283bf5c6c9a7d7b56', 'project_name': 'tempest-ServerDiagnosticsV248Test-1146473110', 'tenant_id': 'd9321b6f714d474283bf5c6c9a7d7b56', 'tenant_name': 'tempest-ServerDiagnosticsV248Test-1146473110', 'user_domain_id': 'default', 'user_domain_name': 'Default', 'user_id': 'd7bbfcfe0e76416f82379235d4a07ceb', 'system': None}, Network: None, Subnet: None, Router: None
2025-03-06 09:01:32.957 69570 INFO tempest.lib.common.rest_client [req-833571bc-6e4f-4a07-bf2c-5ce8cdda6254 req-833571bc-6e4f-4a07-bf2c-5ce8cdda6254 ] Request (FlavorsAccessTestJSON:test_flavor_access_add_remove): 200 GET http://10.180.1.21/compute/v2.1/flavors/detail 1.419s
2025-03-06 09:01:32.966 69572 INFO tempest.lib.common.rest_client [req-a89a961d-91e1-4e9d-aa74-160ba5dd7bfa req-a89a961d-91e1-4e9d-aa74-160ba5dd7bfa ] Request (HypervisorAdminV253TestBase:tearDownClass): 204 DELETE http://10.180.1.21/identity/v3/projects/1d63ef202d914072ac364b821d38071e 0.194s
2025-03-06 09:01:32.966 69572 INFO tempest.lib.common.dynamic_creds [-] Deleting project and security group for project: 58bb577f0b4a4a0a93654b4e7f22df29
2025-03-06 09:01:33.040 69548 INFO tempest.lib.common.rest_client [req-6ab20dc5-f90b-48e1-a073-a3471a45a9b2 req-6ab20dc5-f90b-48e1-a073-a3471a45a9b2 ] Request (ServerDiagnosticsV248Test:setUpClass): 201 POST http://10.180.1.21/identity/v3/auth/tokens 0.082s
2025-03-06 09:01:33.051 69574 INFO tempest.lib.common.rest_client [req-e63eab67-d84e-48e9-b3a8-2cabfe47fb4f req-e63eab67-d84e-48e9-b3a8-2cabfe47fb4f ] Request (AZAdminV2TestJSON:tearDownClass): 204 DELETE http://10.180.1.21/identity/v3/projects/99d32db1d60f48b99e30f94285bcdd60 0.168s
2025-03-06 09:01:33.051 69574 INFO tempest.lib.common.dynamic_creds [-] Deleting project and security group for project: deb4b40c6f08484581b4d6384ac3d67c
2025-03-06 09:01:33.078 69576 INFO tempest.lib.common.rest_client [req-79507d80-e392-40c8-8657-ff0c9fd145b0 req-79507d80-e392-40c8-8657-ff0c9fd145b0 ] Request (NetworksTest:test_list_all_networks): 200 GET http://10.180.1.21/compute/v2.1/os-networks 1.514s
2025-03-06 09:01:33.098 69548 INFO tempest.lib.common.rest_client [req-3ffc5c10-dcc2-40ab-bbd2-e74fa7b2d9aa req-3ffc5c10-dcc2-40ab-bbd2-e74fa7b2d9aa ] Request (ServerDiagnosticsV248Test:test_get_server_diagnostics): 201 POST http://10.180.1.21/identity/v3/auth/tokens 0.053s
2025-03-06 09:01:33.099 69548 INFO tempest.lib.common.fixed_network [-] (ServerDiagnosticsV248Test:test_get_server_diagnostics) Found network None available for tenant
2025-03-06 09:01:33.101 69590 INFO tempest.lib.common.rest_client [req-9f4914cd-4828-487f-ac88-37147333b347 req-9f4914cd-4828-487f-ac88-37147333b347 ] Request (FlavorMetadataValidation:_run_cleanups): 202 DELETE http://10.180.1.21/compute/v2.1/flavors/209472941 1.441s
2025-03-06 09:01:33.105 69552 INFO tempest.lib.common.rest_client [req-706c4d4a-8620-43eb-98a7-af42ec315730 req-706c4d4a-8620-43eb-98a7-af42ec315730 ] Request (HypervisorAdminV228Test:tearDownClass): 204 DELETE http://10.180.1.21:9696/networking/v2.0/security-groups/41e1e12a-c5e8-4bf6-8233-48307760f55e 0.155s
2025-03-06 09:01:33.120 69598 INFO tempest.lib.common.rest_client [req-0717f30b-e63d-4258-b683-22176f35d584 req-0717f30b-e63d-4258-b683-22176f35d584 ] Request (HostsAdminTestJSON:test_list_hosts_with_nonexistent_zone): 200 GET http://10.180.1.21/compute/v2.1/os-hosts?zone=xxx 1.438s
2025-03-06 09:01:33.126 69588 INFO tempest.lib.common.rest_client [req-632966d2-9507-483d-a0b0-b3a3b990c93b req-632966d2-9507-483d-a0b0-b3a3b990c93b ] Request (InstanceUsageAuditLogNegativeTestJSON:test_instance_usage_audit_logs_with_nonadmin_user): 403 GET http://10.180.1.21/compute/v2.1/os-instance_usage_audit_log/2025-03-06%2009%3A01%3A31 1.411s
2025-03-06 09:01:33.141 69572 INFO tempest.lib.common.rest_client [req-894ea093-74b3-4997-8901-db4c85d1049b req-894ea093-74b3-4997-8901-db4c85d1049b ] Request (HypervisorAdminV253TestBase:tearDownClass): 200 GET http://10.180.1.21:9696/networking/v2.0/security-groups?tenant_id=58bb577f0b4a4a0a93654b4e7f22df29&name=default 0.175s
2025-03-06 09:01:33.154 69544 INFO tempest.lib.common.rest_client [req-56c1dfa2-bd61-4699-a37f-797871be51b1 req-56c1dfa2-bd61-4699-a37f-797871be51b1 ] Request (HypervisorAdminTestJSON:test_get_hypervisor_show_details): 200 GET http://10.180.1.21/compute/v2.1/os-hypervisors/1 1.412s
2025-03-06 09:01:33.181 69600 INFO tempest.lib.common.rest_client [req-e10c8f53-ae27-48fd-9c86-3e55cdddaa36 req-e10c8f53-ae27-48fd-9c86-3e55cdddaa36 ] Request (AggregatesAdminNegativeTestJSON:test_aggregate_add_host_as_user): 200 POST http://10.180.1.21/compute/v2.1/os-aggregates 1.407s
2025-03-06 09:01:33.192 69574 INFO tempest.lib.common.rest_client [req-987509b7-10f4-4b4d-bc71-79a16c05e242 req-987509b7-10f4-4b4d-bc71-79a16c05e242 ] Request (AZAdminV2TestJSON:tearDownClass): 200 GET http://10.180.1.21:9696/networking/v2.0/security-groups?tenant_id=deb4b40c6f08484581b4d6384ac3d67c&name=default 0.140s
2025-03-06 09:01:33.208 69566 INFO tempest.lib.common.rest_client [req-672dba9f-31db-4592-8339-344c8a54161c req-672dba9f-31db-4592-8339-344c8a54161c ] Request (FlavorsV255TestJSON:test_crud_flavor): 200 PUT http://10.180.1.21/compute/v2.1/flavors/1391703615 1.265s
2025-03-06 09:01:33.213 69592 INFO tempest.lib.common.rest_client [req-01c2eca3-bc61-4f32-a1d5-4d462081444a req-01c2eca3-bc61-4f32-a1d5-4d462081444a ] Request (HostsAdminNegativeTestJSON:test_reboot_host_with_non_admin_user): 403 GET http://10.180.1.21/compute/v2.1/os-hosts/devstack/reboot 1.193s
2025-03-06 09:01:33.225 69572 INFO tempest.lib.common.rest_client [req-3bb3af38-30d4-4e79-b469-5b8a3388c7ed req-3bb3af38-30d4-4e79-b469-5b8a3388c7ed ] Request (HypervisorAdminV253TestBase:tearDownClass): 204 DELETE http://10.180.1.21:9696/networking/v2.0/security-groups/7e49e4ce-7674-4234-9bd4-357c50f194e7 0.083s
2025-03-06 09:01:33.230 69576 INFO tempest.lib.common.rest_client [req-46e5ca3f-1f60-4593-8653-750a7646b44d req-46e5ca3f-1f60-4593-8653-750a7646b44d ] Request (NetworksTest:tearDownClass): 204 DELETE http://10.180.1.21/identity/v3/users/d284cbb3ea394a04a1fc7b3e0f872682 0.146s
2025-03-06 09:01:33.240 69564 INFO tempest.lib.common.rest_client [req-7ec76b55-0250-4a75-8799-657c164e3d25 req-7ec76b55-0250-4a75-8799-657c164e3d25 ] Request (FlavorsV261TestJSON:test_crud_flavor): 200 GET http://10.180.1.21/compute/v2.1/flavors/detail 1.188s
2025-03-06 09:01:33.248 69552 INFO tempest.lib.common.rest_client [req-2e67d394-70e9-41e3-b2c6-e63700bd22c8 req-2e67d394-70e9-41e3-b2c6-e63700bd22c8 ] Request (HypervisorAdminV228Test:tearDownClass): 204 DELETE http://10.180.1.21/identity/v3/projects/f34f0f7f79af499c9892df300a9a16ad 0.143s
2025-03-06 09:01:33.328 69562 INFO tempest.lib.common.rest_client [req-1121876b-b080-4f10-97cd-4ba10c08ec8d req-1121876b-b080-4f10-97cd-4ba10c08ec8d ] Request (ServersAdmin275Test:test_rebuild_update_server_275): 200 GET http://10.180.1.21/compute/v2.1/servers/4daa71d1-7ad0-4357-a975-400d96176698 1.126s
2025-03-06 09:01:33.386 69588 INFO tempest.lib.common.rest_client [req-c82903ee-9231-4f8e-bb1f-60e0ae4521e5 req-c82903ee-9231-4f8e-bb1f-60e0ae4521e5 ] Request (InstanceUsageAuditLogNegativeTestJSON:tearDownClass): 204 DELETE http://10.180.1.21/identity/v3/users/fc0092d7758c42529bb1f377a8f41794 0.258s
2025-03-06 09:01:33.390 69574 INFO tempest.lib.common.rest_client [req-333f729b-8867-412a-baa6-4d18bfadcb6e req-333f729b-8867-412a-baa6-4d18bfadcb6e ] Request (AZAdminV2TestJSON:tearDownClass): 204 DELETE http://10.180.1.21:9696/networking/v2.0/security-groups/70672670-9bce-48e2-88c2-a8d2f3960fd3 0.198s
2025-03-06 09:01:33.428 69558 INFO tempest.lib.common.rest_client [req-1c44df59-0002-4d3d-90ef-bd9fd9bd1524 req-1c44df59-0002-4d3d-90ef-bd9fd9bd1524 ] Request (VolumesAssistedSnapshotsTest:setUpClass): 200 PUT http://10.180.1.21:9696/networking/v2.0/routers/10877b90-1aa2-4817-8a04-a38aac1718c1/add_router_interface 1.246s
2025-03-06 09:01:33.428 69558 INFO tempest.lib.common.dynamic_creds [-] Created isolated network resources for: credentials: Credentials: {'domain_id': 'default', 'domain_name': 'Default', 'username': 'tempest-VolumesAssistedSnapshotsTest-947580753-project', 'project_domain_id': 'default', 'project_domain_name': 'Default', 'project_id': '39f26806ce5d41ff8515d75352429a01', 'project_name': 'tempest-VolumesAssistedSnapshotsTest-947580753', 'tenant_id': '39f26806ce5d41ff8515d75352429a01', 'tenant_name': 'tempest-VolumesAssistedSnapshotsTest-947580753', 'user_domain_id': 'default', 'user_domain_name': 'Default', 'user_id': '8723625bf51e4ff3abcd96bbc417ff0f', 'system': None}, Network: {'id': '287d7ad9-7e71-4e7a-8a6f-1db04aabe7ac', 'name': 'tempest-VolumesAssistedSnapshotsTest-1739284852-network', 'tenant_id': '39f26806ce5d41ff8515d75352429a01', 'admin_state_up': True, 'mtu': 8950, 'status': 'ACTIVE', 'subnets': [], 'shared': False, 'project_id': '39f26806ce5d41ff8515d75352429a01', 'port_security_enabled': True, 'router:external': False, 'provider:network_type': 'vlan', 'provider:physical_network': 'default', 'provider:segmentation_id': 628, 'availability_zone_hints': [], 'availability_zones': [], 'ipv4_address_scope': None, 'ipv6_address_scope': None, 'description': '', 'tags': [], 'created_at': '2025-03-06T09:01:31Z', 'updated_at': '2025-03-06T09:01:31Z', 'revision_number': 1}, Subnet: {'id': '3ac9e89a-874d-4635-ae4b-519d43c3f029', 'name': 'tempest-VolumesAssistedSnapshotsTest-1739284852-subnet', 'tenant_id': '39f26806ce5d41ff8515d75352429a01', 'network_id': '287d7ad9-7e71-4e7a-8a6f-1db04aabe7ac', 'ip_version': 4, 'subnetpool_id': None, 'enable_dhcp': True, 'ipv6_ra_mode': None, 'ipv6_address_mode': None, 'gateway_ip': '192.168.128.1', 'cidr': '192.168.128.0/28', 'allocation_pools': [{'start': '192.168.128.2', 'end': '192.168.128.14'}], 'host_routes': [], 'dns_nameservers': [], 'description': '', 'router:external': False, 'service_types': [], 'tags': [], 'created_at': '2025-03-06T09:01:31Z', 'updated_at': '2025-03-06T09:01:31Z', 'revision_number': 0, 'project_id': '39f26806ce5d41ff8515d75352429a01'}, Router: {'id': '10877b90-1aa2-4817-8a04-a38aac1718c1', 'name': 'tempest-VolumesAssistedSnapshotsTest-1739284852-router', 'tenant_id': '39f26806ce5d41ff8515d75352429a01', 'admin_state_up': True, 'status': 'ACTIVE', 'external_gateway_info': {'network_id': '1cfe8f31-d12c-4ed2-82c2-a807484a9e14', 'external_fixed_ips': [{'subnet_id': '7533c123-fbd7-4384-9119-37f853ad9cbe', 'ip_address': '10.180.180.198'}], 'enable_snat': True}, 'description': '', 'availability_zones': [], 'distributed': False, 'ha': False, 'availability_zone_hints': [], 'routes': [], 'flavor_id': None, 'tags': [], 'created_at': '2025-03-06T09:01:31Z', 'updated_at': '2025-03-06T09:01:31Z', 'revision_number': 2, 'project_id': '39f26806ce5d41ff8515d75352429a01'}
2025-03-06 09:01:33.462 69572 INFO tempest.lib.common.rest_client [req-846dcea6-a19c-483b-8cfa-b7d4460956c9 req-846dcea6-a19c-483b-8cfa-b7d4460956c9 ] Request (HypervisorAdminV253TestBase:tearDownClass): 204 DELETE http://10.180.1.21/identity/v3/projects/58bb577f0b4a4a0a93654b4e7f22df29 0.237s
2025-03-06 09:01:33.463 69572 INFO tempest.test [-] raised in ServerPersonalityTestJSON.setUpClass. Invoking tearDownClass.
2025-03-06 09:01:33.471 69576 INFO tempest.lib.common.rest_client [req-3cbf54d0-b07e-4dd7-a227-37c319f1d01b req-3cbf54d0-b07e-4dd7-a227-37c319f1d01b ] Request (NetworksTest:tearDownClass): 204 DELETE http://10.180.1.21/identity/v3/users/5bb4b7661f684c049fa34768dc226267 0.241s
2025-03-06 09:01:33.472 69576 INFO tempest.lib.common.dynamic_creds [-] Deleting project and security group for project: 68c91bc3537f442f9d8bf840ff889527
2025-03-06 09:01:33.487 69594 INFO tempest.lib.common.rest_client [req-881f0600-af68-41a3-98fe-8b609fa0cd79 req-881f0600-af68-41a3-98fe-8b609fa0cd79 ] Request (SecurityGroupsTestJSON:test_list_security_groups_by_server): 202 POST http://10.180.1.21/compute/v2.1/servers 2.045s
2025-03-06 09:01:33.516 69540 INFO tempest.lib.common.rest_client [req-b51ab3dd-c310-4107-ad3a-c80d1e9ccf41 req-b51ab3dd-c310-4107-ad3a-c80d1e9ccf41 ] Request (ServicesAdminNegativeV253TestJSON:test_get_service_by_invalid_params): 200 GET http://10.180.1.21/compute/v2.1/os-services 1.162s
2025-03-06 09:01:33.518 69552 INFO tempest.lib.common.rest_client [req-bfe27d6a-2a2f-415f-a87a-45edd82cd428 req-bfe27d6a-2a2f-415f-a87a-45edd82cd428 ] Request (TenantUsagesTestJSON:setUpClass): 201 POST http://10.180.1.21/identity/v3/auth/tokens 0.269s
2025-03-06 09:01:33.567 69588 INFO tempest.lib.common.rest_client [req-7863dd1e-16cb-4b1d-8e62-b6d96fe63b64 req-7863dd1e-16cb-4b1d-8e62-b6d96fe63b64 ] Request (InstanceUsageAuditLogNegativeTestJSON:tearDownClass): 204 DELETE http://10.180.1.21/identity/v3/users/8d46b64051514ccd85a925f211acba7a 0.181s
2025-03-06 09:01:33.568 69588 INFO tempest.lib.common.dynamic_creds [-] Deleting project and security group for project: ce85efe47ca74ba2ae3dac1dfd0f224b
2025-03-06 09:01:33.569 69546 INFO tempest.lib.common.rest_client [req-abb874cf-f301-410d-bb4d-407dc58f5b1b req-abb874cf-f301-410d-bb4d-407dc58f5b1b ] Request (QuotaClassesAdminTestJSON:_run_cleanups): 200 PUT http://10.180.1.21/compute/v2.1/os-quota-class-sets/default 1.196s
2025-03-06 09:01:33.574 69574 INFO tempest.lib.common.rest_client [req-fcf0f8b7-19f3-4596-9710-f49dbaa8bb63 req-fcf0f8b7-19f3-4596-9710-f49dbaa8bb63 ] Request (AZAdminV2TestJSON:tearDownClass): 204 DELETE http://10.180.1.21/identity/v3/projects/deb4b40c6f08484581b4d6384ac3d67c 0.183s
2025-03-06 09:01:33.586 69596 INFO tempest.lib.common.rest_client [req-153add38-1496-4fe1-9ce7-1e8dbca42f66 req-153add38-1496-4fe1-9ce7-1e8dbca42f66 ] Request (ImagesDeleteNegativeTestJSON:test_delete_non_existent_image): 404 DELETE http://10.180.1.21/compute/v2.1/images/07eee276-b73b-4b62-bda9-6834136f9691 1.191s
2025-03-06 09:01:33.601 69542 INFO tempest.lib.common.rest_client [req-7ddc3197-aaeb-4005-b3a4-a2af96963261 req-7ddc3197-aaeb-4005-b3a4-a2af96963261 ] Request (FlavorsExtraSpecsTestJSON:test_flavor_non_admin_get_specific_key): 200 GET http://10.180.1.21/compute/v2.1/flavors/1516382881/os-extra_specs/hw:numa_nodes 1.065s
2025-03-06 09:01:33.621 69568 INFO tempest.lib.common.rest_client [req-5d5e5469-b11f-462d-b166-fe2d40641bd1 req-5d5e5469-b11f-462d-b166-fe2d40641bd1 ] Request (FlavorsAdminTestJSON:_run_cleanups): 202 DELETE http://10.180.1.21/compute/v2.1/flavors/1816494593 1.075s
2025-03-06 09:01:33.635 69572 INFO tempest.lib.common.rest_client [req-d1c6a918-2db4-4ae9-90f8-79ad0b454c5d req-d1c6a918-2db4-4ae9-90f8-79ad0b454c5d ] Request (ServersNegativeTestJSON:setUpClass): 201 POST http://10.180.1.21/identity/v3/auth/tokens 0.170s
2025-03-06 09:01:33.640 69538 INFO tempest.lib.common.rest_client [req-71c684f8-a87c-4521-abb0-6033edfaee52 req-71c684f8-a87c-4521-abb0-6033edfaee52 ] Request (ImagesMetadataNegativeTestJSON:test_list_nonexistent_image_metadata): 404 GET http://10.180.1.21/compute/v2.1/images/c406f067-c73f-42cb-a746-8a152d0dd181/metadata 1.074s
2025-03-06 09:01:33.646 69558 INFO tempest.lib.common.rest_client [req-798c964d-6034-4d91-8276-e5b8ff8bd6a4 req-798c964d-6034-4d91-8276-e5b8ff8bd6a4 ] Request (VolumesAssistedSnapshotsTest:setUpClass): 201 POST http://10.180.1.21/identity/v3/auth/tokens 0.214s
2025-03-06 09:01:33.664 69576 INFO tempest.lib.common.rest_client [req-90fe99b1-6a6e-471a-bae5-18e537127bff req-90fe99b1-6a6e-471a-bae5-18e537127bff ] Request (NetworksTest:tearDownClass): 201 POST http://10.180.1.21/identity/v3/auth/tokens 0.192s
2025-03-06 09:01:33.687 69552 INFO tempest.lib.common.rest_client [req-22d1a524-f586-4348-9a8c-002926035233 req-22d1a524-f586-4348-9a8c-002926035233 ] Request (TenantUsagesTestJSON:setUpClass): 201 POST http://10.180.1.21/identity/v3/auth/tokens 0.167s
2025-03-06 09:01:33.707 69588 INFO tempest.lib.common.rest_client [req-ebeb1cd4-fe5d-4810-ab92-030550c546ff req-ebeb1cd4-fe5d-4810-ab92-030550c546ff ] Request (InstanceUsageAuditLogNegativeTestJSON:tearDownClass): 201 POST http://10.180.1.21/identity/v3/auth/tokens 0.139s
2025-03-06 09:01:33.732 69574 INFO tempest.lib.common.rest_client [req-85a4e041-eceb-498a-a57f-f904a503154f req-85a4e041-eceb-498a-a57f-f904a503154f ] Request (ServerDiagnosticsNegativeTest:setUpClass): 201 POST http://10.180.1.21/identity/v3/auth/tokens 0.156s
2025-03-06 09:01:33.740 69560 INFO tempest.lib.common.rest_client [req-8806280b-dde9-4ca3-936c-4dd62cca8cda req-8806280b-dde9-4ca3-936c-4dd62cca8cda ] Request (FlavorsAccessNegativeTestJSON:test_add_flavor_access_duplicate): 409 POST http://10.180.1.21/compute/v2.1/flavors/1940002613/action 1.405s
2025-03-06 09:01:33.779 69546 INFO tempest.lib.common.rest_client [req-f7a5c769-efff-44b7-b079-810934aa3eec req-f7a5c769-efff-44b7-b079-810934aa3eec ] Request (QuotaClassesAdminTestJSON:tearDownClass): 204 DELETE http://10.180.1.21/identity/v3/users/1d0180e563ba40bc9729ccefafa66a4d 0.201s
2025-03-06 09:01:33.811 69580 INFO tempest.lib.common.rest_client [req-f626e53f-237a-4c72-b021-5675d4bd1bdb req-f626e53f-237a-4c72-b021-5675d4bd1bdb ] Request (QuotasAdminTestV236:test_get_updated_quotas): 200 GET http://10.180.1.21/identity/v3/domains?name=Default 0.232s
2025-03-06 09:01:33.832 69572 INFO tempest.lib.common.rest_client [req-12a26300-9959-4a85-ade2-d01624e70222 req-12a26300-9959-4a85-ade2-d01624e70222 ] Request (ServersNegativeTestJSON:setUpClass): 201 POST http://10.180.1.21/identity/v3/auth/tokens 0.195s
2025-03-06 09:01:33.858 69596 INFO tempest.lib.common.rest_client [req-fdb7aa64-0796-42bf-9d62-0ed170444135 req-fdb7aa64-0796-42bf-9d62-0ed170444135 ] Request (ImagesDeleteNegativeTestJSON:tearDownClass): 204 DELETE http://10.180.1.21/identity/v3/users/c81477c534a4419abf378428b7a9bf68 0.271s
2025-03-06 09:01:33.859 69596 INFO tempest.lib.common.dynamic_creds [-] Deleting project and security group for project: 8759b5b9453f4f80964cf8fdd60608f2
2025-03-06 09:01:33.979 69550 INFO tempest.lib.common.rest_client [req-14ac5a30-e1c8-4897-9d8d-97db690e54e9 req-14ac5a30-e1c8-4897-9d8d-97db690e54e9 ] Request (KeyPairsV2TestJSON:test_get_keypair_detail): 200 POST http://10.180.1.21/compute/v2.1/os-keypairs 1.370s
2025-03-06 09:01:33.993 69552 INFO tempest.lib.common.rest_client [req-b0734bc6-64f4-49f9-81f3-d5ca11bed100 req-b0734bc6-64f4-49f9-81f3-d5ca11bed100 ] Request (TenantUsagesTestJSON:setUpClass): 200 GET http://10.180.1.21/identity/v3/domains?name=Default 0.305s
2025-03-06 09:01:34.005 69556 INFO tempest.lib.common.rest_client [req-9d54e91f-92ce-4514-a001-1566a34e2e24 req-9d54e91f-92ce-4514-a001-1566a34e2e24 ] Request (FlavorsExtraSpecsNegativeTestJSON:test_flavor_non_admin_unset_keys): 200 POST http://10.180.1.21/compute/v2.1/flavors/1571399351/os-extra_specs 1.239s
2025-03-06 09:01:34.041 69574 INFO tempest.lib.common.rest_client [req-41c1b881-91d3-40fb-aecf-3d8cc229fc43 req-41c1b881-91d3-40fb-aecf-3d8cc229fc43 ] Request (ServerDiagnosticsNegativeTest:setUpClass): 201 POST http://10.180.1.21/identity/v3/auth/tokens 0.307s
2025-03-06 09:01:34.101 69546 INFO tempest.lib.common.rest_client [req-5b7bb678-6177-41c3-a052-393f77a35f02 req-5b7bb678-6177-41c3-a052-393f77a35f02 ] Request (QuotaClassesAdminTestJSON:tearDownClass): 204 DELETE http://10.180.1.21/identity/v3/users/f91c6d2c4fc142cd91daa664121a9a3f 0.321s
2025-03-06 09:01:34.101 69546 INFO tempest.lib.common.dynamic_creds [-] Deleting project and security group for project: 846e04d9fa7c412b95b9bedf72a53d3f
2025-03-06 09:01:34.141 69580 INFO tempest.lib.common.rest_client [req-d54ff250-dd92-45c3-9419-ca5ae06ce7df req-d54ff250-dd92-45c3-9419-ca5ae06ce7df ] Request (QuotasAdminTestV236:test_get_updated_quotas): 201 POST http://10.180.1.21/identity/v3/projects 0.329s
2025-03-06 09:01:34.178 69586 INFO tempest.lib.common.rest_client [req-2c42e85a-943a-4e17-9fec-ed38fbc317f9 req-2c42e85a-943a-4e17-9fec-ed38fbc317f9 ] Request (FloatingIPsTestJSON:_run_cleanups): 202 DELETE http://10.180.1.21/compute/v2.1/os-floating-ips/8995c4f0-2c44-4eb4-b146-a13d6f030c02 1.422s
2025-03-06 09:01:34.214 69572 INFO tempest.lib.common.rest_client [req-d52f7a0c-d206-427c-b59c-b2c36c85ce58 req-d52f7a0c-d206-427c-b59c-b2c36c85ce58 ] Request (ServersNegativeTestJSON:setUpClass): 200 GET http://10.180.1.21/identity/v3/domains?name=Default 0.380s
2025-03-06 09:01:34.222 69596 INFO tempest.lib.common.rest_client [req-7426dc3e-9324-4332-8702-eacb4d24e394 req-7426dc3e-9324-4332-8702-eacb4d24e394 ] Request (ImagesDeleteNegativeTestJSON:tearDownClass): 201 POST http://10.180.1.21/identity/v3/auth/tokens 0.363s
2025-03-06 09:01:34.245 69576 INFO tempest.lib.common.rest_client [req-d78d63eb-0b02-4a04-a36c-70413a799a81 req-d78d63eb-0b02-4a04-a36c-70413a799a81 ] Request (NetworksTest:tearDownClass): 200 GET http://10.180.1.21:9696/networking/v2.0/security-groups?tenant_id=68c91bc3537f442f9d8bf840ff889527&name=default 0.580s
2025-03-06 09:01:34.250 69588 INFO tempest.lib.common.rest_client [req-48101e51-2fd8-4763-bce1-0e0f40f16309 req-48101e51-2fd8-4763-bce1-0e0f40f16309 ] Request (InstanceUsageAuditLogNegativeTestJSON:tearDownClass): 200 GET http://10.180.1.21:9696/networking/v2.0/security-groups?tenant_id=ce85efe47ca74ba2ae3dac1dfd0f224b&name=default 0.542s
2025-03-06 09:01:34.252 69552 INFO tempest.lib.common.rest_client [req-8cf8c3a9-79b4-4ae3-bb08-df077bcb53b0 req-8cf8c3a9-79b4-4ae3-bb08-df077bcb53b0 ] Request (TenantUsagesTestJSON:setUpClass): 201 POST http://10.180.1.21/identity/v3/projects 0.257s
2025-03-06 09:01:34.256 69574 INFO tempest.lib.common.rest_client [req-982ce62e-81d6-4421-9f2e-8f2a775ec3fb req-982ce62e-81d6-4421-9f2e-8f2a775ec3fb ] Request (ServerDiagnosticsNegativeTest:setUpClass): 200 GET http://10.180.1.21/identity/v3/domains?name=Default 0.213s
2025-03-06 09:01:34.257 69558 INFO tempest.lib.common.rest_client [req-c303af77-d640-48d9-9cb4-0ddf0349568c req-c303af77-d640-48d9-9cb4-0ddf0349568c ] Request (VolumesAssistedSnapshotsTest:test_volume_assisted_snapshot_create_delete): 202 POST http://10.180.1.21/volume/v3/volumes 0.609s
2025-03-06 09:01:34.315 69546 INFO tempest.lib.common.rest_client [req-3e521e2f-688e-4902-92e8-18db18c1ffb9 req-3e521e2f-688e-4902-92e8-18db18c1ffb9 ] Request (QuotaClassesAdminTestJSON:tearDownClass): 201 POST http://10.180.1.21/identity/v3/auth/tokens 0.214s
2025-03-06 09:01:34.336 69558 INFO tempest.lib.common.rest_client [req-a8477668-0db0-489d-8456-832bf3901624 req-a8477668-0db0-489d-8456-832bf3901624 ] Request (VolumesAssistedSnapshotsTest:test_volume_assisted_snapshot_create_delete): 200 GET http://10.180.1.21/volume/v3/volumes/a8d15af8-3dab-43ca-b65f-555a572428f6 0.068s
2025-03-06 09:01:34.364 69576 INFO tempest.lib.common.rest_client [req-3298e8d7-cb6f-4135-b9fe-f3dd0d5bb88d req-3298e8d7-cb6f-4135-b9fe-f3dd0d5bb88d ] Request (NetworksTest:tearDownClass): 204 DELETE http://10.180.1.21:9696/networking/v2.0/security-groups/a48157c7-f388-4900-ac50-d1bffc6e2e5f 0.119s
2025-03-06 09:01:34.370 69580 INFO tempest.lib.common.rest_client [req-3987754f-6f2e-4d3f-8f8f-533e8e95f55c req-3987754f-6f2e-4d3f-8f8f-533e8e95f55c ] Request (QuotasAdminTestV236:test_get_updated_quotas): 200 GET http://10.180.1.21/identity/v3/domains?name=Default 0.227s
2025-03-06 09:01:34.397 69572 INFO tempest.lib.common.rest_client [req-80cae3fa-c0a0-427e-9f0e-f188158d4fc3 req-80cae3fa-c0a0-427e-9f0e-f188158d4fc3 ] Request (ServersNegativeTestJSON:setUpClass): 201 POST http://10.180.1.21/identity/v3/projects 0.182s
2025-03-06 09:01:34.473 69588 INFO tempest.lib.common.rest_client [req-4a9d9950-5506-4442-92f6-89b2e3f88c35 req-4a9d9950-5506-4442-92f6-89b2e3f88c35 ] Request (InstanceUsageAuditLogNegativeTestJSON:tearDownClass): 204 DELETE http://10.180.1.21:9696/networking/v2.0/security-groups/80ece2f9-5332-4582-a4cd-98be97e65695 0.222s
2025-03-06 09:01:34.506 69570 INFO tempest.lib.common.rest_client [req-4787bdf2-5392-4f58-8771-1b6123d1c5d3 req-4787bdf2-5392-4f58-8771-1b6123d1c5d3 ] Request (FlavorsAccessTestJSON:test_flavor_access_add_remove): 200 POST http://10.180.1.21/compute/v2.1/flavors/65523776/action 1.542s
2025-03-06 09:01:34.526 69548 INFO tempest.lib.common.rest_client [req-83876caa-d969-46e2-bdf4-8c9239f14149 req-83876caa-d969-46e2-bdf4-8c9239f14149 ] Request (ServerDiagnosticsV248Test:test_get_server_diagnostics): 202 POST http://10.180.1.21/compute/v2.1/servers 1.427s
2025-03-06 09:01:34.538 69590 INFO tempest.lib.common.rest_client [req-4953fd36-a58a-4841-b227-e8b36c6eb1f4 req-4953fd36-a58a-4841-b227-e8b36c6eb1f4 ] Request (FlavorMetadataValidation:_run_cleanups): 200 GET http://10.180.1.21/compute/v2.1/flavors/detail 1.436s
2025-03-06 09:01:34.539 69574 INFO tempest.lib.common.rest_client [req-2180ca2e-edbe-488f-b302-b382c0bc6752 req-2180ca2e-edbe-488f-b302-b382c0bc6752 ] Request (ServerDiagnosticsNegativeTest:setUpClass): 201 POST http://10.180.1.21/identity/v3/projects 0.283s
2025-03-06 09:01:34.555 69598 INFO tempest.lib.common.rest_client [req-03197d92-1d3f-4b45-a4cc-f4dc1dfb5797 req-03197d92-1d3f-4b45-a4cc-f4dc1dfb5797 ] Request (HostsAdminTestJSON:test_list_hosts_with_zone): 200 GET http://10.180.1.21/compute/v2.1/os-hosts 1.433s
2025-03-06 09:01:34.555 69552 INFO tempest.lib.common.rest_client [req-88ead665-1d57-4880-8bf8-78c713261bb8 req-88ead665-1d57-4880-8bf8-78c713261bb8 ] Request (TenantUsagesTestJSON:setUpClass): 201 POST http://10.180.1.21/identity/v3/users 0.303s
2025-03-06 09:01:34.558 69544 INFO tempest.lib.common.rest_client [req-686aabe5-8fba-4d62-938e-f2c2c0b3aab4 req-686aabe5-8fba-4d62-938e-f2c2c0b3aab4 ] Request (HypervisorAdminTestJSON:test_get_hypervisor_stats): 200 GET http://10.180.1.21/compute/v2.1/os-hypervisors/statistics 1.399s
2025-03-06 09:01:34.592 69566 INFO tempest.lib.common.rest_client [req-61842774-0a76-45b5-92f9-c9a95b184b13 req-61842774-0a76-45b5-92f9-c9a95b184b13 ] Request (FlavorsV255TestJSON:test_crud_flavor): 200 GET http://10.180.1.21/compute/v2.1/flavors/detail 1.382s
2025-03-06 09:01:34.602 69592 INFO tempest.lib.common.rest_client [req-dbbd7a78-e816-4a28-a466-1d8f102052f8 req-dbbd7a78-e816-4a28-a466-1d8f102052f8 ] Request (HostsAdminNegativeTestJSON:test_reboot_nonexistent_host): 404 GET http://10.180.1.21/compute/v2.1/os-hosts/nonexistent_hostname/reboot 1.387s
2025-03-06 09:01:34.608 69596 INFO tempest.lib.common.rest_client [req-8e3d488a-2943-4be7-a7c3-b936feb13ee4 req-8e3d488a-2943-4be7-a7c3-b936feb13ee4 ] Request (ImagesDeleteNegativeTestJSON:tearDownClass): 200 GET http://10.180.1.21:9696/networking/v2.0/security-groups?tenant_id=8759b5b9453f4f80964cf8fdd60608f2&name=default 0.385s
2025-03-06 09:01:34.626 69564 INFO tempest.lib.common.rest_client [req-cfc07d60-9562-407c-a840-4afae7171148 req-cfc07d60-9562-407c-a840-4afae7171148 ] Request (FlavorsV261TestJSON:test_crud_flavor): 200 GET http://10.180.1.21/compute/v2.1/flavors 1.378s
2025-03-06 09:01:34.654 69576 INFO tempest.lib.common.rest_client [req-e149b33c-2569-4fe0-a16c-3410a417c39a req-e149b33c-2569-4fe0-a16c-3410a417c39a ] Request (NetworksTest:tearDownClass): 204 DELETE http://10.180.1.21/identity/v3/projects/68c91bc3537f442f9d8bf840ff889527 0.289s
2025-03-06 09:01:34.654 69576 INFO tempest.lib.common.dynamic_creds [-] Deleting project and security group for project: d086379fd6a54f289413426a780d5c6b
2025-03-06 09:01:34.683 69572 INFO tempest.lib.common.rest_client [req-1e608c1a-1878-4dea-8316-3ecdf4f62426 req-1e608c1a-1878-4dea-8316-3ecdf4f62426 ] Request (ServersNegativeTestJSON:setUpClass): 201 POST http://10.180.1.21/identity/v3/users 0.285s
2025-03-06 09:01:34.690 69578 INFO tempest.lib.common.rest_client [req-d3e6d00a-2612-4147-a446-8a5465204e73 req-d3e6d00a-2612-4147-a446-8a5465204e73 ] Request (DeleteServersAdminTestJSON:test_admin_delete_servers_of_others): 200 GET http://10.180.1.21/compute/v2.1/servers/b8f35160-0994-45dd-9159-7d896cf4c9f2 1.407s
2025-03-06 09:01:34.714 69574 INFO tempest.lib.common.rest_client [req-b7b287dd-6e92-4cc8-8ff5-1c15ee050a65 req-b7b287dd-6e92-4cc8-8ff5-1c15ee050a65 ] Request (ServerDiagnosticsNegativeTest:setUpClass): 201 POST http://10.180.1.21/identity/v3/users 0.174s
2025-03-06 09:01:34.740 69588 INFO tempest.lib.common.rest_client [req-fc505be5-858a-48c8-9959-63f072d2d73c req-fc505be5-858a-48c8-9959-63f072d2d73c ] Request (InstanceUsageAuditLogNegativeTestJSON:tearDownClass): 204 DELETE http://10.180.1.21/identity/v3/projects/ce85efe47ca74ba2ae3dac1dfd0f224b 0.267s
2025-03-06 09:01:34.740 69588 INFO tempest.lib.common.dynamic_creds [-] Deleting project and security group for project: 86367032cb68408ab5b8c6ba2ec2bdcc
2025-03-06 09:01:34.742 69585 INFO tempest.lib.common.rest_client [req-234ad640-30df-433e-b95b-9af30dbc446e req-234ad640-30df-433e-b95b-9af30dbc446e ] Request (ServerDiagnosticsTest:test_get_server_diagnostics): 200 GET http://10.180.1.21/compute/v2.1/servers/93db5ef7-9fbd-4a76-a50a-71cc14b3355e 1.386s
2025-03-06 09:01:34.743 69596 INFO tempest.lib.common.rest_client [req-90cd1d40-1b8d-425c-aea4-8e13dc8d02e9 req-90cd1d40-1b8d-425c-aea4-8e13dc8d02e9 ] Request (ImagesDeleteNegativeTestJSON:tearDownClass): 204 DELETE http://10.180.1.21:9696/networking/v2.0/security-groups/755a0ada-7244-4ec9-bd29-14f0a7eba6b2 0.134s
2025-03-06 09:01:34.794 69594 INFO tempest.lib.common.rest_client [req-daa05357-24c0-4749-9893-cdcbb5d8eac5 req-daa05357-24c0-4749-9893-cdcbb5d8eac5 ] Request (SecurityGroupsTestJSON:test_list_security_groups_by_server): 200 GET http://10.180.1.21/compute/v2.1/servers/17f009fc-b0fd-49e6-8074-0194dfab0f07 1.305s
2025-03-06 09:01:34.807 69590 INFO tempest.lib.common.rest_client [req-8691c4d3-cec0-4ed3-b7f2-da3176716433 req-8691c4d3-cec0-4ed3-b7f2-da3176716433 ] Request (FlavorMetadataValidation:tearDownClass): 204 DELETE http://10.180.1.21/identity/v3/users/7db1e810c5b844f38a57d666191fe74d 0.258s
2025-03-06 09:01:34.814 69540 INFO tempest.lib.common.rest_client [req-56d57f21-abbf-4f72-a4b5-937f0970cc63 req-56d57f21-abbf-4f72-a4b5-937f0970cc63 ] Request (ServicesAdminNegativeV253TestJSON:test_get_service_by_invalid_params): 200 GET http://10.180.1.21/compute/v2.1/os-services?xxx=nova-compute 1.295s
2025-03-06 09:01:34.823 69600 INFO tempest.lib.common.rest_client [req-6a8821ab-599b-41a6-985a-24aa8663f165 req-6a8821ab-599b-41a6-985a-24aa8663f165 ] Request (AggregatesAdminNegativeTestJSON:test_aggregate_add_host_as_user): 403 POST http://10.180.1.21/compute/v2.1/os-aggregates/2/action 1.639s
2025-03-06 09:01:34.830 69546 INFO tempest.lib.common.rest_client [req-9a0608cd-4943-44eb-92dd-b6c347d496e6 req-9a0608cd-4943-44eb-92dd-b6c347d496e6 ] Request (QuotaClassesAdminTestJSON:tearDownClass): 200 GET http://10.180.1.21:9696/networking/v2.0/security-groups?tenant_id=846e04d9fa7c412b95b9bedf72a53d3f&name=default 0.514s
2025-03-06 09:01:34.848 69576 INFO tempest.lib.common.rest_client [req-c85401db-cefb-455a-954e-4f61cec482a1 req-c85401db-cefb-455a-954e-4f61cec482a1 ] Request (NetworksTest:tearDownClass): 200 GET http://10.180.1.21:9696/networking/v2.0/security-groups?tenant_id=d086379fd6a54f289413426a780d5c6b&name=default 0.190s
2025-03-06 09:01:34.852 69542 INFO tempest.lib.common.rest_client [req-f2fb9291-e7a3-4a12-b166-0e5bb4bcfeb3 req-f2fb9291-e7a3-4a12-b166-0e5bb4bcfeb3 ] Request (FlavorsExtraSpecsTestJSON:test_flavor_set_get_update_show_unset_keys): 200 POST http://10.180.1.21/compute/v2.1/flavors/1516382881/os-extra_specs 1.248s
2025-03-06 09:01:34.862 69552 INFO tempest.lib.common.rest_client [req-7532cfa1-998d-4ffc-b22b-27329eb996cd req-7532cfa1-998d-4ffc-b22b-27329eb996cd ] Request (TenantUsagesTestJSON:setUpClass): 200 GET http://10.180.1.21/identity/v3/roles 0.307s
2025-03-06 09:01:34.876 69588 INFO tempest.lib.common.rest_client [req-916398cb-259d-4c3f-b723-6eee7c604839 req-916398cb-259d-4c3f-b723-6eee7c604839 ] Request (InstanceUsageAuditLogNegativeTestJSON:tearDownClass): 200 GET http://10.180.1.21:9696/networking/v2.0/security-groups?tenant_id=86367032cb68408ab5b8c6ba2ec2bdcc&name=default 0.133s
2025-03-06 09:01:34.881 69582 INFO tempest.lib.common.rest_client [req-964b3e98-e4d5-4980-b701-a837fbe7b215 req-964b3e98-e4d5-4980-b701-a837fbe7b215 ] Request (ServerExternalEventsTest:test_create_server_external_events): 200 GET http://10.180.1.21/compute/v2.1/servers/d36a9604-4cc7-4781-9d17-d45d62b6a66e 1.361s
2025-03-06 09:01:34.883 69568 INFO tempest.lib.common.rest_client [req-0f41080d-420a-4127-aab8-611f0670a8a6 req-0f41080d-420a-4127-aab8-611f0670a8a6 ] Request (FlavorsAdminTestJSON:_run_cleanups): 200 GET http://10.180.1.21/compute/v2.1/flavors/detail 1.261s
2025-03-06 09:01:34.890 69572 INFO tempest.lib.common.rest_client [req-844d07a4-323a-4ef8-8d6d-933056c08813 req-844d07a4-323a-4ef8-8d6d-933056c08813 ] Request (ServersNegativeTestJSON:setUpClass): 200 GET http://10.180.1.21/identity/v3/roles 0.206s
2025-03-06 09:01:34.898 69538 INFO tempest.lib.common.rest_client [req-ce4879e0-8f62-4ce6-82a2-c1918e6b017a req-ce4879e0-8f62-4ce6-82a2-c1918e6b017a ] Request (ImagesMetadataNegativeTestJSON:test_set_nonexistent_image_metadata): 404 PUT http://10.180.1.21/compute/v2.1/images/fbbe665b-374d-4f47-ad35-ff09775896a2/metadata 1.256s
2025-03-06 09:01:34.908 69550 INFO tempest.lib.common.rest_client [req-4e1dda03-f821-4cb5-9465-e2b3050392ea req-4e1dda03-f821-4cb5-9465-e2b3050392ea ] Request (KeyPairsV2TestJSON:test_get_keypair_detail): 200 GET http://10.180.1.21/compute/v2.1/os-keypairs/tempest-keypair-1836738411 0.925s
2025-03-06 09:01:34.913 69556 INFO tempest.lib.common.rest_client [req-aeabd301-2019-462f-857a-6c99fe612a50 req-aeabd301-2019-462f-857a-6c99fe612a50 ] Request (FlavorsExtraSpecsNegativeTestJSON:test_flavor_non_admin_unset_keys): 403 DELETE http://10.180.1.21/compute/v2.1/flavors/1571399351/os-extra_specs/hw:numa_nodes 0.908s
2025-03-06 09:01:34.917 69544 INFO tempest.lib.common.rest_client [req-bd7c82b6-ea54-4abb-966c-03a1d2b7ef23 req-bd7c82b6-ea54-4abb-966c-03a1d2b7ef23 ] Request (HypervisorAdminTestJSON:tearDownClass): 204 DELETE http://10.180.1.21/identity/v3/users/db6d57c9d0814fc5a3c4a2ba0c6fc873 0.355s
2025-03-06 09:01:34.942 69574 INFO tempest.lib.common.rest_client [req-bc483fb0-bfbc-436d-9fc9-e2277a96afaf req-bc483fb0-bfbc-436d-9fc9-e2277a96afaf ] Request (ServerDiagnosticsNegativeTest:setUpClass): 200 GET http://10.180.1.21/identity/v3/roles 0.228s
2025-03-06 09:01:34.958 69576 INFO tempest.lib.common.rest_client [req-c504a96f-2a5c-433d-a0b9-32daf3bd8497 req-c504a96f-2a5c-433d-a0b9-32daf3bd8497 ] Request (NetworksTest:tearDownClass): 204 DELETE http://10.180.1.21:9696/networking/v2.0/security-groups/490f06db-a920-49db-bde1-c14bc2dae02f 0.110s
2025-03-06 09:01:34.964 69546 INFO tempest.lib.common.rest_client [req-e6e394db-7971-46ce-9994-ae8c0c3d2426 req-e6e394db-7971-46ce-9994-ae8c0c3d2426 ] Request (QuotaClassesAdminTestJSON:tearDownClass): 204 DELETE http://10.180.1.21:9696/networking/v2.0/security-groups/1eaf9aea-f94f-4a16-b618-78da9cc4e83c 0.133s
2025-03-06 09:01:34.987 69588 INFO tempest.lib.common.rest_client [req-5ca12b4b-9376-412f-9a57-911846e6fc24 req-5ca12b4b-9376-412f-9a57-911846e6fc24 ] Request (InstanceUsageAuditLogNegativeTestJSON:tearDownClass): 204 DELETE http://10.180.1.21:9696/networking/v2.0/security-groups/10a04b42-4b50-4f8c-b27a-3c9bd3ec3473 0.110s
2025-03-06 09:01:35.004 69596 INFO tempest.lib.common.rest_client [req-287a0103-9bfe-419c-8a2d-0041f770f9c5 req-287a0103-9bfe-419c-8a2d-0041f770f9c5 ] Request (ImagesDeleteNegativeTestJSON:tearDownClass): 204 DELETE http://10.180.1.21/identity/v3/projects/8759b5b9453f4f80964cf8fdd60608f2 0.261s
