2025-03-06 09:03:44.247 69586 INFO tempest.lib.common.rest_client [req-ca7fb259-761b-4635-aa94-310583dd1ffe req-ca7fb259-761b-4635-aa94-310583dd1ffe ] Request (ListImageFiltersTestJSON:setUpClass): 200 GET http://10.180.1.21/compute/v2.1/images/329d3793-29da-4f84-8ea6-51acf9abb59b 0.097s
2025-03-06 09:03:44.313 69572 INFO tempest.lib.common.rest_client [req-e7102d67-f686-485c-a33e-222248b294ef req-e7102d67-f686-485c-a33e-222248b294ef ] Request (ServersNegativeTestJSON:setUp): 200 GET http://10.180.1.21/compute/v2.1/servers/9421efc6-6e98-48f4-a136-b3217e97527f 0.174s
2025-03-06 09:03:44.353 69554 INFO tempest.lib.common.rest_client [req-288dff6b-6923-45a6-bde5-ae6964039f27 req-288dff6b-6923-45a6-bde5-ae6964039f27 ] Request (ImagesOneServerNegativeTestJSON:tearDown): 200 GET http://10.180.1.21/compute/v2.1/servers/fd76250a-069e-4ac2-a19a-1b403dead67b 0.137s
2025-03-06 09:03:44.375 69546 INFO tempest.lib.common.rest_client [req-51ec35bb-0003-44bd-9a04-da0c62184eb9 req-51ec35bb-0003-44bd-9a04-da0c62184eb9 ] Request (InstanceActionsV221TestJSON:test_get_list_deleted_instance_actions): 200 GET http://10.180.1.21/compute/v2.1/servers/2f1a2017-62f4-441d-a40c-83158d1a5cb6 0.129s
2025-03-06 09:03:44.390 69598 WARNING tempest.lib.common.ssh [-] Failed to establish authenticated ssh connection to cirros@10.180.180.227 ([Errno None] Unable to connect to port 22 on 10.180.180.227). Number attempts: 5. Retry after 6 seconds.: paramiko.ssh_exception.NoValidConnectionsError: [Errno None] Unable to connect to port 22 on 10.180.180.227
2025-03-06 09:03:44.414 69568 INFO tempest.lib.common.rest_client [req-19ff3292-24b9-4d6b-8868-6cc8ecd3e7e5 req-19ff3292-24b9-4d6b-8868-6cc8ecd3e7e5 ] Request (ServerTagsTestJSON:setUpClass): 200 GET http://10.180.1.21/compute/v2.1/servers/1d950aae-1324-4e9a-9872-1f1a17acf1d9 0.079s
2025-03-06 09:03:44.510 69572 INFO tempest.lib.common.rest_client [req-a66e56df-dd85-4517-be68-f58b9f2398aa req-a66e56df-dd85-4517-be68-f58b9f2398aa ] Request (ServersNegativeTestJSON:test_create_server_from_non_bootable_volume): 202 POST http://10.180.1.21/volume/v3/volumes 0.188s
2025-03-06 09:03:44.541 69544 INFO tempest.lib.common.rest_client [req-be9842fd-b430-45d1-9fa5-b4d026a88142 req-be9842fd-b430-45d1-9fa5-b4d026a88142 ] Request (MigrationsAdminTest:test_resize_server_revert_deleted_flavor): 200 GET http://10.180.1.21/compute/v2.1/servers/78aeae5e-b2a7-4a58-918c-e350a0f930a5 0.073s
2025-03-06 09:03:44.548 69540 INFO tempest.lib.common.rest_client [req-fdf819f0-9cde-4e6f-85bf-98d0a65bf182 req-fdf819f0-9cde-4e6f-85bf-98d0a65bf182 ] Request (ImagesOneServerTestJSON:tearDownClass): 200 GET http://10.180.1.21/compute/v2.1/servers/b67b2f26-bb01-45c5-abb3-e63da889b324 0.082s
2025-03-06 09:03:44.550 69572 INFO tempest.lib.common.rest_client [req-3fdf56b4-e05f-4eda-8ba6-9c2b1a583e95 req-3fdf56b4-e05f-4eda-8ba6-9c2b1a583e95 ] Request (ServersNegativeTestJSON:test_create_server_from_non_bootable_volume): 200 GET http://10.180.1.21/volume/v3/volumes/3c1c21e7-b260-4aa4-bb2d-228561ea4891 0.030s
2025-03-06 09:03:44.611 69548 INFO tempest.lib.common.rest_client [req-2e36f35a-c7fb-4d89-bc0a-aa2ef4d488ba req-2e36f35a-c7fb-4d89-bc0a-aa2ef4d488ba ] Request (ServersV294TestFqdnHostnames:setUpClass): 200 GET http://10.180.1.21/compute/v2.1/servers/eb5ce251-3c94-4f91-b53f-dcce94bbaac0 0.072s
2025-03-06 09:03:44.634 69570 INFO tempest.lib.common.rest_client [req-6e641b3c-34d1-4b75-b79b-ee7de76e18e9 req-6e641b3c-34d1-4b75-b79b-ee7de76e18e9 ] Request (FloatingIPsAssociationTestJSON:test_associate_already_associated_floating_ip): 200 GET http://10.180.1.21/compute/v2.1/servers/30216828-4dca-48de-b61d-2bf8af202dd6 0.053s
2025-03-06 09:03:44.704 69566 INFO tempest.lib.common.rest_client [req-3d56574e-07a5-416a-b77d-8a5b68be1866 req-3d56574e-07a5-416a-b77d-8a5b68be1866 ] Request (MultipleCreateTestJSON:test_multiple_create): 200 GET http://10.180.1.21/compute/v2.1/servers/462f978b-3e0e-4786-a89f-2c4b92fc003a 0.062s
2025-03-06 09:03:44.760 69600 INFO tempest.lib.common.rest_client [req-d9110b69-c9c7-4f6c-9d48-a9d2e11a5acd req-d9110b69-c9c7-4f6c-9d48-a9d2e11a5acd ] Request (ServersTestJSON:test_create_server_specify_multibyte_character_name): 200 GET http://10.180.1.21/compute/v2.1/servers/798f9b00-6de7-44a0-9ccc-119774d88bbc 0.065s
2025-03-06 09:03:44.773 69582 INFO tempest.lib.common.rest_client [req-fa3f1ce8-2d51-4fea-ad27-c84f852d22ce req-fa3f1ce8-2d51-4fea-ad27-c84f852d22ce ] Request (InstanceActionsTestJSON:setUpClass): 200 GET http://10.180.1.21/compute/v2.1/servers/38fe2585-8bbd-48df-abbb-5ef3cdd2d705 0.118s
2025-03-06 09:03:44.811 69560 INFO tempest.lib.common.rest_client [req-b222c4bb-8840-4d8b-91c3-6aa85a5d06e2 req-b222c4bb-8840-4d8b-91c3-6aa85a5d06e2 ] Request (ServersAdminNegativeTestJSON:test_migrate_server_invalid_state): 200 GET http://10.180.1.21/compute/v2.1/servers/8359ec7b-651f-4200-927b-3883d8c1297f 0.108s
2025-03-06 09:03:44.903 69578 INFO tempest.lib.common.rest_client [req-68d031e3-95f1-4c41-a28e-2c858775fe2d req-68d031e3-95f1-4c41-a28e-2c858775fe2d ] Request (DeleteServersAdminTestJSON:test_delete_server_while_in_error_state): 200 GET http://10.180.1.21/compute/v2.1/servers/c21ba868-4227-4e49-9f81-91244863cfd2 0.060s
2025-03-06 09:03:44.964 69552 INFO tempest.lib.common.rest_client [req-d6f14501-51ce-419f-915e-e99a89a31f95 req-d6f14501-51ce-419f-915e-e99a89a31f95 ] Request (AttachInterfacesV270Test:test_create_get_list_interfaces): 200 GET http://10.180.1.21/compute/v2.1/servers/97a07f81-1c1d-4a27-93c9-2eb7523a5ee0 0.056s
2025-03-06 09:03:45.024 69580 INFO tempest.lib.common.rest_client [req-dedaf240-7c1f-4bd3-a5b9-8a6fdb107e03 req-dedaf240-7c1f-4bd3-a5b9-8a6fdb107e03 ] Request (ServersTestMultiNic:test_verify_multiple_nics_order): 200 GET http://10.180.1.21/compute/v2.1/servers/3b49b25d-d39a-4b0c-85ed-7383c401c3b6 0.058s
2025-03-06 09:03:45.100 69585 INFO tempest.lib.common.rest_client [req-dd091f9a-a447-4efd-8864-274b553675ae req-dd091f9a-a447-4efd-8864-274b553675ae ] Request (ServersAaction247Test:test_create_backup): 200 GET http://10.180.1.21/compute/v2.1/servers/592a22d4-9652-4f07-a91e-464892d6f3b9 0.066s
2025-03-06 09:03:45.150 69594 INFO tempest.lib.common.rest_client [req-f9306f00-b96e-4745-a69b-6e49252631e7 req-f9306f00-b96e-4745-a69b-6e49252631e7 ] Request (SecurityGroupsTestJSON:test_server_security_groups): 200 GET http://10.180.1.21/compute/v2.1/servers/460fd851-f92d-49ec-8904-527d9b9e9b55 0.110s
2025-03-06 09:03:45.189 69588 INFO tempest.lib.common.rest_client [req-3cba4120-17b6-475c-bae8-3a0894293da7 req-3cba4120-17b6-475c-bae8-3a0894293da7 ] Request (ServerRescueNegativeTestJSON:test_rescued_vm_detach_volume): 200 GET http://10.180.1.21/compute/v2.1/servers/61ef0689-e28c-4296-8d0c-809458f6cc01 0.094s
2025-03-06 09:03:45.190 69558 INFO paramiko.transport [-] Connected (version 2.0, client dropbear_2020.81)
2025-03-06 09:03:45.228 69592 INFO tempest.lib.common.rest_client [req-5fe4b7b7-f857-4802-a457-1aa6d5e0f9c0 req-5fe4b7b7-f857-4802-a457-1aa6d5e0f9c0 ] Request (FloatingIPsAssociationNegativeTestJSON:tearDownClass): 200 GET http://10.180.1.21/compute/v2.1/servers/ea80840e-87c3-4387-b6a3-afc53f581203 0.069s
2025-03-06 09:03:45.276 69562 INFO tempest.lib.common.rest_client [req-0f6cf2e5-6351-449d-b9ea-ba32885806bc req-0f6cf2e5-6351-449d-b9ea-ba32885806bc ] Request (ServerDiskConfigTestJSON:test_rebuild_server_with_auto_disk_config): 200 GET http://10.180.1.21/compute/v2.1/servers/2abcf079-cc67-4bd8-ae8a-c4eee07835ae 0.077s
2025-03-06 09:03:45.287 69574 INFO tempest.lib.common.rest_client [req-39e3de12-6c63-408a-a89a-f13d50a3455e req-39e3de12-6c63-408a-a89a-f13d50a3455e ] Request (VolumesAdminNegativeTest:test_update_attached_volume_with_nonexistent_volume_in_body): 200 GET http://10.180.1.21/compute/v2.1/servers/ebb20351-6df6-475b-9026-7abaf6de1b60 0.064s
2025-03-06 09:03:45.303 69558 INFO paramiko.transport [-] Authentication (publickey) successful!
2025-03-06 09:03:45.304 69558 INFO tempest.lib.common.ssh [-] ssh connection to cirros@10.180.180.230 successfully created
2025-03-06 09:03:45.308 69586 INFO tempest.lib.common.rest_client [req-51aba366-dd01-4d1d-8ea8-7d38bb2fdd16 req-51aba366-dd01-4d1d-8ea8-7d38bb2fdd16 ] Request (ListImageFiltersTestJSON:setUpClass): 200 GET http://10.180.1.21/compute/v2.1/images/329d3793-29da-4f84-8ea6-51acf9abb59b 0.056s
2025-03-06 09:03:45.342 69586 INFO tempest.lib.common.rest_client [req-20f9c3c8-db4f-43c3-83c4-f4fe521cc502 req-20f9c3c8-db4f-43c3-83c4-f4fe521cc502 ] Request (ListImageFiltersTestJSON:setUpClass): 200 GET http://10.180.1.21/compute/v2.1/images/329d3793-29da-4f84-8ea6-51acf9abb59b 0.031s
2025-03-06 09:03:45.480 69586 INFO tempest.lib.common.rest_client [req-6be68b3a-fde2-4a41-a0c0-576d02b22718 req-6be68b3a-fde2-4a41-a0c0-576d02b22718 ] Request (ListImageFiltersTestJSON:setUpClass): 200 GET http://10.180.1.21/compute/v2.1/servers/b432ed50-8e33-4285-b4a7-61c7c6675a55 0.134s
2025-03-06 09:03:45.577 69554 INFO tempest.lib.common.rest_client [req-ef6d9107-3a5e-47ee-a869-59a46fb1c9a8 req-ef6d9107-3a5e-47ee-a869-59a46fb1c9a8 ] Request (ImagesOneServerNegativeTestJSON:tearDown): 200 GET http://10.180.1.21/compute/v2.1/servers/fd76250a-069e-4ac2-a19a-1b403dead67b 0.215s
2025-03-06 09:03:45.583 69572 INFO tempest.lib.common.rest_client [req-61de1472-55e4-4c4c-8385-1fa9592503e5 req-61de1472-55e4-4c4c-8385-1fa9592503e5 ] Request (ServersNegativeTestJSON:test_create_server_from_non_bootable_volume): 200 GET http://10.180.1.21/volume/v3/volumes/3c1c21e7-b260-4aa4-bb2d-228561ea4891 0.026s
2025-03-06 09:03:45.590 69572 INFO tempest.common.waiters [-] volume 3c1c21e7-b260-4aa4-bb2d-228561ea4891 reached available after waiting for 1.590085 seconds
2025-03-06 09:03:45.612 69572 INFO tempest.lib.common.rest_client [req-d7801cf7-8240-4109-a28c-4c83efac6ae5 req-d7801cf7-8240-4109-a28c-4c83efac6ae5 ] Request (ServersNegativeTestJSON:test_create_server_from_non_bootable_volume): 200 POST http://10.180.1.21/volume/v3/volumes/3c1c21e7-b260-4aa4-bb2d-228561ea4891/action 0.022s
2025-03-06 09:03:45.633 69546 INFO tempest.lib.common.rest_client [req-db1701a4-bf79-4082-b3fb-23f0a9f61ba4 req-db1701a4-bf79-4082-b3fb-23f0a9f61ba4 ] Request (InstanceActionsV221TestJSON:test_get_list_deleted_instance_actions): 200 GET http://10.180.1.21/compute/v2.1/servers/2f1a2017-62f4-441d-a40c-83158d1a5cb6 0.247s
2025-03-06 09:03:45.635 69572 INFO tempest.lib.common.rest_client [req-851d463e-624b-4093-ba52-75ec9d2c6807 req-851d463e-624b-4093-ba52-75ec9d2c6807 ] Request (ServersNegativeTestJSON:test_create_server_from_non_bootable_volume): 200 GET http://10.180.1.21/volume/v3/volumes/3c1c21e7-b260-4aa4-bb2d-228561ea4891 0.022s
2025-03-06 09:03:45.674 69572 INFO tempest.lib.common.rest_client [req-15ee329f-642c-45e0-9a51-9e58eb10b86a req-15ee329f-642c-45e0-9a51-9e58eb10b86a ] Request (ServersNegativeTestJSON:test_create_server_from_non_bootable_volume): 201 POST http://10.180.1.21/identity/v3/auth/tokens 0.030s
2025-03-06 09:03:45.674 69572 INFO tempest.lib.common.fixed_network [-] (ServersNegativeTestJSON:test_create_server_from_non_bootable_volume) Found network {'id': 'cab8bda0-336e-419e-915f-8f1365d46f94', 'name': 'tempest-ServersNegativeTestJSON-1933628963-network', 'tenant_id': 'db17f1cf122d44a58de6d68fb01a365c', 'admin_state_up': True, 'mtu': 8950, 'status': 'ACTIVE', 'subnets': [], 'shared': False, 'project_id': 'db17f1cf122d44a58de6d68fb01a365c', 'port_security_enabled': True, 'router:external': False, 'provider:network_type': 'vlan', 'provider:physical_network': 'default', 'provider:segmentation_id': 148, 'availability_zone_hints': [], 'availability_zones': [], 'ipv4_address_scope': None, 'ipv6_address_scope': None, 'description': '', 'tags': [], 'created_at': '2025-03-06T09:01:35Z', 'updated_at': '2025-03-06T09:01:35Z', 'revision_number': 1} available for tenant
2025-03-06 09:03:45.682 69568 INFO tempest.lib.common.rest_client [req-b0aed01d-5b0e-479d-a12c-14fd8b5a9263 req-b0aed01d-5b0e-479d-a12c-14fd8b5a9263 ] Request (ServerTagsTestJSON:setUpClass): 200 GET http://10.180.1.21/compute/v2.1/servers/1d950aae-1324-4e9a-9872-1f1a17acf1d9 0.252s
2025-03-06 09:03:45.730 69544 INFO tempest.lib.common.rest_client [req-1c7cc3c5-6d4b-40a7-80f9-7febed0f197c req-1c7cc3c5-6d4b-40a7-80f9-7febed0f197c ] Request (MigrationsAdminTest:test_resize_server_revert_deleted_flavor): 200 GET http://10.180.1.21/compute/v2.1/servers/78aeae5e-b2a7-4a58-918c-e350a0f930a5 0.181s
2025-03-06 09:03:45.791 69540 INFO tempest.lib.common.rest_client [req-45492b9b-4135-4916-8f5f-51db3a7f7933 req-45492b9b-4135-4916-8f5f-51db3a7f7933 ] Request (ImagesOneServerTestJSON:tearDownClass): 200 GET http://10.180.1.21/compute/v2.1/servers/b67b2f26-bb01-45c5-abb3-e63da889b324 0.229s
2025-03-06 09:03:45.840 69548 INFO tempest.lib.common.rest_client [req-0bcac0d8-cb73-4674-8fae-409ec89e62ec req-0bcac0d8-cb73-4674-8fae-409ec89e62ec ] Request (ServersV294TestFqdnHostnames:setUpClass): 200 GET http://10.180.1.21/compute/v2.1/servers/eb5ce251-3c94-4f91-b53f-dcce94bbaac0 0.216s
2025-03-06 09:03:45.885 69570 INFO tempest.lib.common.rest_client [req-50f493b8-0ba7-49e4-aa5d-8e8128cc49bd req-50f493b8-0ba7-49e4-aa5d-8e8128cc49bd ] Request (FloatingIPsAssociationTestJSON:test_associate_already_associated_floating_ip): 200 GET http://10.180.1.21/compute/v2.1/servers/30216828-4dca-48de-b61d-2bf8af202dd6 0.243s
2025-03-06 09:03:45.927 69572 INFO tempest.lib.common.rest_client [req-e1a58a11-2750-4be0-b482-6a61c34db4da req-e1a58a11-2750-4be0-b482-6a61c34db4da ] Request (ServersNegativeTestJSON:test_create_server_from_non_bootable_volume): 400 POST http://10.180.1.21/compute/v2.1/servers 0.252s
2025-03-06 09:03:45.971 69566 INFO tempest.lib.common.rest_client [req-735420a6-f96f-499a-bbb3-f5df82042d8b req-735420a6-f96f-499a-bbb3-f5df82042d8b ] Request (MultipleCreateTestJSON:test_multiple_create): 200 GET http://10.180.1.21/compute/v2.1/servers/462f978b-3e0e-4786-a89f-2c4b92fc003a 0.257s
2025-03-06 09:03:45.978 69566 INFO tempest.common.waiters [-] State transition "BUILD/None" ==> "BUILD/networking" after 57 second wait
2025-03-06 09:03:46.024 69600 INFO tempest.lib.common.rest_client [req-dc4ed83a-08c2-4453-973b-918b85f04e46 req-dc4ed83a-08c2-4453-973b-918b85f04e46 ] Request (ServersTestJSON:test_create_server_specify_multibyte_character_name): 200 GET http://10.180.1.21/compute/v2.1/servers/798f9b00-6de7-44a0-9ccc-119774d88bbc 0.255s
2025-03-06 09:03:46.024 69542 WARNING tempest.lib.common.ssh [-] Failed to establish authenticated ssh connection to cirros@10.180.180.187 ([Errno None] Unable to connect to port 22 on 10.180.180.187). Number attempts: 2. Retry after 3 seconds.: paramiko.ssh_exception.NoValidConnectionsError: [Errno None] Unable to connect to port 22 on 10.180.180.187
2025-03-06 09:03:46.108 69582 INFO tempest.lib.common.rest_client [req-dadc6755-e8d3-47de-9ad2-6076b6c8be11 req-dadc6755-e8d3-47de-9ad2-6076b6c8be11 ] Request (InstanceActionsTestJSON:setUpClass): 200 GET http://10.180.1.21/compute/v2.1/servers/38fe2585-8bbd-48df-abbb-5ef3cdd2d705 0.327s
2025-03-06 09:03:46.164 69560 INFO tempest.lib.common.rest_client [req-2fc99a60-2c5f-4b71-9a5c-8405887510ed req-2fc99a60-2c5f-4b71-9a5c-8405887510ed ] Request (ServersAdminNegativeTestJSON:test_migrate_server_invalid_state): 200 GET http://10.180.1.21/compute/v2.1/servers/8359ec7b-651f-4200-927b-3883d8c1297f 0.345s
2025-03-06 09:03:46.221 69578 INFO tempest.lib.common.rest_client [req-ef3a10c3-ef61-479a-9276-9fa6b84e4075 req-ef3a10c3-ef61-479a-9276-9fa6b84e4075 ] Request (DeleteServersAdminTestJSON:test_delete_server_while_in_error_state): 200 GET http://10.180.1.21/compute/v2.1/servers/c21ba868-4227-4e49-9f81-91244863cfd2 0.310s
2025-03-06 09:03:46.311 69572 INFO tempest.lib.common.rest_client [req-23423943-1a4f-4fb6-b25e-98fcd278252e req-23423943-1a4f-4fb6-b25e-98fcd278252e ] Request (ServersNegativeTestJSON:tearDown): 200 GET http://10.180.1.21/compute/v2.1/servers/9421efc6-6e98-48f4-a136-b3217e97527f 0.384s
2025-03-06 09:03:46.359 69552 INFO tempest.lib.common.rest_client [req-019654e7-40cd-43df-84c3-2b156c277e5c req-019654e7-40cd-43df-84c3-2b156c277e5c ] Request (AttachInterfacesV270Test:test_create_get_list_interfaces): 200 GET http://10.180.1.21/compute/v2.1/servers/97a07f81-1c1d-4a27-93c9-2eb7523a5ee0 0.385s
2025-03-06 09:03:46.419 69580 INFO tempest.lib.common.rest_client [req-73cae894-29e5-46b2-989f-7770285916c4 req-73cae894-29e5-46b2-989f-7770285916c4 ] Request (ServersTestMultiNic:test_verify_multiple_nics_order): 200 GET http://10.180.1.21/compute/v2.1/servers/3b49b25d-d39a-4b0c-85ed-7383c401c3b6 0.383s
2025-03-06 09:03:46.472 69585 INFO tempest.lib.common.rest_client [req-c641d151-370c-459e-b0c4-ec4ada54d0fa req-c641d151-370c-459e-b0c4-ec4ada54d0fa ] Request (ServersAaction247Test:test_create_backup): 200 GET http://10.180.1.21/compute/v2.1/servers/592a22d4-9652-4f07-a91e-464892d6f3b9 0.362s
2025-03-06 09:03:46.481 69585 INFO tempest.common.waiters [-] State transition "BUILD/spawning" ==> "ACTIVE/None" after 63 second wait
2025-03-06 09:03:46.557 69594 INFO tempest.lib.common.rest_client [req-27519bf0-dd7e-4e99-b98b-8971a40966c3 req-27519bf0-dd7e-4e99-b98b-8971a40966c3 ] Request (SecurityGroupsTestJSON:test_server_security_groups): 200 GET http://10.180.1.21/compute/v2.1/servers/460fd851-f92d-49ec-8904-527d9b9e9b55 0.397s
2025-03-06 09:03:46.565 69594 INFO tempest.common.waiters [-] State transition "BUILD/spawning" ==> "ACTIVE/None" after 72 second wait
2025-03-06 09:03:46.601 69588 INFO tempest.lib.common.rest_client [req-28edd129-5956-4991-afe9-b1fb2a155531 req-28edd129-5956-4991-afe9-b1fb2a155531 ] Request (ServerRescueNegativeTestJSON:test_rescued_vm_detach_volume): 200 GET http://10.180.1.21/compute/v2.1/servers/61ef0689-e28c-4296-8d0c-809458f6cc01 0.402s
2025-03-06 09:03:46.650 69592 INFO tempest.lib.common.rest_client [req-f2df74ec-537f-4e99-93b8-51b5133ce8e6 req-f2df74ec-537f-4e99-93b8-51b5133ce8e6 ] Request (FloatingIPsAssociationNegativeTestJSON:tearDownClass): 200 GET http://10.180.1.21/compute/v2.1/servers/ea80840e-87c3-4387-b6a3-afc53f581203 0.414s
2025-03-06 09:03:46.692 69562 INFO tempest.lib.common.rest_client [req-a7f14c57-8c68-4003-bc45-610d34728311 req-a7f14c57-8c68-4003-bc45-610d34728311 ] Request (ServerDiskConfigTestJSON:test_rebuild_server_with_auto_disk_config): 200 GET http://10.180.1.21/compute/v2.1/servers/2abcf079-cc67-4bd8-ae8a-c4eee07835ae 0.408s
2025-03-06 09:03:46.736 69574 INFO tempest.lib.common.rest_client [req-4eacd741-d029-49bf-ba55-bfbc24c81955 req-4eacd741-d029-49bf-ba55-bfbc24c81955 ] Request (VolumesAdminNegativeTest:test_update_attached_volume_with_nonexistent_volume_in_body): 200 GET http://10.180.1.21/compute/v2.1/servers/ebb20351-6df6-475b-9026-7abaf6de1b60 0.439s
2025-03-06 09:03:46.822 69572 INFO tempest.lib.common.rest_client [req-a2e4a8da-2a81-40fe-b08d-9538dc571535 req-a2e4a8da-2a81-40fe-b08d-9538dc571535 ] Request (ServersNegativeTestJSON:setUp): 200 GET http://10.180.1.21/compute/v2.1/servers/9421efc6-6e98-48f4-a136-b3217e97527f 0.500s
2025-03-06 09:03:46.942 69558 INFO tempest.lib.common.rest_client [req-25a57999-c13a-4a32-8a8f-454959d7c99f req-25a57999-c13a-4a32-8a8f-454959d7c99f ] Request (VolumesAssistedSnapshotsTest:test_volume_assisted_snapshot_create_delete): 200 POST http://10.180.1.21/compute/v2.1/servers/7f1b4467-736f-48f6-8e6c-08ba9a6ba725/os-volume_attachments 1.638s
2025-03-06 09:03:46.954 69572 INFO tempest.lib.common.rest_client [req-3579db09-74e5-415c-920a-546bed6b929a req-3579db09-74e5-415c-920a-546bed6b929a ] Request (ServersNegativeTestJSON:test_create_server_invalid_bdm_in_2nd_dict): 202 POST http://10.180.1.21/volume/v3/volumes 0.125s
2025-03-06 09:03:46.972 69558 INFO tempest.lib.common.rest_client [req-f27bb588-b2aa-4802-90c1-bd880075b882 req-f27bb588-b2aa-4802-90c1-bd880075b882 ] Request (VolumesAssistedSnapshotsTest:test_volume_assisted_snapshot_create_delete): 200 GET http://10.180.1.21/volume/v3/volumes/a8d15af8-3dab-43ca-b65f-555a572428f6 0.028s
2025-03-06 09:03:46.986 69572 INFO tempest.lib.common.rest_client [req-7a02693e-329b-4b48-8061-3b8ec669ad60 req-7a02693e-329b-4b48-8061-3b8ec669ad60 ] Request (ServersNegativeTestJSON:test_create_server_invalid_bdm_in_2nd_dict): 200 GET http://10.180.1.21/volume/v3/volumes/76b65880-817d-43ce-b62f-fd7a080573d2 0.024s
2025-03-06 09:03:47.037 69586 INFO tempest.lib.common.rest_client [req-56d1e559-5fc3-41f9-8d59-9e301ccb82df req-56d1e559-5fc3-41f9-8d59-9e301ccb82df ] Request (ListImageFiltersTestJSON:setUpClass): 200 GET http://10.180.1.21/compute/v2.1/servers/b432ed50-8e33-4285-b4a7-61c7c6675a55 0.547s
2025-03-06 09:03:47.239 69556 WARNING tempest.lib.common.ssh [-] Failed to establish authenticated ssh connection to cirros@10.180.180.233 ([Errno None] Unable to connect to port 22 on 10.180.180.233). Number attempts: 7. Retry after 8 seconds.: paramiko.ssh_exception.NoValidConnectionsError: [Errno None] Unable to connect to port 22 on 10.180.180.233
2025-03-06 09:03:47.290 69585 INFO tempest.lib.common.rest_client [req-af55d5d4-1241-4580-bd4d-ee80d386cc89 req-af55d5d4-1241-4580-bd4d-ee80d386cc89 ] Request (ServersAaction247Test:test_create_backup): 202 POST http://10.180.1.21/compute/v2.1/servers/592a22d4-9652-4f07-a91e-464892d6f3b9/action 0.809s
2025-03-06 09:03:47.465 69594 INFO tempest.lib.common.rest_client [req-f90dbdf0-53c1-4bcb-b002-cf43040b45a2 req-f90dbdf0-53c1-4bcb-b002-cf43040b45a2 ] Request (SecurityGroupsTestJSON:test_server_security_groups): 202 POST http://10.180.1.21/compute/v2.1/servers/460fd851-f92d-49ec-8904-527d9b9e9b55/action 0.899s
2025-03-06 09:03:47.476 69554 INFO tempest.lib.common.rest_client [req-34f656a1-4089-4747-8669-38bf189c3237 req-34f656a1-4089-4747-8669-38bf189c3237 ] Request (ImagesOneServerNegativeTestJSON:tearDown): 200 GET http://10.180.1.21/compute/v2.1/servers/fd76250a-069e-4ac2-a19a-1b403dead67b 0.891s
2025-03-06 09:03:47.484 69554 INFO tempest.common.waiters [-] State transition "ACTIVE/image_uploading" ==> "ACTIVE/None" after 9 second wait
2025-03-06 09:03:47.533 69568 INFO tempest.lib.common.rest_client [req-3cca6b68-2c20-4076-b9fb-5915193dfbb4 req-3cca6b68-2c20-4076-b9fb-5915193dfbb4 ] Request (ServerTagsTestJSON:setUpClass): 200 GET http://10.180.1.21/compute/v2.1/servers/1d950aae-1324-4e9a-9872-1f1a17acf1d9 0.842s
2025-03-06 09:03:47.548 69546 INFO tempest.lib.common.rest_client [req-b500cb74-974f-40cc-903a-68127d5ed6c0 req-b500cb74-974f-40cc-903a-68127d5ed6c0 ] Request (InstanceActionsV221TestJSON:test_get_list_deleted_instance_actions): 200 GET http://10.180.1.21/compute/v2.1/servers/2f1a2017-62f4-441d-a40c-83158d1a5cb6 0.905s
2025-03-06 09:03:47.573 69540 INFO tempest.lib.common.rest_client [req-65253301-1f7f-4dbe-b711-97234fd12bee req-65253301-1f7f-4dbe-b711-97234fd12bee ] Request (ImagesOneServerTestJSON:tearDownClass): 404 GET http://10.180.1.21/compute/v2.1/servers/b67b2f26-bb01-45c5-abb3-e63da889b324 0.774s
2025-03-06 09:03:47.586 69544 INFO tempest.lib.common.rest_client [req-838e608f-cc2e-4af6-b5a8-8570abc46f8d req-838e608f-cc2e-4af6-b5a8-8570abc46f8d ] Request (MigrationsAdminTest:test_resize_server_revert_deleted_flavor): 200 GET http://10.180.1.21/compute/v2.1/servers/78aeae5e-b2a7-4a58-918c-e350a0f930a5 0.848s
2025-03-06 09:03:47.628 69548 INFO tempest.lib.common.rest_client [req-0be9f88c-0a24-49d0-b823-7b8c85d4da37 req-0be9f88c-0a24-49d0-b823-7b8c85d4da37 ] Request (ServersV294TestFqdnHostnames:setUpClass): 200 GET http://10.180.1.21/compute/v2.1/servers/eb5ce251-3c94-4f91-b53f-dcce94bbaac0 0.778s
2025-03-06 09:03:47.636 69570 INFO tempest.lib.common.rest_client [req-160342ed-401a-4c71-92b3-58919427edee req-160342ed-401a-4c71-92b3-58919427edee ] Request (FloatingIPsAssociationTestJSON:test_associate_already_associated_floating_ip): 200 GET http://10.180.1.21/compute/v2.1/servers/30216828-4dca-48de-b61d-2bf8af202dd6 0.743s
2025-03-06 09:03:47.693 69600 INFO tempest.lib.common.rest_client [req-48f159a2-32a0-42f4-9fb4-3d7f621dd6c8 req-48f159a2-32a0-42f4-9fb4-3d7f621dd6c8 ] Request (ServersTestJSON:test_create_server_specify_multibyte_character_name): 200 GET http://10.180.1.21/compute/v2.1/servers/798f9b00-6de7-44a0-9ccc-119774d88bbc 0.661s
2025-03-06 09:03:47.781 69566 INFO tempest.lib.common.rest_client [req-98228c55-12b8-40df-b89c-b564b442c844 req-98228c55-12b8-40df-b89c-b564b442c844 ] Request (MultipleCreateTestJSON:test_multiple_create): 200 GET http://10.180.1.21/compute/v2.1/servers/462f978b-3e0e-4786-a89f-2c4b92fc003a 0.802s
2025-03-06 09:03:47.792 69566 INFO tempest.common.waiters [-] State transition "BUILD/networking" ==> "BUILD/spawning" after 59 second wait
2025-03-06 09:03:47.840 69560 INFO tempest.lib.common.rest_client [req-f28b8269-7975-423d-8fd6-c5dfe37538b7 req-f28b8269-7975-423d-8fd6-c5dfe37538b7 ] Request (ServersAdminNegativeTestJSON:test_migrate_server_invalid_state): 200 GET http://10.180.1.21/compute/v2.1/servers/8359ec7b-651f-4200-927b-3883d8c1297f 0.667s
2025-03-06 09:03:47.849 69582 INFO tempest.lib.common.rest_client [req-60b72cfa-d82f-4996-98a3-cbdaa69bbf66 req-60b72cfa-d82f-4996-98a3-cbdaa69bbf66 ] Request (InstanceActionsTestJSON:setUpClass): 200 GET http://10.180.1.21/compute/v2.1/servers/38fe2585-8bbd-48df-abbb-5ef3cdd2d705 0.729s
2025-03-06 09:03:47.902 69578 INFO tempest.lib.common.rest_client [req-f883699c-22e7-4c88-866d-11453b076a87 req-f883699c-22e7-4c88-866d-11453b076a87 ] Request (DeleteServersAdminTestJSON:test_delete_server_while_in_error_state): 200 GET http://10.180.1.21/compute/v2.1/servers/c21ba868-4227-4e49-9f81-91244863cfd2 0.673s
2025-03-06 09:03:47.934 69585 INFO tempest.lib.common.rest_client [req-84d6dc1f-8977-4f92-86d1-a3b3ade89b78 req-84d6dc1f-8977-4f92-86d1-a3b3ade89b78 ] Request (ServersAaction247Test:tearDownClass): 204 DELETE http://10.180.1.21/compute/v2.1/servers/592a22d4-9652-4f07-a91e-464892d6f3b9 0.633s
2025-03-06 09:03:47.958 69552 INFO tempest.lib.common.rest_client [req-616dfe09-6a96-47e3-a4b9-7ff084fa5ba9 req-616dfe09-6a96-47e3-a4b9-7ff084fa5ba9 ] Request (AttachInterfacesV270Test:test_create_get_list_interfaces): 200 GET http://10.180.1.21/compute/v2.1/servers/97a07f81-1c1d-4a27-93c9-2eb7523a5ee0 0.588s
2025-03-06 09:03:47.971 69552 INFO tempest.common.waiters [-] State transition "BUILD/scheduling" ==> "BUILD/None" after 37 second wait
2025-03-06 09:03:47.986 69580 INFO tempest.lib.common.rest_client [req-6a60d478-61eb-4454-90a7-36897875cfbe req-6a60d478-61eb-4454-90a7-36897875cfbe ] Request (ServersTestMultiNic:test_verify_multiple_nics_order): 200 GET http://10.180.1.21/compute/v2.1/servers/3b49b25d-d39a-4b0c-85ed-7383c401c3b6 0.557s
2025-03-06 09:03:48.015 69558 INFO tempest.lib.common.rest_client [req-5241eda9-317b-41e4-bc53-2411467718ae req-5241eda9-317b-41e4-bc53-2411467718ae ] Request (VolumesAssistedSnapshotsTest:test_volume_assisted_snapshot_create_delete): 200 GET http://10.180.1.21/volume/v3/volumes/a8d15af8-3dab-43ca-b65f-555a572428f6 0.035s
2025-03-06 09:03:48.037 69572 INFO tempest.lib.common.rest_client [req-a36d9e48-740e-4db7-b0a6-fa00eadefef1 req-a36d9e48-740e-4db7-b0a6-fa00eadefef1 ] Request (ServersNegativeTestJSON:test_create_server_invalid_bdm_in_2nd_dict): 200 GET http://10.180.1.21/volume/v3/volumes/76b65880-817d-43ce-b62f-fd7a080573d2 0.044s
2025-03-06 09:03:48.043 69572 INFO tempest.common.waiters [-] volume 76b65880-817d-43ce-b62f-fd7a080573d2 reached available after waiting for 2.043475 seconds
2025-03-06 09:03:48.043 69594 INFO tempest.lib.common.rest_client [req-2fbd25d1-7dcf-4543-a25a-607df1a4a5d5 req-2fbd25d1-7dcf-4543-a25a-607df1a4a5d5 ] Request (SecurityGroupsTestJSON:test_server_security_groups): 400 DELETE http://10.180.1.21/compute/v2.1/os-security-groups/3fa491c4-a5bd-44cc-9d3e-e56b98fb1b44 0.578s
2025-03-06 09:03:48.074 69554 INFO tempest.lib.common.rest_client [req-8e44649a-c6a5-48d8-a880-f9a0421538cc req-8e44649a-c6a5-48d8-a880-f9a0421538cc ] Request (ImagesOneServerNegativeTestJSON:_run_cleanups): 204 DELETE http://10.180.1.21/compute/v2.1/servers/fd76250a-069e-4ac2-a19a-1b403dead67b 0.590s
2025-03-06 09:03:48.102 69572 INFO tempest.lib.common.rest_client [req-555b6298-5263-485c-9579-7015af5001f1 req-555b6298-5263-485c-9579-7015af5001f1 ] Request (ServersNegativeTestJSON:test_create_server_invalid_bdm_in_2nd_dict): 201 POST http://10.180.1.21/identity/v3/auth/tokens 0.055s
2025-03-06 09:03:48.103 69572 INFO tempest.lib.common.fixed_network [-] (ServersNegativeTestJSON:test_create_server_invalid_bdm_in_2nd_dict) Found network {'id': 'cab8bda0-336e-419e-915f-8f1365d46f94', 'name': 'tempest-ServersNegativeTestJSON-1933628963-network', 'tenant_id': 'db17f1cf122d44a58de6d68fb01a365c', 'admin_state_up': True, 'mtu': 8950, 'status': 'ACTIVE', 'subnets': [], 'shared': False, 'project_id': 'db17f1cf122d44a58de6d68fb01a365c', 'port_security_enabled': True, 'router:external': False, 'provider:network_type': 'vlan', 'provider:physical_network': 'default', 'provider:segmentation_id': 148, 'availability_zone_hints': [], 'availability_zones': [], 'ipv4_address_scope': None, 'ipv6_address_scope': None, 'description': '', 'tags': [], 'created_at': '2025-03-06T09:01:35Z', 'updated_at': '2025-03-06T09:01:35Z', 'revision_number': 1} available for tenant
2025-03-06 09:03:48.108 69588 INFO tempest.lib.common.rest_client [req-f32c8003-c404-4a3b-82ac-9919aa7399d8 req-f32c8003-c404-4a3b-82ac-9919aa7399d8 ] Request (ServerRescueNegativeTestJSON:test_rescued_vm_detach_volume): 200 GET http://10.180.1.21/compute/v2.1/servers/61ef0689-e28c-4296-8d0c-809458f6cc01 0.499s
2025-03-06 09:03:48.116 69588 INFO tempest.common.waiters [-] State transition "BUILD/scheduling" ==> "BUILD/None" after 31 second wait
2025-03-06 09:03:48.137 69592 INFO tempest.lib.common.rest_client [req-73b3b53d-9728-489b-8245-a5dc1fe014b9 req-73b3b53d-9728-489b-8245-a5dc1fe014b9 ] Request (FloatingIPsAssociationNegativeTestJSON:tearDownClass): 200 GET http://10.180.1.21/compute/v2.1/servers/ea80840e-87c3-4387-b6a3-afc53f581203 0.476s
2025-03-06 09:03:48.184 69562 INFO tempest.lib.common.rest_client [req-5732b628-b75e-4ead-8415-b6145eb08243 req-5732b628-b75e-4ead-8415-b6145eb08243 ] Request (ServerDiskConfigTestJSON:test_rebuild_server_with_auto_disk_config): 200 GET http://10.180.1.21/compute/v2.1/servers/2abcf079-cc67-4bd8-ae8a-c4eee07835ae 0.484s
2025-03-06 09:03:48.192 69574 INFO tempest.lib.common.rest_client [req-7832da5a-f3f0-4144-8881-0d074adcabcf req-7832da5a-f3f0-4144-8881-0d074adcabcf ] Request (VolumesAdminNegativeTest:test_update_attached_volume_with_nonexistent_volume_in_body): 200 GET http://10.180.1.21/compute/v2.1/servers/ebb20351-6df6-475b-9026-7abaf6de1b60 0.449s
2025-03-06 09:03:48.239 69585 INFO tempest.lib.common.rest_client [req-ef09c326-390e-4ffc-ab95-4e43aecf1f05 req-ef09c326-390e-4ffc-ab95-4e43aecf1f05 ] Request (ServersAaction247Test:tearDownClass): 200 GET http://10.180.1.21/compute/v2.1/servers/592a22d4-9652-4f07-a91e-464892d6f3b9 0.304s
2025-03-06 09:03:48.253 69594 INFO tempest.lib.common.rest_client [req-68616609-400e-4c7f-81c5-6aeeabf1f342 req-68616609-400e-4c7f-81c5-6aeeabf1f342 ] Request (SecurityGroupsTestJSON:test_server_security_groups): 202 POST http://10.180.1.21/compute/v2.1/servers/460fd851-f92d-49ec-8904-527d9b9e9b55/action 0.209s
2025-03-06 09:03:48.378 69554 INFO tempest.lib.common.rest_client [req-66cdc6c9-ddfc-459e-8f8d-e5916a01ba91 req-66cdc6c9-ddfc-459e-8f8d-e5916a01ba91 ] Request (ImagesOneServerNegativeTestJSON:_run_cleanups): 200 GET http://10.180.1.21/compute/v2.1/servers/fd76250a-069e-4ac2-a19a-1b403dead67b 0.303s
2025-03-06 09:03:48.381 69586 INFO tempest.lib.common.rest_client [req-9e16a0ac-8ca3-44c3-b97f-f14fefec28ca req-9e16a0ac-8ca3-44c3-b97f-f14fefec28ca ] Request (ListImageFiltersTestJSON:setUpClass): 200 GET http://10.180.1.21/compute/v2.1/servers/b432ed50-8e33-4285-b4a7-61c7c6675a55 0.335s
2025-03-06 09:03:48.383 69572 INFO tempest.lib.common.rest_client [req-3158bdab-0e55-4b38-bf3c-e39553bd221c req-3158bdab-0e55-4b38-bf3c-e39553bd221c ] Request (ServersNegativeTestJSON:test_create_server_invalid_bdm_in_2nd_dict): 400 POST http://10.180.1.21/compute/v2.1/servers 0.279s
2025-03-06 09:03:48.390 69586 INFO tempest.common.waiters [-] State transition "ACTIVE/image_uploading" ==> "ACTIVE/None" after 3 second wait
2025-03-06 09:03:48.519 69572 INFO tempest.lib.common.rest_client [req-4b5aa765-2aa6-431d-9e4e-ad9675b5faaf req-4b5aa765-2aa6-431d-9e4e-ad9675b5faaf ] Request (ServersNegativeTestJSON:tearDown): 200 GET http://10.180.1.21/compute/v2.1/servers/9421efc6-6e98-48f4-a136-b3217e97527f 0.136s
2025-03-06 09:03:48.563 69594 INFO tempest.lib.common.rest_client [req-f34ef01b-4631-4303-8318-8457845496c1 req-f34ef01b-4631-4303-8318-8457845496c1 ] Request (SecurityGroupsTestJSON:test_server_security_groups): 200 GET http://10.180.1.21/compute/v2.1/servers/460fd851-f92d-49ec-8904-527d9b9e9b55 0.309s
2025-03-06 09:03:48.659 69572 INFO tempest.lib.common.rest_client [req-c031a876-7145-48bf-86a3-0242ada6152a req-c031a876-7145-48bf-86a3-0242ada6152a ] Request (ServersNegativeTestJSON:setUp): 200 GET http://10.180.1.21/compute/v2.1/servers/9421efc6-6e98-48f4-a136-b3217e97527f 0.126s
2025-03-06 09:03:48.660 69540 INFO tempest.lib.common.rest_client [req-ed1064b2-f1e5-418b-8067-2060689d1f1f req-ed1064b2-f1e5-418b-8067-2060689d1f1f ] Request (ImagesOneServerTestJSON:tearDownClass): 200 PUT http://10.180.1.21:9696/networking/v2.0/routers/27755df8-ffd3-4bba-a416-cbf491365a79/remove_router_interface 1.086s
2025-03-06 09:03:48.701 69572 INFO tempest.lib.common.rest_client [req-a557ca37-cbd9-48cc-b2f7-97db86bb2b78 req-a557ca37-cbd9-48cc-b2f7-97db86bb2b78 ] Request (ServersNegativeTestJSON:test_create_server_metadata_exceeds_length_limit): 201 POST http://10.180.1.21/identity/v3/auth/tokens 0.033s
2025-03-06 09:03:48.701 69572 INFO tempest.lib.common.fixed_network [-] (ServersNegativeTestJSON:test_create_server_metadata_exceeds_length_limit) Found network {'id': 'cab8bda0-336e-419e-915f-8f1365d46f94', 'name': 'tempest-ServersNegativeTestJSON-1933628963-network', 'tenant_id': 'db17f1cf122d44a58de6d68fb01a365c', 'admin_state_up': True, 'mtu': 8950, 'status': 'ACTIVE', 'subnets': [], 'shared': False, 'project_id': 'db17f1cf122d44a58de6d68fb01a365c', 'port_security_enabled': True, 'router:external': False, 'provider:network_type': 'vlan', 'provider:physical_network': 'default', 'provider:segmentation_id': 148, 'availability_zone_hints': [], 'availability_zones': [], 'ipv4_address_scope': None, 'ipv6_address_scope': None, 'description': '', 'tags': [], 'created_at': '2025-03-06T09:01:35Z', 'updated_at': '2025-03-06T09:01:35Z', 'revision_number': 1} available for tenant
2025-03-06 09:03:48.720 69568 INFO tempest.lib.common.rest_client [req-c413ff4b-027f-407d-9cac-0a0778db0a48 req-c413ff4b-027f-407d-9cac-0a0778db0a48 ] Request (ServerTagsTestJSON:setUpClass): 200 GET http://10.180.1.21/compute/v2.1/servers/1d950aae-1324-4e9a-9872-1f1a17acf1d9 0.177s
2025-03-06 09:03:48.788 69546 INFO tempest.lib.common.rest_client [req-4719e910-f0ea-4d9b-a438-ac76b29fc56f req-4719e910-f0ea-4d9b-a438-ac76b29fc56f ] Request (InstanceActionsV221TestJSON:test_get_list_deleted_instance_actions): 200 GET http://10.180.1.21/compute/v2.1/servers/2f1a2017-62f4-441d-a40c-83158d1a5cb6 0.228s
2025-03-06 09:03:48.846 69544 INFO tempest.lib.common.rest_client [req-460e29e5-e905-4cfa-891f-67a08ef33ae9 req-460e29e5-e905-4cfa-891f-67a08ef33ae9 ] Request (MigrationsAdminTest:test_resize_server_revert_deleted_flavor): 200 GET http://10.180.1.21/compute/v2.1/servers/78aeae5e-b2a7-4a58-918c-e350a0f930a5 0.252s
2025-03-06 09:03:48.904 69548 INFO tempest.lib.common.rest_client [req-a74a93c0-944b-45a5-9c2f-9677443b4995 req-a74a93c0-944b-45a5-9c2f-9677443b4995 ] Request (ServersV294TestFqdnHostnames:setUpClass): 200 GET http://10.180.1.21/compute/v2.1/servers/eb5ce251-3c94-4f91-b53f-dcce94bbaac0 0.264s
2025-03-06 09:03:48.956 69570 INFO tempest.lib.common.rest_client [req-ef7ce96a-3dba-4766-8a12-b83f5eaa8648 req-ef7ce96a-3dba-4766-8a12-b83f5eaa8648 ] Request (FloatingIPsAssociationTestJSON:test_associate_already_associated_floating_ip): 200 GET http://10.180.1.21/compute/v2.1/servers/30216828-4dca-48de-b61d-2bf8af202dd6 0.309s
2025-03-06 09:03:48.963 69572 INFO tempest.lib.common.rest_client [req-3aaa78d5-1cef-498d-87c7-0268512d0f8b req-3aaa78d5-1cef-498d-87c7-0268512d0f8b ] Request (ServersNegativeTestJSON:test_create_server_metadata_exceeds_length_limit): 400 POST http://10.180.1.21/compute/v2.1/servers 0.261s
2025-03-06 09:03:48.984 69586 INFO tempest.lib.common.rest_client [req-1a2ff39a-bace-45f2-ba96-bbd5aec8375e req-1a2ff39a-bace-45f2-ba96-bbd5aec8375e ] Request (ListImageFiltersTestJSON:setUpClass): 202 POST http://10.180.1.21/compute/v2.1/servers/1faf40f8-5b57-478e-9f70-cff62cbe3cfb/action 0.594s
2025-03-06 09:03:49.012 69600 INFO tempest.lib.common.rest_client [req-afae7f45-445a-4e6f-8568-b25d6ec8a803 req-afae7f45-445a-4e6f-8568-b25d6ec8a803 ] Request (ServersTestJSON:test_create_server_specify_multibyte_character_name): 200 GET http://10.180.1.21/compute/v2.1/servers/798f9b00-6de7-44a0-9ccc-119774d88bbc 0.308s
2025-03-06 09:03:49.059 69558 INFO tempest.lib.common.rest_client [req-488bd67a-54b7-41a6-a5f8-586fa7669d00 req-488bd67a-54b7-41a6-a5f8-586fa7669d00 ] Request (VolumesAssistedSnapshotsTest:test_volume_assisted_snapshot_create_delete): 200 GET http://10.180.1.21/volume/v3/volumes/a8d15af8-3dab-43ca-b65f-555a572428f6 0.032s
2025-03-06 09:03:49.076 69560 INFO tempest.lib.common.rest_client [req-cc08c188-906a-40c2-83f5-ecf6a96fa022 req-cc08c188-906a-40c2-83f5-ecf6a96fa022 ] Request (ServersAdminNegativeTestJSON:test_migrate_server_invalid_state): 200 GET http://10.180.1.21/compute/v2.1/servers/8359ec7b-651f-4200-927b-3883d8c1297f 0.220s
2025-03-06 09:03:49.107 69540 INFO tempest.lib.common.rest_client [req-21514534-a050-441e-907b-0f3d05497453 req-21514534-a050-441e-907b-0f3d05497453 ] Request (ImagesOneServerTestJSON:tearDownClass): 204 DELETE http://10.180.1.21:9696/networking/v2.0/routers/27755df8-ffd3-4bba-a416-cbf491365a79 0.446s
2025-03-06 09:03:49.138 69566 INFO tempest.lib.common.rest_client [req-d1dbf367-c08b-45e8-b2d5-e3673c0d4496 req-d1dbf367-c08b-45e8-b2d5-e3673c0d4496 ] Request (MultipleCreateTestJSON:test_multiple_create): 200 GET http://10.180.1.21/compute/v2.1/servers/462f978b-3e0e-4786-a89f-2c4b92fc003a 0.342s
2025-03-06 09:03:49.172 69582 INFO tempest.lib.common.rest_client [req-5c8ab9de-b47f-47ca-891a-4cf1731c9adf req-5c8ab9de-b47f-47ca-891a-4cf1731c9adf ] Request (InstanceActionsTestJSON:setUpClass): 200 GET http://10.180.1.21/compute/v2.1/servers/38fe2585-8bbd-48df-abbb-5ef3cdd2d705 0.314s
2025-03-06 09:03:49.198 69578 INFO tempest.lib.common.rest_client [req-d58cb838-ef78-49dd-a64f-3f5ee01c61c6 req-d58cb838-ef78-49dd-a64f-3f5ee01c61c6 ] Request (DeleteServersAdminTestJSON:test_delete_server_while_in_error_state): 200 GET http://10.180.1.21/compute/v2.1/servers/c21ba868-4227-4e49-9f81-91244863cfd2 0.287s
2025-03-06 09:03:49.225 69540 INFO tempest.lib.common.rest_client [req-45feabe0-0593-494d-9312-12aebdadd39e req-45feabe0-0593-494d-9312-12aebdadd39e ] Request (ImagesOneServerTestJSON:tearDownClass): 204 DELETE http://10.180.1.21:9696/networking/v2.0/subnets/6971fcbd-f27a-4578-8871-ff34ace63783 0.117s
2025-03-06 09:03:49.261 69552 INFO tempest.lib.common.rest_client [req-d9c75cda-6cd9-4b44-a297-9d8c7410b86c req-d9c75cda-6cd9-4b44-a297-9d8c7410b86c ] Request (AttachInterfacesV270Test:test_create_get_list_interfaces): 200 GET http://10.180.1.21/compute/v2.1/servers/97a07f81-1c1d-4a27-93c9-2eb7523a5ee0 0.284s
2025-03-06 09:03:49.294 69586 INFO tempest.lib.common.rest_client [req-952a8591-5d00-41be-97b5-de636db4f660 req-952a8591-5d00-41be-97b5-de636db4f660 ] Request (ListImageFiltersTestJSON:setUpClass): 200 GET http://10.180.1.21/compute/v2.1/images/0ecbe615-3800-4983-82df-d4b489d219e0 0.309s
2025-03-06 09:03:49.309 69572 INFO tempest.lib.common.rest_client [req-ae8424c5-399d-4dcd-8874-600e48ffc091 req-ae8424c5-399d-4dcd-8874-600e48ffc091 ] Request (ServersNegativeTestJSON:tearDown): 200 GET http://10.180.1.21/compute/v2.1/servers/9421efc6-6e98-48f4-a136-b3217e97527f 0.345s
2025-03-06 09:03:49.352 69580 INFO tempest.lib.common.rest_client [req-1b25c468-1ab8-4c59-8609-c2dba8d46e50 req-1b25c468-1ab8-4c59-8609-c2dba8d46e50 ] Request (ServersTestMultiNic:test_verify_multiple_nics_order): 200 GET http://10.180.1.21/compute/v2.1/servers/3b49b25d-d39a-4b0c-85ed-7383c401c3b6 0.358s
2025-03-06 09:03:49.367 69588 INFO tempest.lib.common.rest_client [req-0c051135-0ff2-4396-9f7e-f449d8272ec6 req-0c051135-0ff2-4396-9f7e-f449d8272ec6 ] Request (ServerRescueNegativeTestJSON:test_rescued_vm_detach_volume): 200 GET http://10.180.1.21/compute/v2.1/servers/61ef0689-e28c-4296-8d0c-809458f6cc01 0.250s
2025-03-06 09:03:49.441 69592 INFO tempest.lib.common.rest_client [req-1c6e3adb-2abf-4e3b-b051-0d3772e4ac5b req-1c6e3adb-2abf-4e3b-b051-0d3772e4ac5b ] Request (FloatingIPsAssociationNegativeTestJSON:tearDownClass): 200 GET http://10.180.1.21/compute/v2.1/servers/ea80840e-87c3-4387-b6a3-afc53f581203 0.295s
2025-03-06 09:03:49.452 69562 INFO tempest.lib.common.rest_client [req-0238cad7-4666-440e-a0ab-139303a1254b req-0238cad7-4666-440e-a0ab-139303a1254b ] Request (ServerDiskConfigTestJSON:test_rebuild_server_with_auto_disk_config): 200 GET http://10.180.1.21/compute/v2.1/servers/2abcf079-cc67-4bd8-ae8a-c4eee07835ae 0.257s
2025-03-06 09:03:49.504 69574 INFO tempest.lib.common.rest_client [req-8c396ec1-569e-4de2-a4b4-4bcb1da30b8b req-8c396ec1-569e-4de2-a4b4-4bcb1da30b8b ] Request (VolumesAdminNegativeTest:test_update_attached_volume_with_nonexistent_volume_in_body): 200 GET http://10.180.1.21/compute/v2.1/servers/ebb20351-6df6-475b-9026-7abaf6de1b60 0.298s
2025-03-06 09:03:49.522 69585 INFO tempest.lib.common.rest_client [req-03d13e81-776c-4b3a-be69-d3e2f2c71580 req-03d13e81-776c-4b3a-be69-d3e2f2c71580 ] Request (ServersAaction247Test:tearDownClass): 200 GET http://10.180.1.21/compute/v2.1/servers/592a22d4-9652-4f07-a91e-464892d6f3b9 0.273s
2025-03-06 09:03:49.528 69540 INFO tempest.lib.common.rest_client [req-281077b7-872a-4f8f-9e69-e4243c21c3ee req-281077b7-872a-4f8f-9e69-e4243c21c3ee ] Request (ImagesOneServerTestJSON:tearDownClass): 204 DELETE http://10.180.1.21:9696/networking/v2.0/networks/9c5cf53d-119b-44ee-b92d-6556869c65f0 0.303s
2025-03-06 09:03:49.650 69540 INFO tempest.lib.common.rest_client [req-a9bc0054-e01b-404b-a81a-9b2be2a4ce14 req-a9bc0054-e01b-404b-a81a-9b2be2a4ce14 ] Request (ImagesOneServerTestJSON:tearDownClass): 204 DELETE http://10.180.1.21/identity/v3/users/b96b2746292f462e8930ceedaec52a85 0.121s
2025-03-06 09:03:49.650 69540 INFO tempest.lib.common.dynamic_creds [-] Deleting project and security group for project: 6dd34858167d4a9a8e7f09838d0149b4
2025-03-06 09:03:49.687 69540 INFO tempest.lib.common.rest_client [req-5cdb2365-2a08-4fbd-a7c4-4b64d04df91a req-5cdb2365-2a08-4fbd-a7c4-4b64d04df91a ] Request (ImagesOneServerTestJSON:tearDownClass): 200 GET http://10.180.1.21:9696/networking/v2.0/security-groups?tenant_id=6dd34858167d4a9a8e7f09838d0149b4&name=default 0.036s
2025-03-06 09:03:49.767 69540 INFO tempest.lib.common.rest_client [req-d479b374-944c-4514-ad44-59c249e5f16e req-d479b374-944c-4514-ad44-59c249e5f16e ] Request (ImagesOneServerTestJSON:tearDownClass): 204 DELETE http://10.180.1.21:9696/networking/v2.0/security-groups/bc505494-8eb7-4365-8abb-7711e25324f6 0.079s
2025-03-06 09:03:49.861 69540 INFO tempest.lib.common.rest_client [req-d2f4fc62-ed1c-4c08-bf42-55ccd9c56272 req-d2f4fc62-ed1c-4c08-bf42-55ccd9c56272 ] Request (ImagesOneServerTestJSON:tearDownClass): 204 DELETE http://10.180.1.21/identity/v3/projects/6dd34858167d4a9a8e7f09838d0149b4 0.094s
2025-03-06 09:03:49.882 69554 INFO tempest.lib.common.rest_client [req-10327b3c-9c62-4dcf-9e29-ce9eeeadaa4e req-10327b3c-9c62-4dcf-9e29-ce9eeeadaa4e ] Request (ImagesOneServerNegativeTestJSON:_run_cleanups): 200 GET http://10.180.1.21/compute/v2.1/servers/fd76250a-069e-4ac2-a19a-1b403dead67b 0.492s
2025-03-06 09:03:49.885 69572 INFO tempest.lib.common.rest_client [req-8451c120-dd44-4094-b94a-9708bd935281 req-8451c120-dd44-4094-b94a-9708bd935281 ] Request (ServersNegativeTestJSON:setUp): 200 GET http://10.180.1.21/compute/v2.1/servers/9421efc6-6e98-48f4-a136-b3217e97527f 0.567s
2025-03-06 09:03:49.941 69540 INFO tempest.lib.common.rest_client [req-482a7123-467a-4ec7-8a8f-0117486678a1 req-482a7123-467a-4ec7-8a8f-0117486678a1 ] Request (ServerGroupTestJSON:setUpClass): 201 POST http://10.180.1.21/identity/v3/auth/tokens 0.078s
2025-03-06 09:03:49.948 69568 INFO tempest.lib.common.rest_client [req-a2c802bc-4fd4-4f2e-9b86-edf3d621649f req-a2c802bc-4fd4-4f2e-9b86-edf3d621649f ] Request (ServerTagsTestJSON:setUpClass): 200 GET http://10.180.1.21/compute/v2.1/servers/1d950aae-1324-4e9a-9872-1f1a17acf1d9 0.217s
2025-03-06 09:03:49.957 69572 INFO tempest.lib.common.rest_client [req-1d654ab9-3812-49e4-82ea-db71bf584c92 req-1d654ab9-3812-49e4-82ea-db71bf584c92 ] Request (ServersNegativeTestJSON:test_create_server_name_length_exceeds_256): 201 POST http://10.180.1.21/identity/v3/auth/tokens 0.060s
2025-03-06 09:03:49.958 69572 INFO tempest.lib.common.fixed_network [-] (ServersNegativeTestJSON:test_create_server_name_length_exceeds_256) Found network {'id': 'cab8bda0-336e-419e-915f-8f1365d46f94', 'name': 'tempest-ServersNegativeTestJSON-1933628963-network', 'tenant_id': 'db17f1cf122d44a58de6d68fb01a365c', 'admin_state_up': True, 'mtu': 8950, 'status': 'ACTIVE', 'subnets': [], 'shared': False, 'project_id': 'db17f1cf122d44a58de6d68fb01a365c', 'port_security_enabled': True, 'router:external': False, 'provider:network_type': 'vlan', 'provider:physical_network': 'default', 'provider:segmentation_id': 148, 'availability_zone_hints': [], 'availability_zones': [], 'ipv4_address_scope': None, 'ipv6_address_scope': None, 'description': '', 'tags': [], 'created_at': '2025-03-06T09:01:35Z', 'updated_at': '2025-03-06T09:01:35Z', 'revision_number': 1} available for tenant
2025-03-06 09:03:49.977 69540 INFO tempest.lib.common.rest_client [req-6f697a3f-b1e9-4595-aee9-aa7165fbd01e req-6f697a3f-b1e9-4595-aee9-aa7165fbd01e ] Request (ServerGroupTestJSON:setUpClass): 201 POST http://10.180.1.21/identity/v3/auth/tokens 0.032s
2025-03-06 09:03:49.989 69594 INFO tempest.lib.common.rest_client [req-6dd22241-4173-4f78-8ab0-0de3a189209a req-6dd22241-4173-4f78-8ab0-0de3a189209a ] Request (SecurityGroupsTestJSON:test_server_security_groups): 200 GET http://10.180.1.21/compute/v2.1/servers/460fd851-f92d-49ec-8904-527d9b9e9b55 0.413s
2025-03-06 09:03:50.015 69546 INFO tempest.lib.common.rest_client [req-a7cc3d41-9465-401a-b079-0482f9a971ad req-a7cc3d41-9465-401a-b079-0482f9a971ad ] Request (InstanceActionsV221TestJSON:test_get_list_deleted_instance_actions): 200 GET http://10.180.1.21/compute/v2.1/servers/2f1a2017-62f4-441d-a40c-83158d1a5cb6 0.217s
2025-03-06 09:03:50.015 69540 INFO tempest.lib.common.rest_client [req-672f027f-5d8e-452f-915b-37523593fa02 req-672f027f-5d8e-452f-915b-37523593fa02 ] Request (ServerGroupTestJSON:setUpClass): 200 GET http://10.180.1.21/identity/v3/domains?name=Default 0.037s
2025-03-06 09:03:50.042 69544 INFO tempest.lib.common.rest_client [req-aef5541f-39af-4abf-9f9d-9bc80542240a req-aef5541f-39af-4abf-9f9d-9bc80542240a ] Request (MigrationsAdminTest:test_resize_server_revert_deleted_flavor): 200 GET http://10.180.1.21/compute/v2.1/servers/78aeae5e-b2a7-4a58-918c-e350a0f930a5 0.181s
2025-03-06 09:03:50.050 69572 INFO tempest.lib.common.rest_client [req-fa068a49-b5dc-4a0d-8aee-5555c49a97ce req-fa068a49-b5dc-4a0d-8aee-5555c49a97ce ] Request (ServersNegativeTestJSON:test_create_server_name_length_exceeds_256): 400 POST http://10.180.1.21/compute/v2.1/servers 0.091s
2025-03-06 09:03:50.059 69540 INFO tempest.lib.common.rest_client [req-de23cc52-608e-48e5-a05d-9268ef08a566 req-de23cc52-608e-48e5-a05d-9268ef08a566 ] Request (ServerGroupTestJSON:setUpClass): 201 POST http://10.180.1.21/identity/v3/projects 0.043s
2025-03-06 09:03:50.073 69548 INFO tempest.lib.common.rest_client [req-4e3821e8-f8e8-45c8-aa0a-f0d09da7a25a req-4e3821e8-f8e8-45c8-aa0a-f0d09da7a25a ] Request (ServersV294TestFqdnHostnames:setUpClass): 200 GET http://10.180.1.21/compute/v2.1/servers/eb5ce251-3c94-4f91-b53f-dcce94bbaac0 0.156s
2025-03-06 09:03:50.102 69570 INFO tempest.lib.common.rest_client [req-9f55b123-79b7-4157-ba67-c5b013a6c896 req-9f55b123-79b7-4157-ba67-c5b013a6c896 ] Request (FloatingIPsAssociationTestJSON:test_associate_already_associated_floating_ip): 200 GET http://10.180.1.21/compute/v2.1/servers/30216828-4dca-48de-b61d-2bf8af202dd6 0.135s
2025-03-06 09:03:50.109 69558 INFO tempest.lib.common.rest_client [req-72658505-c18a-44db-8172-e5a0676358ec req-72658505-c18a-44db-8172-e5a0676358ec ] Request (VolumesAssistedSnapshotsTest:test_volume_assisted_snapshot_create_delete): 200 GET http://10.180.1.21/volume/v3/volumes/a8d15af8-3dab-43ca-b65f-555a572428f6 0.041s
2025-03-06 09:03:50.124 69540 INFO tempest.lib.common.rest_client [req-96f075f2-80e7-435a-86e5-13e6edd2cd81 req-96f075f2-80e7-435a-86e5-13e6edd2cd81 ] Request (ServerGroupTestJSON:setUpClass): 201 POST http://10.180.1.21/identity/v3/users 0.064s
2025-03-06 09:03:50.134 69600 INFO tempest.lib.common.rest_client [req-f061bb84-3113-4953-bd9c-50d706458853 req-f061bb84-3113-4953-bd9c-50d706458853 ] Request (ServersTestJSON:test_create_server_specify_multibyte_character_name): 200 GET http://10.180.1.21/compute/v2.1/servers/798f9b00-6de7-44a0-9ccc-119774d88bbc 0.114s
2025-03-06 09:03:50.152 69540 INFO tempest.lib.common.rest_client [req-76c40030-bd41-4461-a837-0518c04fbc04 req-76c40030-bd41-4461-a837-0518c04fbc04 ] Request (ServerGroupTestJSON:setUpClass): 200 GET http://10.180.1.21/identity/v3/roles 0.028s
2025-03-06 09:03:50.199 69540 INFO tempest.lib.common.rest_client [req-d224907a-5904-4a98-a6c5-d04fbbacc998 req-d224907a-5904-4a98-a6c5-d04fbbacc998 ] Request (ServerGroupTestJSON:setUpClass): 204 PUT http://10.180.1.21/identity/v3/projects/458914f3647742ef87f96733f4d14346/users/fb7e0258b3084fa8aca2c30bbac0965e/roles/77dd1ec00a064f5dbf5c2f18f20924a1 0.046s
