2025-03-06 11:47:54.661 68492 INFO tempest.lib.common.rest_client [req-50671840-41c0-4dee-bb88-e1bf40979c0f req-50671840-41c0-4dee-bb88-e1bf40979c0f ] Request (TenantUsagesTestJSON:tearDownClass): 200 GET http://10.180.1.21/compute/v2.1/servers/b41f7d30-bbc6-4c5d-9f58-05348ec36606 1.981s
2025-03-06 11:47:54.674 68492 INFO tempest.common.waiters [-] State transition "ACTIVE/deleting" ==> "DELETED/None" after 3 second wait
2025-03-06 11:47:54.729 68473 INFO tempest.lib.common.rest_client [req-5992d8c1-7afc-400f-b328-73d12f701c7f req-5992d8c1-7afc-400f-b328-73d12f701c7f ] Request (ImagesTestJSON:setUpClass): 201 POST http://10.180.1.21/identity/v3/auth/tokens 0.078s
2025-03-06 11:47:54.759 68471 INFO tempest.lib.common.rest_client [req-4bff912c-b49e-435c-9a51-c84acba9c6b5 req-4bff912c-b49e-435c-9a51-c84acba9c6b5 ] Request (ServersAdmin275Test:test_rebuild_update_server_275): 200 GET http://10.180.1.21/compute/v2.1/servers/553ee163-1336-4434-89f6-4bbc5f5fa2fe 1.908s
2025-03-06 11:47:54.766 68473 INFO tempest.lib.common.rest_client [req-3889d5fc-bbea-42ea-ad44-ab572f0f15c1 req-3889d5fc-bbea-42ea-ad44-ab572f0f15c1 ] Request (ImagesTestJSON:test_create_image_from_stopped_server): 201 POST http://10.180.1.21/identity/v3/auth/tokens 0.030s
2025-03-06 11:47:54.767 68473 INFO tempest.lib.common.fixed_network [-] (ImagesTestJSON:test_create_image_from_stopped_server) Found network {'id': 'be79e361-8890-4e2a-8947-335a73b35a32', 'name': 'tempest-ImagesTestJSON-816208102-network', 'tenant_id': '731f9563b31b4722ae28466f9169f5ec', 'admin_state_up': True, 'mtu': 8950, 'status': 'ACTIVE', 'subnets': [], 'shared': False, 'project_id': '731f9563b31b4722ae28466f9169f5ec', 'port_security_enabled': True, 'router:external': False, 'provider:network_type': 'vlan', 'provider:physical_network': 'default', 'provider:segmentation_id': 327, 'availability_zone_hints': [], 'availability_zones': [], 'ipv4_address_scope': None, 'ipv6_address_scope': None, 'description': '', 'tags': [], 'created_at': '2025-03-06T11:47:46Z', 'updated_at': '2025-03-06T11:47:46Z', 'revision_number': 1} available for tenant
2025-03-06 11:47:54.777 68471 INFO tempest.common.waiters [-] State transition "BUILD/networking" ==> "BUILD/spawning" after 15 second wait
2025-03-06 11:47:54.830 68467 INFO tempest.lib.common.rest_client [req-70b19a97-ffea-49c9-987a-9bd0c01d187c req-70b19a97-ffea-49c9-987a-9bd0c01d187c ] Request (ServersTestJSON:test_create_server_specify_multibyte_character_name): 200 GET http://10.180.1.21/compute/v2.1/servers/f1ed11a4-6524-41b7-a2f2-84b3e75a99e0 1.941s
2025-03-06 11:47:54.872 68459 INFO tempest.lib.common.rest_client [req-c2eda7dd-e2d8-4f88-809d-6c84f6e497ca req-c2eda7dd-e2d8-4f88-809d-6c84f6e497ca ] Request (QuotasAdminTestJSON:tearDownClass): 200 GET http://10.180.1.21:9696/networking/v2.0/security-groups?tenant_id=141b59e1c32548ed971218ebeaa6c9b2&name=default 0.627s
2025-03-06 11:47:54.887 68453 INFO tempest.lib.common.rest_client [req-92b757af-46ac-48cd-ae0c-ff08f86b8c07 req-92b757af-46ac-48cd-ae0c-ff08f86b8c07 ] Request (FloatingIPDetailsNegativeTestJSON:setUpClass): 201 POST http://10.180.1.21:9696/networking/v2.0/routers 3.197s
2025-03-06 11:47:55.030 68480 INFO tempest.lib.common.rest_client [req-f1f5433d-9c90-4159-8bb6-c81768b70c88 req-f1f5433d-9c90-4159-8bb6-c81768b70c88 ] Request (ServersTestFqdnHostnames:test_create_server_with_fqdn_name): 200 GET http://10.180.1.21/compute/v2.1/servers/c8460358-ceb1-4800-892c-854f5cf2fb60/os-interface 1.868s
2025-03-06 11:47:55.078 68477 INFO tempest.lib.common.rest_client [req-fd66779f-03a9-41d4-bba0-afebef4157b8 req-fd66779f-03a9-41d4-bba0-afebef4157b8 ] Request (KeyPairsV22TestJSON:test_keypair_create_delete): 201 POST http://10.180.1.21/compute/v2.1/os-keypairs 1.901s
2025-03-06 11:47:55.097 68465 INFO tempest.lib.common.rest_client [req-2866a57f-d2b5-468f-8f6c-3d6e7ef19254 req-2866a57f-d2b5-468f-8f6c-3d6e7ef19254 ] Request (ServersTestBootFromVolume:setUpClass): 201 POST http://10.180.1.21:9696/networking/v2.0/floatingips 1.341s
2025-03-06 11:47:55.117 68459 INFO tempest.lib.common.rest_client [req-bdd2e3be-a82e-4fec-a75c-6e97e5642527 req-bdd2e3be-a82e-4fec-a75c-6e97e5642527 ] Request (QuotasAdminTestJSON:tearDownClass): 204 DELETE http://10.180.1.21:9696/networking/v2.0/security-groups/029027b6-6dae-45c6-9124-644e0bb21b8b 0.244s
2025-03-06 11:47:55.170 68465 INFO tempest.lib.common.rest_client [req-8a542a41-90ed-4f91-9f7e-7c5ec9116920 req-8a542a41-90ed-4f91-9f7e-7c5ec9116920 ] Request (ServersTestBootFromVolume:setUpClass): 201 POST http://10.180.1.21/identity/v3/auth/tokens 0.069s
2025-03-06 11:47:55.170 68465 INFO tempest.lib.common.fixed_network [-] (ServersTestBootFromVolume:setUpClass) Found network {'id': 'e893996c-6102-4a98-92f9-69465279d970', 'name': 'tempest-ServersTestBootFromVolume-1346671690-network', 'tenant_id': '540ba5b61a2e4763be6b7cd81ec01385', 'admin_state_up': True, 'mtu': 8950, 'status': 'ACTIVE', 'subnets': [], 'shared': False, 'project_id': '540ba5b61a2e4763be6b7cd81ec01385', 'port_security_enabled': True, 'router:external': False, 'provider:network_type': 'vlan', 'provider:physical_network': 'default', 'provider:segmentation_id': 17, 'availability_zone_hints': [], 'availability_zones': [], 'ipv4_address_scope': None, 'ipv6_address_scope': None, 'description': '', 'tags': [], 'created_at': '2025-03-06T11:47:42Z', 'updated_at': '2025-03-06T11:47:42Z', 'revision_number': 1} available for tenant
2025-03-06 11:47:55.175 68489 INFO tempest.lib.common.rest_client [req-f6e4cbd4-f99a-4b8a-ad38-0c2556fbbe45 req-f6e4cbd4-f99a-4b8a-ad38-0c2556fbbe45 ] Request (ServerDiagnosticsNegativeTest:tearDownClass): 200 GET http://10.180.1.21/compute/v2.1/servers/7b77cdd8-0a47-4bef-8d84-9a83d855f4c3 1.990s
2025-03-06 11:47:55.215 68459 INFO tempest.lib.common.rest_client [req-e033d609-ce5a-4513-8fa6-001d63f38005 req-e033d609-ce5a-4513-8fa6-001d63f38005 ] Request (QuotasAdminTestJSON:tearDownClass): 204 DELETE http://10.180.1.21/identity/v3/projects/141b59e1c32548ed971218ebeaa6c9b2 0.098s
2025-03-06 11:47:55.216 68459 INFO tempest.lib.common.dynamic_creds [-] Deleting project and security group for project: 32b440c68d2546cd8e6647ae4588d61b
2025-03-06 11:47:55.316 68483 INFO tempest.lib.common.rest_client [req-5f8b0d94-1b1c-4c5e-adcc-4e88d0eb9a9f req-5f8b0d94-1b1c-4c5e-adcc-4e88d0eb9a9f ] Request (AttachInterfacesTestJSON:test_create_list_show_delete_interfaces_by_fixed_ip): 202 POST http://10.180.1.21/compute/v2.1/servers 2.795s
2025-03-06 11:47:55.324 68487 INFO tempest.lib.common.rest_client [req-d48ae863-c0ed-48e2-8992-ee6e31103ea0 req-d48ae863-c0ed-48e2-8992-ee6e31103ea0 ] Request (InstanceActionsNegativeTestJSON:setUpClass): 200 PUT http://10.180.1.21:9696/networking/v2.0/routers/67ba86f3-e393-4824-9e84-23f6c2d31699/add_router_interface 3.852s
2025-03-06 11:47:55.324 68487 INFO tempest.lib.common.dynamic_creds [-] Created isolated network resources for: credentials: Credentials: {'domain_id': 'default', 'domain_name': 'Default', 'username': 'tempest-InstanceActionsNegativeTestJSON-1253201590-project-member', 'project_domain_id': 'default', 'project_domain_name': 'Default', 'project_id': '615f4082cc6d4a83826d5609a8d48357', 'project_name': 'tempest-InstanceActionsNegativeTestJSON-1253201590', 'tenant_id': '615f4082cc6d4a83826d5609a8d48357', 'tenant_name': 'tempest-InstanceActionsNegativeTestJSON-1253201590', 'user_domain_id': 'default', 'user_domain_name': 'Default', 'user_id': 'edc95d3a10cf419582803be50862adfc', 'system': None}, Network: {'id': 'a3c666e2-361e-40fa-ade9-97d0b5afa58d', 'name': 'tempest-InstanceActionsNegativeTestJSON-387011251-network', 'tenant_id': '615f4082cc6d4a83826d5609a8d48357', 'admin_state_up': True, 'mtu': 8950, 'status': 'ACTIVE', 'subnets': [], 'shared': False, 'project_id': '615f4082cc6d4a83826d5609a8d48357', 'port_security_enabled': True, 'router:external': False, 'provider:network_type': 'vlan', 'provider:physical_network': 'default', 'provider:segmentation_id': 28, 'availability_zone_hints': [], 'availability_zones': [], 'ipv4_address_scope': None, 'ipv6_address_scope': None, 'description': '', 'tags': [], 'created_at': '2025-03-06T11:47:48Z', 'updated_at': '2025-03-06T11:47:48Z', 'revision_number': 1}, Subnet: {'id': 'e2cd33d8-5b07-4682-8630-1a3673cd5a06', 'name': 'tempest-InstanceActionsNegativeTestJSON-387011251-subnet', 'tenant_id': '615f4082cc6d4a83826d5609a8d48357', 'network_id': 'a3c666e2-361e-40fa-ade9-97d0b5afa58d', 'ip_version': 4, 'subnetpool_id': None, 'enable_dhcp': True, 'ipv6_ra_mode': None, 'ipv6_address_mode': None, 'gateway_ip': '192.168.128.1', 'cidr': '192.168.128.0/28', 'allocation_pools': [{'start': '192.168.128.2', 'end': '192.168.128.14'}], 'host_routes': [], 'dns_nameservers': [], 'description': '', 'router:external': False, 'service_types': [], 'tags': [], 'created_at': '2025-03-06T11:47:49Z', 'updated_at': '2025-03-06T11:47:49Z', 'revision_number': 0, 'project_id': '615f4082cc6d4a83826d5609a8d48357'}, Router: {'id': '67ba86f3-e393-4824-9e84-23f6c2d31699', 'name': 'tempest-InstanceActionsNegativeTestJSON-387011251-router', 'tenant_id': '615f4082cc6d4a83826d5609a8d48357', 'admin_state_up': True, 'status': 'ACTIVE', 'external_gateway_info': {'network_id': '91775354-2aae-47be-ba53-a2ea92393363', 'external_fixed_ips': [{'subnet_id': '254e9e83-0ea8-4b5b-8e52-3dcd2c7530af', 'ip_address': '10.180.180.154'}], 'enable_snat': True}, 'description': '', 'availability_zones': [], 'distributed': False, 'ha': False, 'availability_zone_hints': [], 'routes': [], 'flavor_id': None, 'tags': [], 'created_at': '2025-03-06T11:47:49Z', 'updated_at': '2025-03-06T11:47:50Z', 'revision_number': 2, 'project_id': '615f4082cc6d4a83826d5609a8d48357'}
2025-03-06 11:47:55.453 68487 INFO tempest.lib.common.rest_client [req-1ccf1337-6e95-4092-8eb5-feac661c567e req-1ccf1337-6e95-4092-8eb5-feac661c567e ] Request (InstanceActionsNegativeTestJSON:setUpClass): 201 POST http://10.180.1.21/identity/v3/auth/tokens 0.123s
2025-03-06 11:47:55.494 68487 INFO tempest.lib.common.rest_client [req-511346ba-18d0-44e8-a478-43e23a1d9371 req-511346ba-18d0-44e8-a478-43e23a1d9371 ] Request (InstanceActionsNegativeTestJSON:setUpClass): 201 POST http://10.180.1.21/identity/v3/auth/tokens 0.037s
2025-03-06 11:47:55.494 68487 INFO tempest.lib.common.fixed_network [-] (InstanceActionsNegativeTestJSON:setUpClass) Found network {'id': 'a3c666e2-361e-40fa-ade9-97d0b5afa58d', 'name': 'tempest-InstanceActionsNegativeTestJSON-387011251-network', 'tenant_id': '615f4082cc6d4a83826d5609a8d48357', 'admin_state_up': True, 'mtu': 8950, 'status': 'ACTIVE', 'subnets': [], 'shared': False, 'project_id': '615f4082cc6d4a83826d5609a8d48357', 'port_security_enabled': True, 'router:external': False, 'provider:network_type': 'vlan', 'provider:physical_network': 'default', 'provider:segmentation_id': 28, 'availability_zone_hints': [], 'availability_zones': [], 'ipv4_address_scope': None, 'ipv6_address_scope': None, 'description': '', 'tags': [], 'created_at': '2025-03-06T11:47:48Z', 'updated_at': '2025-03-06T11:47:48Z', 'revision_number': 1} available for tenant
2025-03-06 11:47:55.539 68445 INFO tempest.lib.common.rest_client [req-5ace175b-10c7-42e0-925e-7b1543f17e9f req-5ace175b-10c7-42e0-925e-7b1543f17e9f ] Request (SecurityGroupRulesNegativeTestJSON:tearDownClass): 202 DELETE http://10.180.1.21/compute/v2.1/os-security-groups/26db6085-4039-4cae-a717-b6f284f1df79 2.181s
2025-03-06 11:47:55.555 68451 INFO tempest.lib.common.rest_client [req-866d381b-530c-429b-9aaa-3dd790665a24 req-866d381b-530c-429b-9aaa-3dd790665a24 ] Request (AggregatesAdminNegativeTestJSON:test_aggregate_delete_with_invalid_id): 404 DELETE http://10.180.1.21/compute/v2.1/os-aggregates/-1 2.171s
2025-03-06 11:47:55.580 68443 INFO tempest.lib.common.rest_client [req-995cf520-db54-4115-9f34-0e3361941dd5 req-995cf520-db54-4115-9f34-0e3361941dd5 ] Request (FlavorsV2TestJSON:test_list_flavors_detailed_limit_results): 200 GET http://10.180.1.21/compute/v2.1/flavors/detail?limit=1 1.854s
2025-03-06 11:47:55.696 68461 INFO tempest.lib.common.rest_client [req-f4375ef7-326d-47cd-8a08-edbdc98c56b1 req-f4375ef7-326d-47cd-8a08-edbdc98c56b1 ] Request (MigrationsAdminTest:test_list_migrations_in_flavor_resize_situation): 200 GET http://10.180.1.21/compute/v2.1/servers/3a2b3377-72ea-4d06-9b48-e82757055254 2.455s
2025-03-06 11:47:55.929 68493 INFO tempest.lib.common.rest_client [req-3418f340-8f52-4fa0-9871-2e8b9927d441 req-3418f340-8f52-4fa0-9871-2e8b9927d441 ] Request (QuotaClassesAdminTestJSON:test_update_default_quotas): 200 GET http://10.180.1.21/compute/v2.1/os-quota-class-sets/default 1.954s
2025-03-06 11:47:55.946 68455 INFO tempest.lib.common.rest_client [req-b9f13d1a-f134-4bdc-9156-3d91c554a858 req-b9f13d1a-f134-4bdc-9156-3d91c554a858 ] Request (ListImageFiltersTestJSON:setUpClass): 202 POST http://10.180.1.21/compute/v2.1/servers 2.101s
2025-03-06 11:47:55.962 68503 INFO tempest.lib.common.rest_client [req-211166f1-ab01-4186-b7e6-a87d4ac1fe10 req-211166f1-ab01-4186-b7e6-a87d4ac1fe10 ] Request (FlavorsAccessNegativeTestJSON:_run_cleanups): 200 GET http://10.180.1.21/compute/v2.1/flavors/detail 1.968s
2025-03-06 11:47:56.010 68465 INFO tempest.lib.common.rest_client [req-229c9e65-d221-43c4-b14e-1f6f7d35b5f4 req-229c9e65-d221-43c4-b14e-1f6f7d35b5f4 ] Request (ServersTestBootFromVolume:setUpClass): 202 POST http://10.180.1.21/volume/v3/volumes 0.836s
2025-03-06 11:47:56.043 68459 INFO tempest.lib.common.rest_client [req-4e9af267-7f94-46c6-ae7e-eebaee3aad7f req-4e9af267-7f94-46c6-ae7e-eebaee3aad7f ] Request (QuotasAdminTestJSON:tearDownClass): 200 GET http://10.180.1.21:9696/networking/v2.0/security-groups?tenant_id=32b440c68d2546cd8e6647ae4588d61b&name=default 0.827s
2025-03-06 11:47:56.045 68455 INFO tempest.lib.common.rest_client [req-0f51bc3a-d43e-431d-8275-3ee8359bd3e8 req-0f51bc3a-d43e-431d-8275-3ee8359bd3e8 ] Request (ListImageFiltersTestJSON:setUpClass): 201 POST http://10.180.1.21/identity/v3/auth/tokens 0.090s
2025-03-06 11:47:56.045 68455 INFO tempest.lib.common.fixed_network [-] (ListImageFiltersTestJSON:setUpClass) Found network None available for tenant
2025-03-06 11:47:56.047 68495 INFO tempest.lib.common.rest_client [req-e989b69d-bea2-497f-a94e-8574f5286fa8 req-e989b69d-bea2-497f-a94e-8574f5286fa8 ] Request (ServerDiagnosticsV248Test:test_get_server_diagnostics): 200 GET http://10.180.1.21/compute/v2.1/servers/bacf5456-19e2-4245-8691-ec7af39bf00a 1.947s
2025-03-06 11:47:56.062 68495 INFO tempest.common.waiters [-] State transition "BUILD/spawning" ==> "ACTIVE/None" after 25 second wait
2025-03-06 11:47:56.082 68465 INFO tempest.lib.common.rest_client [req-5ddb01e2-753a-4f87-b2f2-5f6cfaace42e req-5ddb01e2-753a-4f87-b2f2-5f6cfaace42e ] Request (ServersTestBootFromVolume:setUpClass): 200 GET http://10.180.1.21/volume/v3/volumes/12524fbd-a4c1-44c0-9326-782790909e94 0.061s
2025-03-06 11:47:56.158 68499 INFO tempest.lib.common.rest_client [req-c7a339f7-55b8-4fb4-9293-235a811d970a req-c7a339f7-55b8-4fb4-9293-235a811d970a ] Request (ServerRescueNegativeTestJSON:setUpClass): 200 GET http://10.180.1.21/compute/v2.1/servers/4ed59fbb-5b90-4c04-ad38-b9a8a64748f1 1.985s
2025-03-06 11:47:56.166 68485 INFO tempest.lib.common.rest_client [req-15389669-113b-4516-8cb7-7cadbad1b5e8 req-15389669-113b-4516-8cb7-7cadbad1b5e8 ] Request (FloatingIPsNegativeTestJSON:tearDownClass): 200 PUT http://10.180.1.21:9696/networking/v2.0/routers/c34d062f-355a-46d1-a41d-93cfb5003a14/remove_router_interface 2.686s
2025-03-06 11:47:56.271 68497 INFO tempest.lib.common.rest_client [req-2022bb36-1859-4ac4-8aab-fa95577549c8 req-2022bb36-1859-4ac4-8aab-fa95577549c8 ] Request (VolumesAssistedSnapshotsTest:test_volume_assisted_snapshot_create_delete): 200 GET http://10.180.1.21/compute/v2.1/servers/edd58309-7d6a-4ee8-9cdf-d470461a63c8 2.237s
2025-03-06 11:47:56.280 68497 INFO tempest.common.waiters [-] State transition "BUILD/spawning" ==> "ACTIVE/None" after 25 second wait
2025-03-06 11:47:56.308 68459 INFO tempest.lib.common.rest_client [req-2b4e5336-4ed5-4b60-904f-28e08ffd416f req-2b4e5336-4ed5-4b60-904f-28e08ffd416f ] Request (QuotasAdminTestJSON:tearDownClass): 204 DELETE http://10.180.1.21:9696/networking/v2.0/security-groups/bda3d27f-0ef8-4d4e-a7b7-6e602a9d6ea3 0.264s
2025-03-06 11:47:56.366 68457 INFO tempest.lib.common.rest_client [req-e7d28761-6f56-4cdc-a1a4-c0c076fc7a19 req-e7d28761-6f56-4cdc-a1a4-c0c076fc7a19 ] Request (ComputeTenantNetworksTest:test_list_show_tenant_networks): 200 GET http://10.180.1.21/compute/v2.1/os-tenant-networks 1.791s
2025-03-06 11:47:56.471 68459 INFO tempest.lib.common.rest_client [req-b3bd0bcd-49b1-4791-86a4-96bfd136959d req-b3bd0bcd-49b1-4791-86a4-96bfd136959d ] Request (QuotasAdminTestJSON:tearDownClass): 204 DELETE http://10.180.1.21/identity/v3/projects/32b440c68d2546cd8e6647ae4588d61b 0.162s
2025-03-06 11:47:56.484 68475 INFO tempest.lib.common.rest_client [req-cfbce03e-e693-4cc0-9c09-0c4326deba2a req-cfbce03e-e693-4cc0-9c09-0c4326deba2a ] Request (ServerDiagnosticsTest:test_get_server_diagnostics): 200 GET http://10.180.1.21/compute/v2.1/servers/d570add5-1201-4132-8af7-b25d20d33356 1.809s
2025-03-06 11:47:56.593 68459 INFO tempest.lib.common.rest_client [req-7929feb5-745c-4cc3-93ab-749b2f9ea014 req-7929feb5-745c-4cc3-93ab-749b2f9ea014 ] Request (AttachInterfacesV270Test:setUpClass): 201 POST http://10.180.1.21/identity/v3/auth/tokens 0.120s
2025-03-06 11:47:56.665 68459 INFO tempest.lib.common.rest_client [req-c78d6df9-e233-43c1-90db-c3fd7ca1fba0 req-c78d6df9-e233-43c1-90db-c3fd7ca1fba0 ] Request (AttachInterfacesV270Test:setUpClass): 201 POST http://10.180.1.21/identity/v3/auth/tokens 0.064s
2025-03-06 11:47:56.724 68459 INFO tempest.lib.common.rest_client [req-0c5c1737-1b48-40dc-a0fe-7e6fd27feba7 req-0c5c1737-1b48-40dc-a0fe-7e6fd27feba7 ] Request (AttachInterfacesV270Test:setUpClass): 200 GET http://10.180.1.21/identity/v3/domains?name=Default 0.058s
2025-03-06 11:47:56.782 68505 INFO tempest.lib.common.rest_client [req-7172b654-c1fb-4061-b316-ba99c8e49b1a req-7172b654-c1fb-4061-b316-ba99c8e49b1a ] Request (ServerExternalEventsTest:test_create_server_external_events): 200 GET http://10.180.1.21/compute/v2.1/servers/f247a07b-9db0-4745-a3c2-9ebb2883b68b 1.902s
2025-03-06 11:47:56.794 68459 INFO tempest.lib.common.rest_client [req-e9723ece-06d1-4c4b-aba5-87a81633b481 req-e9723ece-06d1-4c4b-aba5-87a81633b481 ] Request (AttachInterfacesV270Test:setUpClass): 201 POST http://10.180.1.21/identity/v3/projects 0.070s
2025-03-06 11:47:56.795 68505 INFO tempest.common.waiters [-] State transition "BUILD/networking" ==> "BUILD/spawning" after 16 second wait
2025-03-06 11:47:56.888 68501 INFO tempest.lib.common.rest_client [req-325abfc8-ac57-41e5-b57a-84cb03e89108 req-325abfc8-ac57-41e5-b57a-84cb03e89108 ] Request (ServerDiskConfigTestJSON:test_rebuild_server_with_auto_disk_config): 200 GET http://10.180.1.21/compute/v2.1/servers/f7498597-2d98-4056-a0b2-218246e8c9ee 1.909s
2025-03-06 11:47:56.914 68477 INFO tempest.lib.common.rest_client [req-590c11df-6ccc-4b31-9996-3b24fe874761 req-590c11df-6ccc-4b31-9996-3b24fe874761 ] Request (KeyPairsV22TestJSON:_run_cleanups): 204 DELETE http://10.180.1.21/compute/v2.1/os-keypairs/tempest-keypair-327285299 1.834s
2025-03-06 11:47:56.922 68459 INFO tempest.lib.common.rest_client [req-46bee4ac-a1a6-48fc-8143-f8057f296119 req-46bee4ac-a1a6-48fc-8143-f8057f296119 ] Request (AttachInterfacesV270Test:setUpClass): 201 POST http://10.180.1.21/identity/v3/users 0.127s
2025-03-06 11:47:56.930 68480 INFO tempest.lib.common.rest_client [req-33b71023-5e18-467f-9f99-f6ad80bbb0f3 req-33b71023-5e18-467f-9f99-f6ad80bbb0f3 ] Request (ServersTestFqdnHostnames:test_create_server_with_fqdn_name): 200 PUT http://10.180.1.21:9696/networking/v2.0/floatingips/ae5dbf69-d680-4592-863c-e785a3999c37 1.898s
2025-03-06 11:47:56.932 68480 INFO tempest.lib.common.ssh [-] Creating ssh connection to '10.180.180.209:22' as 'cirros' with public key authentication
2025-03-06 11:47:56.965 68459 INFO tempest.lib.common.rest_client [req-bf756ca5-8a68-4acc-b6c8-95d898d5e81f req-bf756ca5-8a68-4acc-b6c8-95d898d5e81f ] Request (AttachInterfacesV270Test:setUpClass): 200 GET http://10.180.1.21/identity/v3/roles 0.042s
2025-03-06 11:47:56.997 68459 INFO tempest.lib.common.rest_client [req-ed144102-4333-42f6-8107-d7b8af677e1a req-ed144102-4333-42f6-8107-d7b8af677e1a ] Request (AttachInterfacesV270Test:setUpClass): 204 PUT http://10.180.1.21/identity/v3/projects/13253c622aee4cbd9ad1ddbcb91cb46f/users/cfe323c0f1174c51a8deb07c27e507c0/roles/890505dc56104183aa955be6ebbb7be1 0.031s
2025-03-06 11:47:56.997 68459 INFO tempest.lib.common.dynamic_creds [-] Dynamic test user cfe323c0f1174c51a8deb07c27e507c0 is created with scope project and roles: ['member']
2025-03-06 11:47:56.997 68459 INFO tempest.lib.common.dynamic_creds [-] Acquired dynamic creds: credentials: Credentials: {'domain_id': 'default', 'domain_name': 'Default', 'username': 'tempest-AttachInterfacesV270Test-287783464-project-member', 'project_domain_id': 'default', 'project_domain_name': 'Default', 'project_id': '13253c622aee4cbd9ad1ddbcb91cb46f', 'project_name': 'tempest-AttachInterfacesV270Test-287783464', 'tenant_id': '13253c622aee4cbd9ad1ddbcb91cb46f', 'tenant_name': 'tempest-AttachInterfacesV270Test-287783464', 'user_domain_id': 'default', 'user_domain_name': 'Default', 'user_id': 'cfe323c0f1174c51a8deb07c27e507c0', 'system': None}, Network: None, Subnet: None, Router: None
2025-03-06 11:47:57.095 68459 INFO tempest.lib.common.rest_client [req-ac542d25-32f9-4652-bda1-59008a1e2416 req-ac542d25-32f9-4652-bda1-59008a1e2416 ] Request (AttachInterfacesV270Test:setUpClass): 201 POST http://10.180.1.21/identity/v3/auth/tokens 0.097s
2025-03-06 11:47:57.136 68465 INFO tempest.lib.common.rest_client [req-3cbeaf79-834a-4f24-81eb-088292ce825c req-3cbeaf79-834a-4f24-81eb-088292ce825c ] Request (ServersTestBootFromVolume:setUpClass): 200 GET http://10.180.1.21/volume/v3/volumes/12524fbd-a4c1-44c0-9326-782790909e94 0.043s
2025-03-06 11:47:57.244 68449 INFO tempest.lib.common.rest_client [req-8e229085-e2b3-4cd4-8e80-9642a2f64506 req-8e229085-e2b3-4cd4-8e80-9642a2f64506 ] Request (ServersWithSpecificFlavorTestJSON:test_verify_created_server_ephemeral_disk): 200 GET http://10.180.1.21/compute/v2.1/servers/e8a4f44f-5ae6-455f-a8e0-b793c81c7021 2.135s
2025-03-06 11:47:57.253 68449 INFO tempest.common.waiters [-] State transition "BUILD/None" ==> "BUILD/networking" after 16 second wait
2025-03-06 11:47:57.316 68481 INFO tempest.lib.common.rest_client [req-1ea1000b-18bb-40d2-974f-01e455c38d7e req-1ea1000b-18bb-40d2-974f-01e455c38d7e ] Request (FloatingIPsAssociationNegativeTestJSON:setUpClass): 200 GET http://10.180.1.21/compute/v2.1/servers/729030b9-3aea-41d0-be03-674f4178bba6 2.110s
2025-03-06 11:47:57.377 68473 INFO tempest.lib.common.rest_client [req-247216c6-d528-4b95-a05a-3fb7c2831084 req-247216c6-d528-4b95-a05a-3fb7c2831084 ] Request (ImagesTestJSON:test_create_image_from_stopped_server): 202 POST http://10.180.1.21/compute/v2.1/servers 2.608s
2025-03-06 11:47:57.400 68453 INFO tempest.lib.common.rest_client [req-884f36a5-6bfd-4166-a6af-d96c7dc4d453 req-884f36a5-6bfd-4166-a6af-d96c7dc4d453 ] Request (FloatingIPDetailsNegativeTestJSON:setUpClass): 200 PUT http://10.180.1.21:9696/networking/v2.0/routers/2210df21-dc36-48f1-9836-ea2fb08b6168/add_router_interface 2.512s
2025-03-06 11:47:57.400 68453 INFO tempest.lib.common.dynamic_creds [-] Created isolated network resources for: credentials: Credentials: {'domain_id': 'default', 'domain_name': 'Default', 'username': 'tempest-FloatingIPDetailsNegativeTestJSON-47402420-project-member', 'project_domain_id': 'default', 'project_domain_name': 'Default', 'project_id': '333285402f4945b496b69d0ee3a701b4', 'project_name': 'tempest-FloatingIPDetailsNegativeTestJSON-47402420', 'tenant_id': '333285402f4945b496b69d0ee3a701b4', 'tenant_name': 'tempest-FloatingIPDetailsNegativeTestJSON-47402420', 'user_domain_id': 'default', 'user_domain_name': 'Default', 'user_id': 'dd6aee8d704a4549b51456c0948da6c7', 'system': None}, Network: {'id': '1b88e9d3-56da-4617-ab99-4eb6f1474f01', 'name': 'tempest-FloatingIPDetailsNegativeTestJSON-2068878383-network', 'tenant_id': '333285402f4945b496b69d0ee3a701b4', 'admin_state_up': True, 'mtu': 8950, 'status': 'ACTIVE', 'subnets': [], 'shared': False, 'project_id': '333285402f4945b496b69d0ee3a701b4', 'port_security_enabled': True, 'router:external': False, 'provider:network_type': 'vlan', 'provider:physical_network': 'default', 'provider:segmentation_id': 104, 'availability_zone_hints': [], 'availability_zones': [], 'ipv4_address_scope': None, 'ipv6_address_scope': None, 'description': '', 'tags': [], 'created_at': '2025-03-06T11:47:50Z', 'updated_at': '2025-03-06T11:47:51Z', 'revision_number': 1}, Subnet: {'id': '33a93196-21a1-445e-b433-6c2addf47f4f', 'name': 'tempest-FloatingIPDetailsNegativeTestJSON-2068878383-subnet', 'tenant_id': '333285402f4945b496b69d0ee3a701b4', 'network_id': '1b88e9d3-56da-4617-ab99-4eb6f1474f01', 'ip_version': 4, 'subnetpool_id': None, 'enable_dhcp': True, 'ipv6_ra_mode': None, 'ipv6_address_mode': None, 'gateway_ip': '192.168.128.1', 'cidr': '192.168.128.0/28', 'allocation_pools': [{'start': '192.168.128.2', 'end': '192.168.128.14'}], 'host_routes': [], 'dns_nameservers': [], 'description': '', 'router:external': False, 'service_types': [], 'tags': [], 'created_at': '2025-03-06T11:47:51Z', 'updated_at': '2025-03-06T11:47:51Z', 'revision_number': 0, 'project_id': '333285402f4945b496b69d0ee3a701b4'}, Router: {'id': '2210df21-dc36-48f1-9836-ea2fb08b6168', 'name': 'tempest-FloatingIPDetailsNegativeTestJSON-2068878383-router', 'tenant_id': '333285402f4945b496b69d0ee3a701b4', 'admin_state_up': True, 'status': 'ACTIVE', 'external_gateway_info': {'network_id': '91775354-2aae-47be-ba53-a2ea92393363', 'external_fixed_ips': [{'subnet_id': '254e9e83-0ea8-4b5b-8e52-3dcd2c7530af', 'ip_address': '10.180.180.153'}], 'enable_snat': True}, 'description': '', 'availability_zones': [], 'distributed': False, 'ha': False, 'availability_zone_hints': [], 'routes': [], 'flavor_id': None, 'tags': [], 'created_at': '2025-03-06T11:47:51Z', 'updated_at': '2025-03-06T11:47:53Z', 'revision_number': 2, 'project_id': '333285402f4945b496b69d0ee3a701b4'}
2025-03-06 11:47:57.416 68485 INFO tempest.lib.common.rest_client [req-5b653e0e-7905-46bf-b141-3bc40af73035 req-5b653e0e-7905-46bf-b141-3bc40af73035 ] Request (FloatingIPsNegativeTestJSON:tearDownClass): 204 DELETE http://10.180.1.21:9696/networking/v2.0/routers/c34d062f-355a-46d1-a41d-93cfb5003a14 1.249s
2025-03-06 11:47:57.417 68469 INFO tempest.lib.common.rest_client [req-b59a40b7-9cea-4133-9dee-e18989dc0fb1 req-b59a40b7-9cea-4133-9dee-e18989dc0fb1 ] Request (VolumesAdminNegativeTest:test_update_attached_volume_with_nonexistent_volume_in_body): 200 GET http://10.180.1.21/compute/v2.1/servers/454157e8-7676-48d4-ad67-46759341426a 2.113s
2025-03-06 11:47:57.489 68483 INFO tempest.lib.common.rest_client [req-de380bbb-1491-4cb7-a2e6-20b562de4267 req-de380bbb-1491-4cb7-a2e6-20b562de4267 ] Request (AttachInterfacesTestJSON:test_create_list_show_delete_interfaces_by_fixed_ip): 200 GET http://10.180.1.21/compute/v2.1/servers/6cab09dd-a5da-45a3-9058-2d99be5e8a76 2.171s
2025-03-06 11:47:57.553 68453 INFO tempest.lib.common.rest_client [req-04ff8ada-f36d-47d7-a5ed-374a6ac02439 req-04ff8ada-f36d-47d7-a5ed-374a6ac02439 ] Request (FloatingIPDetailsNegativeTestJSON:setUpClass): 201 POST http://10.180.1.21/identity/v3/auth/tokens 0.144s
2025-03-06 11:47:57.728 68447 INFO tempest.lib.common.rest_client [req-52dc77d8-dd3a-4142-9119-78149b5abb5c req-52dc77d8-dd3a-4142-9119-78149b5abb5c ] Request (ImagesOneServerNegativeTestJSON:setUpClass): 200 GET http://10.180.1.21/compute/v2.1/servers/ed2bca2e-9fe5-417b-a455-c997b75d3cdc 2.219s
2025-03-06 11:47:57.818 68485 INFO tempest.lib.common.rest_client [req-3996acfc-817e-47ed-ac21-35c189d48a92 req-3996acfc-817e-47ed-ac21-35c189d48a92 ] Request (FloatingIPsNegativeTestJSON:tearDownClass): 204 DELETE http://10.180.1.21:9696/networking/v2.0/subnets/352d2a3c-902a-488b-9799-e803cef82521 0.401s
2025-03-06 11:47:57.911 68459 INFO tempest.lib.common.rest_client [req-de0e5798-31ac-45d5-8be9-dca97e02e5d4 req-de0e5798-31ac-45d5-8be9-dca97e02e5d4 ] Request (AttachInterfacesV270Test:setUpClass): 201 POST http://10.180.1.21:9696/networking/v2.0/networks 0.816s
2025-03-06 11:47:57.928 68487 INFO tempest.lib.common.rest_client [req-5fb09e17-b929-4195-9636-a2b207c14015 req-5fb09e17-b929-4195-9636-a2b207c14015 ] Request (InstanceActionsNegativeTestJSON:setUpClass): 202 POST http://10.180.1.21/compute/v2.1/servers 2.433s
2025-03-06 11:47:57.967 68451 INFO tempest.lib.common.rest_client [req-0ebdbf45-5144-4e66-a22c-cf8f8f07e92a req-0ebdbf45-5144-4e66-a22c-cf8f8f07e92a ] Request (AggregatesAdminNegativeTestJSON:test_aggregate_get_details_as_user): 200 POST http://10.180.1.21/compute/v2.1/os-aggregates 2.409s
2025-03-06 11:47:57.981 68443 INFO tempest.lib.common.rest_client [req-e1d8aaa4-037a-4873-ac27-ea71c52b9acb req-e1d8aaa4-037a-4873-ac27-ea71c52b9acb ] Request (FlavorsV2TestJSON:test_list_flavors_detailed_using_marker): 200 GET http://10.180.1.21/compute/v2.1/flavors/42 2.396s
2025-03-06 11:47:57.996 68445 INFO tempest.lib.common.rest_client [req-e7b5722a-caae-475d-85b4-fe9aef973583 req-e7b5722a-caae-475d-85b4-fe9aef973583 ] Request (SecurityGroupRulesNegativeTestJSON:tearDownClass): 202 DELETE http://10.180.1.21/compute/v2.1/os-security-groups/946fdc61-a337-4ddb-b995-9389982f2d27 2.456s
2025-03-06 11:47:58.049 68463 INFO tempest.lib.common.rest_client [req-c846d513-5178-4255-b17d-dba20a43d9e7 req-c846d513-5178-4255-b17d-dba20a43d9e7 ] Request (ServersAdminTestJSON:setUpClass): 200 GET http://10.180.1.21/compute/v2.1/servers/a280c315-55e1-4e87-934c-e68328ced4b1 2.452s
2025-03-06 11:47:58.088 68459 INFO tempest.lib.common.rest_client [req-89fac964-4fab-4fbc-bdcc-75b0af45ea33 req-89fac964-4fab-4fbc-bdcc-75b0af45ea33 ] Request (AttachInterfacesV270Test:setUpClass): 201 POST http://10.180.1.21:9696/networking/v2.0/subnets 0.176s
2025-03-06 11:47:58.095 68492 INFO tempest.lib.common.rest_client [req-80b6d126-63be-40a2-a4e8-f1295574170f req-80b6d126-63be-40a2-a4e8-f1295574170f ] Request (TenantUsagesTestJSON:tearDownClass): 200 GET http://10.180.1.21/compute/v2.1/servers/b41f7d30-bbc6-4c5d-9f58-05348ec36606 2.420s
2025-03-06 11:47:58.113 68471 INFO tempest.lib.common.rest_client [req-e375f3d6-f482-44e0-a3c2-d7f8e1a62a3a req-e375f3d6-f482-44e0-a3c2-d7f8e1a62a3a ] Request (ServersAdmin275Test:test_rebuild_update_server_275): 200 GET http://10.180.1.21/compute/v2.1/servers/553ee163-1336-4434-89f6-4bbc5f5fa2fe 2.335s
2025-03-06 11:47:58.157 68485 INFO tempest.lib.common.rest_client [req-b223e863-637e-4b3c-8dc5-d503d6e07357 req-b223e863-637e-4b3c-8dc5-d503d6e07357 ] Request (FloatingIPsNegativeTestJSON:tearDownClass): 204 DELETE http://10.180.1.21:9696/networking/v2.0/networks/3ed59a30-afb8-41b6-913a-a6d6f60b6806 0.339s
2025-03-06 11:47:58.171 68467 INFO tempest.lib.common.rest_client [req-56152f4a-ab77-4db2-a2cf-7e35f511d771 req-56152f4a-ab77-4db2-a2cf-7e35f511d771 ] Request (ServersTestJSON:test_create_server_specify_multibyte_character_name): 200 GET http://10.180.1.21/compute/v2.1/servers/f1ed11a4-6524-41b7-a2f2-84b3e75a99e0 2.327s
2025-03-06 11:47:58.198 68465 INFO tempest.lib.common.rest_client [req-298cca46-9e03-497b-834c-b61e2bc40952 req-298cca46-9e03-497b-834c-b61e2bc40952 ] Request (ServersTestBootFromVolume:setUpClass): 200 GET http://10.180.1.21/volume/v3/volumes/12524fbd-a4c1-44c0-9326-782790909e94 0.054s
2025-03-06 11:47:58.206 68503 INFO tempest.lib.common.rest_client [req-e03e2883-1ba6-4ca8-b640-cf6e410b1145 req-e03e2883-1ba6-4ca8-b640-cf6e410b1145 ] Request (FlavorsAccessNegativeTestJSON:test_remove_flavor_access_not_found): 200 POST http://10.180.1.21/compute/v2.1/flavors 2.237s
2025-03-06 11:47:58.266 68485 INFO tempest.lib.common.rest_client [req-2e93a9cc-7584-4a41-be4a-4b0177231223 req-2e93a9cc-7584-4a41-be4a-4b0177231223 ] Request (FloatingIPsNegativeTestJSON:tearDownClass): 204 DELETE http://10.180.1.21/identity/v3/users/636beeef32634ff78f33762b88b3be4a 0.108s
2025-03-06 11:47:58.266 68485 INFO tempest.lib.common.dynamic_creds [-] Deleting project and security group for project: 77db0461fbb64cb79ec2e59db9575278
2025-03-06 11:47:58.282 68493 INFO tempest.lib.common.rest_client [req-8f645351-eea5-46e1-a45a-32736c96b36c req-8f645351-eea5-46e1-a45a-32736c96b36c ] Request (QuotaClassesAdminTestJSON:test_update_default_quotas): 200 PUT http://10.180.1.21/compute/v2.1/os-quota-class-sets/default 2.352s
2025-03-06 11:47:58.378 68485 INFO tempest.lib.common.rest_client [req-9e92ed0d-dbb5-4527-bacd-a3fe54146a26 req-9e92ed0d-dbb5-4527-bacd-a3fe54146a26 ] Request (FloatingIPsNegativeTestJSON:tearDownClass): 200 GET http://10.180.1.21:9696/networking/v2.0/security-groups?tenant_id=77db0461fbb64cb79ec2e59db9575278&name=default 0.112s
2025-03-06 11:47:58.495 68485 INFO tempest.lib.common.rest_client [req-46f28f89-8308-4d44-8806-2852384a635e req-46f28f89-8308-4d44-8806-2852384a635e ] Request (FloatingIPsNegativeTestJSON:tearDownClass): 204 DELETE http://10.180.1.21:9696/networking/v2.0/security-groups/5c65cd48-817b-4d2e-9009-9af419e4af86 0.116s
2025-03-06 11:47:58.580 68455 INFO tempest.lib.common.rest_client [req-d2bcc83f-1469-4e57-b4cb-579bbac4f3c8 req-d2bcc83f-1469-4e57-b4cb-579bbac4f3c8 ] Request (ListImageFiltersTestJSON:setUpClass): 202 POST http://10.180.1.21/compute/v2.1/servers 2.535s
2025-03-06 11:47:58.665 68485 INFO tempest.lib.common.rest_client [req-3a5c5c68-0dd1-4925-9327-1b96269bb3b0 req-3a5c5c68-0dd1-4925-9327-1b96269bb3b0 ] Request (FloatingIPsNegativeTestJSON:tearDownClass): 204 DELETE http://10.180.1.21/identity/v3/projects/77db0461fbb64cb79ec2e59db9575278 0.169s
2025-03-06 11:47:58.681 68489 INFO tempest.lib.common.rest_client [req-2a151c87-e60c-4fe0-8cb3-134d5f1b6d4f req-2a151c87-e60c-4fe0-8cb3-134d5f1b6d4f ] Request (ServerDiagnosticsNegativeTest:tearDownClass): 200 GET http://10.180.1.21/compute/v2.1/servers/7b77cdd8-0a47-4bef-8d84-9a83d855f4c3 2.494s
2025-03-06 11:47:58.747 68485 INFO tempest.lib.common.rest_client [req-6ffc365b-670a-4db2-a59f-b610d8a8b130 req-6ffc365b-670a-4db2-a59f-b610d8a8b130 ] Request (MultipleCreateTestJSON:setUpClass): 201 POST http://10.180.1.21/identity/v3/auth/tokens 0.080s
2025-03-06 11:47:58.788 68485 INFO tempest.lib.common.rest_client [req-c85dea1b-1149-4137-9d62-994899fcb7c9 req-c85dea1b-1149-4137-9d62-994899fcb7c9 ] Request (MultipleCreateTestJSON:setUpClass): 201 POST http://10.180.1.21/identity/v3/auth/tokens 0.038s
2025-03-06 11:47:58.820 68485 INFO tempest.lib.common.rest_client [req-61092b95-9d88-47e8-8475-030a3040f445 req-61092b95-9d88-47e8-8475-030a3040f445 ] Request (MultipleCreateTestJSON:setUpClass): 200 GET http://10.180.1.21/identity/v3/domains?name=Default 0.031s
2025-03-06 11:47:58.855 68485 INFO tempest.lib.common.rest_client [req-3ad7705e-2d20-4c24-986b-6166fa04a314 req-3ad7705e-2d20-4c24-986b-6166fa04a314 ] Request (MultipleCreateTestJSON:setUpClass): 201 POST http://10.180.1.21/identity/v3/projects 0.035s
2025-03-06 11:47:58.921 68485 INFO tempest.lib.common.rest_client [req-287f634d-d223-4ab0-8dab-7e14bf572a18 req-287f634d-d223-4ab0-8dab-7e14bf572a18 ] Request (MultipleCreateTestJSON:setUpClass): 201 POST http://10.180.1.21/identity/v3/users 0.065s
2025-03-06 11:47:58.948 68485 INFO tempest.lib.common.rest_client [req-58d5695b-aed6-4ef0-9b82-f7c76535e957 req-58d5695b-aed6-4ef0-9b82-f7c76535e957 ] Request (MultipleCreateTestJSON:setUpClass): 200 GET http://10.180.1.21/identity/v3/roles 0.026s
2025-03-06 11:47:58.956 68495 INFO tempest.lib.common.rest_client [req-fe638558-f7c8-4706-9c95-6039266a997f req-fe638558-f7c8-4706-9c95-6039266a997f ] Request (ServerDiagnosticsV248Test:test_get_server_diagnostics): 200 GET http://10.180.1.21/compute/v2.1/servers/bacf5456-19e2-4245-8691-ec7af39bf00a/diagnostics 2.893s
2025-03-06 11:47:58.996 68485 INFO tempest.lib.common.rest_client [req-e77ef999-c43d-48db-959f-c74c27ea49d4 req-e77ef999-c43d-48db-959f-c74c27ea49d4 ] Request (MultipleCreateTestJSON:setUpClass): 204 PUT http://10.180.1.21/identity/v3/projects/594613e5549b4dbda3e9e077710d66b3/users/3a336f49a8f44fbf91745164502f3188/roles/890505dc56104183aa955be6ebbb7be1 0.048s
2025-03-06 11:47:58.997 68485 INFO tempest.lib.common.dynamic_creds [-] Dynamic test user 3a336f49a8f44fbf91745164502f3188 is created with scope project and roles: ['member']
2025-03-06 11:47:58.997 68485 INFO tempest.lib.common.dynamic_creds [-] Acquired dynamic creds: credentials: Credentials: {'domain_id': 'default', 'domain_name': 'Default', 'username': 'tempest-MultipleCreateTestJSON-1302444995-project-member', 'project_domain_id': 'default', 'project_domain_name': 'Default', 'project_id': '594613e5549b4dbda3e9e077710d66b3', 'project_name': 'tempest-MultipleCreateTestJSON-1302444995', 'tenant_id': '594613e5549b4dbda3e9e077710d66b3', 'tenant_name': 'tempest-MultipleCreateTestJSON-1302444995', 'user_domain_id': 'default', 'user_domain_name': 'Default', 'user_id': '3a336f49a8f44fbf91745164502f3188', 'system': None}, Network: None, Subnet: None, Router: None
2025-03-06 11:47:59.000 68457 INFO tempest.lib.common.rest_client [req-dcc9706d-55e6-412f-8ce6-f58c34deb9f1 req-dcc9706d-55e6-412f-8ce6-f58c34deb9f1 ] Request (ComputeTenantNetworksTest:test_list_show_tenant_networks): 200 GET http://10.180.1.21/compute/v2.1/os-tenant-networks/b8e80cac-1a43-436c-93af-2730906b0f9b 2.632s
2025-03-06 11:47:59.007 68497 INFO tempest.lib.common.rest_client [req-201616e1-0b93-4619-83ba-4e18cf86fd65 req-201616e1-0b93-4619-83ba-4e18cf86fd65 ] Request (VolumesAssistedSnapshotsTest:test_volume_assisted_snapshot_create_delete): 200 GET http://10.180.1.21/compute/v2.1/servers/edd58309-7d6a-4ee8-9cdf-d470461a63c8/os-interface 2.727s
2025-03-06 11:47:59.056 68477 INFO tempest.lib.common.rest_client [req-9c17e905-eb23-4c07-b199-c9ac212457cd req-9c17e905-eb23-4c07-b199-c9ac212457cd ] Request (KeyPairsV22TestJSON:test_keypair_create_with_pub_key): 201 POST http://10.180.1.21/compute/v2.1/os-keypairs 2.140s
2025-03-06 11:47:59.102 68485 INFO tempest.lib.common.rest_client [req-1dfea8ae-b0dd-4f92-9a11-98ff5286f85f req-1dfea8ae-b0dd-4f92-9a11-98ff5286f85f ] Request (MultipleCreateTestJSON:setUpClass): 201 POST http://10.180.1.21/identity/v3/auth/tokens 0.105s
2025-03-06 11:47:59.149 68499 INFO tempest.lib.common.rest_client [req-cd8c8917-3d76-4f2b-86e2-016053ee29ab req-cd8c8917-3d76-4f2b-86e2-016053ee29ab ] Request (ServerRescueNegativeTestJSON:setUpClass): 200 GET http://10.180.1.21/compute/v2.1/servers/4ed59fbb-5b90-4c04-ad38-b9a8a64748f1 1.977s
2025-03-06 11:47:59.256 68473 INFO tempest.lib.common.rest_client [req-3e773b67-3737-4f4a-9221-2ddadb786d6e req-3e773b67-3737-4f4a-9221-2ddadb786d6e ] Request (ImagesTestJSON:test_create_image_from_stopped_server): 200 GET http://10.180.1.21/compute/v2.1/servers/1b6ca5c6-a34b-4abc-a802-255ef40b76fc 1.877s
2025-03-06 11:47:59.259 68465 INFO tempest.lib.common.rest_client [req-9f79f65e-0d72-462f-82c6-8214d5cbd629 req-9f79f65e-0d72-462f-82c6-8214d5cbd629 ] Request (ServersTestBootFromVolume:setUpClass): 200 GET http://10.180.1.21/volume/v3/volumes/12524fbd-a4c1-44c0-9326-782790909e94 0.049s
2025-03-06 11:47:59.272 68461 INFO tempest.lib.common.rest_client [req-cbbd529d-1f0c-4873-80da-1539b1c92622 req-cbbd529d-1f0c-4873-80da-1539b1c92622 ] Request (MigrationsAdminTest:test_list_migrations_in_flavor_resize_situation): 200 GET http://10.180.1.21/compute/v2.1/servers/3a2b3377-72ea-4d06-9b48-e82757055254 2.568s
2025-03-06 11:47:59.336 68457 INFO tempest.lib.common.rest_client [req-481275a2-c10f-4a76-9dcc-104315eacc60 req-481275a2-c10f-4a76-9dcc-104315eacc60 ] Request (ComputeTenantNetworksTest:tearDownClass): 204 DELETE http://10.180.1.21:9696/networking/v2.0/networks/b8e80cac-1a43-436c-93af-2730906b0f9b 0.333s
2025-03-06 11:47:59.455 68453 INFO tempest.lib.common.rest_client [req-504cf7d4-e842-4325-84a7-a713bd12acbc req-504cf7d4-e842-4325-84a7-a713bd12acbc ] Request (FloatingIPDetailsNegativeTestJSON:test_get_nonexistent_floating_ip_details): 404 GET http://10.180.1.21/compute/v2.1/os-floating-ips/8e4769b0-625c-484f-9cdb-76f3b5a6821b 1.901s
2025-03-06 11:47:59.459 68457 INFO tempest.lib.common.rest_client [req-59ada7bc-a5ff-425b-878a-7a9eb64f1b6e req-59ada7bc-a5ff-425b-878a-7a9eb64f1b6e ] Request (ComputeTenantNetworksTest:tearDownClass): 204 DELETE http://10.180.1.21/identity/v3/users/c338a5acf1a54553b79d5927d3d68f48 0.122s
2025-03-06 11:47:59.461 68457 INFO tempest.lib.common.dynamic_creds [-] Deleting project and security group for project: 9ce436ab3d4144e69b080bfad156f939
2025-03-06 11:47:59.478 68475 INFO tempest.lib.common.rest_client [req-02672ca9-0392-430d-97f3-98fb1c87dfc2 req-02672ca9-0392-430d-97f3-98fb1c87dfc2 ] Request (ServerDiagnosticsTest:test_get_server_diagnostics): 200 GET http://10.180.1.21/compute/v2.1/servers/d570add5-1201-4132-8af7-b25d20d33356 1.979s
2025-03-06 11:47:59.569 68457 INFO tempest.lib.common.rest_client [req-b9fd957b-c3db-495e-aeef-ce621f9e2950 req-b9fd957b-c3db-495e-aeef-ce621f9e2950 ] Request (ComputeTenantNetworksTest:tearDownClass): 200 GET http://10.180.1.21:9696/networking/v2.0/security-groups?tenant_id=9ce436ab3d4144e69b080bfad156f939&name=default 0.107s
2025-03-06 11:47:59.574 68501 INFO tempest.lib.common.rest_client [req-61b21bae-ddeb-4468-ab1c-32a3c2bcbee4 req-61b21bae-ddeb-4468-ab1c-32a3c2bcbee4 ] Request (ServerDiskConfigTestJSON:test_rebuild_server_with_auto_disk_config): 200 GET http://10.180.1.21/compute/v2.1/servers/f7498597-2d98-4056-a0b2-218246e8c9ee 1.667s
2025-03-06 11:47:59.592 68501 INFO tempest.common.waiters [-] State transition "BUILD/None" ==> "BUILD/networking" after 15 second wait
2025-03-06 11:47:59.641 68505 INFO tempest.lib.common.rest_client [req-c9db6495-904b-47d7-80be-7d862c37f96c req-c9db6495-904b-47d7-80be-7d862c37f96c ] Request (ServerExternalEventsTest:test_create_server_external_events): 200 GET http://10.180.1.21/compute/v2.1/servers/f247a07b-9db0-4745-a3c2-9ebb2883b68b 1.845s
2025-03-06 11:47:59.650 68451 INFO tempest.lib.common.rest_client [req-9bd722aa-c8a2-4c1c-9fce-efe700001ef1 req-9bd722aa-c8a2-4c1c-9fce-efe700001ef1 ] Request (AggregatesAdminNegativeTestJSON:test_aggregate_get_details_as_user): 403 GET http://10.180.1.21/compute/v2.1/os-aggregates/6 1.682s
2025-03-06 11:47:59.667 68487 INFO tempest.lib.common.rest_client [req-6dafba39-b8e4-4de1-acde-1c9c92be63f8 req-6dafba39-b8e4-4de1-acde-1c9c92be63f8 ] Request (InstanceActionsNegativeTestJSON:setUpClass): 200 GET http://10.180.1.21/compute/v2.1/servers/2c9a8df8-5546-46e7-b802-90bb85b4d1e7 1.737s
2025-03-06 11:47:59.672 68485 INFO tempest.lib.common.rest_client [req-e69e17bb-33b8-44b2-9da1-073ccc3c3ceb req-e69e17bb-33b8-44b2-9da1-073ccc3c3ceb ] Request (MultipleCreateTestJSON:setUpClass): 201 POST http://10.180.1.21:9696/networking/v2.0/networks 0.570s
2025-03-06 11:47:59.688 68443 INFO tempest.lib.common.rest_client [req-ed825ebd-bd87-4aef-ac81-79858bb74adf req-ed825ebd-bd87-4aef-ac81-79858bb74adf ] Request (FlavorsV2TestJSON:test_list_flavors_detailed_using_marker): 200 GET http://10.180.1.21/compute/v2.1/flavors/detail?marker=42 1.704s
2025-03-06 11:47:59.861 68459 INFO tempest.lib.common.rest_client [req-10dd49fd-e4df-4cba-b797-f30ea42e3174 req-10dd49fd-e4df-4cba-b797-f30ea42e3174 ] Request (AttachInterfacesV270Test:setUpClass): 201 POST http://10.180.1.21:9696/networking/v2.0/routers 1.772s
2025-03-06 11:47:59.872 68503 INFO tempest.lib.common.rest_client [req-f9f397bd-9ee4-496b-b526-24b157246b1f req-f9f397bd-9ee4-496b-b526-24b157246b1f ] Request (FlavorsAccessNegativeTestJSON:test_remove_flavor_access_not_found): 404 POST http://10.180.1.21/compute/v2.1/flavors/1116417493/action 1.662s
2025-03-06 11:48:00.167 68449 INFO tempest.lib.common.rest_client [req-44605bbc-1639-4097-9b7c-6e634b25883e req-44605bbc-1639-4097-9b7c-6e634b25883e ] Request (ServersWithSpecificFlavorTestJSON:test_verify_created_server_ephemeral_disk): 200 GET http://10.180.1.21/compute/v2.1/servers/e8a4f44f-5ae6-455f-a8e0-b793c81c7021 1.912s
2025-03-06 11:48:00.178 68449 INFO tempest.common.waiters [-] State transition "BUILD/networking" ==> "BUILD/spawning" after 19 second wait
2025-03-06 11:48:00.189 68493 INFO tempest.lib.common.rest_client [req-20037136-84c5-4a68-9f11-22f72aa1b727 req-20037136-84c5-4a68-9f11-22f72aa1b727 ] Request (QuotaClassesAdminTestJSON:test_update_default_quotas): 200 GET http://10.180.1.21/compute/v2.1/os-quota-class-sets/default 1.903s
2025-03-06 11:48:00.260 68457 INFO tempest.lib.common.rest_client [req-60f107e0-3b14-4544-9dd7-2e9a1cc9a073 req-60f107e0-3b14-4544-9dd7-2e9a1cc9a073 ] Request (ComputeTenantNetworksTest:tearDownClass): 204 DELETE http://10.180.1.21:9696/networking/v2.0/security-groups/5e874cd5-f600-438f-96dc-d9bce88958de 0.687s
2025-03-06 11:48:00.260 68481 INFO tempest.lib.common.rest_client [req-4b83bd0f-3d22-426c-bb2a-3a1b651dc299 req-4b83bd0f-3d22-426c-bb2a-3a1b651dc299 ] Request (FloatingIPsAssociationNegativeTestJSON:setUpClass): 200 GET http://10.180.1.21/compute/v2.1/servers/729030b9-3aea-41d0-be03-674f4178bba6 1.934s
2025-03-06 11:48:00.351 68469 INFO tempest.lib.common.rest_client [req-1d73cccc-17b1-48c1-a8ff-3d6a2250dd3f req-1d73cccc-17b1-48c1-a8ff-3d6a2250dd3f ] Request (VolumesAdminNegativeTest:test_update_attached_volume_with_nonexistent_volume_in_body): 200 GET http://10.180.1.21/compute/v2.1/servers/454157e8-7676-48d4-ad67-46759341426a 1.922s
2025-03-06 11:48:00.372 68485 INFO tempest.lib.common.rest_client [req-54d772ce-eb7c-47f7-bfbf-10b54e4e0d5b req-54d772ce-eb7c-47f7-bfbf-10b54e4e0d5b ] Request (MultipleCreateTestJSON:setUpClass): 201 POST http://10.180.1.21:9696/networking/v2.0/subnets 0.699s
2025-03-06 11:48:00.432 68457 INFO tempest.lib.common.rest_client [req-8f74f269-6ca9-4a51-b382-cce2bda7c3c3 req-8f74f269-6ca9-4a51-b382-cce2bda7c3c3 ] Request (ComputeTenantNetworksTest:tearDownClass): 204 DELETE http://10.180.1.21/identity/v3/projects/9ce436ab3d4144e69b080bfad156f939 0.172s
2025-03-06 11:48:00.453 68483 INFO tempest.lib.common.rest_client [req-0244d53d-a7ae-46dc-ba47-9c742f3048f9 req-0244d53d-a7ae-46dc-ba47-9c742f3048f9 ] Request (AttachInterfacesTestJSON:test_create_list_show_delete_interfaces_by_fixed_ip): 200 GET http://10.180.1.21/compute/v2.1/servers/6cab09dd-a5da-45a3-9058-2d99be5e8a76 1.950s
2025-03-06 11:48:00.467 68465 INFO tempest.lib.common.rest_client [req-9b342692-549f-4774-bf0f-478e7113bac9 req-9b342692-549f-4774-bf0f-478e7113bac9 ] Request (ServersTestBootFromVolume:setUpClass): 200 GET http://10.180.1.21/volume/v3/volumes/12524fbd-a4c1-44c0-9326-782790909e94 0.187s
2025-03-06 11:48:00.513 68445 INFO tempest.lib.common.rest_client [req-475a5bd7-4918-426d-b2e4-acc5c3a3557a req-475a5bd7-4918-426d-b2e4-acc5c3a3557a ] Request (SecurityGroupRulesNegativeTestJSON:tearDownClass): 202 DELETE http://10.180.1.21/compute/v2.1/os-security-groups/4238e41b-f776-40f4-91da-91516c4463a1 2.516s
2025-03-06 11:48:00.530 68457 INFO tempest.lib.common.rest_client [req-a40f18d4-243d-4eb0-99e9-5c8a740618ef req-a40f18d4-243d-4eb0-99e9-5c8a740618ef ] Request (AttachVolumeShelveTestJSON:setUpClass): 201 POST http://10.180.1.21/identity/v3/auth/tokens 0.092s
2025-03-06 11:48:00.564 68457 INFO tempest.lib.common.rest_client [req-83dfb150-e32d-4f1a-8b3a-a1dc0c504c5d req-83dfb150-e32d-4f1a-8b3a-a1dc0c504c5d ] Request (AttachVolumeShelveTestJSON:setUpClass): 201 POST http://10.180.1.21/identity/v3/auth/tokens 0.032s
2025-03-06 11:48:00.601 68457 INFO tempest.lib.common.rest_client [req-b9f635fc-29a9-43c4-998d-244cdfb08c80 req-b9f635fc-29a9-43c4-998d-244cdfb08c80 ] Request (AttachVolumeShelveTestJSON:setUpClass): 200 GET http://10.180.1.21/identity/v3/domains?name=Default 0.036s
2025-03-06 11:48:00.604 68455 INFO tempest.lib.common.rest_client [req-eacd2faf-97cb-4dda-8593-0f48681f2def req-eacd2faf-97cb-4dda-8593-0f48681f2def ] Request (ListImageFiltersTestJSON:setUpClass): 200 GET http://10.180.1.21/compute/v2.1/servers/be4c46f0-df97-4cbd-afde-76f598735d14 2.022s
2025-03-06 11:48:00.627 68477 INFO tempest.lib.common.rest_client [req-f1b6e955-7a81-4e68-bb28-dd24c2661027 req-f1b6e955-7a81-4e68-bb28-dd24c2661027 ] Request (KeyPairsV22TestJSON:_run_cleanups): 204 DELETE http://10.180.1.21/compute/v2.1/os-keypairs/tempest-keypair-1041108149 1.570s
2025-03-06 11:48:00.644 68457 INFO tempest.lib.common.rest_client [req-b5e795a0-ad60-4a7c-8763-44cfe58cdbc1 req-b5e795a0-ad60-4a7c-8763-44cfe58cdbc1 ] Request (AttachVolumeShelveTestJSON:setUpClass): 201 POST http://10.180.1.21/identity/v3/projects 0.043s
2025-03-06 11:48:00.718 68457 INFO tempest.lib.common.rest_client [req-48f825b3-8a64-4d2e-ba77-1d3240fa9d60 req-48f825b3-8a64-4d2e-ba77-1d3240fa9d60 ] Request (AttachVolumeShelveTestJSON:setUpClass): 201 POST http://10.180.1.21/identity/v3/users 0.073s
2025-03-06 11:48:00.719 68463 INFO tempest.lib.common.rest_client [req-71a43394-107f-4be7-83fb-1274be75350a req-71a43394-107f-4be7-83fb-1274be75350a ] Request (ServersAdminTestJSON:setUpClass): 200 GET http://10.180.1.21/compute/v2.1/servers/a280c315-55e1-4e87-934c-e68328ced4b1 1.658s
2025-03-06 11:48:00.727 68463 INFO tempest.common.waiters [-] State transition "BUILD/scheduling" ==> "BUILD/None" after 9 second wait
2025-03-06 11:48:00.749 68457 INFO tempest.lib.common.rest_client [req-2a4566ac-bf44-476d-b2a7-842b65828e65 req-2a4566ac-bf44-476d-b2a7-842b65828e65 ] Request (AttachVolumeShelveTestJSON:setUpClass): 200 GET http://10.180.1.21/identity/v3/roles 0.031s
2025-03-06 11:48:00.798 68457 INFO tempest.lib.common.rest_client [req-ec3a4123-6b8a-4b1d-a55f-4de30532b591 req-ec3a4123-6b8a-4b1d-a55f-4de30532b591 ] Request (AttachVolumeShelveTestJSON:setUpClass): 204 PUT http://10.180.1.21/identity/v3/projects/0bf6e6ff5dfc42159cbfb7051fd1a72a/users/5cd1bcdf42f6492ab9143bcbe2e1ef08/roles/890505dc56104183aa955be6ebbb7be1 0.048s
