2025-03-06 11:48:51.002 68503 INFO tempest.lib.common.rest_client [req-972e2bfa-4005-4166-862f-3b7076a61c20 req-972e2bfa-4005-4166-862f-3b7076a61c20 ] Request (FloatingIPsAssociationTestJSON:setUpClass): 200 GET http://10.180.1.21/compute/v2.1/servers/ce861df0-6e5c-4940-a0d3-54677ae80a8a 0.076s
2025-03-06 11:48:51.023 68461 INFO tempest.lib.common.rest_client [req-511535b6-eb37-48af-ae95-083223f787e4 req-511535b6-eb37-48af-ae95-083223f787e4 ] Request (MigrationsAdminTest:test_list_migrations_in_flavor_resize_situation): 200 GET http://10.180.1.21/compute/v2.1/servers/3a2b3377-72ea-4d06-9b48-e82757055254 0.122s
2025-03-06 11:48:51.065 68461 INFO tempest.lib.common.rest_client [req-51872073-1e87-4174-9113-7f1fb2b8cddd req-51872073-1e87-4174-9113-7f1fb2b8cddd ] Request (MigrationsAdminTest:test_list_migrations_in_flavor_resize_situation): 200 POST http://10.180.1.21/compute/v2.1/os-keypairs 0.034s
2025-03-06 11:48:51.114 68469 WARNING tempest.lib.common.ssh [-] Failed to establish authenticated ssh connection to cirros@10.180.180.152 ([Errno None] Unable to connect to port 22 on 10.180.180.152). Number attempts: 5. Retry after 6 seconds.: paramiko.ssh_exception.NoValidConnectionsError: [Errno None] Unable to connect to port 22 on 10.180.180.152
2025-03-06 11:48:51.132 68485 INFO tempest.lib.common.rest_client [req-44aaa59f-c6f7-4a5a-8ca9-83e5785ba73d req-44aaa59f-c6f7-4a5a-8ca9-83e5785ba73d ] Request (MultipleCreateTestJSON:test_multiple_create): 200 GET http://10.180.1.21/compute/v2.1/servers/7ab6896d-dba8-43de-a438-526fc42ff9da 0.062s
2025-03-06 11:48:51.177 68465 INFO tempest.lib.common.rest_client [req-8a5fa27c-88dc-436e-9f0b-389b4d744742 req-8a5fa27c-88dc-436e-9f0b-389b4d744742 ] Request (ServersTestBootFromVolume:setUpClass): 200 GET http://10.180.1.21/compute/v2.1/servers/4330fb56-071a-4059-b7aa-84cd3ab5bf22 0.050s
2025-03-06 11:48:51.199 68473 INFO tempest.lib.common.rest_client [req-b12dc81f-ec66-47ae-881a-6a37f557b886 req-b12dc81f-ec66-47ae-881a-6a37f557b886 ] Request (ImagesTestJSON:test_create_image_from_stopped_server): 200 GET http://10.180.1.21/compute/v2.1/servers/1b6ca5c6-a34b-4abc-a802-255ef40b76fc 0.118s
2025-03-06 11:48:51.206 68461 INFO tempest.lib.common.rest_client [req-eccf2515-cae6-40d2-aaca-ea0a0e4689d6 req-eccf2515-cae6-40d2-aaca-ea0a0e4689d6 ] Request (MigrationsAdminTest:test_list_migrations_in_flavor_resize_situation): 201 POST http://10.180.1.21:9696/networking/v2.0/security-groups 0.139s
2025-03-06 11:48:51.207 68473 INFO tempest.common.waiters [-] State transition "BUILD/spawning" ==> "ACTIVE/None" after 52 second wait
2025-03-06 11:48:51.220 68463 INFO tempest.lib.common.rest_client [req-a660d85c-6887-456c-843b-69338570b282 req-a660d85c-6887-456c-843b-69338570b282 ] Request (ServersAdminTestJSON:test_create_server_with_scheduling_hint): 200 GET http://10.180.1.21/compute/v2.1/servers/9472ee31-d423-47d4-892f-1b8676886d61 0.089s
2025-03-06 11:48:51.254 68495 INFO tempest.lib.common.rest_client [req-c6b1d34e-b490-4a52-9d2d-b68d790cb1aa req-c6b1d34e-b490-4a52-9d2d-b68d790cb1aa ] Request (ImagesNegativeTestJSON:test_create_image_from_deleted_server): 200 GET http://10.180.1.21/compute/v2.1/servers/372b0081-e53b-4594-b491-812e624a314b 0.066s
2025-03-06 11:48:51.270 68453 INFO tempest.lib.common.rest_client [req-fecbe6d6-14ca-447e-92ce-8b2c002a909d req-fecbe6d6-14ca-447e-92ce-8b2c002a909d ] Request (ListServersNegativeTestJSON:setUpClass): 200 GET http://10.180.1.21/compute/v2.1/servers/886b6e03-f4d0-4178-8fcb-cc00d90131d8 0.081s
2025-03-06 11:48:51.291 68461 INFO tempest.lib.common.rest_client [req-76987dd1-f322-451b-83da-74f2aebf7079 req-76987dd1-f322-451b-83da-74f2aebf7079 ] Request (MigrationsAdminTest:test_list_migrations_in_flavor_resize_situation): 201 POST http://10.180.1.21:9696/networking/v2.0/security-group-rules 0.084s
2025-03-06 11:48:51.327 68473 INFO tempest.lib.common.rest_client [req-f9a70fd4-46d2-4f4f-b70b-9dc99c892569 req-f9a70fd4-46d2-4f4f-b70b-9dc99c892569 ] Request (ImagesTestJSON:test_create_image_from_stopped_server): 202 POST http://10.180.1.21/compute/v2.1/servers/1b6ca5c6-a34b-4abc-a802-255ef40b76fc/action 0.120s
2025-03-06 11:48:51.347 68447 INFO tempest.lib.common.rest_client [req-96483c7e-12b4-4d65-9cd1-4c8f0d834fb2 req-96483c7e-12b4-4d65-9cd1-4c8f0d834fb2 ] Request (ImagesOneServerNegativeTestJSON:_run_cleanups): 200 GET http://10.180.1.21/compute/v2.1/servers/ed2bca2e-9fe5-417b-a455-c997b75d3cdc 0.105s
2025-03-06 11:48:51.379 68489 INFO tempest.lib.common.rest_client [req-9982a419-e16a-4bb5-b2a8-b38b1262909a req-9982a419-e16a-4bb5-b2a8-b38b1262909a ] Request (ServersAaction247Test:test_create_backup): 200 GET http://10.180.1.21/compute/v2.1/servers/116dbe06-cb18-4edb-bdca-01d7f5f066d9 0.073s
2025-03-06 11:48:51.387 68461 INFO tempest.lib.common.rest_client [req-5654f80b-a5cc-4b4c-a5d5-d2bea537b3db req-5654f80b-a5cc-4b4c-a5d5-d2bea537b3db ] Request (MigrationsAdminTest:test_list_migrations_in_flavor_resize_situation): 201 POST http://10.180.1.21:9696/networking/v2.0/security-group-rules 0.095s
2025-03-06 11:48:51.458 68473 INFO tempest.lib.common.rest_client [req-25d78745-cd32-4780-9253-109a7a7bc68a req-25d78745-cd32-4780-9253-109a7a7bc68a ] Request (ImagesTestJSON:test_create_image_from_stopped_server): 200 GET http://10.180.1.21/compute/v2.1/servers/1b6ca5c6-a34b-4abc-a802-255ef40b76fc 0.130s
2025-03-06 11:48:51.514 68457 INFO tempest.lib.common.rest_client [req-8f302d9b-9021-474b-9435-d61582a156ca req-8f302d9b-9021-474b-9435-d61582a156ca ] Request (AttachVolumeShelveTestJSON:test_attach_volume_shelved_or_offload_server): 200 GET http://10.180.1.21/compute/v2.1/servers/d0d8d6f2-2af2-4bdc-8112-b37a92a9c0ed 0.163s
2025-03-06 11:48:51.549 68487 INFO tempest.lib.common.rest_client [req-2907cf3d-af27-42d8-88b4-e2734cb0cd92 req-2907cf3d-af27-42d8-88b4-e2734cb0cd92 ] Request (InstanceActionsNegativeTestJSON:setUpClass): 200 GET http://10.180.1.21/compute/v2.1/servers/2c9a8df8-5546-46e7-b802-90bb85b4d1e7 0.216s
2025-03-06 11:48:51.560 68493 INFO tempest.lib.common.rest_client [req-2794f7d0-4a54-4497-b63c-c19162e90017 req-2794f7d0-4a54-4497-b63c-c19162e90017 ] Request (ServersAdminNegativeTestJSON:setUpClass): 200 GET http://10.180.1.21/compute/v2.1/servers/369e1ee3-ae1e-453c-ac27-b21b6b171459 0.173s
2025-03-06 11:48:51.606 68451 INFO tempest.lib.common.rest_client [req-75b34bb4-9319-4110-90fa-c32137de17e3 req-75b34bb4-9319-4110-90fa-c32137de17e3 ] Request (AttachInterfacesUnderV243Test:test_add_remove_fixed_ip): 200 GET http://10.180.1.21/compute/v2.1/servers/3d345623-d941-407b-ad67-5df1d686874f 0.124s
2025-03-06 11:48:51.612 68481 INFO tempest.lib.common.rest_client [req-48b04f56-ea0d-4abf-92e9-69cb34219b4a req-48b04f56-ea0d-4abf-92e9-69cb34219b4a ] Request (FloatingIPsAssociationNegativeTestJSON:tearDownClass): 200 GET http://10.180.1.21/compute/v2.1/servers/729030b9-3aea-41d0-be03-674f4178bba6 0.205s
2025-03-06 11:48:51.665 68492 INFO tempest.lib.common.rest_client [req-729b1b22-a8d9-4024-8eb8-b4798d7342ed req-729b1b22-a8d9-4024-8eb8-b4798d7342ed ] Request (ImagesOneServerTestJSON:setUpClass): 200 GET http://10.180.1.21/compute/v2.1/servers/c473a08b-eec1-4c6a-a552-2a7fed508294 0.052s
2025-03-06 11:48:51.840 68455 INFO tempest.lib.common.rest_client [req-40aa0ba4-b565-470e-a157-20d5380e3461 req-40aa0ba4-b565-470e-a157-20d5380e3461 ] Request (ListImageFiltersTestJSON:setUpClass): 200 GET http://10.180.1.21/compute/v2.1/servers/be4c46f0-df97-4cbd-afde-76f598735d14 0.181s
2025-03-06 11:48:51.884 68461 INFO tempest.lib.common.rest_client [req-33a41c7b-6f5c-44e5-b367-3ed7a4a89ae1 req-33a41c7b-6f5c-44e5-b367-3ed7a4a89ae1 ] Request (MigrationsAdminTest:test_list_migrations_in_flavor_resize_situation): 201 POST http://10.180.1.21:9696/networking/v2.0/floatingips 0.497s
2025-03-06 11:48:51.904 68499 INFO tempest.lib.common.rest_client [req-21ecd44e-826d-496b-97d6-8877276c9140 req-21ecd44e-826d-496b-97d6-8877276c9140 ] Request (ServerRescueNegativeTestJSON:test_rescued_vm_attach_volume): 200 GET http://10.180.1.21/compute/v2.1/servers/b8c67555-fca1-4aa9-85fa-ccb217eb34ec 0.192s
2025-03-06 11:48:51.914 68471 INFO tempest.lib.common.rest_client [req-1e3a4cca-0dc0-4a23-8b2f-005fb0a6cd32 req-1e3a4cca-0dc0-4a23-8b2f-005fb0a6cd32 ] Request (ServersAdmin275Test:tearDownClass): 200 GET http://10.180.1.21/compute/v2.1/servers/553ee163-1336-4434-89f6-4bbc5f5fa2fe 0.189s
2025-03-06 11:48:51.971 68445 INFO tempest.lib.common.rest_client [req-0818a115-82bd-4eda-8543-50bd5ba5d17f req-0818a115-82bd-4eda-8543-50bd5ba5d17f ] Request (ServerActionsTestOtherB:setUpClass): 200 GET http://10.180.1.21/compute/v2.1/servers/a6990f0d-066a-40e6-92bf-42c09941b9cf 0.212s
2025-03-06 11:48:51.971 68467 INFO tempest.lib.common.rest_client [req-9933ca4f-21b1-44d5-a21c-4931f607ceef req-9933ca4f-21b1-44d5-a21c-4931f607ceef ] Request (ServersTestJSON:test_create_server_with_ipv6_addr_only): 200 GET http://10.180.1.21/compute/v2.1/servers/edc58ee1-713f-406e-919c-fcd704daf3dc 0.201s
2025-03-06 11:48:52.025 68443 INFO tempest.lib.common.rest_client [req-a95c2d7e-1b13-4a06-b053-7977bc6c767e req-a95c2d7e-1b13-4a06-b053-7977bc6c767e ] Request (ListServerFiltersTestJSON:setUpClass): 200 GET http://10.180.1.21/compute/v2.1/servers/14b21a96-242a-42a5-a7c5-c074297ea6d5 0.200s
2025-03-06 11:48:52.025 68501 INFO tempest.lib.common.rest_client [req-6e61fa63-1db6-4933-a6f8-152f312b4ed1 req-6e61fa63-1db6-4933-a6f8-152f312b4ed1 ] Request (ServerDiskConfigTestJSON:test_rebuild_server_with_manual_disk_config): 200 GET http://10.180.1.21/compute/v2.1/servers/4fc3ae4b-6d30-4cc7-931b-4059175279b8 0.211s
2025-03-06 11:48:52.043 68461 INFO tempest.lib.common.rest_client [req-014e95cd-0bdc-4da6-bede-ec29e9cd410f req-014e95cd-0bdc-4da6-bede-ec29e9cd410f ] Request (MigrationsAdminTest:test_list_migrations_in_flavor_resize_situation): 200 GET http://10.180.1.21/compute/v2.1/os-migrations 0.158s
2025-03-06 11:48:52.086 68505 INFO tempest.lib.common.rest_client [req-09794fa0-3eb3-40ed-97f8-58f137dd0ce0 req-09794fa0-3eb3-40ed-97f8-58f137dd0ce0 ] Request (ServerShowV254Test:test_rebuild_server): 200 GET http://10.180.1.21/compute/v2.1/servers/363c99d0-1cdc-4206-b377-70c122875fac 0.193s
2025-03-06 11:48:52.097 68459 INFO tempest.lib.common.rest_client [req-fd142f87-b650-4b9e-ab92-3a829879c6fe req-fd142f87-b650-4b9e-ab92-3a829879c6fe ] Request (AttachInterfacesV270Test:test_create_get_list_interfaces): 200 GET http://10.180.1.21/compute/v2.1/servers/b4c328b9-bd0d-4f8e-9990-19e8da955a53 0.129s
2025-03-06 11:48:52.112 68461 INFO tempest.lib.common.rest_client [req-81b58d69-6484-498f-b0ea-bf2f50c10340 req-81b58d69-6484-498f-b0ea-bf2f50c10340 ] Request (MigrationsAdminTest:test_resize_server_revert_deleted_flavor): 200 GET http://10.180.1.21/compute/v2.1/flavors/42 0.064s
2025-03-06 11:48:52.136 68461 INFO tempest.lib.common.rest_client [req-f353c360-1878-49d1-9ec3-8d87f7c4c6dd req-f353c360-1878-49d1-9ec3-8d87f7c4c6dd ] Request (MigrationsAdminTest:test_resize_server_revert_deleted_flavor): 200 POST http://10.180.1.21/compute/v2.1/flavors 0.022s
2025-03-06 11:48:52.139 68503 INFO tempest.lib.common.rest_client [req-1ab14341-2ed5-4325-bffc-89d087a8b7c8 req-1ab14341-2ed5-4325-bffc-89d087a8b7c8 ] Request (FloatingIPsAssociationTestJSON:setUpClass): 200 GET http://10.180.1.21/compute/v2.1/servers/ce861df0-6e5c-4940-a0d3-54677ae80a8a 0.128s
2025-03-06 11:48:52.157 68461 INFO tempest.lib.common.rest_client [req-cfe98c6c-c433-4bbb-a5d7-2adfdf91de70 req-cfe98c6c-c433-4bbb-a5d7-2adfdf91de70 ] Request (MigrationsAdminTest:test_resize_server_revert_deleted_flavor): 200 GET http://10.180.1.21/compute/v2.1/flavors/42/os-extra_specs 0.017s
2025-03-06 11:48:52.183 68461 INFO tempest.lib.common.rest_client [req-06667bc1-f694-4c5e-89e8-2898dec3f5c2 req-06667bc1-f694-4c5e-89e8-2898dec3f5c2 ] Request (MigrationsAdminTest:test_resize_server_revert_deleted_flavor): 200 POST http://10.180.1.21/compute/v2.1/flavors/22cc6291-0eab-44b3-8dcd-e8ebe65ceca0/os-extra_specs 0.025s
2025-03-06 11:48:52.201 68485 INFO tempest.lib.common.rest_client [req-a534a221-b79b-46c9-9ccb-a1de43206d74 req-a534a221-b79b-46c9-9ccb-a1de43206d74 ] Request (MultipleCreateTestJSON:test_multiple_create): 200 GET http://10.180.1.21/compute/v2.1/servers/7ab6896d-dba8-43de-a438-526fc42ff9da 0.061s
2025-03-06 11:48:52.205 68497 WARNING tempest.lib.common.ssh [-] Failed to establish authenticated ssh connection to cirros@10.180.180.228 ([Errno None] Unable to connect to port 22 on 10.180.180.228). Number attempts: 7. Retry after 8 seconds.: paramiko.ssh_exception.NoValidConnectionsError: [Errno None] Unable to connect to port 22 on 10.180.180.228
2025-03-06 11:48:52.248 68465 INFO tempest.lib.common.rest_client [req-afe65f5d-8684-4a5e-85b4-7706975be29f req-afe65f5d-8684-4a5e-85b4-7706975be29f ] Request (ServersTestBootFromVolume:setUpClass): 200 GET http://10.180.1.21/compute/v2.1/servers/4330fb56-071a-4059-b7aa-84cd3ab5bf22 0.063s
2025-03-06 11:48:52.264 68461 INFO tempest.lib.common.rest_client [req-0d972c45-9c87-493a-901b-fda4c541c762 req-0d972c45-9c87-493a-901b-fda4c541c762 ] Request (MigrationsAdminTest:test_resize_server_revert_deleted_flavor): 201 POST http://10.180.1.21/identity/v3/auth/tokens 0.077s
2025-03-06 11:48:52.264 68461 INFO tempest.lib.common.fixed_network [-] (MigrationsAdminTest:test_resize_server_revert_deleted_flavor) Found network None available for tenant
2025-03-06 11:48:52.280 68463 INFO tempest.lib.common.rest_client [req-39d9e682-00cc-434e-9853-541037e68441 req-39d9e682-00cc-434e-9853-541037e68441 ] Request (ServersAdminTestJSON:test_create_server_with_scheduling_hint): 200 GET http://10.180.1.21/compute/v2.1/servers/9472ee31-d423-47d4-892f-1b8676886d61 0.051s
2025-03-06 11:48:52.316 68495 INFO tempest.lib.common.rest_client [req-04ed7552-bf9d-440c-99a6-baa2396e374e req-04ed7552-bf9d-440c-99a6-baa2396e374e ] Request (ImagesNegativeTestJSON:test_create_image_from_deleted_server): 200 GET http://10.180.1.21/compute/v2.1/servers/372b0081-e53b-4594-b491-812e624a314b 0.054s
2025-03-06 11:48:52.367 68453 INFO tempest.lib.common.rest_client [req-b85a314e-4539-4ef1-93c1-a51cd0e7a05c req-b85a314e-4539-4ef1-93c1-a51cd0e7a05c ] Request (ListServersNegativeTestJSON:setUpClass): 200 GET http://10.180.1.21/compute/v2.1/servers/886b6e03-f4d0-4178-8fcb-cc00d90131d8 0.089s
2025-03-06 11:48:52.421 68447 INFO tempest.lib.common.rest_client [req-b9c92c63-34b8-4c44-b1a2-c08d1c37e08c req-b9c92c63-34b8-4c44-b1a2-c08d1c37e08c ] Request (ImagesOneServerNegativeTestJSON:_run_cleanups): 200 GET http://10.180.1.21/compute/v2.1/servers/ed2bca2e-9fe5-417b-a455-c997b75d3cdc 0.063s
2025-03-06 11:48:52.475 68489 INFO tempest.lib.common.rest_client [req-fb869966-9170-405b-90d7-41dccf4e0b05 req-fb869966-9170-405b-90d7-41dccf4e0b05 ] Request (ServersAaction247Test:test_create_backup): 200 GET http://10.180.1.21/compute/v2.1/servers/116dbe06-cb18-4edb-bdca-01d7f5f066d9 0.085s
2025-03-06 11:48:52.506 68461 INFO tempest.lib.common.rest_client [req-0890285a-480f-493c-8148-ad32f0ea3c65 req-0890285a-480f-493c-8148-ad32f0ea3c65 ] Request (MigrationsAdminTest:test_resize_server_revert_deleted_flavor): 202 POST http://10.180.1.21/compute/v2.1/servers 0.242s
2025-03-06 11:48:52.546 68461 INFO tempest.lib.common.rest_client [req-22a2e25a-2a88-495f-bca9-98d8b7a744ff req-22a2e25a-2a88-495f-bca9-98d8b7a744ff ] Request (MigrationsAdminTest:test_resize_server_revert_deleted_flavor): 200 GET http://10.180.1.21/compute/v2.1/servers/7d2f1fa6-e57a-497d-86b5-42091880151a 0.038s
2025-03-06 11:48:52.599 68457 INFO tempest.lib.common.rest_client [req-c718e780-79de-4a77-8c7e-b87f8a4366be req-c718e780-79de-4a77-8c7e-b87f8a4366be ] Request (AttachVolumeShelveTestJSON:test_attach_volume_shelved_or_offload_server): 200 GET http://10.180.1.21/compute/v2.1/servers/d0d8d6f2-2af2-4bdc-8112-b37a92a9c0ed 0.075s
2025-03-06 11:48:52.634 68473 INFO tempest.lib.common.rest_client [req-13074416-5e73-4036-b685-5b3248ca20d1 req-13074416-5e73-4036-b685-5b3248ca20d1 ] Request (ImagesTestJSON:test_create_image_from_stopped_server): 200 GET http://10.180.1.21/compute/v2.1/servers/1b6ca5c6-a34b-4abc-a802-255ef40b76fc 0.168s
2025-03-06 11:48:52.678 68493 INFO tempest.lib.common.rest_client [req-effd2958-0079-49dd-98c9-d5824047e4e3 req-effd2958-0079-49dd-98c9-d5824047e4e3 ] Request (ServersAdminNegativeTestJSON:setUpClass): 200 GET http://10.180.1.21/compute/v2.1/servers/369e1ee3-ae1e-453c-ac27-b21b6b171459 0.109s
2025-03-06 11:48:52.715 68487 INFO tempest.lib.common.rest_client [req-f1fc41e1-704d-4cdd-9cf5-c08c273d6a04 req-f1fc41e1-704d-4cdd-9cf5-c08c273d6a04 ] Request (InstanceActionsNegativeTestJSON:setUpClass): 200 GET http://10.180.1.21/compute/v2.1/servers/2c9a8df8-5546-46e7-b802-90bb85b4d1e7 0.159s
2025-03-06 11:48:52.725 68451 INFO tempest.lib.common.rest_client [req-5c8098a9-49d1-4c2c-94a7-2058946c9420 req-5c8098a9-49d1-4c2c-94a7-2058946c9420 ] Request (AttachInterfacesUnderV243Test:test_add_remove_fixed_ip): 200 GET http://10.180.1.21/compute/v2.1/servers/3d345623-d941-407b-ad67-5df1d686874f 0.110s
2025-03-06 11:48:52.774 68492 INFO tempest.lib.common.rest_client [req-2e862030-f9a6-42b4-80c0-c9ce2e334e7a req-2e862030-f9a6-42b4-80c0-c9ce2e334e7a ] Request (ImagesOneServerTestJSON:setUpClass): 200 GET http://10.180.1.21/compute/v2.1/servers/c473a08b-eec1-4c6a-a552-2a7fed508294 0.100s
2025-03-06 11:48:52.774 68481 INFO tempest.lib.common.rest_client [req-f31b858b-2e9a-4016-a665-f7aa1e2505ec req-f31b858b-2e9a-4016-a665-f7aa1e2505ec ] Request (FloatingIPsAssociationNegativeTestJSON:tearDownClass): 200 GET http://10.180.1.21/compute/v2.1/servers/729030b9-3aea-41d0-be03-674f4178bba6 0.153s
2025-03-06 11:48:52.953 68455 INFO tempest.lib.common.rest_client [req-c7df0bf4-ecf9-4cb5-8e90-51f44a8536de req-c7df0bf4-ecf9-4cb5-8e90-51f44a8536de ] Request (ListImageFiltersTestJSON:setUpClass): 200 GET http://10.180.1.21/compute/v2.1/servers/be4c46f0-df97-4cbd-afde-76f598735d14 0.097s
2025-03-06 11:48:53.004 68499 INFO tempest.lib.common.rest_client [req-195a5a56-10d8-4e24-b80b-1dbe5b202b47 req-195a5a56-10d8-4e24-b80b-1dbe5b202b47 ] Request (ServerRescueNegativeTestJSON:test_rescued_vm_attach_volume): 200 GET http://10.180.1.21/compute/v2.1/servers/b8c67555-fca1-4aa9-85fa-ccb217eb34ec 0.091s
2025-03-06 11:48:53.019 68471 INFO tempest.lib.common.rest_client [req-bd4b0702-3209-4be7-ac42-b5e3fb6bcd01 req-bd4b0702-3209-4be7-ac42-b5e3fb6bcd01 ] Request (ServersAdmin275Test:tearDownClass): 200 GET http://10.180.1.21/compute/v2.1/servers/553ee163-1336-4434-89f6-4bbc5f5fa2fe 0.094s
2025-03-06 11:48:53.059 68445 INFO tempest.lib.common.rest_client [req-3c5c4d7e-5795-4ff8-8041-3f5c691edaa8 req-3c5c4d7e-5795-4ff8-8041-3f5c691edaa8 ] Request (ServerActionsTestOtherB:setUpClass): 200 GET http://10.180.1.21/compute/v2.1/servers/a6990f0d-066a-40e6-92bf-42c09941b9cf 0.080s
2025-03-06 11:48:53.069 68467 INFO tempest.lib.common.rest_client [req-f2753eef-7680-433f-a21e-49e906d9cfe9 req-f2753eef-7680-433f-a21e-49e906d9cfe9 ] Request (ServersTestJSON:test_create_server_with_ipv6_addr_only): 200 GET http://10.180.1.21/compute/v2.1/servers/edc58ee1-713f-406e-919c-fcd704daf3dc 0.089s
2025-03-06 11:48:53.110 68443 INFO tempest.lib.common.rest_client [req-3b4f27c9-7b34-4c1e-8b97-44e9e5a792cf req-3b4f27c9-7b34-4c1e-8b97-44e9e5a792cf ] Request (ListServerFiltersTestJSON:setUpClass): 200 GET http://10.180.1.21/compute/v2.1/servers/14b21a96-242a-42a5-a7c5-c074297ea6d5 0.077s
2025-03-06 11:48:53.114 68501 INFO tempest.lib.common.rest_client [req-e8bfc7ef-8337-42fc-9fbb-cdc48a5311f6 req-e8bfc7ef-8337-42fc-9fbb-cdc48a5311f6 ] Request (ServerDiskConfigTestJSON:test_rebuild_server_with_manual_disk_config): 200 GET http://10.180.1.21/compute/v2.1/servers/4fc3ae4b-6d30-4cc7-931b-4059175279b8 0.081s
2025-03-06 11:48:53.166 68505 INFO tempest.lib.common.rest_client [req-c3de71e5-c05e-4984-a619-033c0ead58b4 req-c3de71e5-c05e-4984-a619-033c0ead58b4 ] Request (ServerShowV254Test:test_rebuild_server): 200 GET http://10.180.1.21/compute/v2.1/servers/363c99d0-1cdc-4206-b377-70c122875fac 0.069s
2025-03-06 11:48:53.169 68459 INFO tempest.lib.common.rest_client [req-95bb67d5-b83f-4d55-affa-6cb5db5e3161 req-95bb67d5-b83f-4d55-affa-6cb5db5e3161 ] Request (AttachInterfacesV270Test:test_create_get_list_interfaces): 200 GET http://10.180.1.21/compute/v2.1/servers/b4c328b9-bd0d-4f8e-9990-19e8da955a53 0.061s
2025-03-06 11:48:53.228 68503 INFO tempest.lib.common.rest_client [req-ed956335-b19f-4b5a-bf72-ee0d548a2078 req-ed956335-b19f-4b5a-bf72-ee0d548a2078 ] Request (FloatingIPsAssociationTestJSON:setUpClass): 200 GET http://10.180.1.21/compute/v2.1/servers/ce861df0-6e5c-4940-a0d3-54677ae80a8a 0.080s
2025-03-06 11:48:53.265 68485 INFO tempest.lib.common.rest_client [req-819141e6-da56-4916-804b-217394d2e369 req-819141e6-da56-4916-804b-217394d2e369 ] Request (MultipleCreateTestJSON:test_multiple_create): 200 GET http://10.180.1.21/compute/v2.1/servers/7ab6896d-dba8-43de-a438-526fc42ff9da 0.054s
2025-03-06 11:48:53.307 68465 INFO tempest.lib.common.rest_client [req-c3008e71-0737-4468-8eed-176f58e9a036 req-c3008e71-0737-4468-8eed-176f58e9a036 ] Request (ServersTestBootFromVolume:setUpClass): 200 GET http://10.180.1.21/compute/v2.1/servers/4330fb56-071a-4059-b7aa-84cd3ab5bf22 0.051s
2025-03-06 11:48:53.344 68463 INFO tempest.lib.common.rest_client [req-66aea541-53cf-4b94-953e-a0150f4c7470 req-66aea541-53cf-4b94-953e-a0150f4c7470 ] Request (ServersAdminTestJSON:test_create_server_with_scheduling_hint): 200 GET http://10.180.1.21/compute/v2.1/servers/9472ee31-d423-47d4-892f-1b8676886d61 0.056s
2025-03-06 11:48:53.375 68495 INFO tempest.lib.common.rest_client [req-7420e36c-9459-43bd-8add-02997633ba04 req-7420e36c-9459-43bd-8add-02997633ba04 ] Request (ImagesNegativeTestJSON:test_create_image_from_deleted_server): 200 GET http://10.180.1.21/compute/v2.1/servers/372b0081-e53b-4594-b491-812e624a314b 0.051s
2025-03-06 11:48:53.423 68453 INFO tempest.lib.common.rest_client [req-02295ecf-ce9a-45a9-9fe0-3e625f5b88dc req-02295ecf-ce9a-45a9-9fe0-3e625f5b88dc ] Request (ListServersNegativeTestJSON:setUpClass): 200 GET http://10.180.1.21/compute/v2.1/servers/886b6e03-f4d0-4178-8fcb-cc00d90131d8 0.048s
2025-03-06 11:48:53.505 68447 INFO tempest.lib.common.rest_client [req-2144c1bd-b38a-48d3-895c-73bdf0882d96 req-2144c1bd-b38a-48d3-895c-73bdf0882d96 ] Request (ImagesOneServerNegativeTestJSON:_run_cleanups): 200 GET http://10.180.1.21/compute/v2.1/servers/ed2bca2e-9fe5-417b-a455-c997b75d3cdc 0.075s
2025-03-06 11:48:53.542 68489 INFO tempest.lib.common.rest_client [req-f5e31bb9-d3f1-48e8-af29-5d45ba09a6bd req-f5e31bb9-d3f1-48e8-af29-5d45ba09a6bd ] Request (ServersAaction247Test:test_create_backup): 200 GET http://10.180.1.21/compute/v2.1/servers/116dbe06-cb18-4edb-bdca-01d7f5f066d9 0.057s
2025-03-06 11:48:53.606 68461 INFO tempest.lib.common.rest_client [req-0480e071-62c5-4578-a236-d00cee47b036 req-0480e071-62c5-4578-a236-d00cee47b036 ] Request (MigrationsAdminTest:test_resize_server_revert_deleted_flavor): 200 GET http://10.180.1.21/compute/v2.1/servers/7d2f1fa6-e57a-497d-86b5-42091880151a 0.052s
2025-03-06 11:48:53.671 68457 INFO tempest.lib.common.rest_client [req-b0ee2c30-8178-419c-97ed-f62659301bd4 req-b0ee2c30-8178-419c-97ed-f62659301bd4 ] Request (AttachVolumeShelveTestJSON:test_attach_volume_shelved_or_offload_server): 200 GET http://10.180.1.21/compute/v2.1/servers/d0d8d6f2-2af2-4bdc-8112-b37a92a9c0ed 0.056s
2025-03-06 11:48:53.740 68493 INFO tempest.lib.common.rest_client [req-3295563c-8929-4edb-80ef-5565b0d76d90 req-3295563c-8929-4edb-80ef-5565b0d76d90 ] Request (ServersAdminNegativeTestJSON:setUpClass): 200 GET http://10.180.1.21/compute/v2.1/servers/369e1ee3-ae1e-453c-ac27-b21b6b171459 0.054s
2025-03-06 11:48:53.764 68473 INFO tempest.lib.common.rest_client [req-d40a1bab-5a01-4a01-91ae-e971225afd48 req-d40a1bab-5a01-4a01-91ae-e971225afd48 ] Request (ImagesTestJSON:test_create_image_from_stopped_server): 200 GET http://10.180.1.21/compute/v2.1/servers/1b6ca5c6-a34b-4abc-a802-255ef40b76fc 0.116s
2025-03-06 11:48:53.771 68473 INFO tempest.common.waiters [-] State transition "ACTIVE/powering-off" ==> "SHUTOFF/None" after 2 second wait
2025-03-06 11:48:53.815 68451 INFO tempest.lib.common.rest_client [req-02044158-2f7a-4655-acc2-4e489e80e2cc req-02044158-2f7a-4655-acc2-4e489e80e2cc ] Request (AttachInterfacesUnderV243Test:test_add_remove_fixed_ip): 200 GET http://10.180.1.21/compute/v2.1/servers/3d345623-d941-407b-ad67-5df1d686874f 0.082s
2025-03-06 11:48:53.838 68487 INFO tempest.lib.common.rest_client [req-26823242-b027-4e1b-a088-5b3168cd9739 req-26823242-b027-4e1b-a088-5b3168cd9739 ] Request (InstanceActionsNegativeTestJSON:setUpClass): 200 GET http://10.180.1.21/compute/v2.1/servers/2c9a8df8-5546-46e7-b802-90bb85b4d1e7 0.115s
2025-03-06 11:48:53.891 68492 INFO tempest.lib.common.rest_client [req-c1208197-5eec-4dd5-98ff-c9833a396f0a req-c1208197-5eec-4dd5-98ff-c9833a396f0a ] Request (ImagesOneServerTestJSON:setUpClass): 200 GET http://10.180.1.21/compute/v2.1/servers/c473a08b-eec1-4c6a-a552-2a7fed508294 0.109s
2025-03-06 11:48:53.953 68481 INFO tempest.lib.common.rest_client [req-e4a15164-e04d-4259-9802-8f769d8c0be3 req-e4a15164-e04d-4259-9802-8f769d8c0be3 ] Request (FloatingIPsAssociationNegativeTestJSON:tearDownClass): 200 GET http://10.180.1.21/compute/v2.1/servers/729030b9-3aea-41d0-be03-674f4178bba6 0.171s
2025-03-06 11:48:54.076 68455 INFO tempest.lib.common.rest_client [req-ae041da6-94cc-4559-8ed5-fbbb12c0f086 req-ae041da6-94cc-4559-8ed5-fbbb12c0f086 ] Request (ListImageFiltersTestJSON:setUpClass): 200 GET http://10.180.1.21/compute/v2.1/servers/be4c46f0-df97-4cbd-afde-76f598735d14 0.114s
2025-03-06 11:48:54.248 68499 INFO tempest.lib.common.rest_client [req-d1e16ccb-a712-40f0-a9d8-e72907d1d579 req-d1e16ccb-a712-40f0-a9d8-e72907d1d579 ] Request (ServerRescueNegativeTestJSON:test_rescued_vm_attach_volume): 200 GET http://10.180.1.21/compute/v2.1/servers/b8c67555-fca1-4aa9-85fa-ccb217eb34ec 0.237s
2025-03-06 11:48:54.269 68473 INFO tempest.lib.common.rest_client [req-e9d447d4-615e-443e-bfb8-9d6e34e6e3a1 req-e9d447d4-615e-443e-bfb8-9d6e34e6e3a1 ] Request (ImagesTestJSON:test_create_image_from_stopped_server): 202 POST http://10.180.1.21/compute/v2.1/servers/1b6ca5c6-a34b-4abc-a802-255ef40b76fc/action 0.498s
2025-03-06 11:48:54.325 68471 INFO tempest.lib.common.rest_client [req-3dee368f-aff5-41aa-8a1c-8d1bf8e6f9e0 req-3dee368f-aff5-41aa-8a1c-8d1bf8e6f9e0 ] Request (ServersAdmin275Test:tearDownClass): 200 GET http://10.180.1.21/compute/v2.1/servers/553ee163-1336-4434-89f6-4bbc5f5fa2fe 0.296s
2025-03-06 11:48:54.337 68445 INFO tempest.lib.common.rest_client [req-ba0115bb-8efb-4c36-a0cc-14f9d20ea97e req-ba0115bb-8efb-4c36-a0cc-14f9d20ea97e ] Request (ServerActionsTestOtherB:setUpClass): 200 GET http://10.180.1.21/compute/v2.1/servers/a6990f0d-066a-40e6-92bf-42c09941b9cf 0.269s
2025-03-06 11:48:54.378 68467 INFO tempest.lib.common.rest_client [req-ab7286b1-526f-459c-9272-dcf47786d5bb req-ab7286b1-526f-459c-9272-dcf47786d5bb ] Request (ServersTestJSON:test_create_server_with_ipv6_addr_only): 200 GET http://10.180.1.21/compute/v2.1/servers/edc58ee1-713f-406e-919c-fcd704daf3dc 0.301s
2025-03-06 11:48:54.394 68443 INFO tempest.lib.common.rest_client [req-fc9560e3-d9bb-484d-b723-19b05b8c5d75 req-fc9560e3-d9bb-484d-b723-19b05b8c5d75 ] Request (ListServerFiltersTestJSON:setUpClass): 200 GET http://10.180.1.21/compute/v2.1/servers/14b21a96-242a-42a5-a7c5-c074297ea6d5 0.276s
2025-03-06 11:48:54.433 68501 INFO tempest.lib.common.rest_client [req-d014df2d-ac4c-4d2e-a52f-2b4ad4d2a9d8 req-d014df2d-ac4c-4d2e-a52f-2b4ad4d2a9d8 ] Request (ServerDiskConfigTestJSON:test_rebuild_server_with_manual_disk_config): 200 GET http://10.180.1.21/compute/v2.1/servers/4fc3ae4b-6d30-4cc7-931b-4059175279b8 0.310s
2025-03-06 11:48:54.470 68505 INFO tempest.lib.common.rest_client [req-38c23889-d9eb-4744-8305-a79f713d7d56 req-38c23889-d9eb-4744-8305-a79f713d7d56 ] Request (ServerShowV254Test:test_rebuild_server): 200 GET http://10.180.1.21/compute/v2.1/servers/363c99d0-1cdc-4206-b377-70c122875fac 0.293s
2025-03-06 11:48:54.495 68459 INFO tempest.lib.common.rest_client [req-e3dd8643-b7bf-4ead-81c2-7e1d076caf39 req-e3dd8643-b7bf-4ead-81c2-7e1d076caf39 ] Request (AttachInterfacesV270Test:test_create_get_list_interfaces): 200 GET http://10.180.1.21/compute/v2.1/servers/b4c328b9-bd0d-4f8e-9990-19e8da955a53 0.315s
2025-03-06 11:48:54.505 68459 INFO tempest.common.waiters [-] State transition "BUILD/None" ==> "BUILD/networking" after 47 second wait
2025-03-06 11:48:54.533 68473 INFO tempest.lib.common.rest_client [req-906c7c4f-4662-4142-83df-6a4e0b4d2491 req-906c7c4f-4662-4142-83df-6a4e0b4d2491 ] Request (ImagesTestJSON:test_create_image_from_stopped_server): 200 GET http://10.180.1.21/compute/v2.1/images/842e8268-9701-4da9-9027-37a9c984259b 0.262s
2025-03-06 11:48:54.547 68503 INFO tempest.lib.common.rest_client [req-01ec99b2-8ace-42c9-be54-735b32e08a27 req-01ec99b2-8ace-42c9-be54-735b32e08a27 ] Request (FloatingIPsAssociationTestJSON:setUpClass): 200 GET http://10.180.1.21/compute/v2.1/servers/ce861df0-6e5c-4940-a0d3-54677ae80a8a 0.311s
2025-03-06 11:48:54.590 68485 INFO tempest.lib.common.rest_client [req-b89e7c7a-6004-46a5-bbca-4bf2e03736f4 req-b89e7c7a-6004-46a5-bbca-4bf2e03736f4 ] Request (MultipleCreateTestJSON:test_multiple_create): 200 GET http://10.180.1.21/compute/v2.1/servers/7ab6896d-dba8-43de-a438-526fc42ff9da 0.317s
2025-03-06 11:48:54.603 68465 INFO tempest.lib.common.rest_client [req-7c01a6e5-df31-448b-b260-ef45239905fb req-7c01a6e5-df31-448b-b260-ef45239905fb ] Request (ServersTestBootFromVolume:setUpClass): 200 GET http://10.180.1.21/compute/v2.1/servers/4330fb56-071a-4059-b7aa-84cd3ab5bf22 0.288s
2025-03-06 11:48:54.638 68463 INFO tempest.lib.common.rest_client [req-bc07866f-a6f1-4655-bbac-03595078e06e req-bc07866f-a6f1-4655-bbac-03595078e06e ] Request (ServersAdminTestJSON:test_create_server_with_scheduling_hint): 200 GET http://10.180.1.21/compute/v2.1/servers/9472ee31-d423-47d4-892f-1b8676886d61 0.285s
2025-03-06 11:48:54.658 68495 INFO tempest.lib.common.rest_client [req-fd52cc28-c357-4ba6-91b8-ac5c15c3b2a9 req-fd52cc28-c357-4ba6-91b8-ac5c15c3b2a9 ] Request (ImagesNegativeTestJSON:test_create_image_from_deleted_server): 200 GET http://10.180.1.21/compute/v2.1/servers/372b0081-e53b-4594-b491-812e624a314b 0.276s
2025-03-06 11:48:54.688 68453 INFO tempest.lib.common.rest_client [req-f9ddcdc2-9e10-4413-b568-de0ae405b332 req-f9ddcdc2-9e10-4413-b568-de0ae405b332 ] Request (ListServersNegativeTestJSON:setUpClass): 200 GET http://10.180.1.21/compute/v2.1/servers/886b6e03-f4d0-4178-8fcb-cc00d90131d8 0.258s
2025-03-06 11:48:54.731 68447 INFO tempest.lib.common.rest_client [req-fc1f5039-89e8-4090-9317-6b71aa03ead0 req-fc1f5039-89e8-4090-9317-6b71aa03ead0 ] Request (ImagesOneServerNegativeTestJSON:_run_cleanups): 200 GET http://10.180.1.21/compute/v2.1/servers/ed2bca2e-9fe5-417b-a455-c997b75d3cdc 0.216s
2025-03-06 11:48:54.735 68489 INFO tempest.lib.common.rest_client [req-2c44cf55-2a8d-4b16-8e59-cec4f0e0ed96 req-2c44cf55-2a8d-4b16-8e59-cec4f0e0ed96 ] Request (ServersAaction247Test:test_create_backup): 200 GET http://10.180.1.21/compute/v2.1/servers/116dbe06-cb18-4edb-bdca-01d7f5f066d9 0.184s
2025-03-06 11:48:54.781 68461 INFO tempest.lib.common.rest_client [req-15c605b4-6880-4710-8654-75285ee51c8c req-15c605b4-6880-4710-8654-75285ee51c8c ] Request (MigrationsAdminTest:test_resize_server_revert_deleted_flavor): 200 GET http://10.180.1.21/compute/v2.1/servers/7d2f1fa6-e57a-497d-86b5-42091880151a 0.166s
2025-03-06 11:48:54.782 68457 INFO tempest.lib.common.rest_client [req-5fbc155d-a257-4b71-b443-3c93bd3d40ae req-5fbc155d-a257-4b71-b443-3c93bd3d40ae ] Request (AttachVolumeShelveTestJSON:test_attach_volume_shelved_or_offload_server): 200 GET http://10.180.1.21/compute/v2.1/servers/d0d8d6f2-2af2-4bdc-8112-b37a92a9c0ed 0.101s
2025-03-06 11:48:54.834 68493 INFO tempest.lib.common.rest_client [req-e586417c-3411-449f-b891-ec6bd0c9f369 req-e586417c-3411-449f-b891-ec6bd0c9f369 ] Request (ServersAdminNegativeTestJSON:setUpClass): 200 GET http://10.180.1.21/compute/v2.1/servers/369e1ee3-ae1e-453c-ac27-b21b6b171459 0.085s
2025-03-06 11:48:54.877 68451 INFO tempest.lib.common.rest_client [req-1b5480da-72c5-42bd-99d6-307589ead6a6 req-1b5480da-72c5-42bd-99d6-307589ead6a6 ] Request (AttachInterfacesUnderV243Test:test_add_remove_fixed_ip): 200 GET http://10.180.1.21/compute/v2.1/servers/3d345623-d941-407b-ad67-5df1d686874f 0.053s
2025-03-06 11:48:54.940 68487 INFO tempest.lib.common.rest_client [req-48a234f7-46fa-416f-b950-2435304b8538 req-48a234f7-46fa-416f-b950-2435304b8538 ] Request (InstanceActionsNegativeTestJSON:setUpClass): 200 GET http://10.180.1.21/compute/v2.1/servers/2c9a8df8-5546-46e7-b802-90bb85b4d1e7 0.094s
2025-03-06 11:48:54.949 68492 INFO tempest.lib.common.rest_client [req-d9c00c85-d4b6-4b6d-a573-30e9be653600 req-d9c00c85-d4b6-4b6d-a573-30e9be653600 ] Request (ImagesOneServerTestJSON:setUpClass): 200 GET http://10.180.1.21/compute/v2.1/servers/c473a08b-eec1-4c6a-a552-2a7fed508294 0.048s
2025-03-06 11:48:55.016 68481 INFO tempest.lib.common.rest_client [req-b4affddc-2bbe-460c-b0f8-8a0de6559d25 req-b4affddc-2bbe-460c-b0f8-8a0de6559d25 ] Request (FloatingIPsAssociationNegativeTestJSON:tearDownClass): 200 GET http://10.180.1.21/compute/v2.1/servers/729030b9-3aea-41d0-be03-674f4178bba6 0.055s
2025-03-06 11:48:55.082 68449 WARNING tempest.lib.common.ssh [-] Failed to establish authenticated ssh connection to cirros@10.180.180.221 ([Errno None] Unable to connect to port 22 on 10.180.180.221). Number attempts: 6. Retry after 7 seconds.: paramiko.ssh_exception.NoValidConnectionsError: [Errno None] Unable to connect to port 22 on 10.180.180.221
2025-03-06 11:48:55.173 68455 INFO tempest.lib.common.rest_client [req-6e2b3dcd-4642-4c0b-a4e0-6a7a4d23388c req-6e2b3dcd-4642-4c0b-a4e0-6a7a4d23388c ] Request (ListImageFiltersTestJSON:setUpClass): 200 GET http://10.180.1.21/compute/v2.1/servers/be4c46f0-df97-4cbd-afde-76f598735d14 0.087s
2025-03-06 11:48:55.344 68499 INFO tempest.lib.common.rest_client [req-dc9dc21f-e90a-4bf3-b423-17b4dd4a7878 req-dc9dc21f-e90a-4bf3-b423-17b4dd4a7878 ] Request (ServerRescueNegativeTestJSON:test_rescued_vm_attach_volume): 200 GET http://10.180.1.21/compute/v2.1/servers/b8c67555-fca1-4aa9-85fa-ccb217eb34ec 0.085s
2025-03-06 11:48:55.394 68445 INFO tempest.lib.common.rest_client [req-b9ea1608-83e0-45f1-852b-22aa823949e5 req-b9ea1608-83e0-45f1-852b-22aa823949e5 ] Request (ServerActionsTestOtherB:setUpClass): 200 GET http://10.180.1.21/compute/v2.1/servers/a6990f0d-066a-40e6-92bf-42c09941b9cf 0.049s
2025-03-06 11:48:55.400 68471 INFO tempest.lib.common.rest_client [req-61c8fc38-300a-4c0b-a7c9-10ae9dfe95eb req-61c8fc38-300a-4c0b-a7c9-10ae9dfe95eb ] Request (ServersAdmin275Test:tearDownClass): 200 GET http://10.180.1.21/compute/v2.1/servers/553ee163-1336-4434-89f6-4bbc5f5fa2fe 0.063s
2025-03-06 11:48:55.446 68467 INFO tempest.lib.common.rest_client [req-5b6c27cf-9a73-4a76-9e3b-71e76f4ff8e8 req-5b6c27cf-9a73-4a76-9e3b-71e76f4ff8e8 ] Request (ServersTestJSON:test_create_server_with_ipv6_addr_only): 200 GET http://10.180.1.21/compute/v2.1/servers/edc58ee1-713f-406e-919c-fcd704daf3dc 0.056s
2025-03-06 11:48:55.452 68443 INFO tempest.lib.common.rest_client [req-303a90b3-5004-4452-ad0c-1b140d9f73c8 req-303a90b3-5004-4452-ad0c-1b140d9f73c8 ] Request (ListServerFiltersTestJSON:setUpClass): 200 GET http://10.180.1.21/compute/v2.1/servers/14b21a96-242a-42a5-a7c5-c074297ea6d5 0.051s
2025-03-06 11:48:55.501 68501 INFO tempest.lib.common.rest_client [req-16c9e5bc-dbc6-4298-9d88-97d4e8412758 req-16c9e5bc-dbc6-4298-9d88-97d4e8412758 ] Request (ServerDiskConfigTestJSON:test_rebuild_server_with_manual_disk_config): 200 GET http://10.180.1.21/compute/v2.1/servers/4fc3ae4b-6d30-4cc7-931b-4059175279b8 0.059s
2025-03-06 11:48:55.535 68505 INFO tempest.lib.common.rest_client [req-e5e55a9c-b535-4916-b150-1f25f76f4c06 req-e5e55a9c-b535-4916-b150-1f25f76f4c06 ] Request (ServerShowV254Test:test_rebuild_server): 200 GET http://10.180.1.21/compute/v2.1/servers/363c99d0-1cdc-4206-b377-70c122875fac 0.052s
2025-03-06 11:48:55.576 68473 INFO tempest.lib.common.rest_client [req-7deab8a4-8a5a-43ce-9371-07bee4894b78 req-7deab8a4-8a5a-43ce-9371-07bee4894b78 ] Request (ImagesTestJSON:test_create_image_from_stopped_server): 200 GET http://10.180.1.21/compute/v2.1/images/842e8268-9701-4da9-9027-37a9c984259b 0.038s
2025-03-06 11:48:55.623 68459 INFO tempest.lib.common.rest_client [req-51a50f6d-226a-4fbd-815a-b7bf8cea91e3 req-51a50f6d-226a-4fbd-815a-b7bf8cea91e3 ] Request (AttachInterfacesV270Test:test_create_get_list_interfaces): 200 GET http://10.180.1.21/compute/v2.1/servers/b4c328b9-bd0d-4f8e-9990-19e8da955a53 0.117s
2025-03-06 11:48:55.630 68503 INFO tempest.lib.common.rest_client [req-351d3351-c81b-4330-8355-99f54faaf900 req-351d3351-c81b-4330-8355-99f54faaf900 ] Request (FloatingIPsAssociationTestJSON:setUpClass): 200 GET http://10.180.1.21/compute/v2.1/servers/ce861df0-6e5c-4940-a0d3-54677ae80a8a 0.074s
2025-03-06 11:48:55.632 68459 INFO tempest.common.waiters [-] State transition "BUILD/networking" ==> "BUILD/spawning" after 48 second wait
2025-03-06 11:48:55.676 68485 INFO tempest.lib.common.rest_client [req-6a80cfe6-522f-483f-a366-8430fc20eb45 req-6a80cfe6-522f-483f-a366-8430fc20eb45 ] Request (MultipleCreateTestJSON:test_multiple_create): 200 GET http://10.180.1.21/compute/v2.1/servers/7ab6896d-dba8-43de-a438-526fc42ff9da 0.077s
2025-03-06 11:48:55.683 68465 INFO tempest.lib.common.rest_client [req-f70dd37a-bb4f-4e36-b015-7e02870af4af req-f70dd37a-bb4f-4e36-b015-7e02870af4af ] Request (ServersTestBootFromVolume:setUpClass): 200 GET http://10.180.1.21/compute/v2.1/servers/4330fb56-071a-4059-b7aa-84cd3ab5bf22 0.072s
2025-03-06 11:48:55.731 68463 INFO tempest.lib.common.rest_client [req-b837987f-3aa1-44e3-b9f1-03377e95662f req-b837987f-3aa1-44e3-b9f1-03377e95662f ] Request (ServersAdminTestJSON:test_create_server_with_scheduling_hint): 200 GET http://10.180.1.21/compute/v2.1/servers/9472ee31-d423-47d4-892f-1b8676886d61 0.085s
2025-03-06 11:48:55.741 68495 INFO tempest.lib.common.rest_client [req-9e592f87-3ee9-451c-a6a1-d94cb8c631a5 req-9e592f87-3ee9-451c-a6a1-d94cb8c631a5 ] Request (ImagesNegativeTestJSON:test_create_image_from_deleted_server): 200 GET http://10.180.1.21/compute/v2.1/servers/372b0081-e53b-4594-b491-812e624a314b 0.075s
2025-03-06 11:48:55.790 68453 INFO tempest.lib.common.rest_client [req-6d69af5e-6bc3-49ec-8532-7594e3f872ae req-6d69af5e-6bc3-49ec-8532-7594e3f872ae ] Request (ListServersNegativeTestJSON:setUpClass): 200 GET http://10.180.1.21/compute/v2.1/servers/886b6e03-f4d0-4178-8fcb-cc00d90131d8 0.094s
2025-03-06 11:48:55.805 68447 INFO tempest.lib.common.rest_client [req-5d09aad5-e762-42fe-bd5d-c49b274cfc04 req-5d09aad5-e762-42fe-bd5d-c49b274cfc04 ] Request (ImagesOneServerNegativeTestJSON:_run_cleanups): 200 GET http://10.180.1.21/compute/v2.1/servers/ed2bca2e-9fe5-417b-a455-c997b75d3cdc 0.066s
2025-03-06 11:48:55.846 68489 INFO tempest.lib.common.rest_client [req-f17d0897-3f98-4fae-a97b-744df3689da4 req-f17d0897-3f98-4fae-a97b-744df3689da4 ] Request (ServersAaction247Test:test_create_backup): 200 GET http://10.180.1.21/compute/v2.1/servers/116dbe06-cb18-4edb-bdca-01d7f5f066d9 0.099s
2025-03-06 11:48:55.855 68461 INFO tempest.lib.common.rest_client [req-8e895bfe-3e4e-49d5-b422-638cdaba73d7 req-8e895bfe-3e4e-49d5-b422-638cdaba73d7 ] Request (MigrationsAdminTest:test_resize_server_revert_deleted_flavor): 200 GET http://10.180.1.21/compute/v2.1/servers/7d2f1fa6-e57a-497d-86b5-42091880151a 0.066s
2025-03-06 11:48:55.898 68457 INFO tempest.lib.common.rest_client [req-8f528501-2d74-4d74-a3c9-3bb741d3459f req-8f528501-2d74-4d74-a3c9-3bb741d3459f ] Request (AttachVolumeShelveTestJSON:test_attach_volume_shelved_or_offload_server): 200 GET http://10.180.1.21/compute/v2.1/servers/d0d8d6f2-2af2-4bdc-8112-b37a92a9c0ed 0.106s
2025-03-06 11:48:55.906 68493 INFO tempest.lib.common.rest_client [req-dc00f16e-2986-4c87-9173-6684710efdec req-dc00f16e-2986-4c87-9173-6684710efdec ] Request (ServersAdminNegativeTestJSON:setUpClass): 200 GET http://10.180.1.21/compute/v2.1/servers/369e1ee3-ae1e-453c-ac27-b21b6b171459 0.064s
2025-03-06 11:48:55.947 68451 INFO tempest.lib.common.rest_client [req-27828483-a23f-4067-b57e-4a3a4469515d req-27828483-a23f-4067-b57e-4a3a4469515d ] Request (AttachInterfacesUnderV243Test:test_add_remove_fixed_ip): 200 GET http://10.180.1.21/compute/v2.1/servers/3d345623-d941-407b-ad67-5df1d686874f 0.060s
2025-03-06 11:48:56.016 68492 INFO tempest.lib.common.rest_client [req-f96c0b80-dfe4-445c-b403-b428b0bcd8e6 req-f96c0b80-dfe4-445c-b403-b428b0bcd8e6 ] Request (ImagesOneServerTestJSON:setUpClass): 200 GET http://10.180.1.21/compute/v2.1/servers/c473a08b-eec1-4c6a-a552-2a7fed508294 0.059s
2025-03-06 11:48:56.056 68487 INFO tempest.lib.common.rest_client [req-3d8276c4-a8f0-4b7a-8047-40ee0819a590 req-3d8276c4-a8f0-4b7a-8047-40ee0819a590 ] Request (InstanceActionsNegativeTestJSON:setUpClass): 200 GET http://10.180.1.21/compute/v2.1/servers/2c9a8df8-5546-46e7-b802-90bb85b4d1e7 0.107s
2025-03-06 11:48:56.067 68487 INFO tempest.common.waiters [-] State transition "BUILD/spawning" ==> "ACTIVE/None" after 57 second wait
2025-03-06 11:48:56.087 68481 INFO tempest.lib.common.rest_client [req-74efd9ba-2a38-44c9-a068-4ab768badb43 req-74efd9ba-2a38-44c9-a068-4ab768badb43 ] Request (FloatingIPsAssociationNegativeTestJSON:tearDownClass): 200 GET http://10.180.1.21/compute/v2.1/servers/729030b9-3aea-41d0-be03-674f4178bba6 0.064s
2025-03-06 11:48:56.103 68487 INFO tempest.lib.common.rest_client [req-da51ea6e-062a-48f9-b508-0f5e41ecad85 req-da51ea6e-062a-48f9-b508-0f5e41ecad85 ] Request (InstanceActionsNegativeTestJSON:test_get_instance_action_invalid_request): 404 GET http://10.180.1.21/compute/v2.1/servers/2c9a8df8-5546-46e7-b802-90bb85b4d1e7/os-instance-actions/999 0.034s
2025-03-06 11:48:56.116 68487 INFO tempest.lib.common.rest_client [req-ff192d2f-5ee9-4bc7-b355-a0eae9b8bcac req-ff192d2f-5ee9-4bc7-b355-a0eae9b8bcac ] Request (InstanceActionsNegativeTestJSON:test_list_instance_actions_non_existent_server): 404 GET http://10.180.1.21/compute/v2.1/servers/d2a944ba-0470-41c2-bd04-a1a27514578e/os-instance-actions 0.012s
2025-03-06 11:48:56.190 68487 INFO tempest.lib.common.rest_client [req-a71d766e-aae1-4025-9880-11ddb4890400 req-a71d766e-aae1-4025-9880-11ddb4890400 ] Request (InstanceActionsNegativeTestJSON:tearDownClass): 204 DELETE http://10.180.1.21/compute/v2.1/servers/2c9a8df8-5546-46e7-b802-90bb85b4d1e7 0.073s
2025-03-06 11:48:56.278 68455 INFO tempest.lib.common.rest_client [req-df1d0686-65b5-4629-845f-93f265b4b515 req-df1d0686-65b5-4629-845f-93f265b4b515 ] Request (ListImageFiltersTestJSON:setUpClass): 200 GET http://10.180.1.21/compute/v2.1/servers/be4c46f0-df97-4cbd-afde-76f598735d14 0.097s
2025-03-06 11:48:56.291 68487 INFO tempest.lib.common.rest_client [req-32323f94-3098-4558-a5c6-6af28b346c51 req-32323f94-3098-4558-a5c6-6af28b346c51 ] Request (InstanceActionsNegativeTestJSON:tearDownClass): 200 GET http://10.180.1.21/compute/v2.1/servers/2c9a8df8-5546-46e7-b802-90bb85b4d1e7 0.101s
2025-03-06 11:48:56.299 68483 WARNING tempest.lib.common.ssh [-] Failed to establish authenticated ssh connection to cirros@10.180.180.148 ([Errno None] Unable to connect to port 22 on 10.180.180.148). Number attempts: 3. Retry after 4 seconds.: paramiko.ssh_exception.NoValidConnectionsError: [Errno None] Unable to connect to port 22 on 10.180.180.148
2025-03-06 11:48:56.443 68499 INFO tempest.lib.common.rest_client [req-e8f0693b-2c11-4c15-8b66-ce5e3c10b86e req-e8f0693b-2c11-4c15-8b66-ce5e3c10b86e ] Request (ServerRescueNegativeTestJSON:test_rescued_vm_attach_volume): 200 GET http://10.180.1.21/compute/v2.1/servers/b8c67555-fca1-4aa9-85fa-ccb217eb34ec 0.091s
2025-03-06 11:48:56.456 68445 INFO tempest.lib.common.rest_client [req-70016394-41ca-42a2-b374-7612f5882474 req-70016394-41ca-42a2-b374-7612f5882474 ] Request (ServerActionsTestOtherB:setUpClass): 200 GET http://10.180.1.21/compute/v2.1/servers/a6990f0d-066a-40e6-92bf-42c09941b9cf 0.055s
2025-03-06 11:48:56.506 68471 INFO tempest.lib.common.rest_client [req-dda3b6f4-2830-47d5-ac3c-cc8506b0577f req-dda3b6f4-2830-47d5-ac3c-cc8506b0577f ] Request (ServersAdmin275Test:tearDownClass): 200 GET http://10.180.1.21/compute/v2.1/servers/553ee163-1336-4434-89f6-4bbc5f5fa2fe 0.095s
2025-03-06 11:48:56.507 68467 INFO tempest.lib.common.rest_client [req-786acc8b-859d-424d-8ec0-59d4212f0649 req-786acc8b-859d-424d-8ec0-59d4212f0649 ] Request (ServersTestJSON:test_create_server_with_ipv6_addr_only): 200 GET http://10.180.1.21/compute/v2.1/servers/edc58ee1-713f-406e-919c-fcd704daf3dc 0.052s
2025-03-06 11:48:56.556 68443 INFO tempest.lib.common.rest_client [req-6a8d828f-efdc-47e0-a9c7-527d2108e77f req-6a8d828f-efdc-47e0-a9c7-527d2108e77f ] Request (ListServerFiltersTestJSON:setUpClass): 200 GET http://10.180.1.21/compute/v2.1/servers/14b21a96-242a-42a5-a7c5-c074297ea6d5 0.096s
2025-03-06 11:48:56.561 68501 INFO tempest.lib.common.rest_client [req-fd4940cb-f49f-4a0a-9452-7eed7a5c4c43 req-fd4940cb-f49f-4a0a-9452-7eed7a5c4c43 ] Request (ServerDiskConfigTestJSON:test_rebuild_server_with_manual_disk_config): 200 GET http://10.180.1.21/compute/v2.1/servers/4fc3ae4b-6d30-4cc7-931b-4059175279b8 0.052s
2025-03-06 11:48:56.605 68505 INFO tempest.lib.common.rest_client [req-1db29a19-6f4e-440c-a154-5517e5dd9a5a req-1db29a19-6f4e-440c-a154-5517e5dd9a5a ] Request (ServerShowV254Test:test_rebuild_server): 200 GET http://10.180.1.21/compute/v2.1/servers/363c99d0-1cdc-4206-b377-70c122875fac 0.061s
2025-03-06 11:48:56.620 68473 INFO tempest.lib.common.rest_client [req-064ea7df-6e59-4957-b76b-3549387181b3 req-064ea7df-6e59-4957-b76b-3549387181b3 ] Request (ImagesTestJSON:test_create_image_from_stopped_server): 200 GET http://10.180.1.21/compute/v2.1/images/842e8268-9701-4da9-9027-37a9c984259b 0.035s
2025-03-06 11:48:56.693 68503 INFO tempest.lib.common.rest_client [req-a2b1024b-9160-49c7-9bd7-09df40db466f req-a2b1024b-9160-49c7-9bd7-09df40db466f ] Request (FloatingIPsAssociationTestJSON:setUpClass): 200 GET http://10.180.1.21/compute/v2.1/servers/ce861df0-6e5c-4940-a0d3-54677ae80a8a 0.055s
2025-03-06 11:48:56.744 68485 INFO tempest.lib.common.rest_client [req-844d3741-3826-47ad-9e4d-2c7b4fc2a59a req-844d3741-3826-47ad-9e4d-2c7b4fc2a59a ] Request (MultipleCreateTestJSON:test_multiple_create): 200 GET http://10.180.1.21/compute/v2.1/servers/7ab6896d-dba8-43de-a438-526fc42ff9da 0.059s
2025-03-06 11:48:56.791 68465 INFO tempest.lib.common.rest_client [req-f97773ea-ef43-4967-832e-434ea0cb1e35 req-f97773ea-ef43-4967-832e-434ea0cb1e35 ] Request (ServersTestBootFromVolume:setUpClass): 200 GET http://10.180.1.21/compute/v2.1/servers/4330fb56-071a-4059-b7aa-84cd3ab5bf22 0.099s
2025-03-06 11:48:56.795 68459 INFO tempest.lib.common.rest_client [req-c9999e8a-519c-460c-b07f-ce3462cc6a61 req-c9999e8a-519c-460c-b07f-ce3462cc6a61 ] Request (AttachInterfacesV270Test:test_create_get_list_interfaces): 200 GET http://10.180.1.21/compute/v2.1/servers/b4c328b9-bd0d-4f8e-9990-19e8da955a53 0.162s
2025-03-06 11:48:56.845 68463 INFO tempest.lib.common.rest_client [req-d44af0ba-aa20-45e3-9bcd-4186294b1411 req-d44af0ba-aa20-45e3-9bcd-4186294b1411 ] Request (ServersAdminTestJSON:test_create_server_with_scheduling_hint): 200 GET http://10.180.1.21/compute/v2.1/servers/9472ee31-d423-47d4-892f-1b8676886d61 0.103s
2025-03-06 11:48:56.850 68495 INFO tempest.lib.common.rest_client [req-5dffcb62-93a1-456b-98a7-540fb0729538 req-5dffcb62-93a1-456b-98a7-540fb0729538 ] Request (ImagesNegativeTestJSON:test_create_image_from_deleted_server): 200 GET http://10.180.1.21/compute/v2.1/servers/372b0081-e53b-4594-b491-812e624a314b 0.100s
2025-03-06 11:48:56.899 68453 INFO tempest.lib.common.rest_client [req-278ea956-042f-449a-a19b-3277fbcb255e req-278ea956-042f-449a-a19b-3277fbcb255e ] Request (ListServersNegativeTestJSON:setUpClass): 200 GET http://10.180.1.21/compute/v2.1/servers/886b6e03-f4d0-4178-8fcb-cc00d90131d8 0.097s
2025-03-06 11:48:56.923 68447 INFO tempest.lib.common.rest_client [req-42395af3-151a-4f42-8bee-29de459aae9d req-42395af3-151a-4f42-8bee-29de459aae9d ] Request (ImagesOneServerNegativeTestJSON:_run_cleanups): 200 GET http://10.180.1.21/compute/v2.1/servers/ed2bca2e-9fe5-417b-a455-c997b75d3cdc 0.107s
2025-03-06 11:48:56.951 68489 INFO tempest.lib.common.rest_client [req-57d9f7dd-af14-4a67-b166-ba4b8c1499a0 req-57d9f7dd-af14-4a67-b166-ba4b8c1499a0 ] Request (ServersAaction247Test:test_create_backup): 200 GET http://10.180.1.21/compute/v2.1/servers/116dbe06-cb18-4edb-bdca-01d7f5f066d9 0.091s
2025-03-06 11:48:56.971 68461 INFO tempest.lib.common.rest_client [req-dafc0f90-b695-42ef-931c-10e68e6b9eac req-dafc0f90-b695-42ef-931c-10e68e6b9eac ] Request (MigrationsAdminTest:test_resize_server_revert_deleted_flavor): 200 GET http://10.180.1.21/compute/v2.1/servers/7d2f1fa6-e57a-497d-86b5-42091880151a 0.107s
2025-03-06 11:48:57.001 68457 INFO tempest.lib.common.rest_client [req-6d88f53d-d250-4b78-86b6-410b2ed67d19 req-6d88f53d-d250-4b78-86b6-410b2ed67d19 ] Request (AttachVolumeShelveTestJSON:test_attach_volume_shelved_or_offload_server): 200 GET http://10.180.1.21/compute/v2.1/servers/d0d8d6f2-2af2-4bdc-8112-b37a92a9c0ed 0.094s
2025-03-06 11:48:57.017 68493 INFO tempest.lib.common.rest_client [req-6de5607e-d750-4a4e-9bba-d721565432da req-6de5607e-d750-4a4e-9bba-d721565432da ] Request (ServersAdminNegativeTestJSON:setUpClass): 200 GET http://10.180.1.21/compute/v2.1/servers/369e1ee3-ae1e-453c-ac27-b21b6b171459 0.103s
2025-03-06 11:48:57.047 68451 INFO tempest.lib.common.rest_client [req-9b7dcff5-b3c3-4430-b004-848037c25950 req-9b7dcff5-b3c3-4430-b004-848037c25950 ] Request (AttachInterfacesUnderV243Test:test_add_remove_fixed_ip): 200 GET http://10.180.1.21/compute/v2.1/servers/3d345623-d941-407b-ad67-5df1d686874f 0.092s
