2025-03-06 11:49:48.300 68451 INFO tempest.lib.common.rest_client [req-d7a1ef58-3368-43dc-bf05-abc4f67e3eac req-d7a1ef58-3368-43dc-bf05-abc4f67e3eac ] Request (AttachInterfacesUnderV243Test:test_add_remove_fixed_ip): 200 GET http://10.180.1.21/compute/v2.1/servers/3d345623-d941-407b-ad67-5df1d686874f 0.055s
2025-03-06 11:49:48.349 68487 INFO tempest.lib.common.rest_client [req-07080164-594f-4184-b414-7963fba05e55 req-07080164-594f-4184-b414-7963fba05e55 ] Request (InstanceActionsNegativeTestJSON:tearDownClass): 204 DELETE http://10.180.1.21:9696/networking/v2.0/security-groups/fe1f0d22-46a5-42c6-a9a1-9987cb179b6d 0.099s
2025-03-06 11:49:48.359 68485 INFO tempest.lib.common.rest_client [req-e79d422a-7c70-4e5d-909d-69c2ac436a34 req-e79d422a-7c70-4e5d-909d-69c2ac436a34 ] Request (MultipleCreateTestJSON:_run_cleanups): 200 GET http://10.180.1.21/compute/v2.1/servers/7b0d0c2f-ee37-42ca-ad7d-2139996ab145 0.072s
2025-03-06 11:49:48.392 68467 INFO tempest.lib.common.rest_client [req-22de08e8-fc0e-45fd-9c21-1048579f9fbb req-22de08e8-fc0e-45fd-9c21-1048579f9fbb ] Request (ServersTestJSON:test_create_server_with_ipv6_addr_only): 200 GET http://10.180.1.21/compute/v2.1/servers/edc58ee1-713f-406e-919c-fcd704daf3dc 0.069s
2025-03-06 11:49:48.405 68455 INFO tempest.lib.common.rest_client [req-1a89ca3b-0613-4c60-9c97-96d68a0e9a73 req-1a89ca3b-0613-4c60-9c97-96d68a0e9a73 ] Request (ListImageFiltersTestJSON:setUpClass): 200 GET http://10.180.1.21/compute/v2.1/images/ff43a626-0ba7-4670-9932-2779e6770823 0.075s
2025-03-06 11:49:48.465 68459 INFO tempest.lib.common.rest_client [req-28808fdc-9f14-4e73-b166-8f91582ffa92 req-28808fdc-9f14-4e73-b166-8f91582ffa92 ] Request (AttachInterfacesV270Test:tearDownClass): 200 GET http://10.180.1.21/compute/v2.1/servers/b4c328b9-bd0d-4f8e-9990-19e8da955a53 0.079s
2025-03-06 11:49:48.494 68487 INFO tempest.lib.common.rest_client [req-ecd3a9ad-cc1e-49e5-a6ad-ce30e64bd3a3 req-ecd3a9ad-cc1e-49e5-a6ad-ce30e64bd3a3 ] Request (InstanceActionsNegativeTestJSON:tearDownClass): 204 DELETE http://10.180.1.21/identity/v3/projects/615f4082cc6d4a83826d5609a8d48357 0.144s
2025-03-06 11:49:48.540 68501 INFO tempest.lib.common.rest_client [req-32a6c904-2cdf-4c50-b8af-104e9d95acb2 req-32a6c904-2cdf-4c50-b8af-104e9d95acb2 ] Request (ServerDiskConfigTestJSON:test_rebuild_server_with_manual_disk_config): 200 GET http://10.180.1.21/compute/v2.1/servers/4fc3ae4b-6d30-4cc7-931b-4059175279b8 0.090s
2025-03-06 11:49:48.572 68487 INFO tempest.lib.common.rest_client [req-bfa5e3e1-7b0d-4b40-8a20-ecd47ab3b7bc req-bfa5e3e1-7b0d-4b40-8a20-ecd47ab3b7bc ] Request (ServerGroupTestJSON:setUpClass): 201 POST http://10.180.1.21/identity/v3/auth/tokens 0.076s
2025-03-06 11:49:48.583 68453 INFO tempest.lib.common.rest_client [req-d89c593d-0d63-428c-beaf-15d2b5d30e00 req-d89c593d-0d63-428c-beaf-15d2b5d30e00 ] Request (ListServersNegativeTestJSON:setUpClass): 200 GET http://10.180.1.21/compute/v2.1/servers/9e37a277-d4ad-4938-a999-061e1ce31df9 0.120s
2025-03-06 11:49:48.617 68487 INFO tempest.lib.common.rest_client [req-43ec7803-6056-43b9-ab87-20da70bb0b14 req-43ec7803-6056-43b9-ab87-20da70bb0b14 ] Request (ServerGroupTestJSON:setUpClass): 201 POST http://10.180.1.21/identity/v3/auth/tokens 0.041s
2025-03-06 11:49:48.628 68493 INFO tempest.lib.common.rest_client [req-2f93cadb-2afa-438f-96b2-73cc362ed099 req-2f93cadb-2afa-438f-96b2-73cc362ed099 ] Request (ServersAdminNegativeTestJSON:test_migrate_server_invalid_state): 200 GET http://10.180.1.21/compute/v2.1/servers/5c68895a-ac2b-4668-9924-097fc2e41de9 0.095s
2025-03-06 11:49:48.649 68445 INFO tempest.lib.common.rest_client [req-551934fd-66c4-4a56-8922-b17101ece345 req-551934fd-66c4-4a56-8922-b17101ece345 ] Request (ServerActionsTestOtherB:setUpClass): 200 GET http://10.180.1.21/compute/v2.1/servers/a6990f0d-066a-40e6-92bf-42c09941b9cf 0.055s
2025-03-06 11:49:48.650 68487 INFO tempest.lib.common.rest_client [req-1521ad8c-4ae6-4961-a9db-5e822e05520b req-1521ad8c-4ae6-4961-a9db-5e822e05520b ] Request (ServerGroupTestJSON:setUpClass): 200 GET http://10.180.1.21/identity/v3/domains?name=Default 0.033s
2025-03-06 11:49:48.693 68471 INFO tempest.lib.common.rest_client [req-b61c9775-ba28-4ef2-9ae6-23c4f6a5e499 req-b61c9775-ba28-4ef2-9ae6-23c4f6a5e499 ] Request (ServerActionsTestOtherA:setUpClass): 200 GET http://10.180.1.21/compute/v2.1/servers/5fe5fef4-bbaf-49fc-a3e4-b3122a680519 0.078s
2025-03-06 11:49:48.696 68487 INFO tempest.lib.common.rest_client [req-c5c471ff-cf7d-4f14-985b-d35930da3cab req-c5c471ff-cf7d-4f14-985b-d35930da3cab ] Request (ServerGroupTestJSON:setUpClass): 201 POST http://10.180.1.21/identity/v3/projects 0.045s
2025-03-06 11:49:48.711 68443 INFO tempest.lib.common.rest_client [req-0b0af9a3-28b1-4032-9c31-a19e495ef30b req-0b0af9a3-28b1-4032-9c31-a19e495ef30b ] Request (ListServerFiltersTestJSON:setUpClass): 200 GET http://10.180.1.21/compute/v2.1/servers/14b21a96-242a-42a5-a7c5-c074297ea6d5 0.059s
2025-03-06 11:49:48.754 68473 INFO tempest.lib.common.rest_client [req-547069a9-1406-4cbc-8199-b068a2f30718 req-547069a9-1406-4cbc-8199-b068a2f30718 ] Request (ImagesTestJSON:test_create_image_from_suspended_server): 200 GET http://10.180.1.21/compute/v2.1/servers/2c3f4a57-d269-4c4a-adac-029973567aec 0.075s
2025-03-06 11:49:48.770 68449 INFO paramiko.transport [-] Connected (version 2.0, client dropbear_2020.81)
2025-03-06 11:49:48.778 68463 INFO tempest.lib.common.rest_client [req-f9ffabf4-ac9d-45f2-b229-d4c4313a7f44 req-f9ffabf4-ac9d-45f2-b229-d4c4313a7f44 ] Request (ServersAdminTestJSON:test_create_server_with_scheduling_hint): 200 GET http://10.180.1.21/compute/v2.1/servers/9472ee31-d423-47d4-892f-1b8676886d61 0.065s
2025-03-06 11:49:48.785 68487 INFO tempest.lib.common.rest_client [req-089b4a09-787b-4ab7-8b7d-b1528136ed2a req-089b4a09-787b-4ab7-8b7d-b1528136ed2a ] Request (ServerGroupTestJSON:setUpClass): 201 POST http://10.180.1.21/identity/v3/users 0.088s
2025-03-06 11:49:48.807 68487 INFO tempest.lib.common.rest_client [req-18ace2cb-a022-45c0-b7b7-8d12e2168ee2 req-18ace2cb-a022-45c0-b7b7-8d12e2168ee2 ] Request (ServerGroupTestJSON:setUpClass): 200 GET http://10.180.1.21/identity/v3/roles 0.021s
2025-03-06 11:49:48.815 68481 INFO tempest.lib.common.rest_client [req-18268f89-13b2-428a-b267-f502d5a64ec8 req-18268f89-13b2-428a-b267-f502d5a64ec8 ] Request (ServersTestJSON:setUpClass): 200 GET http://10.180.1.21/compute/v2.1/servers/ae4746e2-7223-4c5b-971c-cb6230a08c27 0.074s
2025-03-06 11:49:48.834 68487 INFO tempest.lib.common.rest_client [req-4931ab49-c36f-4b5d-9ddd-ce52c67a8aec req-4931ab49-c36f-4b5d-9ddd-ce52c67a8aec ] Request (ServerGroupTestJSON:setUpClass): 204 PUT http://10.180.1.21/identity/v3/projects/6b790a9db1e84792ab1e9ebd67e06230/users/5dcf69edc5254fb9930cfcc165a4c2a3/roles/890505dc56104183aa955be6ebbb7be1 0.026s
2025-03-06 11:49:48.834 68487 INFO tempest.lib.common.dynamic_creds [-] Dynamic test user 5dcf69edc5254fb9930cfcc165a4c2a3 is created with scope project and roles: ['member']
2025-03-06 11:49:48.834 68487 INFO tempest.lib.common.dynamic_creds [-] Acquired dynamic creds: credentials: Credentials: {'domain_id': 'default', 'domain_name': 'Default', 'username': 'tempest-ServerGroupTestJSON-212827646-project-member', 'project_domain_id': 'default', 'project_domain_name': 'Default', 'project_id': '6b790a9db1e84792ab1e9ebd67e06230', 'project_name': 'tempest-ServerGroupTestJSON-212827646', 'tenant_id': '6b790a9db1e84792ab1e9ebd67e06230', 'tenant_name': 'tempest-ServerGroupTestJSON-212827646', 'user_domain_id': 'default', 'user_domain_name': 'Default', 'user_id': '5dcf69edc5254fb9930cfcc165a4c2a3', 'system': None}, Network: None, Subnet: None, Router: None
2025-03-06 11:49:48.875 68449 INFO paramiko.transport [-] Authentication (publickey) successful!
2025-03-06 11:49:48.875 68449 INFO tempest.lib.common.ssh [-] ssh connection to cirros@10.180.180.221 successfully created
2025-03-06 11:49:48.892 68487 INFO tempest.lib.common.rest_client [req-8d5fe50a-d684-4f01-a697-392a4fdfdb13 req-8d5fe50a-d684-4f01-a697-392a4fdfdb13 ] Request (ServerGroupTestJSON:setUpClass): 201 POST http://10.180.1.21/identity/v3/auth/tokens 0.058s
2025-03-06 11:49:48.894 68505 INFO tempest.lib.common.rest_client [req-0c8b6f4c-e271-4d87-a626-a4e6323e0976 req-0c8b6f4c-e271-4d87-a626-a4e6323e0976 ] Request (ServerShowV254Test:test_rebuild_server): 200 GET http://10.180.1.21/compute/v2.1/servers/363c99d0-1cdc-4206-b377-70c122875fac 0.060s
2025-03-06 11:49:48.972 68449 INFO tempest.lib.common.rest_client [req-81592446-eacf-4c9a-8c96-b08935c153c2 req-81592446-eacf-4c9a-8c96-b08935c153c2 ] Request (ServersWithSpecificFlavorTestJSON:test_verify_created_server_ephemeral_disk): 204 DELETE http://10.180.1.21/compute/v2.1/servers/e8a4f44f-5ae6-455f-a8e0-b793c81c7021 0.091s
2025-03-06 11:49:49.044 68503 INFO tempest.lib.common.rest_client [req-51749062-36a7-4fd6-b001-33b158b70951 req-51749062-36a7-4fd6-b001-33b158b70951 ] Request (FloatingIPsAssociationTestJSON:setUpClass): 200 GET http://10.180.1.21/compute/v2.1/servers/ce861df0-6e5c-4940-a0d3-54677ae80a8a 0.160s
2025-03-06 11:49:49.047 68499 INFO tempest.lib.common.rest_client [req-0b585fe1-fe00-4ef0-bd2c-27ad464b6619 req-0b585fe1-fe00-4ef0-bd2c-27ad464b6619 ] Request (ServerRescueNegativeTestJSON:test_rescued_vm_detach_volume): 200 GET http://10.180.1.21/compute/v2.1/servers/ea744a0c-56e5-4e41-9d0e-b8f5e568d062 0.149s
2025-03-06 11:49:49.051 68449 INFO tempest.lib.common.rest_client [req-75fc7d9b-8ae8-437f-b102-c440e88bcbda req-75fc7d9b-8ae8-437f-b102-c440e88bcbda ] Request (ServersWithSpecificFlavorTestJSON:test_verify_created_server_ephemeral_disk): 201 POST http://10.180.1.21/identity/v3/auth/tokens 0.074s
2025-03-06 11:49:49.051 68449 INFO tempest.lib.common.fixed_network [-] (ServersWithSpecificFlavorTestJSON:test_verify_created_server_ephemeral_disk) Found network {'id': 'c8ca0e4f-4948-40a9-a6dd-c9d3593f9821', 'name': 'tempest-ServersWithSpecificFlavorTestJSON-70298561-network', 'tenant_id': '918bab6779454baea9270d7092446554', 'admin_state_up': True, 'mtu': 8950, 'status': 'ACTIVE', 'subnets': [], 'shared': False, 'project_id': '918bab6779454baea9270d7092446554', 'port_security_enabled': True, 'router:external': False, 'provider:network_type': 'vlan', 'provider:physical_network': 'default', 'provider:segmentation_id': 853, 'availability_zone_hints': [], 'availability_zones': [], 'ipv4_address_scope': None, 'ipv6_address_scope': None, 'description': '', 'tags': [], 'created_at': '2025-03-06T11:47:10Z', 'updated_at': '2025-03-06T11:47:10Z', 'revision_number': 1} available for tenant
2025-03-06 11:49:49.103 68495 INFO tempest.lib.common.rest_client [req-9090ffff-e567-438d-86b4-20daedfc7e49 req-9090ffff-e567-438d-86b4-20daedfc7e49 ] Request (ImagesNegativeTestJSON:test_create_image_from_deleted_server): 200 GET http://10.180.1.21/compute/v2.1/servers/372b0081-e53b-4594-b491-812e624a314b 0.166s
2025-03-06 11:49:49.116 68465 INFO tempest.lib.common.rest_client [req-84af6156-c5af-4c71-ae38-fdb3843d3612 req-84af6156-c5af-4c71-ae38-fdb3843d3612 ] Request (ServersTestBootFromVolume:setUpClass): 200 GET http://10.180.1.21/compute/v2.1/servers/4330fb56-071a-4059-b7aa-84cd3ab5bf22 0.110s
2025-03-06 11:49:49.125 68465 INFO tempest.common.waiters [-] State transition "BUILD/None" ==> "BUILD/networking" after 90 second wait
2025-03-06 11:49:49.154 68461 INFO tempest.lib.common.rest_client [req-cdb15130-7bbf-40de-8977-d40ec51e465e req-cdb15130-7bbf-40de-8977-d40ec51e465e ] Request (MigrationsAdminTest:test_resize_server_revert_deleted_flavor): 200 GET http://10.180.1.21/compute/v2.1/servers/7d2f1fa6-e57a-497d-86b5-42091880151a 0.149s
2025-03-06 11:49:49.203 68447 INFO tempest.lib.common.rest_client [req-1ca61823-d9cd-4d99-b232-e5538e06da74 req-1ca61823-d9cd-4d99-b232-e5538e06da74 ] Request (ImagesOneServerNegativeTestJSON:_run_cleanups): 200 GET http://10.180.1.21/compute/v2.1/servers/04b66772-cf58-45ed-9e1f-61278e9371ef 0.141s
2025-03-06 11:49:49.214 68487 INFO tempest.lib.common.rest_client [req-c95ee93f-2900-4de3-8ed9-4c19950f6c5d req-c95ee93f-2900-4de3-8ed9-4c19950f6c5d ] Request (ServerGroupTestJSON:setUpClass): 201 POST http://10.180.1.21:9696/networking/v2.0/networks 0.321s
2025-03-06 11:49:49.270 68480 INFO tempest.lib.common.rest_client [req-c0ee362d-8f19-4b19-a256-bf5572b2c8a3 req-c0ee362d-8f19-4b19-a256-bf5572b2c8a3 ] Request (ServersTestFqdnHostnames:tearDownClass): 200 GET http://10.180.1.21/compute/v2.1/servers/c8460358-ceb1-4800-892c-854f5cf2fb60 0.158s
2025-03-06 11:49:49.349 68492 INFO tempest.lib.common.rest_client [req-a212ddf1-1864-4f57-abaa-15e2e497c50c req-a212ddf1-1864-4f57-abaa-15e2e497c50c ] Request (ImagesOneServerTestJSON:setUpClass): 200 GET http://10.180.1.21/compute/v2.1/servers/c473a08b-eec1-4c6a-a552-2a7fed508294 0.104s
2025-03-06 11:49:49.420 68487 INFO tempest.lib.common.rest_client [req-ed5a91f9-f7b5-410a-b3f3-7eeaa7fa0a9c req-ed5a91f9-f7b5-410a-b3f3-7eeaa7fa0a9c ] Request (ServerGroupTestJSON:setUpClass): 201 POST http://10.180.1.21:9696/networking/v2.0/subnets 0.205s
2025-03-06 11:49:49.427 68489 INFO tempest.lib.common.rest_client [req-359c5238-18f5-4028-a504-455c76e6ed69 req-359c5238-18f5-4028-a504-455c76e6ed69 ] Request (ServersAaction247Test:tearDownClass): 200 GET http://10.180.1.21/compute/v2.1/servers/116dbe06-cb18-4edb-bdca-01d7f5f066d9 0.169s
2025-03-06 11:49:49.463 68497 INFO tempest.lib.common.rest_client [req-47ca362e-9049-4879-bda0-bb766c028c6c req-47ca362e-9049-4879-bda0-bb766c028c6c ] Request (VolumesAssistedSnapshotsTest:_run_cleanups): 200 GET http://10.180.1.21/compute/v2.1/servers/edd58309-7d6a-4ee8-9cdf-d470461a63c8/os-volume_attachments 0.193s
2025-03-06 11:49:49.488 68449 INFO tempest.lib.common.rest_client [req-36dc289d-8fa7-4bd6-84d9-97cea2d774df req-36dc289d-8fa7-4bd6-84d9-97cea2d774df ] Request (ServersWithSpecificFlavorTestJSON:test_verify_created_server_ephemeral_disk): 202 POST http://10.180.1.21/compute/v2.1/servers 0.435s
2025-03-06 11:49:49.556 68451 INFO tempest.lib.common.rest_client [req-41c9e1c3-9da3-453f-84f7-bb2df8113e3f req-41c9e1c3-9da3-453f-84f7-bb2df8113e3f ] Request (AttachInterfacesUnderV243Test:test_add_remove_fixed_ip): 200 GET http://10.180.1.21/compute/v2.1/servers/3d345623-d941-407b-ad67-5df1d686874f 0.246s
2025-03-06 11:49:49.585 68485 INFO tempest.lib.common.rest_client [req-8ae84c5b-70a1-49ae-9532-37f253a52f43 req-8ae84c5b-70a1-49ae-9532-37f253a52f43 ] Request (MultipleCreateTestJSON:_run_cleanups): 200 GET http://10.180.1.21/compute/v2.1/servers/7b0d0c2f-ee37-42ca-ad7d-2139996ab145 0.211s
2025-03-06 11:49:49.629 68455 INFO tempest.lib.common.rest_client [req-34674ab9-a90e-4e02-adc9-96cfb19a0493 req-34674ab9-a90e-4e02-adc9-96cfb19a0493 ] Request (ListImageFiltersTestJSON:setUpClass): 200 GET http://10.180.1.21/compute/v2.1/images/ff43a626-0ba7-4670-9932-2779e6770823 0.217s
2025-03-06 11:49:49.643 68467 INFO tempest.lib.common.rest_client [req-14df9552-3975-43af-9c2f-dbdd6291991a req-14df9552-3975-43af-9c2f-dbdd6291991a ] Request (ServersTestJSON:test_create_server_with_ipv6_addr_only): 200 GET http://10.180.1.21/compute/v2.1/servers/edc58ee1-713f-406e-919c-fcd704daf3dc 0.241s
2025-03-06 11:49:49.688 68449 INFO tempest.lib.common.rest_client [req-e6b0a873-95d4-45ca-a290-3c165378a1c9 req-e6b0a873-95d4-45ca-a290-3c165378a1c9 ] Request (ServersWithSpecificFlavorTestJSON:test_verify_created_server_ephemeral_disk): 200 GET http://10.180.1.21/compute/v2.1/servers/c1d955b6-b2ee-4e33-83c1-a40c5ee72737 0.199s
2025-03-06 11:49:49.717 68459 INFO tempest.lib.common.rest_client [req-71f7b382-408f-43e2-9d32-db0497e1cc18 req-71f7b382-408f-43e2-9d32-db0497e1cc18 ] Request (AttachInterfacesV270Test:tearDownClass): 200 GET http://10.180.1.21/compute/v2.1/servers/b4c328b9-bd0d-4f8e-9990-19e8da955a53 0.238s
2025-03-06 11:49:49.757 68501 INFO tempest.lib.common.rest_client [req-e17641f1-e5a0-4cbe-a058-3a3422492310 req-e17641f1-e5a0-4cbe-a058-3a3422492310 ] Request (ServerDiskConfigTestJSON:test_rebuild_server_with_manual_disk_config): 200 GET http://10.180.1.21/compute/v2.1/servers/4fc3ae4b-6d30-4cc7-931b-4059175279b8 0.201s
2025-03-06 11:49:49.801 68455 INFO tempest.lib.common.rest_client [req-0cee8478-ae9c-456d-a526-dab2837ba1f8 req-0cee8478-ae9c-456d-a526-dab2837ba1f8 ] Request (ListImageFiltersTestJSON:setUpClass): 200 GET http://10.180.1.21/compute/v2.1/images/ff43a626-0ba7-4670-9932-2779e6770823 0.168s
2025-03-06 11:49:49.865 68493 INFO tempest.lib.common.rest_client [req-ae5152a8-7783-46ba-a6d4-8dbf753507a2 req-ae5152a8-7783-46ba-a6d4-8dbf753507a2 ] Request (ServersAdminNegativeTestJSON:test_migrate_server_invalid_state): 200 GET http://10.180.1.21/compute/v2.1/servers/5c68895a-ac2b-4668-9924-097fc2e41de9 0.225s
2025-03-06 11:49:49.895 68457 WARNING tempest.lib.common.ssh [-] Failed to establish authenticated ssh connection to cirros@10.180.180.190 ([Errno None] Unable to connect to port 22 on 10.180.180.190). Number attempts: 4. Retry after 5 seconds.: paramiko.ssh_exception.NoValidConnectionsError: [Errno None] Unable to connect to port 22 on 10.180.180.190
2025-03-06 11:49:49.912 68453 INFO tempest.lib.common.rest_client [req-91e7766f-70a8-4456-9ba3-f69b8e475c70 req-91e7766f-70a8-4456-9ba3-f69b8e475c70 ] Request (ListServersNegativeTestJSON:setUpClass): 200 GET http://10.180.1.21/compute/v2.1/servers/9e37a277-d4ad-4938-a999-061e1ce31df9 0.320s
2025-03-06 11:49:49.932 68445 INFO tempest.lib.common.rest_client [req-e06e97d6-658a-48a7-96cb-833d279bc96d req-e06e97d6-658a-48a7-96cb-833d279bc96d ] Request (ServerActionsTestOtherB:setUpClass): 200 GET http://10.180.1.21/compute/v2.1/servers/a6990f0d-066a-40e6-92bf-42c09941b9cf 0.271s
2025-03-06 11:49:49.992 68471 INFO tempest.lib.common.rest_client [req-7bf80bd2-9930-44cc-85f3-0ba1cbbb823d req-7bf80bd2-9930-44cc-85f3-0ba1cbbb823d ] Request (ServerActionsTestOtherA:setUpClass): 200 GET http://10.180.1.21/compute/v2.1/servers/5fe5fef4-bbaf-49fc-a3e4-b3122a680519 0.289s
2025-03-06 11:49:50.002 68443 INFO tempest.lib.common.rest_client [req-50265d62-2dc7-44d6-95f6-b825fa56991d req-50265d62-2dc7-44d6-95f6-b825fa56991d ] Request (ListServerFiltersTestJSON:setUpClass): 200 GET http://10.180.1.21/compute/v2.1/servers/14b21a96-242a-42a5-a7c5-c074297ea6d5 0.277s
2025-03-06 11:49:50.061 68473 INFO tempest.lib.common.rest_client [req-f5c437ef-d41a-482a-90bf-d9c26de14e9f req-f5c437ef-d41a-482a-90bf-d9c26de14e9f ] Request (ImagesTestJSON:test_create_image_from_suspended_server): 200 GET http://10.180.1.21/compute/v2.1/servers/2c3f4a57-d269-4c4a-adac-029973567aec 0.298s
2025-03-06 11:49:50.066 68463 INFO tempest.lib.common.rest_client [req-7ae875af-e405-4703-b6bb-d86e4afb587b req-7ae875af-e405-4703-b6bb-d86e4afb587b ] Request (ServersAdminTestJSON:test_create_server_with_scheduling_hint): 200 GET http://10.180.1.21/compute/v2.1/servers/9472ee31-d423-47d4-892f-1b8676886d61 0.281s
2025-03-06 11:49:50.140 68481 INFO tempest.lib.common.rest_client [req-eba305c1-9276-482d-803e-a4031709c200 req-eba305c1-9276-482d-803e-a4031709c200 ] Request (ServersTestJSON:setUpClass): 200 GET http://10.180.1.21/compute/v2.1/servers/ae4746e2-7223-4c5b-971c-cb6230a08c27 0.317s
2025-03-06 11:49:50.202 68505 INFO tempest.lib.common.rest_client [req-1904d6c4-a167-40a7-acf1-361b5810a860 req-1904d6c4-a167-40a7-acf1-361b5810a860 ] Request (ServerShowV254Test:test_rebuild_server): 200 GET http://10.180.1.21/compute/v2.1/servers/363c99d0-1cdc-4206-b377-70c122875fac 0.295s
2025-03-06 11:49:50.260 68455 INFO tempest.lib.common.rest_client [req-57a73802-2415-4d42-ad28-fbdde6f876d6 req-57a73802-2415-4d42-ad28-fbdde6f876d6 ] Request (ListImageFiltersTestJSON:setUpClass): 200 GET http://10.180.1.21/compute/v2.1/servers/a2239d08-ea4c-49a1-a3e4-657ff7cdb55e 0.454s
2025-03-06 11:49:50.315 68499 INFO tempest.lib.common.rest_client [req-d2e9fc8d-431f-4f17-a9f6-8d3b03614558 req-d2e9fc8d-431f-4f17-a9f6-8d3b03614558 ] Request (ServerRescueNegativeTestJSON:test_rescued_vm_detach_volume): 200 GET http://10.180.1.21/compute/v2.1/servers/ea744a0c-56e5-4e41-9d0e-b8f5e568d062 0.257s
2025-03-06 11:49:50.337 68503 INFO tempest.lib.common.rest_client [req-5a0b7e83-ae9c-4165-bc8c-da523a7acd21 req-5a0b7e83-ae9c-4165-bc8c-da523a7acd21 ] Request (FloatingIPsAssociationTestJSON:setUpClass): 200 GET http://10.180.1.21/compute/v2.1/servers/ce861df0-6e5c-4940-a0d3-54677ae80a8a 0.280s
2025-03-06 11:49:50.360 68487 INFO tempest.lib.common.rest_client [req-cf51bb0c-15d3-455e-9b2d-c02f814d39f7 req-cf51bb0c-15d3-455e-9b2d-c02f814d39f7 ] Request (ServerGroupTestJSON:setUpClass): 201 POST http://10.180.1.21:9696/networking/v2.0/routers 0.940s
2025-03-06 11:49:50.385 68495 INFO tempest.lib.common.rest_client [req-e2a467b7-1066-4ddc-bee3-824739a24c14 req-e2a467b7-1066-4ddc-bee3-824739a24c14 ] Request (ImagesNegativeTestJSON:test_create_image_from_deleted_server): 200 GET http://10.180.1.21/compute/v2.1/servers/372b0081-e53b-4594-b491-812e624a314b 0.274s
2025-03-06 11:49:50.439 68461 INFO tempest.lib.common.rest_client [req-f2c978b3-fdbe-49e4-9cae-380745b3dba3 req-f2c978b3-fdbe-49e4-9cae-380745b3dba3 ] Request (MigrationsAdminTest:test_resize_server_revert_deleted_flavor): 200 GET http://10.180.1.21/compute/v2.1/servers/7d2f1fa6-e57a-497d-86b5-42091880151a 0.277s
2025-03-06 11:49:50.508 68447 INFO tempest.lib.common.rest_client [req-61dffc82-8717-49e6-a377-187758a5b971 req-61dffc82-8717-49e6-a377-187758a5b971 ] Request (ImagesOneServerNegativeTestJSON:_run_cleanups): 200 GET http://10.180.1.21/compute/v2.1/servers/04b66772-cf58-45ed-9e1f-61278e9371ef 0.293s
2025-03-06 11:49:50.578 68480 INFO tempest.lib.common.rest_client [req-7b02c4a6-0739-4c32-b2d6-55adc53b6da7 req-7b02c4a6-0739-4c32-b2d6-55adc53b6da7 ] Request (ServersTestFqdnHostnames:tearDownClass): 200 GET http://10.180.1.21/compute/v2.1/servers/c8460358-ceb1-4800-892c-854f5cf2fb60 0.299s
2025-03-06 11:49:50.634 68492 INFO tempest.lib.common.rest_client [req-477ebe67-4d77-4a8a-b009-1a17b8f39660 req-477ebe67-4d77-4a8a-b009-1a17b8f39660 ] Request (ImagesOneServerTestJSON:setUpClass): 200 GET http://10.180.1.21/compute/v2.1/servers/c473a08b-eec1-4c6a-a552-2a7fed508294 0.266s
2025-03-06 11:49:50.704 68489 INFO tempest.lib.common.rest_client [req-be2fa3f7-351b-4b50-be27-a92982d6b3ca req-be2fa3f7-351b-4b50-be27-a92982d6b3ca ] Request (ServersAaction247Test:tearDownClass): 200 GET http://10.180.1.21/compute/v2.1/servers/116dbe06-cb18-4edb-bdca-01d7f5f066d9 0.257s
2025-03-06 11:49:50.740 68497 INFO tempest.lib.common.rest_client [req-3eef73d1-0e3a-437a-ba98-ee75de899bc1 req-3eef73d1-0e3a-437a-ba98-ee75de899bc1 ] Request (VolumesAssistedSnapshotsTest:_run_cleanups): 200 GET http://10.180.1.21/compute/v2.1/servers/edd58309-7d6a-4ee8-9cdf-d470461a63c8/os-volume_attachments 0.271s
2025-03-06 11:49:50.772 68465 INFO tempest.lib.common.rest_client [req-a98f7a39-b5d7-4902-9a89-1b58aa88171a req-a98f7a39-b5d7-4902-9a89-1b58aa88171a ] Request (ServersTestBootFromVolume:setUpClass): 200 GET http://10.180.1.21/compute/v2.1/servers/4330fb56-071a-4059-b7aa-84cd3ab5bf22 0.646s
2025-03-06 11:49:50.784 68465 INFO tempest.common.waiters [-] State transition "BUILD/networking" ==> "BUILD/block_device_mapping" after 91 second wait
2025-03-06 11:49:50.790 68497 INFO tempest.lib.common.rest_client [req-b7001f1f-6099-4ce1-902b-d2d5ab7d78cd req-b7001f1f-6099-4ce1-902b-d2d5ab7d78cd ] Request (VolumesAssistedSnapshotsTest:_run_cleanups): 200 GET http://10.180.1.21/volume/v3/volumes/6b6eb21e-70f7-4bfd-b59c-3bcac958bf54 0.049s
2025-03-06 11:49:50.799 68497 INFO tempest.common.waiters [-] volume 6b6eb21e-70f7-4bfd-b59c-3bcac958bf54 reached available after waiting for 0.798983 seconds
2025-03-06 11:49:50.815 68451 INFO tempest.lib.common.rest_client [req-00dc9b33-f1b1-4d81-b230-b6f45527f215 req-00dc9b33-f1b1-4d81-b230-b6f45527f215 ] Request (AttachInterfacesUnderV243Test:test_add_remove_fixed_ip): 200 GET http://10.180.1.21/compute/v2.1/servers/3d345623-d941-407b-ad67-5df1d686874f 0.249s
2025-03-06 11:49:50.849 68485 INFO tempest.lib.common.rest_client [req-10f76fe8-ca89-4398-b977-b867a8d73085 req-10f76fe8-ca89-4398-b977-b867a8d73085 ] Request (MultipleCreateTestJSON:_run_cleanups): 200 GET http://10.180.1.21/compute/v2.1/servers/7b0d0c2f-ee37-42ca-ad7d-2139996ab145 0.253s
2025-03-06 11:49:50.849 68497 INFO tempest.lib.common.rest_client [req-0c11f87d-2568-416a-b1ba-cb261cf03946 req-0c11f87d-2568-416a-b1ba-cb261cf03946 ] Request (VolumesAssistedSnapshotsTest:_run_cleanups): 202 DELETE http://10.180.1.21/volume/v3/volumes/6b6eb21e-70f7-4bfd-b59c-3bcac958bf54 0.050s
2025-03-06 11:49:50.877 68497 INFO tempest.lib.common.rest_client [req-1506e351-e880-42b6-8f8a-53c87224bed4 req-1506e351-e880-42b6-8f8a-53c87224bed4 ] Request (VolumesAssistedSnapshotsTest:_run_cleanups): 200 GET http://10.180.1.21/volume/v3/volumes/6b6eb21e-70f7-4bfd-b59c-3bcac958bf54 0.027s
2025-03-06 11:49:50.881 68467 INFO tempest.lib.common.rest_client [req-af370c7f-4d24-46a0-b240-3e1331ed6eaf req-af370c7f-4d24-46a0-b240-3e1331ed6eaf ] Request (ServersTestJSON:test_create_server_with_ipv6_addr_only): 200 GET http://10.180.1.21/compute/v2.1/servers/edc58ee1-713f-406e-919c-fcd704daf3dc 0.230s
2025-03-06 11:49:50.908 68449 INFO tempest.lib.common.rest_client [req-795e073e-22fe-445b-b986-7baf4cfdfc48 req-795e073e-22fe-445b-b986-7baf4cfdfc48 ] Request (ServersWithSpecificFlavorTestJSON:test_verify_created_server_ephemeral_disk): 200 GET http://10.180.1.21/compute/v2.1/servers/c1d955b6-b2ee-4e33-83c1-a40c5ee72737 0.210s
2025-03-06 11:49:50.946 68459 INFO tempest.lib.common.rest_client [req-046745bd-277e-47b1-8fc6-4726f45049bd req-046745bd-277e-47b1-8fc6-4726f45049bd ] Request (AttachInterfacesV270Test:tearDownClass): 200 GET http://10.180.1.21/compute/v2.1/servers/b4c328b9-bd0d-4f8e-9990-19e8da955a53 0.215s
2025-03-06 11:49:50.974 68501 INFO tempest.lib.common.rest_client [req-99901dde-d381-4bb3-8324-befa85ce5014 req-99901dde-d381-4bb3-8324-befa85ce5014 ] Request (ServerDiskConfigTestJSON:test_rebuild_server_with_manual_disk_config): 200 GET http://10.180.1.21/compute/v2.1/servers/4fc3ae4b-6d30-4cc7-931b-4059175279b8 0.206s
2025-03-06 11:49:51.001 68493 INFO tempest.lib.common.rest_client [req-c11937eb-29a3-46b4-b7e0-efbc1f0e9e8a req-c11937eb-29a3-46b4-b7e0-efbc1f0e9e8a ] Request (ServersAdminNegativeTestJSON:test_migrate_server_invalid_state): 200 GET http://10.180.1.21/compute/v2.1/servers/5c68895a-ac2b-4668-9924-097fc2e41de9 0.125s
2025-03-06 11:49:51.056 68445 INFO tempest.lib.common.rest_client [req-f5a4033e-35d9-483d-b01d-c065eef16e88 req-f5a4033e-35d9-483d-b01d-c065eef16e88 ] Request (ServerActionsTestOtherB:setUpClass): 200 GET http://10.180.1.21/compute/v2.1/servers/a6990f0d-066a-40e6-92bf-42c09941b9cf 0.113s
2025-03-06 11:49:51.109 68471 INFO tempest.lib.common.rest_client [req-555974b7-6958-40f8-948c-5bef32d9f648 req-555974b7-6958-40f8-948c-5bef32d9f648 ] Request (ServerActionsTestOtherA:setUpClass): 200 GET http://10.180.1.21/compute/v2.1/servers/5fe5fef4-bbaf-49fc-a3e4-b3122a680519 0.106s
2025-03-06 11:49:51.144 68453 INFO tempest.lib.common.rest_client [req-58e19641-e6e9-46fb-8a51-e0a870f4aaf9 req-58e19641-e6e9-46fb-8a51-e0a870f4aaf9 ] Request (ListServersNegativeTestJSON:setUpClass): 200 GET http://10.180.1.21/compute/v2.1/servers/9e37a277-d4ad-4938-a999-061e1ce31df9 0.211s
2025-03-06 11:49:51.203 68443 INFO tempest.lib.common.rest_client [req-aefd48d1-1c53-4b3a-9097-c1a254fca4ca req-aefd48d1-1c53-4b3a-9097-c1a254fca4ca ] Request (ListServerFiltersTestJSON:setUpClass): 200 GET http://10.180.1.21/compute/v2.1/servers/14b21a96-242a-42a5-a7c5-c074297ea6d5 0.183s
2025-03-06 11:49:51.211 68473 INFO tempest.lib.common.rest_client [req-62e02f90-0231-4ac9-b95e-82dbecdbd822 req-62e02f90-0231-4ac9-b95e-82dbecdbd822 ] Request (ImagesTestJSON:test_create_image_from_suspended_server): 200 GET http://10.180.1.21/compute/v2.1/servers/2c3f4a57-d269-4c4a-adac-029973567aec 0.141s
2025-03-06 11:49:51.262 68463 INFO tempest.lib.common.rest_client [req-4b6bc15c-7ab5-4efa-8a31-df4e39bf69d9 req-4b6bc15c-7ab5-4efa-8a31-df4e39bf69d9 ] Request (ServersAdminTestJSON:test_create_server_with_scheduling_hint): 200 GET http://10.180.1.21/compute/v2.1/servers/9472ee31-d423-47d4-892f-1b8676886d61 0.180s
2025-03-06 11:49:51.281 68481 INFO tempest.lib.common.rest_client [req-7aab78fd-40c6-42ab-877e-00956ad26847 req-7aab78fd-40c6-42ab-877e-00956ad26847 ] Request (ServersTestJSON:setUpClass): 200 GET http://10.180.1.21/compute/v2.1/servers/ae4746e2-7223-4c5b-971c-cb6230a08c27 0.132s
2025-03-06 11:49:51.332 68505 INFO tempest.lib.common.rest_client [req-d9f18f78-db4a-471b-9784-5931193157ba req-d9f18f78-db4a-471b-9784-5931193157ba ] Request (ServerShowV254Test:test_rebuild_server): 200 GET http://10.180.1.21/compute/v2.1/servers/363c99d0-1cdc-4206-b377-70c122875fac 0.118s
2025-03-06 11:49:51.396 68499 INFO tempest.lib.common.rest_client [req-df286b99-76c8-4979-a81e-e5886eb55157 req-df286b99-76c8-4979-a81e-e5886eb55157 ] Request (ServerRescueNegativeTestJSON:test_rescued_vm_detach_volume): 200 GET http://10.180.1.21/compute/v2.1/servers/ea744a0c-56e5-4e41-9d0e-b8f5e568d062 0.070s
2025-03-06 11:49:51.495 68455 INFO tempest.lib.common.rest_client [req-2cab6bf3-2861-44ce-901b-4591481f85ad req-2cab6bf3-2861-44ce-901b-4591481f85ad ] Request (ListImageFiltersTestJSON:setUpClass): 200 GET http://10.180.1.21/compute/v2.1/servers/a2239d08-ea4c-49a1-a3e4-657ff7cdb55e 0.225s
2025-03-06 11:49:51.508 68503 INFO tempest.lib.common.rest_client [req-ed6619c2-17b6-4a53-b38f-cbf92acafad4 req-ed6619c2-17b6-4a53-b38f-cbf92acafad4 ] Request (FloatingIPsAssociationTestJSON:setUpClass): 200 GET http://10.180.1.21/compute/v2.1/servers/ce861df0-6e5c-4940-a0d3-54677ae80a8a 0.163s
2025-03-06 11:49:51.513 68455 INFO tempest.common.waiters [-] State transition "ACTIVE/image_uploading" ==> "ACTIVE/None" after 1 second wait
2025-03-06 11:49:51.564 68495 INFO tempest.lib.common.rest_client [req-0be553bf-9c2a-4d36-a77a-079432cbfc4b req-0be553bf-9c2a-4d36-a77a-079432cbfc4b ] Request (ImagesNegativeTestJSON:test_create_image_from_deleted_server): 200 GET http://10.180.1.21/compute/v2.1/servers/372b0081-e53b-4594-b491-812e624a314b 0.166s
2025-03-06 11:49:51.570 68461 INFO tempest.lib.common.rest_client [req-d5dad227-2495-49c9-89ba-f90f105aebd4 req-d5dad227-2495-49c9-89ba-f90f105aebd4 ] Request (MigrationsAdminTest:test_resize_server_revert_deleted_flavor): 200 GET http://10.180.1.21/compute/v2.1/servers/7d2f1fa6-e57a-497d-86b5-42091880151a 0.115s
2025-03-06 11:49:51.632 68447 INFO tempest.lib.common.rest_client [req-5bd1fa65-63d9-4a7c-a6c0-b1446fef930d req-5bd1fa65-63d9-4a7c-a6c0-b1446fef930d ] Request (ImagesOneServerNegativeTestJSON:_run_cleanups): 200 GET http://10.180.1.21/compute/v2.1/servers/04b66772-cf58-45ed-9e1f-61278e9371ef 0.114s
2025-03-06 11:49:51.638 68455 INFO tempest.lib.common.rest_client [req-66504d59-b204-4d5e-827b-8a5b9c2807bb req-66504d59-b204-4d5e-827b-8a5b9c2807bb ] Request (ListImageFiltersTestJSON:test_list_images_filter_by_changes_since): 200 GET http://10.180.1.21/compute/v2.1/images?changes-since=2025-03-06T11%3A47%3A47Z 0.124s
2025-03-06 11:49:51.699 68455 INFO tempest.lib.common.rest_client [req-25421f6a-c6d1-474a-8ff3-e33d0952c54e req-25421f6a-c6d1-474a-8ff3-e33d0952c54e ] Request (ListImageFiltersTestJSON:test_list_images_filter_by_name): 200 GET http://10.180.1.21/compute/v2.1/images?name=tempest-ListImageFiltersTestJSON-image-379479091 0.057s
2025-03-06 11:49:51.705 68480 INFO tempest.lib.common.rest_client [req-8dc37906-7033-4928-9499-843a1225fc24 req-8dc37906-7033-4928-9499-843a1225fc24 ] Request (ServersTestFqdnHostnames:tearDownClass): 200 GET http://10.180.1.21/compute/v2.1/servers/c8460358-ceb1-4800-892c-854f5cf2fb60 0.112s
2025-03-06 11:49:51.761 68492 INFO tempest.lib.common.rest_client [req-3d754db4-4a40-4b84-873a-352b692a960b req-3d754db4-4a40-4b84-873a-352b692a960b ] Request (ImagesOneServerTestJSON:setUpClass): 200 GET http://10.180.1.21/compute/v2.1/servers/c473a08b-eec1-4c6a-a552-2a7fed508294 0.117s
2025-03-06 11:49:51.807 68455 INFO tempest.lib.common.rest_client [req-0aa1041f-57f0-4327-9564-5c9e8059ce17 req-0aa1041f-57f0-4327-9564-5c9e8059ce17 ] Request (ListImageFiltersTestJSON:test_list_images_filter_by_server_id): 200 GET http://10.180.1.21/compute/v2.1/images?server=a2239d08-ea4c-49a1-a3e4-657ff7cdb55e 0.105s
2025-03-06 11:49:51.846 68489 INFO tempest.lib.common.rest_client [req-181f3ad4-4b91-484a-96bb-34e511b46142 req-181f3ad4-4b91-484a-96bb-34e511b46142 ] Request (ServersAaction247Test:tearDownClass): 200 GET http://10.180.1.21/compute/v2.1/servers/116dbe06-cb18-4edb-bdca-01d7f5f066d9 0.127s
2025-03-06 11:49:51.896 68455 INFO tempest.lib.common.rest_client [req-dbedbc64-67d8-458e-9893-8cd488ec00e1 req-dbedbc64-67d8-458e-9893-8cd488ec00e1 ] Request (ListImageFiltersTestJSON:test_list_images_filter_by_server_ref): 200 GET http://10.180.1.21/compute/v2.1/images?server=http%3A%2F%2F10.180.1.21%2Fcompute%2Fv2.1%2Fservers%2Fbe4c46f0-df97-4cbd-afde-76f598735d14 0.085s
2025-03-06 11:49:51.897 68487 INFO tempest.lib.common.rest_client [req-1563e0e5-5d18-4703-9eed-36e92a375fad req-1563e0e5-5d18-4703-9eed-36e92a375fad ] Request (ServerGroupTestJSON:setUpClass): 200 PUT http://10.180.1.21:9696/networking/v2.0/routers/8ee4bd02-a720-48d7-9c8c-c3ce6d5cb03a/add_router_interface 1.536s
2025-03-06 11:49:51.897 68487 INFO tempest.lib.common.dynamic_creds [-] Created isolated network resources for: credentials: Credentials: {'domain_id': 'default', 'domain_name': 'Default', 'username': 'tempest-ServerGroupTestJSON-212827646-project-member', 'project_domain_id': 'default', 'project_domain_name': 'Default', 'project_id': '6b790a9db1e84792ab1e9ebd67e06230', 'project_name': 'tempest-ServerGroupTestJSON-212827646', 'tenant_id': '6b790a9db1e84792ab1e9ebd67e06230', 'tenant_name': 'tempest-ServerGroupTestJSON-212827646', 'user_domain_id': 'default', 'user_domain_name': 'Default', 'user_id': '5dcf69edc5254fb9930cfcc165a4c2a3', 'system': None}, Network: {'id': '15e7dcf7-7356-4fc8-b657-1329c0f5f530', 'name': 'tempest-ServerGroupTestJSON-1026886685-network', 'tenant_id': '6b790a9db1e84792ab1e9ebd67e06230', 'admin_state_up': True, 'mtu': 8950, 'status': 'ACTIVE', 'subnets': [], 'shared': False, 'project_id': '6b790a9db1e84792ab1e9ebd67e06230', 'port_security_enabled': True, 'router:external': False, 'provider:network_type': 'vlan', 'provider:physical_network': 'default', 'provider:segmentation_id': 722, 'availability_zone_hints': [], 'availability_zones': [], 'ipv4_address_scope': None, 'ipv6_address_scope': None, 'description': '', 'tags': [], 'created_at': '2025-03-06T11:49:49Z', 'updated_at': '2025-03-06T11:49:49Z', 'revision_number': 1}, Subnet: {'id': '3647b59a-32ec-4a3a-a361-dfd2c85c1b25', 'name': 'tempest-ServerGroupTestJSON-1026886685-subnet', 'tenant_id': '6b790a9db1e84792ab1e9ebd67e06230', 'network_id': '15e7dcf7-7356-4fc8-b657-1329c0f5f530', 'ip_version': 4, 'subnetpool_id': None, 'enable_dhcp': True, 'ipv6_ra_mode': None, 'ipv6_address_mode': None, 'gateway_ip': '192.168.128.1', 'cidr': '192.168.128.0/28', 'allocation_pools': [{'start': '192.168.128.2', 'end': '192.168.128.14'}], 'host_routes': [], 'dns_nameservers': [], 'description': '', 'router:external': False, 'service_types': [], 'tags': [], 'created_at': '2025-03-06T11:49:49Z', 'updated_at': '2025-03-06T11:49:49Z', 'revision_number': 0, 'project_id': '6b790a9db1e84792ab1e9ebd67e06230'}, Router: {'id': '8ee4bd02-a720-48d7-9c8c-c3ce6d5cb03a', 'name': 'tempest-ServerGroupTestJSON-1026886685-router', 'tenant_id': '6b790a9db1e84792ab1e9ebd67e06230', 'admin_state_up': True, 'status': 'ACTIVE', 'external_gateway_info': {'network_id': '91775354-2aae-47be-ba53-a2ea92393363', 'external_fixed_ips': [{'subnet_id': '254e9e83-0ea8-4b5b-8e52-3dcd2c7530af', 'ip_address': '10.180.180.234'}], 'enable_snat': True}, 'description': '', 'availability_zones': [], 'distributed': False, 'ha': False, 'availability_zone_hints': [], 'routes': [], 'flavor_id': None, 'tags': [], 'created_at': '2025-03-06T11:49:49Z', 'updated_at': '2025-03-06T11:49:49Z', 'revision_number': 2, 'project_id': '6b790a9db1e84792ab1e9ebd67e06230'}
2025-03-06 11:49:51.929 68497 INFO tempest.lib.common.rest_client [req-c98ba9ab-04d8-4856-9129-7d2929b26d00 req-c98ba9ab-04d8-4856-9129-7d2929b26d00 ] Request (VolumesAssistedSnapshotsTest:_run_cleanups): 200 GET http://10.180.1.21/volume/v3/volumes/6b6eb21e-70f7-4bfd-b59c-3bcac958bf54 0.044s
2025-03-06 11:49:51.956 68451 INFO tempest.lib.common.rest_client [req-5268629e-44b7-4687-a1b5-0e50f4a1428a req-5268629e-44b7-4687-a1b5-0e50f4a1428a ] Request (AttachInterfacesUnderV243Test:test_add_remove_fixed_ip): 200 GET http://10.180.1.21/compute/v2.1/servers/3d345623-d941-407b-ad67-5df1d686874f 0.133s
2025-03-06 11:49:51.962 68465 INFO tempest.lib.common.rest_client [req-dd763177-dafc-45cc-989d-931b445e180d req-dd763177-dafc-45cc-989d-931b445e180d ] Request (ServersTestBootFromVolume:setUpClass): 200 GET http://10.180.1.21/compute/v2.1/servers/4330fb56-071a-4059-b7aa-84cd3ab5bf22 0.177s
2025-03-06 11:49:52.015 68467 INFO tempest.lib.common.rest_client [req-13ef5c62-3497-4ebe-bfe2-7813b415977b req-13ef5c62-3497-4ebe-bfe2-7813b415977b ] Request (ServersTestJSON:test_create_server_with_ipv6_addr_only): 200 GET http://10.180.1.21/compute/v2.1/servers/edc58ee1-713f-406e-919c-fcd704daf3dc 0.124s
2025-03-06 11:49:52.018 68485 INFO tempest.lib.common.rest_client [req-d53a7f5a-b7fa-4552-b307-1fc8595e6fd4 req-d53a7f5a-b7fa-4552-b307-1fc8595e6fd4 ] Request (MultipleCreateTestJSON:_run_cleanups): 200 GET http://10.180.1.21/compute/v2.1/servers/7b0d0c2f-ee37-42ca-ad7d-2139996ab145 0.158s
2025-03-06 11:49:52.021 68487 INFO tempest.lib.common.rest_client [req-b1c080bd-e09d-4ec5-9a0d-d12f8d132c85 req-b1c080bd-e09d-4ec5-9a0d-d12f8d132c85 ] Request (ServerGroupTestJSON:setUpClass): 201 POST http://10.180.1.21/identity/v3/auth/tokens 0.117s
2025-03-06 11:49:52.050 68455 INFO tempest.lib.common.rest_client [req-b177f463-5779-417a-92c4-4983fb793843 req-b177f463-5779-417a-92c4-4983fb793843 ] Request (ListImageFiltersTestJSON:test_list_images_filter_by_server_ref): 200 GET http://10.180.1.21/compute/v2.1/images?server=http%3A%2F%2F10.180.1.21%2Fcompute%2Fservers%2Fbe4c46f0-df97-4cbd-afde-76f598735d14 0.153s
2025-03-06 11:49:52.068 68449 INFO tempest.lib.common.rest_client [req-4f4c48e4-f7c6-407a-96df-592c7da15c4c req-4f4c48e4-f7c6-407a-96df-592c7da15c4c ] Request (ServersWithSpecificFlavorTestJSON:test_verify_created_server_ephemeral_disk): 200 GET http://10.180.1.21/compute/v2.1/servers/c1d955b6-b2ee-4e33-83c1-a40c5ee72737 0.150s
2025-03-06 11:49:52.118 68501 INFO tempest.lib.common.rest_client [req-0ca2128a-378e-4c1a-83bd-6514a91c9e97 req-0ca2128a-378e-4c1a-83bd-6514a91c9e97 ] Request (ServerDiskConfigTestJSON:test_rebuild_server_with_manual_disk_config): 200 GET http://10.180.1.21/compute/v2.1/servers/4fc3ae4b-6d30-4cc7-931b-4059175279b8 0.137s
2025-03-06 11:49:52.164 68493 INFO tempest.lib.common.rest_client [req-90200e8c-6153-44a4-b645-150d4c5732d7 req-90200e8c-6153-44a4-b645-150d4c5732d7 ] Request (ServersAdminNegativeTestJSON:test_migrate_server_invalid_state): 200 GET http://10.180.1.21/compute/v2.1/servers/5c68895a-ac2b-4668-9924-097fc2e41de9 0.155s
2025-03-06 11:49:52.326 68487 INFO tempest.lib.common.rest_client [req-5885815c-a833-452f-b4f2-be0d9a3ab037 req-5885815c-a833-452f-b4f2-be0d9a3ab037 ] Request (ServerGroupTestJSON:setUp): 200 POST http://10.180.1.21/compute/v2.1/os-server-groups 0.302s
2025-03-06 11:49:52.333 68459 INFO tempest.lib.common.rest_client [req-762f11fb-3e8e-4afd-9bf2-cf212e7d99e6 req-762f11fb-3e8e-4afd-9bf2-cf212e7d99e6 ] Request (AttachInterfacesV270Test:tearDownClass): 200 GET http://10.180.1.21/compute/v2.1/servers/b4c328b9-bd0d-4f8e-9990-19e8da955a53 0.370s
2025-03-06 11:49:52.420 68455 INFO tempest.lib.common.rest_client [req-b28c1618-c378-413a-b90f-c130f83158c1 req-b28c1618-c378-413a-b90f-c130f83158c1 ] Request (ListImageFiltersTestJSON:test_list_images_filter_by_status): 200 GET http://10.180.1.21/compute/v2.1/images?status=ACTIVE 0.366s
2025-03-06 11:49:52.445 68445 INFO tempest.lib.common.rest_client [req-a67c111b-1ae0-4872-b64e-63512c27c3da req-a67c111b-1ae0-4872-b64e-63512c27c3da ] Request (ServerActionsTestOtherB:setUpClass): 200 GET http://10.180.1.21/compute/v2.1/servers/a6990f0d-066a-40e6-92bf-42c09941b9cf 0.380s
2025-03-06 11:49:52.520 68471 INFO tempest.lib.common.rest_client [req-9c1cba92-f327-4b7c-ae2b-bfecc05e0b1a req-9c1cba92-f327-4b7c-ae2b-bfecc05e0b1a ] Request (ServerActionsTestOtherA:setUpClass): 200 GET http://10.180.1.21/compute/v2.1/servers/5fe5fef4-bbaf-49fc-a3e4-b3122a680519 0.402s
2025-03-06 11:49:52.590 68473 INFO tempest.lib.common.rest_client [req-670f0128-d13e-451b-b2b7-0553c6306127 req-670f0128-d13e-451b-b2b7-0553c6306127 ] Request (ImagesTestJSON:test_create_image_from_suspended_server): 200 GET http://10.180.1.21/compute/v2.1/servers/2c3f4a57-d269-4c4a-adac-029973567aec 0.370s
2025-03-06 11:49:52.661 68443 INFO tempest.lib.common.rest_client [req-2c0f50fd-ad92-4a8a-b9fe-1b09726de2e5 req-2c0f50fd-ad92-4a8a-b9fe-1b09726de2e5 ] Request (ListServerFiltersTestJSON:setUpClass): 200 GET http://10.180.1.21/compute/v2.1/servers/14b21a96-242a-42a5-a7c5-c074297ea6d5 0.440s
2025-03-06 11:49:52.667 68453 INFO tempest.lib.common.rest_client [req-c5ba73d1-4456-4249-b15d-66ca69f4d675 req-c5ba73d1-4456-4249-b15d-66ca69f4d675 ] Request (ListServersNegativeTestJSON:setUpClass): 200 GET http://10.180.1.21/compute/v2.1/servers/9e37a277-d4ad-4938-a999-061e1ce31df9 0.513s
2025-03-06 11:49:52.715 68463 INFO tempest.lib.common.rest_client [req-e5eb715d-f0f4-4b05-900f-ab4bf4db2e5d req-e5eb715d-f0f4-4b05-900f-ab4bf4db2e5d ] Request (ServersAdminTestJSON:test_create_server_with_scheduling_hint): 200 GET http://10.180.1.21/compute/v2.1/servers/9472ee31-d423-47d4-892f-1b8676886d61 0.442s
2025-03-06 11:49:52.733 68463 INFO tempest.common.waiters [-] State transition "BUILD/scheduling" ==> "BUILD/None" after 77 second wait
2025-03-06 11:49:52.738 68481 INFO tempest.lib.common.rest_client [req-242d41fc-2007-44c5-a5a6-bc335ffb5324 req-242d41fc-2007-44c5-a5a6-bc335ffb5324 ] Request (ServersTestJSON:setUpClass): 200 GET http://10.180.1.21/compute/v2.1/servers/ae4746e2-7223-4c5b-971c-cb6230a08c27 0.448s
2025-03-06 11:49:52.783 68487 INFO tempest.lib.common.rest_client [req-2ce1c9fb-e67b-486b-8a86-9409a3eb6081 req-2ce1c9fb-e67b-486b-8a86-9409a3eb6081 ] Request (ServerGroupTestJSON:test_create_delete_multiple_server_groups_with_same_name_policy): 200 POST http://10.180.1.21/compute/v2.1/os-server-groups 0.456s
2025-03-06 11:49:52.820 68505 INFO tempest.lib.common.rest_client [req-9663168f-00e5-4dab-bbba-d6bfb096f302 req-9663168f-00e5-4dab-bbba-d6bfb096f302 ] Request (ServerShowV254Test:test_rebuild_server): 200 GET http://10.180.1.21/compute/v2.1/servers/363c99d0-1cdc-4206-b377-70c122875fac 0.477s
2025-03-06 11:49:52.849 68499 INFO tempest.lib.common.rest_client [req-0cf6bfe0-e465-4782-aaa3-815fa0b6257a req-0cf6bfe0-e465-4782-aaa3-815fa0b6257a ] Request (ServerRescueNegativeTestJSON:test_rescued_vm_detach_volume): 200 GET http://10.180.1.21/compute/v2.1/servers/ea744a0c-56e5-4e41-9d0e-b8f5e568d062 0.430s
2025-03-06 11:49:52.879 68455 INFO tempest.lib.common.rest_client [req-2b19f327-1586-4cc2-b720-1c0a1f04d2ca req-2b19f327-1586-4cc2-b720-1c0a1f04d2ca ] Request (ListImageFiltersTestJSON:test_list_images_filter_by_type): 200 GET http://10.180.1.21/compute/v2.1/images?type=snapshot 0.453s
2025-03-06 11:49:52.967 68495 INFO tempest.lib.common.rest_client [req-9207bb8f-d7b0-402a-9906-a23d91bc7315 req-9207bb8f-d7b0-402a-9906-a23d91bc7315 ] Request (ImagesNegativeTestJSON:test_create_image_from_deleted_server): 200 GET http://10.180.1.21/compute/v2.1/servers/372b0081-e53b-4594-b491-812e624a314b 0.389s
2025-03-06 11:49:52.979 68497 INFO tempest.lib.common.rest_client [req-d10d8c4d-03ac-4594-b90c-8a40b3bc369c req-d10d8c4d-03ac-4594-b90c-8a40b3bc369c ] Request (VolumesAssistedSnapshotsTest:_run_cleanups): 200 GET http://10.180.1.21/volume/v3/volumes/6b6eb21e-70f7-4bfd-b59c-3bcac958bf54 0.038s
2025-03-06 11:49:53.040 68461 INFO tempest.lib.common.rest_client [req-df1c8fd4-78ec-454d-b75e-4113e85bc7a5 req-df1c8fd4-78ec-454d-b75e-4113e85bc7a5 ] Request (MigrationsAdminTest:test_resize_server_revert_deleted_flavor): 200 GET http://10.180.1.21/compute/v2.1/servers/7d2f1fa6-e57a-497d-86b5-42091880151a 0.459s
2025-03-06 11:49:53.098 68503 INFO tempest.lib.common.rest_client [req-38683810-86ec-4c7e-8942-a4ac640abe49 req-38683810-86ec-4c7e-8942-a4ac640abe49 ] Request (FloatingIPsAssociationTestJSON:setUpClass): 200 GET http://10.180.1.21/compute/v2.1/servers/ce861df0-6e5c-4940-a0d3-54677ae80a8a 0.581s
2025-03-06 11:49:53.111 68447 INFO tempest.lib.common.rest_client [req-3ffa1180-8d64-4c7d-842f-70b26750076d req-3ffa1180-8d64-4c7d-842f-70b26750076d ] Request (ImagesOneServerNegativeTestJSON:_run_cleanups): 200 GET http://10.180.1.21/compute/v2.1/servers/04b66772-cf58-45ed-9e1f-61278e9371ef 0.466s
2025-03-06 11:49:53.188 68492 INFO tempest.lib.common.rest_client [req-66d92655-ef5d-4ae8-82db-dbb8bef5c795 req-66d92655-ef5d-4ae8-82db-dbb8bef5c795 ] Request (ImagesOneServerTestJSON:setUpClass): 200 GET http://10.180.1.21/compute/v2.1/servers/c473a08b-eec1-4c6a-a552-2a7fed508294 0.418s
2025-03-06 11:49:53.190 68480 INFO tempest.lib.common.rest_client [req-9c29ab9c-53a4-4ded-ab2e-810abbfb77f9 req-9c29ab9c-53a4-4ded-ab2e-810abbfb77f9 ] Request (ServersTestFqdnHostnames:tearDownClass): 200 GET http://10.180.1.21/compute/v2.1/servers/c8460358-ceb1-4800-892c-854f5cf2fb60 0.476s
2025-03-06 11:49:53.249 68487 INFO tempest.lib.common.rest_client [req-51dfad83-8ad9-48c9-ae3f-d596de98f4b9 req-51dfad83-8ad9-48c9-ae3f-d596de98f4b9 ] Request (ServerGroupTestJSON:test_create_delete_multiple_server_groups_with_same_name_policy): 200 POST http://10.180.1.21/compute/v2.1/os-server-groups 0.463s
2025-03-06 11:49:53.282 68455 INFO tempest.lib.common.rest_client [req-535858fa-3b54-41de-a475-3ba8f2cd3240 req-535858fa-3b54-41de-a475-3ba8f2cd3240 ] Request (ListImageFiltersTestJSON:test_list_images_limit_results): 200 GET http://10.180.1.21/compute/v2.1/images?limit=1 0.400s
2025-03-06 11:49:53.300 68489 INFO tempest.lib.common.rest_client [req-0cd7c731-14ce-41a2-ab1d-372d79294c5c req-0cd7c731-14ce-41a2-ab1d-372d79294c5c ] Request (ServersAaction247Test:tearDownClass): 200 GET http://10.180.1.21/compute/v2.1/servers/116dbe06-cb18-4edb-bdca-01d7f5f066d9 0.441s
2025-03-06 11:49:53.343 68451 INFO tempest.lib.common.rest_client [req-bc94515b-5f6b-46ec-8531-051f1fb5f9fc req-bc94515b-5f6b-46ec-8531-051f1fb5f9fc ] Request (AttachInterfacesUnderV243Test:test_add_remove_fixed_ip): 200 GET http://10.180.1.21/compute/v2.1/servers/3d345623-d941-407b-ad67-5df1d686874f 0.374s
2025-03-06 11:49:53.414 68485 INFO tempest.lib.common.rest_client [req-5a26360e-8a34-4625-ac1b-f6bcfafffd0a req-5a26360e-8a34-4625-ac1b-f6bcfafffd0a ] Request (MultipleCreateTestJSON:_run_cleanups): 200 GET http://10.180.1.21/compute/v2.1/servers/7b0d0c2f-ee37-42ca-ad7d-2139996ab145 0.389s
2025-03-06 11:49:53.422 68465 INFO tempest.lib.common.rest_client [req-45a76c1f-61d2-4394-9b72-9c3782cffef1 req-45a76c1f-61d2-4394-9b72-9c3782cffef1 ] Request (ServersTestBootFromVolume:setUpClass): 200 GET http://10.180.1.21/compute/v2.1/servers/4330fb56-071a-4059-b7aa-84cd3ab5bf22 0.450s
2025-03-06 11:49:53.434 68465 INFO tempest.common.waiters [-] State transition "BUILD/block_device_mapping" ==> "BUILD/spawning" after 94 second wait
2025-03-06 11:49:53.477 68467 INFO tempest.lib.common.rest_client [req-ebdedc59-d0ce-4a89-b8b7-2bf26172021a req-ebdedc59-d0ce-4a89-b8b7-2bf26172021a ] Request (ServersTestJSON:test_create_server_with_ipv6_addr_only): 200 GET http://10.180.1.21/compute/v2.1/servers/edc58ee1-713f-406e-919c-fcd704daf3dc 0.451s
2025-03-06 11:49:53.481 68449 INFO tempest.lib.common.rest_client [req-96e87886-3fb7-4f58-8506-e10e4c21a438 req-96e87886-3fb7-4f58-8506-e10e4c21a438 ] Request (ServersWithSpecificFlavorTestJSON:test_verify_created_server_ephemeral_disk): 200 GET http://10.180.1.21/compute/v2.1/servers/c1d955b6-b2ee-4e33-83c1-a40c5ee72737 0.405s
2025-03-06 11:49:53.533 68493 INFO tempest.lib.common.rest_client [req-bc52c2ad-d158-46cb-bac8-d85d0dffa4b5 req-bc52c2ad-d158-46cb-bac8-d85d0dffa4b5 ] Request (ServersAdminNegativeTestJSON:test_migrate_server_invalid_state): 200 GET http://10.180.1.21/compute/v2.1/servers/5c68895a-ac2b-4668-9924-097fc2e41de9 0.361s
2025-03-06 11:49:53.539 68501 INFO tempest.lib.common.rest_client [req-19c79cf1-b3d8-4ff9-9280-8342d49f4b7c req-19c79cf1-b3d8-4ff9-9280-8342d49f4b7c ] Request (ServerDiskConfigTestJSON:test_rebuild_server_with_manual_disk_config): 200 GET http://10.180.1.21/compute/v2.1/servers/4fc3ae4b-6d30-4cc7-931b-4059175279b8 0.407s
2025-03-06 11:49:53.565 68487 INFO tempest.lib.common.rest_client [req-0762e29b-44bc-45f1-84d8-955e7f9b74a9 req-0762e29b-44bc-45f1-84d8-955e7f9b74a9 ] Request (ServerGroupTestJSON:test_create_delete_multiple_server_groups_with_same_name_policy): 204 DELETE http://10.180.1.21/compute/v2.1/os-server-groups/79d01cf2-f49b-430d-b179-5ab374e409b5 0.315s
2025-03-06 11:49:53.608 68455 INFO tempest.lib.common.rest_client [req-20307181-9839-4e34-af96-24cc685117ef req-20307181-9839-4e34-af96-24cc685117ef ] Request (ListImageFiltersTestJSON:test_list_images_with_detail_filter_by_changes_since): 200 GET http://10.180.1.21/compute/v2.1/images/detail?changes-since=2025-03-06T11%3A47%3A34Z 0.322s
2025-03-06 11:49:53.637 68459 INFO tempest.lib.common.rest_client [req-115a63b9-30ea-46d0-8992-488376c9545d req-115a63b9-30ea-46d0-8992-488376c9545d ] Request (AttachInterfacesV270Test:tearDownClass): 200 GET http://10.180.1.21/compute/v2.1/servers/b4c328b9-bd0d-4f8e-9990-19e8da955a53 0.294s
2025-03-06 11:49:53.680 68445 INFO tempest.lib.common.rest_client [req-c4e66ddd-e8c1-46f3-ba56-1ddf2f52584f req-c4e66ddd-e8c1-46f3-ba56-1ddf2f52584f ] Request (ServerActionsTestOtherB:setUpClass): 200 GET http://10.180.1.21/compute/v2.1/servers/a6990f0d-066a-40e6-92bf-42c09941b9cf 0.226s
