2025-03-06 11:47:33.369 68503 INFO tempest.lib.common.rest_client [req-83240f6e-4550-407f-ae56-489591376573 req-83240f6e-4550-407f-ae56-489591376573 ] Request (FlavorsAccessNegativeTestJSON:test_flavor_access_list_with_public_flavor): 404 GET http://10.180.1.21/compute/v2.1/flavors/304896633/os-flavor-access 2.034s
2025-03-06 11:47:33.378 68499 INFO tempest.lib.common.rest_client [req-6ca0cca8-faa2-4f48-8665-44c80b6ed7a2 req-6ca0cca8-faa2-4f48-8665-44c80b6ed7a2 ] Request (HypervisorAdminNegativeTestJSON:test_show_nonexistent_hypervisor): 404 GET http://10.180.1.21/compute/v2.1/os-hypervisors/c8969810-e715-4852-b81c-b29d699a97d5 2.031s
2025-03-06 11:47:33.386 68443 INFO tempest.lib.common.rest_client [req-8610275c-8890-48ff-9045-06db75f673b6 req-8610275c-8890-48ff-9045-06db75f673b6 ] Request (FlavorsExtraSpecsNegativeTestJSON:test_flavor_update_more_key): 400 PUT http://10.180.1.21/compute/v2.1/flavors/1396935676/os-extra_specs/hw:numa_nodes 2.039s
2025-03-06 11:47:33.390 68465 INFO tempest.lib.common.rest_client [req-09655a60-6d9e-4920-8a20-b86c9a2ef0e0 req-09655a60-6d9e-4920-8a20-b86c9a2ef0e0 ] Request (KeyPairsNegativeTestJSON:test_create_keypair_with_empty_name_string): 400 POST http://10.180.1.21/compute/v2.1/os-keypairs 2.029s
2025-03-06 11:47:33.414 68487 INFO tempest.lib.common.rest_client [req-3c74c152-775a-400d-87f4-edf508cb7754 req-3c74c152-775a-400d-87f4-edf508cb7754 ] Request (FloatingIPDetailsTestJSON:test_list_floating_ips): 200 GET http://10.180.1.21/compute/v2.1/os-floating-ips 2.167s
2025-03-06 11:47:33.436 68505 INFO tempest.lib.common.rest_client [req-4d6a3bb7-8d6f-4d9a-b384-e48f23e7ea75 req-4d6a3bb7-8d6f-4d9a-b384-e48f23e7ea75 ] Request (QuotasSecurityGroupAdminNegativeTest:tearDownClass): 204 DELETE http://10.180.1.21/identity/v3/projects/06020fbc38294bcd8fafc98058d52e26 0.223s
2025-03-06 11:47:33.446 68483 INFO tempest.lib.common.rest_client [req-b16eae49-73aa-402f-8853-c5814c5cdf7f req-b16eae49-73aa-402f-8853-c5814c5cdf7f ] Request (KeyPairsV2TestJSON:test_keypairs_create_list_delete): 200 POST http://10.180.1.21/compute/v2.1/os-keypairs 2.054s
2025-03-06 11:47:33.466 68457 INFO tempest.lib.common.rest_client [req-9736b873-27e9-4ac2-9c1d-90b799cdb768 req-9736b873-27e9-4ac2-9c1d-90b799cdb768 ] Request (ImagesMetadataTestJSON:test_list_image_metadata): 200 GET http://10.180.1.21/compute/v2.1/images/f4f7cb2a-88c4-4b48-8c29-124f18532a4f/metadata 1.935s
2025-03-06 11:47:33.467 68501 INFO tempest.lib.common.rest_client [req-bd8d72c4-1553-4c14-af45-9ae9a1ddda3b req-bd8d72c4-1553-4c14-af45-9ae9a1ddda3b ] Request (ServerDiskConfigTestJSON:setUpClass): 201 POST http://10.180.1.21:9696/networking/v2.0/subnets 0.483s
2025-03-06 11:47:33.470 68451 INFO tempest.lib.common.rest_client [req-c6e382d5-fd08-4f20-84b6-1c522c0dca3d req-c6e382d5-fd08-4f20-84b6-1c522c0dca3d ] Request (AggregatesAdminNegativeTestJSON:test_aggregate_add_non_exist_host): 404 POST http://10.180.1.21/compute/v2.1/os-aggregates/3/action 1.816s
2025-03-06 11:47:33.546 68453 INFO tempest.lib.common.rest_client [req-9bf3a9dd-e7f3-4201-90d8-3c133a9d1041 req-9bf3a9dd-e7f3-4201-90d8-3c133a9d1041 ] Request (HostsAdminTestJSON:setUpClass): 201 POST http://10.180.1.21/identity/v3/projects 0.270s
2025-03-06 11:47:33.571 68481 INFO tempest.lib.common.rest_client [req-a4048096-d6c8-4210-9fdb-a0d34fd308ab req-a4048096-d6c8-4210-9fdb-a0d34fd308ab ] Request (FloatingIPsAssociationNegativeTestJSON:setUpClass): 201 POST http://10.180.1.21/identity/v3/users 0.287s
2025-03-06 11:47:33.586 68480 INFO tempest.lib.common.rest_client [req-9cfbdba0-bd29-4212-9902-559f9c369575 req-9cfbdba0-bd29-4212-9902-559f9c369575 ] Request (ServersTestFqdnHostnames:test_create_server_with_fqdn_name): 200 GET http://10.180.1.21/compute/v2.1/servers/c8460358-ceb1-4800-892c-854f5cf2fb60 1.691s
2025-03-06 11:47:33.593 68445 INFO tempest.lib.common.rest_client [req-26af9d3c-41f0-4ee2-a080-cbb698f282c3 req-26af9d3c-41f0-4ee2-a080-cbb698f282c3 ] Request (SecurityGroupRulesNegativeTestJSON:test_create_security_group_rule_with_invalid_id): 400 POST http://10.180.1.21/compute/v2.1/os-security-group-rules 1.453s
2025-03-06 11:47:33.629 68471 INFO tempest.lib.common.rest_client [req-9a87aace-26d9-4ccf-8e14-41a6b777dc90 req-9a87aace-26d9-4ccf-8e14-41a6b777dc90 ] Request (ServersAdmin275Test:test_rebuild_update_server_275): 201 POST http://10.180.1.21/identity/v3/auth/tokens 0.258s
2025-03-06 11:47:33.630 68471 INFO tempest.lib.common.fixed_network [-] (ServersAdmin275Test:test_rebuild_update_server_275) Found network None available for tenant
2025-03-06 11:47:33.653 68467 INFO tempest.lib.common.rest_client [req-7c9ed8c6-e69a-49f1-ac6a-b8ff41b022a1 req-7c9ed8c6-e69a-49f1-ac6a-b8ff41b022a1 ] Request (HypervisorAdminUnderV252Test:tearDownClass): 204 DELETE http://10.180.1.21/identity/v3/users/2bf3a1bf1cec4ec3ac8a73d565cf7d6f 0.307s
2025-03-06 11:47:33.676 68497 INFO tempest.lib.common.rest_client [req-d8af2d04-cfc1-408e-9035-1e547f9e8277 req-d8af2d04-cfc1-408e-9035-1e547f9e8277 ] Request (VolumesAssistedSnapshotsTest:test_volume_assisted_snapshot_create_delete): 200 GET http://10.180.1.21/compute/v2.1/servers/edd58309-7d6a-4ee8-9cdf-d470461a63c8 1.041s
2025-03-06 11:47:33.716 68505 INFO tempest.lib.common.rest_client [req-45b647f9-f0e2-4566-9d69-9687f9f213e6 req-45b647f9-f0e2-4566-9d69-9687f9f213e6 ] Request (ServerExternalEventsTest:setUpClass): 201 POST http://10.180.1.21/identity/v3/auth/tokens 0.278s
2025-03-06 11:47:33.718 68499 INFO tempest.lib.common.rest_client [req-881885bb-3e23-4d07-b43a-833f8550e90a req-881885bb-3e23-4d07-b43a-833f8550e90a ] Request (HypervisorAdminNegativeTestJSON:tearDownClass): 204 DELETE http://10.180.1.21/identity/v3/users/668d5c31477c4650a499b4bf61d2c782 0.339s
2025-03-06 11:47:33.760 68495 INFO tempest.lib.common.rest_client [req-066a1ba0-7494-47d5-ad09-5a590ee782b0 req-066a1ba0-7494-47d5-ad09-5a590ee782b0 ] Request (ServerDiagnosticsV248Test:test_get_server_diagnostics): 200 GET http://10.180.1.21/compute/v2.1/servers/bacf5456-19e2-4245-8691-ec7af39bf00a 0.975s
2025-03-06 11:47:33.781 68453 INFO tempest.lib.common.rest_client [req-ffce2f91-79cf-4354-a7db-8709ea217e48 req-ffce2f91-79cf-4354-a7db-8709ea217e48 ] Request (HostsAdminTestJSON:setUpClass): 201 POST http://10.180.1.21/identity/v3/users 0.234s
2025-03-06 11:47:33.816 68481 INFO tempest.lib.common.rest_client [req-a2a63c8a-804f-453a-8399-b2f967ac68d9 req-a2a63c8a-804f-453a-8399-b2f967ac68d9 ] Request (FloatingIPsAssociationNegativeTestJSON:setUpClass): 200 GET http://10.180.1.21/identity/v3/roles 0.244s
2025-03-06 11:47:33.830 68475 INFO tempest.lib.common.rest_client [req-d9ebcd3c-2267-48c7-b90b-49ef23ed5eff req-d9ebcd3c-2267-48c7-b90b-49ef23ed5eff ] Request (ServerDiagnosticsTest:test_get_server_diagnostics): 200 GET http://10.180.1.21/compute/v2.1/servers/d570add5-1201-4132-8af7-b25d20d33356 0.859s
2025-03-06 11:47:33.876 68449 INFO tempest.lib.common.rest_client [req-f46e496d-10eb-4262-9283-9d10972facc1 req-f46e496d-10eb-4262-9283-9d10972facc1 ] Request (ValidationResourcesFixture:setUp): 200 POST http://10.180.1.21/compute/v2.1/os-keypairs 0.882s
2025-03-06 11:47:33.897 68467 INFO tempest.lib.common.rest_client [req-238840a8-8164-4574-ad85-1b08e265d0f2 req-238840a8-8164-4574-ad85-1b08e265d0f2 ] Request (HypervisorAdminUnderV252Test:tearDownClass): 204 DELETE http://10.180.1.21/identity/v3/users/3aeb276380574ca4815f66e1938c5664 0.244s
2025-03-06 11:47:33.898 68467 INFO tempest.lib.common.dynamic_creds [-] Deleting project and security group for project: 8d9ccc2e18114a67af36f3ec6265f820
2025-03-06 11:47:33.900 68477 INFO tempest.lib.common.rest_client [req-10864bb9-157b-4e49-899a-981f7cb35683 req-10864bb9-157b-4e49-899a-981f7cb35683 ] Request (FlavorsAccessTestJSON:_run_cleanups): 202 DELETE http://10.180.1.21/compute/v2.1/flavors/613160305 0.891s
2025-03-06 11:47:33.907 68499 INFO tempest.lib.common.rest_client [req-92a7cf28-51fe-437d-9db5-4fa409b0ece8 req-92a7cf28-51fe-437d-9db5-4fa409b0ece8 ] Request (HypervisorAdminNegativeTestJSON:tearDownClass): 204 DELETE http://10.180.1.21/identity/v3/users/d17fb8516e8a4a5cb090f29a23f4de65 0.187s
2025-03-06 11:47:33.907 68499 INFO tempest.lib.common.dynamic_creds [-] Deleting project and security group for project: 8bfc8c5167aa48d09ca679633741f656
2025-03-06 11:47:33.913 68485 INFO tempest.lib.common.rest_client [req-f3a19af4-a0b7-4623-a889-9387c0662556 req-f3a19af4-a0b7-4623-a889-9387c0662556 ] Request (SecurityGroupsTestAdminJSON:_run_cleanups): 202 DELETE http://10.180.1.21/compute/v2.1/os-security-groups/3d8fa5e6-df47-475b-a87e-4be9f565f8a4 2.166s
2025-03-06 11:47:33.977 68505 INFO tempest.lib.common.rest_client [req-53fb458e-7543-49b1-b00b-09cd0f7b39d5 req-53fb458e-7543-49b1-b00b-09cd0f7b39d5 ] Request (ServerExternalEventsTest:setUpClass): 201 POST http://10.180.1.21/identity/v3/auth/tokens 0.257s
2025-03-06 11:47:33.982 68453 INFO tempest.lib.common.rest_client [req-914b7f9b-56f5-4a18-ae6a-15102082ad6b req-914b7f9b-56f5-4a18-ae6a-15102082ad6b ] Request (HostsAdminTestJSON:setUpClass): 200 GET http://10.180.1.21/identity/v3/roles 0.200s
2025-03-06 11:47:33.986 68447 INFO tempest.lib.common.rest_client [req-00a17c21-fd2e-40a1-9d86-ad08af62ee26 req-00a17c21-fd2e-40a1-9d86-ad08af62ee26 ] Request (ImagesOneServerNegativeTestJSON:setUpClass): 200 GET http://10.180.1.21/compute/v2.1/servers/ed2bca2e-9fe5-417b-a455-c997b75d3cdc 0.690s
2025-03-06 11:47:34.001 68463 INFO tempest.lib.common.rest_client [req-20ed2824-2282-4c6b-b706-62c6ddce81fa req-20ed2824-2282-4c6b-b706-62c6ddce81fa ] Request (ServersAdminTestJSON:setUpClass): 201 POST http://10.180.1.21:9696/networking/v2.0/routers 1.474s
2025-03-06 11:47:34.010 68473 INFO tempest.lib.common.rest_client [req-8038986e-2144-4f07-b4b1-c512842592d8 req-8038986e-2144-4f07-b4b1-c512842592d8 ] Request (FlavorsExtraSpecsTestJSON:test_flavor_set_get_update_show_unset_keys): 200 DELETE http://10.180.1.21/compute/v2.1/flavors/635859211/os-extra_specs/hw:numa_nodes 0.696s
2025-03-06 11:47:34.020 68493 INFO tempest.lib.common.rest_client [req-e3f06762-bf89-46f5-8c55-b7496ff742ca req-e3f06762-bf89-46f5-8c55-b7496ff742ca ] Request (HostsAdminNegativeTestJSON:test_startup_nonexistent_host): 404 GET http://10.180.1.21/compute/v2.1/os-hosts/nonexistent_hostname/startup 0.698s
2025-03-06 11:47:34.034 68481 INFO tempest.lib.common.rest_client [req-6f785d4d-7c2e-4fdc-b78e-b1f684c5edf4 req-6f785d4d-7c2e-4fdc-b78e-b1f684c5edf4 ] Request (FloatingIPsAssociationNegativeTestJSON:setUpClass): 204 PUT http://10.180.1.21/identity/v3/projects/98a62bc7b9d041f7bd3ec7c3be7cb7a8/users/003d828b66f042ecbb0d7d5a8b76ae72/roles/890505dc56104183aa955be6ebbb7be1 0.217s
2025-03-06 11:47:34.035 68481 INFO tempest.lib.common.dynamic_creds [-] Dynamic test user 003d828b66f042ecbb0d7d5a8b76ae72 is created with scope project and roles: ['member']
2025-03-06 11:47:34.035 68481 INFO tempest.lib.common.dynamic_creds [-] Acquired dynamic creds: credentials: Credentials: {'domain_id': 'default', 'domain_name': 'Default', 'username': 'tempest-FloatingIPsAssociationNegativeTestJSON-1823903543-project-member', 'project_domain_id': 'default', 'project_domain_name': 'Default', 'project_id': '98a62bc7b9d041f7bd3ec7c3be7cb7a8', 'project_name': 'tempest-FloatingIPsAssociationNegativeTestJSON-1823903543', 'tenant_id': '98a62bc7b9d041f7bd3ec7c3be7cb7a8', 'tenant_name': 'tempest-FloatingIPsAssociationNegativeTestJSON-1823903543', 'user_domain_id': 'default', 'user_domain_name': 'Default', 'user_id': '003d828b66f042ecbb0d7d5a8b76ae72', 'system': None}, Network: None, Subnet: None, Router: None
2025-03-06 11:47:34.095 68467 INFO tempest.lib.common.rest_client [req-7db83fac-fcc7-43b2-8fa0-c4969912d9bb req-7db83fac-fcc7-43b2-8fa0-c4969912d9bb ] Request (HypervisorAdminUnderV252Test:tearDownClass): 201 POST http://10.180.1.21/identity/v3/auth/tokens 0.197s
2025-03-06 11:47:34.104 68492 INFO tempest.lib.common.rest_client [req-101e17ce-473f-4540-a4cc-4b4dbe19446b req-101e17ce-473f-4540-a4cc-4b4dbe19446b ] Request (TenantUsagesTestJSON:setUpClass): 200 GET http://10.180.1.21/compute/v2.1/servers/b41f7d30-bbc6-4c5d-9f58-05348ec36606 1.090s
2025-03-06 11:47:34.112 68455 INFO tempest.lib.common.rest_client [req-51a252cc-b7b2-499f-882e-b9dd03a0ce1f req-51a252cc-b7b2-499f-882e-b9dd03a0ce1f ] Request (ListImageFiltersTestJSON:setUpClass): 201 POST http://10.180.1.21/image/v2/images 1.210s
2025-03-06 11:47:34.115 68499 INFO tempest.lib.common.rest_client [req-7752c292-4506-4dc4-ac25-dc8fa4fda91f req-7752c292-4506-4dc4-ac25-dc8fa4fda91f ] Request (HypervisorAdminNegativeTestJSON:tearDownClass): 201 POST http://10.180.1.21/identity/v3/auth/tokens 0.206s
2025-03-06 11:47:34.129 68505 INFO tempest.lib.common.rest_client [req-04273cd2-6d75-4e60-aa23-567e9a437a89 req-04273cd2-6d75-4e60-aa23-567e9a437a89 ] Request (ServerExternalEventsTest:setUpClass): 200 GET http://10.180.1.21/identity/v3/domains?name=Default 0.151s
2025-03-06 11:47:34.149 68453 INFO tempest.lib.common.rest_client [req-22075d58-2093-447f-9c10-c6e1b9663c87 req-22075d58-2093-447f-9c10-c6e1b9663c87 ] Request (HostsAdminTestJSON:setUpClass): 204 PUT http://10.180.1.21/identity/v3/projects/cfa9e655b6304a259e53b4035b0a5f15/users/e8ef2e56842445b9a47cc4b8ffdb676f/roles/19552e36b1ae4d4aa6802f68c034840f 0.166s
2025-03-06 11:47:34.195 68481 INFO tempest.lib.common.rest_client [req-b65f53aa-afbc-41a6-835d-a4e2651aac62 req-b65f53aa-afbc-41a6-835d-a4e2651aac62 ] Request (FloatingIPsAssociationNegativeTestJSON:setUpClass): 201 POST http://10.180.1.21/identity/v3/auth/tokens 0.160s
2025-03-06 11:47:34.228 68453 INFO tempest.lib.common.rest_client [req-7ab526e9-60f3-4b34-bbc7-edf3f55d5cba req-7ab526e9-60f3-4b34-bbc7-edf3f55d5cba ] Request (HostsAdminTestJSON:setUpClass): 200 GET http://10.180.1.21/identity/v3/roles 0.079s
2025-03-06 11:47:34.229 68505 INFO tempest.lib.common.rest_client [req-f28da84d-b2ba-437d-b387-3e10ab85bdee req-f28da84d-b2ba-437d-b387-3e10ab85bdee ] Request (ServerExternalEventsTest:setUpClass): 201 POST http://10.180.1.21/identity/v3/projects 0.100s
2025-03-06 11:47:34.290 68449 INFO tempest.lib.common.rest_client [req-44e38996-6ded-45e4-a267-b6cf197f074a req-44e38996-6ded-45e4-a267-b6cf197f074a ] Request (ValidationResourcesFixture:setUp): 201 POST http://10.180.1.21:9696/networking/v2.0/security-groups 0.411s
2025-03-06 11:47:34.295 68461 INFO tempest.lib.common.rest_client [req-ced75fbe-9714-473b-84ed-b450d78485be req-ced75fbe-9714-473b-84ed-b450d78485be ] Request (MigrationsAdminTest:test_list_migrations_in_flavor_resize_situation): 200 GET http://10.180.1.21/compute/v2.1/servers/3a2b3377-72ea-4d06-9b48-e82757055254 0.973s
2025-03-06 11:47:34.311 68503 INFO tempest.lib.common.rest_client [req-f7369bb9-2d66-40a5-b9a1-d1cd2a1eb15e req-f7369bb9-2d66-40a5-b9a1-d1cd2a1eb15e ] Request (FlavorsAccessNegativeTestJSON:_run_cleanups): 202 DELETE http://10.180.1.21/compute/v2.1/flavors/304896633 0.941s
2025-03-06 11:47:34.329 68443 INFO tempest.lib.common.rest_client [req-2ad73221-633a-4067-a904-ee72b20c0b76 req-2ad73221-633a-4067-a904-ee72b20c0b76 ] Request (FlavorsExtraSpecsNegativeTestJSON:tearDownClass): 202 DELETE http://10.180.1.21/compute/v2.1/flavors/1396935676 0.940s
2025-03-06 11:47:34.344 68505 INFO tempest.lib.common.rest_client [req-53be3851-182a-40c9-ba80-8fe393808a10 req-53be3851-182a-40c9-ba80-8fe393808a10 ] Request (ServerExternalEventsTest:setUpClass): 201 POST http://10.180.1.21/identity/v3/users 0.115s
2025-03-06 11:47:34.356 68465 INFO tempest.lib.common.rest_client [req-6823a5a6-0450-48e2-b25d-84ff5d32652e req-6823a5a6-0450-48e2-b25d-84ff5d32652e ] Request (KeyPairsNegativeTestJSON:test_create_keypair_with_empty_public_key): 400 POST http://10.180.1.21/compute/v2.1/os-keypairs 0.965s
2025-03-06 11:47:34.365 68459 INFO tempest.lib.common.rest_client [req-e5cbd5f3-2cdd-4e3e-b17a-b85258ee4930 req-e5cbd5f3-2cdd-4e3e-b17a-b85258ee4930 ] Request (QuotasAdminTestJSON:test_delete_quota): 200 GET http://10.180.1.21/compute/v2.1/os-quota-sets/4d5c705e40c749e6ad036e8b39a76b3c 1.012s
2025-03-06 11:47:34.365 68453 INFO tempest.lib.common.rest_client [req-5f4cde5a-0254-424b-8bab-2c57f1f1a57c req-5f4cde5a-0254-424b-8bab-2c57f1f1a57c ] Request (HostsAdminTestJSON:setUpClass): 204 PUT http://10.180.1.21/identity/v3/projects/cfa9e655b6304a259e53b4035b0a5f15/users/e8ef2e56842445b9a47cc4b8ffdb676f/roles/19552e36b1ae4d4aa6802f68c034840f 0.136s
2025-03-06 11:47:34.366 68453 INFO tempest.lib.common.dynamic_creds [-] Dynamic test user e8ef2e56842445b9a47cc4b8ffdb676f is created with scope project and roles: ['admin']
2025-03-06 11:47:34.366 68453 INFO tempest.lib.common.dynamic_creds [-] Acquired dynamic creds: credentials: Credentials: {'domain_id': 'default', 'domain_name': 'Default', 'username': 'tempest-HostsAdminTestJSON-203890633-project-admin', 'project_domain_id': 'default', 'project_domain_name': 'Default', 'project_id': 'cfa9e655b6304a259e53b4035b0a5f15', 'project_name': 'tempest-HostsAdminTestJSON-203890633', 'tenant_id': 'cfa9e655b6304a259e53b4035b0a5f15', 'tenant_name': 'tempest-HostsAdminTestJSON-203890633', 'user_domain_id': 'default', 'user_domain_name': 'Default', 'user_id': 'e8ef2e56842445b9a47cc4b8ffdb676f', 'system': None}, Network: None, Subnet: None, Router: None
2025-03-06 11:47:34.366 68453 INFO tempest.lib.common.dynamic_creds [-] Created isolated network resources for: credentials: Credentials: {'domain_id': 'default', 'domain_name': 'Default', 'username': 'tempest-HostsAdminTestJSON-203890633-project-admin', 'project_domain_id': 'default', 'project_domain_name': 'Default', 'project_id': 'cfa9e655b6304a259e53b4035b0a5f15', 'project_name': 'tempest-HostsAdminTestJSON-203890633', 'tenant_id': 'cfa9e655b6304a259e53b4035b0a5f15', 'tenant_name': 'tempest-HostsAdminTestJSON-203890633', 'user_domain_id': 'default', 'user_domain_name': 'Default', 'user_id': 'e8ef2e56842445b9a47cc4b8ffdb676f', 'system': None}, Network: None, Subnet: None, Router: None
2025-03-06 11:47:34.376 68483 INFO tempest.lib.common.rest_client [req-30b7f9be-5ec2-4d6d-a820-c9058810e419 req-30b7f9be-5ec2-4d6d-a820-c9058810e419 ] Request (KeyPairsV2TestJSON:test_keypairs_create_list_delete): 200 GET http://10.180.1.21/compute/v2.1/os-keypairs 0.926s
2025-03-06 11:47:34.382 68505 INFO tempest.lib.common.rest_client [req-561ca7ac-d521-4037-9740-0d9db6ab05a6 req-561ca7ac-d521-4037-9740-0d9db6ab05a6 ] Request (ServerExternalEventsTest:setUpClass): 200 GET http://10.180.1.21/identity/v3/roles 0.037s
2025-03-06 11:47:34.458 68467 INFO tempest.lib.common.rest_client [req-ebaf59ee-3692-4a16-b6a6-18f9ce6dd7f2 req-ebaf59ee-3692-4a16-b6a6-18f9ce6dd7f2 ] Request (HypervisorAdminUnderV252Test:tearDownClass): 200 GET http://10.180.1.21:9696/networking/v2.0/security-groups?tenant_id=8d9ccc2e18114a67af36f3ec6265f820&name=default 0.363s
2025-03-06 11:47:34.461 68453 INFO tempest.lib.common.rest_client [req-e1b304e3-2238-4701-9aa5-b2c0f2d33efe req-e1b304e3-2238-4701-9aa5-b2c0f2d33efe ] Request (HostsAdminTestJSON:setUpClass): 201 POST http://10.180.1.21/identity/v3/auth/tokens 0.093s
2025-03-06 11:47:34.484 68499 INFO tempest.lib.common.rest_client [req-0106e9d1-4d40-4f2a-864e-db69126d0d1c req-0106e9d1-4d40-4f2a-864e-db69126d0d1c ] Request (HypervisorAdminNegativeTestJSON:tearDownClass): 200 GET http://10.180.1.21:9696/networking/v2.0/security-groups?tenant_id=8bfc8c5167aa48d09ca679633741f656&name=default 0.369s
2025-03-06 11:47:34.522 68459 INFO tempest.lib.common.rest_client [req-9ec66610-2b70-4abb-b952-42ae68ce3288 req-9ec66610-2b70-4abb-b952-42ae68ce3288 ] Request (QuotasAdminTestJSON:_run_cleanups): 204 DELETE http://10.180.1.21/identity/v3/projects/4d5c705e40c749e6ad036e8b39a76b3c 0.153s
2025-03-06 11:47:34.553 68457 INFO tempest.lib.common.rest_client [req-a7181157-2ce1-4054-9ec1-6b1ac13480d6 req-a7181157-2ce1-4054-9ec1-6b1ac13480d6 ] Request (ImagesMetadataTestJSON:setUp): 200 PUT http://10.180.1.21/compute/v2.1/images/f4f7cb2a-88c4-4b48-8c29-124f18532a4f/metadata 1.085s
2025-03-06 11:47:34.554 68505 INFO tempest.lib.common.rest_client [req-37e9e951-7961-434b-9172-60056469662c req-37e9e951-7961-434b-9172-60056469662c ] Request (ServerExternalEventsTest:setUpClass): 204 PUT http://10.180.1.21/identity/v3/projects/8ec193b4d5194af1b9a5e4e61c329fa0/users/4d61a0694e1b4cdc8b79fb16e15d5a23/roles/890505dc56104183aa955be6ebbb7be1 0.171s
2025-03-06 11:47:34.554 68505 INFO tempest.lib.common.dynamic_creds [-] Dynamic test user 4d61a0694e1b4cdc8b79fb16e15d5a23 is created with scope project and roles: ['member']
2025-03-06 11:47:34.554 68505 INFO tempest.lib.common.dynamic_creds [-] Acquired dynamic creds: credentials: Credentials: {'domain_id': 'default', 'domain_name': 'Default', 'username': 'tempest-ServerExternalEventsTest-2005062506-project-member', 'project_domain_id': 'default', 'project_domain_name': 'Default', 'project_id': '8ec193b4d5194af1b9a5e4e61c329fa0', 'project_name': 'tempest-ServerExternalEventsTest-2005062506', 'tenant_id': '8ec193b4d5194af1b9a5e4e61c329fa0', 'tenant_name': 'tempest-ServerExternalEventsTest-2005062506', 'user_domain_id': 'default', 'user_domain_name': 'Default', 'user_id': '4d61a0694e1b4cdc8b79fb16e15d5a23', 'system': None}, Network: None, Subnet: None, Router: None
2025-03-06 11:47:34.554 68505 INFO tempest.lib.common.dynamic_creds [-] Created isolated network resources for: credentials: Credentials: {'domain_id': 'default', 'domain_name': 'Default', 'username': 'tempest-ServerExternalEventsTest-2005062506-project-member', 'project_domain_id': 'default', 'project_domain_name': 'Default', 'project_id': '8ec193b4d5194af1b9a5e4e61c329fa0', 'project_name': 'tempest-ServerExternalEventsTest-2005062506', 'tenant_id': '8ec193b4d5194af1b9a5e4e61c329fa0', 'tenant_name': 'tempest-ServerExternalEventsTest-2005062506', 'user_domain_id': 'default', 'user_domain_name': 'Default', 'user_id': '4d61a0694e1b4cdc8b79fb16e15d5a23', 'system': None}, Network: None, Subnet: None, Router: None
2025-03-06 11:47:34.586 68451 INFO tempest.lib.common.rest_client [req-302ade78-d700-4ea6-bcd9-1048e76175c6 req-302ade78-d700-4ea6-bcd9-1048e76175c6 ] Request (AggregatesAdminNegativeTestJSON:_run_cleanups): 200 DELETE http://10.180.1.21/compute/v2.1/os-aggregates/3 1.116s
2025-03-06 11:47:34.634 68505 INFO tempest.lib.common.rest_client [req-765b4020-0ec8-4479-b2ee-1fcb8cbddbc2 req-765b4020-0ec8-4479-b2ee-1fcb8cbddbc2 ] Request (ServerExternalEventsTest:setUpClass): 201 POST http://10.180.1.21/identity/v3/auth/tokens 0.077s
2025-03-06 11:47:34.676 68449 INFO tempest.lib.common.rest_client [req-40675b25-e557-43b0-9f14-5cb1f34d3f08 req-40675b25-e557-43b0-9f14-5cb1f34d3f08 ] Request (ValidationResourcesFixture:setUp): 201 POST http://10.180.1.21:9696/networking/v2.0/security-group-rules 0.384s
2025-03-06 11:47:34.705 68469 INFO tempest.lib.common.rest_client [req-80da8d80-6fb1-47d9-bbb9-1d87e62abbe2 req-80da8d80-6fb1-47d9-bbb9-1d87e62abbe2 ] Request (VolumesAdminNegativeTest:setUpClass): 200 PUT http://10.180.1.21:9696/networking/v2.0/routers/01bb0b97-ae79-47c7-b8e6-69e019660d92/add_router_interface 1.941s
2025-03-06 11:47:34.705 68469 INFO tempest.lib.common.dynamic_creds [-] Created isolated network resources for: credentials: Credentials: {'domain_id': 'default', 'domain_name': 'Default', 'username': 'tempest-VolumesAdminNegativeTest-137355522-project-admin', 'project_domain_id': 'default', 'project_domain_name': 'Default', 'project_id': '7a416bc4e52648bfaf8bd6a016542320', 'project_name': 'tempest-VolumesAdminNegativeTest-137355522', 'tenant_id': '7a416bc4e52648bfaf8bd6a016542320', 'tenant_name': 'tempest-VolumesAdminNegativeTest-137355522', 'user_domain_id': 'default', 'user_domain_name': 'Default', 'user_id': '340279c3b46645399d9bc74172c0b1f5', 'system': None}, Network: {'id': '71e9a14e-6763-4f02-8cb1-4a4bb914fff4', 'name': 'tempest-VolumesAdminNegativeTest-679763237-network', 'tenant_id': '7a416bc4e52648bfaf8bd6a016542320', 'admin_state_up': True, 'mtu': 8950, 'status': 'ACTIVE', 'subnets': [], 'shared': False, 'project_id': '7a416bc4e52648bfaf8bd6a016542320', 'port_security_enabled': True, 'router:external': False, 'provider:network_type': 'vlan', 'provider:physical_network': 'default', 'provider:segmentation_id': 183, 'availability_zone_hints': [], 'availability_zones': [], 'ipv4_address_scope': None, 'ipv6_address_scope': None, 'description': '', 'tags': [], 'created_at': '2025-03-06T11:47:31Z', 'updated_at': '2025-03-06T11:47:31Z', 'revision_number': 1}, Subnet: {'id': 'e064a41b-6e86-4eff-9c1b-bac97709aa3e', 'name': 'tempest-VolumesAdminNegativeTest-679763237-subnet', 'tenant_id': '7a416bc4e52648bfaf8bd6a016542320', 'network_id': '71e9a14e-6763-4f02-8cb1-4a4bb914fff4', 'ip_version': 4, 'subnetpool_id': None, 'enable_dhcp': True, 'ipv6_ra_mode': None, 'ipv6_address_mode': None, 'gateway_ip': '192.168.128.1', 'cidr': '192.168.128.0/28', 'allocation_pools': [{'start': '192.168.128.2', 'end': '192.168.128.14'}], 'host_routes': [], 'dns_nameservers': [], 'description': '', 'router:external': False, 'service_types': [], 'tags': [], 'created_at': '2025-03-06T11:47:31Z', 'updated_at': '2025-03-06T11:47:31Z', 'revision_number': 0, 'project_id': '7a416bc4e52648bfaf8bd6a016542320'}, Router: {'id': '01bb0b97-ae79-47c7-b8e6-69e019660d92', 'name': 'tempest-VolumesAdminNegativeTest-679763237-router', 'tenant_id': '7a416bc4e52648bfaf8bd6a016542320', 'admin_state_up': True, 'status': 'ACTIVE', 'external_gateway_info': {'network_id': '91775354-2aae-47be-ba53-a2ea92393363', 'external_fixed_ips': [{'subnet_id': '254e9e83-0ea8-4b5b-8e52-3dcd2c7530af', 'ip_address': '10.180.180.231'}], 'enable_snat': True}, 'description': '', 'availability_zones': [], 'distributed': False, 'ha': False, 'availability_zone_hints': [], 'routes': [], 'flavor_id': None, 'tags': [], 'created_at': '2025-03-06T11:47:31Z', 'updated_at': '2025-03-06T11:47:32Z', 'revision_number': 2, 'project_id': '7a416bc4e52648bfaf8bd6a016542320'}
2025-03-06 11:47:34.717 68505 INFO tempest.lib.common.rest_client [req-68e6a7dc-faba-4e74-ae50-8508a0ec5f36 req-68e6a7dc-faba-4e74-ae50-8508a0ec5f36 ] Request (ServerExternalEventsTest:setUpClass): 201 POST http://10.180.1.21/identity/v3/projects 0.083s
2025-03-06 11:47:34.765 68467 INFO tempest.lib.common.rest_client [req-7eb8f5bc-1e9b-4239-81fb-dac9e0db2432 req-7eb8f5bc-1e9b-4239-81fb-dac9e0db2432 ] Request (HypervisorAdminUnderV252Test:tearDownClass): 204 DELETE http://10.180.1.21:9696/networking/v2.0/security-groups/d639de71-dd4a-4ce0-9b60-bd97c9907e3b 0.306s
2025-03-06 11:47:34.788 68499 INFO tempest.lib.common.rest_client [req-2b14687c-e7b5-4f6b-9977-b916a8efbf1b req-2b14687c-e7b5-4f6b-9977-b916a8efbf1b ] Request (HypervisorAdminNegativeTestJSON:tearDownClass): 204 DELETE http://10.180.1.21:9696/networking/v2.0/security-groups/47d31996-75bf-4d23-b466-9bbb4179f9df 0.303s
2025-03-06 11:47:34.788 68505 INFO tempest.lib.common.rest_client [req-91bd760e-7525-4ef4-b706-fa9e834b5e8a req-91bd760e-7525-4ef4-b706-fa9e834b5e8a ] Request (ServerExternalEventsTest:setUpClass): 201 POST http://10.180.1.21/identity/v3/users 0.071s
2025-03-06 11:47:34.799 68469 INFO tempest.lib.common.rest_client [req-e477a709-5206-4195-909b-9c6b10ccece7 req-e477a709-5206-4195-909b-9c6b10ccece7 ] Request (VolumesAdminNegativeTest:setUpClass): 201 POST http://10.180.1.21/identity/v3/auth/tokens 0.092s
2025-03-06 11:47:34.845 68467 INFO tempest.lib.common.rest_client [req-14f24551-bf17-4362-87a9-2d9dc127faab req-14f24551-bf17-4362-87a9-2d9dc127faab ] Request (HypervisorAdminUnderV252Test:tearDownClass): 204 DELETE http://10.180.1.21/identity/v3/projects/8d9ccc2e18114a67af36f3ec6265f820 0.080s
2025-03-06 11:47:34.846 68467 INFO tempest.lib.common.dynamic_creds [-] Deleting project and security group for project: 51d84858582c4ecd94b06eb60962f8de
2025-03-06 11:47:34.856 68499 INFO tempest.lib.common.rest_client [req-0ee203de-2f13-4d0c-80d2-6d59f1290d74 req-0ee203de-2f13-4d0c-80d2-6d59f1290d74 ] Request (HypervisorAdminNegativeTestJSON:tearDownClass): 204 DELETE http://10.180.1.21/identity/v3/projects/8bfc8c5167aa48d09ca679633741f656 0.067s
2025-03-06 11:47:34.856 68499 INFO tempest.lib.common.dynamic_creds [-] Deleting project and security group for project: e04aed2f98bf41feac8a631db8cc4d58
2025-03-06 11:47:34.907 68445 INFO tempest.lib.common.rest_client [req-4e6d96a8-fad0-4276-9ac8-d0bd1244f55d req-4e6d96a8-fad0-4276-9ac8-d0bd1244f55d ] Request (SecurityGroupRulesNegativeTestJSON:test_create_security_group_rule_with_invalid_ip_protocol): 200 POST http://10.180.1.21/compute/v2.1/os-security-groups 1.313s
2025-03-06 11:47:34.912 68449 INFO tempest.lib.common.rest_client [req-58f8fb70-b9d5-4c73-96bc-554649507f9c req-58f8fb70-b9d5-4c73-96bc-554649507f9c ] Request (ValidationResourcesFixture:setUp): 201 POST http://10.180.1.21:9696/networking/v2.0/security-group-rules 0.235s
2025-03-06 11:47:34.930 68505 INFO tempest.lib.common.rest_client [req-044b657f-af19-4335-974b-e24d26ca023f req-044b657f-af19-4335-974b-e24d26ca023f ] Request (ServerExternalEventsTest:setUpClass): 200 GET http://10.180.1.21/identity/v3/roles 0.140s
2025-03-06 11:47:34.946 68481 INFO tempest.lib.common.rest_client [req-91374045-4637-4026-9029-912bc9700844 req-91374045-4637-4026-9029-912bc9700844 ] Request (FloatingIPsAssociationNegativeTestJSON:setUpClass): 201 POST http://10.180.1.21:9696/networking/v2.0/networks 0.750s
2025-03-06 11:47:34.961 68505 INFO tempest.lib.common.rest_client [req-37eaa904-25a3-46c5-95fe-c937105c818f req-37eaa904-25a3-46c5-95fe-c937105c818f ] Request (ServerExternalEventsTest:setUpClass): 204 PUT http://10.180.1.21/identity/v3/projects/1f7df39c7ea84052b2b99da9a539fb4a/users/61af71466e4c488eb3586c2a3e21ad23/roles/19552e36b1ae4d4aa6802f68c034840f 0.031s
2025-03-06 11:47:35.016 68505 INFO tempest.lib.common.rest_client [req-f5dd2ee7-c09b-4660-a780-d38f2c151adb req-f5dd2ee7-c09b-4660-a780-d38f2c151adb ] Request (ServerExternalEventsTest:setUpClass): 200 GET http://10.180.1.21/identity/v3/roles 0.054s
2025-03-06 11:47:35.035 68505 INFO tempest.lib.common.rest_client [req-bf7f15ce-162e-4d97-a114-97e39289e5ab req-bf7f15ce-162e-4d97-a114-97e39289e5ab ] Request (ServerExternalEventsTest:setUpClass): 204 PUT http://10.180.1.21/identity/v3/projects/1f7df39c7ea84052b2b99da9a539fb4a/users/61af71466e4c488eb3586c2a3e21ad23/roles/19552e36b1ae4d4aa6802f68c034840f 0.019s
2025-03-06 11:47:35.036 68505 INFO tempest.lib.common.dynamic_creds [-] Dynamic test user 61af71466e4c488eb3586c2a3e21ad23 is created with scope project and roles: ['admin']
2025-03-06 11:47:35.036 68505 INFO tempest.lib.common.dynamic_creds [-] Acquired dynamic creds: credentials: Credentials: {'domain_id': 'default', 'domain_name': 'Default', 'username': 'tempest-ServerExternalEventsTest-1967140297-project-admin', 'project_domain_id': 'default', 'project_domain_name': 'Default', 'project_id': '1f7df39c7ea84052b2b99da9a539fb4a', 'project_name': 'tempest-ServerExternalEventsTest-1967140297', 'tenant_id': '1f7df39c7ea84052b2b99da9a539fb4a', 'tenant_name': 'tempest-ServerExternalEventsTest-1967140297', 'user_domain_id': 'default', 'user_domain_name': 'Default', 'user_id': '61af71466e4c488eb3586c2a3e21ad23', 'system': None}, Network: None, Subnet: None, Router: None
2025-03-06 11:47:35.036 68505 INFO tempest.lib.common.dynamic_creds [-] Created isolated network resources for: credentials: Credentials: {'domain_id': 'default', 'domain_name': 'Default', 'username': 'tempest-ServerExternalEventsTest-1967140297-project-admin', 'project_domain_id': 'default', 'project_domain_name': 'Default', 'project_id': '1f7df39c7ea84052b2b99da9a539fb4a', 'project_name': 'tempest-ServerExternalEventsTest-1967140297', 'tenant_id': '1f7df39c7ea84052b2b99da9a539fb4a', 'tenant_name': 'tempest-ServerExternalEventsTest-1967140297', 'user_domain_id': 'default', 'user_domain_name': 'Default', 'user_id': '61af71466e4c488eb3586c2a3e21ad23', 'system': None}, Network: None, Subnet: None, Router: None
2025-03-06 11:47:35.081 68499 INFO tempest.lib.common.rest_client [req-3f11e5b5-52f3-4a85-877e-65993ba39af7 req-3f11e5b5-52f3-4a85-877e-65993ba39af7 ] Request (HypervisorAdminNegativeTestJSON:tearDownClass): 200 GET http://10.180.1.21:9696/networking/v2.0/security-groups?tenant_id=e04aed2f98bf41feac8a631db8cc4d58&name=default 0.225s
2025-03-06 11:47:35.113 68505 INFO tempest.lib.common.rest_client [req-6c6268db-5032-4498-b740-53904e75b3d3 req-6c6268db-5032-4498-b740-53904e75b3d3 ] Request (ServerExternalEventsTest:setUpClass): 201 POST http://10.180.1.21/identity/v3/auth/tokens 0.074s
2025-03-06 11:47:35.143 68471 INFO tempest.lib.common.rest_client [req-36f5e05e-752c-4480-8285-456d1e20b8cf req-36f5e05e-752c-4480-8285-456d1e20b8cf ] Request (ServersAdmin275Test:test_rebuild_update_server_275): 202 POST http://10.180.1.21/compute/v2.1/servers 1.513s
2025-03-06 11:47:35.173 68477 INFO tempest.lib.common.rest_client [req-9d0104e4-ced7-4d27-aeaf-10ffe73f5460 req-9d0104e4-ced7-4d27-aeaf-10ffe73f5460 ] Request (FlavorsAccessTestJSON:_run_cleanups): 200 GET http://10.180.1.21/compute/v2.1/flavors/detail 1.273s
2025-03-06 11:47:35.195 68505 INFO tempest.lib.common.rest_client [req-45cce8f2-8db6-404c-9b3b-11943f5e73bd req-45cce8f2-8db6-404c-9b3b-11943f5e73bd ] Request (ServerExternalEventsTest:setUpClass): 201 POST http://10.180.1.21/identity/v3/projects 0.082s
2025-03-06 11:47:35.284 68505 INFO tempest.lib.common.rest_client [req-3bc8620b-c469-4dba-9b61-8092cb8dc630 req-3bc8620b-c469-4dba-9b61-8092cb8dc630 ] Request (ServerExternalEventsTest:setUpClass): 201 POST http://10.180.1.21/identity/v3/users 0.088s
2025-03-06 11:47:35.329 68477 INFO tempest.lib.common.rest_client [req-95c5a74c-a1dd-457b-9f45-349083061474 req-95c5a74c-a1dd-457b-9f45-349083061474 ] Request (FlavorsAccessTestJSON:tearDownClass): 204 DELETE http://10.180.1.21/identity/v3/users/585a22bd20b94257b7819f21ba5c7b6e 0.147s
2025-03-06 11:47:35.366 68499 INFO tempest.lib.common.rest_client [req-85048d38-6daa-44f7-8eb7-e06cedd5ee04 req-85048d38-6daa-44f7-8eb7-e06cedd5ee04 ] Request (HypervisorAdminNegativeTestJSON:tearDownClass): 204 DELETE http://10.180.1.21:9696/networking/v2.0/security-groups/2a5c632b-84e5-42d0-bdb0-18898ba2bd37 0.284s
2025-03-06 11:47:35.402 68505 INFO tempest.lib.common.rest_client [req-e16674d2-afe4-4475-bb9e-30d13059e439 req-e16674d2-afe4-4475-bb9e-30d13059e439 ] Request (ServerExternalEventsTest:setUpClass): 200 GET http://10.180.1.21/identity/v3/roles 0.117s
2025-03-06 11:47:35.435 68481 INFO tempest.lib.common.rest_client [req-5805d644-5741-4ea7-83e6-f64578a89d3d req-5805d644-5741-4ea7-83e6-f64578a89d3d ] Request (FloatingIPsAssociationNegativeTestJSON:setUpClass): 201 POST http://10.180.1.21:9696/networking/v2.0/subnets 0.488s
2025-03-06 11:47:35.456 68485 INFO tempest.lib.common.rest_client [req-a2e0767d-118a-44b4-8849-1c85d59e501e req-a2e0767d-118a-44b4-8849-1c85d59e501e ] Request (SecurityGroupsTestAdminJSON:_run_cleanups): 202 DELETE http://10.180.1.21/compute/v2.1/os-security-groups/89e2ed1d-70c7-4193-bcb3-7bad7ace5a19 1.542s
2025-03-06 11:47:35.458 68467 INFO tempest.lib.common.rest_client [req-b7a869ec-d9bf-4712-ac3f-d671753903df req-b7a869ec-d9bf-4712-ac3f-d671753903df ] Request (HypervisorAdminUnderV252Test:tearDownClass): 200 GET http://10.180.1.21:9696/networking/v2.0/security-groups?tenant_id=51d84858582c4ecd94b06eb60962f8de&name=default 0.611s
2025-03-06 11:47:35.485 68473 INFO tempest.lib.common.rest_client [req-d33f25ee-5215-4616-b85c-3d6a1f4dcbb1 req-d33f25ee-5215-4616-b85c-3d6a1f4dcbb1 ] Request (FlavorsExtraSpecsTestJSON:test_flavor_set_get_update_show_unset_keys): 200 DELETE http://10.180.1.21/compute/v2.1/flavors/635859211/os-extra_specs/hw:cpu_policy 1.475s
2025-03-06 11:47:35.491 68493 INFO tempest.lib.common.rest_client [req-7732b3d2-6f1e-4348-9338-464090daeabf req-7732b3d2-6f1e-4348-9338-464090daeabf ] Request (HostsAdminNegativeTestJSON:test_update_host_with_invalid_maintenance_mode): 400 PUT http://10.180.1.21/compute/v2.1/os-hosts/devstack 1.469s
2025-03-06 11:47:35.495 68477 INFO tempest.lib.common.rest_client [req-44d096c4-e0e1-4b38-8306-d9cae2bf0eed req-44d096c4-e0e1-4b38-8306-d9cae2bf0eed ] Request (FlavorsAccessTestJSON:tearDownClass): 204 DELETE http://10.180.1.21/identity/v3/users/fd4ff9b7b5e04e1da42ecb9460e76f44 0.164s
2025-03-06 11:47:35.496 68477 INFO tempest.lib.common.dynamic_creds [-] Deleting project and security group for project: 245f07958fdf4a24a67f3c5fe5ee1538
2025-03-06 11:47:35.601 68505 INFO tempest.lib.common.rest_client [req-02fef1a0-0f83-4c6f-9a8b-7569e2f4ad4c req-02fef1a0-0f83-4c6f-9a8b-7569e2f4ad4c ] Request (ServerExternalEventsTest:setUpClass): 204 PUT http://10.180.1.21/identity/v3/projects/e8dd694f5903418fab842ff37568dbc3/users/421072d3c88d4f8797e8300eb2311517/roles/19552e36b1ae4d4aa6802f68c034840f 0.198s
2025-03-06 11:47:35.626 68499 INFO tempest.lib.common.rest_client [req-2b3592c4-a957-4626-8539-f1fa3d3754ae req-2b3592c4-a957-4626-8539-f1fa3d3754ae ] Request (HypervisorAdminNegativeTestJSON:tearDownClass): 204 DELETE http://10.180.1.21/identity/v3/projects/e04aed2f98bf41feac8a631db8cc4d58 0.260s
2025-03-06 11:47:35.627 68499 INFO tempest.test [-] raised in UnshelveToHostMultiNodesTest.setUpClass. Invoking tearDownClass.
2025-03-06 11:47:35.676 68477 INFO tempest.lib.common.rest_client [req-6f5c352f-17b4-49ac-b3f8-286873ddd0e0 req-6f5c352f-17b4-49ac-b3f8-286873ddd0e0 ] Request (FlavorsAccessTestJSON:tearDownClass): 201 POST http://10.180.1.21/identity/v3/auth/tokens 0.179s
2025-03-06 11:47:35.707 68505 INFO tempest.lib.common.rest_client [req-a4b93471-611e-4f1a-b761-88b787c13f82 req-a4b93471-611e-4f1a-b761-88b787c13f82 ] Request (ServerExternalEventsTest:setUpClass): 200 GET http://10.180.1.21/identity/v3/roles 0.106s
2025-03-06 11:47:35.722 68487 INFO tempest.lib.common.rest_client [req-e36495b3-7a1a-4167-9171-9845ce06b484 req-e36495b3-7a1a-4167-9171-9845ce06b484 ] Request (FloatingIPDetailsTestJSON:tearDownClass): 202 DELETE http://10.180.1.21/compute/v2.1/os-floating-ips/94b88fa9-b552-4b4a-bcfb-52c3ce1fed86 2.303s
2025-03-06 11:47:35.739 68499 INFO tempest.lib.common.rest_client [req-d854895f-8d74-48a7-8495-9e5d7bdf58b8 req-d854895f-8d74-48a7-8495-9e5d7bdf58b8 ] Request (ServerRescueNegativeTestJSON:setUpClass): 201 POST http://10.180.1.21/identity/v3/auth/tokens 0.107s
2025-03-06 11:47:35.760 68503 INFO tempest.lib.common.rest_client [req-16f1203b-85cc-4d1c-b171-914bd1777c7b req-16f1203b-85cc-4d1c-b171-914bd1777c7b ] Request (FlavorsAccessNegativeTestJSON:_run_cleanups): 200 GET http://10.180.1.21/compute/v2.1/flavors/detail 1.446s
2025-03-06 11:47:35.771 68505 INFO tempest.lib.common.rest_client [req-9e568dd9-cfd2-441e-aa9f-f2f173352aaa req-9e568dd9-cfd2-441e-aa9f-f2f173352aaa ] Request (ServerExternalEventsTest:setUpClass): 204 PUT http://10.180.1.21/identity/v3/projects/e8dd694f5903418fab842ff37568dbc3/users/421072d3c88d4f8797e8300eb2311517/roles/88c8f8556c8240419397c878de45e23a 0.063s
2025-03-06 11:47:35.771 68505 INFO tempest.lib.common.dynamic_creds [-] Dynamic test user 421072d3c88d4f8797e8300eb2311517 is created with scope project and roles: ['admin', 'service']
2025-03-06 11:47:35.772 68505 INFO tempest.lib.common.dynamic_creds [-] Acquired dynamic creds: credentials: Credentials: {'domain_id': 'default', 'domain_name': 'Default', 'username': 'tempest-ServerExternalEventsTest-227342230-project', 'project_domain_id': 'default', 'project_domain_name': 'Default', 'project_id': 'e8dd694f5903418fab842ff37568dbc3', 'project_name': 'tempest-ServerExternalEventsTest-227342230', 'tenant_id': 'e8dd694f5903418fab842ff37568dbc3', 'tenant_name': 'tempest-ServerExternalEventsTest-227342230', 'user_domain_id': 'default', 'user_domain_name': 'Default', 'user_id': '421072d3c88d4f8797e8300eb2311517', 'system': None}, Network: None, Subnet: None, Router: None
2025-03-06 11:47:35.772 68505 INFO tempest.lib.common.dynamic_creds [-] Created isolated network resources for: credentials: Credentials: {'domain_id': 'default', 'domain_name': 'Default', 'username': 'tempest-ServerExternalEventsTest-227342230-project', 'project_domain_id': 'default', 'project_domain_name': 'Default', 'project_id': 'e8dd694f5903418fab842ff37568dbc3', 'project_name': 'tempest-ServerExternalEventsTest-227342230', 'tenant_id': 'e8dd694f5903418fab842ff37568dbc3', 'tenant_name': 'tempest-ServerExternalEventsTest-227342230', 'user_domain_id': 'default', 'user_domain_name': 'Default', 'user_id': '421072d3c88d4f8797e8300eb2311517', 'system': None}, Network: None, Subnet: None, Router: None
2025-03-06 11:47:35.790 68443 INFO tempest.lib.common.rest_client [req-0ffe01ed-b0c4-4b75-a40e-79494387e56e req-0ffe01ed-b0c4-4b75-a40e-79494387e56e ] Request (FlavorsExtraSpecsNegativeTestJSON:tearDownClass): 200 GET http://10.180.1.21/compute/v2.1/flavors/detail 1.460s
2025-03-06 11:47:35.795 68465 INFO tempest.lib.common.rest_client [req-621bc607-2eba-4905-845b-8f4d774db8d0 req-621bc607-2eba-4905-845b-8f4d774db8d0 ] Request (KeyPairsNegativeTestJSON:test_create_keypair_with_long_keynames): 400 POST http://10.180.1.21/compute/v2.1/os-keypairs 1.437s
2025-03-06 11:47:35.818 68483 INFO tempest.lib.common.rest_client [req-c4c6c3d2-9cf2-45d8-b789-fa872635bdf2 req-c4c6c3d2-9cf2-45d8-b789-fa872635bdf2 ] Request (KeyPairsV2TestJSON:_run_cleanups): 202 DELETE http://10.180.1.21/compute/v2.1/os-keypairs/tempest-KeyPairsV2TestJSON-keypair-699244695 1.441s
2025-03-06 11:47:35.853 68499 INFO tempest.lib.common.rest_client [req-64215006-dae6-4e24-9e3c-673657ec3ba7 req-64215006-dae6-4e24-9e3c-673657ec3ba7 ] Request (ServerRescueNegativeTestJSON:setUpClass): 201 POST http://10.180.1.21/identity/v3/auth/tokens 0.111s
2025-03-06 11:47:35.916 68489 INFO tempest.lib.common.rest_client [req-941eb9a5-4ae4-4b95-a406-8ab9db21b83d req-941eb9a5-4ae4-4b95-a406-8ab9db21b83d ] Request (ServerDiagnosticsNegativeTest:test_get_server_diagnostics_by_non_admin): 200 GET http://10.180.1.21/compute/v2.1/servers/7b77cdd8-0a47-4bef-8d84-9a83d855f4c3 1.692s
2025-03-06 11:47:35.922 68467 INFO tempest.lib.common.rest_client [req-02cca443-4aea-4243-a0ba-e0fa3fe73528 req-02cca443-4aea-4243-a0ba-e0fa3fe73528 ] Request (HypervisorAdminUnderV252Test:tearDownClass): 204 DELETE http://10.180.1.21:9696/networking/v2.0/security-groups/3af46d58-c375-4393-9b01-d9e2be3e192c 0.464s
2025-03-06 11:47:35.980 68505 INFO tempest.lib.common.rest_client [req-aefe45d5-888a-4ab5-a650-f2342d4a4dcf req-aefe45d5-888a-4ab5-a650-f2342d4a4dcf ] Request (ServerExternalEventsTest:setUpClass): 201 POST http://10.180.1.21/identity/v3/auth/tokens 0.200s
2025-03-06 11:47:35.989 68449 INFO tempest.lib.common.rest_client [req-fb143720-66ea-4cab-afac-6acd7f0ee1c8 req-fb143720-66ea-4cab-afac-6acd7f0ee1c8 ] Request (ValidationResourcesFixture:setUp): 201 POST http://10.180.1.21:9696/networking/v2.0/floatingips 1.076s
2025-03-06 11:47:35.998 68443 INFO tempest.lib.common.rest_client [req-320442d7-5bf8-4b7f-80f9-4d37fc111a64 req-320442d7-5bf8-4b7f-80f9-4d37fc111a64 ] Request (FlavorsExtraSpecsNegativeTestJSON:tearDownClass): 204 DELETE http://10.180.1.21/identity/v3/users/3d5d1d9a59c8421297aad66341fa0bd5 0.200s
2025-03-06 11:47:36.061 68501 INFO tempest.lib.common.rest_client [req-a10f213f-f1ef-4a22-8c15-ec5706138a9f req-a10f213f-f1ef-4a22-8c15-ec5706138a9f ] Request (ServerDiskConfigTestJSON:setUpClass): 201 POST http://10.180.1.21:9696/networking/v2.0/routers 2.594s
2025-03-06 11:47:36.120 68477 INFO tempest.lib.common.rest_client [req-182fcb95-4b8f-420b-9696-458b499b36ca req-182fcb95-4b8f-420b-9696-458b499b36ca ] Request (FlavorsAccessTestJSON:tearDownClass): 200 GET http://10.180.1.21:9696/networking/v2.0/security-groups?tenant_id=245f07958fdf4a24a67f3c5fe5ee1538&name=default 0.444s
2025-03-06 11:47:36.164 68499 INFO tempest.lib.common.rest_client [req-06719eff-9856-433c-886e-519761036be4 req-06719eff-9856-433c-886e-519761036be4 ] Request (ServerRescueNegativeTestJSON:setUpClass): 200 GET http://10.180.1.21/identity/v3/domains?name=Default 0.310s
2025-03-06 11:47:36.187 68453 INFO tempest.lib.common.rest_client [req-adb26242-072f-4dc9-a35e-72753d0cefb5 req-adb26242-072f-4dc9-a35e-72753d0cefb5 ] Request (HostsAdminTestJSON:test_list_hosts): 200 GET http://10.180.1.21/compute/v2.1/os-hosts 1.724s
2025-03-06 11:47:36.229 68505 INFO tempest.lib.common.rest_client [req-11466991-ac8d-4b48-a404-a40de54671aa req-11466991-ac8d-4b48-a404-a40de54671aa ] Request (ServerExternalEventsTest:test_create_server_external_events): 201 POST http://10.180.1.21/identity/v3/auth/tokens 0.245s
2025-03-06 11:47:36.230 68505 INFO tempest.lib.common.fixed_network [-] (ServerExternalEventsTest:test_create_server_external_events) Found network None available for tenant
2025-03-06 11:47:36.252 68467 INFO tempest.lib.common.rest_client [req-440c77cd-fcac-4fa1-aba2-9aaf584004da req-440c77cd-fcac-4fa1-aba2-9aaf584004da ] Request (HypervisorAdminUnderV252Test:tearDownClass): 204 DELETE http://10.180.1.21/identity/v3/projects/51d84858582c4ecd94b06eb60962f8de 0.330s
2025-03-06 11:47:36.289 68449 INFO tempest.lib.common.rest_client [req-72988f2f-4a96-4089-8065-b3738143ea4a req-72988f2f-4a96-4089-8065-b3738143ea4a ] Request (ServersWithSpecificFlavorTestJSON:test_verify_created_server_ephemeral_disk): 201 POST http://10.180.1.21/identity/v3/auth/tokens 0.296s
2025-03-06 11:47:36.292 68449 INFO tempest.lib.common.fixed_network [-] (ServersWithSpecificFlavorTestJSON:test_verify_created_server_ephemeral_disk) Found network {'id': 'c8ca0e4f-4948-40a9-a6dd-c9d3593f9821', 'name': 'tempest-ServersWithSpecificFlavorTestJSON-70298561-network', 'tenant_id': '918bab6779454baea9270d7092446554', 'admin_state_up': True, 'mtu': 8950, 'status': 'ACTIVE', 'subnets': [], 'shared': False, 'project_id': '918bab6779454baea9270d7092446554', 'port_security_enabled': True, 'router:external': False, 'provider:network_type': 'vlan', 'provider:physical_network': 'default', 'provider:segmentation_id': 853, 'availability_zone_hints': [], 'availability_zones': [], 'ipv4_address_scope': None, 'ipv6_address_scope': None, 'description': '', 'tags': [], 'created_at': '2025-03-06T11:47:10Z', 'updated_at': '2025-03-06T11:47:10Z', 'revision_number': 1} available for tenant
2025-03-06 11:47:36.312 68477 INFO tempest.lib.common.rest_client [req-702d96bd-7ea8-4db3-9838-a8cf43fc650e req-702d96bd-7ea8-4db3-9838-a8cf43fc650e ] Request (FlavorsAccessTestJSON:tearDownClass): 204 DELETE http://10.180.1.21:9696/networking/v2.0/security-groups/e928e8ae-6064-4240-922e-6d62e8b18e06 0.191s
2025-03-06 11:47:36.386 68443 INFO tempest.lib.common.rest_client [req-11ac364e-302e-44d7-9fa8-ac932e7823a5 req-11ac364e-302e-44d7-9fa8-ac932e7823a5 ] Request (FlavorsExtraSpecsNegativeTestJSON:tearDownClass): 204 DELETE http://10.180.1.21/identity/v3/users/679057634da24e8ba76b9d9facaff4a9 0.387s
2025-03-06 11:47:36.386 68443 INFO tempest.lib.common.dynamic_creds [-] Deleting project and security group for project: 3c65ba53bdae47f3a503d2f3c3cd3c23
2025-03-06 11:47:36.515 68499 INFO tempest.lib.common.rest_client [req-5ee61f07-ac8f-48df-bf4e-8025368b80b8 req-5ee61f07-ac8f-48df-bf4e-8025368b80b8 ] Request (ServerRescueNegativeTestJSON:setUpClass): 201 POST http://10.180.1.21/identity/v3/projects 0.350s
2025-03-06 11:47:36.517 68457 INFO tempest.lib.common.rest_client [req-d25c0f32-6291-40a8-a4d7-16dfb26251dc req-d25c0f32-6291-40a8-a4d7-16dfb26251dc ] Request (ImagesMetadataTestJSON:test_set_image_metadata): 200 PUT http://10.180.1.21/compute/v2.1/images/f4f7cb2a-88c4-4b48-8c29-124f18532a4f/metadata 1.963s
2025-03-06 11:47:36.526 68451 INFO tempest.lib.common.rest_client [req-a2d0dcba-0eff-487b-a649-5d6d6256b68e req-a2d0dcba-0eff-487b-a649-5d6d6256b68e ] Request (AggregatesAdminNegativeTestJSON:test_aggregate_create_aggregate_name_length_exceeds_255): 400 POST http://10.180.1.21/compute/v2.1/os-aggregates 1.938s
2025-03-06 11:47:36.601 68459 INFO tempest.lib.common.rest_client [req-3fc317ce-4d21-4fa9-9112-4848e3f0c3c1 req-3fc317ce-4d21-4fa9-9112-4848e3f0c3c1 ] Request (QuotasAdminTestJSON:test_get_default_quotas): 200 GET http://10.180.1.21/compute/v2.1/os-quota-sets/141b59e1c32548ed971218ebeaa6c9b2/defaults 2.078s
2025-03-06 11:47:36.618 68467 INFO tempest.lib.common.rest_client [req-89fd9d4f-b622-44fe-b16e-17415f6c5f70 req-89fd9d4f-b622-44fe-b16e-17415f6c5f70 ] Request (ListImageFiltersNegativeTestJSON:setUpClass): 201 POST http://10.180.1.21/identity/v3/auth/tokens 0.364s
2025-03-06 11:47:36.621 68480 INFO tempest.lib.common.rest_client [req-f39eba4d-1a17-4ff8-88a6-0446ea6fd352 req-f39eba4d-1a17-4ff8-88a6-0446ea6fd352 ] Request (ServersTestFqdnHostnames:test_create_server_with_fqdn_name): 200 GET http://10.180.1.21/compute/v2.1/servers/c8460358-ceb1-4800-892c-854f5cf2fb60 2.022s
2025-03-06 11:47:36.641 68480 INFO tempest.common.waiters [-] State transition "BUILD/None" ==> "BUILD/networking" after 6 second wait
2025-03-06 11:47:36.673 68463 INFO tempest.lib.common.rest_client [req-04e63039-6c95-4b51-98dc-c1a261ad1bc8 req-04e63039-6c95-4b51-98dc-c1a261ad1bc8 ] Request (ServersAdminTestJSON:setUpClass): 200 PUT http://10.180.1.21:9696/networking/v2.0/routers/d2717302-64b4-47a0-8fca-12fc40765190/add_router_interface 2.671s
