2025-03-06 11:48:36.267 68467 INFO tempest.lib.common.rest_client [req-1d4eee89-b320-4ebc-ae46-b1f67b9a0dbe req-1d4eee89-b320-4ebc-ae46-b1f67b9a0dbe ] Request (ServersTestJSON:test_create_server_with_admin_password): 201 POST http://10.180.1.21/identity/v3/auth/tokens 0.110s
2025-03-06 11:48:36.268 68467 INFO tempest.lib.common.fixed_network [-] (ServersTestJSON:test_create_server_with_admin_password) Found network {'id': '5988f91c-a149-4a13-a86e-4591b96cb6c0', 'name': 'tempest-ServersTestJSON-90458106-network', 'tenant_id': '9e4a67f61f60465f9b1b93002f15fd69', 'admin_state_up': True, 'mtu': 8950, 'status': 'ACTIVE', 'subnets': [], 'shared': False, 'project_id': '9e4a67f61f60465f9b1b93002f15fd69', 'port_security_enabled': True, 'router:external': False, 'provider:network_type': 'vlan', 'provider:physical_network': 'default', 'provider:segmentation_id': 640, 'availability_zone_hints': [], 'availability_zones': [], 'ipv4_address_scope': None, 'ipv6_address_scope': None, 'description': '', 'tags': [], 'created_at': '2025-03-06T11:47:42Z', 'updated_at': '2025-03-06T11:47:42Z', 'revision_number': 1} available for tenant
2025-03-06 11:48:36.268 68451 INFO tempest.lib.common.rest_client [req-2ff08506-2d39-4fa4-b254-5f0c8e346b2f req-2ff08506-2d39-4fa4-b254-5f0c8e346b2f ] Request (AttachInterfacesUnderV243Test:setUpClass): 200 PUT http://10.180.1.21:9696/networking/v2.0/routers/66d19907-71cb-443a-a8f6-52a8ef369511/add_router_interface 1.643s
2025-03-06 11:48:36.268 68451 INFO tempest.lib.common.dynamic_creds [-] Created isolated network resources for: credentials: Credentials: {'domain_id': 'default', 'domain_name': 'Default', 'username': 'tempest-AttachInterfacesUnderV243Test-1846981098-project-member', 'project_domain_id': 'default', 'project_domain_name': 'Default', 'project_id': '35198e60d33f43218c839c05411cba45', 'project_name': 'tempest-AttachInterfacesUnderV243Test-1846981098', 'tenant_id': '35198e60d33f43218c839c05411cba45', 'tenant_name': 'tempest-AttachInterfacesUnderV243Test-1846981098', 'user_domain_id': 'default', 'user_domain_name': 'Default', 'user_id': '9a10ed74d05a4d338ed42cda6453cbb8', 'system': None}, Network: {'id': 'dca5e38e-2cc8-4595-9f49-96ee21e0f6db', 'name': 'tempest-AttachInterfacesUnderV243Test-454188558-network', 'tenant_id': '35198e60d33f43218c839c05411cba45', 'admin_state_up': True, 'mtu': 8950, 'status': 'ACTIVE', 'subnets': [], 'shared': False, 'project_id': '35198e60d33f43218c839c05411cba45', 'port_security_enabled': True, 'router:external': False, 'provider:network_type': 'vlan', 'provider:physical_network': 'default', 'provider:segmentation_id': 587, 'availability_zone_hints': [], 'availability_zones': [], 'ipv4_address_scope': None, 'ipv6_address_scope': None, 'description': '', 'tags': [], 'created_at': '2025-03-06T11:48:32Z', 'updated_at': '2025-03-06T11:48:32Z', 'revision_number': 1}, Subnet: {'id': 'e28ab012-40db-42f2-ab72-05e69201d50e', 'name': 'tempest-AttachInterfacesUnderV243Test-454188558-subnet', 'tenant_id': '35198e60d33f43218c839c05411cba45', 'network_id': 'dca5e38e-2cc8-4595-9f49-96ee21e0f6db', 'ip_version': 4, 'subnetpool_id': None, 'enable_dhcp': True, 'ipv6_ra_mode': None, 'ipv6_address_mode': None, 'gateway_ip': '192.168.128.1', 'cidr': '192.168.128.0/28', 'allocation_pools': [{'start': '192.168.128.2', 'end': '192.168.128.14'}], 'host_routes': [], 'dns_nameservers': [], 'description': '', 'router:external': False, 'service_types': [], 'tags': [], 'created_at': '2025-03-06T11:48:32Z', 'updated_at': '2025-03-06T11:48:32Z', 'revision_number': 0, 'project_id': '35198e60d33f43218c839c05411cba45'}, Router: {'id': '66d19907-71cb-443a-a8f6-52a8ef369511', 'name': 'tempest-AttachInterfacesUnderV243Test-454188558-router', 'tenant_id': '35198e60d33f43218c839c05411cba45', 'admin_state_up': True, 'status': 'ACTIVE', 'external_gateway_info': {'network_id': '91775354-2aae-47be-ba53-a2ea92393363', 'external_fixed_ips': [{'subnet_id': '254e9e83-0ea8-4b5b-8e52-3dcd2c7530af', 'ip_address': '10.180.180.135'}], 'enable_snat': True}, 'description': '', 'availability_zones': [], 'distributed': False, 'ha': False, 'availability_zone_hints': [], 'routes': [], 'flavor_id': None, 'tags': [], 'created_at': '2025-03-06T11:48:33Z', 'updated_at': '2025-03-06T11:48:33Z', 'revision_number': 2, 'project_id': '35198e60d33f43218c839c05411cba45'}
2025-03-06 11:48:36.284 68477 INFO tempest.lib.common.rest_client [req-d507088a-6dea-4e65-81dd-a3c65e151fc7 req-d507088a-6dea-4e65-81dd-a3c65e151fc7 ] Request (ServersListShow2100Test:test_list_show_rebuild_update_server_2100): 406 POST http://10.180.1.21/compute/v2.1/servers 0.730s
2025-03-06 11:48:36.309 68505 INFO tempest.lib.common.rest_client [req-892ccb31-b213-427b-8b35-7a526ae22285 req-892ccb31-b213-427b-8b35-7a526ae22285 ] Request (ServerExternalEventsTest:tearDownClass): 404 GET http://10.180.1.21/compute/v2.1/servers/f247a07b-9db0-4745-a3c2-9ebb2883b68b 0.519s
2025-03-06 11:48:36.314 68501 INFO tempest.lib.common.rest_client [req-1c26418a-d28e-4d6a-a532-ef2a0268fae4 req-1c26418a-d28e-4d6a-a532-ef2a0268fae4 ] Request (ServerDiskConfigTestJSON:test_rebuild_server_with_manual_disk_config): 200 GET http://10.180.1.21/compute/v2.1/servers/4fc3ae4b-6d30-4cc7-931b-4059175279b8 0.625s
2025-03-06 11:48:36.362 68451 INFO tempest.lib.common.rest_client [req-0b487f1b-a8c1-4dfd-a8f6-994d0357c8bc req-0b487f1b-a8c1-4dfd-a8f6-994d0357c8bc ] Request (AttachInterfacesUnderV243Test:setUpClass): 201 POST http://10.180.1.21/identity/v3/auth/tokens 0.089s
2025-03-06 11:48:36.381 68443 INFO tempest.lib.common.rest_client [req-c319fccb-624e-430c-80c5-605388d27022 req-c319fccb-624e-430c-80c5-605388d27022 ] Request (ListServerFiltersTestJSON:setUpClass): 200 GET http://10.180.1.21/compute/v2.1/servers/14b21a96-242a-42a5-a7c5-c074297ea6d5 0.383s
2025-03-06 11:48:36.387 68481 INFO tempest.lib.common.rest_client [req-de92f39c-e5e1-46e4-bc88-26b527070a1b req-de92f39c-e5e1-46e4-bc88-26b527070a1b ] Request (FloatingIPsAssociationNegativeTestJSON:test_associate_ip_to_server_without_passing_floating_ip): 400 POST http://10.180.1.21/compute/v2.1/servers/729030b9-3aea-41d0-be03-674f4178bba6/action 0.322s
2025-03-06 11:48:36.436 68477 INFO tempest.lib.common.rest_client [req-5e1f2425-b11a-46ac-ab64-cb01453a7aa1 req-5e1f2425-b11a-46ac-ab64-cb01453a7aa1 ] Request (ServersListShow2100Test:tearDownClass): 204 DELETE http://10.180.1.21/identity/v3/users/283b88dd70a448469520f8cda69cf76c 0.138s
2025-03-06 11:48:36.436 68477 INFO tempest.lib.common.dynamic_creds [-] Deleting project and security group for project: 4549819f98254267b6bda8912170af40
2025-03-06 11:48:36.460 68505 INFO tempest.lib.common.rest_client [req-bf66bfb1-804b-4ff7-9092-78ab7d373b59 req-bf66bfb1-804b-4ff7-9092-78ab7d373b59 ] Request (ServerExternalEventsTest:tearDownClass): 204 DELETE http://10.180.1.21/identity/v3/users/4d61a0694e1b4cdc8b79fb16e15d5a23 0.151s
2025-03-06 11:48:36.462 68499 INFO tempest.lib.common.rest_client [req-3eb90fc4-c732-4899-8129-ef157bdf85f3 req-3eb90fc4-c732-4899-8129-ef157bdf85f3 ] Request (ServerRescueNegativeTestJSON:setUpClass): 200 GET http://10.180.1.21/compute/v2.1/servers/4ed59fbb-5b90-4c04-ad38-b9a8a64748f1 0.414s
2025-03-06 11:48:36.472 68499 INFO tempest.common.waiters [-] State transition "BUILD/spawning" ==> "ACTIVE/None" after 43 second wait
2025-03-06 11:48:36.491 68503 INFO tempest.lib.common.rest_client [req-8c3b3366-e3f1-42a2-8578-3eb41ad9d2ef req-8c3b3366-e3f1-42a2-8578-3eb41ad9d2ef ] Request (FloatingIPsAssociationTestJSON:setUpClass): 200 GET http://10.180.1.21/compute/v2.1/servers/ce861df0-6e5c-4940-a0d3-54677ae80a8a 0.409s
2025-03-06 11:48:36.522 68480 WARNING tempest.lib.common.ssh [-] Failed to establish authenticated ssh connection to cirros@10.180.180.209 ([Errno None] Unable to connect to port 22 on 10.180.180.209). Number attempts: 6. Retry after 7 seconds.: paramiko.ssh_exception.NoValidConnectionsError: [Errno None] Unable to connect to port 22 on 10.180.180.209
2025-03-06 11:48:36.527 68477 INFO tempest.lib.common.rest_client [req-a66adb11-9bb1-4b3d-9f6a-5f38ce7abd63 req-a66adb11-9bb1-4b3d-9f6a-5f38ce7abd63 ] Request (ServersListShow2100Test:tearDownClass): 201 POST http://10.180.1.21/identity/v3/auth/tokens 0.090s
2025-03-06 11:48:36.539 68473 INFO tempest.lib.common.rest_client [req-30d69222-ebc9-4162-a10f-75f6886b819e req-30d69222-ebc9-4162-a10f-75f6886b819e ] Request (ImagesTestJSON:test_create_image_from_stopped_server): 200 GET http://10.180.1.21/compute/v2.1/servers/1b6ca5c6-a34b-4abc-a802-255ef40b76fc 0.416s
2025-03-06 11:48:36.597 68459 INFO tempest.lib.common.rest_client [req-95aed843-7ace-4370-afc2-3eef8d968d3f req-95aed843-7ace-4370-afc2-3eef8d968d3f ] Request (AttachInterfacesV270Test:test_create_get_list_interfaces): 200 GET http://10.180.1.21/compute/v2.1/servers/b4c328b9-bd0d-4f8e-9990-19e8da955a53 0.449s
2025-03-06 11:48:36.620 68487 INFO tempest.lib.common.rest_client [req-1a79dc70-0749-4374-ab94-f39085ea93a2 req-1a79dc70-0749-4374-ab94-f39085ea93a2 ] Request (InstanceActionsNegativeTestJSON:setUpClass): 200 GET http://10.180.1.21/compute/v2.1/servers/2c9a8df8-5546-46e7-b802-90bb85b4d1e7 0.446s
2025-03-06 11:48:36.660 68505 INFO tempest.lib.common.rest_client [req-57e6497b-e405-41a8-a01d-a6632715e5f8 req-57e6497b-e405-41a8-a01d-a6632715e5f8 ] Request (ServerExternalEventsTest:tearDownClass): 204 DELETE http://10.180.1.21/identity/v3/users/61af71466e4c488eb3586c2a3e21ad23 0.199s
2025-03-06 11:48:36.698 68489 INFO tempest.lib.common.rest_client [req-c443fe25-f144-4739-9dab-e79659c1264b req-c443fe25-f144-4739-9dab-e79659c1264b ] Request (ServersAaction247Test:test_create_backup): 200 GET http://10.180.1.21/compute/v2.1/servers/116dbe06-cb18-4edb-bdca-01d7f5f066d9 0.490s
2025-03-06 11:48:36.763 68485 INFO tempest.lib.common.rest_client [req-4a7436fe-1039-41da-ab2b-e780d7a6cc70 req-4a7436fe-1039-41da-ab2b-e780d7a6cc70 ] Request (MultipleCreateTestJSON:test_multiple_create): 200 GET http://10.180.1.21/compute/v2.1/servers/7ab6896d-dba8-43de-a438-526fc42ff9da 0.511s
2025-03-06 11:48:36.787 68505 INFO tempest.lib.common.rest_client [req-162ab88b-a4f4-4f29-b833-cb3fcae4a6a7 req-162ab88b-a4f4-4f29-b833-cb3fcae4a6a7 ] Request (ServerExternalEventsTest:tearDownClass): 204 DELETE http://10.180.1.21/identity/v3/users/421072d3c88d4f8797e8300eb2311517 0.126s
2025-03-06 11:48:36.787 68505 INFO tempest.lib.common.dynamic_creds [-] Deleting project and security group for project: e8dd694f5903418fab842ff37568dbc3
2025-03-06 11:48:36.788 68477 INFO tempest.lib.common.rest_client [req-20a63701-aa9f-473d-8eae-f18a043253e1 req-20a63701-aa9f-473d-8eae-f18a043253e1 ] Request (ServersListShow2100Test:tearDownClass): 200 GET http://10.180.1.21:9696/networking/v2.0/security-groups?tenant_id=4549819f98254267b6bda8912170af40&name=default 0.261s
2025-03-06 11:48:36.797 68475 INFO tempest.lib.common.rest_client [req-5bae5cb4-cf77-46f7-b0bf-e85c496c80bc req-5bae5cb4-cf77-46f7-b0bf-e85c496c80bc ] Request (VolumesNegativeTest:test_create_volume_with_invalid_size): 400 POST http://10.180.1.21/compute/v2.1/os-volumes 0.596s
2025-03-06 11:48:36.835 68465 INFO tempest.lib.common.rest_client [req-f1f93a66-c628-480d-a89c-ae13add4e623 req-f1f93a66-c628-480d-a89c-ae13add4e623 ] Request (ServersTestBootFromVolume:setUpClass): 200 GET http://10.180.1.21/compute/v2.1/servers/4330fb56-071a-4059-b7aa-84cd3ab5bf22 0.576s
2025-03-06 11:48:36.880 68505 INFO tempest.lib.common.rest_client [req-36910bd6-9a26-4af0-bb8c-28ed8fa60d90 req-36910bd6-9a26-4af0-bb8c-28ed8fa60d90 ] Request (ServerExternalEventsTest:tearDownClass): 201 POST http://10.180.1.21/identity/v3/auth/tokens 0.092s
2025-03-06 11:48:36.901 68463 INFO tempest.lib.common.rest_client [req-11496619-8cef-4b88-b5dd-ca1b219014e4 req-11496619-8cef-4b88-b5dd-ca1b219014e4 ] Request (ServersAdminTestJSON:test_create_server_with_scheduling_hint): 200 GET http://10.180.1.21/compute/v2.1/servers/9472ee31-d423-47d4-892f-1b8676886d61 0.596s
2025-03-06 11:48:36.907 68449 WARNING tempest.lib.common.ssh [-] Failed to establish authenticated ssh connection to cirros@10.180.180.221 ([Errno None] Unable to connect to port 22 on 10.180.180.221). Number attempts: 4. Retry after 5 seconds.: paramiko.ssh_exception.NoValidConnectionsError: [Errno None] Unable to connect to port 22 on 10.180.180.221
2025-03-06 11:48:36.932 68477 INFO tempest.lib.common.rest_client [req-374adfde-c0a8-4224-97a5-8868ed36979b req-374adfde-c0a8-4224-97a5-8868ed36979b ] Request (ServersListShow2100Test:tearDownClass): 204 DELETE http://10.180.1.21:9696/networking/v2.0/security-groups/58741360-a949-4e6d-913b-e3b298b3ae41 0.143s
2025-03-06 11:48:36.974 68447 INFO tempest.lib.common.rest_client [req-d8d40e1b-5f05-4572-a18c-fb4645b44eaf req-d8d40e1b-5f05-4572-a18c-fb4645b44eaf ] Request (ImagesOneServerNegativeTestJSON:_run_cleanups): 200 GET http://10.180.1.21/compute/v2.1/servers/ed2bca2e-9fe5-417b-a455-c997b75d3cdc 0.654s
2025-03-06 11:48:36.983 68447 INFO tempest.common.waiters [-] State transition "ACTIVE/deleting" ==> "DELETED/None" after 4 second wait
2025-03-06 11:48:37.013 68477 INFO tempest.lib.common.rest_client [req-27517e7d-eb1c-4966-b34f-48d9745558e9 req-27517e7d-eb1c-4966-b34f-48d9745558e9 ] Request (ServersListShow2100Test:tearDownClass): 204 DELETE http://10.180.1.21/identity/v3/projects/4549819f98254267b6bda8912170af40 0.081s
2025-03-06 11:48:37.151 68505 INFO tempest.lib.common.rest_client [req-4c8b8694-0947-4f52-b9f3-e0a3ac03131f req-4c8b8694-0947-4f52-b9f3-e0a3ac03131f ] Request (ServerExternalEventsTest:tearDownClass): 200 GET http://10.180.1.21:9696/networking/v2.0/security-groups?tenant_id=e8dd694f5903418fab842ff37568dbc3&name=default 0.271s
2025-03-06 11:48:37.197 68451 INFO tempest.lib.common.rest_client [req-6bea808f-db92-4e80-88ee-69b83d1e099f req-6bea808f-db92-4e80-88ee-69b83d1e099f ] Request (ValidationResourcesFixture:setUp): 200 POST http://10.180.1.21/compute/v2.1/os-keypairs 0.832s
2025-03-06 11:48:37.244 68505 INFO tempest.lib.common.rest_client [req-6d1cd9a9-7e3b-4b6f-a3d9-657d45d6e3d4 req-6d1cd9a9-7e3b-4b6f-a3d9-657d45d6e3d4 ] Request (ServerExternalEventsTest:tearDownClass): 204 DELETE http://10.180.1.21:9696/networking/v2.0/security-groups/b2999cf2-e764-4b1b-90ba-061c817b6274 0.092s
2025-03-06 11:48:37.253 68467 INFO tempest.lib.common.rest_client [req-7d0328b3-2657-4a22-9221-1729ca52ce90 req-7d0328b3-2657-4a22-9221-1729ca52ce90 ] Request (ServersTestJSON:test_create_server_with_admin_password): 202 POST http://10.180.1.21/compute/v2.1/servers 0.985s
2025-03-06 11:48:37.317 68453 INFO tempest.lib.common.rest_client [req-bf0ad491-33f2-4ca1-b065-0f2c94dcd60f req-bf0ad491-33f2-4ca1-b065-0f2c94dcd60f ] Request (ListServersNegativeTestJSON:setUpClass): 200 GET http://10.180.1.21/compute/v2.1/servers/886b6e03-f4d0-4178-8fcb-cc00d90131d8 0.924s
2025-03-06 11:48:37.366 68481 INFO tempest.lib.common.rest_client [req-910b0554-8918-4510-8864-06255fe4504c req-910b0554-8918-4510-8864-06255fe4504c ] Request (FloatingIPsAssociationNegativeTestJSON:test_associate_nonexistent_floating_ip): 404 POST http://10.180.1.21/compute/v2.1/servers/729030b9-3aea-41d0-be03-674f4178bba6/action 0.975s
2025-03-06 11:48:37.374 68451 INFO tempest.lib.common.rest_client [req-603f9707-1d12-4f7f-a8f6-e40c03b96bcb req-603f9707-1d12-4f7f-a8f6-e40c03b96bcb ] Request (ValidationResourcesFixture:setUp): 201 POST http://10.180.1.21:9696/networking/v2.0/security-groups 0.176s
2025-03-06 11:48:37.398 68505 INFO tempest.lib.common.rest_client [req-fb76ba1c-6f9c-4e25-b837-29445e6f73c2 req-fb76ba1c-6f9c-4e25-b837-29445e6f73c2 ] Request (ServerExternalEventsTest:tearDownClass): 204 DELETE http://10.180.1.21/identity/v3/projects/e8dd694f5903418fab842ff37568dbc3 0.154s
2025-03-06 11:48:37.399 68505 INFO tempest.lib.common.dynamic_creds [-] Deleting project and security group for project: 8ec193b4d5194af1b9a5e4e61c329fa0
2025-03-06 11:48:37.434 68505 INFO tempest.lib.common.rest_client [req-f71c3c13-198b-4aa1-8619-6b78af15a6e0 req-f71c3c13-198b-4aa1-8619-6b78af15a6e0 ] Request (ServerExternalEventsTest:tearDownClass): 200 GET http://10.180.1.21:9696/networking/v2.0/security-groups?tenant_id=8ec193b4d5194af1b9a5e4e61c329fa0&name=default 0.035s
2025-03-06 11:48:37.438 68499 INFO tempest.lib.common.rest_client [req-a72705b8-0c83-433b-9451-589c5854977f req-a72705b8-0c83-433b-9451-589c5854977f ] Request (ServerRescueNegativeTestJSON:setUpClass): 200 POST http://10.180.1.21/compute/v2.1/servers/4ed59fbb-5b90-4c04-ad38-b9a8a64748f1/action 0.965s
2025-03-06 11:48:37.520 68461 INFO tempest.lib.common.rest_client [req-34b63fa6-89ce-4bac-a955-dd52561e98cc req-34b63fa6-89ce-4bac-a955-dd52561e98cc ] Request (MigrationsAdminTest:test_list_migrations_in_flavor_resize_situation): 200 GET http://10.180.1.21/compute/v2.1/servers/3a2b3377-72ea-4d06-9b48-e82757055254 1.011s
2025-03-06 11:48:37.523 68451 INFO tempest.lib.common.rest_client [req-88791085-5a09-41d9-95ad-79cc41d67c6c req-88791085-5a09-41d9-95ad-79cc41d67c6c ] Request (ValidationResourcesFixture:setUp): 201 POST http://10.180.1.21:9696/networking/v2.0/security-group-rules 0.147s
2025-03-06 11:48:37.583 68505 INFO tempest.lib.common.rest_client [req-9b931de1-9082-4116-b3ce-d3dbaa7c5f62 req-9b931de1-9082-4116-b3ce-d3dbaa7c5f62 ] Request (ServerExternalEventsTest:tearDownClass): 204 DELETE http://10.180.1.21:9696/networking/v2.0/security-groups/a0da9777-b8c2-4ee8-9d62-d3eabc088141 0.148s
2025-03-06 11:48:37.600 68457 INFO tempest.lib.common.rest_client [req-01019e72-a64b-4b24-b3ea-cf6c279a4d40 req-01019e72-a64b-4b24-b3ea-cf6c279a4d40 ] Request (AttachVolumeShelveTestJSON:test_attach_volume_shelved_or_offload_server): 200 GET http://10.180.1.21/compute/v2.1/servers/d0d8d6f2-2af2-4bdc-8112-b37a92a9c0ed 1.003s
2025-03-06 11:48:37.628 68451 INFO tempest.lib.common.rest_client [req-ab807cce-5202-4856-944d-a4b8db81a28f req-ab807cce-5202-4856-944d-a4b8db81a28f ] Request (ValidationResourcesFixture:setUp): 201 POST http://10.180.1.21:9696/networking/v2.0/security-group-rules 0.103s
2025-03-06 11:48:37.655 68483 INFO tempest.lib.common.rest_client [req-ab23e214-4010-431d-baa7-d9f9c0578fba req-ab23e214-4010-431d-baa7-d9f9c0578fba ] Request (AttachInterfacesTestJSON:test_create_list_show_delete_interfaces_by_fixed_ip): 200 GET http://10.180.1.21/compute/v2.1/servers/6cab09dd-a5da-45a3-9058-2d99be5e8a76 1.090s
2025-03-06 11:48:37.670 68493 INFO tempest.lib.common.rest_client [req-1a8ee924-91d2-43d9-b67d-2ab563fafa24 req-1a8ee924-91d2-43d9-b67d-2ab563fafa24 ] Request (ServersAdminNegativeTestJSON:setUpClass): 200 GET http://10.180.1.21/compute/v2.1/servers/369e1ee3-ae1e-453c-ac27-b21b6b171459 1.029s
2025-03-06 11:48:37.731 68505 INFO tempest.lib.common.rest_client [req-2274ae73-4dd9-439b-b6d2-ecfeb0debe40 req-2274ae73-4dd9-439b-b6d2-ecfeb0debe40 ] Request (ServerExternalEventsTest:tearDownClass): 204 DELETE http://10.180.1.21/identity/v3/projects/8ec193b4d5194af1b9a5e4e61c329fa0 0.147s
2025-03-06 11:48:37.731 68505 INFO tempest.lib.common.dynamic_creds [-] Deleting project and security group for project: 1f7df39c7ea84052b2b99da9a539fb4a
2025-03-06 11:48:37.739 68455 INFO tempest.lib.common.rest_client [req-f1d90a15-e9df-4c29-96d3-60e84346b042 req-f1d90a15-e9df-4c29-96d3-60e84346b042 ] Request (ListImageFiltersTestJSON:setUpClass): 200 GET http://10.180.1.21/compute/v2.1/servers/be4c46f0-df97-4cbd-afde-76f598735d14 0.983s
2025-03-06 11:48:37.746 68471 INFO tempest.lib.common.rest_client [req-e53aa166-c63c-4508-870a-0d39b19a95d9 req-e53aa166-c63c-4508-870a-0d39b19a95d9 ] Request (ServersAdmin275Test:tearDownClass): 200 GET http://10.180.1.21/compute/v2.1/servers/553ee163-1336-4434-89f6-4bbc5f5fa2fe 1.071s
2025-03-06 11:48:37.754 68475 INFO tempest.lib.common.rest_client [req-b546491e-9aab-4a0d-a36d-7eb657b4f436 req-b546491e-9aab-4a0d-a36d-7eb657b4f436 ] Request (VolumesNegativeTest:test_create_volume_with_size_zero): 400 POST http://10.180.1.21/compute/v2.1/os-volumes 0.954s
2025-03-06 11:48:37.816 68492 INFO tempest.lib.common.rest_client [req-0053fe09-3646-423d-8560-8674c94f5aed req-0053fe09-3646-423d-8560-8674c94f5aed ] Request (ImagesOneServerTestJSON:setUpClass): 200 GET http://10.180.1.21/compute/v2.1/servers/c473a08b-eec1-4c6a-a552-2a7fed508294 0.994s
2025-03-06 11:48:37.826 68445 INFO tempest.lib.common.rest_client [req-21ba714f-3bbb-42a4-9261-59bc54646210 req-21ba714f-3bbb-42a4-9261-59bc54646210 ] Request (ServerActionsTestOtherB:setUpClass): 200 GET http://10.180.1.21/compute/v2.1/servers/a6990f0d-066a-40e6-92bf-42c09941b9cf 0.920s
2025-03-06 11:48:37.902 68505 INFO tempest.lib.common.rest_client [req-821596b7-5ab4-41e8-8440-b4b58d967307 req-821596b7-5ab4-41e8-8440-b4b58d967307 ] Request (ServerExternalEventsTest:tearDownClass): 200 GET http://10.180.1.21:9696/networking/v2.0/security-groups?tenant_id=1f7df39c7ea84052b2b99da9a539fb4a&name=default 0.171s
2025-03-06 11:48:37.917 68495 INFO tempest.lib.common.rest_client [req-cf1412bb-ccad-4de2-b3de-17df9044113a req-cf1412bb-ccad-4de2-b3de-17df9044113a ] Request (ServerDiagnosticsV248Test:tearDownClass): 200 GET http://10.180.1.21/compute/v2.1/servers/bacf5456-19e2-4245-8691-ec7af39bf00a 0.667s
2025-03-06 11:48:37.978 68501 INFO tempest.lib.common.rest_client [req-33aa745d-940b-4992-a9a3-283eb500cdde req-33aa745d-940b-4992-a9a3-283eb500cdde ] Request (ServerDiskConfigTestJSON:test_rebuild_server_with_manual_disk_config): 200 GET http://10.180.1.21/compute/v2.1/servers/4fc3ae4b-6d30-4cc7-931b-4059175279b8 0.654s
2025-03-06 11:48:37.999 68467 INFO tempest.lib.common.rest_client [req-1f3be17f-7c40-4f88-b710-01104f26f0b6 req-1f3be17f-7c40-4f88-b710-01104f26f0b6 ] Request (ServersTestJSON:_run_cleanups): 204 DELETE http://10.180.1.21/compute/v2.1/servers/5f7eac46-43c9-4b21-908b-eefcab649f11 0.743s
2025-03-06 11:48:38.009 68481 INFO tempest.lib.common.rest_client [req-1d2a1fd2-e716-4a4e-96e9-a4f9f6da3342 req-1d2a1fd2-e716-4a4e-96e9-a4f9f6da3342 ] Request (FloatingIPsAssociationNegativeTestJSON:test_dissociate_nonexistent_floating_ip): 404 POST http://10.180.1.21/compute/v2.1/servers/729030b9-3aea-41d0-be03-674f4178bba6/action 0.641s
2025-03-06 11:48:38.010 68505 INFO tempest.lib.common.rest_client [req-f02b6d74-7adf-4a51-938b-8855e85deeb9 req-f02b6d74-7adf-4a51-938b-8855e85deeb9 ] Request (ServerExternalEventsTest:tearDownClass): 204 DELETE http://10.180.1.21:9696/networking/v2.0/security-groups/99c4e903-253d-4767-b655-d5b8843a6f7a 0.107s
2025-03-06 11:48:38.060 68443 INFO tempest.lib.common.rest_client [req-6ab213c5-e3f1-4cd8-9ade-33284d4d270b req-6ab213c5-e3f1-4cd8-9ade-33284d4d270b ] Request (ListServerFiltersTestJSON:setUpClass): 200 GET http://10.180.1.21/compute/v2.1/servers/14b21a96-242a-42a5-a7c5-c074297ea6d5 0.665s
2025-03-06 11:48:38.107 68503 INFO tempest.lib.common.rest_client [req-907af5f9-f722-4ce9-a5fa-2ace5a6c6777 req-907af5f9-f722-4ce9-a5fa-2ace5a6c6777 ] Request (FloatingIPsAssociationTestJSON:setUpClass): 200 GET http://10.180.1.21/compute/v2.1/servers/ce861df0-6e5c-4940-a0d3-54677ae80a8a 0.603s
2025-03-06 11:48:38.129 68505 INFO tempest.lib.common.rest_client [req-248964ec-89bd-440c-8982-57f77b41b552 req-248964ec-89bd-440c-8982-57f77b41b552 ] Request (ServerExternalEventsTest:tearDownClass): 204 DELETE http://10.180.1.21/identity/v3/projects/1f7df39c7ea84052b2b99da9a539fb4a 0.118s
2025-03-06 11:48:38.146 68499 INFO tempest.lib.common.rest_client [req-abd6ced2-108c-49ae-a12a-37d035135e78 req-abd6ced2-108c-49ae-a12a-37d035135e78 ] Request (ServerRescueNegativeTestJSON:setUpClass): 200 GET http://10.180.1.21/compute/v2.1/servers/4ed59fbb-5b90-4c04-ad38-b9a8a64748f1 0.707s
2025-03-06 11:48:38.152 68451 INFO tempest.lib.common.rest_client [req-4fa6f571-3dc7-4119-a875-69e773cb3a43 req-4fa6f571-3dc7-4119-a875-69e773cb3a43 ] Request (ValidationResourcesFixture:setUp): 201 POST http://10.180.1.21:9696/networking/v2.0/floatingips 0.523s
2025-03-06 11:48:38.168 68473 INFO tempest.lib.common.rest_client [req-f606dc14-c704-4e19-87d9-817b7374b5af req-f606dc14-c704-4e19-87d9-817b7374b5af ] Request (ImagesTestJSON:test_create_image_from_stopped_server): 200 GET http://10.180.1.21/compute/v2.1/servers/1b6ca5c6-a34b-4abc-a802-255ef40b76fc 0.620s
2025-03-06 11:48:38.205 68459 INFO tempest.lib.common.rest_client [req-c76d2f55-5850-42f1-ad3b-93c04d33824a req-c76d2f55-5850-42f1-ad3b-93c04d33824a ] Request (AttachInterfacesV270Test:test_create_get_list_interfaces): 200 GET http://10.180.1.21/compute/v2.1/servers/b4c328b9-bd0d-4f8e-9990-19e8da955a53 0.591s
2025-03-06 11:48:38.213 68451 INFO tempest.lib.common.rest_client [req-a4c25a74-27dd-448e-b722-1139d0174d6a req-a4c25a74-27dd-448e-b722-1139d0174d6a ] Request (AttachInterfacesUnderV243Test:test_add_remove_fixed_ip): 201 POST http://10.180.1.21/identity/v3/auth/tokens 0.058s
2025-03-06 11:48:38.214 68451 INFO tempest.lib.common.fixed_network [-] (AttachInterfacesUnderV243Test:test_add_remove_fixed_ip) Found network {'id': 'dca5e38e-2cc8-4595-9f49-96ee21e0f6db', 'name': 'tempest-AttachInterfacesUnderV243Test-454188558-network', 'tenant_id': '35198e60d33f43218c839c05411cba45', 'admin_state_up': True, 'mtu': 8950, 'status': 'ACTIVE', 'subnets': [], 'shared': False, 'project_id': '35198e60d33f43218c839c05411cba45', 'port_security_enabled': True, 'router:external': False, 'provider:network_type': 'vlan', 'provider:physical_network': 'default', 'provider:segmentation_id': 587, 'availability_zone_hints': [], 'availability_zones': [], 'ipv4_address_scope': None, 'ipv6_address_scope': None, 'description': '', 'tags': [], 'created_at': '2025-03-06T11:48:32Z', 'updated_at': '2025-03-06T11:48:32Z', 'revision_number': 1} available for tenant
2025-03-06 11:48:38.219 68505 INFO tempest.lib.common.rest_client [req-b91fc937-bfc3-4bd5-9075-22cfffb936ab req-b91fc937-bfc3-4bd5-9075-22cfffb936ab ] Request (ServerShowV254Test:setUpClass): 201 POST http://10.180.1.21/identity/v3/auth/tokens 0.089s
2025-03-06 11:48:38.222 68487 INFO tempest.lib.common.rest_client [req-371c39e4-e824-41b6-be6c-04ae972a4cd0 req-371c39e4-e824-41b6-be6c-04ae972a4cd0 ] Request (InstanceActionsNegativeTestJSON:setUpClass): 200 GET http://10.180.1.21/compute/v2.1/servers/2c9a8df8-5546-46e7-b802-90bb85b4d1e7 0.589s
2025-03-06 11:48:38.236 68475 INFO tempest.lib.common.rest_client [req-9542fe70-822b-4655-8c4d-9bf2df59e0ae req-9542fe70-822b-4655-8c4d-9bf2df59e0ae ] Request (VolumesNegativeTest:test_create_volume_without_passing_size): 400 POST http://10.180.1.21/compute/v2.1/os-volumes 0.481s
2025-03-06 11:48:38.252 68505 INFO tempest.lib.common.rest_client [req-88eca450-6f33-4dea-849a-6243911615cf req-88eca450-6f33-4dea-849a-6243911615cf ] Request (ServerShowV254Test:setUpClass): 201 POST http://10.180.1.21/identity/v3/auth/tokens 0.027s
2025-03-06 11:48:38.277 68505 INFO tempest.lib.common.rest_client [req-413c2986-b5cb-48f7-996d-39a9eacf5c9f req-413c2986-b5cb-48f7-996d-39a9eacf5c9f ] Request (ServerShowV254Test:setUpClass): 200 GET http://10.180.1.21/identity/v3/domains?name=Default 0.025s
2025-03-06 11:48:38.284 68489 INFO tempest.lib.common.rest_client [req-67c216f9-6f1f-4aeb-a2c7-fec7689be84a req-67c216f9-6f1f-4aeb-a2c7-fec7689be84a ] Request (ServersAaction247Test:test_create_backup): 200 GET http://10.180.1.21/compute/v2.1/servers/116dbe06-cb18-4edb-bdca-01d7f5f066d9 0.572s
2025-03-06 11:48:38.289 68485 INFO tempest.lib.common.rest_client [req-6f6cb782-cc8c-4fa6-905e-49db75e29e90 req-6f6cb782-cc8c-4fa6-905e-49db75e29e90 ] Request (MultipleCreateTestJSON:test_multiple_create): 200 GET http://10.180.1.21/compute/v2.1/servers/7ab6896d-dba8-43de-a438-526fc42ff9da 0.518s
2025-03-06 11:48:38.298 68485 INFO tempest.common.waiters [-] State transition "BUILD/scheduling" ==> "BUILD/None" after 27 second wait
2025-03-06 11:48:38.310 68505 INFO tempest.lib.common.rest_client [req-b4e4769d-15ee-4552-8424-4180b0587e30 req-b4e4769d-15ee-4552-8424-4180b0587e30 ] Request (ServerShowV254Test:setUpClass): 201 POST http://10.180.1.21/identity/v3/projects 0.032s
2025-03-06 11:48:38.332 68465 INFO tempest.lib.common.rest_client [req-02bc30b9-622f-4d1d-980d-568702aa0f9a req-02bc30b9-622f-4d1d-980d-568702aa0f9a ] Request (ServersTestBootFromVolume:setUpClass): 200 GET http://10.180.1.21/compute/v2.1/servers/4330fb56-071a-4059-b7aa-84cd3ab5bf22 0.488s
2025-03-06 11:48:38.336 68463 INFO tempest.lib.common.rest_client [req-15ecc731-2de0-471b-84bf-589ac49aed0a req-15ecc731-2de0-471b-84bf-589ac49aed0a ] Request (ServersAdminTestJSON:test_create_server_with_scheduling_hint): 200 GET http://10.180.1.21/compute/v2.1/servers/9472ee31-d423-47d4-892f-1b8676886d61 0.423s
2025-03-06 11:48:38.353 68467 INFO tempest.lib.common.rest_client [req-06eb8810-45d4-4d72-b05a-4b1c861c7fc3 req-06eb8810-45d4-4d72-b05a-4b1c861c7fc3 ] Request (ServersTestJSON:_run_cleanups): 404 GET http://10.180.1.21/compute/v2.1/servers/5f7eac46-43c9-4b21-908b-eefcab649f11 0.353s
2025-03-06 11:48:38.382 68505 INFO tempest.lib.common.rest_client [req-a0f0e46c-5345-4f6e-88dc-29dac26f89e9 req-a0f0e46c-5345-4f6e-88dc-29dac26f89e9 ] Request (ServerShowV254Test:setUpClass): 201 POST http://10.180.1.21/identity/v3/users 0.071s
2025-03-06 11:48:38.402 68447 INFO tempest.lib.common.rest_client [req-5ada7a7d-8a17-4de7-abe2-f7e298c92836 req-5ada7a7d-8a17-4de7-abe2-f7e298c92836 ] Request (ImagesOneServerNegativeTestJSON:_run_cleanups): 200 GET http://10.180.1.21/compute/v2.1/servers/ed2bca2e-9fe5-417b-a455-c997b75d3cdc 0.417s
2025-03-06 11:48:38.406 68505 INFO tempest.lib.common.rest_client [req-595109af-5a44-4b4c-b015-20e0c1259625 req-595109af-5a44-4b4c-b015-20e0c1259625 ] Request (ServerShowV254Test:setUpClass): 200 GET http://10.180.1.21/identity/v3/roles 0.024s
2025-03-06 11:48:38.419 68467 INFO tempest.lib.common.rest_client [req-db736ea4-b779-408a-a9d5-1f55b6c19476 req-db736ea4-b779-408a-a9d5-1f55b6c19476 ] Request (ServersTestJSON:test_create_server_with_ipv6_addr_only): 201 POST http://10.180.1.21/identity/v3/auth/tokens 0.061s
2025-03-06 11:48:38.419 68467 INFO tempest.lib.common.fixed_network [-] (ServersTestJSON:test_create_server_with_ipv6_addr_only) Found network {'id': '5988f91c-a149-4a13-a86e-4591b96cb6c0', 'name': 'tempest-ServersTestJSON-90458106-network', 'tenant_id': '9e4a67f61f60465f9b1b93002f15fd69', 'admin_state_up': True, 'mtu': 8950, 'status': 'ACTIVE', 'subnets': [], 'shared': False, 'project_id': '9e4a67f61f60465f9b1b93002f15fd69', 'port_security_enabled': True, 'router:external': False, 'provider:network_type': 'vlan', 'provider:physical_network': 'default', 'provider:segmentation_id': 640, 'availability_zone_hints': [], 'availability_zones': [], 'ipv4_address_scope': None, 'ipv6_address_scope': None, 'description': '', 'tags': [], 'created_at': '2025-03-06T11:47:42Z', 'updated_at': '2025-03-06T11:47:42Z', 'revision_number': 1} available for tenant
2025-03-06 11:48:38.439 68505 INFO tempest.lib.common.rest_client [req-58ecbd73-f1de-4add-8fbe-8e5dd4782dc1 req-58ecbd73-f1de-4add-8fbe-8e5dd4782dc1 ] Request (ServerShowV254Test:setUpClass): 204 PUT http://10.180.1.21/identity/v3/projects/a8c9ccca71b64776985e06f858c64028/users/dbe2de83706d41acbe3771a83a88864d/roles/890505dc56104183aa955be6ebbb7be1 0.032s
2025-03-06 11:48:38.439 68505 INFO tempest.lib.common.dynamic_creds [-] Dynamic test user dbe2de83706d41acbe3771a83a88864d is created with scope project and roles: ['member']
2025-03-06 11:48:38.440 68505 INFO tempest.lib.common.dynamic_creds [-] Acquired dynamic creds: credentials: Credentials: {'domain_id': 'default', 'domain_name': 'Default', 'username': 'tempest-ServerShowV254Test-1638731374-project-member', 'project_domain_id': 'default', 'project_domain_name': 'Default', 'project_id': 'a8c9ccca71b64776985e06f858c64028', 'project_name': 'tempest-ServerShowV254Test-1638731374', 'tenant_id': 'a8c9ccca71b64776985e06f858c64028', 'tenant_name': 'tempest-ServerShowV254Test-1638731374', 'user_domain_id': 'default', 'user_domain_name': 'Default', 'user_id': 'dbe2de83706d41acbe3771a83a88864d', 'system': None}, Network: None, Subnet: None, Router: None
2025-03-06 11:48:38.440 68505 INFO tempest.lib.common.dynamic_creds [-] Created isolated network resources for: credentials: Credentials: {'domain_id': 'default', 'domain_name': 'Default', 'username': 'tempest-ServerShowV254Test-1638731374-project-member', 'project_domain_id': 'default', 'project_domain_name': 'Default', 'project_id': 'a8c9ccca71b64776985e06f858c64028', 'project_name': 'tempest-ServerShowV254Test-1638731374', 'tenant_id': 'a8c9ccca71b64776985e06f858c64028', 'tenant_name': 'tempest-ServerShowV254Test-1638731374', 'user_domain_id': 'default', 'user_domain_name': 'Default', 'user_id': 'dbe2de83706d41acbe3771a83a88864d', 'system': None}, Network: None, Subnet: None, Router: None
2025-03-06 11:48:38.448 68481 INFO tempest.lib.common.rest_client [req-380751e7-1b1e-45ed-9ba8-81b0133dd2e6 req-380751e7-1b1e-45ed-9ba8-81b0133dd2e6 ] Request (FloatingIPsAssociationNegativeTestJSON:tearDownClass): 204 DELETE http://10.180.1.21/compute/v2.1/servers/729030b9-3aea-41d0-be03-674f4178bba6 0.437s
2025-03-06 11:48:38.490 68475 INFO tempest.lib.common.rest_client [req-66f578da-0b5c-42bd-a8ee-5e33bf284a2f req-66f578da-0b5c-42bd-a8ee-5e33bf284a2f ] Request (VolumesNegativeTest:test_delete_invalid_volume_id): 404 DELETE http://10.180.1.21/compute/v2.1/os-volumes/tempest-invalid-1782744700 0.253s
2025-03-06 11:48:38.530 68505 INFO tempest.lib.common.rest_client [req-a28181e2-0469-4305-a65a-f5c38e099139 req-a28181e2-0469-4305-a65a-f5c38e099139 ] Request (ServerShowV254Test:setUpClass): 201 POST http://10.180.1.21/identity/v3/auth/tokens 0.085s
2025-03-06 11:48:38.565 68505 INFO tempest.lib.common.rest_client [req-958e45bb-f19e-4095-bad2-76070edce91d req-958e45bb-f19e-4095-bad2-76070edce91d ] Request (ServerShowV254Test:test_rebuild_server): 201 POST http://10.180.1.21/identity/v3/auth/tokens 0.028s
2025-03-06 11:48:38.565 68505 INFO tempest.lib.common.fixed_network [-] (ServerShowV254Test:test_rebuild_server) Found network None available for tenant
2025-03-06 11:48:38.568 68453 INFO tempest.lib.common.rest_client [req-5f68f9bc-0577-403c-ba9d-50bfd882fd7c req-5f68f9bc-0577-403c-ba9d-50bfd882fd7c ] Request (ListServersNegativeTestJSON:setUpClass): 200 GET http://10.180.1.21/compute/v2.1/servers/886b6e03-f4d0-4178-8fcb-cc00d90131d8 0.243s
2025-03-06 11:48:38.760 68451 INFO tempest.lib.common.rest_client [req-edf2dd20-00a3-45e6-938b-bb2c1cc8ec09 req-edf2dd20-00a3-45e6-938b-bb2c1cc8ec09 ] Request (AttachInterfacesUnderV243Test:test_add_remove_fixed_ip): 202 POST http://10.180.1.21/compute/v2.1/servers 0.545s
2025-03-06 11:48:38.863 68481 INFO tempest.lib.common.rest_client [req-848b01d1-151d-4e5e-9aee-ebe1f5505c33 req-848b01d1-151d-4e5e-9aee-ebe1f5505c33 ] Request (FloatingIPsAssociationNegativeTestJSON:tearDownClass): 200 GET http://10.180.1.21/compute/v2.1/servers/729030b9-3aea-41d0-be03-674f4178bba6 0.414s
2025-03-06 11:48:38.866 68475 INFO tempest.lib.common.rest_client [req-6b42209a-e187-482b-8629-d9188774ef91 req-6b42209a-e187-482b-8629-d9188774ef91 ] Request (VolumesNegativeTest:test_delete_volume_without_passing_volume_id): 404 DELETE http://10.180.1.21/compute/v2.1/os-volumes/ 0.374s
2025-03-06 11:48:38.946 68467 INFO tempest.lib.common.rest_client [req-ac39c685-b130-42a2-b4d4-be720fe91a07 req-ac39c685-b130-42a2-b4d4-be720fe91a07 ] Request (ServersTestJSON:test_create_server_with_ipv6_addr_only): 202 POST http://10.180.1.21/compute/v2.1/servers 0.526s
2025-03-06 11:48:38.992 68461 INFO tempest.lib.common.rest_client [req-d2f72168-a2c5-4a2f-bfb1-d111d86c2ac9 req-d2f72168-a2c5-4a2f-bfb1-d111d86c2ac9 ] Request (MigrationsAdminTest:test_list_migrations_in_flavor_resize_situation): 200 GET http://10.180.1.21/compute/v2.1/servers/3a2b3377-72ea-4d06-9b48-e82757055254 0.456s
2025-03-06 11:48:39.046 68457 INFO tempest.lib.common.rest_client [req-8b293b12-facc-449e-bccf-55597afc392e req-8b293b12-facc-449e-bccf-55597afc392e ] Request (AttachVolumeShelveTestJSON:test_attach_volume_shelved_or_offload_server): 200 GET http://10.180.1.21/compute/v2.1/servers/d0d8d6f2-2af2-4bdc-8112-b37a92a9c0ed 0.430s
2025-03-06 11:48:39.136 68505 INFO tempest.lib.common.rest_client [req-be895250-3d0a-4874-b6cd-7e9c67e53531 req-be895250-3d0a-4874-b6cd-7e9c67e53531 ] Request (ServerShowV254Test:test_rebuild_server): 202 POST http://10.180.1.21/compute/v2.1/servers 0.570s
2025-03-06 11:48:39.144 68483 INFO tempest.lib.common.rest_client [req-d3052ec6-e943-4574-9ddc-bac3c307baf6 req-d3052ec6-e943-4574-9ddc-bac3c307baf6 ] Request (AttachInterfacesTestJSON:test_create_list_show_delete_interfaces_by_fixed_ip): 200 GET http://10.180.1.21/compute/v2.1/servers/6cab09dd-a5da-45a3-9058-2d99be5e8a76 0.480s
2025-03-06 11:48:39.193 68493 INFO tempest.lib.common.rest_client [req-2cc16090-00b2-4024-855b-9fb5fb79398b req-2cc16090-00b2-4024-855b-9fb5fb79398b ] Request (ServersAdminNegativeTestJSON:setUpClass): 200 GET http://10.180.1.21/compute/v2.1/servers/369e1ee3-ae1e-453c-ac27-b21b6b171459 0.511s
2025-03-06 11:48:39.195 68455 INFO tempest.lib.common.rest_client [req-b23dc29c-22de-4829-9c73-5dc46e29dc85 req-b23dc29c-22de-4829-9c73-5dc46e29dc85 ] Request (ListImageFiltersTestJSON:setUpClass): 200 GET http://10.180.1.21/compute/v2.1/servers/be4c46f0-df97-4cbd-afde-76f598735d14 0.441s
2025-03-06 11:48:39.237 68451 INFO tempest.lib.common.rest_client [req-eda9e535-c9df-46a6-a77c-15180c1084e0 req-eda9e535-c9df-46a6-a77c-15180c1084e0 ] Request (AttachInterfacesUnderV243Test:test_add_remove_fixed_ip): 200 GET http://10.180.1.21/compute/v2.1/servers/3d345623-d941-407b-ad67-5df1d686874f 0.476s
2025-03-06 11:48:39.267 68471 INFO tempest.lib.common.rest_client [req-00cc8098-fcb6-4f92-8a24-3dd4106396fd req-00cc8098-fcb6-4f92-8a24-3dd4106396fd ] Request (ServersAdmin275Test:tearDownClass): 200 GET http://10.180.1.21/compute/v2.1/servers/553ee163-1336-4434-89f6-4bbc5f5fa2fe 0.503s
2025-03-06 11:48:39.292 68492 INFO tempest.lib.common.rest_client [req-1a7a43a3-b107-4bc0-9433-a314ce23a5f8 req-1a7a43a3-b107-4bc0-9433-a314ce23a5f8 ] Request (ImagesOneServerTestJSON:setUpClass): 200 GET http://10.180.1.21/compute/v2.1/servers/c473a08b-eec1-4c6a-a552-2a7fed508294 0.456s
2025-03-06 11:48:39.297 68475 INFO tempest.lib.common.rest_client [req-a82a6230-2ef2-49e0-9418-67ebef22ff5f req-a82a6230-2ef2-49e0-9418-67ebef22ff5f ] Request (VolumesNegativeTest:test_get_volume_without_passing_volume_id): 404 GET http://10.180.1.21/compute/v2.1/os-volumes/ 0.425s
2025-03-06 11:48:39.320 68445 INFO tempest.lib.common.rest_client [req-12838f76-1fd6-4702-99ff-b288e5cac2f1 req-12838f76-1fd6-4702-99ff-b288e5cac2f1 ] Request (ServerActionsTestOtherB:setUpClass): 200 GET http://10.180.1.21/compute/v2.1/servers/a6990f0d-066a-40e6-92bf-42c09941b9cf 0.479s
2025-03-06 11:48:39.358 68467 INFO tempest.lib.common.rest_client [req-e29465a6-2def-473c-ba09-2681e29458a0 req-e29465a6-2def-473c-ba09-2681e29458a0 ] Request (ServersTestJSON:test_create_server_with_ipv6_addr_only): 200 GET http://10.180.1.21/compute/v2.1/servers/edc58ee1-713f-406e-919c-fcd704daf3dc 0.410s
2025-03-06 11:48:39.361 68495 INFO tempest.lib.common.rest_client [req-d065dce6-ab9a-4051-9e7e-19f8de4074c0 req-d065dce6-ab9a-4051-9e7e-19f8de4074c0 ] Request (ServerDiagnosticsV248Test:tearDownClass): 200 GET http://10.180.1.21/compute/v2.1/servers/bacf5456-19e2-4245-8691-ec7af39bf00a 0.429s
2025-03-06 11:48:39.414 68443 INFO tempest.lib.common.rest_client [req-5d57497b-c907-4d7f-840a-c02426bc43c5 req-5d57497b-c907-4d7f-840a-c02426bc43c5 ] Request (ListServerFiltersTestJSON:setUpClass): 200 GET http://10.180.1.21/compute/v2.1/servers/14b21a96-242a-42a5-a7c5-c074297ea6d5 0.344s
2025-03-06 11:48:39.415 68501 INFO tempest.lib.common.rest_client [req-c90b79cf-0fcf-4ae6-a672-e2472dbb060a req-c90b79cf-0fcf-4ae6-a672-e2472dbb060a ] Request (ServerDiskConfigTestJSON:test_rebuild_server_with_manual_disk_config): 200 GET http://10.180.1.21/compute/v2.1/servers/4fc3ae4b-6d30-4cc7-931b-4059175279b8 0.424s
2025-03-06 11:48:39.456 68505 INFO tempest.lib.common.rest_client [req-bbdd4880-c15c-4fde-bf25-2acf718ec0c1 req-bbdd4880-c15c-4fde-bf25-2acf718ec0c1 ] Request (ServerShowV254Test:test_rebuild_server): 200 GET http://10.180.1.21/compute/v2.1/servers/363c99d0-1cdc-4206-b377-70c122875fac 0.319s
2025-03-06 11:48:39.475 68503 INFO tempest.lib.common.rest_client [req-7878d6b8-a51c-4229-9cdf-2293c535c070 req-7878d6b8-a51c-4229-9cdf-2293c535c070 ] Request (FloatingIPsAssociationTestJSON:setUpClass): 200 GET http://10.180.1.21/compute/v2.1/servers/ce861df0-6e5c-4940-a0d3-54677ae80a8a 0.357s
2025-03-06 11:48:39.528 68473 INFO tempest.lib.common.rest_client [req-ccdf1e3c-bc56-4c54-a0be-3d39b25de54e req-ccdf1e3c-bc56-4c54-a0be-3d39b25de54e ] Request (ImagesTestJSON:test_create_image_from_stopped_server): 200 GET http://10.180.1.21/compute/v2.1/servers/1b6ca5c6-a34b-4abc-a802-255ef40b76fc 0.345s
2025-03-06 11:48:39.535 68473 INFO tempest.common.waiters [-] State transition "BUILD/None" ==> "BUILD/networking" after 40 second wait
2025-03-06 11:48:39.584 68459 INFO tempest.lib.common.rest_client [req-e291358c-eef8-41ac-99b5-97595bf254f5 req-e291358c-eef8-41ac-99b5-97595bf254f5 ] Request (AttachInterfacesV270Test:test_create_get_list_interfaces): 200 GET http://10.180.1.21/compute/v2.1/servers/b4c328b9-bd0d-4f8e-9990-19e8da955a53 0.368s
2025-03-06 11:48:39.584 68499 INFO tempest.lib.common.rest_client [req-92cb4cc8-9726-46aa-bc09-2fb486f9b577 req-92cb4cc8-9726-46aa-bc09-2fb486f9b577 ] Request (ServerRescueNegativeTestJSON:setUpClass): 200 GET http://10.180.1.21/compute/v2.1/servers/4ed59fbb-5b90-4c04-ad38-b9a8a64748f1 0.427s
2025-03-06 11:48:39.608 68475 INFO tempest.lib.common.rest_client [req-a1ffc105-2cff-4b7f-9f0c-193ebe2a8ff6 req-a1ffc105-2cff-4b7f-9f0c-193ebe2a8ff6 ] Request (VolumesNegativeTest:test_volume_delete_nonexistent_volume_id): 404 DELETE http://10.180.1.21/compute/v2.1/os-volumes/b7f103d0-0011-40e0-bc31-4b3d7794c087 0.310s
2025-03-06 11:48:39.636 68487 INFO tempest.lib.common.rest_client [req-c0d579ff-1064-4c62-8b05-b904ab87eeb3 req-c0d579ff-1064-4c62-8b05-b904ab87eeb3 ] Request (InstanceActionsNegativeTestJSON:setUpClass): 200 GET http://10.180.1.21/compute/v2.1/servers/2c9a8df8-5546-46e7-b802-90bb85b4d1e7 0.403s
2025-03-06 11:48:39.671 68489 INFO tempest.lib.common.rest_client [req-fa52f245-4859-49bd-8fda-6d0837a1ffcf req-fa52f245-4859-49bd-8fda-6d0837a1ffcf ] Request (ServersAaction247Test:test_create_backup): 200 GET http://10.180.1.21/compute/v2.1/servers/116dbe06-cb18-4edb-bdca-01d7f5f066d9 0.372s
2025-03-06 11:48:39.703 68485 INFO tempest.lib.common.rest_client [req-3b6af772-3788-436e-bef4-5d9dc5c58f96 req-3b6af772-3788-436e-bef4-5d9dc5c58f96 ] Request (MultipleCreateTestJSON:test_multiple_create): 200 GET http://10.180.1.21/compute/v2.1/servers/7ab6896d-dba8-43de-a438-526fc42ff9da 0.403s
2025-03-06 11:48:39.733 68465 INFO tempest.lib.common.rest_client [req-7bb099a5-0634-4c5b-9636-05fff2af1d03 req-7bb099a5-0634-4c5b-9636-05fff2af1d03 ] Request (ServersTestBootFromVolume:setUpClass): 200 GET http://10.180.1.21/compute/v2.1/servers/4330fb56-071a-4059-b7aa-84cd3ab5bf22 0.392s
2025-03-06 11:48:39.764 68463 INFO tempest.lib.common.rest_client [req-7b03bb9b-2e55-4358-8047-e423ccfb6eff req-7b03bb9b-2e55-4358-8047-e423ccfb6eff ] Request (ServersAdminTestJSON:test_create_server_with_scheduling_hint): 200 GET http://10.180.1.21/compute/v2.1/servers/9472ee31-d423-47d4-892f-1b8676886d61 0.417s
2025-03-06 11:48:39.798 68447 INFO tempest.lib.common.rest_client [req-b6835f9c-95d9-4dac-b203-195edcfd3743 req-b6835f9c-95d9-4dac-b203-195edcfd3743 ] Request (ImagesOneServerNegativeTestJSON:_run_cleanups): 200 GET http://10.180.1.21/compute/v2.1/servers/ed2bca2e-9fe5-417b-a455-c997b75d3cdc 0.376s
2025-03-06 11:48:39.821 68475 INFO tempest.lib.common.rest_client [req-a56e68f6-d9a7-4f9b-926e-d1932629de1f req-a56e68f6-d9a7-4f9b-926e-d1932629de1f ] Request (VolumesNegativeTest:test_volume_get_nonexistent_volume_id): 404 GET http://10.180.1.21/compute/v2.1/os-volumes/215cf4bc-b3d6-4b9f-ad1f-31663fa220e1 0.211s
2025-03-06 11:48:39.825 68453 INFO tempest.lib.common.rest_client [req-ffb068ab-678b-45f5-a934-69b34a7f1147 req-ffb068ab-678b-45f5-a934-69b34a7f1147 ] Request (ListServersNegativeTestJSON:setUpClass): 200 GET http://10.180.1.21/compute/v2.1/servers/886b6e03-f4d0-4178-8fcb-cc00d90131d8 0.250s
2025-03-06 11:48:39.937 68475 INFO tempest.lib.common.rest_client [req-4255fdab-3f5e-43db-882d-e834b8380f84 req-4255fdab-3f5e-43db-882d-e834b8380f84 ] Request (VolumesNegativeTest:tearDownClass): 204 DELETE http://10.180.1.21/identity/v3/users/cde20b691c39487a811685e6b084fd2d 0.112s
2025-03-06 11:48:39.938 68475 INFO tempest.lib.common.dynamic_creds [-] Deleting project and security group for project: 78ecce7f9bf54196b8d02fbd07b20770
2025-03-06 11:48:39.981 68481 INFO tempest.lib.common.rest_client [req-860ffc54-668b-4d9d-b830-0048b53d240e req-860ffc54-668b-4d9d-b830-0048b53d240e ] Request (FloatingIPsAssociationNegativeTestJSON:tearDownClass): 200 GET http://10.180.1.21/compute/v2.1/servers/729030b9-3aea-41d0-be03-674f4178bba6 0.106s
2025-03-06 11:48:40.013 68475 INFO tempest.lib.common.rest_client [req-8a902141-b263-47d9-8375-11ca46c58491 req-8a902141-b263-47d9-8375-11ca46c58491 ] Request (VolumesNegativeTest:tearDownClass): 201 POST http://10.180.1.21/identity/v3/auth/tokens 0.074s
2025-03-06 11:48:40.131 68457 INFO tempest.lib.common.rest_client [req-0d22f5ad-5d27-47f6-84fb-badc57c8300a req-0d22f5ad-5d27-47f6-84fb-badc57c8300a ] Request (AttachVolumeShelveTestJSON:test_attach_volume_shelved_or_offload_server): 200 GET http://10.180.1.21/compute/v2.1/servers/d0d8d6f2-2af2-4bdc-8112-b37a92a9c0ed 0.075s
2025-03-06 11:48:40.317 68475 INFO tempest.lib.common.rest_client [req-56dda8fb-7134-47ad-97f5-1aa12ee92ba5 req-56dda8fb-7134-47ad-97f5-1aa12ee92ba5 ] Request (VolumesNegativeTest:tearDownClass): 200 GET http://10.180.1.21:9696/networking/v2.0/security-groups?tenant_id=78ecce7f9bf54196b8d02fbd07b20770&name=default 0.304s
2025-03-06 11:48:40.321 68483 INFO tempest.lib.common.rest_client [req-0f9908b8-c1ef-4ab4-a866-681e23e5be55 req-0f9908b8-c1ef-4ab4-a866-681e23e5be55 ] Request (AttachInterfacesTestJSON:test_create_list_show_delete_interfaces_by_fixed_ip): 200 GET http://10.180.1.21/compute/v2.1/servers/6cab09dd-a5da-45a3-9058-2d99be5e8a76 0.166s
2025-03-06 11:48:40.371 68493 INFO tempest.lib.common.rest_client [req-8767fcff-ad5e-4ce2-84d0-28ed513125e8 req-8767fcff-ad5e-4ce2-84d0-28ed513125e8 ] Request (ServersAdminNegativeTestJSON:setUpClass): 200 GET http://10.180.1.21/compute/v2.1/servers/369e1ee3-ae1e-453c-ac27-b21b6b171459 0.169s
2025-03-06 11:48:40.421 68455 INFO tempest.lib.common.rest_client [req-8284f8f5-385a-471b-8ef2-ca4c53ca3776 req-8284f8f5-385a-471b-8ef2-ca4c53ca3776 ] Request (ListImageFiltersTestJSON:setUpClass): 200 GET http://10.180.1.21/compute/v2.1/servers/be4c46f0-df97-4cbd-afde-76f598735d14 0.216s
2025-03-06 11:48:40.425 68475 INFO tempest.lib.common.rest_client [req-533ccafe-7014-4058-8aad-b73fd448dc9f req-533ccafe-7014-4058-8aad-b73fd448dc9f ] Request (VolumesNegativeTest:tearDownClass): 204 DELETE http://10.180.1.21:9696/networking/v2.0/security-groups/23a750d5-f6cf-406c-9234-5059d209a4de 0.107s
2025-03-06 11:48:40.448 68461 INFO tempest.lib.common.rest_client [req-bd3408ae-03c1-427f-8e78-3fab80c47250 req-bd3408ae-03c1-427f-8e78-3fab80c47250 ] Request (MigrationsAdminTest:test_list_migrations_in_flavor_resize_situation): 200 GET http://10.180.1.21/compute/v2.1/servers/3a2b3377-72ea-4d06-9b48-e82757055254 0.448s
2025-03-06 11:48:40.471 68451 INFO tempest.lib.common.rest_client [req-bb4b7407-5f42-4f90-8491-f583d5249e26 req-bb4b7407-5f42-4f90-8491-f583d5249e26 ] Request (AttachInterfacesUnderV243Test:test_add_remove_fixed_ip): 200 GET http://10.180.1.21/compute/v2.1/servers/3d345623-d941-407b-ad67-5df1d686874f 0.224s
2025-03-06 11:48:40.499 68475 INFO tempest.lib.common.rest_client [req-050aaa5c-1f2e-4b28-b4dd-344c6deb7cbb req-050aaa5c-1f2e-4b28-b4dd-344c6deb7cbb ] Request (VolumesNegativeTest:tearDownClass): 204 DELETE http://10.180.1.21/identity/v3/projects/78ecce7f9bf54196b8d02fbd07b20770 0.074s
2025-03-06 11:48:40.522 68492 INFO tempest.lib.common.rest_client [req-e1ac04f1-10ac-4c6b-9803-6ad546c9b151 req-e1ac04f1-10ac-4c6b-9803-6ad546c9b151 ] Request (ImagesOneServerTestJSON:setUpClass): 200 GET http://10.180.1.21/compute/v2.1/servers/c473a08b-eec1-4c6a-a552-2a7fed508294 0.219s
2025-03-06 11:48:40.530 68471 INFO tempest.lib.common.rest_client [req-720ca74e-5109-4f76-b53f-a2f8f65500a5 req-720ca74e-5109-4f76-b53f-a2f8f65500a5 ] Request (ServersAdmin275Test:tearDownClass): 200 GET http://10.180.1.21/compute/v2.1/servers/553ee163-1336-4434-89f6-4bbc5f5fa2fe 0.253s
2025-03-06 11:48:40.577 68445 INFO tempest.lib.common.rest_client [req-1cf77576-f585-483b-815b-c93e8edf74db req-1cf77576-f585-483b-815b-c93e8edf74db ] Request (ServerActionsTestOtherB:setUpClass): 200 GET http://10.180.1.21/compute/v2.1/servers/a6990f0d-066a-40e6-92bf-42c09941b9cf 0.248s
2025-03-06 11:48:40.586 68467 INFO tempest.lib.common.rest_client [req-b525ef6b-c591-4cf1-918d-9453445c0aed req-b525ef6b-c591-4cf1-918d-9453445c0aed ] Request (ServersTestJSON:test_create_server_with_ipv6_addr_only): 200 GET http://10.180.1.21/compute/v2.1/servers/edc58ee1-713f-406e-919c-fcd704daf3dc 0.219s
2025-03-06 11:48:40.640 68443 INFO tempest.lib.common.rest_client [req-13d61c67-72d3-4ef9-ae35-2637e7b166d4 req-13d61c67-72d3-4ef9-ae35-2637e7b166d4 ] Request (ListServerFiltersTestJSON:setUpClass): 200 GET http://10.180.1.21/compute/v2.1/servers/14b21a96-242a-42a5-a7c5-c074297ea6d5 0.218s
2025-03-06 11:48:40.647 68495 INFO tempest.lib.common.rest_client [req-a7218b37-2dd3-4906-af6a-d050a5981032 req-a7218b37-2dd3-4906-af6a-d050a5981032 ] Request (ServerDiagnosticsV248Test:tearDownClass): 200 GET http://10.180.1.21/compute/v2.1/servers/bacf5456-19e2-4245-8691-ec7af39bf00a 0.273s
