2025-03-06 11:48:11.288 68505 INFO tempest.lib.common.rest_client [req-30465d64-9d3e-4834-bbdf-7558990c21cc req-30465d64-9d3e-4834-bbdf-7558990c21cc ] Request (ServerExternalEventsTest:tearDownClass): 200 GET http://10.180.1.21/compute/v2.1/servers/f247a07b-9db0-4745-a3c2-9ebb2883b68b 1.527s
2025-03-06 11:48:11.302 68473 INFO tempest.lib.common.rest_client [req-3101ad05-da9c-4151-bd63-6d74224e8462 req-3101ad05-da9c-4151-bd63-6d74224e8462 ] Request (ImagesTestJSON:test_create_image_from_stopped_server): 200 GET http://10.180.1.21/compute/v2.1/servers/1b6ca5c6-a34b-4abc-a802-255ef40b76fc 1.510s
2025-03-06 11:48:11.346 68477 INFO tempest.lib.common.rest_client [req-c2b5b7b3-8dbd-4ccf-a3cb-21affa4d839f req-c2b5b7b3-8dbd-4ccf-a3cb-21affa4d839f ] Request (KeyPairsV22TestJSON:test_keypairsv22_create_list_show): 201 POST http://10.180.1.21/compute/v2.1/os-keypairs 1.443s
2025-03-06 11:48:11.357 68492 INFO tempest.lib.common.rest_client [req-4f672339-f27d-40b0-a8f4-9be059e46170 req-4f672339-f27d-40b0-a8f4-9be059e46170 ] Request (TenantUsagesTestJSON:tearDownClass): 204 DELETE http://10.180.1.21:9696/networking/v2.0/security-groups/d44bb14e-3db4-4b77-8d5b-982151e8fdca 0.125s
2025-03-06 11:48:11.411 68471 INFO tempest.lib.common.rest_client [req-fed2cffb-b890-437e-ae87-8b6dd93d6d36 req-fed2cffb-b890-437e-ae87-8b6dd93d6d36 ] Request (ServersAdmin275Test:test_rebuild_update_server_275): 200 GET http://10.180.1.21/compute/v2.1/servers/553ee163-1336-4434-89f6-4bbc5f5fa2fe 1.491s
2025-03-06 11:48:11.454 68492 INFO tempest.lib.common.rest_client [req-aff441b6-2429-4a1f-8f0e-05c2be741297 req-aff441b6-2429-4a1f-8f0e-05c2be741297 ] Request (TenantUsagesTestJSON:tearDownClass): 204 DELETE http://10.180.1.21/identity/v3/projects/ee2d28af51fb4ecbaf1401c9d6218e3a 0.096s
2025-03-06 11:48:11.454 68492 INFO tempest.lib.common.dynamic_creds [-] Deleting project and security group for project: 62b5849351eb49e3a638ab10251b631d
2025-03-06 11:48:11.455 68475 INFO tempest.lib.common.rest_client [req-4e736078-1871-4bc6-b50b-de396dca39c2 req-4e736078-1871-4bc6-b50b-de396dca39c2 ] Request (ServerDiagnosticsTest:tearDownClass): 200 GET http://10.180.1.21/compute/v2.1/servers/d570add5-1201-4132-8af7-b25d20d33356 1.407s
2025-03-06 11:48:11.460 68447 INFO tempest.lib.common.rest_client [req-751c4956-1407-4677-ab00-43af061f51f0 req-751c4956-1407-4677-ab00-43af061f51f0 ] Request (ImagesOneServerNegativeTestJSON:test_create_image_specify_metadata_over_limits): 400 POST http://10.180.1.21/compute/v2.1/servers/ed2bca2e-9fe5-417b-a455-c997b75d3cdc/action 1.177s
2025-03-06 11:48:11.556 68459 INFO tempest.lib.common.rest_client [req-5063beb8-60e9-4b30-8039-3d7f2667f33f req-5063beb8-60e9-4b30-8039-3d7f2667f33f ] Request (AttachInterfacesV270Test:test_create_get_list_interfaces): 200 GET http://10.180.1.21/compute/v2.1/servers/b4c328b9-bd0d-4f8e-9990-19e8da955a53 1.273s
2025-03-06 11:48:11.575 68461 INFO tempest.lib.common.rest_client [req-ef361d85-1853-477c-8db7-3c8e127a827e req-ef361d85-1853-477c-8db7-3c8e127a827e ] Request (MigrationsAdminTest:test_list_migrations_in_flavor_resize_situation): 200 GET http://10.180.1.21/compute/v2.1/servers/3a2b3377-72ea-4d06-9b48-e82757055254 1.375s
2025-03-06 11:48:11.586 68461 INFO tempest.common.waiters [-] State transition "RESIZE/resize_prep" ==> "RESIZE/resize_migrating" after 19 second wait
2025-03-06 11:48:11.636 68487 INFO tempest.lib.common.rest_client [req-0f6435be-f789-470d-b9dc-09207216687a req-0f6435be-f789-470d-b9dc-09207216687a ] Request (InstanceActionsNegativeTestJSON:setUpClass): 200 GET http://10.180.1.21/compute/v2.1/servers/2c9a8df8-5546-46e7-b802-90bb85b4d1e7 1.016s
2025-03-06 11:48:11.638 68492 INFO tempest.lib.common.rest_client [req-0c8360e9-f5af-4960-b601-bd1bb928e68d req-0c8360e9-f5af-4960-b601-bd1bb928e68d ] Request (TenantUsagesTestJSON:tearDownClass): 200 GET http://10.180.1.21:9696/networking/v2.0/security-groups?tenant_id=62b5849351eb49e3a638ab10251b631d&name=default 0.183s
2025-03-06 11:48:11.654 68489 INFO tempest.lib.common.rest_client [req-7115d52d-0103-4b2c-a512-72960420811c req-7115d52d-0103-4b2c-a512-72960420811c ] Request (ServersAaction247Test:test_create_backup): 200 GET http://10.180.1.21/compute/v2.1/servers/116dbe06-cb18-4edb-bdca-01d7f5f066d9 1.300s
2025-03-06 11:48:11.687 68451 INFO tempest.lib.common.rest_client [req-889e70b1-ff21-4b68-b9d9-def4a7b6dbdf req-889e70b1-ff21-4b68-b9d9-def4a7b6dbdf ] Request (AggregatesAdminNegativeTestJSON:test_aggregate_remove_nonexistent_host): 200 POST http://10.180.1.21/compute/v2.1/os-aggregates 0.922s
2025-03-06 11:48:11.740 68492 INFO tempest.lib.common.rest_client [req-8203de13-ae00-4062-92b2-b6baeff546a7 req-8203de13-ae00-4062-92b2-b6baeff546a7 ] Request (TenantUsagesTestJSON:tearDownClass): 204 DELETE http://10.180.1.21:9696/networking/v2.0/security-groups/8d16f3b5-32ac-4a55-8651-0395cd92824a 0.102s
2025-03-06 11:48:11.746 68495 INFO tempest.lib.common.rest_client [req-4e4943f4-48a0-4d3c-85fd-9aab79338f0c req-4e4943f4-48a0-4d3c-85fd-9aab79338f0c ] Request (ServerDiagnosticsV248Test:tearDownClass): 204 DELETE http://10.180.1.21/compute/v2.1/servers/bacf5456-19e2-4245-8691-ec7af39bf00a 1.032s
2025-03-06 11:48:11.761 68443 INFO tempest.lib.common.rest_client [req-5ddb8831-9386-41d9-be0a-f6b753350c6d req-5ddb8831-9386-41d9-be0a-f6b753350c6d ] Request (FlavorsV2TestJSON:test_list_flavors_with_detail): 200 GET http://10.180.1.21/compute/v2.1/flavors/42 0.955s
2025-03-06 11:48:11.793 68481 INFO tempest.lib.common.rest_client [req-cf78b58c-7cf0-44de-9a52-6a8b7883b00e req-cf78b58c-7cf0-44de-9a52-6a8b7883b00e ] Request (FloatingIPsAssociationNegativeTestJSON:setUpClass): 200 GET http://10.180.1.21/compute/v2.1/servers/729030b9-3aea-41d0-be03-674f4178bba6 1.022s
2025-03-06 11:48:11.803 68481 INFO tempest.common.waiters [-] State transition "BUILD/None" ==> "BUILD/networking" after 26 second wait
2025-03-06 11:48:11.873 68492 INFO tempest.lib.common.rest_client [req-55afc5e9-705a-43b3-bb76-a8ed1fe70854 req-55afc5e9-705a-43b3-bb76-a8ed1fe70854 ] Request (TenantUsagesTestJSON:tearDownClass): 204 DELETE http://10.180.1.21/identity/v3/projects/62b5849351eb49e3a638ab10251b631d 0.132s
2025-03-06 11:48:11.880 68485 INFO tempest.lib.common.rest_client [req-446b8b4f-fd2e-4e18-9527-dc023cd3f983 req-446b8b4f-fd2e-4e18-9527-dc023cd3f983 ] Request (MultipleCreateTestJSON:test_multiple_create): 200 GET http://10.180.1.21/compute/v2.1/servers/7ab6896d-dba8-43de-a438-526fc42ff9da 0.942s
2025-03-06 11:48:11.893 68501 INFO tempest.lib.common.rest_client [req-22a9464d-366a-46c5-8109-e7a7768435d6 req-22a9464d-366a-46c5-8109-e7a7768435d6 ] Request (ServerDiskConfigTestJSON:test_rebuild_server_with_auto_disk_config): 200 GET http://10.180.1.21/compute/v2.1/servers/f7498597-2d98-4056-a0b2-218246e8c9ee 0.999s
2025-03-06 11:48:11.917 68443 INFO tempest.lib.common.rest_client [req-dbfdd816-6083-47f6-b232-53f4cb4482cc req-dbfdd816-6083-47f6-b232-53f4cb4482cc ] Request (FlavorsV2TestJSON:tearDownClass): 204 DELETE http://10.180.1.21/identity/v3/users/9adf732afdef42139357b58089d96a54 0.150s
2025-03-06 11:48:11.918 68443 INFO tempest.lib.common.dynamic_creds [-] Deleting project and security group for project: fd9743e1987b42b78ebb0ac94feff8a8
2025-03-06 11:48:11.934 68492 INFO tempest.lib.common.rest_client [req-f3de188c-adea-4743-b585-991095dde6b6 req-f3de188c-adea-4743-b585-991095dde6b6 ] Request (ImagesOneServerTestJSON:setUpClass): 201 POST http://10.180.1.21/identity/v3/auth/tokens 0.059s
2025-03-06 11:48:11.978 68443 INFO tempest.lib.common.rest_client [req-79e22740-4ff8-4921-b3f4-9c51087174c7 req-79e22740-4ff8-4921-b3f4-9c51087174c7 ] Request (FlavorsV2TestJSON:tearDownClass): 201 POST http://10.180.1.21/identity/v3/auth/tokens 0.059s
2025-03-06 11:48:11.989 68483 INFO tempest.lib.common.rest_client [req-1b01ad1c-ef82-46ef-93fe-a9c366c6ee4b req-1b01ad1c-ef82-46ef-93fe-a9c366c6ee4b ] Request (AttachInterfacesTestJSON:test_create_list_show_delete_interfaces_by_fixed_ip): 200 GET http://10.180.1.21/compute/v2.1/servers/6cab09dd-a5da-45a3-9058-2d99be5e8a76 1.014s
2025-03-06 11:48:12.000 68492 INFO tempest.lib.common.rest_client [req-f4645d2f-1436-4555-be26-441a98ca29bd req-f4645d2f-1436-4555-be26-441a98ca29bd ] Request (ImagesOneServerTestJSON:setUpClass): 201 POST http://10.180.1.21/identity/v3/auth/tokens 0.063s
2025-03-06 11:48:12.002 68465 INFO tempest.lib.common.rest_client [req-99ac3ad6-fccb-418b-9a37-247e07df6732 req-99ac3ad6-fccb-418b-9a37-247e07df6732 ] Request (ServersTestBootFromVolume:setUpClass): 200 GET http://10.180.1.21/volume/v3/volumes/12524fbd-a4c1-44c0-9326-782790909e94 0.032s
2025-03-06 11:48:12.031 68492 INFO tempest.lib.common.rest_client [req-28025dc1-8871-4345-8a4a-dbd8501e8b53 req-28025dc1-8871-4345-8a4a-dbd8501e8b53 ] Request (ImagesOneServerTestJSON:setUpClass): 200 GET http://10.180.1.21/identity/v3/domains?name=Default 0.031s
2025-03-06 11:48:12.062 68492 INFO tempest.lib.common.rest_client [req-077030fe-9c53-422a-b530-1111231c5341 req-077030fe-9c53-422a-b530-1111231c5341 ] Request (ImagesOneServerTestJSON:setUpClass): 201 POST http://10.180.1.21/identity/v3/projects 0.030s
2025-03-06 11:48:12.126 68492 INFO tempest.lib.common.rest_client [req-16761ce4-83e0-426d-a90e-ffa7a1ef1b1b req-16761ce4-83e0-426d-a90e-ffa7a1ef1b1b ] Request (ImagesOneServerTestJSON:setUpClass): 201 POST http://10.180.1.21/identity/v3/users 0.063s
2025-03-06 11:48:12.157 68492 INFO tempest.lib.common.rest_client [req-947e01f3-1ffc-4054-b864-f01090e2f940 req-947e01f3-1ffc-4054-b864-f01090e2f940 ] Request (ImagesOneServerTestJSON:setUpClass): 200 GET http://10.180.1.21/identity/v3/roles 0.031s
2025-03-06 11:48:12.191 68492 INFO tempest.lib.common.rest_client [req-49712e65-5b56-44d8-945e-704123467b74 req-49712e65-5b56-44d8-945e-704123467b74 ] Request (ImagesOneServerTestJSON:setUpClass): 204 PUT http://10.180.1.21/identity/v3/projects/71607f389c084391be113144cbdd65ff/users/536ba70b13424c80ba4f24c462c3dbf9/roles/890505dc56104183aa955be6ebbb7be1 0.034s
2025-03-06 11:48:12.192 68492 INFO tempest.lib.common.dynamic_creds [-] Dynamic test user 536ba70b13424c80ba4f24c462c3dbf9 is created with scope project and roles: ['member']
2025-03-06 11:48:12.192 68492 INFO tempest.lib.common.dynamic_creds [-] Acquired dynamic creds: credentials: Credentials: {'domain_id': 'default', 'domain_name': 'Default', 'username': 'tempest-ImagesOneServerTestJSON-598731953-project-member', 'project_domain_id': 'default', 'project_domain_name': 'Default', 'project_id': '71607f389c084391be113144cbdd65ff', 'project_name': 'tempest-ImagesOneServerTestJSON-598731953', 'tenant_id': '71607f389c084391be113144cbdd65ff', 'tenant_name': 'tempest-ImagesOneServerTestJSON-598731953', 'user_domain_id': 'default', 'user_domain_name': 'Default', 'user_id': '536ba70b13424c80ba4f24c462c3dbf9', 'system': None}, Network: None, Subnet: None, Router: None
2025-03-06 11:48:12.242 68449 INFO tempest.lib.common.rest_client [req-1b9ff502-9ef6-43e9-bfab-1d9aaba33239 req-1b9ff502-9ef6-43e9-bfab-1d9aaba33239 ] Request (ServersWithSpecificFlavorTestJSON:test_verify_created_server_ephemeral_disk): 200 GET http://10.180.1.21/compute/v2.1/servers/e8a4f44f-5ae6-455f-a8e0-b793c81c7021 1.133s
2025-03-06 11:48:12.253 68449 INFO tempest.common.waiters [-] State transition "BUILD/spawning" ==> "ACTIVE/None" after 31 second wait
2025-03-06 11:48:12.256 68492 INFO tempest.lib.common.rest_client [req-c7675789-34d0-4268-90aa-44f40c143b9c req-c7675789-34d0-4268-90aa-44f40c143b9c ] Request (ImagesOneServerTestJSON:setUpClass): 201 POST http://10.180.1.21/identity/v3/auth/tokens 0.064s
2025-03-06 11:48:12.327 68457 INFO tempest.lib.common.rest_client [req-b25c40e6-7f47-4bf1-b9f7-bb667e59fc33 req-b25c40e6-7f47-4bf1-b9f7-bb667e59fc33 ] Request (AttachVolumeShelveTestJSON:test_attach_volume_shelved_or_offload_server): 200 GET http://10.180.1.21/compute/v2.1/servers/d0d8d6f2-2af2-4bdc-8112-b37a92a9c0ed 1.108s
2025-03-06 11:48:12.337 68477 INFO tempest.lib.common.rest_client [req-c0d4052c-fec9-4687-92cb-91bc012c7ef9 req-c0d4052c-fec9-4687-92cb-91bc012c7ef9 ] Request (KeyPairsV22TestJSON:test_keypairsv22_create_list_show): 200 GET http://10.180.1.21/compute/v2.1/os-keypairs/tempest-keypair-931674297 0.989s
2025-03-06 11:48:12.379 68455 INFO tempest.lib.common.rest_client [req-0e18fa5a-dccf-4338-82b9-a77f4ad5519f req-0e18fa5a-dccf-4338-82b9-a77f4ad5519f ] Request (ListImageFiltersTestJSON:setUpClass): 200 GET http://10.180.1.21/compute/v2.1/servers/be4c46f0-df97-4cbd-afde-76f598735d14 1.201s
2025-03-06 11:48:12.421 68493 INFO tempest.lib.common.rest_client [req-817717d9-b845-46c8-a765-768f6b70a492 req-817717d9-b845-46c8-a765-768f6b70a492 ] Request (ServersAdminNegativeTestJSON:setUpClass): 200 GET http://10.180.1.21/compute/v2.1/servers/369e1ee3-ae1e-453c-ac27-b21b6b171459 1.032s
2025-03-06 11:48:12.502 68463 INFO tempest.lib.common.rest_client [req-d9e247d5-0c2a-4a1f-a651-ee959c6d300b req-d9e247d5-0c2a-4a1f-a651-ee959c6d300b ] Request (ServersAdminTestJSON:setUpClass): 200 GET http://10.180.1.21/compute/v2.1/servers/a280c315-55e1-4e87-934c-e68328ced4b1 1.001s
2025-03-06 11:48:12.543 68451 INFO tempest.lib.common.rest_client [req-f5f6365d-b889-4ffc-a00b-194f97803e63 req-f5f6365d-b889-4ffc-a00b-194f97803e63 ] Request (AggregatesAdminNegativeTestJSON:test_aggregate_remove_nonexistent_host): 404 POST http://10.180.1.21/compute/v2.1/os-aggregates/8/action 0.854s
2025-03-06 11:48:12.859 68469 INFO tempest.lib.common.rest_client [req-b6ef81b5-1d61-4ab3-b8db-27b104ca8f15 req-b6ef81b5-1d61-4ab3-b8db-27b104ca8f15 ] Request (VolumesAdminNegativeTest:test_update_attached_volume_with_nonexistent_volume_in_body): 200 GET http://10.180.1.21/compute/v2.1/servers/454157e8-7676-48d4-ad67-46759341426a 1.132s
2025-03-06 11:48:12.873 68443 INFO tempest.lib.common.rest_client [req-0bfba3b8-7aad-4970-a3e4-2ca2c7a40cb6 req-0bfba3b8-7aad-4970-a3e4-2ca2c7a40cb6 ] Request (FlavorsV2TestJSON:tearDownClass): 200 GET http://10.180.1.21:9696/networking/v2.0/security-groups?tenant_id=fd9743e1987b42b78ebb0ac94feff8a8&name=default 0.895s
2025-03-06 11:48:12.893 68447 INFO tempest.lib.common.rest_client [req-b9a59e5b-b5b4-4117-b049-4acf93837ce0 req-b9a59e5b-b5b4-4117-b049-4acf93837ce0 ] Request (ImagesOneServerNegativeTestJSON:tearDown): 200 GET http://10.180.1.21/compute/v2.1/servers/ed2bca2e-9fe5-417b-a455-c997b75d3cdc 1.433s
2025-03-06 11:48:12.993 68492 INFO tempest.lib.common.rest_client [req-0be3a6f7-1332-4fd2-ac8a-1ddbf9f4901d req-0be3a6f7-1332-4fd2-ac8a-1ddbf9f4901d ] Request (ImagesOneServerTestJSON:setUpClass): 201 POST http://10.180.1.21:9696/networking/v2.0/networks 0.737s
2025-03-06 11:48:12.995 68495 INFO tempest.lib.common.rest_client [req-b0900634-43ff-4a16-b21c-29aa87e0c205 req-b0900634-43ff-4a16-b21c-29aa87e0c205 ] Request (ServerDiagnosticsV248Test:tearDownClass): 200 GET http://10.180.1.21/compute/v2.1/servers/bacf5456-19e2-4245-8691-ec7af39bf00a 1.249s
2025-03-06 11:48:13.000 68467 INFO tempest.lib.common.rest_client [req-d412f555-cd73-48d5-8097-623221691da3 req-d412f555-cd73-48d5-8097-623221691da3 ] Request (ServersTestJSON:test_create_server_specify_multibyte_character_name): 200 GET http://10.180.1.21/compute/v2.1/servers/f1ed11a4-6524-41b7-a2f2-84b3e75a99e0 1.222s
2025-03-06 11:48:13.005 68445 INFO tempest.lib.common.rest_client [req-5cd97b16-a010-49f0-b399-06a10e275793 req-5cd97b16-a010-49f0-b399-06a10e275793 ] Request (ServerActionsTestOtherB:setUpClass): 201 POST http://10.180.1.21:9696/networking/v2.0/routers 3.262s
2025-03-06 11:48:13.042 68465 INFO tempest.lib.common.rest_client [req-5a650d8f-6b6e-482e-b73e-35a5972f2cd6 req-5a650d8f-6b6e-482e-b73e-35a5972f2cd6 ] Request (ServersTestBootFromVolume:setUpClass): 200 GET http://10.180.1.21/volume/v3/volumes/12524fbd-a4c1-44c0-9326-782790909e94 0.031s
2025-03-06 11:48:13.076 68499 INFO tempest.lib.common.rest_client [req-9c8b7657-5033-444b-8346-80d7c5fcc709 req-9c8b7657-5033-444b-8346-80d7c5fcc709 ] Request (ServerRescueNegativeTestJSON:setUpClass): 200 GET http://10.180.1.21/compute/v2.1/servers/4ed59fbb-5b90-4c04-ad38-b9a8a64748f1 1.012s
2025-03-06 11:48:13.097 68443 INFO tempest.lib.common.rest_client [req-0dff096a-c3e1-4081-b794-a75d5e0f87be req-0dff096a-c3e1-4081-b794-a75d5e0f87be ] Request (FlavorsV2TestJSON:tearDownClass): 204 DELETE http://10.180.1.21:9696/networking/v2.0/security-groups/729d8bb6-8c7d-4d3b-ae5a-2c6aa2793c94 0.223s
2025-03-06 11:48:13.142 68505 INFO tempest.lib.common.rest_client [req-171140e5-b710-4b85-8d08-6728e3fb3e93 req-171140e5-b710-4b85-8d08-6728e3fb3e93 ] Request (ServerExternalEventsTest:tearDownClass): 200 GET http://10.180.1.21/compute/v2.1/servers/f247a07b-9db0-4745-a3c2-9ebb2883b68b 0.843s
2025-03-06 11:48:13.191 68443 INFO tempest.lib.common.rest_client [req-30f95f05-2c0d-4eb8-9866-ee31797c59cd req-30f95f05-2c0d-4eb8-9866-ee31797c59cd ] Request (FlavorsV2TestJSON:tearDownClass): 204 DELETE http://10.180.1.21/identity/v3/projects/fd9743e1987b42b78ebb0ac94feff8a8 0.093s
2025-03-06 11:48:13.199 68473 INFO tempest.lib.common.rest_client [req-42ac4565-6e05-4313-b194-b4b70fccd819 req-42ac4565-6e05-4313-b194-b4b70fccd819 ] Request (ImagesTestJSON:test_create_image_from_stopped_server): 200 GET http://10.180.1.21/compute/v2.1/servers/1b6ca5c6-a34b-4abc-a802-255ef40b76fc 0.881s
2025-03-06 11:48:13.215 68477 INFO tempest.lib.common.rest_client [req-6d6d119c-513e-4b4b-be83-82c120ff5f48 req-6d6d119c-513e-4b4b-be83-82c120ff5f48 ] Request (KeyPairsV22TestJSON:test_keypairsv22_create_list_show): 200 GET http://10.180.1.21/compute/v2.1/os-keypairs 0.875s
2025-03-06 11:48:13.268 68492 INFO tempest.lib.common.rest_client [req-cfa4f5ec-871a-4bcb-888c-38c7d7b11453 req-cfa4f5ec-871a-4bcb-888c-38c7d7b11453 ] Request (ImagesOneServerTestJSON:setUpClass): 201 POST http://10.180.1.21:9696/networking/v2.0/subnets 0.273s
2025-03-06 11:48:13.285 68443 INFO tempest.lib.common.rest_client [req-4bf6e864-8f91-46ca-b7d4-712291b22a45 req-4bf6e864-8f91-46ca-b7d4-712291b22a45 ] Request (ListServerFiltersTestJSON:setUpClass): 201 POST http://10.180.1.21/identity/v3/auth/tokens 0.091s
2025-03-06 11:48:13.287 68471 INFO tempest.lib.common.rest_client [req-d6a9a9e5-4960-4684-a166-a179ba5584c9 req-d6a9a9e5-4960-4684-a166-a179ba5584c9 ] Request (ServersAdmin275Test:test_rebuild_update_server_275): 200 GET http://10.180.1.21/compute/v2.1/servers/553ee163-1336-4434-89f6-4bbc5f5fa2fe 0.859s
2025-03-06 11:48:13.311 68449 INFO tempest.lib.common.rest_client [req-883df05f-0290-49c9-9e2b-517711600ad6 req-883df05f-0290-49c9-9e2b-517711600ad6 ] Request (ServersWithSpecificFlavorTestJSON:test_verify_created_server_ephemeral_disk): 200 GET http://10.180.1.21/compute/v2.1/servers/e8a4f44f-5ae6-455f-a8e0-b793c81c7021/os-interface 1.058s
2025-03-06 11:48:13.338 68451 INFO tempest.lib.common.rest_client [req-5f940209-d708-4161-a6d8-8c4b37fe7b1c req-5f940209-d708-4161-a6d8-8c4b37fe7b1c ] Request (AggregatesAdminNegativeTestJSON:_run_cleanups): 200 DELETE http://10.180.1.21/compute/v2.1/os-aggregates/8 0.794s
2025-03-06 11:48:13.342 68443 INFO tempest.lib.common.rest_client [req-19ce8663-9d68-4a6c-b3f8-d0fe15d17ac5 req-19ce8663-9d68-4a6c-b3f8-d0fe15d17ac5 ] Request (ListServerFiltersTestJSON:setUpClass): 201 POST http://10.180.1.21/identity/v3/auth/tokens 0.051s
2025-03-06 11:48:13.380 68443 INFO tempest.lib.common.rest_client [req-9e6af865-c589-4d68-8e00-2a877d2be065 req-9e6af865-c589-4d68-8e00-2a877d2be065 ] Request (ListServerFiltersTestJSON:setUpClass): 200 GET http://10.180.1.21/identity/v3/domains?name=Default 0.038s
2025-03-06 11:48:13.413 68443 INFO tempest.lib.common.rest_client [req-f084308c-ddb4-41a7-a78d-e5f7218c1d30 req-f084308c-ddb4-41a7-a78d-e5f7218c1d30 ] Request (ListServerFiltersTestJSON:setUpClass): 201 POST http://10.180.1.21/identity/v3/projects 0.032s
2025-03-06 11:48:13.431 68475 INFO tempest.lib.common.rest_client [req-366be750-5831-45ed-8ccb-49cff29d4a2f req-366be750-5831-45ed-8ccb-49cff29d4a2f ] Request (ServerDiagnosticsTest:tearDownClass): 200 GET http://10.180.1.21/compute/v2.1/servers/d570add5-1201-4132-8af7-b25d20d33356 0.967s
2025-03-06 11:48:13.448 68451 INFO tempest.lib.common.rest_client [req-98ebd60c-c9b1-4964-90bc-7a3b9e3b7f3d req-98ebd60c-c9b1-4964-90bc-7a3b9e3b7f3d ] Request (AggregatesAdminNegativeTestJSON:tearDownClass): 204 DELETE http://10.180.1.21/identity/v3/users/2a97bd0f829441d285173687a68c0d59 0.108s
2025-03-06 11:48:13.456 68459 INFO tempest.lib.common.rest_client [req-be147ceb-703c-4423-94ad-7b2f5f4a3964 req-be147ceb-703c-4423-94ad-7b2f5f4a3964 ] Request (AttachInterfacesV270Test:test_create_get_list_interfaces): 200 GET http://10.180.1.21/compute/v2.1/servers/b4c328b9-bd0d-4f8e-9990-19e8da955a53 0.885s
2025-03-06 11:48:13.548 68443 INFO tempest.lib.common.rest_client [req-5635c8d2-9586-4ea8-8120-617eaea04abd req-5635c8d2-9586-4ea8-8120-617eaea04abd ] Request (ListServerFiltersTestJSON:setUpClass): 201 POST http://10.180.1.21/identity/v3/users 0.135s
2025-03-06 11:48:13.572 68487 INFO tempest.lib.common.rest_client [req-6018cd6f-bf88-45b2-b3ae-7fe586b383d4 req-6018cd6f-bf88-45b2-b3ae-7fe586b383d4 ] Request (InstanceActionsNegativeTestJSON:setUpClass): 200 GET http://10.180.1.21/compute/v2.1/servers/2c9a8df8-5546-46e7-b802-90bb85b4d1e7 0.920s
2025-03-06 11:48:13.574 68443 INFO tempest.lib.common.rest_client [req-ba07d1ba-d697-47bd-ab92-7eb8f48b6bde req-ba07d1ba-d697-47bd-ab92-7eb8f48b6bde ] Request (ListServerFiltersTestJSON:setUpClass): 200 GET http://10.180.1.21/identity/v3/roles 0.025s
2025-03-06 11:48:13.611 68451 INFO tempest.lib.common.rest_client [req-4689e0d8-607c-442e-8942-b83265e687ba req-4689e0d8-607c-442e-8942-b83265e687ba ] Request (AggregatesAdminNegativeTestJSON:tearDownClass): 204 DELETE http://10.180.1.21/identity/v3/users/6730b6208ae446ad8ec3a047556983dc 0.162s
2025-03-06 11:48:13.611 68451 INFO tempest.lib.common.dynamic_creds [-] Deleting project and security group for project: 10f0aef74fa74255b191e9d52c118024
2025-03-06 11:48:13.660 68443 INFO tempest.lib.common.rest_client [req-ee883161-48b3-4889-b71d-dbb66b494304 req-ee883161-48b3-4889-b71d-dbb66b494304 ] Request (ListServerFiltersTestJSON:setUpClass): 204 PUT http://10.180.1.21/identity/v3/projects/264bfd95dfa845e685db995763e869e8/users/f35396a1e0a449c1946854c8f543c374/roles/890505dc56104183aa955be6ebbb7be1 0.085s
2025-03-06 11:48:13.660 68443 INFO tempest.lib.common.dynamic_creds [-] Dynamic test user f35396a1e0a449c1946854c8f543c374 is created with scope project and roles: ['member']
2025-03-06 11:48:13.660 68443 INFO tempest.lib.common.dynamic_creds [-] Acquired dynamic creds: credentials: Credentials: {'domain_id': 'default', 'domain_name': 'Default', 'username': 'tempest-ListServerFiltersTestJSON-1911071594-project-member', 'project_domain_id': 'default', 'project_domain_name': 'Default', 'project_id': '264bfd95dfa845e685db995763e869e8', 'project_name': 'tempest-ListServerFiltersTestJSON-1911071594', 'tenant_id': '264bfd95dfa845e685db995763e869e8', 'tenant_name': 'tempest-ListServerFiltersTestJSON-1911071594', 'user_domain_id': 'default', 'user_domain_name': 'Default', 'user_id': 'f35396a1e0a449c1946854c8f543c374', 'system': None}, Network: None, Subnet: None, Router: None
2025-03-06 11:48:13.682 68489 INFO tempest.lib.common.rest_client [req-f9fa93bd-4ae9-46ec-9a43-75eb24d3d364 req-f9fa93bd-4ae9-46ec-9a43-75eb24d3d364 ] Request (ServersAaction247Test:test_create_backup): 200 GET http://10.180.1.21/compute/v2.1/servers/116dbe06-cb18-4edb-bdca-01d7f5f066d9 1.014s
2025-03-06 11:48:13.685 68451 INFO tempest.lib.common.rest_client [req-b6e18527-a761-472b-86f6-280a2b0f5215 req-b6e18527-a761-472b-86f6-280a2b0f5215 ] Request (AggregatesAdminNegativeTestJSON:tearDownClass): 201 POST http://10.180.1.21/identity/v3/auth/tokens 0.073s
2025-03-06 11:48:13.727 68461 INFO tempest.lib.common.rest_client [req-fdc5c328-4e9e-423f-b9a0-9b853096c79f req-fdc5c328-4e9e-423f-b9a0-9b853096c79f ] Request (MigrationsAdminTest:test_list_migrations_in_flavor_resize_situation): 200 GET http://10.180.1.21/compute/v2.1/servers/3a2b3377-72ea-4d06-9b48-e82757055254 1.140s
2025-03-06 11:48:13.727 68443 INFO tempest.lib.common.rest_client [req-81765097-98c6-4b0c-89a6-688c87f925a7 req-81765097-98c6-4b0c-89a6-688c87f925a7 ] Request (ListServerFiltersTestJSON:setUpClass): 201 POST http://10.180.1.21/identity/v3/auth/tokens 0.067s
2025-03-06 11:48:13.807 68485 INFO tempest.lib.common.rest_client [req-13e63379-2218-46fb-8edb-f71860def564 req-13e63379-2218-46fb-8edb-f71860def564 ] Request (MultipleCreateTestJSON:test_multiple_create): 200 GET http://10.180.1.21/compute/v2.1/servers/7ab6896d-dba8-43de-a438-526fc42ff9da 0.910s
2025-03-06 11:48:13.838 68453 INFO tempest.lib.common.rest_client [req-b32b6545-3a1c-4404-8092-907a4ae96c0e req-b32b6545-3a1c-4404-8092-907a4ae96c0e ] Request (ListServersNegativeTestJSON:setUpClass): 200 PUT http://10.180.1.21:9696/networking/v2.0/routers/3ef17ca0-3c7e-4b95-8962-c65b2a66bcf1/add_router_interface 3.999s
2025-03-06 11:48:13.839 68453 INFO tempest.lib.common.dynamic_creds [-] Created isolated network resources for: credentials: Credentials: {'domain_id': 'default', 'domain_name': 'Default', 'username': 'tempest-ListServersNegativeTestJSON-896732304-project-member', 'project_domain_id': 'default', 'project_domain_name': 'Default', 'project_id': '6af6d9c685b14af9898434c0c01f1847', 'project_name': 'tempest-ListServersNegativeTestJSON-896732304', 'tenant_id': '6af6d9c685b14af9898434c0c01f1847', 'tenant_name': 'tempest-ListServersNegativeTestJSON-896732304', 'user_domain_id': 'default', 'user_domain_name': 'Default', 'user_id': '83e0647a8e984cd2ad38e1dd3c97ab41', 'system': None}, Network: {'id': '9a3c5868-46ed-4ed1-be5e-ed854f284315', 'name': 'tempest-ListServersNegativeTestJSON-358830807-network', 'tenant_id': '6af6d9c685b14af9898434c0c01f1847', 'admin_state_up': True, 'mtu': 8950, 'status': 'ACTIVE', 'subnets': [], 'shared': False, 'project_id': '6af6d9c685b14af9898434c0c01f1847', 'port_security_enabled': True, 'router:external': False, 'provider:network_type': 'vlan', 'provider:physical_network': 'default', 'provider:segmentation_id': 509, 'availability_zone_hints': [], 'availability_zones': [], 'ipv4_address_scope': None, 'ipv6_address_scope': None, 'description': '', 'tags': [], 'created_at': '2025-03-06T11:48:07Z', 'updated_at': '2025-03-06T11:48:07Z', 'revision_number': 1}, Subnet: {'id': '92668890-81a4-4dee-a399-75507c441e71', 'name': 'tempest-ListServersNegativeTestJSON-358830807-subnet', 'tenant_id': '6af6d9c685b14af9898434c0c01f1847', 'network_id': '9a3c5868-46ed-4ed1-be5e-ed854f284315', 'ip_version': 4, 'subnetpool_id': None, 'enable_dhcp': True, 'ipv6_ra_mode': None, 'ipv6_address_mode': None, 'gateway_ip': '192.168.128.1', 'cidr': '192.168.128.0/28', 'allocation_pools': [{'start': '192.168.128.2', 'end': '192.168.128.14'}], 'host_routes': [], 'dns_nameservers': [], 'description': '', 'router:external': False, 'service_types': [], 'tags': [], 'created_at': '2025-03-06T11:48:08Z', 'updated_at': '2025-03-06T11:48:08Z', 'revision_number': 0, 'project_id': '6af6d9c685b14af9898434c0c01f1847'}, Router: {'id': '3ef17ca0-3c7e-4b95-8962-c65b2a66bcf1', 'name': 'tempest-ListServersNegativeTestJSON-358830807-router', 'tenant_id': '6af6d9c685b14af9898434c0c01f1847', 'admin_state_up': True, 'status': 'ACTIVE', 'external_gateway_info': {'network_id': '91775354-2aae-47be-ba53-a2ea92393363', 'external_fixed_ips': [{'subnet_id': '254e9e83-0ea8-4b5b-8e52-3dcd2c7530af', 'ip_address': '10.180.180.176'}], 'enable_snat': True}, 'description': '', 'availability_zones': [], 'distributed': False, 'ha': False, 'availability_zone_hints': [], 'routes': [], 'flavor_id': None, 'tags': [], 'created_at': '2025-03-06T11:48:08Z', 'updated_at': '2025-03-06T11:48:09Z', 'revision_number': 2, 'project_id': '6af6d9c685b14af9898434c0c01f1847'}
2025-03-06 11:48:13.920 68453 INFO tempest.lib.common.rest_client [req-48de2ace-cf5a-401a-be51-6e941af5a655 req-48de2ace-cf5a-401a-be51-6e941af5a655 ] Request (ListServersNegativeTestJSON:setUpClass): 201 POST http://10.180.1.21/identity/v3/auth/tokens 0.078s
2025-03-06 11:48:13.948 68481 INFO tempest.lib.common.rest_client [req-352771b1-8c72-4f96-a095-c62388f770ef req-352771b1-8c72-4f96-a095-c62388f770ef ] Request (FloatingIPsAssociationNegativeTestJSON:setUpClass): 200 GET http://10.180.1.21/compute/v2.1/servers/729030b9-3aea-41d0-be03-674f4178bba6 1.144s
2025-03-06 11:48:13.962 68481 INFO tempest.common.waiters [-] State transition "BUILD/networking" ==> "BUILD/spawning" after 28 second wait
2025-03-06 11:48:13.962 68453 INFO tempest.lib.common.rest_client [req-76c1dabd-0adb-4303-8e18-72497a3b7aaf req-76c1dabd-0adb-4303-8e18-72497a3b7aaf ] Request (ListServersNegativeTestJSON:setUpClass): 201 POST http://10.180.1.21/identity/v3/auth/tokens 0.036s
2025-03-06 11:48:13.963 68453 INFO tempest.lib.common.fixed_network [-] (ListServersNegativeTestJSON:setUpClass) Found network {'id': '9a3c5868-46ed-4ed1-be5e-ed854f284315', 'name': 'tempest-ListServersNegativeTestJSON-358830807-network', 'tenant_id': '6af6d9c685b14af9898434c0c01f1847', 'admin_state_up': True, 'mtu': 8950, 'status': 'ACTIVE', 'subnets': [], 'shared': False, 'project_id': '6af6d9c685b14af9898434c0c01f1847', 'port_security_enabled': True, 'router:external': False, 'provider:network_type': 'vlan', 'provider:physical_network': 'default', 'provider:segmentation_id': 509, 'availability_zone_hints': [], 'availability_zones': [], 'ipv4_address_scope': None, 'ipv6_address_scope': None, 'description': '', 'tags': [], 'created_at': '2025-03-06T11:48:07Z', 'updated_at': '2025-03-06T11:48:07Z', 'revision_number': 1} available for tenant
2025-03-06 11:48:14.102 68465 INFO tempest.lib.common.rest_client [req-55b5793c-d73f-4106-8dd2-308623cb5acb req-55b5793c-d73f-4106-8dd2-308623cb5acb ] Request (ServersTestBootFromVolume:setUpClass): 200 GET http://10.180.1.21/volume/v3/volumes/12524fbd-a4c1-44c0-9326-782790909e94 0.052s
2025-03-06 11:48:14.238 68447 INFO tempest.lib.common.rest_client [req-6411846a-25e8-4c79-9a48-1e3784a1080a req-6411846a-25e8-4c79-9a48-1e3784a1080a ] Request (ImagesOneServerNegativeTestJSON:setUp): 200 GET http://10.180.1.21/compute/v2.1/servers/ed2bca2e-9fe5-417b-a455-c997b75d3cdc 1.335s
2025-03-06 11:48:14.243 68451 INFO tempest.lib.common.rest_client [req-47a807a6-d150-42b5-8016-831424d97ca6 req-47a807a6-d150-42b5-8016-831424d97ca6 ] Request (AggregatesAdminNegativeTestJSON:tearDownClass): 200 GET http://10.180.1.21:9696/networking/v2.0/security-groups?tenant_id=10f0aef74fa74255b191e9d52c118024&name=default 0.558s
2025-03-06 11:48:14.312 68483 INFO tempest.lib.common.rest_client [req-ac819591-3f41-471d-9430-3a348cd8e574 req-ac819591-3f41-471d-9430-3a348cd8e574 ] Request (AttachInterfacesTestJSON:test_create_list_show_delete_interfaces_by_fixed_ip): 200 GET http://10.180.1.21/compute/v2.1/servers/6cab09dd-a5da-45a3-9058-2d99be5e8a76 1.311s
2025-03-06 11:48:14.344 68501 INFO tempest.lib.common.rest_client [req-3c089f91-a064-486c-a067-bd277f99fb29 req-3c089f91-a064-486c-a067-bd277f99fb29 ] Request (ServerDiskConfigTestJSON:test_rebuild_server_with_auto_disk_config): 200 GET http://10.180.1.21/compute/v2.1/servers/f7498597-2d98-4056-a0b2-218246e8c9ee 1.438s
2025-03-06 11:48:14.357 68501 INFO tempest.common.waiters [-] State transition "BUILD/spawning" ==> "ACTIVE/None" after 30 second wait
2025-03-06 11:48:14.375 68477 INFO tempest.lib.common.rest_client [req-4f2a5d66-5445-460d-acab-8e7f1f4430f4 req-4f2a5d66-5445-460d-acab-8e7f1f4430f4 ] Request (KeyPairsV22TestJSON:_run_cleanups): 204 DELETE http://10.180.1.21/compute/v2.1/os-keypairs/tempest-keypair-931674297 1.157s
2025-03-06 11:48:14.429 68457 INFO tempest.lib.common.rest_client [req-dd2df73d-54e3-46f4-b95a-b8ab964423dc req-dd2df73d-54e3-46f4-b95a-b8ab964423dc ] Request (AttachVolumeShelveTestJSON:test_attach_volume_shelved_or_offload_server): 200 GET http://10.180.1.21/compute/v2.1/servers/d0d8d6f2-2af2-4bdc-8112-b37a92a9c0ed 1.090s
2025-03-06 11:48:14.491 68455 INFO tempest.lib.common.rest_client [req-4aeb00da-ac52-4483-a557-c9c9fef4488d req-4aeb00da-ac52-4483-a557-c9c9fef4488d ] Request (ListImageFiltersTestJSON:setUpClass): 200 GET http://10.180.1.21/compute/v2.1/servers/be4c46f0-df97-4cbd-afde-76f598735d14 1.103s
2025-03-06 11:48:14.574 68451 INFO tempest.lib.common.rest_client [req-309b06ea-7301-42ac-a152-ad18d27e3e53 req-309b06ea-7301-42ac-a152-ad18d27e3e53 ] Request (AggregatesAdminNegativeTestJSON:tearDownClass): 204 DELETE http://10.180.1.21:9696/networking/v2.0/security-groups/1f627291-9c2a-45fe-a768-dc7ff3f62ee5 0.330s
2025-03-06 11:48:14.576 68443 INFO tempest.lib.common.rest_client [req-a1e42cff-f916-4b21-94ae-8f24c0acb0e2 req-a1e42cff-f916-4b21-94ae-8f24c0acb0e2 ] Request (ListServerFiltersTestJSON:setUpClass): 201 POST http://10.180.1.21:9696/networking/v2.0/networks 0.848s
2025-03-06 11:48:14.581 68463 INFO tempest.lib.common.rest_client [req-9a004702-54f3-4358-b2de-85b58e80ebd8 req-9a004702-54f3-4358-b2de-85b58e80ebd8 ] Request (ServersAdminTestJSON:setUpClass): 200 GET http://10.180.1.21/compute/v2.1/servers/a280c315-55e1-4e87-934c-e68328ced4b1 1.067s
2025-03-06 11:48:14.655 68451 INFO tempest.lib.common.rest_client [req-bd0acef2-28e2-423f-ac6f-d84eb7e7469d req-bd0acef2-28e2-423f-ac6f-d84eb7e7469d ] Request (AggregatesAdminNegativeTestJSON:tearDownClass): 204 DELETE http://10.180.1.21/identity/v3/projects/10f0aef74fa74255b191e9d52c118024 0.080s
2025-03-06 11:48:14.655 68451 INFO tempest.lib.common.dynamic_creds [-] Deleting project and security group for project: 4672c9f2b576490ebc5b648b27219cff
2025-03-06 11:48:14.711 68493 INFO tempest.lib.common.rest_client [req-7765c05a-38ee-453f-8d03-c98f4546fe6c req-7765c05a-38ee-453f-8d03-c98f4546fe6c ] Request (ServersAdminNegativeTestJSON:setUpClass): 200 GET http://10.180.1.21/compute/v2.1/servers/369e1ee3-ae1e-453c-ac27-b21b6b171459 1.278s
2025-03-06 11:48:14.764 68503 INFO tempest.lib.common.rest_client [req-e17f14d7-ed51-4aee-9ad5-9159fbfa7b87 req-e17f14d7-ed51-4aee-9ad5-9159fbfa7b87 ] Request (FloatingIPsAssociationTestJSON:setUpClass): 200 PUT http://10.180.1.21:9696/networking/v2.0/routers/c2dfabd6-25aa-4797-9c73-f9015effed73/add_router_interface 3.804s
2025-03-06 11:48:14.765 68503 INFO tempest.lib.common.dynamic_creds [-] Created isolated network resources for: credentials: Credentials: {'domain_id': 'default', 'domain_name': 'Default', 'username': 'tempest-FloatingIPsAssociationTestJSON-1457895830-project-member', 'project_domain_id': 'default', 'project_domain_name': 'Default', 'project_id': '4a854e1fd14a492cbcabef7a765f224f', 'project_name': 'tempest-FloatingIPsAssociationTestJSON-1457895830', 'tenant_id': '4a854e1fd14a492cbcabef7a765f224f', 'tenant_name': 'tempest-FloatingIPsAssociationTestJSON-1457895830', 'user_domain_id': 'default', 'user_domain_name': 'Default', 'user_id': '00918f80ea7f4fae93bbf6d8fdb19eca', 'system': None}, Network: {'id': '39694a03-ec13-4602-9672-27a7c9d9596b', 'name': 'tempest-FloatingIPsAssociationTestJSON-1613218905-network', 'tenant_id': '4a854e1fd14a492cbcabef7a765f224f', 'admin_state_up': True, 'mtu': 8950, 'status': 'ACTIVE', 'subnets': [], 'shared': False, 'project_id': '4a854e1fd14a492cbcabef7a765f224f', 'port_security_enabled': True, 'router:external': False, 'provider:network_type': 'vlan', 'provider:physical_network': 'default', 'provider:segmentation_id': 866, 'availability_zone_hints': [], 'availability_zones': [], 'ipv4_address_scope': None, 'ipv6_address_scope': None, 'description': '', 'tags': [], 'created_at': '2025-03-06T11:48:08Z', 'updated_at': '2025-03-06T11:48:08Z', 'revision_number': 1}, Subnet: {'id': 'e4b77e48-0d69-48f4-a70e-0dafbf9598c4', 'name': 'tempest-FloatingIPsAssociationTestJSON-1613218905-subnet', 'tenant_id': '4a854e1fd14a492cbcabef7a765f224f', 'network_id': '39694a03-ec13-4602-9672-27a7c9d9596b', 'ip_version': 4, 'subnetpool_id': None, 'enable_dhcp': True, 'ipv6_ra_mode': None, 'ipv6_address_mode': None, 'gateway_ip': '192.168.128.1', 'cidr': '192.168.128.0/28', 'allocation_pools': [{'start': '192.168.128.2', 'end': '192.168.128.14'}], 'host_routes': [], 'dns_nameservers': [], 'description': '', 'router:external': False, 'service_types': [], 'tags': [], 'created_at': '2025-03-06T11:48:08Z', 'updated_at': '2025-03-06T11:48:08Z', 'revision_number': 0, 'project_id': '4a854e1fd14a492cbcabef7a765f224f'}, Router: {'id': 'c2dfabd6-25aa-4797-9c73-f9015effed73', 'name': 'tempest-FloatingIPsAssociationTestJSON-1613218905-router', 'tenant_id': '4a854e1fd14a492cbcabef7a765f224f', 'admin_state_up': True, 'status': 'ACTIVE', 'external_gateway_info': {'network_id': '91775354-2aae-47be-ba53-a2ea92393363', 'external_fixed_ips': [{'subnet_id': '254e9e83-0ea8-4b5b-8e52-3dcd2c7530af', 'ip_address': '10.180.180.137'}], 'enable_snat': True}, 'description': '', 'availability_zones': [], 'distributed': False, 'ha': False, 'availability_zone_hints': [], 'routes': [], 'flavor_id': None, 'tags': [], 'created_at': '2025-03-06T11:48:08Z', 'updated_at': '2025-03-06T11:48:09Z', 'revision_number': 2, 'project_id': '4a854e1fd14a492cbcabef7a765f224f'}
2025-03-06 11:48:14.855 68503 INFO tempest.lib.common.rest_client [req-ef4ab57f-c99e-453e-bd2b-b3b1964ac7c7 req-ef4ab57f-c99e-453e-bd2b-b3b1964ac7c7 ] Request (FloatingIPsAssociationTestJSON:setUpClass): 201 POST http://10.180.1.21/identity/v3/auth/tokens 0.085s
2025-03-06 11:48:14.889 68503 INFO tempest.lib.common.rest_client [req-35ab5bf1-0d98-469e-aeb0-5fc0a8079c14 req-35ab5bf1-0d98-469e-aeb0-5fc0a8079c14 ] Request (FloatingIPsAssociationTestJSON:setUpClass): 201 POST http://10.180.1.21/identity/v3/auth/tokens 0.027s
2025-03-06 11:48:14.890 68503 INFO tempest.lib.common.fixed_network [-] (FloatingIPsAssociationTestJSON:setUpClass) Found network {'id': '39694a03-ec13-4602-9672-27a7c9d9596b', 'name': 'tempest-FloatingIPsAssociationTestJSON-1613218905-network', 'tenant_id': '4a854e1fd14a492cbcabef7a765f224f', 'admin_state_up': True, 'mtu': 8950, 'status': 'ACTIVE', 'subnets': [], 'shared': False, 'project_id': '4a854e1fd14a492cbcabef7a765f224f', 'port_security_enabled': True, 'router:external': False, 'provider:network_type': 'vlan', 'provider:physical_network': 'default', 'provider:segmentation_id': 866, 'availability_zone_hints': [], 'availability_zones': [], 'ipv4_address_scope': None, 'ipv6_address_scope': None, 'description': '', 'tags': [], 'created_at': '2025-03-06T11:48:08Z', 'updated_at': '2025-03-06T11:48:08Z', 'revision_number': 1} available for tenant
2025-03-06 11:48:14.919 68449 INFO tempest.lib.common.rest_client [req-0a8d56ff-4189-4560-9b5f-23baab790b99 req-0a8d56ff-4189-4560-9b5f-23baab790b99 ] Request (ServersWithSpecificFlavorTestJSON:test_verify_created_server_ephemeral_disk): 200 PUT http://10.180.1.21:9696/networking/v2.0/floatingips/b3d7398a-186d-4734-be3a-72fc46891b10 1.605s
2025-03-06 11:48:14.941 68469 INFO tempest.lib.common.rest_client [req-1f4cfddb-74d9-4479-8dd3-a3fe5fe6c574 req-1f4cfddb-74d9-4479-8dd3-a3fe5fe6c574 ] Request (VolumesAdminNegativeTest:test_update_attached_volume_with_nonexistent_volume_in_body): 200 GET http://10.180.1.21/compute/v2.1/servers/454157e8-7676-48d4-ad67-46759341426a 1.071s
2025-03-06 11:48:14.983 68451 INFO tempest.lib.common.rest_client [req-de8dce9a-2a80-4aff-9790-e6caf4550ce5 req-de8dce9a-2a80-4aff-9790-e6caf4550ce5 ] Request (AggregatesAdminNegativeTestJSON:tearDownClass): 200 GET http://10.180.1.21:9696/networking/v2.0/security-groups?tenant_id=4672c9f2b576490ebc5b648b27219cff&name=default 0.327s
2025-03-06 11:48:15.029 68467 INFO tempest.lib.common.rest_client [req-c5f3268a-7daf-4c7a-8b09-92e63efb97ff req-c5f3268a-7daf-4c7a-8b09-92e63efb97ff ] Request (ServersTestJSON:test_create_server_specify_multibyte_character_name): 200 GET http://10.180.1.21/compute/v2.1/servers/f1ed11a4-6524-41b7-a2f2-84b3e75a99e0 1.019s
2025-03-06 11:48:15.100 68495 INFO tempest.lib.common.rest_client [req-3d03ccfe-39af-40d0-b99a-9ed6e7c2fb8d req-3d03ccfe-39af-40d0-b99a-9ed6e7c2fb8d ] Request (ServerDiagnosticsV248Test:tearDownClass): 200 GET http://10.180.1.21/compute/v2.1/servers/bacf5456-19e2-4245-8691-ec7af39bf00a 1.089s
2025-03-06 11:48:15.144 68465 INFO tempest.lib.common.rest_client [req-899c4973-7ce3-48f8-9c2b-692463d8f540 req-899c4973-7ce3-48f8-9c2b-692463d8f540 ] Request (ServersTestBootFromVolume:setUpClass): 200 GET http://10.180.1.21/volume/v3/volumes/12524fbd-a4c1-44c0-9326-782790909e94 0.034s
2025-03-06 11:48:15.152 68465 INFO tempest.common.waiters [-] volume 12524fbd-a4c1-44c0-9326-782790909e94 reached available after waiting for 19.152000 seconds
2025-03-06 11:48:15.368 68443 INFO tempest.lib.common.rest_client [req-a46a7f0b-3166-40c2-92f9-f62a5c9e3f81 req-a46a7f0b-3166-40c2-92f9-f62a5c9e3f81 ] Request (ListServerFiltersTestJSON:setUpClass): 201 POST http://10.180.1.21:9696/networking/v2.0/subnets 0.792s
2025-03-06 11:48:15.374 68443 INFO tempest.lib.common.dynamic_creds [-] Created isolated network resources for: credentials: Credentials: {'domain_id': 'default', 'domain_name': 'Default', 'username': 'tempest-ListServerFiltersTestJSON-1911071594-project-member', 'project_domain_id': 'default', 'project_domain_name': 'Default', 'project_id': '264bfd95dfa845e685db995763e869e8', 'project_name': 'tempest-ListServerFiltersTestJSON-1911071594', 'tenant_id': '264bfd95dfa845e685db995763e869e8', 'tenant_name': 'tempest-ListServerFiltersTestJSON-1911071594', 'user_domain_id': 'default', 'user_domain_name': 'Default', 'user_id': 'f35396a1e0a449c1946854c8f543c374', 'system': None}, Network: {'id': 'e675ba11-1604-4441-aa3c-80b5436f01fc', 'name': 'tempest-ListServerFiltersTestJSON-1863603453-network', 'tenant_id': '264bfd95dfa845e685db995763e869e8', 'admin_state_up': True, 'mtu': 8950, 'status': 'ACTIVE', 'subnets': [], 'shared': False, 'project_id': '264bfd95dfa845e685db995763e869e8', 'port_security_enabled': True, 'router:external': False, 'provider:network_type': 'vlan', 'provider:physical_network': 'default', 'provider:segmentation_id': 682, 'availability_zone_hints': [], 'availability_zones': [], 'ipv4_address_scope': None, 'ipv6_address_scope': None, 'description': '', 'tags': [], 'created_at': '2025-03-06T11:48:14Z', 'updated_at': '2025-03-06T11:48:14Z', 'revision_number': 1}, Subnet: {'id': '0d84b902-553f-4bf4-ba86-239cf74a6538', 'name': 'tempest-ListServerFiltersTestJSON-1863603453-subnet', 'tenant_id': '264bfd95dfa845e685db995763e869e8', 'network_id': 'e675ba11-1604-4441-aa3c-80b5436f01fc', 'ip_version': 4, 'subnetpool_id': None, 'enable_dhcp': True, 'ipv6_ra_mode': None, 'ipv6_address_mode': None, 'gateway_ip': '192.168.128.1', 'cidr': '192.168.128.0/28', 'allocation_pools': [{'start': '192.168.128.2', 'end': '192.168.128.14'}], 'host_routes': [], 'dns_nameservers': [], 'description': '', 'router:external': False, 'service_types': [], 'tags': [], 'created_at': '2025-03-06T11:48:14Z', 'updated_at': '2025-03-06T11:48:14Z', 'revision_number': 0, 'project_id': '264bfd95dfa845e685db995763e869e8'}, Router: None
2025-03-06 11:48:15.389 68499 INFO tempest.lib.common.rest_client [req-b335f8bd-8a60-4664-90bc-b9734b12b8d5 req-b335f8bd-8a60-4664-90bc-b9734b12b8d5 ] Request (ServerRescueNegativeTestJSON:setUpClass): 200 GET http://10.180.1.21/compute/v2.1/servers/4ed59fbb-5b90-4c04-ad38-b9a8a64748f1 1.304s
2025-03-06 11:48:15.404 68451 INFO tempest.lib.common.rest_client [req-5d50de35-a5a0-4c92-aa6b-da23afa9f993 req-5d50de35-a5a0-4c92-aa6b-da23afa9f993 ] Request (AggregatesAdminNegativeTestJSON:tearDownClass): 204 DELETE http://10.180.1.21:9696/networking/v2.0/security-groups/a0af8565-9a47-4178-ab92-774786960f81 0.420s
2025-03-06 11:48:15.492 68505 INFO tempest.lib.common.rest_client [req-c7a28d89-976c-43af-93aa-8756426bcbf9 req-c7a28d89-976c-43af-93aa-8756426bcbf9 ] Request (ServerExternalEventsTest:tearDownClass): 200 GET http://10.180.1.21/compute/v2.1/servers/f247a07b-9db0-4745-a3c2-9ebb2883b68b 1.341s
2025-03-06 11:48:15.492 68443 INFO tempest.lib.common.rest_client [req-58ee3ee3-897e-487e-8fa1-505da42d1744 req-58ee3ee3-897e-487e-8fa1-505da42d1744 ] Request (ListServerFiltersTestJSON:setUpClass): 201 POST http://10.180.1.21/identity/v3/auth/tokens 0.110s
2025-03-06 11:48:15.500 68505 INFO tempest.common.waiters [-] State transition "ACTIVE/deleting" ==> "DELETED/None" after 4 second wait
2025-03-06 11:48:15.531 68443 INFO tempest.lib.common.rest_client [req-7a0c7bb2-80d1-4154-8ae1-768615088bf9 req-7a0c7bb2-80d1-4154-8ae1-768615088bf9 ] Request (ListServerFiltersTestJSON:setUpClass): 201 POST http://10.180.1.21/identity/v3/auth/tokens 0.033s
2025-03-06 11:48:15.532 68443 INFO tempest.lib.common.fixed_network [-] (ListServerFiltersTestJSON:setUpClass) Found network {'id': 'e675ba11-1604-4441-aa3c-80b5436f01fc', 'name': 'tempest-ListServerFiltersTestJSON-1863603453-network', 'tenant_id': '264bfd95dfa845e685db995763e869e8', 'admin_state_up': True, 'mtu': 8950, 'status': 'ACTIVE', 'subnets': [], 'shared': False, 'project_id': '264bfd95dfa845e685db995763e869e8', 'port_security_enabled': True, 'router:external': False, 'provider:network_type': 'vlan', 'provider:physical_network': 'default', 'provider:segmentation_id': 682, 'availability_zone_hints': [], 'availability_zones': [], 'ipv4_address_scope': None, 'ipv6_address_scope': None, 'description': '', 'tags': [], 'created_at': '2025-03-06T11:48:14Z', 'updated_at': '2025-03-06T11:48:14Z', 'revision_number': 1} available for tenant
2025-03-06 11:48:15.579 68492 INFO tempest.lib.common.rest_client [req-117b2d5b-b4c9-40e6-beab-ae887de95ac8 req-117b2d5b-b4c9-40e6-beab-ae887de95ac8 ] Request (ImagesOneServerTestJSON:setUpClass): 201 POST http://10.180.1.21:9696/networking/v2.0/routers 2.311s
2025-03-06 11:48:15.584 68451 INFO tempest.lib.common.rest_client [req-90cfd082-2fe2-499a-ba4d-d6e03c2843d0 req-90cfd082-2fe2-499a-ba4d-d6e03c2843d0 ] Request (AggregatesAdminNegativeTestJSON:tearDownClass): 204 DELETE http://10.180.1.21/identity/v3/projects/4672c9f2b576490ebc5b648b27219cff 0.180s
2025-03-06 11:48:15.595 68473 INFO tempest.lib.common.rest_client [req-e130d058-d25a-4266-88f6-3f9c284ed236 req-e130d058-d25a-4266-88f6-3f9c284ed236 ] Request (ImagesTestJSON:test_create_image_from_stopped_server): 200 GET http://10.180.1.21/compute/v2.1/servers/1b6ca5c6-a34b-4abc-a802-255ef40b76fc 1.385s
2025-03-06 11:48:15.604 68447 INFO tempest.lib.common.rest_client [req-6cb665b7-bd2f-4842-998b-ba8441d619c4 req-6cb665b7-bd2f-4842-998b-ba8441d619c4 ] Request (ImagesOneServerNegativeTestJSON:test_create_image_specify_name_over_character_limit): 400 POST http://10.180.1.21/compute/v2.1/servers/ed2bca2e-9fe5-417b-a455-c997b75d3cdc/action 1.357s
2025-03-06 11:48:15.604 68473 INFO tempest.common.waiters [-] State transition "BUILD/scheduling" ==> "BUILD/None" after 16 second wait
2025-03-06 11:48:15.625 68443 INFO tempest.lib.common.rest_client [req-bbb60f6f-621a-445f-96b2-799ea5e720cf req-bbb60f6f-621a-445f-96b2-799ea5e720cf ] Request (ListServerFiltersTestJSON:setUpClass): 201 POST http://10.180.1.21/identity/v3/auth/tokens 0.089s
2025-03-06 11:48:15.626 68443 INFO tempest.lib.common.fixed_network [-] (ListServerFiltersTestJSON:setUpClass) Found network {'id': 'e675ba11-1604-4441-aa3c-80b5436f01fc', 'name': 'tempest-ListServerFiltersTestJSON-1863603453-network', 'tenant_id': '264bfd95dfa845e685db995763e869e8', 'admin_state_up': True, 'mtu': 8950, 'status': 'ACTIVE', 'subnets': [], 'shared': False, 'project_id': '264bfd95dfa845e685db995763e869e8', 'port_security_enabled': True, 'router:external': False, 'provider:network_type': 'vlan', 'provider:physical_network': 'default', 'provider:segmentation_id': 682, 'availability_zone_hints': [], 'availability_zones': [], 'ipv4_address_scope': None, 'ipv6_address_scope': None, 'description': '', 'tags': [], 'created_at': '2025-03-06T11:48:14Z', 'updated_at': '2025-03-06T11:48:14Z', 'revision_number': 1} available for tenant
2025-03-06 11:48:15.657 68451 INFO tempest.lib.common.rest_client [req-95df201b-f36a-472a-ba94-d894cee20028 req-95df201b-f36a-472a-ba94-d894cee20028 ] Request (FloatingIPsTestJSON:setUpClass): 201 POST http://10.180.1.21/identity/v3/auth/tokens 0.071s
2025-03-06 11:48:15.674 68453 INFO tempest.lib.common.rest_client [req-1b74d869-dc41-44ea-bc16-23f518433791 req-1b74d869-dc41-44ea-bc16-23f518433791 ] Request (ListServersNegativeTestJSON:setUpClass): 202 POST http://10.180.1.21/compute/v2.1/servers 1.710s
2025-03-06 11:48:15.704 68451 INFO tempest.lib.common.rest_client [req-21b90f1e-dcf9-4d10-ac14-5bb2054570f6 req-21b90f1e-dcf9-4d10-ac14-5bb2054570f6 ] Request (FloatingIPsTestJSON:setUpClass): 201 POST http://10.180.1.21/identity/v3/auth/tokens 0.042s
2025-03-06 11:48:15.707 68471 INFO tempest.lib.common.rest_client [req-de69b8ce-b15e-4785-90a9-e795e38e5d5e req-de69b8ce-b15e-4785-90a9-e795e38e5d5e ] Request (ServersAdmin275Test:test_rebuild_update_server_275): 200 GET http://10.180.1.21/compute/v2.1/servers/553ee163-1336-4434-89f6-4bbc5f5fa2fe 1.408s
2025-03-06 11:48:15.719 68471 INFO tempest.common.waiters [-] State transition "REBUILD/rebuild_spawning" ==> "ACTIVE/None" after 11 second wait
2025-03-06 11:48:15.756 68451 INFO tempest.lib.common.rest_client [req-c839df0c-c863-42c3-9fd4-13e3feac7f9e req-c839df0c-c863-42c3-9fd4-13e3feac7f9e ] Request (FloatingIPsTestJSON:setUpClass): 200 GET http://10.180.1.21/identity/v3/domains?name=Default 0.051s
2025-03-06 11:48:15.798 68451 INFO tempest.lib.common.rest_client [req-e2461567-b7fd-490c-a46b-675582287839 req-e2461567-b7fd-490c-a46b-675582287839 ] Request (FloatingIPsTestJSON:setUpClass): 201 POST http://10.180.1.21/identity/v3/projects 0.041s
2025-03-06 11:48:15.851 68497 WARNING tempest.lib.common.ssh [-] Failed to establish authenticated ssh connection to cirros@10.180.180.228 ([Errno None] Unable to connect to port 22 on 10.180.180.228). Number attempts: 3. Retry after 4 seconds.: paramiko.ssh_exception.NoValidConnectionsError: [Errno None] Unable to connect to port 22 on 10.180.180.228
