2025-12-01 18:56:02.949 64772 WARNING tempest.lib.common.ssh [-] Failed to establish authenticated ssh connection to cirros@10.180.180.183 ([Errno None] Unable to connect to port 22 on 10.180.180.183). Number attempts: 10. Retry after 11 seconds.: paramiko.ssh_exception.NoValidConnectionsError: [Errno None] Unable to connect to port 22 on 10.180.180.183
2025-12-01 18:56:02.964 64740 INFO tempest.lib.common.rest_client [req-e24cc10c-3ede-4a94-8500-d1edc0d92c7c req-e24cc10c-3ede-4a94-8500-d1edc0d92c7c ] Request (ServersTestManualDisk:tearDownClass): 200 GET http://10.180.1.21/compute/v2.1/servers/e8710206-f04e-4f96-91e6-f2812f888ece 0.876s
2025-12-01 18:56:03.022 64742 INFO tempest.lib.common.rest_client [req-5ed1a3cf-4fe3-4bfb-8496-18e36e1b5b62 req-5ed1a3cf-4fe3-4bfb-8496-18e36e1b5b62 ] Request (ServersAdminNegativeTestJSON:test_migrate_server_invalid_state): 200 GET http://10.180.1.21/compute/v2.1/servers/793297f9-faee-4761-8485-31f74ea451c2 0.870s
2025-12-01 18:56:03.036 64748 INFO tempest.lib.common.rest_client [req-57f27873-bb22-4efe-808c-b13981b8a34e req-57f27873-bb22-4efe-808c-b13981b8a34e ] Request (ServerActionsTestOtherA:tearDown): 200 GET http://10.180.1.21/compute/v2.1/servers/cbd8e006-c857-4ea3-8afb-7959bc4b3a89 0.948s
2025-12-01 18:56:03.091 64754 INFO tempest.lib.common.rest_client [req-2443c742-af79-41c3-9b15-d1868f366267 req-2443c742-af79-41c3-9b15-d1868f366267 ] Request (ServerTagsTestJSON:setUpClass): 200 GET http://10.180.1.21/compute/v2.1/servers/394f7af4-1fc8-425f-8e01-9166c05cda7e 0.660s
2025-12-01 18:56:03.096 64776 INFO tempest.lib.common.rest_client [req-22d59da2-84ff-4d0f-bca6-7014a6642e8a req-22d59da2-84ff-4d0f-bca6-7014a6642e8a ] Request (ServersAdmin275Test:test_rebuild_update_server_275): 200 GET http://10.180.1.21/compute/v2.1/servers/2e8ecb4e-eb70-4e13-9bdf-f220ae70f4c3 0.704s
2025-12-01 18:56:03.108 64776 INFO tempest.common.waiters [-] State transition "REBUILD/rebuilding" ==> "REBUILD/rebuild_block_device_mapping" after 2 second wait
2025-12-01 18:56:03.166 64786 INFO tempest.lib.common.rest_client [req-0bc415dd-f258-41a3-932f-9232ad689b58 req-0bc415dd-f258-41a3-932f-9232ad689b58 ] Request (ListServersNegativeTestJSON:test_list_servers_by_limits_greater_than_actual_count): 200 GET http://10.180.1.21/compute/v2.1/servers 0.528s
2025-12-01 18:56:03.231 64778 INFO tempest.lib.common.rest_client [req-b3f4b9d1-2676-41ee-8224-e723237d3ad8 req-b3f4b9d1-2676-41ee-8224-e723237d3ad8 ] Request (AttachInterfacesTestJSON:test_create_list_show_delete_interfaces_by_fixed_ip): 200 GET http://10.180.1.21/compute/v2.1/servers/29575fb6-b9c5-4124-8e2c-649d41182cb6 0.567s
2025-12-01 18:56:03.246 64798 INFO tempest.lib.common.rest_client [req-95803f3f-9b54-43a0-a612-d98889fe9aa9 req-95803f3f-9b54-43a0-a612-d98889fe9aa9 ] Request (SecurityGroupRulesNegativeTestJSON:tearDownClass): 202 DELETE http://10.180.1.21/compute/v2.1/os-security-groups/8185da26-ccc5-4a17-b17f-2f2c07a17142 0.614s
2025-12-01 18:56:03.306 64788 INFO tempest.lib.common.rest_client [req-92a8065c-7500-4a39-899a-506aa94ee439 req-92a8065c-7500-4a39-899a-506aa94ee439 ] Request (ListServerFiltersTestJSON:setUpClass): 200 GET http://10.180.1.21/compute/v2.1/servers/52cf5026-963f-4ea1-af18-85cd865c7e75 0.417s
2025-12-01 18:56:03.410 64795 INFO tempest.lib.common.rest_client [req-cdb38b96-2909-4712-a3e7-343d751be065 req-cdb38b96-2909-4712-a3e7-343d751be065 ] Request (ImagesOneServerNegativeTestJSON:setUp): 200 GET http://10.180.1.21/compute/v2.1/servers/85746ca9-34a0-4cd0-828b-8ec975fb8293 0.513s
2025-12-01 18:56:03.502 64796 INFO tempest.lib.common.rest_client [req-98368b69-02c7-4b9b-af98-898b21febdd9 req-98368b69-02c7-4b9b-af98-898b21febdd9 ] Request (FloatingIPsAssociationNegativeTestJSON:test_associate_ip_to_server_with_floating_ip): 400 POST http://10.180.1.21/compute/v2.1/servers/437c4068-494c-44d3-9a92-f8d5fdefdbc6/action 0.766s
2025-12-01 18:56:03.519 64791 INFO tempest.lib.common.rest_client [req-3e154a95-aea6-49ad-a08f-6c7ac34622cc req-3e154a95-aea6-49ad-a08f-6c7ac34622cc ] Request (ServerActionsTestOtherB:test_resize_server_confirm_from_stopped): 200 GET http://10.180.1.21/compute/v2.1/servers/ed384538-e6f3-4ed9-9bb6-14fb8f5147b2 0.574s
2025-12-01 18:56:03.569 64744 INFO tempest.lib.common.rest_client [req-458c92a2-56e6-42e4-9aa0-13d944c28d0a req-458c92a2-56e6-42e4-9aa0-13d944c28d0a ] Request (ServerDiskConfigTestJSON:test_rebuild_server_with_auto_disk_config): 200 GET http://10.180.1.21/compute/v2.1/servers/e98b760f-bc09-4945-b02d-51419e61efba 0.527s
2025-12-01 18:56:03.613 64748 INFO tempest.lib.common.rest_client [req-5cf3c6c0-3487-43d8-bc20-97548d539e91 req-5cf3c6c0-3487-43d8-bc20-97548d539e91 ] Request (ServerActionsTestOtherA:_run_cleanups): 204 DELETE http://10.180.1.21/compute/v2.1/servers/39149c00-cbbf-4966-bdd3-80ff744c93bb 0.567s
2025-12-01 18:56:03.630 64768 INFO tempest.lib.common.rest_client [req-8e36e43b-7520-447f-b8e7-b7737c96daf2 req-8e36e43b-7520-447f-b8e7-b7737c96daf2 ] Request (ImagesTestJSON:test_create_image_from_suspended_server): 200 GET http://10.180.1.21/compute/v2.1/servers/08fa6aff-537f-458a-8a9b-38de46479a51 0.478s
2025-12-01 18:56:03.663 64786 INFO tempest.lib.common.rest_client [req-a5431186-2207-495e-9ce2-2c33622c507f req-a5431186-2207-495e-9ce2-2c33622c507f ] Request (ListServersNegativeTestJSON:test_list_servers_by_limits_greater_than_actual_count): 200 GET http://10.180.1.21/compute/v2.1/servers?limit=102 0.493s
2025-12-01 18:56:03.751 64798 INFO tempest.lib.common.rest_client [req-5e27db83-f469-460c-a77e-97e87fb88bad req-5e27db83-f469-460c-a77e-97e87fb88bad ] Request (SecurityGroupRulesNegativeTestJSON:tearDownClass): 202 DELETE http://10.180.1.21/compute/v2.1/os-security-groups/e24e86ac-785f-4759-9cb9-29d4b245e4d8 0.504s
2025-12-01 18:56:03.781 64795 INFO tempest.lib.common.rest_client [req-69b4af01-a908-4285-8948-37cfd5007054 req-69b4af01-a908-4285-8948-37cfd5007054 ] Request (ImagesOneServerNegativeTestJSON:test_create_image_specify_metadata_over_limits): 400 POST http://10.180.1.21/compute/v2.1/servers/85746ca9-34a0-4cd0-828b-8ec975fb8293/action 0.363s
2025-12-01 18:56:03.782 64782 INFO tempest.lib.common.rest_client [req-15e1b71e-484d-4f33-a98a-fc2bafc88457 req-15e1b71e-484d-4f33-a98a-fc2bafc88457 ] Request (ServersAdminTestJSON:test_inject_network_info): 200 GET http://10.180.1.21/compute/v2.1/servers/2b4a1309-cbf7-4410-8fe7-34e1053fc013 0.388s
2025-12-01 18:56:03.885 64736 INFO tempest.lib.common.rest_client [req-632e668e-6adb-4929-9d86-676a88b58c58 req-632e668e-6adb-4929-9d86-676a88b58c58 ] Request (ServerRescueTestJSON:setUpClass): 200 GET http://10.180.1.21/compute/v2.1/servers/9c4fa3c9-d2a9-41a2-89ff-81430aeac94c 0.396s
2025-12-01 18:56:04.214 64796 INFO tempest.lib.common.rest_client [req-91a7686b-0ea8-4bb2-a3e7-e45698adf772 req-91a7686b-0ea8-4bb2-a3e7-e45698adf772 ] Request (FloatingIPsAssociationNegativeTestJSON:_run_cleanups): 202 DELETE http://10.180.1.21/compute/v2.1/os-floating-ips/1443a046-9060-4b5c-93b6-9957edc43869 0.712s
2025-12-01 18:56:04.222 64786 INFO tempest.lib.common.rest_client [req-b6c4d1fc-39cb-43de-949c-ba7d609a8e42 req-b6c4d1fc-39cb-43de-949c-ba7d609a8e42 ] Request (ListServersNegativeTestJSON:test_list_servers_by_limits_pass_negative_value): 400 GET http://10.180.1.21/compute/v2.1/servers?limit=-1 0.553s
2025-12-01 18:56:04.257 64748 INFO tempest.lib.common.rest_client [req-6298e7f0-c077-4f19-b68e-63947bffe4e2 req-6298e7f0-c077-4f19-b68e-63947bffe4e2 ] Request (ServerActionsTestOtherA:_run_cleanups): 200 GET http://10.180.1.21/compute/v2.1/servers/39149c00-cbbf-4966-bdd3-80ff744c93bb 0.644s
2025-12-01 18:56:04.288 64762 INFO tempest.lib.common.rest_client [req-f78e8460-7bd9-470d-b9e2-7985a603c903 req-f78e8460-7bd9-470d-b9e2-7985a603c903 ] Request (ServersAaction247Test:test_create_backup): 200 GET http://10.180.1.21/compute/v2.1/servers/6115bfde-55ec-4f2b-9024-8ce2b46ffe1e 0.578s
2025-12-01 18:56:04.339 64738 INFO tempest.lib.common.rest_client [req-52f173da-ffe3-44b1-8b30-389f251764d5 req-52f173da-ffe3-44b1-8b30-389f251764d5 ] Request (ServerGroupTestJSON:_run_cleanups): 200 GET http://10.180.1.21/compute/v2.1/servers/f47f006a-7bd0-4f8f-b0b4-5afb32a8f84c 0.563s
2025-12-01 18:56:04.469 64758 INFO tempest.lib.common.rest_client [req-5361db51-652f-455a-afa8-cd1c43c83390 req-5361db51-652f-455a-afa8-cd1c43c83390 ] Request (ServersTestFqdnHostnames:test_create_server_with_fqdn_name): 200 GET http://10.180.1.21/compute/v2.1/servers/2dc1477a-f9b0-47a8-bfb3-59c47c7f08b7 0.671s
2025-12-01 18:56:04.530 64795 INFO tempest.lib.common.rest_client [req-27fad700-207a-40ba-bde5-ece02785a1dd req-27fad700-207a-40ba-bde5-ece02785a1dd ] Request (ImagesOneServerNegativeTestJSON:tearDown): 200 GET http://10.180.1.21/compute/v2.1/servers/85746ca9-34a0-4cd0-828b-8ec975fb8293 0.748s
2025-12-01 18:56:04.587 64798 INFO tempest.lib.common.rest_client [req-46e924a9-45e7-476a-bd15-092317433cd8 req-46e924a9-45e7-476a-bd15-092317433cd8 ] Request (SecurityGroupRulesNegativeTestJSON:tearDownClass): 200 PUT http://10.180.1.21/networking/v2.0/routers/2eeb367b-f374-45ac-81f2-366f67a8316e/remove_router_interface 0.836s
2025-12-01 18:56:04.612 64780 INFO tempest.lib.common.rest_client [req-28fc97e3-abc4-4ad6-918b-289b54724d8c req-28fc97e3-abc4-4ad6-918b-289b54724d8c ] Request (SecurityGroupsTestJSON:test_list_security_groups_by_server): 200 GET http://10.180.1.21/compute/v2.1/servers/a0a2c044-2e11-4b1e-bc43-826a1d1449eb 0.683s
2025-12-01 18:56:04.636 64746 INFO tempest.lib.common.rest_client [req-8f9a8db7-e6ff-4633-a0b8-3e28d9ce433b req-8f9a8db7-e6ff-4633-a0b8-3e28d9ce433b ] Request (MigrationsAdminTest:test_resize_server_revert_deleted_flavor): 200 GET http://10.180.1.21/compute/v2.1/servers/8f96bd33-d2e9-4490-a9be-736180b1823b 0.757s
2025-12-01 18:56:04.736 64742 INFO tempest.lib.common.rest_client [req-de6de01a-7cd9-40ee-acf1-e2ee0c05f595 req-de6de01a-7cd9-40ee-acf1-e2ee0c05f595 ] Request (ServersAdminNegativeTestJSON:test_migrate_server_invalid_state): 200 GET http://10.180.1.21/compute/v2.1/servers/793297f9-faee-4761-8485-31f74ea451c2 0.705s
2025-12-01 18:56:04.788 64740 INFO tempest.lib.common.rest_client [req-6c891730-612e-4a93-a252-2061d94b453f req-6c891730-612e-4a93-a252-2061d94b453f ] Request (ServersTestManualDisk:tearDownClass): 200 GET http://10.180.1.21/compute/v2.1/servers/e8710206-f04e-4f96-91e6-f2812f888ece 0.813s
2025-12-01 18:56:05.002 64798 INFO tempest.lib.common.rest_client [req-e5428d20-4fae-43d0-b2e8-e482c18a334b req-e5428d20-4fae-43d0-b2e8-e482c18a334b ] Request (SecurityGroupRulesNegativeTestJSON:tearDownClass): 204 DELETE http://10.180.1.21/networking/v2.0/routers/2eeb367b-f374-45ac-81f2-366f67a8316e 0.414s
2025-12-01 18:56:05.030 64754 INFO tempest.lib.common.rest_client [req-57c6116f-b2c2-41ea-95cd-5816433324a8 req-57c6116f-b2c2-41ea-95cd-5816433324a8 ] Request (ServerTagsTestJSON:setUpClass): 200 GET http://10.180.1.21/compute/v2.1/servers/394f7af4-1fc8-425f-8e01-9166c05cda7e 0.929s
2025-12-01 18:56:05.055 64776 INFO tempest.lib.common.rest_client [req-6a40fd0c-8958-42d6-aae2-fc0ab8483437 req-6a40fd0c-8958-42d6-aae2-fc0ab8483437 ] Request (ServersAdmin275Test:test_rebuild_update_server_275): 200 GET http://10.180.1.21/compute/v2.1/servers/2e8ecb4e-eb70-4e13-9bdf-f220ae70f4c3 0.946s
2025-12-01 18:56:05.066 64786 INFO tempest.lib.common.rest_client [req-b8c4f0bd-0d35-419a-86d5-6aeb5b3c01c1 req-b8c4f0bd-0d35-419a-86d5-6aeb5b3c01c1 ] Request (ListServersNegativeTestJSON:test_list_servers_by_limits_pass_string): 400 GET http://10.180.1.21/compute/v2.1/servers?limit=testing 0.842s
2025-12-01 18:56:05.073 64776 INFO tempest.common.waiters [-] State transition "REBUILD/rebuild_block_device_mapping" ==> "REBUILD/rebuild_spawning" after 4 second wait
2025-12-01 18:56:05.205 64778 INFO tempest.lib.common.rest_client [req-3f4f8eda-7cb4-4d4a-909b-95d9bb4d668c req-3f4f8eda-7cb4-4d4a-909b-95d9bb4d668c ] Request (AttachInterfacesTestJSON:test_create_list_show_delete_interfaces_by_fixed_ip): 200 GET http://10.180.1.21/compute/v2.1/servers/29575fb6-b9c5-4124-8e2c-649d41182cb6 0.964s
2025-12-01 18:56:05.240 64798 INFO tempest.lib.common.rest_client [req-efa402b5-46be-450a-9de7-2c875fb1b525 req-efa402b5-46be-450a-9de7-2c875fb1b525 ] Request (SecurityGroupRulesNegativeTestJSON:tearDownClass): 204 DELETE http://10.180.1.21/networking/v2.0/subnets/c8bea96c-733a-461e-afe0-b0b9da2b62b2 0.238s
2025-12-01 18:56:05.580 64798 INFO tempest.lib.common.rest_client [req-287fa28e-8af3-42c3-9f14-237b3a741335 req-287fa28e-8af3-42c3-9f14-237b3a741335 ] Request (SecurityGroupRulesNegativeTestJSON:tearDownClass): 204 DELETE http://10.180.1.21/networking/v2.0/networks/da55c6c2-b40d-4730-80e0-23a1d530b54d 0.339s
2025-12-01 18:56:05.604 64788 INFO tempest.lib.common.rest_client [req-87fe5795-f2dd-4bdf-991e-f389d8fc738d req-87fe5795-f2dd-4bdf-991e-f389d8fc738d ] Request (ListServerFiltersTestJSON:setUpClass): 200 GET http://10.180.1.21/compute/v2.1/servers/52cf5026-963f-4ea1-af18-85cd865c7e75 1.291s
2025-12-01 18:56:05.676 64798 INFO tempest.lib.common.rest_client [req-d6c92bbc-273e-459b-a416-2b80f7f84617 req-d6c92bbc-273e-459b-a416-2b80f7f84617 ] Request (SecurityGroupRulesNegativeTestJSON:tearDownClass): 204 DELETE http://10.180.1.21/identity/v3/users/b252bbb6797d4cd19dc28ad0dc1a6ace 0.095s
2025-12-01 18:56:05.676 64798 INFO tempest.lib.common.dynamic_creds [-] Deleting project and security group for project: db233f51600b43ad94a52950cd5fb09b
2025-12-01 18:56:05.822 64798 INFO tempest.lib.common.rest_client [req-baef08d7-a56f-4afb-8523-b2c777ae702f req-baef08d7-a56f-4afb-8523-b2c777ae702f ] Request (SecurityGroupRulesNegativeTestJSON:tearDownClass): 200 GET http://10.180.1.21/networking/v2.0/security-groups?tenant_id=db233f51600b43ad94a52950cd5fb09b&name=default 0.145s
2025-12-01 18:56:05.929 64791 INFO tempest.lib.common.rest_client [req-d9163271-5186-4d9b-91b4-45a475e22f73 req-d9163271-5186-4d9b-91b4-45a475e22f73 ] Request (ServerActionsTestOtherB:test_resize_server_confirm_from_stopped): 200 GET http://10.180.1.21/compute/v2.1/servers/ed384538-e6f3-4ed9-9bb6-14fb8f5147b2 1.400s
2025-12-01 18:56:06.037 64798 INFO tempest.lib.common.rest_client [req-dfef822e-e041-4e57-acea-e2f5443369d1 req-dfef822e-e041-4e57-acea-e2f5443369d1 ] Request (SecurityGroupRulesNegativeTestJSON:tearDownClass): 204 DELETE http://10.180.1.21/networking/v2.0/security-groups/bf0fabf4-dcad-4a7c-86c7-ad92af6ded94 0.215s
2025-12-01 18:56:06.139 64798 INFO tempest.lib.common.rest_client [req-d4b09db3-56e1-4093-86ae-d4dcfcc4c3a8 req-d4b09db3-56e1-4093-86ae-d4dcfcc4c3a8 ] Request (SecurityGroupRulesNegativeTestJSON:tearDownClass): 204 DELETE http://10.180.1.21/identity/v3/projects/db233f51600b43ad94a52950cd5fb09b 0.101s
2025-12-01 18:56:06.215 64798 INFO tempest.lib.common.rest_client [req-02b108a9-53b8-4ce8-9ba7-3244c162ba01 req-02b108a9-53b8-4ce8-9ba7-3244c162ba01 ] Request (ServersTestMultiNic:setUpClass): 201 POST http://10.180.1.21/identity/v3/auth/tokens 0.074s
2025-12-01 18:56:06.246 64798 INFO tempest.lib.common.rest_client [req-12ec1aeb-e8f9-461d-85da-5741639e6259 req-12ec1aeb-e8f9-461d-85da-5741639e6259 ] Request (ServersTestMultiNic:setUpClass): 201 POST http://10.180.1.21/identity/v3/auth/tokens 0.028s
2025-12-01 18:56:06.272 64798 INFO tempest.lib.common.rest_client [req-71858c73-9724-4a7a-82c3-f4a8309fc804 req-71858c73-9724-4a7a-82c3-f4a8309fc804 ] Request (ServersTestMultiNic:setUpClass): 200 GET http://10.180.1.21/identity/v3/domains?name=Default 0.026s
2025-12-01 18:56:06.303 64798 INFO tempest.lib.common.rest_client [req-1f1bbb6d-af78-4e2a-afc9-f7045f74f761 req-1f1bbb6d-af78-4e2a-afc9-f7045f74f761 ] Request (ServersTestMultiNic:setUpClass): 201 POST http://10.180.1.21/identity/v3/projects 0.030s
2025-12-01 18:56:06.344 64766 WARNING tempest.lib.common.ssh [-] Failed to establish authenticated ssh connection to cirros@10.180.180.201 ([Errno None] Unable to connect to port 22 on 10.180.180.201). Number attempts: 1. Retry after 2 seconds.: paramiko.ssh_exception.NoValidConnectionsError: [Errno None] Unable to connect to port 22 on 10.180.180.201
2025-12-01 18:56:06.358 64798 INFO tempest.lib.common.rest_client [req-1d279829-65da-4938-8e05-5bfdce302940 req-1d279829-65da-4938-8e05-5bfdce302940 ] Request (ServersTestMultiNic:setUpClass): 201 POST http://10.180.1.21/identity/v3/users 0.054s
2025-12-01 18:56:06.383 64798 INFO tempest.lib.common.rest_client [req-73b7db62-4d44-4e16-bd37-6d38e12faa5f req-73b7db62-4d44-4e16-bd37-6d38e12faa5f ] Request (ServersTestMultiNic:setUpClass): 200 GET http://10.180.1.21/identity/v3/roles 0.024s
2025-12-01 18:56:06.413 64798 INFO tempest.lib.common.rest_client [req-b217d11a-d98e-4d9a-a64c-25606a831b54 req-b217d11a-d98e-4d9a-a64c-25606a831b54 ] Request (ServersTestMultiNic:setUpClass): 204 PUT http://10.180.1.21/identity/v3/projects/48ece85599c146e0a9219e52153b51b2/users/82b7c36283ec44f2a78ef12675a8e255/roles/a2ba9472b8c046379d2d904e41010264 0.030s
2025-12-01 18:56:06.414 64798 INFO tempest.lib.common.dynamic_creds [-] Dynamic test user 82b7c36283ec44f2a78ef12675a8e255 is created with scope project and roles: ['member']
2025-12-01 18:56:06.414 64798 INFO tempest.lib.common.dynamic_creds [-] Acquired dynamic creds: credentials: Credentials: {'domain_id': 'default', 'domain_name': 'Default', 'username': 'tempest-ServersTestMultiNic-392287185-project-member', 'project_domain_id': 'default', 'project_domain_name': 'Default', 'project_id': '48ece85599c146e0a9219e52153b51b2', 'project_name': 'tempest-ServersTestMultiNic-392287185', 'tenant_id': '48ece85599c146e0a9219e52153b51b2', 'tenant_name': 'tempest-ServersTestMultiNic-392287185', 'user_domain_id': 'default', 'user_domain_name': 'Default', 'user_id': '82b7c36283ec44f2a78ef12675a8e255', 'system': None}, Network: None, Subnet: None, Router: None
2025-12-01 18:56:06.484 64798 INFO tempest.lib.common.rest_client [req-4ff5bc1d-3e53-45a5-aa62-292895465bc7 req-4ff5bc1d-3e53-45a5-aa62-292895465bc7 ] Request (ServersTestMultiNic:setUpClass): 201 POST http://10.180.1.21/identity/v3/auth/tokens 0.069s
2025-12-01 18:56:07.090 64795 INFO tempest.lib.common.rest_client [req-a3bbfa80-383c-4b85-85c6-fd6505db4736 req-a3bbfa80-383c-4b85-85c6-fd6505db4736 ] Request (ImagesOneServerNegativeTestJSON:setUp): 200 GET http://10.180.1.21/compute/v2.1/servers/85746ca9-34a0-4cd0-828b-8ec975fb8293 2.550s
2025-12-01 18:56:07.272 64798 INFO tempest.lib.common.rest_client [req-0152f6f4-baea-4d79-9576-a09d550793f6 req-0152f6f4-baea-4d79-9576-a09d550793f6 ] Request (ServersTestMultiNic:setUpClass): 201 POST http://10.180.1.21/networking/v2.0/networks 0.788s
2025-12-01 18:56:07.285 64744 INFO tempest.lib.common.rest_client [req-a930075d-d982-4a3f-b71b-ddc3308d80fb req-a930075d-d982-4a3f-b71b-ddc3308d80fb ] Request (ServerDiskConfigTestJSON:test_rebuild_server_with_auto_disk_config): 200 GET http://10.180.1.21/compute/v2.1/servers/e98b760f-bc09-4945-b02d-51419e61efba 2.705s
2025-12-01 18:56:07.297 64744 INFO tempest.common.waiters [-] State transition "BUILD/None" ==> "BUILD/spawning" after 38 second wait
2025-12-01 18:56:07.359 64768 INFO tempest.lib.common.rest_client [req-021189c5-b386-4e60-b7a9-1052e05ad227 req-021189c5-b386-4e60-b7a9-1052e05ad227 ] Request (ImagesTestJSON:test_create_image_from_suspended_server): 200 GET http://10.180.1.21/compute/v2.1/servers/08fa6aff-537f-458a-8a9b-38de46479a51 2.721s
2025-12-01 18:56:07.438 64798 INFO tempest.lib.common.rest_client [req-6a1fade1-6be7-4424-8b31-1a0801e56028 req-6a1fade1-6be7-4424-8b31-1a0801e56028 ] Request (ServersTestMultiNic:setUpClass): 201 POST http://10.180.1.21/networking/v2.0/subnets 0.165s
2025-12-01 18:56:07.485 64796 INFO tempest.lib.common.rest_client [req-63c46594-add1-433e-9f8e-78f0a00aacfa req-63c46594-add1-433e-9f8e-78f0a00aacfa ] Request (FloatingIPsAssociationNegativeTestJSON:_run_cleanups): 202 POST http://10.180.1.21/compute/v2.1/servers/437c4068-494c-44d3-9a92-f8d5fdefdbc6/action 3.270s
2025-12-01 18:56:07.545 64782 INFO tempest.lib.common.rest_client [req-bea0b5b0-6622-4254-b4bc-6f86b9186ac8 req-bea0b5b0-6622-4254-b4bc-6f86b9186ac8 ] Request (ServersAdminTestJSON:test_inject_network_info): 200 GET http://10.180.1.21/compute/v2.1/servers/2b4a1309-cbf7-4410-8fe7-34e1053fc013 2.754s
2025-12-01 18:56:07.558 64786 INFO tempest.lib.common.rest_client [req-0f82f775-7722-4e25-87d9-25d0182ec4e8 req-0f82f775-7722-4e25-87d9-25d0182ec4e8 ] Request (ListServersNegativeTestJSON:test_list_servers_by_non_existing_flavor): 200 GET http://10.180.1.21/compute/v2.1/servers?flavor=non_existing_flavor 2.489s
2025-12-01 18:56:07.858 64736 INFO tempest.lib.common.rest_client [req-33a7016a-49c3-40f9-a82a-10305c6587c2 req-33a7016a-49c3-40f9-a82a-10305c6587c2 ] Request (ServerRescueTestJSON:setUpClass): 200 GET http://10.180.1.21/compute/v2.1/servers/9c4fa3c9-d2a9-41a2-89ff-81430aeac94c 2.966s
2025-12-01 18:56:07.873 64748 INFO tempest.lib.common.rest_client [req-bf366aa5-07a4-4211-a4e7-7d1b6d99da61 req-bf366aa5-07a4-4211-a4e7-7d1b6d99da61 ] Request (ServerActionsTestOtherA:_run_cleanups): 200 GET http://10.180.1.21/compute/v2.1/servers/39149c00-cbbf-4966-bdd3-80ff744c93bb 2.608s
2025-12-01 18:56:08.227 64798 INFO tempest.lib.common.rest_client [req-3c1d2db3-975f-4fa2-be43-3c7b7ce5e519 req-3c1d2db3-975f-4fa2-be43-3c7b7ce5e519 ] Request (ServersTestMultiNic:setUpClass): 201 POST http://10.180.1.21/networking/v2.0/routers 0.788s
2025-12-01 18:56:08.259 64762 INFO tempest.lib.common.rest_client [req-a0e77720-e6f1-4f2b-a863-6ed08b0f9e64 req-a0e77720-e6f1-4f2b-a863-6ed08b0f9e64 ] Request (ServersAaction247Test:test_create_backup): 200 GET http://10.180.1.21/compute/v2.1/servers/6115bfde-55ec-4f2b-9024-8ce2b46ffe1e 2.959s
2025-12-01 18:56:08.313 64738 INFO tempest.lib.common.rest_client [req-3f0d1b7e-2744-42a7-a67a-fc0d227f9291 req-3f0d1b7e-2744-42a7-a67a-fc0d227f9291 ] Request (ServerGroupTestJSON:_run_cleanups): 200 GET http://10.180.1.21/compute/v2.1/servers/f47f006a-7bd0-4f8f-b0b4-5afb32a8f84c 2.962s
2025-12-01 18:56:08.637 64756 INFO paramiko.transport [-] Connected (version 2.0, client dropbear_2020.81)
2025-12-01 18:56:08.747 64756 INFO paramiko.transport [-] Authentication (publickey) successful!
2025-12-01 18:56:08.748 64756 INFO tempest.lib.common.ssh [-] ssh connection to cirros@10.180.180.150 successfully created
2025-12-01 18:56:08.848 64766 WARNING tempest.lib.common.ssh [-] Failed to establish authenticated ssh connection to cirros@10.180.180.201 ([Errno None] Unable to connect to port 22 on 10.180.180.201). Number attempts: 2. Retry after 3 seconds.: paramiko.ssh_exception.NoValidConnectionsError: [Errno None] Unable to connect to port 22 on 10.180.180.201
2025-12-01 18:56:09.182 64798 INFO tempest.lib.common.rest_client [req-89facc85-cf55-47b9-a28f-bfa151eb52cc req-89facc85-cf55-47b9-a28f-bfa151eb52cc ] Request (ServersTestMultiNic:setUpClass): 200 PUT http://10.180.1.21/networking/v2.0/routers/3ccf4bbf-3676-41c6-a447-d85d1747ea18/add_router_interface 0.954s
2025-12-01 18:56:09.182 64798 INFO tempest.lib.common.dynamic_creds [-] Created isolated network resources for: credentials: Credentials: {'domain_id': 'default', 'domain_name': 'Default', 'username': 'tempest-ServersTestMultiNic-392287185-project-member', 'project_domain_id': 'default', 'project_domain_name': 'Default', 'project_id': '48ece85599c146e0a9219e52153b51b2', 'project_name': 'tempest-ServersTestMultiNic-392287185', 'tenant_id': '48ece85599c146e0a9219e52153b51b2', 'tenant_name': 'tempest-ServersTestMultiNic-392287185', 'user_domain_id': 'default', 'user_domain_name': 'Default', 'user_id': '82b7c36283ec44f2a78ef12675a8e255', 'system': None}, Network: {'id': '5989f57a-b0c7-464c-9d0f-6541dab01e47', 'name': 'tempest-ServersTestMultiNic-1257434102-network', 'tenant_id': '48ece85599c146e0a9219e52153b51b2', 'project_id': '48ece85599c146e0a9219e52153b51b2', 'admin_state_up': True, 'mtu': 8950, 'status': 'ACTIVE', 'subnets': [], 'shared': False, 'port_security_enabled': True, 'router:external': False, 'provider:network_type': 'vlan', 'provider:physical_network': 'default', 'provider:segmentation_id': 996, 'availability_zone_hints': [], 'availability_zones': [], 'ipv4_address_scope': None, 'ipv6_address_scope': None, 'description': '', 'tags': [], 'created_at': '2025-12-01T18:56:07Z', 'updated_at': '2025-12-01T18:56:07Z', 'revision_number': 1}, Subnet: {'id': '4a011797-e7a8-453c-b86d-3cad079afb5a', 'name': 'tempest-ServersTestMultiNic-1257434102-subnet', 'tenant_id': '48ece85599c146e0a9219e52153b51b2', 'network_id': '5989f57a-b0c7-464c-9d0f-6541dab01e47', 'ip_version': 4, 'subnetpool_id': None, 'enable_dhcp': True, 'ipv6_ra_mode': None, 'ipv6_address_mode': None, 'gateway_ip': '192.168.128.1', 'cidr': '192.168.128.0/28', 'allocation_pools': [{'start': '192.168.128.2', 'end': '192.168.128.14'}], 'host_routes': [], 'dns_nameservers': [], 'description': '', 'router:external': False, 'service_types': [], 'tags': [], 'created_at': '2025-12-01T18:56:07Z', 'updated_at': '2025-12-01T18:56:07Z', 'revision_number': 0, 'project_id': '48ece85599c146e0a9219e52153b51b2'}, Router: {'id': '3ccf4bbf-3676-41c6-a447-d85d1747ea18', 'name': 'tempest-ServersTestMultiNic-1257434102-router', 'tenant_id': '48ece85599c146e0a9219e52153b51b2', 'admin_state_up': True, 'status': 'ACTIVE', 'external_gateway_info': {'network_id': '4ba4387e-5866-4a52-9e36-04cd35a8d646', 'external_fixed_ips': [{'subnet_id': '1b5bde68-d820-4c6e-a146-aea9c29e7bf0', 'ip_address': '10.180.180.236'}], 'enable_snat': True}, 'description': '', 'availability_zones': [], 'distributed': False, 'ha': False, 'availability_zone_hints': [], 'routes': [], 'flavor_id': None, 'tags': [], 'created_at': '2025-12-01T18:56:07Z', 'updated_at': '2025-12-01T18:56:07Z', 'revision_number': 2, 'project_id': '48ece85599c146e0a9219e52153b51b2'}
2025-12-01 18:56:09.220 64758 INFO tempest.lib.common.rest_client [req-d7f35eb4-b1cf-4483-852f-bafadaf13d84 req-d7f35eb4-b1cf-4483-852f-bafadaf13d84 ] Request (ServersTestFqdnHostnames:test_create_server_with_fqdn_name): 200 GET http://10.180.1.21/compute/v2.1/servers/2dc1477a-f9b0-47a8-bfb3-59c47c7f08b7 3.741s
2025-12-01 18:56:09.274 64780 INFO tempest.lib.common.rest_client [req-86ee64dd-54dd-4348-903f-ef5295ea0eb6 req-86ee64dd-54dd-4348-903f-ef5295ea0eb6 ] Request (SecurityGroupsTestJSON:test_list_security_groups_by_server): 200 GET http://10.180.1.21/compute/v2.1/servers/a0a2c044-2e11-4b1e-bc43-826a1d1449eb 3.651s
2025-12-01 18:56:09.310 64798 INFO tempest.lib.common.rest_client [req-7ded01e4-45d2-4f37-afdb-ca16a9d376a7 req-7ded01e4-45d2-4f37-afdb-ca16a9d376a7 ] Request (ServersTestMultiNic:setUpClass): 201 POST http://10.180.1.21/identity/v3/auth/tokens 0.125s
2025-12-01 18:56:09.560 64798 INFO tempest.lib.common.rest_client [req-076289a6-2313-496b-8737-bda55fa19a5e req-076289a6-2313-496b-8737-bda55fa19a5e ] Request (ServersTestMultiNic:test_verify_duplicate_network_nics): 201 POST http://10.180.1.21/networking/v2.0/networks 0.247s
2025-12-01 18:56:09.586 64742 INFO tempest.lib.common.rest_client [req-f56ea46e-b5c7-4d33-b27b-ffe26263fd50 req-f56ea46e-b5c7-4d33-b27b-ffe26263fd50 ] Request (ServersAdminNegativeTestJSON:test_migrate_server_invalid_state): 200 GET http://10.180.1.21/compute/v2.1/servers/793297f9-faee-4761-8485-31f74ea451c2 3.842s
2025-12-01 18:56:09.622 64746 INFO tempest.lib.common.rest_client [req-1ba6abd0-8593-4f08-8393-bbb29685f616 req-1ba6abd0-8593-4f08-8393-bbb29685f616 ] Request (MigrationsAdminTest:test_resize_server_revert_deleted_flavor): 200 GET http://10.180.1.21/compute/v2.1/servers/8f96bd33-d2e9-4490-a9be-736180b1823b 3.978s
2025-12-01 18:56:09.674 64740 INFO tempest.lib.common.rest_client [req-d8fa015a-9ea2-46cd-8cfc-baea9e66d28d req-d8fa015a-9ea2-46cd-8cfc-baea9e66d28d ] Request (ServersTestManualDisk:tearDownClass): 200 GET http://10.180.1.21/compute/v2.1/servers/e8710206-f04e-4f96-91e6-f2812f888ece 3.875s
2025-12-01 18:56:09.700 64754 INFO tempest.lib.common.rest_client [req-80035874-66a8-4145-a3b3-812c61e9a488 req-80035874-66a8-4145-a3b3-812c61e9a488 ] Request (ServerTagsTestJSON:setUpClass): 200 GET http://10.180.1.21/compute/v2.1/servers/394f7af4-1fc8-425f-8e01-9166c05cda7e 3.653s
2025-12-01 18:56:09.747 64776 INFO tempest.lib.common.rest_client [req-73ebf9f3-5b5d-475b-b9bb-25efab037cb1 req-73ebf9f3-5b5d-475b-b9bb-25efab037cb1 ] Request (ServersAdmin275Test:test_rebuild_update_server_275): 200 GET http://10.180.1.21/compute/v2.1/servers/2e8ecb4e-eb70-4e13-9bdf-f220ae70f4c3 3.672s
2025-12-01 18:56:09.769 64778 INFO tempest.lib.common.rest_client [req-686ff3c7-bce9-4238-9bc0-f890d72d5b88 req-686ff3c7-bce9-4238-9bc0-f890d72d5b88 ] Request (AttachInterfacesTestJSON:test_create_list_show_delete_interfaces_by_fixed_ip): 200 GET http://10.180.1.21/compute/v2.1/servers/29575fb6-b9c5-4124-8e2c-649d41182cb6 3.551s
2025-12-01 18:56:09.777 64778 INFO tempest.common.waiters [-] State transition "BUILD/scheduling" ==> "BUILD/None" after 18 second wait
2025-12-01 18:56:09.839 64798 INFO tempest.lib.common.rest_client [req-a37743de-4953-4c5a-b56c-c11a2a731b9a req-a37743de-4953-4c5a-b56c-c11a2a731b9a ] Request (ServersTestMultiNic:test_verify_duplicate_network_nics): 201 POST http://10.180.1.21/networking/v2.0/subnets 0.278s
2025-12-01 18:56:09.876 64788 INFO tempest.lib.common.rest_client [req-26867e38-32b1-4cd2-bf8e-f6656fce268f req-26867e38-32b1-4cd2-bf8e-f6656fce268f ] Request (ListServerFiltersTestJSON:setUpClass): 200 GET http://10.180.1.21/compute/v2.1/servers/52cf5026-963f-4ea1-af18-85cd865c7e75 3.263s
2025-12-01 18:56:09.881 64795 INFO tempest.lib.common.rest_client [req-a7937c18-edbe-4b24-a2f8-47dd3f3c2544 req-a7937c18-edbe-4b24-a2f8-47dd3f3c2544 ] Request (ImagesOneServerNegativeTestJSON:test_create_image_specify_name_over_character_limit): 400 POST http://10.180.1.21/compute/v2.1/servers/85746ca9-34a0-4cd0-828b-8ec975fb8293/action 2.780s
2025-12-01 18:56:09.883 64788 INFO tempest.common.waiters [-] State transition "BUILD/None" ==> "BUILD/spawning" after 36 second wait
2025-12-01 18:56:09.922 64791 INFO tempest.lib.common.rest_client [req-97dc5449-0e64-480a-9824-0abe5a7029ec req-97dc5449-0e64-480a-9824-0abe5a7029ec ] Request (ServerActionsTestOtherB:test_resize_server_confirm_from_stopped): 200 GET http://10.180.1.21/compute/v2.1/servers/ed384538-e6f3-4ed9-9bb6-14fb8f5147b2 2.982s
2025-12-01 18:56:09.992 64786 INFO tempest.lib.common.rest_client [req-49929ee0-3357-48a0-aef5-15f62d327e95 req-49929ee0-3357-48a0-aef5-15f62d327e95 ] Request (ListServersNegativeTestJSON:test_list_servers_by_non_existing_image): 200 GET http://10.180.1.21/compute/v2.1/servers?image=non_existing_image 2.431s
2025-12-01 18:56:09.999 64798 INFO tempest.lib.common.rest_client [req-a4c5a009-7928-42c1-a7d5-68d8b144d15f req-a4c5a009-7928-42c1-a7d5-68d8b144d15f ] Request (ServersTestMultiNic:test_verify_duplicate_network_nics): 201 POST http://10.180.1.21/networking/v2.0/networks 0.158s
2025-12-01 18:56:10.259 64798 INFO tempest.lib.common.rest_client [req-001de4cc-6152-4591-b804-d2c081db7a6c req-001de4cc-6152-4591-b804-d2c081db7a6c ] Request (ServersTestMultiNic:test_verify_duplicate_network_nics): 201 POST http://10.180.1.21/networking/v2.0/subnets 0.260s
2025-12-01 18:56:10.315 64798 INFO tempest.lib.common.rest_client [req-a37ae06e-5f93-4e8e-bece-8774aaea1f72 req-a37ae06e-5f93-4e8e-bece-8774aaea1f72 ] Request (ServersTestMultiNic:test_verify_duplicate_network_nics): 201 POST http://10.180.1.21/identity/v3/auth/tokens 0.051s
2025-12-01 18:56:10.316 64798 INFO tempest.lib.common.fixed_network [-] (ServersTestMultiNic:test_verify_duplicate_network_nics) Found network {'id': '5989f57a-b0c7-464c-9d0f-6541dab01e47', 'name': 'tempest-ServersTestMultiNic-1257434102-network', 'tenant_id': '48ece85599c146e0a9219e52153b51b2', 'project_id': '48ece85599c146e0a9219e52153b51b2', 'admin_state_up': True, 'mtu': 8950, 'status': 'ACTIVE', 'subnets': [], 'shared': False, 'port_security_enabled': True, 'router:external': False, 'provider:network_type': 'vlan', 'provider:physical_network': 'default', 'provider:segmentation_id': 996, 'availability_zone_hints': [], 'availability_zones': [], 'ipv4_address_scope': None, 'ipv6_address_scope': None, 'description': '', 'tags': [], 'created_at': '2025-12-01T18:56:07Z', 'updated_at': '2025-12-01T18:56:07Z', 'revision_number': 1} available for tenant
2025-12-01 18:56:10.321 64744 INFO tempest.lib.common.rest_client [req-4da783ca-998f-4541-93f8-13ea520eb7ea req-4da783ca-998f-4541-93f8-13ea520eb7ea ] Request (ServerDiskConfigTestJSON:test_rebuild_server_with_auto_disk_config): 200 GET http://10.180.1.21/compute/v2.1/servers/e98b760f-bc09-4945-b02d-51419e61efba 2.022s
2025-12-01 18:56:10.394 64796 INFO tempest.lib.common.rest_client [req-f931d908-5b9d-4745-aa4e-9e0feec87932 req-f931d908-5b9d-4745-aa4e-9e0feec87932 ] Request (FloatingIPsAssociationNegativeTestJSON:_run_cleanups): 202 DELETE http://10.180.1.21/compute/v2.1/os-floating-ips/96a7b6ae-cd31-447b-9510-f9314e8ddeea 2.909s
2025-12-01 18:56:10.414 64768 INFO tempest.lib.common.rest_client [req-00c6a645-e23c-49c4-8139-c410f814835f req-00c6a645-e23c-49c4-8139-c410f814835f ] Request (ImagesTestJSON:test_create_image_from_suspended_server): 200 GET http://10.180.1.21/compute/v2.1/servers/08fa6aff-537f-458a-8a9b-38de46479a51 2.045s
2025-12-01 18:56:10.518 64756 INFO tempest.lib.common.rest_client [req-e6d510bb-ef61-4755-8778-d7960d226751 req-e6d510bb-ef61-4755-8778-d7960d226751 ] Request (AttachInterfacesUnderV243Test:test_add_remove_fixed_ip): 200 GET http://10.180.1.21/compute/v2.1/servers/d7d61141-1419-43a7-9912-83ac461d1064/os-interface 1.769s
2025-12-01 18:56:10.543 64782 INFO tempest.lib.common.rest_client [req-aeaeeff0-da9c-43a8-b554-5bd536b19686 req-aeaeeff0-da9c-43a8-b554-5bd536b19686 ] Request (ServersAdminTestJSON:test_inject_network_info): 200 GET http://10.180.1.21/compute/v2.1/servers/2b4a1309-cbf7-4410-8fe7-34e1053fc013 1.989s
2025-12-01 18:56:10.551 64782 INFO tempest.common.waiters [-] State transition "BUILD/spawning" ==> "ACTIVE/None" after 41 second wait
2025-12-01 18:56:10.572 64736 INFO tempest.lib.common.rest_client [req-3a53b8a1-b238-4f5a-bf55-6220a4bd93c4 req-3a53b8a1-b238-4f5a-bf55-6220a4bd93c4 ] Request (ServerRescueTestJSON:setUpClass): 200 GET http://10.180.1.21/compute/v2.1/servers/9c4fa3c9-d2a9-41a2-89ff-81430aeac94c 1.705s
2025-12-01 18:56:10.607 64748 INFO tempest.lib.common.rest_client [req-2d4c9190-8e38-4342-ba96-c4a1f6f055e9 req-2d4c9190-8e38-4342-ba96-c4a1f6f055e9 ] Request (ServerActionsTestOtherA:_run_cleanups): 200 GET http://10.180.1.21/compute/v2.1/servers/39149c00-cbbf-4966-bdd3-80ff744c93bb 1.723s
2025-12-01 18:56:10.613 64748 INFO tempest.common.waiters [-] State transition "SHUTOFF/deleting" ==> "DELETED/None" after 6 second wait
2025-12-01 18:56:10.629 64762 INFO tempest.lib.common.rest_client [req-27d065d2-14ad-4837-be8d-773bc4da07ab req-27d065d2-14ad-4837-be8d-773bc4da07ab ] Request (ServersAaction247Test:test_create_backup): 200 GET http://10.180.1.21/compute/v2.1/servers/6115bfde-55ec-4f2b-9024-8ce2b46ffe1e 1.356s
2025-12-01 18:56:10.662 64738 INFO tempest.lib.common.rest_client [req-83e6f6ed-3e43-4089-aca4-2d8ffe0ea730 req-83e6f6ed-3e43-4089-aca4-2d8ffe0ea730 ] Request (ServerGroupTestJSON:_run_cleanups): 200 GET http://10.180.1.21/compute/v2.1/servers/f47f006a-7bd0-4f8f-b0b4-5afb32a8f84c 1.338s
2025-12-01 18:56:10.720 64786 INFO tempest.lib.common.rest_client [req-ec26bddc-9524-46bd-9dc6-29afa1cbdff5 req-ec26bddc-9524-46bd-9dc6-29afa1cbdff5 ] Request (ListServersNegativeTestJSON:test_list_servers_by_non_existing_server_name): 200 GET http://10.180.1.21/compute/v2.1/servers?name=non_existing_server_name 0.722s
2025-12-01 18:56:10.728 64795 INFO tempest.lib.common.rest_client [req-3846cc5f-936c-4bec-b444-3adada240daf req-3846cc5f-936c-4bec-b444-3adada240daf ] Request (ImagesOneServerNegativeTestJSON:tearDown): 200 GET http://10.180.1.21/compute/v2.1/servers/85746ca9-34a0-4cd0-828b-8ec975fb8293 0.844s
2025-12-01 18:56:10.772 64758 INFO tempest.lib.common.rest_client [req-91ba9085-7a81-4c68-9a3e-2199137f0e92 req-91ba9085-7a81-4c68-9a3e-2199137f0e92 ] Request (ServersTestFqdnHostnames:test_create_server_with_fqdn_name): 200 GET http://10.180.1.21/compute/v2.1/servers/2dc1477a-f9b0-47a8-bfb3-59c47c7f08b7 0.541s
2025-12-01 18:56:10.778 64780 INFO tempest.lib.common.rest_client [req-819810be-8680-4126-8976-86bde042b48c req-819810be-8680-4126-8976-86bde042b48c ] Request (SecurityGroupsTestJSON:test_list_security_groups_by_server): 200 GET http://10.180.1.21/compute/v2.1/servers/a0a2c044-2e11-4b1e-bc43-826a1d1449eb 0.491s
2025-12-01 18:56:10.783 64796 INFO tempest.lib.common.rest_client [req-4daeb015-1b80-4f90-a350-079ba5a61721 req-4daeb015-1b80-4f90-a350-079ba5a61721 ] Request (FloatingIPsAssociationNegativeTestJSON:test_associate_ip_to_server_without_passing_floating_ip): 400 POST http://10.180.1.21/compute/v2.1/servers/437c4068-494c-44d3-9a92-f8d5fdefdbc6/action 0.387s
2025-12-01 18:56:10.854 64756 INFO tempest.lib.common.rest_client [req-97041406-1517-49c1-9236-f9e0ab281738 req-97041406-1517-49c1-9236-f9e0ab281738 ] Request (AttachInterfacesUnderV243Test:test_add_remove_fixed_ip): 200 GET http://10.180.1.21/compute/v2.1/servers/d7d61141-1419-43a7-9912-83ac461d1064/os-interface/852a09c9-2fd3-45ae-ad78-cea5bd317dd1 0.334s
2025-12-01 18:56:11.069 64782 INFO tempest.lib.common.rest_client [req-2b81e004-ff4e-466d-9c0e-200301142c66 req-2b81e004-ff4e-466d-9c0e-200301142c66 ] Request (ServersAdminTestJSON:test_inject_network_info): 202 POST http://10.180.1.21/compute/v2.1/servers/2b4a1309-cbf7-4410-8fe7-34e1053fc013/action 0.518s
2025-12-01 18:56:11.177 64742 INFO tempest.lib.common.rest_client [req-69867d9e-52d3-4c9b-b6ba-1afce52f7809 req-69867d9e-52d3-4c9b-b6ba-1afce52f7809 ] Request (ServersAdminNegativeTestJSON:test_migrate_server_invalid_state): 200 GET http://10.180.1.21/compute/v2.1/servers/793297f9-faee-4761-8485-31f74ea451c2 0.582s
2025-12-01 18:56:11.410 64746 INFO tempest.lib.common.rest_client [req-b220f004-bc90-4145-9b5a-d224074eebd1 req-b220f004-bc90-4145-9b5a-d224074eebd1 ] Request (MigrationsAdminTest:test_resize_server_revert_deleted_flavor): 200 GET http://10.180.1.21/compute/v2.1/servers/8f96bd33-d2e9-4490-a9be-736180b1823b 0.775s
2025-12-01 18:56:11.568 64740 INFO tempest.lib.common.rest_client [req-3ed09ab6-0a82-42a0-ae7c-fc0e0393b0ee req-3ed09ab6-0a82-42a0-ae7c-fc0e0393b0ee ] Request (ServersTestManualDisk:tearDownClass): 200 GET http://10.180.1.21/compute/v2.1/servers/e8710206-f04e-4f96-91e6-f2812f888ece 0.885s
2025-12-01 18:56:11.696 64798 INFO tempest.lib.common.rest_client [req-bb4d8801-0cf7-47cc-b52f-35936e963873 req-bb4d8801-0cf7-47cc-b52f-35936e963873 ] Request (ServersTestMultiNic:test_verify_duplicate_network_nics): 202 POST http://10.180.1.21/compute/v2.1/servers 1.380s
2025-12-01 18:56:11.702 64754 INFO tempest.lib.common.rest_client [req-ac074593-2027-4547-8cdd-a9e0b26e5c93 req-ac074593-2027-4547-8cdd-a9e0b26e5c93 ] Request (ServerTagsTestJSON:setUpClass): 200 GET http://10.180.1.21/compute/v2.1/servers/394f7af4-1fc8-425f-8e01-9166c05cda7e 0.990s
2025-12-01 18:56:11.711 64754 INFO tempest.common.waiters [-] State transition "BUILD/scheduling" ==> "BUILD/None" after 10 second wait
2025-12-01 18:56:12.037 64795 INFO tempest.lib.common.rest_client [req-0b78b8b2-4371-411c-b3cc-7d9aa1d5b2c9 req-0b78b8b2-4371-411c-b3cc-7d9aa1d5b2c9 ] Request (ImagesOneServerNegativeTestJSON:setUp): 200 GET http://10.180.1.21/compute/v2.1/servers/85746ca9-34a0-4cd0-828b-8ec975fb8293 1.301s
2025-12-01 18:56:12.090 64786 INFO tempest.lib.common.rest_client [req-b2d26ca7-0100-44c1-8cfb-6dacc05d2ce6 req-b2d26ca7-0100-44c1-8cfb-6dacc05d2ce6 ] Request (ListServersNegativeTestJSON:test_list_servers_detail_server_is_deleted): 200 GET http://10.180.1.21/compute/v2.1/servers/detail 1.368s
2025-12-01 18:56:12.146 64776 INFO tempest.lib.common.rest_client [req-d842e275-280a-4694-a417-bb7afb926408 req-d842e275-280a-4694-a417-bb7afb926408 ] Request (ServersAdmin275Test:test_rebuild_update_server_275): 200 GET http://10.180.1.21/compute/v2.1/servers/2e8ecb4e-eb70-4e13-9bdf-f220ae70f4c3 1.389s
2025-12-01 18:56:12.156 64776 INFO tempest.common.waiters [-] State transition "REBUILD/rebuild_spawning" ==> "ACTIVE/None" after 11 second wait
2025-12-01 18:56:12.212 64778 INFO tempest.lib.common.rest_client [req-96027a12-f162-49e9-a558-448da9211068 req-96027a12-f162-49e9-a558-448da9211068 ] Request (AttachInterfacesTestJSON:test_create_list_show_delete_interfaces_by_fixed_ip): 200 GET http://10.180.1.21/compute/v2.1/servers/29575fb6-b9c5-4124-8e2c-649d41182cb6 1.434s
2025-12-01 18:56:12.243 64756 INFO tempest.lib.common.rest_client [req-7f8ff3ae-32a5-4a02-bde5-77af9e2f19e3 req-7f8ff3ae-32a5-4a02-bde5-77af9e2f19e3 ] Request (AttachInterfacesUnderV243Test:test_add_remove_fixed_ip): 200 GET http://10.180.1.21/compute/v2.1/servers/d7d61141-1419-43a7-9912-83ac461d1064/ips 1.387s
2025-12-01 18:56:12.353 64766 WARNING tempest.lib.common.ssh [-] Failed to establish authenticated ssh connection to cirros@10.180.180.201 ([Errno None] Unable to connect to port 22 on 10.180.180.201). Number attempts: 3. Retry after 4 seconds.: paramiko.ssh_exception.NoValidConnectionsError: [Errno None] Unable to connect to port 22 on 10.180.180.201
2025-12-01 18:56:12.376 64796 INFO tempest.lib.common.rest_client [req-bfba5f68-2b44-4d91-9a03-8882ebd76078 req-bfba5f68-2b44-4d91-9a03-8882ebd76078 ] Request (FloatingIPsAssociationNegativeTestJSON:test_associate_nonexistent_floating_ip): 404 POST http://10.180.1.21/compute/v2.1/servers/437c4068-494c-44d3-9a92-f8d5fdefdbc6/action 1.591s
2025-12-01 18:56:12.416 64788 INFO tempest.lib.common.rest_client [req-96cdf492-e0a3-4305-b9b2-e37d2eaf8a62 req-96cdf492-e0a3-4305-b9b2-e37d2eaf8a62 ] Request (ListServerFiltersTestJSON:setUpClass): 200 GET http://10.180.1.21/compute/v2.1/servers/52cf5026-963f-4ea1-af18-85cd865c7e75 1.532s
2025-12-01 18:56:12.445 64782 INFO tempest.lib.common.rest_client [req-7b4fba62-3e9a-436e-9924-90c264a81825 req-7b4fba62-3e9a-436e-9924-90c264a81825 ] Request (ServersAdminTestJSON:test_list_servers_by_admin): 200 GET http://10.180.1.21/compute/v2.1/servers/detail 1.374s
2025-12-01 18:56:12.575 64791 INFO tempest.lib.common.rest_client [req-10f5c515-f444-4384-bfcf-e4f5f56ca27a req-10f5c515-f444-4384-bfcf-e4f5f56ca27a ] Request (ServerActionsTestOtherB:test_resize_server_confirm_from_stopped): 200 GET http://10.180.1.21/compute/v2.1/servers/ed384538-e6f3-4ed9-9bb6-14fb8f5147b2 1.645s
2025-12-01 18:56:12.595 64744 INFO tempest.lib.common.rest_client [req-d59d700d-9602-4d82-b530-c3eac8316a60 req-d59d700d-9602-4d82-b530-c3eac8316a60 ] Request (ServerDiskConfigTestJSON:test_rebuild_server_with_auto_disk_config): 200 GET http://10.180.1.21/compute/v2.1/servers/e98b760f-bc09-4945-b02d-51419e61efba 1.265s
2025-12-01 18:56:12.660 64736 INFO tempest.lib.common.rest_client [req-2afecd7c-0368-4f06-a2dc-e017fa8a1a7e req-2afecd7c-0368-4f06-a2dc-e017fa8a1a7e ] Request (ServerRescueTestJSON:setUpClass): 200 GET http://10.180.1.21/compute/v2.1/servers/9c4fa3c9-d2a9-41a2-89ff-81430aeac94c 1.074s
2025-12-01 18:56:12.697 64768 INFO tempest.lib.common.rest_client [req-74854ea4-5297-4c21-b97e-c04a3d867403 req-74854ea4-5297-4c21-b97e-c04a3d867403 ] Request (ImagesTestJSON:test_create_image_from_suspended_server): 200 GET http://10.180.1.21/compute/v2.1/servers/08fa6aff-537f-458a-8a9b-38de46479a51 1.270s
2025-12-01 18:56:12.710 64768 INFO tempest.common.waiters [-] State transition "BUILD/None" ==> "BUILD/spawning" after 38 second wait
2025-12-01 18:56:12.744 64748 INFO tempest.lib.common.rest_client [req-8b35d9e5-c8dc-43b0-bebb-0d1ae491c38f req-8b35d9e5-c8dc-43b0-bebb-0d1ae491c38f ] Request (ServerActionsTestOtherA:_run_cleanups): 200 GET http://10.180.1.21/compute/v2.1/servers/39149c00-cbbf-4966-bdd3-80ff744c93bb 1.130s
2025-12-01 18:56:12.771 64738 INFO tempest.lib.common.rest_client [req-0989b905-4f41-4b67-ab58-b0b009965546 req-0989b905-4f41-4b67-ab58-b0b009965546 ] Request (ServerGroupTestJSON:_run_cleanups): 404 GET http://10.180.1.21/compute/v2.1/servers/f47f006a-7bd0-4f8f-b0b4-5afb32a8f84c 1.101s
2025-12-01 18:56:12.772 64762 INFO tempest.lib.common.rest_client [req-275d654a-46f8-4165-bc52-4b7699bfcc1b req-275d654a-46f8-4165-bc52-4b7699bfcc1b ] Request (ServersAaction247Test:test_create_backup): 200 GET http://10.180.1.21/compute/v2.1/servers/6115bfde-55ec-4f2b-9024-8ce2b46ffe1e 1.133s
2025-12-01 18:56:12.827 64798 INFO tempest.lib.common.rest_client [req-352bba24-137b-46d5-a808-7ccb7d11fda8 req-352bba24-137b-46d5-a808-7ccb7d11fda8 ] Request (ServersTestMultiNic:test_verify_duplicate_network_nics): 200 GET http://10.180.1.21/compute/v2.1/servers/bdb5bb33-3fe4-4e03-b958-a7c2c8953715 1.130s
2025-12-01 18:56:12.847 64758 INFO tempest.lib.common.rest_client [req-d709709c-2711-41b2-9db2-d19592684ec6 req-d709709c-2711-41b2-9db2-d19592684ec6 ] Request (ServersTestFqdnHostnames:test_create_server_with_fqdn_name): 200 GET http://10.180.1.21/compute/v2.1/servers/2dc1477a-f9b0-47a8-bfb3-59c47c7f08b7 1.067s
2025-12-01 18:56:12.860 64758 INFO tempest.common.waiters [-] State transition "BUILD/scheduling" ==> "BUILD/None" after 10 second wait
2025-12-01 18:56:12.910 64780 INFO tempest.lib.common.rest_client [req-69260d4b-2673-41a1-b31c-b3151948e9ee req-69260d4b-2673-41a1-b31c-b3151948e9ee ] Request (SecurityGroupsTestJSON:test_list_security_groups_by_server): 200 GET http://10.180.1.21/compute/v2.1/servers/a0a2c044-2e11-4b1e-bc43-826a1d1449eb 1.123s
2025-12-01 18:56:12.919 64786 INFO tempest.lib.common.rest_client [req-7d0ffc43-1d58-4559-b930-fb32e15b2ec9 req-7d0ffc43-1d58-4559-b930-fb32e15b2ec9 ] Request (ListServersNegativeTestJSON:test_list_servers_status_non_existing): 200 GET http://10.180.1.21/compute/v2.1/servers?status=non_existing_status 0.816s
2025-12-01 18:56:13.311 64776 INFO tempest.lib.common.rest_client [req-17370c83-95e3-4afe-8486-a49182c8a4c5 req-17370c83-95e3-4afe-8486-a49182c8a4c5 ] Request (ServersAdmin275Test:test_rebuild_update_server_275): 202 POST http://10.180.1.21/compute/v2.1/servers/2e8ecb4e-eb70-4e13-9bdf-f220ae70f4c3/action 1.152s
2025-12-01 18:56:13.368 64742 INFO tempest.lib.common.rest_client [req-754edaf0-a50c-4147-a200-c3d0e8eed60b req-754edaf0-a50c-4147-a200-c3d0e8eed60b ] Request (ServersAdminNegativeTestJSON:test_migrate_server_invalid_state): 200 GET http://10.180.1.21/compute/v2.1/servers/793297f9-faee-4761-8485-31f74ea451c2 1.179s
2025-12-01 18:56:13.371 64795 INFO tempest.lib.common.rest_client [req-18f4e101-92ea-420f-833f-6b2a9c39e654 req-18f4e101-92ea-420f-833f-6b2a9c39e654 ] Request (ImagesOneServerNegativeTestJSON:test_create_second_image_when_first_image_is_being_saved): 202 POST http://10.180.1.21/compute/v2.1/servers/85746ca9-34a0-4cd0-828b-8ec975fb8293/action 1.326s
2025-12-01 18:56:13.402 64756 INFO tempest.lib.common.rest_client [req-0530117a-69e7-445c-83cc-a7c8eb8db28d req-0530117a-69e7-445c-83cc-a7c8eb8db28d ] Request (AttachInterfacesUnderV243Test:test_add_remove_fixed_ip): 202 POST http://10.180.1.21/compute/v2.1/servers/d7d61141-1419-43a7-9912-83ac461d1064/action 1.157s
2025-12-01 18:56:13.404 64796 INFO tempest.lib.common.rest_client [req-449bdcd7-f5d0-4bb9-b045-1a663831eb19 req-449bdcd7-f5d0-4bb9-b045-1a663831eb19 ] Request (FloatingIPsAssociationNegativeTestJSON:test_dissociate_nonexistent_floating_ip): 404 POST http://10.180.1.21/compute/v2.1/servers/437c4068-494c-44d3-9a92-f8d5fdefdbc6/action 1.026s
2025-12-01 18:56:13.507 64746 INFO tempest.lib.common.rest_client [req-c8689806-8856-4e03-9f79-f1e515832531 req-c8689806-8856-4e03-9f79-f1e515832531 ] Request (MigrationsAdminTest:test_resize_server_revert_deleted_flavor): 200 GET http://10.180.1.21/compute/v2.1/servers/8f96bd33-d2e9-4490-a9be-736180b1823b 1.086s
2025-12-01 18:56:13.574 64740 INFO tempest.lib.common.rest_client [req-48999d14-f2e3-46fc-9c0f-de934de7b9ee req-48999d14-f2e3-46fc-9c0f-de934de7b9ee ] Request (ServersTestManualDisk:tearDownClass): 200 GET http://10.180.1.21/compute/v2.1/servers/e8710206-f04e-4f96-91e6-f2812f888ece 0.995s
2025-12-01 18:56:13.640 64754 INFO tempest.lib.common.rest_client [req-374f75cd-9fa3-4a10-a63f-dfea8e5b0af7 req-374f75cd-9fa3-4a10-a63f-dfea8e5b0af7 ] Request (ServerTagsTestJSON:setUpClass): 200 GET http://10.180.1.21/compute/v2.1/servers/394f7af4-1fc8-425f-8e01-9166c05cda7e 0.928s
2025-12-01 18:56:13.674 64738 INFO tempest.lib.common.rest_client [req-d5d7112e-280c-4302-a9bc-918495011fbd req-d5d7112e-280c-4302-a9bc-918495011fbd ] Request (ServerGroupTestJSON:test_list_server_groups): 200 GET http://10.180.1.21/compute/v2.1/os-server-groups 0.902s
2025-12-01 18:56:13.739 64786 INFO tempest.lib.common.rest_client [req-a3774e5c-f289-481d-8fee-973300aa86e6 req-a3774e5c-f289-481d-8fee-973300aa86e6 ] Request (ListServersNegativeTestJSON:test_list_servers_with_a_deleted_server): 200 GET http://10.180.1.21/compute/v2.1/servers 0.816s
2025-12-01 18:56:13.797 64778 INFO tempest.lib.common.rest_client [req-cd3d2501-e53a-4e56-a69e-18b8306472e1 req-cd3d2501-e53a-4e56-a69e-18b8306472e1 ] Request (AttachInterfacesTestJSON:test_create_list_show_delete_interfaces_by_fixed_ip): 200 GET http://10.180.1.21/compute/v2.1/servers/29575fb6-b9c5-4124-8e2c-649d41182cb6 0.574s
2025-12-01 18:56:13.800 64782 INFO tempest.lib.common.rest_client [req-9c36639a-6c7a-4287-a6ca-dfe561c37169 req-9c36639a-6c7a-4287-a6ca-dfe561c37169 ] Request (ServersAdminTestJSON:test_list_servers_by_admin_with_all_tenants): 200 GET http://10.180.1.21/compute/v2.1/servers/detail?all_tenants= 1.345s
2025-12-01 18:56:13.837 64782 WARNING tempest.lib.common.rest_client [-] Deprecated: "tenant_id" property is deprecated for removal, use "project_id" instead
2025-12-01 18:56:13.839 64795 INFO tempest.lib.common.rest_client [req-8de0bce9-cd43-4665-b0e8-3c8e2aae11bb req-8de0bce9-cd43-4665-b0e8-3c8e2aae11bb ] Request (ImagesOneServerNegativeTestJSON:test_create_second_image_when_first_image_is_being_saved): 409 POST http://10.180.1.21/compute/v2.1/servers/85746ca9-34a0-4cd0-828b-8ec975fb8293/action 0.466s
