2025-12-01 18:55:24.920 64791 INFO tempest.lib.common.rest_client [req-c53ad98a-1309-463c-869b-30f5396b0c14 req-c53ad98a-1309-463c-869b-30f5396b0c14 ] Request (ServerActionsTestOtherB:test_create_backup): 200 GET http://10.180.1.21/compute/v2.1/servers/ed384538-e6f3-4ed9-9bb6-14fb8f5147b2 3.660s
2025-12-01 18:55:24.997 64792 WARNING tempest.lib.common.ssh [-] Failed to establish authenticated ssh connection to cirros@10.180.180.226 ([Errno None] Unable to connect to port 22 on 10.180.180.226). Number attempts: 6. Retry after 7 seconds.: paramiko.ssh_exception.NoValidConnectionsError: [Errno None] Unable to connect to port 22 on 10.180.180.226
2025-12-01 18:55:25.021 64754 INFO tempest.lib.common.rest_client [req-277d7742-ea2b-43e0-98ab-3344bb43307f req-277d7742-ea2b-43e0-98ab-3344bb43307f ] Request (VolumesAssistedSnapshotsTest:tearDownClass): 200 GET http://10.180.1.21/compute/v2.1/servers/ab5bc88b-33bc-4a71-8941-bae815891175 3.502s
2025-12-01 18:55:25.036 64798 INFO tempest.lib.common.rest_client [req-3e0171cf-f4a3-49f6-ada7-4342691c5abd req-3e0171cf-f4a3-49f6-ada7-4342691c5abd ] Request (SecurityGroupRulesNegativeTestJSON:setUpClass): 201 POST http://10.180.1.21/identity/v3/auth/tokens 0.152s
2025-12-01 18:55:25.087 64758 INFO tempest.lib.common.rest_client [req-f0368fa6-4fa0-4f77-82bd-4c7bf9300ed4 req-f0368fa6-4fa0-4f77-82bd-4c7bf9300ed4 ] Request (FloatingIPsAssociationTestJSON:tearDownClass): 200 GET http://10.180.1.21/compute/v2.1/servers/111efbc1-f012-4e44-b9bd-c3b2bd26c2ed 3.468s
2025-12-01 18:55:25.097 64758 INFO tempest.common.waiters [-] State transition "ACTIVE/deleting" ==> "DELETED/None" after 7 second wait
2025-12-01 18:55:25.190 64772 WARNING tempest.lib.common.ssh [-] Failed to establish authenticated ssh connection to cirros@10.180.180.183 ([Errno None] Unable to connect to port 22 on 10.180.180.183). Number attempts: 7. Retry after 8 seconds.: paramiko.ssh_exception.NoValidConnectionsError: [Errno None] Unable to connect to port 22 on 10.180.180.183
2025-12-01 18:55:25.245 64786 INFO tempest.lib.common.rest_client [req-1ed11b37-17d6-43a8-a99c-6097f763d08b req-1ed11b37-17d6-43a8-a99c-6097f763d08b ] Request (ListServersNegativeTestJSON:setUpClass): 200 GET http://10.180.1.21/compute/v2.1/servers/ac98ee9a-8206-4af4-9bb2-3053d05d7084 3.314s
2025-12-01 18:55:25.252 64786 INFO tempest.common.waiters [-] State transition "BUILD/spawning" ==> "ACTIVE/None" after 7 second wait
2025-12-01 18:55:25.261 64762 INFO tempest.lib.common.rest_client [req-0bfdfd53-0d20-484e-9e4d-905bec9daccb req-0bfdfd53-0d20-484e-9e4d-905bec9daccb ] Request (FlavorsV2TestJSON:test_list_flavors_filter_by_min_disk): 200 GET http://10.180.1.21/compute/v2.1/flavors/42 2.995s
2025-12-01 18:55:25.446 64782 INFO tempest.lib.common.rest_client [req-43fb164a-6866-4303-b182-9a886653b014 req-43fb164a-6866-4303-b182-9a886653b014 ] Request (ServersAdminTestJSON:test_create_server_with_scheduling_hint): 200 GET http://10.180.1.21/compute/v2.1/servers/411633d3-7bb5-4d1f-862a-0c4efa0484fc 3.095s
2025-12-01 18:55:25.454 64782 INFO tempest.common.waiters [-] State transition "BUILD/spawning" ==> "ACTIVE/None" after 31 second wait
2025-12-01 18:55:25.521 64738 INFO tempest.lib.common.rest_client [req-c8b2f457-802d-448f-93f2-92c5664aea5a req-c8b2f457-802d-448f-93f2-92c5664aea5a ] Request (ServerGroupTestJSON:test_create_server_with_scheduler_hint_group): 200 GET http://10.180.1.21/compute/v2.1/servers/f47f006a-7bd0-4f8f-b0b4-5afb32a8f84c 3.157s
2025-12-01 18:55:25.525 64782 INFO tempest.lib.common.rest_client [req-5153ccb4-42b8-450d-a8d9-a90dacdc75fb req-5153ccb4-42b8-450d-a8d9-a90dacdc75fb ] Request (ServersAdminTestJSON:test_inject_network_info): 201 POST http://10.180.1.21/identity/v3/auth/tokens 0.065s
2025-12-01 18:55:25.526 64782 INFO tempest.lib.common.fixed_network [-] (ServersAdminTestJSON:test_inject_network_info) Found network {'id': 'f8c84999-fbed-47d4-bdb2-6cccbd5eec23', 'name': 'tempest-ServersAdminTestJSON-103554622-network', 'tenant_id': '39e0400deb14487bb01dafce8a00fa4d', 'project_id': '39e0400deb14487bb01dafce8a00fa4d', 'admin_state_up': True, 'mtu': 8950, 'status': 'ACTIVE', 'subnets': [], 'shared': False, 'port_security_enabled': True, 'router:external': False, 'provider:network_type': 'vlan', 'provider:physical_network': 'default', 'provider:segmentation_id': 111, 'availability_zone_hints': [], 'availability_zones': [], 'ipv4_address_scope': None, 'ipv6_address_scope': None, 'description': '', 'tags': [], 'created_at': '2025-12-01T18:53:54Z', 'updated_at': '2025-12-01T18:53:54Z', 'revision_number': 1} available for tenant
2025-12-01 18:55:25.611 64746 INFO tempest.lib.common.rest_client [req-8b065932-bf6d-4065-aa56-dbde9c980b6c req-8b065932-bf6d-4065-aa56-dbde9c980b6c ] Request (MigrationsAdminTest:test_resize_server_revert_deleted_flavor): 200 GET http://10.180.1.21/compute/v2.1/servers/8f96bd33-d2e9-4490-a9be-736180b1823b 2.727s
2025-12-01 18:55:25.635 64785 INFO tempest.lib.common.rest_client [req-ac64a2b6-5f25-4e90-8fe0-58652356db62 req-ac64a2b6-5f25-4e90-8fe0-58652356db62 ] Request (InstanceActionsNegativeTestJSON:tearDownClass): 404 GET http://10.180.1.21/compute/v2.1/servers/82573e06-f68a-4e61-ada6-1392f94e021e 2.421s
2025-12-01 18:55:25.651 64788 INFO tempest.lib.common.rest_client [req-33fabced-5be7-4cd0-974d-b18a1e310859 req-33fabced-5be7-4cd0-974d-b18a1e310859 ] Request (ListServerFiltersTestJSON:setUpClass): 202 POST http://10.180.1.21/compute/v2.1/servers 3.626s
2025-12-01 18:55:25.694 64788 INFO tempest.lib.common.rest_client [req-08958347-5fdd-4e74-b627-875d08e09452 req-08958347-5fdd-4e74-b627-875d08e09452 ] Request (ListServerFiltersTestJSON:setUpClass): 201 POST http://10.180.1.21/identity/v3/auth/tokens 0.037s
2025-12-01 18:55:25.694 64788 INFO tempest.lib.common.fixed_network [-] (ListServerFiltersTestJSON:setUpClass) Found network {'id': '81cac69a-cec4-4270-a952-e11e01e8abe3', 'name': 'tempest-ListServerFiltersTestJSON-2001554112-network', 'tenant_id': 'faf5475dda554d3c82c694abbf54674e', 'project_id': 'faf5475dda554d3c82c694abbf54674e', 'admin_state_up': True, 'mtu': 8950, 'status': 'ACTIVE', 'subnets': [], 'shared': False, 'port_security_enabled': True, 'router:external': False, 'provider:network_type': 'vlan', 'provider:physical_network': 'default', 'provider:segmentation_id': 305, 'availability_zone_hints': [], 'availability_zones': [], 'ipv4_address_scope': None, 'ipv6_address_scope': None, 'description': '', 'tags': [], 'created_at': '2025-12-01T18:55:21Z', 'updated_at': '2025-12-01T18:55:21Z', 'revision_number': 1} available for tenant
2025-12-01 18:55:25.720 64744 INFO tempest.lib.common.rest_client [req-825b7bfc-b675-4af0-9b3d-c8ca4edacf0e req-825b7bfc-b675-4af0-9b3d-c8ca4edacf0e ] Request (ServerDiskConfigTestJSON:setUpClass): 200 PUT http://10.180.1.21/networking/v2.0/routers/a09363ef-2d47-47bf-9f95-c88b460b6aed/add_router_interface 1.172s
2025-12-01 18:55:25.721 64744 INFO tempest.lib.common.dynamic_creds [-] Created isolated network resources for: credentials: Credentials: {'domain_id': 'default', 'domain_name': 'Default', 'username': 'tempest-ServerDiskConfigTestJSON-1908593521-project-member', 'project_domain_id': 'default', 'project_domain_name': 'Default', 'project_id': 'e2360573714f46ee9c571327135cbc71', 'project_name': 'tempest-ServerDiskConfigTestJSON-1908593521', 'tenant_id': 'e2360573714f46ee9c571327135cbc71', 'tenant_name': 'tempest-ServerDiskConfigTestJSON-1908593521', 'user_domain_id': 'default', 'user_domain_name': 'Default', 'user_id': '6777569af4d840c7b08a1b4968d698f4', 'system': None}, Network: {'id': 'ced6c103-7ae7-4eea-8d49-dbb7dc7ca439', 'name': 'tempest-ServerDiskConfigTestJSON-1959362776-network', 'tenant_id': 'e2360573714f46ee9c571327135cbc71', 'project_id': 'e2360573714f46ee9c571327135cbc71', 'admin_state_up': True, 'mtu': 8950, 'status': 'ACTIVE', 'subnets': [], 'shared': False, 'port_security_enabled': True, 'router:external': False, 'provider:network_type': 'vlan', 'provider:physical_network': 'default', 'provider:segmentation_id': 465, 'availability_zone_hints': [], 'availability_zones': [], 'ipv4_address_scope': None, 'ipv6_address_scope': None, 'description': '', 'tags': [], 'created_at': '2025-12-01T18:55:22Z', 'updated_at': '2025-12-01T18:55:22Z', 'revision_number': 1}, Subnet: {'id': '442b0984-1e2d-4426-b216-30a02b8e7b1b', 'name': 'tempest-ServerDiskConfigTestJSON-1959362776-subnet', 'tenant_id': 'e2360573714f46ee9c571327135cbc71', 'network_id': 'ced6c103-7ae7-4eea-8d49-dbb7dc7ca439', 'ip_version': 4, 'subnetpool_id': None, 'enable_dhcp': True, 'ipv6_ra_mode': None, 'ipv6_address_mode': None, 'gateway_ip': '192.168.128.1', 'cidr': '192.168.128.0/28', 'allocation_pools': [{'start': '192.168.128.2', 'end': '192.168.128.14'}], 'host_routes': [], 'dns_nameservers': [], 'description': '', 'router:external': False, 'service_types': [], 'tags': [], 'created_at': '2025-12-01T18:55:23Z', 'updated_at': '2025-12-01T18:55:23Z', 'revision_number': 0, 'project_id': 'e2360573714f46ee9c571327135cbc71'}, Router: {'id': 'a09363ef-2d47-47bf-9f95-c88b460b6aed', 'name': 'tempest-ServerDiskConfigTestJSON-1959362776-router', 'tenant_id': 'e2360573714f46ee9c571327135cbc71', 'admin_state_up': True, 'status': 'ACTIVE', 'external_gateway_info': {'network_id': '4ba4387e-5866-4a52-9e36-04cd35a8d646', 'external_fixed_ips': [{'subnet_id': '1b5bde68-d820-4c6e-a146-aea9c29e7bf0', 'ip_address': '10.180.180.129'}], 'enable_snat': True}, 'description': '', 'availability_zones': [], 'distributed': False, 'ha': False, 'availability_zone_hints': [], 'routes': [], 'flavor_id': None, 'tags': [], 'created_at': '2025-12-01T18:55:23Z', 'updated_at': '2025-12-01T18:55:24Z', 'revision_number': 2, 'project_id': 'e2360573714f46ee9c571327135cbc71'}
2025-12-01 18:55:25.744 64742 INFO tempest.lib.common.rest_client [req-952b3865-d7c3-4781-a9fd-afac4ef5fe7e req-952b3865-d7c3-4781-a9fd-afac4ef5fe7e ] Request (ServersAdminNegativeTestJSON:setUpClass): 200 GET http://10.180.1.21/compute/v2.1/servers/bc69ece2-6ead-41f5-893b-f28e9a2fcd18 2.064s
2025-12-01 18:55:25.774 64776 INFO tempest.lib.common.rest_client [req-1e48e00d-1be6-4deb-93da-ed4e330053bc req-1e48e00d-1be6-4deb-93da-ed4e330053bc ] Request (ServersAdmin275Test:test_rebuild_update_server_275): 200 GET http://10.180.1.21/compute/v2.1/servers/2e8ecb4e-eb70-4e13-9bdf-f220ae70f4c3 2.537s
2025-12-01 18:55:25.845 64780 INFO tempest.lib.common.rest_client [req-93e7c9fb-aba1-40bd-a61e-92a34a9365de req-93e7c9fb-aba1-40bd-a61e-92a34a9365de ] Request (ImagesOneServerTestJSON:tearDownClass): 200 GET http://10.180.1.21/compute/v2.1/servers/b782b7b6-3dcb-4ed1-a556-1b64ad4eb5d7 1.830s
2025-12-01 18:55:25.853 64744 INFO tempest.lib.common.rest_client [req-08b5fd87-9497-4d3d-befa-537fb2fe998e req-08b5fd87-9497-4d3d-befa-537fb2fe998e ] Request (ServerDiskConfigTestJSON:setUpClass): 201 POST http://10.180.1.21/identity/v3/auth/tokens 0.128s
2025-12-01 18:55:25.868 64778 INFO tempest.lib.common.rest_client [req-297e9471-57d1-4282-b973-6a39be855651 req-297e9471-57d1-4282-b973-6a39be855651 ] Request (VolumesAdminNegativeTest:tearDownClass): 200 GET http://10.180.1.21/compute/v2.1/servers/07be3411-5dcf-43da-9087-ae174d54a4e7 1.363s
2025-12-01 18:55:25.893 64736 INFO tempest.lib.common.rest_client [req-65ae18dc-9fcd-459c-9586-81e7d588e3da req-65ae18dc-9fcd-459c-9586-81e7d588e3da ] Request (ServersTestJSON:tearDownClass): 202 DELETE http://10.180.1.21/compute/v2.1/os-keypairs/tempest-keypair-1601096666 1.278s
2025-12-01 18:55:25.912 64744 INFO tempest.lib.common.rest_client [req-6b1628b0-553a-4509-99a4-8472e616eb97 req-6b1628b0-553a-4509-99a4-8472e616eb97 ] Request (ServerDiskConfigTestJSON:test_rebuild_server_with_auto_disk_config): 201 POST http://10.180.1.21/identity/v3/auth/tokens 0.054s
2025-12-01 18:55:25.913 64744 INFO tempest.lib.common.fixed_network [-] (ServerDiskConfigTestJSON:test_rebuild_server_with_auto_disk_config) Found network {'id': 'ced6c103-7ae7-4eea-8d49-dbb7dc7ca439', 'name': 'tempest-ServerDiskConfigTestJSON-1959362776-network', 'tenant_id': 'e2360573714f46ee9c571327135cbc71', 'project_id': 'e2360573714f46ee9c571327135cbc71', 'admin_state_up': True, 'mtu': 8950, 'status': 'ACTIVE', 'subnets': [], 'shared': False, 'port_security_enabled': True, 'router:external': False, 'provider:network_type': 'vlan', 'provider:physical_network': 'default', 'provider:segmentation_id': 465, 'availability_zone_hints': [], 'availability_zones': [], 'ipv4_address_scope': None, 'ipv6_address_scope': None, 'description': '', 'tags': [], 'created_at': '2025-12-01T18:55:22Z', 'updated_at': '2025-12-01T18:55:22Z', 'revision_number': 1} available for tenant
2025-12-01 18:55:25.920 64796 INFO tempest.lib.common.rest_client [req-77468640-7557-42a6-8082-9b30b2719584 req-77468640-7557-42a6-8082-9b30b2719584 ] Request (FloatingIPsAssociationNegativeTestJSON:setUpClass): 200 GET http://10.180.1.21/compute/v2.1/servers/437c4068-494c-44d3-9a92-f8d5fdefdbc6 1.392s
2025-12-01 18:55:26.027 64768 INFO tempest.lib.common.rest_client [req-b4d606ac-8c9e-46c2-a46a-1f0e51bb01c2 req-b4d606ac-8c9e-46c2-a46a-1f0e51bb01c2 ] Request (ImagesTestJSON:_run_cleanups): 204 DELETE http://10.180.1.21/compute/v2.1/images/52edd2c6-5fad-400f-ba90-137166371126 1.325s
2025-12-01 18:55:26.043 64736 INFO tempest.lib.common.rest_client [req-5246e4b3-e0dc-4541-8146-9f18130c33e9 req-5246e4b3-e0dc-4541-8146-9f18130c33e9 ] Request (ServersTestJSON:tearDownClass): 204 DELETE http://10.180.1.21/networking/v2.0/security-groups/99847494-a9c5-4d28-82ef-203c3635357e 0.149s
2025-12-01 18:55:26.072 64736 INFO tempest.lib.common.rest_client [req-39d5227e-1c4b-45ec-bfaa-4f34903a29e3 req-39d5227e-1c4b-45ec-bfaa-4f34903a29e3 ] Request (ServersTestJSON:tearDownClass): 404 GET http://10.180.1.21/networking/v2.0/security-groups/99847494-a9c5-4d28-82ef-203c3635357e 0.029s
2025-12-01 18:55:26.077 64795 INFO tempest.lib.common.rest_client [req-d9c6b64d-7a01-46ae-9e9b-4402b63f756f req-d9c6b64d-7a01-46ae-9e9b-4402b63f756f ] Request (ImagesOneServerNegativeTestJSON:setUpClass): 200 GET http://10.180.1.21/compute/v2.1/servers/85746ca9-34a0-4cd0-828b-8ec975fb8293 1.166s
2025-12-01 18:55:26.196 64786 INFO tempest.lib.common.rest_client [req-a1e6a7e8-3fb7-41b4-892c-abf20fb9a19b req-a1e6a7e8-3fb7-41b4-892c-abf20fb9a19b ] Request (ListServersNegativeTestJSON:setUpClass): 204 DELETE http://10.180.1.21/compute/v2.1/servers/967551b3-0b76-47a3-bd6c-f23e2f848d9e 0.944s
2025-12-01 18:55:26.217 64762 INFO tempest.lib.common.rest_client [req-49db80ab-440e-41e5-be93-14a0998f716e req-49db80ab-440e-41e5-be93-14a0998f716e ] Request (FlavorsV2TestJSON:test_list_flavors_filter_by_min_disk): 200 GET http://10.180.1.21/compute/v2.1/flavors?minDisk=2 0.953s
2025-12-01 18:55:26.373 64736 INFO tempest.lib.common.rest_client [req-dc89f35e-7a58-4244-a2a6-fe523e62ff2f req-dc89f35e-7a58-4244-a2a6-fe523e62ff2f ] Request (ServersTestJSON:tearDownClass): 204 DELETE http://10.180.1.21/networking/v2.0/floatingips/79ade212-8b9a-49df-bb66-33d538c333d6 0.300s
2025-12-01 18:55:26.517 64798 INFO tempest.lib.common.rest_client [req-9b70a2dd-92a3-4eaf-b0a6-05a190d4e049 req-9b70a2dd-92a3-4eaf-b0a6-05a190d4e049 ] Request (SecurityGroupRulesNegativeTestJSON:test_create_security_group_rule_duplicate): 200 POST http://10.180.1.21/compute/v2.1/os-security-groups 1.479s
2025-12-01 18:55:26.603 64785 INFO tempest.lib.common.rest_client [req-c895f706-1f0b-4d33-b9e4-c837c0013a71 req-c895f706-1f0b-4d33-b9e4-c837c0013a71 ] Request (InstanceActionsNegativeTestJSON:tearDownClass): 200 PUT http://10.180.1.21/networking/v2.0/routers/6944ed49-34f5-44b1-8c46-892a47a4121e/remove_router_interface 0.968s
2025-12-01 18:55:27.114 64785 INFO tempest.lib.common.rest_client [req-3a1e7154-65d9-4e95-92ae-8e04d80a2a10 req-3a1e7154-65d9-4e95-92ae-8e04d80a2a10 ] Request (InstanceActionsNegativeTestJSON:tearDownClass): 204 DELETE http://10.180.1.21/networking/v2.0/routers/6944ed49-34f5-44b1-8c46-892a47a4121e 0.511s
2025-12-01 18:55:27.190 64748 INFO tempest.lib.common.rest_client [req-37851b0a-1a6f-486c-b995-b80ec9e51f18 req-37851b0a-1a6f-486c-b995-b80ec9e51f18 ] Request (ServerActionsTestOtherA:test_rebuild_server_in_stop_state): 200 GET http://10.180.1.21/compute/v2.1/servers/39149c00-cbbf-4966-bdd3-80ff744c93bb 1.591s
2025-12-01 18:55:27.324 64736 INFO tempest.lib.common.rest_client [req-6b596310-4805-4439-8124-9d3ca5dec288 req-6b596310-4805-4439-8124-9d3ca5dec288 ] Request (ServersTestJSON:tearDownClass): 200 PUT http://10.180.1.21/networking/v2.0/routers/35f3cf62-04d3-4804-a6ea-b7da3eb7af39/remove_router_interface 0.951s
2025-12-01 18:55:27.379 64785 INFO tempest.lib.common.rest_client [req-4a429d65-108a-4438-95cf-49a48f6f0eac req-4a429d65-108a-4438-95cf-49a48f6f0eac ] Request (InstanceActionsNegativeTestJSON:tearDownClass): 204 DELETE http://10.180.1.21/networking/v2.0/subnets/c3cb3280-40fb-4565-8fcd-16aa7e254145 0.264s
2025-12-01 18:55:27.426 64766 WARNING tempest.lib.common.ssh [-] Failed to establish authenticated ssh connection to cirros@10.180.180.201 ([Errno None] Unable to connect to port 22 on 10.180.180.201). Number attempts: 3. Retry after 4 seconds.: paramiko.ssh_exception.NoValidConnectionsError: [Errno None] Unable to connect to port 22 on 10.180.180.201
2025-12-01 18:55:27.432 64756 WARNING tempest.lib.common.ssh [-] Failed to establish authenticated ssh connection to cirros@10.180.180.150 ([Errno None] Unable to connect to port 22 on 10.180.180.150). Number attempts: 4. Retry after 5 seconds.: paramiko.ssh_exception.NoValidConnectionsError: [Errno None] Unable to connect to port 22 on 10.180.180.150
2025-12-01 18:55:27.561 64782 INFO tempest.lib.common.rest_client [req-fba5cca1-9bb6-413f-824a-e0de00a33811 req-fba5cca1-9bb6-413f-824a-e0de00a33811 ] Request (ServersAdminTestJSON:test_inject_network_info): 202 POST http://10.180.1.21/compute/v2.1/servers 2.032s
2025-12-01 18:55:27.745 64785 INFO tempest.lib.common.rest_client [req-88bac4af-d10a-4f5d-890d-e30f3251453d req-88bac4af-d10a-4f5d-890d-e30f3251453d ] Request (InstanceActionsNegativeTestJSON:tearDownClass): 204 DELETE http://10.180.1.21/networking/v2.0/networks/9b5ae8c8-3c07-4668-a77d-457422262caf 0.366s
2025-12-01 18:55:27.807 64736 INFO tempest.lib.common.rest_client [req-371e9b22-6977-48d4-8443-457e04bb9b8f req-371e9b22-6977-48d4-8443-457e04bb9b8f ] Request (ServersTestJSON:tearDownClass): 204 DELETE http://10.180.1.21/networking/v2.0/routers/35f3cf62-04d3-4804-a6ea-b7da3eb7af39 0.482s
2025-12-01 18:55:27.933 64785 INFO tempest.lib.common.rest_client [req-8ca44c8e-dc1d-4d61-94fd-3e955b9ff8a9 req-8ca44c8e-dc1d-4d61-94fd-3e955b9ff8a9 ] Request (InstanceActionsNegativeTestJSON:tearDownClass): 204 DELETE http://10.180.1.21/identity/v3/users/edf97dcf99314f67b969c5aba4787d50 0.187s
2025-12-01 18:55:27.933 64785 INFO tempest.lib.common.dynamic_creds [-] Deleting project and security group for project: 66eadf22a80b470d92e02c3df1c4a290
2025-12-01 18:55:27.964 64736 INFO tempest.lib.common.rest_client [req-f241eed6-dbac-46af-b560-4a094b537997 req-f241eed6-dbac-46af-b560-4a094b537997 ] Request (ServersTestJSON:tearDownClass): 204 DELETE http://10.180.1.21/networking/v2.0/subnets/607b9377-a1d3-4cdc-b038-9801f85924e7 0.156s
2025-12-01 18:55:27.992 64785 INFO tempest.lib.common.rest_client [req-83a20d92-c85e-4e40-ba9e-767dde2a9881 req-83a20d92-c85e-4e40-ba9e-767dde2a9881 ] Request (InstanceActionsNegativeTestJSON:tearDownClass): 200 GET http://10.180.1.21/networking/v2.0/security-groups?tenant_id=66eadf22a80b470d92e02c3df1c4a290&name=default 0.058s
2025-12-01 18:55:28.112 64788 INFO tempest.lib.common.rest_client [req-919df016-83c1-4e85-a0e7-defc5935ecc2 req-919df016-83c1-4e85-a0e7-defc5935ecc2 ] Request (ListServerFiltersTestJSON:setUpClass): 202 POST http://10.180.1.21/compute/v2.1/servers 2.417s
2025-12-01 18:55:28.185 64785 INFO tempest.lib.common.rest_client [req-3604ab7a-dbf9-4277-95bb-a7d66d430851 req-3604ab7a-dbf9-4277-95bb-a7d66d430851 ] Request (InstanceActionsNegativeTestJSON:tearDownClass): 204 DELETE http://10.180.1.21/networking/v2.0/security-groups/024bc9d3-d765-4ded-8d15-d1242286599b 0.193s
2025-12-01 18:55:28.250 64788 INFO tempest.lib.common.rest_client [req-c3950aff-638a-4123-a123-98b8484158a1 req-c3950aff-638a-4123-a123-98b8484158a1 ] Request (ListServerFiltersTestJSON:setUpClass): 201 POST http://10.180.1.21/identity/v3/auth/tokens 0.133s
2025-12-01 18:55:28.251 64788 INFO tempest.lib.common.fixed_network [-] (ListServerFiltersTestJSON:setUpClass) Found network {'id': '81cac69a-cec4-4270-a952-e11e01e8abe3', 'name': 'tempest-ListServerFiltersTestJSON-2001554112-network', 'tenant_id': 'faf5475dda554d3c82c694abbf54674e', 'project_id': 'faf5475dda554d3c82c694abbf54674e', 'admin_state_up': True, 'mtu': 8950, 'status': 'ACTIVE', 'subnets': [], 'shared': False, 'port_security_enabled': True, 'router:external': False, 'provider:network_type': 'vlan', 'provider:physical_network': 'default', 'provider:segmentation_id': 305, 'availability_zone_hints': [], 'availability_zones': [], 'ipv4_address_scope': None, 'ipv6_address_scope': None, 'description': '', 'tags': [], 'created_at': '2025-12-01T18:55:21Z', 'updated_at': '2025-12-01T18:55:21Z', 'revision_number': 1} available for tenant
2025-12-01 18:55:28.360 64785 INFO tempest.lib.common.rest_client [req-2f3dbac0-c998-4cf0-b316-3ffc1eefdc63 req-2f3dbac0-c998-4cf0-b316-3ffc1eefdc63 ] Request (InstanceActionsNegativeTestJSON:tearDownClass): 204 DELETE http://10.180.1.21/identity/v3/projects/66eadf22a80b470d92e02c3df1c4a290 0.174s
2025-12-01 18:55:28.407 64736 INFO tempest.lib.common.rest_client [req-3e7c60f2-fb44-40e1-a3d7-da69e8d37291 req-3e7c60f2-fb44-40e1-a3d7-da69e8d37291 ] Request (ServersTestJSON:tearDownClass): 204 DELETE http://10.180.1.21/networking/v2.0/networks/5f68dfb1-a2a7-4b04-941b-d05200ba351c 0.442s
2025-12-01 18:55:28.431 64791 INFO tempest.lib.common.rest_client [req-c5651fe0-5255-456b-b7ac-c7010c8ff30d req-c5651fe0-5255-456b-b7ac-c7010c8ff30d ] Request (ServerActionsTestOtherB:test_create_backup): 200 GET http://10.180.1.21/compute/v2.1/servers/ed384538-e6f3-4ed9-9bb6-14fb8f5147b2 2.498s
2025-12-01 18:55:28.485 64744 INFO tempest.lib.common.rest_client [req-2ff8fa6b-b59e-4ca9-8dd4-b5c5492765ff req-2ff8fa6b-b59e-4ca9-8dd4-b5c5492765ff ] Request (ServerDiskConfigTestJSON:test_rebuild_server_with_auto_disk_config): 202 POST http://10.180.1.21/compute/v2.1/servers 2.570s
2025-12-01 18:55:28.570 64754 INFO tempest.lib.common.rest_client [req-24213c3d-c36c-486e-a98f-cfadf1003541 req-24213c3d-c36c-486e-a98f-cfadf1003541 ] Request (VolumesAssistedSnapshotsTest:tearDownClass): 200 GET http://10.180.1.21/compute/v2.1/servers/ab5bc88b-33bc-4a71-8941-bae815891175 2.533s
2025-12-01 18:55:28.573 64768 INFO tempest.lib.common.rest_client [req-c6400442-8766-45b6-ba77-4892fb8a06e5 req-c6400442-8766-45b6-ba77-4892fb8a06e5 ] Request (ImagesTestJSON:_run_cleanups): 204 DELETE http://10.180.1.21/compute/v2.1/servers/d55cb177-5e84-4ba8-b519-deb53a3b2573 2.546s
2025-12-01 18:55:28.608 64736 INFO tempest.lib.common.rest_client [req-d9110150-654f-48de-9cca-8b753a27ab33 req-d9110150-654f-48de-9cca-8b753a27ab33 ] Request (ServersTestJSON:tearDownClass): 204 DELETE http://10.180.1.21/identity/v3/users/725c54db855742d8ac4b989a49d64db6 0.201s
2025-12-01 18:55:28.608 64736 INFO tempest.lib.common.dynamic_creds [-] Deleting project and security group for project: 7769a4946ca944808739abe970eab859
2025-12-01 18:55:28.647 64768 INFO tempest.lib.common.rest_client [req-7d763be2-3e0e-4a47-9928-02fc30898436 req-7d763be2-3e0e-4a47-9928-02fc30898436 ] Request (ImagesTestJSON:test_create_image_from_suspended_server): 201 POST http://10.180.1.21/identity/v3/auth/tokens 0.069s
2025-12-01 18:55:28.647 64768 INFO tempest.lib.common.fixed_network [-] (ImagesTestJSON:test_create_image_from_suspended_server) Found network {'id': '207891ff-a10f-4af9-9482-5f0549d3953a', 'name': 'tempest-ImagesTestJSON-117073888-network', 'tenant_id': '60028ac303fc4855aee249afdbab3998', 'project_id': '60028ac303fc4855aee249afdbab3998', 'admin_state_up': True, 'mtu': 8950, 'status': 'ACTIVE', 'subnets': [], 'shared': False, 'port_security_enabled': True, 'router:external': False, 'provider:network_type': 'vlan', 'provider:physical_network': 'default', 'provider:segmentation_id': 827, 'availability_zone_hints': [], 'availability_zones': [], 'ipv4_address_scope': None, 'ipv6_address_scope': None, 'description': '', 'tags': [], 'created_at': '2025-12-01T18:54:21Z', 'updated_at': '2025-12-01T18:54:21Z', 'revision_number': 1} available for tenant
2025-12-01 18:55:28.651 64736 INFO tempest.lib.common.rest_client [req-58ef8574-1682-44ec-b161-a1560b531a9d req-58ef8574-1682-44ec-b161-a1560b531a9d ] Request (ServersTestJSON:tearDownClass): 200 GET http://10.180.1.21/networking/v2.0/security-groups?tenant_id=7769a4946ca944808739abe970eab859&name=default 0.042s
2025-12-01 18:55:28.726 64758 INFO tempest.lib.common.rest_client [req-a7a61e1a-62a2-4c4d-a707-43f6ca57a5d1 req-a7a61e1a-62a2-4c4d-a707-43f6ca57a5d1 ] Request (FloatingIPsAssociationTestJSON:tearDownClass): 200 GET http://10.180.1.21/compute/v2.1/servers/111efbc1-f012-4e44-b9bd-c3b2bd26c2ed 2.628s
2025-12-01 18:55:28.750 64762 INFO tempest.lib.common.rest_client [req-3a80d9c1-10a7-4523-af62-d81564160ed4 req-3a80d9c1-10a7-4523-af62-d81564160ed4 ] Request (FlavorsV2TestJSON:test_list_flavors_filter_by_min_ram): 200 GET http://10.180.1.21/compute/v2.1/flavors/42 2.529s
2025-12-01 18:55:28.830 64736 INFO tempest.lib.common.rest_client [req-26fb9922-5315-4fd3-97eb-f49b3ef6fb09 req-26fb9922-5315-4fd3-97eb-f49b3ef6fb09 ] Request (ServersTestJSON:tearDownClass): 204 DELETE http://10.180.1.21/networking/v2.0/security-groups/bcb05c61-ad68-4fe8-afbe-0a7a1e94e856 0.179s
2025-12-01 18:55:28.867 64786 INFO tempest.lib.common.rest_client [req-82883334-64d0-4b8f-b140-4fad2ab30a14 req-82883334-64d0-4b8f-b140-4fad2ab30a14 ] Request (ListServersNegativeTestJSON:setUpClass): 200 GET http://10.180.1.21/compute/v2.1/servers/967551b3-0b76-47a3-bd6c-f23e2f848d9e 2.670s
2025-12-01 18:55:28.934 64738 INFO tempest.lib.common.rest_client [req-4d701a3c-1040-43e4-9956-443511480c3e req-4d701a3c-1040-43e4-9956-443511480c3e ] Request (ServerGroupTestJSON:test_create_server_with_scheduler_hint_group): 200 GET http://10.180.1.21/compute/v2.1/servers/f47f006a-7bd0-4f8f-b0b4-5afb32a8f84c 2.404s
2025-12-01 18:55:28.963 64736 INFO tempest.lib.common.rest_client [req-0eedb0c1-51b6-4141-8e78-5821796f7bce req-0eedb0c1-51b6-4141-8e78-5821796f7bce ] Request (ServersTestJSON:tearDownClass): 204 DELETE http://10.180.1.21/identity/v3/projects/7769a4946ca944808739abe970eab859 0.132s
2025-12-01 18:55:28.969 64798 INFO tempest.lib.common.rest_client [req-7f19777a-a8dd-4ca4-92bb-0da04cdcdf8a req-7f19777a-a8dd-4ca4-92bb-0da04cdcdf8a ] Request (SecurityGroupRulesNegativeTestJSON:test_create_security_group_rule_duplicate): 200 POST http://10.180.1.21/compute/v2.1/os-security-group-rules 2.450s
2025-12-01 18:55:28.994 64746 INFO tempest.lib.common.rest_client [req-a8863624-555e-413d-aedb-77dea74ef6d2 req-a8863624-555e-413d-aedb-77dea74ef6d2 ] Request (MigrationsAdminTest:test_resize_server_revert_deleted_flavor): 200 GET http://10.180.1.21/compute/v2.1/servers/8f96bd33-d2e9-4490-a9be-736180b1823b 2.376s
2025-12-01 18:55:29.039 64742 INFO tempest.lib.common.rest_client [req-5f05ec13-878f-4f43-91f5-e7c5832ffc97 req-5f05ec13-878f-4f43-91f5-e7c5832ffc97 ] Request (ServersAdminNegativeTestJSON:setUpClass): 200 GET http://10.180.1.21/compute/v2.1/servers/bc69ece2-6ead-41f5-893b-f28e9a2fcd18 2.282s
2025-12-01 18:55:29.050 64736 INFO tempest.lib.common.rest_client [req-58b82eee-d05e-4ca1-8448-2c11a636d731 req-58b82eee-d05e-4ca1-8448-2c11a636d731 ] Request (ServerRescueTestJSON:setUpClass): 201 POST http://10.180.1.21/identity/v3/auth/tokens 0.085s
2025-12-01 18:55:29.074 64780 INFO tempest.lib.common.rest_client [req-4f51c777-7fd6-4ca9-8a90-6195febfe819 req-4f51c777-7fd6-4ca9-8a90-6195febfe819 ] Request (ImagesOneServerTestJSON:tearDownClass): 404 GET http://10.180.1.21/compute/v2.1/servers/b782b7b6-3dcb-4ed1-a556-1b64ad4eb5d7 2.220s
2025-12-01 18:55:29.085 64776 INFO tempest.lib.common.rest_client [req-a174dfc7-bb2e-4340-96d9-728d298902b9 req-a174dfc7-bb2e-4340-96d9-728d298902b9 ] Request (ServersAdmin275Test:test_rebuild_update_server_275): 200 GET http://10.180.1.21/compute/v2.1/servers/2e8ecb4e-eb70-4e13-9bdf-f220ae70f4c3 2.300s
2025-12-01 18:55:29.108 64736 INFO tempest.lib.common.rest_client [req-42990b5d-d17d-445b-904e-fb35c4fb31e4 req-42990b5d-d17d-445b-904e-fb35c4fb31e4 ] Request (ServerRescueTestJSON:setUpClass): 201 POST http://10.180.1.21/identity/v3/auth/tokens 0.053s
2025-12-01 18:55:29.149 64736 INFO tempest.lib.common.rest_client [req-20473d5f-4a69-4916-a533-86cac37853fc req-20473d5f-4a69-4916-a533-86cac37853fc ] Request (ServerRescueTestJSON:setUpClass): 200 GET http://10.180.1.21/identity/v3/domains?name=Default 0.040s
2025-12-01 18:55:29.158 64778 INFO tempest.lib.common.rest_client [req-569fd4cc-c4e3-4e16-89ea-d435ef79e86e req-569fd4cc-c4e3-4e16-89ea-d435ef79e86e ] Request (VolumesAdminNegativeTest:tearDownClass): 200 GET http://10.180.1.21/compute/v2.1/servers/07be3411-5dcf-43da-9087-ae174d54a4e7 2.280s
2025-12-01 18:55:29.183 64796 INFO tempest.lib.common.rest_client [req-d5494c38-4eb8-43a8-abca-f3e0d5c1c609 req-d5494c38-4eb8-43a8-abca-f3e0d5c1c609 ] Request (FloatingIPsAssociationNegativeTestJSON:setUpClass): 200 GET http://10.180.1.21/compute/v2.1/servers/437c4068-494c-44d3-9a92-f8d5fdefdbc6 2.250s
2025-12-01 18:55:29.198 64736 INFO tempest.lib.common.rest_client [req-aa7aadba-7924-45ec-97d8-85ba1149e79c req-aa7aadba-7924-45ec-97d8-85ba1149e79c ] Request (ServerRescueTestJSON:setUpClass): 201 POST http://10.180.1.21/identity/v3/projects 0.048s
2025-12-01 18:55:29.244 64795 INFO tempest.lib.common.rest_client [req-3adada24-943a-4eb2-a373-6680f1c9c616 req-3adada24-943a-4eb2-a373-6680f1c9c616 ] Request (ImagesOneServerNegativeTestJSON:setUpClass): 200 GET http://10.180.1.21/compute/v2.1/servers/85746ca9-34a0-4cd0-828b-8ec975fb8293 2.155s
2025-12-01 18:55:29.254 64782 INFO tempest.lib.common.rest_client [req-45b85e75-d46f-44c3-b6d2-89239758c8b4 req-45b85e75-d46f-44c3-b6d2-89239758c8b4 ] Request (ServersAdminTestJSON:test_inject_network_info): 200 GET http://10.180.1.21/compute/v2.1/servers/2b4a1309-cbf7-4410-8fe7-34e1053fc013 1.691s
2025-12-01 18:55:29.301 64736 INFO tempest.lib.common.rest_client [req-980ab183-7b7e-4583-a852-aae119b6fc31 req-980ab183-7b7e-4583-a852-aae119b6fc31 ] Request (ServerRescueTestJSON:setUpClass): 201 POST http://10.180.1.21/identity/v3/users 0.102s
2025-12-01 18:55:29.329 64736 INFO tempest.lib.common.rest_client [req-01ac8ffd-f07c-4356-a37d-8c02537bb797 req-01ac8ffd-f07c-4356-a37d-8c02537bb797 ] Request (ServerRescueTestJSON:setUpClass): 200 GET http://10.180.1.21/identity/v3/roles 0.027s
2025-12-01 18:55:29.365 64736 INFO tempest.lib.common.rest_client [req-8bf99d7f-1723-45da-b710-9583739ad4e4 req-8bf99d7f-1723-45da-b710-9583739ad4e4 ] Request (ServerRescueTestJSON:setUpClass): 204 PUT http://10.180.1.21/identity/v3/projects/f329f842cdcc4fab8707b1b67be049af/users/0446682caef044edbd0c2bdf9b8e9df6/roles/a2ba9472b8c046379d2d904e41010264 0.035s
2025-12-01 18:55:29.365 64736 INFO tempest.lib.common.dynamic_creds [-] Dynamic test user 0446682caef044edbd0c2bdf9b8e9df6 is created with scope project and roles: ['member']
2025-12-01 18:55:29.365 64736 INFO tempest.lib.common.dynamic_creds [-] Acquired dynamic creds: credentials: Credentials: {'domain_id': 'default', 'domain_name': 'Default', 'username': 'tempest-ServerRescueTestJSON-1473907419-project-member', 'project_domain_id': 'default', 'project_domain_name': 'Default', 'project_id': 'f329f842cdcc4fab8707b1b67be049af', 'project_name': 'tempest-ServerRescueTestJSON-1473907419', 'tenant_id': 'f329f842cdcc4fab8707b1b67be049af', 'tenant_name': 'tempest-ServerRescueTestJSON-1473907419', 'user_domain_id': 'default', 'user_domain_name': 'Default', 'user_id': '0446682caef044edbd0c2bdf9b8e9df6', 'system': None}, Network: None, Subnet: None, Router: None
2025-12-01 18:55:29.431 64736 INFO tempest.lib.common.rest_client [req-0d3e6772-12a0-4bc8-9e7b-5f9d2006f9cc req-0d3e6772-12a0-4bc8-9e7b-5f9d2006f9cc ] Request (ServerRescueTestJSON:setUpClass): 201 POST http://10.180.1.21/identity/v3/auth/tokens 0.065s
2025-12-01 18:55:29.464 64748 INFO tempest.lib.common.rest_client [req-e93757f2-ca6e-418c-9dc9-e680c7cda457 req-e93757f2-ca6e-418c-9dc9-e680c7cda457 ] Request (ServerActionsTestOtherA:test_rebuild_server_in_stop_state): 200 GET http://10.180.1.21/compute/v2.1/servers/39149c00-cbbf-4966-bdd3-80ff744c93bb 1.261s
2025-12-01 18:55:29.812 64736 INFO tempest.lib.common.rest_client [req-f970a87f-eb9f-406d-8a43-65be1f3d1404 req-f970a87f-eb9f-406d-8a43-65be1f3d1404 ] Request (ServerRescueTestJSON:setUpClass): 201 POST http://10.180.1.21/networking/v2.0/networks 0.381s
2025-12-01 18:55:29.905 64744 INFO tempest.lib.common.rest_client [req-c6165eac-c023-42b8-8649-925a9a552a7c req-c6165eac-c023-42b8-8649-925a9a552a7c ] Request (ServerDiskConfigTestJSON:test_rebuild_server_with_auto_disk_config): 200 GET http://10.180.1.21/compute/v2.1/servers/e98b760f-bc09-4945-b02d-51419e61efba 1.418s
2025-12-01 18:55:30.040 64780 INFO tempest.lib.common.rest_client [req-86504437-d88f-4241-b635-09f5068be863 req-86504437-d88f-4241-b635-09f5068be863 ] Request (ImagesOneServerTestJSON:tearDownClass): 200 PUT http://10.180.1.21/networking/v2.0/routers/92b3d652-8acf-453a-a25f-7cc023678fe1/remove_router_interface 0.965s
2025-12-01 18:55:30.086 64736 INFO tempest.lib.common.rest_client [req-7051c5c7-88bf-4c92-b8ca-816416c0d6b2 req-7051c5c7-88bf-4c92-b8ca-816416c0d6b2 ] Request (ServerRescueTestJSON:setUpClass): 201 POST http://10.180.1.21/networking/v2.0/subnets 0.273s
2025-12-01 18:55:30.278 64788 INFO tempest.lib.common.rest_client [req-1a03bf6b-770e-4118-9e4d-c5f08910a832 req-1a03bf6b-770e-4118-9e4d-c5f08910a832 ] Request (ListServerFiltersTestJSON:setUpClass): 202 POST http://10.180.1.21/compute/v2.1/servers 2.027s
2025-12-01 18:55:30.307 64762 INFO tempest.lib.common.rest_client [req-108edcb8-7a63-4b5c-a39b-1a9bd2c06f8a req-108edcb8-7a63-4b5c-a39b-1a9bd2c06f8a ] Request (FlavorsV2TestJSON:test_list_flavors_filter_by_min_ram): 200 GET http://10.180.1.21/compute/v2.1/flavors?minRam=193 1.554s
2025-12-01 18:55:30.612 64780 INFO tempest.lib.common.rest_client [req-719e47f1-c4c4-4816-9600-d00eb7605600 req-719e47f1-c4c4-4816-9600-d00eb7605600 ] Request (ImagesOneServerTestJSON:tearDownClass): 204 DELETE http://10.180.1.21/networking/v2.0/routers/92b3d652-8acf-453a-a25f-7cc023678fe1 0.572s
2025-12-01 18:55:30.739 64798 INFO tempest.lib.common.rest_client [req-d9abae83-f524-40c8-9d81-ba48e31e24f0 req-d9abae83-f524-40c8-9d81-ba48e31e24f0 ] Request (SecurityGroupRulesNegativeTestJSON:test_create_security_group_rule_duplicate): 400 POST http://10.180.1.21/compute/v2.1/os-security-group-rules 1.767s
2025-12-01 18:55:30.938 64780 INFO tempest.lib.common.rest_client [req-b3572ef7-fc93-48fd-a35e-6b9b649521c5 req-b3572ef7-fc93-48fd-a35e-6b9b649521c5 ] Request (ImagesOneServerTestJSON:tearDownClass): 204 DELETE http://10.180.1.21/networking/v2.0/subnets/eb1741d6-ca7f-47e3-b32a-098cac16957e 0.325s
2025-12-01 18:55:30.994 64736 INFO tempest.lib.common.rest_client [req-aa0745b8-e17a-4b09-9404-3c2e7204d1d7 req-aa0745b8-e17a-4b09-9404-3c2e7204d1d7 ] Request (ServerRescueTestJSON:setUpClass): 201 POST http://10.180.1.21/networking/v2.0/routers 0.907s
2025-12-01 18:55:31.595 64740 WARNING tempest.lib.common.ssh [-] Failed to establish authenticated ssh connection to cirros@10.180.180.239 ([Errno None] Unable to connect to port 22 on 10.180.180.239). Number attempts: 8. Retry after 9 seconds.: paramiko.ssh_exception.NoValidConnectionsError: [Errno None] Unable to connect to port 22 on 10.180.180.239
2025-12-01 18:55:31.741 64780 INFO tempest.lib.common.rest_client [req-534ab0a4-a503-421a-be8a-5f53d292bfa9 req-534ab0a4-a503-421a-be8a-5f53d292bfa9 ] Request (ImagesOneServerTestJSON:tearDownClass): 204 DELETE http://10.180.1.21/networking/v2.0/networks/81070bf1-7dda-4bbf-9cc3-cfdb7d231b9a 0.802s
2025-12-01 18:55:31.837 64780 INFO tempest.lib.common.rest_client [req-cc3bec03-2aaf-43f5-999b-c16c87bbb0b3 req-cc3bec03-2aaf-43f5-999b-c16c87bbb0b3 ] Request (ImagesOneServerTestJSON:tearDownClass): 204 DELETE http://10.180.1.21/identity/v3/users/7b5172be143d4f108e99673e6c499422 0.095s
2025-12-01 18:55:31.837 64780 INFO tempest.lib.common.dynamic_creds [-] Deleting project and security group for project: be02d9e086314963aa9a210e5d2f33a9
2025-12-01 18:55:31.867 64791 INFO tempest.lib.common.rest_client [req-6fe1cec9-5f65-4382-90b2-19a4ce193f04 req-6fe1cec9-5f65-4382-90b2-19a4ce193f04 ] Request (ServerActionsTestOtherB:test_create_backup): 200 GET http://10.180.1.21/compute/v2.1/servers/ed384538-e6f3-4ed9-9bb6-14fb8f5147b2 2.420s
2025-12-01 18:55:31.931 64766 WARNING tempest.lib.common.ssh [-] Failed to establish authenticated ssh connection to cirros@10.180.180.201 ([Errno None] Unable to connect to port 22 on 10.180.180.201). Number attempts: 4. Retry after 5 seconds.: paramiko.ssh_exception.NoValidConnectionsError: [Errno None] Unable to connect to port 22 on 10.180.180.201
2025-12-01 18:55:32.464 64736 INFO tempest.lib.common.rest_client [req-4ed94dec-4d8e-401c-a9b1-56079175d3f7 req-4ed94dec-4d8e-401c-a9b1-56079175d3f7 ] Request (ServerRescueTestJSON:setUpClass): 200 PUT http://10.180.1.21/networking/v2.0/routers/df4730e3-a918-4842-aeba-d1b8958b99b9/add_router_interface 1.470s
2025-12-01 18:55:32.465 64736 INFO tempest.lib.common.dynamic_creds [-] Created isolated network resources for: credentials: Credentials: {'domain_id': 'default', 'domain_name': 'Default', 'username': 'tempest-ServerRescueTestJSON-1473907419-project-member', 'project_domain_id': 'default', 'project_domain_name': 'Default', 'project_id': 'f329f842cdcc4fab8707b1b67be049af', 'project_name': 'tempest-ServerRescueTestJSON-1473907419', 'tenant_id': 'f329f842cdcc4fab8707b1b67be049af', 'tenant_name': 'tempest-ServerRescueTestJSON-1473907419', 'user_domain_id': 'default', 'user_domain_name': 'Default', 'user_id': '0446682caef044edbd0c2bdf9b8e9df6', 'system': None}, Network: {'id': '84c5fca9-6047-40c7-b922-5583a755c414', 'name': 'tempest-ServerRescueTestJSON-1982692640-network', 'tenant_id': 'f329f842cdcc4fab8707b1b67be049af', 'project_id': 'f329f842cdcc4fab8707b1b67be049af', 'admin_state_up': True, 'mtu': 8950, 'status': 'ACTIVE', 'subnets': [], 'shared': False, 'port_security_enabled': True, 'router:external': False, 'provider:network_type': 'vlan', 'provider:physical_network': 'default', 'provider:segmentation_id': 485, 'availability_zone_hints': [], 'availability_zones': [], 'ipv4_address_scope': None, 'ipv6_address_scope': None, 'description': '', 'tags': [], 'created_at': '2025-12-01T18:55:29Z', 'updated_at': '2025-12-01T18:55:29Z', 'revision_number': 1}, Subnet: {'id': '71f6ec29-5718-4991-8374-93f2428dbf1a', 'name': 'tempest-ServerRescueTestJSON-1982692640-subnet', 'tenant_id': 'f329f842cdcc4fab8707b1b67be049af', 'network_id': '84c5fca9-6047-40c7-b922-5583a755c414', 'ip_version': 4, 'subnetpool_id': None, 'enable_dhcp': False, 'ipv6_ra_mode': None, 'ipv6_address_mode': None, 'gateway_ip': '192.168.128.1', 'cidr': '192.168.128.0/28', 'allocation_pools': [{'start': '192.168.128.2', 'end': '192.168.128.14'}], 'host_routes': [], 'dns_nameservers': [], 'description': '', 'router:external': False, 'service_types': [], 'tags': [], 'created_at': '2025-12-01T18:55:29Z', 'updated_at': '2025-12-01T18:55:29Z', 'revision_number': 0, 'project_id': 'f329f842cdcc4fab8707b1b67be049af'}, Router: {'id': 'df4730e3-a918-4842-aeba-d1b8958b99b9', 'name': 'tempest-ServerRescueTestJSON-1982692640-router', 'tenant_id': 'f329f842cdcc4fab8707b1b67be049af', 'admin_state_up': True, 'status': 'ACTIVE', 'external_gateway_info': {'network_id': '4ba4387e-5866-4a52-9e36-04cd35a8d646', 'external_fixed_ips': [{'subnet_id': '1b5bde68-d820-4c6e-a146-aea9c29e7bf0', 'ip_address': '10.180.180.185'}], 'enable_snat': True}, 'description': '', 'availability_zones': [], 'distributed': False, 'ha': False, 'availability_zone_hints': [], 'routes': [], 'flavor_id': None, 'tags': [], 'created_at': '2025-12-01T18:55:30Z', 'updated_at': '2025-12-01T18:55:30Z', 'revision_number': 2, 'project_id': 'f329f842cdcc4fab8707b1b67be049af'}
2025-12-01 18:55:32.508 64792 INFO paramiko.transport [-] Connected (version 2.0, client dropbear_2020.81)
2025-12-01 18:55:32.555 64736 INFO tempest.lib.common.rest_client [req-ae7a2cd0-a3ad-4eba-bc49-654c687dff34 req-ae7a2cd0-a3ad-4eba-bc49-654c687dff34 ] Request (ServerRescueTestJSON:setUpClass): 201 POST http://10.180.1.21/identity/v3/auth/tokens 0.087s
2025-12-01 18:55:32.574 64792 INFO paramiko.transport [-] Authentication (publickey) successful!
2025-12-01 18:55:32.575 64792 INFO tempest.lib.common.ssh [-] ssh connection to cirros@10.180.180.226 successfully created
2025-12-01 18:55:32.581 64780 INFO tempest.lib.common.rest_client [req-ec88ec0f-006b-4cf8-85c9-59255d5360b2 req-ec88ec0f-006b-4cf8-85c9-59255d5360b2 ] Request (ImagesOneServerTestJSON:tearDownClass): 200 GET http://10.180.1.21/networking/v2.0/security-groups?tenant_id=be02d9e086314963aa9a210e5d2f33a9&name=default 0.744s
2025-12-01 18:55:32.590 64736 INFO tempest.lib.common.rest_client [req-644ce176-b5c2-4252-8bdd-5d9eae2cc903 req-644ce176-b5c2-4252-8bdd-5d9eae2cc903 ] Request (ServerRescueTestJSON:setUpClass): 201 POST http://10.180.1.21/identity/v3/auth/tokens 0.032s
2025-12-01 18:55:32.590 64736 INFO tempest.lib.common.fixed_network [-] (ServerRescueTestJSON:setUpClass) Found network {'id': '84c5fca9-6047-40c7-b922-5583a755c414', 'name': 'tempest-ServerRescueTestJSON-1982692640-network', 'tenant_id': 'f329f842cdcc4fab8707b1b67be049af', 'project_id': 'f329f842cdcc4fab8707b1b67be049af', 'admin_state_up': True, 'mtu': 8950, 'status': 'ACTIVE', 'subnets': [], 'shared': False, 'port_security_enabled': True, 'router:external': False, 'provider:network_type': 'vlan', 'provider:physical_network': 'default', 'provider:segmentation_id': 485, 'availability_zone_hints': [], 'availability_zones': [], 'ipv4_address_scope': None, 'ipv6_address_scope': None, 'description': '', 'tags': [], 'created_at': '2025-12-01T18:55:29Z', 'updated_at': '2025-12-01T18:55:29Z', 'revision_number': 1} available for tenant
2025-12-01 18:55:32.604 64754 INFO tempest.lib.common.rest_client [req-301183b1-d6ce-421c-8dc9-5652b60a0374 req-301183b1-d6ce-421c-8dc9-5652b60a0374 ] Request (VolumesAssistedSnapshotsTest:tearDownClass): 200 GET http://10.180.1.21/compute/v2.1/servers/ab5bc88b-33bc-4a71-8941-bae815891175 3.025s
2025-12-01 18:55:32.615 64768 INFO tempest.lib.common.rest_client [req-aa8ba09e-7c44-4706-9ef7-ac3dd01bc26f req-aa8ba09e-7c44-4706-9ef7-ac3dd01bc26f ] Request (ImagesTestJSON:test_create_image_from_suspended_server): 202 POST http://10.180.1.21/compute/v2.1/servers 3.966s
2025-12-01 18:55:32.745 64780 INFO tempest.lib.common.rest_client [req-224b3423-2155-441b-b982-6440eabc9b05 req-224b3423-2155-441b-b982-6440eabc9b05 ] Request (ImagesOneServerTestJSON:tearDownClass): 204 DELETE http://10.180.1.21/networking/v2.0/security-groups/0c5920a7-6d09-470b-a028-83f74460516b 0.163s
2025-12-01 18:55:32.770 64758 INFO tempest.lib.common.rest_client [req-1eb4cb8d-679e-451d-be96-4215814a13c9 req-1eb4cb8d-679e-451d-be96-4215814a13c9 ] Request (FloatingIPsAssociationTestJSON:tearDownClass): 200 GET http://10.180.1.21/compute/v2.1/servers/111efbc1-f012-4e44-b9bd-c3b2bd26c2ed 3.034s
2025-12-01 18:55:32.782 64786 INFO tempest.lib.common.rest_client [req-6b85907b-7b2d-43a3-9821-5e5b3a74c5c7 req-6b85907b-7b2d-43a3-9821-5e5b3a74c5c7 ] Request (ListServersNegativeTestJSON:setUpClass): 200 GET http://10.180.1.21/compute/v2.1/servers/967551b3-0b76-47a3-bd6c-f23e2f848d9e 2.905s
2025-12-01 18:55:32.790 64786 INFO tempest.common.waiters [-] State transition "ACTIVE/deleting" ==> "DELETED/None" after 4 second wait
2025-12-01 18:55:32.834 64746 INFO tempest.lib.common.rest_client [req-b1c209bb-b5ba-4aee-8812-0d31e6422f3f req-b1c209bb-b5ba-4aee-8812-0d31e6422f3f ] Request (MigrationsAdminTest:test_resize_server_revert_deleted_flavor): 200 GET http://10.180.1.21/compute/v2.1/servers/8f96bd33-d2e9-4490-a9be-736180b1823b 2.828s
2025-12-01 18:55:32.874 64780 INFO tempest.lib.common.rest_client [req-64ce7211-d231-4e02-8687-d6c1370db23d req-64ce7211-d231-4e02-8687-d6c1370db23d ] Request (ImagesOneServerTestJSON:tearDownClass): 204 DELETE http://10.180.1.21/identity/v3/projects/be02d9e086314963aa9a210e5d2f33a9 0.128s
2025-12-01 18:55:32.902 64742 INFO tempest.lib.common.rest_client [req-6e288812-3153-4b88-8c8a-3866dc0548f2 req-6e288812-3153-4b88-8c8a-3866dc0548f2 ] Request (ServersAdminNegativeTestJSON:setUpClass): 200 GET http://10.180.1.21/compute/v2.1/servers/bc69ece2-6ead-41f5-893b-f28e9a2fcd18 2.851s
2025-12-01 18:55:32.929 64738 INFO tempest.lib.common.rest_client [req-7d0cb420-4f50-4f9e-bc30-c8e9d831e3bd req-7d0cb420-4f50-4f9e-bc30-c8e9d831e3bd ] Request (ServerGroupTestJSON:test_create_server_with_scheduler_hint_group): 200 GET http://10.180.1.21/compute/v2.1/servers/f47f006a-7bd0-4f8f-b0b4-5afb32a8f84c 2.982s
2025-12-01 18:55:32.939 64738 INFO tempest.common.waiters [-] State transition "BUILD/None" ==> "BUILD/spawning" after 29 second wait
2025-12-01 18:55:32.942 64780 INFO tempest.lib.common.rest_client [req-1fa5e268-0bc7-402f-bffc-44869db050f4 req-1fa5e268-0bc7-402f-bffc-44869db050f4 ] Request (SecurityGroupsTestJSON:setUpClass): 201 POST http://10.180.1.21/identity/v3/auth/tokens 0.067s
2025-12-01 18:55:32.957 64778 INFO tempest.lib.common.rest_client [req-b51c5bc0-35f1-4422-b6ed-a91b5df3b6e2 req-b51c5bc0-35f1-4422-b6ed-a91b5df3b6e2 ] Request (VolumesAdminNegativeTest:tearDownClass): 404 GET http://10.180.1.21/compute/v2.1/servers/07be3411-5dcf-43da-9087-ae174d54a4e7 2.788s
2025-12-01 18:55:32.960 64776 INFO tempest.lib.common.rest_client [req-25d4e9d8-e6b8-4016-a606-c14e4a76969a req-25d4e9d8-e6b8-4016-a606-c14e4a76969a ] Request (ServersAdmin275Test:test_rebuild_update_server_275): 200 GET http://10.180.1.21/compute/v2.1/servers/2e8ecb4e-eb70-4e13-9bdf-f220ae70f4c3 2.852s
2025-12-01 18:55:32.991 64780 INFO tempest.lib.common.rest_client [req-b1e02b6c-3c25-4fc2-917a-fbefd42a8d5d req-b1e02b6c-3c25-4fc2-917a-fbefd42a8d5d ] Request (SecurityGroupsTestJSON:setUpClass): 201 POST http://10.180.1.21/identity/v3/auth/tokens 0.041s
2025-12-01 18:55:33.028 64780 INFO tempest.lib.common.rest_client [req-3e79b7f5-31e3-4d21-8c1f-9b6cd575e7d6 req-3e79b7f5-31e3-4d21-8c1f-9b6cd575e7d6 ] Request (SecurityGroupsTestJSON:setUpClass): 200 GET http://10.180.1.21/identity/v3/domains?name=Default 0.036s
2025-12-01 18:55:33.079 64780 INFO tempest.lib.common.rest_client [req-74e35f8f-900b-40b8-b95b-b60d454c6496 req-74e35f8f-900b-40b8-b95b-b60d454c6496 ] Request (SecurityGroupsTestJSON:setUpClass): 201 POST http://10.180.1.21/identity/v3/projects 0.050s
2025-12-01 18:55:33.184 64780 INFO tempest.lib.common.rest_client [req-51a5961e-b727-4cab-8b25-379eb8cb80eb req-51a5961e-b727-4cab-8b25-379eb8cb80eb ] Request (SecurityGroupsTestJSON:setUpClass): 201 POST http://10.180.1.21/identity/v3/users 0.105s
2025-12-01 18:55:33.206 64780 INFO tempest.lib.common.rest_client [req-69198b23-2d30-4205-aa27-659b94cd1753 req-69198b23-2d30-4205-aa27-659b94cd1753 ] Request (SecurityGroupsTestJSON:setUpClass): 200 GET http://10.180.1.21/identity/v3/roles 0.021s
2025-12-01 18:55:33.243 64780 INFO tempest.lib.common.rest_client [req-6e68d918-d26f-4b6f-b06a-19ff281fb92c req-6e68d918-d26f-4b6f-b06a-19ff281fb92c ] Request (SecurityGroupsTestJSON:setUpClass): 204 PUT http://10.180.1.21/identity/v3/projects/78640f587d4d4d3786970da06bee62c8/users/16ad0c5c7cee4634a643941cb5561469/roles/a2ba9472b8c046379d2d904e41010264 0.037s
2025-12-01 18:55:33.243 64780 INFO tempest.lib.common.dynamic_creds [-] Dynamic test user 16ad0c5c7cee4634a643941cb5561469 is created with scope project and roles: ['member']
2025-12-01 18:55:33.243 64780 INFO tempest.lib.common.dynamic_creds [-] Acquired dynamic creds: credentials: Credentials: {'domain_id': 'default', 'domain_name': 'Default', 'username': 'tempest-SecurityGroupsTestJSON-1311399029-project-member', 'project_domain_id': 'default', 'project_domain_name': 'Default', 'project_id': '78640f587d4d4d3786970da06bee62c8', 'project_name': 'tempest-SecurityGroupsTestJSON-1311399029', 'tenant_id': '78640f587d4d4d3786970da06bee62c8', 'tenant_name': 'tempest-SecurityGroupsTestJSON-1311399029', 'user_domain_id': 'default', 'user_domain_name': 'Default', 'user_id': '16ad0c5c7cee4634a643941cb5561469', 'system': None}, Network: None, Subnet: None, Router: None
2025-12-01 18:55:33.327 64780 INFO tempest.lib.common.rest_client [req-30563545-0889-4b72-84fe-1fd4f3a7e83c req-30563545-0889-4b72-84fe-1fd4f3a7e83c ] Request (SecurityGroupsTestJSON:setUpClass): 201 POST http://10.180.1.21/identity/v3/auth/tokens 0.084s
2025-12-01 18:55:33.574 64796 INFO tempest.lib.common.rest_client [req-8d0c6989-039b-442b-b9c2-c046474e8383 req-8d0c6989-039b-442b-b9c2-c046474e8383 ] Request (FloatingIPsAssociationNegativeTestJSON:setUpClass): 200 GET http://10.180.1.21/compute/v2.1/servers/437c4068-494c-44d3-9a92-f8d5fdefdbc6 3.379s
2025-12-01 18:55:33.590 64795 INFO tempest.lib.common.rest_client [req-b15af2b9-129e-4849-8e37-78a3040b69f8 req-b15af2b9-129e-4849-8e37-78a3040b69f8 ] Request (ImagesOneServerNegativeTestJSON:setUpClass): 200 GET http://10.180.1.21/compute/v2.1/servers/85746ca9-34a0-4cd0-828b-8ec975fb8293 3.337s
2025-12-01 18:55:33.739 64778 INFO tempest.lib.common.rest_client [req-6c9c8120-2793-4f10-8ec7-f3e48ff43259 req-6c9c8120-2793-4f10-8ec7-f3e48ff43259 ] Request (VolumesAdminNegativeTest:tearDownClass): 200 PUT http://10.180.1.21/networking/v2.0/routers/ba323d1a-3d1d-4460-8494-d42b59509e17/remove_router_interface 0.781s
