2025-12-01 18:56:13.867 64756 INFO tempest.lib.common.rest_client [req-6b83ad7c-b2de-47ff-ac49-c0c6e99a3070 req-6b83ad7c-b2de-47ff-ac49-c0c6e99a3070 ] Request (AttachInterfacesUnderV243Test:test_add_remove_fixed_ip): 200 GET http://10.180.1.21/compute/v2.1/servers/d7d61141-1419-43a7-9912-83ac461d1064/ips 0.464s
2025-12-01 18:56:13.932 64776 INFO tempest.lib.common.rest_client [req-362ed954-9ba7-4ffc-85be-1272e489413d req-362ed954-9ba7-4ffc-85be-1272e489413d ] Request (ServersAdmin275Test:_run_cleanups): 200 GET http://10.180.1.21/compute/v2.1/servers/2e8ecb4e-eb70-4e13-9bdf-f220ae70f4c3 0.606s
2025-12-01 18:56:13.958 64796 INFO tempest.lib.common.rest_client [req-4716a3bc-6e0c-4ac5-b688-7ffa0b7db95e req-4716a3bc-6e0c-4ac5-b688-7ffa0b7db95e ] Request (FloatingIPsAssociationNegativeTestJSON:tearDownClass): 204 DELETE http://10.180.1.21/compute/v2.1/servers/437c4068-494c-44d3-9a92-f8d5fdefdbc6 0.553s
2025-12-01 18:56:14.106 64788 INFO tempest.lib.common.rest_client [req-50ea3b04-e5b9-4662-8ad5-59780dc6385f req-50ea3b04-e5b9-4662-8ad5-59780dc6385f ] Request (ListServerFiltersTestJSON:setUpClass): 200 GET http://10.180.1.21/compute/v2.1/servers/52cf5026-963f-4ea1-af18-85cd865c7e75 0.683s
2025-12-01 18:56:14.145 64791 INFO tempest.lib.common.rest_client [req-35201332-c3a8-46a9-9f7e-a23dfc87a0e0 req-35201332-c3a8-46a9-9f7e-a23dfc87a0e0 ] Request (ServerActionsTestOtherB:test_resize_server_confirm_from_stopped): 200 GET http://10.180.1.21/compute/v2.1/servers/ed384538-e6f3-4ed9-9bb6-14fb8f5147b2 0.557s
2025-12-01 18:56:14.304 64736 INFO tempest.lib.common.rest_client [req-0d5bd34f-afd4-4e24-ae6f-4ca5de7b8c54 req-0d5bd34f-afd4-4e24-ae6f-4ca5de7b8c54 ] Request (ServerRescueTestJSON:setUpClass): 200 GET http://10.180.1.21/compute/v2.1/servers/9c4fa3c9-d2a9-41a2-89ff-81430aeac94c 0.632s
2025-12-01 18:56:14.334 64738 INFO tempest.lib.common.rest_client [req-d5ef2178-df9e-4508-b7e7-f9871085341a req-d5ef2178-df9e-4508-b7e7-f9871085341a ] Request (ServerGroupTestJSON:test_show_server_group): 200 GET http://10.180.1.21/compute/v2.1/os-server-groups/0f82ed6f-e6e7-48a9-b09d-5844c8dce8df 0.654s
2025-12-01 18:56:14.339 64744 INFO tempest.lib.common.rest_client [req-883abb1b-3702-4384-b0c1-d7faf4a7855f req-883abb1b-3702-4384-b0c1-d7faf4a7855f ] Request (ServerDiskConfigTestJSON:test_rebuild_server_with_auto_disk_config): 200 GET http://10.180.1.21/compute/v2.1/servers/e98b760f-bc09-4945-b02d-51419e61efba 0.731s
2025-12-01 18:56:14.428 64786 INFO tempest.lib.common.rest_client [req-595af323-289d-47d9-a106-ae3b43172e54 req-595af323-289d-47d9-a106-ae3b43172e54 ] Request (ListServersNegativeTestJSON:tearDownClass): 204 DELETE http://10.180.1.21/compute/v2.1/servers/ac98ee9a-8206-4af4-9bb2-3053d05d7084 0.685s
2025-12-01 18:56:14.517 64768 INFO tempest.lib.common.rest_client [req-97ec3e78-0e41-4258-8c4d-c75bd8ba708f req-97ec3e78-0e41-4258-8c4d-c75bd8ba708f ] Request (ImagesTestJSON:test_create_image_from_suspended_server): 200 GET http://10.180.1.21/compute/v2.1/servers/08fa6aff-537f-458a-8a9b-38de46479a51 0.805s
2025-12-01 18:56:14.532 64748 INFO tempest.lib.common.rest_client [req-82b06121-777c-4b7a-8042-c186d47e8044 req-82b06121-777c-4b7a-8042-c186d47e8044 ] Request (ServerActionsTestOtherA:_run_cleanups): 200 GET http://10.180.1.21/compute/v2.1/servers/39149c00-cbbf-4966-bdd3-80ff744c93bb 0.772s
2025-12-01 18:56:14.577 64762 INFO tempest.lib.common.rest_client [req-20d4195a-afbf-4370-ad3f-63e42f9e0683 req-20d4195a-afbf-4370-ad3f-63e42f9e0683 ] Request (ServersAaction247Test:test_create_backup): 200 GET http://10.180.1.21/compute/v2.1/servers/6115bfde-55ec-4f2b-9024-8ce2b46ffe1e 0.792s
2025-12-01 18:56:14.590 64798 INFO tempest.lib.common.rest_client [req-a510bf6b-1d81-4d8d-9bd4-cabaf55f32e1 req-a510bf6b-1d81-4d8d-9bd4-cabaf55f32e1 ] Request (ServersTestMultiNic:test_verify_duplicate_network_nics): 200 GET http://10.180.1.21/compute/v2.1/servers/bdb5bb33-3fe4-4e03-b958-a7c2c8953715 0.752s
2025-12-01 18:56:14.612 64782 INFO tempest.lib.common.rest_client [req-41f4febf-08a2-4871-b5ae-f395c1afac4d req-41f4febf-08a2-4871-b5ae-f395c1afac4d ] Request (ServersAdminTestJSON:test_list_servers_by_admin_with_specified_tenant): 200 GET http://10.180.1.21/compute/v2.1/servers/detail?tenant_id=39e0400deb14487bb01dafce8a00fa4d 0.775s
2025-12-01 18:56:14.666 64758 INFO tempest.lib.common.rest_client [req-f2107780-d31b-4d5c-ad4b-16ad21021db7 req-f2107780-d31b-4d5c-ad4b-16ad21021db7 ] Request (ServersTestFqdnHostnames:test_create_server_with_fqdn_name): 200 GET http://10.180.1.21/compute/v2.1/servers/2dc1477a-f9b0-47a8-bfb3-59c47c7f08b7 0.805s
2025-12-01 18:56:14.687 64795 INFO tempest.lib.common.rest_client [req-ee4bae61-501f-4433-b425-2dd77468734f req-ee4bae61-501f-4433-b425-2dd77468734f ] Request (ImagesOneServerNegativeTestJSON:test_create_second_image_when_first_image_is_being_saved): 204 DELETE http://10.180.1.21/compute/v2.1/images/fbff0599-ea1b-4372-b454-b48e115261d1 0.847s
2025-12-01 18:56:14.716 64780 INFO tempest.lib.common.rest_client [req-f269adbe-ce99-4175-8313-b0e921731b2d req-f269adbe-ce99-4175-8313-b0e921731b2d ] Request (SecurityGroupsTestJSON:test_list_security_groups_by_server): 200 GET http://10.180.1.21/compute/v2.1/servers/a0a2c044-2e11-4b1e-bc43-826a1d1449eb 0.795s
2025-12-01 18:56:14.732 64738 INFO tempest.lib.common.rest_client [req-4ab1511d-002b-4ce1-8aef-7b4207137d7a req-4ab1511d-002b-4ce1-8aef-7b4207137d7a ] Request (ServerGroupTestJSON:tearDownClass): 404 DELETE http://10.180.1.21/compute/v2.1/servers/f47f006a-7bd0-4f8f-b0b4-5afb32a8f84c 0.395s
2025-12-01 18:56:14.855 64792 WARNING tempest.lib.common.ssh [-] Failed to establish authenticated ssh connection to cirros@10.180.180.226 ([Errno None] Unable to connect to port 22 on 10.180.180.226). Number attempts: 1. Retry after 2 seconds.: paramiko.ssh_exception.NoValidConnectionsError: [Errno None] Unable to connect to port 22 on 10.180.180.226
2025-12-01 18:56:14.857 64742 INFO tempest.lib.common.rest_client [req-4ec1c165-ce6a-4e58-9ff6-659e12a2b423 req-4ec1c165-ce6a-4e58-9ff6-659e12a2b423 ] Request (ServersAdminNegativeTestJSON:test_migrate_server_invalid_state): 200 GET http://10.180.1.21/compute/v2.1/servers/793297f9-faee-4761-8485-31f74ea451c2 0.481s
2025-12-01 18:56:14.885 64786 INFO tempest.lib.common.rest_client [req-59c5c4d2-eb82-4104-892f-1d2e2356f8da req-59c5c4d2-eb82-4104-892f-1d2e2356f8da ] Request (ListServersNegativeTestJSON:tearDownClass): 404 DELETE http://10.180.1.21/compute/v2.1/servers/967551b3-0b76-47a3-bd6c-f23e2f848d9e 0.456s
2025-12-01 18:56:14.897 64796 INFO tempest.lib.common.rest_client [req-4bab1b9f-fb61-4d82-a604-6373287e539b req-4bab1b9f-fb61-4d82-a604-6373287e539b ] Request (FloatingIPsAssociationNegativeTestJSON:tearDownClass): 200 GET http://10.180.1.21/compute/v2.1/servers/437c4068-494c-44d3-9a92-f8d5fdefdbc6 0.938s
2025-12-01 18:56:14.990 64740 INFO tempest.lib.common.rest_client [req-d6eef4cc-8e22-4b7e-83d9-c50ed51495d7 req-d6eef4cc-8e22-4b7e-83d9-c50ed51495d7 ] Request (ServersTestManualDisk:tearDownClass): 200 GET http://10.180.1.21/compute/v2.1/servers/e8710206-f04e-4f96-91e6-f2812f888ece 0.408s
2025-12-01 18:56:15.042 64746 INFO tempest.lib.common.rest_client [req-8bf5b887-a682-43ab-a79b-d382070fa336 req-8bf5b887-a682-43ab-a79b-d382070fa336 ] Request (MigrationsAdminTest:test_resize_server_revert_deleted_flavor): 200 GET http://10.180.1.21/compute/v2.1/servers/8f96bd33-d2e9-4490-a9be-736180b1823b 0.524s
2025-12-01 18:56:15.109 64754 INFO tempest.lib.common.rest_client [req-20fdcb57-24ec-4320-8b96-66f24baf6475 req-20fdcb57-24ec-4320-8b96-66f24baf6475 ] Request (ServerTagsTestJSON:setUpClass): 200 GET http://10.180.1.21/compute/v2.1/servers/394f7af4-1fc8-425f-8e01-9166c05cda7e 0.458s
2025-12-01 18:56:15.184 64782 INFO tempest.lib.common.rest_client [req-70c6e8d2-cf08-492c-ab1b-a4d23a79eff1 req-70c6e8d2-cf08-492c-ab1b-a4d23a79eff1 ] Request (ServersAdminTestJSON:test_list_servers_by_admin_with_specified_tenant): 200 GET http://10.180.1.21/compute/v2.1/servers/detail?all_tenants=&tenant_id=39e0400deb14487bb01dafce8a00fa4d 0.559s
2025-12-01 18:56:15.215 64738 INFO tempest.lib.common.rest_client [req-3a2d8d61-f7d8-4707-ae3f-e6ef5ac983ed req-3a2d8d61-f7d8-4707-ae3f-e6ef5ac983ed ] Request (ServerGroupTestJSON:tearDownClass): 404 GET http://10.180.1.21/compute/v2.1/servers/f47f006a-7bd0-4f8f-b0b4-5afb32a8f84c 0.482s
2025-12-01 18:56:15.277 64778 INFO tempest.lib.common.rest_client [req-e68122b0-50fe-48a9-a421-2f813cf9bc96 req-e68122b0-50fe-48a9-a421-2f813cf9bc96 ] Request (AttachInterfacesTestJSON:test_create_list_show_delete_interfaces_by_fixed_ip): 200 GET http://10.180.1.21/compute/v2.1/servers/29575fb6-b9c5-4124-8e2c-649d41182cb6 0.470s
2025-12-01 18:56:15.291 64795 INFO tempest.lib.common.rest_client [req-8f57773a-8bdb-4938-b4f9-26255af9e2dc req-8f57773a-8bdb-4938-b4f9-26255af9e2dc ] Request (ImagesOneServerNegativeTestJSON:tearDown): 200 GET http://10.180.1.21/compute/v2.1/servers/85746ca9-34a0-4cd0-828b-8ec975fb8293 0.603s
2025-12-01 18:56:15.312 64756 INFO tempest.lib.common.rest_client [req-977e05ba-b97d-40c6-a903-fb446c391412 req-977e05ba-b97d-40c6-a903-fb446c391412 ] Request (AttachInterfacesUnderV243Test:test_add_remove_fixed_ip): 200 GET http://10.180.1.21/compute/v2.1/servers/d7d61141-1419-43a7-9912-83ac461d1064/ips 0.441s
2025-12-01 18:56:15.411 64786 INFO tempest.lib.common.rest_client [req-179fb6f4-a9c5-4dda-bafb-f5e1c5832cb2 req-179fb6f4-a9c5-4dda-bafb-f5e1c5832cb2 ] Request (ListServersNegativeTestJSON:tearDownClass): 204 DELETE http://10.180.1.21/compute/v2.1/servers/45b8252d-4242-40c4-89d4-d74c46f84708 0.526s
2025-12-01 18:56:15.439 64776 INFO tempest.lib.common.rest_client [req-2a28b151-1d27-46dd-a914-993b90141c5b req-2a28b151-1d27-46dd-a914-993b90141c5b ] Request (ServersAdmin275Test:_run_cleanups): 200 GET http://10.180.1.21/compute/v2.1/servers/2e8ecb4e-eb70-4e13-9bdf-f220ae70f4c3 0.495s
2025-12-01 18:56:15.590 64791 INFO tempest.lib.common.rest_client [req-ad4ae092-610e-4113-ab56-40eb85edd783 req-ad4ae092-610e-4113-ab56-40eb85edd783 ] Request (ServerActionsTestOtherB:test_resize_server_confirm_from_stopped): 200 GET http://10.180.1.21/compute/v2.1/servers/ed384538-e6f3-4ed9-9bb6-14fb8f5147b2 0.429s
2025-12-01 18:56:15.617 64788 INFO tempest.lib.common.rest_client [req-6bbc6d5e-1b23-4a54-8764-81f1dbcc55db req-6bbc6d5e-1b23-4a54-8764-81f1dbcc55db ] Request (ListServerFiltersTestJSON:setUpClass): 200 GET http://10.180.1.21/compute/v2.1/servers/52cf5026-963f-4ea1-af18-85cd865c7e75 0.502s
2025-12-01 18:56:15.624 64782 INFO tempest.lib.common.rest_client [req-b0738115-9037-41d1-b0fb-2a2dded21fa4 req-b0738115-9037-41d1-b0fb-2a2dded21fa4 ] Request (ServersAdminTestJSON:test_list_servers_by_admin_with_specified_tenant): 200 GET http://10.180.1.21/compute/v2.1/servers/detail?all_tenants=&tenant_id=2fdb3f08687941a29e93112666e15a66 0.425s
2025-12-01 18:56:15.626 64738 INFO tempest.lib.common.rest_client [req-46a429ac-0228-4e7f-acb7-7fe503e2636e req-46a429ac-0228-4e7f-acb7-7fe503e2636e ] Request (ServerGroupTestJSON:tearDownClass): 404 DELETE http://10.180.1.21/compute/v2.1/os-server-groups/f25d9797-e40f-404b-a4f0-bc1a5480d77e 0.411s
2025-12-01 18:56:15.678 64736 INFO tempest.lib.common.rest_client [req-018b21e0-482c-497f-b309-fe620b7ac16f req-018b21e0-482c-497f-b309-fe620b7ac16f ] Request (ServerRescueTestJSON:setUpClass): 200 GET http://10.180.1.21/compute/v2.1/servers/9c4fa3c9-d2a9-41a2-89ff-81430aeac94c 0.366s
2025-12-01 18:56:15.686 64736 INFO tempest.common.waiters [-] State transition "BUILD/None" ==> "BUILD/networking" after 36 second wait
2025-12-01 18:56:15.735 64744 INFO tempest.lib.common.rest_client [req-1c484bf2-a3e0-485f-bd3c-5528dba1c438 req-1c484bf2-a3e0-485f-bd3c-5528dba1c438 ] Request (ServerDiskConfigTestJSON:test_rebuild_server_with_auto_disk_config): 200 GET http://10.180.1.21/compute/v2.1/servers/e98b760f-bc09-4945-b02d-51419e61efba 0.374s
2025-12-01 18:56:15.824 64786 INFO tempest.lib.common.rest_client [req-0ce348cf-e667-467d-8e4d-ce1092d347ee req-0ce348cf-e667-467d-8e4d-ce1092d347ee ] Request (ListServersNegativeTestJSON:tearDownClass): 200 GET http://10.180.1.21/compute/v2.1/servers/ac98ee9a-8206-4af4-9bb2-3053d05d7084 0.412s
2025-12-01 18:56:15.837 64768 INFO tempest.lib.common.rest_client [req-6361b0cc-3838-42e9-8ca8-c7b8063255bb req-6361b0cc-3838-42e9-8ca8-c7b8063255bb ] Request (ImagesTestJSON:test_create_image_from_suspended_server): 200 GET http://10.180.1.21/compute/v2.1/servers/08fa6aff-537f-458a-8a9b-38de46479a51 0.306s
2025-12-01 18:56:15.886 64748 INFO tempest.lib.common.rest_client [req-38f58e63-8376-4d1a-a4ad-621395523142 req-38f58e63-8376-4d1a-a4ad-621395523142 ] Request (ServerActionsTestOtherA:_run_cleanups): 200 GET http://10.180.1.21/compute/v2.1/servers/39149c00-cbbf-4966-bdd3-80ff744c93bb 0.346s
2025-12-01 18:56:15.904 64762 INFO tempest.lib.common.rest_client [req-22c197e7-963a-4dcd-ab26-d35094ecc7bf req-22c197e7-963a-4dcd-ab26-d35094ecc7bf ] Request (ServersAaction247Test:test_create_backup): 200 GET http://10.180.1.21/compute/v2.1/servers/6115bfde-55ec-4f2b-9024-8ce2b46ffe1e 0.312s
2025-12-01 18:56:15.918 64738 INFO tempest.lib.common.rest_client [req-227ec02d-248c-491d-ad1d-931992d61479 req-227ec02d-248c-491d-ad1d-931992d61479 ] Request (ServerGroupTestJSON:tearDownClass): 404 DELETE http://10.180.1.21/compute/v2.1/os-server-groups/f77ab9cc-5aa0-42cc-8348-75154788f0db 0.291s
2025-12-01 18:56:15.925 64782 INFO tempest.lib.common.rest_client [req-3e37242f-46a1-4a97-a2f1-ad72b4c957f8 req-3e37242f-46a1-4a97-a2f1-ad72b4c957f8 ] Request (ServersAdminTestJSON:test_list_servers_detailed_filter_by_invalid_status): 200 GET http://10.180.1.21/compute/v2.1/servers/detail?status=invalid_status 0.292s
2025-12-01 18:56:15.953 64798 INFO tempest.lib.common.rest_client [req-1a4ff9cf-cc21-4d54-b3e3-2962bafccb96 req-1a4ff9cf-cc21-4d54-b3e3-2962bafccb96 ] Request (ServersTestMultiNic:test_verify_duplicate_network_nics): 200 GET http://10.180.1.21/compute/v2.1/servers/bdb5bb33-3fe4-4e03-b958-a7c2c8953715 0.354s
2025-12-01 18:56:15.981 64758 INFO tempest.lib.common.rest_client [req-15ccb77a-df82-4f49-9769-6609959ddc0a req-15ccb77a-df82-4f49-9769-6609959ddc0a ] Request (ServersTestFqdnHostnames:test_create_server_with_fqdn_name): 200 GET http://10.180.1.21/compute/v2.1/servers/2dc1477a-f9b0-47a8-bfb3-59c47c7f08b7 0.305s
2025-12-01 18:56:16.018 64780 INFO tempest.lib.common.rest_client [req-b215ccdd-6b6e-4b61-884e-8a1ccda8801a req-b215ccdd-6b6e-4b61-884e-8a1ccda8801a ] Request (SecurityGroupsTestJSON:test_list_security_groups_by_server): 200 GET http://10.180.1.21/compute/v2.1/servers/a0a2c044-2e11-4b1e-bc43-826a1d1449eb 0.295s
2025-12-01 18:56:16.039 64742 INFO tempest.lib.common.rest_client [req-e2d7c461-936b-4b34-95e2-0e01a4a0698b req-e2d7c461-936b-4b34-95e2-0e01a4a0698b ] Request (ServersAdminNegativeTestJSON:test_migrate_server_invalid_state): 200 GET http://10.180.1.21/compute/v2.1/servers/793297f9-faee-4761-8485-31f74ea451c2 0.167s
2025-12-01 18:56:16.050 64738 INFO tempest.lib.common.rest_client [req-b797abae-5134-4470-a33e-9530f3a30414 req-b797abae-5134-4470-a33e-9530f3a30414 ] Request (ServerGroupTestJSON:tearDownClass): 404 DELETE http://10.180.1.21/compute/v2.1/os-server-groups/d67ee099-7339-408c-82ff-183a459cc67e 0.132s
2025-12-01 18:56:16.154 64782 INFO tempest.lib.common.rest_client [req-b8247964-b6fe-4313-8274-3b0f9a1d7b87 req-b8247964-b6fe-4313-8274-3b0f9a1d7b87 ] Request (ServersAdminTestJSON:test_list_servers_filter_by_error_status): 202 POST http://10.180.1.21/compute/v2.1/servers/957abe8d-ffd1-4c5a-aa4b-75bb9f699a12/action 0.219s
2025-12-01 18:56:16.160 64796 INFO tempest.lib.common.rest_client [req-51b32fdf-3e48-45ac-a081-d93678d39eaf req-51b32fdf-3e48-45ac-a081-d93678d39eaf ] Request (FloatingIPsAssociationNegativeTestJSON:tearDownClass): 200 GET http://10.180.1.21/compute/v2.1/servers/437c4068-494c-44d3-9a92-f8d5fdefdbc6 0.254s
2025-12-01 18:56:16.175 64738 INFO tempest.lib.common.rest_client [req-fdfc29aa-947f-44c6-994b-9c41c6f4c055 req-fdfc29aa-947f-44c6-994b-9c41c6f4c055 ] Request (ServerGroupTestJSON:tearDownClass): 404 DELETE http://10.180.1.21/compute/v2.1/os-server-groups/c673d18b-97b3-4c6b-b977-50c6ab75c95c 0.124s
2025-12-01 18:56:16.338 64740 INFO tempest.lib.common.rest_client [req-5ee24702-e72c-4d77-91a8-cf0af6c4997f req-5ee24702-e72c-4d77-91a8-cf0af6c4997f ] Request (ServersTestManualDisk:tearDownClass): 200 GET http://10.180.1.21/compute/v2.1/servers/e8710206-f04e-4f96-91e6-f2812f888ece 0.336s
2025-12-01 18:56:16.529 64746 INFO tempest.lib.common.rest_client [req-cdac6e80-1771-4f59-a508-fedf01b9bc91 req-cdac6e80-1771-4f59-a508-fedf01b9bc91 ] Request (MigrationsAdminTest:test_resize_server_revert_deleted_flavor): 200 GET http://10.180.1.21/compute/v2.1/servers/8f96bd33-d2e9-4490-a9be-736180b1823b 0.478s
2025-12-01 18:56:16.646 64782 INFO tempest.lib.common.rest_client [req-5d06a010-adcb-4a0c-9c4a-c27275d31f18 req-5d06a010-adcb-4a0c-9c4a-c27275d31f18 ] Request (ServersAdminTestJSON:test_list_servers_filter_by_error_status): 200 GET http://10.180.1.21/compute/v2.1/servers?status=error 0.492s
2025-12-01 18:56:16.660 64754 INFO tempest.lib.common.rest_client [req-2eff763f-2b04-4383-b3a9-a43bbd2d2030 req-2eff763f-2b04-4383-b3a9-a43bbd2d2030 ] Request (ServerTagsTestJSON:setUpClass): 200 GET http://10.180.1.21/compute/v2.1/servers/394f7af4-1fc8-425f-8e01-9166c05cda7e 0.533s
2025-12-01 18:56:16.684 64738 INFO tempest.lib.common.rest_client [req-55daa65b-0457-4da9-98f0-a15fd28fc5e7 req-55daa65b-0457-4da9-98f0-a15fd28fc5e7 ] Request (ServerGroupTestJSON:tearDownClass): 204 DELETE http://10.180.1.21/compute/v2.1/os-server-groups/0f82ed6f-e6e7-48a9-b09d-5844c8dce8df 0.508s
2025-12-01 18:56:16.862 64766 WARNING tempest.lib.common.ssh [-] Failed to establish authenticated ssh connection to cirros@10.180.180.201 ([Errno None] Unable to connect to port 22 on 10.180.180.201). Number attempts: 4. Retry after 5 seconds.: paramiko.ssh_exception.NoValidConnectionsError: [Errno None] Unable to connect to port 22 on 10.180.180.201
2025-12-01 18:56:17.359 64792 WARNING tempest.lib.common.ssh [-] Failed to establish authenticated ssh connection to cirros@10.180.180.226 ([Errno None] Unable to connect to port 22 on 10.180.180.226). Number attempts: 2. Retry after 3 seconds.: paramiko.ssh_exception.NoValidConnectionsError: [Errno None] Unable to connect to port 22 on 10.180.180.226
2025-12-01 18:56:17.541 64772 WARNING tempest.lib.common.ssh [-] Failed to establish authenticated ssh connection to cirros@10.180.180.183 ([Errno None] Unable to connect to port 22 on 10.180.180.183). Number attempts: 11. Retry after 12 seconds.: paramiko.ssh_exception.NoValidConnectionsError: [Errno None] Unable to connect to port 22 on 10.180.180.183
2025-12-01 18:56:17.648 64738 INFO tempest.lib.common.rest_client [req-fd398ca2-cbc7-4f8c-a2e5-867b0ddfe91b req-fd398ca2-cbc7-4f8c-a2e5-867b0ddfe91b ] Request (ServerGroupTestJSON:tearDownClass): 200 PUT http://10.180.1.21/networking/v2.0/routers/4a6b5ba1-cf46-4d48-9fe4-b3cb0b8e94e6/remove_router_interface 0.964s
2025-12-01 18:56:17.674 64778 INFO tempest.lib.common.rest_client [req-d375e2f7-5581-4577-8039-c369f6c6063a req-d375e2f7-5581-4577-8039-c369f6c6063a ] Request (AttachInterfacesTestJSON:test_create_list_show_delete_interfaces_by_fixed_ip): 200 GET http://10.180.1.21/compute/v2.1/servers/29575fb6-b9c5-4124-8e2c-649d41182cb6 1.388s
2025-12-01 18:56:17.712 64756 INFO tempest.lib.common.rest_client [req-c5e7bcfb-fe4d-44a5-9db9-5da5e0164c02 req-c5e7bcfb-fe4d-44a5-9db9-5da5e0164c02 ] Request (AttachInterfacesUnderV243Test:test_add_remove_fixed_ip): 200 GET http://10.180.1.21/compute/v2.1/servers/d7d61141-1419-43a7-9912-83ac461d1064/ips 1.396s
2025-12-01 18:56:18.286 64738 INFO tempest.lib.common.rest_client [req-819044ad-3f79-4d3b-bc81-3cc7d561d838 req-819044ad-3f79-4d3b-bc81-3cc7d561d838 ] Request (ServerGroupTestJSON:tearDownClass): 204 DELETE http://10.180.1.21/networking/v2.0/routers/4a6b5ba1-cf46-4d48-9fe4-b3cb0b8e94e6 0.637s
2025-12-01 18:56:18.315 64776 INFO tempest.lib.common.rest_client [req-21a7e1c8-913e-450e-8c09-6380cc7cb4f5 req-21a7e1c8-913e-450e-8c09-6380cc7cb4f5 ] Request (ServersAdmin275Test:_run_cleanups): 200 GET http://10.180.1.21/compute/v2.1/servers/2e8ecb4e-eb70-4e13-9bdf-f220ae70f4c3 1.863s
2025-12-01 18:56:18.326 64776 INFO tempest.common.waiters [-] State transition "REBUILD/rebuilding" ==> "REBUILD/rebuild_spawning" after 5 second wait
2025-12-01 18:56:18.358 64795 INFO tempest.lib.common.rest_client [req-95bac5c4-f306-48a2-a148-780e91c70472 req-95bac5c4-f306-48a2-a148-780e91c70472 ] Request (ImagesOneServerNegativeTestJSON:tearDown): 200 GET http://10.180.1.21/compute/v2.1/servers/85746ca9-34a0-4cd0-828b-8ec975fb8293 2.056s
2025-12-01 18:56:18.370 64795 INFO tempest.common.waiters [-] State transition "ACTIVE/image_pending_upload" ==> "ACTIVE/image_uploading" after 3 second wait
2025-12-01 18:56:18.546 64738 INFO tempest.lib.common.rest_client [req-36a19639-c1b4-425b-a6ad-18fb8db5ff57 req-36a19639-c1b4-425b-a6ad-18fb8db5ff57 ] Request (ServerGroupTestJSON:tearDownClass): 204 DELETE http://10.180.1.21/networking/v2.0/subnets/09c4ea69-d783-47d6-b170-f1df9ba12873 0.259s
2025-12-01 18:56:18.676 64791 INFO tempest.lib.common.rest_client [req-7a0e2631-f4a1-4eca-854b-ed198aa5fd45 req-7a0e2631-f4a1-4eca-854b-ed198aa5fd45 ] Request (ServerActionsTestOtherB:test_resize_server_confirm_from_stopped): 200 GET http://10.180.1.21/compute/v2.1/servers/ed384538-e6f3-4ed9-9bb6-14fb8f5147b2 2.077s
2025-12-01 18:56:18.740 64788 INFO tempest.lib.common.rest_client [req-0681d803-afdb-4cb4-b676-20d28deb2232 req-0681d803-afdb-4cb4-b676-20d28deb2232 ] Request (ListServerFiltersTestJSON:setUpClass): 200 GET http://10.180.1.21/compute/v2.1/servers/52cf5026-963f-4ea1-af18-85cd865c7e75 2.115s
2025-12-01 18:56:18.744 64782 INFO tempest.lib.common.rest_client [req-f60eab4b-da1e-4766-b71b-3f213b506cf9 req-f60eab4b-da1e-4766-b71b-3f213b506cf9 ] Request (ServersAdminTestJSON:test_list_servers_filter_by_error_status): 202 POST http://10.180.1.21/compute/v2.1/servers/957abe8d-ffd1-4c5a-aa4b-75bb9f699a12/action 2.096s
2025-12-01 18:56:18.750 64788 INFO tempest.common.waiters [-] State transition "BUILD/spawning" ==> "ACTIVE/None" after 45 second wait
2025-12-01 18:56:18.896 64738 INFO tempest.lib.common.rest_client [req-0b8be7ab-b33c-4e8b-aa60-4455aaa0a934 req-0b8be7ab-b33c-4e8b-aa60-4455aaa0a934 ] Request (ServerGroupTestJSON:tearDownClass): 204 DELETE http://10.180.1.21/networking/v2.0/networks/67db61f9-c602-4619-85e7-cf3fcb89a965 0.350s
2025-12-01 18:56:18.941 64744 INFO tempest.lib.common.rest_client [req-4ca7916d-4263-4a88-88af-0cbc1bb64379 req-4ca7916d-4263-4a88-88af-0cbc1bb64379 ] Request (ServerDiskConfigTestJSON:test_rebuild_server_with_auto_disk_config): 200 GET http://10.180.1.21/compute/v2.1/servers/e98b760f-bc09-4945-b02d-51419e61efba 2.196s
2025-12-01 18:56:18.943 64736 INFO tempest.lib.common.rest_client [req-61d7b7ec-fb90-433e-81ba-ad08b4ed9e75 req-61d7b7ec-fb90-433e-81ba-ad08b4ed9e75 ] Request (ServerRescueTestJSON:setUpClass): 200 GET http://10.180.1.21/compute/v2.1/servers/9c4fa3c9-d2a9-41a2-89ff-81430aeac94c 2.255s
2025-12-01 18:56:18.951 64744 INFO tempest.common.waiters [-] State transition "BUILD/spawning" ==> "ACTIVE/None" after 49 second wait
2025-12-01 18:56:18.953 64736 INFO tempest.common.waiters [-] State transition "BUILD/networking" ==> "BUILD/spawning" after 39 second wait
2025-12-01 18:56:19.020 64738 INFO tempest.lib.common.rest_client [req-cd1005e4-f34b-4721-ad0d-ecf80824a546 req-cd1005e4-f34b-4721-ad0d-ecf80824a546 ] Request (ServerGroupTestJSON:tearDownClass): 204 DELETE http://10.180.1.21/identity/v3/users/3738dff60a514b76a72c5f813cb42ad4 0.124s
2025-12-01 18:56:19.021 64738 INFO tempest.lib.common.dynamic_creds [-] Deleting project and security group for project: f60659c4c43f4bc6a61e56fb6c8df9bf
2025-12-01 18:56:19.023 64786 INFO tempest.lib.common.rest_client [req-4c0205ea-40b5-4086-94b5-f669050da81d req-4c0205ea-40b5-4086-94b5-f669050da81d ] Request (ListServersNegativeTestJSON:tearDownClass): 200 GET http://10.180.1.21/compute/v2.1/servers/ac98ee9a-8206-4af4-9bb2-3053d05d7084 2.188s
2025-12-01 18:56:19.033 64786 INFO tempest.common.waiters [-] State transition "ACTIVE/deleting" ==> "DELETED/None" after 4 second wait
2025-12-01 18:56:19.064 64738 INFO tempest.lib.common.rest_client [req-deac12f8-8401-4e15-b5fe-8923775e2468 req-deac12f8-8401-4e15-b5fe-8923775e2468 ] Request (ServerGroupTestJSON:tearDownClass): 200 GET http://10.180.1.21/networking/v2.0/security-groups?tenant_id=f60659c4c43f4bc6a61e56fb6c8df9bf&name=default 0.043s
2025-12-01 18:56:19.123 64748 INFO tempest.lib.common.rest_client [req-eda08466-5fb4-4654-a423-cd0dcd469a9f req-eda08466-5fb4-4654-a423-cd0dcd469a9f ] Request (ServerActionsTestOtherA:_run_cleanups): 200 GET http://10.180.1.21/compute/v2.1/servers/39149c00-cbbf-4966-bdd3-80ff744c93bb 2.223s
2025-12-01 18:56:19.151 64768 INFO tempest.lib.common.rest_client [req-525cff9b-3140-4964-a92e-f54763a4e574 req-525cff9b-3140-4964-a92e-f54763a4e574 ] Request (ImagesTestJSON:test_create_image_from_suspended_server): 200 GET http://10.180.1.21/compute/v2.1/servers/08fa6aff-537f-458a-8a9b-38de46479a51 2.305s
2025-12-01 18:56:19.209 64762 INFO tempest.lib.common.rest_client [req-9b7b5806-b688-4705-b672-d497b3c3948c req-9b7b5806-b688-4705-b672-d497b3c3948c ] Request (ServersAaction247Test:test_create_backup): 200 GET http://10.180.1.21/compute/v2.1/servers/6115bfde-55ec-4f2b-9024-8ce2b46ffe1e 2.291s
2025-12-01 18:56:19.220 64738 INFO tempest.lib.common.rest_client [req-2ffddfb0-23e9-464f-86d5-f3f7abf0c20a req-2ffddfb0-23e9-464f-86d5-f3f7abf0c20a ] Request (ServerGroupTestJSON:tearDownClass): 204 DELETE http://10.180.1.21/networking/v2.0/security-groups/b0b6aa06-a7a4-4d8a-924e-371685ad64c8 0.155s
2025-12-01 18:56:19.233 64798 INFO tempest.lib.common.rest_client [req-08a6350b-b4ac-4b6c-94e7-bf5019b0b47d req-08a6350b-b4ac-4b6c-94e7-bf5019b0b47d ] Request (ServersTestMultiNic:test_verify_duplicate_network_nics): 200 GET http://10.180.1.21/compute/v2.1/servers/bdb5bb33-3fe4-4e03-b958-a7c2c8953715 2.264s
2025-12-01 18:56:19.242 64798 INFO tempest.common.waiters [-] State transition "BUILD/scheduling" ==> "BUILD/None" after 7 second wait
2025-12-01 18:56:19.288 64758 INFO tempest.lib.common.rest_client [req-aee83d2a-7b6e-4fab-9d92-f33f7a5bf3bf req-aee83d2a-7b6e-4fab-9d92-f33f7a5bf3bf ] Request (ServersTestFqdnHostnames:test_create_server_with_fqdn_name): 200 GET http://10.180.1.21/compute/v2.1/servers/2dc1477a-f9b0-47a8-bfb3-59c47c7f08b7 2.297s
2025-12-01 18:56:19.301 64780 INFO tempest.lib.common.rest_client [req-9c8e898c-242d-43be-bac9-b518a6c7aa8e req-9c8e898c-242d-43be-bac9-b518a6c7aa8e ] Request (SecurityGroupsTestJSON:test_list_security_groups_by_server): 200 GET http://10.180.1.21/compute/v2.1/servers/a0a2c044-2e11-4b1e-bc43-826a1d1449eb 2.271s
2025-12-01 18:56:19.346 64742 INFO tempest.lib.common.rest_client [req-07a1268c-94fc-4b6b-af9b-bd071b8363fd req-07a1268c-94fc-4b6b-af9b-bd071b8363fd ] Request (ServersAdminNegativeTestJSON:test_migrate_server_invalid_state): 200 GET http://10.180.1.21/compute/v2.1/servers/793297f9-faee-4761-8485-31f74ea451c2 2.292s
2025-12-01 18:56:19.360 64738 INFO tempest.lib.common.rest_client [req-7299455c-dac8-40a2-9746-497e01b323f2 req-7299455c-dac8-40a2-9746-497e01b323f2 ] Request (ServerGroupTestJSON:tearDownClass): 204 DELETE http://10.180.1.21/identity/v3/projects/f60659c4c43f4bc6a61e56fb6c8df9bf 0.139s
2025-12-01 18:56:19.380 64796 INFO tempest.lib.common.rest_client [req-82440571-c235-4595-9792-48150790a8a4 req-82440571-c235-4595-9792-48150790a8a4 ] Request (FloatingIPsAssociationNegativeTestJSON:tearDownClass): 200 GET http://10.180.1.21/compute/v2.1/servers/437c4068-494c-44d3-9a92-f8d5fdefdbc6 2.210s
2025-12-01 18:56:19.389 64796 INFO tempest.common.waiters [-] State transition "ACTIVE/deleting" ==> "DELETED/None" after 5 second wait
2025-12-01 18:56:19.410 64740 INFO tempest.lib.common.rest_client [req-c3759acb-196f-47ef-a716-335b6a8cc6b5 req-c3759acb-196f-47ef-a716-335b6a8cc6b5 ] Request (ServersTestManualDisk:tearDownClass): 404 GET http://10.180.1.21/compute/v2.1/servers/e8710206-f04e-4f96-91e6-f2812f888ece 2.062s
2025-12-01 18:56:19.456 64738 INFO tempest.lib.common.rest_client [req-b2c17a30-c042-4572-8ec1-992b1fcbd569 req-b2c17a30-c042-4572-8ec1-992b1fcbd569 ] Request (ServerShowV247Test:setUpClass): 201 POST http://10.180.1.21/identity/v3/auth/tokens 0.095s
2025-12-01 18:56:19.484 64754 INFO tempest.lib.common.rest_client [req-46cb36c7-ea15-49ea-8531-d5710255f329 req-46cb36c7-ea15-49ea-8531-d5710255f329 ] Request (ServerTagsTestJSON:setUpClass): 200 GET http://10.180.1.21/compute/v2.1/servers/394f7af4-1fc8-425f-8e01-9166c05cda7e 1.810s
2025-12-01 18:56:19.506 64738 INFO tempest.lib.common.rest_client [req-4854a039-f92e-409c-adcd-77d137f65d64 req-4854a039-f92e-409c-adcd-77d137f65d64 ] Request (ServerShowV247Test:setUpClass): 201 POST http://10.180.1.21/identity/v3/auth/tokens 0.047s
2025-12-01 18:56:19.549 64738 INFO tempest.lib.common.rest_client [req-bc30d358-e5e1-412d-8985-36c57646f620 req-bc30d358-e5e1-412d-8985-36c57646f620 ] Request (ServerShowV247Test:setUpClass): 200 GET http://10.180.1.21/identity/v3/domains?name=Default 0.043s
2025-12-01 18:56:19.585 64738 INFO tempest.lib.common.rest_client [req-d200c092-d036-4cd5-9855-669c2b3d04bb req-d200c092-d036-4cd5-9855-669c2b3d04bb ] Request (ServerShowV247Test:setUpClass): 201 POST http://10.180.1.21/identity/v3/projects 0.036s
2025-12-01 18:56:19.592 64746 INFO tempest.lib.common.rest_client [req-83dd093f-e9b8-4865-acfb-656f9e27d99e req-83dd093f-e9b8-4865-acfb-656f9e27d99e ] Request (MigrationsAdminTest:test_resize_server_revert_deleted_flavor): 200 GET http://10.180.1.21/compute/v2.1/servers/8f96bd33-d2e9-4490-a9be-736180b1823b 2.051s
2025-12-01 18:56:19.665 64756 INFO tempest.lib.common.rest_client [req-dcd83468-358a-4bf4-8fe1-65cfb8c8aa64 req-dcd83468-358a-4bf4-8fe1-65cfb8c8aa64 ] Request (AttachInterfacesUnderV243Test:test_add_remove_fixed_ip): 200 GET http://10.180.1.21/compute/v2.1/servers/d7d61141-1419-43a7-9912-83ac461d1064 1.951s
2025-12-01 18:56:19.680 64778 INFO tempest.lib.common.rest_client [req-c25e9db7-7c05-4965-8429-27aba4ecd94d req-c25e9db7-7c05-4965-8429-27aba4ecd94d ] Request (AttachInterfacesTestJSON:test_create_list_show_delete_interfaces_by_fixed_ip): 200 GET http://10.180.1.21/compute/v2.1/servers/29575fb6-b9c5-4124-8e2c-649d41182cb6 0.995s
2025-12-01 18:56:19.701 64738 INFO tempest.lib.common.rest_client [req-52fa3cef-310e-43c7-a561-b45d61168a37 req-52fa3cef-310e-43c7-a561-b45d61168a37 ] Request (ServerShowV247Test:setUpClass): 201 POST http://10.180.1.21/identity/v3/users 0.115s
2025-12-01 18:56:19.729 64738 INFO tempest.lib.common.rest_client [req-dce3de56-ae20-4007-8794-7e63161b5729 req-dce3de56-ae20-4007-8794-7e63161b5729 ] Request (ServerShowV247Test:setUpClass): 200 GET http://10.180.1.21/identity/v3/roles 0.027s
2025-12-01 18:56:19.766 64738 INFO tempest.lib.common.rest_client [req-acdd0ed0-bb6b-4cb3-86a4-89ef86c2cf6a req-acdd0ed0-bb6b-4cb3-86a4-89ef86c2cf6a ] Request (ServerShowV247Test:setUpClass): 204 PUT http://10.180.1.21/identity/v3/projects/565cce6ec0a3418f87457bb14b41c7bf/users/8d88aef94d774394afa326c07f5ca1b2/roles/a2ba9472b8c046379d2d904e41010264 0.036s
2025-12-01 18:56:19.766 64738 INFO tempest.lib.common.dynamic_creds [-] Dynamic test user 8d88aef94d774394afa326c07f5ca1b2 is created with scope project and roles: ['member']
2025-12-01 18:56:19.766 64738 INFO tempest.lib.common.dynamic_creds [-] Acquired dynamic creds: credentials: Credentials: {'domain_id': 'default', 'domain_name': 'Default', 'username': 'tempest-ServerShowV247Test-1615544527-project-member', 'project_domain_id': 'default', 'project_domain_name': 'Default', 'project_id': '565cce6ec0a3418f87457bb14b41c7bf', 'project_name': 'tempest-ServerShowV247Test-1615544527', 'tenant_id': '565cce6ec0a3418f87457bb14b41c7bf', 'tenant_name': 'tempest-ServerShowV247Test-1615544527', 'user_domain_id': 'default', 'user_domain_name': 'Default', 'user_id': '8d88aef94d774394afa326c07f5ca1b2', 'system': None}, Network: None, Subnet: None, Router: None
2025-12-01 18:56:19.767 64738 INFO tempest.lib.common.dynamic_creds [-] Created isolated network resources for: credentials: Credentials: {'domain_id': 'default', 'domain_name': 'Default', 'username': 'tempest-ServerShowV247Test-1615544527-project-member', 'project_domain_id': 'default', 'project_domain_name': 'Default', 'project_id': '565cce6ec0a3418f87457bb14b41c7bf', 'project_name': 'tempest-ServerShowV247Test-1615544527', 'tenant_id': '565cce6ec0a3418f87457bb14b41c7bf', 'tenant_name': 'tempest-ServerShowV247Test-1615544527', 'user_domain_id': 'default', 'user_domain_name': 'Default', 'user_id': '8d88aef94d774394afa326c07f5ca1b2', 'system': None}, Network: None, Subnet: None, Router: None
2025-12-01 18:56:19.791 64788 INFO tempest.lib.common.rest_client [req-f0d81e4c-aca2-42c3-85c8-b168c5712224 req-f0d81e4c-aca2-42c3-85c8-b168c5712224 ] Request (ListServerFiltersTestJSON:setUpClass): 200 GET http://10.180.1.21/compute/v2.1/servers/c64633ed-8ab7-44a7-b2ae-a833183fc921 1.040s
2025-12-01 18:56:19.819 64782 INFO tempest.lib.common.rest_client [req-686b2074-a45a-49ba-b504-f51b047c56da req-686b2074-a45a-49ba-b504-f51b047c56da ] Request (ServersAdminTestJSON:test_list_servers_filter_by_error_status): 200 GET http://10.180.1.21/compute/v2.1/servers/957abe8d-ffd1-4c5a-aa4b-75bb9f699a12 1.074s
2025-12-01 18:56:19.854 64738 INFO tempest.lib.common.rest_client [req-e16365e3-f1a8-4cd7-a724-9d500046c561 req-e16365e3-f1a8-4cd7-a724-9d500046c561 ] Request (ServerShowV247Test:setUpClass): 201 POST http://10.180.1.21/identity/v3/auth/tokens 0.084s
2025-12-01 18:56:19.873 64776 INFO tempest.lib.common.rest_client [req-e6524603-219d-49c7-88ed-1c36c077a3d5 req-e6524603-219d-49c7-88ed-1c36c077a3d5 ] Request (ServersAdmin275Test:_run_cleanups): 200 GET http://10.180.1.21/compute/v2.1/servers/2e8ecb4e-eb70-4e13-9bdf-f220ae70f4c3 0.546s
2025-12-01 18:56:19.900 64738 INFO tempest.lib.common.rest_client [req-652c8a43-3e71-4f4a-bac4-ce3577785500 req-652c8a43-3e71-4f4a-bac4-ce3577785500 ] Request (ServerShowV247Test:setUpClass): 200 GET http://10.180.1.21/identity/v3/projects/565cce6ec0a3418f87457bb14b41c7bf 0.045s
2025-12-01 18:56:19.900 64738 INFO tempest.lib.common.dynamic_creds [-] Using the existing project 565cce6ec0a3418f87457bb14b41c7bf for scope project and roles: ['reader']
2025-12-01 18:56:19.928 64738 INFO tempest.lib.common.rest_client [req-f6abdc12-2663-43f8-ba66-811e16670818 req-f6abdc12-2663-43f8-ba66-811e16670818 ] Request (ServerShowV247Test:setUpClass): 201 POST http://10.180.1.21/identity/v3/users 0.027s
2025-12-01 18:56:19.952 64738 INFO tempest.lib.common.rest_client [req-bcd45c50-6fc8-4e77-be15-16fb184867cb req-bcd45c50-6fc8-4e77-be15-16fb184867cb ] Request (ServerShowV247Test:setUpClass): 200 GET http://10.180.1.21/identity/v3/roles 0.023s
2025-12-01 18:56:19.955 64744 INFO tempest.lib.common.rest_client [req-5f6e0c42-ba67-4ef3-b443-d25eb9206a58 req-5f6e0c42-ba67-4ef3-b443-d25eb9206a58 ] Request (ServerDiskConfigTestJSON:test_rebuild_server_with_auto_disk_config): 200 GET http://10.180.1.21/compute/v2.1/servers/e98b760f-bc09-4945-b02d-51419e61efba 1.003s
2025-12-01 18:56:19.977 64740 INFO tempest.lib.common.rest_client [req-7fc4ba5f-3b8f-4a71-9403-2226856dc586 req-7fc4ba5f-3b8f-4a71-9403-2226856dc586 ] Request (ServersTestManualDisk:tearDownClass): 202 DELETE http://10.180.1.21/compute/v2.1/os-keypairs/tempest-keypair-1857380260 0.567s
2025-12-01 18:56:19.992 64795 INFO tempest.lib.common.rest_client [req-8b6936af-454c-462b-92b4-1beae6b0a280 req-8b6936af-454c-462b-92b4-1beae6b0a280 ] Request (ImagesOneServerNegativeTestJSON:tearDown): 200 GET http://10.180.1.21/compute/v2.1/servers/85746ca9-34a0-4cd0-828b-8ec975fb8293 0.621s
2025-12-01 18:56:19.997 64738 INFO tempest.lib.common.rest_client [req-35536c0b-a4c0-456a-a013-11f57cf271da req-35536c0b-a4c0-456a-a013-11f57cf271da ] Request (ServerShowV247Test:setUpClass): 204 PUT http://10.180.1.21/identity/v3/projects/565cce6ec0a3418f87457bb14b41c7bf/users/747e1a91316d49e3bb5b0023737b0d03/roles/522eb7352c034ef0a09b12e210c3a078 0.045s
2025-12-01 18:56:19.998 64738 INFO tempest.lib.common.dynamic_creds [-] Dynamic test user 747e1a91316d49e3bb5b0023737b0d03 is created with scope project and roles: ['reader']
2025-12-01 18:56:19.998 64738 INFO tempest.lib.common.dynamic_creds [-] Acquired dynamic creds: credentials: Credentials: {'domain_id': 'default', 'domain_name': 'Default', 'username': 'tempest-ServerShowV247Test-1615544527-project-reader', 'project_domain_id': 'default', 'project_domain_name': 'Default', 'project_id': '565cce6ec0a3418f87457bb14b41c7bf', 'project_name': 'tempest-ServerShowV247Test-1615544527', 'tenant_id': '565cce6ec0a3418f87457bb14b41c7bf', 'tenant_name': 'tempest-ServerShowV247Test-1615544527', 'user_domain_id': 'default', 'user_domain_name': 'Default', 'user_id': '747e1a91316d49e3bb5b0023737b0d03', 'system': None}, Network: None, Subnet: None, Router: None
2025-12-01 18:56:19.998 64738 INFO tempest.lib.common.dynamic_creds [-] Network resources are not created for requested scope: project and credentials: Credentials: {'domain_id': 'default', 'domain_name': 'Default', 'username': 'tempest-ServerShowV247Test-1615544527-project-reader', 'project_domain_id': 'default', 'project_domain_name': 'Default', 'project_id': '565cce6ec0a3418f87457bb14b41c7bf', 'project_name': 'tempest-ServerShowV247Test-1615544527', 'tenant_id': '565cce6ec0a3418f87457bb14b41c7bf', 'tenant_name': 'tempest-ServerShowV247Test-1615544527', 'user_domain_id': 'default', 'user_domain_name': 'Default', 'user_id': '747e1a91316d49e3bb5b0023737b0d03', 'system': None}, Network: None, Subnet: None, Router: None
2025-12-01 18:56:20.016 64756 INFO tempest.lib.common.rest_client [req-c917473c-b6bc-4f01-9f4a-3bc318d29598 req-c917473c-b6bc-4f01-9f4a-3bc318d29598 ] Request (AttachInterfacesUnderV243Test:test_add_remove_fixed_ip): 202 POST http://10.180.1.21/compute/v2.1/servers/d7d61141-1419-43a7-9912-83ac461d1064/action 0.340s
2025-12-01 18:56:20.087 64738 INFO tempest.lib.common.rest_client [req-bb98e899-00a6-4776-ad78-baf12cfebc94 req-bb98e899-00a6-4776-ad78-baf12cfebc94 ] Request (ServerShowV247Test:setUpClass): 201 POST http://10.180.1.21/identity/v3/auth/tokens 0.086s
2025-12-01 18:56:20.104 64740 INFO tempest.lib.common.rest_client [req-5ada9b6e-a930-4247-9fd8-cd9136bc3e08 req-5ada9b6e-a930-4247-9fd8-cd9136bc3e08 ] Request (ServersTestManualDisk:tearDownClass): 204 DELETE http://10.180.1.21/networking/v2.0/security-groups/73d2062b-115c-4062-a5db-4a2aba590cc6 0.125s
2025-12-01 18:56:20.116 64740 INFO tempest.lib.common.rest_client [req-d57d35aa-d903-41cd-99aa-358749c618cd req-d57d35aa-d903-41cd-99aa-358749c618cd ] Request (ServersTestManualDisk:tearDownClass): 404 GET http://10.180.1.21/networking/v2.0/security-groups/73d2062b-115c-4062-a5db-4a2aba590cc6 0.011s
2025-12-01 18:56:20.140 64791 INFO tempest.lib.common.rest_client [req-470cea78-eeab-42b0-85d3-2cf72c202bd1 req-470cea78-eeab-42b0-85d3-2cf72c202bd1 ] Request (ServerActionsTestOtherB:test_resize_server_confirm_from_stopped): 200 GET http://10.180.1.21/compute/v2.1/servers/ed384538-e6f3-4ed9-9bb6-14fb8f5147b2 0.454s
2025-12-01 18:56:20.155 64788 INFO tempest.lib.common.rest_client [req-c3c9be0e-8d1c-4b0f-a9f5-dd7cf1abecac req-c3c9be0e-8d1c-4b0f-a9f5-dd7cf1abecac ] Request (ListServerFiltersTestJSON:setUpClass): 200 GET http://10.180.1.21/compute/v2.1/servers/07ca7f56-fa99-46a1-8849-1671fde22a68 0.357s
2025-12-01 18:56:20.161 64738 INFO tempest.lib.common.rest_client [req-c1fe99d3-9bd4-42d4-a6e7-3d1edb3d6134 req-c1fe99d3-9bd4-42d4-a6e7-3d1edb3d6134 ] Request (ServerShowV247Test:test_show_server): 201 POST http://10.180.1.21/identity/v3/auth/tokens 0.069s
2025-12-01 18:56:20.161 64738 INFO tempest.lib.common.fixed_network [-] (ServerShowV247Test:test_show_server) Found network None available for tenant
2025-12-01 18:56:20.335 64782 INFO tempest.lib.common.rest_client [req-b9ccd907-8447-4f9e-bb9a-fa2a2769ed67 req-b9ccd907-8447-4f9e-bb9a-fa2a2769ed67 ] Request (ServersAdminTestJSON:test_list_servers_filter_by_exist_host): 200 GET http://10.180.1.21/compute/v2.1/servers/957abe8d-ffd1-4c5a-aa4b-75bb9f699a12 0.507s
2025-12-01 18:56:20.363 64736 INFO tempest.lib.common.rest_client [req-1edd04a6-e229-4785-a7c2-6acdbbbe4f52 req-1edd04a6-e229-4785-a7c2-6acdbbbe4f52 ] Request (ServerRescueTestJSON:setUpClass): 200 GET http://10.180.1.21/compute/v2.1/servers/9c4fa3c9-d2a9-41a2-89ff-81430aeac94c 0.409s
2025-12-01 18:56:20.390 64756 INFO tempest.lib.common.rest_client [req-ece9173e-607d-41e0-a84b-4d0e0df4a4f8 req-ece9173e-607d-41e0-a84b-4d0e0df4a4f8 ] Request (AttachInterfacesUnderV243Test:test_add_remove_fixed_ip): 200 GET http://10.180.1.21/compute/v2.1/servers/d7d61141-1419-43a7-9912-83ac461d1064/ips 0.373s
2025-12-01 18:56:20.404 64740 INFO tempest.lib.common.rest_client [req-00cc253b-3fd2-4b52-b87e-e2bf5ab45316 req-00cc253b-3fd2-4b52-b87e-e2bf5ab45316 ] Request (ServersTestManualDisk:tearDownClass): 204 DELETE http://10.180.1.21/networking/v2.0/floatingips/18d878ab-ea49-4400-9239-fc54e754b339 0.287s
2025-12-01 18:56:20.450 64786 INFO tempest.lib.common.rest_client [req-4b9a5d51-d0a1-4817-86da-f16455fceaa6 req-4b9a5d51-d0a1-4817-86da-f16455fceaa6 ] Request (ListServersNegativeTestJSON:tearDownClass): 200 GET http://10.180.1.21/compute/v2.1/servers/ac98ee9a-8206-4af4-9bb2-3053d05d7084 0.415s
2025-12-01 18:56:20.524 64744 INFO tempest.lib.common.rest_client [req-ac51d711-45a9-424c-85b2-ec2730a1d200 req-ac51d711-45a9-424c-85b2-ec2730a1d200 ] Request (ServerDiskConfigTestJSON:test_rebuild_server_with_auto_disk_config): 202 POST http://10.180.1.21/compute/v2.1/servers/e98b760f-bc09-4945-b02d-51419e61efba/action 0.562s
2025-12-01 18:56:20.525 64748 INFO tempest.lib.common.rest_client [req-2fd3bad5-b6e1-48b4-8575-89060538b0d3 req-2fd3bad5-b6e1-48b4-8575-89060538b0d3 ] Request (ServerActionsTestOtherA:_run_cleanups): 200 GET http://10.180.1.21/compute/v2.1/servers/39149c00-cbbf-4966-bdd3-80ff744c93bb 0.392s
2025-12-01 18:56:20.755 64738 INFO tempest.lib.common.rest_client [req-3420e2e4-aff0-41ef-ab0c-1b9dcaae95b0 req-3420e2e4-aff0-41ef-ab0c-1b9dcaae95b0 ] Request (ServerShowV247Test:test_show_server): 202 POST http://10.180.1.21/compute/v2.1/servers 0.593s
2025-12-01 18:56:20.863 64792 WARNING tempest.lib.common.ssh [-] Failed to establish authenticated ssh connection to cirros@10.180.180.226 ([Errno None] Unable to connect to port 22 on 10.180.180.226). Number attempts: 3. Retry after 4 seconds.: paramiko.ssh_exception.NoValidConnectionsError: [Errno None] Unable to connect to port 22 on 10.180.180.226
2025-12-01 18:56:21.074 64768 INFO tempest.lib.common.rest_client [req-cd94b3d3-57b5-4718-982c-e8da1787966d req-cd94b3d3-57b5-4718-982c-e8da1787966d ] Request (ImagesTestJSON:test_create_image_from_suspended_server): 200 GET http://10.180.1.21/compute/v2.1/servers/08fa6aff-537f-458a-8a9b-38de46479a51 0.911s
2025-12-01 18:56:21.166 64762 INFO tempest.lib.common.rest_client [req-229bcde4-1163-43bd-9754-c95f2341920b req-229bcde4-1163-43bd-9754-c95f2341920b ] Request (ServersAaction247Test:test_create_backup): 200 GET http://10.180.1.21/compute/v2.1/servers/6115bfde-55ec-4f2b-9024-8ce2b46ffe1e 0.944s
2025-12-01 18:56:21.182 64740 INFO tempest.lib.common.rest_client [req-82f0adc9-6568-49eb-8be2-1fd3d87774ce req-82f0adc9-6568-49eb-8be2-1fd3d87774ce ] Request (ServersTestManualDisk:tearDownClass): 200 PUT http://10.180.1.21/networking/v2.0/routers/3f084cbd-3a8c-4956-abac-e323a122957a/remove_router_interface 0.778s
2025-12-01 18:56:21.183 64788 INFO tempest.lib.common.rest_client [req-42b1454b-bb3f-43dc-99bf-8555cc6c9e6e req-42b1454b-bb3f-43dc-99bf-8555cc6c9e6e ] Request (ListServerFiltersTestJSON:test_list_servers_detailed_filter_by_flavor): 200 GET http://10.180.1.21/compute/v2.1/servers/detail?flavor=84 1.014s
2025-12-01 18:56:21.270 64798 INFO tempest.lib.common.rest_client [req-b38751b6-87f4-4eb6-9832-a04e852330c0 req-b38751b6-87f4-4eb6-9832-a04e852330c0 ] Request (ServersTestMultiNic:test_verify_duplicate_network_nics): 200 GET http://10.180.1.21/compute/v2.1/servers/bdb5bb33-3fe4-4e03-b958-a7c2c8953715 1.026s
2025-12-01 18:56:21.282 64758 INFO tempest.lib.common.rest_client [req-f130c6e6-3df3-4d9d-8fff-28a7e93c1709 req-f130c6e6-3df3-4d9d-8fff-28a7e93c1709 ] Request (ServersTestFqdnHostnames:test_create_server_with_fqdn_name): 200 GET http://10.180.1.21/compute/v2.1/servers/2dc1477a-f9b0-47a8-bfb3-59c47c7f08b7 0.981s
2025-12-01 18:56:21.421 64782 INFO tempest.lib.common.rest_client [req-5ac76373-d59f-4a9a-a9fe-9934adfd65ab req-5ac76373-d59f-4a9a-a9fe-9934adfd65ab ] Request (ServersAdminTestJSON:test_list_servers_filter_by_exist_host): 200 GET http://10.180.1.21/compute/v2.1/servers?host=cpu-1&all_tenants=1 1.078s
2025-12-01 18:56:21.609 64740 INFO tempest.lib.common.rest_client [req-46628b29-4499-4d42-b258-52f68d4ece63 req-46628b29-4499-4d42-b258-52f68d4ece63 ] Request (ServersTestManualDisk:tearDownClass): 204 DELETE http://10.180.1.21/networking/v2.0/routers/3f084cbd-3a8c-4956-abac-e323a122957a 0.426s
2025-12-01 18:56:21.694 64742 INFO tempest.lib.common.rest_client [req-cdb80ee5-2eea-4911-9f47-229ad8f3d1bd req-cdb80ee5-2eea-4911-9f47-229ad8f3d1bd ] Request (ServersAdminNegativeTestJSON:test_migrate_server_invalid_state): 200 GET http://10.180.1.21/compute/v2.1/servers/793297f9-faee-4761-8485-31f74ea451c2 1.338s
2025-12-01 18:56:21.817 64740 INFO tempest.lib.common.rest_client [req-5457f348-a9f6-4e47-9b75-a68f7f61f6d5 req-5457f348-a9f6-4e47-9b75-a68f7f61f6d5 ] Request (ServersTestManualDisk:tearDownClass): 204 DELETE http://10.180.1.21/networking/v2.0/subnets/9eb2993e-f77f-4acb-b6e6-5e778440a40d 0.208s
2025-12-01 18:56:21.862 64780 INFO tempest.lib.common.rest_client [req-c5f2f307-16ba-4156-bfe1-ae3b1aeca26e req-c5f2f307-16ba-4156-bfe1-ae3b1aeca26e ] Request (SecurityGroupsTestJSON:test_list_security_groups_by_server): 200 GET http://10.180.1.21/compute/v2.1/servers/a0a2c044-2e11-4b1e-bc43-826a1d1449eb 1.552s
2025-12-01 18:56:21.869 64780 INFO tempest.common.waiters [-] State transition "BUILD/None" ==> "BUILD/networking" after 33 second wait
2025-12-01 18:56:21.912 64796 INFO tempest.lib.common.rest_client [req-a811710b-0cf8-48a7-84e7-faa377c49228 req-a811710b-0cf8-48a7-84e7-faa377c49228 ] Request (FloatingIPsAssociationNegativeTestJSON:tearDownClass): 200 GET http://10.180.1.21/compute/v2.1/servers/437c4068-494c-44d3-9a92-f8d5fdefdbc6 1.522s
2025-12-01 18:56:22.162 64740 INFO tempest.lib.common.rest_client [req-df6f4154-f226-4724-9317-e1cab77bbcad req-df6f4154-f226-4724-9317-e1cab77bbcad ] Request (ServersTestManualDisk:tearDownClass): 204 DELETE http://10.180.1.21/networking/v2.0/networks/9c626925-c670-4899-abc5-34fe74ddffe9 0.344s
2025-12-01 18:56:22.264 64754 INFO tempest.lib.common.rest_client [req-0673dec9-85a1-4f29-82fd-6f1feb148f47 req-0673dec9-85a1-4f29-82fd-6f1feb148f47 ] Request (ServerTagsTestJSON:setUpClass): 200 GET http://10.180.1.21/compute/v2.1/servers/394f7af4-1fc8-425f-8e01-9166c05cda7e 1.768s
2025-12-01 18:56:22.321 64740 INFO tempest.lib.common.rest_client [req-7482e7d5-594c-4308-8fb5-2b3e9cbf6f3d req-7482e7d5-594c-4308-8fb5-2b3e9cbf6f3d ] Request (ServersTestManualDisk:tearDownClass): 204 DELETE http://10.180.1.21/identity/v3/users/651ceac4e34049da92ef5e36dc68d01a 0.159s
2025-12-01 18:56:22.322 64740 INFO tempest.lib.common.dynamic_creds [-] Deleting project and security group for project: 2b7f790e92554be69ac32ee161927c76
2025-12-01 18:56:22.368 64766 WARNING tempest.lib.common.ssh [-] Failed to establish authenticated ssh connection to cirros@10.180.180.201 ([Errno None] Unable to connect to port 22 on 10.180.180.201). Number attempts: 5. Retry after 6 seconds.: paramiko.ssh_exception.NoValidConnectionsError: [Errno None] Unable to connect to port 22 on 10.180.180.201
2025-12-01 18:56:22.429 64740 INFO tempest.lib.common.rest_client [req-d76a79d3-6b9a-45ac-802f-552e48d31b00 req-d76a79d3-6b9a-45ac-802f-552e48d31b00 ] Request (ServersTestManualDisk:tearDownClass): 200 GET http://10.180.1.21/networking/v2.0/security-groups?tenant_id=2b7f790e92554be69ac32ee161927c76&name=default 0.107s
2025-12-01 18:56:22.461 64744 INFO tempest.lib.common.rest_client [req-6ae967d5-88dc-40d1-8e4f-cac6dc12e156 req-6ae967d5-88dc-40d1-8e4f-cac6dc12e156 ] Request (ServerDiskConfigTestJSON:test_rebuild_server_with_auto_disk_config): 200 GET http://10.180.1.21/compute/v2.1/servers/e98b760f-bc09-4945-b02d-51419e61efba 1.930s
2025-12-01 18:56:22.516 64746 INFO tempest.lib.common.rest_client [req-10ec9dad-b289-45a4-855f-8bfe7de9eb70 req-10ec9dad-b289-45a4-855f-8bfe7de9eb70 ] Request (MigrationsAdminTest:test_resize_server_revert_deleted_flavor): 200 GET http://10.180.1.21/compute/v2.1/servers/8f96bd33-d2e9-4490-a9be-736180b1823b 1.912s
2025-12-01 18:56:22.617 64740 INFO tempest.lib.common.rest_client [req-d1b84710-0315-4962-9f1e-d6294ca3ca28 req-d1b84710-0315-4962-9f1e-d6294ca3ca28 ] Request (ServersTestManualDisk:tearDownClass): 204 DELETE http://10.180.1.21/networking/v2.0/security-groups/2941cfba-ca12-453e-bc9f-c30f589b107b 0.187s
2025-12-01 18:56:22.673 64778 INFO tempest.lib.common.rest_client [req-205e5b92-2b78-4645-bbec-7c99bb1f46b3 req-205e5b92-2b78-4645-bbec-7c99bb1f46b3 ] Request (AttachInterfacesTestJSON:test_create_list_show_delete_interfaces_by_fixed_ip): 200 GET http://10.180.1.21/compute/v2.1/servers/29575fb6-b9c5-4124-8e2c-649d41182cb6 1.978s
2025-12-01 18:56:22.741 64740 INFO tempest.lib.common.rest_client [req-48d1a724-7000-4b93-9263-9683420c3842 req-48d1a724-7000-4b93-9263-9683420c3842 ] Request (ServersTestManualDisk:tearDownClass): 204 DELETE http://10.180.1.21/identity/v3/projects/2b7f790e92554be69ac32ee161927c76 0.124s
