2025-04-22 03:33:49.776 70309 INFO tempest.lib.common.rest_client [req-029d9aca-9ed0-4503-9347-149dca999c05 req-029d9aca-9ed0-4503-9347-149dca999c05 ] Request (ServersAdminTestJSON:setUpClass): 204 PUT http://10.180.1.21/identity/v3/projects/a515f3fbc809429f84cb9da86393bee4/users/ca8714e7466b45998bfdf8c948bc09e3/roles/b5682fdd71384028abf6a7cbee8499dd 0.027s
2025-04-22 03:33:49.777 70309 INFO tempest.lib.common.dynamic_creds [-] Dynamic test user ca8714e7466b45998bfdf8c948bc09e3 is created with scope project and roles: ['member']
2025-04-22 03:33:49.777 70309 INFO tempest.lib.common.dynamic_creds [-] Acquired dynamic creds: credentials: Credentials: {'domain_id': 'default', 'domain_name': 'Default', 'username': 'tempest-ServersAdminTestJSON-1581544378-project-member', 'project_domain_id': 'default', 'project_domain_name': 'Default', 'project_id': 'a515f3fbc809429f84cb9da86393bee4', 'project_name': 'tempest-ServersAdminTestJSON-1581544378', 'tenant_id': 'a515f3fbc809429f84cb9da86393bee4', 'tenant_name': 'tempest-ServersAdminTestJSON-1581544378', 'user_domain_id': 'default', 'user_domain_name': 'Default', 'user_id': 'ca8714e7466b45998bfdf8c948bc09e3', 'system': None}, Network: None, Subnet: None, Router: None
2025-04-22 03:33:49.853 70309 INFO tempest.lib.common.rest_client [req-d29981b8-84e1-4751-b509-26d887f2f5ae req-d29981b8-84e1-4751-b509-26d887f2f5ae ] Request (ServersAdminTestJSON:setUpClass): 201 POST http://10.180.1.21/identity/v3/auth/tokens 0.075s
2025-04-22 03:33:49.910 70351 INFO tempest.lib.common.rest_client [req-b20bc4cd-fdac-46db-bdb2-4114fdbad991 req-b20bc4cd-fdac-46db-bdb2-4114fdbad991 ] Request (FloatingIPDetailsTestJSON:_run_cleanups): 202 DELETE http://10.180.1.21/compute/v2.1/os-floating-ips/53c8d94f-c1ed-4b5b-ac8f-d149ae52eba6 1.922s
2025-04-22 03:33:49.965 70331 INFO tempest.lib.common.rest_client [req-25cae558-2566-47f6-9a0b-15a33029b505 req-25cae558-2566-47f6-9a0b-15a33029b505 ] Request (HypervisorAdminNegativeTestJSON:tearDownClass): 200 GET http://10.180.1.21:9696/networking/v2.0/security-groups?tenant_id=0e536f4efdd24b90bc95f31a8e9c2453&name=default 0.366s
2025-04-22 03:33:49.972 70367 WARNING tempest.lib.common.ssh [-] Failed to establish authenticated ssh connection to cirros@10.180.180.212 ([Errno None] Unable to connect to port 22 on 10.180.180.212). Number attempts: 1. Retry after 2 seconds.: paramiko.ssh_exception.NoValidConnectionsError: [Errno None] Unable to connect to port 22 on 10.180.180.212
2025-04-22 03:33:50.000 70363 INFO tempest.lib.common.rest_client [req-b9dbfcc0-b82b-4772-8a76-1b0225d005fe req-b9dbfcc0-b82b-4772-8a76-1b0225d005fe ] Request (FloatingIPsTestJSON:test_delete_floating_ip): 202 DELETE http://10.180.1.21/compute/v2.1/os-floating-ips/b33555d4-6365-49e0-b55e-d31e90e0fb06 2.176s
2025-04-22 03:33:50.079 70345 INFO tempest.lib.common.rest_client [req-41cb7b09-ad0f-467c-9b3e-f27c873bfd69 req-41cb7b09-ad0f-467c-9b3e-f27c873bfd69 ] Request (ServerMetadataTestJSON:setUpClass): 200 GET http://10.180.1.21/compute/v2.1/servers/9f30e265-50d0-42b4-a79f-950aa915aa53 1.947s
2025-04-22 03:33:50.131 70361 INFO tempest.lib.common.rest_client [req-4f70c084-a0f3-48ba-9cec-7a9cd5a53afa req-4f70c084-a0f3-48ba-9cec-7a9cd5a53afa ] Request (ServerDiskConfigTestJSON:test_rebuild_server_with_auto_disk_config): 202 POST http://10.180.1.21/compute/v2.1/servers/8dbbc346-b158-4839-947f-030522d24158/action 2.105s
2025-04-22 03:33:50.133 70309 INFO tempest.lib.common.rest_client [req-15ba8d79-d17d-4bb0-81ba-9ebac4e51096 req-15ba8d79-d17d-4bb0-81ba-9ebac4e51096 ] Request (ServersAdminTestJSON:setUpClass): 201 POST http://10.180.1.21:9696/networking/v2.0/networks 0.279s
2025-04-22 03:33:50.157 70331 INFO tempest.lib.common.rest_client [req-ae93b5ca-9654-4e35-9c5f-adc5c5423b8c req-ae93b5ca-9654-4e35-9c5f-adc5c5423b8c ] Request (HypervisorAdminNegativeTestJSON:tearDownClass): 204 DELETE http://10.180.1.21:9696/networking/v2.0/security-groups/ef08bbe8-bfa9-4605-a738-4f0005ba41d7 0.191s
2025-04-22 03:33:50.256 70357 INFO tempest.lib.common.rest_client [req-ec019feb-7727-4083-a1cb-2dc780e0ff0a req-ec019feb-7727-4083-a1cb-2dc780e0ff0a ] Request (ServersTestBootFromVolume:setUpClass): 200 GET http://10.180.1.21/volume/v3/volumes/1e6ba965-9184-4a81-b734-c19d9fca76d5 0.044s
2025-04-22 03:33:50.278 70331 INFO tempest.lib.common.rest_client [req-844f24cf-d07c-42b1-a15f-aebc5e773b37 req-844f24cf-d07c-42b1-a15f-aebc5e773b37 ] Request (HypervisorAdminNegativeTestJSON:tearDownClass): 204 DELETE http://10.180.1.21/identity/v3/projects/0e536f4efdd24b90bc95f31a8e9c2453 0.121s
2025-04-22 03:33:50.279 70331 INFO tempest.lib.common.dynamic_creds [-] Deleting project and security group for project: 518e5ca5f3e54d0485792a20b10f9ef6
2025-04-22 03:33:50.313 70339 INFO tempest.lib.common.rest_client [req-5253519b-ab6e-4c2a-b321-1e0817ba3a65 req-5253519b-ab6e-4c2a-b321-1e0817ba3a65 ] Request (SecurityGroupRulesNegativeTestJSON:test_create_security_group_rule_with_invalid_port_range): 200 POST http://10.180.1.21/compute/v2.1/os-security-groups 2.174s
2025-04-22 03:33:50.376 70309 INFO tempest.lib.common.rest_client [req-8500743e-694e-4564-816f-edb3a4fdf025 req-8500743e-694e-4564-816f-edb3a4fdf025 ] Request (ServersAdminTestJSON:setUpClass): 201 POST http://10.180.1.21:9696/networking/v2.0/subnets 0.241s
2025-04-22 03:33:50.407 70359 INFO tempest.lib.common.rest_client [req-3d5f777b-6ed8-4ba5-a839-4f9776f55461 req-3d5f777b-6ed8-4ba5-a839-4f9776f55461 ] Request (ImagesNegativeTestJSON:test_create_image_from_deleted_server): 200 GET http://10.180.1.21/compute/v2.1/servers/c73fd485-e892-4ede-b980-c5b154d292d9 2.188s
2025-04-22 03:33:50.415 70331 INFO tempest.lib.common.rest_client [req-9028add0-57d8-4b1b-8e4c-ef0b225313a6 req-9028add0-57d8-4b1b-8e4c-ef0b225313a6 ] Request (HypervisorAdminNegativeTestJSON:tearDownClass): 200 GET http://10.180.1.21:9696/networking/v2.0/security-groups?tenant_id=518e5ca5f3e54d0485792a20b10f9ef6&name=default 0.136s
2025-04-22 03:33:50.469 70337 INFO tempest.lib.common.rest_client [req-2d5ca3c1-d9f3-4264-aa3f-5e34e52e31d1 req-2d5ca3c1-d9f3-4264-aa3f-5e34e52e31d1 ] Request (TenantUsagesTestJSON:setUpClass): 200 GET http://10.180.1.21/compute/v2.1/servers/ef11d456-2416-4498-aa7c-e1a51cb865d3 2.208s
2025-04-22 03:33:50.583 70331 INFO tempest.lib.common.rest_client [req-9b7eb888-cc7f-4f7c-9955-3ccc4b0e0183 req-9b7eb888-cc7f-4f7c-9955-3ccc4b0e0183 ] Request (HypervisorAdminNegativeTestJSON:tearDownClass): 204 DELETE http://10.180.1.21:9696/networking/v2.0/security-groups/c44484ab-f2d6-4f78-84df-1802195c41ab 0.167s
2025-04-22 03:33:50.618 70329 INFO tempest.lib.common.rest_client [req-a3908897-0e1b-40a6-aa52-d46add9c50b9 req-a3908897-0e1b-40a6-aa52-d46add9c50b9 ] Request (VolumesAssistedSnapshotsTest:test_volume_assisted_snapshot_create_delete): 200 GET http://10.180.1.21/compute/v2.1/servers/0f5ccae7-1100-4899-8949-687a20f268b9 2.289s
2025-04-22 03:33:50.628 70329 INFO tempest.common.waiters [-] State transition "BUILD/networking" ==> "BUILD/spawning" after 35 second wait
2025-04-22 03:33:50.684 70327 INFO tempest.lib.common.rest_client [req-bb6a47d6-b6ed-41ad-8783-550e4663347e req-bb6a47d6-b6ed-41ad-8783-550e4663347e ] Request (ServerDiagnosticsV248Test:test_get_server_diagnostics): 200 GET http://10.180.1.21/compute/v2.1/servers/eac4f5f4-b1b1-4be7-9b39-dcca5ad6d09c 2.290s
2025-04-22 03:33:50.707 70331 INFO tempest.lib.common.rest_client [req-f14cc20b-8969-4ec6-9749-af2dda1fd094 req-f14cc20b-8969-4ec6-9749-af2dda1fd094 ] Request (HypervisorAdminNegativeTestJSON:tearDownClass): 204 DELETE http://10.180.1.21/identity/v3/projects/518e5ca5f3e54d0485792a20b10f9ef6 0.123s
2025-04-22 03:33:50.708 70331 INFO tempest.test [-] raised in TestMultiAttachVolumeSwap.setUpClass. Invoking tearDownClass.
2025-04-22 03:33:50.749 70341 INFO tempest.lib.common.rest_client [req-8d8ad1df-2510-434a-9545-2895afbce53a req-8d8ad1df-2510-434a-9545-2895afbce53a ] Request (DeleteServersAdminTestJSON:test_delete_server_while_in_error_state): 200 GET http://10.180.1.21/compute/v2.1/servers/b518bb73-3811-446e-8e88-1b6386f39543 2.209s
2025-04-22 03:33:50.826 70331 INFO tempest.lib.common.rest_client [req-86f314ed-df1f-4498-85f3-4d5c5345508a req-86f314ed-df1f-4498-85f3-4d5c5345508a ] Request (AbsoluteLimitsNegativeTestJSON:setUpClass): 201 POST http://10.180.1.21/identity/v3/auth/tokens 0.115s
2025-04-22 03:33:50.845 70349 INFO tempest.lib.common.rest_client [req-e234b86e-b481-40da-8ae0-d992adc70830 req-e234b86e-b481-40da-8ae0-d992adc70830 ] Request (ServerDiagnosticsTest:test_get_server_diagnostics): 200 GET http://10.180.1.21/compute/v2.1/servers/88e60979-6906-4c76-b683-1891f48beea7/diagnostics 2.637s
2025-04-22 03:33:50.848 70315 INFO tempest.lib.common.rest_client [req-62b46f21-1ed4-41ee-be3b-50b37de172ea req-62b46f21-1ed4-41ee-be3b-50b37de172ea ] Request (ServersV294TestFqdnHostnames:setUpClass): 200 GET http://10.180.1.21/compute/v2.1/servers/9642dc29-73e4-451e-bf37-fe20fc4c876a 2.175s
2025-04-22 03:33:50.872 70331 INFO tempest.lib.common.rest_client [req-b74050f2-ed18-4740-920f-6639c9f6067d req-b74050f2-ed18-4740-920f-6639c9f6067d ] Request (AbsoluteLimitsNegativeTestJSON:setUpClass): 201 POST http://10.180.1.21/identity/v3/auth/tokens 0.039s
2025-04-22 03:33:50.889 70353 INFO tempest.lib.common.rest_client [req-601efc6a-5bf5-4f60-a13f-59b7cb306a27 req-601efc6a-5bf5-4f60-a13f-59b7cb306a27 ] Request (ImagesTestJSON:test_create_image_from_stopped_server): 200 GET http://10.180.1.21/compute/v2.1/images/6a7b96b4-e880-4e99-88ee-da6227924dbd 2.189s
2025-04-22 03:33:50.901 70331 INFO tempest.lib.common.rest_client [req-981c5fbe-197b-4b0c-9381-5986e1b2670f req-981c5fbe-197b-4b0c-9381-5986e1b2670f ] Request (AbsoluteLimitsNegativeTestJSON:setUpClass): 200 GET http://10.180.1.21/identity/v3/domains?name=Default 0.028s
2025-04-22 03:33:50.938 70331 INFO tempest.lib.common.rest_client [req-bd730d4b-f3a7-4e89-9581-0fceef1cc79d req-bd730d4b-f3a7-4e89-9581-0fceef1cc79d ] Request (AbsoluteLimitsNegativeTestJSON:setUpClass): 201 POST http://10.180.1.21/identity/v3/projects 0.036s
2025-04-22 03:33:50.950 70313 INFO tempest.lib.common.rest_client [req-6266f179-47c2-4bb3-92ed-f3a384a8420c req-6266f179-47c2-4bb3-92ed-f3a384a8420c ] Request (ListServerFiltersTestJSON:test_list_servers_filter_by_exceed_limit): 200 GET http://10.180.1.21/compute/v2.1/servers?limit=100000 2.212s
2025-04-22 03:33:50.951 70319 INFO tempest.lib.common.rest_client [req-7669ef18-5b73-4603-bd89-8f8b92c267a5 req-7669ef18-5b73-4603-bd89-8f8b92c267a5 ] Request (SecurityGroupsTestJSON:test_list_security_groups_by_server): 200 GET http://10.180.1.21/compute/v2.1/servers/f432ef0a-9c47-40e6-96c1-d7601dc314a4 2.143s
2025-04-22 03:33:51.024 70331 INFO tempest.lib.common.rest_client [req-20a97479-6c41-4d9a-99f9-9b79be4068ff req-20a97479-6c41-4d9a-99f9-9b79be4068ff ] Request (AbsoluteLimitsNegativeTestJSON:setUpClass): 201 POST http://10.180.1.21/identity/v3/users 0.085s
2025-04-22 03:33:51.032 70343 INFO tempest.lib.common.rest_client [req-bdb1f101-021b-48c5-b343-ddf7e6e225a5 req-bdb1f101-021b-48c5-b343-ddf7e6e225a5 ] Request (ServerRescueTestJSONUnderV235:setUpClass): 200 GET http://10.180.1.21/compute/v2.1/servers/a3f66942-6063-4d1f-9bb0-b07899beccc1 2.156s
2025-04-22 03:33:51.057 70331 INFO tempest.lib.common.rest_client [req-a23d799f-a283-4a55-ab5b-743d6fd8c823 req-a23d799f-a283-4a55-ab5b-743d6fd8c823 ] Request (AbsoluteLimitsNegativeTestJSON:setUpClass): 200 GET http://10.180.1.21/identity/v3/roles 0.032s
2025-04-22 03:33:51.078 70307 INFO tempest.lib.common.rest_client [req-a58eb8f1-1a0f-4d1e-a9f3-98b756ab37aa req-a58eb8f1-1a0f-4d1e-a9f3-98b756ab37aa ] Request (ImagesOneServerTestJSON:test_create_image_specify_multibyte_character_image_name): 200 GET http://10.180.1.21/compute/v2.1/images/d92ab624-fe36-4ec0-920b-672e4edf12a1 2.054s
2025-04-22 03:33:51.090 70331 INFO tempest.lib.common.rest_client [req-c3e85482-7588-49c4-9308-737f7b907de7 req-c3e85482-7588-49c4-9308-737f7b907de7 ] Request (AbsoluteLimitsNegativeTestJSON:setUpClass): 204 PUT http://10.180.1.21/identity/v3/projects/ba1f3d12317d40649d43720fd58a180f/users/53cc10f040af4b68a600539e199df09d/roles/b5682fdd71384028abf6a7cbee8499dd 0.032s
2025-04-22 03:33:51.091 70331 INFO tempest.lib.common.dynamic_creds [-] Dynamic test user 53cc10f040af4b68a600539e199df09d is created with scope project and roles: ['member']
2025-04-22 03:33:51.091 70331 INFO tempest.lib.common.dynamic_creds [-] Acquired dynamic creds: credentials: Credentials: {'domain_id': 'default', 'domain_name': 'Default', 'username': 'tempest-AbsoluteLimitsNegativeTestJSON-2102535606-project-member', 'project_domain_id': 'default', 'project_domain_name': 'Default', 'project_id': 'ba1f3d12317d40649d43720fd58a180f', 'project_name': 'tempest-AbsoluteLimitsNegativeTestJSON-2102535606', 'tenant_id': 'ba1f3d12317d40649d43720fd58a180f', 'tenant_name': 'tempest-AbsoluteLimitsNegativeTestJSON-2102535606', 'user_domain_id': 'default', 'user_domain_name': 'Default', 'user_id': '53cc10f040af4b68a600539e199df09d', 'system': None}, Network: None, Subnet: None, Router: None
2025-04-22 03:33:51.091 70331 INFO tempest.lib.common.dynamic_creds [-] Created isolated network resources for: credentials: Credentials: {'domain_id': 'default', 'domain_name': 'Default', 'username': 'tempest-AbsoluteLimitsNegativeTestJSON-2102535606-project-member', 'project_domain_id': 'default', 'project_domain_name': 'Default', 'project_id': 'ba1f3d12317d40649d43720fd58a180f', 'project_name': 'tempest-AbsoluteLimitsNegativeTestJSON-2102535606', 'tenant_id': 'ba1f3d12317d40649d43720fd58a180f', 'tenant_name': 'tempest-AbsoluteLimitsNegativeTestJSON-2102535606', 'user_domain_id': 'default', 'user_domain_name': 'Default', 'user_id': '53cc10f040af4b68a600539e199df09d', 'system': None}, Network: None, Subnet: None, Router: None
2025-04-22 03:33:51.133 70321 INFO tempest.lib.common.rest_client [req-58e3bae3-0df4-47a1-8981-551c28149455 req-58e3bae3-0df4-47a1-8981-551c28149455 ] Request (ImagesOneServerNegativeTestJSON:setUpClass): 200 GET http://10.180.1.21/compute/v2.1/servers/eacd2ffb-6901-48e1-86ed-448b58a34bd3 2.031s
2025-04-22 03:33:51.160 70331 INFO tempest.lib.common.rest_client [req-d186ff8b-2f69-4ae5-82b9-84d0541de49e req-d186ff8b-2f69-4ae5-82b9-84d0541de49e ] Request (AbsoluteLimitsNegativeTestJSON:setUpClass): 201 POST http://10.180.1.21/identity/v3/auth/tokens 0.065s
2025-04-22 03:33:51.205 70334 INFO tempest.lib.common.rest_client [req-339e0a53-1103-42a3-afc7-35baf1dc6cbe req-339e0a53-1103-42a3-afc7-35baf1dc6cbe ] Request (ServersAdmin275Test:tearDownClass): 200 GET http://10.180.1.21/compute/v2.1/servers/247b5a9f-9456-4f5c-b8f0-efb003ab6cee 1.563s
2025-04-22 03:33:51.263 70309 INFO tempest.lib.common.rest_client [req-b1c36461-5b24-4b2c-a960-f56afe3c2ef2 req-b1c36461-5b24-4b2c-a960-f56afe3c2ef2 ] Request (ServersAdminTestJSON:setUpClass): 201 POST http://10.180.1.21:9696/networking/v2.0/routers 0.886s
2025-04-22 03:33:51.370 70311 INFO tempest.lib.common.rest_client [req-38dbaaf5-f2fe-40a4-a46d-dcdb03007ea6 req-38dbaaf5-f2fe-40a4-a46d-dcdb03007ea6 ] Request (MigrationsAdminTest:test_list_migrations_in_flavor_resize_situation): 200 GET http://10.180.1.21/compute/v2.1/servers/b45e94ae-d45b-4632-b8da-ae1cb246450a 1.478s
2025-04-22 03:33:51.438 70357 INFO tempest.lib.common.rest_client [req-93d886f6-8d89-40bf-a626-f0fe5d3817b0 req-93d886f6-8d89-40bf-a626-f0fe5d3817b0 ] Request (ServersTestBootFromVolume:setUpClass): 200 GET http://10.180.1.21/volume/v3/volumes/1e6ba965-9184-4a81-b734-c19d9fca76d5 0.171s
2025-04-22 03:33:51.502 70317 INFO tempest.lib.common.rest_client [req-e79bee57-eba7-4a2e-b6e8-2a34a3f02493 req-e79bee57-eba7-4a2e-b6e8-2a34a3f02493 ] Request (FloatingIPsAssociationNegativeTestJSON:setUpClass): 202 POST http://10.180.1.21/compute/v2.1/servers 2.541s
2025-04-22 03:33:51.553 70351 INFO tempest.lib.common.rest_client [req-4ea6017c-8fb9-466d-b077-4604591a5f69 req-4ea6017c-8fb9-466d-b077-4604591a5f69 ] Request (FloatingIPDetailsTestJSON:test_list_floating_ips): 200 GET http://10.180.1.21/compute/v2.1/os-floating-ips 1.641s
2025-04-22 03:33:51.579 70325 INFO tempest.lib.common.rest_client [req-58840b68-cfd8-4161-8c90-3f92da5262ac req-58840b68-cfd8-4161-8c90-3f92da5262ac ] Request (ServersAdminNegativeTestJSON:setUpClass): 200 GET http://10.180.1.21/compute/v2.1/servers/c35f752e-e9b4-48d5-ae18-b2613ddfeaf1 1.627s
2025-04-22 03:33:51.589 70325 INFO tempest.common.waiters [-] State transition "BUILD/None" ==> "BUILD/networking" after 35 second wait
2025-04-22 03:33:51.621 70363 INFO tempest.lib.common.rest_client [req-616838fb-f5d5-4a55-883c-94414e166388 req-616838fb-f5d5-4a55-883c-94414e166388 ] Request (FloatingIPsTestJSON:test_delete_floating_ip): 404 GET http://10.180.1.21/compute/v2.1/os-floating-ips/b33555d4-6365-49e0-b55e-d31e90e0fb06 1.621s
2025-04-22 03:33:51.627 70347 INFO tempest.lib.common.rest_client [req-9cba480e-8a05-4d16-b437-636c48b4b561 req-9cba480e-8a05-4d16-b437-636c48b4b561 ] Request (ServersWithSpecificFlavorTestJSON:test_verify_created_server_ephemeral_disk): 200 GET http://10.180.1.21/compute/v2.1/servers/46ca388e-79b7-403b-a895-99a9d1ac93cd 1.670s
2025-04-22 03:33:51.695 70305 INFO tempest.lib.common.rest_client [req-a8e33003-8e1e-4832-ba00-ad3b4195ac8f req-a8e33003-8e1e-4832-ba00-ad3b4195ac8f ] Request (ServersNegativeTestJSON:setUpClass): 200 GET http://10.180.1.21/compute/v2.1/servers/f5bd91ff-5a34-4478-9ece-8918fee6101a 1.678s
2025-04-22 03:33:51.716 70365 INFO tempest.lib.common.rest_client [req-f3cf4b4c-f4cd-4a6c-9e70-767c59a3f095 req-f3cf4b4c-f4cd-4a6c-9e70-767c59a3f095 ] Request (ServerExternalEventsTest:tearDownClass): 200 GET http://10.180.1.21/compute/v2.1/servers/60073f62-26e8-4d08-a43b-972ca96bcc9e 1.617s
2025-04-22 03:33:51.773 70339 INFO tempest.lib.common.rest_client [req-7134bc21-b12a-430f-af74-4598373ccf2e req-7134bc21-b12a-430f-af74-4598373ccf2e ] Request (SecurityGroupRulesNegativeTestJSON:test_create_security_group_rule_with_invalid_port_range): 400 POST http://10.180.1.21/compute/v2.1/os-security-group-rules 1.455s
2025-04-22 03:33:51.860 70361 INFO tempest.lib.common.rest_client [req-3d31fbc5-dc3a-47f4-ac9d-58918282db3a req-3d31fbc5-dc3a-47f4-ac9d-58918282db3a ] Request (ServerDiskConfigTestJSON:test_rebuild_server_with_auto_disk_config): 200 GET http://10.180.1.21/compute/v2.1/servers/8dbbc346-b158-4839-947f-030522d24158 1.720s
2025-04-22 03:33:51.928 70323 INFO tempest.lib.common.rest_client [req-c19df80f-04b5-419b-9b22-769c3fd81f29 req-c19df80f-04b5-419b-9b22-769c3fd81f29 ] Request (ListImageFiltersTestJSON:setUpClass): 200 GET http://10.180.1.21/compute/v2.1/servers/3a7cb3aa-08e8-4d2f-94bc-8cf4d82544e1 1.422s
2025-04-22 03:33:51.996 70335 INFO tempest.lib.common.rest_client [req-b745944b-7aab-4309-b2fa-058f4ed7eaf9 req-b745944b-7aab-4309-b2fa-058f4ed7eaf9 ] Request (FloatingIPsAssociationTestJSON:test_associate_already_associated_floating_ip): 200 GET http://10.180.1.21/compute/v2.1/servers/3fac017c-41a0-40f2-8f77-b1d72e1903dc 1.427s
2025-04-22 03:33:52.029 70355 INFO tempest.lib.common.rest_client [req-833d42a0-d6b3-467f-82cf-31186c440730 req-833d42a0-d6b3-467f-82cf-31186c440730 ] Request (ServersTestManualDisk:setUpClass): 200 GET http://10.180.1.21/compute/v2.1/servers/e8adf65d-fde7-4479-a05c-5690f9e87910 1.606s
2025-04-22 03:33:52.105 70313 INFO tempest.lib.common.rest_client [req-af40ba2c-c4d2-438c-b7d7-080ada4817fc req-af40ba2c-c4d2-438c-b7d7-080ada4817fc ] Request (ListServerFiltersTestJSON:test_list_servers_filter_by_exceed_limit): 200 GET http://10.180.1.21/compute/v2.1/servers 1.152s
2025-04-22 03:33:52.133 70349 INFO tempest.lib.common.rest_client [req-1c49502a-daab-4ca1-bc5c-fb0e060c967f req-1c49502a-daab-4ca1-bc5c-fb0e060c967f ] Request (ServerDiagnosticsTest:tearDownClass): 204 DELETE http://10.180.1.21/compute/v2.1/servers/88e60979-6906-4c76-b683-1891f48beea7 1.286s
2025-04-22 03:33:52.189 70345 INFO tempest.lib.common.rest_client [req-7f9eaf6c-739f-4d38-99d2-edff3e43b7ec req-7f9eaf6c-739f-4d38-99d2-edff3e43b7ec ] Request (ServerMetadataTestJSON:setUpClass): 200 GET http://10.180.1.21/compute/v2.1/servers/9f30e265-50d0-42b4-a79f-950aa915aa53 1.100s
2025-04-22 03:33:52.250 70359 INFO tempest.lib.common.rest_client [req-e34e3a14-fc02-4659-b097-f550f3a70608 req-e34e3a14-fc02-4659-b097-f550f3a70608 ] Request (ImagesNegativeTestJSON:test_create_image_from_deleted_server): 200 GET http://10.180.1.21/compute/v2.1/servers/c73fd485-e892-4ede-b980-c5b154d292d9 0.829s
2025-04-22 03:33:52.260 70331 INFO tempest.lib.common.rest_client [req-8ee15846-fef4-42db-acd2-4c5dc7d302b3 req-8ee15846-fef4-42db-acd2-4c5dc7d302b3 ] Request (AbsoluteLimitsNegativeTestJSON:test_max_metadata_exceed_limit): 200 GET http://10.180.1.21/compute/v2.1/limits 1.098s
2025-04-22 03:33:52.302 70331 INFO tempest.lib.common.rest_client [req-af2feeef-dacb-452d-9fb4-fd7b6f24dfc9 req-af2feeef-dacb-452d-9fb4-fd7b6f24dfc9 ] Request (AbsoluteLimitsNegativeTestJSON:test_max_metadata_exceed_limit): 201 POST http://10.180.1.21/identity/v3/auth/tokens 0.033s
2025-04-22 03:33:52.303 70331 INFO tempest.lib.common.fixed_network [-] (AbsoluteLimitsNegativeTestJSON:test_max_metadata_exceed_limit) Found network None available for tenant
2025-04-22 03:33:52.311 70337 INFO tempest.lib.common.rest_client [req-ddd8d65f-1202-45da-adc8-2f06718cf971 req-ddd8d65f-1202-45da-adc8-2f06718cf971 ] Request (TenantUsagesTestJSON:setUpClass): 200 GET http://10.180.1.21/compute/v2.1/servers/ef11d456-2416-4498-aa7c-e1a51cb865d3 0.828s
2025-04-22 03:33:52.374 70309 INFO tempest.lib.common.rest_client [req-3daeb3ae-ce11-4145-a4e1-f884d1c19a48 req-3daeb3ae-ce11-4145-a4e1-f884d1c19a48 ] Request (ServersAdminTestJSON:setUpClass): 200 PUT http://10.180.1.21:9696/networking/v2.0/routers/65579281-6734-4638-ac75-d16ac6cd734f/add_router_interface 1.111s
2025-04-22 03:33:52.375 70309 INFO tempest.lib.common.dynamic_creds [-] Created isolated network resources for: credentials: Credentials: {'domain_id': 'default', 'domain_name': 'Default', 'username': 'tempest-ServersAdminTestJSON-1581544378-project-member', 'project_domain_id': 'default', 'project_domain_name': 'Default', 'project_id': 'a515f3fbc809429f84cb9da86393bee4', 'project_name': 'tempest-ServersAdminTestJSON-1581544378', 'tenant_id': 'a515f3fbc809429f84cb9da86393bee4', 'tenant_name': 'tempest-ServersAdminTestJSON-1581544378', 'user_domain_id': 'default', 'user_domain_name': 'Default', 'user_id': 'ca8714e7466b45998bfdf8c948bc09e3', 'system': None}, Network: {'id': '5e4b02fd-4e17-45e4-908f-e7fad5764087', 'name': 'tempest-ServersAdminTestJSON-1611242251-network', 'tenant_id': 'a515f3fbc809429f84cb9da86393bee4', 'admin_state_up': True, 'mtu': 8950, 'status': 'ACTIVE', 'subnets': [], 'shared': False, 'project_id': 'a515f3fbc809429f84cb9da86393bee4', 'port_security_enabled': True, 'router:external': False, 'provider:network_type': 'vlan', 'provider:physical_network': 'default', 'provider:segmentation_id': 504, 'availability_zone_hints': [], 'availability_zones': [], 'ipv4_address_scope': None, 'ipv6_address_scope': None, 'description': '', 'tags': [], 'created_at': '2025-04-22T03:33:50Z', 'updated_at': '2025-04-22T03:33:50Z', 'revision_number': 1}, Subnet: {'id': 'd6c2b0d6-ba40-4434-bb94-5da0f9122b52', 'name': 'tempest-ServersAdminTestJSON-1611242251-subnet', 'tenant_id': 'a515f3fbc809429f84cb9da86393bee4', 'network_id': '5e4b02fd-4e17-45e4-908f-e7fad5764087', 'ip_version': 4, 'subnetpool_id': None, 'enable_dhcp': True, 'ipv6_ra_mode': None, 'ipv6_address_mode': None, 'gateway_ip': '192.168.128.1', 'cidr': '192.168.128.0/28', 'allocation_pools': [{'start': '192.168.128.2', 'end': '192.168.128.14'}], 'host_routes': [], 'dns_nameservers': [], 'description': '', 'router:external': False, 'service_types': [], 'tags': [], 'created_at': '2025-04-22T03:33:50Z', 'updated_at': '2025-04-22T03:33:50Z', 'revision_number': 0, 'project_id': 'a515f3fbc809429f84cb9da86393bee4'}, Router: {'id': '65579281-6734-4638-ac75-d16ac6cd734f', 'name': 'tempest-ServersAdminTestJSON-1611242251-router', 'tenant_id': 'a515f3fbc809429f84cb9da86393bee4', 'admin_state_up': True, 'status': 'ACTIVE', 'external_gateway_info': {'network_id': 'afda74f0-b278-4fba-9b85-b4dccf198437', 'external_fixed_ips': [{'subnet_id': '119b8416-4ca0-433d-8723-e0ea988393a7', 'ip_address': '10.180.180.141'}], 'enable_snat': True}, 'description': '', 'availability_zones': [], 'distributed': False, 'ha': False, 'availability_zone_hints': [], 'routes': [], 'flavor_id': None, 'tags': [], 'created_at': '2025-04-22T03:33:50Z', 'updated_at': '2025-04-22T03:33:50Z', 'revision_number': 2, 'project_id': 'a515f3fbc809429f84cb9da86393bee4'}
2025-04-22 03:33:52.456 70309 INFO tempest.lib.common.rest_client [req-10c237c9-90e2-49c5-9dc5-535c11148b44 req-10c237c9-90e2-49c5-9dc5-535c11148b44 ] Request (ServersAdminTestJSON:setUpClass): 201 POST http://10.180.1.21/identity/v3/auth/tokens 0.078s
2025-04-22 03:33:52.482 70357 INFO tempest.lib.common.rest_client [req-dc7012b9-703a-43d6-9d17-801005372ef2 req-dc7012b9-703a-43d6-9d17-801005372ef2 ] Request (ServersTestBootFromVolume:setUpClass): 200 GET http://10.180.1.21/volume/v3/volumes/1e6ba965-9184-4a81-b734-c19d9fca76d5 0.031s
2025-04-22 03:33:52.551 70317 INFO tempest.lib.common.rest_client [req-00180608-0f43-47e4-9d77-990d20230cf6 req-00180608-0f43-47e4-9d77-990d20230cf6 ] Request (FloatingIPsAssociationNegativeTestJSON:setUpClass): 200 GET http://10.180.1.21/compute/v2.1/servers/f38fbfac-9498-448d-9889-3ab4d2da1e16 1.045s
2025-04-22 03:33:52.569 70309 INFO tempest.lib.common.rest_client [req-796ab90f-390d-4602-b093-83669493697a req-796ab90f-390d-4602-b093-83669493697a ] Request (ServersAdminTestJSON:setUpClass): 201 POST http://10.180.1.21/identity/v3/projects 0.113s
2025-04-22 03:33:52.578 70363 INFO tempest.lib.common.rest_client [req-0806b08f-1457-41ff-b1e3-75b936c77adb req-0806b08f-1457-41ff-b1e3-75b936c77adb ] Request (FloatingIPsTestJSON:_run_cleanups): 404 DELETE http://10.180.1.21/compute/v2.1/os-floating-ips/b33555d4-6365-49e0-b55e-d31e90e0fb06 0.956s
2025-04-22 03:33:52.641 70309 INFO tempest.lib.common.rest_client [req-17d3930f-cb97-430f-80da-08fb1e01f8c8 req-17d3930f-cb97-430f-80da-08fb1e01f8c8 ] Request (ServersAdminTestJSON:setUpClass): 201 POST http://10.180.1.21/identity/v3/users 0.071s
2025-04-22 03:33:52.672 70309 INFO tempest.lib.common.rest_client [req-99fa2785-b0a1-4fa6-9a3b-5c20abdb9e2d req-99fa2785-b0a1-4fa6-9a3b-5c20abdb9e2d ] Request (ServersAdminTestJSON:setUpClass): 200 GET http://10.180.1.21/identity/v3/roles 0.030s
2025-04-22 03:33:52.703 70351 INFO tempest.lib.common.rest_client [req-55ed03ce-3fd6-4d6c-8a89-db31d91a13fb req-55ed03ce-3fd6-4d6c-8a89-db31d91a13fb ] Request (FloatingIPDetailsTestJSON:tearDownClass): 202 DELETE http://10.180.1.21/compute/v2.1/os-floating-ips/e49a7e23-6e41-42f6-93e6-3c4282571930 1.146s
2025-04-22 03:33:52.708 70309 INFO tempest.lib.common.rest_client [req-8c5a1576-6253-47eb-b57b-44371bbbe528 req-8c5a1576-6253-47eb-b57b-44371bbbe528 ] Request (ServersAdminTestJSON:setUpClass): 204 PUT http://10.180.1.21/identity/v3/projects/50af3d01f9294450b080832d7e109174/users/bc6c82e50d3c46cf95db3e7bfbaf6967/roles/87e3a7bf0eb44978b540db2641702b41 0.035s
2025-04-22 03:33:52.763 70327 INFO tempest.lib.common.rest_client [req-c4c7342d-92d9-44a9-9ee8-c00721b5fad4 req-c4c7342d-92d9-44a9-9ee8-c00721b5fad4 ] Request (ServerDiagnosticsV248Test:test_get_server_diagnostics): 200 GET http://10.180.1.21/compute/v2.1/servers/eac4f5f4-b1b1-4be7-9b39-dcca5ad6d09c 1.066s
2025-04-22 03:33:52.768 70309 INFO tempest.lib.common.rest_client [req-dd826647-fb9e-4e58-8e86-dc0defd4e8ec req-dd826647-fb9e-4e58-8e86-dc0defd4e8ec ] Request (ServersAdminTestJSON:setUpClass): 200 GET http://10.180.1.21/identity/v3/roles 0.060s
2025-04-22 03:33:52.804 70309 INFO tempest.lib.common.rest_client [req-cdac67db-2408-448a-8db3-79038bf04bc5 req-cdac67db-2408-448a-8db3-79038bf04bc5 ] Request (ServersAdminTestJSON:setUpClass): 204 PUT http://10.180.1.21/identity/v3/projects/50af3d01f9294450b080832d7e109174/users/bc6c82e50d3c46cf95db3e7bfbaf6967/roles/87e3a7bf0eb44978b540db2641702b41 0.035s
2025-04-22 03:33:52.804 70329 INFO tempest.lib.common.rest_client [req-4f571232-2715-4e4d-84b2-00b91d17a331 req-4f571232-2715-4e4d-84b2-00b91d17a331 ] Request (VolumesAssistedSnapshotsTest:test_volume_assisted_snapshot_create_delete): 200 GET http://10.180.1.21/compute/v2.1/servers/0f5ccae7-1100-4899-8949-687a20f268b9 1.173s
2025-04-22 03:33:52.804 70309 INFO tempest.lib.common.dynamic_creds [-] Dynamic test user bc6c82e50d3c46cf95db3e7bfbaf6967 is created with scope project and roles: ['admin']
2025-04-22 03:33:52.804 70309 INFO tempest.lib.common.dynamic_creds [-] Acquired dynamic creds: credentials: Credentials: {'domain_id': 'default', 'domain_name': 'Default', 'username': 'tempest-ServersAdminTestJSON-1122064272-project-admin', 'project_domain_id': 'default', 'project_domain_name': 'Default', 'project_id': '50af3d01f9294450b080832d7e109174', 'project_name': 'tempest-ServersAdminTestJSON-1122064272', 'tenant_id': '50af3d01f9294450b080832d7e109174', 'tenant_name': 'tempest-ServersAdminTestJSON-1122064272', 'user_domain_id': 'default', 'user_domain_name': 'Default', 'user_id': 'bc6c82e50d3c46cf95db3e7bfbaf6967', 'system': None}, Network: None, Subnet: None, Router: None
2025-04-22 03:33:52.819 70341 INFO tempest.lib.common.rest_client [req-c7142a35-dbac-4763-8b01-5421b7a72d69 req-c7142a35-dbac-4763-8b01-5421b7a72d69 ] Request (DeleteServersAdminTestJSON:test_delete_server_while_in_error_state): 200 GET http://10.180.1.21/compute/v2.1/servers/b518bb73-3811-446e-8e88-1b6386f39543 1.059s
2025-04-22 03:33:52.894 70315 INFO tempest.lib.common.rest_client [req-56fc3247-5288-4df6-8a03-a989628a7808 req-56fc3247-5288-4df6-8a03-a989628a7808 ] Request (ServersV294TestFqdnHostnames:setUpClass): 200 GET http://10.180.1.21/compute/v2.1/servers/9642dc29-73e4-451e-bf37-fe20fc4c876a 1.032s
2025-04-22 03:33:52.932 70353 INFO tempest.lib.common.rest_client [req-b0f2aa9c-5f43-4fa8-b173-d58702f5965a req-b0f2aa9c-5f43-4fa8-b173-d58702f5965a ] Request (ImagesTestJSON:test_create_image_from_stopped_server): 200 GET http://10.180.1.21/compute/v2.1/images/6a7b96b4-e880-4e99-88ee-da6227924dbd 1.039s
2025-04-22 03:33:52.958 70367 WARNING tempest.lib.common.ssh [-] Failed to establish authenticated ssh connection to cirros@10.180.180.212 ([Errno None] Unable to connect to port 22 on 10.180.180.212). Number attempts: 2. Retry after 3 seconds.: paramiko.ssh_exception.NoValidConnectionsError: [Errno None] Unable to connect to port 22 on 10.180.180.212
2025-04-22 03:33:52.992 70319 INFO tempest.lib.common.rest_client [req-92e4615b-fc6e-4370-b213-21692a55097d req-92e4615b-fc6e-4370-b213-21692a55097d ] Request (SecurityGroupsTestJSON:test_list_security_groups_by_server): 200 GET http://10.180.1.21/compute/v2.1/servers/f432ef0a-9c47-40e6-96c1-d7601dc314a4 1.032s
2025-04-22 03:33:53.051 70343 INFO tempest.lib.common.rest_client [req-c6cdfd25-4b48-47dd-94b0-8a0bd766666c req-c6cdfd25-4b48-47dd-94b0-8a0bd766666c ] Request (ServerRescueTestJSONUnderV235:setUpClass): 200 GET http://10.180.1.21/compute/v2.1/servers/a3f66942-6063-4d1f-9bb0-b07899beccc1 0.995s
2025-04-22 03:33:53.087 70307 INFO tempest.lib.common.rest_client [req-ccb203c3-b94a-4ba2-aa5c-f698b4fc9d5e req-ccb203c3-b94a-4ba2-aa5c-f698b4fc9d5e ] Request (ImagesOneServerTestJSON:test_create_image_specify_multibyte_character_image_name): 200 GET http://10.180.1.21/compute/v2.1/images/d92ab624-fe36-4ec0-920b-672e4edf12a1 1.003s
2025-04-22 03:33:53.342 70339 INFO tempest.lib.common.rest_client [req-0e4c6422-39cc-4787-bf42-4cf23ff72d62 req-0e4c6422-39cc-4787-bf42-4cf23ff72d62 ] Request (SecurityGroupRulesNegativeTestJSON:test_create_security_group_rule_with_invalid_to_port): 200 POST http://10.180.1.21/compute/v2.1/os-security-groups 1.568s
2025-04-22 03:33:53.424 70313 INFO tempest.lib.common.rest_client [req-06e58ef0-5380-404f-bb9c-68ea57f06cd8 req-06e58ef0-5380-404f-bb9c-68ea57f06cd8 ] Request (ListServerFiltersTestJSON:test_list_servers_filter_by_flavor): 200 GET http://10.180.1.21/compute/v2.1/servers?flavor=84 1.313s
2025-04-22 03:33:53.503 70321 INFO tempest.lib.common.rest_client [req-0bbeb195-f89a-4a9a-9cf8-0189dd525870 req-0bbeb195-f89a-4a9a-9cf8-0189dd525870 ] Request (ImagesOneServerNegativeTestJSON:setUpClass): 200 GET http://10.180.1.21/compute/v2.1/servers/eacd2ffb-6901-48e1-86ed-448b58a34bd3 1.360s
2025-04-22 03:33:53.510 70309 INFO tempest.lib.common.rest_client [req-cd552ac9-1014-4f11-8e6e-6144c49ce2d6 req-cd552ac9-1014-4f11-8e6e-6144c49ce2d6 ] Request (ServersAdminTestJSON:setUpClass): 201 POST http://10.180.1.21:9696/networking/v2.0/networks 0.705s
2025-04-22 03:33:53.526 70357 INFO tempest.lib.common.rest_client [req-007aa9ab-750b-4f4b-9e16-2cb44fbec488 req-007aa9ab-750b-4f4b-9e16-2cb44fbec488 ] Request (ServersTestBootFromVolume:setUpClass): 200 GET http://10.180.1.21/volume/v3/volumes/1e6ba965-9184-4a81-b734-c19d9fca76d5 0.035s
2025-04-22 03:33:53.586 70349 INFO tempest.lib.common.rest_client [req-6d72d234-da6e-4389-901b-91e3a5fdc28b req-6d72d234-da6e-4389-901b-91e3a5fdc28b ] Request (ServerDiagnosticsTest:tearDownClass): 200 GET http://10.180.1.21/compute/v2.1/servers/88e60979-6906-4c76-b683-1891f48beea7 1.452s
2025-04-22 03:33:53.594 70334 INFO tempest.lib.common.rest_client [req-8e441166-56fa-46b3-840c-f89ad777e963 req-8e441166-56fa-46b3-840c-f89ad777e963 ] Request (ServersAdmin275Test:tearDownClass): 200 GET http://10.180.1.21/compute/v2.1/servers/247b5a9f-9456-4f5c-b8f0-efb003ab6cee 1.379s
2025-04-22 03:33:53.865 70311 INFO tempest.lib.common.rest_client [req-7b4a5657-73d0-4f1c-8b5b-78535dcca138 req-7b4a5657-73d0-4f1c-8b5b-78535dcca138 ] Request (MigrationsAdminTest:test_list_migrations_in_flavor_resize_situation): 200 GET http://10.180.1.21/compute/v2.1/servers/b45e94ae-d45b-4632-b8da-ae1cb246450a 1.482s
2025-04-22 03:33:53.891 70331 INFO tempest.lib.common.rest_client [req-231dc46a-6e7b-4903-ad3d-1f227c580f00 req-231dc46a-6e7b-4903-ad3d-1f227c580f00 ] Request (AbsoluteLimitsNegativeTestJSON:test_max_metadata_exceed_limit): 403 POST http://10.180.1.21/compute/v2.1/servers 1.587s
2025-04-22 03:33:53.970 70347 INFO tempest.lib.common.rest_client [req-0180609c-2eaf-4e61-8489-50074f2b80b5 req-0180609c-2eaf-4e61-8489-50074f2b80b5 ] Request (ServersWithSpecificFlavorTestJSON:test_verify_created_server_ephemeral_disk): 200 GET http://10.180.1.21/compute/v2.1/servers/46ca388e-79b7-403b-a895-99a9d1ac93cd 1.329s
2025-04-22 03:33:53.977 70347 INFO tempest.common.waiters [-] State transition "BUILD/None" ==> "BUILD/networking" after 37 second wait
2025-04-22 03:33:54.053 70331 INFO tempest.lib.common.rest_client [req-5ec18580-11a3-4aea-a5ab-5102f2de7282 req-5ec18580-11a3-4aea-a5ab-5102f2de7282 ] Request (AbsoluteLimitsNegativeTestJSON:tearDownClass): 204 DELETE http://10.180.1.21/identity/v3/users/53cc10f040af4b68a600539e199df09d 0.156s
2025-04-22 03:33:54.054 70331 INFO tempest.lib.common.dynamic_creds [-] Deleting project and security group for project: ba1f3d12317d40649d43720fd58a180f
2025-04-22 03:33:54.076 70325 INFO tempest.lib.common.rest_client [req-59e2c6ef-eea3-42fe-999f-44b38892917f req-59e2c6ef-eea3-42fe-999f-44b38892917f ] Request (ServersAdminNegativeTestJSON:setUpClass): 200 GET http://10.180.1.21/compute/v2.1/servers/c35f752e-e9b4-48d5-ae18-b2613ddfeaf1 1.484s
2025-04-22 03:33:54.083 70325 INFO tempest.common.waiters [-] State transition "BUILD/networking" ==> "BUILD/spawning" after 38 second wait
2025-04-22 03:33:54.110 70363 INFO tempest.lib.common.rest_client [req-f7572add-1354-4d16-9034-ab1266af4081 req-f7572add-1354-4d16-9034-ab1266af4081 ] Request (FloatingIPsTestJSON:tearDownClass): 200 PUT http://10.180.1.21:9696/networking/v2.0/routers/24edb692-43c3-4520-84ac-cb75336282c2/remove_router_interface 1.530s
2025-04-22 03:33:54.134 70331 INFO tempest.lib.common.rest_client [req-f3400d04-ab10-4a41-9b13-2626b9b42f08 req-f3400d04-ab10-4a41-9b13-2626b9b42f08 ] Request (AbsoluteLimitsNegativeTestJSON:tearDownClass): 201 POST http://10.180.1.21/identity/v3/auth/tokens 0.081s
2025-04-22 03:33:54.159 70309 INFO tempest.lib.common.rest_client [req-8fdbdc8c-7527-40a3-9239-94b7ec1c681d req-8fdbdc8c-7527-40a3-9239-94b7ec1c681d ] Request (ServersAdminTestJSON:setUpClass): 201 POST http://10.180.1.21:9696/networking/v2.0/subnets 0.648s
2025-04-22 03:33:54.176 70305 INFO tempest.lib.common.rest_client [req-e83ba5aa-1f0d-4545-a167-5898b08b0dae req-e83ba5aa-1f0d-4545-a167-5898b08b0dae ] Request (ServersNegativeTestJSON:setUpClass): 200 GET http://10.180.1.21/compute/v2.1/servers/f5bd91ff-5a34-4478-9ece-8918fee6101a 1.466s
2025-04-22 03:33:54.276 70365 INFO tempest.lib.common.rest_client [req-9fed3bd5-af8c-4484-868a-d030de739047 req-9fed3bd5-af8c-4484-868a-d030de739047 ] Request (ServerExternalEventsTest:tearDownClass): 200 GET http://10.180.1.21/compute/v2.1/servers/60073f62-26e8-4d08-a43b-972ca96bcc9e 1.548s
2025-04-22 03:33:54.480 70331 INFO tempest.lib.common.rest_client [req-07a03375-42e7-409a-bb6b-b9686cd82af3 req-07a03375-42e7-409a-bb6b-b9686cd82af3 ] Request (AbsoluteLimitsNegativeTestJSON:tearDownClass): 200 GET http://10.180.1.21:9696/networking/v2.0/security-groups?tenant_id=ba1f3d12317d40649d43720fd58a180f&name=default 0.345s
2025-04-22 03:33:54.582 70357 INFO tempest.lib.common.rest_client [req-d3bc3643-da8f-4f3a-a166-1bcfb300ea67 req-d3bc3643-da8f-4f3a-a166-1bcfb300ea67 ] Request (ServersTestBootFromVolume:setUpClass): 200 GET http://10.180.1.21/volume/v3/volumes/1e6ba965-9184-4a81-b734-c19d9fca76d5 0.044s
2025-04-22 03:33:54.666 70361 INFO tempest.lib.common.rest_client [req-f539bfb4-f779-43a2-9434-9d75c70db76d req-f539bfb4-f779-43a2-9434-9d75c70db76d ] Request (ServerDiskConfigTestJSON:test_rebuild_server_with_auto_disk_config): 200 GET http://10.180.1.21/compute/v2.1/servers/8dbbc346-b158-4839-947f-030522d24158 1.795s
2025-04-22 03:33:54.678 70361 INFO tempest.common.waiters [-] State transition "REBUILD/rebuilding" ==> "REBUILD/rebuild_spawning" after 3 second wait
2025-04-22 03:33:54.685 70331 INFO tempest.lib.common.rest_client [req-2ff379f0-7714-4d0a-bf06-acbbafecea30 req-2ff379f0-7714-4d0a-bf06-acbbafecea30 ] Request (AbsoluteLimitsNegativeTestJSON:tearDownClass): 204 DELETE http://10.180.1.21:9696/networking/v2.0/security-groups/10e11594-9550-4466-a54f-85e31c911a3f 0.204s
2025-04-22 03:33:54.717 70353 INFO tempest.lib.common.rest_client [req-3a39b4b4-7ec6-4a99-ae9a-7410f7021c5a req-3a39b4b4-7ec6-4a99-ae9a-7410f7021c5a ] Request (ImagesTestJSON:test_create_image_from_stopped_server): 200 GET http://10.180.1.21/compute/v2.1/images/6a7b96b4-e880-4e99-88ee-da6227924dbd 1.781s
2025-04-22 03:33:54.753 70353 INFO tempest.lib.common.rest_client [req-08e83e70-8e04-49dc-804b-193bd77525d6 req-08e83e70-8e04-49dc-804b-193bd77525d6 ] Request (ImagesTestJSON:test_create_image_from_stopped_server): 200 GET http://10.180.1.21/image/v2/images/6a7b96b4-e880-4e99-88ee-da6227924dbd/tasks 0.033s
2025-04-22 03:33:54.773 70351 INFO tempest.lib.common.rest_client [req-95ef2861-cac2-4983-aa7d-88409ba3be6c req-95ef2861-cac2-4983-aa7d-88409ba3be6c ] Request (FloatingIPDetailsTestJSON:tearDownClass): 202 DELETE http://10.180.1.21/compute/v2.1/os-floating-ips/a05c849f-1259-48e6-aa06-144749692875 2.070s
2025-04-22 03:33:54.782 70331 INFO tempest.lib.common.rest_client [req-ff9798b6-bfc8-42a6-a739-04f2f3e3540c req-ff9798b6-bfc8-42a6-a739-04f2f3e3540c ] Request (AbsoluteLimitsNegativeTestJSON:tearDownClass): 204 DELETE http://10.180.1.21/identity/v3/projects/ba1f3d12317d40649d43720fd58a180f 0.096s
2025-04-22 03:33:54.883 70335 INFO tempest.lib.common.rest_client [req-816c39d3-e49d-443a-ab33-a309d340e7c8 req-816c39d3-e49d-443a-ab33-a309d340e7c8 ] Request (FloatingIPsAssociationTestJSON:test_associate_already_associated_floating_ip): 200 GET http://10.180.1.21/compute/v2.1/servers/3fac017c-41a0-40f2-8f77-b1d72e1903dc 1.872s
2025-04-22 03:33:54.950 70363 INFO tempest.lib.common.rest_client [req-4d340b9d-5b35-415a-af0b-b33e047fb34a req-4d340b9d-5b35-415a-af0b-b33e047fb34a ] Request (FloatingIPsTestJSON:tearDownClass): 204 DELETE http://10.180.1.21:9696/networking/v2.0/routers/24edb692-43c3-4520-84ac-cb75336282c2 0.839s
2025-04-22 03:33:55.006 70323 INFO tempest.lib.common.rest_client [req-cee7d0ff-aa4d-4c1c-8899-505429e2f0e6 req-cee7d0ff-aa4d-4c1c-8899-505429e2f0e6 ] Request (ListImageFiltersTestJSON:setUpClass): 200 GET http://10.180.1.21/compute/v2.1/servers/3a7cb3aa-08e8-4d2f-94bc-8cf4d82544e1 2.061s
2025-04-22 03:33:55.108 70345 INFO tempest.lib.common.rest_client [req-040db005-c9ba-4f94-91e4-35203835ebab req-040db005-c9ba-4f94-91e4-35203835ebab ] Request (ServerMetadataTestJSON:setUpClass): 200 GET http://10.180.1.21/compute/v2.1/servers/9f30e265-50d0-42b4-a79f-950aa915aa53 1.902s
2025-04-22 03:33:55.131 70355 INFO tempest.lib.common.rest_client [req-c4889136-f737-45c4-b2d5-046cf9172219 req-c4889136-f737-45c4-b2d5-046cf9172219 ] Request (ServersTestManualDisk:setUpClass): 200 GET http://10.180.1.21/compute/v2.1/servers/e8adf65d-fde7-4479-a05c-5690f9e87910 2.091s
2025-04-22 03:33:55.195 70363 INFO tempest.lib.common.rest_client [req-57ad104e-012f-43e5-82fe-4489a3094896 req-57ad104e-012f-43e5-82fe-4489a3094896 ] Request (FloatingIPsTestJSON:tearDownClass): 204 DELETE http://10.180.1.21:9696/networking/v2.0/subnets/f5196176-5047-4582-998e-b2266e387c17 0.245s
2025-04-22 03:33:55.221 70359 INFO tempest.lib.common.rest_client [req-b629b7fe-6a65-4895-a8d1-33ddc145083d req-b629b7fe-6a65-4895-a8d1-33ddc145083d ] Request (ImagesNegativeTestJSON:test_create_image_from_deleted_server): 200 GET http://10.180.1.21/compute/v2.1/servers/c73fd485-e892-4ede-b980-c5b154d292d9 1.960s
2025-04-22 03:33:55.242 70337 INFO tempest.lib.common.rest_client [req-d417e206-cf0b-43ab-be5b-fd612b704f73 req-d417e206-cf0b-43ab-be5b-fd612b704f73 ] Request (TenantUsagesTestJSON:setUpClass): 200 GET http://10.180.1.21/compute/v2.1/servers/ef11d456-2416-4498-aa7c-e1a51cb865d3 1.921s
2025-04-22 03:33:55.263 70339 INFO tempest.lib.common.rest_client [req-42fd13ca-d1cc-4682-b33d-c202bf24b94c req-42fd13ca-d1cc-4682-b33d-c202bf24b94c ] Request (SecurityGroupRulesNegativeTestJSON:test_create_security_group_rule_with_invalid_to_port): 400 POST http://10.180.1.21/compute/v2.1/os-security-group-rules 1.912s
2025-04-22 03:33:55.284 70313 INFO tempest.lib.common.rest_client [req-5727e513-be8f-4936-92e9-e673d0f63ab8 req-5727e513-be8f-4936-92e9-e673d0f63ab8 ] Request (ListServerFiltersTestJSON:test_list_servers_filter_by_limit): 200 GET http://10.180.1.21/compute/v2.1/servers?limit=1 1.853s
2025-04-22 03:33:55.335 70317 INFO tempest.lib.common.rest_client [req-635ba649-a832-46f0-b292-c87802cff3df req-635ba649-a832-46f0-b292-c87802cff3df ] Request (FloatingIPsAssociationNegativeTestJSON:setUpClass): 200 GET http://10.180.1.21/compute/v2.1/servers/f38fbfac-9498-448d-9889-3ab4d2da1e16 1.773s
2025-04-22 03:33:55.400 70327 INFO tempest.lib.common.rest_client [req-8e1cb372-57d1-44fb-b22b-33f8c72876df req-8e1cb372-57d1-44fb-b22b-33f8c72876df ] Request (ServerDiagnosticsV248Test:test_get_server_diagnostics): 200 GET http://10.180.1.21/compute/v2.1/servers/eac4f5f4-b1b1-4be7-9b39-dcca5ad6d09c 1.623s
2025-04-22 03:33:55.484 70329 INFO tempest.lib.common.rest_client [req-270dbb5c-d799-4014-bc40-cfc5830ad560 req-270dbb5c-d799-4014-bc40-cfc5830ad560 ] Request (VolumesAssistedSnapshotsTest:test_volume_assisted_snapshot_create_delete): 200 GET http://10.180.1.21/compute/v2.1/servers/0f5ccae7-1100-4899-8949-687a20f268b9 1.669s
2025-04-22 03:33:55.487 70341 INFO tempest.lib.common.rest_client [req-6a23de8a-07c6-4a2c-a159-84cb0c85165b req-6a23de8a-07c6-4a2c-a159-84cb0c85165b ] Request (DeleteServersAdminTestJSON:test_delete_server_while_in_error_state): 200 GET http://10.180.1.21/compute/v2.1/servers/b518bb73-3811-446e-8e88-1b6386f39543 1.654s
2025-04-22 03:33:55.553 70315 INFO tempest.lib.common.rest_client [req-1236a0b9-0348-48c7-855f-9a8eddd1e6b1 req-1236a0b9-0348-48c7-855f-9a8eddd1e6b1 ] Request (ServersV294TestFqdnHostnames:setUpClass): 200 GET http://10.180.1.21/compute/v2.1/servers/9642dc29-73e4-451e-bf37-fe20fc4c876a 1.647s
2025-04-22 03:33:55.573 70319 INFO tempest.lib.common.rest_client [req-48e517bd-7099-4bd9-9e85-9062b80277dd req-48e517bd-7099-4bd9-9e85-9062b80277dd ] Request (SecurityGroupsTestJSON:test_list_security_groups_by_server): 200 GET http://10.180.1.21/compute/v2.1/servers/f432ef0a-9c47-40e6-96c1-d7601dc314a4 1.571s
2025-04-22 03:33:55.616 70307 INFO tempest.lib.common.rest_client [req-3b2f9336-05a0-4f95-a7c4-5a013f0b2ff6 req-3b2f9336-05a0-4f95-a7c4-5a013f0b2ff6 ] Request (ImagesOneServerTestJSON:test_create_image_specify_multibyte_character_image_name): 200 GET http://10.180.1.21/compute/v2.1/images/d92ab624-fe36-4ec0-920b-672e4edf12a1 1.525s
2025-04-22 03:33:55.621 70343 INFO tempest.lib.common.rest_client [req-115957d4-782d-4c8a-86cf-1cf3a34af6b5 req-115957d4-782d-4c8a-86cf-1cf3a34af6b5 ] Request (ServerRescueTestJSONUnderV235:setUpClass): 200 GET http://10.180.1.21/compute/v2.1/servers/a3f66942-6063-4d1f-9bb0-b07899beccc1 1.559s
2025-04-22 03:33:55.632 70357 INFO tempest.lib.common.rest_client [req-8f5a4716-d1e3-45a2-8cee-ba7264af6b63 req-8f5a4716-d1e3-45a2-8cee-ba7264af6b63 ] Request (ServersTestBootFromVolume:setUpClass): 200 GET http://10.180.1.21/volume/v3/volumes/1e6ba965-9184-4a81-b734-c19d9fca76d5 0.036s
2025-04-22 03:33:55.683 70321 INFO tempest.lib.common.rest_client [req-fd3dc0e3-c664-4732-b9a5-e94ef5bacc3d req-fd3dc0e3-c664-4732-b9a5-e94ef5bacc3d ] Request (ImagesOneServerNegativeTestJSON:setUpClass): 200 GET http://10.180.1.21/compute/v2.1/servers/eacd2ffb-6901-48e1-86ed-448b58a34bd3 1.170s
2025-04-22 03:33:55.708 70349 INFO tempest.lib.common.rest_client [req-afb5ec0c-a788-45d9-86fd-34bfd7ab0985 req-afb5ec0c-a788-45d9-86fd-34bfd7ab0985 ] Request (ServerDiagnosticsTest:tearDownClass): 200 GET http://10.180.1.21/compute/v2.1/servers/88e60979-6906-4c76-b683-1891f48beea7 1.110s
2025-04-22 03:33:55.743 70363 INFO tempest.lib.common.rest_client [req-005e8372-6bc5-41ec-a7a2-608e8d56df3d req-005e8372-6bc5-41ec-a7a2-608e8d56df3d ] Request (FloatingIPsTestJSON:tearDownClass): 204 DELETE http://10.180.1.21:9696/networking/v2.0/networks/ea46874b-01ad-4091-907b-a6c0d30fb34e 0.547s
2025-04-22 03:33:55.777 70334 INFO tempest.lib.common.rest_client [req-7d51f733-9d41-4132-8b46-9660a1820d86 req-7d51f733-9d41-4132-8b46-9660a1820d86 ] Request (ServersAdmin275Test:tearDownClass): 200 GET http://10.180.1.21/compute/v2.1/servers/247b5a9f-9456-4f5c-b8f0-efb003ab6cee 1.165s
2025-04-22 03:33:55.844 70353 INFO tempest.lib.common.rest_client [req-ef6c42ae-9c1f-4b5b-84cb-91cb13c6585f req-ef6c42ae-9c1f-4b5b-84cb-91cb13c6585f ] Request (ImagesTestJSON:_run_cleanups): 204 DELETE http://10.180.1.21/compute/v2.1/images/6a7b96b4-e880-4e99-88ee-da6227924dbd 1.090s
2025-04-22 03:33:55.846 70363 INFO tempest.lib.common.rest_client [req-8e269344-e20f-4610-9f4c-a07f9e5e8977 req-8e269344-e20f-4610-9f4c-a07f9e5e8977 ] Request (FloatingIPsTestJSON:tearDownClass): 204 DELETE http://10.180.1.21/identity/v3/users/f206ece4858a4a30a2aa3fe9e5213043 0.103s
2025-04-22 03:33:55.846 70363 INFO tempest.lib.common.dynamic_creds [-] Deleting project and security group for project: 805483b49cef4a9e8d86eb0f55ca1777
2025-04-22 03:33:55.905 70363 INFO tempest.lib.common.rest_client [req-c656881c-58db-4003-acaa-faca8cf32281 req-c656881c-58db-4003-acaa-faca8cf32281 ] Request (FloatingIPsTestJSON:tearDownClass): 200 GET http://10.180.1.21:9696/networking/v2.0/security-groups?tenant_id=805483b49cef4a9e8d86eb0f55ca1777&name=default 0.058s
2025-04-22 03:33:55.989 70311 INFO tempest.lib.common.rest_client [req-2865c859-4f53-4a85-b3c2-555650b3af16 req-2865c859-4f53-4a85-b3c2-555650b3af16 ] Request (MigrationsAdminTest:test_list_migrations_in_flavor_resize_situation): 200 GET http://10.180.1.21/compute/v2.1/servers/b45e94ae-d45b-4632-b8da-ae1cb246450a 1.112s
2025-04-22 03:33:56.135 70347 INFO tempest.lib.common.rest_client [req-708b2eac-9c94-455f-9c70-014d41104d90 req-708b2eac-9c94-455f-9c70-014d41104d90 ] Request (ServersWithSpecificFlavorTestJSON:test_verify_created_server_ephemeral_disk): 200 GET http://10.180.1.21/compute/v2.1/servers/46ca388e-79b7-403b-a895-99a9d1ac93cd 1.156s
2025-04-22 03:33:56.142 70347 INFO tempest.common.waiters [-] State transition "BUILD/networking" ==> "BUILD/spawning" after 40 second wait
2025-04-22 03:33:56.225 70363 INFO tempest.lib.common.rest_client [req-9f96296f-36c2-4492-a7b9-d3df5651043c req-9f96296f-36c2-4492-a7b9-d3df5651043c ] Request (FloatingIPsTestJSON:tearDownClass): 204 DELETE http://10.180.1.21:9696/networking/v2.0/security-groups/784d7180-e2cd-4a69-b452-1f6f32fc5ba5 0.320s
2025-04-22 03:33:56.228 70325 INFO tempest.lib.common.rest_client [req-7a2745ef-5800-4ba5-ac77-b5541736f11b req-7a2745ef-5800-4ba5-ac77-b5541736f11b ] Request (ServersAdminNegativeTestJSON:setUpClass): 200 GET http://10.180.1.21/compute/v2.1/servers/c35f752e-e9b4-48d5-ae18-b2613ddfeaf1 1.144s
2025-04-22 03:33:56.278 70305 INFO tempest.lib.common.rest_client [req-f2379cd7-2571-4cd3-bd66-17affbbcade1 req-f2379cd7-2571-4cd3-bd66-17affbbcade1 ] Request (ServersNegativeTestJSON:setUpClass): 200 GET http://10.180.1.21/compute/v2.1/servers/f5bd91ff-5a34-4478-9ece-8918fee6101a 1.089s
2025-04-22 03:33:56.297 70339 INFO tempest.lib.common.rest_client [req-8ee95ec9-e8f7-49b2-b3f5-1af380f6897b req-8ee95ec9-e8f7-49b2-b3f5-1af380f6897b ] Request (SecurityGroupRulesNegativeTestJSON:test_create_security_group_rule_with_non_existent_id): 404 POST http://10.180.1.21/compute/v2.1/os-security-group-rules 1.032s
2025-04-22 03:33:56.320 70363 INFO tempest.lib.common.rest_client [req-bf6068c6-7105-4ec9-ba60-5e50da78dd37 req-bf6068c6-7105-4ec9-ba60-5e50da78dd37 ] Request (FloatingIPsTestJSON:tearDownClass): 204 DELETE http://10.180.1.21/identity/v3/projects/805483b49cef4a9e8d86eb0f55ca1777 0.095s
