2025-04-22 03:35:39.591 70319 INFO tempest.lib.common.rest_client [req-79cc0814-f890-4ba7-8e31-cd970c9cb06c req-79cc0814-f890-4ba7-8e31-cd970c9cb06c ] Request (SecurityGroupsTestJSON:test_server_security_groups): 200 GET http://10.180.1.21/compute/v2.1/servers/c15ff953-56a8-45c8-ac78-174801a3bf1a 0.049s
2025-04-22 03:35:39.670 70325 INFO tempest.lib.common.rest_client [req-787d7ac2-28a7-4bb5-8902-4b7a97be752c req-787d7ac2-28a7-4bb5-8902-4b7a97be752c ] Request (ServersAdminNegativeTestJSON:tearDownClass): 200 GET http://10.180.1.21/compute/v2.1/servers/87d6b4be-0570-4acf-adb2-76535b5157d6 0.132s
2025-04-22 03:35:39.842 70337 INFO tempest.lib.common.rest_client [req-069088b8-b1ff-45c0-8fa2-98e0d3ac2453 req-069088b8-b1ff-45c0-8fa2-98e0d3ac2453 ] Request (AttachInterfacesTestJSON:test_create_list_show_delete_interfaces_by_fixed_ip): 200 GET http://10.180.1.21/compute/v2.1/servers/1b193fd9-d782-44d2-860b-83b53ee06485 0.053s
2025-04-22 03:35:39.878 70341 INFO tempest.lib.common.rest_client [req-f96c75da-9b0f-4609-a426-fb720a4e3e44 req-f96c75da-9b0f-4609-a426-fb720a4e3e44 ] Request (DeleteServersAdminTestJSON:test_delete_server_while_in_error_state): 200 GET http://10.180.1.21/compute/v2.1/servers/b518bb73-3811-446e-8e88-1b6386f39543 0.056s
2025-04-22 03:35:39.919 70335 INFO tempest.lib.common.rest_client [req-fd06011a-10c1-499f-a188-e067200e7cb9 req-fd06011a-10c1-499f-a188-e067200e7cb9 ] Request (FloatingIPsAssociationTestJSON:tearDownClass): 200 GET http://10.180.1.21/compute/v2.1/servers/3448671a-a384-4c15-a9ba-1ba3dad1b1d6 0.056s
2025-04-22 03:35:39.926 70309 INFO tempest.lib.common.rest_client [req-ac7cf1ce-533e-4e89-ad42-69d03bd6e547 req-ac7cf1ce-533e-4e89-ad42-69d03bd6e547 ] Request (ServersAdminTestJSON:test_create_server_with_scheduling_hint): 200 GET http://10.180.1.21/compute/v2.1/servers/988f1dd1-06ba-47ca-9a20-3c1bf4bac2bc 0.046s
2025-04-22 03:35:39.976 70317 INFO tempest.lib.common.rest_client [req-62302723-95e9-4e15-a0f3-9668eddfaacd req-62302723-95e9-4e15-a0f3-9668eddfaacd ] Request (FloatingIPsAssociationNegativeTestJSON:tearDownClass): 200 GET http://10.180.1.21/compute/v2.1/servers/f38fbfac-9498-448d-9889-3ab4d2da1e16 0.056s
2025-04-22 03:35:40.000 70313 INFO tempest.lib.common.rest_client [req-c29d8d48-b783-40b3-a7a0-f8e30ed7159e req-c29d8d48-b783-40b3-a7a0-f8e30ed7159e ] Request (ListServerFiltersTestJSON:tearDownClass): 200 GET http://10.180.1.21/compute/v2.1/servers/2c519237-3872-4b47-93c5-181f773eccb8 0.062s
2025-04-22 03:35:40.027 70353 INFO tempest.lib.common.rest_client [req-657c1bea-8d01-484b-a0c6-a6ff45b26771 req-657c1bea-8d01-484b-a0c6-a6ff45b26771 ] Request (ImagesTestJSON:test_create_server_from_snapshot): 200 GET http://10.180.1.21/compute/v2.1/servers/38129ac8-996a-47d5-b361-267ccd014133 0.055s
2025-04-22 03:35:40.054 70305 INFO tempest.lib.common.rest_client [req-c9bf4419-6199-43aa-9d1f-077f8d70ccf1 req-c9bf4419-6199-43aa-9d1f-077f8d70ccf1 ] Request (ServersNegativeTestJSON:setUpClass): 200 GET http://10.180.1.21/compute/v2.1/servers/7fb2a008-741b-4d9f-8ebe-bfabc9b121b1 0.068s
2025-04-22 03:35:40.114 70367 INFO tempest.lib.common.rest_client [req-0dfdd577-84e6-45aa-9671-8912a086a9f4 req-0dfdd577-84e6-45aa-9671-8912a086a9f4 ] Request (VolumesAdminNegativeTest:test_update_attached_volume_with_nonexistent_volume_in_uri): 200 GET http://10.180.1.21/compute/v2.1/servers/6d147721-ae87-4e80-b553-b4e7c4c3dee4 0.096s
2025-04-22 03:35:40.121 70323 INFO tempest.lib.common.rest_client [req-b1b3ece7-35f3-4b93-8bbf-3e567dc6e2fa req-b1b3ece7-35f3-4b93-8bbf-3e567dc6e2fa ] Request (ListImageFiltersTestJSON:tearDownClass): 200 GET http://10.180.1.21/compute/v2.1/servers/3a7cb3aa-08e8-4d2f-94bc-8cf4d82544e1 0.081s
2025-04-22 03:35:40.189 70343 INFO tempest.lib.common.rest_client [req-c2a375de-2d40-44de-b138-1a067c428fd3 req-c2a375de-2d40-44de-b138-1a067c428fd3 ] Request (ServerRescueTestJSONUnderV235:tearDownClass): 200 GET http://10.180.1.21/compute/v2.1/servers/a3f66942-6063-4d1f-9bb0-b07899beccc1 0.116s
2025-04-22 03:35:40.205 70359 INFO tempest.lib.common.rest_client [req-3c9dbf6f-55e0-4ab7-8156-740cd72629a7 req-3c9dbf6f-55e0-4ab7-8156-740cd72629a7 ] Request (ServerActionsTestOtherA:setUpClass): 200 GET http://10.180.1.21/compute/v2.1/servers/a9033a7a-ce00-4fd3-8c19-bd43af369be5 0.097s
2025-04-22 03:35:40.245 70355 INFO tempest.lib.common.rest_client [req-cf59de60-81cf-49c6-bde7-5f34def251c1 req-cf59de60-81cf-49c6-bde7-5f34def251c1 ] Request (ServersNegativeTestMultiTenantJSON:setUpClass): 200 GET http://10.180.1.21/compute/v2.1/servers/77ca4bdd-1d0e-4596-810a-29eec177acd3 0.089s
2025-04-22 03:35:40.285 70315 INFO tempest.lib.common.rest_client [req-d0bb5a38-1eeb-44b5-b74d-c2c4fe67b7b2 req-d0bb5a38-1eeb-44b5-b74d-c2c4fe67b7b2 ] Request (ServersV294TestFqdnHostnames:tearDownClass): 200 GET http://10.180.1.21/compute/v2.1/servers/9642dc29-73e4-451e-bf37-fe20fc4c876a 0.078s
2025-04-22 03:35:40.315 70311 INFO tempest.lib.common.rest_client [req-b9929dfc-af4f-4dfa-ae38-b01422075fff req-b9929dfc-af4f-4dfa-ae38-b01422075fff ] Request (MigrationsAdminTest:test_resize_server_revert_deleted_flavor): 200 GET http://10.180.1.21/compute/v2.1/servers/f84a2f6c-99ad-4283-9a1d-528d4a91f034 0.056s
2025-04-22 03:35:40.374 70321 INFO tempest.lib.common.rest_client [req-6a9ef980-690d-4311-9b4e-22fe258afed1 req-6a9ef980-690d-4311-9b4e-22fe258afed1 ] Request (ImagesOneServerNegativeTestJSON:_run_cleanups): 404 GET http://10.180.1.21/compute/v2.1/servers/eacd2ffb-6901-48e1-86ed-448b58a34bd3 0.022s
2025-04-22 03:35:40.409 70321 INFO tempest.lib.common.rest_client [req-4b502f3d-ccbc-4fe3-a19e-2a393c7f6926 req-4b502f3d-ccbc-4fe3-a19e-2a393c7f6926 ] Request (ImagesOneServerNegativeTestJSON:_run_cleanups): 200 POST http://10.180.1.21/compute/v2.1/os-keypairs 0.033s
2025-04-22 03:35:40.461 70361 INFO tempest.lib.common.rest_client [req-a8c989c3-8a28-49cb-aaaf-429c0863a9d2 req-a8c989c3-8a28-49cb-aaaf-429c0863a9d2 ] Request (ServerDiskConfigTestJSON:test_rebuild_server_with_manual_disk_config): 200 GET http://10.180.1.21/compute/v2.1/servers/fdda3efc-facb-4d2a-b4e1-b167507b95e8 0.091s
2025-04-22 03:35:40.506 70321 INFO tempest.lib.common.rest_client [req-376e7db9-d8f3-42fe-88df-069e9ab96277 req-376e7db9-d8f3-42fe-88df-069e9ab96277 ] Request (ImagesOneServerNegativeTestJSON:_run_cleanups): 201 POST http://10.180.1.21:9696/networking/v2.0/security-groups 0.096s
2025-04-22 03:35:40.521 70334 INFO tempest.lib.common.rest_client [req-b08685f8-ad7e-44bc-80cf-db3ef1ed8c27 req-b08685f8-ad7e-44bc-80cf-db3ef1ed8c27 ] Request (ListServersNegativeTestJSON:setUpClass): 200 GET http://10.180.1.21/compute/v2.1/servers/0937ab71-83d3-436e-a5d3-e3c7fb97c642 0.057s
2025-04-22 03:35:40.576 70327 INFO tempest.lib.common.rest_client [req-c9a814a4-1039-4a90-bfde-bfaea088e116 req-c9a814a4-1039-4a90-bfde-bfaea088e116 ] Request (DeleteServersTestJSON:test_delete_active_server): 200 GET http://10.180.1.21/compute/v2.1/servers/add55a74-5dc7-4a4e-9fbc-a7b02ee8488f 0.062s
2025-04-22 03:35:40.630 70307 INFO tempest.lib.common.rest_client [req-9fbc4dd3-6e85-4d58-a4e4-d08814544067 req-9fbc4dd3-6e85-4d58-a4e4-d08814544067 ] Request (MultipleCreateTestJSON:test_multiple_create): 200 GET http://10.180.1.21/compute/v2.1/servers/bf18b01f-0588-44d1-a156-382533029496 0.079s
2025-04-22 03:35:40.637 70365 INFO tempest.lib.common.rest_client [req-6504e6a8-258a-4b27-bd73-4efcc146a0d6 req-6504e6a8-258a-4b27-bd73-4efcc146a0d6 ] Request (InstanceActionsNegativeTestJSON:setUpClass): 200 GET http://10.180.1.21/compute/v2.1/servers/18c1d1b6-c516-4c4c-a24d-3b354ba92690 0.138s
2025-04-22 03:35:40.645 70321 INFO tempest.lib.common.rest_client [req-97e31fb1-573b-433c-87d5-f1afda20c16a req-97e31fb1-573b-433c-87d5-f1afda20c16a ] Request (ImagesOneServerNegativeTestJSON:_run_cleanups): 201 POST http://10.180.1.21:9696/networking/v2.0/security-group-rules 0.138s
2025-04-22 03:35:40.685 70319 INFO tempest.lib.common.rest_client [req-6a6c7814-0bb1-4d67-b238-0c12e9633233 req-6a6c7814-0bb1-4d67-b238-0c12e9633233 ] Request (SecurityGroupsTestJSON:test_server_security_groups): 200 GET http://10.180.1.21/compute/v2.1/servers/c15ff953-56a8-45c8-ac78-174801a3bf1a 0.085s
2025-04-22 03:35:40.732 70325 INFO tempest.lib.common.rest_client [req-9a8d7ae7-a66f-4ae0-9eca-5e019d9f8a8e req-9a8d7ae7-a66f-4ae0-9eca-5e019d9f8a8e ] Request (ServersAdminNegativeTestJSON:tearDownClass): 200 GET http://10.180.1.21/compute/v2.1/servers/87d6b4be-0570-4acf-adb2-76535b5157d6 0.051s
2025-04-22 03:35:40.746 70321 INFO tempest.lib.common.rest_client [req-c90ab9b5-1f0f-44b0-a2ff-ebc996c2e383 req-c90ab9b5-1f0f-44b0-a2ff-ebc996c2e383 ] Request (ImagesOneServerNegativeTestJSON:_run_cleanups): 201 POST http://10.180.1.21:9696/networking/v2.0/security-group-rules 0.101s
2025-04-22 03:35:40.898 70337 INFO tempest.lib.common.rest_client [req-676af49d-10d0-4f73-b44a-367d09425a1f req-676af49d-10d0-4f73-b44a-367d09425a1f ] Request (AttachInterfacesTestJSON:test_create_list_show_delete_interfaces_by_fixed_ip): 200 GET http://10.180.1.21/compute/v2.1/servers/1b193fd9-d782-44d2-860b-83b53ee06485 0.048s
2025-04-22 03:35:40.957 70341 INFO tempest.lib.common.rest_client [req-45c12fe2-085b-49b4-80a8-affc4c66d2ee req-45c12fe2-085b-49b4-80a8-affc4c66d2ee ] Request (DeleteServersAdminTestJSON:test_delete_server_while_in_error_state): 200 GET http://10.180.1.21/compute/v2.1/servers/b518bb73-3811-446e-8e88-1b6386f39543 0.071s
2025-04-22 03:35:41.001 70335 INFO tempest.lib.common.rest_client [req-7f8a5c7e-3486-4418-ae20-9a42b40bf1ff req-7f8a5c7e-3486-4418-ae20-9a42b40bf1ff ] Request (FloatingIPsAssociationTestJSON:tearDownClass): 200 GET http://10.180.1.21/compute/v2.1/servers/3448671a-a384-4c15-a9ba-1ba3dad1b1d6 0.074s
2025-04-22 03:35:41.020 70309 INFO tempest.lib.common.rest_client [req-9b4015ee-f748-4c92-85b0-d9354795691a req-9b4015ee-f748-4c92-85b0-d9354795691a ] Request (ServersAdminTestJSON:test_create_server_with_scheduling_hint): 200 GET http://10.180.1.21/compute/v2.1/servers/988f1dd1-06ba-47ca-9a20-3c1bf4bac2bc 0.086s
2025-04-22 03:35:41.070 70317 INFO tempest.lib.common.rest_client [req-efb157b7-24b8-4016-b9d8-565ca8056512 req-efb157b7-24b8-4016-b9d8-565ca8056512 ] Request (FloatingIPsAssociationNegativeTestJSON:tearDownClass): 200 GET http://10.180.1.21/compute/v2.1/servers/f38fbfac-9498-448d-9889-3ab4d2da1e16 0.085s
2025-04-22 03:35:41.075 70313 INFO tempest.lib.common.rest_client [req-f59dcbba-7e0b-4f34-b95d-8185e408b5e7 req-f59dcbba-7e0b-4f34-b95d-8185e408b5e7 ] Request (ListServerFiltersTestJSON:tearDownClass): 200 GET http://10.180.1.21/compute/v2.1/servers/2c519237-3872-4b47-93c5-181f773eccb8 0.063s
2025-04-22 03:35:41.127 70353 INFO tempest.lib.common.rest_client [req-440593d5-1ce3-4042-a670-7c227a4ebdf8 req-440593d5-1ce3-4042-a670-7c227a4ebdf8 ] Request (ImagesTestJSON:test_create_server_from_snapshot): 200 GET http://10.180.1.21/compute/v2.1/servers/38129ac8-996a-47d5-b361-267ccd014133 0.092s
2025-04-22 03:35:41.130 70305 INFO tempest.lib.common.rest_client [req-9fb07980-40ec-4695-9a88-b55e85bd6cd1 req-9fb07980-40ec-4695-9a88-b55e85bd6cd1 ] Request (ServersNegativeTestJSON:setUpClass): 200 GET http://10.180.1.21/compute/v2.1/servers/7fb2a008-741b-4d9f-8ebe-bfabc9b121b1 0.066s
2025-04-22 03:35:41.161 70321 INFO tempest.lib.common.rest_client [req-c2b39576-5fdc-45ed-bc90-fa26479356bf req-c2b39576-5fdc-45ed-bc90-fa26479356bf ] Request (ImagesOneServerNegativeTestJSON:_run_cleanups): 201 POST http://10.180.1.21:9696/networking/v2.0/floatingips 0.414s
2025-04-22 03:35:41.183 70367 INFO tempest.lib.common.rest_client [req-eee0264c-fb33-4723-a277-256ff83f60c7 req-eee0264c-fb33-4723-a277-256ff83f60c7 ] Request (VolumesAdminNegativeTest:test_update_attached_volume_with_nonexistent_volume_in_uri): 200 GET http://10.180.1.21/compute/v2.1/servers/6d147721-ae87-4e80-b553-b4e7c4c3dee4 0.061s
2025-04-22 03:35:41.192 70323 INFO tempest.lib.common.rest_client [req-460c202b-a1d7-4be8-b015-0e09225c288d req-460c202b-a1d7-4be8-b015-0e09225c288d ] Request (ListImageFiltersTestJSON:tearDownClass): 200 GET http://10.180.1.21/compute/v2.1/servers/3a7cb3aa-08e8-4d2f-94bc-8cf4d82544e1 0.062s
2025-04-22 03:35:41.224 70321 INFO tempest.lib.common.rest_client [req-d3385919-57b8-4cb2-b6e0-31dd3fb025a1 req-d3385919-57b8-4cb2-b6e0-31dd3fb025a1 ] Request (ImagesOneServerNegativeTestJSON:_run_cleanups): 201 POST http://10.180.1.21/identity/v3/auth/tokens 0.059s
2025-04-22 03:35:41.224 70321 INFO tempest.lib.common.fixed_network [-] (ImagesOneServerNegativeTestJSON:_run_cleanups) Found network {'id': '71912863-1db2-4d1d-8038-f437dfe6f4ec', 'name': 'tempest-ImagesOneServerNegativeTestJSON-1852392804-network', 'tenant_id': 'b8dd3d9826ac47a58847835d5bfbf9f5', 'admin_state_up': True, 'mtu': 8950, 'status': 'ACTIVE', 'subnets': [], 'shared': False, 'project_id': 'b8dd3d9826ac47a58847835d5bfbf9f5', 'port_security_enabled': True, 'router:external': False, 'provider:network_type': 'vlan', 'provider:physical_network': 'default', 'provider:segmentation_id': 926, 'availability_zone_hints': [], 'availability_zones': [], 'ipv4_address_scope': None, 'ipv6_address_scope': None, 'description': '', 'tags': [], 'created_at': '2025-04-22T03:33:30Z', 'updated_at': '2025-04-22T03:33:30Z', 'revision_number': 1} available for tenant
2025-04-22 03:35:41.253 70343 INFO tempest.lib.common.rest_client [req-f20dd8ea-41d4-4204-855b-6e3ccf86f4ae req-f20dd8ea-41d4-4204-855b-6e3ccf86f4ae ] Request (ServerRescueTestJSONUnderV235:tearDownClass): 200 GET http://10.180.1.21/compute/v2.1/servers/a3f66942-6063-4d1f-9bb0-b07899beccc1 0.055s
2025-04-22 03:35:41.262 70359 INFO tempest.lib.common.rest_client [req-7616f5f4-196e-4fb7-994a-f39203c3b248 req-7616f5f4-196e-4fb7-994a-f39203c3b248 ] Request (ServerActionsTestOtherA:setUpClass): 200 GET http://10.180.1.21/compute/v2.1/servers/a9033a7a-ce00-4fd3-8c19-bd43af369be5 0.048s
2025-04-22 03:35:41.312 70355 INFO tempest.lib.common.rest_client [req-b50e90ea-ed58-45be-a6a8-866f8e402294 req-b50e90ea-ed58-45be-a6a8-866f8e402294 ] Request (ServersNegativeTestMultiTenantJSON:setUpClass): 200 GET http://10.180.1.21/compute/v2.1/servers/77ca4bdd-1d0e-4596-810a-29eec177acd3 0.050s
2025-04-22 03:35:41.372 70315 INFO tempest.lib.common.rest_client [req-ccf0356c-ae00-4603-bf81-3fb23eb16987 req-ccf0356c-ae00-4603-bf81-3fb23eb16987 ] Request (ServersV294TestFqdnHostnames:tearDownClass): 200 GET http://10.180.1.21/compute/v2.1/servers/9642dc29-73e4-451e-bf37-fe20fc4c876a 0.077s
2025-04-22 03:35:41.417 70311 INFO tempest.lib.common.rest_client [req-aefc7078-21aa-4bde-86fa-bdf14bdb3d37 req-aefc7078-21aa-4bde-86fa-bdf14bdb3d37 ] Request (MigrationsAdminTest:test_resize_server_revert_deleted_flavor): 200 GET http://10.180.1.21/compute/v2.1/servers/f84a2f6c-99ad-4283-9a1d-528d4a91f034 0.094s
2025-04-22 03:35:41.568 70361 INFO tempest.lib.common.rest_client [req-b948a6f9-85ef-4de9-abd7-6adde2ea6d20 req-b948a6f9-85ef-4de9-abd7-6adde2ea6d20 ] Request (ServerDiskConfigTestJSON:test_rebuild_server_with_manual_disk_config): 200 GET http://10.180.1.21/compute/v2.1/servers/fdda3efc-facb-4d2a-b4e1-b167507b95e8 0.099s
2025-04-22 03:35:41.575 70361 INFO tempest.common.waiters [-] State transition "REBUILD/rebuild_spawning" ==> "ACTIVE/None" after 10 second wait
2025-04-22 03:35:41.626 70334 INFO tempest.lib.common.rest_client [req-1d4c5912-3cea-49d5-9fd7-3286d063fc25 req-1d4c5912-3cea-49d5-9fd7-3286d063fc25 ] Request (ListServersNegativeTestJSON:setUpClass): 200 GET http://10.180.1.21/compute/v2.1/servers/0937ab71-83d3-436e-a5d3-e3c7fb97c642 0.097s
2025-04-22 03:35:41.650 70321 INFO tempest.lib.common.rest_client [req-e6b99cac-3f08-4646-aa33-ed1d87757d38 req-e6b99cac-3f08-4646-aa33-ed1d87757d38 ] Request (ImagesOneServerNegativeTestJSON:_run_cleanups): 202 POST http://10.180.1.21/compute/v2.1/servers 0.425s
2025-04-22 03:35:41.701 70327 INFO tempest.lib.common.rest_client [req-7d93d772-d76d-4ad7-8e7b-3ea48f1aca17 req-7d93d772-d76d-4ad7-8e7b-3ea48f1aca17 ] Request (DeleteServersTestJSON:test_delete_active_server): 200 GET http://10.180.1.21/compute/v2.1/servers/add55a74-5dc7-4a4e-9fbc-a7b02ee8488f 0.117s
2025-04-22 03:35:41.724 70361 INFO tempest.lib.common.rest_client [req-e66638cd-01ab-40e8-9a22-c3da7ded4121 req-e66638cd-01ab-40e8-9a22-c3da7ded4121 ] Request (ServerDiskConfigTestJSON:test_rebuild_server_with_manual_disk_config): 200 GET http://10.180.1.21/compute/v2.1/servers/fdda3efc-facb-4d2a-b4e1-b167507b95e8 0.148s
2025-04-22 03:35:41.752 70307 INFO tempest.lib.common.rest_client [req-eda7c910-9f56-4e3b-b09d-0cb6845b20ee req-eda7c910-9f56-4e3b-b09d-0cb6845b20ee ] Request (MultipleCreateTestJSON:test_multiple_create): 200 GET http://10.180.1.21/compute/v2.1/servers/bf18b01f-0588-44d1-a156-382533029496 0.114s
2025-04-22 03:35:41.760 70357 WARNING tempest.lib.common.ssh [-] Failed to establish authenticated ssh connection to cirros@10.180.180.239 ([Errno None] Unable to connect to port 22 on 10.180.180.239). Number attempts: 1. Retry after 2 seconds.: paramiko.ssh_exception.NoValidConnectionsError: [Errno None] Unable to connect to port 22 on 10.180.180.239
2025-04-22 03:35:41.790 70321 INFO tempest.lib.common.rest_client [req-69569fe8-906e-49d7-818f-abc752678ac7 req-69569fe8-906e-49d7-818f-abc752678ac7 ] Request (ImagesOneServerNegativeTestJSON:_run_cleanups): 200 GET http://10.180.1.21/compute/v2.1/servers/81f9545c-d6c2-4c15-ab8e-1d8676b1734d 0.138s
2025-04-22 03:35:41.823 70365 INFO tempest.lib.common.rest_client [req-a232c9f3-41e3-49fd-8ebe-eee40afd3056 req-a232c9f3-41e3-49fd-8ebe-eee40afd3056 ] Request (InstanceActionsNegativeTestJSON:setUpClass): 200 GET http://10.180.1.21/compute/v2.1/servers/18c1d1b6-c516-4c4c-a24d-3b354ba92690 0.178s
2025-04-22 03:35:41.830 70365 INFO tempest.common.waiters [-] State transition "BUILD/spawning" ==> "ACTIVE/None" after 91 second wait
2025-04-22 03:35:41.841 70319 INFO tempest.lib.common.rest_client [req-5d7b6ce4-cd53-4d50-b1a1-97f977327dfd req-5d7b6ce4-cd53-4d50-b1a1-97f977327dfd ] Request (SecurityGroupsTestJSON:test_server_security_groups): 200 GET http://10.180.1.21/compute/v2.1/servers/c15ff953-56a8-45c8-ac78-174801a3bf1a 0.148s
2025-04-22 03:35:41.889 70361 INFO tempest.lib.common.rest_client [req-e83dd006-3880-437a-9056-8dbc8b6ddb44 req-e83dd006-3880-437a-9056-8dbc8b6ddb44 ] Request (ServerDiskConfigTestJSON:_run_cleanups): 204 DELETE http://10.180.1.21/compute/v2.1/servers/fdda3efc-facb-4d2a-b4e1-b167507b95e8 0.157s
2025-04-22 03:35:41.898 70325 INFO tempest.lib.common.rest_client [req-732b5eff-bb3d-44ed-9548-4eb1fe4a285d req-732b5eff-bb3d-44ed-9548-4eb1fe4a285d ] Request (ServersAdminNegativeTestJSON:tearDownClass): 200 GET http://10.180.1.21/compute/v2.1/servers/87d6b4be-0570-4acf-adb2-76535b5157d6 0.159s
2025-04-22 03:35:41.906 70325 INFO tempest.common.waiters [-] State transition "SUSPENDED/deleting" ==> "DELETED/None" after 3 second wait
2025-04-22 03:35:41.917 70365 INFO tempest.lib.common.rest_client [req-e78b957a-0a54-4063-96fc-5f2026286a3e req-e78b957a-0a54-4063-96fc-5f2026286a3e ] Request (InstanceActionsNegativeTestJSON:test_get_instance_action_invalid_request): 404 GET http://10.180.1.21/compute/v2.1/servers/18c1d1b6-c516-4c4c-a24d-3b354ba92690/os-instance-actions/999 0.085s
2025-04-22 03:35:41.928 70365 INFO tempest.lib.common.rest_client [req-45649644-8a1b-42ce-aa7e-74188fad2195 req-45649644-8a1b-42ce-aa7e-74188fad2195 ] Request (InstanceActionsNegativeTestJSON:test_list_instance_actions_non_existent_server): 404 GET http://10.180.1.21/compute/v2.1/servers/385bad9f-79bf-4b92-bf92-cf67b3fe1f16/os-instance-actions 0.010s
2025-04-22 03:35:41.954 70361 INFO tempest.lib.common.rest_client [req-3c4e24c9-1331-4c26-98da-440da5bcbc20 req-3c4e24c9-1331-4c26-98da-440da5bcbc20 ] Request (ServerDiskConfigTestJSON:test_resize_server_from_auto_to_manual): 201 POST http://10.180.1.21/identity/v3/auth/tokens 0.061s
2025-04-22 03:35:41.955 70361 INFO tempest.lib.common.fixed_network [-] (ServerDiskConfigTestJSON:test_resize_server_from_auto_to_manual) Found network {'id': 'd8252990-6e62-4ea2-a5e7-55f9752161a6', 'name': 'tempest-ServerDiskConfigTestJSON-908869897-network', 'tenant_id': '36b1e9016ba7436aa565c928ef6785a9', 'admin_state_up': True, 'mtu': 8950, 'status': 'ACTIVE', 'subnets': [], 'shared': False, 'project_id': '36b1e9016ba7436aa565c928ef6785a9', 'port_security_enabled': True, 'router:external': False, 'provider:network_type': 'vlan', 'provider:physical_network': 'default', 'provider:segmentation_id': 932, 'availability_zone_hints': [], 'availability_zones': [], 'ipv4_address_scope': None, 'ipv6_address_scope': None, 'description': '', 'tags': [], 'created_at': '2025-04-22T03:33:01Z', 'updated_at': '2025-04-22T03:33:01Z', 'revision_number': 1} available for tenant
2025-04-22 03:35:41.959 70337 INFO tempest.lib.common.rest_client [req-c3a619ce-efb4-41b3-850b-17f3e8a5dcec req-c3a619ce-efb4-41b3-850b-17f3e8a5dcec ] Request (AttachInterfacesTestJSON:test_create_list_show_delete_interfaces_by_fixed_ip): 200 GET http://10.180.1.21/compute/v2.1/servers/1b193fd9-d782-44d2-860b-83b53ee06485 0.051s
2025-04-22 03:35:42.004 70365 INFO tempest.lib.common.rest_client [req-8a4847f2-134d-43c0-9d69-afebf33950c7 req-8a4847f2-134d-43c0-9d69-afebf33950c7 ] Request (InstanceActionsNegativeTestJSON:tearDownClass): 204 DELETE http://10.180.1.21/compute/v2.1/servers/18c1d1b6-c516-4c4c-a24d-3b354ba92690 0.074s
2025-04-22 03:35:42.025 70341 INFO tempest.lib.common.rest_client [req-6793c2a5-8d1f-4215-ae3c-0a0a9ba4e433 req-6793c2a5-8d1f-4215-ae3c-0a0a9ba4e433 ] Request (DeleteServersAdminTestJSON:test_delete_server_while_in_error_state): 404 GET http://10.180.1.21/compute/v2.1/servers/b518bb73-3811-446e-8e88-1b6386f39543 0.060s
2025-04-22 03:35:42.107 70365 INFO tempest.lib.common.rest_client [req-5d36152f-011c-48b3-9219-421d18fc590f req-5d36152f-011c-48b3-9219-421d18fc590f ] Request (InstanceActionsNegativeTestJSON:tearDownClass): 200 GET http://10.180.1.21/compute/v2.1/servers/18c1d1b6-c516-4c4c-a24d-3b354ba92690 0.103s
2025-04-22 03:35:42.161 70335 INFO tempest.lib.common.rest_client [req-39f38922-05a7-47ad-89ec-1584b0328a36 req-39f38922-05a7-47ad-89ec-1584b0328a36 ] Request (FloatingIPsAssociationTestJSON:tearDownClass): 200 GET http://10.180.1.21/compute/v2.1/servers/3448671a-a384-4c15-a9ba-1ba3dad1b1d6 0.151s
2025-04-22 03:35:42.177 70341 INFO tempest.lib.common.rest_client [req-bd41114f-ef97-4b41-8327-9e419ce221a9 req-bd41114f-ef97-4b41-8327-9e419ce221a9 ] Request (DeleteServersAdminTestJSON:tearDownClass): 404 DELETE http://10.180.1.21/compute/v2.1/servers/b518bb73-3811-446e-8e88-1b6386f39543 0.150s
2025-04-22 03:35:42.229 70309 INFO tempest.lib.common.rest_client [req-e309defc-52ef-41f2-8704-e0cfc3e7846f req-e309defc-52ef-41f2-8704-e0cfc3e7846f ] Request (ServersAdminTestJSON:test_create_server_with_scheduling_hint): 200 GET http://10.180.1.21/compute/v2.1/servers/988f1dd1-06ba-47ca-9a20-3c1bf4bac2bc 0.197s
2025-04-22 03:35:42.248 70361 INFO tempest.lib.common.rest_client [req-3ca9ce26-5457-4ab0-b153-03187d015d1d req-3ca9ce26-5457-4ab0-b153-03187d015d1d ] Request (ServerDiskConfigTestJSON:test_resize_server_from_auto_to_manual): 202 POST http://10.180.1.21/compute/v2.1/servers 0.293s
2025-04-22 03:35:42.287 70317 INFO tempest.lib.common.rest_client [req-b9d264c5-2cff-4445-8659-4df96b3a1dd0 req-b9d264c5-2cff-4445-8659-4df96b3a1dd0 ] Request (FloatingIPsAssociationNegativeTestJSON:tearDownClass): 200 GET http://10.180.1.21/compute/v2.1/servers/f38fbfac-9498-448d-9889-3ab4d2da1e16 0.210s
2025-04-22 03:35:42.303 70313 INFO tempest.lib.common.rest_client [req-25bfa85a-3db1-4588-9b7e-f02d927f47c7 req-25bfa85a-3db1-4588-9b7e-f02d927f47c7 ] Request (ListServerFiltersTestJSON:tearDownClass): 200 GET http://10.180.1.21/compute/v2.1/servers/2c519237-3872-4b47-93c5-181f773eccb8 0.221s
2025-04-22 03:35:42.336 70305 INFO tempest.lib.common.rest_client [req-0ccdca4b-9c49-4666-88a6-6df695fd5db7 req-0ccdca4b-9c49-4666-88a6-6df695fd5db7 ] Request (ServersNegativeTestJSON:setUpClass): 200 GET http://10.180.1.21/compute/v2.1/servers/7fb2a008-741b-4d9f-8ebe-bfabc9b121b1 0.198s
2025-04-22 03:35:42.350 70353 INFO tempest.lib.common.rest_client [req-6822dd29-4399-49b3-b87d-b481dfabd95c req-6822dd29-4399-49b3-b87d-b481dfabd95c ] Request (ImagesTestJSON:test_create_server_from_snapshot): 200 GET http://10.180.1.21/compute/v2.1/servers/38129ac8-996a-47d5-b361-267ccd014133 0.211s
2025-04-22 03:35:42.369 70341 INFO tempest.lib.common.rest_client [req-00d26ad6-dea5-4a5f-8743-de2aa1c33647 req-00d26ad6-dea5-4a5f-8743-de2aa1c33647 ] Request (DeleteServersAdminTestJSON:tearDownClass): 404 GET http://10.180.1.21/compute/v2.1/servers/b518bb73-3811-446e-8e88-1b6386f39543 0.191s
2025-04-22 03:35:42.401 70367 INFO tempest.lib.common.rest_client [req-7bd7cf39-642f-4fbd-bddb-8a70c012c105 req-7bd7cf39-642f-4fbd-bddb-8a70c012c105 ] Request (VolumesAdminNegativeTest:test_update_attached_volume_with_nonexistent_volume_in_uri): 200 GET http://10.180.1.21/compute/v2.1/servers/6d147721-ae87-4e80-b553-b4e7c4c3dee4 0.209s
2025-04-22 03:35:42.419 70323 INFO tempest.lib.common.rest_client [req-844585c9-8440-48e7-8833-2b5990ef009e req-844585c9-8440-48e7-8833-2b5990ef009e ] Request (ListImageFiltersTestJSON:tearDownClass): 200 GET http://10.180.1.21/compute/v2.1/servers/3a7cb3aa-08e8-4d2f-94bc-8cf4d82544e1 0.219s
2025-04-22 03:35:42.434 70361 INFO tempest.lib.common.rest_client [req-b2218e19-9cd2-4a26-b51c-9587cc0d2076 req-b2218e19-9cd2-4a26-b51c-9587cc0d2076 ] Request (ServerDiskConfigTestJSON:test_resize_server_from_auto_to_manual): 200 GET http://10.180.1.21/compute/v2.1/servers/c8c9590d-86be-4d60-b8e6-d30953871b4c 0.184s
2025-04-22 03:35:42.472 70343 INFO tempest.lib.common.rest_client [req-2a933f1f-662c-4185-a119-5bc0ea7ff60f req-2a933f1f-662c-4185-a119-5bc0ea7ff60f ] Request (ServerRescueTestJSONUnderV235:tearDownClass): 200 GET http://10.180.1.21/compute/v2.1/servers/a3f66942-6063-4d1f-9bb0-b07899beccc1 0.209s
2025-04-22 03:35:42.478 70359 INFO tempest.lib.common.rest_client [req-8b5da287-aec4-4a5b-998c-609433d3fbaa req-8b5da287-aec4-4a5b-998c-609433d3fbaa ] Request (ServerActionsTestOtherA:setUpClass): 200 GET http://10.180.1.21/compute/v2.1/servers/a9033a7a-ce00-4fd3-8c19-bd43af369be5 0.209s
2025-04-22 03:35:42.494 70341 INFO tempest.lib.common.rest_client [req-4c346bf2-ce82-448b-a308-12a9fee800e9 req-4c346bf2-ce82-448b-a308-12a9fee800e9 ] Request (DeleteServersAdminTestJSON:tearDownClass): 404 DELETE http://10.180.1.21/compute/v2.1/servers/81494cda-756f-492d-b8ba-993b257da132 0.125s
2025-04-22 03:35:42.532 70355 INFO tempest.lib.common.rest_client [req-086bb1f5-b718-4bce-ab4d-27e91ab5ff05 req-086bb1f5-b718-4bce-ab4d-27e91ab5ff05 ] Request (ServersNegativeTestMultiTenantJSON:setUpClass): 200 GET http://10.180.1.21/compute/v2.1/servers/77ca4bdd-1d0e-4596-810a-29eec177acd3 0.212s
2025-04-22 03:35:42.567 70315 INFO tempest.lib.common.rest_client [req-edabca95-07ba-49d3-9aa2-a2f457629a1a req-edabca95-07ba-49d3-9aa2-a2f457629a1a ] Request (ServersV294TestFqdnHostnames:tearDownClass): 200 GET http://10.180.1.21/compute/v2.1/servers/9642dc29-73e4-451e-bf37-fe20fc4c876a 0.185s
2025-04-22 03:35:42.581 70311 INFO tempest.lib.common.rest_client [req-f5078af8-5039-469d-9698-effcc7335e4b req-f5078af8-5039-469d-9698-effcc7335e4b ] Request (MigrationsAdminTest:test_resize_server_revert_deleted_flavor): 200 GET http://10.180.1.21/compute/v2.1/servers/f84a2f6c-99ad-4283-9a1d-528d4a91f034 0.156s
2025-04-22 03:35:42.592 70341 INFO tempest.lib.common.rest_client [req-038a8b3c-4e30-4e67-8a4f-bee4694c9a5c req-038a8b3c-4e30-4e67-8a4f-bee4694c9a5c ] Request (DeleteServersAdminTestJSON:tearDownClass): 404 GET http://10.180.1.21/compute/v2.1/servers/81494cda-756f-492d-b8ba-993b257da132 0.098s
2025-04-22 03:35:42.662 70341 INFO tempest.lib.common.rest_client [req-3df33ccf-2fd2-40f5-8575-6cb4c7bcf1f3 req-3df33ccf-2fd2-40f5-8575-6cb4c7bcf1f3 ] Request (DeleteServersAdminTestJSON:tearDownClass): 204 DELETE http://10.180.1.21/identity/v3/users/668dd5400f9e4b79bb9137250f9dbd89 0.069s
2025-04-22 03:35:42.685 70334 INFO tempest.lib.common.rest_client [req-da53af2f-aa65-4061-b5f0-cf6ab44e88f4 req-da53af2f-aa65-4061-b5f0-cf6ab44e88f4 ] Request (ListServersNegativeTestJSON:setUpClass): 200 GET http://10.180.1.21/compute/v2.1/servers/0937ab71-83d3-436e-a5d3-e3c7fb97c642 0.051s
2025-04-22 03:35:42.744 70341 INFO tempest.lib.common.rest_client [req-309859f1-79af-4ae4-8649-ba77ba299c20 req-309859f1-79af-4ae4-8649-ba77ba299c20 ] Request (DeleteServersAdminTestJSON:tearDownClass): 204 DELETE http://10.180.1.21/identity/v3/users/a531afa6125a4ba68715ffb163950aca 0.082s
2025-04-22 03:35:42.745 70341 INFO tempest.lib.common.dynamic_creds [-] Deleting project and security group for project: 4011a620d6c44974b24903e4844a1ba9
2025-04-22 03:35:42.762 70327 INFO tempest.lib.common.rest_client [req-749ebad4-113d-4b3b-b434-3694b8549de1 req-749ebad4-113d-4b3b-b434-3694b8549de1 ] Request (DeleteServersTestJSON:test_delete_active_server): 200 GET http://10.180.1.21/compute/v2.1/servers/add55a74-5dc7-4a4e-9fbc-a7b02ee8488f 0.050s
2025-04-22 03:35:42.769 70327 INFO tempest.common.waiters [-] State transition "BUILD/scheduling" ==> "BUILD/None" after 26 second wait
2025-04-22 03:35:42.802 70341 INFO tempest.lib.common.rest_client [req-f95bbb7c-9554-4ac2-b45c-95190cd61feb req-f95bbb7c-9554-4ac2-b45c-95190cd61feb ] Request (DeleteServersAdminTestJSON:tearDownClass): 201 POST http://10.180.1.21/identity/v3/auth/tokens 0.057s
2025-04-22 03:35:42.814 70307 INFO tempest.lib.common.rest_client [req-8f12d302-3551-4389-925f-c8dccae32e6a req-8f12d302-3551-4389-925f-c8dccae32e6a ] Request (MultipleCreateTestJSON:test_multiple_create): 200 GET http://10.180.1.21/compute/v2.1/servers/bf18b01f-0588-44d1-a156-382533029496 0.053s
2025-04-22 03:35:42.853 70321 INFO tempest.lib.common.rest_client [req-232d9625-1c37-4820-882b-498d265fa292 req-232d9625-1c37-4820-882b-498d265fa292 ] Request (ImagesOneServerNegativeTestJSON:_run_cleanups): 200 GET http://10.180.1.21/compute/v2.1/servers/81f9545c-d6c2-4c15-ab8e-1d8676b1734d 0.054s
2025-04-22 03:35:42.901 70319 INFO tempest.lib.common.rest_client [req-44fa4230-3186-41d2-beec-6b0179efdede req-44fa4230-3186-41d2-beec-6b0179efdede ] Request (SecurityGroupsTestJSON:test_server_security_groups): 200 GET http://10.180.1.21/compute/v2.1/servers/c15ff953-56a8-45c8-ac78-174801a3bf1a 0.052s
2025-04-22 03:35:42.975 70325 INFO tempest.lib.common.rest_client [req-f5556418-15ee-463e-85c5-86fc8e0cb4c8 req-f5556418-15ee-463e-85c5-86fc8e0cb4c8 ] Request (ServersAdminNegativeTestJSON:tearDownClass): 200 GET http://10.180.1.21/compute/v2.1/servers/87d6b4be-0570-4acf-adb2-76535b5157d6 0.068s
2025-04-22 03:35:42.977 70341 INFO tempest.lib.common.rest_client [req-005f8f71-512f-4fa9-9b7c-7d4cf7300319 req-005f8f71-512f-4fa9-9b7c-7d4cf7300319 ] Request (DeleteServersAdminTestJSON:tearDownClass): 200 GET http://10.180.1.21:9696/networking/v2.0/security-groups?tenant_id=4011a620d6c44974b24903e4844a1ba9&name=default 0.175s
2025-04-22 03:35:43.030 70337 INFO tempest.lib.common.rest_client [req-45c039f4-fedb-42c4-b47b-66d41f5e14b7 req-45c039f4-fedb-42c4-b47b-66d41f5e14b7 ] Request (AttachInterfacesTestJSON:test_create_list_show_delete_interfaces_by_fixed_ip): 200 GET http://10.180.1.21/compute/v2.1/servers/1b193fd9-d782-44d2-860b-83b53ee06485 0.063s
2025-04-22 03:35:43.064 70341 INFO tempest.lib.common.rest_client [req-078f0d11-8b28-4820-b772-6024ee533d3e req-078f0d11-8b28-4820-b772-6024ee533d3e ] Request (DeleteServersAdminTestJSON:tearDownClass): 204 DELETE http://10.180.1.21:9696/networking/v2.0/security-groups/65a657a8-5156-4c2f-aa3b-70848c772d21 0.086s
2025-04-22 03:35:43.134 70341 INFO tempest.lib.common.rest_client [req-4b4d58a3-4cb4-4ffa-aa71-48dc69095929 req-4b4d58a3-4cb4-4ffa-aa71-48dc69095929 ] Request (DeleteServersAdminTestJSON:tearDownClass): 204 DELETE http://10.180.1.21/identity/v3/projects/4011a620d6c44974b24903e4844a1ba9 0.069s
2025-04-22 03:35:43.134 70341 INFO tempest.lib.common.dynamic_creds [-] Deleting project and security group for project: 2db1f652ecf9429aa63b91db2da4b1ae
2025-04-22 03:35:43.161 70341 INFO tempest.lib.common.rest_client [req-7c1c08c7-b4d6-45c2-b321-61fc9e009959 req-7c1c08c7-b4d6-45c2-b321-61fc9e009959 ] Request (DeleteServersAdminTestJSON:tearDownClass): 200 GET http://10.180.1.21:9696/networking/v2.0/security-groups?tenant_id=2db1f652ecf9429aa63b91db2da4b1ae&name=default 0.026s
2025-04-22 03:35:43.222 70347 WARNING tempest.lib.common.ssh [-] Failed to establish authenticated ssh connection to cirros@10.180.180.167 ([Errno None] Unable to connect to port 22 on 10.180.180.167). Number attempts: 11. Retry after 12 seconds.: paramiko.ssh_exception.NoValidConnectionsError: [Errno None] Unable to connect to port 22 on 10.180.180.167
2025-04-22 03:35:43.244 70365 INFO tempest.lib.common.rest_client [req-09f62593-7f87-4f57-b39c-de02a4cb103f req-09f62593-7f87-4f57-b39c-de02a4cb103f ] Request (InstanceActionsNegativeTestJSON:tearDownClass): 200 GET http://10.180.1.21/compute/v2.1/servers/18c1d1b6-c516-4c4c-a24d-3b354ba92690 0.129s
2025-04-22 03:35:43.253 70335 INFO tempest.lib.common.rest_client [req-1d0fc5f3-5d4c-4345-bcab-3440e1ab05ec req-1d0fc5f3-5d4c-4345-bcab-3440e1ab05ec ] Request (FloatingIPsAssociationTestJSON:tearDownClass): 200 GET http://10.180.1.21/compute/v2.1/servers/3448671a-a384-4c15-a9ba-1ba3dad1b1d6 0.085s
2025-04-22 03:35:43.253 70341 INFO tempest.lib.common.rest_client [req-dbbf5afa-59ec-48aa-b804-1ab9b88cd14e req-dbbf5afa-59ec-48aa-b804-1ab9b88cd14e ] Request (DeleteServersAdminTestJSON:tearDownClass): 204 DELETE http://10.180.1.21:9696/networking/v2.0/security-groups/07d8236a-b9f2-429a-9942-e7cb46920213 0.092s
2025-04-22 03:35:43.299 70309 INFO tempest.lib.common.rest_client [req-7a454388-2c3f-43c7-9c1c-8c18e52c9e97 req-7a454388-2c3f-43c7-9c1c-8c18e52c9e97 ] Request (ServersAdminTestJSON:test_create_server_with_scheduling_hint): 200 GET http://10.180.1.21/compute/v2.1/servers/988f1dd1-06ba-47ca-9a20-3c1bf4bac2bc 0.062s
2025-04-22 03:35:43.354 70341 INFO tempest.lib.common.rest_client [req-95b1d865-1c3d-454a-9fcb-1df24e3f4de2 req-95b1d865-1c3d-454a-9fcb-1df24e3f4de2 ] Request (DeleteServersAdminTestJSON:tearDownClass): 204 DELETE http://10.180.1.21/identity/v3/projects/2db1f652ecf9429aa63b91db2da4b1ae 0.100s
2025-04-22 03:35:43.361 70317 INFO tempest.lib.common.rest_client [req-706c99e1-a140-4efd-be36-1b7b5c706ced req-706c99e1-a140-4efd-be36-1b7b5c706ced ] Request (FloatingIPsAssociationNegativeTestJSON:tearDownClass): 200 GET http://10.180.1.21/compute/v2.1/servers/f38fbfac-9498-448d-9889-3ab4d2da1e16 0.067s
2025-04-22 03:35:43.376 70313 INFO tempest.lib.common.rest_client [req-d943049a-4a18-45b6-8841-cf8939651ded req-d943049a-4a18-45b6-8841-cf8939651ded ] Request (ListServerFiltersTestJSON:tearDownClass): 200 GET http://10.180.1.21/compute/v2.1/servers/2c519237-3872-4b47-93c5-181f773eccb8 0.065s
2025-04-22 03:35:43.413 70305 INFO tempest.lib.common.rest_client [req-e15648a9-e4e6-49d6-accb-c9b529e70228 req-e15648a9-e4e6-49d6-accb-c9b529e70228 ] Request (ServersNegativeTestJSON:setUpClass): 200 GET http://10.180.1.21/compute/v2.1/servers/7fb2a008-741b-4d9f-8ebe-bfabc9b121b1 0.068s
2025-04-22 03:35:43.433 70341 INFO tempest.lib.common.rest_client [req-a129b0d8-68fe-4ed5-84fb-c00b41cea70c req-a129b0d8-68fe-4ed5-84fb-c00b41cea70c ] Request (FlavorsAdminTestJSON:setUpClass): 201 POST http://10.180.1.21/identity/v3/auth/tokens 0.078s
2025-04-22 03:35:43.444 70353 INFO tempest.lib.common.rest_client [req-d7975bd7-07da-4689-9aa5-cb94178f24e9 req-d7975bd7-07da-4689-9aa5-cb94178f24e9 ] Request (ImagesTestJSON:test_create_server_from_snapshot): 200 GET http://10.180.1.21/compute/v2.1/servers/38129ac8-996a-47d5-b361-267ccd014133 0.086s
2025-04-22 03:35:43.466 70367 INFO tempest.lib.common.rest_client [req-f10f3582-c95a-425e-976f-c5d841f816ca req-f10f3582-c95a-425e-976f-c5d841f816ca ] Request (VolumesAdminNegativeTest:test_update_attached_volume_with_nonexistent_volume_in_uri): 200 GET http://10.180.1.21/compute/v2.1/servers/6d147721-ae87-4e80-b553-b4e7c4c3dee4 0.056s
2025-04-22 03:35:43.474 70341 INFO tempest.lib.common.rest_client [req-5db6706b-fb37-4e7c-82d2-ccac3688beb4 req-5db6706b-fb37-4e7c-82d2-ccac3688beb4 ] Request (FlavorsAdminTestJSON:setUpClass): 201 POST http://10.180.1.21/identity/v3/auth/tokens 0.038s
2025-04-22 03:35:43.507 70341 INFO tempest.lib.common.rest_client [req-cd5fb66d-eeb0-4a07-a883-bb2fe317c355 req-cd5fb66d-eeb0-4a07-a883-bb2fe317c355 ] Request (FlavorsAdminTestJSON:setUpClass): 200 GET http://10.180.1.21/identity/v3/domains?name=Default 0.032s
2025-04-22 03:35:43.530 70323 INFO tempest.lib.common.rest_client [req-6d5686f5-8ce0-443a-b735-47e4cba15172 req-6d5686f5-8ce0-443a-b735-47e4cba15172 ] Request (ListImageFiltersTestJSON:tearDownClass): 200 GET http://10.180.1.21/compute/v2.1/servers/3a7cb3aa-08e8-4d2f-94bc-8cf4d82544e1 0.103s
2025-04-22 03:35:43.534 70361 INFO tempest.lib.common.rest_client [req-eaa1746e-d8bd-4967-946c-4ec219f441d5 req-eaa1746e-d8bd-4967-946c-4ec219f441d5 ] Request (ServerDiskConfigTestJSON:test_resize_server_from_auto_to_manual): 200 GET http://10.180.1.21/compute/v2.1/servers/c8c9590d-86be-4d60-b8e6-d30953871b4c 0.092s
2025-04-22 03:35:43.551 70341 INFO tempest.lib.common.rest_client [req-944cac22-53b3-4c85-a3e2-061a7a7ea1c1 req-944cac22-53b3-4c85-a3e2-061a7a7ea1c1 ] Request (FlavorsAdminTestJSON:setUpClass): 201 POST http://10.180.1.21/identity/v3/projects 0.044s
2025-04-22 03:35:43.595 70359 INFO tempest.lib.common.rest_client [req-8c498f9d-4f5a-4f53-89e1-fb8ec84c4543 req-8c498f9d-4f5a-4f53-89e1-fb8ec84c4543 ] Request (ServerActionsTestOtherA:setUpClass): 200 GET http://10.180.1.21/compute/v2.1/servers/a9033a7a-ce00-4fd3-8c19-bd43af369be5 0.109s
2025-04-22 03:35:43.602 70343 INFO tempest.lib.common.rest_client [req-0d798e75-0742-4d7e-944b-37ca0539aade req-0d798e75-0742-4d7e-944b-37ca0539aade ] Request (ServerRescueTestJSONUnderV235:tearDownClass): 200 GET http://10.180.1.21/compute/v2.1/servers/a3f66942-6063-4d1f-9bb0-b07899beccc1 0.122s
2025-04-22 03:35:43.623 70341 INFO tempest.lib.common.rest_client [req-0791beed-ee8c-45b0-b518-9b7ff20dba88 req-0791beed-ee8c-45b0-b518-9b7ff20dba88 ] Request (FlavorsAdminTestJSON:setUpClass): 201 POST http://10.180.1.21/identity/v3/users 0.071s
2025-04-22 03:35:43.644 70341 INFO tempest.lib.common.rest_client [req-53381f5e-d9ce-475d-810b-61ff81db2b16 req-53381f5e-d9ce-475d-810b-61ff81db2b16 ] Request (FlavorsAdminTestJSON:setUpClass): 200 GET http://10.180.1.21/identity/v3/roles 0.020s
2025-04-22 03:35:43.645 70355 INFO tempest.lib.common.rest_client [req-fe1d89af-0a9c-4511-98de-7819de3f60a1 req-fe1d89af-0a9c-4511-98de-7819de3f60a1 ] Request (ServersNegativeTestMultiTenantJSON:setUpClass): 200 GET http://10.180.1.21/compute/v2.1/servers/77ca4bdd-1d0e-4596-810a-29eec177acd3 0.104s
2025-04-22 03:35:43.666 70315 INFO tempest.lib.common.rest_client [req-c83f77a6-b811-4f5e-aada-41f342572f4d req-c83f77a6-b811-4f5e-aada-41f342572f4d ] Request (ServersV294TestFqdnHostnames:tearDownClass): 200 GET http://10.180.1.21/compute/v2.1/servers/9642dc29-73e4-451e-bf37-fe20fc4c876a 0.085s
2025-04-22 03:35:43.674 70341 INFO tempest.lib.common.rest_client [req-02bdbeae-60ca-41c0-85b0-e0f909f811fb req-02bdbeae-60ca-41c0-85b0-e0f909f811fb ] Request (FlavorsAdminTestJSON:setUpClass): 204 PUT http://10.180.1.21/identity/v3/projects/b4d4af41841a49bb9bfac735b28be960/users/f7692caebb214ce793fd59a51939cbac/roles/b5682fdd71384028abf6a7cbee8499dd 0.030s
2025-04-22 03:35:43.674 70341 INFO tempest.lib.common.dynamic_creds [-] Dynamic test user f7692caebb214ce793fd59a51939cbac is created with scope project and roles: ['member']
2025-04-22 03:35:43.675 70341 INFO tempest.lib.common.dynamic_creds [-] Acquired dynamic creds: credentials: Credentials: {'domain_id': 'default', 'domain_name': 'Default', 'username': 'tempest-FlavorsAdminTestJSON-104003231-project-member', 'project_domain_id': 'default', 'project_domain_name': 'Default', 'project_id': 'b4d4af41841a49bb9bfac735b28be960', 'project_name': 'tempest-FlavorsAdminTestJSON-104003231', 'tenant_id': 'b4d4af41841a49bb9bfac735b28be960', 'tenant_name': 'tempest-FlavorsAdminTestJSON-104003231', 'user_domain_id': 'default', 'user_domain_name': 'Default', 'user_id': 'f7692caebb214ce793fd59a51939cbac', 'system': None}, Network: None, Subnet: None, Router: None
2025-04-22 03:35:43.675 70341 INFO tempest.lib.common.dynamic_creds [-] Created isolated network resources for: credentials: Credentials: {'domain_id': 'default', 'domain_name': 'Default', 'username': 'tempest-FlavorsAdminTestJSON-104003231-project-member', 'project_domain_id': 'default', 'project_domain_name': 'Default', 'project_id': 'b4d4af41841a49bb9bfac735b28be960', 'project_name': 'tempest-FlavorsAdminTestJSON-104003231', 'tenant_id': 'b4d4af41841a49bb9bfac735b28be960', 'tenant_name': 'tempest-FlavorsAdminTestJSON-104003231', 'user_domain_id': 'default', 'user_domain_name': 'Default', 'user_id': 'f7692caebb214ce793fd59a51939cbac', 'system': None}, Network: None, Subnet: None, Router: None
2025-04-22 03:35:43.695 70311 INFO tempest.lib.common.rest_client [req-c822dbb3-27b2-448a-b447-ac816dfaf352 req-c822dbb3-27b2-448a-b447-ac816dfaf352 ] Request (MigrationsAdminTest:test_resize_server_revert_deleted_flavor): 200 GET http://10.180.1.21/compute/v2.1/servers/f84a2f6c-99ad-4283-9a1d-528d4a91f034 0.107s
2025-04-22 03:35:43.741 70334 INFO tempest.lib.common.rest_client [req-821fc2df-9abd-4692-9e5b-61455cdf0ea6 req-821fc2df-9abd-4692-9e5b-61455cdf0ea6 ] Request (ListServersNegativeTestJSON:setUpClass): 200 GET http://10.180.1.21/compute/v2.1/servers/0937ab71-83d3-436e-a5d3-e3c7fb97c642 0.048s
2025-04-22 03:35:43.744 70341 INFO tempest.lib.common.rest_client [req-f9f2ac4c-1eb3-4396-92a9-d7e63f68c4e3 req-f9f2ac4c-1eb3-4396-92a9-d7e63f68c4e3 ] Request (FlavorsAdminTestJSON:setUpClass): 201 POST http://10.180.1.21/identity/v3/auth/tokens 0.066s
2025-04-22 03:35:43.796 70341 INFO tempest.lib.common.rest_client [req-0ca06444-d718-4c19-becd-36456f5d1e00 req-0ca06444-d718-4c19-becd-36456f5d1e00 ] Request (FlavorsAdminTestJSON:setUpClass): 201 POST http://10.180.1.21/identity/v3/projects 0.051s
2025-04-22 03:35:43.818 70327 INFO tempest.lib.common.rest_client [req-75f3d2df-079e-4296-a609-df2801fc9ba2 req-75f3d2df-079e-4296-a609-df2801fc9ba2 ] Request (DeleteServersTestJSON:test_delete_active_server): 200 GET http://10.180.1.21/compute/v2.1/servers/add55a74-5dc7-4a4e-9fbc-a7b02ee8488f 0.048s
2025-04-22 03:35:43.848 70341 INFO tempest.lib.common.rest_client [req-94cf4a30-0daf-407f-809e-fc6fee93f72b req-94cf4a30-0daf-407f-809e-fc6fee93f72b ] Request (FlavorsAdminTestJSON:setUpClass): 201 POST http://10.180.1.21/identity/v3/users 0.051s
2025-04-22 03:35:43.867 70341 INFO tempest.lib.common.rest_client [req-66a2e7ae-4a06-4938-9672-dfbcb89315f7 req-66a2e7ae-4a06-4938-9672-dfbcb89315f7 ] Request (FlavorsAdminTestJSON:setUpClass): 200 GET http://10.180.1.21/identity/v3/roles 0.019s
2025-04-22 03:35:43.874 70307 INFO tempest.lib.common.rest_client [req-fe8e9ecd-1604-4fc3-8cfb-999e71252aed req-fe8e9ecd-1604-4fc3-8cfb-999e71252aed ] Request (MultipleCreateTestJSON:test_multiple_create): 200 GET http://10.180.1.21/compute/v2.1/servers/bf18b01f-0588-44d1-a156-382533029496 0.052s
2025-04-22 03:35:43.894 70341 INFO tempest.lib.common.rest_client [req-3f7b4200-e591-4d96-b273-825080461216 req-3f7b4200-e591-4d96-b273-825080461216 ] Request (FlavorsAdminTestJSON:setUpClass): 204 PUT http://10.180.1.21/identity/v3/projects/d188138803344cde8e73715b166133d4/users/637c04efbb864f89b78990f64e980fd1/roles/87e3a7bf0eb44978b540db2641702b41 0.026s
2025-04-22 03:35:43.913 70321 INFO tempest.lib.common.rest_client [req-eb2e2c47-0505-4076-999a-148fb294a235 req-eb2e2c47-0505-4076-999a-148fb294a235 ] Request (ImagesOneServerNegativeTestJSON:_run_cleanups): 200 GET http://10.180.1.21/compute/v2.1/servers/81f9545c-d6c2-4c15-ab8e-1d8676b1734d 0.052s
2025-04-22 03:35:43.940 70341 INFO tempest.lib.common.rest_client [req-2cae2031-2f2d-4c2a-8cca-d5041faa32f8 req-2cae2031-2f2d-4c2a-8cca-d5041faa32f8 ] Request (FlavorsAdminTestJSON:setUpClass): 200 GET http://10.180.1.21/identity/v3/roles 0.046s
2025-04-22 03:35:43.956 70319 INFO tempest.lib.common.rest_client [req-d3326974-49f0-42cf-be10-ec7e9592cbc8 req-d3326974-49f0-42cf-be10-ec7e9592cbc8 ] Request (SecurityGroupsTestJSON:test_server_security_groups): 200 GET http://10.180.1.21/compute/v2.1/servers/c15ff953-56a8-45c8-ac78-174801a3bf1a 0.047s
2025-04-22 03:35:43.957 70341 INFO tempest.lib.common.rest_client [req-8c6667f7-d6ff-40b4-b372-cd9c82ea7fb8 req-8c6667f7-d6ff-40b4-b372-cd9c82ea7fb8 ] Request (FlavorsAdminTestJSON:setUpClass): 204 PUT http://10.180.1.21/identity/v3/projects/d188138803344cde8e73715b166133d4/users/637c04efbb864f89b78990f64e980fd1/roles/87e3a7bf0eb44978b540db2641702b41 0.016s
2025-04-22 03:35:43.957 70341 INFO tempest.lib.common.dynamic_creds [-] Dynamic test user 637c04efbb864f89b78990f64e980fd1 is created with scope project and roles: ['admin']
2025-04-22 03:35:43.957 70341 INFO tempest.lib.common.dynamic_creds [-] Acquired dynamic creds: credentials: Credentials: {'domain_id': 'default', 'domain_name': 'Default', 'username': 'tempest-FlavorsAdminTestJSON-816645695-project-admin', 'project_domain_id': 'default', 'project_domain_name': 'Default', 'project_id': 'd188138803344cde8e73715b166133d4', 'project_name': 'tempest-FlavorsAdminTestJSON-816645695', 'tenant_id': 'd188138803344cde8e73715b166133d4', 'tenant_name': 'tempest-FlavorsAdminTestJSON-816645695', 'user_domain_id': 'default', 'user_domain_name': 'Default', 'user_id': '637c04efbb864f89b78990f64e980fd1', 'system': None}, Network: None, Subnet: None, Router: None
2025-04-22 03:35:43.957 70341 INFO tempest.lib.common.dynamic_creds [-] Created isolated network resources for: credentials: Credentials: {'domain_id': 'default', 'domain_name': 'Default', 'username': 'tempest-FlavorsAdminTestJSON-816645695-project-admin', 'project_domain_id': 'default', 'project_domain_name': 'Default', 'project_id': 'd188138803344cde8e73715b166133d4', 'project_name': 'tempest-FlavorsAdminTestJSON-816645695', 'tenant_id': 'd188138803344cde8e73715b166133d4', 'tenant_name': 'tempest-FlavorsAdminTestJSON-816645695', 'user_domain_id': 'default', 'user_domain_name': 'Default', 'user_id': '637c04efbb864f89b78990f64e980fd1', 'system': None}, Network: None, Subnet: None, Router: None
2025-04-22 03:35:44.024 70341 INFO tempest.lib.common.rest_client [req-9159af89-9e5c-43bb-8d61-74b5a9c10d41 req-9159af89-9e5c-43bb-8d61-74b5a9c10d41 ] Request (FlavorsAdminTestJSON:setUpClass): 201 POST http://10.180.1.21/identity/v3/auth/tokens 0.064s
2025-04-22 03:35:44.046 70325 INFO tempest.lib.common.rest_client [req-bb7a1c1b-4602-4343-9cd1-23adf6b6846c req-bb7a1c1b-4602-4343-9cd1-23adf6b6846c ] Request (ServersAdminNegativeTestJSON:tearDownClass): 200 GET http://10.180.1.21/compute/v2.1/servers/87d6b4be-0570-4acf-adb2-76535b5157d6 0.062s
2025-04-22 03:35:44.093 70337 INFO tempest.lib.common.rest_client [req-237d8cbf-516e-429c-b1c3-07ced9dcf745 req-237d8cbf-516e-429c-b1c3-07ced9dcf745 ] Request (AttachInterfacesTestJSON:test_create_list_show_delete_interfaces_by_fixed_ip): 200 GET http://10.180.1.21/compute/v2.1/servers/1b193fd9-d782-44d2-860b-83b53ee06485 0.051s
2025-04-22 03:35:44.100 70341 INFO tempest.lib.common.rest_client [req-6b263288-3f6c-47b4-9e7a-5bbb7808694c req-6b263288-3f6c-47b4-9e7a-5bbb7808694c ] Request (FlavorsAdminTestJSON:test_create_flavor_using_string_ram): 200 POST http://10.180.1.21/compute/v2.1/flavors 0.075s
2025-04-22 03:35:44.118 70341 INFO tempest.lib.common.rest_client [req-a41a14c4-a8a9-4a63-802b-dab0c2bd1efb req-a41a14c4-a8a9-4a63-802b-dab0c2bd1efb ] Request (FlavorsAdminTestJSON:_run_cleanups): 202 DELETE http://10.180.1.21/compute/v2.1/flavors/1336838962 0.015s
2025-04-22 03:35:44.143 70341 INFO tempest.lib.common.rest_client [req-cec4d8ef-fc25-4eb0-9563-87a6b2abe7fd req-cec4d8ef-fc25-4eb0-9563-87a6b2abe7fd ] Request (FlavorsAdminTestJSON:_run_cleanups): 200 GET http://10.180.1.21/compute/v2.1/flavors/detail 0.025s
2025-04-22 03:35:44.166 70341 INFO tempest.lib.common.rest_client [req-949f7b4f-2b35-4b69-a8fe-5822f7d9adc1 req-949f7b4f-2b35-4b69-a8fe-5822f7d9adc1 ] Request (FlavorsAdminTestJSON:test_create_flavor_verify_entry_in_list_details): 200 POST http://10.180.1.21/compute/v2.1/flavors 0.018s
2025-04-22 03:35:44.196 70341 INFO tempest.lib.common.rest_client [req-68254b19-a2c7-4c87-8c00-59b63347a69b req-68254b19-a2c7-4c87-8c00-59b63347a69b ] Request (FlavorsAdminTestJSON:test_create_flavor_verify_entry_in_list_details): 200 GET http://10.180.1.21/compute/v2.1/flavors/detail 0.028s
2025-04-22 03:35:44.217 70341 INFO tempest.lib.common.rest_client [req-d097fe26-d193-44e6-9fb0-9f01c3a63d58 req-d097fe26-d193-44e6-9fb0-9f01c3a63d58 ] Request (FlavorsAdminTestJSON:_run_cleanups): 202 DELETE http://10.180.1.21/compute/v2.1/flavors/307817172 0.015s
2025-04-22 03:35:44.241 70341 INFO tempest.lib.common.rest_client [req-d0504b7c-1304-45a4-862a-2f1bc146f9fa req-d0504b7c-1304-45a4-862a-2f1bc146f9fa ] Request (FlavorsAdminTestJSON:_run_cleanups): 200 GET http://10.180.1.21/compute/v2.1/flavors/detail 0.024s
2025-04-22 03:35:44.268 70341 INFO tempest.lib.common.rest_client [req-3a341ae3-5c51-44a3-b92c-6bb7813fbfb4 req-3a341ae3-5c51-44a3-b92c-6bb7813fbfb4 ] Request (FlavorsAdminTestJSON:test_create_flavor_with_int_id): 200 POST http://10.180.1.21/compute/v2.1/flavors 0.022s
2025-04-22 03:35:44.332 70365 INFO tempest.lib.common.rest_client [req-fe44ca5a-3141-4a17-9b71-84ff773529bd req-fe44ca5a-3141-4a17-9b71-84ff773529bd ] Request (InstanceActionsNegativeTestJSON:tearDownClass): 200 GET http://10.180.1.21/compute/v2.1/servers/18c1d1b6-c516-4c4c-a24d-3b354ba92690 0.080s
2025-04-22 03:35:44.346 70341 INFO tempest.lib.common.rest_client [req-aa7bbdb3-7e26-491b-b83e-d355207f6f29 req-aa7bbdb3-7e26-491b-b83e-d355207f6f29 ] Request (FlavorsAdminTestJSON:_run_cleanups): 202 DELETE http://10.180.1.21/compute/v2.1/flavors/404442603 0.075s
