2025-04-22 03:34:18.263 70323 INFO tempest.lib.common.rest_client [req-325a7e13-4f82-495c-86ab-017587f87449 req-325a7e13-4f82-495c-86ab-017587f87449 ] Request (ListImageFiltersTestJSON:setUpClass): 200 GET http://10.180.1.21/compute/v2.1/servers/3a7cb3aa-08e8-4d2f-94bc-8cf4d82544e1 0.329s
2025-04-22 03:34:18.288 70345 INFO tempest.lib.common.rest_client [req-1dde6960-9221-4006-8a58-7cfc8427810b req-1dde6960-9221-4006-8a58-7cfc8427810b ] Request (ServerMetadataTestJSON:tearDownClass): 200 GET http://10.180.1.21/compute/v2.1/servers/9f30e265-50d0-42b4-a79f-950aa915aa53 0.350s
2025-04-22 03:34:18.348 70335 INFO tempest.lib.common.rest_client [req-580f0bc7-fa27-4244-972f-74c5a00327cc req-580f0bc7-fa27-4244-972f-74c5a00327cc ] Request (FloatingIPsAssociationTestJSON:test_associate_already_associated_floating_ip): 200 GET http://10.180.1.21/compute/v2.1/servers/3fac017c-41a0-40f2-8f77-b1d72e1903dc 0.194s
2025-04-22 03:34:18.363 70335 INFO tempest.common.waiters [-] State transition "BUILD/None" ==> "BUILD/networking" after 49 second wait
2025-04-22 03:34:18.407 70311 INFO tempest.lib.common.rest_client [req-6f3827e7-0eb0-4864-9fc2-82a819ac60ae req-6f3827e7-0eb0-4864-9fc2-82a819ac60ae ] Request (MigrationsAdminTest:test_list_migrations_in_flavor_resize_situation): 200 GET http://10.180.1.21/compute/v2.1/servers/b45e94ae-d45b-4632-b8da-ae1cb246450a 0.312s
2025-04-22 03:34:18.470 70357 INFO tempest.lib.common.rest_client [req-b0637309-51f4-4b89-a98d-b9946374a9fb req-b0637309-51f4-4b89-a98d-b9946374a9fb ] Request (ServersTestBootFromVolume:setUpClass): 200 GET http://10.180.1.21/compute/v2.1/servers/adde3bd8-8324-4eab-9cea-152b59401f7c 0.094s
2025-04-22 03:34:18.528 70337 INFO tempest.lib.common.rest_client [req-27e8ce5f-1525-4c9e-8919-99c37da2c628 req-27e8ce5f-1525-4c9e-8919-99c37da2c628 ] Request (TenantUsagesTestJSON:setUpClass): 200 GET http://10.180.1.21/compute/v2.1/servers/ef11d456-2416-4498-aa7c-e1a51cb865d3 0.286s
2025-04-22 03:34:18.530 70367 INFO tempest.lib.common.rest_client [req-fbb91459-208c-4c97-8104-229e21fcd03d req-fbb91459-208c-4c97-8104-229e21fcd03d ] Request (VolumesAdminNegativeTest:test_update_attached_volume_with_nonexistent_volume_in_body): 200 GET http://10.180.1.21/volume/v3/volumes/e37e59f6-53b1-4901-bcda-4c7dba5dbdca 0.043s
2025-04-22 03:34:18.641 70317 INFO tempest.lib.common.rest_client [req-e63879db-c27e-46a1-a2b1-ea4b98dc415f req-e63879db-c27e-46a1-a2b1-ea4b98dc415f ] Request (FloatingIPsAssociationNegativeTestJSON:setUpClass): 200 GET http://10.180.1.21/compute/v2.1/servers/f38fbfac-9498-448d-9889-3ab4d2da1e16 0.169s
2025-04-22 03:34:18.683 70313 INFO tempest.lib.common.rest_client [req-fa22725c-66b3-43f7-9ed0-7285735a6dae req-fa22725c-66b3-43f7-9ed0-7285735a6dae ] Request (ListServerFiltersTestJSON:tearDownClass): 200 GET http://10.180.1.21/compute/v2.1/servers/0289665d-6bca-4cd0-911e-83698c3b97c8 0.287s
2025-04-22 03:34:18.708 70361 INFO tempest.lib.common.rest_client [req-93142d03-92f9-41d3-b149-be39d54653ba req-93142d03-92f9-41d3-b149-be39d54653ba ] Request (ServerDiskConfigTestJSON:test_rebuild_server_with_manual_disk_config): 200 GET http://10.180.1.21/compute/v2.1/servers/fdda3efc-facb-4d2a-b4e1-b167507b95e8 0.157s
2025-04-22 03:34:18.773 70359 INFO tempest.lib.common.rest_client [req-6093f41e-1672-41d5-9054-be5abbcd6148 req-6093f41e-1672-41d5-9054-be5abbcd6148 ] Request (ImagesNegativeTestJSON:test_create_image_from_deleted_server): 200 GET http://10.180.1.21/compute/v2.1/servers/c73fd485-e892-4ede-b980-c5b154d292d9 0.201s
2025-04-22 03:34:18.778 70341 INFO tempest.lib.common.rest_client [req-488548e0-e358-4f66-b3e1-0a832adc74a9 req-488548e0-e358-4f66-b3e1-0a832adc74a9 ] Request (DeleteServersAdminTestJSON:test_delete_server_while_in_error_state): 200 GET http://10.180.1.21/compute/v2.1/servers/b518bb73-3811-446e-8e88-1b6386f39543 0.138s
2025-04-22 03:34:18.784 70334 INFO tempest.lib.common.rest_client [req-bce0b6e8-91bd-48be-a914-6816ec8c03ff req-bce0b6e8-91bd-48be-a914-6816ec8c03ff ] Request (ListServersNegativeTestJSON:setUpClass): 200 PUT http://10.180.1.21:9696/networking/v2.0/routers/3bb53294-f663-428a-a99e-0b88fa86569f/add_router_interface 1.645s
2025-04-22 03:34:18.785 70334 INFO tempest.lib.common.dynamic_creds [-] Created isolated network resources for: credentials: Credentials: {'domain_id': 'default', 'domain_name': 'Default', 'username': 'tempest-ListServersNegativeTestJSON-1235469780-project-member', 'project_domain_id': 'default', 'project_domain_name': 'Default', 'project_id': '82a21e3ccf9c45b7bbd9832cae9b7bb0', 'project_name': 'tempest-ListServersNegativeTestJSON-1235469780', 'tenant_id': '82a21e3ccf9c45b7bbd9832cae9b7bb0', 'tenant_name': 'tempest-ListServersNegativeTestJSON-1235469780', 'user_domain_id': 'default', 'user_domain_name': 'Default', 'user_id': 'bf8f8242539b43c08c54087707001daf', 'system': None}, Network: {'id': '0c0605d2-fb35-4916-bacc-74e1343b9157', 'name': 'tempest-ListServersNegativeTestJSON-459460088-network', 'tenant_id': '82a21e3ccf9c45b7bbd9832cae9b7bb0', 'admin_state_up': True, 'mtu': 8950, 'status': 'ACTIVE', 'subnets': [], 'shared': False, 'project_id': '82a21e3ccf9c45b7bbd9832cae9b7bb0', 'port_security_enabled': True, 'router:external': False, 'provider:network_type': 'vlan', 'provider:physical_network': 'default', 'provider:segmentation_id': 83, 'availability_zone_hints': [], 'availability_zones': [], 'ipv4_address_scope': None, 'ipv6_address_scope': None, 'description': '', 'tags': [], 'created_at': '2025-04-22T03:34:15Z', 'updated_at': '2025-04-22T03:34:15Z', 'revision_number': 1}, Subnet: {'id': 'da2f1e7c-6163-492d-bf45-0e0cd456683e', 'name': 'tempest-ListServersNegativeTestJSON-459460088-subnet', 'tenant_id': '82a21e3ccf9c45b7bbd9832cae9b7bb0', 'network_id': '0c0605d2-fb35-4916-bacc-74e1343b9157', 'ip_version': 4, 'subnetpool_id': None, 'enable_dhcp': True, 'ipv6_ra_mode': None, 'ipv6_address_mode': None, 'gateway_ip': '192.168.128.1', 'cidr': '192.168.128.0/28', 'allocation_pools': [{'start': '192.168.128.2', 'end': '192.168.128.14'}], 'host_routes': [], 'dns_nameservers': [], 'description': '', 'router:external': False, 'service_types': [], 'tags': [], 'created_at': '2025-04-22T03:34:15Z', 'updated_at': '2025-04-22T03:34:15Z', 'revision_number': 0, 'project_id': '82a21e3ccf9c45b7bbd9832cae9b7bb0'}, Router: {'id': '3bb53294-f663-428a-a99e-0b88fa86569f', 'name': 'tempest-ListServersNegativeTestJSON-459460088-router', 'tenant_id': '82a21e3ccf9c45b7bbd9832cae9b7bb0', 'admin_state_up': True, 'status': 'ACTIVE', 'external_gateway_info': {'network_id': 'afda74f0-b278-4fba-9b85-b4dccf198437', 'external_fixed_ips': [{'subnet_id': '119b8416-4ca0-433d-8723-e0ea988393a7', 'ip_address': '10.180.180.232'}], 'enable_snat': True}, 'description': '', 'availability_zones': [], 'distributed': False, 'ha': False, 'availability_zone_hints': [], 'routes': [], 'flavor_id': None, 'tags': [], 'created_at': '2025-04-22T03:34:15Z', 'updated_at': '2025-04-22T03:34:16Z', 'revision_number': 2, 'project_id': '82a21e3ccf9c45b7bbd9832cae9b7bb0'}
2025-04-22 03:34:18.831 70353 INFO tempest.lib.common.rest_client [req-d5b8c644-66b5-4c43-984e-5569b64d5d22 req-d5b8c644-66b5-4c43-984e-5569b64d5d22 ] Request (ImagesTestJSON:test_create_image_from_suspended_server): 200 GET http://10.180.1.21/compute/v2.1/servers/734ac398-4556-413a-ac7e-ca28d56d4de1 0.122s
2025-04-22 03:34:18.845 70315 INFO tempest.lib.common.rest_client [req-45aca293-108c-45e5-8a67-dc3f1c72e6a8 req-45aca293-108c-45e5-8a67-dc3f1c72e6a8 ] Request (ServersV294TestFqdnHostnames:setUpClass): 200 GET http://10.180.1.21/compute/v2.1/servers/9642dc29-73e4-451e-bf37-fe20fc4c876a 0.139s
2025-04-22 03:34:18.889 70334 INFO tempest.lib.common.rest_client [req-5c73b091-e968-4f7b-88e8-de5fa4a484f2 req-5c73b091-e968-4f7b-88e8-de5fa4a484f2 ] Request (ListServersNegativeTestJSON:setUpClass): 201 POST http://10.180.1.21/identity/v3/auth/tokens 0.101s
2025-04-22 03:34:18.893 70365 INFO tempest.lib.common.rest_client [req-d2c4cd3f-4cf4-4a63-812f-83505700c091 req-d2c4cd3f-4cf4-4a63-812f-83505700c091 ] Request (InstanceActionsNegativeTestJSON:setUpClass): 200 GET http://10.180.1.21/compute/v2.1/servers/18c1d1b6-c516-4c4c-a24d-3b354ba92690 0.134s
2025-04-22 03:34:18.901 70319 INFO tempest.lib.common.rest_client [req-ed02b54d-ca86-4ad3-bc10-262786c1e56f req-ed02b54d-ca86-4ad3-bc10-262786c1e56f ] Request (SecurityGroupsTestJSON:test_list_security_groups_by_server): 200 GET http://10.180.1.21/compute/v2.1/servers/f432ef0a-9c47-40e6-96c1-d7601dc314a4 0.136s
2025-04-22 03:34:18.930 70334 INFO tempest.lib.common.rest_client [req-9f59fb19-d1ad-49bd-992c-cc2dd4293120 req-9f59fb19-d1ad-49bd-992c-cc2dd4293120 ] Request (ListServersNegativeTestJSON:setUpClass): 201 POST http://10.180.1.21/identity/v3/auth/tokens 0.034s
2025-04-22 03:34:18.930 70334 INFO tempest.lib.common.fixed_network [-] (ListServersNegativeTestJSON:setUpClass) Found network {'id': '0c0605d2-fb35-4916-bacc-74e1343b9157', 'name': 'tempest-ListServersNegativeTestJSON-459460088-network', 'tenant_id': '82a21e3ccf9c45b7bbd9832cae9b7bb0', 'admin_state_up': True, 'mtu': 8950, 'status': 'ACTIVE', 'subnets': [], 'shared': False, 'project_id': '82a21e3ccf9c45b7bbd9832cae9b7bb0', 'port_security_enabled': True, 'router:external': False, 'provider:network_type': 'vlan', 'provider:physical_network': 'default', 'provider:segmentation_id': 83, 'availability_zone_hints': [], 'availability_zones': [], 'ipv4_address_scope': None, 'ipv6_address_scope': None, 'description': '', 'tags': [], 'created_at': '2025-04-22T03:34:15Z', 'updated_at': '2025-04-22T03:34:15Z', 'revision_number': 1} available for tenant
2025-04-22 03:34:18.958 70325 INFO tempest.lib.common.rest_client [req-44d06f43-f2ce-4f0a-9066-fe052c1e004a req-44d06f43-f2ce-4f0a-9066-fe052c1e004a ] Request (ServersAdminNegativeTestJSON:test_migrate_server_invalid_state): 200 GET http://10.180.1.21/compute/v2.1/servers/87d6b4be-0570-4acf-adb2-76535b5157d6 0.135s
2025-04-22 03:34:18.997 70307 INFO tempest.lib.common.rest_client [req-ad4a6a7f-82e2-41ec-8f3d-47b90cc028a8 req-ad4a6a7f-82e2-41ec-8f3d-47b90cc028a8 ] Request (ImagesOneServerTestJSON:tearDownClass): 200 GET http://10.180.1.21/compute/v2.1/servers/11e73f0c-0692-47be-a4b6-86fdecd2886f 0.137s
2025-04-22 03:34:19.029 70321 INFO tempest.lib.common.rest_client [req-21dfcefa-b1a4-4e56-843f-56b170dc9c3e req-21dfcefa-b1a4-4e56-843f-56b170dc9c3e ] Request (ImagesOneServerNegativeTestJSON:setUpClass): 200 GET http://10.180.1.21/compute/v2.1/servers/eacd2ffb-6901-48e1-86ed-448b58a34bd3 0.159s
2025-04-22 03:34:19.103 70349 INFO tempest.lib.common.rest_client [req-9e6fc2a0-86e5-4245-8bc0-8834d08d41ca req-9e6fc2a0-86e5-4245-8bc0-8834d08d41ca ] Request (ServerDiagnosticsTest:tearDownClass): 200 GET http://10.180.1.21/compute/v2.1/servers/88e60979-6906-4c76-b683-1891f48beea7 0.104s
2025-04-22 03:34:19.174 70305 INFO tempest.lib.common.rest_client [req-1101a9df-2296-4fd0-aae6-b4c125096f67 req-1101a9df-2296-4fd0-aae6-b4c125096f67 ] Request (ServersNegativeTestJSON:setUpClass): 200 GET http://10.180.1.21/compute/v2.1/servers/f5bd91ff-5a34-4478-9ece-8918fee6101a 0.129s
2025-04-22 03:34:19.242 70309 INFO tempest.lib.common.rest_client [req-77836e2e-8fc4-4d7f-9522-927524fd173e req-77836e2e-8fc4-4d7f-9522-927524fd173e ] Request (ServersAdminTestJSON:setUpClass): 200 GET http://10.180.1.21/compute/v2.1/servers/1045259e-3aad-4d1b-8ec0-3d7f375803a1 0.147s
2025-04-22 03:34:19.297 70343 INFO tempest.lib.common.rest_client [req-20205b6e-5b59-4cb8-bf11-6e746694935f req-20205b6e-5b59-4cb8-bf11-6e746694935f ] Request (ServerRescueTestJSONUnderV235:setUpClass): 200 GET http://10.180.1.21/compute/v2.1/servers/a3f66942-6063-4d1f-9bb0-b07899beccc1 0.189s
2025-04-22 03:34:19.392 70323 INFO tempest.lib.common.rest_client [req-35371853-c730-4a06-ae7b-eeecda1b1027 req-35371853-c730-4a06-ae7b-eeecda1b1027 ] Request (ListImageFiltersTestJSON:setUpClass): 200 GET http://10.180.1.21/compute/v2.1/servers/3a7cb3aa-08e8-4d2f-94bc-8cf4d82544e1 0.121s
2025-04-22 03:34:19.492 70345 INFO tempest.lib.common.rest_client [req-6e0b9334-e4a9-4e4b-b922-b8fd126d0f9b req-6e0b9334-e4a9-4e4b-b922-b8fd126d0f9b ] Request (ServerMetadataTestJSON:tearDownClass): 200 GET http://10.180.1.21/compute/v2.1/servers/9f30e265-50d0-42b4-a79f-950aa915aa53 0.191s
2025-04-22 03:34:19.570 70367 INFO tempest.lib.common.rest_client [req-f896dd95-8535-41cc-8a70-2da245c2f478 req-f896dd95-8535-41cc-8a70-2da245c2f478 ] Request (VolumesAdminNegativeTest:test_update_attached_volume_with_nonexistent_volume_in_body): 200 GET http://10.180.1.21/volume/v3/volumes/e37e59f6-53b1-4901-bcda-4c7dba5dbdca 0.033s
2025-04-22 03:34:19.664 70335 INFO tempest.lib.common.rest_client [req-4c6427c2-b13a-4e83-a440-5299d46f732e req-4c6427c2-b13a-4e83-a440-5299d46f732e ] Request (FloatingIPsAssociationTestJSON:test_associate_already_associated_floating_ip): 200 GET http://10.180.1.21/compute/v2.1/servers/3fac017c-41a0-40f2-8f77-b1d72e1903dc 0.300s
2025-04-22 03:34:19.671 70335 INFO tempest.common.waiters [-] State transition "BUILD/networking" ==> "BUILD/block_device_mapping" after 50 second wait
2025-04-22 03:34:19.796 70311 INFO tempest.lib.common.rest_client [req-4a9da7f1-c392-4d6b-ada3-b20b77ffb776 req-4a9da7f1-c392-4d6b-ada3-b20b77ffb776 ] Request (MigrationsAdminTest:test_list_migrations_in_flavor_resize_situation): 200 GET http://10.180.1.21/compute/v2.1/servers/b45e94ae-d45b-4632-b8da-ae1cb246450a 0.377s
2025-04-22 03:34:19.828 70334 INFO tempest.lib.common.rest_client [req-127485d3-6d19-456d-adf8-f527d846e043 req-127485d3-6d19-456d-adf8-f527d846e043 ] Request (ListServersNegativeTestJSON:setUpClass): 202 POST http://10.180.1.21/compute/v2.1/servers 0.897s
2025-04-22 03:34:19.868 70357 INFO tempest.lib.common.rest_client [req-c73749c1-3e85-4829-9163-276c3a35e4c8 req-c73749c1-3e85-4829-9163-276c3a35e4c8 ] Request (ServersTestBootFromVolume:setUpClass): 200 GET http://10.180.1.21/compute/v2.1/servers/adde3bd8-8324-4eab-9cea-152b59401f7c 0.386s
2025-04-22 03:34:19.924 70337 INFO tempest.lib.common.rest_client [req-cf51fd16-f839-4eae-bdc8-ec4b253a8213 req-cf51fd16-f839-4eae-bdc8-ec4b253a8213 ] Request (TenantUsagesTestJSON:setUpClass): 200 GET http://10.180.1.21/compute/v2.1/servers/ef11d456-2416-4498-aa7c-e1a51cb865d3 0.382s
2025-04-22 03:34:19.925 70317 INFO tempest.lib.common.rest_client [req-c36a78bd-f6d4-4e45-8ce1-d2b5e60b20c8 req-c36a78bd-f6d4-4e45-8ce1-d2b5e60b20c8 ] Request (FloatingIPsAssociationNegativeTestJSON:setUpClass): 200 GET http://10.180.1.21/compute/v2.1/servers/f38fbfac-9498-448d-9889-3ab4d2da1e16 0.271s
2025-04-22 03:34:19.980 70361 INFO tempest.lib.common.rest_client [req-f0fb6e77-ee77-493a-ac99-09a2de726cb1 req-f0fb6e77-ee77-493a-ac99-09a2de726cb1 ] Request (ServerDiskConfigTestJSON:test_rebuild_server_with_manual_disk_config): 200 GET http://10.180.1.21/compute/v2.1/servers/fdda3efc-facb-4d2a-b4e1-b167507b95e8 0.257s
2025-04-22 03:34:20.033 70313 INFO tempest.lib.common.rest_client [req-a67b8f1f-65ec-4b87-85ed-6f751a580c6f req-a67b8f1f-65ec-4b87-85ed-6f751a580c6f ] Request (ListServerFiltersTestJSON:tearDownClass): 200 GET http://10.180.1.21/compute/v2.1/servers/0289665d-6bca-4cd0-911e-83698c3b97c8 0.335s
2025-04-22 03:34:20.036 70359 INFO tempest.lib.common.rest_client [req-6f883cb4-48c4-400f-b629-31daac10bffb req-6f883cb4-48c4-400f-b629-31daac10bffb ] Request (ImagesNegativeTestJSON:test_create_image_from_deleted_server): 200 GET http://10.180.1.21/compute/v2.1/servers/c73fd485-e892-4ede-b980-c5b154d292d9 0.255s
2025-04-22 03:34:20.093 70341 INFO tempest.lib.common.rest_client [req-d71e7557-7ed3-42a5-b06e-ff008bef14ff req-d71e7557-7ed3-42a5-b06e-ff008bef14ff ] Request (DeleteServersAdminTestJSON:test_delete_server_while_in_error_state): 200 GET http://10.180.1.21/compute/v2.1/servers/b518bb73-3811-446e-8e88-1b6386f39543 0.305s
2025-04-22 03:34:20.099 70334 INFO tempest.lib.common.rest_client [req-fc1c0d66-624e-4d9d-888e-5bdbe331fda8 req-fc1c0d66-624e-4d9d-888e-5bdbe331fda8 ] Request (ListServersNegativeTestJSON:setUpClass): 200 GET http://10.180.1.21/compute/v2.1/servers 0.269s
2025-04-22 03:34:20.148 70353 INFO tempest.lib.common.rest_client [req-6506883e-a503-4800-a535-6c060f4ac38d req-6506883e-a503-4800-a535-6c060f4ac38d ] Request (ImagesTestJSON:test_create_image_from_suspended_server): 200 GET http://10.180.1.21/compute/v2.1/servers/734ac398-4556-413a-ac7e-ca28d56d4de1 0.302s
2025-04-22 03:34:20.164 70315 INFO tempest.lib.common.rest_client [req-047b6120-2e15-4a4b-b3cd-740fad73dfe2 req-047b6120-2e15-4a4b-b3cd-740fad73dfe2 ] Request (ServersV294TestFqdnHostnames:setUpClass): 200 GET http://10.180.1.21/compute/v2.1/servers/9642dc29-73e4-451e-bf37-fe20fc4c876a 0.300s
2025-04-22 03:34:20.211 70365 INFO tempest.lib.common.rest_client [req-a29bdb33-a3ed-4222-9fbb-3ece3025381d req-a29bdb33-a3ed-4222-9fbb-3ece3025381d ] Request (InstanceActionsNegativeTestJSON:setUpClass): 200 GET http://10.180.1.21/compute/v2.1/servers/18c1d1b6-c516-4c4c-a24d-3b354ba92690 0.308s
2025-04-22 03:34:20.221 70319 INFO tempest.lib.common.rest_client [req-d32ff55b-6382-4b7e-a089-c847e1fba95b req-d32ff55b-6382-4b7e-a089-c847e1fba95b ] Request (SecurityGroupsTestJSON:test_list_security_groups_by_server): 200 GET http://10.180.1.21/compute/v2.1/servers/f432ef0a-9c47-40e6-96c1-d7601dc314a4 0.306s
2025-04-22 03:34:20.263 70325 INFO tempest.lib.common.rest_client [req-f250b3a7-0515-47fd-95f8-f37c68fbf420 req-f250b3a7-0515-47fd-95f8-f37c68fbf420 ] Request (ServersAdminNegativeTestJSON:test_migrate_server_invalid_state): 200 GET http://10.180.1.21/compute/v2.1/servers/87d6b4be-0570-4acf-adb2-76535b5157d6 0.296s
2025-04-22 03:34:20.301 70307 INFO tempest.lib.common.rest_client [req-e9c63eff-a90d-4769-a5ff-29416b4f55bb req-e9c63eff-a90d-4769-a5ff-29416b4f55bb ] Request (ImagesOneServerTestJSON:tearDownClass): 200 GET http://10.180.1.21/compute/v2.1/servers/11e73f0c-0692-47be-a4b6-86fdecd2886f 0.294s
2025-04-22 03:34:20.320 70321 INFO tempest.lib.common.rest_client [req-f1a6afec-6cfa-4403-84d2-159628edb4e2 req-f1a6afec-6cfa-4403-84d2-159628edb4e2 ] Request (ImagesOneServerNegativeTestJSON:setUpClass): 200 GET http://10.180.1.21/compute/v2.1/servers/eacd2ffb-6901-48e1-86ed-448b58a34bd3 0.284s
2025-04-22 03:34:20.349 70334 INFO tempest.lib.common.rest_client [req-56e80ba2-c442-4f15-9d82-502facc4eaf8 req-56e80ba2-c442-4f15-9d82-502facc4eaf8 ] Request (ListServersNegativeTestJSON:setUpClass): 200 GET http://10.180.1.21/compute/v2.1/servers/0937ab71-83d3-436e-a5d3-e3c7fb97c642 0.247s
2025-04-22 03:34:20.388 70349 INFO tempest.lib.common.rest_client [req-9f9cf961-ebac-477b-b9d4-2e78c0772294 req-9f9cf961-ebac-477b-b9d4-2e78c0772294 ] Request (ServerDiagnosticsTest:tearDownClass): 200 GET http://10.180.1.21/compute/v2.1/servers/88e60979-6906-4c76-b683-1891f48beea7 0.269s
2025-04-22 03:34:20.404 70305 INFO tempest.lib.common.rest_client [req-bc5f5748-9463-4826-ae52-61c755a60908 req-bc5f5748-9463-4826-ae52-61c755a60908 ] Request (ServersNegativeTestJSON:setUpClass): 200 GET http://10.180.1.21/compute/v2.1/servers/f5bd91ff-5a34-4478-9ece-8918fee6101a 0.220s
2025-04-22 03:34:20.462 70309 INFO tempest.lib.common.rest_client [req-2dd2f20a-bd74-4a64-9e33-e67670c17810 req-2dd2f20a-bd74-4a64-9e33-e67670c17810 ] Request (ServersAdminTestJSON:setUpClass): 200 GET http://10.180.1.21/compute/v2.1/servers/1045259e-3aad-4d1b-8ec0-3d7f375803a1 0.209s
2025-04-22 03:34:20.467 70343 INFO tempest.lib.common.rest_client [req-a95c17ed-51bf-4f6f-ba64-125b65258bb3 req-a95c17ed-51bf-4f6f-ba64-125b65258bb3 ] Request (ServerRescueTestJSONUnderV235:setUpClass): 200 GET http://10.180.1.21/compute/v2.1/servers/a3f66942-6063-4d1f-9bb0-b07899beccc1 0.161s
2025-04-22 03:34:20.619 70367 INFO tempest.lib.common.rest_client [req-aa6eb82b-72c2-4ea3-9f52-fc2f5bbe538b req-aa6eb82b-72c2-4ea3-9f52-fc2f5bbe538b ] Request (VolumesAdminNegativeTest:test_update_attached_volume_with_nonexistent_volume_in_body): 200 GET http://10.180.1.21/volume/v3/volumes/e37e59f6-53b1-4901-bcda-4c7dba5dbdca 0.039s
2025-04-22 03:34:20.652 70323 INFO tempest.lib.common.rest_client [req-b916cd9c-dd06-4e5c-acb5-a0fe2ecf9938 req-b916cd9c-dd06-4e5c-acb5-a0fe2ecf9938 ] Request (ListImageFiltersTestJSON:setUpClass): 200 GET http://10.180.1.21/compute/v2.1/servers/3a7cb3aa-08e8-4d2f-94bc-8cf4d82544e1 0.252s
2025-04-22 03:34:20.678 70345 INFO tempest.lib.common.rest_client [req-545f44f2-73a5-4b0f-869c-cbd231d49949 req-545f44f2-73a5-4b0f-869c-cbd231d49949 ] Request (ServerMetadataTestJSON:tearDownClass): 200 GET http://10.180.1.21/compute/v2.1/servers/9f30e265-50d0-42b4-a79f-950aa915aa53 0.177s
2025-04-22 03:34:20.807 70335 INFO tempest.lib.common.rest_client [req-193ef650-b0e8-4cac-ada1-8c97fe0dcbd6 req-193ef650-b0e8-4cac-ada1-8c97fe0dcbd6 ] Request (FloatingIPsAssociationTestJSON:test_associate_already_associated_floating_ip): 200 GET http://10.180.1.21/compute/v2.1/servers/3fac017c-41a0-40f2-8f77-b1d72e1903dc 0.135s
2025-04-22 03:34:20.814 70335 INFO tempest.common.waiters [-] State transition "BUILD/block_device_mapping" ==> "BUILD/spawning" after 51 second wait
2025-04-22 03:34:20.929 70357 INFO tempest.lib.common.rest_client [req-25fc0549-01a9-4ae7-832c-ada33526ced3 req-25fc0549-01a9-4ae7-832c-ada33526ced3 ] Request (ServersTestBootFromVolume:setUpClass): 200 GET http://10.180.1.21/compute/v2.1/servers/adde3bd8-8324-4eab-9cea-152b59401f7c 0.053s
2025-04-22 03:34:20.941 70311 INFO tempest.lib.common.rest_client [req-cf757090-0733-4400-a827-ed87773c83d7 req-cf757090-0733-4400-a827-ed87773c83d7 ] Request (MigrationsAdminTest:test_list_migrations_in_flavor_resize_situation): 200 GET http://10.180.1.21/compute/v2.1/servers/b45e94ae-d45b-4632-b8da-ae1cb246450a 0.130s
2025-04-22 03:34:20.948 70311 INFO tempest.common.waiters [-] State transition "RESIZE/resize_migrated" ==> "RESIZE/resize_finish" after 40 second wait
2025-04-22 03:34:20.994 70317 INFO tempest.lib.common.rest_client [req-70759334-5209-4a42-b98f-27c1a25ced23 req-70759334-5209-4a42-b98f-27c1a25ced23 ] Request (FloatingIPsAssociationNegativeTestJSON:setUpClass): 200 GET http://10.180.1.21/compute/v2.1/servers/f38fbfac-9498-448d-9889-3ab4d2da1e16 0.055s
2025-04-22 03:34:21.027 70337 INFO tempest.lib.common.rest_client [req-5cf68466-b65b-4a6f-9808-a0d4824e09f7 req-5cf68466-b65b-4a6f-9808-a0d4824e09f7 ] Request (TenantUsagesTestJSON:setUpClass): 200 GET http://10.180.1.21/compute/v2.1/servers/ef11d456-2416-4498-aa7c-e1a51cb865d3 0.093s
2025-04-22 03:34:21.054 70361 INFO tempest.lib.common.rest_client [req-1ee9d068-b88d-4bad-8d0c-45afbe5a6a29 req-1ee9d068-b88d-4bad-8d0c-45afbe5a6a29 ] Request (ServerDiskConfigTestJSON:test_rebuild_server_with_manual_disk_config): 200 GET http://10.180.1.21/compute/v2.1/servers/fdda3efc-facb-4d2a-b4e1-b167507b95e8 0.062s
2025-04-22 03:34:21.093 70313 INFO tempest.lib.common.rest_client [req-83475141-ddc2-4506-a299-95b3a5dbaa4c req-83475141-ddc2-4506-a299-95b3a5dbaa4c ] Request (ListServerFiltersTestJSON:tearDownClass): 200 GET http://10.180.1.21/compute/v2.1/servers/0289665d-6bca-4cd0-911e-83698c3b97c8 0.051s
2025-04-22 03:34:21.102 70359 INFO tempest.lib.common.rest_client [req-d4863e7b-16d0-4eb2-bd4e-61a8ed7e5e3b req-d4863e7b-16d0-4eb2-bd4e-61a8ed7e5e3b ] Request (ImagesNegativeTestJSON:test_create_image_from_deleted_server): 200 GET http://10.180.1.21/compute/v2.1/servers/c73fd485-e892-4ede-b980-c5b154d292d9 0.049s
2025-04-22 03:34:21.150 70341 INFO tempest.lib.common.rest_client [req-0163f97a-d70b-459d-845e-2fd97459fb53 req-0163f97a-d70b-459d-845e-2fd97459fb53 ] Request (DeleteServersAdminTestJSON:test_delete_server_while_in_error_state): 200 GET http://10.180.1.21/compute/v2.1/servers/b518bb73-3811-446e-8e88-1b6386f39543 0.047s
2025-04-22 03:34:21.207 70353 INFO tempest.lib.common.rest_client [req-9b8e8878-7afa-44e7-9c26-8756614a677a req-9b8e8878-7afa-44e7-9c26-8756614a677a ] Request (ImagesTestJSON:test_create_image_from_suspended_server): 200 GET http://10.180.1.21/compute/v2.1/servers/734ac398-4556-413a-ac7e-ca28d56d4de1 0.048s
2025-04-22 03:34:21.254 70315 INFO tempest.lib.common.rest_client [req-b3448dd1-36ea-4008-98ea-92cbfa71ddbb req-b3448dd1-36ea-4008-98ea-92cbfa71ddbb ] Request (ServersV294TestFqdnHostnames:setUpClass): 200 GET http://10.180.1.21/compute/v2.1/servers/9642dc29-73e4-451e-bf37-fe20fc4c876a 0.078s
2025-04-22 03:34:21.299 70365 INFO tempest.lib.common.rest_client [req-2d40a351-0ddd-4a76-a640-b8d4901eb163 req-2d40a351-0ddd-4a76-a640-b8d4901eb163 ] Request (InstanceActionsNegativeTestJSON:setUpClass): 200 GET http://10.180.1.21/compute/v2.1/servers/18c1d1b6-c516-4c4c-a24d-3b354ba92690 0.077s
2025-04-22 03:34:21.351 70319 INFO tempest.lib.common.rest_client [req-95334363-4de1-4d15-9887-d93c1754ea81 req-95334363-4de1-4d15-9887-d93c1754ea81 ] Request (SecurityGroupsTestJSON:test_list_security_groups_by_server): 200 GET http://10.180.1.21/compute/v2.1/servers/f432ef0a-9c47-40e6-96c1-d7601dc314a4 0.121s
2025-04-22 03:34:21.395 70325 INFO tempest.lib.common.rest_client [req-9bc0d790-7a0c-403f-84c0-558441d7c510 req-9bc0d790-7a0c-403f-84c0-558441d7c510 ] Request (ServersAdminNegativeTestJSON:test_migrate_server_invalid_state): 200 GET http://10.180.1.21/compute/v2.1/servers/87d6b4be-0570-4acf-adb2-76535b5157d6 0.119s
2025-04-22 03:34:21.455 70307 INFO tempest.lib.common.rest_client [req-4bca9552-72dd-446b-adcb-1a50ca275b9a req-4bca9552-72dd-446b-adcb-1a50ca275b9a ] Request (ImagesOneServerTestJSON:tearDownClass): 200 GET http://10.180.1.21/compute/v2.1/servers/11e73f0c-0692-47be-a4b6-86fdecd2886f 0.147s
2025-04-22 03:34:21.505 70321 INFO tempest.lib.common.rest_client [req-809fe7c2-f782-4814-a7ec-381d428a8ace req-809fe7c2-f782-4814-a7ec-381d428a8ace ] Request (ImagesOneServerNegativeTestJSON:setUpClass): 200 GET http://10.180.1.21/compute/v2.1/servers/eacd2ffb-6901-48e1-86ed-448b58a34bd3 0.173s
2025-04-22 03:34:21.578 70334 INFO tempest.lib.common.rest_client [req-46c0601a-d237-4dd1-b008-448eea06535d req-46c0601a-d237-4dd1-b008-448eea06535d ] Request (ListServersNegativeTestJSON:setUpClass): 200 GET http://10.180.1.21/compute/v2.1/servers/0937ab71-83d3-436e-a5d3-e3c7fb97c642 0.218s
2025-04-22 03:34:21.602 70349 INFO tempest.lib.common.rest_client [req-77456bc2-bc2e-4245-b3f7-674f51d7f25d req-77456bc2-bc2e-4245-b3f7-674f51d7f25d ] Request (ServerDiagnosticsTest:tearDownClass): 404 GET http://10.180.1.21/compute/v2.1/servers/88e60979-6906-4c76-b683-1891f48beea7 0.199s
2025-04-22 03:34:21.671 70367 INFO tempest.lib.common.rest_client [req-88a30093-6fb9-4110-a454-ca3e59d39d61 req-88a30093-6fb9-4110-a454-ca3e59d39d61 ] Request (VolumesAdminNegativeTest:test_update_attached_volume_with_nonexistent_volume_in_body): 200 GET http://10.180.1.21/volume/v3/volumes/e37e59f6-53b1-4901-bcda-4c7dba5dbdca 0.043s
2025-04-22 03:34:21.671 70305 INFO tempest.lib.common.rest_client [req-1459aa48-da70-4ebd-8c44-df80d36ad629 req-1459aa48-da70-4ebd-8c44-df80d36ad629 ] Request (ServersNegativeTestJSON:setUpClass): 200 GET http://10.180.1.21/compute/v2.1/servers/f5bd91ff-5a34-4478-9ece-8918fee6101a 0.260s
2025-04-22 03:34:21.701 70327 INFO tempest.lib.common.rest_client [req-d4ae99bb-e646-4283-a07d-5d46d6d941f0 req-d4ae99bb-e646-4283-a07d-5d46d6d941f0 ] Request (ServerDiagnosticsV248Test:test_get_server_diagnostics): 200 GET http://10.180.1.21/compute/v2.1/servers/eac4f5f4-b1b1-4be7-9b39-dcca5ad6d09c/diagnostics 0.531s
2025-04-22 03:34:21.733 70309 INFO tempest.lib.common.rest_client [req-747489df-c7e3-4c0c-aa50-c596ee097421 req-747489df-c7e3-4c0c-aa50-c596ee097421 ] Request (ServersAdminTestJSON:setUpClass): 200 GET http://10.180.1.21/compute/v2.1/servers/1045259e-3aad-4d1b-8ec0-3d7f375803a1 0.262s
2025-04-22 03:34:21.760 70343 INFO tempest.lib.common.rest_client [req-9877b75c-a387-4045-8c4e-2894a1024fdf req-9877b75c-a387-4045-8c4e-2894a1024fdf ] Request (ServerRescueTestJSONUnderV235:setUpClass): 200 GET http://10.180.1.21/compute/v2.1/servers/a3f66942-6063-4d1f-9bb0-b07899beccc1 0.281s
2025-04-22 03:34:21.761 70349 INFO tempest.lib.common.rest_client [req-49b42c5c-ac1d-4e70-850c-2fa7c21432b8 req-49b42c5c-ac1d-4e70-850c-2fa7c21432b8 ] Request (ServerDiagnosticsTest:tearDownClass): 204 DELETE http://10.180.1.21/identity/v3/users/b92e767b2ca340d5ba4e8ea3552faf2d 0.159s
2025-04-22 03:34:21.813 70345 INFO tempest.lib.common.rest_client [req-6ad5d23b-3430-4c82-91b4-f953f36e727f req-6ad5d23b-3430-4c82-91b4-f953f36e727f ] Request (ServerMetadataTestJSON:tearDownClass): 200 GET http://10.180.1.21/compute/v2.1/servers/9f30e265-50d0-42b4-a79f-950aa915aa53 0.122s
2025-04-22 03:34:21.844 70349 INFO tempest.lib.common.rest_client [req-f86391ff-c61c-4379-aeba-5e169aa715f6 req-f86391ff-c61c-4379-aeba-5e169aa715f6 ] Request (ServerDiagnosticsTest:tearDownClass): 204 DELETE http://10.180.1.21/identity/v3/users/38e545229a464c9b938412d8df0fedad 0.082s
2025-04-22 03:34:21.844 70349 INFO tempest.lib.common.dynamic_creds [-] Deleting project and security group for project: cc0db948f6904faf8356a7add8003eda
2025-04-22 03:34:21.863 70323 INFO tempest.lib.common.rest_client [req-1c3007cf-8830-4612-a65a-dd08e6e68477 req-1c3007cf-8830-4612-a65a-dd08e6e68477 ] Request (ListImageFiltersTestJSON:setUpClass): 200 GET http://10.180.1.21/compute/v2.1/servers/3a7cb3aa-08e8-4d2f-94bc-8cf4d82544e1 0.203s
2025-04-22 03:34:21.891 70327 INFO tempest.lib.common.rest_client [req-bbb644d6-9cdd-41bc-92b6-d7ee34093936 req-bbb644d6-9cdd-41bc-92b6-d7ee34093936 ] Request (ServerDiagnosticsV248Test:tearDownClass): 204 DELETE http://10.180.1.21/compute/v2.1/servers/eac4f5f4-b1b1-4be7-9b39-dcca5ad6d09c 0.179s
2025-04-22 03:34:21.910 70349 INFO tempest.lib.common.rest_client [req-583f8f1c-b4e7-49a5-8298-cb8db9f69bf4 req-583f8f1c-b4e7-49a5-8298-cb8db9f69bf4 ] Request (ServerDiagnosticsTest:tearDownClass): 201 POST http://10.180.1.21/identity/v3/auth/tokens 0.065s
2025-04-22 03:34:21.948 70327 INFO tempest.lib.common.rest_client [req-7e56b8c8-8f98-48d1-ab19-980854fd189a req-7e56b8c8-8f98-48d1-ab19-980854fd189a ] Request (ServerDiagnosticsV248Test:tearDownClass): 200 GET http://10.180.1.21/compute/v2.1/servers/eac4f5f4-b1b1-4be7-9b39-dcca5ad6d09c 0.056s
2025-04-22 03:34:21.964 70335 INFO tempest.lib.common.rest_client [req-3a02e406-8d0f-4ffd-8dd6-1352b769fb22 req-3a02e406-8d0f-4ffd-8dd6-1352b769fb22 ] Request (FloatingIPsAssociationTestJSON:test_associate_already_associated_floating_ip): 200 GET http://10.180.1.21/compute/v2.1/servers/3fac017c-41a0-40f2-8f77-b1d72e1903dc 0.149s
2025-04-22 03:34:21.992 70349 INFO tempest.lib.common.rest_client [req-e04b484b-1566-4ee3-8ad1-666d9907445a req-e04b484b-1566-4ee3-8ad1-666d9907445a ] Request (ServerDiagnosticsTest:tearDownClass): 200 GET http://10.180.1.21:9696/networking/v2.0/security-groups?tenant_id=cc0db948f6904faf8356a7add8003eda&name=default 0.081s
2025-04-22 03:34:21.996 70357 INFO tempest.lib.common.rest_client [req-c10a4319-2c39-4ee0-a2f7-9c206f6c046a req-c10a4319-2c39-4ee0-a2f7-9c206f6c046a ] Request (ServersTestBootFromVolume:setUpClass): 200 GET http://10.180.1.21/compute/v2.1/servers/adde3bd8-8324-4eab-9cea-152b59401f7c 0.059s
2025-04-22 03:34:22.063 70311 INFO tempest.lib.common.rest_client [req-dbefc32b-88b5-4898-97be-5ed305cf5a7b req-dbefc32b-88b5-4898-97be-5ed305cf5a7b ] Request (MigrationsAdminTest:test_list_migrations_in_flavor_resize_situation): 200 GET http://10.180.1.21/compute/v2.1/servers/b45e94ae-d45b-4632-b8da-ae1cb246450a 0.113s
2025-04-22 03:34:22.063 70317 INFO tempest.lib.common.rest_client [req-f7129e81-1558-4ebc-abb2-3bf384f1c919 req-f7129e81-1558-4ebc-abb2-3bf384f1c919 ] Request (FloatingIPsAssociationNegativeTestJSON:setUpClass): 200 GET http://10.180.1.21/compute/v2.1/servers/f38fbfac-9498-448d-9889-3ab4d2da1e16 0.061s
2025-04-22 03:34:22.098 70349 INFO tempest.lib.common.rest_client [req-bf710f55-bc03-4adc-bc2e-32b60449936d req-bf710f55-bc03-4adc-bc2e-32b60449936d ] Request (ServerDiagnosticsTest:tearDownClass): 204 DELETE http://10.180.1.21:9696/networking/v2.0/security-groups/6719a83d-3363-4339-a277-6e1ec27ec7bc 0.105s
2025-04-22 03:34:22.121 70361 INFO tempest.lib.common.rest_client [req-447ba605-0605-4836-879d-68359b6f28eb req-447ba605-0605-4836-879d-68359b6f28eb ] Request (ServerDiskConfigTestJSON:test_rebuild_server_with_manual_disk_config): 200 GET http://10.180.1.21/compute/v2.1/servers/fdda3efc-facb-4d2a-b4e1-b167507b95e8 0.057s
2025-04-22 03:34:22.172 70349 INFO tempest.lib.common.rest_client [req-f0104121-76e0-4e97-9a18-849faf427e99 req-f0104121-76e0-4e97-9a18-849faf427e99 ] Request (ServerDiagnosticsTest:tearDownClass): 204 DELETE http://10.180.1.21/identity/v3/projects/cc0db948f6904faf8356a7add8003eda 0.074s
2025-04-22 03:34:22.173 70349 INFO tempest.lib.common.dynamic_creds [-] Deleting project and security group for project: 985a0741c23c456b99217fcc3b4b8fbd
2025-04-22 03:34:22.183 70313 INFO tempest.lib.common.rest_client [req-032fefbf-f70b-4426-858f-a5a93457c3ee req-032fefbf-f70b-4426-858f-a5a93457c3ee ] Request (ListServerFiltersTestJSON:tearDownClass): 200 GET http://10.180.1.21/compute/v2.1/servers/0289665d-6bca-4cd0-911e-83698c3b97c8 0.080s
2025-04-22 03:34:22.190 70313 INFO tempest.common.waiters [-] State transition "ACTIVE/deleting" ==> "DELETED/None" after 5 second wait
2025-04-22 03:34:22.204 70337 INFO tempest.lib.common.rest_client [req-4b02d2f9-821b-412c-8d44-e4c145b93d4a req-4b02d2f9-821b-412c-8d44-e4c145b93d4a ] Request (TenantUsagesTestJSON:setUpClass): 200 GET http://10.180.1.21/compute/v2.1/servers/ef11d456-2416-4498-aa7c-e1a51cb865d3 0.163s
2025-04-22 03:34:22.245 70359 INFO tempest.lib.common.rest_client [req-ab8d73ff-e0d3-40c6-833e-9226d8a99f0b req-ab8d73ff-e0d3-40c6-833e-9226d8a99f0b ] Request (ImagesNegativeTestJSON:test_create_image_from_deleted_server): 200 GET http://10.180.1.21/compute/v2.1/servers/c73fd485-e892-4ede-b980-c5b154d292d9 0.135s
2025-04-22 03:34:22.261 70341 INFO tempest.lib.common.rest_client [req-4eae1725-4859-4e21-96f6-7352cbb4a4a0 req-4eae1725-4859-4e21-96f6-7352cbb4a4a0 ] Request (DeleteServersAdminTestJSON:test_delete_server_while_in_error_state): 200 GET http://10.180.1.21/compute/v2.1/servers/b518bb73-3811-446e-8e88-1b6386f39543 0.103s
2025-04-22 03:34:22.299 70349 INFO tempest.lib.common.rest_client [req-b16b8a38-2414-4505-b35c-a609ac47a6c1 req-b16b8a38-2414-4505-b35c-a609ac47a6c1 ] Request (ServerDiagnosticsTest:tearDownClass): 200 GET http://10.180.1.21:9696/networking/v2.0/security-groups?tenant_id=985a0741c23c456b99217fcc3b4b8fbd&name=default 0.126s
2025-04-22 03:34:22.299 70353 INFO tempest.lib.common.rest_client [req-66df227e-782f-41fa-ad1a-be3f54a0d38c req-66df227e-782f-41fa-ad1a-be3f54a0d38c ] Request (ImagesTestJSON:test_create_image_from_suspended_server): 200 GET http://10.180.1.21/compute/v2.1/servers/734ac398-4556-413a-ac7e-ca28d56d4de1 0.085s
2025-04-22 03:34:22.322 70315 INFO tempest.lib.common.rest_client [req-4ee9d731-29cb-4242-9e55-dc28c0fe633c req-4ee9d731-29cb-4242-9e55-dc28c0fe633c ] Request (ServersV294TestFqdnHostnames:setUpClass): 200 GET http://10.180.1.21/compute/v2.1/servers/9642dc29-73e4-451e-bf37-fe20fc4c876a 0.055s
2025-04-22 03:34:22.359 70365 INFO tempest.lib.common.rest_client [req-50ec36b5-c637-475f-8c4c-651b66f5b6cd req-50ec36b5-c637-475f-8c4c-651b66f5b6cd ] Request (InstanceActionsNegativeTestJSON:setUpClass): 200 GET http://10.180.1.21/compute/v2.1/servers/18c1d1b6-c516-4c4c-a24d-3b354ba92690 0.052s
2025-04-22 03:34:22.382 70349 INFO tempest.lib.common.rest_client [req-7792c543-9df0-4f9b-87fa-a3e0d6450754 req-7792c543-9df0-4f9b-87fa-a3e0d6450754 ] Request (ServerDiagnosticsTest:tearDownClass): 204 DELETE http://10.180.1.21:9696/networking/v2.0/security-groups/50a6ab9a-2223-4ea9-be21-ca29624f57f8 0.082s
2025-04-22 03:34:22.410 70319 INFO tempest.lib.common.rest_client [req-0260b1d6-b6df-437b-bced-eb9507facdfa req-0260b1d6-b6df-437b-bced-eb9507facdfa ] Request (SecurityGroupsTestJSON:test_list_security_groups_by_server): 200 GET http://10.180.1.21/compute/v2.1/servers/f432ef0a-9c47-40e6-96c1-d7601dc314a4 0.053s
2025-04-22 03:34:22.462 70349 INFO tempest.lib.common.rest_client [req-72aadce3-b55c-41ca-8faa-98b82d5090ab req-72aadce3-b55c-41ca-8faa-98b82d5090ab ] Request (ServerDiagnosticsTest:tearDownClass): 204 DELETE http://10.180.1.21/identity/v3/projects/985a0741c23c456b99217fcc3b4b8fbd 0.080s
2025-04-22 03:34:22.463 70349 INFO tempest.test [-] raised in ServersOnMultiNodesTest.setUpClass. Invoking tearDownClass.
2025-04-22 03:34:22.467 70325 INFO tempest.lib.common.rest_client [req-6e11bb13-86cd-477a-87a7-09d5d87a2bec req-6e11bb13-86cd-477a-87a7-09d5d87a2bec ] Request (ServersAdminNegativeTestJSON:test_migrate_server_invalid_state): 200 GET http://10.180.1.21/compute/v2.1/servers/87d6b4be-0570-4acf-adb2-76535b5157d6 0.064s
2025-04-22 03:34:22.524 70349 INFO tempest.lib.common.rest_client [req-a10c621e-7036-4b13-8020-7cdfee22ffcb req-a10c621e-7036-4b13-8020-7cdfee22ffcb ] Request (TenantUsagesNegativeTestJSON:setUpClass): 201 POST http://10.180.1.21/identity/v3/auth/tokens 0.059s
2025-04-22 03:34:22.533 70307 INFO tempest.lib.common.rest_client [req-5ec72920-c1a9-4dd4-8a33-8a9f5d69ca9a req-5ec72920-c1a9-4dd4-8a33-8a9f5d69ca9a ] Request (ImagesOneServerTestJSON:tearDownClass): 200 GET http://10.180.1.21/compute/v2.1/servers/11e73f0c-0692-47be-a4b6-86fdecd2886f 0.068s
2025-04-22 03:34:22.561 70349 INFO tempest.lib.common.rest_client [req-f4a7158e-9499-4bc5-a52c-c06f8c17c802 req-f4a7158e-9499-4bc5-a52c-c06f8c17c802 ] Request (TenantUsagesNegativeTestJSON:setUpClass): 201 POST http://10.180.1.21/identity/v3/auth/tokens 0.034s
2025-04-22 03:34:22.589 70321 INFO tempest.lib.common.rest_client [req-41e4a5e5-ff55-42a3-86fc-caa9a8b77b93 req-41e4a5e5-ff55-42a3-86fc-caa9a8b77b93 ] Request (ImagesOneServerNegativeTestJSON:setUpClass): 200 GET http://10.180.1.21/compute/v2.1/servers/eacd2ffb-6901-48e1-86ed-448b58a34bd3 0.074s
2025-04-22 03:34:22.603 70349 INFO tempest.lib.common.rest_client [req-df31ba95-edbd-4460-94e9-154bddd9c1bf req-df31ba95-edbd-4460-94e9-154bddd9c1bf ] Request (TenantUsagesNegativeTestJSON:setUpClass): 200 GET http://10.180.1.21/identity/v3/domains?name=Default 0.042s
2025-04-22 03:34:22.632 70349 INFO tempest.lib.common.rest_client [req-92b72088-1564-4d4c-a676-46470dc96a00 req-92b72088-1564-4d4c-a676-46470dc96a00 ] Request (TenantUsagesNegativeTestJSON:setUpClass): 201 POST http://10.180.1.21/identity/v3/projects 0.028s
2025-04-22 03:34:22.646 70334 INFO tempest.lib.common.rest_client [req-49191aeb-b978-4862-96f7-a43aac4a8592 req-49191aeb-b978-4862-96f7-a43aac4a8592 ] Request (ListServersNegativeTestJSON:setUpClass): 200 GET http://10.180.1.21/compute/v2.1/servers/0937ab71-83d3-436e-a5d3-e3c7fb97c642 0.054s
2025-04-22 03:34:22.708 70349 INFO tempest.lib.common.rest_client [req-03f86c73-f742-4d9d-b72c-797cbd5055f6 req-03f86c73-f742-4d9d-b72c-797cbd5055f6 ] Request (TenantUsagesNegativeTestJSON:setUpClass): 201 POST http://10.180.1.21/identity/v3/users 0.076s
2025-04-22 03:34:22.726 70367 INFO tempest.lib.common.rest_client [req-d9948468-01c0-439c-963c-39bd83c5f41f req-d9948468-01c0-439c-963c-39bd83c5f41f ] Request (VolumesAdminNegativeTest:test_update_attached_volume_with_nonexistent_volume_in_body): 200 GET http://10.180.1.21/volume/v3/volumes/e37e59f6-53b1-4901-bcda-4c7dba5dbdca 0.046s
2025-04-22 03:34:22.733 70349 INFO tempest.lib.common.rest_client [req-54747b2b-31fc-4500-a970-ef5c6cac686b req-54747b2b-31fc-4500-a970-ef5c6cac686b ] Request (TenantUsagesNegativeTestJSON:setUpClass): 200 GET http://10.180.1.21/identity/v3/roles 0.024s
2025-04-22 03:34:22.747 70305 INFO tempest.lib.common.rest_client [req-1f0df89b-c15e-4ec5-8195-b2f6a2a8808b req-1f0df89b-c15e-4ec5-8195-b2f6a2a8808b ] Request (ServersNegativeTestJSON:setUpClass): 200 GET http://10.180.1.21/compute/v2.1/servers/f5bd91ff-5a34-4478-9ece-8918fee6101a 0.068s
2025-04-22 03:34:22.774 70349 INFO tempest.lib.common.rest_client [req-55793d9f-80e0-44cc-b3e6-76c396a279b7 req-55793d9f-80e0-44cc-b3e6-76c396a279b7 ] Request (TenantUsagesNegativeTestJSON:setUpClass): 204 PUT http://10.180.1.21/identity/v3/projects/080934732d4d46e38cf83a7fe351f4f9/users/2feb429ae2714da685dc8ac118650e14/roles/b5682fdd71384028abf6a7cbee8499dd 0.041s
2025-04-22 03:34:22.775 70349 INFO tempest.lib.common.dynamic_creds [-] Dynamic test user 2feb429ae2714da685dc8ac118650e14 is created with scope project and roles: ['member']
2025-04-22 03:34:22.775 70349 INFO tempest.lib.common.dynamic_creds [-] Acquired dynamic creds: credentials: Credentials: {'domain_id': 'default', 'domain_name': 'Default', 'username': 'tempest-TenantUsagesNegativeTestJSON-594184769-project-member', 'project_domain_id': 'default', 'project_domain_name': 'Default', 'project_id': '080934732d4d46e38cf83a7fe351f4f9', 'project_name': 'tempest-TenantUsagesNegativeTestJSON-594184769', 'tenant_id': '080934732d4d46e38cf83a7fe351f4f9', 'tenant_name': 'tempest-TenantUsagesNegativeTestJSON-594184769', 'user_domain_id': 'default', 'user_domain_name': 'Default', 'user_id': '2feb429ae2714da685dc8ac118650e14', 'system': None}, Network: None, Subnet: None, Router: None
2025-04-22 03:34:22.775 70349 INFO tempest.lib.common.dynamic_creds [-] Created isolated network resources for: credentials: Credentials: {'domain_id': 'default', 'domain_name': 'Default', 'username': 'tempest-TenantUsagesNegativeTestJSON-594184769-project-member', 'project_domain_id': 'default', 'project_domain_name': 'Default', 'project_id': '080934732d4d46e38cf83a7fe351f4f9', 'project_name': 'tempest-TenantUsagesNegativeTestJSON-594184769', 'tenant_id': '080934732d4d46e38cf83a7fe351f4f9', 'tenant_name': 'tempest-TenantUsagesNegativeTestJSON-594184769', 'user_domain_id': 'default', 'user_domain_name': 'Default', 'user_id': '2feb429ae2714da685dc8ac118650e14', 'system': None}, Network: None, Subnet: None, Router: None
2025-04-22 03:34:22.811 70309 INFO tempest.lib.common.rest_client [req-9c171093-c587-46d4-90c3-a01dad0beec5 req-9c171093-c587-46d4-90c3-a01dad0beec5 ] Request (ServersAdminTestJSON:setUpClass): 200 GET http://10.180.1.21/compute/v2.1/servers/1045259e-3aad-4d1b-8ec0-3d7f375803a1 0.068s
2025-04-22 03:34:22.821 70343 INFO tempest.lib.common.rest_client [req-bb9b95c8-000c-4323-952c-18e791ed0e0a req-bb9b95c8-000c-4323-952c-18e791ed0e0a ] Request (ServerRescueTestJSONUnderV235:setUpClass): 200 GET http://10.180.1.21/compute/v2.1/servers/a3f66942-6063-4d1f-9bb0-b07899beccc1 0.053s
2025-04-22 03:34:22.848 70349 INFO tempest.lib.common.rest_client [req-1217cdbb-087f-43c8-bc13-74a75a81143a req-1217cdbb-087f-43c8-bc13-74a75a81143a ] Request (TenantUsagesNegativeTestJSON:setUpClass): 201 POST http://10.180.1.21/identity/v3/auth/tokens 0.070s
2025-04-22 03:34:22.877 70345 INFO tempest.lib.common.rest_client [req-b1d534ef-9308-4b94-bc2b-95f867334638 req-b1d534ef-9308-4b94-bc2b-95f867334638 ] Request (ServerMetadataTestJSON:tearDownClass): 200 GET http://10.180.1.21/compute/v2.1/servers/9f30e265-50d0-42b4-a79f-950aa915aa53 0.054s
2025-04-22 03:34:22.884 70345 INFO tempest.common.waiters [-] State transition "ACTIVE/deleting" ==> "DELETED/None" after 4 second wait
2025-04-22 03:34:22.908 70349 INFO tempest.lib.common.rest_client [req-c0ff14a4-f471-45c8-8fe1-2a96b1d5e14c req-c0ff14a4-f471-45c8-8fe1-2a96b1d5e14c ] Request (TenantUsagesNegativeTestJSON:setUpClass): 201 POST http://10.180.1.21/identity/v3/projects 0.059s
2025-04-22 03:34:22.968 70323 INFO tempest.lib.common.rest_client [req-07d8ce7d-9de8-402a-8f10-4da31eb0756b req-07d8ce7d-9de8-402a-8f10-4da31eb0756b ] Request (ListImageFiltersTestJSON:setUpClass): 200 GET http://10.180.1.21/compute/v2.1/servers/3a7cb3aa-08e8-4d2f-94bc-8cf4d82544e1 0.096s
2025-04-22 03:34:22.969 70349 INFO tempest.lib.common.rest_client [req-d0167638-61ff-4222-a3d7-c695f7e9324b req-d0167638-61ff-4222-a3d7-c695f7e9324b ] Request (TenantUsagesNegativeTestJSON:setUpClass): 201 POST http://10.180.1.21/identity/v3/users 0.061s
2025-04-22 03:34:22.972 70329 WARNING tempest.lib.common.ssh [-] Failed to establish authenticated ssh connection to cirros@10.180.180.145 ([Errno None] Unable to connect to port 22 on 10.180.180.145). Number attempts: 4. Retry after 5 seconds.: paramiko.ssh_exception.NoValidConnectionsError: [Errno None] Unable to connect to port 22 on 10.180.180.145
2025-04-22 03:34:22.978 70323 INFO tempest.common.waiters [-] State transition "BUILD/spawning" ==> "ACTIVE/None" after 54 second wait
2025-04-22 03:34:22.990 70355 WARNING tempest.lib.common.ssh [-] Failed to establish authenticated ssh connection to cirros@10.180.180.215 ([Errno None] Unable to connect to port 22 on 10.180.180.215). Number attempts: 5. Retry after 6 seconds.: paramiko.ssh_exception.NoValidConnectionsError: [Errno None] Unable to connect to port 22 on 10.180.180.215
2025-04-22 03:34:22.994 70349 INFO tempest.lib.common.rest_client [req-150e8567-2f1b-4273-a251-887063ced30f req-150e8567-2f1b-4273-a251-887063ced30f ] Request (TenantUsagesNegativeTestJSON:setUpClass): 200 GET http://10.180.1.21/identity/v3/roles 0.024s
2025-04-22 03:34:23.025 70327 INFO tempest.lib.common.rest_client [req-c9251e1a-38f3-4e9f-8018-7c7f67217e34 req-c9251e1a-38f3-4e9f-8018-7c7f67217e34 ] Request (ServerDiagnosticsV248Test:tearDownClass): 200 GET http://10.180.1.21/compute/v2.1/servers/eac4f5f4-b1b1-4be7-9b39-dcca5ad6d09c 0.066s
2025-04-22 03:34:23.026 70349 INFO tempest.lib.common.rest_client [req-1488c709-4f3d-4125-8dd7-cc88250d71c7 req-1488c709-4f3d-4125-8dd7-cc88250d71c7 ] Request (TenantUsagesNegativeTestJSON:setUpClass): 204 PUT http://10.180.1.21/identity/v3/projects/7347a9c87fdb49e2be9abaffc07619cc/users/9655fa81ad574c8f8744f9e9000e38bc/roles/87e3a7bf0eb44978b540db2641702b41 0.031s
2025-04-22 03:34:23.082 70335 INFO tempest.lib.common.rest_client [req-5c257b9a-b38a-4d12-884a-25914a103150 req-5c257b9a-b38a-4d12-884a-25914a103150 ] Request (FloatingIPsAssociationTestJSON:test_associate_already_associated_floating_ip): 200 GET http://10.180.1.21/compute/v2.1/servers/3fac017c-41a0-40f2-8f77-b1d72e1903dc 0.110s
2025-04-22 03:34:23.091 70349 INFO tempest.lib.common.rest_client [req-ccdc3eb1-7290-40d6-8b8b-126931048e0f req-ccdc3eb1-7290-40d6-8b8b-126931048e0f ] Request (TenantUsagesNegativeTestJSON:setUpClass): 200 GET http://10.180.1.21/identity/v3/roles 0.065s
2025-04-22 03:34:23.118 70323 INFO tempest.lib.common.rest_client [req-57010c3f-a947-4ffc-a571-43c1c25210f6 req-57010c3f-a947-4ffc-a571-43c1c25210f6 ] Request (ListImageFiltersTestJSON:setUpClass): 200 GET http://10.180.1.21/compute/v2.1/servers/cbddb66d-41d9-4da8-af42-537b8132dc5a 0.139s
2025-04-22 03:34:23.118 70349 INFO tempest.lib.common.rest_client [req-6c270146-6fd2-4c77-99a2-6b472f0ecaf2 req-6c270146-6fd2-4c77-99a2-6b472f0ecaf2 ] Request (TenantUsagesNegativeTestJSON:setUpClass): 204 PUT http://10.180.1.21/identity/v3/projects/7347a9c87fdb49e2be9abaffc07619cc/users/9655fa81ad574c8f8744f9e9000e38bc/roles/87e3a7bf0eb44978b540db2641702b41 0.026s
2025-04-22 03:34:23.118 70349 INFO tempest.lib.common.dynamic_creds [-] Dynamic test user 9655fa81ad574c8f8744f9e9000e38bc is created with scope project and roles: ['admin']
2025-04-22 03:34:23.119 70349 INFO tempest.lib.common.dynamic_creds [-] Acquired dynamic creds: credentials: Credentials: {'domain_id': 'default', 'domain_name': 'Default', 'username': 'tempest-TenantUsagesNegativeTestJSON-619381069-project-admin', 'project_domain_id': 'default', 'project_domain_name': 'Default', 'project_id': '7347a9c87fdb49e2be9abaffc07619cc', 'project_name': 'tempest-TenantUsagesNegativeTestJSON-619381069', 'tenant_id': '7347a9c87fdb49e2be9abaffc07619cc', 'tenant_name': 'tempest-TenantUsagesNegativeTestJSON-619381069', 'user_domain_id': 'default', 'user_domain_name': 'Default', 'user_id': '9655fa81ad574c8f8744f9e9000e38bc', 'system': None}, Network: None, Subnet: None, Router: None
2025-04-22 03:34:23.119 70349 INFO tempest.lib.common.dynamic_creds [-] Created isolated network resources for: credentials: Credentials: {'domain_id': 'default', 'domain_name': 'Default', 'username': 'tempest-TenantUsagesNegativeTestJSON-619381069-project-admin', 'project_domain_id': 'default', 'project_domain_name': 'Default', 'project_id': '7347a9c87fdb49e2be9abaffc07619cc', 'project_name': 'tempest-TenantUsagesNegativeTestJSON-619381069', 'tenant_id': '7347a9c87fdb49e2be9abaffc07619cc', 'tenant_name': 'tempest-TenantUsagesNegativeTestJSON-619381069', 'user_domain_id': 'default', 'user_domain_name': 'Default', 'user_id': '9655fa81ad574c8f8744f9e9000e38bc', 'system': None}, Network: None, Subnet: None, Router: None
2025-04-22 03:34:23.144 70357 INFO tempest.lib.common.rest_client [req-e62e9547-9f05-41ae-a565-cc7a192bc596 req-e62e9547-9f05-41ae-a565-cc7a192bc596 ] Request (ServersTestBootFromVolume:setUpClass): 200 GET http://10.180.1.21/compute/v2.1/servers/adde3bd8-8324-4eab-9cea-152b59401f7c 0.140s
2025-04-22 03:34:23.199 70317 INFO tempest.lib.common.rest_client [req-33f0cc0f-8c9c-42fa-a5b8-5751d6966234 req-33f0cc0f-8c9c-42fa-a5b8-5751d6966234 ] Request (FloatingIPsAssociationNegativeTestJSON:setUpClass): 200 GET http://10.180.1.21/compute/v2.1/servers/f38fbfac-9498-448d-9889-3ab4d2da1e16 0.120s
2025-04-22 03:34:23.218 70349 INFO tempest.lib.common.rest_client [req-3d173bac-854c-4d3a-9ea9-2787b823f28a req-3d173bac-854c-4d3a-9ea9-2787b823f28a ] Request (TenantUsagesNegativeTestJSON:setUpClass): 201 POST http://10.180.1.21/identity/v3/auth/tokens 0.096s
2025-04-22 03:34:23.230 70311 INFO tempest.lib.common.rest_client [req-3698e602-6ea1-46c6-83be-b7cc3a4baa14 req-3698e602-6ea1-46c6-83be-b7cc3a4baa14 ] Request (MigrationsAdminTest:test_list_migrations_in_flavor_resize_situation): 200 GET http://10.180.1.21/compute/v2.1/servers/b45e94ae-d45b-4632-b8da-ae1cb246450a 0.157s
2025-04-22 03:34:23.290 70361 INFO tempest.lib.common.rest_client [req-7d48e58c-31c1-4774-a05f-6ad9313bf045 req-7d48e58c-31c1-4774-a05f-6ad9313bf045 ] Request (ServerDiskConfigTestJSON:test_rebuild_server_with_manual_disk_config): 200 GET http://10.180.1.21/compute/v2.1/servers/fdda3efc-facb-4d2a-b4e1-b167507b95e8 0.160s
