2025-04-22 03:34:23.349 70313 INFO tempest.lib.common.rest_client [req-7710ee7a-496f-4476-9ed8-9d7bae523496 req-7710ee7a-496f-4476-9ed8-9d7bae523496 ] Request (ListServerFiltersTestJSON:tearDownClass): 200 GET http://10.180.1.21/compute/v2.1/servers/0289665d-6bca-4cd0-911e-83698c3b97c8 0.158s
2025-04-22 03:34:23.450 70337 INFO tempest.lib.common.rest_client [req-f2ca8243-43e1-47ae-a9b3-eb02a1c5a6eb req-f2ca8243-43e1-47ae-a9b3-eb02a1c5a6eb ] Request (TenantUsagesTestJSON:setUpClass): 200 GET http://10.180.1.21/compute/v2.1/servers/ef11d456-2416-4498-aa7c-e1a51cb865d3 0.231s
2025-04-22 03:34:23.516 70349 INFO tempest.lib.common.rest_client [req-15d6658e-e3da-4194-a31d-e6b55714b0bb req-15d6658e-e3da-4194-a31d-e6b55714b0bb ] Request (TenantUsagesNegativeTestJSON:test_get_usage_tenant_with_empty_tenant_id): 404 GET http://10.180.1.21/compute/v2.1/os-simple-tenant-usage/?start=2025-04-21T03%3A34%3A23.219515&end=2025-04-23T03%3A34%3A23.219515 0.296s
2025-04-22 03:34:23.518 70349 WARNING tempest.lib.common.rest_client [-] Deprecated: "tenant_id" property is deprecated for removal, use "project_id" instead
2025-04-22 03:34:23.578 70359 INFO tempest.lib.common.rest_client [req-30a41d49-6872-46f7-b59d-20cda3630f72 req-30a41d49-6872-46f7-b59d-20cda3630f72 ] Request (ImagesNegativeTestJSON:test_create_image_from_deleted_server): 200 GET http://10.180.1.21/compute/v2.1/servers/c73fd485-e892-4ede-b980-c5b154d292d9 0.323s
2025-04-22 03:34:23.620 70323 INFO tempest.lib.common.rest_client [req-17da1b7d-8fd5-4789-a974-b62f3e587aa9 req-17da1b7d-8fd5-4789-a974-b62f3e587aa9 ] Request (ListImageFiltersTestJSON:setUpClass): 202 POST http://10.180.1.21/compute/v2.1/servers/cbddb66d-41d9-4da8-af42-537b8132dc5a/action 0.493s
2025-04-22 03:34:23.626 70341 INFO tempest.lib.common.rest_client [req-bacfbaeb-b9a2-4c1a-a70c-489912a2470e req-bacfbaeb-b9a2-4c1a-a70c-489912a2470e ] Request (DeleteServersAdminTestJSON:test_delete_server_while_in_error_state): 200 GET http://10.180.1.21/compute/v2.1/servers/b518bb73-3811-446e-8e88-1b6386f39543 0.355s
2025-04-22 03:34:23.669 70353 INFO tempest.lib.common.rest_client [req-ee69d1a7-f084-45d0-a80f-3030df82a46a req-ee69d1a7-f084-45d0-a80f-3030df82a46a ] Request (ImagesTestJSON:test_create_image_from_suspended_server): 200 GET http://10.180.1.21/compute/v2.1/servers/734ac398-4556-413a-ac7e-ca28d56d4de1 0.360s
2025-04-22 03:34:23.678 70315 INFO tempest.lib.common.rest_client [req-f7770ca8-569d-4ba5-a2f6-bebca05d7621 req-f7770ca8-569d-4ba5-a2f6-bebca05d7621 ] Request (ServersV294TestFqdnHostnames:setUpClass): 200 GET http://10.180.1.21/compute/v2.1/servers/9642dc29-73e4-451e-bf37-fe20fc4c876a 0.346s
2025-04-22 03:34:23.720 70365 INFO tempest.lib.common.rest_client [req-75ea97e4-948b-4a7e-a86c-2f74bc764cd7 req-75ea97e4-948b-4a7e-a86c-2f74bc764cd7 ] Request (InstanceActionsNegativeTestJSON:setUpClass): 200 GET http://10.180.1.21/compute/v2.1/servers/18c1d1b6-c516-4c4c-a24d-3b354ba92690 0.352s
2025-04-22 03:34:23.729 70319 INFO tempest.lib.common.rest_client [req-53eb9e45-8219-42be-ba15-d85bbda7a48c req-53eb9e45-8219-42be-ba15-d85bbda7a48c ] Request (SecurityGroupsTestJSON:test_list_security_groups_by_server): 200 GET http://10.180.1.21/compute/v2.1/servers/f432ef0a-9c47-40e6-96c1-d7601dc314a4 0.307s
2025-04-22 03:34:23.737 70349 INFO tempest.lib.common.rest_client [req-3d652e2a-8206-4741-9201-3e315148ce12 req-3d652e2a-8206-4741-9201-3e315148ce12 ] Request (TenantUsagesNegativeTestJSON:test_get_usage_tenant_with_invalid_date): 400 GET http://10.180.1.21/compute/v2.1/os-simple-tenant-usage/080934732d4d46e38cf83a7fe351f4f9?start=2025-04-23T03%3A34%3A23.219515&end=2025-04-21T03%3A34%3A23.219515 0.219s
2025-04-22 03:34:23.740 70347 WARNING tempest.lib.common.ssh [-] Failed to establish authenticated ssh connection to cirros@10.180.180.167 ([Errno None] Unable to connect to port 22 on 10.180.180.167). Number attempts: 3. Retry after 4 seconds.: paramiko.ssh_exception.NoValidConnectionsError: [Errno None] Unable to connect to port 22 on 10.180.180.167
2025-04-22 03:34:23.772 70367 INFO tempest.lib.common.rest_client [req-93abdd89-75aa-4187-9f46-68edbfc70786 req-93abdd89-75aa-4187-9f46-68edbfc70786 ] Request (VolumesAdminNegativeTest:test_update_attached_volume_with_nonexistent_volume_in_body): 200 GET http://10.180.1.21/volume/v3/volumes/e37e59f6-53b1-4901-bcda-4c7dba5dbdca 0.036s
2025-04-22 03:34:23.778 70325 INFO tempest.lib.common.rest_client [req-4d4325b0-c8b0-4ee3-8aeb-8d8c6f08aef7 req-4d4325b0-c8b0-4ee3-8aeb-8d8c6f08aef7 ] Request (ServersAdminNegativeTestJSON:test_migrate_server_invalid_state): 200 GET http://10.180.1.21/compute/v2.1/servers/87d6b4be-0570-4acf-adb2-76535b5157d6 0.303s
2025-04-22 03:34:23.802 70307 INFO tempest.lib.common.rest_client [req-ff6074d0-3c3e-4422-a0b0-231824b0f27a req-ff6074d0-3c3e-4422-a0b0-231824b0f27a ] Request (ImagesOneServerTestJSON:tearDownClass): 200 GET http://10.180.1.21/compute/v2.1/servers/11e73f0c-0692-47be-a4b6-86fdecd2886f 0.258s
2025-04-22 03:34:23.835 70323 INFO tempest.lib.common.rest_client [req-0a5d8768-d252-4e9c-92a8-f194f13122ec req-0a5d8768-d252-4e9c-92a8-f194f13122ec ] Request (ListImageFiltersTestJSON:setUpClass): 200 GET http://10.180.1.21/compute/v2.1/images/7b86f5be-13a7-4da9-8225-136790b5aae4 0.214s
2025-04-22 03:34:23.841 70321 INFO tempest.lib.common.rest_client [req-ae513251-2c3c-4105-9286-22ed0a6b109c req-ae513251-2c3c-4105-9286-22ed0a6b109c ] Request (ImagesOneServerNegativeTestJSON:setUpClass): 200 GET http://10.180.1.21/compute/v2.1/servers/eacd2ffb-6901-48e1-86ed-448b58a34bd3 0.242s
2025-04-22 03:34:23.885 70334 INFO tempest.lib.common.rest_client [req-5a52bc2e-fe91-482e-90c2-0ba2835f9b55 req-5a52bc2e-fe91-482e-90c2-0ba2835f9b55 ] Request (ListServersNegativeTestJSON:setUpClass): 200 GET http://10.180.1.21/compute/v2.1/servers/0937ab71-83d3-436e-a5d3-e3c7fb97c642 0.230s
2025-04-22 03:34:23.906 70349 INFO tempest.lib.common.rest_client [req-7f07734b-4c38-4cb7-b1d9-186b6b330962 req-7f07734b-4c38-4cb7-b1d9-186b6b330962 ] Request (TenantUsagesNegativeTestJSON:test_list_usage_all_tenants_with_non_admin_user): 403 GET http://10.180.1.21/compute/v2.1/os-simple-tenant-usage?start=2025-04-21T03%3A34%3A23.219515&end=2025-04-23T03%3A34%3A23.219515&detailed=1 0.167s
2025-04-22 03:34:23.932 70305 INFO tempest.lib.common.rest_client [req-f6cb2d5f-967a-4dae-885b-268ecccde980 req-f6cb2d5f-967a-4dae-885b-268ecccde980 ] Request (ServersNegativeTestJSON:setUpClass): 200 GET http://10.180.1.21/compute/v2.1/servers/f5bd91ff-5a34-4478-9ece-8918fee6101a 0.176s
2025-04-22 03:34:23.968 70309 INFO tempest.lib.common.rest_client [req-49ee11c5-f430-4361-af7f-985c4d7d4b8a req-49ee11c5-f430-4361-af7f-985c4d7d4b8a ] Request (ServersAdminTestJSON:setUpClass): 200 GET http://10.180.1.21/compute/v2.1/servers/1045259e-3aad-4d1b-8ec0-3d7f375803a1 0.150s
2025-04-22 03:34:23.986 70343 INFO tempest.lib.common.rest_client [req-a8f43759-9f90-419e-b5d1-118faef0d19c req-a8f43759-9f90-419e-b5d1-118faef0d19c ] Request (ServerRescueTestJSONUnderV235:setUpClass): 200 GET http://10.180.1.21/compute/v2.1/servers/a3f66942-6063-4d1f-9bb0-b07899beccc1 0.158s
2025-04-22 03:34:24.041 70349 INFO tempest.lib.common.rest_client [req-a009c143-8600-4dd1-b918-c54cf93cc7a9 req-a009c143-8600-4dd1-b918-c54cf93cc7a9 ] Request (TenantUsagesNegativeTestJSON:tearDownClass): 204 DELETE http://10.180.1.21/identity/v3/users/2feb429ae2714da685dc8ac118650e14 0.126s
2025-04-22 03:34:24.050 70345 INFO tempest.lib.common.rest_client [req-7e288b31-4f81-4c52-ab62-1d1f7df71f29 req-7e288b31-4f81-4c52-ab62-1d1f7df71f29 ] Request (ServerMetadataTestJSON:tearDownClass): 200 GET http://10.180.1.21/compute/v2.1/servers/9f30e265-50d0-42b4-a79f-950aa915aa53 0.165s
2025-04-22 03:34:24.093 70327 INFO tempest.lib.common.rest_client [req-ce9c02c8-c76e-4de6-a4a9-1c7ebda35647 req-ce9c02c8-c76e-4de6-a4a9-1c7ebda35647 ] Request (ServerDiagnosticsV248Test:tearDownClass): 200 GET http://10.180.1.21/compute/v2.1/servers/eac4f5f4-b1b1-4be7-9b39-dcca5ad6d09c 0.058s
2025-04-22 03:34:24.142 70349 INFO tempest.lib.common.rest_client [req-36a61af7-d64c-458d-b3ac-6ecfb926ff66 req-36a61af7-d64c-458d-b3ac-6ecfb926ff66 ] Request (TenantUsagesNegativeTestJSON:tearDownClass): 204 DELETE http://10.180.1.21/identity/v3/users/9655fa81ad574c8f8744f9e9000e38bc 0.100s
2025-04-22 03:34:24.142 70349 INFO tempest.lib.common.dynamic_creds [-] Deleting project and security group for project: 7347a9c87fdb49e2be9abaffc07619cc
2025-04-22 03:34:24.206 70357 INFO tempest.lib.common.rest_client [req-e6c168ec-8b27-4625-b71c-5c1ffc303311 req-e6c168ec-8b27-4625-b71c-5c1ffc303311 ] Request (ServersTestBootFromVolume:setUpClass): 200 GET http://10.180.1.21/compute/v2.1/servers/adde3bd8-8324-4eab-9cea-152b59401f7c 0.054s
2025-04-22 03:34:24.207 70349 INFO tempest.lib.common.rest_client [req-05f40dc7-db5e-4657-b34e-114839452354 req-05f40dc7-db5e-4657-b34e-114839452354 ] Request (TenantUsagesNegativeTestJSON:tearDownClass): 201 POST http://10.180.1.21/identity/v3/auth/tokens 0.064s
2025-04-22 03:34:24.217 70335 INFO tempest.lib.common.rest_client [req-5d8b9129-1c08-4651-91a9-0f7a2b50d8f9 req-5d8b9129-1c08-4651-91a9-0f7a2b50d8f9 ] Request (FloatingIPsAssociationTestJSON:test_associate_already_associated_floating_ip): 200 GET http://10.180.1.21/compute/v2.1/servers/3fac017c-41a0-40f2-8f77-b1d72e1903dc 0.126s
2025-04-22 03:34:24.264 70317 INFO tempest.lib.common.rest_client [req-90e8ceab-8dc5-4627-af12-02c9593b2db7 req-90e8ceab-8dc5-4627-af12-02c9593b2db7 ] Request (FloatingIPsAssociationNegativeTestJSON:setUpClass): 200 GET http://10.180.1.21/compute/v2.1/servers/f38fbfac-9498-448d-9889-3ab4d2da1e16 0.052s
2025-04-22 03:34:24.272 70317 INFO tempest.common.waiters [-] State transition "BUILD/scheduling" ==> "BUILD/None" after 32 second wait
2025-04-22 03:34:24.357 70361 INFO tempest.lib.common.rest_client [req-3f4cb7fe-ecb8-45ee-99d7-3117fe46e26f req-3f4cb7fe-ecb8-45ee-99d7-3117fe46e26f ] Request (ServerDiskConfigTestJSON:test_rebuild_server_with_manual_disk_config): 200 GET http://10.180.1.21/compute/v2.1/servers/fdda3efc-facb-4d2a-b4e1-b167507b95e8 0.058s
2025-04-22 03:34:24.430 70313 INFO tempest.lib.common.rest_client [req-2f5b9708-1fa0-4db9-bb09-0612fc781a9c req-2f5b9708-1fa0-4db9-bb09-0612fc781a9c ] Request (ListServerFiltersTestJSON:tearDownClass): 200 GET http://10.180.1.21/compute/v2.1/servers/0289665d-6bca-4cd0-911e-83698c3b97c8 0.072s
2025-04-22 03:34:24.465 70311 INFO tempest.lib.common.rest_client [req-5228bf5f-e277-4371-92c6-9e2cd4cb9dd8 req-5228bf5f-e277-4371-92c6-9e2cd4cb9dd8 ] Request (MigrationsAdminTest:test_list_migrations_in_flavor_resize_situation): 200 GET http://10.180.1.21/compute/v2.1/servers/b45e94ae-d45b-4632-b8da-ae1cb246450a 0.226s
2025-04-22 03:34:24.477 70311 INFO tempest.common.waiters [-] State transition "RESIZE/resize_finish" ==> "VERIFY_RESIZE/None" after 44 second wait
2025-04-22 03:34:24.488 70349 INFO tempest.lib.common.rest_client [req-896481bf-ea57-4784-a8f3-38cea5ac6dcb req-896481bf-ea57-4784-a8f3-38cea5ac6dcb ] Request (TenantUsagesNegativeTestJSON:tearDownClass): 200 GET http://10.180.1.21:9696/networking/v2.0/security-groups?tenant_id=7347a9c87fdb49e2be9abaffc07619cc&name=default 0.280s
2025-04-22 03:34:24.545 70311 INFO tempest.lib.common.rest_client [req-f1f17270-8aa4-4354-a696-90ec5a068d5f req-f1f17270-8aa4-4354-a696-90ec5a068d5f ] Request (MigrationsAdminTest:test_list_migrations_in_flavor_resize_situation): 204 POST http://10.180.1.21/compute/v2.1/servers/b45e94ae-d45b-4632-b8da-ae1cb246450a/action 0.067s
2025-04-22 03:34:24.629 70349 INFO tempest.lib.common.rest_client [req-690bff96-106e-4e50-a43f-0acba330d141 req-690bff96-106e-4e50-a43f-0acba330d141 ] Request (TenantUsagesNegativeTestJSON:tearDownClass): 204 DELETE http://10.180.1.21:9696/networking/v2.0/security-groups/95b6f55d-9655-4461-9803-fbf388056c6b 0.141s
2025-04-22 03:34:24.634 70337 INFO tempest.lib.common.rest_client [req-ab783cb9-1d9d-4fce-b786-2f7496eeb7f1 req-ab783cb9-1d9d-4fce-b786-2f7496eeb7f1 ] Request (TenantUsagesTestJSON:setUpClass): 200 GET http://10.180.1.21/compute/v2.1/servers/ef11d456-2416-4498-aa7c-e1a51cb865d3 0.174s
2025-04-22 03:34:24.693 70359 INFO tempest.lib.common.rest_client [req-cfe413f2-4389-4340-88c9-526bb05f9f25 req-cfe413f2-4389-4340-88c9-526bb05f9f25 ] Request (ImagesNegativeTestJSON:test_create_image_from_deleted_server): 200 GET http://10.180.1.21/compute/v2.1/servers/c73fd485-e892-4ede-b980-c5b154d292d9 0.107s
2025-04-22 03:34:24.698 70311 INFO tempest.lib.common.rest_client [req-20085479-9c93-4203-ae66-9d3cbe15178e req-20085479-9c93-4203-ae66-9d3cbe15178e ] Request (MigrationsAdminTest:test_list_migrations_in_flavor_resize_situation): 200 GET http://10.180.1.21/compute/v2.1/servers/b45e94ae-d45b-4632-b8da-ae1cb246450a 0.152s
2025-04-22 03:34:24.724 70349 INFO tempest.lib.common.rest_client [req-267884af-fa11-470d-8384-9f74f2448ff9 req-267884af-fa11-470d-8384-9f74f2448ff9 ] Request (TenantUsagesNegativeTestJSON:tearDownClass): 204 DELETE http://10.180.1.21/identity/v3/projects/7347a9c87fdb49e2be9abaffc07619cc 0.094s
2025-04-22 03:34:24.724 70349 INFO tempest.lib.common.dynamic_creds [-] Deleting project and security group for project: 080934732d4d46e38cf83a7fe351f4f9
2025-04-22 03:34:24.755 70341 INFO tempest.lib.common.rest_client [req-028159a5-2bd5-4f52-a090-c1122fc9c0bc req-028159a5-2bd5-4f52-a090-c1122fc9c0bc ] Request (DeleteServersAdminTestJSON:test_delete_server_while_in_error_state): 200 GET http://10.180.1.21/compute/v2.1/servers/b518bb73-3811-446e-8e88-1b6386f39543 0.121s
2025-04-22 03:34:24.760 70353 INFO tempest.lib.common.rest_client [req-0fd42b5e-74de-4bfb-b7e5-2d758e1ce779 req-0fd42b5e-74de-4bfb-b7e5-2d758e1ce779 ] Request (ImagesTestJSON:test_create_image_from_suspended_server): 200 GET http://10.180.1.21/compute/v2.1/servers/734ac398-4556-413a-ac7e-ca28d56d4de1 0.081s
2025-04-22 03:34:24.814 70315 INFO tempest.lib.common.rest_client [req-d9cb52e5-e036-48cb-a7d3-dd6fe171e78b req-d9cb52e5-e036-48cb-a7d3-dd6fe171e78b ] Request (ServersV294TestFqdnHostnames:setUpClass): 200 GET http://10.180.1.21/compute/v2.1/servers/9642dc29-73e4-451e-bf37-fe20fc4c876a 0.126s
2025-04-22 03:34:24.819 70367 INFO tempest.lib.common.rest_client [req-645b0c26-9c40-4c1d-ba86-894c4584f3b3 req-645b0c26-9c40-4c1d-ba86-894c4584f3b3 ] Request (VolumesAdminNegativeTest:test_update_attached_volume_with_nonexistent_volume_in_body): 200 GET http://10.180.1.21/volume/v3/volumes/e37e59f6-53b1-4901-bcda-4c7dba5dbdca 0.038s
2025-04-22 03:34:24.828 70367 INFO tempest.common.waiters [-] Attachment 1c987cc6-f652-4011-ad1f-78d5de294d3c created for volume e37e59f6-53b1-4901-bcda-4c7dba5dbdca to server 4b94054c-1d27-45ee-92dd-4432e1e81a33 after waiting for 8.828315 seconds
2025-04-22 03:34:24.832 70365 INFO tempest.lib.common.rest_client [req-6d3f6639-6956-43f5-ae50-923aa0b8ba3b req-6d3f6639-6956-43f5-ae50-923aa0b8ba3b ] Request (InstanceActionsNegativeTestJSON:setUpClass): 200 GET http://10.180.1.21/compute/v2.1/servers/18c1d1b6-c516-4c4c-a24d-3b354ba92690 0.104s
2025-04-22 03:34:24.862 70367 INFO tempest.lib.common.rest_client [req-f265c32f-90fb-45f7-867b-066108585832 req-f265c32f-90fb-45f7-867b-066108585832 ] Request (VolumesAdminNegativeTest:test_update_attached_volume_with_nonexistent_volume_in_body): 200 GET http://10.180.1.21/volume/v3/volumes/e37e59f6-53b1-4901-bcda-4c7dba5dbdca 0.033s
2025-04-22 03:34:24.869 70367 INFO tempest.common.waiters [-] volume e37e59f6-53b1-4901-bcda-4c7dba5dbdca reached in-use after waiting for 0.869023 seconds
2025-04-22 03:34:24.914 70325 INFO tempest.lib.common.rest_client [req-1467c5b1-7616-426e-9878-f8e2b881f9fb req-1467c5b1-7616-426e-9878-f8e2b881f9fb ] Request (ServersAdminNegativeTestJSON:test_migrate_server_invalid_state): 200 GET http://10.180.1.21/compute/v2.1/servers/87d6b4be-0570-4acf-adb2-76535b5157d6 0.122s
2025-04-22 03:34:24.925 70349 INFO tempest.lib.common.rest_client [req-ed518290-a96b-43d4-9deb-b824940cd3ad req-ed518290-a96b-43d4-9deb-b824940cd3ad ] Request (TenantUsagesNegativeTestJSON:tearDownClass): 200 GET http://10.180.1.21:9696/networking/v2.0/security-groups?tenant_id=080934732d4d46e38cf83a7fe351f4f9&name=default 0.200s
2025-04-22 03:34:24.950 70319 INFO tempest.lib.common.rest_client [req-1006fcde-7daf-419c-92e2-9c2d489faa2e req-1006fcde-7daf-419c-92e2-9c2d489faa2e ] Request (SecurityGroupsTestJSON:test_list_security_groups_by_server): 200 GET http://10.180.1.21/compute/v2.1/servers/f432ef0a-9c47-40e6-96c1-d7601dc314a4 0.213s
2025-04-22 03:34:24.959 70319 INFO tempest.common.waiters [-] State transition "BUILD/None" ==> "BUILD/networking" after 50 second wait
2025-04-22 03:34:24.986 70307 INFO tempest.lib.common.rest_client [req-9de38a75-6fa4-45c9-a2c9-fa3edbbc394d req-9de38a75-6fa4-45c9-a2c9-fa3edbbc394d ] Request (ImagesOneServerTestJSON:tearDownClass): 200 GET http://10.180.1.21/compute/v2.1/servers/11e73f0c-0692-47be-a4b6-86fdecd2886f 0.171s
2025-04-22 03:34:24.996 70323 INFO tempest.lib.common.rest_client [req-a577c9bd-8108-4ea1-a9dc-f1b30fce7895 req-a577c9bd-8108-4ea1-a9dc-f1b30fce7895 ] Request (ListImageFiltersTestJSON:setUpClass): 200 GET http://10.180.1.21/compute/v2.1/images/7b86f5be-13a7-4da9-8225-136790b5aae4 0.155s
2025-04-22 03:34:25.029 70349 INFO tempest.lib.common.rest_client [req-b7e972e1-e7a4-4851-9e72-756a14a9d132 req-b7e972e1-e7a4-4851-9e72-756a14a9d132 ] Request (TenantUsagesNegativeTestJSON:tearDownClass): 204 DELETE http://10.180.1.21:9696/networking/v2.0/security-groups/20d7e926-743f-4569-a6ec-0d3d575ef2d4 0.103s
2025-04-22 03:34:25.045 70321 INFO tempest.lib.common.rest_client [req-27c3b0f6-5ccc-424e-9fc2-dbae1fbc6ab0 req-27c3b0f6-5ccc-424e-9fc2-dbae1fbc6ab0 ] Request (ImagesOneServerNegativeTestJSON:setUpClass): 200 GET http://10.180.1.21/compute/v2.1/servers/eacd2ffb-6901-48e1-86ed-448b58a34bd3 0.194s
2025-04-22 03:34:25.103 70334 INFO tempest.lib.common.rest_client [req-d8f09355-3724-41e3-a51d-87f62b766ed6 req-d8f09355-3724-41e3-a51d-87f62b766ed6 ] Request (ListServersNegativeTestJSON:setUpClass): 200 GET http://10.180.1.21/compute/v2.1/servers/0937ab71-83d3-436e-a5d3-e3c7fb97c642 0.209s
2025-04-22 03:34:25.157 70349 INFO tempest.lib.common.rest_client [req-902c94c7-fef7-43d8-b09d-fbd1ec674bfd req-902c94c7-fef7-43d8-b09d-fbd1ec674bfd ] Request (TenantUsagesNegativeTestJSON:tearDownClass): 204 DELETE http://10.180.1.21/identity/v3/projects/080934732d4d46e38cf83a7fe351f4f9 0.127s
2025-04-22 03:34:25.166 70305 INFO tempest.lib.common.rest_client [req-34421ada-d89c-4957-9d6c-7b9e3b28d577 req-34421ada-d89c-4957-9d6c-7b9e3b28d577 ] Request (ServersNegativeTestJSON:setUpClass): 200 GET http://10.180.1.21/compute/v2.1/servers/f5bd91ff-5a34-4478-9ece-8918fee6101a 0.226s
2025-04-22 03:34:25.233 70309 INFO tempest.lib.common.rest_client [req-f8929e6e-767b-44db-adb0-17bb59a93552 req-f8929e6e-767b-44db-adb0-17bb59a93552 ] Request (ServersAdminTestJSON:setUpClass): 200 GET http://10.180.1.21/compute/v2.1/servers/1045259e-3aad-4d1b-8ec0-3d7f375803a1 0.252s
2025-04-22 03:34:25.260 70367 INFO tempest.lib.common.rest_client [req-c4275d06-d593-4918-ade8-0ad258c0c9d8 req-c4275d06-d593-4918-ade8-0ad258c0c9d8 ] Request (VolumesAdminNegativeTest:test_update_attached_volume_with_nonexistent_volume_in_body): 400 PUT http://10.180.1.21/compute/v2.1/servers/4b94054c-1d27-45ee-92dd-4432e1e81a33/os-volume_attachments/e37e59f6-53b1-4901-bcda-4c7dba5dbdca 0.391s
2025-04-22 03:34:25.290 70367 INFO tempest.lib.common.rest_client [req-739024b3-7b10-471a-9074-4be6d9b166f0 req-739024b3-7b10-471a-9074-4be6d9b166f0 ] Request (VolumesAdminNegativeTest:_run_cleanups): 200 GET http://10.180.1.21/volume/v3/volumes/e37e59f6-53b1-4901-bcda-4c7dba5dbdca 0.029s
2025-04-22 03:34:25.307 70343 INFO tempest.lib.common.rest_client [req-0d77315a-4a11-438c-99cd-ef5acc0b38f9 req-0d77315a-4a11-438c-99cd-ef5acc0b38f9 ] Request (ServerRescueTestJSONUnderV235:setUpClass): 200 GET http://10.180.1.21/compute/v2.1/servers/a3f66942-6063-4d1f-9bb0-b07899beccc1 0.310s
2025-04-22 03:34:25.323 70345 INFO tempest.lib.common.rest_client [req-7d9b38df-eae5-4940-bf8a-de7f32908d84 req-7d9b38df-eae5-4940-bf8a-de7f32908d84 ] Request (ServerMetadataTestJSON:tearDownClass): 200 GET http://10.180.1.21/compute/v2.1/servers/9f30e265-50d0-42b4-a79f-950aa915aa53 0.260s
2025-04-22 03:34:25.363 70327 INFO tempest.lib.common.rest_client [req-f64ea78c-f939-43a9-8665-fd64962c0f13 req-f64ea78c-f939-43a9-8665-fd64962c0f13 ] Request (ServerDiagnosticsV248Test:tearDownClass): 200 GET http://10.180.1.21/compute/v2.1/servers/eac4f5f4-b1b1-4be7-9b39-dcca5ad6d09c 0.259s
2025-04-22 03:34:25.383 70357 INFO tempest.lib.common.rest_client [req-c8eb7f1f-16b3-4374-b883-6e2b00367b44 req-c8eb7f1f-16b3-4374-b883-6e2b00367b44 ] Request (ServersTestBootFromVolume:setUpClass): 200 GET http://10.180.1.21/compute/v2.1/servers/adde3bd8-8324-4eab-9cea-152b59401f7c 0.166s
2025-04-22 03:34:25.435 70317 INFO tempest.lib.common.rest_client [req-e8222517-a557-436a-998a-5f2ae120dea8 req-e8222517-a557-436a-998a-5f2ae120dea8 ] Request (FloatingIPsAssociationNegativeTestJSON:setUpClass): 200 GET http://10.180.1.21/compute/v2.1/servers/f38fbfac-9498-448d-9889-3ab4d2da1e16 0.162s
2025-04-22 03:34:25.468 70335 INFO tempest.lib.common.rest_client [req-02da62a3-2f38-4488-a8a0-65e9bd0c7d36 req-02da62a3-2f38-4488-a8a0-65e9bd0c7d36 ] Request (FloatingIPsAssociationTestJSON:test_associate_already_associated_floating_ip): 200 GET http://10.180.1.21/compute/v2.1/servers/3fac017c-41a0-40f2-8f77-b1d72e1903dc 0.242s
2025-04-22 03:34:25.526 70361 INFO tempest.lib.common.rest_client [req-c5254766-40a7-47d7-8ac4-d8bd0d4c9837 req-c5254766-40a7-47d7-8ac4-d8bd0d4c9837 ] Request (ServerDiskConfigTestJSON:test_rebuild_server_with_manual_disk_config): 200 GET http://10.180.1.21/compute/v2.1/servers/fdda3efc-facb-4d2a-b4e1-b167507b95e8 0.154s
2025-04-22 03:34:25.582 70313 INFO tempest.lib.common.rest_client [req-3af5053e-5b43-4cee-b908-0d1e90ec42f7 req-3af5053e-5b43-4cee-b908-0d1e90ec42f7 ] Request (ListServerFiltersTestJSON:tearDownClass): 200 GET http://10.180.1.21/compute/v2.1/servers/0289665d-6bca-4cd0-911e-83698c3b97c8 0.138s
2025-04-22 03:34:25.594 70367 INFO tempest.lib.common.rest_client [req-c83ae1de-5e39-4b10-aee8-172e226dde2a req-c83ae1de-5e39-4b10-aee8-172e226dde2a ] Request (VolumesAdminNegativeTest:_run_cleanups): 202 DELETE http://10.180.1.21/compute/v2.1/servers/4b94054c-1d27-45ee-92dd-4432e1e81a33/os-volume_attachments/e37e59f6-53b1-4901-bcda-4c7dba5dbdca 0.296s
2025-04-22 03:34:25.628 70367 INFO tempest.lib.common.rest_client [req-e2339484-cd15-4a68-8d30-3a32e93a1920 req-e2339484-cd15-4a68-8d30-3a32e93a1920 ] Request (VolumesAdminNegativeTest:_run_cleanups): 200 GET http://10.180.1.21/compute/v2.1/servers/4b94054c-1d27-45ee-92dd-4432e1e81a33/os-volume_attachments 0.034s
2025-04-22 03:34:25.740 70337 INFO tempest.lib.common.rest_client [req-dcb83c74-0e0e-4869-8523-959cbccbbadb req-dcb83c74-0e0e-4869-8523-959cbccbbadb ] Request (TenantUsagesTestJSON:setUpClass): 200 GET http://10.180.1.21/compute/v2.1/servers/ef11d456-2416-4498-aa7c-e1a51cb865d3 0.093s
2025-04-22 03:34:25.753 70359 INFO tempest.lib.common.rest_client [req-50ddf7b5-53f3-47a7-8f65-9c710066fdef req-50ddf7b5-53f3-47a7-8f65-9c710066fdef ] Request (ImagesNegativeTestJSON:test_create_image_from_deleted_server): 200 GET http://10.180.1.21/compute/v2.1/servers/c73fd485-e892-4ede-b980-c5b154d292d9 0.049s
2025-04-22 03:34:25.811 70341 INFO tempest.lib.common.rest_client [req-836fbc21-7f22-49cd-8169-d96223f48c92 req-836fbc21-7f22-49cd-8169-d96223f48c92 ] Request (DeleteServersAdminTestJSON:test_delete_server_while_in_error_state): 200 GET http://10.180.1.21/compute/v2.1/servers/b518bb73-3811-446e-8e88-1b6386f39543 0.048s
2025-04-22 03:34:25.820 70311 INFO tempest.lib.common.rest_client [req-c5ff1c39-4b67-4dd0-b9d3-f56a4f99402e req-c5ff1c39-4b67-4dd0-b9d3-f56a4f99402e ] Request (MigrationsAdminTest:test_list_migrations_in_flavor_resize_situation): 200 GET http://10.180.1.21/compute/v2.1/servers/b45e94ae-d45b-4632-b8da-ae1cb246450a 0.113s
2025-04-22 03:34:25.857 70353 INFO tempest.lib.common.rest_client [req-fe64acde-bf4e-4be0-97db-842f943f0cb9 req-fe64acde-bf4e-4be0-97db-842f943f0cb9 ] Request (ImagesTestJSON:test_create_image_from_suspended_server): 200 GET http://10.180.1.21/compute/v2.1/servers/734ac398-4556-413a-ac7e-ca28d56d4de1 0.089s
2025-04-22 03:34:25.887 70315 INFO tempest.lib.common.rest_client [req-014ef477-1b43-457f-b5be-5a2890ebab60 req-014ef477-1b43-457f-b5be-5a2890ebab60 ] Request (ServersV294TestFqdnHostnames:setUpClass): 200 GET http://10.180.1.21/compute/v2.1/servers/9642dc29-73e4-451e-bf37-fe20fc4c876a 0.057s
2025-04-22 03:34:25.901 70365 INFO tempest.lib.common.rest_client [req-25dcd126-3413-4176-89cf-f1642af5e8bb req-25dcd126-3413-4176-89cf-f1642af5e8bb ] Request (InstanceActionsNegativeTestJSON:setUpClass): 200 GET http://10.180.1.21/compute/v2.1/servers/18c1d1b6-c516-4c4c-a24d-3b354ba92690 0.060s
2025-04-22 03:34:25.971 70325 INFO tempest.lib.common.rest_client [req-1e080105-aaf3-4f24-8ec0-802b9f462ed9 req-1e080105-aaf3-4f24-8ec0-802b9f462ed9 ] Request (ServersAdminNegativeTestJSON:test_migrate_server_invalid_state): 200 GET http://10.180.1.21/compute/v2.1/servers/87d6b4be-0570-4acf-adb2-76535b5157d6 0.047s
2025-04-22 03:34:26.050 70319 INFO tempest.lib.common.rest_client [req-0939edbe-90bf-4793-9202-bf191d988185 req-0939edbe-90bf-4793-9202-bf191d988185 ] Request (SecurityGroupsTestJSON:test_list_security_groups_by_server): 200 GET http://10.180.1.21/compute/v2.1/servers/f432ef0a-9c47-40e6-96c1-d7601dc314a4 0.090s
2025-04-22 03:34:26.060 70319 INFO tempest.common.waiters [-] State transition "BUILD/networking" ==> "BUILD/spawning" after 52 second wait
2025-04-22 03:34:26.065 70307 INFO tempest.lib.common.rest_client [req-122b8b85-267c-4176-b466-b775cd84e8f0 req-122b8b85-267c-4176-b466-b775cd84e8f0 ] Request (ImagesOneServerTestJSON:tearDownClass): 200 GET http://10.180.1.21/compute/v2.1/servers/11e73f0c-0692-47be-a4b6-86fdecd2886f 0.066s
2025-04-22 03:34:26.087 70323 INFO tempest.lib.common.rest_client [req-5b5acbe5-388e-4dff-b9bf-4235bb1ef3c0 req-5b5acbe5-388e-4dff-b9bf-4235bb1ef3c0 ] Request (ListImageFiltersTestJSON:setUpClass): 200 GET http://10.180.1.21/compute/v2.1/images/7b86f5be-13a7-4da9-8225-136790b5aae4 0.086s
2025-04-22 03:34:26.119 70321 INFO tempest.lib.common.rest_client [req-bd496dd5-b3be-48dd-887c-c28beacc24d0 req-bd496dd5-b3be-48dd-887c-c28beacc24d0 ] Request (ImagesOneServerNegativeTestJSON:setUpClass): 200 GET http://10.180.1.21/compute/v2.1/servers/eacd2ffb-6901-48e1-86ed-448b58a34bd3 0.066s
2025-04-22 03:34:26.167 70334 INFO tempest.lib.common.rest_client [req-14bcc2b2-91e5-4f21-b7ec-f32355f3a70b req-14bcc2b2-91e5-4f21-b7ec-f32355f3a70b ] Request (ListServersNegativeTestJSON:setUpClass): 200 GET http://10.180.1.21/compute/v2.1/servers/0937ab71-83d3-436e-a5d3-e3c7fb97c642 0.054s
2025-04-22 03:34:26.232 70305 INFO tempest.lib.common.rest_client [req-64439285-d4c3-4de5-aaf8-d8bf5646a9c8 req-64439285-d4c3-4de5-aaf8-d8bf5646a9c8 ] Request (ServersNegativeTestJSON:setUpClass): 200 GET http://10.180.1.21/compute/v2.1/servers/f5bd91ff-5a34-4478-9ece-8918fee6101a 0.052s
2025-04-22 03:34:26.296 70309 INFO tempest.lib.common.rest_client [req-54354bf6-43ee-4d3b-b613-56eb7bdca347 req-54354bf6-43ee-4d3b-b613-56eb7bdca347 ] Request (ServersAdminTestJSON:setUpClass): 200 GET http://10.180.1.21/compute/v2.1/servers/1045259e-3aad-4d1b-8ec0-3d7f375803a1 0.052s
2025-04-22 03:34:26.374 70343 INFO tempest.lib.common.rest_client [req-3c799115-be65-4406-9487-04f6f54af077 req-3c799115-be65-4406-9487-04f6f54af077 ] Request (ServerRescueTestJSONUnderV235:setUpClass): 200 GET http://10.180.1.21/compute/v2.1/servers/a3f66942-6063-4d1f-9bb0-b07899beccc1 0.055s
2025-04-22 03:34:26.410 70345 INFO tempest.lib.common.rest_client [req-f0479988-0245-433b-97e1-009232ab5612 req-f0479988-0245-433b-97e1-009232ab5612 ] Request (ServerMetadataTestJSON:tearDownClass): 200 GET http://10.180.1.21/compute/v2.1/servers/9f30e265-50d0-42b4-a79f-950aa915aa53 0.076s
2025-04-22 03:34:26.446 70327 INFO tempest.lib.common.rest_client [req-90403c1b-f489-4b2d-8baf-ba9e7f59586d req-90403c1b-f489-4b2d-8baf-ba9e7f59586d ] Request (ServerDiagnosticsV248Test:tearDownClass): 200 GET http://10.180.1.21/compute/v2.1/servers/eac4f5f4-b1b1-4be7-9b39-dcca5ad6d09c 0.070s
2025-04-22 03:34:26.456 70327 INFO tempest.common.waiters [-] State transition "ACTIVE/deleting" ==> "DELETED/None" after 5 second wait
2025-04-22 03:34:26.476 70357 INFO tempest.lib.common.rest_client [req-b5045704-56a2-4119-aad1-47d185e02295 req-b5045704-56a2-4119-aad1-47d185e02295 ] Request (ServersTestBootFromVolume:setUpClass): 200 GET http://10.180.1.21/compute/v2.1/servers/adde3bd8-8324-4eab-9cea-152b59401f7c 0.085s
2025-04-22 03:34:26.500 70317 INFO tempest.lib.common.rest_client [req-b1352f9b-7f1d-49a8-bc4f-e685311fc1e4 req-b1352f9b-7f1d-49a8-bc4f-e685311fc1e4 ] Request (FloatingIPsAssociationNegativeTestJSON:setUpClass): 200 GET http://10.180.1.21/compute/v2.1/servers/f38fbfac-9498-448d-9889-3ab4d2da1e16 0.057s
2025-04-22 03:34:26.589 70361 INFO tempest.lib.common.rest_client [req-9d02d14d-c9a6-44fa-8863-7718623395ce req-9d02d14d-c9a6-44fa-8863-7718623395ce ] Request (ServerDiskConfigTestJSON:test_rebuild_server_with_manual_disk_config): 200 GET http://10.180.1.21/compute/v2.1/servers/fdda3efc-facb-4d2a-b4e1-b167507b95e8 0.051s
2025-04-22 03:34:26.609 70335 INFO tempest.lib.common.rest_client [req-38bedcc5-1662-471f-adaf-e8b67d36376d req-38bedcc5-1662-471f-adaf-e8b67d36376d ] Request (FloatingIPsAssociationTestJSON:test_associate_already_associated_floating_ip): 200 GET http://10.180.1.21/compute/v2.1/servers/3fac017c-41a0-40f2-8f77-b1d72e1903dc 0.133s
2025-04-22 03:34:26.664 70367 INFO tempest.lib.common.rest_client [req-20a08bac-8e5d-4120-af30-f894f957b8a3 req-20a08bac-8e5d-4120-af30-f894f957b8a3 ] Request (VolumesAdminNegativeTest:_run_cleanups): 200 GET http://10.180.1.21/compute/v2.1/servers/4b94054c-1d27-45ee-92dd-4432e1e81a33/os-volume_attachments 0.033s
2025-04-22 03:34:26.676 70313 INFO tempest.lib.common.rest_client [req-b929f7d2-2f91-4785-a7e4-79d62b437711 req-b929f7d2-2f91-4785-a7e4-79d62b437711 ] Request (ListServerFiltersTestJSON:tearDownClass): 200 GET http://10.180.1.21/compute/v2.1/servers/0289665d-6bca-4cd0-911e-83698c3b97c8 0.086s
2025-04-22 03:34:26.830 70359 INFO tempest.lib.common.rest_client [req-5e0ef9e1-ef73-4383-9c74-e7d0e6d0961c req-5e0ef9e1-ef73-4383-9c74-e7d0e6d0961c ] Request (ImagesNegativeTestJSON:test_create_image_from_deleted_server): 200 GET http://10.180.1.21/compute/v2.1/servers/c73fd485-e892-4ede-b980-c5b154d292d9 0.069s
2025-04-22 03:34:26.848 70337 INFO tempest.lib.common.rest_client [req-c9fdc180-edac-4101-80d8-a5d25601f5f5 req-c9fdc180-edac-4101-80d8-a5d25601f5f5 ] Request (TenantUsagesTestJSON:setUpClass): 200 GET http://10.180.1.21/compute/v2.1/servers/ef11d456-2416-4498-aa7c-e1a51cb865d3 0.100s
2025-04-22 03:34:26.877 70341 INFO tempest.lib.common.rest_client [req-273f7e90-409f-4625-8f4f-6c065ae3737f req-273f7e90-409f-4625-8f4f-6c065ae3737f ] Request (DeleteServersAdminTestJSON:test_delete_server_while_in_error_state): 200 GET http://10.180.1.21/compute/v2.1/servers/b518bb73-3811-446e-8e88-1b6386f39543 0.058s
2025-04-22 03:34:26.936 70353 INFO tempest.lib.common.rest_client [req-142139b8-15fb-4403-b94c-2591bc061b5e req-142139b8-15fb-4403-b94c-2591bc061b5e ] Request (ImagesTestJSON:test_create_image_from_suspended_server): 200 GET http://10.180.1.21/compute/v2.1/servers/734ac398-4556-413a-ac7e-ca28d56d4de1 0.071s
2025-04-22 03:34:26.940 70311 INFO tempest.lib.common.rest_client [req-f6f642a2-75b7-42be-bfde-d566d29411a3 req-f6f642a2-75b7-42be-bfde-d566d29411a3 ] Request (MigrationsAdminTest:test_list_migrations_in_flavor_resize_situation): 200 GET http://10.180.1.21/compute/v2.1/servers/b45e94ae-d45b-4632-b8da-ae1cb246450a 0.111s
2025-04-22 03:34:26.998 70365 INFO tempest.lib.common.rest_client [req-54ba8a01-dcd2-41c6-b308-f4d843274787 req-54ba8a01-dcd2-41c6-b308-f4d843274787 ] Request (InstanceActionsNegativeTestJSON:setUpClass): 200 GET http://10.180.1.21/compute/v2.1/servers/18c1d1b6-c516-4c4c-a24d-3b354ba92690 0.089s
2025-04-22 03:34:27.000 70315 INFO tempest.lib.common.rest_client [req-6a66c9a1-5b6c-4a73-b8c8-e3e021d08721 req-6a66c9a1-5b6c-4a73-b8c8-e3e021d08721 ] Request (ServersV294TestFqdnHostnames:setUpClass): 200 GET http://10.180.1.21/compute/v2.1/servers/9642dc29-73e4-451e-bf37-fe20fc4c876a 0.103s
2025-04-22 03:34:27.043 70325 INFO tempest.lib.common.rest_client [req-9362ba58-7829-4e39-9cc2-fdc37646581e req-9362ba58-7829-4e39-9cc2-fdc37646581e ] Request (ServersAdminNegativeTestJSON:test_migrate_server_invalid_state): 200 GET http://10.180.1.21/compute/v2.1/servers/87d6b4be-0570-4acf-adb2-76535b5157d6 0.065s
2025-04-22 03:34:27.130 70307 INFO tempest.lib.common.rest_client [req-86bd5e67-8703-41f4-9961-02411075cb0d req-86bd5e67-8703-41f4-9961-02411075cb0d ] Request (ImagesOneServerTestJSON:tearDownClass): 200 GET http://10.180.1.21/compute/v2.1/servers/11e73f0c-0692-47be-a4b6-86fdecd2886f 0.057s
2025-04-22 03:34:27.150 70319 INFO tempest.lib.common.rest_client [req-a5ef4b39-b27d-48a1-93f8-2143cc1e3cd7 req-a5ef4b39-b27d-48a1-93f8-2143cc1e3cd7 ] Request (SecurityGroupsTestJSON:test_list_security_groups_by_server): 200 GET http://10.180.1.21/compute/v2.1/servers/f432ef0a-9c47-40e6-96c1-d7601dc314a4 0.088s
2025-04-22 03:34:27.163 70323 INFO tempest.lib.common.rest_client [req-87710e4b-b8fe-4dc5-afc3-d56b957340de req-87710e4b-b8fe-4dc5-afc3-d56b957340de ] Request (ListImageFiltersTestJSON:setUpClass): 200 GET http://10.180.1.21/compute/v2.1/images/7b86f5be-13a7-4da9-8225-136790b5aae4 0.070s
2025-04-22 03:34:27.198 70321 INFO tempest.lib.common.rest_client [req-cc88251f-78a8-4341-9f64-b1f9893ad909 req-cc88251f-78a8-4341-9f64-b1f9893ad909 ] Request (ImagesOneServerNegativeTestJSON:setUpClass): 200 GET http://10.180.1.21/compute/v2.1/servers/eacd2ffb-6901-48e1-86ed-448b58a34bd3 0.071s
2025-04-22 03:34:27.224 70334 INFO tempest.lib.common.rest_client [req-eb8003e5-969e-4283-bcab-c199d27db4d3 req-eb8003e5-969e-4283-bcab-c199d27db4d3 ] Request (ListServersNegativeTestJSON:setUpClass): 200 GET http://10.180.1.21/compute/v2.1/servers/0937ab71-83d3-436e-a5d3-e3c7fb97c642 0.048s
2025-04-22 03:34:27.292 70305 INFO tempest.lib.common.rest_client [req-f3dbaf60-6288-416e-89d4-f5c9cb64ff72 req-f3dbaf60-6288-416e-89d4-f5c9cb64ff72 ] Request (ServersNegativeTestJSON:setUpClass): 200 GET http://10.180.1.21/compute/v2.1/servers/f5bd91ff-5a34-4478-9ece-8918fee6101a 0.050s
2025-04-22 03:34:27.350 70309 INFO tempest.lib.common.rest_client [req-7538eb6b-8337-4178-8031-82d6543b7bae req-7538eb6b-8337-4178-8031-82d6543b7bae ] Request (ServersAdminTestJSON:setUpClass): 200 GET http://10.180.1.21/compute/v2.1/servers/1045259e-3aad-4d1b-8ec0-3d7f375803a1 0.047s
2025-04-22 03:34:27.433 70343 INFO tempest.lib.common.rest_client [req-7c791c29-49ad-4497-8c89-3578be891c7f req-7c791c29-49ad-4497-8c89-3578be891c7f ] Request (ServerRescueTestJSONUnderV235:setUpClass): 200 GET http://10.180.1.21/compute/v2.1/servers/a3f66942-6063-4d1f-9bb0-b07899beccc1 0.051s
2025-04-22 03:34:27.483 70345 INFO tempest.lib.common.rest_client [req-0a361041-216b-460e-a69f-fa8722f163bc req-0a361041-216b-460e-a69f-fa8722f163bc ] Request (ServerMetadataTestJSON:tearDownClass): 200 GET http://10.180.1.21/compute/v2.1/servers/9f30e265-50d0-42b4-a79f-950aa915aa53 0.065s
2025-04-22 03:34:27.520 70327 INFO tempest.lib.common.rest_client [req-2814a4cd-7b63-41b2-bf1a-c2c406ba4ade req-2814a4cd-7b63-41b2-bf1a-c2c406ba4ade ] Request (ServerDiagnosticsV248Test:tearDownClass): 200 GET http://10.180.1.21/compute/v2.1/servers/eac4f5f4-b1b1-4be7-9b39-dcca5ad6d09c 0.064s
2025-04-22 03:34:27.531 70357 INFO tempest.lib.common.rest_client [req-3694384e-d552-45be-82be-81a0b9acb11b req-3694384e-d552-45be-82be-81a0b9acb11b ] Request (ServersTestBootFromVolume:setUpClass): 200 GET http://10.180.1.21/compute/v2.1/servers/adde3bd8-8324-4eab-9cea-152b59401f7c 0.047s
2025-04-22 03:34:27.566 70317 INFO tempest.lib.common.rest_client [req-e42ca0da-b306-4eff-bd4b-c7a6c542a358 req-e42ca0da-b306-4eff-bd4b-c7a6c542a358 ] Request (FloatingIPsAssociationNegativeTestJSON:setUpClass): 200 GET http://10.180.1.21/compute/v2.1/servers/f38fbfac-9498-448d-9889-3ab4d2da1e16 0.057s
2025-04-22 03:34:27.645 70361 INFO tempest.lib.common.rest_client [req-1b939892-e81a-48fc-88d8-a1ccee8c42e9 req-1b939892-e81a-48fc-88d8-a1ccee8c42e9 ] Request (ServerDiskConfigTestJSON:test_rebuild_server_with_manual_disk_config): 200 GET http://10.180.1.21/compute/v2.1/servers/fdda3efc-facb-4d2a-b4e1-b167507b95e8 0.048s
2025-04-22 03:34:27.695 70367 INFO tempest.lib.common.rest_client [req-3cd78de3-8389-45ae-8291-19cb81cfe021 req-3cd78de3-8389-45ae-8291-19cb81cfe021 ] Request (VolumesAdminNegativeTest:_run_cleanups): 200 GET http://10.180.1.21/compute/v2.1/servers/4b94054c-1d27-45ee-92dd-4432e1e81a33/os-volume_attachments 0.030s
2025-04-22 03:34:27.749 70313 INFO tempest.lib.common.rest_client [req-3de02450-3548-4bd0-a150-cdc32e4beb9a req-3de02450-3548-4bd0-a150-cdc32e4beb9a ] Request (ListServerFiltersTestJSON:tearDownClass): 200 GET http://10.180.1.21/compute/v2.1/servers/0289665d-6bca-4cd0-911e-83698c3b97c8 0.062s
2025-04-22 03:34:27.781 70335 INFO tempest.lib.common.rest_client [req-8cc88436-ed9f-4780-b0a5-218ef004d3b7 req-8cc88436-ed9f-4780-b0a5-218ef004d3b7 ] Request (FloatingIPsAssociationTestJSON:test_associate_already_associated_floating_ip): 200 GET http://10.180.1.21/compute/v2.1/servers/3fac017c-41a0-40f2-8f77-b1d72e1903dc 0.165s
2025-04-22 03:34:27.889 70359 INFO tempest.lib.common.rest_client [req-ba99aece-b6dc-46fd-996e-a776e37d53df req-ba99aece-b6dc-46fd-996e-a776e37d53df ] Request (ImagesNegativeTestJSON:test_create_image_from_deleted_server): 200 GET http://10.180.1.21/compute/v2.1/servers/c73fd485-e892-4ede-b980-c5b154d292d9 0.051s
2025-04-22 03:34:27.938 70341 INFO tempest.lib.common.rest_client [req-ec8663e0-3f8b-4282-b574-a7756f66e972 req-ec8663e0-3f8b-4282-b574-a7756f66e972 ] Request (DeleteServersAdminTestJSON:test_delete_server_while_in_error_state): 200 GET http://10.180.1.21/compute/v2.1/servers/b518bb73-3811-446e-8e88-1b6386f39543 0.050s
2025-04-22 03:34:28.007 70353 INFO tempest.lib.common.rest_client [req-b6145d61-3459-4138-a153-8b6103a22b6f req-b6145d61-3459-4138-a153-8b6103a22b6f ] Request (ImagesTestJSON:test_create_image_from_suspended_server): 200 GET http://10.180.1.21/compute/v2.1/servers/734ac398-4556-413a-ac7e-ca28d56d4de1 0.060s
2025-04-22 03:34:28.032 70337 INFO tempest.lib.common.rest_client [req-0bdb10e8-490c-4ffa-b97f-3193648bd5d7 req-0bdb10e8-490c-4ffa-b97f-3193648bd5d7 ] Request (TenantUsagesTestJSON:setUpClass): 200 GET http://10.180.1.21/compute/v2.1/servers/ef11d456-2416-4498-aa7c-e1a51cb865d3 0.177s
2025-04-22 03:34:28.041 70337 INFO tempest.common.waiters [-] State transition "BUILD/spawning" ==> "ACTIVE/None" after 60 second wait
2025-04-22 03:34:28.084 70365 INFO tempest.lib.common.rest_client [req-356b6aa8-dbca-4513-80be-6c033bfea540 req-356b6aa8-dbca-4513-80be-6c033bfea540 ] Request (InstanceActionsNegativeTestJSON:setUpClass): 200 GET http://10.180.1.21/compute/v2.1/servers/18c1d1b6-c516-4c4c-a24d-3b354ba92690 0.074s
2025-04-22 03:34:28.103 70311 INFO tempest.lib.common.rest_client [req-7ce544b0-8602-433c-b357-825db543df72 req-7ce544b0-8602-433c-b357-825db543df72 ] Request (MigrationsAdminTest:test_list_migrations_in_flavor_resize_situation): 200 GET http://10.180.1.21/compute/v2.1/servers/b45e94ae-d45b-4632-b8da-ae1cb246450a 0.151s
2025-04-22 03:34:28.141 70315 INFO tempest.lib.common.rest_client [req-ff6907df-c20c-41f5-b6fc-c7de4681faf9 req-ff6907df-c20c-41f5-b6fc-c7de4681faf9 ] Request (ServersV294TestFqdnHostnames:setUpClass): 200 GET http://10.180.1.21/compute/v2.1/servers/9642dc29-73e4-451e-bf37-fe20fc4c876a 0.132s
2025-04-22 03:34:28.189 70325 INFO tempest.lib.common.rest_client [req-cbd85b0f-3a40-493b-bfdf-2ad5d6873363 req-cbd85b0f-3a40-493b-bfdf-2ad5d6873363 ] Request (ServersAdminNegativeTestJSON:test_migrate_server_invalid_state): 200 GET http://10.180.1.21/compute/v2.1/servers/87d6b4be-0570-4acf-adb2-76535b5157d6 0.138s
2025-04-22 03:34:28.236 70337 INFO tempest.lib.common.rest_client [req-40c6807b-29b2-4c1c-b774-4c823a573cd2 req-40c6807b-29b2-4c1c-b774-4c823a573cd2 ] Request (TenantUsagesTestJSON:test_get_usage_tenant): 200 GET http://10.180.1.21/compute/v2.1/os-simple-tenant-usage/ee05f605f20c462e9836428786ca3276?start=2025-04-21T03%3A34%3A28.041575&end=2025-04-23T03%3A34%3A28.041575 0.194s
2025-04-22 03:34:28.246 70307 INFO tempest.lib.common.rest_client [req-5701abc2-1a8d-463c-a539-0c271c2fb6d3 req-5701abc2-1a8d-463c-a539-0c271c2fb6d3 ] Request (ImagesOneServerTestJSON:tearDownClass): 200 GET http://10.180.1.21/compute/v2.1/servers/11e73f0c-0692-47be-a4b6-86fdecd2886f 0.108s
2025-04-22 03:34:28.278 70323 INFO tempest.lib.common.rest_client [req-b2d8e440-aa47-4166-971b-d8ef8a156162 req-b2d8e440-aa47-4166-971b-d8ef8a156162 ] Request (ListImageFiltersTestJSON:setUpClass): 200 GET http://10.180.1.21/compute/v2.1/images/7b86f5be-13a7-4da9-8225-136790b5aae4 0.110s
2025-04-22 03:34:28.320 70319 INFO tempest.lib.common.rest_client [req-99ce3e42-a42a-4c2c-8ff7-d90a67319320 req-99ce3e42-a42a-4c2c-8ff7-d90a67319320 ] Request (SecurityGroupsTestJSON:test_list_security_groups_by_server): 200 GET http://10.180.1.21/compute/v2.1/servers/f432ef0a-9c47-40e6-96c1-d7601dc314a4 0.163s
2025-04-22 03:34:28.325 70321 INFO tempest.lib.common.rest_client [req-e9307449-e4ec-4538-ab97-d27a9443a8e0 req-e9307449-e4ec-4538-ab97-d27a9443a8e0 ] Request (ImagesOneServerNegativeTestJSON:setUpClass): 200 GET http://10.180.1.21/compute/v2.1/servers/eacd2ffb-6901-48e1-86ed-448b58a34bd3 0.119s
2025-04-22 03:34:28.356 70337 INFO tempest.lib.common.rest_client [req-948d7f37-cdcd-480b-b8e2-554b101afbc1 req-948d7f37-cdcd-480b-b8e2-554b101afbc1 ] Request (TenantUsagesTestJSON:test_get_usage_tenant_with_non_admin_user): 200 GET http://10.180.1.21/compute/v2.1/os-simple-tenant-usage/ee05f605f20c462e9836428786ca3276?start=2025-04-21T03%3A34%3A28.041575&end=2025-04-23T03%3A34%3A28.041575 0.116s
2025-04-22 03:34:28.369 70334 INFO tempest.lib.common.rest_client [req-43c0c4c2-026f-4113-8b5d-e50c5ba0c865 req-43c0c4c2-026f-4113-8b5d-e50c5ba0c865 ] Request (ListServersNegativeTestJSON:setUpClass): 200 GET http://10.180.1.21/compute/v2.1/servers/0937ab71-83d3-436e-a5d3-e3c7fb97c642 0.137s
2025-04-22 03:34:28.420 70309 INFO tempest.lib.common.rest_client [req-97546048-40d6-44f1-947d-3f033409c66a req-97546048-40d6-44f1-947d-3f033409c66a ] Request (ServersAdminTestJSON:setUpClass): 200 GET http://10.180.1.21/compute/v2.1/servers/1045259e-3aad-4d1b-8ec0-3d7f375803a1 0.062s
2025-04-22 03:34:28.469 70337 INFO tempest.lib.common.rest_client [req-74c2f19f-c628-4f22-8f0e-532811e47b29 req-74c2f19f-c628-4f22-8f0e-532811e47b29 ] Request (TenantUsagesTestJSON:test_list_usage_all_tenants): 200 GET http://10.180.1.21/compute/v2.1/os-simple-tenant-usage?start=2025-04-21T03%3A34%3A28.041575&end=2025-04-23T03%3A34%3A28.041575&detailed=1 0.109s
2025-04-22 03:34:28.529 70343 INFO tempest.lib.common.rest_client [req-171c0bf1-48a3-4239-bd58-e25b165a6886 req-171c0bf1-48a3-4239-bd58-e25b165a6886 ] Request (ServerRescueTestJSONUnderV235:setUpClass): 200 GET http://10.180.1.21/compute/v2.1/servers/a3f66942-6063-4d1f-9bb0-b07899beccc1 0.088s
2025-04-22 03:34:28.597 70337 INFO tempest.lib.common.rest_client [req-81f2a291-a2e6-415e-92f8-ec6c0c55da88 req-81f2a291-a2e6-415e-92f8-ec6c0c55da88 ] Request (TenantUsagesTestJSON:tearDownClass): 204 DELETE http://10.180.1.21/compute/v2.1/servers/ef11d456-2416-4498-aa7c-e1a51cb865d3 0.114s
2025-04-22 03:34:28.657 70345 INFO tempest.lib.common.rest_client [req-6a16fa35-de03-4367-963e-31664c092adf req-6a16fa35-de03-4367-963e-31664c092adf ] Request (ServerMetadataTestJSON:tearDownClass): 200 GET http://10.180.1.21/compute/v2.1/servers/9f30e265-50d0-42b4-a79f-950aa915aa53 0.166s
2025-04-22 03:34:28.666 70305 INFO tempest.lib.common.rest_client [req-a12df77a-da9d-401b-ab22-9b86a4d567d1 req-a12df77a-da9d-401b-ab22-9b86a4d567d1 ] Request (ServersNegativeTestJSON:setUpClass): 200 GET http://10.180.1.21/compute/v2.1/servers/f5bd91ff-5a34-4478-9ece-8918fee6101a 0.366s
2025-04-22 03:34:28.720 70357 INFO tempest.lib.common.rest_client [req-849df467-4392-4cc7-bb21-b12f67a7231c req-849df467-4392-4cc7-bb21-b12f67a7231c ] Request (ServersTestBootFromVolume:setUpClass): 200 GET http://10.180.1.21/compute/v2.1/servers/adde3bd8-8324-4eab-9cea-152b59401f7c 0.181s
2025-04-22 03:34:28.773 70317 INFO tempest.lib.common.rest_client [req-29a7a195-724b-4c5e-a758-3d54104d4e16 req-29a7a195-724b-4c5e-a758-3d54104d4e16 ] Request (FloatingIPsAssociationNegativeTestJSON:setUpClass): 200 GET http://10.180.1.21/compute/v2.1/servers/f38fbfac-9498-448d-9889-3ab4d2da1e16 0.199s
2025-04-22 03:34:28.877 70337 INFO tempest.lib.common.rest_client [req-47e70afd-0d29-4496-ab62-2e29c76949c3 req-47e70afd-0d29-4496-ab62-2e29c76949c3 ] Request (TenantUsagesTestJSON:tearDownClass): 200 GET http://10.180.1.21/compute/v2.1/servers/ef11d456-2416-4498-aa7c-e1a51cb865d3 0.280s
2025-04-22 03:34:28.945 70361 INFO tempest.lib.common.rest_client [req-de86b6fb-a87c-4728-8627-0aea10fed473 req-de86b6fb-a87c-4728-8627-0aea10fed473 ] Request (ServerDiskConfigTestJSON:test_rebuild_server_with_manual_disk_config): 200 GET http://10.180.1.21/compute/v2.1/servers/fdda3efc-facb-4d2a-b4e1-b167507b95e8 0.292s
2025-04-22 03:34:28.970 70327 INFO tempest.lib.common.rest_client [req-8a815b30-0eb3-42a9-9379-aa567d92e216 req-8a815b30-0eb3-42a9-9379-aa567d92e216 ] Request (ServerDiagnosticsV248Test:tearDownClass): 200 GET http://10.180.1.21/compute/v2.1/servers/eac4f5f4-b1b1-4be7-9b39-dcca5ad6d09c 0.441s
2025-04-22 03:34:28.978 70367 INFO tempest.lib.common.rest_client [req-620da175-811d-4f92-be92-9c39fc3681dd req-620da175-811d-4f92-be92-9c39fc3681dd ] Request (VolumesAdminNegativeTest:_run_cleanups): 200 GET http://10.180.1.21/compute/v2.1/servers/4b94054c-1d27-45ee-92dd-4432e1e81a33/os-volume_attachments 0.279s
2025-04-22 03:34:29.025 70313 INFO tempest.lib.common.rest_client [req-f92346c6-4fe8-490a-8dd2-66f56ff4305e req-f92346c6-4fe8-490a-8dd2-66f56ff4305e ] Request (ListServerFiltersTestJSON:tearDownClass): 200 GET http://10.180.1.21/compute/v2.1/servers/0289665d-6bca-4cd0-911e-83698c3b97c8 0.267s
2025-04-22 03:34:29.068 70335 INFO tempest.lib.common.rest_client [req-b8598e71-db29-4dd5-80f5-eb19456dbba2 req-b8598e71-db29-4dd5-80f5-eb19456dbba2 ] Request (FloatingIPsAssociationTestJSON:test_associate_already_associated_floating_ip): 200 GET http://10.180.1.21/compute/v2.1/servers/3fac017c-41a0-40f2-8f77-b1d72e1903dc 0.278s
2025-04-22 03:34:29.070 70359 INFO tempest.lib.common.rest_client [req-bda8ace9-5007-4449-8210-370d2f7e8c98 req-bda8ace9-5007-4449-8210-370d2f7e8c98 ] Request (ImagesNegativeTestJSON:test_create_image_from_deleted_server): 200 GET http://10.180.1.21/compute/v2.1/servers/c73fd485-e892-4ede-b980-c5b154d292d9 0.170s
2025-04-22 03:34:29.113 70341 INFO tempest.lib.common.rest_client [req-a6935aa5-bdee-4e8c-a576-0f4a78db8f91 req-a6935aa5-bdee-4e8c-a576-0f4a78db8f91 ] Request (DeleteServersAdminTestJSON:test_delete_server_while_in_error_state): 200 GET http://10.180.1.21/compute/v2.1/servers/b518bb73-3811-446e-8e88-1b6386f39543 0.167s
2025-04-22 03:34:29.117 70353 INFO tempest.lib.common.rest_client [req-589b8d64-40a3-4f5c-aa9e-831daad4a512 req-589b8d64-40a3-4f5c-aa9e-831daad4a512 ] Request (ImagesTestJSON:test_create_image_from_suspended_server): 200 GET http://10.180.1.21/compute/v2.1/servers/734ac398-4556-413a-ac7e-ca28d56d4de1 0.097s
2025-04-22 03:34:29.126 70353 INFO tempest.common.waiters [-] State transition "BUILD/scheduling" ==> "BUILD/None" after 30 second wait
2025-04-22 03:34:29.158 70365 INFO tempest.lib.common.rest_client [req-add1394f-2c40-4aa7-bef5-2ff51503213a req-add1394f-2c40-4aa7-bef5-2ff51503213a ] Request (InstanceActionsNegativeTestJSON:setUpClass): 200 GET http://10.180.1.21/compute/v2.1/servers/18c1d1b6-c516-4c4c-a24d-3b354ba92690 0.067s
2025-04-22 03:34:29.210 70311 INFO tempest.lib.common.rest_client [req-ad0fda9f-efc9-4380-ba29-25fa658a6ff3 req-ad0fda9f-efc9-4380-ba29-25fa658a6ff3 ] Request (MigrationsAdminTest:test_list_migrations_in_flavor_resize_situation): 200 GET http://10.180.1.21/compute/v2.1/servers/b45e94ae-d45b-4632-b8da-ae1cb246450a 0.099s
2025-04-22 03:34:29.229 70315 INFO tempest.lib.common.rest_client [req-467b720a-0fc2-41a2-8ac4-a12db5347357 req-467b720a-0fc2-41a2-8ac4-a12db5347357 ] Request (ServersV294TestFqdnHostnames:setUpClass): 200 GET http://10.180.1.21/compute/v2.1/servers/9642dc29-73e4-451e-bf37-fe20fc4c876a 0.077s
2025-04-22 03:34:29.238 70315 INFO tempest.common.waiters [-] State transition "BUILD/None" ==> "BUILD/networking" after 53 second wait
2025-04-22 03:34:29.254 70325 INFO tempest.lib.common.rest_client [req-59001ba9-6131-4c29-b954-b847f37fba6d req-59001ba9-6131-4c29-b954-b847f37fba6d ] Request (ServersAdminNegativeTestJSON:test_migrate_server_invalid_state): 200 GET http://10.180.1.21/compute/v2.1/servers/87d6b4be-0570-4acf-adb2-76535b5157d6 0.052s
2025-04-22 03:34:29.313 70323 INFO tempest.lib.common.rest_client [req-ca644a42-8666-4c87-8096-1584d9729662 req-ca644a42-8666-4c87-8096-1584d9729662 ] Request (ListImageFiltersTestJSON:setUpClass): 200 GET http://10.180.1.21/compute/v2.1/images/7b86f5be-13a7-4da9-8225-136790b5aae4 0.031s
2025-04-22 03:34:29.317 70307 INFO tempest.lib.common.rest_client [req-73e9331f-ff3b-4abf-a80f-2f8320ac3881 req-73e9331f-ff3b-4abf-a80f-2f8320ac3881 ] Request (ImagesOneServerTestJSON:tearDownClass): 200 GET http://10.180.1.21/compute/v2.1/servers/11e73f0c-0692-47be-a4b6-86fdecd2886f 0.062s
2025-04-22 03:34:29.393 70321 INFO tempest.lib.common.rest_client [req-86f2b7f4-686a-4dc5-913d-c6dab245c73b req-86f2b7f4-686a-4dc5-913d-c6dab245c73b ] Request (ImagesOneServerNegativeTestJSON:setUpClass): 200 GET http://10.180.1.21/compute/v2.1/servers/eacd2ffb-6901-48e1-86ed-448b58a34bd3 0.059s
