2025-04-22 03:34:02.402 70305 INFO tempest.lib.common.rest_client [req-68499d02-34f1-40a3-9021-87f9fb57c018 req-68499d02-34f1-40a3-9021-87f9fb57c018 ] Request (ServersNegativeTestJSON:setUpClass): 200 GET http://10.180.1.21/compute/v2.1/servers/f5bd91ff-5a34-4478-9ece-8918fee6101a 0.813s
2025-04-22 03:34:02.445 70351 INFO tempest.lib.common.rest_client [req-ad3f487f-324b-40e1-b8ab-ac387e9fa96e req-ad3f487f-324b-40e1-b8ab-ac387e9fa96e ] Request (ImagesMetadataTestJSON:setUpClass): 200 GET http://10.180.1.21/compute/v2.1/images/0861afdd-aaf0-4e70-9d93-69b6e1597409 0.854s
2025-04-22 03:34:02.551 70339 INFO tempest.lib.common.rest_client [req-064dc2e1-a232-48f6-8350-87c0c43a8639 req-064dc2e1-a232-48f6-8350-87c0c43a8639 ] Request (SecurityGroupRulesNegativeTestJSON:tearDownClass): 202 DELETE http://10.180.1.21/compute/v2.1/os-security-groups/c32091cf-2cec-428d-bf0f-bb96269a8195 0.793s
2025-04-22 03:34:02.578 70365 INFO tempest.lib.common.rest_client [req-736ef974-9915-4846-a264-9fda3e20051b req-736ef974-9915-4846-a264-9fda3e20051b ] Request (ServerExternalEventsTest:tearDownClass): 404 GET http://10.180.1.21/compute/v2.1/servers/60073f62-26e8-4d08-a43b-972ca96bcc9e 0.673s
2025-04-22 03:34:02.594 70325 INFO tempest.lib.common.rest_client [req-a56d8c67-7bf5-44e0-af5b-8bc9b56b0d2d req-a56d8c67-7bf5-44e0-af5b-8bc9b56b0d2d ] Request (ServersAdminNegativeTestJSON:setUpClass): 200 GET http://10.180.1.21/compute/v2.1/servers/c35f752e-e9b4-48d5-ae18-b2613ddfeaf1 0.756s
2025-04-22 03:34:02.641 70309 INFO tempest.lib.common.rest_client [req-cfabb135-8a74-47fe-a049-6f994ac6a9a7 req-cfabb135-8a74-47fe-a049-6f994ac6a9a7 ] Request (ServersAdminTestJSON:setUpClass): 200 GET http://10.180.1.21/compute/v2.1/servers/1045259e-3aad-4d1b-8ec0-3d7f375803a1 0.690s
2025-04-22 03:34:02.665 70323 INFO tempest.lib.common.rest_client [req-8fd64640-d600-4987-b8f7-267acbb428e0 req-8fd64640-d600-4987-b8f7-267acbb428e0 ] Request (ListImageFiltersTestJSON:setUpClass): 200 GET http://10.180.1.21/compute/v2.1/servers/3a7cb3aa-08e8-4d2f-94bc-8cf4d82544e1 0.688s
2025-04-22 03:34:02.711 70335 INFO tempest.lib.common.rest_client [req-59ec1299-7cc1-4541-aba7-1cde38323d79 req-59ec1299-7cc1-4541-aba7-1cde38323d79 ] Request (FloatingIPsAssociationTestJSON:test_associate_already_associated_floating_ip): 200 GET http://10.180.1.21/compute/v2.1/servers/3fac017c-41a0-40f2-8f77-b1d72e1903dc 0.668s
2025-04-22 03:34:02.722 70359 INFO tempest.lib.common.rest_client [req-d6de25cc-355b-4dc2-a78c-e8d2e762e81a req-d6de25cc-355b-4dc2-a78c-e8d2e762e81a ] Request (ImagesNegativeTestJSON:test_create_image_from_deleted_server): 200 GET http://10.180.1.21/compute/v2.1/servers/c73fd485-e892-4ede-b980-c5b154d292d9 0.606s
2025-04-22 03:34:02.735 70365 INFO tempest.lib.common.rest_client [req-44bf44c1-9dd2-4aa0-9c38-c2c5a3e8a2a5 req-44bf44c1-9dd2-4aa0-9c38-c2c5a3e8a2a5 ] Request (ServerExternalEventsTest:tearDownClass): 204 DELETE http://10.180.1.21/identity/v3/users/087c6bc1918f4df6a802c71956697aaa 0.156s
2025-04-22 03:34:02.747 70363 INFO tempest.lib.common.rest_client [req-8cd526b3-61af-40a7-83c6-a8dc93da0b1c req-8cd526b3-61af-40a7-83c6-a8dc93da0b1c ] Request (KeyPairsV22TestJSON:test_keypair_create_with_pub_key): 201 POST http://10.180.1.21/compute/v2.1/os-keypairs 0.616s
2025-04-22 03:34:02.807 70337 INFO tempest.lib.common.rest_client [req-38b9288a-6bb4-497f-8783-4aea15cf1bb4 req-38b9288a-6bb4-497f-8783-4aea15cf1bb4 ] Request (TenantUsagesTestJSON:setUpClass): 200 GET http://10.180.1.21/compute/v2.1/servers/ef11d456-2416-4498-aa7c-e1a51cb865d3 0.593s
2025-04-22 03:34:02.831 70365 INFO tempest.lib.common.rest_client [req-39f3aacd-1e88-4e4b-8a38-cd39bd0a14c7 req-39f3aacd-1e88-4e4b-8a38-cd39bd0a14c7 ] Request (ServerExternalEventsTest:tearDownClass): 204 DELETE http://10.180.1.21/identity/v3/users/7af4dce81d7d4e7f82c12748ccc4bb24 0.095s
2025-04-22 03:34:02.863 70317 INFO tempest.lib.common.rest_client [req-4d02d055-fc82-4714-b3b8-aea1a4081c1a req-4d02d055-fc82-4714-b3b8-aea1a4081c1a ] Request (FloatingIPsAssociationNegativeTestJSON:setUpClass): 200 GET http://10.180.1.21/compute/v2.1/servers/f38fbfac-9498-448d-9889-3ab4d2da1e16 0.588s
2025-04-22 03:34:02.882 70361 INFO tempest.lib.common.rest_client [req-20920631-a090-42f1-9af6-b0c3c81b6e24 req-20920631-a090-42f1-9af6-b0c3c81b6e24 ] Request (ServerDiskConfigTestJSON:test_rebuild_server_with_auto_disk_config): 200 GET http://10.180.1.21/compute/v2.1/servers/8dbbc346-b158-4839-947f-030522d24158 0.693s
2025-04-22 03:34:02.890 70361 INFO tempest.common.waiters [-] State transition "REBUILD/rebuild_spawning" ==> "ACTIVE/None" after 11 second wait
2025-04-22 03:34:02.929 70365 INFO tempest.lib.common.rest_client [req-82c86a66-d990-47de-a4cf-f8082e82d255 req-82c86a66-d990-47de-a4cf-f8082e82d255 ] Request (ServerExternalEventsTest:tearDownClass): 204 DELETE http://10.180.1.21/identity/v3/users/f10ca07c4e6749039b8fc61ee1425f3c 0.097s
2025-04-22 03:34:02.930 70365 INFO tempest.lib.common.dynamic_creds [-] Deleting project and security group for project: 6f9ed1152b1a403eb400dabe0b765d73
2025-04-22 03:34:02.979 70313 INFO tempest.lib.common.rest_client [req-c7d4e012-d599-4fef-9c22-cd19fa0ad031 req-c7d4e012-d599-4fef-9c22-cd19fa0ad031 ] Request (ListServerFiltersTestJSON:test_list_servers_filter_by_shutoff_status): 200 GET http://10.180.1.21/compute/v2.1/servers/2c519237-3872-4b47-93c5-181f773eccb8 0.631s
2025-04-22 03:34:03.003 70365 INFO tempest.lib.common.rest_client [req-186768e6-b861-441b-8b5a-efbcd0e25151 req-186768e6-b861-441b-8b5a-efbcd0e25151 ] Request (ServerExternalEventsTest:tearDownClass): 201 POST http://10.180.1.21/identity/v3/auth/tokens 0.072s
2025-04-22 03:34:03.022 70357 INFO tempest.lib.common.rest_client [req-430a20a9-c5f2-48d8-9f92-c9b777e84c4c req-430a20a9-c5f2-48d8-9f92-c9b777e84c4c ] Request (ServersTestBootFromVolume:setUpClass): 200 GET http://10.180.1.21/volume/v3/volumes/1e6ba965-9184-4a81-b734-c19d9fca76d5 0.031s
2025-04-22 03:34:03.051 70327 INFO tempest.lib.common.rest_client [req-2ee1ba1a-8dbc-4d81-b3ed-931423b1a888 req-2ee1ba1a-8dbc-4d81-b3ed-931423b1a888 ] Request (ServerDiagnosticsV248Test:test_get_server_diagnostics): 200 GET http://10.180.1.21/compute/v2.1/servers/eac4f5f4-b1b1-4be7-9b39-dcca5ad6d09c 0.680s
2025-04-22 03:34:03.065 70345 INFO tempest.lib.common.rest_client [req-b6aabd8b-a47f-4dc6-a470-5541007ff74e req-b6aabd8b-a47f-4dc6-a470-5541007ff74e ] Request (ServerMetadataTestJSON:setUpClass): 200 GET http://10.180.1.21/compute/v2.1/servers/9f30e265-50d0-42b4-a79f-950aa915aa53 0.720s
2025-04-22 03:34:03.126 70365 INFO tempest.lib.common.rest_client [req-b30feebf-94b0-4074-8d03-555c52cf0a97 req-b30feebf-94b0-4074-8d03-555c52cf0a97 ] Request (ServerExternalEventsTest:tearDownClass): 200 GET http://10.180.1.21:9696/networking/v2.0/security-groups?tenant_id=6f9ed1152b1a403eb400dabe0b765d73&name=default 0.123s
2025-04-22 03:34:03.129 70341 INFO tempest.lib.common.rest_client [req-57d5ee9b-0ada-4461-8251-eb869fce9447 req-57d5ee9b-0ada-4461-8251-eb869fce9447 ] Request (DeleteServersAdminTestJSON:test_delete_server_while_in_error_state): 200 GET http://10.180.1.21/compute/v2.1/servers/b518bb73-3811-446e-8e88-1b6386f39543 0.707s
2025-04-22 03:34:03.196 70307 INFO tempest.lib.common.rest_client [req-67a8e1d9-645e-4674-b632-f5e6fdc16bd4 req-67a8e1d9-645e-4674-b632-f5e6fdc16bd4 ] Request (ImagesOneServerTestJSON:test_create_image_specify_multibyte_character_image_name): 200 GET http://10.180.1.21/compute/v2.1/images/d92ab624-fe36-4ec0-920b-672e4edf12a1 0.551s
2025-04-22 03:34:03.219 70365 INFO tempest.lib.common.rest_client [req-b64a8a92-fe37-4611-ba34-49adde7899c2 req-b64a8a92-fe37-4611-ba34-49adde7899c2 ] Request (ServerExternalEventsTest:tearDownClass): 204 DELETE http://10.180.1.21:9696/networking/v2.0/security-groups/c3e6d316-0225-4e87-99d5-6c58ff0694cb 0.092s
2025-04-22 03:34:03.221 70363 INFO tempest.lib.common.rest_client [req-0d1e4c5e-82f9-4055-acac-9ca531299732 req-0d1e4c5e-82f9-4055-acac-9ca531299732 ] Request (KeyPairsV22TestJSON:_run_cleanups): 204 DELETE http://10.180.1.21/compute/v2.1/os-keypairs/tempest-keypair-694286397 0.471s
2025-04-22 03:34:03.292 70315 INFO tempest.lib.common.rest_client [req-7dcea577-be4b-46fe-92ac-bf757c3dc99e req-7dcea577-be4b-46fe-92ac-bf757c3dc99e ] Request (ServersV294TestFqdnHostnames:setUpClass): 200 GET http://10.180.1.21/compute/v2.1/servers/9642dc29-73e4-451e-bf37-fe20fc4c876a 0.438s
2025-04-22 03:34:03.304 70365 INFO tempest.lib.common.rest_client [req-9bdd78d6-1f88-4d7e-a64e-90ee21cf7e36 req-9bdd78d6-1f88-4d7e-a64e-90ee21cf7e36 ] Request (ServerExternalEventsTest:tearDownClass): 204 DELETE http://10.180.1.21/identity/v3/projects/6f9ed1152b1a403eb400dabe0b765d73 0.084s
2025-04-22 03:34:03.304 70365 INFO tempest.lib.common.dynamic_creds [-] Deleting project and security group for project: e8ab5e30ffa540e5a8a16258df348b18
2025-04-22 03:34:03.335 70351 INFO tempest.lib.common.rest_client [req-69066baa-ed8d-4b69-b5f4-3ddd9b908ad7 req-69066baa-ed8d-4b69-b5f4-3ddd9b908ad7 ] Request (ImagesMetadataTestJSON:setUp): 200 PUT http://10.180.1.21/compute/v2.1/images/0861afdd-aaf0-4e70-9d93-69b6e1597409/metadata 0.885s
2025-04-22 03:34:03.391 70339 INFO tempest.lib.common.rest_client [req-a286c9f2-af1b-4c95-9cb8-16b2dfbbc8b1 req-a286c9f2-af1b-4c95-9cb8-16b2dfbbc8b1 ] Request (SecurityGroupRulesNegativeTestJSON:tearDownClass): 200 PUT http://10.180.1.21:9696/networking/v2.0/routers/4fa1ff8c-4d2c-41cd-bce6-09805c6bcff9/remove_router_interface 0.840s
2025-04-22 03:34:03.403 70353 INFO tempest.lib.common.rest_client [req-9b8e9620-0c17-4d97-b700-867d67bcec99 req-9b8e9620-0c17-4d97-b700-867d67bcec99 ] Request (ImagesTestJSON:test_create_image_from_suspended_server): 200 GET http://10.180.1.21/compute/v2.1/servers/734ac398-4556-413a-ac7e-ca28d56d4de1 0.483s
2025-04-22 03:34:03.444 70361 INFO tempest.lib.common.rest_client [req-c9d284f4-09c6-41c9-b1b0-d7e567534f89 req-c9d284f4-09c6-41c9-b1b0-d7e567534f89 ] Request (ServerDiskConfigTestJSON:test_rebuild_server_with_auto_disk_config): 200 GET http://10.180.1.21/compute/v2.1/servers/8dbbc346-b158-4839-947f-030522d24158 0.553s
2025-04-22 03:34:03.474 70365 INFO tempest.lib.common.rest_client [req-c1eda8c5-9362-4096-9b72-3c1e653d6772 req-c1eda8c5-9362-4096-9b72-3c1e653d6772 ] Request (ServerExternalEventsTest:tearDownClass): 200 GET http://10.180.1.21:9696/networking/v2.0/security-groups?tenant_id=e8ab5e30ffa540e5a8a16258df348b18&name=default 0.170s
2025-04-22 03:34:03.509 70319 INFO tempest.lib.common.rest_client [req-cb062367-874e-48c2-b760-6458b91bde3f req-cb062367-874e-48c2-b760-6458b91bde3f ] Request (SecurityGroupsTestJSON:test_list_security_groups_by_server): 200 GET http://10.180.1.21/compute/v2.1/servers/f432ef0a-9c47-40e6-96c1-d7601dc314a4 0.519s
2025-04-22 03:34:03.530 70321 INFO tempest.lib.common.rest_client [req-d28df83d-0b27-40a1-a62f-a52c1bc891b4 req-d28df83d-0b27-40a1-a62f-a52c1bc891b4 ] Request (ImagesOneServerNegativeTestJSON:setUpClass): 200 GET http://10.180.1.21/compute/v2.1/servers/eacd2ffb-6901-48e1-86ed-448b58a34bd3 0.488s
2025-04-22 03:34:03.576 70343 INFO tempest.lib.common.rest_client [req-f3a0eb7f-eb96-4100-af02-8e040eeec86f req-f3a0eb7f-eb96-4100-af02-8e040eeec86f ] Request (ServerRescueTestJSONUnderV235:setUpClass): 200 GET http://10.180.1.21/compute/v2.1/servers/a3f66942-6063-4d1f-9bb0-b07899beccc1 0.473s
2025-04-22 03:34:03.583 70365 INFO tempest.lib.common.rest_client [req-88c883bc-4650-419f-9b15-198bc149ba65 req-88c883bc-4650-419f-9b15-198bc149ba65 ] Request (ServerExternalEventsTest:tearDownClass): 204 DELETE http://10.180.1.21:9696/networking/v2.0/security-groups/1941564b-0246-4b27-a71e-e74f97ad51b5 0.109s
2025-04-22 03:34:03.609 70349 INFO tempest.lib.common.rest_client [req-546efc0f-a6c6-4902-aeda-41cf44bd8568 req-546efc0f-a6c6-4902-aeda-41cf44bd8568 ] Request (ServerDiagnosticsTest:tearDownClass): 200 GET http://10.180.1.21/compute/v2.1/servers/88e60979-6906-4c76-b683-1891f48beea7 0.497s
2025-04-22 03:34:03.659 70307 INFO tempest.lib.common.rest_client [req-8e6ee2a5-4814-4ff2-812f-48472856bf79 req-8e6ee2a5-4814-4ff2-812f-48472856bf79 ] Request (ImagesOneServerTestJSON:test_create_image_specify_multibyte_character_image_name): 200 GET http://10.180.1.21/compute/v2.1/images/d92ab624-fe36-4ec0-920b-672e4edf12a1 0.459s
2025-04-22 03:34:03.681 70334 INFO tempest.lib.common.rest_client [req-571dae2d-9a1c-44a8-9c97-f27c07f16f78 req-571dae2d-9a1c-44a8-9c97-f27c07f16f78 ] Request (ServersAdmin275Test:tearDownClass): 200 GET http://10.180.1.21/compute/v2.1/servers/247b5a9f-9456-4f5c-b8f0-efb003ab6cee 0.490s
2025-04-22 03:34:03.705 70363 INFO tempest.lib.common.rest_client [req-1b5d1141-4133-4cbc-9da3-53ef6a586227 req-1b5d1141-4133-4cbc-9da3-53ef6a586227 ] Request (KeyPairsV22TestJSON:test_keypairs_create_list_delete): 201 POST http://10.180.1.21/compute/v2.1/os-keypairs 0.481s
2025-04-22 03:34:03.731 70365 INFO tempest.lib.common.rest_client [req-ccfeec9f-5e9e-4e99-b22f-e2093909de63 req-ccfeec9f-5e9e-4e99-b22f-e2093909de63 ] Request (ServerExternalEventsTest:tearDownClass): 204 DELETE http://10.180.1.21/identity/v3/projects/e8ab5e30ffa540e5a8a16258df348b18 0.147s
2025-04-22 03:34:03.731 70365 INFO tempest.lib.common.dynamic_creds [-] Deleting project and security group for project: 64587d13e5224cc19ed8039c07418d5c
2025-04-22 03:34:03.863 70365 INFO tempest.lib.common.rest_client [req-0edb171a-e947-4ba2-adb2-101dabd3a7ef req-0edb171a-e947-4ba2-adb2-101dabd3a7ef ] Request (ServerExternalEventsTest:tearDownClass): 200 GET http://10.180.1.21:9696/networking/v2.0/security-groups?tenant_id=64587d13e5224cc19ed8039c07418d5c&name=default 0.131s
2025-04-22 03:34:03.915 70351 INFO tempest.lib.common.rest_client [req-a35dfcdd-f4f9-41e0-aee1-55bbc78a6f46 req-a35dfcdd-f4f9-41e0-aee1-55bbc78a6f46 ] Request (ImagesMetadataTestJSON:test_delete_image_metadata_item): 204 DELETE http://10.180.1.21/compute/v2.1/images/0861afdd-aaf0-4e70-9d93-69b6e1597409/metadata/os_version 0.579s
2025-04-22 03:34:03.929 70311 INFO tempest.lib.common.rest_client [req-b3b0e6f2-d86c-41c7-811e-9cc34c70bbfc req-b3b0e6f2-d86c-41c7-811e-9cc34c70bbfc ] Request (MigrationsAdminTest:test_list_migrations_in_flavor_resize_situation): 200 GET http://10.180.1.21/compute/v2.1/servers/b45e94ae-d45b-4632-b8da-ae1cb246450a 0.659s
2025-04-22 03:34:03.980 70365 INFO tempest.lib.common.rest_client [req-24c3aa47-7a90-43ca-8cb8-e95d7c7b7a8d req-24c3aa47-7a90-43ca-8cb8-e95d7c7b7a8d ] Request (ServerExternalEventsTest:tearDownClass): 204 DELETE http://10.180.1.21:9696/networking/v2.0/security-groups/2d3e892b-938c-4332-be92-6382f56b189c 0.117s
2025-04-22 03:34:04.002 70305 INFO tempest.lib.common.rest_client [req-50316330-3690-4b55-a507-0aae6465615d req-50316330-3690-4b55-a507-0aae6465615d ] Request (ServersNegativeTestJSON:setUpClass): 200 GET http://10.180.1.21/compute/v2.1/servers/f5bd91ff-5a34-4478-9ece-8918fee6101a 0.589s
2025-04-22 03:34:04.029 70347 INFO tempest.lib.common.rest_client [req-50aeec82-62a7-4e7e-bec5-5e9fdbc90cf1 req-50aeec82-62a7-4e7e-bec5-5e9fdbc90cf1 ] Request (ServersWithSpecificFlavorTestJSON:test_verify_created_server_ephemeral_disk): 200 GET http://10.180.1.21/compute/v2.1/servers/46ca388e-79b7-403b-a895-99a9d1ac93cd 0.620s
2025-04-22 03:34:04.036 70339 INFO tempest.lib.common.rest_client [req-830b42db-819e-4d1f-a3d9-0161f5874e34 req-830b42db-819e-4d1f-a3d9-0161f5874e34 ] Request (SecurityGroupRulesNegativeTestJSON:tearDownClass): 204 DELETE http://10.180.1.21:9696/networking/v2.0/routers/4fa1ff8c-4d2c-41cd-bce6-09805c6bcff9 0.644s
2025-04-22 03:34:04.078 70357 INFO tempest.lib.common.rest_client [req-03e941ed-c9e7-410e-a5ea-40c692435595 req-03e941ed-c9e7-410e-a5ea-40c692435595 ] Request (ServersTestBootFromVolume:setUpClass): 200 GET http://10.180.1.21/volume/v3/volumes/1e6ba965-9184-4a81-b734-c19d9fca76d5 0.038s
2025-04-22 03:34:04.112 70361 INFO tempest.lib.common.rest_client [req-e4039a6b-5ae0-428f-a532-6e2fa5d129d0 req-e4039a6b-5ae0-428f-a532-6e2fa5d129d0 ] Request (ServerDiskConfigTestJSON:_run_cleanups): 204 DELETE http://10.180.1.21/compute/v2.1/servers/8dbbc346-b158-4839-947f-030522d24158 0.653s
2025-04-22 03:34:04.124 70365 INFO tempest.lib.common.rest_client [req-06828c70-5596-48d3-93ef-d40b5d2f5503 req-06828c70-5596-48d3-93ef-d40b5d2f5503 ] Request (ServerExternalEventsTest:tearDownClass): 204 DELETE http://10.180.1.21/identity/v3/projects/64587d13e5224cc19ed8039c07418d5c 0.143s
2025-04-22 03:34:04.174 70325 INFO tempest.lib.common.rest_client [req-5a2ab65e-86fc-41eb-a7eb-8886d0774863 req-5a2ab65e-86fc-41eb-a7eb-8886d0774863 ] Request (ServersAdminNegativeTestJSON:setUpClass): 200 GET http://10.180.1.21/compute/v2.1/servers/c35f752e-e9b4-48d5-ae18-b2613ddfeaf1 0.569s
2025-04-22 03:34:04.187 70325 INFO tempest.common.waiters [-] State transition "BUILD/spawning" ==> "ACTIVE/None" after 48 second wait
2025-04-22 03:34:04.209 70365 INFO tempest.lib.common.rest_client [req-4d970aeb-d630-4eaf-89cd-aab84417d5f2 req-4d970aeb-d630-4eaf-89cd-aab84417d5f2 ] Request (InstanceActionsNegativeTestJSON:setUpClass): 201 POST http://10.180.1.21/identity/v3/auth/tokens 0.082s
2025-04-22 03:34:04.223 70309 INFO tempest.lib.common.rest_client [req-a31f0a2f-1509-44b9-8a19-c57ac654f9f8 req-a31f0a2f-1509-44b9-8a19-c57ac654f9f8 ] Request (ServersAdminTestJSON:setUpClass): 200 GET http://10.180.1.21/compute/v2.1/servers/1045259e-3aad-4d1b-8ec0-3d7f375803a1 0.570s
2025-04-22 03:34:04.230 70361 INFO tempest.lib.common.rest_client [req-c227d9a7-9fe2-41c8-863f-2720fa640bac req-c227d9a7-9fe2-41c8-863f-2720fa640bac ] Request (ServerDiskConfigTestJSON:test_rebuild_server_with_manual_disk_config): 201 POST http://10.180.1.21/identity/v3/auth/tokens 0.112s
2025-04-22 03:34:04.230 70361 INFO tempest.lib.common.fixed_network [-] (ServerDiskConfigTestJSON:test_rebuild_server_with_manual_disk_config) Found network {'id': 'd8252990-6e62-4ea2-a5e7-55f9752161a6', 'name': 'tempest-ServerDiskConfigTestJSON-908869897-network', 'tenant_id': '36b1e9016ba7436aa565c928ef6785a9', 'admin_state_up': True, 'mtu': 8950, 'status': 'ACTIVE', 'subnets': [], 'shared': False, 'project_id': '36b1e9016ba7436aa565c928ef6785a9', 'port_security_enabled': True, 'router:external': False, 'provider:network_type': 'vlan', 'provider:physical_network': 'default', 'provider:segmentation_id': 932, 'availability_zone_hints': [], 'availability_zones': [], 'ipv4_address_scope': None, 'ipv6_address_scope': None, 'description': '', 'tags': [], 'created_at': '2025-04-22T03:33:01Z', 'updated_at': '2025-04-22T03:33:01Z', 'revision_number': 1} available for tenant
2025-04-22 03:34:04.249 70365 INFO tempest.lib.common.rest_client [req-602ae7cb-3d78-41a6-8c81-f59869e96b75 req-602ae7cb-3d78-41a6-8c81-f59869e96b75 ] Request (InstanceActionsNegativeTestJSON:setUpClass): 201 POST http://10.180.1.21/identity/v3/auth/tokens 0.038s
2025-04-22 03:34:04.279 70365 INFO tempest.lib.common.rest_client [req-7cd1f019-f179-4101-936f-390e6ba298be req-7cd1f019-f179-4101-936f-390e6ba298be ] Request (InstanceActionsNegativeTestJSON:setUpClass): 200 GET http://10.180.1.21/identity/v3/domains?name=Default 0.030s
2025-04-22 03:34:04.291 70323 INFO tempest.lib.common.rest_client [req-1d7db74f-b46a-45e7-874f-d8319949cd49 req-1d7db74f-b46a-45e7-874f-d8319949cd49 ] Request (ListImageFiltersTestJSON:setUpClass): 200 GET http://10.180.1.21/compute/v2.1/servers/3a7cb3aa-08e8-4d2f-94bc-8cf4d82544e1 0.616s
2025-04-22 03:34:04.315 70365 INFO tempest.lib.common.rest_client [req-b156bbc0-3006-435c-abbf-484631339e7a req-b156bbc0-3006-435c-abbf-484631339e7a ] Request (InstanceActionsNegativeTestJSON:setUpClass): 201 POST http://10.180.1.21/identity/v3/projects 0.035s
2025-04-22 03:34:04.315 70307 INFO tempest.lib.common.rest_client [req-926dd1a3-798e-4ef4-a93c-761092eb98ea req-926dd1a3-798e-4ef4-a93c-761092eb98ea ] Request (ImagesOneServerTestJSON:test_create_image_specify_multibyte_character_image_name): 200 GET http://10.180.1.21/compute/v2.1/servers/11e73f0c-0692-47be-a4b6-86fdecd2886f 0.646s
2025-04-22 03:34:04.333 70363 INFO tempest.lib.common.rest_client [req-f6f6f547-dc20-48a6-83ce-910a5f7a2d05 req-f6f6f547-dc20-48a6-83ce-910a5f7a2d05 ] Request (KeyPairsV22TestJSON:test_keypairs_create_list_delete): 201 POST http://10.180.1.21/compute/v2.1/os-keypairs 0.625s
2025-04-22 03:34:04.371 70335 INFO tempest.lib.common.rest_client [req-27893ca0-ea00-4e86-ad99-1006ec20d3cb req-27893ca0-ea00-4e86-ad99-1006ec20d3cb ] Request (FloatingIPsAssociationTestJSON:test_associate_already_associated_floating_ip): 200 GET http://10.180.1.21/compute/v2.1/servers/3fac017c-41a0-40f2-8f77-b1d72e1903dc 0.652s
2025-04-22 03:34:04.398 70365 INFO tempest.lib.common.rest_client [req-67fca1c4-d5c5-4ec9-96d3-e72e12b2f8e2 req-67fca1c4-d5c5-4ec9-96d3-e72e12b2f8e2 ] Request (InstanceActionsNegativeTestJSON:setUpClass): 201 POST http://10.180.1.21/identity/v3/users 0.082s
2025-04-22 03:34:04.429 70337 INFO tempest.lib.common.rest_client [req-cc986993-5823-4438-b670-78210e3f5f18 req-cc986993-5823-4438-b670-78210e3f5f18 ] Request (TenantUsagesTestJSON:setUpClass): 200 GET http://10.180.1.21/compute/v2.1/servers/ef11d456-2416-4498-aa7c-e1a51cb865d3 0.613s
2025-04-22 03:34:04.432 70365 INFO tempest.lib.common.rest_client [req-38b8bd50-24b2-40f4-ad3d-683ecf8cd040 req-38b8bd50-24b2-40f4-ad3d-683ecf8cd040 ] Request (InstanceActionsNegativeTestJSON:setUpClass): 200 GET http://10.180.1.21/identity/v3/roles 0.034s
2025-04-22 03:34:04.480 70365 INFO tempest.lib.common.rest_client [req-8ac82511-b4e2-426b-a0ff-57347f290966 req-8ac82511-b4e2-426b-a0ff-57347f290966 ] Request (InstanceActionsNegativeTestJSON:setUpClass): 204 PUT http://10.180.1.21/identity/v3/projects/165070a0a424439d906941aa3faabd6e/users/9b6ffb6bb51d42a5994a40572ead52c7/roles/b5682fdd71384028abf6a7cbee8499dd 0.047s
2025-04-22 03:34:04.480 70365 INFO tempest.lib.common.dynamic_creds [-] Dynamic test user 9b6ffb6bb51d42a5994a40572ead52c7 is created with scope project and roles: ['member']
2025-04-22 03:34:04.481 70365 INFO tempest.lib.common.dynamic_creds [-] Acquired dynamic creds: credentials: Credentials: {'domain_id': 'default', 'domain_name': 'Default', 'username': 'tempest-InstanceActionsNegativeTestJSON-1747841294-project-member', 'project_domain_id': 'default', 'project_domain_name': 'Default', 'project_id': '165070a0a424439d906941aa3faabd6e', 'project_name': 'tempest-InstanceActionsNegativeTestJSON-1747841294', 'tenant_id': '165070a0a424439d906941aa3faabd6e', 'tenant_name': 'tempest-InstanceActionsNegativeTestJSON-1747841294', 'user_domain_id': 'default', 'user_domain_name': 'Default', 'user_id': '9b6ffb6bb51d42a5994a40572ead52c7', 'system': None}, Network: None, Subnet: None, Router: None
2025-04-22 03:34:04.496 70317 INFO tempest.lib.common.rest_client [req-db2221b8-006f-448d-bb64-b654878464ae req-db2221b8-006f-448d-bb64-b654878464ae ] Request (FloatingIPsAssociationNegativeTestJSON:setUpClass): 200 GET http://10.180.1.21/compute/v2.1/servers/f38fbfac-9498-448d-9889-3ab4d2da1e16 0.621s
2025-04-22 03:34:04.521 70339 INFO tempest.lib.common.rest_client [req-b5b1581e-4eec-4ff5-9ee2-3a6632840d7b req-b5b1581e-4eec-4ff5-9ee2-3a6632840d7b ] Request (SecurityGroupRulesNegativeTestJSON:tearDownClass): 204 DELETE http://10.180.1.21:9696/networking/v2.0/subnets/2826399e-acff-4644-bdfd-7465c5dc0221 0.485s
2025-04-22 03:34:04.533 70351 INFO tempest.lib.common.rest_client [req-adcc4c0c-68ee-4d2d-8fbc-0b0a7b6ec69f req-adcc4c0c-68ee-4d2d-8fbc-0b0a7b6ec69f ] Request (ImagesMetadataTestJSON:test_delete_image_metadata_item): 200 GET http://10.180.1.21/compute/v2.1/images/0861afdd-aaf0-4e70-9d93-69b6e1597409/metadata 0.617s
2025-04-22 03:34:04.548 70359 INFO tempest.lib.common.rest_client [req-683ecbe8-6cbd-472a-964f-a788af14114f req-683ecbe8-6cbd-472a-964f-a788af14114f ] Request (ImagesNegativeTestJSON:test_create_image_from_deleted_server): 200 GET http://10.180.1.21/compute/v2.1/servers/c73fd485-e892-4ede-b980-c5b154d292d9 0.813s
2025-04-22 03:34:04.579 70365 INFO tempest.lib.common.rest_client [req-9cff70ad-88ff-49b5-ae45-2b75dfa2e008 req-9cff70ad-88ff-49b5-ae45-2b75dfa2e008 ] Request (InstanceActionsNegativeTestJSON:setUpClass): 201 POST http://10.180.1.21/identity/v3/auth/tokens 0.098s
2025-04-22 03:34:04.635 70327 INFO tempest.lib.common.rest_client [req-7a6fa690-e636-4c5c-b268-233adcc04f14 req-7a6fa690-e636-4c5c-b268-233adcc04f14 ] Request (ServerDiagnosticsV248Test:test_get_server_diagnostics): 200 GET http://10.180.1.21/compute/v2.1/servers/eac4f5f4-b1b1-4be7-9b39-dcca5ad6d09c 0.566s
2025-04-22 03:34:04.740 70313 INFO tempest.lib.common.rest_client [req-3b13db8a-6379-4f33-b8dd-e06a4dc7c782 req-3b13db8a-6379-4f33-b8dd-e06a4dc7c782 ] Request (ListServerFiltersTestJSON:test_list_servers_filter_by_shutoff_status): 200 GET http://10.180.1.21/compute/v2.1/servers/2c519237-3872-4b47-93c5-181f773eccb8 0.753s
2025-04-22 03:34:04.810 70341 INFO tempest.lib.common.rest_client [req-b711d175-0ffe-4aef-bf6f-71a3217062fe req-b711d175-0ffe-4aef-bf6f-71a3217062fe ] Request (DeleteServersAdminTestJSON:test_delete_server_while_in_error_state): 200 GET http://10.180.1.21/compute/v2.1/servers/b518bb73-3811-446e-8e88-1b6386f39543 0.670s
2025-04-22 03:34:04.880 70339 INFO tempest.lib.common.rest_client [req-172d9abb-9679-4505-b2d4-7910bff8d11c req-172d9abb-9679-4505-b2d4-7910bff8d11c ] Request (SecurityGroupRulesNegativeTestJSON:tearDownClass): 204 DELETE http://10.180.1.21:9696/networking/v2.0/networks/4dc1d9cf-fb28-4194-9a7f-10c37f12a6ed 0.358s
2025-04-22 03:34:04.908 70345 INFO tempest.lib.common.rest_client [req-e817dba7-b5e6-42be-8fa4-7455da8ca228 req-e817dba7-b5e6-42be-8fa4-7455da8ca228 ] Request (ServerMetadataTestJSON:setUpClass): 200 GET http://10.180.1.21/compute/v2.1/servers/9f30e265-50d0-42b4-a79f-950aa915aa53 0.833s
2025-04-22 03:34:04.967 70325 INFO tempest.lib.common.rest_client [req-b526bb1f-c010-4d19-a9dd-ee5d3607f757 req-b526bb1f-c010-4d19-a9dd-ee5d3607f757 ] Request (ServersAdminNegativeTestJSON:test_migrate_non_existent_server): 404 POST http://10.180.1.21/compute/v2.1/servers/e5dddaa1-0c5b-4a19-94e6-2100a264e14a/action 0.780s
2025-04-22 03:34:04.981 70339 INFO tempest.lib.common.rest_client [req-05bbcfcf-4abc-4804-a6ff-e28af5cc8a2a req-05bbcfcf-4abc-4804-a6ff-e28af5cc8a2a ] Request (SecurityGroupRulesNegativeTestJSON:tearDownClass): 204 DELETE http://10.180.1.21/identity/v3/users/2fa7f2a6336b4de7a8fad7cef3ad6c42 0.101s
2025-04-22 03:34:04.981 70339 INFO tempest.lib.common.dynamic_creds [-] Deleting project and security group for project: 9e827a4767974a56aeeb4edca8506495
2025-04-22 03:34:05.018 70339 INFO tempest.lib.common.rest_client [req-617fbd9c-55ef-4373-933d-5f839fb44ef1 req-617fbd9c-55ef-4373-933d-5f839fb44ef1 ] Request (SecurityGroupRulesNegativeTestJSON:tearDownClass): 200 GET http://10.180.1.21:9696/networking/v2.0/security-groups?tenant_id=9e827a4767974a56aeeb4edca8506495&name=default 0.037s
2025-04-22 03:34:05.031 70315 INFO tempest.lib.common.rest_client [req-8e75b1f6-0988-4f10-a47f-da0afe67159b req-8e75b1f6-0988-4f10-a47f-da0afe67159b ] Request (ServersV294TestFqdnHostnames:setUpClass): 200 GET http://10.180.1.21/compute/v2.1/servers/9642dc29-73e4-451e-bf37-fe20fc4c876a 0.723s
2025-04-22 03:34:05.041 70325 INFO tempest.lib.common.rest_client [req-20092974-33c3-44ae-b5f5-119a23ef0983 req-20092974-33c3-44ae-b5f5-119a23ef0983 ] Request (ServersAdminNegativeTestJSON:test_migrate_server_invalid_state): 201 POST http://10.180.1.21/identity/v3/auth/tokens 0.067s
2025-04-22 03:34:05.041 70325 INFO tempest.lib.common.fixed_network [-] (ServersAdminNegativeTestJSON:test_migrate_server_invalid_state) Found network None available for tenant
2025-04-22 03:34:05.087 70363 INFO tempest.lib.common.rest_client [req-77ccf481-c316-46fb-b9f6-edca858b4d62 req-77ccf481-c316-46fb-b9f6-edca858b4d62 ] Request (KeyPairsV22TestJSON:test_keypairs_create_list_delete): 201 POST http://10.180.1.21/compute/v2.1/os-keypairs 0.752s
2025-04-22 03:34:05.098 70339 INFO tempest.lib.common.rest_client [req-1f739af3-0213-4aa5-9a20-8386930d21c8 req-1f739af3-0213-4aa5-9a20-8386930d21c8 ] Request (SecurityGroupRulesNegativeTestJSON:tearDownClass): 204 DELETE http://10.180.1.21:9696/networking/v2.0/security-groups/038cc75f-57b7-4fb5-8e6b-6b74f28ca6c7 0.079s
2025-04-22 03:34:05.128 70357 INFO tempest.lib.common.rest_client [req-c2225ce9-6607-47a9-972b-f8b430478523 req-c2225ce9-6607-47a9-972b-f8b430478523 ] Request (ServersTestBootFromVolume:setUpClass): 200 GET http://10.180.1.21/volume/v3/volumes/1e6ba965-9184-4a81-b734-c19d9fca76d5 0.039s
2025-04-22 03:34:05.146 70353 INFO tempest.lib.common.rest_client [req-596c43eb-cd40-40b2-9955-0bcf7e776a0c req-596c43eb-cd40-40b2-9955-0bcf7e776a0c ] Request (ImagesTestJSON:test_create_image_from_suspended_server): 200 GET http://10.180.1.21/compute/v2.1/servers/734ac398-4556-413a-ac7e-ca28d56d4de1 0.734s
2025-04-22 03:34:05.202 70319 INFO tempest.lib.common.rest_client [req-a9ca9e08-2e8f-4b0f-9613-576a2d2fd359 req-a9ca9e08-2e8f-4b0f-9613-576a2d2fd359 ] Request (SecurityGroupsTestJSON:test_list_security_groups_by_server): 200 GET http://10.180.1.21/compute/v2.1/servers/f432ef0a-9c47-40e6-96c1-d7601dc314a4 0.679s
2025-04-22 03:34:05.243 70339 INFO tempest.lib.common.rest_client [req-b8342b2d-70e6-4ef6-a766-b248926fb313 req-b8342b2d-70e6-4ef6-a766-b248926fb313 ] Request (SecurityGroupRulesNegativeTestJSON:tearDownClass): 204 DELETE http://10.180.1.21/identity/v3/projects/9e827a4767974a56aeeb4edca8506495 0.144s
2025-04-22 03:34:05.312 70365 INFO tempest.lib.common.rest_client [req-91c3e4df-bef8-48b9-bf11-d6febc0a73d7 req-91c3e4df-bef8-48b9-bf11-d6febc0a73d7 ] Request (InstanceActionsNegativeTestJSON:setUpClass): 201 POST http://10.180.1.21:9696/networking/v2.0/networks 0.733s
2025-04-22 03:34:05.317 70339 INFO tempest.lib.common.rest_client [req-af8a7e7f-c0ab-4fe4-8a88-f0eacc78f6a1 req-af8a7e7f-c0ab-4fe4-8a88-f0eacc78f6a1 ] Request (SecurityGroupsNegativeTestJSON:setUpClass): 201 POST http://10.180.1.21/identity/v3/auth/tokens 0.072s
2025-04-22 03:34:05.354 70339 INFO tempest.lib.common.rest_client [req-830786f7-890f-4f71-b0bd-b5113e4aba2e req-830786f7-890f-4f71-b0bd-b5113e4aba2e ] Request (SecurityGroupsNegativeTestJSON:setUpClass): 201 POST http://10.180.1.21/identity/v3/auth/tokens 0.034s
2025-04-22 03:34:05.394 70339 INFO tempest.lib.common.rest_client [req-eaeaaa4b-88b5-460c-8ed8-369e6dbea908 req-eaeaaa4b-88b5-460c-8ed8-369e6dbea908 ] Request (SecurityGroupsNegativeTestJSON:setUpClass): 200 GET http://10.180.1.21/identity/v3/domains?name=Default 0.039s
2025-04-22 03:34:05.435 70339 INFO tempest.lib.common.rest_client [req-50a0be7b-1aa7-4db8-971f-237cc46c2197 req-50a0be7b-1aa7-4db8-971f-237cc46c2197 ] Request (SecurityGroupsNegativeTestJSON:setUpClass): 201 POST http://10.180.1.21/identity/v3/projects 0.041s
2025-04-22 03:34:05.466 70351 INFO tempest.lib.common.rest_client [req-393a3393-a23f-45a2-9569-e1a026fad0e8 req-393a3393-a23f-45a2-9569-e1a026fad0e8 ] Request (ImagesMetadataTestJSON:setUp): 200 PUT http://10.180.1.21/compute/v2.1/images/0861afdd-aaf0-4e70-9d93-69b6e1597409/metadata 0.932s
2025-04-22 03:34:05.501 70365 INFO tempest.lib.common.rest_client [req-04743c95-88d9-4aba-9bc0-b7a3946dc799 req-04743c95-88d9-4aba-9bc0-b7a3946dc799 ] Request (InstanceActionsNegativeTestJSON:setUpClass): 201 POST http://10.180.1.21:9696/networking/v2.0/subnets 0.187s
2025-04-22 03:34:05.529 70339 INFO tempest.lib.common.rest_client [req-f3232e2c-f4bb-437b-a468-3768433ebf2b req-f3232e2c-f4bb-437b-a468-3768433ebf2b ] Request (SecurityGroupsNegativeTestJSON:setUpClass): 201 POST http://10.180.1.21/identity/v3/users 0.093s
2025-04-22 03:34:05.549 70321 INFO tempest.lib.common.rest_client [req-2171710f-a313-4810-b12f-e43d0d1b60a3 req-2171710f-a313-4810-b12f-e43d0d1b60a3 ] Request (ImagesOneServerNegativeTestJSON:setUpClass): 200 GET http://10.180.1.21/compute/v2.1/servers/eacd2ffb-6901-48e1-86ed-448b58a34bd3 1.004s
2025-04-22 03:34:05.557 70361 INFO tempest.lib.common.rest_client [req-99e56602-9f58-4762-95ef-8e8dc55e5984 req-99e56602-9f58-4762-95ef-8e8dc55e5984 ] Request (ServerDiskConfigTestJSON:test_rebuild_server_with_manual_disk_config): 202 POST http://10.180.1.21/compute/v2.1/servers 1.325s
2025-04-22 03:34:05.560 70339 INFO tempest.lib.common.rest_client [req-182a5d0a-ae84-4e84-aced-afca655495d4 req-182a5d0a-ae84-4e84-aced-afca655495d4 ] Request (SecurityGroupsNegativeTestJSON:setUpClass): 200 GET http://10.180.1.21/identity/v3/roles 0.030s
2025-04-22 03:34:05.562 70321 INFO tempest.common.waiters [-] State transition "BUILD/scheduling" ==> "BUILD/None" after 25 second wait
2025-04-22 03:34:05.609 70339 INFO tempest.lib.common.rest_client [req-de3a7829-adec-4f08-b9d3-34a461ef5096 req-de3a7829-adec-4f08-b9d3-34a461ef5096 ] Request (SecurityGroupsNegativeTestJSON:setUpClass): 204 PUT http://10.180.1.21/identity/v3/projects/8af857e665194f10b3e3393c6baf6054/users/36585424ef8e4e3191d6c64d7256c416/roles/b5682fdd71384028abf6a7cbee8499dd 0.049s
2025-04-22 03:34:05.610 70339 INFO tempest.lib.common.dynamic_creds [-] Dynamic test user 36585424ef8e4e3191d6c64d7256c416 is created with scope project and roles: ['member']
2025-04-22 03:34:05.610 70339 INFO tempest.lib.common.dynamic_creds [-] Acquired dynamic creds: credentials: Credentials: {'domain_id': 'default', 'domain_name': 'Default', 'username': 'tempest-SecurityGroupsNegativeTestJSON-1885196224-project-member', 'project_domain_id': 'default', 'project_domain_name': 'Default', 'project_id': '8af857e665194f10b3e3393c6baf6054', 'project_name': 'tempest-SecurityGroupsNegativeTestJSON-1885196224', 'tenant_id': '8af857e665194f10b3e3393c6baf6054', 'tenant_name': 'tempest-SecurityGroupsNegativeTestJSON-1885196224', 'user_domain_id': 'default', 'user_domain_name': 'Default', 'user_id': '36585424ef8e4e3191d6c64d7256c416', 'system': None}, Network: None, Subnet: None, Router: None
2025-04-22 03:34:05.617 70343 INFO tempest.lib.common.rest_client [req-48597293-cebf-47e4-915b-89206dda0dac req-48597293-cebf-47e4-915b-89206dda0dac ] Request (ServerRescueTestJSONUnderV235:setUpClass): 200 GET http://10.180.1.21/compute/v2.1/servers/a3f66942-6063-4d1f-9bb0-b07899beccc1 1.030s
2025-04-22 03:34:05.650 70349 INFO tempest.lib.common.rest_client [req-57a14da7-9e3d-43e2-ac5f-452814c552c9 req-57a14da7-9e3d-43e2-ac5f-452814c552c9 ] Request (ServerDiagnosticsTest:tearDownClass): 200 GET http://10.180.1.21/compute/v2.1/servers/88e60979-6906-4c76-b683-1891f48beea7 1.030s
2025-04-22 03:34:05.696 70329 WARNING tempest.lib.common.ssh [-] Failed to establish authenticated ssh connection to cirros@10.180.180.145 ([Errno None] Unable to connect to port 22 on 10.180.180.145). Number attempts: 1. Retry after 2 seconds.: paramiko.ssh_exception.NoValidConnectionsError: [Errno None] Unable to connect to port 22 on 10.180.180.145
2025-04-22 03:34:05.701 70339 INFO tempest.lib.common.rest_client [req-40a05de3-1c85-4e26-b35b-c666b25eebf0 req-40a05de3-1c85-4e26-b35b-c666b25eebf0 ] Request (SecurityGroupsNegativeTestJSON:setUpClass): 201 POST http://10.180.1.21/identity/v3/auth/tokens 0.090s
2025-04-22 03:34:05.712 70334 INFO tempest.lib.common.rest_client [req-e8497a28-692f-48aa-ada1-85c3f659fb0f req-e8497a28-692f-48aa-ada1-85c3f659fb0f ] Request (ServersAdmin275Test:tearDownClass): 200 GET http://10.180.1.21/compute/v2.1/servers/247b5a9f-9456-4f5c-b8f0-efb003ab6cee 1.014s
2025-04-22 03:34:05.775 70305 INFO tempest.lib.common.rest_client [req-372c725f-32c2-44c1-a48a-24dd0f7440c9 req-372c725f-32c2-44c1-a48a-24dd0f7440c9 ] Request (ServersNegativeTestJSON:setUpClass): 200 GET http://10.180.1.21/compute/v2.1/servers/f5bd91ff-5a34-4478-9ece-8918fee6101a 0.757s
2025-04-22 03:34:05.820 70311 INFO tempest.lib.common.rest_client [req-7f797f76-1f18-4d7c-a15b-b5b4ba3fd1ea req-7f797f76-1f18-4d7c-a15b-b5b4ba3fd1ea ] Request (MigrationsAdminTest:test_list_migrations_in_flavor_resize_situation): 200 GET http://10.180.1.21/compute/v2.1/servers/b45e94ae-d45b-4632-b8da-ae1cb246450a 0.882s
2025-04-22 03:34:06.067 70347 INFO tempest.lib.common.rest_client [req-f245dd4b-9593-411d-affc-6105cb94169d req-f245dd4b-9593-411d-affc-6105cb94169d ] Request (ServersWithSpecificFlavorTestJSON:test_verify_created_server_ephemeral_disk): 200 GET http://10.180.1.21/compute/v2.1/servers/46ca388e-79b7-403b-a895-99a9d1ac93cd 1.025s
2025-04-22 03:34:06.080 70363 INFO tempest.lib.common.rest_client [req-86e83898-233b-41ba-8a6b-096364df3af2 req-86e83898-233b-41ba-8a6b-096364df3af2 ] Request (KeyPairsV22TestJSON:test_keypairs_create_list_delete): 200 GET http://10.180.1.21/compute/v2.1/os-keypairs 0.991s
2025-04-22 03:34:06.102 70325 INFO tempest.lib.common.rest_client [req-09311242-5e3b-4a9b-9411-6808ffa86e49 req-09311242-5e3b-4a9b-9411-6808ffa86e49 ] Request (ServersAdminNegativeTestJSON:test_migrate_server_invalid_state): 202 POST http://10.180.1.21/compute/v2.1/servers 1.061s
2025-04-22 03:34:06.173 70323 INFO tempest.lib.common.rest_client [req-9f610ad9-80b4-4243-b751-7d66db4e8c44 req-9f610ad9-80b4-4243-b751-7d66db4e8c44 ] Request (ListImageFiltersTestJSON:setUpClass): 200 GET http://10.180.1.21/compute/v2.1/servers/3a7cb3aa-08e8-4d2f-94bc-8cf4d82544e1 0.874s
2025-04-22 03:34:06.181 70309 INFO tempest.lib.common.rest_client [req-20294b01-425f-462c-9f54-0f7c7f29b23f req-20294b01-425f-462c-9f54-0f7c7f29b23f ] Request (ServersAdminTestJSON:setUpClass): 200 GET http://10.180.1.21/compute/v2.1/servers/1045259e-3aad-4d1b-8ec0-3d7f375803a1 0.948s
2025-04-22 03:34:06.186 70357 INFO tempest.lib.common.rest_client [req-932193a4-0777-4ac0-bc51-b4b7b10baa58 req-932193a4-0777-4ac0-bc51-b4b7b10baa58 ] Request (ServersTestBootFromVolume:setUpClass): 200 GET http://10.180.1.21/volume/v3/volumes/1e6ba965-9184-4a81-b734-c19d9fca76d5 0.049s
2025-04-22 03:34:06.194 70357 INFO tempest.common.waiters [-] volume 1e6ba965-9184-4a81-b734-c19d9fca76d5 reached available after waiting for 19.194569 seconds
2025-04-22 03:34:06.195 70339 INFO tempest.lib.common.rest_client [req-0c9fc936-1fa9-42d4-8413-98c5b350f4d6 req-0c9fc936-1fa9-42d4-8413-98c5b350f4d6 ] Request (SecurityGroupsNegativeTestJSON:setUpClass): 201 POST http://10.180.1.21:9696/networking/v2.0/networks 0.493s
2025-04-22 03:34:06.265 70335 INFO tempest.lib.common.rest_client [req-71cdc25d-b5d2-4753-83ce-2be3e9596ada req-71cdc25d-b5d2-4753-83ce-2be3e9596ada ] Request (FloatingIPsAssociationTestJSON:test_associate_already_associated_floating_ip): 200 GET http://10.180.1.21/compute/v2.1/servers/3fac017c-41a0-40f2-8f77-b1d72e1903dc 0.885s
2025-04-22 03:34:06.322 70307 INFO tempest.lib.common.rest_client [req-f6077401-ec51-47fa-b0d5-cc6e71b24f2c req-f6077401-ec51-47fa-b0d5-cc6e71b24f2c ] Request (ImagesOneServerTestJSON:test_create_image_specify_multibyte_character_image_name): 200 GET http://10.180.1.21/compute/v2.1/servers/11e73f0c-0692-47be-a4b6-86fdecd2886f 0.999s
2025-04-22 03:34:06.337 70337 INFO tempest.lib.common.rest_client [req-c50ba2fc-02f5-4fa0-8b17-1b91122c4e5b req-c50ba2fc-02f5-4fa0-8b17-1b91122c4e5b ] Request (TenantUsagesTestJSON:setUpClass): 200 GET http://10.180.1.21/compute/v2.1/servers/ef11d456-2416-4498-aa7c-e1a51cb865d3 0.899s
2025-04-22 03:34:06.359 70351 INFO tempest.lib.common.rest_client [req-1a2899dd-6e88-49c3-b15b-0193c81e0b3e req-1a2899dd-6e88-49c3-b15b-0193c81e0b3e ] Request (ImagesMetadataTestJSON:test_get_image_metadata_item): 200 GET http://10.180.1.21/compute/v2.1/images/0861afdd-aaf0-4e70-9d93-69b6e1597409/metadata/os_distro 0.891s
2025-04-22 03:34:06.400 70355 WARNING tempest.lib.common.ssh [-] Failed to establish authenticated ssh connection to cirros@10.180.180.215 ([Errno None] Unable to connect to port 22 on 10.180.180.215). Number attempts: 1. Retry after 2 seconds.: paramiko.ssh_exception.NoValidConnectionsError: [Errno None] Unable to connect to port 22 on 10.180.180.215
2025-04-22 03:34:06.421 70359 INFO tempest.lib.common.rest_client [req-fb797559-1188-4106-9352-2597839fca44 req-fb797559-1188-4106-9352-2597839fca44 ] Request (ImagesNegativeTestJSON:test_create_image_from_deleted_server): 200 GET http://10.180.1.21/compute/v2.1/servers/c73fd485-e892-4ede-b980-c5b154d292d9 0.864s
2025-04-22 03:34:06.434 70317 INFO tempest.lib.common.rest_client [req-5a889e34-696b-4926-a5c8-b9061a5b1da0 req-5a889e34-696b-4926-a5c8-b9061a5b1da0 ] Request (FloatingIPsAssociationNegativeTestJSON:setUpClass): 200 GET http://10.180.1.21/compute/v2.1/servers/f38fbfac-9498-448d-9889-3ab4d2da1e16 0.928s
2025-04-22 03:34:06.479 70367 WARNING tempest.lib.common.ssh [-] Failed to establish authenticated ssh connection to cirros@10.180.180.212 ([Errno None] Unable to connect to port 22 on 10.180.180.212). Number attempts: 5. Retry after 6 seconds.: paramiko.ssh_exception.NoValidConnectionsError: [Errno None] Unable to connect to port 22 on 10.180.180.212
2025-04-22 03:34:06.503 70361 INFO tempest.lib.common.rest_client [req-cd8bd157-d322-413b-aa20-d21c1c207d78 req-cd8bd157-d322-413b-aa20-d21c1c207d78 ] Request (ServerDiskConfigTestJSON:test_rebuild_server_with_manual_disk_config): 200 GET http://10.180.1.21/compute/v2.1/servers/fdda3efc-facb-4d2a-b4e1-b167507b95e8 0.943s
2025-04-22 03:34:06.519 70327 INFO tempest.lib.common.rest_client [req-7de7d229-d50c-42a1-8a8b-581e983372ef req-7de7d229-d50c-42a1-8a8b-581e983372ef ] Request (ServerDiagnosticsV248Test:test_get_server_diagnostics): 200 GET http://10.180.1.21/compute/v2.1/servers/eac4f5f4-b1b1-4be7-9b39-dcca5ad6d09c 0.871s
2025-04-22 03:34:06.535 70365 INFO tempest.lib.common.rest_client [req-4ccba8d6-0703-4a64-8be8-da48a8f1a325 req-4ccba8d6-0703-4a64-8be8-da48a8f1a325 ] Request (InstanceActionsNegativeTestJSON:setUpClass): 201 POST http://10.180.1.21:9696/networking/v2.0/routers 1.034s
2025-04-22 03:34:06.600 70341 INFO tempest.lib.common.rest_client [req-6bcfd271-1d69-4ec5-975b-7cce6a54600a req-6bcfd271-1d69-4ec5-975b-7cce6a54600a ] Request (DeleteServersAdminTestJSON:test_delete_server_while_in_error_state): 200 GET http://10.180.1.21/compute/v2.1/servers/b518bb73-3811-446e-8e88-1b6386f39543 0.778s
2025-04-22 03:34:06.643 70339 INFO tempest.lib.common.rest_client [req-af39b14d-d274-44c4-8b17-5436203713f9 req-af39b14d-d274-44c4-8b17-5436203713f9 ] Request (SecurityGroupsNegativeTestJSON:setUpClass): 201 POST http://10.180.1.21:9696/networking/v2.0/subnets 0.448s
2025-04-22 03:34:06.680 70313 INFO tempest.lib.common.rest_client [req-1faa6ee8-db6e-4135-ad11-658fe78cf109 req-1faa6ee8-db6e-4135-ad11-658fe78cf109 ] Request (ListServerFiltersTestJSON:test_list_servers_filter_by_shutoff_status): 200 GET http://10.180.1.21/compute/v2.1/servers/2c519237-3872-4b47-93c5-181f773eccb8 0.929s
2025-04-22 03:34:06.779 70345 INFO tempest.lib.common.rest_client [req-8c24f87e-86eb-498c-97cb-a28ce29c47dd req-8c24f87e-86eb-498c-97cb-a28ce29c47dd ] Request (ServerMetadataTestJSON:setUpClass): 200 GET http://10.180.1.21/compute/v2.1/servers/9f30e265-50d0-42b4-a79f-950aa915aa53 0.859s
2025-04-22 03:34:06.782 70315 INFO tempest.lib.common.rest_client [req-0ec47209-b179-4803-912d-d9983b01d87d req-0ec47209-b179-4803-912d-d9983b01d87d ] Request (ServersV294TestFqdnHostnames:setUpClass): 200 GET http://10.180.1.21/compute/v2.1/servers/9642dc29-73e4-451e-bf37-fe20fc4c876a 0.734s
2025-04-22 03:34:06.807 70363 INFO tempest.lib.common.rest_client [req-0af7d9aa-7fd6-4c8f-a8a8-7e0007824cb8 req-0af7d9aa-7fd6-4c8f-a8a8-7e0007824cb8 ] Request (KeyPairsV22TestJSON:_run_cleanups): 204 DELETE http://10.180.1.21/compute/v2.1/os-keypairs/tempest-KeyPairsV22TestJSON-keypair-2048431345 0.724s
2025-04-22 03:34:06.877 70353 INFO tempest.lib.common.rest_client [req-1519ffe6-58f0-4b2b-aee6-8a80cef35bd0 req-1519ffe6-58f0-4b2b-aee6-8a80cef35bd0 ] Request (ImagesTestJSON:test_create_image_from_suspended_server): 200 GET http://10.180.1.21/compute/v2.1/servers/734ac398-4556-413a-ac7e-ca28d56d4de1 0.717s
2025-04-22 03:34:07.096 70325 INFO tempest.lib.common.rest_client [req-eb6447e4-4bba-41f0-abc0-ed139460d014 req-eb6447e4-4bba-41f0-abc0-ed139460d014 ] Request (ServersAdminNegativeTestJSON:test_migrate_server_invalid_state): 200 GET http://10.180.1.21/compute/v2.1/servers/87d6b4be-0570-4acf-adb2-76535b5157d6 0.990s
2025-04-22 03:34:07.176 70319 INFO tempest.lib.common.rest_client [req-bd69456a-4883-430b-8733-f0387b5de3f8 req-bd69456a-4883-430b-8733-f0387b5de3f8 ] Request (SecurityGroupsTestJSON:test_list_security_groups_by_server): 200 GET http://10.180.1.21/compute/v2.1/servers/f432ef0a-9c47-40e6-96c1-d7601dc314a4 0.966s
2025-04-22 03:34:07.322 70351 INFO tempest.lib.common.rest_client [req-8a2b1c61-73a9-4f2b-8af2-6413c8b2412a req-8a2b1c61-73a9-4f2b-8af2-6413c8b2412a ] Request (ImagesMetadataTestJSON:setUp): 200 PUT http://10.180.1.21/compute/v2.1/images/0861afdd-aaf0-4e70-9d93-69b6e1597409/metadata 0.962s
2025-04-22 03:34:07.370 70357 INFO tempest.lib.common.rest_client [req-31188ca5-fd7b-46d0-8f66-4087d4c7e677 req-31188ca5-fd7b-46d0-8f66-4087d4c7e677 ] Request (ServersTestBootFromVolume:setUpClass): 202 POST http://10.180.1.21/compute/v2.1/servers 1.175s
2025-04-22 03:34:07.407 70321 INFO tempest.lib.common.rest_client [req-f42c4649-6362-4b80-be4e-e743fb8ef21d req-f42c4649-6362-4b80-be4e-e743fb8ef21d ] Request (ImagesOneServerNegativeTestJSON:setUpClass): 200 GET http://10.180.1.21/compute/v2.1/servers/eacd2ffb-6901-48e1-86ed-448b58a34bd3 0.843s
2025-04-22 03:34:07.454 70343 INFO tempest.lib.common.rest_client [req-5f07d211-e84e-4071-8f38-82e163f60d8a req-5f07d211-e84e-4071-8f38-82e163f60d8a ] Request (ServerRescueTestJSONUnderV235:setUpClass): 200 GET http://10.180.1.21/compute/v2.1/servers/a3f66942-6063-4d1f-9bb0-b07899beccc1 0.826s
2025-04-22 03:34:07.518 70349 INFO tempest.lib.common.rest_client [req-bad6d897-524f-4f49-a238-5d2ebf2a36d2 req-bad6d897-524f-4f49-a238-5d2ebf2a36d2 ] Request (ServerDiagnosticsTest:tearDownClass): 200 GET http://10.180.1.21/compute/v2.1/servers/88e60979-6906-4c76-b683-1891f48beea7 0.858s
2025-04-22 03:34:07.577 70334 INFO tempest.lib.common.rest_client [req-56931518-6061-4774-85a2-bf46085eb261 req-56931518-6061-4774-85a2-bf46085eb261 ] Request (ServersAdmin275Test:tearDownClass): 200 GET http://10.180.1.21/compute/v2.1/servers/247b5a9f-9456-4f5c-b8f0-efb003ab6cee 0.853s
2025-04-22 03:34:07.596 70363 INFO tempest.lib.common.rest_client [req-fef7db3f-a72e-4adf-a44f-57fb3956783b req-fef7db3f-a72e-4adf-a44f-57fb3956783b ] Request (KeyPairsV22TestJSON:_run_cleanups): 204 DELETE http://10.180.1.21/compute/v2.1/os-keypairs/tempest-KeyPairsV22TestJSON-keypair-1144767970 0.788s
2025-04-22 03:34:07.610 70305 INFO tempest.lib.common.rest_client [req-d888199e-bae0-47f1-bf77-c06c945e4e82 req-d888199e-bae0-47f1-bf77-c06c945e4e82 ] Request (ServersNegativeTestJSON:setUpClass): 200 GET http://10.180.1.21/compute/v2.1/servers/f5bd91ff-5a34-4478-9ece-8918fee6101a 0.822s
2025-04-22 03:34:07.713 70311 INFO tempest.lib.common.rest_client [req-463c4fda-f941-485a-b46b-757ce4eed7de req-463c4fda-f941-485a-b46b-757ce4eed7de ] Request (MigrationsAdminTest:test_list_migrations_in_flavor_resize_situation): 200 GET http://10.180.1.21/compute/v2.1/servers/b45e94ae-d45b-4632-b8da-ae1cb246450a 0.884s
2025-04-22 03:34:07.767 70323 INFO tempest.lib.common.rest_client [req-02878187-0512-42d7-ab98-72ec3ad645da req-02878187-0512-42d7-ab98-72ec3ad645da ] Request (ListImageFiltersTestJSON:setUpClass): 200 GET http://10.180.1.21/compute/v2.1/servers/3a7cb3aa-08e8-4d2f-94bc-8cf4d82544e1 0.579s
2025-04-22 03:34:07.827 70309 INFO tempest.lib.common.rest_client [req-cd2fece1-d07d-42a9-8c9f-0a452e395cc5 req-cd2fece1-d07d-42a9-8c9f-0a452e395cc5 ] Request (ServersAdminTestJSON:setUpClass): 200 GET http://10.180.1.21/compute/v2.1/servers/1045259e-3aad-4d1b-8ec0-3d7f375803a1 0.630s
2025-04-22 03:34:07.866 70347 INFO tempest.lib.common.rest_client [req-118822cb-e810-47c2-b753-77e392d540cb req-118822cb-e810-47c2-b753-77e392d540cb ] Request (ServersWithSpecificFlavorTestJSON:test_verify_created_server_ephemeral_disk): 200 GET http://10.180.1.21/compute/v2.1/servers/46ca388e-79b7-403b-a895-99a9d1ac93cd 0.790s
2025-04-22 03:34:07.874 70347 INFO tempest.common.waiters [-] State transition "BUILD/spawning" ==> "ACTIVE/None" after 51 second wait
2025-04-22 03:34:07.891 70335 INFO tempest.lib.common.rest_client [req-a202c01b-14ae-4528-b5de-4028c23c7117 req-a202c01b-14ae-4528-b5de-4028c23c7117 ] Request (FloatingIPsAssociationTestJSON:test_associate_already_associated_floating_ip): 200 GET http://10.180.1.21/compute/v2.1/servers/3fac017c-41a0-40f2-8f77-b1d72e1903dc 0.617s
2025-04-22 03:34:07.918 70351 INFO tempest.lib.common.rest_client [req-bd9d2541-2588-41c1-851a-6ef9a022f1dd req-bd9d2541-2588-41c1-851a-6ef9a022f1dd ] Request (ImagesMetadataTestJSON:test_list_image_metadata): 200 GET http://10.180.1.21/compute/v2.1/images/0861afdd-aaf0-4e70-9d93-69b6e1597409/metadata 0.594s
2025-04-22 03:34:07.982 70337 INFO tempest.lib.common.rest_client [req-3740abb8-4b53-49bd-a1b2-d1345ef006ac req-3740abb8-4b53-49bd-a1b2-d1345ef006ac ] Request (TenantUsagesTestJSON:setUpClass): 200 GET http://10.180.1.21/compute/v2.1/servers/ef11d456-2416-4498-aa7c-e1a51cb865d3 0.636s
2025-04-22 03:34:08.048 70357 INFO tempest.lib.common.rest_client [req-ff57b7e8-b80b-452d-af0d-03919872e276 req-ff57b7e8-b80b-452d-af0d-03919872e276 ] Request (ServersTestBootFromVolume:setUpClass): 200 GET http://10.180.1.21/compute/v2.1/servers/adde3bd8-8324-4eab-9cea-152b59401f7c 0.676s
2025-04-22 03:34:08.064 70307 INFO tempest.lib.common.rest_client [req-fb5453e5-d05c-46c2-8b26-c44d154d0f75 req-fb5453e5-d05c-46c2-8b26-c44d154d0f75 ] Request (ImagesOneServerTestJSON:test_create_image_specify_multibyte_character_image_name): 200 GET http://10.180.1.21/compute/v2.1/servers/11e73f0c-0692-47be-a4b6-86fdecd2886f 0.733s
2025-04-22 03:34:08.076 70307 INFO tempest.common.waiters [-] State transition "ACTIVE/image_uploading" ==> "ACTIVE/None" after 4 second wait
2025-04-22 03:34:08.118 70317 INFO tempest.lib.common.rest_client [req-09bd8686-e714-4d78-bf83-eadc5ffb34b6 req-09bd8686-e714-4d78-bf83-eadc5ffb34b6 ] Request (FloatingIPsAssociationNegativeTestJSON:setUpClass): 200 GET http://10.180.1.21/compute/v2.1/servers/f38fbfac-9498-448d-9889-3ab4d2da1e16 0.671s
