2025-04-22 03:33:29.021 70321 INFO tempest.lib.common.rest_client [req-c45d19a0-82f6-47c2-84cb-7f67f23740a7 req-c45d19a0-82f6-47c2-84cb-7f67f23740a7 ] Request (FlavorsExtraSpecsNegativeTestJSON:tearDownClass): 204 DELETE http://10.180.1.21:9696/networking/v2.0/security-groups/4be64495-8184-4054-a87a-8c51c98721b5 0.241s
2025-04-22 03:33:29.060 70315 INFO tempest.lib.common.rest_client [req-95dce682-d04f-4295-8ee1-64caa64ac2a7 req-95dce682-d04f-4295-8ee1-64caa64ac2a7 ] Request (ServersV294TestFqdnHostnames:setUpClass): 201 POST http://10.180.1.21/compute/v2.1/os-keypairs 1.653s
2025-04-22 03:33:29.072 70331 INFO tempest.lib.common.rest_client [req-302f90b4-1637-48f4-91aa-79286d519aca req-302f90b4-1637-48f4-91aa-79286d519aca ] Request (HostsAdminNegativeTestJSON:test_update_host_without_param): 400 PUT http://10.180.1.21/compute/v2.1/os-hosts/devstack 1.555s
2025-04-22 03:33:29.106 70309 INFO tempest.lib.common.rest_client [req-2f0fad07-e1f5-4f0e-9a4b-75b0fb2f909b req-2f0fad07-e1f5-4f0e-9a4b-75b0fb2f909b ] Request (AggregatesAdminNegativeTestJSON:test_aggregate_remove_host_as_user): 200 POST http://10.180.1.21/compute/v2.1/os-aggregates 1.582s
2025-04-22 03:33:29.141 70321 INFO tempest.lib.common.rest_client [req-e94b5d66-d11f-47bd-9838-57ba3caceb50 req-e94b5d66-d11f-47bd-9838-57ba3caceb50 ] Request (FlavorsExtraSpecsNegativeTestJSON:tearDownClass): 204 DELETE http://10.180.1.21/identity/v3/projects/3ce5f4ac94264e08aebf698b89c4693b 0.119s
2025-04-22 03:33:29.210 70321 INFO tempest.lib.common.rest_client [req-209230ac-d493-467f-865f-0a865c987eac req-209230ac-d493-467f-865f-0a865c987eac ] Request (ImagesOneServerNegativeTestJSON:setUpClass): 201 POST http://10.180.1.21/identity/v3/auth/tokens 0.066s
2025-04-22 03:33:29.229 70325 INFO tempest.lib.common.rest_client [req-58409ed3-c781-47fd-9177-fc15a0e55f3d req-58409ed3-c781-47fd-9177-fc15a0e55f3d ] Request (ServersAdminNegativeTestJSON:setUpClass): 200 GET http://10.180.1.21/compute/v2.1/servers/c35f752e-e9b4-48d5-ae18-b2613ddfeaf1 1.678s
2025-04-22 03:33:29.263 70321 INFO tempest.lib.common.rest_client [req-e45e55e0-1c0d-4e1e-ad1f-f369ca8d8980 req-e45e55e0-1c0d-4e1e-ad1f-f369ca8d8980 ] Request (ImagesOneServerNegativeTestJSON:setUpClass): 201 POST http://10.180.1.21/identity/v3/auth/tokens 0.046s
2025-04-22 03:33:29.293 70363 INFO tempest.lib.common.rest_client [req-82d52097-91b2-4155-a8f0-8c5759032f24 req-82d52097-91b2-4155-a8f0-8c5759032f24 ] Request (QuotasAdminNegativeTest:tearDownClass): 204 DELETE http://10.180.1.21:9696/networking/v2.0/security-groups/2165188c-bfcf-49c4-b839-65dd2a1e25d3 0.302s
2025-04-22 03:33:29.295 70321 INFO tempest.lib.common.rest_client [req-635ba1b6-4311-4ec3-b316-20f4f866fede req-635ba1b6-4311-4ec3-b316-20f4f866fede ] Request (ImagesOneServerNegativeTestJSON:setUpClass): 200 GET http://10.180.1.21/identity/v3/domains?name=Default 0.031s
2025-04-22 03:33:29.328 70351 INFO tempest.lib.common.rest_client [req-44e47ebf-2237-459d-8651-696481bcc09e req-44e47ebf-2237-459d-8651-696481bcc09e ] Request (FloatingIPDetailsTestJSON:setUpClass): 201 POST http://10.180.1.21:9696/networking/v2.0/networks 0.698s
2025-04-22 03:33:29.349 70361 INFO tempest.lib.common.rest_client [req-f8e7a010-1a96-4d05-9aad-0371bd8c24b5 req-f8e7a010-1a96-4d05-9aad-0371bd8c24b5 ] Request (ServerDiskConfigTestJSON:test_rebuild_server_with_auto_disk_config): 200 GET http://10.180.1.21/compute/v2.1/servers/8dbbc346-b158-4839-947f-030522d24158 1.716s
2025-04-22 03:33:29.384 70321 INFO tempest.lib.common.rest_client [req-14324a67-4adb-488e-9381-a3de8612d63a req-14324a67-4adb-488e-9381-a3de8612d63a ] Request (ImagesOneServerNegativeTestJSON:setUpClass): 201 POST http://10.180.1.21/identity/v3/projects 0.088s
2025-04-22 03:33:29.414 70363 INFO tempest.lib.common.rest_client [req-a568c60a-8a9a-4047-88be-2de1ae16e52c req-a568c60a-8a9a-4047-88be-2de1ae16e52c ] Request (QuotasAdminNegativeTest:tearDownClass): 204 DELETE http://10.180.1.21/identity/v3/projects/5251cf3bd6aa4b15be994c231a7dff97 0.121s
2025-04-22 03:33:29.428 70313 INFO tempest.lib.common.rest_client [req-27ce06f4-e77b-40a5-8f9b-4faa6f0cb190 req-27ce06f4-e77b-40a5-8f9b-4faa6f0cb190 ] Request (ListServerFiltersTestJSON:setUpClass): 200 GET http://10.180.1.21/compute/v2.1/servers/0289665d-6bca-4cd0-911e-83698c3b97c8 1.956s
2025-04-22 03:33:29.479 70339 INFO tempest.lib.common.rest_client [req-30c3d3a7-36a3-485d-bc8a-3030f98afffd req-30c3d3a7-36a3-485d-bc8a-3030f98afffd ] Request (SecurityGroupRulesNegativeTestJSON:setUpClass): 201 POST http://10.180.1.21:9696/networking/v2.0/routers 1.602s
2025-04-22 03:33:29.530 70315 INFO tempest.lib.common.rest_client [req-c7f18c27-38c1-46e2-a696-0d67c5bd326e req-c7f18c27-38c1-46e2-a696-0d67c5bd326e ] Request (ServersV294TestFqdnHostnames:setUpClass): 201 POST http://10.180.1.21:9696/networking/v2.0/security-groups 0.467s
2025-04-22 03:33:29.545 70363 INFO tempest.lib.common.rest_client [req-7ac8fd74-d6d7-4250-a8d7-f3d55fadbdfb req-7ac8fd74-d6d7-4250-a8d7-f3d55fadbdfb ] Request (FloatingIPsTestJSON:setUpClass): 201 POST http://10.180.1.21/identity/v3/auth/tokens 0.128s
2025-04-22 03:33:29.560 70321 INFO tempest.lib.common.rest_client [req-6f2a88b5-f7f9-4d0b-b9bb-87279c36c11c req-6f2a88b5-f7f9-4d0b-b9bb-87279c36c11c ] Request (ImagesOneServerNegativeTestJSON:setUpClass): 201 POST http://10.180.1.21/identity/v3/users 0.175s
2025-04-22 03:33:29.613 70363 INFO tempest.lib.common.rest_client [req-7063d09a-e7c2-4be6-9821-61cd6c9be6bd req-7063d09a-e7c2-4be6-9821-61cd6c9be6bd ] Request (FloatingIPsTestJSON:setUpClass): 201 POST http://10.180.1.21/identity/v3/auth/tokens 0.063s
2025-04-22 03:33:29.622 70321 INFO tempest.lib.common.rest_client [req-e303da4d-93b4-4571-b1b0-cc155d85cf44 req-e303da4d-93b4-4571-b1b0-cc155d85cf44 ] Request (ImagesOneServerNegativeTestJSON:setUpClass): 200 GET http://10.180.1.21/identity/v3/roles 0.062s
2025-04-22 03:33:29.660 70363 INFO tempest.lib.common.rest_client [req-2dab3c5c-e684-4e7c-9e7b-ce9f2cf60f76 req-2dab3c5c-e684-4e7c-9e7b-ce9f2cf60f76 ] Request (FloatingIPsTestJSON:setUpClass): 200 GET http://10.180.1.21/identity/v3/domains?name=Default 0.046s
2025-04-22 03:33:29.669 70321 INFO tempest.lib.common.rest_client [req-078fa6d4-f23e-435f-a4fc-3bc0bc65ca77 req-078fa6d4-f23e-435f-a4fc-3bc0bc65ca77 ] Request (ImagesOneServerNegativeTestJSON:setUpClass): 204 PUT http://10.180.1.21/identity/v3/projects/b8dd3d9826ac47a58847835d5bfbf9f5/users/8ec1bee7147a4556a5fe1a1cdba10ed0/roles/b5682fdd71384028abf6a7cbee8499dd 0.046s
2025-04-22 03:33:29.669 70321 INFO tempest.lib.common.dynamic_creds [-] Dynamic test user 8ec1bee7147a4556a5fe1a1cdba10ed0 is created with scope project and roles: ['member']
2025-04-22 03:33:29.669 70321 INFO tempest.lib.common.dynamic_creds [-] Acquired dynamic creds: credentials: Credentials: {'domain_id': 'default', 'domain_name': 'Default', 'username': 'tempest-ImagesOneServerNegativeTestJSON-332667785-project-member', 'project_domain_id': 'default', 'project_domain_name': 'Default', 'project_id': 'b8dd3d9826ac47a58847835d5bfbf9f5', 'project_name': 'tempest-ImagesOneServerNegativeTestJSON-332667785', 'tenant_id': 'b8dd3d9826ac47a58847835d5bfbf9f5', 'tenant_name': 'tempest-ImagesOneServerNegativeTestJSON-332667785', 'user_domain_id': 'default', 'user_domain_name': 'Default', 'user_id': '8ec1bee7147a4556a5fe1a1cdba10ed0', 'system': None}, Network: None, Subnet: None, Router: None
2025-04-22 03:33:29.730 70363 INFO tempest.lib.common.rest_client [req-b8192841-7c2e-4643-88c1-74a5de811fcc req-b8192841-7c2e-4643-88c1-74a5de811fcc ] Request (FloatingIPsTestJSON:setUpClass): 201 POST http://10.180.1.21/identity/v3/projects 0.070s
2025-04-22 03:33:29.735 70353 INFO tempest.lib.common.rest_client [req-a6dd1d08-c9d1-4dff-b972-414cf22555fa req-a6dd1d08-c9d1-4dff-b972-414cf22555fa ] Request (ImagesTestJSON:test_create_image_from_stopped_server): 200 GET http://10.180.1.21/compute/v2.1/servers/8d24c8fe-c846-436a-b803-b9b7cdb63355 1.935s
2025-04-22 03:33:29.745 70367 INFO tempest.lib.common.rest_client [req-391516d1-58cc-4ab4-b98f-ac820fd371ac req-391516d1-58cc-4ab4-b98f-ac820fd371ac ] Request (VolumesAdminNegativeTest:test_update_attached_volume_with_nonexistent_volume_in_body): 200 GET http://10.180.1.21/compute/v2.1/servers/4b94054c-1d27-45ee-92dd-4432e1e81a33 2.054s
2025-04-22 03:33:29.746 70321 INFO tempest.lib.common.rest_client [req-6f283ad6-76ce-4e2a-9ff8-7dbef66d7a18 req-6f283ad6-76ce-4e2a-9ff8-7dbef66d7a18 ] Request (ImagesOneServerNegativeTestJSON:setUpClass): 201 POST http://10.180.1.21/identity/v3/auth/tokens 0.076s
2025-04-22 03:33:29.767 70367 INFO tempest.common.waiters [-] State transition "BUILD/networking" ==> "BUILD/spawning" after 21 second wait
2025-04-22 03:33:29.808 70363 INFO tempest.lib.common.rest_client [req-1bbe821b-d6b2-4afc-ad7b-74b32b03bcd5 req-1bbe821b-d6b2-4afc-ad7b-74b32b03bcd5 ] Request (FloatingIPsTestJSON:setUpClass): 201 POST http://10.180.1.21/identity/v3/users 0.077s
2025-04-22 03:33:29.871 70335 INFO tempest.lib.common.rest_client [req-8af2793a-0c17-45d6-8978-ddf57840da79 req-8af2793a-0c17-45d6-8978-ddf57840da79 ] Request (FloatingIPsAssociationTestJSON:test_associate_already_associated_floating_ip): 200 GET http://10.180.1.21/compute/v2.1/servers/3fac017c-41a0-40f2-8f77-b1d72e1903dc 1.715s
2025-04-22 03:33:29.875 70363 INFO tempest.lib.common.rest_client [req-b2cafb3a-2c79-4b6f-9685-f3ae8bcf3850 req-b2cafb3a-2c79-4b6f-9685-f3ae8bcf3850 ] Request (FloatingIPsTestJSON:setUpClass): 200 GET http://10.180.1.21/identity/v3/roles 0.067s
2025-04-22 03:33:29.892 70359 INFO tempest.lib.common.rest_client [req-99ae366b-5792-4844-b4d9-0212e2be53d3 req-99ae366b-5792-4844-b4d9-0212e2be53d3 ] Request (QuotasAdminTestV236:test_get_updated_quotas): 200 GET http://10.180.1.21/compute/v2.1/os-quota-sets/1140b56bb923436b9cf38e31eecf67ae?user_id=1c06b23ba7df47cb963ce10037299563 1.794s
2025-04-22 03:33:29.927 70363 INFO tempest.lib.common.rest_client [req-5a7a4c3d-3c86-4ce7-a17f-e97cfee324c4 req-5a7a4c3d-3c86-4ce7-a17f-e97cfee324c4 ] Request (FloatingIPsTestJSON:setUpClass): 204 PUT http://10.180.1.21/identity/v3/projects/805483b49cef4a9e8d86eb0f55ca1777/users/f206ece4858a4a30a2aa3fe9e5213043/roles/b5682fdd71384028abf6a7cbee8499dd 0.051s
2025-04-22 03:33:29.928 70363 INFO tempest.lib.common.dynamic_creds [-] Dynamic test user f206ece4858a4a30a2aa3fe9e5213043 is created with scope project and roles: ['member']
2025-04-22 03:33:29.928 70363 INFO tempest.lib.common.dynamic_creds [-] Acquired dynamic creds: credentials: Credentials: {'domain_id': 'default', 'domain_name': 'Default', 'username': 'tempest-FloatingIPsTestJSON-768163482-project-member', 'project_domain_id': 'default', 'project_domain_name': 'Default', 'project_id': '805483b49cef4a9e8d86eb0f55ca1777', 'project_name': 'tempest-FloatingIPsTestJSON-768163482', 'tenant_id': '805483b49cef4a9e8d86eb0f55ca1777', 'tenant_name': 'tempest-FloatingIPsTestJSON-768163482', 'user_domain_id': 'default', 'user_domain_name': 'Default', 'user_id': 'f206ece4858a4a30a2aa3fe9e5213043', 'system': None}, Network: None, Subnet: None, Router: None
2025-04-22 03:33:29.935 70307 INFO tempest.lib.common.rest_client [req-1eee3dbc-7385-4f3b-97f3-7ab47845e1f7 req-1eee3dbc-7385-4f3b-97f3-7ab47845e1f7 ] Request (ImagesOneServerTestJSON:test_create_delete_image): 200 GET http://10.180.1.21/compute/v2.1/images/712ecf4c-accb-44b8-ae0f-aa3818559d85 1.626s
2025-04-22 03:33:29.990 70315 INFO tempest.lib.common.rest_client [req-3b4cb3b8-bce2-4084-80ac-04cb150d5278 req-3b4cb3b8-bce2-4084-80ac-04cb150d5278 ] Request (ServersV294TestFqdnHostnames:setUpClass): 201 POST http://10.180.1.21:9696/networking/v2.0/security-group-rules 0.460s
2025-04-22 03:33:30.016 70365 INFO tempest.lib.common.rest_client [req-c6ba642e-74c0-4ff0-bafd-8c116f068195 req-c6ba642e-74c0-4ff0-bafd-8c116f068195 ] Request (ServerExternalEventsTest:test_create_server_external_events): 200 POST http://10.180.1.21/compute/v2.1/os-server-external-events 1.579s
2025-04-22 03:33:30.049 70363 INFO tempest.lib.common.rest_client [req-17ef28a9-f40f-4d75-9acf-f7deceb9fa1a req-17ef28a9-f40f-4d75-9acf-f7deceb9fa1a ] Request (FloatingIPsTestJSON:setUpClass): 201 POST http://10.180.1.21/identity/v3/auth/tokens 0.121s
2025-04-22 03:33:30.091 70359 INFO tempest.lib.common.rest_client [req-b237f0c8-1fa9-4bba-90f6-f40f9c9a90fd req-b237f0c8-1fa9-4bba-90f6-f40f9c9a90fd ] Request (QuotasAdminTestV236:_run_cleanups): 204 DELETE http://10.180.1.21/identity/v3/users/1c06b23ba7df47cb963ce10037299563 0.197s
2025-04-22 03:33:30.124 70347 INFO tempest.lib.common.rest_client [req-47799327-47ec-4f0f-84c2-6799a6be0d16 req-47799327-47ec-4f0f-84c2-6799a6be0d16 ] Request (ServersWithSpecificFlavorTestJSON:test_verify_created_server_ephemeral_disk): 200 GET http://10.180.1.21/compute/v2.1/servers/46ca388e-79b7-403b-a895-99a9d1ac93cd 1.608s
2025-04-22 03:33:30.143 70347 INFO tempest.common.waiters [-] State transition "BUILD/scheduling" ==> "BUILD/None" after 14 second wait
2025-04-22 03:33:30.197 70351 INFO tempest.lib.common.rest_client [req-a898a10e-ff09-4d4d-bbf7-71cd706968bb req-a898a10e-ff09-4d4d-bbf7-71cd706968bb ] Request (FloatingIPDetailsTestJSON:setUpClass): 201 POST http://10.180.1.21:9696/networking/v2.0/subnets 0.869s
2025-04-22 03:33:30.206 70359 INFO tempest.lib.common.rest_client [req-71931be0-90b0-4374-b9f7-998070f87a1f req-71931be0-90b0-4374-b9f7-998070f87a1f ] Request (QuotasAdminTestV236:_run_cleanups): 204 DELETE http://10.180.1.21/identity/v3/projects/1140b56bb923436b9cf38e31eecf67ae 0.114s
2025-04-22 03:33:30.251 70305 INFO tempest.lib.common.rest_client [req-bdd04860-8f3c-4f85-879c-12a307047805 req-bdd04860-8f3c-4f85-879c-12a307047805 ] Request (ServersAaction247Test:tearDownClass): 200 GET http://10.180.1.21/compute/v2.1/servers/76d2772a-8392-4a05-bd09-07949475b4b6 1.608s
2025-04-22 03:33:30.298 70319 INFO tempest.lib.common.rest_client [req-ee7e3a45-de22-44cf-93f1-ad1334796193 req-ee7e3a45-de22-44cf-93f1-ad1334796193 ] Request (SecurityGroupsTestJSON:test_list_security_groups_by_server): 200 POST http://10.180.1.21/compute/v2.1/os-security-groups 1.816s
2025-04-22 03:33:30.323 70343 INFO tempest.lib.common.rest_client [req-50e24a0b-7ef6-4d65-815a-4f9b6684c29f req-50e24a0b-7ef6-4d65-815a-4f9b6684c29f ] Request (FlavorsV2TestJSON:test_list_flavors_with_detail): 200 GET http://10.180.1.21/compute/v2.1/flavors/42 1.464s
2025-04-22 03:33:30.330 70315 INFO tempest.lib.common.rest_client [req-70c49ee6-c4f3-45b0-b19f-47904af2b184 req-70c49ee6-c4f3-45b0-b19f-47904af2b184 ] Request (ServersV294TestFqdnHostnames:setUpClass): 201 POST http://10.180.1.21:9696/networking/v2.0/security-group-rules 0.338s
2025-04-22 03:33:30.335 70331 INFO tempest.lib.common.rest_client [req-c5ac2c56-3410-485d-8ff2-c7f58d931a6e req-c5ac2c56-3410-485d-8ff2-c7f58d931a6e ] Request (HostsAdminNegativeTestJSON:test_update_nonexistent_host): 404 PUT http://10.180.1.21/compute/v2.1/os-hosts/nonexistent_hostname 1.262s
2025-04-22 03:33:30.342 70359 INFO tempest.lib.common.rest_client [req-ed1798fe-e985-4efa-96f8-0d26dfe4c858 req-ed1798fe-e985-4efa-96f8-0d26dfe4c858 ] Request (QuotasAdminTestV236:tearDownClass): 204 DELETE http://10.180.1.21/identity/v3/users/580015e36a224d3281c3462e0b1206fa 0.126s
2025-04-22 03:33:30.347 70355 INFO tempest.lib.common.rest_client [req-9d0ee990-77df-4258-9ddd-4a4e58e5baba req-9d0ee990-77df-4258-9ddd-4a4e58e5baba ] Request (ServersTestManualDisk:setUpClass): 200 GET http://10.180.1.21/compute/v2.1/servers/e8adf65d-fde7-4479-a05c-5690f9e87910 1.631s
2025-04-22 03:33:30.376 70319 INFO tempest.lib.common.rest_client [req-dfe953bb-69b5-47fb-8464-c6effc19524a req-dfe953bb-69b5-47fb-8464-c6effc19524a ] Request (SecurityGroupsTestJSON:test_list_security_groups_by_server): 201 POST http://10.180.1.21/identity/v3/auth/tokens 0.070s
2025-04-22 03:33:30.376 70319 INFO tempest.lib.common.fixed_network [-] (SecurityGroupsTestJSON:test_list_security_groups_by_server) Found network {'id': 'd2638c77-e96b-4cf9-8d2a-a163b74a983e', 'name': 'tempest-SecurityGroupsTestJSON-2099179794-network', 'tenant_id': '057a7e18808d4ae79993ba7a3a733e49', 'admin_state_up': True, 'mtu': 8950, 'status': 'ACTIVE', 'subnets': [], 'shared': False, 'project_id': '057a7e18808d4ae79993ba7a3a733e49', 'port_security_enabled': True, 'router:external': False, 'provider:network_type': 'vlan', 'provider:physical_network': 'default', 'provider:segmentation_id': 154, 'availability_zone_hints': [], 'availability_zones': [], 'ipv4_address_scope': None, 'ipv6_address_scope': None, 'description': '', 'tags': [], 'created_at': '2025-04-22T03:33:23Z', 'updated_at': '2025-04-22T03:33:23Z', 'revision_number': 1} available for tenant
2025-04-22 03:33:30.437 70323 INFO tempest.lib.common.rest_client [req-69e532d4-6d1b-45d4-b3b2-9d6d018d8cc2 req-69e532d4-6d1b-45d4-b3b2-9d6d018d8cc2 ] Request (ListImageFiltersTestJSON:setUpClass): 200 GET http://10.180.1.21/compute/v2.1/servers/3a7cb3aa-08e8-4d2f-94bc-8cf4d82544e1 1.250s
2025-04-22 03:33:30.451 70343 INFO tempest.lib.common.rest_client [req-345d7162-ddf0-42a5-9276-8d39bfb90b10 req-345d7162-ddf0-42a5-9276-8d39bfb90b10 ] Request (FlavorsV2TestJSON:tearDownClass): 204 DELETE http://10.180.1.21/identity/v3/users/b793f9832c6f41db91f7a26b095642fc 0.123s
2025-04-22 03:33:30.451 70343 INFO tempest.lib.common.dynamic_creds [-] Deleting project and security group for project: 4045f999113a4e6b9f26583ad5fc0db0
2025-04-22 03:33:30.479 70331 INFO tempest.lib.common.rest_client [req-9819b418-8e64-4f89-87d4-1557557ea9f3 req-9819b418-8e64-4f89-87d4-1557557ea9f3 ] Request (HostsAdminNegativeTestJSON:tearDownClass): 204 DELETE http://10.180.1.21/identity/v3/users/a0509de818214c6daaa8ab4c4cf95dbb 0.141s
2025-04-22 03:33:30.495 70321 INFO tempest.lib.common.rest_client [req-26fb3605-0489-43e1-848d-09e89d15cbb2 req-26fb3605-0489-43e1-848d-09e89d15cbb2 ] Request (ImagesOneServerNegativeTestJSON:setUpClass): 201 POST http://10.180.1.21:9696/networking/v2.0/networks 0.749s
2025-04-22 03:33:30.527 70309 INFO tempest.lib.common.rest_client [req-78ae8896-5178-4544-ab59-8f8dc09abdc3 req-78ae8896-5178-4544-ab59-8f8dc09abdc3 ] Request (AggregatesAdminNegativeTestJSON:test_aggregate_remove_host_as_user): 200 POST http://10.180.1.21/compute/v2.1/os-aggregates/7/action 1.417s
2025-04-22 03:33:30.561 70343 INFO tempest.lib.common.rest_client [req-8f2ff0b1-84ac-46ff-b4b8-fc4bcfcc1a91 req-8f2ff0b1-84ac-46ff-b4b8-fc4bcfcc1a91 ] Request (FlavorsV2TestJSON:tearDownClass): 201 POST http://10.180.1.21/identity/v3/auth/tokens 0.110s
2025-04-22 03:33:30.587 70345 INFO tempest.lib.common.rest_client [req-b533e8a0-ce4a-442b-9e5a-d9741b8eb22b req-b533e8a0-ce4a-442b-9e5a-d9741b8eb22b ] Request (ServerMetadataTestJSON:setUpClass): 200 GET http://10.180.1.21/compute/v2.1/servers/9f30e265-50d0-42b4-a79f-950aa915aa53 1.058s
2025-04-22 03:33:30.603 70345 INFO tempest.common.waiters [-] State transition "BUILD/scheduling" ==> "BUILD/None" after 11 second wait
2025-04-22 03:33:30.635 70331 INFO tempest.lib.common.rest_client [req-e2794e1c-ce23-4d62-9c82-a2c6bbe14be8 req-e2794e1c-ce23-4d62-9c82-a2c6bbe14be8 ] Request (HostsAdminNegativeTestJSON:tearDownClass): 204 DELETE http://10.180.1.21/identity/v3/users/9631318fc04c4ee18eadef728a1ca125 0.155s
2025-04-22 03:33:30.636 70331 INFO tempest.lib.common.dynamic_creds [-] Deleting project and security group for project: 0c230a16a1d24d9aa3854eca2adad43b
2025-04-22 03:33:30.660 70359 INFO tempest.lib.common.rest_client [req-203b6877-c002-4de8-9162-e287c1c21f89 req-203b6877-c002-4de8-9162-e287c1c21f89 ] Request (QuotasAdminTestV236:tearDownClass): 204 DELETE http://10.180.1.21/identity/v3/users/f3840daf30d843c896ec42d04e98987b 0.318s
2025-04-22 03:33:30.660 70359 INFO tempest.lib.common.dynamic_creds [-] Deleting project and security group for project: 70dd169ab95d479fa33ff37eec4bcea1
2025-04-22 03:33:30.669 70341 INFO tempest.lib.common.rest_client [req-f80e9ec3-8ab6-414b-b347-3143327fd8cb req-f80e9ec3-8ab6-414b-b347-3143327fd8cb ] Request (DeleteServersAdminTestJSON:test_admin_delete_servers_of_others): 200 GET http://10.180.1.21/compute/v2.1/servers/81494cda-756f-492d-b8ba-993b257da132 1.058s
2025-04-22 03:33:30.695 70329 INFO tempest.lib.common.rest_client [req-793c9b3d-b232-44a5-8d72-5a5104bc5d51 req-793c9b3d-b232-44a5-8d72-5a5104bc5d51 ] Request (VolumesAssistedSnapshotsTest:test_volume_assisted_snapshot_create_delete): 200 GET http://10.180.1.21/compute/v2.1/servers/0f5ccae7-1100-4899-8949-687a20f268b9 1.023s
2025-04-22 03:33:30.727 70331 INFO tempest.lib.common.rest_client [req-c66da7be-ec62-43de-aa8d-56d12cdfdc8f req-c66da7be-ec62-43de-aa8d-56d12cdfdc8f ] Request (HostsAdminNegativeTestJSON:tearDownClass): 201 POST http://10.180.1.21/identity/v3/auth/tokens 0.090s
2025-04-22 03:33:30.753 70359 INFO tempest.lib.common.rest_client [req-66ff2eba-0113-4e11-b561-7bcfd2c35158 req-66ff2eba-0113-4e11-b561-7bcfd2c35158 ] Request (QuotasAdminTestV236:tearDownClass): 201 POST http://10.180.1.21/identity/v3/auth/tokens 0.091s
2025-04-22 03:33:30.766 70337 INFO tempest.lib.common.rest_client [req-3ea8d49a-9a6a-47cb-abef-b49daa97509b req-3ea8d49a-9a6a-47cb-abef-b49daa97509b ] Request (TenantUsagesTestJSON:setUpClass): 200 GET http://10.180.1.21/compute/v2.1/servers/ef11d456-2416-4498-aa7c-e1a51cb865d3 1.023s
2025-04-22 03:33:30.910 70363 INFO tempest.lib.common.rest_client [req-d367e58b-8da6-4e84-8f75-8a0638ee05bc req-d367e58b-8da6-4e84-8f75-8a0638ee05bc ] Request (FloatingIPsTestJSON:setUpClass): 201 POST http://10.180.1.21:9696/networking/v2.0/networks 0.861s
2025-04-22 03:33:30.974 70311 INFO tempest.lib.common.rest_client [req-a09dc5d0-a240-4327-b0eb-cff500898dcc req-a09dc5d0-a240-4327-b0eb-cff500898dcc ] Request (MigrationsAdminTest:test_list_migrations_in_flavor_resize_situation): 200 GET http://10.180.1.21/compute/v2.1/servers/b45e94ae-d45b-4632-b8da-ae1cb246450a 1.272s
2025-04-22 03:33:31.271 70349 INFO tempest.lib.common.rest_client [req-74a555dc-ea47-4def-ad29-1aed5da0fc2b req-74a555dc-ea47-4def-ad29-1aed5da0fc2b ] Request (ServerDiagnosticsTest:test_get_server_diagnostics): 200 GET http://10.180.1.21/compute/v2.1/servers/88e60979-6906-4c76-b683-1891f48beea7 1.470s
2025-04-22 03:33:31.272 70331 INFO tempest.lib.common.rest_client [req-5b5c5323-1108-4e97-978a-603a4e3fe78a req-5b5c5323-1108-4e97-978a-603a4e3fe78a ] Request (HostsAdminNegativeTestJSON:tearDownClass): 200 GET http://10.180.1.21:9696/networking/v2.0/security-groups?tenant_id=0c230a16a1d24d9aa3854eca2adad43b&name=default 0.545s
2025-04-22 03:33:31.284 70349 INFO tempest.common.waiters [-] State transition "BUILD/networking" ==> "BUILD/spawning" after 18 second wait
2025-04-22 03:33:31.290 70343 INFO tempest.lib.common.rest_client [req-5461a93a-e0e2-49df-856d-79b950bd0c57 req-5461a93a-e0e2-49df-856d-79b950bd0c57 ] Request (FlavorsV2TestJSON:tearDownClass): 200 GET http://10.180.1.21:9696/networking/v2.0/security-groups?tenant_id=4045f999113a4e6b9f26583ad5fc0db0&name=default 0.728s
2025-04-22 03:33:31.299 70327 INFO tempest.lib.common.rest_client [req-47722d1a-85a6-445a-be09-beb9b7feda9b req-47722d1a-85a6-445a-be09-beb9b7feda9b ] Request (ServerDiagnosticsV248Test:test_get_server_diagnostics): 200 GET http://10.180.1.21/compute/v2.1/servers/eac4f5f4-b1b1-4be7-9b39-dcca5ad6d09c 1.458s
2025-04-22 03:33:31.331 70359 INFO tempest.lib.common.rest_client [req-596a403d-7d84-4b1e-bc16-b617987a8978 req-596a403d-7d84-4b1e-bc16-b617987a8978 ] Request (QuotasAdminTestV236:tearDownClass): 200 GET http://10.180.1.21:9696/networking/v2.0/security-groups?tenant_id=70dd169ab95d479fa33ff37eec4bcea1&name=default 0.578s
2025-04-22 03:33:31.412 70334 INFO tempest.lib.common.rest_client [req-6587795d-0a2a-4669-be3e-40b311e51038 req-6587795d-0a2a-4669-be3e-40b311e51038 ] Request (ServersAdmin275Test:_run_cleanups): 200 GET http://10.180.1.21/compute/v2.1/servers/247b5a9f-9456-4f5c-b8f0-efb003ab6cee 1.462s
2025-04-22 03:33:31.414 70365 INFO tempest.lib.common.rest_client [req-c1f24ec1-39f0-4837-a118-fd1558becf3f req-c1f24ec1-39f0-4837-a118-fd1558becf3f ] Request (ServerExternalEventsTest:tearDownClass): 204 DELETE http://10.180.1.21/compute/v2.1/servers/60073f62-26e8-4d08-a43b-972ca96bcc9e 1.389s
2025-04-22 03:33:31.430 70334 INFO tempest.common.waiters [-] State transition "REBUILD/rebuilding" ==> "REBUILD/rebuild_spawning" after 3 second wait
2025-04-22 03:33:31.454 70321 INFO tempest.lib.common.rest_client [req-d87a8d4b-da94-4400-8e33-812e5c033145 req-d87a8d4b-da94-4400-8e33-812e5c033145 ] Request (ImagesOneServerNegativeTestJSON:setUpClass): 201 POST http://10.180.1.21:9696/networking/v2.0/subnets 0.958s
2025-04-22 03:33:31.587 70357 INFO tempest.lib.common.rest_client [req-c38571b1-7350-40de-aeb3-679d342556a5 req-c38571b1-7350-40de-aeb3-679d342556a5 ] Request (QuotaClassesAdmin257Test:test_update_default_quotas): 200 GET http://10.180.1.21/compute/v2.1/os-quota-class-sets/default 1.373s
2025-04-22 03:33:31.708 70331 INFO tempest.lib.common.rest_client [req-8cc20432-67ad-479b-b008-a19b74d0153c req-8cc20432-67ad-479b-b008-a19b74d0153c ] Request (HostsAdminNegativeTestJSON:tearDownClass): 204 DELETE http://10.180.1.21:9696/networking/v2.0/security-groups/88caf5d9-0be6-4ce3-a674-868ad068f335 0.436s
2025-04-22 03:33:31.716 70361 INFO tempest.lib.common.rest_client [req-83999384-a511-4ed4-b27f-6bb80dd0e0b2 req-83999384-a511-4ed4-b27f-6bb80dd0e0b2 ] Request (ServerDiskConfigTestJSON:test_rebuild_server_with_auto_disk_config): 200 GET http://10.180.1.21/compute/v2.1/servers/8dbbc346-b158-4839-947f-030522d24158 1.352s
2025-04-22 03:33:31.725 70361 INFO tempest.common.waiters [-] State transition "BUILD/None" ==> "BUILD/networking" after 18 second wait
2025-04-22 03:33:31.743 70325 INFO tempest.lib.common.rest_client [req-93a73292-ec6c-4f46-9e86-36295c22ccc5 req-93a73292-ec6c-4f46-9e86-36295c22ccc5 ] Request (ServersAdminNegativeTestJSON:setUpClass): 200 GET http://10.180.1.21/compute/v2.1/servers/c35f752e-e9b4-48d5-ae18-b2613ddfeaf1 1.501s
2025-04-22 03:33:31.808 70331 INFO tempest.lib.common.rest_client [req-601a29fa-e6a0-4eb9-a1c9-4ba1c0ce0713 req-601a29fa-e6a0-4eb9-a1c9-4ba1c0ce0713 ] Request (HostsAdminNegativeTestJSON:tearDownClass): 204 DELETE http://10.180.1.21/identity/v3/projects/0c230a16a1d24d9aa3854eca2adad43b 0.099s
2025-04-22 03:33:31.809 70331 INFO tempest.lib.common.dynamic_creds [-] Deleting project and security group for project: ad5015cbefdd4f298089df7b98b8e73a
2025-04-22 03:33:32.032 70343 INFO tempest.lib.common.rest_client [req-31b6f694-4e32-44e2-ab08-fec884bcb5f0 req-31b6f694-4e32-44e2-ab08-fec884bcb5f0 ] Request (FlavorsV2TestJSON:tearDownClass): 204 DELETE http://10.180.1.21:9696/networking/v2.0/security-groups/efae47d9-2919-49a0-bc45-917326356192 0.741s
2025-04-22 03:33:32.141 70359 INFO tempest.lib.common.rest_client [req-e83ce4d1-04ac-4a20-b13a-0644911fda0e req-e83ce4d1-04ac-4a20-b13a-0644911fda0e ] Request (QuotasAdminTestV236:tearDownClass): 204 DELETE http://10.180.1.21:9696/networking/v2.0/security-groups/e3240396-3585-45c4-a376-21152cb4fd58 0.809s
2025-04-22 03:33:32.151 70343 INFO tempest.lib.common.rest_client [req-eeec53b2-56de-4ddd-862f-1f2e0ffe4e6a req-eeec53b2-56de-4ddd-862f-1f2e0ffe4e6a ] Request (FlavorsV2TestJSON:tearDownClass): 204 DELETE http://10.180.1.21/identity/v3/projects/4045f999113a4e6b9f26583ad5fc0db0 0.118s
2025-04-22 03:33:32.201 70339 INFO tempest.lib.common.rest_client [req-6883707a-d2cc-4adb-9656-4b427fbae6ae req-6883707a-d2cc-4adb-9656-4b427fbae6ae ] Request (SecurityGroupRulesNegativeTestJSON:setUpClass): 200 PUT http://10.180.1.21:9696/networking/v2.0/routers/4fa1ff8c-4d2c-41cd-bce6-09805c6bcff9/add_router_interface 2.722s
2025-04-22 03:33:32.201 70339 INFO tempest.lib.common.dynamic_creds [-] Created isolated network resources for: credentials: Credentials: {'domain_id': 'default', 'domain_name': 'Default', 'username': 'tempest-SecurityGroupRulesNegativeTestJSON-835986164-project-member', 'project_domain_id': 'default', 'project_domain_name': 'Default', 'project_id': '9e827a4767974a56aeeb4edca8506495', 'project_name': 'tempest-SecurityGroupRulesNegativeTestJSON-835986164', 'tenant_id': '9e827a4767974a56aeeb4edca8506495', 'tenant_name': 'tempest-SecurityGroupRulesNegativeTestJSON-835986164', 'user_domain_id': 'default', 'user_domain_name': 'Default', 'user_id': '2fa7f2a6336b4de7a8fad7cef3ad6c42', 'system': None}, Network: {'id': '4dc1d9cf-fb28-4194-9a7f-10c37f12a6ed', 'name': 'tempest-SecurityGroupRulesNegativeTestJSON-97934482-network', 'tenant_id': '9e827a4767974a56aeeb4edca8506495', 'admin_state_up': True, 'mtu': 8950, 'status': 'ACTIVE', 'subnets': [], 'shared': False, 'project_id': '9e827a4767974a56aeeb4edca8506495', 'port_security_enabled': True, 'router:external': False, 'provider:network_type': 'vlan', 'provider:physical_network': 'default', 'provider:segmentation_id': 839, 'availability_zone_hints': [], 'availability_zones': [], 'ipv4_address_scope': None, 'ipv6_address_scope': None, 'description': '', 'tags': [], 'created_at': '2025-04-22T03:33:27Z', 'updated_at': '2025-04-22T03:33:27Z', 'revision_number': 1}, Subnet: {'id': '2826399e-acff-4644-bdfd-7465c5dc0221', 'name': 'tempest-SecurityGroupRulesNegativeTestJSON-97934482-subnet', 'tenant_id': '9e827a4767974a56aeeb4edca8506495', 'network_id': '4dc1d9cf-fb28-4194-9a7f-10c37f12a6ed', 'ip_version': 4, 'subnetpool_id': None, 'enable_dhcp': True, 'ipv6_ra_mode': None, 'ipv6_address_mode': None, 'gateway_ip': '192.168.128.1', 'cidr': '192.168.128.0/28', 'allocation_pools': [{'start': '192.168.128.2', 'end': '192.168.128.14'}], 'host_routes': [], 'dns_nameservers': [], 'description': '', 'router:external': False, 'service_types': [], 'tags': [], 'created_at': '2025-04-22T03:33:27Z', 'updated_at': '2025-04-22T03:33:27Z', 'revision_number': 0, 'project_id': '9e827a4767974a56aeeb4edca8506495'}, Router: {'id': '4fa1ff8c-4d2c-41cd-bce6-09805c6bcff9', 'name': 'tempest-SecurityGroupRulesNegativeTestJSON-97934482-router', 'tenant_id': '9e827a4767974a56aeeb4edca8506495', 'admin_state_up': True, 'status': 'ACTIVE', 'external_gateway_info': {'network_id': 'afda74f0-b278-4fba-9b85-b4dccf198437', 'external_fixed_ips': [{'subnet_id': '119b8416-4ca0-433d-8723-e0ea988393a7', 'ip_address': '10.180.180.144'}], 'enable_snat': True}, 'description': '', 'availability_zones': [], 'distributed': False, 'ha': False, 'availability_zone_hints': [], 'routes': [], 'flavor_id': None, 'tags': [], 'created_at': '2025-04-22T03:33:27Z', 'updated_at': '2025-04-22T03:33:28Z', 'revision_number': 2, 'project_id': '9e827a4767974a56aeeb4edca8506495'}
2025-04-22 03:33:32.254 70343 INFO tempest.lib.common.rest_client [req-41263318-78a4-40d9-938f-de67a2dff1da req-41263318-78a4-40d9-938f-de67a2dff1da ] Request (FlavorsV2NegativeTest:setUpClass): 201 POST http://10.180.1.21/identity/v3/auth/tokens 0.101s
2025-04-22 03:33:32.292 70359 INFO tempest.lib.common.rest_client [req-e14b25b5-090f-40f7-9ce0-acdeaf8d002f req-e14b25b5-090f-40f7-9ce0-acdeaf8d002f ] Request (QuotasAdminTestV236:tearDownClass): 204 DELETE http://10.180.1.21/identity/v3/projects/70dd169ab95d479fa33ff37eec4bcea1 0.151s
2025-04-22 03:33:32.293 70359 INFO tempest.lib.common.dynamic_creds [-] Deleting project and security group for project: 8a6ca24c58534ab5afb2e8f7fbf7f7eb
2025-04-22 03:33:32.293 70363 INFO tempest.lib.common.rest_client [req-1ed54413-4b12-4bdd-9d67-fd3c615ccd58 req-1ed54413-4b12-4bdd-9d67-fd3c615ccd58 ] Request (FloatingIPsTestJSON:setUpClass): 201 POST http://10.180.1.21:9696/networking/v2.0/subnets 1.382s
2025-04-22 03:33:32.323 70339 INFO tempest.lib.common.rest_client [req-9f245de6-8651-4f03-9aed-9655e6307e38 req-9f245de6-8651-4f03-9aed-9655e6307e38 ] Request (SecurityGroupRulesNegativeTestJSON:setUpClass): 201 POST http://10.180.1.21/identity/v3/auth/tokens 0.113s
2025-04-22 03:33:32.345 70343 INFO tempest.lib.common.rest_client [req-31741fab-ded7-4578-a432-d833d3f95732 req-31741fab-ded7-4578-a432-d833d3f95732 ] Request (FlavorsV2NegativeTest:setUpClass): 201 POST http://10.180.1.21/identity/v3/auth/tokens 0.089s
2025-04-22 03:33:32.347 70313 INFO tempest.lib.common.rest_client [req-b890dfd2-4fe9-40b1-b514-16962d1ac014 req-b890dfd2-4fe9-40b1-b514-16962d1ac014 ] Request (ListServerFiltersTestJSON:setUpClass): 200 GET http://10.180.1.21/compute/v2.1/servers/0289665d-6bca-4cd0-911e-83698c3b97c8 1.907s
2025-04-22 03:33:32.355 70309 INFO tempest.lib.common.rest_client [req-8b91b3a9-8c45-443e-b6d5-cd2c84425eb2 req-8b91b3a9-8c45-443e-b6d5-cd2c84425eb2 ] Request (AggregatesAdminNegativeTestJSON:test_aggregate_remove_host_as_user): 403 POST http://10.180.1.21/compute/v2.1/os-aggregates/7/action 1.824s
2025-04-22 03:33:32.377 70343 INFO tempest.lib.common.rest_client [req-5e5a43af-a147-455d-8f9e-db2b5b2dd20a req-5e5a43af-a147-455d-8f9e-db2b5b2dd20a ] Request (FlavorsV2NegativeTest:setUpClass): 200 GET http://10.180.1.21/identity/v3/domains?name=Default 0.031s
2025-04-22 03:33:32.384 70331 INFO tempest.lib.common.rest_client [req-9a601a5d-221c-4357-b6b4-fb87b4cbbf29 req-9a601a5d-221c-4357-b6b4-fb87b4cbbf29 ] Request (HostsAdminNegativeTestJSON:tearDownClass): 200 GET http://10.180.1.21:9696/networking/v2.0/security-groups?tenant_id=ad5015cbefdd4f298089df7b98b8e73a&name=default 0.575s
2025-04-22 03:33:32.405 70343 INFO tempest.lib.common.rest_client [req-3c72aa87-838c-4cca-9399-2b423ac07100 req-3c72aa87-838c-4cca-9399-2b423ac07100 ] Request (FlavorsV2NegativeTest:setUpClass): 201 POST http://10.180.1.21/identity/v3/projects 0.027s
2025-04-22 03:33:32.485 70343 INFO tempest.lib.common.rest_client [req-139a9446-4d09-4e10-97b3-fdc26f8a73a8 req-139a9446-4d09-4e10-97b3-fdc26f8a73a8 ] Request (FlavorsV2NegativeTest:setUpClass): 201 POST http://10.180.1.21/identity/v3/users 0.079s
2025-04-22 03:33:32.511 70315 INFO tempest.lib.common.rest_client [req-5c20eae5-6405-4d9c-b489-0368810a852a req-5c20eae5-6405-4d9c-b489-0368810a852a ] Request (ServersV294TestFqdnHostnames:setUpClass): 201 POST http://10.180.1.21:9696/networking/v2.0/floatingips 2.180s
2025-04-22 03:33:32.513 70343 INFO tempest.lib.common.rest_client [req-6a3b7839-6647-4eb9-927c-1e77a975a616 req-6a3b7839-6647-4eb9-927c-1e77a975a616 ] Request (FlavorsV2NegativeTest:setUpClass): 200 GET http://10.180.1.21/identity/v3/roles 0.028s
2025-04-22 03:33:32.561 70343 INFO tempest.lib.common.rest_client [req-7dd4c5e2-d447-40c4-8ac3-44e88de89198 req-7dd4c5e2-d447-40c4-8ac3-44e88de89198 ] Request (FlavorsV2NegativeTest:setUpClass): 204 PUT http://10.180.1.21/identity/v3/projects/2e258ff808784df9966cf39f80fe54db/users/9082900453cb423bb7db7e18eea5488b/roles/b5682fdd71384028abf6a7cbee8499dd 0.047s
2025-04-22 03:33:32.561 70343 INFO tempest.lib.common.dynamic_creds [-] Dynamic test user 9082900453cb423bb7db7e18eea5488b is created with scope project and roles: ['member']
2025-04-22 03:33:32.561 70343 INFO tempest.lib.common.dynamic_creds [-] Acquired dynamic creds: credentials: Credentials: {'domain_id': 'default', 'domain_name': 'Default', 'username': 'tempest-FlavorsV2NegativeTest-1724044074-project-member', 'project_domain_id': 'default', 'project_domain_name': 'Default', 'project_id': '2e258ff808784df9966cf39f80fe54db', 'project_name': 'tempest-FlavorsV2NegativeTest-1724044074', 'tenant_id': '2e258ff808784df9966cf39f80fe54db', 'tenant_name': 'tempest-FlavorsV2NegativeTest-1724044074', 'user_domain_id': 'default', 'user_domain_name': 'Default', 'user_id': '9082900453cb423bb7db7e18eea5488b', 'system': None}, Network: None, Subnet: None, Router: None
2025-04-22 03:33:32.562 70343 INFO tempest.lib.common.dynamic_creds [-] Created isolated network resources for: credentials: Credentials: {'domain_id': 'default', 'domain_name': 'Default', 'username': 'tempest-FlavorsV2NegativeTest-1724044074-project-member', 'project_domain_id': 'default', 'project_domain_name': 'Default', 'project_id': '2e258ff808784df9966cf39f80fe54db', 'project_name': 'tempest-FlavorsV2NegativeTest-1724044074', 'tenant_id': '2e258ff808784df9966cf39f80fe54db', 'tenant_name': 'tempest-FlavorsV2NegativeTest-1724044074', 'user_domain_id': 'default', 'user_domain_name': 'Default', 'user_id': '9082900453cb423bb7db7e18eea5488b', 'system': None}, Network: None, Subnet: None, Router: None
2025-04-22 03:33:32.600 70315 INFO tempest.lib.common.rest_client [req-65ad8379-77c8-4efd-bcff-4eb1b227d475 req-65ad8379-77c8-4efd-bcff-4eb1b227d475 ] Request (ServersV294TestFqdnHostnames:setUpClass): 201 POST http://10.180.1.21/identity/v3/auth/tokens 0.082s
2025-04-22 03:33:32.600 70315 INFO tempest.lib.common.fixed_network [-] (ServersV294TestFqdnHostnames:setUpClass) Found network {'id': 'c4b8c03f-83f3-4a9e-a51b-0c0ffae96db9', 'name': 'tempest-ServersV294TestFqdnHostnames-1519692823-network', 'tenant_id': 'a6351fff87554a22811e7fc94e0df303', 'admin_state_up': True, 'mtu': 8950, 'status': 'ACTIVE', 'subnets': [], 'shared': False, 'project_id': 'a6351fff87554a22811e7fc94e0df303', 'port_security_enabled': True, 'router:external': False, 'provider:network_type': 'vlan', 'provider:physical_network': 'default', 'provider:segmentation_id': 779, 'availability_zone_hints': [], 'availability_zones': [], 'ipv4_address_scope': None, 'ipv6_address_scope': None, 'description': '', 'tags': [], 'created_at': '2025-04-22T03:33:23Z', 'updated_at': '2025-04-22T03:33:23Z', 'revision_number': 1} available for tenant
2025-04-22 03:33:32.605 70319 INFO tempest.lib.common.rest_client [req-b803d9eb-0328-4139-bcd4-b4ebfc9ac5e8 req-b803d9eb-0328-4139-bcd4-b4ebfc9ac5e8 ] Request (SecurityGroupsTestJSON:test_list_security_groups_by_server): 202 POST http://10.180.1.21/compute/v2.1/servers 2.228s
2025-04-22 03:33:32.623 70331 INFO tempest.lib.common.rest_client [req-6d3664e2-5859-462a-9ba3-7b8d8810e36b req-6d3664e2-5859-462a-9ba3-7b8d8810e36b ] Request (HostsAdminNegativeTestJSON:tearDownClass): 204 DELETE http://10.180.1.21:9696/networking/v2.0/security-groups/0d2eb805-56ba-4af7-b56d-0c95d701335a 0.239s
2025-04-22 03:33:32.697 70343 INFO tempest.lib.common.rest_client [req-e9803ffe-72b6-4bb2-8f12-f280b702d7fd req-e9803ffe-72b6-4bb2-8f12-f280b702d7fd ] Request (FlavorsV2NegativeTest:setUpClass): 201 POST http://10.180.1.21/identity/v3/auth/tokens 0.130s
2025-04-22 03:33:32.703 70359 INFO tempest.lib.common.rest_client [req-a5ccd4ff-97f7-4ce0-8202-349ab496dbeb req-a5ccd4ff-97f7-4ce0-8202-349ab496dbeb ] Request (QuotasAdminTestV236:tearDownClass): 200 GET http://10.180.1.21:9696/networking/v2.0/security-groups?tenant_id=8a6ca24c58534ab5afb2e8f7fbf7f7eb&name=default 0.410s
2025-04-22 03:33:32.735 70353 INFO tempest.lib.common.rest_client [req-76f17ece-6a50-47b6-9679-124e209355e1 req-76f17ece-6a50-47b6-9679-124e209355e1 ] Request (ImagesTestJSON:test_create_image_from_stopped_server): 200 GET http://10.180.1.21/compute/v2.1/servers/8d24c8fe-c846-436a-b803-b9b7cdb63355 1.988s
2025-04-22 03:33:32.748 70353 INFO tempest.common.waiters [-] State transition "ACTIVE/powering-off" ==> "SHUTOFF/None" after 3 second wait
2025-04-22 03:33:32.789 70331 INFO tempest.lib.common.rest_client [req-9811a7f2-de03-4de9-a924-467eda76b7d4 req-9811a7f2-de03-4de9-a924-467eda76b7d4 ] Request (HostsAdminNegativeTestJSON:tearDownClass): 204 DELETE http://10.180.1.21/identity/v3/projects/ad5015cbefdd4f298089df7b98b8e73a 0.166s
2025-04-22 03:33:32.815 70335 INFO tempest.lib.common.rest_client [req-23b44844-0d1b-4585-8b0f-18271dc513e6 req-23b44844-0d1b-4585-8b0f-18271dc513e6 ] Request (FloatingIPsAssociationTestJSON:test_associate_already_associated_floating_ip): 200 GET http://10.180.1.21/compute/v2.1/servers/3fac017c-41a0-40f2-8f77-b1d72e1903dc 1.930s
2025-04-22 03:33:32.868 70307 INFO tempest.lib.common.rest_client [req-8fde37da-373f-4163-9ba5-c5ee8d07523c req-8fde37da-373f-4163-9ba5-c5ee8d07523c ] Request (ImagesOneServerTestJSON:test_create_delete_image): 200 GET http://10.180.1.21/compute/v2.1/images/712ecf4c-accb-44b8-ae0f-aa3818559d85 1.926s
2025-04-22 03:33:32.901 70331 INFO tempest.lib.common.rest_client [req-1a82faec-6144-471f-875f-aca9b6f98f2d req-1a82faec-6144-471f-875f-aca9b6f98f2d ] Request (HypervisorAdminNegativeTestJSON:setUpClass): 201 POST http://10.180.1.21/identity/v3/auth/tokens 0.110s
2025-04-22 03:33:32.934 70347 INFO tempest.lib.common.rest_client [req-4ae59bb0-7c22-4d8b-8ad7-12ae89261e8b req-4ae59bb0-7c22-4d8b-8ad7-12ae89261e8b ] Request (ServersWithSpecificFlavorTestJSON:test_verify_created_server_ephemeral_disk): 200 GET http://10.180.1.21/compute/v2.1/servers/46ca388e-79b7-403b-a895-99a9d1ac93cd 1.790s
2025-04-22 03:33:32.937 70331 INFO tempest.lib.common.rest_client [req-47482cb1-59f6-4898-a2b8-c8f79e4c0350 req-47482cb1-59f6-4898-a2b8-c8f79e4c0350 ] Request (HypervisorAdminNegativeTestJSON:setUpClass): 201 POST http://10.180.1.21/identity/v3/auth/tokens 0.031s
2025-04-22 03:33:32.968 70331 INFO tempest.lib.common.rest_client [req-0c612d3c-fd97-4f9d-8f0d-4ac1cec8b358 req-0c612d3c-fd97-4f9d-8f0d-4ac1cec8b358 ] Request (HypervisorAdminNegativeTestJSON:setUpClass): 200 GET http://10.180.1.21/identity/v3/domains?name=Default 0.030s
2025-04-22 03:33:33.007 70351 INFO tempest.lib.common.rest_client [req-f26fb811-d068-4034-b952-0705497fcfa9 req-f26fb811-d068-4034-b952-0705497fcfa9 ] Request (FloatingIPDetailsTestJSON:setUpClass): 201 POST http://10.180.1.21:9696/networking/v2.0/routers 2.809s
2025-04-22 03:33:33.009 70331 INFO tempest.lib.common.rest_client [req-ea8c9c79-8ceb-4210-8328-e122fa7bd5e5 req-ea8c9c79-8ceb-4210-8328-e122fa7bd5e5 ] Request (HypervisorAdminNegativeTestJSON:setUpClass): 201 POST http://10.180.1.21/identity/v3/projects 0.040s
2025-04-22 03:33:33.028 70367 INFO tempest.lib.common.rest_client [req-cbc95488-d87c-432e-ac69-5ff70fa6aa8a req-cbc95488-d87c-432e-ac69-5ff70fa6aa8a ] Request (VolumesAdminNegativeTest:test_update_attached_volume_with_nonexistent_volume_in_body): 200 GET http://10.180.1.21/compute/v2.1/servers/4b94054c-1d27-45ee-92dd-4432e1e81a33 2.260s
2025-04-22 03:33:33.034 70305 INFO tempest.lib.common.rest_client [req-d25488e9-a387-4d86-9fa5-20524a528a17 req-d25488e9-a387-4d86-9fa5-20524a528a17 ] Request (ServersAaction247Test:tearDownClass): 200 GET http://10.180.1.21/compute/v2.1/servers/76d2772a-8392-4a05-bd09-07949475b4b6 1.773s
2025-04-22 03:33:33.066 70359 INFO tempest.lib.common.rest_client [req-16804e13-2c78-4c3d-b06e-082cd97f019b req-16804e13-2c78-4c3d-b06e-082cd97f019b ] Request (QuotasAdminTestV236:tearDownClass): 204 DELETE http://10.180.1.21:9696/networking/v2.0/security-groups/e1194cd4-64f0-4460-81ac-880384567e13 0.360s
2025-04-22 03:33:33.080 70331 INFO tempest.lib.common.rest_client [req-6e8a9d65-8a1c-475e-b7e2-881dea27446d req-6e8a9d65-8a1c-475e-b7e2-881dea27446d ] Request (HypervisorAdminNegativeTestJSON:setUpClass): 201 POST http://10.180.1.21/identity/v3/users 0.071s
2025-04-22 03:33:33.105 70355 INFO tempest.lib.common.rest_client [req-03638317-baee-4ada-9e25-41fca9e2cf4a req-03638317-baee-4ada-9e25-41fca9e2cf4a ] Request (ServersTestManualDisk:setUpClass): 200 GET http://10.180.1.21/compute/v2.1/servers/e8adf65d-fde7-4479-a05c-5690f9e87910 1.740s
2025-04-22 03:33:33.108 70331 INFO tempest.lib.common.rest_client [req-bd3e9095-e1bf-445e-a1df-55c9303e028a req-bd3e9095-e1bf-445e-a1df-55c9303e028a ] Request (HypervisorAdminNegativeTestJSON:setUpClass): 200 GET http://10.180.1.21/identity/v3/roles 0.027s
2025-04-22 03:33:33.144 70331 INFO tempest.lib.common.rest_client [req-7a039df9-6b0f-4c06-90b0-f0cc50557a32 req-7a039df9-6b0f-4c06-90b0-f0cc50557a32 ] Request (HypervisorAdminNegativeTestJSON:setUpClass): 204 PUT http://10.180.1.21/identity/v3/projects/0e536f4efdd24b90bc95f31a8e9c2453/users/6db05e9bb5964a80b65d82d885ef3aa7/roles/b5682fdd71384028abf6a7cbee8499dd 0.035s
2025-04-22 03:33:33.144 70331 INFO tempest.lib.common.dynamic_creds [-] Dynamic test user 6db05e9bb5964a80b65d82d885ef3aa7 is created with scope project and roles: ['member']
2025-04-22 03:33:33.145 70331 INFO tempest.lib.common.dynamic_creds [-] Acquired dynamic creds: credentials: Credentials: {'domain_id': 'default', 'domain_name': 'Default', 'username': 'tempest-HypervisorAdminNegativeTestJSON-504349761-project-member', 'project_domain_id': 'default', 'project_domain_name': 'Default', 'project_id': '0e536f4efdd24b90bc95f31a8e9c2453', 'project_name': 'tempest-HypervisorAdminNegativeTestJSON-504349761', 'tenant_id': '0e536f4efdd24b90bc95f31a8e9c2453', 'tenant_name': 'tempest-HypervisorAdminNegativeTestJSON-504349761', 'user_domain_id': 'default', 'user_domain_name': 'Default', 'user_id': '6db05e9bb5964a80b65d82d885ef3aa7', 'system': None}, Network: None, Subnet: None, Router: None
2025-04-22 03:33:33.145 70331 INFO tempest.lib.common.dynamic_creds [-] Created isolated network resources for: credentials: Credentials: {'domain_id': 'default', 'domain_name': 'Default', 'username': 'tempest-HypervisorAdminNegativeTestJSON-504349761-project-member', 'project_domain_id': 'default', 'project_domain_name': 'Default', 'project_id': '0e536f4efdd24b90bc95f31a8e9c2453', 'project_name': 'tempest-HypervisorAdminNegativeTestJSON-504349761', 'tenant_id': '0e536f4efdd24b90bc95f31a8e9c2453', 'tenant_name': 'tempest-HypervisorAdminNegativeTestJSON-504349761', 'user_domain_id': 'default', 'user_domain_name': 'Default', 'user_id': '6db05e9bb5964a80b65d82d885ef3aa7', 'system': None}, Network: None, Subnet: None, Router: None
2025-04-22 03:33:33.154 70359 INFO tempest.lib.common.rest_client [req-f66f50f0-eca8-4255-9220-c6f9562a6cb1 req-f66f50f0-eca8-4255-9220-c6f9562a6cb1 ] Request (QuotasAdminTestV236:tearDownClass): 204 DELETE http://10.180.1.21/identity/v3/projects/8a6ca24c58534ab5afb2e8f7fbf7f7eb 0.087s
2025-04-22 03:33:33.241 70365 INFO tempest.lib.common.rest_client [req-be34a62e-eb99-4dbf-9282-26c8a0aa9c53 req-be34a62e-eb99-4dbf-9282-26c8a0aa9c53 ] Request (ServerExternalEventsTest:tearDownClass): 200 GET http://10.180.1.21/compute/v2.1/servers/60073f62-26e8-4d08-a43b-972ca96bcc9e 1.826s
2025-04-22 03:33:33.252 70323 INFO tempest.lib.common.rest_client [req-c4d57a5f-e99b-4a47-a618-a52509e682d3 req-c4d57a5f-e99b-4a47-a618-a52509e682d3 ] Request (ListImageFiltersTestJSON:setUpClass): 200 GET http://10.180.1.21/compute/v2.1/servers/3a7cb3aa-08e8-4d2f-94bc-8cf4d82544e1 1.801s
2025-04-22 03:33:33.274 70359 INFO tempest.lib.common.rest_client [req-95e94a07-063b-4ce1-b09c-9406b9d9594b req-95e94a07-063b-4ce1-b09c-9406b9d9594b ] Request (ImagesNegativeTestJSON:setUpClass): 201 POST http://10.180.1.21/identity/v3/auth/tokens 0.119s
2025-04-22 03:33:33.385 70331 INFO tempest.lib.common.rest_client [req-4582c5df-e27f-43f2-a1f5-a17b01398dd1 req-4582c5df-e27f-43f2-a1f5-a17b01398dd1 ] Request (HypervisorAdminNegativeTestJSON:setUpClass): 201 POST http://10.180.1.21/identity/v3/auth/tokens 0.237s
2025-04-22 03:33:33.388 70359 INFO tempest.lib.common.rest_client [req-a41a0ad9-9bc0-4d36-b301-aab321f8c76e req-a41a0ad9-9bc0-4d36-b301-aab321f8c76e ] Request (ImagesNegativeTestJSON:setUpClass): 201 POST http://10.180.1.21/identity/v3/auth/tokens 0.109s
2025-04-22 03:33:33.432 70331 INFO tempest.lib.common.rest_client [req-35d502f3-dc4f-4182-80f8-032d94a053a1 req-35d502f3-dc4f-4182-80f8-032d94a053a1 ] Request (HypervisorAdminNegativeTestJSON:setUpClass): 201 POST http://10.180.1.21/identity/v3/projects 0.046s
2025-04-22 03:33:33.437 70359 INFO tempest.lib.common.rest_client [req-75f6bcfa-1393-4926-8e18-bd144db5b226 req-75f6bcfa-1393-4926-8e18-bd144db5b226 ] Request (ImagesNegativeTestJSON:setUpClass): 200 GET http://10.180.1.21/identity/v3/domains?name=Default 0.048s
2025-04-22 03:33:33.457 70345 INFO tempest.lib.common.rest_client [req-cae7db3f-4a65-4148-bfee-df5300654805 req-cae7db3f-4a65-4148-bfee-df5300654805 ] Request (ServerMetadataTestJSON:setUpClass): 200 GET http://10.180.1.21/compute/v2.1/servers/9f30e265-50d0-42b4-a79f-950aa915aa53 1.853s
2025-04-22 03:33:33.496 70357 INFO tempest.lib.common.rest_client [req-a836a543-39d5-4c22-aa4d-c9db85ab62e9 req-a836a543-39d5-4c22-aa4d-c9db85ab62e9 ] Request (QuotaClassesAdmin257Test:test_update_default_quotas): 200 PUT http://10.180.1.21/compute/v2.1/os-quota-class-sets/default 1.906s
2025-04-22 03:33:33.519 70331 INFO tempest.lib.common.rest_client [req-50941d3e-a189-4c62-a40e-109d2ff91816 req-50941d3e-a189-4c62-a40e-109d2ff91816 ] Request (HypervisorAdminNegativeTestJSON:setUpClass): 201 POST http://10.180.1.21/identity/v3/users 0.086s
2025-04-22 03:33:33.546 70331 INFO tempest.lib.common.rest_client [req-f07bacf8-c452-458c-8970-78fcb5c3554c req-f07bacf8-c452-458c-8970-78fcb5c3554c ] Request (HypervisorAdminNegativeTestJSON:setUpClass): 200 GET http://10.180.1.21/identity/v3/roles 0.027s
2025-04-22 03:33:33.550 70359 INFO tempest.lib.common.rest_client [req-494d1c9e-3dd6-44df-9ee2-3723adbd04f3 req-494d1c9e-3dd6-44df-9ee2-3723adbd04f3 ] Request (ImagesNegativeTestJSON:setUpClass): 201 POST http://10.180.1.21/identity/v3/projects 0.113s
2025-04-22 03:33:33.599 70341 INFO tempest.lib.common.rest_client [req-b8e462be-c28c-46e6-903b-a52d6bb44382 req-b8e462be-c28c-46e6-903b-a52d6bb44382 ] Request (DeleteServersAdminTestJSON:test_admin_delete_servers_of_others): 200 GET http://10.180.1.21/compute/v2.1/servers/81494cda-756f-492d-b8ba-993b257da132 1.922s
2025-04-22 03:33:33.621 70329 INFO tempest.lib.common.rest_client [req-8d2c0e21-ff18-451a-9063-84d45dfbc57b req-8d2c0e21-ff18-451a-9063-84d45dfbc57b ] Request (VolumesAssistedSnapshotsTest:test_volume_assisted_snapshot_create_delete): 200 GET http://10.180.1.21/compute/v2.1/servers/0f5ccae7-1100-4899-8949-687a20f268b9 1.915s
2025-04-22 03:33:33.641 70331 INFO tempest.lib.common.rest_client [req-2bcc13e9-f03d-47b2-9873-8c4118feec70 req-2bcc13e9-f03d-47b2-9873-8c4118feec70 ] Request (HypervisorAdminNegativeTestJSON:setUpClass): 204 PUT http://10.180.1.21/identity/v3/projects/518e5ca5f3e54d0485792a20b10f9ef6/users/8e0861519f3a49598c187cdceba4f49c/roles/87e3a7bf0eb44978b540db2641702b41 0.094s
2025-04-22 03:33:33.690 70337 INFO tempest.lib.common.rest_client [req-b7077e7e-8d5a-460e-b52f-d8f0c1d28e27 req-b7077e7e-8d5a-460e-b52f-d8f0c1d28e27 ] Request (TenantUsagesTestJSON:setUpClass): 200 GET http://10.180.1.21/compute/v2.1/servers/ef11d456-2416-4498-aa7c-e1a51cb865d3 1.911s
