2025-03-06 22:13:11.178 67351 INFO tempest.lib.common.rest_client [req-3a57692e-0d14-4b50-b25e-afb3480083f1 req-3a57692e-0d14-4b50-b25e-afb3480083f1 ] Request (DeleteServersTestJSON:test_delete_active_server): 200 GET http://10.180.1.21/compute/v2.1/servers/30fbf80d-2893-49cb-b4e8-456d08ce4e3a 0.216s
2025-03-06 22:13:11.245 67331 INFO tempest.lib.common.rest_client [req-35f2b7d0-eafc-4414-90be-919c56431e55 req-35f2b7d0-eafc-4414-90be-919c56431e55 ] Request (InstanceActionsNegativeTestJSON:setUpClass): 200 GET http://10.180.1.21/compute/v2.1/servers/40a26f4e-0be9-4770-83a7-31c87dbf921f 0.160s
2025-03-06 22:13:11.268 67349 INFO tempest.lib.common.rest_client [req-47cc94d5-2e4a-4ad2-8094-b8f1c97bba16 req-47cc94d5-2e4a-4ad2-8094-b8f1c97bba16 ] Request (FloatingIPsAssociationTestJSON:setUpClass): 200 GET http://10.180.1.21/compute/v2.1/servers/24f99c22-49e9-486a-a2d7-a02a8da3f6d3 0.099s
2025-03-06 22:13:11.362 67311 INFO tempest.lib.common.rest_client [req-f3773079-bccb-4db0-8d3a-dcf22e73101f req-f3773079-bccb-4db0-8d3a-dcf22e73101f ] Request (ImagesOneServerNegativeTestJSON:setUpClass): 200 GET http://10.180.1.21/compute/v2.1/servers/cc257ece-4b3e-45c8-a1a7-69330848ad89 0.111s
2025-03-06 22:13:11.405 67293 INFO tempest.lib.common.rest_client [req-b3cc23ec-4bbd-43e1-8607-c953e827338a req-b3cc23ec-4bbd-43e1-8607-c953e827338a ] Request (ServersTestBootFromVolume:setUpClass): 200 GET http://10.180.1.21/compute/v2.1/servers/e5c8de12-61ca-4bc1-b871-b84cf802e916 0.114s
2025-03-06 22:13:11.427 67319 INFO tempest.lib.common.rest_client [req-82c7f754-925f-4070-b9e3-c8930bb41de3 req-82c7f754-925f-4070-b9e3-c8930bb41de3 ] Request (AttachVolumeShelveTestJSON:test_attach_volume_shelved_or_offload_server): 200 GET http://10.180.1.21/compute/v2.1/servers/f5fce891-3c35-415e-9d09-c5c8dca3dde3 0.158s
2025-03-06 22:13:11.595 67323 INFO tempest.lib.common.rest_client [req-dffaa701-3a07-4d92-b899-0d124df84f00 req-dffaa701-3a07-4d92-b899-0d124df84f00 ] Request (ServerGroupTestJSON:test_create_server_with_scheduler_hint_group): 200 GET http://10.180.1.21/compute/v2.1/servers/80863f1b-9c19-4fcc-8692-6015d623e011 0.254s
2025-03-06 22:13:11.640 67317 INFO tempest.lib.common.rest_client [req-e8b75004-88a9-45a1-8080-57bfb963eced req-e8b75004-88a9-45a1-8080-57bfb963eced ] Request (ServersWithSpecificFlavorTestJSON:test_verify_created_server_ephemeral_disk): 200 GET http://10.180.1.21/compute/v2.1/servers/70e0c15e-d968-46ba-bb97-35d6687e9834 0.236s
2025-03-06 22:13:11.652 67333 INFO tempest.lib.common.rest_client [req-80d432f4-01ba-4336-8cbd-dcda6838e429 req-80d432f4-01ba-4336-8cbd-dcda6838e429 ] Request (ServersAdminNegativeTestJSON:setUpClass): 200 GET http://10.180.1.21/compute/v2.1/servers/6ca0b308-d3d1-49bd-8ce1-813017b3c833 0.292s
2025-03-06 22:13:11.699 67345 INFO tempest.lib.common.rest_client [req-93142592-06f9-4b92-a3e5-61c8ed6c2d82 req-93142592-06f9-4b92-a3e5-61c8ed6c2d82 ] Request (ImagesTestJSON:test_create_image_from_suspended_server): 200 GET http://10.180.1.21/compute/v2.1/servers/95604dd8-b797-440e-a844-af44609faa61 0.255s
2025-03-06 22:13:11.794 67327 INFO tempest.lib.common.rest_client [req-64ebc617-3569-4494-98a2-f912415ed24b req-64ebc617-3569-4494-98a2-f912415ed24b ] Request (ServersAdminTestJSON:setUpClass): 200 GET http://10.180.1.21/compute/v2.1/servers/72dc7fb5-e94e-4784-9864-a1731ea7c755 0.366s
2025-03-06 22:13:11.818 67341 INFO tempest.lib.common.rest_client [req-9d5b4be1-9d0c-4fd8-a19c-99250b0fa6ee req-9d5b4be1-9d0c-4fd8-a19c-99250b0fa6ee ] Request (AttachInterfacesUnderV243Test:test_add_remove_fixed_ip): 200 GET http://10.180.1.21/compute/v2.1/servers/3aa08a8c-5e53-4fd3-9b66-6e6367d31a50 0.098s
2025-03-06 22:13:11.870 67299 INFO tempest.lib.common.rest_client [req-50425bde-0808-4075-9b63-cbf56b67d44c req-50425bde-0808-4075-9b63-cbf56b67d44c ] Request (ServerAddressesTestJSON:setUpClass): 200 GET http://10.180.1.21/compute/v2.1/servers/cb387fbf-affd-4d9f-a4ef-7eef58847130 0.102s
2025-03-06 22:13:11.891 67313 INFO tempest.lib.common.rest_client [req-8b672681-f99c-4da5-abd8-0d7ed2e8e8ba req-8b672681-f99c-4da5-abd8-0d7ed2e8e8ba ] Request (ImagesOneServerTestJSON:setUpClass): 200 GET http://10.180.1.21/compute/v2.1/servers/b2ee12a6-9af9-4d13-aefd-f9585b53cdb8 0.168s
2025-03-06 22:13:11.913 67309 INFO tempest.lib.common.rest_client [req-3297fd7d-d787-4faf-837f-47aec5be4094 req-3297fd7d-d787-4faf-837f-47aec5be4094 ] Request (MigrationsAdminTest:test_list_migrations_in_flavor_resize_situation): 200 GET http://10.180.1.21/compute/v2.1/servers/90f7c936-6d03-4464-8719-12ab257cb714 0.138s
2025-03-06 22:13:11.932 67343 INFO tempest.lib.common.rest_client [req-2fd230d1-3881-4335-85f1-d930b9af8af0 req-2fd230d1-3881-4335-85f1-d930b9af8af0 ] Request (ServersTestFqdnHostnames:test_create_server_with_fqdn_name): 200 GET http://10.180.1.21/compute/v2.1/servers/623dff5f-3c90-4aa0-82ac-5d0fd25dcc0b 0.116s
2025-03-06 22:13:11.956 67325 INFO tempest.lib.common.rest_client [req-28b64acc-77d5-4a07-9543-e6171b52f198 req-28b64acc-77d5-4a07-9543-e6171b52f198 ] Request (ServerDiagnosticsV248Test:test_get_server_diagnostics): 200 GET http://10.180.1.21/compute/v2.1/servers/2308fd77-6032-4e59-9074-1c18e9b02d87 0.123s
2025-03-06 22:13:11.975 67305 INFO tempest.lib.common.rest_client [req-1069c0b1-d285-434e-a63e-23d8a48a73e3 req-1069c0b1-d285-434e-a63e-23d8a48a73e3 ] Request (DeleteServersAdminTestJSON:test_admin_delete_servers_of_others): 200 GET http://10.180.1.21/compute/v2.1/servers/804b3e12-f8a6-46e7-ba00-93e0da2d23d5 0.108s
2025-03-06 22:13:12.005 67329 INFO tempest.lib.common.rest_client [req-ce4dba96-615a-48a5-8704-01e8abc8a917 req-ce4dba96-615a-48a5-8704-01e8abc8a917 ] Request (AttachInterfacesV270Test:test_create_get_list_interfaces): 200 GET http://10.180.1.21/compute/v2.1/servers/72df790c-0cd5-4054-9162-9f9bd3d19239 0.127s
2025-03-06 22:13:12.018 67307 INFO tempest.lib.common.rest_client [req-08df260d-7f01-44df-9a33-39df214c1614 req-08df260d-7f01-44df-9a33-39df214c1614 ] Request (ServersTestMultiNic:test_verify_duplicate_network_nics): 200 GET http://10.180.1.21/compute/v2.1/servers/2fef1490-9ac5-4246-8017-f68e512c51dd 0.107s
2025-03-06 22:13:12.056 67335 INFO tempest.lib.common.rest_client [req-04dbcf0e-8f00-445a-8992-68d83f067de2 req-04dbcf0e-8f00-445a-8992-68d83f067de2 ] Request (ServersAdmin275Test:test_rebuild_update_server_275): 200 GET http://10.180.1.21/compute/v2.1/servers/430ea81b-71f9-4074-829a-fd8a6c24098b 0.127s
2025-03-06 22:13:12.064 67289 INFO tempest.lib.common.rest_client [req-02ca7c8e-6a09-445b-b4ae-58e0fed4e75a req-02ca7c8e-6a09-445b-b4ae-58e0fed4e75a ] Request (ServerDiskConfigTestJSON:test_rebuild_server_with_auto_disk_config): 200 GET http://10.180.1.21/compute/v2.1/servers/04badd98-b2f0-483d-82e9-5806dbf8edb3 0.112s
2025-03-06 22:13:12.098 67339 INFO tempest.lib.common.rest_client [req-dc970201-b313-4ad0-b5ef-c6db3c8fe437 req-dc970201-b313-4ad0-b5ef-c6db3c8fe437 ] Request (ImagesNegativeTestJSON:test_create_image_from_deleted_server): 200 GET http://10.180.1.21/compute/v2.1/servers/adc51b71-5867-43f2-a947-62e8e733db76 0.131s
2025-03-06 22:13:12.109 67295 INFO tempest.lib.common.rest_client [req-a473f80c-881a-45e5-a3e5-28c248b9467b req-a473f80c-881a-45e5-a3e5-28c248b9467b ] Request (ServerActionsTestJSON:setUpClass): 200 GET http://10.180.1.21/compute/v2.1/servers/411f1932-4397-4aaa-ab21-55ff90342fbb 0.113s
2025-03-06 22:13:12.137 67337 INFO tempest.lib.common.rest_client [req-13a1d68f-adae-4c90-8435-c60805dbe47f req-13a1d68f-adae-4c90-8435-c60805dbe47f ] Request (ServerRescueTestJSONUnderV235:setUpClass): 200 GET http://10.180.1.21/compute/v2.1/servers/cf29c18a-c923-46c8-ab02-277c2b5ee4d6 0.129s
2025-03-06 22:13:12.150 67315 INFO tempest.lib.common.rest_client [req-62a4fbe6-c309-4850-81f2-88f17471ceee req-62a4fbe6-c309-4850-81f2-88f17471ceee ] Request (VolumesAssistedSnapshotsTest:test_volume_assisted_snapshot_create_delete): 200 GET http://10.180.1.21/compute/v2.1/servers/782f3bee-42b3-4822-a28d-9eb8a6cde1ab 0.113s
2025-03-06 22:13:12.182 67303 INFO tempest.lib.common.rest_client [req-40647291-b95e-4894-a649-f6448d0ecfbf req-40647291-b95e-4894-a649-f6448d0ecfbf ] Request (VolumesAdminNegativeTest:test_update_attached_volume_with_nonexistent_volume_in_body): 200 GET http://10.180.1.21/compute/v2.1/servers/35b9e3ec-c3da-4805-9c0f-7f772d7a3747 0.132s
2025-03-06 22:13:12.194 67301 INFO tempest.lib.common.rest_client [req-3e8170db-95d5-4b1f-9bd7-9763ecf81568 req-3e8170db-95d5-4b1f-9bd7-9763ecf81568 ] Request (ServersTestJSON:setUpClass): 200 GET http://10.180.1.21/compute/v2.1/servers/83b7b19d-bc72-4ac2-992d-9dda68ff1e4d 0.099s
2025-03-06 22:13:12.224 67291 INFO tempest.lib.common.rest_client [req-2aa24069-72f4-4022-853a-4b43a8c75d66 req-2aa24069-72f4-4022-853a-4b43a8c75d66 ] Request (TenantUsagesTestJSON:setUpClass): 200 GET http://10.180.1.21/compute/v2.1/servers/8b645fe3-0a5d-4f12-a99d-1f0580432d59 0.085s
2025-03-06 22:13:12.268 67351 INFO tempest.lib.common.rest_client [req-da9ce464-42c0-4caf-9397-f5bb8a4b7f69 req-da9ce464-42c0-4caf-9397-f5bb8a4b7f69 ] Request (DeleteServersTestJSON:test_delete_active_server): 200 GET http://10.180.1.21/compute/v2.1/servers/30fbf80d-2893-49cb-b4e8-456d08ce4e3a 0.083s
2025-03-06 22:13:12.290 67347 INFO tempest.lib.common.rest_client [req-a151147a-cca8-4020-819c-e8ccbe746cb9 req-a151147a-cca8-4020-819c-e8ccbe746cb9 ] Request (ServerExternalEventsTest:test_create_server_external_events): 200 GET http://10.180.1.21/compute/v2.1/servers/e5e1de51-40a9-4b43-b885-87501738dc96 0.148s
2025-03-06 22:13:12.381 67331 INFO tempest.lib.common.rest_client [req-bcc1a66a-1245-4adb-aaed-12bd5be22205 req-bcc1a66a-1245-4adb-aaed-12bd5be22205 ] Request (InstanceActionsNegativeTestJSON:setUpClass): 200 GET http://10.180.1.21/compute/v2.1/servers/40a26f4e-0be9-4770-83a7-31c87dbf921f 0.128s
2025-03-06 22:13:12.390 67349 INFO tempest.lib.common.rest_client [req-8c898930-c353-4917-9e20-83f6530ce830 req-8c898930-c353-4917-9e20-83f6530ce830 ] Request (FloatingIPsAssociationTestJSON:setUpClass): 200 GET http://10.180.1.21/compute/v2.1/servers/24f99c22-49e9-486a-a2d7-a02a8da3f6d3 0.114s
2025-03-06 22:13:12.462 67293 INFO tempest.lib.common.rest_client [req-d6cf6bb5-49b3-4af3-a04d-17f698d0e806 req-d6cf6bb5-49b3-4af3-a04d-17f698d0e806 ] Request (ServersTestBootFromVolume:setUpClass): 200 GET http://10.180.1.21/compute/v2.1/servers/e5c8de12-61ca-4bc1-b871-b84cf802e916 0.048s
2025-03-06 22:13:12.471 67311 INFO tempest.lib.common.rest_client [req-484ee6f6-9fb5-4988-8f97-7fc41cd200ef req-484ee6f6-9fb5-4988-8f97-7fc41cd200ef ] Request (ImagesOneServerNegativeTestJSON:setUpClass): 200 GET http://10.180.1.21/compute/v2.1/servers/cc257ece-4b3e-45c8-a1a7-69330848ad89 0.100s
2025-03-06 22:13:12.539 67319 INFO tempest.lib.common.rest_client [req-2ced6ed7-b8d8-4416-a27c-f4b6538ab993 req-2ced6ed7-b8d8-4416-a27c-f4b6538ab993 ] Request (AttachVolumeShelveTestJSON:test_attach_volume_shelved_or_offload_server): 200 GET http://10.180.1.21/compute/v2.1/servers/f5fce891-3c35-415e-9d09-c5c8dca3dde3 0.102s
2025-03-06 22:13:12.648 67323 INFO tempest.lib.common.rest_client [req-6f18db85-acf1-4aea-968e-32954e5f9de6 req-6f18db85-acf1-4aea-968e-32954e5f9de6 ] Request (ServerGroupTestJSON:test_create_server_with_scheduler_hint_group): 200 GET http://10.180.1.21/compute/v2.1/servers/80863f1b-9c19-4fcc-8692-6015d623e011 0.045s
2025-03-06 22:13:12.697 67317 INFO tempest.lib.common.rest_client [req-645d2bfb-e850-41f9-b9b1-966e04737f44 req-645d2bfb-e850-41f9-b9b1-966e04737f44 ] Request (ServersWithSpecificFlavorTestJSON:test_verify_created_server_ephemeral_disk): 200 GET http://10.180.1.21/compute/v2.1/servers/70e0c15e-d968-46ba-bb97-35d6687e9834 0.049s
2025-03-06 22:13:12.759 67345 INFO tempest.lib.common.rest_client [req-8d177950-9f39-4e6f-a324-ec4fa1bfd3ff req-8d177950-9f39-4e6f-a324-ec4fa1bfd3ff ] Request (ImagesTestJSON:test_create_image_from_suspended_server): 200 GET http://10.180.1.21/compute/v2.1/servers/95604dd8-b797-440e-a844-af44609faa61 0.051s
2025-03-06 22:13:12.762 67333 INFO tempest.lib.common.rest_client [req-c2a18a73-7b09-48ac-abf6-30e580405cc6 req-c2a18a73-7b09-48ac-abf6-30e580405cc6 ] Request (ServersAdminNegativeTestJSON:setUpClass): 200 GET http://10.180.1.21/compute/v2.1/servers/6ca0b308-d3d1-49bd-8ce1-813017b3c833 0.102s
2025-03-06 22:13:12.920 67327 INFO tempest.lib.common.rest_client [req-ca41cb5d-f6dd-4a34-8c83-186027650112 req-ca41cb5d-f6dd-4a34-8c83-186027650112 ] Request (ServersAdminTestJSON:setUpClass): 200 GET http://10.180.1.21/compute/v2.1/servers/72dc7fb5-e94e-4784-9864-a1731ea7c755 0.118s
2025-03-06 22:13:12.933 67341 INFO tempest.lib.common.rest_client [req-88f5f07a-bff6-468c-9461-c1072225556e req-88f5f07a-bff6-468c-9461-c1072225556e ] Request (AttachInterfacesUnderV243Test:test_add_remove_fixed_ip): 200 GET http://10.180.1.21/compute/v2.1/servers/3aa08a8c-5e53-4fd3-9b66-6e6367d31a50 0.107s
2025-03-06 22:13:12.962 67299 INFO tempest.lib.common.rest_client [req-fdb6508e-d6df-47bd-af03-3353341f8366 req-fdb6508e-d6df-47bd-af03-3353341f8366 ] Request (ServerAddressesTestJSON:setUpClass): 200 GET http://10.180.1.21/compute/v2.1/servers/cb387fbf-affd-4d9f-a4ef-7eef58847130 0.085s
2025-03-06 22:13:13.009 67309 INFO tempest.lib.common.rest_client [req-ea63facb-355f-4079-8ff1-329f04d43153 req-ea63facb-355f-4079-8ff1-329f04d43153 ] Request (MigrationsAdminTest:test_list_migrations_in_flavor_resize_situation): 200 GET http://10.180.1.21/compute/v2.1/servers/90f7c936-6d03-4464-8719-12ab257cb714 0.089s
2025-03-06 22:13:13.028 67313 INFO tempest.lib.common.rest_client [req-0e3b191d-2292-4641-9847-0000714545cc req-0e3b191d-2292-4641-9847-0000714545cc ] Request (ImagesOneServerTestJSON:setUpClass): 200 GET http://10.180.1.21/compute/v2.1/servers/b2ee12a6-9af9-4d13-aefd-f9585b53cdb8 0.129s
2025-03-06 22:13:13.052 67343 INFO tempest.lib.common.rest_client [req-ef8e233a-6427-49f3-881d-08c8920a5ab0 req-ef8e233a-6427-49f3-881d-08c8920a5ab0 ] Request (ServersTestFqdnHostnames:test_create_server_with_fqdn_name): 200 GET http://10.180.1.21/compute/v2.1/servers/623dff5f-3c90-4aa0-82ac-5d0fd25dcc0b 0.112s
2025-03-06 22:13:13.073 67325 INFO tempest.lib.common.rest_client [req-c7a840fb-de9b-40cc-9779-b673cbf57500 req-c7a840fb-de9b-40cc-9779-b673cbf57500 ] Request (ServerDiagnosticsV248Test:test_get_server_diagnostics): 200 GET http://10.180.1.21/compute/v2.1/servers/2308fd77-6032-4e59-9074-1c18e9b02d87 0.108s
2025-03-06 22:13:13.092 67305 INFO tempest.lib.common.rest_client [req-fe1962ee-d139-45b0-abe2-c6c85bf3d623 req-fe1962ee-d139-45b0-abe2-c6c85bf3d623 ] Request (DeleteServersAdminTestJSON:test_admin_delete_servers_of_others): 200 GET http://10.180.1.21/compute/v2.1/servers/804b3e12-f8a6-46e7-ba00-93e0da2d23d5 0.109s
2025-03-06 22:13:13.115 67329 INFO tempest.lib.common.rest_client [req-1a514c84-bc7b-4fed-9221-cd2d4423c730 req-1a514c84-bc7b-4fed-9221-cd2d4423c730 ] Request (AttachInterfacesV270Test:test_create_get_list_interfaces): 200 GET http://10.180.1.21/compute/v2.1/servers/72df790c-0cd5-4054-9162-9f9bd3d19239 0.101s
2025-03-06 22:13:13.132 67307 INFO tempest.lib.common.rest_client [req-f7bbefc7-0968-451d-bb96-63fe872c1ae6 req-f7bbefc7-0968-451d-bb96-63fe872c1ae6 ] Request (ServersTestMultiNic:test_verify_duplicate_network_nics): 200 GET http://10.180.1.21/compute/v2.1/servers/2fef1490-9ac5-4246-8017-f68e512c51dd 0.107s
2025-03-06 22:13:13.160 67335 INFO tempest.lib.common.rest_client [req-639c7480-24e7-44d6-a89c-a890b67be5df req-639c7480-24e7-44d6-a89c-a890b67be5df ] Request (ServersAdmin275Test:test_rebuild_update_server_275): 200 GET http://10.180.1.21/compute/v2.1/servers/430ea81b-71f9-4074-829a-fd8a6c24098b 0.093s
2025-03-06 22:13:13.174 67289 INFO tempest.lib.common.rest_client [req-ec7235c6-b477-45d9-827c-222ea723d3d0 req-ec7235c6-b477-45d9-827c-222ea723d3d0 ] Request (ServerDiskConfigTestJSON:test_rebuild_server_with_auto_disk_config): 200 GET http://10.180.1.21/compute/v2.1/servers/04badd98-b2f0-483d-82e9-5806dbf8edb3 0.101s
2025-03-06 22:13:13.201 67339 INFO tempest.lib.common.rest_client [req-4d93cf42-0e16-4461-8ad0-52e0bd5eceb1 req-4d93cf42-0e16-4461-8ad0-52e0bd5eceb1 ] Request (ImagesNegativeTestJSON:test_create_image_from_deleted_server): 200 GET http://10.180.1.21/compute/v2.1/servers/adc51b71-5867-43f2-a947-62e8e733db76 0.096s
2025-03-06 22:13:13.213 67295 INFO tempest.lib.common.rest_client [req-44f32c93-32f7-49a1-a69d-bf34474428ce req-44f32c93-32f7-49a1-a69d-bf34474428ce ] Request (ServerActionsTestJSON:setUpClass): 200 GET http://10.180.1.21/compute/v2.1/servers/411f1932-4397-4aaa-ab21-55ff90342fbb 0.096s
2025-03-06 22:13:13.253 67337 INFO tempest.lib.common.rest_client [req-87631cb6-c95c-436b-bb7d-b2b3f4322a69 req-87631cb6-c95c-436b-bb7d-b2b3f4322a69 ] Request (ServerRescueTestJSONUnderV235:setUpClass): 200 GET http://10.180.1.21/compute/v2.1/servers/cf29c18a-c923-46c8-ab02-277c2b5ee4d6 0.108s
2025-03-06 22:13:13.254 67315 INFO tempest.lib.common.rest_client [req-e34281f9-9709-4694-8187-b57f8bae92a0 req-e34281f9-9709-4694-8187-b57f8bae92a0 ] Request (VolumesAssistedSnapshotsTest:test_volume_assisted_snapshot_create_delete): 200 GET http://10.180.1.21/compute/v2.1/servers/782f3bee-42b3-4822-a28d-9eb8a6cde1ab 0.095s
2025-03-06 22:13:13.306 67303 INFO tempest.lib.common.rest_client [req-209c8091-6d15-4f2b-abe5-65b78d77f2af req-209c8091-6d15-4f2b-abe5-65b78d77f2af ] Request (VolumesAdminNegativeTest:test_update_attached_volume_with_nonexistent_volume_in_body): 200 GET http://10.180.1.21/compute/v2.1/servers/35b9e3ec-c3da-4805-9c0f-7f772d7a3747 0.114s
2025-03-06 22:13:13.306 67301 INFO tempest.lib.common.rest_client [req-6f403c9f-3264-4509-9dba-6aa91dfef5fb req-6f403c9f-3264-4509-9dba-6aa91dfef5fb ] Request (ServersTestJSON:setUpClass): 200 GET http://10.180.1.21/compute/v2.1/servers/83b7b19d-bc72-4ac2-992d-9dda68ff1e4d 0.104s
2025-03-06 22:13:13.354 67351 INFO tempest.lib.common.rest_client [req-0f50a99f-723b-4550-883d-6e3152e86da0 req-0f50a99f-723b-4550-883d-6e3152e86da0 ] Request (DeleteServersTestJSON:test_delete_active_server): 200 GET http://10.180.1.21/compute/v2.1/servers/30fbf80d-2893-49cb-b4e8-456d08ce4e3a 0.078s
2025-03-06 22:13:13.361 67291 INFO tempest.lib.common.rest_client [req-3d7799e9-0807-481c-a02c-71e0824cf744 req-3d7799e9-0807-481c-a02c-71e0824cf744 ] Request (TenantUsagesTestJSON:setUpClass): 200 GET http://10.180.1.21/compute/v2.1/servers/8b645fe3-0a5d-4f12-a99d-1f0580432d59 0.128s
2025-03-06 22:13:13.459 67347 INFO tempest.lib.common.rest_client [req-698de966-3363-4758-9456-0be842688d0b req-698de966-3363-4758-9456-0be842688d0b ] Request (ServerExternalEventsTest:test_create_server_external_events): 200 GET http://10.180.1.21/compute/v2.1/servers/e5e1de51-40a9-4b43-b885-87501738dc96 0.161s
2025-03-06 22:13:13.482 67331 INFO tempest.lib.common.rest_client [req-d9e08d15-7895-4212-a52c-3111affd90ba req-d9e08d15-7895-4212-a52c-3111affd90ba ] Request (InstanceActionsNegativeTestJSON:setUpClass): 200 GET http://10.180.1.21/compute/v2.1/servers/40a26f4e-0be9-4770-83a7-31c87dbf921f 0.093s
2025-03-06 22:13:13.533 67293 INFO tempest.lib.common.rest_client [req-be17d55a-da01-4f18-b3fb-e98674bfb5f5 req-be17d55a-da01-4f18-b3fb-e98674bfb5f5 ] Request (ServersTestBootFromVolume:setUpClass): 200 GET http://10.180.1.21/compute/v2.1/servers/e5c8de12-61ca-4bc1-b871-b84cf802e916 0.063s
2025-03-06 22:13:13.552 67349 INFO tempest.lib.common.rest_client [req-f8ba4237-1c6d-4810-9164-cc3a83a004d8 req-f8ba4237-1c6d-4810-9164-cc3a83a004d8 ] Request (FloatingIPsAssociationTestJSON:setUpClass): 200 GET http://10.180.1.21/compute/v2.1/servers/24f99c22-49e9-486a-a2d7-a02a8da3f6d3 0.155s
2025-03-06 22:13:13.649 67311 INFO tempest.lib.common.rest_client [req-2f31c369-42db-47e5-a2cf-9cbe4683b0a0 req-2f31c369-42db-47e5-a2cf-9cbe4683b0a0 ] Request (ImagesOneServerNegativeTestJSON:setUpClass): 200 GET http://10.180.1.21/compute/v2.1/servers/cc257ece-4b3e-45c8-a1a7-69330848ad89 0.170s
2025-03-06 22:13:13.661 67319 INFO tempest.lib.common.rest_client [req-a3c550f8-bc06-428f-bfdc-8b27dc4ba5ea req-a3c550f8-bc06-428f-bfdc-8b27dc4ba5ea ] Request (AttachVolumeShelveTestJSON:test_attach_volume_shelved_or_offload_server): 200 GET http://10.180.1.21/compute/v2.1/servers/f5fce891-3c35-415e-9d09-c5c8dca3dde3 0.113s
2025-03-06 22:13:13.702 67323 INFO tempest.lib.common.rest_client [req-e652d828-b47b-4f70-9a78-cf4abac58837 req-e652d828-b47b-4f70-9a78-cf4abac58837 ] Request (ServerGroupTestJSON:test_create_server_with_scheduler_hint_group): 200 GET http://10.180.1.21/compute/v2.1/servers/80863f1b-9c19-4fcc-8692-6015d623e011 0.046s
2025-03-06 22:13:13.750 67317 INFO tempest.lib.common.rest_client [req-cf497a8d-3ba1-47c3-b8e2-8ae9cbe8ef99 req-cf497a8d-3ba1-47c3-b8e2-8ae9cbe8ef99 ] Request (ServersWithSpecificFlavorTestJSON:test_verify_created_server_ephemeral_disk): 200 GET http://10.180.1.21/compute/v2.1/servers/70e0c15e-d968-46ba-bb97-35d6687e9834 0.046s
2025-03-06 22:13:13.825 67345 INFO tempest.lib.common.rest_client [req-68217174-753f-47c7-a14b-9d9c7d5de7d3 req-68217174-753f-47c7-a14b-9d9c7d5de7d3 ] Request (ImagesTestJSON:test_create_image_from_suspended_server): 200 GET http://10.180.1.21/compute/v2.1/servers/95604dd8-b797-440e-a844-af44609faa61 0.057s
2025-03-06 22:13:13.900 67333 INFO tempest.lib.common.rest_client [req-d9917ebb-8976-453a-82eb-6d4c6ce6a407 req-d9917ebb-8976-453a-82eb-6d4c6ce6a407 ] Request (ServersAdminNegativeTestJSON:setUpClass): 200 GET http://10.180.1.21/compute/v2.1/servers/6ca0b308-d3d1-49bd-8ce1-813017b3c833 0.130s
2025-03-06 22:13:14.051 67327 INFO tempest.lib.common.rest_client [req-67de17df-3ba8-4046-acce-3cd19f56ab66 req-67de17df-3ba8-4046-acce-3cd19f56ab66 ] Request (ServersAdminTestJSON:setUpClass): 200 GET http://10.180.1.21/compute/v2.1/servers/72dc7fb5-e94e-4784-9864-a1731ea7c755 0.122s
2025-03-06 22:13:14.054 67341 INFO tempest.lib.common.rest_client [req-cb847d82-78a2-414e-ba94-53e94aef06cd req-cb847d82-78a2-414e-ba94-53e94aef06cd ] Request (AttachInterfacesUnderV243Test:test_add_remove_fixed_ip): 200 GET http://10.180.1.21/compute/v2.1/servers/3aa08a8c-5e53-4fd3-9b66-6e6367d31a50 0.113s
2025-03-06 22:13:14.096 67299 INFO tempest.lib.common.rest_client [req-496d2ecf-2dd8-4cee-87d4-a8ca65e5619c req-496d2ecf-2dd8-4cee-87d4-a8ca65e5619c ] Request (ServerAddressesTestJSON:setUpClass): 200 GET http://10.180.1.21/compute/v2.1/servers/cb387fbf-affd-4d9f-a4ef-7eef58847130 0.126s
2025-03-06 22:13:14.103 67309 INFO tempest.lib.common.rest_client [req-ae7a65d2-db8c-41ed-9fe4-ca1e7ff004ee req-ae7a65d2-db8c-41ed-9fe4-ca1e7ff004ee ] Request (MigrationsAdminTest:test_list_migrations_in_flavor_resize_situation): 200 GET http://10.180.1.21/compute/v2.1/servers/90f7c936-6d03-4464-8719-12ab257cb714 0.086s
2025-03-06 22:13:14.151 67343 INFO tempest.lib.common.rest_client [req-85f152cc-57a5-4cc4-a886-a56d29e849f6 req-85f152cc-57a5-4cc4-a886-a56d29e849f6 ] Request (ServersTestFqdnHostnames:test_create_server_with_fqdn_name): 200 GET http://10.180.1.21/compute/v2.1/servers/623dff5f-3c90-4aa0-82ac-5d0fd25dcc0b 0.092s
2025-03-06 22:13:14.199 67325 INFO tempest.lib.common.rest_client [req-eec7cf1e-22b6-4dd9-a9ac-58c755fa2983 req-eec7cf1e-22b6-4dd9-a9ac-58c755fa2983 ] Request (ServerDiagnosticsV248Test:test_get_server_diagnostics): 200 GET http://10.180.1.21/compute/v2.1/servers/2308fd77-6032-4e59-9074-1c18e9b02d87 0.117s
2025-03-06 22:13:14.201 67313 INFO tempest.lib.common.rest_client [req-7b852c0a-b9c7-489d-8f7d-83002034f500 req-7b852c0a-b9c7-489d-8f7d-83002034f500 ] Request (ImagesOneServerTestJSON:setUpClass): 200 GET http://10.180.1.21/compute/v2.1/servers/b2ee12a6-9af9-4d13-aefd-f9585b53cdb8 0.165s
2025-03-06 22:13:14.250 67305 INFO tempest.lib.common.rest_client [req-24d7b53b-260d-4621-9502-9d5a3106c2ee req-24d7b53b-260d-4621-9502-9d5a3106c2ee ] Request (DeleteServersAdminTestJSON:test_admin_delete_servers_of_others): 200 GET http://10.180.1.21/compute/v2.1/servers/804b3e12-f8a6-46e7-ba00-93e0da2d23d5 0.150s
2025-03-06 22:13:14.252 67329 INFO tempest.lib.common.rest_client [req-c1343096-5c11-4c4b-87b6-09faa322e4f9 req-c1343096-5c11-4c4b-87b6-09faa322e4f9 ] Request (AttachInterfacesV270Test:test_create_get_list_interfaces): 200 GET http://10.180.1.21/compute/v2.1/servers/72df790c-0cd5-4054-9162-9f9bd3d19239 0.127s
2025-03-06 22:13:14.302 67307 INFO tempest.lib.common.rest_client [req-b39a66a4-e2d5-42bb-9bc2-2a83b7ea3319 req-b39a66a4-e2d5-42bb-9bc2-2a83b7ea3319 ] Request (ServersTestMultiNic:test_verify_duplicate_network_nics): 200 GET http://10.180.1.21/compute/v2.1/servers/2fef1490-9ac5-4246-8017-f68e512c51dd 0.162s
2025-03-06 22:13:14.304 67335 INFO tempest.lib.common.rest_client [req-531a680f-5dba-408d-8860-3d2fb669ec64 req-531a680f-5dba-408d-8860-3d2fb669ec64 ] Request (ServersAdmin275Test:test_rebuild_update_server_275): 200 GET http://10.180.1.21/compute/v2.1/servers/430ea81b-71f9-4074-829a-fd8a6c24098b 0.133s
2025-03-06 22:13:14.356 67339 INFO tempest.lib.common.rest_client [req-42bbb2fe-0650-43fb-8a23-7c3031ce9344 req-42bbb2fe-0650-43fb-8a23-7c3031ce9344 ] Request (ImagesNegativeTestJSON:test_create_image_from_deleted_server): 200 GET http://10.180.1.21/compute/v2.1/servers/adc51b71-5867-43f2-a947-62e8e733db76 0.148s
2025-03-06 22:13:14.356 67289 INFO tempest.lib.common.rest_client [req-e4d9a69e-4e28-4951-9ef0-7a7d29b3e040 req-e4d9a69e-4e28-4951-9ef0-7a7d29b3e040 ] Request (ServerDiskConfigTestJSON:test_rebuild_server_with_auto_disk_config): 200 GET http://10.180.1.21/compute/v2.1/servers/04badd98-b2f0-483d-82e9-5806dbf8edb3 0.174s
2025-03-06 22:13:14.407 67337 INFO tempest.lib.common.rest_client [req-68322ab3-fea1-404a-8e66-d750320d6688 req-68322ab3-fea1-404a-8e66-d750320d6688 ] Request (ServerRescueTestJSONUnderV235:setUpClass): 200 GET http://10.180.1.21/compute/v2.1/servers/cf29c18a-c923-46c8-ab02-277c2b5ee4d6 0.145s
2025-03-06 22:13:14.408 67295 INFO tempest.lib.common.rest_client [req-c47dbe87-3416-4cee-ba23-71629f7f698e req-c47dbe87-3416-4cee-ba23-71629f7f698e ] Request (ServerActionsTestJSON:setUpClass): 200 GET http://10.180.1.21/compute/v2.1/servers/411f1932-4397-4aaa-ab21-55ff90342fbb 0.187s
2025-03-06 22:13:14.460 67315 INFO tempest.lib.common.rest_client [req-091baf4b-3b09-4212-bf3b-599613b42ca9 req-091baf4b-3b09-4212-bf3b-599613b42ca9 ] Request (VolumesAssistedSnapshotsTest:test_volume_assisted_snapshot_create_delete): 200 GET http://10.180.1.21/compute/v2.1/servers/782f3bee-42b3-4822-a28d-9eb8a6cde1ab 0.197s
2025-03-06 22:13:14.461 67303 INFO tempest.lib.common.rest_client [req-62016bc8-a85d-4d0c-9308-8ab33c929102 req-62016bc8-a85d-4d0c-9308-8ab33c929102 ] Request (VolumesAdminNegativeTest:test_update_attached_volume_with_nonexistent_volume_in_body): 200 GET http://10.180.1.21/compute/v2.1/servers/35b9e3ec-c3da-4805-9c0f-7f772d7a3747 0.148s
2025-03-06 22:13:14.513 67301 INFO tempest.lib.common.rest_client [req-412564a8-9c2b-4bd4-b4ec-344a164ce464 req-412564a8-9c2b-4bd4-b4ec-344a164ce464 ] Request (ServersTestJSON:setUpClass): 200 GET http://10.180.1.21/compute/v2.1/servers/83b7b19d-bc72-4ac2-992d-9dda68ff1e4d 0.201s
2025-03-06 22:13:14.514 67351 INFO tempest.lib.common.rest_client [req-e330ee77-b75b-478e-8c12-f004b83b21b1 req-e330ee77-b75b-478e-8c12-f004b83b21b1 ] Request (DeleteServersTestJSON:test_delete_active_server): 200 GET http://10.180.1.21/compute/v2.1/servers/30fbf80d-2893-49cb-b4e8-456d08ce4e3a 0.151s
2025-03-06 22:13:14.557 67291 INFO tempest.lib.common.rest_client [req-1afcd59b-a92f-4532-881b-3d1bb1853efe req-1afcd59b-a92f-4532-881b-3d1bb1853efe ] Request (TenantUsagesTestJSON:setUpClass): 200 GET http://10.180.1.21/compute/v2.1/servers/8b645fe3-0a5d-4f12-a99d-1f0580432d59 0.188s
2025-03-06 22:13:14.629 67347 INFO tempest.lib.common.rest_client [req-109b1a55-b659-469b-bcd4-b220c5b8f2e3 req-109b1a55-b659-469b-bcd4-b220c5b8f2e3 ] Request (ServerExternalEventsTest:test_create_server_external_events): 200 GET http://10.180.1.21/compute/v2.1/servers/e5e1de51-40a9-4b43-b885-87501738dc96 0.162s
2025-03-06 22:13:14.679 67293 INFO tempest.lib.common.rest_client [req-1e54f389-ef72-4884-ac0c-8022c5bcd2ee req-1e54f389-ef72-4884-ac0c-8022c5bcd2ee ] Request (ServersTestBootFromVolume:setUpClass): 200 GET http://10.180.1.21/compute/v2.1/servers/e5c8de12-61ca-4bc1-b871-b84cf802e916 0.138s
2025-03-06 22:13:14.701 67331 INFO tempest.lib.common.rest_client [req-a13855a4-6619-4a99-8f8c-a8d72196460e req-a13855a4-6619-4a99-8f8c-a8d72196460e ] Request (InstanceActionsNegativeTestJSON:setUpClass): 200 GET http://10.180.1.21/compute/v2.1/servers/40a26f4e-0be9-4770-83a7-31c87dbf921f 0.211s
2025-03-06 22:13:14.788 67349 INFO tempest.lib.common.rest_client [req-5c0f6fb8-6e35-44ab-a045-0cb83d210671 req-5c0f6fb8-6e35-44ab-a045-0cb83d210671 ] Request (FloatingIPsAssociationTestJSON:setUpClass): 200 GET http://10.180.1.21/compute/v2.1/servers/24f99c22-49e9-486a-a2d7-a02a8da3f6d3 0.228s
2025-03-06 22:13:14.802 67311 INFO tempest.lib.common.rest_client [req-214905bc-914b-4848-9300-604dfa185de0 req-214905bc-914b-4848-9300-604dfa185de0 ] Request (ImagesOneServerNegativeTestJSON:setUpClass): 200 GET http://10.180.1.21/compute/v2.1/servers/cc257ece-4b3e-45c8-a1a7-69330848ad89 0.144s
2025-03-06 22:13:14.849 67323 INFO tempest.lib.common.rest_client [req-f445a54d-6a2b-42ad-a21b-2ead30b91b82 req-f445a54d-6a2b-42ad-a21b-2ead30b91b82 ] Request (ServerGroupTestJSON:test_create_server_with_scheduler_hint_group): 200 GET http://10.180.1.21/compute/v2.1/servers/80863f1b-9c19-4fcc-8692-6015d623e011 0.139s
2025-03-06 22:13:14.891 67317 INFO tempest.lib.common.rest_client [req-864ca213-fb97-466d-ad37-9af7d938d172 req-864ca213-fb97-466d-ad37-9af7d938d172 ] Request (ServersWithSpecificFlavorTestJSON:test_verify_created_server_ephemeral_disk): 200 GET http://10.180.1.21/compute/v2.1/servers/70e0c15e-d968-46ba-bb97-35d6687e9834 0.132s
2025-03-06 22:13:14.895 67319 INFO tempest.lib.common.rest_client [req-104f249a-19f2-4692-954c-79584dccf40f req-104f249a-19f2-4692-954c-79584dccf40f ] Request (AttachVolumeShelveTestJSON:test_attach_volume_shelved_or_offload_server): 200 GET http://10.180.1.21/compute/v2.1/servers/f5fce891-3c35-415e-9d09-c5c8dca3dde3 0.224s
2025-03-06 22:13:14.930 67345 INFO tempest.lib.common.rest_client [req-d8fda0e1-84bf-4f19-a76e-b434401b3243 req-d8fda0e1-84bf-4f19-a76e-b434401b3243 ] Request (ImagesTestJSON:test_create_image_from_suspended_server): 200 GET http://10.180.1.21/compute/v2.1/servers/95604dd8-b797-440e-a844-af44609faa61 0.097s
2025-03-06 22:13:14.989 67333 INFO tempest.lib.common.rest_client [req-a4e49cd0-b60c-4081-98f1-583da7de0973 req-a4e49cd0-b60c-4081-98f1-583da7de0973 ] Request (ServersAdminNegativeTestJSON:setUpClass): 200 GET http://10.180.1.21/compute/v2.1/servers/6ca0b308-d3d1-49bd-8ce1-813017b3c833 0.081s
2025-03-06 22:13:15.183 67327 INFO tempest.lib.common.rest_client [req-89b9e815-37c4-459a-bd58-2767ad9cd962 req-89b9e815-37c4-459a-bd58-2767ad9cd962 ] Request (ServersAdminTestJSON:setUpClass): 200 GET http://10.180.1.21/compute/v2.1/servers/72dc7fb5-e94e-4784-9864-a1731ea7c755 0.125s
2025-03-06 22:13:15.185 67341 INFO tempest.lib.common.rest_client [req-4eb32970-c990-4458-936f-3772d405bc40 req-4eb32970-c990-4458-936f-3772d405bc40 ] Request (AttachInterfacesUnderV243Test:test_add_remove_fixed_ip): 200 GET http://10.180.1.21/compute/v2.1/servers/3aa08a8c-5e53-4fd3-9b66-6e6367d31a50 0.123s
2025-03-06 22:13:15.236 67309 INFO tempest.lib.common.rest_client [req-53f1cb78-3048-4523-9444-51435e74d416 req-53f1cb78-3048-4523-9444-51435e74d416 ] Request (MigrationsAdminTest:test_list_migrations_in_flavor_resize_situation): 200 GET http://10.180.1.21/compute/v2.1/servers/90f7c936-6d03-4464-8719-12ab257cb714 0.125s
2025-03-06 22:13:15.238 67299 INFO tempest.lib.common.rest_client [req-35d138c3-98f0-46eb-9c65-a6548678b828 req-35d138c3-98f0-46eb-9c65-a6548678b828 ] Request (ServerAddressesTestJSON:setUpClass): 200 GET http://10.180.1.21/compute/v2.1/servers/cb387fbf-affd-4d9f-a4ef-7eef58847130 0.134s
2025-03-06 22:13:15.288 67343 INFO tempest.lib.common.rest_client [req-c9fa699e-aacb-4102-9423-ac9c627ba689 req-c9fa699e-aacb-4102-9423-ac9c627ba689 ] Request (ServersTestFqdnHostnames:test_create_server_with_fqdn_name): 200 GET http://10.180.1.21/compute/v2.1/servers/623dff5f-3c90-4aa0-82ac-5d0fd25dcc0b 0.129s
2025-03-06 22:13:15.290 67325 INFO tempest.lib.common.rest_client [req-b08ae6c2-924d-4cb4-8f3b-343d60b704d0 req-b08ae6c2-924d-4cb4-8f3b-343d60b704d0 ] Request (ServerDiagnosticsV248Test:test_get_server_diagnostics): 200 GET http://10.180.1.21/compute/v2.1/servers/2308fd77-6032-4e59-9074-1c18e9b02d87 0.083s
2025-03-06 22:13:15.343 67305 INFO tempest.lib.common.rest_client [req-4f237d69-b24a-4665-a80b-c52b6bd23c27 req-4f237d69-b24a-4665-a80b-c52b6bd23c27 ] Request (DeleteServersAdminTestJSON:test_admin_delete_servers_of_others): 200 GET http://10.180.1.21/compute/v2.1/servers/804b3e12-f8a6-46e7-ba00-93e0da2d23d5 0.084s
2025-03-06 22:13:15.389 67329 INFO tempest.lib.common.rest_client [req-33c22ed1-286c-4c4a-84af-6f1f444a2515 req-33c22ed1-286c-4c4a-84af-6f1f444a2515 ] Request (AttachInterfacesV270Test:test_create_get_list_interfaces): 200 GET http://10.180.1.21/compute/v2.1/servers/72df790c-0cd5-4054-9162-9f9bd3d19239 0.126s
2025-03-06 22:13:15.393 67313 INFO tempest.lib.common.rest_client [req-021e363c-25db-404e-8ea7-f2c29f4a7746 req-021e363c-25db-404e-8ea7-f2c29f4a7746 ] Request (ImagesOneServerTestJSON:setUpClass): 200 GET http://10.180.1.21/compute/v2.1/servers/b2ee12a6-9af9-4d13-aefd-f9585b53cdb8 0.185s
2025-03-06 22:13:15.434 67307 INFO tempest.lib.common.rest_client [req-5c7c176c-6212-45e2-9ab6-b2d26393af62 req-5c7c176c-6212-45e2-9ab6-b2d26393af62 ] Request (ServersTestMultiNic:test_verify_duplicate_network_nics): 200 GET http://10.180.1.21/compute/v2.1/servers/2fef1490-9ac5-4246-8017-f68e512c51dd 0.125s
2025-03-06 22:13:15.445 67335 INFO tempest.lib.common.rest_client [req-891aec32-a71c-48bc-a8e5-42c1f45d3ef3 req-891aec32-a71c-48bc-a8e5-42c1f45d3ef3 ] Request (ServersAdmin275Test:test_rebuild_update_server_275): 200 GET http://10.180.1.21/compute/v2.1/servers/430ea81b-71f9-4074-829a-fd8a6c24098b 0.130s
2025-03-06 22:13:15.478 67339 INFO tempest.lib.common.rest_client [req-0bc17851-262a-4faf-9ae2-23e1aead3fbb req-0bc17851-262a-4faf-9ae2-23e1aead3fbb ] Request (ImagesNegativeTestJSON:test_create_image_from_deleted_server): 200 GET http://10.180.1.21/compute/v2.1/servers/adc51b71-5867-43f2-a947-62e8e733db76 0.114s
2025-03-06 22:13:15.488 67289 INFO tempest.lib.common.rest_client [req-0d9f5b90-9293-4c5e-b9b5-799381d67d1e req-0d9f5b90-9293-4c5e-b9b5-799381d67d1e ] Request (ServerDiskConfigTestJSON:test_rebuild_server_with_auto_disk_config): 200 GET http://10.180.1.21/compute/v2.1/servers/04badd98-b2f0-483d-82e9-5806dbf8edb3 0.124s
2025-03-06 22:13:15.519 67295 INFO tempest.lib.common.rest_client [req-24c7ced9-6155-4501-9daa-8a478ee9768c req-24c7ced9-6155-4501-9daa-8a478ee9768c ] Request (ServerActionsTestJSON:setUpClass): 200 GET http://10.180.1.21/compute/v2.1/servers/411f1932-4397-4aaa-ab21-55ff90342fbb 0.104s
2025-03-06 22:13:15.530 67337 INFO tempest.lib.common.rest_client [req-9ba4a678-af96-47e6-8bdf-a51c13b51ff8 req-9ba4a678-af96-47e6-8bdf-a51c13b51ff8 ] Request (ServerRescueTestJSONUnderV235:setUpClass): 200 GET http://10.180.1.21/compute/v2.1/servers/cf29c18a-c923-46c8-ab02-277c2b5ee4d6 0.115s
2025-03-06 22:13:15.561 67315 INFO tempest.lib.common.rest_client [req-df3e8b98-0997-4bca-acce-6e82b1e56b4f req-df3e8b98-0997-4bca-acce-6e82b1e56b4f ] Request (VolumesAssistedSnapshotsTest:test_volume_assisted_snapshot_create_delete): 200 GET http://10.180.1.21/compute/v2.1/servers/782f3bee-42b3-4822-a28d-9eb8a6cde1ab 0.094s
2025-03-06 22:13:15.573 67303 INFO tempest.lib.common.rest_client [req-e3a25e4a-032d-4bbf-a467-e3efe8fecc3b req-e3a25e4a-032d-4bbf-a467-e3efe8fecc3b ] Request (VolumesAdminNegativeTest:test_update_attached_volume_with_nonexistent_volume_in_body): 200 GET http://10.180.1.21/compute/v2.1/servers/35b9e3ec-c3da-4805-9c0f-7f772d7a3747 0.103s
2025-03-06 22:13:15.602 67301 INFO tempest.lib.common.rest_client [req-695e4646-94e7-427b-98d2-458b919d9706 req-695e4646-94e7-427b-98d2-458b919d9706 ] Request (ServersTestJSON:setUpClass): 200 GET http://10.180.1.21/compute/v2.1/servers/83b7b19d-bc72-4ac2-992d-9dda68ff1e4d 0.081s
2025-03-06 22:13:15.616 67351 INFO tempest.lib.common.rest_client [req-950c02b3-d810-4d06-bb04-54149ff133cd req-950c02b3-d810-4d06-bb04-54149ff133cd ] Request (DeleteServersTestJSON:test_delete_active_server): 200 GET http://10.180.1.21/compute/v2.1/servers/30fbf80d-2893-49cb-b4e8-456d08ce4e3a 0.094s
2025-03-06 22:13:15.640 67291 INFO tempest.lib.common.rest_client [req-eaeb549e-f701-4a45-9dd9-43200e3db634 req-eaeb549e-f701-4a45-9dd9-43200e3db634 ] Request (TenantUsagesTestJSON:setUpClass): 200 GET http://10.180.1.21/compute/v2.1/servers/8b645fe3-0a5d-4f12-a99d-1f0580432d59 0.075s
2025-03-06 22:13:15.718 67347 INFO tempest.lib.common.rest_client [req-5cff46b5-900d-4cd0-8d99-041106cf53c1 req-5cff46b5-900d-4cd0-8d99-041106cf53c1 ] Request (ServerExternalEventsTest:test_create_server_external_events): 200 GET http://10.180.1.21/compute/v2.1/servers/e5e1de51-40a9-4b43-b885-87501738dc96 0.081s
2025-03-06 22:13:15.730 67293 INFO tempest.lib.common.rest_client [req-98b6b65b-984c-43f0-aded-0f02676f3fc4 req-98b6b65b-984c-43f0-aded-0f02676f3fc4 ] Request (ServersTestBootFromVolume:setUpClass): 200 GET http://10.180.1.21/compute/v2.1/servers/e5c8de12-61ca-4bc1-b871-b84cf802e916 0.044s
2025-03-06 22:13:15.800 67331 INFO tempest.lib.common.rest_client [req-72438ada-eaba-48da-927b-9889bc50acdc req-72438ada-eaba-48da-927b-9889bc50acdc ] Request (InstanceActionsNegativeTestJSON:setUpClass): 200 GET http://10.180.1.21/compute/v2.1/servers/40a26f4e-0be9-4770-83a7-31c87dbf921f 0.090s
2025-03-06 22:13:15.990 67349 INFO tempest.lib.common.rest_client [req-1de7ffe4-3248-4eca-9fd8-9971dae58c41 req-1de7ffe4-3248-4eca-9fd8-9971dae58c41 ] Request (FloatingIPsAssociationTestJSON:setUpClass): 200 GET http://10.180.1.21/compute/v2.1/servers/24f99c22-49e9-486a-a2d7-a02a8da3f6d3 0.194s
2025-03-06 22:13:15.991 67311 INFO tempest.lib.common.rest_client [req-d5790277-36e0-43e4-8f09-ddb132806f4c req-d5790277-36e0-43e4-8f09-ddb132806f4c ] Request (ImagesOneServerNegativeTestJSON:setUpClass): 200 GET http://10.180.1.21/compute/v2.1/servers/cc257ece-4b3e-45c8-a1a7-69330848ad89 0.181s
2025-03-06 22:13:16.191 67323 INFO tempest.lib.common.rest_client [req-eab5cb3e-5be6-4a40-b2ac-f42e888e2a13 req-eab5cb3e-5be6-4a40-b2ac-f42e888e2a13 ] Request (ServerGroupTestJSON:test_create_server_with_scheduler_hint_group): 200 GET http://10.180.1.21/compute/v2.1/servers/80863f1b-9c19-4fcc-8692-6015d623e011 0.334s
2025-03-06 22:13:16.192 67317 INFO tempest.lib.common.rest_client [req-aafe200f-8436-4ec1-83c5-ebc4db1d29a0 req-aafe200f-8436-4ec1-83c5-ebc4db1d29a0 ] Request (ServersWithSpecificFlavorTestJSON:test_verify_created_server_ephemeral_disk): 200 GET http://10.180.1.21/compute/v2.1/servers/70e0c15e-d968-46ba-bb97-35d6687e9834 0.293s
2025-03-06 22:13:16.245 67345 INFO tempest.lib.common.rest_client [req-db020f89-9230-46e9-a175-06072752ec07 req-db020f89-9230-46e9-a175-06072752ec07 ] Request (ImagesTestJSON:test_create_image_from_suspended_server): 200 GET http://10.180.1.21/compute/v2.1/servers/95604dd8-b797-440e-a844-af44609faa61 0.306s
2025-03-06 22:13:16.301 67319 INFO tempest.lib.common.rest_client [req-46b42a8f-8310-4933-ae58-a6dde64c21c4 req-46b42a8f-8310-4933-ae58-a6dde64c21c4 ] Request (AttachVolumeShelveTestJSON:test_attach_volume_shelved_or_offload_server): 200 GET http://10.180.1.21/compute/v2.1/servers/f5fce891-3c35-415e-9d09-c5c8dca3dde3 0.397s
2025-03-06 22:13:16.340 67333 INFO tempest.lib.common.rest_client [req-dc9c74f3-d165-4373-aaba-2b14208e792c req-dc9c74f3-d165-4373-aaba-2b14208e792c ] Request (ServersAdminNegativeTestJSON:setUpClass): 200 GET http://10.180.1.21/compute/v2.1/servers/6ca0b308-d3d1-49bd-8ce1-813017b3c833 0.343s
2025-03-06 22:13:16.400 67327 INFO tempest.lib.common.rest_client [req-10a33b58-78dd-4914-9c43-e6f5778dad85 req-10a33b58-78dd-4914-9c43-e6f5778dad85 ] Request (ServersAdminTestJSON:setUpClass): 200 GET http://10.180.1.21/compute/v2.1/servers/72dc7fb5-e94e-4784-9864-a1731ea7c755 0.209s
2025-03-06 22:13:16.449 67309 INFO tempest.lib.common.rest_client [req-47228702-4a52-4e87-8b8e-850f7d36b743 req-47228702-4a52-4e87-8b8e-850f7d36b743 ] Request (MigrationsAdminTest:test_list_migrations_in_flavor_resize_situation): 200 GET http://10.180.1.21/compute/v2.1/servers/90f7c936-6d03-4464-8719-12ab257cb714 0.205s
2025-03-06 22:13:16.488 67341 INFO tempest.lib.common.rest_client [req-cd524713-555c-4200-8751-e57ab2d41268 req-cd524713-555c-4200-8751-e57ab2d41268 ] Request (AttachInterfacesUnderV243Test:test_add_remove_fixed_ip): 200 GET http://10.180.1.21/compute/v2.1/servers/3aa08a8c-5e53-4fd3-9b66-6e6367d31a50 0.295s
2025-03-06 22:13:16.496 67299 INFO tempest.lib.common.rest_client [req-38749929-99c9-4b46-b63d-2b8021f52111 req-38749929-99c9-4b46-b63d-2b8021f52111 ] Request (ServerAddressesTestJSON:setUpClass): 200 GET http://10.180.1.21/compute/v2.1/servers/cb387fbf-affd-4d9f-a4ef-7eef58847130 0.250s
2025-03-06 22:13:16.542 67343 INFO tempest.lib.common.rest_client [req-b3ed5ffb-8a49-42e5-bd16-ea5a02c258c2 req-b3ed5ffb-8a49-42e5-bd16-ea5a02c258c2 ] Request (ServersTestFqdnHostnames:test_create_server_with_fqdn_name): 200 GET http://10.180.1.21/compute/v2.1/servers/623dff5f-3c90-4aa0-82ac-5d0fd25dcc0b 0.246s
2025-03-06 22:13:16.549 67325 INFO tempest.lib.common.rest_client [req-cd3bdcae-3134-4407-adc1-540f57ec7d74 req-cd3bdcae-3134-4407-adc1-540f57ec7d74 ] Request (ServerDiagnosticsV248Test:test_get_server_diagnostics): 200 GET http://10.180.1.21/compute/v2.1/servers/2308fd77-6032-4e59-9074-1c18e9b02d87 0.250s
2025-03-06 22:13:16.594 67329 INFO tempest.lib.common.rest_client [req-b2d26752-019b-4c8c-ab73-73cb513f5f8c req-b2d26752-019b-4c8c-ab73-73cb513f5f8c ] Request (AttachInterfacesV270Test:test_create_get_list_interfaces): 200 GET http://10.180.1.21/compute/v2.1/servers/72df790c-0cd5-4054-9162-9f9bd3d19239 0.194s
2025-03-06 22:13:16.717 67313 INFO tempest.lib.common.rest_client [req-23ff7a30-6bc7-4516-b934-c3a29918391f req-23ff7a30-6bc7-4516-b934-c3a29918391f ] Request (ImagesOneServerTestJSON:setUpClass): 200 GET http://10.180.1.21/compute/v2.1/servers/b2ee12a6-9af9-4d13-aefd-f9585b53cdb8 0.314s
2025-03-06 22:13:16.740 67305 INFO tempest.lib.common.rest_client [req-541ac7bb-735b-44b5-b637-ed5ed3ba74af req-541ac7bb-735b-44b5-b637-ed5ed3ba74af ] Request (DeleteServersAdminTestJSON:test_admin_delete_servers_of_others): 200 GET http://10.180.1.21/compute/v2.1/servers/804b3e12-f8a6-46e7-ba00-93e0da2d23d5 0.390s
2025-03-06 22:13:16.761 67307 INFO tempest.lib.common.rest_client [req-55b9771d-7a46-4cc2-b1f0-37236a78a8fa req-55b9771d-7a46-4cc2-b1f0-37236a78a8fa ] Request (ServersTestMultiNic:test_verify_duplicate_network_nics): 200 GET http://10.180.1.21/compute/v2.1/servers/2fef1490-9ac5-4246-8017-f68e512c51dd 0.318s
2025-03-06 22:13:16.783 67335 INFO tempest.lib.common.rest_client [req-2a31b5de-7e21-493c-ac0f-7fcef8309d2f req-2a31b5de-7e21-493c-ac0f-7fcef8309d2f ] Request (ServersAdmin275Test:test_rebuild_update_server_275): 200 GET http://10.180.1.21/compute/v2.1/servers/430ea81b-71f9-4074-829a-fd8a6c24098b 0.328s
2025-03-06 22:13:16.805 67339 INFO tempest.lib.common.rest_client [req-98efc09d-9aaa-4b5f-a9d6-a93f215bc256 req-98efc09d-9aaa-4b5f-a9d6-a93f215bc256 ] Request (ImagesNegativeTestJSON:test_create_image_from_deleted_server): 200 GET http://10.180.1.21/compute/v2.1/servers/adc51b71-5867-43f2-a947-62e8e733db76 0.319s
2025-03-06 22:13:16.823 67289 INFO tempest.lib.common.rest_client [req-0ba49f09-1003-4409-8362-0d753fa96820 req-0ba49f09-1003-4409-8362-0d753fa96820 ] Request (ServerDiskConfigTestJSON:test_rebuild_server_with_auto_disk_config): 200 GET http://10.180.1.21/compute/v2.1/servers/04badd98-b2f0-483d-82e9-5806dbf8edb3 0.327s
2025-03-06 22:13:16.846 67295 INFO tempest.lib.common.rest_client [req-ad3e53b8-e615-43ea-803a-9470c34bea08 req-ad3e53b8-e615-43ea-803a-9470c34bea08 ] Request (ServerActionsTestJSON:setUpClass): 200 GET http://10.180.1.21/compute/v2.1/servers/411f1932-4397-4aaa-ab21-55ff90342fbb 0.319s
2025-03-06 22:13:16.861 67337 INFO tempest.lib.common.rest_client [req-63d0024f-b885-4239-9dd3-45c0102f9094 req-63d0024f-b885-4239-9dd3-45c0102f9094 ] Request (ServerRescueTestJSONUnderV235:setUpClass): 200 GET http://10.180.1.21/compute/v2.1/servers/cf29c18a-c923-46c8-ab02-277c2b5ee4d6 0.322s
2025-03-06 22:13:16.885 67315 INFO tempest.lib.common.rest_client [req-820c14f9-4f69-4915-9f0c-e4076c5ed629 req-820c14f9-4f69-4915-9f0c-e4076c5ed629 ] Request (VolumesAssistedSnapshotsTest:test_volume_assisted_snapshot_create_delete): 200 GET http://10.180.1.21/compute/v2.1/servers/782f3bee-42b3-4822-a28d-9eb8a6cde1ab 0.316s
2025-03-06 22:13:16.899 67303 INFO tempest.lib.common.rest_client [req-eb03c308-a728-42ba-b6f1-9729ffb17c97 req-eb03c308-a728-42ba-b6f1-9729ffb17c97 ] Request (VolumesAdminNegativeTest:test_update_attached_volume_with_nonexistent_volume_in_body): 200 GET http://10.180.1.21/compute/v2.1/servers/35b9e3ec-c3da-4805-9c0f-7f772d7a3747 0.318s
2025-03-06 22:13:16.927 67301 INFO tempest.lib.common.rest_client [req-dd9aca78-67ec-47e9-b1b2-cf2157117030 req-dd9aca78-67ec-47e9-b1b2-cf2157117030 ] Request (ServersTestJSON:setUpClass): 200 GET http://10.180.1.21/compute/v2.1/servers/83b7b19d-bc72-4ac2-992d-9dda68ff1e4d 0.317s
2025-03-06 22:13:16.940 67351 INFO tempest.lib.common.rest_client [req-aa28a4b6-4d95-4765-adef-7c208ddf2f24 req-aa28a4b6-4d95-4765-adef-7c208ddf2f24 ] Request (DeleteServersTestJSON:test_delete_active_server): 200 GET http://10.180.1.21/compute/v2.1/servers/30fbf80d-2893-49cb-b4e8-456d08ce4e3a 0.316s
2025-03-06 22:13:16.969 67291 INFO tempest.lib.common.rest_client [req-525ec28c-d9ec-4edf-917f-bb66cf67891b req-525ec28c-d9ec-4edf-917f-bb66cf67891b ] Request (TenantUsagesTestJSON:setUpClass): 200 GET http://10.180.1.21/compute/v2.1/servers/8b645fe3-0a5d-4f12-a99d-1f0580432d59 0.321s
2025-03-06 22:13:17.015 67293 INFO tempest.lib.common.rest_client [req-ee616af0-9a82-4514-9f2a-46b292ae53f2 req-ee616af0-9a82-4514-9f2a-46b292ae53f2 ] Request (ServersTestBootFromVolume:setUpClass): 200 GET http://10.180.1.21/compute/v2.1/servers/e5c8de12-61ca-4bc1-b871-b84cf802e916 0.275s
2025-03-06 22:13:17.033 67347 INFO tempest.lib.common.rest_client [req-7ecba85e-9ae7-4d9b-a744-0a3fcb849be4 req-7ecba85e-9ae7-4d9b-a744-0a3fcb849be4 ] Request (ServerExternalEventsTest:test_create_server_external_events): 200 GET http://10.180.1.21/compute/v2.1/servers/e5e1de51-40a9-4b43-b885-87501738dc96 0.306s
2025-03-06 22:13:17.121 67331 INFO tempest.lib.common.rest_client [req-bed9c61f-381c-4ebb-aa5e-9534fbd0f801 req-bed9c61f-381c-4ebb-aa5e-9534fbd0f801 ] Request (InstanceActionsNegativeTestJSON:setUpClass): 200 GET http://10.180.1.21/compute/v2.1/servers/40a26f4e-0be9-4770-83a7-31c87dbf921f 0.315s
2025-03-06 22:13:17.136 67349 INFO tempest.lib.common.rest_client [req-18d0d8fe-5570-4d48-aa38-8ca13a6e4e9c req-18d0d8fe-5570-4d48-aa38-8ca13a6e4e9c ] Request (FloatingIPsAssociationTestJSON:setUpClass): 200 GET http://10.180.1.21/compute/v2.1/servers/24f99c22-49e9-486a-a2d7-a02a8da3f6d3 0.139s
2025-03-06 22:13:17.201 67311 INFO tempest.lib.common.rest_client [req-4cc5adc0-0bec-4cbf-8763-a620f21dfaad req-4cc5adc0-0bec-4cbf-8763-a620f21dfaad ] Request (ImagesOneServerNegativeTestJSON:setUpClass): 200 GET http://10.180.1.21/compute/v2.1/servers/cc257ece-4b3e-45c8-a1a7-69330848ad89 0.202s
2025-03-06 22:13:17.247 67317 INFO tempest.lib.common.rest_client [req-c70536dc-8e26-4361-aa08-8d2fe8d79abb req-c70536dc-8e26-4361-aa08-8d2fe8d79abb ] Request (ServersWithSpecificFlavorTestJSON:test_verify_created_server_ephemeral_disk): 200 GET http://10.180.1.21/compute/v2.1/servers/70e0c15e-d968-46ba-bb97-35d6687e9834 0.047s
2025-03-06 22:13:17.253 67323 INFO tempest.lib.common.rest_client [req-a969568a-a922-497b-9789-16910477286a req-a969568a-a922-497b-9789-16910477286a ] Request (ServerGroupTestJSON:test_create_server_with_scheduler_hint_group): 200 GET http://10.180.1.21/compute/v2.1/servers/80863f1b-9c19-4fcc-8692-6015d623e011 0.054s
2025-03-06 22:13:17.295 67345 INFO tempest.lib.common.rest_client [req-cbf3ca3a-2f60-4071-b993-393f10b4433b req-cbf3ca3a-2f60-4071-b993-393f10b4433b ] Request (ImagesTestJSON:test_create_image_from_suspended_server): 200 GET http://10.180.1.21/compute/v2.1/servers/95604dd8-b797-440e-a844-af44609faa61 0.041s
2025-03-06 22:13:17.471 67333 INFO tempest.lib.common.rest_client [req-45324dcf-384a-4235-9333-cda588cf660e req-45324dcf-384a-4235-9333-cda588cf660e ] Request (ServersAdminNegativeTestJSON:setUpClass): 200 GET http://10.180.1.21/compute/v2.1/servers/6ca0b308-d3d1-49bd-8ce1-813017b3c833 0.123s
2025-03-06 22:13:17.482 67319 INFO tempest.lib.common.rest_client [req-8c7d1db8-4e64-4de8-93f4-6f091504f529 req-8c7d1db8-4e64-4de8-93f4-6f091504f529 ] Request (AttachVolumeShelveTestJSON:test_attach_volume_shelved_or_offload_server): 200 GET http://10.180.1.21/compute/v2.1/servers/f5fce891-3c35-415e-9d09-c5c8dca3dde3 0.172s
2025-03-06 22:13:17.528 67309 INFO tempest.lib.common.rest_client [req-fd9ce5b6-c862-484c-97bc-e55c33867d3c req-fd9ce5b6-c862-484c-97bc-e55c33867d3c ] Request (MigrationsAdminTest:test_list_migrations_in_flavor_resize_situation): 200 GET http://10.180.1.21/compute/v2.1/servers/90f7c936-6d03-4464-8719-12ab257cb714 0.070s
2025-03-06 22:13:17.641 67341 INFO tempest.lib.common.rest_client [req-1de5aaf7-2572-47ad-91b7-a8e24ffa54fe req-1de5aaf7-2572-47ad-91b7-a8e24ffa54fe ] Request (AttachInterfacesUnderV243Test:test_add_remove_fixed_ip): 200 GET http://10.180.1.21/compute/v2.1/servers/3aa08a8c-5e53-4fd3-9b66-6e6367d31a50 0.145s
2025-03-06 22:13:17.643 67327 INFO tempest.lib.common.rest_client [req-f9d62293-ad0b-4803-a7ea-d48e3369cf03 req-f9d62293-ad0b-4803-a7ea-d48e3369cf03 ] Request (ServersAdminTestJSON:setUpClass): 200 GET http://10.180.1.21/compute/v2.1/servers/72dc7fb5-e94e-4784-9864-a1731ea7c755 0.234s
