2025-03-06 08:34:42.849 69167 INFO tempest.lib.common.rest_client [req-1d59b6ed-dc65-4163-8b1b-c9f5d90d7839 req-1d59b6ed-dc65-4163-8b1b-c9f5d90d7839 ] Request (ServersListShow298Test:test_list_show_update_rebuild_server_298): 200 GET http://10.180.1.21/compute/v2.1/servers/cfecbc5f-207a-40e7-87db-cbd06c337399 0.459s
2025-03-06 08:34:42.868 69159 INFO tempest.lib.common.rest_client [req-8f2d3527-1e0d-4d2d-8e1d-cf9670024c4f req-8f2d3527-1e0d-4d2d-8e1d-cf9670024c4f ] Request (AttachInterfacesV270Test:setUpClass): 201 POST http://10.180.1.21:9696/networking/v2.0/routers 0.625s
2025-03-06 08:34:42.913 69151 INFO tempest.lib.common.rest_client [req-e0a1ddaa-4d12-477b-8540-ce619f5486d3 req-e0a1ddaa-4d12-477b-8540-ce619f5486d3 ] Request (TenantUsagesTestJSON:setUpClass): 200 GET http://10.180.1.21/compute/v2.1/servers/84826a65-566c-4d1c-8d7b-1518f4e1f57e 0.479s
2025-03-06 08:34:42.918 69127 INFO tempest.lib.common.rest_client [req-e9554d5f-0f66-463b-8d60-86a3c96335ec req-e9554d5f-0f66-463b-8d60-86a3c96335ec ] Request (SecurityGroupsTestJSON:test_server_security_groups): 200 GET http://10.180.1.21/compute/v2.1/servers/b2ca1d49-d635-4e52-a33d-97e5ee2b7d13 0.440s
2025-03-06 08:34:43.006 69161 INFO tempest.lib.common.rest_client [req-ef012a32-3dd4-4eac-9c00-f45045202e9e req-ef012a32-3dd4-4eac-9c00-f45045202e9e ] Request (ServerMetadataNegativeTestJSON:tearDownClass): 200 GET http://10.180.1.21/compute/v2.1/servers/286d8d9a-a373-4c6d-83a5-21b34065dd01 0.434s
2025-03-06 08:34:43.017 69153 INFO tempest.lib.common.rest_client [req-839eae22-6d50-41af-b21d-d2313036d8f7 req-839eae22-6d50-41af-b21d-d2313036d8f7 ] Request (ImagesOneServerNegativeTestJSON:_run_cleanups): 200 GET http://10.180.1.21/compute/v2.1/servers/66cf1d38-1711-4f7e-9656-d0dbbfc06a96 0.488s
2025-03-06 08:34:43.096 69171 INFO tempest.lib.common.rest_client [req-dd56f71b-00fb-4f63-825b-e7c197acf77b req-dd56f71b-00fb-4f63-825b-e7c197acf77b ] Request (ServerAddressesNegativeTestJSON:tearDownClass): 200 GET http://10.180.1.21/compute/v2.1/servers/bd885b57-4718-464a-a60f-5543d3191bd1 0.248s
2025-03-06 08:34:43.197 69181 INFO tempest.lib.common.rest_client [req-1fcba5af-c93f-4e14-af9a-f01f94d349d0 req-1fcba5af-c93f-4e14-af9a-f01f94d349d0 ] Request (ImagesNegativeTestJSON:test_create_image_from_deleted_server): 200 GET http://10.180.1.21/compute/v2.1/servers/1235627a-11b9-44d3-b2c8-1f8df0953986 0.294s
2025-03-06 08:34:43.212 69187 INFO tempest.lib.common.rest_client [req-2ef69ff7-6a97-461c-90ed-9c10c566c4e0 req-2ef69ff7-6a97-461c-90ed-9c10c566c4e0 ] Request (MigrationsAdminTest:test_list_migrations_in_flavor_resize_situation): 200 GET http://10.180.1.21/compute/v2.1/servers/2bd0be89-bbc3-4b9c-b253-601deaa21a1c 0.376s
2025-03-06 08:34:43.263 69169 INFO tempest.lib.common.rest_client [req-0c9992cc-4df2-4fc4-98b0-216e4ce569df req-0c9992cc-4df2-4fc4-98b0-216e4ce569df ] Request (ServerExternalEventsTest:tearDownClass): 200 GET http://10.180.1.21/compute/v2.1/servers/9c826747-c11d-4bf7-9fce-b3d949c0fbb9 0.341s
2025-03-06 08:34:43.285 69145 INFO tempest.lib.common.rest_client [req-0a06e108-eee4-4b6b-9f61-e3129554d700 req-0a06e108-eee4-4b6b-9f61-e3129554d700 ] Request (DeleteServersAdminTestJSON:test_delete_server_while_in_error_state): 200 GET http://10.180.1.21/compute/v2.1/servers/50082c6e-44ca-4180-8367-85df53604b74 0.285s
2025-03-06 08:34:43.321 69137 INFO tempest.lib.common.rest_client [req-1e63ca86-3235-4deb-bdea-f44182ed6df0 req-1e63ca86-3235-4deb-bdea-f44182ed6df0 ] Request (ServersTestFqdnHostnames:test_create_server_with_fqdn_name): 200 GET http://10.180.1.21/compute/v2.1/servers/6ae9092a-269e-4569-864f-28136dc65ab0 0.307s
2025-03-06 08:34:43.356 69135 INFO tempest.lib.common.rest_client [req-bc09b486-f51d-429e-b225-cdcafe2523b2 req-bc09b486-f51d-429e-b225-cdcafe2523b2 ] Request (ListServerFiltersTestJSON:tearDownClass): 200 GET http://10.180.1.21/compute/v2.1/servers/4853fd0a-7602-45e1-83ad-89da06d321c5 0.269s
2025-03-06 08:34:43.371 69165 INFO tempest.lib.common.rest_client [req-ac7d753b-c434-449c-9697-2083647a16a3 req-ac7d753b-c434-449c-9697-2083647a16a3 ] Request (FloatingIPsAssociationNegativeTestJSON:tearDownClass): 200 GET http://10.180.1.21/compute/v2.1/servers/768a32d3-864d-45a0-8c65-8c43882292f8 0.207s
2025-03-06 08:34:43.406 69131 WARNING tempest.lib.common.ssh [-] Failed to establish authenticated ssh connection to cirros@10.180.180.163 ([Errno None] Unable to connect to port 22 on 10.180.180.163). Number attempts: 1. Retry after 2 seconds.: paramiko.ssh_exception.NoValidConnectionsError: [Errno None] Unable to connect to port 22 on 10.180.180.163
2025-03-06 08:34:43.424 69183 INFO tempest.lib.common.rest_client [req-62ca76df-067e-4171-b040-7f690ccb3088 req-62ca76df-067e-4171-b040-7f690ccb3088 ] Request (ServerTagsTestJSON:setUpClass): 200 GET http://10.180.1.21/compute/v2.1/servers/aca1cd64-df1f-4505-bbff-9a896f7834de 0.254s
2025-03-06 08:34:43.529 69179 INFO tempest.lib.common.rest_client [req-38f5bc16-d1ad-42be-a427-716bc8f9d2fb req-38f5bc16-d1ad-42be-a427-716bc8f9d2fb ] Request (ServerActionsTestJSON:setUpClass): 200 GET http://10.180.1.21/compute/v2.1/servers/766dc032-7549-4939-9f7a-9de37afb60c5 0.072s
2025-03-06 08:34:43.534 69147 INFO tempest.lib.common.rest_client [req-57fe158f-6d0d-41e7-b180-88b230219650 req-57fe158f-6d0d-41e7-b180-88b230219650 ] Request (ServersAaction247Test:test_create_backup): 200 GET http://10.180.1.21/compute/v2.1/servers/3c2e1e62-4b17-4af5-8bb7-1e2e16683f54 0.073s
2025-03-06 08:34:43.585 69175 INFO tempest.lib.common.rest_client [req-fc6c4967-ad6d-415e-a29a-56590781945f req-fc6c4967-ad6d-415e-a29a-56590781945f ] Request (ServerGroupTestJSON:test_create_server_with_scheduler_hint_group): 200 GET http://10.180.1.21/compute/v2.1/servers/6c0c756b-519e-4588-8ec3-d86581ba9614 0.070s
2025-03-06 08:34:43.592 69185 INFO tempest.lib.common.rest_client [req-352597b2-418b-4c31-be47-99ba5d8c833e req-352597b2-418b-4c31-be47-99ba5d8c833e ] Request (ServersTestJSON:setUpClass): 200 GET http://10.180.1.21/compute/v2.1/servers/dd47b033-fa90-46fa-bfd1-5d1bcf1b5625 0.075s
2025-03-06 08:34:43.647 69177 INFO tempest.lib.common.rest_client [req-ffa32294-d6c5-49ac-aa93-ebd9613bfa3c req-ffa32294-d6c5-49ac-aa93-ebd9613bfa3c ] Request (InstanceActionsTestJSON:setUpClass): 200 GET http://10.180.1.21/compute/v2.1/servers/ce827938-7c6a-4fa8-813c-817a12004ed9 0.053s
2025-03-06 08:34:43.705 69149 INFO tempest.lib.common.rest_client [req-6f56479a-7a46-4c2a-96f8-869ca5301c94 req-6f56479a-7a46-4c2a-96f8-869ca5301c94 ] Request (InstanceActionsNegativeTestJSON:setUpClass): 200 GET http://10.180.1.21/compute/v2.1/servers/ce4cbd89-f00a-4bfc-948b-8a4c22b9feb8 0.054s
2025-03-06 08:34:43.707 69159 INFO tempest.lib.common.rest_client [req-3efae4ae-0725-4018-a47a-ff901ebfd484 req-3efae4ae-0725-4018-a47a-ff901ebfd484 ] Request (AttachInterfacesV270Test:setUpClass): 200 PUT http://10.180.1.21:9696/networking/v2.0/routers/a5fef332-344f-40fb-9d2e-a2fdd6a6275c/add_router_interface 0.838s
2025-03-06 08:34:43.708 69159 INFO tempest.lib.common.dynamic_creds [-] Created isolated network resources for: credentials: Credentials: {'domain_id': 'default', 'domain_name': 'Default', 'username': 'tempest-AttachInterfacesV270Test-1099950533-project-member', 'project_domain_id': 'default', 'project_domain_name': 'Default', 'project_id': '10e7c420a7ce4161aeb755bb5517c388', 'project_name': 'tempest-AttachInterfacesV270Test-1099950533', 'tenant_id': '10e7c420a7ce4161aeb755bb5517c388', 'tenant_name': 'tempest-AttachInterfacesV270Test-1099950533', 'user_domain_id': 'default', 'user_domain_name': 'Default', 'user_id': '3d6a6410defe4cd8ade4a6f96d62b2c4', 'system': None}, Network: {'id': '5def8529-d6fa-40b3-b23f-894ebd57c4ca', 'name': 'tempest-AttachInterfacesV270Test-1655012819-network', 'tenant_id': '10e7c420a7ce4161aeb755bb5517c388', 'admin_state_up': True, 'mtu': 8950, 'status': 'ACTIVE', 'subnets': [], 'shared': False, 'project_id': '10e7c420a7ce4161aeb755bb5517c388', 'port_security_enabled': True, 'router:external': False, 'provider:network_type': 'vlan', 'provider:physical_network': 'default', 'provider:segmentation_id': 867, 'availability_zone_hints': [], 'availability_zones': [], 'ipv4_address_scope': None, 'ipv6_address_scope': None, 'description': '', 'tags': [], 'created_at': '2025-03-06T08:34:41Z', 'updated_at': '2025-03-06T08:34:42Z', 'revision_number': 1}, Subnet: {'id': '04f71829-57c1-4c27-b523-284f67f80af5', 'name': 'tempest-AttachInterfacesV270Test-1655012819-subnet', 'tenant_id': '10e7c420a7ce4161aeb755bb5517c388', 'network_id': '5def8529-d6fa-40b3-b23f-894ebd57c4ca', 'ip_version': 4, 'subnetpool_id': None, 'enable_dhcp': True, 'ipv6_ra_mode': None, 'ipv6_address_mode': None, 'gateway_ip': '192.168.128.1', 'cidr': '192.168.128.0/28', 'allocation_pools': [{'start': '192.168.128.2', 'end': '192.168.128.14'}], 'host_routes': [], 'dns_nameservers': [], 'description': '', 'router:external': False, 'service_types': [], 'tags': [], 'created_at': '2025-03-06T08:34:42Z', 'updated_at': '2025-03-06T08:34:42Z', 'revision_number': 0, 'project_id': '10e7c420a7ce4161aeb755bb5517c388'}, Router: {'id': 'a5fef332-344f-40fb-9d2e-a2fdd6a6275c', 'name': 'tempest-AttachInterfacesV270Test-1655012819-router', 'tenant_id': '10e7c420a7ce4161aeb755bb5517c388', 'admin_state_up': True, 'status': 'ACTIVE', 'external_gateway_info': {'network_id': '1f8e8973-f0ac-42b1-98ce-a72c61772c1b', 'external_fixed_ips': [{'subnet_id': 'b9404675-a8fd-420f-92fd-9f537d6eb9a4', 'ip_address': '10.180.180.230'}], 'enable_snat': True}, 'description': '', 'availability_zones': [], 'distributed': False, 'ha': False, 'availability_zone_hints': [], 'routes': [], 'flavor_id': None, 'tags': [], 'created_at': '2025-03-06T08:34:42Z', 'updated_at': '2025-03-06T08:34:42Z', 'revision_number': 2, 'project_id': '10e7c420a7ce4161aeb755bb5517c388'}
2025-03-06 08:34:43.797 69159 INFO tempest.lib.common.rest_client [req-506f4930-81dd-4574-aefb-1887bba3e848 req-506f4930-81dd-4574-aefb-1887bba3e848 ] Request (AttachInterfacesV270Test:setUpClass): 201 POST http://10.180.1.21/identity/v3/auth/tokens 0.085s
2025-03-06 08:34:43.826 69159 INFO tempest.lib.common.rest_client [req-9e4ed252-20dd-499f-937c-37499c0430aa req-9e4ed252-20dd-499f-937c-37499c0430aa ] Request (AttachInterfacesV270Test:test_create_get_list_interfaces): 201 POST http://10.180.1.21/identity/v3/auth/tokens 0.024s
2025-03-06 08:34:43.827 69159 INFO tempest.lib.common.fixed_network [-] (AttachInterfacesV270Test:test_create_get_list_interfaces) Found network {'id': '5def8529-d6fa-40b3-b23f-894ebd57c4ca', 'name': 'tempest-AttachInterfacesV270Test-1655012819-network', 'tenant_id': '10e7c420a7ce4161aeb755bb5517c388', 'admin_state_up': True, 'mtu': 8950, 'status': 'ACTIVE', 'subnets': [], 'shared': False, 'project_id': '10e7c420a7ce4161aeb755bb5517c388', 'port_security_enabled': True, 'router:external': False, 'provider:network_type': 'vlan', 'provider:physical_network': 'default', 'provider:segmentation_id': 867, 'availability_zone_hints': [], 'availability_zones': [], 'ipv4_address_scope': None, 'ipv6_address_scope': None, 'description': '', 'tags': [], 'created_at': '2025-03-06T08:34:41Z', 'updated_at': '2025-03-06T08:34:42Z', 'revision_number': 1} available for tenant
2025-03-06 08:34:43.827 69163 INFO tempest.lib.common.rest_client [req-187e75ba-e391-48e8-9f8c-7a59b1cd7109 req-187e75ba-e391-48e8-9f8c-7a59b1cd7109 ] Request (ServersAdminTestJSON:setUpClass): 200 GET http://10.180.1.21/compute/v2.1/servers/72cc3e98-0fa9-4483-ae3c-b9b228ee50ea 0.095s
2025-03-06 08:34:43.945 69143 INFO tempest.lib.common.rest_client [req-48fa28aa-2be2-4bda-8543-ddce8583b2c3 req-48fa28aa-2be2-4bda-8543-ddce8583b2c3 ] Request (ImagesTestJSON:test_create_image_from_stopped_server): 200 GET http://10.180.1.21/compute/v2.1/servers/064f9c81-5b1e-4d45-b92d-297f5bc3442d 0.153s
2025-03-06 08:34:44.071 69189 INFO tempest.lib.common.rest_client [req-ece9ffe6-2ee1-4667-bbc9-324131b95480 req-ece9ffe6-2ee1-4667-bbc9-324131b95480 ] Request (FloatingIPsAssociationTestJSON:test_associate_already_associated_floating_ip): 200 GET http://10.180.1.21/compute/v2.1/servers/889c445b-ae8f-4201-85b8-957765f4e2a5 0.280s
2025-03-06 08:34:44.153 69155 INFO tempest.lib.common.rest_client [req-d12b077b-4ae5-4312-ac3d-f3e5442e415b req-d12b077b-4ae5-4312-ac3d-f3e5442e415b ] Request (ServersAdminNegativeTestJSON:test_migrate_server_invalid_state): 200 GET http://10.180.1.21/compute/v2.1/servers/7a220571-f9be-442b-8bea-a50daba648eb 0.287s
2025-03-06 08:34:44.239 69167 INFO tempest.lib.common.rest_client [req-19ffd5e8-a3a0-4257-8ff0-9058165bbb40 req-19ffd5e8-a3a0-4257-8ff0-9058165bbb40 ] Request (ServersListShow298Test:test_list_show_update_rebuild_server_298): 200 GET http://10.180.1.21/compute/v2.1/servers/cfecbc5f-207a-40e7-87db-cbd06c337399 0.361s
2025-03-06 08:34:44.532 69151 INFO tempest.lib.common.rest_client [req-8e59bd1d-38c2-40bd-969a-72c2d66e2c99 req-8e59bd1d-38c2-40bd-969a-72c2d66e2c99 ] Request (TenantUsagesTestJSON:setUpClass): 200 GET http://10.180.1.21/compute/v2.1/servers/84826a65-566c-4d1c-8d7b-1518f4e1f57e 0.604s
2025-03-06 08:34:44.545 69159 INFO tempest.lib.common.rest_client [req-b31bb57e-86f4-4228-8476-0a8250194a66 req-b31bb57e-86f4-4228-8476-0a8250194a66 ] Request (AttachInterfacesV270Test:test_create_get_list_interfaces): 202 POST http://10.180.1.21/compute/v2.1/servers 0.717s
2025-03-06 08:34:44.589 69127 INFO tempest.lib.common.rest_client [req-8f92863d-cfc7-4e6c-a631-3b28b824d6c8 req-8f92863d-cfc7-4e6c-a631-3b28b824d6c8 ] Request (SecurityGroupsTestJSON:test_server_security_groups): 200 GET http://10.180.1.21/compute/v2.1/servers/b2ca1d49-d635-4e52-a33d-97e5ee2b7d13 0.658s
2025-03-06 08:34:44.621 69161 INFO tempest.lib.common.rest_client [req-8bdc3d4b-9b70-46c3-b945-aa69e6be8b7c req-8bdc3d4b-9b70-46c3-b945-aa69e6be8b7c ] Request (ServerMetadataNegativeTestJSON:tearDownClass): 200 GET http://10.180.1.21/compute/v2.1/servers/286d8d9a-a373-4c6d-83a5-21b34065dd01 0.603s
2025-03-06 08:34:44.640 69153 INFO tempest.lib.common.rest_client [req-b87de8a6-0601-4a1d-b758-391c74511703 req-b87de8a6-0601-4a1d-b758-391c74511703 ] Request (ImagesOneServerNegativeTestJSON:_run_cleanups): 200 GET http://10.180.1.21/compute/v2.1/servers/66cf1d38-1711-4f7e-9656-d0dbbfc06a96 0.613s
2025-03-06 08:34:44.677 69171 INFO tempest.lib.common.rest_client [req-a6ea54d2-1438-40ce-b443-7d4b2e18e84c req-a6ea54d2-1438-40ce-b443-7d4b2e18e84c ] Request (ServerAddressesNegativeTestJSON:tearDownClass): 200 GET http://10.180.1.21/compute/v2.1/servers/bd885b57-4718-464a-a60f-5543d3191bd1 0.568s
2025-03-06 08:34:44.683 69171 INFO tempest.common.waiters [-] State transition "ACTIVE/deleting" ==> "DELETED/None" after 4 second wait
2025-03-06 08:34:44.695 69181 INFO tempest.lib.common.rest_client [req-deec0452-a055-49f5-90da-63e78e77d2d3 req-deec0452-a055-49f5-90da-63e78e77d2d3 ] Request (ImagesNegativeTestJSON:test_create_image_from_deleted_server): 200 GET http://10.180.1.21/compute/v2.1/servers/1235627a-11b9-44d3-b2c8-1f8df0953986 0.491s
2025-03-06 08:34:44.753 69169 INFO tempest.lib.common.rest_client [req-fe640aaf-4111-423c-920f-f15a03849fb9 req-fe640aaf-4111-423c-920f-f15a03849fb9 ] Request (ServerExternalEventsTest:tearDownClass): 200 GET http://10.180.1.21/compute/v2.1/servers/9c826747-c11d-4bf7-9fce-b3d949c0fbb9 0.480s
2025-03-06 08:34:44.814 69145 INFO tempest.lib.common.rest_client [req-380d2f6c-866f-41f5-9055-f7c3ab0a65f4 req-380d2f6c-866f-41f5-9055-f7c3ab0a65f4 ] Request (DeleteServersAdminTestJSON:test_delete_server_while_in_error_state): 200 GET http://10.180.1.21/compute/v2.1/servers/50082c6e-44ca-4180-8367-85df53604b74 0.521s
2025-03-06 08:34:44.829 69187 INFO tempest.lib.common.rest_client [req-3e920599-9e54-4519-80aa-62c742199da2 req-3e920599-9e54-4519-80aa-62c742199da2 ] Request (MigrationsAdminTest:test_list_migrations_in_flavor_resize_situation): 200 GET http://10.180.1.21/compute/v2.1/servers/2bd0be89-bbc3-4b9c-b253-601deaa21a1c 0.607s
2025-03-06 08:34:44.839 69129 WARNING tempest.lib.common.ssh [-] Failed to establish authenticated ssh connection to cirros@10.180.180.132 ([Errno None] Unable to connect to port 22 on 10.180.180.132). Number attempts: 5. Retry after 6 seconds.: paramiko.ssh_exception.NoValidConnectionsError: [Errno None] Unable to connect to port 22 on 10.180.180.132
2025-03-06 08:34:44.858 69137 INFO tempest.lib.common.rest_client [req-ae663d71-34e8-4288-a190-25fc45aa021a req-ae663d71-34e8-4288-a190-25fc45aa021a ] Request (ServersTestFqdnHostnames:test_create_server_with_fqdn_name): 200 GET http://10.180.1.21/compute/v2.1/servers/6ae9092a-269e-4569-864f-28136dc65ab0 0.527s
2025-03-06 08:34:44.880 69135 INFO tempest.lib.common.rest_client [req-81c5420d-9861-44f1-b5aa-8e49b1ffa92c req-81c5420d-9861-44f1-b5aa-8e49b1ffa92c ] Request (ListServerFiltersTestJSON:tearDownClass): 200 GET http://10.180.1.21/compute/v2.1/servers/4853fd0a-7602-45e1-83ad-89da06d321c5 0.515s
2025-03-06 08:34:44.911 69165 INFO tempest.lib.common.rest_client [req-049711be-48de-427f-8e23-f8e85e67416a req-049711be-48de-427f-8e23-f8e85e67416a ] Request (FloatingIPsAssociationNegativeTestJSON:tearDownClass): 200 GET http://10.180.1.21/compute/v2.1/servers/768a32d3-864d-45a0-8c65-8c43882292f8 0.529s
2025-03-06 08:34:44.918 69165 INFO tempest.common.waiters [-] State transition "ACTIVE/deleting" ==> "DELETED/None" after 5 second wait
2025-03-06 08:34:44.924 69183 INFO tempest.lib.common.rest_client [req-8f3800a4-71f5-4a76-af17-c6ddae081aec req-8f3800a4-71f5-4a76-af17-c6ddae081aec ] Request (ServerTagsTestJSON:setUpClass): 200 GET http://10.180.1.21/compute/v2.1/servers/aca1cd64-df1f-4505-bbff-9a896f7834de 0.484s
2025-03-06 08:34:44.955 69179 INFO tempest.lib.common.rest_client [req-30d68add-a883-462c-ae2a-12cb643fb4db req-30d68add-a883-462c-ae2a-12cb643fb4db ] Request (ServerActionsTestJSON:setUpClass): 200 GET http://10.180.1.21/compute/v2.1/servers/766dc032-7549-4939-9f7a-9de37afb60c5 0.415s
2025-03-06 08:34:44.972 69147 INFO tempest.lib.common.rest_client [req-93b1b417-9ea1-47f2-9221-8ec9c7260565 req-93b1b417-9ea1-47f2-9221-8ec9c7260565 ] Request (ServersAaction247Test:test_create_backup): 200 GET http://10.180.1.21/compute/v2.1/servers/3c2e1e62-4b17-4af5-8bb7-1e2e16683f54 0.429s
2025-03-06 08:34:44.989 69159 INFO tempest.lib.common.rest_client [req-44fba217-b1b3-44cc-803d-86b175128242 req-44fba217-b1b3-44cc-803d-86b175128242 ] Request (AttachInterfacesV270Test:test_create_get_list_interfaces): 200 GET http://10.180.1.21/compute/v2.1/servers/5fcbacdd-4e54-4c1c-99da-4e5d0cca8762 0.443s
2025-03-06 08:34:45.018 69175 INFO tempest.lib.common.rest_client [req-53c68daf-21e6-4652-9b2d-7927ba2090bc req-53c68daf-21e6-4652-9b2d-7927ba2090bc ] Request (ServerGroupTestJSON:test_create_server_with_scheduler_hint_group): 200 GET http://10.180.1.21/compute/v2.1/servers/6c0c756b-519e-4588-8ec3-d86581ba9614 0.424s
2025-03-06 08:34:45.031 69185 INFO tempest.lib.common.rest_client [req-9cb7f2a7-f315-45ac-aed9-3cc1b5a32752 req-9cb7f2a7-f315-45ac-aed9-3cc1b5a32752 ] Request (ServersTestJSON:setUpClass): 200 GET http://10.180.1.21/compute/v2.1/servers/dd47b033-fa90-46fa-bfd1-5d1bcf1b5625 0.432s
2025-03-06 08:34:45.066 69177 INFO tempest.lib.common.rest_client [req-6f1c33af-bbb8-4ad7-94fd-b537a802a093 req-6f1c33af-bbb8-4ad7-94fd-b537a802a093 ] Request (InstanceActionsTestJSON:setUpClass): 200 GET http://10.180.1.21/compute/v2.1/servers/ce827938-7c6a-4fa8-813c-817a12004ed9 0.412s
2025-03-06 08:34:45.076 69149 INFO tempest.lib.common.rest_client [req-ed8ae0c8-b680-483a-82f4-43b61ef67d81 req-ed8ae0c8-b680-483a-82f4-43b61ef67d81 ] Request (InstanceActionsNegativeTestJSON:setUpClass): 200 GET http://10.180.1.21/compute/v2.1/servers/ce4cbd89-f00a-4bfc-948b-8a4c22b9feb8 0.360s
2025-03-06 08:34:45.206 69163 INFO tempest.lib.common.rest_client [req-111cd67c-c681-4f7e-abd9-572e6491f839 req-111cd67c-c681-4f7e-abd9-572e6491f839 ] Request (ServersAdminTestJSON:setUpClass): 200 GET http://10.180.1.21/compute/v2.1/servers/72cc3e98-0fa9-4483-ae3c-b9b228ee50ea 0.372s
2025-03-06 08:34:45.215 69163 INFO tempest.common.waiters [-] State transition "BUILD/spawning" ==> "ACTIVE/None" after 61 second wait
2025-03-06 08:34:45.216 69143 INFO tempest.lib.common.rest_client [req-3e011202-6ee0-43af-b555-c0a815340d74 req-3e011202-6ee0-43af-b555-c0a815340d74 ] Request (ImagesTestJSON:test_create_image_from_stopped_server): 200 GET http://10.180.1.21/compute/v2.1/servers/064f9c81-5b1e-4d45-b92d-297f5bc3442d 0.259s
2025-03-06 08:34:45.224 69143 INFO tempest.common.waiters [-] State transition "BUILD/networking" ==> "BUILD/spawning" after 59 second wait
2025-03-06 08:34:45.276 69155 INFO tempest.lib.common.rest_client [req-5f384eff-8fe5-4f86-93b8-bac9f7153919 req-5f384eff-8fe5-4f86-93b8-bac9f7153919 ] Request (ServersAdminNegativeTestJSON:test_migrate_server_invalid_state): 200 GET http://10.180.1.21/compute/v2.1/servers/7a220571-f9be-442b-8bea-a50daba648eb 0.112s
2025-03-06 08:34:45.325 69189 INFO tempest.lib.common.rest_client [req-4cc150c8-fe55-415d-a517-53c0b0ab65c4 req-4cc150c8-fe55-415d-a517-53c0b0ab65c4 ] Request (FloatingIPsAssociationTestJSON:test_associate_already_associated_floating_ip): 200 GET http://10.180.1.21/compute/v2.1/servers/889c445b-ae8f-4201-85b8-957765f4e2a5 0.245s
2025-03-06 08:34:45.362 69163 INFO tempest.lib.common.rest_client [req-d4b12a2e-cb53-4871-b761-744f8b039d81 req-d4b12a2e-cb53-4871-b761-744f8b039d81 ] Request (ServersAdminTestJSON:setUpClass): 200 GET http://10.180.1.21/compute/v2.1/servers/94b4e529-503f-425a-97d3-60d69b0e13e4 0.147s
2025-03-06 08:34:45.382 69167 INFO tempest.lib.common.rest_client [req-1c9380d0-bb5d-4337-a79e-3ad70df263bb req-1c9380d0-bb5d-4337-a79e-3ad70df263bb ] Request (ServersListShow298Test:test_list_show_update_rebuild_server_298): 200 GET http://10.180.1.21/compute/v2.1/servers/cfecbc5f-207a-40e7-87db-cbd06c337399 0.130s
2025-03-06 08:34:45.442 69163 INFO tempest.lib.common.rest_client [req-acb71139-ba28-40eb-ba26-d7bede67d767 req-acb71139-ba28-40eb-ba26-d7bede67d767 ] Request (ServersAdminTestJSON:test_create_server_with_scheduling_hint): 201 POST http://10.180.1.21/identity/v3/auth/tokens 0.069s
2025-03-06 08:34:45.443 69163 INFO tempest.lib.common.fixed_network [-] (ServersAdminTestJSON:test_create_server_with_scheduling_hint) Found network {'id': '9555c51d-c2f4-442c-b2d1-9ce01b54ecd3', 'name': 'tempest-ServersAdminTestJSON-583309848-network', 'tenant_id': 'aa2585e84ff845e490661becec9e1bbf', 'admin_state_up': True, 'mtu': 8950, 'status': 'ACTIVE', 'subnets': [], 'shared': False, 'project_id': 'aa2585e84ff845e490661becec9e1bbf', 'port_security_enabled': True, 'router:external': False, 'provider:network_type': 'vlan', 'provider:physical_network': 'default', 'provider:segmentation_id': 843, 'availability_zone_hints': [], 'availability_zones': [], 'ipv4_address_scope': None, 'ipv6_address_scope': None, 'description': '', 'tags': [], 'created_at': '2025-03-06T08:33:21Z', 'updated_at': '2025-03-06T08:33:21Z', 'revision_number': 1} available for tenant
2025-03-06 08:34:45.597 69151 INFO tempest.lib.common.rest_client [req-942cb4da-4cf5-432f-b618-2a2bce30f534 req-942cb4da-4cf5-432f-b618-2a2bce30f534 ] Request (TenantUsagesTestJSON:setUpClass): 200 GET http://10.180.1.21/compute/v2.1/servers/84826a65-566c-4d1c-8d7b-1518f4e1f57e 0.055s
2025-03-06 08:34:45.659 69127 INFO tempest.lib.common.rest_client [req-23514721-91e9-49d0-8354-3c4841e3b0b4 req-23514721-91e9-49d0-8354-3c4841e3b0b4 ] Request (SecurityGroupsTestJSON:test_server_security_groups): 200 GET http://10.180.1.21/compute/v2.1/servers/b2ca1d49-d635-4e52-a33d-97e5ee2b7d13 0.058s
2025-03-06 08:34:45.733 69161 INFO tempest.lib.common.rest_client [req-371e6ec9-69ec-4801-82d7-19fd069e3809 req-371e6ec9-69ec-4801-82d7-19fd069e3809 ] Request (ServerMetadataNegativeTestJSON:tearDownClass): 200 GET http://10.180.1.21/compute/v2.1/servers/286d8d9a-a373-4c6d-83a5-21b34065dd01 0.103s
2025-03-06 08:34:45.792 69153 INFO tempest.lib.common.rest_client [req-dc1dccd0-31bd-4a4f-8880-8aab389772b2 req-dc1dccd0-31bd-4a4f-8880-8aab389772b2 ] Request (ImagesOneServerNegativeTestJSON:_run_cleanups): 200 GET http://10.180.1.21/compute/v2.1/servers/66cf1d38-1711-4f7e-9656-d0dbbfc06a96 0.144s
2025-03-06 08:34:45.825 69163 INFO tempest.lib.common.rest_client [req-44343136-629d-493e-9656-dac6f008a1a5 req-44343136-629d-493e-9656-dac6f008a1a5 ] Request (ServersAdminTestJSON:test_create_server_with_scheduling_hint): 202 POST http://10.180.1.21/compute/v2.1/servers 0.382s
2025-03-06 08:34:45.855 69171 INFO tempest.lib.common.rest_client [req-afa2eda6-d562-4c29-8127-fdeaa9f44f3e req-afa2eda6-d562-4c29-8127-fdeaa9f44f3e ] Request (ServerAddressesNegativeTestJSON:tearDownClass): 200 GET http://10.180.1.21/compute/v2.1/servers/bd885b57-4718-464a-a60f-5543d3191bd1 0.170s
2025-03-06 08:34:45.893 69181 INFO tempest.lib.common.rest_client [req-e493748c-1d12-4358-9400-7087b52ef487 req-e493748c-1d12-4358-9400-7087b52ef487 ] Request (ImagesNegativeTestJSON:test_create_image_from_deleted_server): 200 GET http://10.180.1.21/compute/v2.1/servers/1235627a-11b9-44d3-b2c8-1f8df0953986 0.187s
2025-03-06 08:34:45.938 69169 INFO tempest.lib.common.rest_client [req-3b27bd65-9d04-4340-a112-80a74ac6bfcc req-3b27bd65-9d04-4340-a112-80a74ac6bfcc ] Request (ServerExternalEventsTest:tearDownClass): 200 GET http://10.180.1.21/compute/v2.1/servers/9c826747-c11d-4bf7-9fce-b3d949c0fbb9 0.176s
2025-03-06 08:34:45.992 69145 INFO tempest.lib.common.rest_client [req-85e7054f-d829-4998-aab9-e1060c635d9d req-85e7054f-d829-4998-aab9-e1060c635d9d ] Request (DeleteServersAdminTestJSON:test_delete_server_while_in_error_state): 200 GET http://10.180.1.21/compute/v2.1/servers/50082c6e-44ca-4180-8367-85df53604b74 0.166s
2025-03-06 08:34:46.002 69163 INFO tempest.lib.common.rest_client [req-05e75aa9-fa65-4fb2-b9fa-9bdd6007beff req-05e75aa9-fa65-4fb2-b9fa-9bdd6007beff ] Request (ServersAdminTestJSON:test_create_server_with_scheduling_hint): 200 GET http://10.180.1.21/compute/v2.1/servers/6f14713a-6c3c-42d9-be92-1afeb7b1c7b4 0.174s
2025-03-06 08:34:46.069 69137 INFO tempest.lib.common.rest_client [req-8711e249-f719-400d-9a82-feefd517c1cd req-8711e249-f719-400d-9a82-feefd517c1cd ] Request (ServersTestFqdnHostnames:test_create_server_with_fqdn_name): 200 GET http://10.180.1.21/compute/v2.1/servers/6ae9092a-269e-4569-864f-28136dc65ab0 0.203s
2025-03-06 08:34:46.121 69187 INFO tempest.lib.common.rest_client [req-98a1ddef-5073-4140-9b3a-4edfbe8b9d98 req-98a1ddef-5073-4140-9b3a-4edfbe8b9d98 ] Request (MigrationsAdminTest:test_list_migrations_in_flavor_resize_situation): 200 GET http://10.180.1.21/compute/v2.1/servers/2bd0be89-bbc3-4b9c-b253-601deaa21a1c 0.279s
2025-03-06 08:34:46.132 69157 WARNING tempest.lib.common.ssh [-] Failed to establish authenticated ssh connection to cirros@10.180.180.224 ([Errno None] Unable to connect to port 22 on 10.180.180.224). Number attempts: 7. Retry after 8 seconds.: paramiko.ssh_exception.NoValidConnectionsError: [Errno None] Unable to connect to port 22 on 10.180.180.224
2025-03-06 08:34:46.134 69187 INFO tempest.common.waiters [-] State transition "VERIFY_RESIZE/None" ==> "ACTIVE/None" after 27 second wait
2025-03-06 08:34:46.140 69135 INFO tempest.lib.common.rest_client [req-9fe03de1-09e8-40ee-8f65-1fa3bb55f10e req-9fe03de1-09e8-40ee-8f65-1fa3bb55f10e ] Request (ListServerFiltersTestJSON:tearDownClass): 200 GET http://10.180.1.21/compute/v2.1/servers/4853fd0a-7602-45e1-83ad-89da06d321c5 0.251s
2025-03-06 08:34:46.177 69165 INFO tempest.lib.common.rest_client [req-6cd24761-83c2-4a07-8040-a00e99bbd0b3 req-6cd24761-83c2-4a07-8040-a00e99bbd0b3 ] Request (FloatingIPsAssociationNegativeTestJSON:tearDownClass): 200 GET http://10.180.1.21/compute/v2.1/servers/768a32d3-864d-45a0-8c65-8c43882292f8 0.257s
2025-03-06 08:34:46.194 69183 INFO tempest.lib.common.rest_client [req-457c79f8-deb2-4e44-9e62-4f0a27ae71a8 req-457c79f8-deb2-4e44-9e62-4f0a27ae71a8 ] Request (ServerTagsTestJSON:setUpClass): 200 GET http://10.180.1.21/compute/v2.1/servers/aca1cd64-df1f-4505-bbff-9a896f7834de 0.258s
2025-03-06 08:34:46.222 69179 INFO tempest.lib.common.rest_client [req-113b5d8e-9f69-4c25-b804-e167cb335e3b req-113b5d8e-9f69-4c25-b804-e167cb335e3b ] Request (ServerActionsTestJSON:setUpClass): 200 GET http://10.180.1.21/compute/v2.1/servers/766dc032-7549-4939-9f7a-9de37afb60c5 0.260s
2025-03-06 08:34:46.241 69147 INFO tempest.lib.common.rest_client [req-7565cba8-86c5-4f29-9efb-28954599844a req-7565cba8-86c5-4f29-9efb-28954599844a ] Request (ServersAaction247Test:test_create_backup): 200 GET http://10.180.1.21/compute/v2.1/servers/3c2e1e62-4b17-4af5-8bb7-1e2e16683f54 0.259s
2025-03-06 08:34:46.278 69159 INFO tempest.lib.common.rest_client [req-b5be737d-2451-435a-9c28-8c7955e94461 req-b5be737d-2451-435a-9c28-8c7955e94461 ] Request (AttachInterfacesV270Test:test_create_get_list_interfaces): 200 GET http://10.180.1.21/compute/v2.1/servers/5fcbacdd-4e54-4c1c-99da-4e5d0cca8762 0.276s
2025-03-06 08:34:46.287 69175 INFO tempest.lib.common.rest_client [req-797d7489-fa20-44f3-a4d9-d4b734848473 req-797d7489-fa20-44f3-a4d9-d4b734848473 ] Request (ServerGroupTestJSON:test_create_server_with_scheduler_hint_group): 200 GET http://10.180.1.21/compute/v2.1/servers/6c0c756b-519e-4588-8ec3-d86581ba9614 0.261s
2025-03-06 08:34:46.336 69177 INFO tempest.lib.common.rest_client [req-298e4baf-7624-44cc-a459-fa84a92c269d req-298e4baf-7624-44cc-a459-fa84a92c269d ] Request (InstanceActionsTestJSON:setUpClass): 200 GET http://10.180.1.21/compute/v2.1/servers/ce827938-7c6a-4fa8-813c-817a12004ed9 0.256s
2025-03-06 08:34:46.338 69185 INFO tempest.lib.common.rest_client [req-52d68fba-9529-494f-9e8a-788ea8fe4916 req-52d68fba-9529-494f-9e8a-788ea8fe4916 ] Request (ServersTestJSON:setUpClass): 200 GET http://10.180.1.21/compute/v2.1/servers/dd47b033-fa90-46fa-bfd1-5d1bcf1b5625 0.296s
2025-03-06 08:34:46.351 69177 INFO tempest.common.waiters [-] State transition "BUILD/scheduling" ==> "BUILD/None" after 35 second wait
2025-03-06 08:34:46.385 69149 INFO tempest.lib.common.rest_client [req-e73b269f-6f74-47dd-b8c0-5afe6b52f7e1 req-e73b269f-6f74-47dd-b8c0-5afe6b52f7e1 ] Request (InstanceActionsNegativeTestJSON:setUpClass): 200 GET http://10.180.1.21/compute/v2.1/servers/ce4cbd89-f00a-4bfc-948b-8a4c22b9feb8 0.302s
2025-03-06 08:34:46.453 69131 WARNING tempest.lib.common.ssh [-] Failed to establish authenticated ssh connection to cirros@10.180.180.163 ([Errno None] Unable to connect to port 22 on 10.180.180.163). Number attempts: 2. Retry after 3 seconds.: paramiko.ssh_exception.NoValidConnectionsError: [Errno None] Unable to connect to port 22 on 10.180.180.163
2025-03-06 08:34:46.455 69187 INFO tempest.lib.common.rest_client [req-ebdd4656-cd34-4b97-9962-35b140a5e9b6 req-ebdd4656-cd34-4b97-9962-35b140a5e9b6 ] Request (MigrationsAdminTest:test_list_migrations_in_flavor_resize_situation): 200 GET http://10.180.1.21/compute/v2.1/servers/2bd0be89-bbc3-4b9c-b253-601deaa21a1c 0.320s
2025-03-06 08:34:46.497 69143 INFO tempest.lib.common.rest_client [req-b59452ad-65dc-4676-9aab-6b66d091fc94 req-b59452ad-65dc-4676-9aab-6b66d091fc94 ] Request (ImagesTestJSON:test_create_image_from_stopped_server): 200 GET http://10.180.1.21/compute/v2.1/servers/064f9c81-5b1e-4d45-b92d-297f5bc3442d 0.273s
2025-03-06 08:34:46.505 69155 INFO tempest.lib.common.rest_client [req-67f11223-6036-4c51-8aca-b3868234b241 req-67f11223-6036-4c51-8aca-b3868234b241 ] Request (ServersAdminNegativeTestJSON:test_migrate_server_invalid_state): 200 GET http://10.180.1.21/compute/v2.1/servers/7a220571-f9be-442b-8bea-a50daba648eb 0.219s
2025-03-06 08:34:46.564 69167 INFO tempest.lib.common.rest_client [req-94fce97d-f02c-4bab-8be8-7713ac0f1b2c req-94fce97d-f02c-4bab-8be8-7713ac0f1b2c ] Request (ServersListShow298Test:test_list_show_update_rebuild_server_298): 200 GET http://10.180.1.21/compute/v2.1/servers/cfecbc5f-207a-40e7-87db-cbd06c337399 0.165s
2025-03-06 08:34:46.592 69189 INFO tempest.lib.common.rest_client [req-e13286c7-b15b-4455-bbbb-d69228cee3ef req-e13286c7-b15b-4455-bbbb-d69228cee3ef ] Request (FloatingIPsAssociationTestJSON:test_associate_already_associated_floating_ip): 200 GET http://10.180.1.21/compute/v2.1/servers/889c445b-ae8f-4201-85b8-957765f4e2a5 0.259s
2025-03-06 08:34:46.596 69187 INFO tempest.lib.common.rest_client [req-9d26413f-91ed-45eb-ab7b-937484233d69 req-9d26413f-91ed-45eb-ab7b-937484233d69 ] Request (MigrationsAdminTest:test_list_migrations_in_flavor_resize_situation): 200 POST http://10.180.1.21/compute/v2.1/os-keypairs 0.130s
2025-03-06 08:34:46.652 69151 INFO tempest.lib.common.rest_client [req-cce377b5-acbd-46cb-8732-164eb0ed89c7 req-cce377b5-acbd-46cb-8732-164eb0ed89c7 ] Request (TenantUsagesTestJSON:setUpClass): 200 GET http://10.180.1.21/compute/v2.1/servers/84826a65-566c-4d1c-8d7b-1518f4e1f57e 0.046s
2025-03-06 08:34:46.690 69187 INFO tempest.lib.common.rest_client [req-8bbac913-81e7-4e25-a49d-aa774a1cecdf req-8bbac913-81e7-4e25-a49d-aa774a1cecdf ] Request (MigrationsAdminTest:test_list_migrations_in_flavor_resize_situation): 201 POST http://10.180.1.21:9696/networking/v2.0/security-groups 0.093s
2025-03-06 08:34:46.721 69127 INFO tempest.lib.common.rest_client [req-5137ed83-4a90-421e-9b28-8b1145ea9ce4 req-5137ed83-4a90-421e-9b28-8b1145ea9ce4 ] Request (SecurityGroupsTestJSON:test_server_security_groups): 200 GET http://10.180.1.21/compute/v2.1/servers/b2ca1d49-d635-4e52-a33d-97e5ee2b7d13 0.051s
2025-03-06 08:34:46.767 69187 INFO tempest.lib.common.rest_client [req-975445fc-1c1e-4667-b7b1-999d2293cc8a req-975445fc-1c1e-4667-b7b1-999d2293cc8a ] Request (MigrationsAdminTest:test_list_migrations_in_flavor_resize_situation): 201 POST http://10.180.1.21:9696/networking/v2.0/security-group-rules 0.076s
2025-03-06 08:34:46.806 69161 INFO tempest.lib.common.rest_client [req-7522587b-5c98-417b-b27e-fdd9b09c3df7 req-7522587b-5c98-417b-b27e-fdd9b09c3df7 ] Request (ServerMetadataNegativeTestJSON:tearDownClass): 200 GET http://10.180.1.21/compute/v2.1/servers/286d8d9a-a373-4c6d-83a5-21b34065dd01 0.059s
2025-03-06 08:34:46.864 69153 INFO tempest.lib.common.rest_client [req-7f650a13-d808-4607-82de-e9ed6cb9512f req-7f650a13-d808-4607-82de-e9ed6cb9512f ] Request (ImagesOneServerNegativeTestJSON:_run_cleanups): 200 GET http://10.180.1.21/compute/v2.1/servers/66cf1d38-1711-4f7e-9656-d0dbbfc06a96 0.062s
2025-03-06 08:34:46.866 69187 INFO tempest.lib.common.rest_client [req-70c89b59-8bf1-4416-87e5-a4455a7e8da5 req-70c89b59-8bf1-4416-87e5-a4455a7e8da5 ] Request (MigrationsAdminTest:test_list_migrations_in_flavor_resize_situation): 201 POST http://10.180.1.21:9696/networking/v2.0/security-group-rules 0.099s
2025-03-06 08:34:46.933 69171 INFO tempest.lib.common.rest_client [req-6e253bcf-a706-44a1-b2fc-94f6af1f7b6d req-6e253bcf-a706-44a1-b2fc-94f6af1f7b6d ] Request (ServerAddressesNegativeTestJSON:tearDownClass): 200 GET http://10.180.1.21/compute/v2.1/servers/bd885b57-4718-464a-a60f-5543d3191bd1 0.065s
2025-03-06 08:34:46.965 69181 INFO tempest.lib.common.rest_client [req-5182238c-c340-4c16-a531-d4919b310043 req-5182238c-c340-4c16-a531-d4919b310043 ] Request (ImagesNegativeTestJSON:test_create_image_from_deleted_server): 200 GET http://10.180.1.21/compute/v2.1/servers/1235627a-11b9-44d3-b2c8-1f8df0953986 0.059s
2025-03-06 08:34:47.023 69169 INFO tempest.lib.common.rest_client [req-7845ec63-deb5-44e2-9a64-e10a0ea339ed req-7845ec63-deb5-44e2-9a64-e10a0ea339ed ] Request (ServerExternalEventsTest:tearDownClass): 200 GET http://10.180.1.21/compute/v2.1/servers/9c826747-c11d-4bf7-9fce-b3d949c0fbb9 0.075s
2025-03-06 08:34:47.070 69145 INFO tempest.lib.common.rest_client [req-1ce6660b-d148-4ef4-b7ee-139bd3c211d7 req-1ce6660b-d148-4ef4-b7ee-139bd3c211d7 ] Request (DeleteServersAdminTestJSON:test_delete_server_while_in_error_state): 200 GET http://10.180.1.21/compute/v2.1/servers/50082c6e-44ca-4180-8367-85df53604b74 0.063s
2025-03-06 08:34:47.086 69163 INFO tempest.lib.common.rest_client [req-6d6e2a76-77a5-433a-8ec1-8beb7d448976 req-6d6e2a76-77a5-433a-8ec1-8beb7d448976 ] Request (ServersAdminTestJSON:test_create_server_with_scheduling_hint): 200 GET http://10.180.1.21/compute/v2.1/servers/6f14713a-6c3c-42d9-be92-1afeb7b1c7b4 0.076s
2025-03-06 08:34:47.158 69137 INFO tempest.lib.common.rest_client [req-78b93368-3f9b-416a-a1b4-de1d5469c1ec req-78b93368-3f9b-416a-a1b4-de1d5469c1ec ] Request (ServersTestFqdnHostnames:test_create_server_with_fqdn_name): 200 GET http://10.180.1.21/compute/v2.1/servers/6ae9092a-269e-4569-864f-28136dc65ab0 0.081s
2025-03-06 08:34:47.236 69135 INFO tempest.lib.common.rest_client [req-b8aae444-1494-4aad-ad54-456194f6238f req-b8aae444-1494-4aad-ad54-456194f6238f ] Request (ListServerFiltersTestJSON:tearDownClass): 200 GET http://10.180.1.21/compute/v2.1/servers/4853fd0a-7602-45e1-83ad-89da06d321c5 0.083s
2025-03-06 08:34:47.258 69165 INFO tempest.lib.common.rest_client [req-1b77dd56-1d98-453c-ac56-d9444f775bbf req-1b77dd56-1d98-453c-ac56-d9444f775bbf ] Request (FloatingIPsAssociationNegativeTestJSON:tearDownClass): 200 GET http://10.180.1.21/compute/v2.1/servers/768a32d3-864d-45a0-8c65-8c43882292f8 0.073s
2025-03-06 08:34:47.317 69183 INFO tempest.lib.common.rest_client [req-b47bbd18-4ee8-4d30-980e-adeedfcbdb6a req-b47bbd18-4ee8-4d30-980e-adeedfcbdb6a ] Request (ServerTagsTestJSON:setUpClass): 200 GET http://10.180.1.21/compute/v2.1/servers/aca1cd64-df1f-4505-bbff-9a896f7834de 0.113s
2025-03-06 08:34:47.335 69179 INFO tempest.lib.common.rest_client [req-1d3a2bd8-d14c-4ad7-a52f-9ce9a9dae30e req-1d3a2bd8-d14c-4ad7-a52f-9ce9a9dae30e ] Request (ServerActionsTestJSON:setUpClass): 200 GET http://10.180.1.21/compute/v2.1/servers/766dc032-7549-4939-9f7a-9de37afb60c5 0.103s
2025-03-06 08:34:47.401 69147 INFO tempest.lib.common.rest_client [req-f2899f14-e38f-409a-bf9d-6d2efc68abae req-f2899f14-e38f-409a-bf9d-6d2efc68abae ] Request (ServersAaction247Test:test_create_backup): 200 GET http://10.180.1.21/compute/v2.1/servers/3c2e1e62-4b17-4af5-8bb7-1e2e16683f54 0.150s
2025-03-06 08:34:47.403 69159 INFO tempest.lib.common.rest_client [req-73e195e3-b16b-4d88-aef3-b6b15d0ea3d6 req-73e195e3-b16b-4d88-aef3-b6b15d0ea3d6 ] Request (AttachInterfacesV270Test:test_create_get_list_interfaces): 200 GET http://10.180.1.21/compute/v2.1/servers/5fcbacdd-4e54-4c1c-99da-4e5d0cca8762 0.114s
2025-03-06 08:34:47.469 69185 INFO tempest.lib.common.rest_client [req-56ba1297-5ac3-45da-9e88-7fc42f13ba1d req-56ba1297-5ac3-45da-9e88-7fc42f13ba1d ] Request (ServersTestJSON:setUpClass): 200 GET http://10.180.1.21/compute/v2.1/servers/dd47b033-fa90-46fa-bfd1-5d1bcf1b5625 0.122s
2025-03-06 08:34:47.472 69175 INFO tempest.lib.common.rest_client [req-c2abaf7a-e3ce-45eb-83f5-add14e4a831e req-c2abaf7a-e3ce-45eb-83f5-add14e4a831e ] Request (ServerGroupTestJSON:test_create_server_with_scheduler_hint_group): 200 GET http://10.180.1.21/compute/v2.1/servers/6c0c756b-519e-4588-8ec3-d86581ba9614 0.177s
2025-03-06 08:34:47.531 69177 INFO tempest.lib.common.rest_client [req-8055c54f-6949-4e7c-98e3-27df06d2954c req-8055c54f-6949-4e7c-98e3-27df06d2954c ] Request (InstanceActionsTestJSON:setUpClass): 200 GET http://10.180.1.21/compute/v2.1/servers/ce827938-7c6a-4fa8-813c-817a12004ed9 0.180s
2025-03-06 08:34:47.533 69149 INFO tempest.lib.common.rest_client [req-4b4af686-cf99-4c35-a6b1-125db7ff2a83 req-4b4af686-cf99-4c35-a6b1-125db7ff2a83 ] Request (InstanceActionsNegativeTestJSON:setUpClass): 200 GET http://10.180.1.21/compute/v2.1/servers/ce4cbd89-f00a-4bfc-948b-8a4c22b9feb8 0.138s
2025-03-06 08:34:47.548 69187 INFO tempest.lib.common.rest_client [req-af660a9c-df4d-43a3-b137-c99151c52e60 req-af660a9c-df4d-43a3-b137-c99151c52e60 ] Request (MigrationsAdminTest:test_list_migrations_in_flavor_resize_situation): 201 POST http://10.180.1.21:9696/networking/v2.0/floatingips 0.681s
2025-03-06 08:34:47.588 69155 INFO tempest.lib.common.rest_client [req-63f69eab-14be-41b2-909b-8f9d22fd20c0 req-63f69eab-14be-41b2-909b-8f9d22fd20c0 ] Request (ServersAdminNegativeTestJSON:test_migrate_server_invalid_state): 200 GET http://10.180.1.21/compute/v2.1/servers/7a220571-f9be-442b-8bea-a50daba648eb 0.073s
2025-03-06 08:34:47.601 69187 INFO tempest.lib.common.rest_client [req-4801ea7e-493d-44a1-8ecf-1d012e2eb1be req-4801ea7e-493d-44a1-8ecf-1d012e2eb1be ] Request (MigrationsAdminTest:test_list_migrations_in_flavor_resize_situation): 200 GET http://10.180.1.21/compute/v2.1/os-migrations 0.052s
2025-03-06 08:34:47.633 69143 INFO tempest.lib.common.rest_client [req-92f21685-4d20-484a-a76e-899f53d4958d req-92f21685-4d20-484a-a76e-899f53d4958d ] Request (ImagesTestJSON:test_create_image_from_stopped_server): 200 GET http://10.180.1.21/compute/v2.1/servers/064f9c81-5b1e-4d45-b92d-297f5bc3442d 0.124s
2025-03-06 08:34:47.650 69167 INFO tempest.lib.common.rest_client [req-b55e1c30-4f41-43f3-b451-61e4b123e1e6 req-b55e1c30-4f41-43f3-b451-61e4b123e1e6 ] Request (ServersListShow298Test:test_list_show_update_rebuild_server_298): 200 GET http://10.180.1.21/compute/v2.1/servers/cfecbc5f-207a-40e7-87db-cbd06c337399 0.074s
2025-03-06 08:34:47.661 69187 INFO tempest.lib.common.rest_client [req-298953ab-06f8-46f7-a49b-852e9b056b12 req-298953ab-06f8-46f7-a49b-852e9b056b12 ] Request (MigrationsAdminTest:test_resize_server_revert_deleted_flavor): 200 GET http://10.180.1.21/compute/v2.1/flavors/42 0.056s
2025-03-06 08:34:47.710 69151 INFO tempest.lib.common.rest_client [req-c824cf3e-cd8b-4289-9de9-aa017ce93b17 req-c824cf3e-cd8b-4289-9de9-aa017ce93b17 ] Request (TenantUsagesTestJSON:setUpClass): 200 GET http://10.180.1.21/compute/v2.1/servers/84826a65-566c-4d1c-8d7b-1518f4e1f57e 0.050s
2025-03-06 08:34:47.726 69187 INFO tempest.lib.common.rest_client [req-452666dd-2cee-47c1-82af-45968c5c8fb2 req-452666dd-2cee-47c1-82af-45968c5c8fb2 ] Request (MigrationsAdminTest:test_resize_server_revert_deleted_flavor): 200 POST http://10.180.1.21/compute/v2.1/flavors 0.062s
2025-03-06 08:34:47.726 69189 INFO tempest.lib.common.rest_client [req-dd732dc0-b73d-46bf-908c-7cc1741620cc req-dd732dc0-b73d-46bf-908c-7cc1741620cc ] Request (FloatingIPsAssociationTestJSON:test_associate_already_associated_floating_ip): 200 GET http://10.180.1.21/compute/v2.1/servers/889c445b-ae8f-4201-85b8-957765f4e2a5 0.125s
2025-03-06 08:34:47.741 69187 INFO tempest.lib.common.rest_client [req-0a04d0f6-8d77-4e04-832d-beeb88d39311 req-0a04d0f6-8d77-4e04-832d-beeb88d39311 ] Request (MigrationsAdminTest:test_resize_server_revert_deleted_flavor): 200 GET http://10.180.1.21/compute/v2.1/flavors/42/os-extra_specs 0.013s
2025-03-06 08:34:47.767 69187 INFO tempest.lib.common.rest_client [req-32d6a81c-c80d-407c-b2d3-ef82d2216177 req-32d6a81c-c80d-407c-b2d3-ef82d2216177 ] Request (MigrationsAdminTest:test_resize_server_revert_deleted_flavor): 200 POST http://10.180.1.21/compute/v2.1/flavors/863799a7-8c2e-41ae-9686-efc18ffc608a/os-extra_specs 0.025s
2025-03-06 08:34:47.778 69127 INFO tempest.lib.common.rest_client [req-0eafdf3c-d7a9-4126-99e8-94a1351d1e9e req-0eafdf3c-d7a9-4126-99e8-94a1351d1e9e ] Request (SecurityGroupsTestJSON:test_server_security_groups): 200 GET http://10.180.1.21/compute/v2.1/servers/b2ca1d49-d635-4e52-a33d-97e5ee2b7d13 0.050s
2025-03-06 08:34:47.833 69187 INFO tempest.lib.common.rest_client [req-e5ede812-dade-4704-b80a-9a056b0ca7a9 req-e5ede812-dade-4704-b80a-9a056b0ca7a9 ] Request (MigrationsAdminTest:test_resize_server_revert_deleted_flavor): 201 POST http://10.180.1.21/identity/v3/auth/tokens 0.060s
2025-03-06 08:34:47.833 69187 INFO tempest.lib.common.fixed_network [-] (MigrationsAdminTest:test_resize_server_revert_deleted_flavor) Found network None available for tenant
2025-03-06 08:34:47.868 69161 INFO tempest.lib.common.rest_client [req-9675cb0a-cbd5-4143-9a4d-f335c94c849d req-9675cb0a-cbd5-4143-9a4d-f335c94c849d ] Request (ServerMetadataNegativeTestJSON:tearDownClass): 200 GET http://10.180.1.21/compute/v2.1/servers/286d8d9a-a373-4c6d-83a5-21b34065dd01 0.052s
2025-03-06 08:34:47.922 69153 INFO tempest.lib.common.rest_client [req-16a7ae63-7d40-4f78-973a-d1a013c9b961 req-16a7ae63-7d40-4f78-973a-d1a013c9b961 ] Request (ImagesOneServerNegativeTestJSON:_run_cleanups): 200 GET http://10.180.1.21/compute/v2.1/servers/66cf1d38-1711-4f7e-9656-d0dbbfc06a96 0.050s
2025-03-06 08:34:47.994 69171 INFO tempest.lib.common.rest_client [req-84ec7f32-a1f2-49f7-b3f6-c9951f10f9b5 req-84ec7f32-a1f2-49f7-b3f6-c9951f10f9b5 ] Request (ServerAddressesNegativeTestJSON:tearDownClass): 200 GET http://10.180.1.21/compute/v2.1/servers/bd885b57-4718-464a-a60f-5543d3191bd1 0.053s
2025-03-06 08:34:48.041 69187 INFO tempest.lib.common.rest_client [req-30a44e47-2bc3-4f27-92a6-6ec02cea639d req-30a44e47-2bc3-4f27-92a6-6ec02cea639d ] Request (MigrationsAdminTest:test_resize_server_revert_deleted_flavor): 202 POST http://10.180.1.21/compute/v2.1/servers 0.207s
2025-03-06 08:34:48.045 69181 INFO tempest.lib.common.rest_client [req-a75c3348-5cbb-45c1-bd9a-bd279394bb6a req-a75c3348-5cbb-45c1-bd9a-bd279394bb6a ] Request (ImagesNegativeTestJSON:test_create_image_from_deleted_server): 200 GET http://10.180.1.21/compute/v2.1/servers/1235627a-11b9-44d3-b2c8-1f8df0953986 0.074s
2025-03-06 08:34:48.087 69187 INFO tempest.lib.common.rest_client [req-40efb9a3-5d39-4ec8-a50c-a5cb9ecdb84a req-40efb9a3-5d39-4ec8-a50c-a5cb9ecdb84a ] Request (MigrationsAdminTest:test_resize_server_revert_deleted_flavor): 200 GET http://10.180.1.21/compute/v2.1/servers/8a507b58-5ca4-4282-8016-98f3cea26c32 0.044s
2025-03-06 08:34:48.105 69169 INFO tempest.lib.common.rest_client [req-e3dd61ee-7563-426c-bf11-9cb31b61cded req-e3dd61ee-7563-426c-bf11-9cb31b61cded ] Request (ServerExternalEventsTest:tearDownClass): 200 GET http://10.180.1.21/compute/v2.1/servers/9c826747-c11d-4bf7-9fce-b3d949c0fbb9 0.069s
2025-03-06 08:34:48.145 69145 INFO tempest.lib.common.rest_client [req-3ffecc32-d7f9-410c-bf9d-b748329f70d4 req-3ffecc32-d7f9-410c-bf9d-b748329f70d4 ] Request (DeleteServersAdminTestJSON:test_delete_server_while_in_error_state): 200 GET http://10.180.1.21/compute/v2.1/servers/50082c6e-44ca-4180-8367-85df53604b74 0.064s
2025-03-06 08:34:48.159 69163 INFO tempest.lib.common.rest_client [req-c40466c6-7f3b-4bb0-ab4f-2b7188c76f95 req-c40466c6-7f3b-4bb0-ab4f-2b7188c76f95 ] Request (ServersAdminTestJSON:test_create_server_with_scheduling_hint): 200 GET http://10.180.1.21/compute/v2.1/servers/6f14713a-6c3c-42d9-be92-1afeb7b1c7b4 0.059s
2025-03-06 08:34:48.218 69137 INFO tempest.lib.common.rest_client [req-c50ec251-bc05-4c62-a5af-0005870cbcd7 req-c50ec251-bc05-4c62-a5af-0005870cbcd7 ] Request (ServersTestFqdnHostnames:test_create_server_with_fqdn_name): 200 GET http://10.180.1.21/compute/v2.1/servers/6ae9092a-269e-4569-864f-28136dc65ab0 0.052s
2025-03-06 08:34:48.303 69135 INFO tempest.lib.common.rest_client [req-e25a1706-ce1f-439e-9c53-d05d21f4457c req-e25a1706-ce1f-439e-9c53-d05d21f4457c ] Request (ListServerFiltersTestJSON:tearDownClass): 200 GET http://10.180.1.21/compute/v2.1/servers/4853fd0a-7602-45e1-83ad-89da06d321c5 0.058s
2025-03-06 08:34:48.322 69165 INFO tempest.lib.common.rest_client [req-4b66cf68-2386-4bb0-bc9d-51b3c426e9ed req-4b66cf68-2386-4bb0-bc9d-51b3c426e9ed ] Request (FloatingIPsAssociationNegativeTestJSON:tearDownClass): 200 GET http://10.180.1.21/compute/v2.1/servers/768a32d3-864d-45a0-8c65-8c43882292f8 0.051s
2025-03-06 08:34:48.379 69183 INFO tempest.lib.common.rest_client [req-985e471e-c6e9-4ee9-820c-2a3959b808b6 req-985e471e-c6e9-4ee9-820c-2a3959b808b6 ] Request (ServerTagsTestJSON:setUpClass): 200 GET http://10.180.1.21/compute/v2.1/servers/aca1cd64-df1f-4505-bbff-9a896f7834de 0.047s
2025-03-06 08:34:48.393 69179 INFO tempest.lib.common.rest_client [req-ec302044-21a3-4968-8182-29aa6a191536 req-ec302044-21a3-4968-8182-29aa6a191536 ] Request (ServerActionsTestJSON:setUpClass): 200 GET http://10.180.1.21/compute/v2.1/servers/766dc032-7549-4939-9f7a-9de37afb60c5 0.043s
2025-03-06 08:34:48.481 69159 INFO tempest.lib.common.rest_client [req-bee9557f-07f4-4be4-a121-56b358bbacea req-bee9557f-07f4-4be4-a121-56b358bbacea ] Request (AttachInterfacesV270Test:test_create_get_list_interfaces): 200 GET http://10.180.1.21/compute/v2.1/servers/5fcbacdd-4e54-4c1c-99da-4e5d0cca8762 0.064s
2025-03-06 08:34:48.482 69147 INFO tempest.lib.common.rest_client [req-d72b30c0-3c62-48ca-8fea-752b845476d2 req-d72b30c0-3c62-48ca-8fea-752b845476d2 ] Request (ServersAaction247Test:test_create_backup): 200 GET http://10.180.1.21/compute/v2.1/servers/3c2e1e62-4b17-4af5-8bb7-1e2e16683f54 0.064s
2025-03-06 08:34:48.539 69185 INFO tempest.lib.common.rest_client [req-1b949b2f-9d62-4b29-924a-cefc05e98e1b req-1b949b2f-9d62-4b29-924a-cefc05e98e1b ] Request (ServersTestJSON:setUpClass): 200 GET http://10.180.1.21/compute/v2.1/servers/dd47b033-fa90-46fa-bfd1-5d1bcf1b5625 0.061s
2025-03-06 08:34:48.542 69175 INFO tempest.lib.common.rest_client [req-09130cd6-35e0-465a-a36b-709156b93410 req-09130cd6-35e0-465a-a36b-709156b93410 ] Request (ServerGroupTestJSON:test_create_server_with_scheduler_hint_group): 200 GET http://10.180.1.21/compute/v2.1/servers/6c0c756b-519e-4588-8ec3-d86581ba9614 0.062s
2025-03-06 08:34:48.608 69149 INFO tempest.lib.common.rest_client [req-523f0170-17eb-487c-b8ec-9dd8de782f76 req-523f0170-17eb-487c-b8ec-9dd8de782f76 ] Request (InstanceActionsNegativeTestJSON:setUpClass): 200 GET http://10.180.1.21/compute/v2.1/servers/ce4cbd89-f00a-4bfc-948b-8a4c22b9feb8 0.065s
2025-03-06 08:34:48.609 69133 WARNING tempest.lib.common.ssh [-] Failed to establish authenticated ssh connection to cirros@10.180.180.189 ([Errno None] Unable to connect to port 22 on 10.180.180.189). Number attempts: 7. Retry after 8 seconds.: paramiko.ssh_exception.NoValidConnectionsError: [Errno None] Unable to connect to port 22 on 10.180.180.189
2025-03-06 08:34:48.611 69177 INFO tempest.lib.common.rest_client [req-7cdb01d7-c3dd-428e-8b0d-fbb8b164ad6f req-7cdb01d7-c3dd-428e-8b0d-fbb8b164ad6f ] Request (InstanceActionsTestJSON:setUpClass): 200 GET http://10.180.1.21/compute/v2.1/servers/ce827938-7c6a-4fa8-813c-817a12004ed9 0.073s
