2025-03-06 08:33:42.745 69183 INFO tempest.lib.common.dynamic_creds [-] Created isolated network resources for: credentials: Credentials: {'domain_id': 'default', 'domain_name': 'Default', 'username': 'tempest-ServerTagsTestJSON-215776989-project-member', 'project_domain_id': 'default', 'project_domain_name': 'Default', 'project_id': '173771732bd54c44a02c67d21e8ed594', 'project_name': 'tempest-ServerTagsTestJSON-215776989', 'tenant_id': '173771732bd54c44a02c67d21e8ed594', 'tenant_name': 'tempest-ServerTagsTestJSON-215776989', 'user_domain_id': 'default', 'user_domain_name': 'Default', 'user_id': 'c042cbd597fd4ce4b343d0aa22fa1ee5', 'system': None}, Network: {'id': '9d85437e-94e9-4f04-b8d8-852c479f8295', 'name': 'tempest-ServerTagsTestJSON-511792779-network', 'tenant_id': '173771732bd54c44a02c67d21e8ed594', 'admin_state_up': True, 'mtu': 8950, 'status': 'ACTIVE', 'subnets': [], 'shared': False, 'project_id': '173771732bd54c44a02c67d21e8ed594', 'port_security_enabled': True, 'router:external': False, 'provider:network_type': 'vlan', 'provider:physical_network': 'default', 'provider:segmentation_id': 877, 'availability_zone_hints': [], 'availability_zones': [], 'ipv4_address_scope': None, 'ipv6_address_scope': None, 'description': '', 'tags': [], 'created_at': '2025-03-06T08:33:39Z', 'updated_at': '2025-03-06T08:33:39Z', 'revision_number': 1}, Subnet: {'id': '0643ad2e-dd29-4f8b-b57b-dc106533207e', 'name': 'tempest-ServerTagsTestJSON-511792779-subnet', 'tenant_id': '173771732bd54c44a02c67d21e8ed594', 'network_id': '9d85437e-94e9-4f04-b8d8-852c479f8295', 'ip_version': 4, 'subnetpool_id': None, 'enable_dhcp': True, 'ipv6_ra_mode': None, 'ipv6_address_mode': None, 'gateway_ip': '192.168.128.1', 'cidr': '192.168.128.0/28', 'allocation_pools': [{'start': '192.168.128.2', 'end': '192.168.128.14'}], 'host_routes': [], 'dns_nameservers': [], 'description': '', 'router:external': False, 'service_types': [], 'tags': [], 'created_at': '2025-03-06T08:33:39Z', 'updated_at': '2025-03-06T08:33:39Z', 'revision_number': 0, 'project_id': '173771732bd54c44a02c67d21e8ed594'}, Router: {'id': 'b2f04d09-7665-4e2a-83f2-85110d23cce1', 'name': 'tempest-ServerTagsTestJSON-511792779-router', 'tenant_id': '173771732bd54c44a02c67d21e8ed594', 'admin_state_up': True, 'status': 'ACTIVE', 'external_gateway_info': {'network_id': '1f8e8973-f0ac-42b1-98ce-a72c61772c1b', 'external_fixed_ips': [{'subnet_id': 'b9404675-a8fd-420f-92fd-9f537d6eb9a4', 'ip_address': '10.180.180.225'}], 'enable_snat': True}, 'description': '', 'availability_zones': [], 'distributed': False, 'ha': False, 'availability_zone_hints': [], 'routes': [], 'flavor_id': None, 'tags': [], 'created_at': '2025-03-06T08:33:40Z', 'updated_at': '2025-03-06T08:33:40Z', 'revision_number': 2, 'project_id': '173771732bd54c44a02c67d21e8ed594'}
2025-03-06 08:33:42.827 69183 INFO tempest.lib.common.rest_client [req-851dd869-f6c4-41b2-9849-1749ff029fad req-851dd869-f6c4-41b2-9849-1749ff029fad ] Request (ServerTagsTestJSON:setUpClass): 201 POST http://10.180.1.21/identity/v3/auth/tokens 0.079s
2025-03-06 08:33:42.858 69135 INFO tempest.lib.common.rest_client [req-26a547cd-1090-46eb-b771-192bd4ecb109 req-26a547cd-1090-46eb-b771-192bd4ecb109 ] Request (ListServerFiltersTestJSON:setUpClass): 200 GET http://10.180.1.21/compute/v2.1/servers/4853fd0a-7602-45e1-83ad-89da06d321c5 3.175s
2025-03-06 08:33:42.874 69183 INFO tempest.lib.common.rest_client [req-ca68b2ab-25f3-4a1a-8b25-868abeee08a6 req-ca68b2ab-25f3-4a1a-8b25-868abeee08a6 ] Request (ServerTagsTestJSON:setUpClass): 201 POST http://10.180.1.21/identity/v3/auth/tokens 0.043s
2025-03-06 08:33:42.875 69183 INFO tempest.lib.common.fixed_network [-] (ServerTagsTestJSON:setUpClass) Found network {'id': '9d85437e-94e9-4f04-b8d8-852c479f8295', 'name': 'tempest-ServerTagsTestJSON-511792779-network', 'tenant_id': '173771732bd54c44a02c67d21e8ed594', 'admin_state_up': True, 'mtu': 8950, 'status': 'ACTIVE', 'subnets': [], 'shared': False, 'project_id': '173771732bd54c44a02c67d21e8ed594', 'port_security_enabled': True, 'router:external': False, 'provider:network_type': 'vlan', 'provider:physical_network': 'default', 'provider:segmentation_id': 877, 'availability_zone_hints': [], 'availability_zones': [], 'ipv4_address_scope': None, 'ipv6_address_scope': None, 'description': '', 'tags': [], 'created_at': '2025-03-06T08:33:39Z', 'updated_at': '2025-03-06T08:33:39Z', 'revision_number': 1} available for tenant
2025-03-06 08:33:42.919 69163 INFO tempest.lib.common.rest_client [req-db117b1f-7204-4ebb-8c3c-d22d9e091c98 req-db117b1f-7204-4ebb-8c3c-d22d9e091c98 ] Request (ServersAdminTestJSON:setUpClass): 202 POST http://10.180.1.21/compute/v2.1/servers 3.299s
2025-03-06 08:33:42.998 69165 INFO tempest.lib.common.rest_client [req-724cea87-e739-4bca-8bba-87c907178b09 req-724cea87-e739-4bca-8bba-87c907178b09 ] Request (FloatingIPsAssociationNegativeTestJSON:setUpClass): 200 GET http://10.180.1.21/compute/v2.1/servers/768a32d3-864d-45a0-8c65-8c43882292f8 3.242s
2025-03-06 08:33:43.120 69139 INFO tempest.lib.common.rest_client [req-73ee2aab-5aa3-4489-9f17-ee3ef2106ef8 req-73ee2aab-5aa3-4489-9f17-ee3ef2106ef8 ] Request (VolumesAdminNegativeTest:test_update_attached_volume_with_nonexistent_volume_in_body): 200 GET http://10.180.1.21/compute/v2.1/servers/126f7c38-74e6-4107-b809-c1c1a678197f 3.425s
2025-03-06 08:33:43.221 69157 INFO tempest.lib.common.rest_client [req-78ad0e1e-6acd-4831-95eb-1565f6ed198e req-78ad0e1e-6acd-4831-95eb-1565f6ed198e ] Request (ServersV294TestFqdnHostnames:setUpClass): 200 GET http://10.180.1.21/compute/v2.1/servers/2eeae431-f0b6-4c60-b908-349d5f277bc1 3.379s
2025-03-06 08:33:43.234 69157 INFO tempest.common.waiters [-] State transition "BUILD/None" ==> "BUILD/spawning" after 27 second wait
2025-03-06 08:33:43.263 69187 INFO tempest.lib.common.rest_client [req-05e70d13-7e6c-40b6-8335-c2e8a3e90c5c req-05e70d13-7e6c-40b6-8335-c2e8a3e90c5c ] Request (MigrationsAdminTest:test_list_migrations_in_flavor_resize_situation): 200 GET http://10.180.1.21/compute/v2.1/servers/2bd0be89-bbc3-4b9c-b253-601deaa21a1c 2.809s
2025-03-06 08:33:43.292 69137 INFO tempest.lib.common.rest_client [req-2a1606b5-b1a6-4a3d-9047-9a8e80f89973 req-2a1606b5-b1a6-4a3d-9047-9a8e80f89973 ] Request (ServersTestFqdnHostnames:test_create_server_with_fqdn_name): 201 POST http://10.180.1.21:9696/networking/v2.0/floatingips 0.575s
2025-03-06 08:33:43.333 69129 INFO tempest.lib.common.rest_client [req-9707211f-c587-4e33-9e2f-4a1e7a00b9c7 req-9707211f-c587-4e33-9e2f-4a1e7a00b9c7 ] Request (ServersWithSpecificFlavorTestJSON:test_verify_created_server_ephemeral_disk): 200 GET http://10.180.1.21/compute/v2.1/servers/9df541a0-521d-4d57-8428-cda3e3f3a092 2.742s
2025-03-06 08:33:43.333 69137 INFO tempest.lib.common.rest_client [req-efb090a9-ef2c-489a-a0d0-2c2aafd751fb req-efb090a9-ef2c-489a-a0d0-2c2aafd751fb ] Request (ServersTestFqdnHostnames:test_create_server_with_fqdn_name): 201 POST http://10.180.1.21/identity/v3/auth/tokens 0.038s
2025-03-06 08:33:43.334 69137 INFO tempest.lib.common.fixed_network [-] (ServersTestFqdnHostnames:test_create_server_with_fqdn_name) Found network {'id': 'd69b091d-a5f8-4dbe-b108-14325798ab6a', 'name': 'tempest-ServersTestFqdnHostnames-1945980169-network', 'tenant_id': 'f2252cb9f0434e02a188ccf8885e3b41', 'admin_state_up': True, 'mtu': 8950, 'status': 'ACTIVE', 'subnets': [], 'shared': False, 'project_id': 'f2252cb9f0434e02a188ccf8885e3b41', 'port_security_enabled': True, 'router:external': False, 'provider:network_type': 'vlan', 'provider:physical_network': 'default', 'provider:segmentation_id': 416, 'availability_zone_hints': [], 'availability_zones': [], 'ipv4_address_scope': None, 'ipv6_address_scope': None, 'description': '', 'tags': [], 'created_at': '2025-03-06T08:33:31Z', 'updated_at': '2025-03-06T08:33:31Z', 'revision_number': 1} available for tenant
2025-03-06 08:33:43.390 69175 INFO tempest.lib.common.rest_client [req-662f4224-2339-4ecf-85e1-ffd1ac0e6099 req-662f4224-2339-4ecf-85e1-ffd1ac0e6099 ] Request (ServerGroupTestJSON:setUp): 200 POST http://10.180.1.21/compute/v2.1/os-server-groups 2.891s
2025-03-06 08:33:43.392 69131 INFO tempest.lib.common.rest_client [req-bd800678-8cb0-4676-b6d4-0b79a35ab098 req-bd800678-8cb0-4676-b6d4-0b79a35ab098 ] Request (ServersTestManualDisk:setUpClass): 200 GET http://10.180.1.21/compute/v2.1/servers/77d43846-146e-4167-beb2-b313d068a6ba 2.752s
2025-03-06 08:33:43.421 69177 INFO tempest.lib.common.rest_client [req-3ac9705d-3bb9-40f1-8327-3e1a3fcba545 req-3ac9705d-3bb9-40f1-8327-3e1a3fcba545 ] Request (FlavorsAccessNegativeTestJSON:_run_cleanups): 202 DELETE http://10.180.1.21/compute/v2.1/flavors/1288407349 2.512s
2025-03-06 08:33:43.431 69147 INFO tempest.lib.common.rest_client [req-4308bca6-cee1-4938-9dee-d39418989080 req-4308bca6-cee1-4938-9dee-d39418989080 ] Request (AggregatesAdminNegativeTestJSON:test_aggregate_get_details_as_user): 403 GET http://10.180.1.21/compute/v2.1/os-aggregates/6 2.496s
2025-03-06 08:33:43.468 69159 INFO tempest.lib.common.rest_client [req-e81a91ae-b4fc-4c01-9c8d-412041923cd9 req-e81a91ae-b4fc-4c01-9c8d-412041923cd9 ] Request (ServersAdmin275Test:test_rebuild_update_server_275): 200 GET http://10.180.1.21/compute/v2.1/servers/bf2e84e6-4683-475a-8dd8-351191cf16fe 2.801s
2025-03-06 08:33:43.482 69159 INFO tempest.common.waiters [-] State transition "BUILD/None" ==> "BUILD/networking" after 24 second wait
2025-03-06 08:33:43.532 69185 INFO tempest.lib.common.rest_client [req-af90a9bf-bcf8-4ac3-b5bc-42dbde33e12b req-af90a9bf-bcf8-4ac3-b5bc-42dbde33e12b ] Request (ServerDiagnosticsV248Test:tearDownClass): 200 GET http://10.180.1.21/compute/v2.1/servers/a42a1113-9ca6-42f5-a1aa-0a123f17814d 2.019s
2025-03-06 08:33:43.554 69167 INFO tempest.lib.common.rest_client [req-160e0312-4cfa-43ed-a4c4-7cbe0cf5843d req-160e0312-4cfa-43ed-a4c4-7cbe0cf5843d ] Request (KeyPairsV22TestJSON:_run_cleanups): 204 DELETE http://10.180.1.21/compute/v2.1/os-keypairs/tempest-keypair-677504253 1.908s
2025-03-06 08:33:43.667 69167 INFO tempest.lib.common.rest_client [req-210ec219-396b-4fb0-8a95-4a5bbbcb2c0b req-210ec219-396b-4fb0-8a95-4a5bbbcb2c0b ] Request (KeyPairsV22TestJSON:tearDownClass): 204 DELETE http://10.180.1.21/identity/v3/users/ca7220d749fd45fd84414f859e5fe024 0.111s
2025-03-06 08:33:43.667 69167 INFO tempest.lib.common.dynamic_creds [-] Deleting project and security group for project: 53c5562768bd4f16a159f3fb72eb6d9a
2025-03-06 08:33:43.757 69167 INFO tempest.lib.common.rest_client [req-b2f54848-e160-4824-84ed-4c60579194f4 req-b2f54848-e160-4824-84ed-4c60579194f4 ] Request (KeyPairsV22TestJSON:tearDownClass): 201 POST http://10.180.1.21/identity/v3/auth/tokens 0.089s
2025-03-06 08:33:43.768 69179 INFO tempest.lib.common.rest_client [req-4b50fbac-302f-4afb-92fb-2da7893f3b63 req-4b50fbac-302f-4afb-92fb-2da7893f3b63 ] Request (SecurityGroupRulesTestJSON:_run_cleanups): 202 DELETE http://10.180.1.21/compute/v2.1/os-security-group-rules/664cfc03-abef-4365-83c4-ed41ba825954 2.037s
2025-03-06 08:33:43.864 69181 INFO tempest.lib.common.rest_client [req-569f6467-39dc-40a2-8a1f-30f47d5d835d req-569f6467-39dc-40a2-8a1f-30f47d5d835d ] Request (ImagesNegativeTestJSON:test_create_image_from_deleted_server): 200 GET http://10.180.1.21/compute/v2.1/servers/1235627a-11b9-44d3-b2c8-1f8df0953986 2.128s
2025-03-06 08:33:43.930 69155 INFO tempest.lib.common.rest_client [req-f68a8614-a624-4012-bdb2-a14273c61c27 req-f68a8614-a624-4012-bdb2-a14273c61c27 ] Request (ServersAdminNegativeTestJSON:setUpClass): 200 GET http://10.180.1.21/compute/v2.1/servers/1c1cd79d-1f16-4354-a44d-d6c3da6b599c 1.865s
2025-03-06 08:33:43.984 69167 INFO tempest.lib.common.rest_client [req-c0eb784d-f33a-4e0d-a48a-977d2dd5c268 req-c0eb784d-f33a-4e0d-a48a-977d2dd5c268 ] Request (KeyPairsV22TestJSON:tearDownClass): 200 GET http://10.180.1.21:9696/networking/v2.0/security-groups?tenant_id=53c5562768bd4f16a159f3fb72eb6d9a&name=default 0.226s
2025-03-06 08:33:43.990 69189 INFO tempest.lib.common.rest_client [req-16b1fa8a-750e-4b6a-8e56-de8d51ea50ef req-16b1fa8a-750e-4b6a-8e56-de8d51ea50ef ] Request (FloatingIPsAssociationTestJSON:test_associate_already_associated_floating_ip): 202 POST http://10.180.1.21/compute/v2.1/servers 2.415s
2025-03-06 08:33:44.132 69167 INFO tempest.lib.common.rest_client [req-9ad87821-ad21-4f98-97c8-627905bc9cd1 req-9ad87821-ad21-4f98-97c8-627905bc9cd1 ] Request (KeyPairsV22TestJSON:tearDownClass): 204 DELETE http://10.180.1.21:9696/networking/v2.0/security-groups/b2242aaa-77fe-405c-8920-f3a449a01abf 0.148s
2025-03-06 08:33:44.216 69161 INFO tempest.lib.common.rest_client [req-bba1d6af-8b47-4227-9efe-41a28fbe915d req-bba1d6af-8b47-4227-9efe-41a28fbe915d ] Request (ServerMetadataNegativeTestJSON:setUpClass): 200 GET http://10.180.1.21/compute/v2.1/servers/286d8d9a-a373-4c6d-83a5-21b34065dd01 2.066s
2025-03-06 08:33:44.234 69167 INFO tempest.lib.common.rest_client [req-1d62d94a-f390-460c-a1e1-8183cdffc4dd req-1d62d94a-f390-460c-a1e1-8183cdffc4dd ] Request (KeyPairsV22TestJSON:tearDownClass): 204 DELETE http://10.180.1.21/identity/v3/projects/53c5562768bd4f16a159f3fb72eb6d9a 0.101s
2025-03-06 08:33:44.324 69167 INFO tempest.lib.common.rest_client [req-b0183998-3649-4731-86f0-8db86f863616 req-b0183998-3649-4731-86f0-8db86f863616 ] Request (ServersListShow298Test:setUpClass): 201 POST http://10.180.1.21/identity/v3/auth/tokens 0.088s
2025-03-06 08:33:44.362 69167 INFO tempest.lib.common.rest_client [req-636f84b0-d787-4d86-b7d6-7154b9f49fa9 req-636f84b0-d787-4d86-b7d6-7154b9f49fa9 ] Request (ServersListShow298Test:setUpClass): 201 POST http://10.180.1.21/identity/v3/auth/tokens 0.034s
2025-03-06 08:33:44.393 69167 INFO tempest.lib.common.rest_client [req-339d33c1-2cfb-4d90-93ec-495cedda315e req-339d33c1-2cfb-4d90-93ec-495cedda315e ] Request (ServersListShow298Test:setUpClass): 200 GET http://10.180.1.21/identity/v3/domains?name=Default 0.030s
2025-03-06 08:33:44.428 69151 INFO tempest.lib.common.rest_client [req-cee024d0-46fe-48a2-8e57-63a7ebc6a981 req-cee024d0-46fe-48a2-8e57-63a7ebc6a981 ] Request (ServerDiagnosticsNegativeTest:test_get_server_diagnostics_by_non_admin): 200 GET http://10.180.1.21/compute/v2.1/servers/0eca3da9-9612-4ef0-a275-9a48eb20872f 2.016s
2025-03-06 08:33:44.429 69167 INFO tempest.lib.common.rest_client [req-1f1b872e-737c-47a0-88d9-74cc68a86edd req-1f1b872e-737c-47a0-88d9-74cc68a86edd ] Request (ServersListShow298Test:setUpClass): 201 POST http://10.180.1.21/identity/v3/projects 0.036s
2025-03-06 08:33:44.504 69171 INFO tempest.lib.common.rest_client [req-af586564-1af1-4eac-9cca-abe27ca6aeee req-af586564-1af1-4eac-9cca-abe27ca6aeee ] Request (ServerAddressesNegativeTestJSON:setUpClass): 200 GET http://10.180.1.21/compute/v2.1/servers/bd885b57-4718-464a-a60f-5543d3191bd1 2.033s
2025-03-06 08:33:44.506 69167 INFO tempest.lib.common.rest_client [req-097b4cc3-af7b-408c-82b8-98d5222fc85a req-097b4cc3-af7b-408c-82b8-98d5222fc85a ] Request (ServersListShow298Test:setUpClass): 201 POST http://10.180.1.21/identity/v3/users 0.077s
2025-03-06 08:33:44.525 69173 INFO tempest.lib.common.rest_client [req-84b3b2a5-7e79-421c-8a44-99a45e7ae00e req-84b3b2a5-7e79-421c-8a44-99a45e7ae00e ] Request (FlavorsAdminTestJSON:_run_cleanups): 200 GET http://10.180.1.21/compute/v2.1/flavors/detail 2.035s
2025-03-06 08:33:44.528 69167 INFO tempest.lib.common.rest_client [req-e15b499e-6500-4a43-95e7-b5a965a7f2ef req-e15b499e-6500-4a43-95e7-b5a965a7f2ef ] Request (ServersListShow298Test:setUpClass): 200 GET http://10.180.1.21/identity/v3/roles 0.021s
2025-03-06 08:33:44.562 69167 INFO tempest.lib.common.rest_client [req-405e19c9-22a0-4aee-bdfe-c09082b73c0f req-405e19c9-22a0-4aee-bdfe-c09082b73c0f ] Request (ServersListShow298Test:setUpClass): 204 PUT http://10.180.1.21/identity/v3/projects/0197318bf94e4cd09fb06f50b25c3312/users/8f02958f87394b58bc9896a4a9258bc5/roles/cde16e76c42c4aee906aa86e451c3245 0.033s
2025-03-06 08:33:44.562 69167 INFO tempest.lib.common.dynamic_creds [-] Dynamic test user 8f02958f87394b58bc9896a4a9258bc5 is created with scope project and roles: ['member']
2025-03-06 08:33:44.562 69167 INFO tempest.lib.common.dynamic_creds [-] Acquired dynamic creds: credentials: Credentials: {'domain_id': 'default', 'domain_name': 'Default', 'username': 'tempest-ServersListShow298Test-184452196-project-member', 'project_domain_id': 'default', 'project_domain_name': 'Default', 'project_id': '0197318bf94e4cd09fb06f50b25c3312', 'project_name': 'tempest-ServersListShow298Test-184452196', 'tenant_id': '0197318bf94e4cd09fb06f50b25c3312', 'tenant_name': 'tempest-ServersListShow298Test-184452196', 'user_domain_id': 'default', 'user_domain_name': 'Default', 'user_id': '8f02958f87394b58bc9896a4a9258bc5', 'system': None}, Network: None, Subnet: None, Router: None
2025-03-06 08:33:44.562 69167 INFO tempest.lib.common.dynamic_creds [-] Created isolated network resources for: credentials: Credentials: {'domain_id': 'default', 'domain_name': 'Default', 'username': 'tempest-ServersListShow298Test-184452196-project-member', 'project_domain_id': 'default', 'project_domain_name': 'Default', 'project_id': '0197318bf94e4cd09fb06f50b25c3312', 'project_name': 'tempest-ServersListShow298Test-184452196', 'tenant_id': '0197318bf94e4cd09fb06f50b25c3312', 'tenant_name': 'tempest-ServersListShow298Test-184452196', 'user_domain_id': 'default', 'user_domain_name': 'Default', 'user_id': '8f02958f87394b58bc9896a4a9258bc5', 'system': None}, Network: None, Subnet: None, Router: None
2025-03-06 08:33:44.638 69167 INFO tempest.lib.common.rest_client [req-ca5cddb5-08dc-47f3-b1bf-636aeb12c331 req-ca5cddb5-08dc-47f3-b1bf-636aeb12c331 ] Request (ServersListShow298Test:setUpClass): 201 POST http://10.180.1.21/identity/v3/auth/tokens 0.072s
2025-03-06 08:33:44.678 69167 INFO tempest.lib.common.rest_client [req-f627c3bc-7e60-427c-83ea-7903facc244a req-f627c3bc-7e60-427c-83ea-7903facc244a ] Request (ServersListShow298Test:test_list_show_update_rebuild_server_298): 201 POST http://10.180.1.21/identity/v3/auth/tokens 0.031s
2025-03-06 08:33:44.678 69167 INFO tempest.lib.common.fixed_network [-] (ServersListShow298Test:test_list_show_update_rebuild_server_298) Found network None available for tenant
2025-03-06 08:33:44.737 69143 INFO tempest.lib.common.rest_client [req-ccf9ffeb-5774-4171-9bd6-d57eae529c35 req-ccf9ffeb-5774-4171-9bd6-d57eae529c35 ] Request (ImagesTestJSON:test_create_image_from_stopped_server): 202 POST http://10.180.1.21/compute/v2.1/servers 2.562s
2025-03-06 08:33:44.739 69142 INFO tempest.lib.common.rest_client [req-296f9303-443e-48dd-88bc-51dc5ef3813e req-296f9303-443e-48dd-88bc-51dc5ef3813e ] Request (ComputeTenantNetworksTest:test_list_show_tenant_networks): 200 GET http://10.180.1.21/compute/v2.1/os-tenant-networks 2.181s
2025-03-06 08:33:44.798 69169 INFO tempest.lib.common.rest_client [req-bb7764d8-9d76-4c1f-8bc5-b307da5487b7 req-bb7764d8-9d76-4c1f-8bc5-b307da5487b7 ] Request (ServerExternalEventsTest:test_create_server_external_events): 200 GET http://10.180.1.21/compute/v2.1/servers/9c826747-c11d-4bf7-9fce-b3d949c0fbb9 2.219s
2025-03-06 08:33:44.801 69145 INFO tempest.lib.common.rest_client [req-983f72e9-2bcd-4b85-b0a0-3c9bb99e51e4 req-983f72e9-2bcd-4b85-b0a0-3c9bb99e51e4 ] Request (DeleteServersAdminTestJSON:test_admin_delete_servers_of_others): 200 GET http://10.180.1.21/compute/v2.1/servers/c780de6a-ecc4-44dc-bc52-eaf274039a35 2.162s
2025-03-06 08:33:44.908 69153 INFO tempest.lib.common.rest_client [req-3b2242ff-b01b-447b-bff6-20c9c5254c25 req-3b2242ff-b01b-447b-bff6-20c9c5254c25 ] Request (ImagesOneServerNegativeTestJSON:setUp): 200 GET http://10.180.1.21/compute/v2.1/servers/f2c5f684-aaf6-4b91-af8c-e05a0f91b17e 2.233s
2025-03-06 08:33:44.970 69163 INFO tempest.lib.common.rest_client [req-c10d6001-c3f0-41a7-b9aa-e6cab01d34d0 req-c10d6001-c3f0-41a7-b9aa-e6cab01d34d0 ] Request (ServersAdminTestJSON:setUpClass): 200 GET http://10.180.1.21/compute/v2.1/servers/72cc3e98-0fa9-4483-ae3c-b9b228ee50ea 2.048s
2025-03-06 08:33:45.187 69127 INFO tempest.lib.common.rest_client [req-49839113-1e79-449d-9b99-72de2c79571b req-49839113-1e79-449d-9b99-72de2c79571b ] Request (SecurityGroupsTestJSON:test_list_security_groups_by_server): 200 GET http://10.180.1.21/compute/v2.1/servers/378969d9-d802-4b63-b636-0a422e061add 2.118s
2025-03-06 08:33:45.300 69183 INFO tempest.lib.common.rest_client [req-c5a1aaf8-3be6-4e48-9e51-74d576450c8c req-c5a1aaf8-3be6-4e48-9e51-74d576450c8c ] Request (ServerTagsTestJSON:setUpClass): 202 POST http://10.180.1.21/compute/v2.1/servers 2.424s
2025-03-06 08:33:45.385 69133 INFO tempest.lib.common.rest_client [req-cf35e45d-569c-43b1-96e5-60b0eb64bd42 req-cf35e45d-569c-43b1-96e5-60b0eb64bd42 ] Request (VolumesAssistedSnapshotsTest:test_volume_assisted_snapshot_create_delete): 200 GET http://10.180.1.21/compute/v2.1/servers/5a84e118-e8bc-42c2-949b-ace01e899adc 2.025s
2025-03-06 08:33:45.496 69175 INFO tempest.lib.common.rest_client [req-be339fdf-d644-470a-9d4d-ac59eac81513 req-be339fdf-d644-470a-9d4d-ac59eac81513 ] Request (ServerGroupTestJSON:test_create_delete_multiple_server_groups_with_same_name_policy): 200 POST http://10.180.1.21/compute/v2.1/os-server-groups 2.105s
2025-03-06 08:33:45.532 69177 INFO tempest.lib.common.rest_client [req-47989df5-c12d-4a14-8264-4e2dad307d99 req-47989df5-c12d-4a14-8264-4e2dad307d99 ] Request (FlavorsAccessNegativeTestJSON:_run_cleanups): 200 GET http://10.180.1.21/compute/v2.1/flavors/detail 2.110s
2025-03-06 08:33:45.574 69147 INFO tempest.lib.common.rest_client [req-f8178674-83fe-4cca-b257-309142b9944f req-f8178674-83fe-4cca-b257-309142b9944f ] Request (AggregatesAdminNegativeTestJSON:_run_cleanups): 200 DELETE http://10.180.1.21/compute/v2.1/os-aggregates/6 2.143s
2025-03-06 08:33:45.607 69137 INFO tempest.lib.common.rest_client [req-00ccfd6b-70d0-4fb0-9145-53008bc0e257 req-00ccfd6b-70d0-4fb0-9145-53008bc0e257 ] Request (ServersTestFqdnHostnames:test_create_server_with_fqdn_name): 202 POST http://10.180.1.21/compute/v2.1/servers 2.272s
2025-03-06 08:33:45.675 69149 INFO tempest.lib.common.rest_client [req-c33e0929-d40d-4df5-9fe0-65a5f2430ad5 req-c33e0929-d40d-4df5-9fe0-65a5f2430ad5 ] Request (ServerDiagnosticsTest:tearDownClass): 200 GET http://10.180.1.21/compute/v2.1/servers/300e26cc-5841-4566-a633-d1de19504af4 2.225s
2025-03-06 08:33:45.675 69177 INFO tempest.lib.common.rest_client [req-476d5b61-69af-4546-8007-e827a9031534 req-476d5b61-69af-4546-8007-e827a9031534 ] Request (FlavorsAccessNegativeTestJSON:tearDownClass): 204 DELETE http://10.180.1.21/identity/v3/users/00d914e758ec4534b75c45ca4192875d 0.137s
2025-03-06 08:33:45.774 69177 INFO tempest.lib.common.rest_client [req-fce9a47c-076a-4ed9-9f2f-38a338432346 req-fce9a47c-076a-4ed9-9f2f-38a338432346 ] Request (FlavorsAccessNegativeTestJSON:tearDownClass): 204 DELETE http://10.180.1.21/identity/v3/users/27283b8f3ea941f6a8ed10f13d9c9f13 0.099s
2025-03-06 08:33:45.895 69177 INFO tempest.lib.common.rest_client [req-244860ad-bb5a-48c2-bf34-5fda03055fc7 req-244860ad-bb5a-48c2-bf34-5fda03055fc7 ] Request (FlavorsAccessNegativeTestJSON:tearDownClass): 204 DELETE http://10.180.1.21/identity/v3/users/c89dd3d0e04a42d18b3d83ce527df488 0.120s
2025-03-06 08:33:45.895 69177 INFO tempest.lib.common.dynamic_creds [-] Deleting project and security group for project: d580e6269c8042f88b9de35ff5938ddd
2025-03-06 08:33:45.915 69135 INFO tempest.lib.common.rest_client [req-6348d517-86cd-4e28-96c4-77aa134302d7 req-6348d517-86cd-4e28-96c4-77aa134302d7 ] Request (ListServerFiltersTestJSON:setUpClass): 200 GET http://10.180.1.21/compute/v2.1/servers/4853fd0a-7602-45e1-83ad-89da06d321c5 2.043s
2025-03-06 08:33:45.931 69179 INFO tempest.lib.common.rest_client [req-ea53b5dc-9abe-45d7-9a64-929778eb92f9 req-ea53b5dc-9abe-45d7-9a64-929778eb92f9 ] Request (SecurityGroupRulesTestJSON:tearDownClass): 202 DELETE http://10.180.1.21/compute/v2.1/os-security-groups/a9d6b74c-cfaf-4fa9-a00d-4a86965d4ea8 2.162s
2025-03-06 08:33:45.983 69177 INFO tempest.lib.common.rest_client [req-ec3f5e2e-1b71-4eeb-a628-c41c80e2f668 req-ec3f5e2e-1b71-4eeb-a628-c41c80e2f668 ] Request (FlavorsAccessNegativeTestJSON:tearDownClass): 201 POST http://10.180.1.21/identity/v3/auth/tokens 0.088s
2025-03-06 08:33:46.020 69189 INFO tempest.lib.common.rest_client [req-7fadfd5c-c1ed-42a1-9997-da0d8597714e req-7fadfd5c-c1ed-42a1-9997-da0d8597714e ] Request (FloatingIPsAssociationTestJSON:test_associate_already_associated_floating_ip): 200 GET http://10.180.1.21/compute/v2.1/servers/889c445b-ae8f-4201-85b8-957765f4e2a5 2.027s
2025-03-06 08:33:46.026 69165 INFO tempest.lib.common.rest_client [req-4e2b92bc-da50-44b9-a903-49035a0287b1 req-4e2b92bc-da50-44b9-a903-49035a0287b1 ] Request (FloatingIPsAssociationNegativeTestJSON:setUpClass): 200 GET http://10.180.1.21/compute/v2.1/servers/768a32d3-864d-45a0-8c65-8c43882292f8 2.015s
2025-03-06 08:33:46.208 69139 INFO tempest.lib.common.rest_client [req-23cfa628-26d5-4db7-b0c6-f01c990e102f req-23cfa628-26d5-4db7-b0c6-f01c990e102f ] Request (VolumesAdminNegativeTest:test_update_attached_volume_with_nonexistent_volume_in_body): 200 GET http://10.180.1.21/compute/v2.1/servers/126f7c38-74e6-4107-b809-c1c1a678197f 2.075s
2025-03-06 08:33:46.217 69139 INFO tempest.common.waiters [-] State transition "BUILD/spawning" ==> "ACTIVE/None" after 35 second wait
2025-03-06 08:33:46.224 69157 INFO tempest.lib.common.rest_client [req-e6fadc36-5693-47a5-b97c-82ca13ff9594 req-e6fadc36-5693-47a5-b97c-82ca13ff9594 ] Request (ServersV294TestFqdnHostnames:setUpClass): 200 GET http://10.180.1.21/compute/v2.1/servers/2eeae431-f0b6-4c60-b908-349d5f277bc1 1.989s
2025-03-06 08:33:46.241 69177 INFO tempest.lib.common.rest_client [req-42541b16-7bc4-4835-b994-901519d84190 req-42541b16-7bc4-4835-b994-901519d84190 ] Request (FlavorsAccessNegativeTestJSON:tearDownClass): 200 GET http://10.180.1.21:9696/networking/v2.0/security-groups?tenant_id=d580e6269c8042f88b9de35ff5938ddd&name=default 0.257s
2025-03-06 08:33:46.316 69129 INFO tempest.lib.common.rest_client [req-cd24246e-ba5c-4d29-babb-a9b09ad8a9fc req-cd24246e-ba5c-4d29-babb-a9b09ad8a9fc ] Request (ServersWithSpecificFlavorTestJSON:test_verify_created_server_ephemeral_disk): 200 GET http://10.180.1.21/compute/v2.1/servers/9df541a0-521d-4d57-8428-cda3e3f3a092 1.974s
2025-03-06 08:33:46.326 69129 INFO tempest.common.waiters [-] State transition "BUILD/scheduling" ==> "BUILD/None" after 22 second wait
2025-03-06 08:33:46.372 69177 INFO tempest.lib.common.rest_client [req-a02c6c9d-06ca-43a0-ad02-97908037d4d8 req-a02c6c9d-06ca-43a0-ad02-97908037d4d8 ] Request (FlavorsAccessNegativeTestJSON:tearDownClass): 204 DELETE http://10.180.1.21:9696/networking/v2.0/security-groups/4c822ebe-00ae-4d67-a636-8680ada3aae5 0.125s
2025-03-06 08:33:46.381 69131 INFO tempest.lib.common.rest_client [req-f21ad086-580d-45c6-a19b-efab6e23f576 req-f21ad086-580d-45c6-a19b-efab6e23f576 ] Request (ServersTestManualDisk:setUpClass): 200 GET http://10.180.1.21/compute/v2.1/servers/77d43846-146e-4167-beb2-b313d068a6ba 1.975s
2025-03-06 08:33:46.424 69187 INFO tempest.lib.common.rest_client [req-a1cbca51-283b-401e-9c8b-bd66ed1f459d req-a1cbca51-283b-401e-9c8b-bd66ed1f459d ] Request (MigrationsAdminTest:test_list_migrations_in_flavor_resize_situation): 200 GET http://10.180.1.21/compute/v2.1/servers/2bd0be89-bbc3-4b9c-b253-601deaa21a1c 2.152s
2025-03-06 08:33:46.442 69159 INFO tempest.lib.common.rest_client [req-83a824c6-af4f-4ea8-8c08-8ababe4186ea req-83a824c6-af4f-4ea8-8c08-8ababe4186ea ] Request (ServersAdmin275Test:test_rebuild_update_server_275): 200 GET http://10.180.1.21/compute/v2.1/servers/bf2e84e6-4683-475a-8dd8-351191cf16fe 1.959s
2025-03-06 08:33:46.447 69173 INFO tempest.lib.common.rest_client [req-f298686a-e8d8-456a-8f69-d6b56c843890 req-f298686a-e8d8-456a-8f69-d6b56c843890 ] Request (FlavorsAdminTestJSON:test_is_public_string_variations): 200 POST http://10.180.1.21/compute/v2.1/flavors 1.913s
2025-03-06 08:33:46.453 69159 INFO tempest.common.waiters [-] State transition "BUILD/networking" ==> "BUILD/spawning" after 27 second wait
2025-03-06 08:33:46.464 69177 INFO tempest.lib.common.rest_client [req-6507a01b-1a25-4a37-a451-fb766cbf720a req-6507a01b-1a25-4a37-a451-fb766cbf720a ] Request (FlavorsAccessNegativeTestJSON:tearDownClass): 204 DELETE http://10.180.1.21/identity/v3/projects/d580e6269c8042f88b9de35ff5938ddd 0.091s
2025-03-06 08:33:46.464 69177 INFO tempest.lib.common.dynamic_creds [-] Deleting project and security group for project: 3170281fd5344d63a14e810e33eec954
2025-03-06 08:33:46.510 69185 INFO tempest.lib.common.rest_client [req-5427f5be-69b7-4ce1-94eb-1de0a5c243e3 req-5427f5be-69b7-4ce1-94eb-1de0a5c243e3 ] Request (ServerDiagnosticsV248Test:tearDownClass): 200 GET http://10.180.1.21/compute/v2.1/servers/a42a1113-9ca6-42f5-a1aa-0a123f17814d 1.963s
2025-03-06 08:33:46.525 69185 INFO tempest.common.waiters [-] State transition "ACTIVE/deleting" ==> "DELETED/None" after 3 second wait
2025-03-06 08:33:46.577 69143 INFO tempest.lib.common.rest_client [req-597db34a-faa6-45e3-a6f4-27562e833723 req-597db34a-faa6-45e3-a6f4-27562e833723 ] Request (ImagesTestJSON:test_create_image_from_stopped_server): 200 GET http://10.180.1.21/compute/v2.1/servers/064f9c81-5b1e-4d45-b92d-297f5bc3442d 1.838s
2025-03-06 08:33:46.598 69177 INFO tempest.lib.common.rest_client [req-1d218595-488f-4941-a307-4a6827bf72df req-1d218595-488f-4941-a307-4a6827bf72df ] Request (FlavorsAccessNegativeTestJSON:tearDownClass): 200 GET http://10.180.1.21:9696/networking/v2.0/security-groups?tenant_id=3170281fd5344d63a14e810e33eec954&name=default 0.134s
2025-03-06 08:33:46.638 69142 INFO tempest.lib.common.rest_client [req-fc708cd2-b27f-48c7-ac0c-2f0f70b1015d req-fc708cd2-b27f-48c7-ac0c-2f0f70b1015d ] Request (ComputeTenantNetworksTest:test_list_show_tenant_networks): 200 GET http://10.180.1.21/compute/v2.1/os-tenant-networks/0ca0a06f-64b5-4282-a918-65aab7d2ee8e 1.897s
2025-03-06 08:33:46.694 69177 INFO tempest.lib.common.rest_client [req-063e6972-3803-4a7e-b624-1fead35db37e req-063e6972-3803-4a7e-b624-1fead35db37e ] Request (FlavorsAccessNegativeTestJSON:tearDownClass): 204 DELETE http://10.180.1.21:9696/networking/v2.0/security-groups/5437279b-7e33-4241-b33b-3dc090fbe496 0.096s
2025-03-06 08:33:46.708 69181 INFO tempest.lib.common.rest_client [req-f914027e-014f-4bbf-8acc-10733d305eef req-f914027e-014f-4bbf-8acc-10733d305eef ] Request (ImagesNegativeTestJSON:test_create_image_from_deleted_server): 200 GET http://10.180.1.21/compute/v2.1/servers/1235627a-11b9-44d3-b2c8-1f8df0953986 1.833s
2025-03-06 08:33:46.713 69153 INFO tempest.lib.common.rest_client [req-a1682da7-334b-4760-90ab-d9c59887e16d req-a1682da7-334b-4760-90ab-d9c59887e16d ] Request (ImagesOneServerNegativeTestJSON:test_create_image_specify_metadata_over_limits): 400 POST http://10.180.1.21/compute/v2.1/servers/f2c5f684-aaf6-4b91-af8c-e05a0f91b17e/action 1.794s
2025-03-06 08:33:46.758 69167 INFO tempest.lib.common.rest_client [req-b714e3b1-224d-460d-ab10-9f5336452dc1 req-b714e3b1-224d-460d-ab10-9f5336452dc1 ] Request (ServersListShow298Test:test_list_show_update_rebuild_server_298): 202 POST http://10.180.1.21/compute/v2.1/servers 2.078s
2025-03-06 08:33:46.822 69155 INFO tempest.lib.common.rest_client [req-3aa23bee-d330-4fd5-87d3-579eacee2aa4 req-3aa23bee-d330-4fd5-87d3-579eacee2aa4 ] Request (ServersAdminNegativeTestJSON:setUpClass): 200 GET http://10.180.1.21/compute/v2.1/servers/1c1cd79d-1f16-4354-a44d-d6c3da6b599c 1.877s
2025-03-06 08:33:46.837 69177 INFO tempest.lib.common.rest_client [req-f57c55fd-c93a-41ad-930f-1b3d9a2a3724 req-f57c55fd-c93a-41ad-930f-1b3d9a2a3724 ] Request (FlavorsAccessNegativeTestJSON:tearDownClass): 204 DELETE http://10.180.1.21/identity/v3/projects/3170281fd5344d63a14e810e33eec954 0.143s
2025-03-06 08:33:46.837 69177 INFO tempest.lib.common.dynamic_creds [-] Deleting project and security group for project: da87154c5d564122aa53fdc8915b71b3
2025-03-06 08:33:46.841 69161 INFO tempest.lib.common.rest_client [req-69a6750d-82bd-4260-8daa-4ca01e5160aa req-69a6750d-82bd-4260-8daa-4ca01e5160aa ] Request (ServerMetadataNegativeTestJSON:setUpClass): 200 GET http://10.180.1.21/compute/v2.1/servers/286d8d9a-a373-4c6d-83a5-21b34065dd01 1.613s
2025-03-06 08:33:46.898 69183 INFO tempest.lib.common.rest_client [req-9b6fb63c-cebd-415f-91cd-f9c51542702c req-9b6fb63c-cebd-415f-91cd-f9c51542702c ] Request (ServerTagsTestJSON:setUpClass): 200 GET http://10.180.1.21/compute/v2.1/servers/aca1cd64-df1f-4505-bbff-9a896f7834de 1.595s
2025-03-06 08:33:46.925 69142 INFO tempest.lib.common.rest_client [req-9ccd9845-80ef-446e-b172-5aa14b1bac8f req-9ccd9845-80ef-446e-b172-5aa14b1bac8f ] Request (ComputeTenantNetworksTest:tearDownClass): 204 DELETE http://10.180.1.21:9696/networking/v2.0/networks/0ca0a06f-64b5-4282-a918-65aab7d2ee8e 0.274s
2025-03-06 08:33:46.971 69177 INFO tempest.lib.common.rest_client [req-12779181-92f8-430b-beee-65b4fff94e84 req-12779181-92f8-430b-beee-65b4fff94e84 ] Request (FlavorsAccessNegativeTestJSON:tearDownClass): 200 GET http://10.180.1.21:9696/networking/v2.0/security-groups?tenant_id=da87154c5d564122aa53fdc8915b71b3&name=default 0.134s
2025-03-06 08:33:46.993 69175 INFO tempest.lib.common.rest_client [req-5d24578a-d6e2-4ab3-b9b4-333b10ab278a req-5d24578a-d6e2-4ab3-b9b4-333b10ab278a ] Request (ServerGroupTestJSON:test_create_delete_multiple_server_groups_with_same_name_policy): 200 POST http://10.180.1.21/compute/v2.1/os-server-groups 1.495s
2025-03-06 08:33:47.004 69151 INFO tempest.lib.common.rest_client [req-952cf39b-998d-4579-ae67-1feefeefd734 req-952cf39b-998d-4579-ae67-1feefeefd734 ] Request (ServerDiagnosticsNegativeTest:test_get_server_diagnostics_by_non_admin): 200 GET http://10.180.1.21/compute/v2.1/servers/0eca3da9-9612-4ef0-a275-9a48eb20872f 1.567s
2025-03-06 08:33:47.017 69147 INFO tempest.lib.common.rest_client [req-01d50b0e-52b5-4d87-90b3-30c5daf5db12 req-01d50b0e-52b5-4d87-90b3-30c5daf5db12 ] Request (AggregatesAdminNegativeTestJSON:test_aggregate_get_details_with_invalid_id): 404 GET http://10.180.1.21/compute/v2.1/os-aggregates/-1 1.441s
2025-03-06 08:33:47.059 69171 INFO tempest.lib.common.rest_client [req-fd034959-7187-4474-a8c3-ae7c5d803dcb req-fd034959-7187-4474-a8c3-ae7c5d803dcb ] Request (ServerAddressesNegativeTestJSON:setUpClass): 200 GET http://10.180.1.21/compute/v2.1/servers/bd885b57-4718-464a-a60f-5543d3191bd1 1.544s
2025-03-06 08:33:47.070 69142 INFO tempest.lib.common.rest_client [req-fabcdc8a-177d-4db4-8bc5-9308ffb0bf1f req-fabcdc8a-177d-4db4-8bc5-9308ffb0bf1f ] Request (ComputeTenantNetworksTest:tearDownClass): 204 DELETE http://10.180.1.21/identity/v3/users/6ba896d393874569b776737df6eda7f6 0.144s
2025-03-06 08:33:47.070 69137 INFO tempest.lib.common.rest_client [req-a8e37f65-52a1-418f-9359-90d23be65985 req-a8e37f65-52a1-418f-9359-90d23be65985 ] Request (ServersTestFqdnHostnames:test_create_server_with_fqdn_name): 200 GET http://10.180.1.21/compute/v2.1/servers/6ae9092a-269e-4569-864f-28136dc65ab0 1.461s
2025-03-06 08:33:47.070 69142 INFO tempest.lib.common.dynamic_creds [-] Deleting project and security group for project: 5474a3bc441c45cb885d47589947bae6
2025-03-06 08:33:47.076 69177 INFO tempest.lib.common.rest_client [req-582dc899-ea6f-4d92-a727-9f8faf475bdf req-582dc899-ea6f-4d92-a727-9f8faf475bdf ] Request (FlavorsAccessNegativeTestJSON:tearDownClass): 204 DELETE http://10.180.1.21:9696/networking/v2.0/security-groups/75b5256f-9af5-4a3b-9022-32977039a4bf 0.104s
2025-03-06 08:33:47.090 69145 INFO tempest.lib.common.rest_client [req-fc3e7e58-a944-4db7-8ab9-f03db7084e3c req-fc3e7e58-a944-4db7-8ab9-f03db7084e3c ] Request (DeleteServersAdminTestJSON:test_admin_delete_servers_of_others): 404 GET http://10.180.1.21/compute/v2.1/servers/c780de6a-ecc4-44dc-bc52-eaf274039a35 1.278s
2025-03-06 08:33:47.116 69142 INFO tempest.lib.common.rest_client [req-49f7d2d1-cdfe-42e3-8ff0-d259f0228272 req-49f7d2d1-cdfe-42e3-8ff0-d259f0228272 ] Request (ComputeTenantNetworksTest:tearDownClass): 200 GET http://10.180.1.21:9696/networking/v2.0/security-groups?tenant_id=5474a3bc441c45cb885d47589947bae6&name=default 0.045s
2025-03-06 08:33:47.133 69179 INFO tempest.lib.common.rest_client [req-d4a0e76c-e71f-477e-9081-c07973b4453b req-d4a0e76c-e71f-477e-9081-c07973b4453b ] Request (SecurityGroupRulesTestJSON:tearDownClass): 404 DELETE http://10.180.1.21/compute/v2.1/os-security-groups/5ca23733-6afd-45ad-8c34-02576bef0834 1.202s
2025-03-06 08:33:47.140 69169 INFO tempest.lib.common.rest_client [req-c7d88e81-dcfc-4296-a49e-226a76683e5b req-c7d88e81-dcfc-4296-a49e-226a76683e5b ] Request (ServerExternalEventsTest:test_create_server_external_events): 200 GET http://10.180.1.21/compute/v2.1/servers/9c826747-c11d-4bf7-9fce-b3d949c0fbb9 1.326s
2025-03-06 08:33:47.147 69169 INFO tempest.common.waiters [-] State transition "BUILD/scheduling" ==> "BUILD/None" after 20 second wait
2025-03-06 08:33:47.178 69145 INFO tempest.lib.common.rest_client [req-5c127c66-81f1-4189-bbd6-df58fe894e93 req-5c127c66-81f1-4189-bbd6-df58fe894e93 ] Request (DeleteServersAdminTestJSON:test_delete_server_while_in_error_state): 201 POST http://10.180.1.21/identity/v3/auth/tokens 0.068s
2025-03-06 08:33:47.178 69145 INFO tempest.lib.common.fixed_network [-] (DeleteServersAdminTestJSON:test_delete_server_while_in_error_state) Found network None available for tenant
2025-03-06 08:33:47.192 69163 INFO tempest.lib.common.rest_client [req-0343d33e-aaa4-4a7e-b72f-b2629772a8f0 req-0343d33e-aaa4-4a7e-b72f-b2629772a8f0 ] Request (ServersAdminTestJSON:setUpClass): 200 GET http://10.180.1.21/compute/v2.1/servers/72cc3e98-0fa9-4483-ae3c-b9b228ee50ea 1.208s
2025-03-06 08:33:47.199 69177 INFO tempest.lib.common.rest_client [req-7a058c85-0192-4c5c-a2a0-23d64dec8b7d req-7a058c85-0192-4c5c-a2a0-23d64dec8b7d ] Request (FlavorsAccessNegativeTestJSON:tearDownClass): 204 DELETE http://10.180.1.21/identity/v3/projects/da87154c5d564122aa53fdc8915b71b3 0.122s
2025-03-06 08:33:47.214 69142 INFO tempest.lib.common.rest_client [req-18093494-62a9-473a-b19b-af77f0f1058b req-18093494-62a9-473a-b19b-af77f0f1058b ] Request (ComputeTenantNetworksTest:tearDownClass): 204 DELETE http://10.180.1.21:9696/networking/v2.0/security-groups/95f8b0a6-9501-4a4b-962d-8ac878958a47 0.097s
2025-03-06 08:33:47.255 69177 INFO tempest.lib.common.rest_client [req-f04ee3ac-7f52-45b9-ac7b-921ae440fb2c req-f04ee3ac-7f52-45b9-ac7b-921ae440fb2c ] Request (FlavorsV255TestJSON:setUpClass): 201 POST http://10.180.1.21/identity/v3/auth/tokens 0.054s
2025-03-06 08:33:47.302 69142 INFO tempest.lib.common.rest_client [req-35cc5403-4d93-47da-af32-7689d8515ade req-35cc5403-4d93-47da-af32-7689d8515ade ] Request (ComputeTenantNetworksTest:tearDownClass): 204 DELETE http://10.180.1.21/identity/v3/projects/5474a3bc441c45cb885d47589947bae6 0.088s
2025-03-06 08:33:47.303 69127 INFO tempest.lib.common.rest_client [req-5995f126-8d8a-42e7-a425-001c432161ef req-5995f126-8d8a-42e7-a425-001c432161ef ] Request (SecurityGroupsTestJSON:test_list_security_groups_by_server): 200 GET http://10.180.1.21/compute/v2.1/servers/378969d9-d802-4b63-b636-0a422e061add 1.099s
2025-03-06 08:33:47.310 69127 INFO tempest.common.waiters [-] State transition "BUILD/spawning" ==> "ACTIVE/None" after 36 second wait
2025-03-06 08:33:47.313 69139 INFO tempest.lib.common.rest_client [req-7f36d33d-71d1-4318-9a47-60b25c556dcf req-7f36d33d-71d1-4318-9a47-60b25c556dcf ] Request (VolumesAdminNegativeTest:test_update_attached_volume_with_nonexistent_volume_in_body): 200 GET http://10.180.1.21/compute/v2.1/servers/126f7c38-74e6-4107-b809-c1c1a678197f/os-interface 1.095s
2025-03-06 08:33:47.319 69177 INFO tempest.lib.common.rest_client [req-8517afae-e4a4-4505-bbc4-033f802d6e2e req-8517afae-e4a4-4505-bbc4-033f802d6e2e ] Request (FlavorsV255TestJSON:setUpClass): 201 POST http://10.180.1.21/identity/v3/auth/tokens 0.061s
2025-03-06 08:33:47.332 69173 INFO tempest.lib.common.rest_client [req-5f918d1b-66fb-469d-8111-d978a61cf82e req-5f918d1b-66fb-469d-8111-d978a61cf82e ] Request (FlavorsAdminTestJSON:test_is_public_string_variations): 200 POST http://10.180.1.21/compute/v2.1/flavors 0.882s
2025-03-06 08:33:47.351 69177 INFO tempest.lib.common.rest_client [req-1d49f659-1620-4949-927c-89e114b431f3 req-1d49f659-1620-4949-927c-89e114b431f3 ] Request (FlavorsV255TestJSON:setUpClass): 200 GET http://10.180.1.21/identity/v3/domains?name=Default 0.032s
2025-03-06 08:33:47.364 69133 INFO tempest.lib.common.rest_client [req-a7d974d2-513c-4428-b513-f13553dae906 req-a7d974d2-513c-4428-b513-f13553dae906 ] Request (VolumesAssistedSnapshotsTest:test_volume_assisted_snapshot_create_delete): 200 GET http://10.180.1.21/compute/v2.1/servers/5a84e118-e8bc-42c2-949b-ace01e899adc 0.967s
2025-03-06 08:33:47.399 69177 INFO tempest.lib.common.rest_client [req-638d0422-db55-417a-916c-3b4539704f7f req-638d0422-db55-417a-916c-3b4539704f7f ] Request (FlavorsV255TestJSON:setUpClass): 201 POST http://10.180.1.21/identity/v3/projects 0.047s
2025-03-06 08:33:47.428 69149 INFO tempest.lib.common.rest_client [req-3993e9b8-1bcf-41a4-af2b-49ab9b07bf22 req-3993e9b8-1bcf-41a4-af2b-49ab9b07bf22 ] Request (ServerDiagnosticsTest:tearDownClass): 200 GET http://10.180.1.21/compute/v2.1/servers/300e26cc-5841-4566-a633-d1de19504af4 0.744s
2025-03-06 08:33:47.484 69177 INFO tempest.lib.common.rest_client [req-1b4a4007-cc76-4785-9cac-e563ac4f1c82 req-1b4a4007-cc76-4785-9cac-e563ac4f1c82 ] Request (FlavorsV255TestJSON:setUpClass): 201 POST http://10.180.1.21/identity/v3/users 0.084s
2025-03-06 08:33:47.508 69167 INFO tempest.lib.common.rest_client [req-5b6097d5-c7ea-4550-a702-9966241ce534 req-5b6097d5-c7ea-4550-a702-9966241ce534 ] Request (ServersListShow298Test:test_list_show_update_rebuild_server_298): 200 GET http://10.180.1.21/compute/v2.1/servers/cfecbc5f-207a-40e7-87db-cbd06c337399 0.749s
2025-03-06 08:33:47.523 69177 INFO tempest.lib.common.rest_client [req-2408d28c-a0a7-48c0-9bb0-d238854641b1 req-2408d28c-a0a7-48c0-9bb0-d238854641b1 ] Request (FlavorsV255TestJSON:setUpClass): 200 GET http://10.180.1.21/identity/v3/roles 0.038s
2025-03-06 08:33:47.528 69153 INFO tempest.lib.common.rest_client [req-905a5f11-4c3f-4260-8192-c02b1b726e6b req-905a5f11-4c3f-4260-8192-c02b1b726e6b ] Request (ImagesOneServerNegativeTestJSON:tearDown): 200 GET http://10.180.1.21/compute/v2.1/servers/f2c5f684-aaf6-4b91-af8c-e05a0f91b17e 0.815s
2025-03-06 08:33:47.567 69177 INFO tempest.lib.common.rest_client [req-4e9787b2-847d-41ae-8708-002f0418d65b req-4e9787b2-847d-41ae-8708-002f0418d65b ] Request (FlavorsV255TestJSON:setUpClass): 204 PUT http://10.180.1.21/identity/v3/projects/f7fd1be559e84d0197019527c96d747a/users/103546b504244c37a3af2252a54f330e/roles/cde16e76c42c4aee906aa86e451c3245 0.044s
2025-03-06 08:33:47.568 69177 INFO tempest.lib.common.dynamic_creds [-] Dynamic test user 103546b504244c37a3af2252a54f330e is created with scope project and roles: ['member']
2025-03-06 08:33:47.568 69177 INFO tempest.lib.common.dynamic_creds [-] Acquired dynamic creds: credentials: Credentials: {'domain_id': 'default', 'domain_name': 'Default', 'username': 'tempest-FlavorsV255TestJSON-1911543651-project-member', 'project_domain_id': 'default', 'project_domain_name': 'Default', 'project_id': 'f7fd1be559e84d0197019527c96d747a', 'project_name': 'tempest-FlavorsV255TestJSON-1911543651', 'tenant_id': 'f7fd1be559e84d0197019527c96d747a', 'tenant_name': 'tempest-FlavorsV255TestJSON-1911543651', 'user_domain_id': 'default', 'user_domain_name': 'Default', 'user_id': '103546b504244c37a3af2252a54f330e', 'system': None}, Network: None, Subnet: None, Router: None
2025-03-06 08:33:47.568 69177 INFO tempest.lib.common.dynamic_creds [-] Created isolated network resources for: credentials: Credentials: {'domain_id': 'default', 'domain_name': 'Default', 'username': 'tempest-FlavorsV255TestJSON-1911543651-project-member', 'project_domain_id': 'default', 'project_domain_name': 'Default', 'project_id': 'f7fd1be559e84d0197019527c96d747a', 'project_name': 'tempest-FlavorsV255TestJSON-1911543651', 'tenant_id': 'f7fd1be559e84d0197019527c96d747a', 'tenant_name': 'tempest-FlavorsV255TestJSON-1911543651', 'user_domain_id': 'default', 'user_domain_name': 'Default', 'user_id': '103546b504244c37a3af2252a54f330e', 'system': None}, Network: None, Subnet: None, Router: None
2025-03-06 08:33:47.574 69175 INFO tempest.lib.common.rest_client [req-0d120b0e-74cb-4188-9f28-99048a969568 req-0d120b0e-74cb-4188-9f28-99048a969568 ] Request (ServerGroupTestJSON:test_create_delete_multiple_server_groups_with_same_name_policy): 204 DELETE http://10.180.1.21/compute/v2.1/os-server-groups/3d532906-c2fd-4053-8933-34e811c2e6e4 0.579s
2025-03-06 08:33:47.605 69147 INFO tempest.lib.common.rest_client [req-749d8c7b-1ff6-4b0a-affc-ad633d6884d0 req-749d8c7b-1ff6-4b0a-affc-ad633d6884d0 ] Request (AggregatesAdminNegativeTestJSON:test_aggregate_list_as_user): 403 GET http://10.180.1.21/compute/v2.1/os-aggregates 0.586s
2025-03-06 08:33:47.627 69135 INFO tempest.lib.common.rest_client [req-bf6a88b1-423e-4090-860e-f52c4a661478 req-bf6a88b1-423e-4090-860e-f52c4a661478 ] Request (ListServerFiltersTestJSON:setUpClass): 200 GET http://10.180.1.21/compute/v2.1/servers/4853fd0a-7602-45e1-83ad-89da06d321c5 0.696s
2025-03-06 08:33:47.663 69189 INFO tempest.lib.common.rest_client [req-69c42869-78b5-4333-8edc-c33ebd42f047 req-69c42869-78b5-4333-8edc-c33ebd42f047 ] Request (FloatingIPsAssociationTestJSON:test_associate_already_associated_floating_ip): 200 GET http://10.180.1.21/compute/v2.1/servers/889c445b-ae8f-4201-85b8-957765f4e2a5 0.635s
2025-03-06 08:33:47.675 69177 INFO tempest.lib.common.rest_client [req-89de6b22-7da7-44db-979b-061c64c31c95 req-89de6b22-7da7-44db-979b-061c64c31c95 ] Request (FlavorsV255TestJSON:setUpClass): 201 POST http://10.180.1.21/identity/v3/auth/tokens 0.103s
2025-03-06 08:33:47.680 69165 INFO tempest.lib.common.rest_client [req-2e0426c0-4cc8-4513-a65c-6310d7c77d6a req-2e0426c0-4cc8-4513-a65c-6310d7c77d6a ] Request (FloatingIPsAssociationNegativeTestJSON:setUpClass): 200 GET http://10.180.1.21/compute/v2.1/servers/768a32d3-864d-45a0-8c65-8c43882292f8 0.637s
2025-03-06 08:33:47.688 69165 INFO tempest.common.waiters [-] State transition "BUILD/scheduling" ==> "BUILD/None" after 9 second wait
2025-03-06 08:33:47.749 69177 INFO tempest.lib.common.rest_client [req-eba8970c-f2af-45fa-a0de-4e43f0c1a5f5 req-eba8970c-f2af-45fa-a0de-4e43f0c1a5f5 ] Request (FlavorsV255TestJSON:setUpClass): 201 POST http://10.180.1.21/identity/v3/projects 0.073s
2025-03-06 08:33:47.839 69177 INFO tempest.lib.common.rest_client [req-4f5bbb64-c641-4fe3-8fa4-b82548f0eefb req-4f5bbb64-c641-4fe3-8fa4-b82548f0eefb ] Request (FlavorsV255TestJSON:setUpClass): 201 POST http://10.180.1.21/identity/v3/users 0.089s
2025-03-06 08:33:47.865 69177 INFO tempest.lib.common.rest_client [req-67d4325c-36cc-47c4-a1f5-ad618bb519e1 req-67d4325c-36cc-47c4-a1f5-ad618bb519e1 ] Request (FlavorsV255TestJSON:setUpClass): 200 GET http://10.180.1.21/identity/v3/roles 0.025s
2025-03-06 08:33:47.883 69179 INFO tempest.lib.common.rest_client [req-d407e063-39d7-4663-9620-3e3f16711ca4 req-d407e063-39d7-4663-9620-3e3f16711ca4 ] Request (SecurityGroupRulesTestJSON:tearDownClass): 202 DELETE http://10.180.1.21/compute/v2.1/os-security-groups/ac864792-86c3-4dd6-8018-4cc1a4a84c09 0.749s
2025-03-06 08:33:47.903 69177 INFO tempest.lib.common.rest_client [req-642a0e31-00af-42bb-af8a-c6209eacd765 req-642a0e31-00af-42bb-af8a-c6209eacd765 ] Request (FlavorsV255TestJSON:setUpClass): 204 PUT http://10.180.1.21/identity/v3/projects/bf71eb5483794a56b543a1e12648b9cd/users/4be693b329b0441b82fa82295cec4a5f/roles/f9681e9a79b542fea6a4bca2ab9cc52a 0.038s
2025-03-06 08:33:47.960 69139 INFO tempest.lib.common.rest_client [req-3bb35697-d5a9-4831-bf66-0775ae1fef87 req-3bb35697-d5a9-4831-bf66-0775ae1fef87 ] Request (VolumesAdminNegativeTest:test_update_attached_volume_with_nonexistent_volume_in_body): 200 PUT http://10.180.1.21:9696/networking/v2.0/floatingips/33540d68-e838-4fb7-b17d-ed0fdca41993 0.645s
2025-03-06 08:33:47.962 69139 INFO tempest.lib.common.ssh [-] Creating ssh connection to '10.180.180.146:22' as 'cirros' with public key authentication
2025-03-06 08:33:47.975 69177 INFO tempest.lib.common.rest_client [req-d472de89-9127-4de4-9ccb-8cccf8b5e11a req-d472de89-9127-4de4-9ccb-8cccf8b5e11a ] Request (FlavorsV255TestJSON:setUpClass): 200 GET http://10.180.1.21/identity/v3/roles 0.071s
2025-03-06 08:33:48.000 69177 INFO tempest.lib.common.rest_client [req-50e4cae7-6f90-4da2-9c33-9fc26107ff2f req-50e4cae7-6f90-4da2-9c33-9fc26107ff2f ] Request (FlavorsV255TestJSON:setUpClass): 204 PUT http://10.180.1.21/identity/v3/projects/bf71eb5483794a56b543a1e12648b9cd/users/4be693b329b0441b82fa82295cec4a5f/roles/f9681e9a79b542fea6a4bca2ab9cc52a 0.024s
2025-03-06 08:33:48.001 69177 INFO tempest.lib.common.dynamic_creds [-] Dynamic test user 4be693b329b0441b82fa82295cec4a5f is created with scope project and roles: ['admin']
2025-03-06 08:33:48.001 69177 INFO tempest.lib.common.dynamic_creds [-] Acquired dynamic creds: credentials: Credentials: {'domain_id': 'default', 'domain_name': 'Default', 'username': 'tempest-FlavorsV255TestJSON-2031181242-project-admin', 'project_domain_id': 'default', 'project_domain_name': 'Default', 'project_id': 'bf71eb5483794a56b543a1e12648b9cd', 'project_name': 'tempest-FlavorsV255TestJSON-2031181242', 'tenant_id': 'bf71eb5483794a56b543a1e12648b9cd', 'tenant_name': 'tempest-FlavorsV255TestJSON-2031181242', 'user_domain_id': 'default', 'user_domain_name': 'Default', 'user_id': '4be693b329b0441b82fa82295cec4a5f', 'system': None}, Network: None, Subnet: None, Router: None
