2025-03-06 08:33:23.883 69169 INFO tempest.lib.common.fixed_network [-] (ServerExternalEventsTest:test_create_server_external_events) Found network None available for tenant
2025-03-06 08:33:23.900 69155 INFO tempest.lib.common.rest_client [req-671ecb27-d948-4363-9ae9-21f070141e24 req-671ecb27-d948-4363-9ae9-21f070141e24 ] Request (InstanceUsageAuditLogNegativeTestJSON:setUpClass): 201 POST http://10.180.1.21/identity/v3/auth/tokens 0.101s
2025-03-06 08:33:23.910 69171 INFO tempest.lib.common.rest_client [req-4c2f8ec6-f1e5-4e09-9275-06aa73563f5d req-4c2f8ec6-f1e5-4e09-9275-06aa73563f5d ] Request (HypervisorAdminV228Test:setUpClass): 200 GET http://10.180.1.21/identity/v3/roles 0.039s
2025-03-06 08:33:23.935 69155 INFO tempest.lib.common.rest_client [req-1fadd9bc-eacf-4bdd-9f7b-a5da024646e3 req-1fadd9bc-eacf-4bdd-9f7b-a5da024646e3 ] Request (InstanceUsageAuditLogNegativeTestJSON:setUpClass): 200 GET http://10.180.1.21/identity/v3/domains?name=Default 0.035s
2025-03-06 08:33:23.942 69171 INFO tempest.lib.common.rest_client [req-93cc1e28-133d-4c88-8080-dd3285ec8335 req-93cc1e28-133d-4c88-8080-dd3285ec8335 ] Request (HypervisorAdminV228Test:setUpClass): 204 PUT http://10.180.1.21/identity/v3/projects/f4473155b3d543658c2b693197c55bd5/users/c9a94c6e799c4fab9b93c631909c61a6/roles/f9681e9a79b542fea6a4bca2ab9cc52a 0.031s
2025-03-06 08:33:23.947 69131 INFO tempest.lib.common.rest_client [req-d19781a0-effb-4786-a4b0-59f948c9e0ac req-d19781a0-effb-4786-a4b0-59f948c9e0ac ] Request (TenantUsagesNegativeTestJSON:tearDownClass): 204 DELETE http://10.180.1.21:9696/networking/v2.0/security-groups/9fa9f05e-ca26-47c7-8274-20698e51ea18 0.246s
2025-03-06 08:33:23.989 69157 INFO tempest.lib.common.rest_client [req-d0500490-7fef-48cc-88d5-1f533084cd1b req-d0500490-7fef-48cc-88d5-1f533084cd1b ] Request (ServersV294TestFqdnHostnames:setUpClass): 200 GET http://10.180.1.21/compute/v2.1/servers/2eeae431-f0b6-4c60-b908-349d5f277bc1 1.404s
2025-03-06 08:33:24.014 69171 INFO tempest.lib.common.rest_client [req-b471cfbb-c799-4f1c-8f63-7ece6bdaa6b9 req-b471cfbb-c799-4f1c-8f63-7ece6bdaa6b9 ] Request (HypervisorAdminV228Test:setUpClass): 200 GET http://10.180.1.21/identity/v3/roles 0.071s
2025-03-06 08:33:24.020 69155 INFO tempest.lib.common.rest_client [req-cf3ed418-ae67-4c64-8106-f02c344200e5 req-cf3ed418-ae67-4c64-8106-f02c344200e5 ] Request (InstanceUsageAuditLogNegativeTestJSON:setUpClass): 201 POST http://10.180.1.21/identity/v3/projects 0.082s
2025-03-06 08:33:24.031 69143 INFO tempest.lib.common.rest_client [req-735b945e-99be-435f-9942-88541cea56d5 req-735b945e-99be-435f-9942-88541cea56d5 ] Request (FloatingIPDetailsNegativeTestJSON:setUpClass): 201 POST http://10.180.1.21:9696/networking/v2.0/routers 1.470s
2025-03-06 08:33:24.062 69129 INFO tempest.lib.common.rest_client [req-ae898d46-92a1-40fa-9823-929c51a11224 req-ae898d46-92a1-40fa-9823-929c51a11224 ] Request (ServersWithSpecificFlavorTestJSON:test_verify_created_server_ephemeral_disk): 200 GET http://10.180.1.21/compute/v2.1/servers/9df541a0-521d-4d57-8428-cda3e3f3a092 1.436s
2025-03-06 08:33:24.084 69142 INFO tempest.lib.common.rest_client [req-ec99025f-244c-4cdc-b71c-7de44611aab1 req-ec99025f-244c-4cdc-b71c-7de44611aab1 ] Request (KeyPairsV2TestJSON:_run_cleanups): 202 DELETE http://10.180.1.21/compute/v2.1/os-keypairs/tempest-keypair-1928865373 1.375s
2025-03-06 08:33:24.095 69171 INFO tempest.lib.common.rest_client [req-d692dc9f-8152-4d1a-a02a-71e5598ffed0 req-d692dc9f-8152-4d1a-a02a-71e5598ffed0 ] Request (HypervisorAdminV228Test:setUpClass): 204 PUT http://10.180.1.21/identity/v3/projects/f4473155b3d543658c2b693197c55bd5/users/c9a94c6e799c4fab9b93c631909c61a6/roles/f9681e9a79b542fea6a4bca2ab9cc52a 0.081s
2025-03-06 08:33:24.095 69171 INFO tempest.lib.common.dynamic_creds [-] Dynamic test user c9a94c6e799c4fab9b93c631909c61a6 is created with scope project and roles: ['admin']
2025-03-06 08:33:24.095 69171 INFO tempest.lib.common.dynamic_creds [-] Acquired dynamic creds: credentials: Credentials: {'domain_id': 'default', 'domain_name': 'Default', 'username': 'tempest-HypervisorAdminV228Test-975381407-project-admin', 'project_domain_id': 'default', 'project_domain_name': 'Default', 'project_id': 'f4473155b3d543658c2b693197c55bd5', 'project_name': 'tempest-HypervisorAdminV228Test-975381407', 'tenant_id': 'f4473155b3d543658c2b693197c55bd5', 'tenant_name': 'tempest-HypervisorAdminV228Test-975381407', 'user_domain_id': 'default', 'user_domain_name': 'Default', 'user_id': 'c9a94c6e799c4fab9b93c631909c61a6', 'system': None}, Network: None, Subnet: None, Router: None
2025-03-06 08:33:24.096 69171 INFO tempest.lib.common.dynamic_creds [-] Created isolated network resources for: credentials: Credentials: {'domain_id': 'default', 'domain_name': 'Default', 'username': 'tempest-HypervisorAdminV228Test-975381407-project-admin', 'project_domain_id': 'default', 'project_domain_name': 'Default', 'project_id': 'f4473155b3d543658c2b693197c55bd5', 'project_name': 'tempest-HypervisorAdminV228Test-975381407', 'tenant_id': 'f4473155b3d543658c2b693197c55bd5', 'tenant_name': 'tempest-HypervisorAdminV228Test-975381407', 'user_domain_id': 'default', 'user_domain_name': 'Default', 'user_id': 'c9a94c6e799c4fab9b93c631909c61a6', 'system': None}, Network: None, Subnet: None, Router: None
2025-03-06 08:33:24.096 69183 INFO tempest.lib.common.rest_client [req-52995a62-4291-49c5-b527-a44b74b4be46 req-52995a62-4291-49c5-b527-a44b74b4be46 ] Request (HostsAdminNegativeTestJSON:test_update_nonexistent_host): 404 PUT http://10.180.1.21/compute/v2.1/os-hosts/nonexistent_hostname 1.380s
2025-03-06 08:33:24.163 69131 INFO tempest.lib.common.rest_client [req-ddb695cc-3eb1-4706-a864-58d8ff38e5a9 req-ddb695cc-3eb1-4706-a864-58d8ff38e5a9 ] Request (TenantUsagesNegativeTestJSON:tearDownClass): 204 DELETE http://10.180.1.21/identity/v3/projects/2393d915e19f4b998681f4d0f4161491 0.215s
2025-03-06 08:33:24.185 69159 INFO tempest.lib.common.rest_client [req-464b8329-1001-40fd-8012-26d5c4814d18 req-464b8329-1001-40fd-8012-26d5c4814d18 ] Request (ServersAdmin275Test:test_rebuild_update_server_275): 200 GET http://10.180.1.21/compute/v2.1/servers/bf2e84e6-4683-475a-8dd8-351191cf16fe 1.398s
2025-03-06 08:33:24.204 69155 INFO tempest.lib.common.rest_client [req-66333425-d7a2-4e09-a5b8-948978022158 req-66333425-d7a2-4e09-a5b8-948978022158 ] Request (InstanceUsageAuditLogNegativeTestJSON:setUpClass): 201 POST http://10.180.1.21/identity/v3/users 0.182s
2025-03-06 08:33:24.250 69161 INFO tempest.lib.common.rest_client [req-08c0d811-b2c5-4a56-909b-3d709a8f751e req-08c0d811-b2c5-4a56-909b-3d709a8f751e ] Request (ServerMetadataNegativeTestJSON:setUpClass): 200 GET http://10.180.1.21/compute/v2.1/servers/286d8d9a-a373-4c6d-83a5-21b34065dd01 1.351s
2025-03-06 08:33:24.264 69183 INFO tempest.lib.common.rest_client [req-158b8183-f570-4318-8a77-f6310b90a044 req-158b8183-f570-4318-8a77-f6310b90a044 ] Request (HostsAdminNegativeTestJSON:tearDownClass): 204 DELETE http://10.180.1.21/identity/v3/users/7fa539b2309f43c19a6bad938d7fe92e 0.165s
2025-03-06 08:33:24.278 69177 INFO tempest.lib.common.rest_client [req-02772c49-3bb0-47c3-8a07-dec4f16b3740 req-02772c49-3bb0-47c3-8a07-dec4f16b3740 ] Request (FlavorsAccessNegativeTestJSON:_run_cleanups): 202 DELETE http://10.180.1.21/compute/v2.1/flavors/8404716 1.210s
2025-03-06 08:33:24.285 69181 INFO tempest.lib.common.rest_client [req-b8cfe468-f620-4ed2-b0fe-95baae589e8c req-b8cfe468-f620-4ed2-b0fe-95baae589e8c ] Request (QuotasAdminTestV236:tearDownClass): 200 GET http://10.180.1.21:9696/networking/v2.0/security-groups?tenant_id=7f4a2a25f633438e9fddae42818ee1fc&name=default 0.611s
2025-03-06 08:33:24.285 69147 INFO tempest.lib.common.rest_client [req-843ac43a-9978-4145-8275-9c45b6120769 req-843ac43a-9978-4145-8275-9c45b6120769 ] Request (AggregatesAdminNegativeTestJSON:test_aggregate_create_aggregate_name_length_less_than_1): 400 POST http://10.180.1.21/compute/v2.1/os-aggregates 1.211s
2025-03-06 08:33:24.305 69167 INFO tempest.lib.common.rest_client [req-9736f9c2-5810-4f7a-b4c3-970c8ef68497 req-9736f9c2-5810-4f7a-b4c3-970c8ef68497 ] Request (KeyPairsV22TestJSON:_run_cleanups): 204 DELETE http://10.180.1.21/compute/v2.1/os-keypairs/tempest-KeyPairsV22TestJSON-keypair-354698176 1.219s
2025-03-06 08:33:24.309 69171 INFO tempest.lib.common.rest_client [req-27142ab1-c45b-4886-bf8c-36a7b9b5ac24 req-27142ab1-c45b-4886-bf8c-36a7b9b5ac24 ] Request (HypervisorAdminV228Test:setUpClass): 201 POST http://10.180.1.21/identity/v3/auth/tokens 0.206s
2025-03-06 08:33:24.334 69131 INFO tempest.lib.common.rest_client [req-788a7362-e319-456c-9e6e-2abeeb95a931 req-788a7362-e319-456c-9e6e-2abeeb95a931 ] Request (ServersTestManualDisk:setUpClass): 201 POST http://10.180.1.21/identity/v3/auth/tokens 0.169s
2025-03-06 08:33:24.365 69151 INFO tempest.lib.common.rest_client [req-e4780d45-ea51-4a5f-b4b9-c44c46f83a69 req-e4780d45-ea51-4a5f-b4b9-c44c46f83a69 ] Request (ServerDiagnosticsNegativeTest:test_get_server_diagnostics_by_non_admin): 200 GET http://10.180.1.21/compute/v2.1/servers/0eca3da9-9612-4ef0-a275-9a48eb20872f 1.187s
2025-03-06 08:33:24.372 69175 INFO tempest.lib.common.rest_client [req-d4328c94-a0dd-401c-a6b4-aaec5e988cbb req-d4328c94-a0dd-401c-a6b4-aaec5e988cbb ] Request (QuotasAdminNegativeTest:test_update_quota_normal_user): 403 PUT http://10.180.1.21/compute/v2.1/os-quota-sets/31e042641998423d858f8492a5381517 1.143s
2025-03-06 08:33:24.386 69155 INFO tempest.lib.common.rest_client [req-95907618-1735-44e6-b3d4-e2c2abf97806 req-95907618-1735-44e6-b3d4-e2c2abf97806 ] Request (InstanceUsageAuditLogNegativeTestJSON:setUpClass): 200 GET http://10.180.1.21/identity/v3/roles 0.181s
2025-03-06 08:33:24.389 69185 INFO tempest.lib.common.rest_client [req-38ca854b-e787-4652-8daf-2f9d7ad21338 req-38ca854b-e787-4652-8daf-2f9d7ad21338 ] Request (ServerDiagnosticsV248Test:test_get_server_diagnostics): 200 GET http://10.180.1.21/compute/v2.1/servers/a42a1113-9ca6-42f5-a1aa-0a123f17814d/diagnostics 2.065s
2025-03-06 08:33:24.393 69183 INFO tempest.lib.common.rest_client [req-44c08d2d-03b4-4617-bf7d-7f7a7eb17129 req-44c08d2d-03b4-4617-bf7d-7f7a7eb17129 ] Request (HostsAdminNegativeTestJSON:tearDownClass): 204 DELETE http://10.180.1.21/identity/v3/users/ddbb587ec7d446139befed16d45bc30f 0.128s
2025-03-06 08:33:24.393 69183 INFO tempest.lib.common.dynamic_creds [-] Deleting project and security group for project: bb4086b05acb48bdb27f0e30ff0e12ae
2025-03-06 08:33:24.452 69131 INFO tempest.lib.common.rest_client [req-55c52399-2792-4dc8-8d23-6d3f7d67d320 req-55c52399-2792-4dc8-8d23-6d3f7d67d320 ] Request (ServersTestManualDisk:setUpClass): 201 POST http://10.180.1.21/identity/v3/auth/tokens 0.116s
2025-03-06 08:33:24.501 69165 INFO tempest.lib.common.rest_client [req-84dfff77-23bc-412b-8b6a-6bbed988b6f2 req-84dfff77-23bc-412b-8b6a-6bbed988b6f2 ] Request (FloatingIPsAssociationNegativeTestJSON:setUpClass): 201 POST http://10.180.1.21:9696/networking/v2.0/networks 0.927s
2025-03-06 08:33:24.508 69175 INFO tempest.lib.common.rest_client [req-ce798b75-1f09-4a5e-8e12-b357a41ee925 req-ce798b75-1f09-4a5e-8e12-b357a41ee925 ] Request (QuotasAdminNegativeTest:tearDownClass): 204 DELETE http://10.180.1.21/identity/v3/users/4617f51ce8c34b8e8f847c680e13cd52 0.135s
2025-03-06 08:33:24.569 69155 INFO tempest.lib.common.rest_client [req-0110f35e-37b0-41cc-8f82-cb8a47f8a4cc req-0110f35e-37b0-41cc-8f82-cb8a47f8a4cc ] Request (InstanceUsageAuditLogNegativeTestJSON:setUpClass): 204 PUT http://10.180.1.21/identity/v3/projects/553d780a46ff41e58fd11c0e1631a23c/users/7843107540b5400992a883029d644d53/roles/cde16e76c42c4aee906aa86e451c3245 0.182s
2025-03-06 08:33:24.569 69155 INFO tempest.lib.common.dynamic_creds [-] Dynamic test user 7843107540b5400992a883029d644d53 is created with scope project and roles: ['member']
2025-03-06 08:33:24.570 69155 INFO tempest.lib.common.dynamic_creds [-] Acquired dynamic creds: credentials: Credentials: {'domain_id': 'default', 'domain_name': 'Default', 'username': 'tempest-InstanceUsageAuditLogNegativeTestJSON-737556188-project-member', 'project_domain_id': 'default', 'project_domain_name': 'Default', 'project_id': '553d780a46ff41e58fd11c0e1631a23c', 'project_name': 'tempest-InstanceUsageAuditLogNegativeTestJSON-737556188', 'tenant_id': '553d780a46ff41e58fd11c0e1631a23c', 'tenant_name': 'tempest-InstanceUsageAuditLogNegativeTestJSON-737556188', 'user_domain_id': 'default', 'user_domain_name': 'Default', 'user_id': '7843107540b5400992a883029d644d53', 'system': None}, Network: None, Subnet: None, Router: None
2025-03-06 08:33:24.570 69155 INFO tempest.lib.common.dynamic_creds [-] Created isolated network resources for: credentials: Credentials: {'domain_id': 'default', 'domain_name': 'Default', 'username': 'tempest-InstanceUsageAuditLogNegativeTestJSON-737556188-project-member', 'project_domain_id': 'default', 'project_domain_name': 'Default', 'project_id': '553d780a46ff41e58fd11c0e1631a23c', 'project_name': 'tempest-InstanceUsageAuditLogNegativeTestJSON-737556188', 'tenant_id': '553d780a46ff41e58fd11c0e1631a23c', 'tenant_name': 'tempest-InstanceUsageAuditLogNegativeTestJSON-737556188', 'user_domain_id': 'default', 'user_domain_name': 'Default', 'user_id': '7843107540b5400992a883029d644d53', 'system': None}, Network: None, Subnet: None, Router: None
2025-03-06 08:33:24.581 69181 INFO tempest.lib.common.rest_client [req-ed7db1f9-1ab7-41e0-849e-8560a2bdd291 req-ed7db1f9-1ab7-41e0-849e-8560a2bdd291 ] Request (QuotasAdminTestV236:tearDownClass): 204 DELETE http://10.180.1.21:9696/networking/v2.0/security-groups/3402633c-1c3c-4924-9ad1-06e2c932c696 0.296s
2025-03-06 08:33:24.609 69137 INFO tempest.lib.common.rest_client [req-7c14600f-b3f8-4191-8a0c-bfdba46af6a8 req-7c14600f-b3f8-4191-8a0c-bfdba46af6a8 ] Request (QuotaClassesAdmin257Test:test_update_default_quotas): 200 GET http://10.180.1.21/compute/v2.1/os-quota-class-sets/default 1.373s
2025-03-06 08:33:24.626 69173 INFO tempest.lib.common.rest_client [req-e1dc1379-2fd8-4826-9810-dab813610a46 req-e1dc1379-2fd8-4826-9810-dab813610a46 ] Request (FlavorsAdminTestJSON:_run_cleanups): 202 DELETE http://10.180.1.21/compute/v2.1/flavors/0627a657-c380-4ebe-be57-be8c9d302d7a 1.375s
2025-03-06 08:33:24.628 69183 INFO tempest.lib.common.rest_client [req-39bbd4a6-5cb8-43f8-adc9-ff26b7951b38 req-39bbd4a6-5cb8-43f8-adc9-ff26b7951b38 ] Request (HostsAdminNegativeTestJSON:tearDownClass): 201 POST http://10.180.1.21/identity/v3/auth/tokens 0.234s
2025-03-06 08:33:24.646 69131 INFO tempest.lib.common.rest_client [req-17c2fe40-1d0c-4e07-b63a-6c6f0d6e1c51 req-17c2fe40-1d0c-4e07-b63a-6c6f0d6e1c51 ] Request (ServersTestManualDisk:setUpClass): 200 GET http://10.180.1.21/identity/v3/domains?name=Default 0.193s
2025-03-06 08:33:24.676 69175 INFO tempest.lib.common.rest_client [req-32c3bd93-9e46-42af-a010-bbd76fdadcfd req-32c3bd93-9e46-42af-a010-bbd76fdadcfd ] Request (QuotasAdminNegativeTest:tearDownClass): 204 DELETE http://10.180.1.21/identity/v3/users/af595beee77a4cf7a3834ec9b78bad07 0.167s
2025-03-06 08:33:24.676 69175 INFO tempest.lib.common.dynamic_creds [-] Deleting project and security group for project: 1ae8d3061d504e36a505bfef1890f0de
2025-03-06 08:33:24.716 69155 INFO tempest.lib.common.rest_client [req-0a1659cc-5bc6-4b58-b66f-b3fc07e882b8 req-0a1659cc-5bc6-4b58-b66f-b3fc07e882b8 ] Request (InstanceUsageAuditLogNegativeTestJSON:setUpClass): 201 POST http://10.180.1.21/identity/v3/auth/tokens 0.142s
2025-03-06 08:33:24.787 69181 INFO tempest.lib.common.rest_client [req-6b2146d8-f556-4ce3-b6a4-584350390ea7 req-6b2146d8-f556-4ce3-b6a4-584350390ea7 ] Request (QuotasAdminTestV236:tearDownClass): 204 DELETE http://10.180.1.21/identity/v3/projects/7f4a2a25f633438e9fddae42818ee1fc 0.206s
2025-03-06 08:33:24.788 69181 INFO tempest.lib.common.dynamic_creds [-] Deleting project and security group for project: 095bdc750af34b80aa87a8a1b72a33b4
2025-03-06 08:33:24.836 69145 INFO tempest.lib.common.rest_client [req-fa1f5b34-7ff2-4845-94e2-a052bfe2ab0a req-fa1f5b34-7ff2-4845-94e2-a052bfe2ab0a ] Request (DeleteServersAdminTestJSON:test_admin_delete_servers_of_others): 200 GET http://10.180.1.21/compute/v2.1/servers/c780de6a-ecc4-44dc-bc52-eaf274039a35 1.588s
2025-03-06 08:33:24.847 69145 INFO tempest.common.waiters [-] State transition "BUILD/spawning" ==> "ACTIVE/None" after 17 second wait
2025-03-06 08:33:24.860 69131 INFO tempest.lib.common.rest_client [req-05409115-3de5-45b2-abc3-5135b857be7c req-05409115-3de5-45b2-abc3-5135b857be7c ] Request (ServersTestManualDisk:setUpClass): 201 POST http://10.180.1.21/identity/v3/projects 0.214s
2025-03-06 08:33:24.890 69179 INFO tempest.lib.common.rest_client [req-73a888da-4b62-4887-b016-5d78715e5f42 req-73a888da-4b62-4887-b016-5d78715e5f42 ] Request (SecurityGroupRulesTestJSON:test_security_group_rules_delete_when_peer_group_deleted): 200 POST http://10.180.1.21/compute/v2.1/os-security-groups 1.304s
2025-03-06 08:33:24.904 69175 INFO tempest.lib.common.rest_client [req-ad04d769-117f-4fe5-9304-bd6430be207e req-ad04d769-117f-4fe5-9304-bd6430be207e ] Request (QuotasAdminNegativeTest:tearDownClass): 201 POST http://10.180.1.21/identity/v3/auth/tokens 0.226s
2025-03-06 08:33:24.925 69155 INFO tempest.lib.common.rest_client [req-c1c1531a-e56b-47d4-865e-a6a1d3bb5b6c req-c1c1531a-e56b-47d4-865e-a6a1d3bb5b6c ] Request (InstanceUsageAuditLogNegativeTestJSON:setUpClass): 201 POST http://10.180.1.21/identity/v3/projects 0.209s
2025-03-06 08:33:24.929 69131 INFO tempest.lib.common.rest_client [req-d9f1366f-4f49-4b55-9e58-a7e58f110279 req-d9f1366f-4f49-4b55-9e58-a7e58f110279 ] Request (ServersTestManualDisk:setUpClass): 201 POST http://10.180.1.21/identity/v3/users 0.067s
2025-03-06 08:33:25.046 69181 INFO tempest.lib.common.rest_client [req-78eada93-c9e1-45ab-ae50-210c0c3f4729 req-78eada93-c9e1-45ab-ae50-210c0c3f4729 ] Request (QuotasAdminTestV236:tearDownClass): 200 GET http://10.180.1.21:9696/networking/v2.0/security-groups?tenant_id=095bdc750af34b80aa87a8a1b72a33b4&name=default 0.258s
2025-03-06 08:33:25.068 69131 INFO tempest.lib.common.rest_client [req-257eb065-5051-4ecf-bd58-3d2ffd377ccf req-257eb065-5051-4ecf-bd58-3d2ffd377ccf ] Request (ServersTestManualDisk:setUpClass): 200 GET http://10.180.1.21/identity/v3/roles 0.138s
2025-03-06 08:33:25.092 69155 INFO tempest.lib.common.rest_client [req-5bc57f85-b67d-405d-9b68-8dbaa6adf18e req-5bc57f85-b67d-405d-9b68-8dbaa6adf18e ] Request (InstanceUsageAuditLogNegativeTestJSON:setUpClass): 201 POST http://10.180.1.21/identity/v3/users 0.165s
2025-03-06 08:33:25.102 69131 INFO tempest.lib.common.rest_client [req-4d3c2809-e1e2-4d81-881f-b97c39c6927f req-4d3c2809-e1e2-4d81-881f-b97c39c6927f ] Request (ServersTestManualDisk:setUpClass): 204 PUT http://10.180.1.21/identity/v3/projects/ca608e8029474e72b3637a6400574130/users/2623e5236e974a0dbbfae74a1452511b/roles/cde16e76c42c4aee906aa86e451c3245 0.033s
2025-03-06 08:33:25.102 69131 INFO tempest.lib.common.dynamic_creds [-] Dynamic test user 2623e5236e974a0dbbfae74a1452511b is created with scope project and roles: ['member']
2025-03-06 08:33:25.102 69131 INFO tempest.lib.common.dynamic_creds [-] Acquired dynamic creds: credentials: Credentials: {'domain_id': 'default', 'domain_name': 'Default', 'username': 'tempest-ServersTestManualDisk-1889164844-project-member', 'project_domain_id': 'default', 'project_domain_name': 'Default', 'project_id': 'ca608e8029474e72b3637a6400574130', 'project_name': 'tempest-ServersTestManualDisk-1889164844', 'tenant_id': 'ca608e8029474e72b3637a6400574130', 'tenant_name': 'tempest-ServersTestManualDisk-1889164844', 'user_domain_id': 'default', 'user_domain_name': 'Default', 'user_id': '2623e5236e974a0dbbfae74a1452511b', 'system': None}, Network: None, Subnet: None, Router: None
2025-03-06 08:33:25.120 69153 INFO tempest.lib.common.rest_client [req-40b105f5-4ade-41fe-a43a-dae8a554992a req-40b105f5-4ade-41fe-a43a-dae8a554992a ] Request (ImagesOneServerNegativeTestJSON:setUpClass): 200 GET http://10.180.1.21/compute/v2.1/servers/f2c5f684-aaf6-4b91-af8c-e05a0f91b17e 1.383s
2025-03-06 08:33:25.145 69165 INFO tempest.lib.common.rest_client [req-a2194e69-1014-4706-ba49-2dc323c3a86d req-a2194e69-1014-4706-ba49-2dc323c3a86d ] Request (FloatingIPsAssociationNegativeTestJSON:setUpClass): 201 POST http://10.180.1.21:9696/networking/v2.0/subnets 0.643s
2025-03-06 08:33:25.165 69131 INFO tempest.lib.common.rest_client [req-273f1d6b-a7fc-4a1d-b99f-a614bb7f1e12 req-273f1d6b-a7fc-4a1d-b99f-a614bb7f1e12 ] Request (ServersTestManualDisk:setUpClass): 201 POST http://10.180.1.21/identity/v3/auth/tokens 0.063s
2025-03-06 08:33:25.177 69142 INFO tempest.lib.common.rest_client [req-0f3c469a-7070-4c3e-9438-643e758902c1 req-0f3c469a-7070-4c3e-9438-643e758902c1 ] Request (KeyPairsV2TestJSON:test_keypair_create_with_pub_key): 200 POST http://10.180.1.21/compute/v2.1/os-keypairs 1.091s
2025-03-06 08:33:25.189 69155 INFO tempest.lib.common.rest_client [req-4172cf43-8c18-4598-8ca3-7eb6fdacab71 req-4172cf43-8c18-4598-8ca3-7eb6fdacab71 ] Request (InstanceUsageAuditLogNegativeTestJSON:setUpClass): 200 GET http://10.180.1.21/identity/v3/roles 0.097s
2025-03-06 08:33:25.223 69177 INFO tempest.lib.common.rest_client [req-358ef168-ea45-4c0d-b04c-fee85713671d req-358ef168-ea45-4c0d-b04c-fee85713671d ] Request (FlavorsAccessNegativeTestJSON:_run_cleanups): 200 GET http://10.180.1.21/compute/v2.1/flavors/detail 0.943s
2025-03-06 08:33:25.231 69147 INFO tempest.lib.common.rest_client [req-079db0cb-ffe8-42c4-91b8-ab1c385c9562 req-079db0cb-ffe8-42c4-91b8-ab1c385c9562 ] Request (AggregatesAdminNegativeTestJSON:test_aggregate_create_as_user): 403 POST http://10.180.1.21/compute/v2.1/os-aggregates 0.944s
2025-03-06 08:33:25.250 69183 INFO tempest.lib.common.rest_client [req-8033f32b-258d-4b61-b1a7-4e301d038347 req-8033f32b-258d-4b61-b1a7-4e301d038347 ] Request (HostsAdminNegativeTestJSON:tearDownClass): 200 GET http://10.180.1.21:9696/networking/v2.0/security-groups?tenant_id=bb4086b05acb48bdb27f0e30ff0e12ae&name=default 0.622s
2025-03-06 08:33:25.290 69155 INFO tempest.lib.common.rest_client [req-687ca57c-b453-409a-a757-a7ed29206fe2 req-687ca57c-b453-409a-a757-a7ed29206fe2 ] Request (InstanceUsageAuditLogNegativeTestJSON:setUpClass): 204 PUT http://10.180.1.21/identity/v3/projects/751423c3853d4e0ea878f338207950af/users/5032484ed803480ba4066bfc1aa3b1fa/roles/f9681e9a79b542fea6a4bca2ab9cc52a 0.100s
2025-03-06 08:33:25.356 69155 INFO tempest.lib.common.rest_client [req-80219bd5-7df2-4be0-99c9-e067303e88ea req-80219bd5-7df2-4be0-99c9-e067303e88ea ] Request (InstanceUsageAuditLogNegativeTestJSON:setUpClass): 200 GET http://10.180.1.21/identity/v3/roles 0.066s
2025-03-06 08:33:25.386 69155 INFO tempest.lib.common.rest_client [req-1af9af1c-cc5a-49cf-962c-42931a3810ef req-1af9af1c-cc5a-49cf-962c-42931a3810ef ] Request (InstanceUsageAuditLogNegativeTestJSON:setUpClass): 204 PUT http://10.180.1.21/identity/v3/projects/751423c3853d4e0ea878f338207950af/users/5032484ed803480ba4066bfc1aa3b1fa/roles/f9681e9a79b542fea6a4bca2ab9cc52a 0.029s
2025-03-06 08:33:25.387 69155 INFO tempest.lib.common.dynamic_creds [-] Dynamic test user 5032484ed803480ba4066bfc1aa3b1fa is created with scope project and roles: ['admin']
2025-03-06 08:33:25.387 69155 INFO tempest.lib.common.dynamic_creds [-] Acquired dynamic creds: credentials: Credentials: {'domain_id': 'default', 'domain_name': 'Default', 'username': 'tempest-InstanceUsageAuditLogNegativeTestJSON-1262805569-project-admin', 'project_domain_id': 'default', 'project_domain_name': 'Default', 'project_id': '751423c3853d4e0ea878f338207950af', 'project_name': 'tempest-InstanceUsageAuditLogNegativeTestJSON-1262805569', 'tenant_id': '751423c3853d4e0ea878f338207950af', 'tenant_name': 'tempest-InstanceUsageAuditLogNegativeTestJSON-1262805569', 'user_domain_id': 'default', 'user_domain_name': 'Default', 'user_id': '5032484ed803480ba4066bfc1aa3b1fa', 'system': None}, Network: None, Subnet: None, Router: None
2025-03-06 08:33:25.387 69155 INFO tempest.lib.common.dynamic_creds [-] Created isolated network resources for: credentials: Credentials: {'domain_id': 'default', 'domain_name': 'Default', 'username': 'tempest-InstanceUsageAuditLogNegativeTestJSON-1262805569-project-admin', 'project_domain_id': 'default', 'project_domain_name': 'Default', 'project_id': '751423c3853d4e0ea878f338207950af', 'project_name': 'tempest-InstanceUsageAuditLogNegativeTestJSON-1262805569', 'tenant_id': '751423c3853d4e0ea878f338207950af', 'tenant_name': 'tempest-InstanceUsageAuditLogNegativeTestJSON-1262805569', 'user_domain_id': 'default', 'user_domain_name': 'Default', 'user_id': '5032484ed803480ba4066bfc1aa3b1fa', 'system': None}, Network: None, Subnet: None, Router: None
2025-03-06 08:33:25.393 69169 INFO tempest.lib.common.rest_client [req-b979b0fb-dcdb-4f42-a12f-720f297d9c25 req-b979b0fb-dcdb-4f42-a12f-720f297d9c25 ] Request (ServerExternalEventsTest:test_create_server_external_events): 202 POST http://10.180.1.21/compute/v2.1/servers 1.509s
2025-03-06 08:33:25.401 69175 INFO tempest.lib.common.rest_client [req-2db7e249-b319-4534-b0d8-aac272a6d056 req-2db7e249-b319-4534-b0d8-aac272a6d056 ] Request (QuotasAdminNegativeTest:tearDownClass): 200 GET http://10.180.1.21:9696/networking/v2.0/security-groups?tenant_id=1ae8d3061d504e36a505bfef1890f0de&name=default 0.496s
2025-03-06 08:33:25.408 69167 INFO tempest.lib.common.rest_client [req-af253180-c7bb-44bd-bd90-48b600baec4e req-af253180-c7bb-44bd-bd90-48b600baec4e ] Request (KeyPairsV22TestJSON:_run_cleanups): 204 DELETE http://10.180.1.21/compute/v2.1/os-keypairs/tempest-KeyPairsV22TestJSON-keypair-1233674348 1.102s
2025-03-06 08:33:25.411 69181 INFO tempest.lib.common.rest_client [req-aa9d7500-3b30-4c14-9a2f-4f29175f71c5 req-aa9d7500-3b30-4c14-9a2f-4f29175f71c5 ] Request (QuotasAdminTestV236:tearDownClass): 204 DELETE http://10.180.1.21:9696/networking/v2.0/security-groups/179c4e42-0e17-45bd-b3ef-b09e5dcc7859 0.365s
2025-03-06 08:33:25.485 69155 INFO tempest.lib.common.rest_client [req-1c42a2a7-7f09-41d9-b1c4-90b2f086a992 req-1c42a2a7-7f09-41d9-b1c4-90b2f086a992 ] Request (InstanceUsageAuditLogNegativeTestJSON:setUpClass): 201 POST http://10.180.1.21/identity/v3/auth/tokens 0.095s
2025-03-06 08:33:25.545 69171 INFO tempest.lib.common.rest_client [req-01db72ec-2280-41f7-ae88-cf176a61f151 req-01db72ec-2280-41f7-ae88-cf176a61f151 ] Request (HypervisorAdminV228Test:test_get_list_hypervisor_details): 200 GET http://10.180.1.21/compute/v2.1/os-hypervisors 1.235s
2025-03-06 08:33:25.568 69187 INFO tempest.lib.common.rest_client [req-fd913805-4097-40be-8b7b-7a647848f3be req-fd913805-4097-40be-8b7b-7a647848f3be ] Request (MigrationsAdminTest:test_list_migrations_in_flavor_resize_situation): 200 GET http://10.180.1.21/compute/v2.1/servers/2bd0be89-bbc3-4b9c-b253-601deaa21a1c 1.269s
2025-03-06 08:33:25.599 69175 INFO tempest.lib.common.rest_client [req-758c7890-dde0-445b-968a-93ac16e00f13 req-758c7890-dde0-445b-968a-93ac16e00f13 ] Request (QuotasAdminNegativeTest:tearDownClass): 204 DELETE http://10.180.1.21:9696/networking/v2.0/security-groups/7291462f-f19a-4767-957c-7c0e0dd9547b 0.198s
2025-03-06 08:33:25.619 69183 INFO tempest.lib.common.rest_client [req-b8b7dc9b-80a4-48aa-b791-bea13d51b04e req-b8b7dc9b-80a4-48aa-b791-bea13d51b04e ] Request (HostsAdminNegativeTestJSON:tearDownClass): 204 DELETE http://10.180.1.21:9696/networking/v2.0/security-groups/2c5502f2-3f3e-4485-86e9-39c4606f088a 0.368s
2025-03-06 08:33:25.628 69181 INFO tempest.lib.common.rest_client [req-f2a5a749-4f78-4479-9eff-0cf70ba565b1 req-f2a5a749-4f78-4479-9eff-0cf70ba565b1 ] Request (QuotasAdminTestV236:tearDownClass): 204 DELETE http://10.180.1.21/identity/v3/projects/095bdc750af34b80aa87a8a1b72a33b4 0.217s
2025-03-06 08:33:25.659 69127 INFO tempest.lib.common.rest_client [req-de661fc1-48d8-4233-8eda-1d4f98986185 req-de661fc1-48d8-4233-8eda-1d4f98986185 ] Request (SecurityGroupsTestJSON:test_list_security_groups_by_server): 200 GET http://10.180.1.21/compute/v2.1/servers/378969d9-d802-4b63-b636-0a422e061add 1.281s
2025-03-06 08:33:25.686 69163 INFO tempest.lib.common.rest_client [req-8a9ae33a-653d-4f01-801e-37926a357d22 req-8a9ae33a-653d-4f01-801e-37926a357d22 ] Request (ServersAdminTestJSON:setUpClass): 200 PUT http://10.180.1.21:9696/networking/v2.0/routers/2b05c1fa-e5a4-4bdf-b4a5-0986676e558c/add_router_interface 2.341s
2025-03-06 08:33:25.686 69163 INFO tempest.lib.common.dynamic_creds [-] Created isolated network resources for: credentials: Credentials: {'domain_id': 'default', 'domain_name': 'Default', 'username': 'tempest-ServersAdminTestJSON-1312689454-project-member', 'project_domain_id': 'default', 'project_domain_name': 'Default', 'project_id': 'aa2585e84ff845e490661becec9e1bbf', 'project_name': 'tempest-ServersAdminTestJSON-1312689454', 'tenant_id': 'aa2585e84ff845e490661becec9e1bbf', 'tenant_name': 'tempest-ServersAdminTestJSON-1312689454', 'user_domain_id': 'default', 'user_domain_name': 'Default', 'user_id': 'd87991f4a008457aaf9b95d5b1179b8f', 'system': None}, Network: {'id': '9555c51d-c2f4-442c-b2d1-9ce01b54ecd3', 'name': 'tempest-ServersAdminTestJSON-583309848-network', 'tenant_id': 'aa2585e84ff845e490661becec9e1bbf', 'admin_state_up': True, 'mtu': 8950, 'status': 'ACTIVE', 'subnets': [], 'shared': False, 'project_id': 'aa2585e84ff845e490661becec9e1bbf', 'port_security_enabled': True, 'router:external': False, 'provider:network_type': 'vlan', 'provider:physical_network': 'default', 'provider:segmentation_id': 843, 'availability_zone_hints': [], 'availability_zones': [], 'ipv4_address_scope': None, 'ipv6_address_scope': None, 'description': '', 'tags': [], 'created_at': '2025-03-06T08:33:21Z', 'updated_at': '2025-03-06T08:33:21Z', 'revision_number': 1}, Subnet: {'id': '4583bc4b-9a82-43ec-8183-0301304a5fb0', 'name': 'tempest-ServersAdminTestJSON-583309848-subnet', 'tenant_id': 'aa2585e84ff845e490661becec9e1bbf', 'network_id': '9555c51d-c2f4-442c-b2d1-9ce01b54ecd3', 'ip_version': 4, 'subnetpool_id': None, 'enable_dhcp': True, 'ipv6_ra_mode': None, 'ipv6_address_mode': None, 'gateway_ip': '192.168.128.1', 'cidr': '192.168.128.0/28', 'allocation_pools': [{'start': '192.168.128.2', 'end': '192.168.128.14'}], 'host_routes': [], 'dns_nameservers': [], 'description': '', 'router:external': False, 'service_types': [], 'tags': [], 'created_at': '2025-03-06T08:33:21Z', 'updated_at': '2025-03-06T08:33:21Z', 'revision_number': 0, 'project_id': 'aa2585e84ff845e490661becec9e1bbf'}, Router: {'id': '2b05c1fa-e5a4-4bdf-b4a5-0986676e558c', 'name': 'tempest-ServersAdminTestJSON-583309848-router', 'tenant_id': 'aa2585e84ff845e490661becec9e1bbf', 'admin_state_up': True, 'status': 'ACTIVE', 'external_gateway_info': {'network_id': '1f8e8973-f0ac-42b1-98ce-a72c61772c1b', 'external_fixed_ips': [{'subnet_id': 'b9404675-a8fd-420f-92fd-9f537d6eb9a4', 'ip_address': '10.180.180.214'}], 'enable_snat': True}, 'description': '', 'availability_zones': [], 'distributed': False, 'ha': False, 'availability_zone_hints': [], 'routes': [], 'flavor_id': None, 'tags': [], 'created_at': '2025-03-06T08:33:22Z', 'updated_at': '2025-03-06T08:33:22Z', 'revision_number': 2, 'project_id': 'aa2585e84ff845e490661becec9e1bbf'}
2025-03-06 08:33:25.749 69183 INFO tempest.lib.common.rest_client [req-c8a54e41-9480-4264-a3fb-314bd23c662f req-c8a54e41-9480-4264-a3fb-314bd23c662f ] Request (HostsAdminNegativeTestJSON:tearDownClass): 204 DELETE http://10.180.1.21/identity/v3/projects/bb4086b05acb48bdb27f0e30ff0e12ae 0.130s
2025-03-06 08:33:25.749 69183 INFO tempest.lib.common.dynamic_creds [-] Deleting project and security group for project: da4e23cf240b4559a3607d6281eb7ef3
2025-03-06 08:33:25.759 69137 INFO tempest.lib.common.rest_client [req-a346dc17-8678-4c0b-8f6f-b1e3076350e4 req-a346dc17-8678-4c0b-8f6f-b1e3076350e4 ] Request (QuotaClassesAdmin257Test:test_update_default_quotas): 200 PUT http://10.180.1.21/compute/v2.1/os-quota-class-sets/default 1.148s
2025-03-06 08:33:25.781 69175 INFO tempest.lib.common.rest_client [req-c23803ab-6bac-4489-b602-a6dc3cc227eb req-c23803ab-6bac-4489-b602-a6dc3cc227eb ] Request (QuotasAdminNegativeTest:tearDownClass): 204 DELETE http://10.180.1.21/identity/v3/projects/1ae8d3061d504e36a505bfef1890f0de 0.181s
2025-03-06 08:33:25.782 69175 INFO tempest.lib.common.dynamic_creds [-] Deleting project and security group for project: 31e042641998423d858f8492a5381517
2025-03-06 08:33:25.788 69173 INFO tempest.lib.common.rest_client [req-b8480e3c-b649-4c33-b2f9-497cd1794e89 req-b8480e3c-b649-4c33-b2f9-497cd1794e89 ] Request (FlavorsAdminTestJSON:_run_cleanups): 200 GET http://10.180.1.21/compute/v2.1/flavors/detail 1.161s
2025-03-06 08:33:25.820 69181 INFO tempest.lib.common.rest_client [req-bf919f3a-ea82-482c-bfe6-f011c1c4653e req-bf919f3a-ea82-482c-bfe6-f011c1c4653e ] Request (ImagesNegativeTestJSON:setUpClass): 201 POST http://10.180.1.21/identity/v3/auth/tokens 0.188s
2025-03-06 08:33:25.832 69149 INFO tempest.lib.common.rest_client [req-c5140820-a430-40d6-941a-e0df29b4b5e5 req-c5140820-a430-40d6-941a-e0df29b4b5e5 ] Request (ServerDiagnosticsTest:test_get_server_diagnostics): 200 GET http://10.180.1.21/compute/v2.1/servers/300e26cc-5841-4566-a633-d1de19504af4 1.295s
2025-03-06 08:33:25.852 69181 INFO tempest.lib.common.rest_client [req-9dc6c6ce-7f60-4c04-9b80-a176f30da0e3 req-9dc6c6ce-7f60-4c04-9b80-a176f30da0e3 ] Request (ImagesNegativeTestJSON:setUpClass): 201 POST http://10.180.1.21/identity/v3/auth/tokens 0.030s
2025-03-06 08:33:25.867 69163 INFO tempest.lib.common.rest_client [req-711e825d-9302-4d6a-8ee4-7f1156683abf req-711e825d-9302-4d6a-8ee4-7f1156683abf ] Request (ServersAdminTestJSON:setUpClass): 201 POST http://10.180.1.21/identity/v3/auth/tokens 0.176s
2025-03-06 08:33:25.880 69181 INFO tempest.lib.common.rest_client [req-62b7d5ed-6481-4b1e-b5f3-c7551016f7a9 req-62b7d5ed-6481-4b1e-b5f3-c7551016f7a9 ] Request (ImagesNegativeTestJSON:setUpClass): 200 GET http://10.180.1.21/identity/v3/domains?name=Default 0.027s
2025-03-06 08:33:25.902 69163 INFO tempest.lib.common.rest_client [req-9a496351-c2df-408f-93d7-eca388af8d62 req-9a496351-c2df-408f-93d7-eca388af8d62 ] Request (ServersAdminTestJSON:setUpClass): 201 POST http://10.180.1.21/identity/v3/projects 0.034s
2025-03-06 08:33:25.908 69181 INFO tempest.lib.common.rest_client [req-c1bc3e65-4d73-41ab-8066-e054aeaca1db req-c1bc3e65-4d73-41ab-8066-e054aeaca1db ] Request (ImagesNegativeTestJSON:setUpClass): 201 POST http://10.180.1.21/identity/v3/projects 0.027s
2025-03-06 08:33:25.957 69133 INFO tempest.lib.common.rest_client [req-b472acb0-54df-40cf-9349-fed3d9539cbf req-b472acb0-54df-40cf-9349-fed3d9539cbf ] Request (VolumesAssistedSnapshotsTest:test_volume_assisted_snapshot_create_delete): 200 GET http://10.180.1.21/compute/v2.1/servers/5a84e118-e8bc-42c2-949b-ace01e899adc 1.223s
2025-03-06 08:33:25.989 69181 INFO tempest.lib.common.rest_client [req-3c4f7b4c-6b7c-4de6-bc4c-a7a35155201c req-3c4f7b4c-6b7c-4de6-bc4c-a7a35155201c ] Request (ImagesNegativeTestJSON:setUpClass): 201 POST http://10.180.1.21/identity/v3/users 0.081s
2025-03-06 08:33:26.004 69163 INFO tempest.lib.common.rest_client [req-dd0a5e38-6475-4697-8fb1-793ede403b96 req-dd0a5e38-6475-4697-8fb1-793ede403b96 ] Request (ServersAdminTestJSON:setUpClass): 201 POST http://10.180.1.21/identity/v3/users 0.101s
2025-03-06 08:33:26.023 69181 INFO tempest.lib.common.rest_client [req-4370b776-fa6a-4cd9-a637-33747bc43fc1 req-4370b776-fa6a-4cd9-a637-33747bc43fc1 ] Request (ImagesNegativeTestJSON:setUpClass): 200 GET http://10.180.1.21/identity/v3/roles 0.032s
2025-03-06 08:33:26.032 69163 INFO tempest.lib.common.rest_client [req-3ccf205e-8632-415d-9b45-27670db0f1e3 req-3ccf205e-8632-415d-9b45-27670db0f1e3 ] Request (ServersAdminTestJSON:setUpClass): 200 GET http://10.180.1.21/identity/v3/roles 0.027s
2025-03-06 08:33:26.040 69183 INFO tempest.lib.common.rest_client [req-0927cde7-1d4c-4371-bbb4-f711f19f444c req-0927cde7-1d4c-4371-bbb4-f711f19f444c ] Request (HostsAdminNegativeTestJSON:tearDownClass): 200 GET http://10.180.1.21:9696/networking/v2.0/security-groups?tenant_id=da4e23cf240b4559a3607d6281eb7ef3&name=default 0.290s
2025-03-06 08:33:26.074 69139 INFO tempest.lib.common.rest_client [req-c5697e6c-e52a-4549-947e-485d3c1c0bb4 req-c5697e6c-e52a-4549-947e-485d3c1c0bb4 ] Request (VolumesAdminNegativeTest:test_update_attached_volume_with_nonexistent_volume_in_body): 200 GET http://10.180.1.21/compute/v2.1/servers/126f7c38-74e6-4107-b809-c1c1a678197f 1.269s
2025-03-06 08:33:26.075 69163 INFO tempest.lib.common.rest_client [req-cfe86517-a812-425a-ae18-ee08099d58b0 req-cfe86517-a812-425a-ae18-ee08099d58b0 ] Request (ServersAdminTestJSON:setUpClass): 204 PUT http://10.180.1.21/identity/v3/projects/f85d47597c1845b49f5c885c7ee91360/users/7eda0ce399504fd6b4285f14072fc035/roles/f9681e9a79b542fea6a4bca2ab9cc52a 0.043s
2025-03-06 08:33:26.077 69175 INFO tempest.lib.common.rest_client [req-497d3aa1-1654-4141-a08e-931ef6979514 req-497d3aa1-1654-4141-a08e-931ef6979514 ] Request (QuotasAdminNegativeTest:tearDownClass): 200 GET http://10.180.1.21:9696/networking/v2.0/security-groups?tenant_id=31e042641998423d858f8492a5381517&name=default 0.294s
2025-03-06 08:33:26.077 69181 INFO tempest.lib.common.rest_client [req-f21cba21-ce4a-4fde-bfbd-4c504fee3825 req-f21cba21-ce4a-4fde-bfbd-4c504fee3825 ] Request (ImagesNegativeTestJSON:setUpClass): 204 PUT http://10.180.1.21/identity/v3/projects/10342d36dc0d4068a22208a644ef2c5a/users/d5ab6e6df9aa43e4b17b2afe0c6aaa54/roles/cde16e76c42c4aee906aa86e451c3245 0.054s
2025-03-06 08:33:26.078 69181 INFO tempest.lib.common.dynamic_creds [-] Dynamic test user d5ab6e6df9aa43e4b17b2afe0c6aaa54 is created with scope project and roles: ['member']
2025-03-06 08:33:26.078 69181 INFO tempest.lib.common.dynamic_creds [-] Acquired dynamic creds: credentials: Credentials: {'domain_id': 'default', 'domain_name': 'Default', 'username': 'tempest-ImagesNegativeTestJSON-1485866316-project-member', 'project_domain_id': 'default', 'project_domain_name': 'Default', 'project_id': '10342d36dc0d4068a22208a644ef2c5a', 'project_name': 'tempest-ImagesNegativeTestJSON-1485866316', 'tenant_id': '10342d36dc0d4068a22208a644ef2c5a', 'tenant_name': 'tempest-ImagesNegativeTestJSON-1485866316', 'user_domain_id': 'default', 'user_domain_name': 'Default', 'user_id': 'd5ab6e6df9aa43e4b17b2afe0c6aaa54', 'system': None}, Network: None, Subnet: None, Router: None
2025-03-06 08:33:26.146 69189 INFO tempest.lib.common.rest_client [req-3307c5ba-2659-47dc-b15f-eb1c8d281e35 req-3307c5ba-2659-47dc-b15f-eb1c8d281e35 ] Request (FloatingIPsAssociationTestJSON:setUpClass): 200 GET http://10.180.1.21/compute/v2.1/servers/2de3a03b-d12a-43af-9ac3-357bff2bd65c 1.476s
2025-03-06 08:33:26.155 69181 INFO tempest.lib.common.rest_client [req-eab4624e-c178-4cea-8173-a1a5803f77d2 req-eab4624e-c178-4cea-8173-a1a5803f77d2 ] Request (ImagesNegativeTestJSON:setUpClass): 201 POST http://10.180.1.21/identity/v3/auth/tokens 0.076s
2025-03-06 08:33:26.157 69189 INFO tempest.common.waiters [-] State transition "BUILD/networking" ==> "BUILD/spawning" after 17 second wait
2025-03-06 08:33:26.187 69163 INFO tempest.lib.common.rest_client [req-b6022d35-61ad-4f22-b057-43bdc14b06c1 req-b6022d35-61ad-4f22-b057-43bdc14b06c1 ] Request (ServersAdminTestJSON:setUpClass): 200 GET http://10.180.1.21/identity/v3/roles 0.111s
2025-03-06 08:33:26.227 69131 INFO tempest.lib.common.rest_client [req-e0f19ad0-f864-456d-b40a-ed812339fc4b req-e0f19ad0-f864-456d-b40a-ed812339fc4b ] Request (ServersTestManualDisk:setUpClass): 201 POST http://10.180.1.21:9696/networking/v2.0/networks 1.061s
2025-03-06 08:33:26.248 69135 INFO tempest.lib.common.rest_client [req-493264a9-7dd9-4af6-a5e1-181494683aab req-493264a9-7dd9-4af6-a5e1-181494683aab ] Request (ListServerFiltersTestJSON:setUpClass): 200 GET http://10.180.1.21/compute/v2.1/servers/4853fd0a-7602-45e1-83ad-89da06d321c5 1.390s
2025-03-06 08:33:26.272 69163 INFO tempest.lib.common.rest_client [req-f21b4b6e-276c-49e6-b9ef-9ca4b8494661 req-f21b4b6e-276c-49e6-b9ef-9ca4b8494661 ] Request (ServersAdminTestJSON:setUpClass): 204 PUT http://10.180.1.21/identity/v3/projects/f85d47597c1845b49f5c885c7ee91360/users/7eda0ce399504fd6b4285f14072fc035/roles/f9681e9a79b542fea6a4bca2ab9cc52a 0.084s
2025-03-06 08:33:26.272 69163 INFO tempest.lib.common.dynamic_creds [-] Dynamic test user 7eda0ce399504fd6b4285f14072fc035 is created with scope project and roles: ['admin']
2025-03-06 08:33:26.272 69163 INFO tempest.lib.common.dynamic_creds [-] Acquired dynamic creds: credentials: Credentials: {'domain_id': 'default', 'domain_name': 'Default', 'username': 'tempest-ServersAdminTestJSON-1840781806-project-admin', 'project_domain_id': 'default', 'project_domain_name': 'Default', 'project_id': 'f85d47597c1845b49f5c885c7ee91360', 'project_name': 'tempest-ServersAdminTestJSON-1840781806', 'tenant_id': 'f85d47597c1845b49f5c885c7ee91360', 'tenant_name': 'tempest-ServersAdminTestJSON-1840781806', 'user_domain_id': 'default', 'user_domain_name': 'Default', 'user_id': '7eda0ce399504fd6b4285f14072fc035', 'system': None}, Network: None, Subnet: None, Router: None
2025-03-06 08:33:26.376 69175 INFO tempest.lib.common.rest_client [req-94cfc371-f59b-4a2b-9613-c7907ad4ed4f req-94cfc371-f59b-4a2b-9613-c7907ad4ed4f ] Request (QuotasAdminNegativeTest:tearDownClass): 204 DELETE http://10.180.1.21:9696/networking/v2.0/security-groups/4e651ac3-317a-43fd-a6bd-6826b92e4798 0.298s
2025-03-06 08:33:26.378 69145 INFO tempest.lib.common.rest_client [req-1b5598aa-6d13-4c02-85fb-09dcb2b81f26 req-1b5598aa-6d13-4c02-85fb-09dcb2b81f26 ] Request (DeleteServersAdminTestJSON:test_admin_delete_servers_of_others): 204 DELETE http://10.180.1.21/compute/v2.1/servers/c780de6a-ecc4-44dc-bc52-eaf274039a35 1.530s
2025-03-06 08:33:26.478 69157 INFO tempest.lib.common.rest_client [req-560e0584-f905-4287-b3df-945d9c652578 req-560e0584-f905-4287-b3df-945d9c652578 ] Request (ServersV294TestFqdnHostnames:setUpClass): 200 GET http://10.180.1.21/compute/v2.1/servers/2eeae431-f0b6-4c60-b908-349d5f277bc1 1.475s
2025-03-06 08:33:26.481 69183 INFO tempest.lib.common.rest_client [req-e7f6569e-d25f-4648-8b8c-22cb20c5817b req-e7f6569e-d25f-4648-8b8c-22cb20c5817b ] Request (HostsAdminNegativeTestJSON:tearDownClass): 204 DELETE http://10.180.1.21:9696/networking/v2.0/security-groups/b56c72ce-8c56-4d07-976f-0b5f9066251d 0.441s
2025-03-06 08:33:26.508 69175 INFO tempest.lib.common.rest_client [req-4ebcbce9-31af-4263-84ef-87a5a204c3bc req-4ebcbce9-31af-4263-84ef-87a5a204c3bc ] Request (QuotasAdminNegativeTest:tearDownClass): 204 DELETE http://10.180.1.21/identity/v3/projects/31e042641998423d858f8492a5381517 0.131s
2025-03-06 08:33:26.571 69175 INFO tempest.lib.common.rest_client [req-f9b657d8-e69d-41d7-bb47-b8543960d637 req-f9b657d8-e69d-41d7-bb47-b8543960d637 ] Request (FlavorsV2NegativeTest:setUpClass): 201 POST http://10.180.1.21/identity/v3/auth/tokens 0.062s
2025-03-06 08:33:26.588 69183 INFO tempest.lib.common.rest_client [req-c3b4fb62-4b1d-4613-ba7f-864def10b124 req-c3b4fb62-4b1d-4613-ba7f-864def10b124 ] Request (HostsAdminNegativeTestJSON:tearDownClass): 204 DELETE http://10.180.1.21/identity/v3/projects/da4e23cf240b4559a3607d6281eb7ef3 0.106s
2025-03-06 08:33:26.589 69183 INFO tempest.test [-] raised in TestMultiAttachVolumeSwap.setUpClass. Invoking tearDownClass.
2025-03-06 08:33:26.595 69129 INFO tempest.lib.common.rest_client [req-559d9a27-2e05-449c-b16c-8d96aedc1d3e req-559d9a27-2e05-449c-b16c-8d96aedc1d3e ] Request (ServersWithSpecificFlavorTestJSON:test_verify_created_server_ephemeral_disk): 200 GET http://10.180.1.21/compute/v2.1/servers/9df541a0-521d-4d57-8428-cda3e3f3a092 1.521s
2025-03-06 08:33:26.616 69142 INFO tempest.lib.common.rest_client [req-6da7e051-4cb0-484d-8f97-498f64e146f6 req-6da7e051-4cb0-484d-8f97-498f64e146f6 ] Request (KeyPairsV2TestJSON:_run_cleanups): 202 DELETE http://10.180.1.21/compute/v2.1/os-keypairs/tempest-keypair-427016457 1.437s
2025-03-06 08:33:26.635 69175 INFO tempest.lib.common.rest_client [req-90c883fe-4dc3-46c0-be77-ba3414a15dc8 req-90c883fe-4dc3-46c0-be77-ba3414a15dc8 ] Request (FlavorsV2NegativeTest:setUpClass): 201 POST http://10.180.1.21/identity/v3/auth/tokens 0.062s
2025-03-06 08:33:26.661 69175 INFO tempest.lib.common.rest_client [req-afe8376d-8497-4257-93c3-c3a9c7483838 req-afe8376d-8497-4257-93c3-c3a9c7483838 ] Request (FlavorsV2NegativeTest:setUpClass): 200 GET http://10.180.1.21/identity/v3/domains?name=Default 0.025s
2025-03-06 08:33:26.661 69183 INFO tempest.lib.common.rest_client [req-3f09388b-0166-4c8a-a45a-43677b7ba6b0 req-3f09388b-0166-4c8a-a45a-43677b7ba6b0 ] Request (MultipleCreateNegativeTestJSON:setUpClass): 201 POST http://10.180.1.21/identity/v3/auth/tokens 0.070s
2025-03-06 08:33:26.688 69175 INFO tempest.lib.common.rest_client [req-274d818f-9a36-4992-992f-0b98a0e2f1b3 req-274d818f-9a36-4992-992f-0b98a0e2f1b3 ] Request (FlavorsV2NegativeTest:setUpClass): 201 POST http://10.180.1.21/identity/v3/projects 0.027s
2025-03-06 08:33:26.710 69159 INFO tempest.lib.common.rest_client [req-89039303-9cc9-4f6e-8e81-1980567e2849 req-89039303-9cc9-4f6e-8e81-1980567e2849 ] Request (ServersAdmin275Test:test_rebuild_update_server_275): 200 GET http://10.180.1.21/compute/v2.1/servers/bf2e84e6-4683-475a-8dd8-351191cf16fe 1.510s
2025-03-06 08:33:26.719 69179 INFO tempest.lib.common.rest_client [req-092f417e-18e6-4e27-a12f-e7262d830d15 req-092f417e-18e6-4e27-a12f-e7262d830d15 ] Request (SecurityGroupRulesTestJSON:test_security_group_rules_delete_when_peer_group_deleted): 200 POST http://10.180.1.21/compute/v2.1/os-security-groups 1.826s
2025-03-06 08:33:26.726 69183 INFO tempest.lib.common.rest_client [req-d0f9b0b9-afac-4421-a748-0d7d9ef7661d req-d0f9b0b9-afac-4421-a748-0d7d9ef7661d ] Request (MultipleCreateNegativeTestJSON:setUpClass): 201 POST http://10.180.1.21/identity/v3/auth/tokens 0.062s
2025-03-06 08:33:26.730 69177 INFO tempest.lib.common.rest_client [req-4e3cd941-60f6-4d33-8118-63d678d0023e req-4e3cd941-60f6-4d33-8118-63d678d0023e ] Request (FlavorsAccessNegativeTestJSON:test_flavor_non_admin_remove): 200 POST http://10.180.1.21/compute/v2.1/flavors 1.499s
2025-03-06 08:33:26.747 69175 INFO tempest.lib.common.rest_client [req-26856e82-363f-4910-8f1c-2b44ae8efc72 req-26856e82-363f-4910-8f1c-2b44ae8efc72 ] Request (FlavorsV2NegativeTest:setUpClass): 201 POST http://10.180.1.21/identity/v3/users 0.058s
2025-03-06 08:33:26.751 69147 INFO tempest.lib.common.rest_client [req-cdae0feb-f6ad-4ff5-82ba-42104511970d req-cdae0feb-f6ad-4ff5-82ba-42104511970d ] Request (AggregatesAdminNegativeTestJSON:test_aggregate_create_with_existent_aggregate_name): 200 POST http://10.180.1.21/compute/v2.1/os-aggregates 1.518s
2025-03-06 08:33:26.754 69183 INFO tempest.lib.common.rest_client [req-04dc043d-3db4-47b0-862f-f7cc54ea7ae0 req-04dc043d-3db4-47b0-862f-f7cc54ea7ae0 ] Request (MultipleCreateNegativeTestJSON:setUpClass): 200 GET http://10.180.1.21/identity/v3/domains?name=Default 0.027s
2025-03-06 08:33:26.758 69143 INFO tempest.lib.common.rest_client [req-ba7ce7c4-ff9e-44b8-83d3-a94c44170690 req-ba7ce7c4-ff9e-44b8-83d3-a94c44170690 ] Request (FloatingIPDetailsNegativeTestJSON:setUpClass): 200 PUT http://10.180.1.21:9696/networking/v2.0/routers/b50f9ddb-1f8f-4192-87d9-2e00bebb9772/add_router_interface 2.726s
