2025-03-06 08:34:03.162 69149 INFO tempest.lib.common.rest_client [req-1881c04a-2fa3-47bb-91f6-8e1e990a3a44 req-1881c04a-2fa3-47bb-91f6-8e1e990a3a44 ] Request (ServerDiagnosticsTest:tearDownClass): 201 POST http://10.180.1.21/identity/v3/auth/tokens 0.058s
2025-03-06 08:34:03.181 69147 INFO tempest.lib.common.rest_client [req-1ae6c02a-5959-4503-9ef7-9685009665ba req-1ae6c02a-5959-4503-9ef7-9685009665ba ] Request (FlavorsExtraSpecsTestJSON:tearDownClass): 204 DELETE http://10.180.1.21/identity/v3/users/58fa24467030434d9971e3e014f56cdc 0.121s
2025-03-06 08:34:03.188 69157 WARNING tempest.lib.common.ssh [-] Failed to establish authenticated ssh connection to cirros@10.180.180.224 ([Errno None] Unable to connect to port 22 on 10.180.180.224). Number attempts: 2. Retry after 3 seconds.: paramiko.ssh_exception.NoValidConnectionsError: [Errno None] Unable to connect to port 22 on 10.180.180.224
2025-03-06 08:34:03.270 69147 INFO tempest.lib.common.rest_client [req-743d3644-0b02-4ec4-bf30-eee15efa6c1d req-743d3644-0b02-4ec4-bf30-eee15efa6c1d ] Request (FlavorsExtraSpecsTestJSON:tearDownClass): 204 DELETE http://10.180.1.21/identity/v3/users/f87f7c9988994ff3b534a6e21ba5f195 0.088s
2025-03-06 08:34:03.270 69147 INFO tempest.lib.common.dynamic_creds [-] Deleting project and security group for project: 18badd17469147e7a0b8daa40cf0652e
2025-03-06 08:34:03.285 69149 INFO tempest.lib.common.rest_client [req-2bdf4b30-18e0-4c14-9cd0-50fc8da9f33a req-2bdf4b30-18e0-4c14-9cd0-50fc8da9f33a ] Request (ServerDiagnosticsTest:tearDownClass): 200 GET http://10.180.1.21:9696/networking/v2.0/security-groups?tenant_id=81f82557b9f44489b65425b58163e8a2&name=default 0.122s
2025-03-06 08:34:03.305 69153 INFO tempest.lib.common.rest_client [req-4f95c756-495e-4a5d-9bea-70d7073b59a3 req-4f95c756-495e-4a5d-9bea-70d7073b59a3 ] Request (ImagesOneServerNegativeTestJSON:tearDown): 200 GET http://10.180.1.21/compute/v2.1/servers/f2c5f684-aaf6-4b91-af8c-e05a0f91b17e 0.675s
2025-03-06 08:34:03.313 69153 INFO tempest.common.waiters [-] State transition "ACTIVE/image_uploading" ==> "ACTIVE/None" after 8 second wait
2025-03-06 08:34:03.328 69147 INFO tempest.lib.common.rest_client [req-929efc71-c199-4b34-b81d-a2f1665b47c2 req-929efc71-c199-4b34-b81d-a2f1665b47c2 ] Request (FlavorsExtraSpecsTestJSON:tearDownClass): 201 POST http://10.180.1.21/identity/v3/auth/tokens 0.057s
2025-03-06 08:34:03.394 69149 INFO tempest.lib.common.rest_client [req-41f27925-c0be-46ff-82d6-fa29ea27c35d req-41f27925-c0be-46ff-82d6-fa29ea27c35d ] Request (ServerDiagnosticsTest:tearDownClass): 204 DELETE http://10.180.1.21:9696/networking/v2.0/security-groups/3290f4cf-f984-4593-93a1-88735f6f64b7 0.109s
2025-03-06 08:34:03.443 69173 INFO tempest.lib.common.rest_client [req-f5a01db1-5df3-428e-aa85-8a04672720ba req-f5a01db1-5df3-428e-aa85-8a04672720ba ] Request (HypervisorAdminTestJSON:test_get_hypervisor_list): 200 GET http://10.180.1.21/compute/v2.1/os-hypervisors 0.664s
2025-03-06 08:34:03.454 69133 INFO tempest.lib.common.rest_client [req-b43946a3-2bb3-4cf7-b1a5-d5963e87dbcd req-b43946a3-2bb3-4cf7-b1a5-d5963e87dbcd ] Request (VolumesAssistedSnapshotsTest:test_volume_assisted_snapshot_create_delete): 200 PUT http://10.180.1.21:9696/networking/v2.0/floatingips/94a71a2a-1ca6-4928-8d16-058d1eb7a054 1.031s
2025-03-06 08:34:03.456 69133 INFO tempest.lib.common.ssh [-] Creating ssh connection to '10.180.180.189:22' as 'cirros' with public key authentication
2025-03-06 08:34:03.462 69149 INFO tempest.lib.common.rest_client [req-d03627f5-dd3d-47b8-ad73-2f9b9f803e41 req-d03627f5-dd3d-47b8-ad73-2f9b9f803e41 ] Request (ServerDiagnosticsTest:tearDownClass): 204 DELETE http://10.180.1.21/identity/v3/projects/81f82557b9f44489b65425b58163e8a2 0.067s
2025-03-06 08:34:03.462 69149 INFO tempest.lib.common.dynamic_creds [-] Deleting project and security group for project: de5b3c062cf84ab4a68fc2302de96d59
2025-03-06 08:34:03.511 69129 INFO tempest.lib.common.rest_client [req-3d18b394-d146-48dc-bf53-6ad9377ef3fb req-3d18b394-d146-48dc-bf53-6ad9377ef3fb ] Request (ServersWithSpecificFlavorTestJSON:test_verify_created_server_ephemeral_disk): 200 GET http://10.180.1.21/compute/v2.1/servers/9df541a0-521d-4d57-8428-cda3e3f3a092 0.670s
2025-03-06 08:34:03.534 69127 INFO tempest.lib.common.rest_client [req-61638d20-198a-4a4a-88d2-f96fc25c18fe req-61638d20-198a-4a4a-88d2-f96fc25c18fe ] Request (SecurityGroupsTestJSON:test_server_security_groups): 202 POST http://10.180.1.21/compute/v2.1/servers 1.072s
2025-03-06 08:34:03.574 69147 INFO tempest.lib.common.rest_client [req-00340bea-0e12-4a71-9a35-c6986f3dcf41 req-00340bea-0e12-4a71-9a35-c6986f3dcf41 ] Request (FlavorsExtraSpecsTestJSON:tearDownClass): 200 GET http://10.180.1.21:9696/networking/v2.0/security-groups?tenant_id=18badd17469147e7a0b8daa40cf0652e&name=default 0.246s
2025-03-06 08:34:03.586 69167 INFO tempest.lib.common.rest_client [req-68bcafad-2bc6-485d-b896-5a81a95f7e9b req-68bcafad-2bc6-485d-b896-5a81a95f7e9b ] Request (ServersListShow298Test:test_list_show_update_rebuild_server_298): 200 GET http://10.180.1.21/compute/v2.1/servers/cfecbc5f-207a-40e7-87db-cbd06c337399 0.731s
2025-03-06 08:34:03.606 69149 INFO tempest.lib.common.rest_client [req-d2f7a1bc-8c7f-49de-a11d-dba36d0f60f9 req-d2f7a1bc-8c7f-49de-a11d-dba36d0f60f9 ] Request (ServerDiagnosticsTest:tearDownClass): 200 GET http://10.180.1.21:9696/networking/v2.0/security-groups?tenant_id=de5b3c062cf84ab4a68fc2302de96d59&name=default 0.143s
2025-03-06 08:34:03.609 69131 INFO tempest.lib.common.rest_client [req-b9b777a7-e71d-43d5-a3a7-82e7630801c4 req-b9b777a7-e71d-43d5-a3a7-82e7630801c4 ] Request (ServersTestManualDisk:setUpClass): 200 GET http://10.180.1.21/compute/v2.1/servers/77d43846-146e-4167-beb2-b313d068a6ba 0.703s
2025-03-06 08:34:03.661 69135 INFO tempest.lib.common.rest_client [req-04f04caa-0270-4ff2-9c6b-48c790b63bde req-04f04caa-0270-4ff2-9c6b-48c790b63bde ] Request (ListServerFiltersTestJSON:test_list_servers_filter_by_shutoff_status): 200 GET http://10.180.1.21/compute/v2.1/servers?status=shutoff 0.613s
2025-03-06 08:34:03.673 69151 INFO tempest.lib.common.rest_client [req-45fa1152-2b86-4889-9231-1126723e75c2 req-45fa1152-2b86-4889-9231-1126723e75c2 ] Request (ServerDiagnosticsNegativeTest:tearDownClass): 200 GET http://10.180.1.21/compute/v2.1/servers/0eca3da9-9612-4ef0-a275-9a48eb20872f 0.753s
2025-03-06 08:34:03.697 69149 INFO tempest.lib.common.rest_client [req-8e0ab46d-6001-484b-bcbb-f23de284980b req-8e0ab46d-6001-484b-bcbb-f23de284980b ] Request (ServerDiagnosticsTest:tearDownClass): 204 DELETE http://10.180.1.21:9696/networking/v2.0/security-groups/bfbc9197-3e29-42c7-9b3f-afccf7c1ade1 0.091s
2025-03-06 08:34:03.712 69147 INFO tempest.lib.common.rest_client [req-33f28621-d241-4f0a-97a7-ff57b634b0ba req-33f28621-d241-4f0a-97a7-ff57b634b0ba ] Request (FlavorsExtraSpecsTestJSON:tearDownClass): 204 DELETE http://10.180.1.21:9696/networking/v2.0/security-groups/77a8d9dc-3bfe-4348-b09d-b55ef93899f2 0.137s
2025-03-06 08:34:03.721 69185 INFO tempest.lib.common.rest_client [req-4bba121f-733d-4890-b103-d13256432dc0 req-4bba121f-733d-4890-b103-d13256432dc0 ] Request (ServerDiagnosticsV248Test:tearDownClass): 200 GET http://10.180.1.21/compute/v2.1/servers/a42a1113-9ca6-42f5-a1aa-0a123f17814d 0.546s
2025-03-06 08:34:03.734 69165 INFO tempest.lib.common.rest_client [req-e19baad3-1ebe-4d92-9e41-a7ce8c712eb0 req-e19baad3-1ebe-4d92-9e41-a7ce8c712eb0 ] Request (FloatingIPsAssociationNegativeTestJSON:setUpClass): 200 GET http://10.180.1.21/compute/v2.1/servers/768a32d3-864d-45a0-8c65-8c43882292f8 0.508s
2025-03-06 08:34:03.746 69177 INFO tempest.lib.common.rest_client [req-163dd503-e905-440a-978c-0639c781ee41 req-163dd503-e905-440a-978c-0639c781ee41 ] Request (SecurityGroupsNegativeTestJSON:tearDownClass): 200 PUT http://10.180.1.21:9696/networking/v2.0/routers/6e51827e-08d4-48e5-8e7c-9c4539459b98/remove_router_interface 0.987s
2025-03-06 08:34:03.787 69143 INFO tempest.lib.common.rest_client [req-8e45ce59-1307-4360-ab95-e6c97d532a2a req-8e45ce59-1307-4360-ab95-e6c97d532a2a ] Request (ImagesTestJSON:test_create_image_from_stopped_server): 200 GET http://10.180.1.21/compute/v2.1/servers/064f9c81-5b1e-4d45-b92d-297f5bc3442d 0.549s
2025-03-06 08:34:03.813 69149 INFO tempest.lib.common.rest_client [req-0cfd830d-b6f4-4187-b44c-866551bfa9ca req-0cfd830d-b6f4-4187-b44c-866551bfa9ca ] Request (ServerDiagnosticsTest:tearDownClass): 204 DELETE http://10.180.1.21/identity/v3/projects/de5b3c062cf84ab4a68fc2302de96d59 0.115s
2025-03-06 08:34:03.821 69153 INFO tempest.lib.common.rest_client [req-d7ab7cd6-1398-447d-811d-627c0735cd1b req-d7ab7cd6-1398-447d-811d-627c0735cd1b ] Request (ImagesOneServerNegativeTestJSON:_run_cleanups): 204 DELETE http://10.180.1.21/compute/v2.1/servers/f2c5f684-aaf6-4b91-af8c-e05a0f91b17e 0.508s
2025-03-06 08:34:03.825 69147 INFO tempest.lib.common.rest_client [req-badd77e0-ab32-4268-800d-332452267693 req-badd77e0-ab32-4268-800d-332452267693 ] Request (FlavorsExtraSpecsTestJSON:tearDownClass): 204 DELETE http://10.180.1.21/identity/v3/projects/18badd17469147e7a0b8daa40cf0652e 0.113s
2025-03-06 08:34:03.825 69147 INFO tempest.lib.common.dynamic_creds [-] Deleting project and security group for project: 478d7ef4826c4cc0b4cb7ccc937f2f5e
2025-03-06 08:34:03.838 69173 INFO tempest.lib.common.rest_client [req-f75ac7c6-f2b6-4d71-ba73-dedbe36d7264 req-f75ac7c6-f2b6-4d71-ba73-dedbe36d7264 ] Request (HypervisorAdminTestJSON:test_get_hypervisor_list_details): 200 GET http://10.180.1.21/compute/v2.1/os-hypervisors/detail 0.393s
2025-03-06 08:34:03.880 69149 INFO tempest.lib.common.rest_client [req-627f8d47-d7fd-42e6-9b38-01e889529702 req-627f8d47-d7fd-42e6-9b38-01e889529702 ] Request (FloatingIPDetailsTestJSON:setUpClass): 201 POST http://10.180.1.21/identity/v3/auth/tokens 0.066s
2025-03-06 08:34:03.915 69149 INFO tempest.lib.common.rest_client [req-8113fe1b-962c-4d08-a55c-d27ed938a782 req-8113fe1b-962c-4d08-a55c-d27ed938a782 ] Request (FloatingIPDetailsTestJSON:setUpClass): 201 POST http://10.180.1.21/identity/v3/auth/tokens 0.032s
2025-03-06 08:34:03.916 69181 INFO tempest.lib.common.rest_client [req-37952d77-30a2-465c-b47b-095a77f55cc7 req-37952d77-30a2-465c-b47b-095a77f55cc7 ] Request (ImagesNegativeTestJSON:test_create_image_from_deleted_server): 200 GET http://10.180.1.21/compute/v2.1/servers/1235627a-11b9-44d3-b2c8-1f8df0953986 0.432s
2025-03-06 08:34:03.935 69187 INFO tempest.lib.common.rest_client [req-26ef99f2-37da-43b5-bcf4-33511dce4d7f req-26ef99f2-37da-43b5-bcf4-33511dce4d7f ] Request (MigrationsAdminTest:test_list_migrations_in_flavor_resize_situation): 200 GET http://10.180.1.21/compute/v2.1/servers/2bd0be89-bbc3-4b9c-b253-601deaa21a1c 0.584s
2025-03-06 08:34:03.941 69149 INFO tempest.lib.common.rest_client [req-e616c29c-651f-49ff-b01f-480eaeca11ff req-e616c29c-651f-49ff-b01f-480eaeca11ff ] Request (FloatingIPDetailsTestJSON:setUpClass): 200 GET http://10.180.1.21/identity/v3/domains?name=Default 0.025s
2025-03-06 08:34:03.957 69127 INFO tempest.lib.common.rest_client [req-02a0dbf3-ec68-4b44-a8c4-41860fedb4ae req-02a0dbf3-ec68-4b44-a8c4-41860fedb4ae ] Request (SecurityGroupsTestJSON:test_server_security_groups): 200 GET http://10.180.1.21/compute/v2.1/servers/b2ca1d49-d635-4e52-a33d-97e5ee2b7d13 0.421s
2025-03-06 08:34:03.978 69149 INFO tempest.lib.common.rest_client [req-f8390ab3-04ef-4263-b56d-0491d354dff7 req-f8390ab3-04ef-4263-b56d-0491d354dff7 ] Request (FloatingIPDetailsTestJSON:setUpClass): 201 POST http://10.180.1.21/identity/v3/projects 0.036s
2025-03-06 08:34:03.978 69147 INFO tempest.lib.common.rest_client [req-d91c7b64-d96c-48c2-bd6e-13d7f8273e04 req-d91c7b64-d96c-48c2-bd6e-13d7f8273e04 ] Request (FlavorsExtraSpecsTestJSON:tearDownClass): 200 GET http://10.180.1.21:9696/networking/v2.0/security-groups?tenant_id=478d7ef4826c4cc0b4cb7ccc937f2f5e&name=default 0.152s
2025-03-06 08:34:04.014 69155 INFO tempest.lib.common.rest_client [req-696d1eec-d0ae-4697-8406-64729b767fc1 req-696d1eec-d0ae-4697-8406-64729b767fc1 ] Request (ServersAdminNegativeTestJSON:setUpClass): 200 GET http://10.180.1.21/compute/v2.1/servers/1c1cd79d-1f16-4354-a44d-d6c3da6b599c 0.446s
2025-03-06 08:34:04.021 69159 INFO tempest.lib.common.rest_client [req-15321c1e-069a-4af3-b5ab-53867064322b req-15321c1e-069a-4af3-b5ab-53867064322b ] Request (ServersAdmin275Test:test_rebuild_update_server_275): 200 GET http://10.180.1.21/compute/v2.1/servers/bf2e84e6-4683-475a-8dd8-351191cf16fe 0.472s
2025-03-06 08:34:04.071 69161 INFO tempest.lib.common.rest_client [req-8eaab076-cd9b-4be9-bd2e-4f79f73f70db req-8eaab076-cd9b-4be9-bd2e-4f79f73f70db ] Request (ServerMetadataNegativeTestJSON:setUpClass): 200 GET http://10.180.1.21/compute/v2.1/servers/286d8d9a-a373-4c6d-83a5-21b34065dd01 0.434s
2025-03-06 08:34:04.100 69149 INFO tempest.lib.common.rest_client [req-956860c6-ea55-4b66-b0c6-0e17b56b98cf req-956860c6-ea55-4b66-b0c6-0e17b56b98cf ] Request (FloatingIPDetailsTestJSON:setUpClass): 201 POST http://10.180.1.21/identity/v3/users 0.119s
2025-03-06 08:34:04.113 69171 INFO tempest.lib.common.rest_client [req-ca2c38ed-569d-46fb-af1b-798d07348701 req-ca2c38ed-569d-46fb-af1b-798d07348701 ] Request (ServerAddressesNegativeTestJSON:setUpClass): 200 GET http://10.180.1.21/compute/v2.1/servers/bd885b57-4718-464a-a60f-5543d3191bd1 0.452s
2025-03-06 08:34:04.118 69147 INFO tempest.lib.common.rest_client [req-364bf50d-31e2-4c3a-b06d-90385ff1dc9b req-364bf50d-31e2-4c3a-b06d-90385ff1dc9b ] Request (FlavorsExtraSpecsTestJSON:tearDownClass): 204 DELETE http://10.180.1.21:9696/networking/v2.0/security-groups/c6b31018-6f66-4059-a2d8-54b17bcaa419 0.140s
2025-03-06 08:34:04.128 69149 INFO tempest.lib.common.rest_client [req-2fca3819-2375-4904-9926-4c5dbeb452e2 req-2fca3819-2375-4904-9926-4c5dbeb452e2 ] Request (FloatingIPDetailsTestJSON:setUpClass): 200 GET http://10.180.1.21/identity/v3/roles 0.027s
2025-03-06 08:34:04.152 69135 INFO tempest.lib.common.rest_client [req-109a9ec9-be7c-4c49-b0de-57e69b657a76 req-109a9ec9-be7c-4c49-b0de-57e69b657a76 ] Request (ListServerFiltersTestJSON:test_list_servers_filter_by_shutoff_status): 202 POST http://10.180.1.21/compute/v2.1/servers/20e97f6c-f9d5-4300-bdd7-c89978cf4013/action 0.487s
2025-03-06 08:34:04.186 69149 INFO tempest.lib.common.rest_client [req-4625a725-9b7a-4651-ae8d-9b18deb300f0 req-4625a725-9b7a-4651-ae8d-9b18deb300f0 ] Request (FloatingIPDetailsTestJSON:setUpClass): 204 PUT http://10.180.1.21/identity/v3/projects/353714825e6946efa2d6d2440743b45e/users/e156f95853a54e6c9635cfd48a5339d7/roles/cde16e76c42c4aee906aa86e451c3245 0.057s
2025-03-06 08:34:04.186 69149 INFO tempest.lib.common.dynamic_creds [-] Dynamic test user e156f95853a54e6c9635cfd48a5339d7 is created with scope project and roles: ['member']
2025-03-06 08:34:04.187 69149 INFO tempest.lib.common.dynamic_creds [-] Acquired dynamic creds: credentials: Credentials: {'domain_id': 'default', 'domain_name': 'Default', 'username': 'tempest-FloatingIPDetailsTestJSON-1041416049-project-member', 'project_domain_id': 'default', 'project_domain_name': 'Default', 'project_id': '353714825e6946efa2d6d2440743b45e', 'project_name': 'tempest-FloatingIPDetailsTestJSON-1041416049', 'tenant_id': '353714825e6946efa2d6d2440743b45e', 'tenant_name': 'tempest-FloatingIPDetailsTestJSON-1041416049', 'user_domain_id': 'default', 'user_domain_name': 'Default', 'user_id': 'e156f95853a54e6c9635cfd48a5339d7', 'system': None}, Network: None, Subnet: None, Router: None
2025-03-06 08:34:04.207 69147 INFO tempest.lib.common.rest_client [req-ea7facec-140c-45ad-94a7-203e21d20f53 req-ea7facec-140c-45ad-94a7-203e21d20f53 ] Request (FlavorsExtraSpecsTestJSON:tearDownClass): 204 DELETE http://10.180.1.21/identity/v3/projects/478d7ef4826c4cc0b4cb7ccc937f2f5e 0.088s
2025-03-06 08:34:04.208 69147 INFO tempest.test [-] raised in LiveMigrationNegativeTest.setUpClass. Invoking tearDownClass.
2025-03-06 08:34:04.224 69145 INFO tempest.lib.common.rest_client [req-55eada3d-9c22-4282-9f43-83ffc3c45653 req-55eada3d-9c22-4282-9f43-83ffc3c45653 ] Request (DeleteServersAdminTestJSON:test_delete_server_while_in_error_state): 200 GET http://10.180.1.21/compute/v2.1/servers/50082c6e-44ca-4180-8367-85df53604b74 0.487s
2025-03-06 08:34:04.241 69183 INFO tempest.lib.common.rest_client [req-95fb3dd9-e00b-4485-a7e3-72feaa4f256f req-95fb3dd9-e00b-4485-a7e3-72feaa4f256f ] Request (ServerTagsTestJSON:setUpClass): 200 GET http://10.180.1.21/compute/v2.1/servers/aca1cd64-df1f-4505-bbff-9a896f7834de 0.490s
2025-03-06 08:34:04.255 69177 INFO tempest.lib.common.rest_client [req-1612e872-2f56-4d39-adcc-26a46ab08ad5 req-1612e872-2f56-4d39-adcc-26a46ab08ad5 ] Request (SecurityGroupsNegativeTestJSON:tearDownClass): 204 DELETE http://10.180.1.21:9696/networking/v2.0/routers/6e51827e-08d4-48e5-8e7c-9c4539459b98 0.508s
2025-03-06 08:34:04.267 69149 INFO tempest.lib.common.rest_client [req-bde852d9-8097-43b5-b3d9-24cf10050c04 req-bde852d9-8097-43b5-b3d9-24cf10050c04 ] Request (FloatingIPDetailsTestJSON:setUpClass): 201 POST http://10.180.1.21/identity/v3/auth/tokens 0.080s
2025-03-06 08:34:04.278 69147 INFO tempest.lib.common.rest_client [req-c65a2a22-1f03-4234-a6cb-b4729ef1ce17 req-c65a2a22-1f03-4234-a6cb-b4729ef1ce17 ] Request (ImagesMetadataTestJSON:setUpClass): 201 POST http://10.180.1.21/identity/v3/auth/tokens 0.066s
2025-03-06 08:34:04.281 69137 INFO tempest.lib.common.rest_client [req-74875b94-e7d1-457f-a073-3a201bf4e870 req-74875b94-e7d1-457f-a073-3a201bf4e870 ] Request (ServersTestFqdnHostnames:test_create_server_with_fqdn_name): 200 GET http://10.180.1.21/compute/v2.1/servers/6ae9092a-269e-4569-864f-28136dc65ab0 0.468s
2025-03-06 08:34:04.305 69147 INFO tempest.lib.common.rest_client [req-e1893d23-0c3f-4af4-9ca3-e2bc8f323b5d req-e1893d23-0c3f-4af4-9ca3-e2bc8f323b5d ] Request (ImagesMetadataTestJSON:setUpClass): 201 POST http://10.180.1.21/identity/v3/auth/tokens 0.023s
2025-03-06 08:34:04.309 69173 INFO tempest.lib.common.rest_client [req-e23018c8-1c92-46c1-b5b6-89580f5e5923 req-e23018c8-1c92-46c1-b5b6-89580f5e5923 ] Request (HypervisorAdminTestJSON:test_get_hypervisor_show_details): 200 GET http://10.180.1.21/compute/v2.1/os-hypervisors 0.463s
2025-03-06 08:34:04.331 69147 INFO tempest.lib.common.rest_client [req-d43f5da8-0e32-4ba5-916f-38c7de10da57 req-d43f5da8-0e32-4ba5-916f-38c7de10da57 ] Request (ImagesMetadataTestJSON:setUpClass): 200 GET http://10.180.1.21/identity/v3/domains?name=Default 0.025s
2025-03-06 08:34:04.365 69153 INFO tempest.lib.common.rest_client [req-ac375f38-f101-444f-9069-83d740593569 req-ac375f38-f101-444f-9069-83d740593569 ] Request (ImagesOneServerNegativeTestJSON:_run_cleanups): 200 GET http://10.180.1.21/compute/v2.1/servers/f2c5f684-aaf6-4b91-af8c-e05a0f91b17e 0.543s
2025-03-06 08:34:04.372 69147 INFO tempest.lib.common.rest_client [req-a63ba0a3-88ef-4ed6-9122-06dd124eb8fa req-a63ba0a3-88ef-4ed6-9122-06dd124eb8fa ] Request (ImagesMetadataTestJSON:setUpClass): 201 POST http://10.180.1.21/identity/v3/projects 0.041s
2025-03-06 08:34:04.375 69177 INFO tempest.lib.common.rest_client [req-9caf8b03-1567-43b8-bb10-32ec18356aad req-9caf8b03-1567-43b8-bb10-32ec18356aad ] Request (SecurityGroupsNegativeTestJSON:tearDownClass): 204 DELETE http://10.180.1.21:9696/networking/v2.0/subnets/5ee43a9b-565c-4c0b-b7d5-a86f3853714a 0.119s
2025-03-06 08:34:04.379 69169 INFO tempest.lib.common.rest_client [req-aa1167ee-4797-4c41-be6b-088792308885 req-aa1167ee-4797-4c41-be6b-088792308885 ] Request (ServerExternalEventsTest:test_create_server_external_events): 200 GET http://10.180.1.21/compute/v2.1/servers/9c826747-c11d-4bf7-9fce-b3d949c0fbb9 0.533s
2025-03-06 08:34:04.437 69163 INFO tempest.lib.common.rest_client [req-f5d89fed-7cc1-4e91-9193-7b661ee19c5a req-f5d89fed-7cc1-4e91-9193-7b661ee19c5a ] Request (ServersAdminTestJSON:setUpClass): 200 GET http://10.180.1.21/compute/v2.1/servers/72cc3e98-0fa9-4483-ae3c-b9b228ee50ea 0.551s
2025-03-06 08:34:04.438 69147 INFO tempest.lib.common.rest_client [req-add4dd7d-2e8c-4f96-bdcb-39cee3f77f08 req-add4dd7d-2e8c-4f96-bdcb-39cee3f77f08 ] Request (ImagesMetadataTestJSON:setUpClass): 201 POST http://10.180.1.21/identity/v3/users 0.065s
2025-03-06 08:34:04.447 69175 INFO tempest.lib.common.rest_client [req-7d30937e-c0ef-4942-a937-beb528b5dbfc req-7d30937e-c0ef-4942-a937-beb528b5dbfc ] Request (ServerGroupTestJSON:test_create_server_with_scheduler_hint_group): 200 GET http://10.180.1.21/compute/v2.1/servers/6c0c756b-519e-4588-8ec3-d86581ba9614 0.494s
2025-03-06 08:34:04.465 69147 INFO tempest.lib.common.rest_client [req-d5f2a6c4-42b7-4b9d-9ff7-4b4c08961b28 req-d5f2a6c4-42b7-4b9d-9ff7-4b4c08961b28 ] Request (ImagesMetadataTestJSON:setUpClass): 200 GET http://10.180.1.21/identity/v3/roles 0.026s
2025-03-06 08:34:04.497 69147 INFO tempest.lib.common.rest_client [req-7b43e2b0-dc8d-4024-bb8e-c73f4c1f108a req-7b43e2b0-dc8d-4024-bb8e-c73f4c1f108a ] Request (ImagesMetadataTestJSON:setUpClass): 204 PUT http://10.180.1.21/identity/v3/projects/645089b1e1c34867b8a7435076abbcaf/users/bb85cc7308c4463fb52371aba4abd98c/roles/cde16e76c42c4aee906aa86e451c3245 0.031s
2025-03-06 08:34:04.497 69147 INFO tempest.lib.common.dynamic_creds [-] Dynamic test user bb85cc7308c4463fb52371aba4abd98c is created with scope project and roles: ['member']
2025-03-06 08:34:04.498 69147 INFO tempest.lib.common.dynamic_creds [-] Acquired dynamic creds: credentials: Credentials: {'domain_id': 'default', 'domain_name': 'Default', 'username': 'tempest-ImagesMetadataTestJSON-1446477243-project-member', 'project_domain_id': 'default', 'project_domain_name': 'Default', 'project_id': '645089b1e1c34867b8a7435076abbcaf', 'project_name': 'tempest-ImagesMetadataTestJSON-1446477243', 'tenant_id': '645089b1e1c34867b8a7435076abbcaf', 'tenant_name': 'tempest-ImagesMetadataTestJSON-1446477243', 'user_domain_id': 'default', 'user_domain_name': 'Default', 'user_id': 'bb85cc7308c4463fb52371aba4abd98c', 'system': None}, Network: None, Subnet: None, Router: None
2025-03-06 08:34:04.498 69147 INFO tempest.lib.common.dynamic_creds [-] Created isolated network resources for: credentials: Credentials: {'domain_id': 'default', 'domain_name': 'Default', 'username': 'tempest-ImagesMetadataTestJSON-1446477243-project-member', 'project_domain_id': 'default', 'project_domain_name': 'Default', 'project_id': '645089b1e1c34867b8a7435076abbcaf', 'project_name': 'tempest-ImagesMetadataTestJSON-1446477243', 'tenant_id': '645089b1e1c34867b8a7435076abbcaf', 'tenant_name': 'tempest-ImagesMetadataTestJSON-1446477243', 'user_domain_id': 'default', 'user_domain_name': 'Default', 'user_id': 'bb85cc7308c4463fb52371aba4abd98c', 'system': None}, Network: None, Subnet: None, Router: None
2025-03-06 08:34:04.499 69179 INFO tempest.lib.common.rest_client [req-b80fc738-d89d-4808-998c-ef762944ca95 req-b80fc738-d89d-4808-998c-ef762944ca95 ] Request (ServerActionsTestJSON:setUpClass): 200 GET http://10.180.1.21/compute/v2.1/servers/766dc032-7549-4939-9f7a-9de37afb60c5 0.469s
2025-03-06 08:34:04.509 69189 INFO tempest.lib.common.rest_client [req-75745200-1553-481e-8508-6b1ab74de19a req-75745200-1553-481e-8508-6b1ab74de19a ] Request (FloatingIPsAssociationTestJSON:test_associate_already_associated_floating_ip): 200 GET http://10.180.1.21/compute/v2.1/servers/889c445b-ae8f-4201-85b8-957765f4e2a5 0.362s
2025-03-06 08:34:04.531 69173 INFO tempest.lib.common.rest_client [req-481377da-9b4a-4375-b1ce-be9fb47189f4 req-481377da-9b4a-4375-b1ce-be9fb47189f4 ] Request (HypervisorAdminTestJSON:test_get_hypervisor_show_details): 200 GET http://10.180.1.21/compute/v2.1/os-hypervisors/1 0.217s
2025-03-06 08:34:04.583 69177 INFO tempest.lib.common.rest_client [req-c93f86d7-680a-476d-a7e8-f32afdc3ad50 req-c93f86d7-680a-476d-a7e8-f32afdc3ad50 ] Request (SecurityGroupsNegativeTestJSON:tearDownClass): 204 DELETE http://10.180.1.21:9696/networking/v2.0/networks/b5a39924-1c7a-441b-b92c-aa7d86987846 0.207s
2025-03-06 08:34:04.595 69147 INFO tempest.lib.common.rest_client [req-bce4d876-0640-4092-ba63-3295d1fb7012 req-bce4d876-0640-4092-ba63-3295d1fb7012 ] Request (ImagesMetadataTestJSON:setUpClass): 201 POST http://10.180.1.21/identity/v3/auth/tokens 0.093s
2025-03-06 08:34:04.614 69129 INFO tempest.lib.common.rest_client [req-3c029238-425a-4ac8-8cf6-36be5ed327aa req-3c029238-425a-4ac8-8cf6-36be5ed327aa ] Request (ServersWithSpecificFlavorTestJSON:test_verify_created_server_ephemeral_disk): 200 GET http://10.180.1.21/compute/v2.1/servers/9df541a0-521d-4d57-8428-cda3e3f3a092 0.091s
2025-03-06 08:34:04.636 69173 INFO tempest.lib.common.rest_client [req-076a3cc4-3bd1-49fb-bc05-bf5e90c0da5e req-076a3cc4-3bd1-49fb-bc05-bf5e90c0da5e ] Request (HypervisorAdminTestJSON:test_get_hypervisor_stats): 200 GET http://10.180.1.21/compute/v2.1/os-hypervisors/statistics 0.096s
2025-03-06 08:34:04.649 69149 INFO tempest.lib.common.rest_client [req-363b4757-c284-468b-9cd3-985207affadc req-363b4757-c284-468b-9cd3-985207affadc ] Request (FloatingIPDetailsTestJSON:setUpClass): 201 POST http://10.180.1.21:9696/networking/v2.0/networks 0.382s
2025-03-06 08:34:04.687 69135 INFO tempest.lib.common.rest_client [req-ec06142f-806e-47ad-9012-279eb6e142e8 req-ec06142f-806e-47ad-9012-279eb6e142e8 ] Request (ListServerFiltersTestJSON:test_list_servers_filter_by_shutoff_status): 200 GET http://10.180.1.21/compute/v2.1/servers/20e97f6c-f9d5-4300-bdd7-c89978cf4013 0.534s
2025-03-06 08:34:04.704 69177 INFO tempest.lib.common.rest_client [req-d1f19f0f-e8ca-44fc-a74c-fdff046ced49 req-d1f19f0f-e8ca-44fc-a74c-fdff046ced49 ] Request (SecurityGroupsNegativeTestJSON:tearDownClass): 204 DELETE http://10.180.1.21/identity/v3/users/2b3ca0bace5d4a7c82c6758afe68b9cb 0.121s
2025-03-06 08:34:04.704 69177 INFO tempest.lib.common.dynamic_creds [-] Deleting project and security group for project: 7dff7292613746b497fc2e5de127bb85
2025-03-06 08:34:04.722 69167 INFO tempest.lib.common.rest_client [req-bb6e58e1-5bda-4a55-8b04-f03236fc8485 req-bb6e58e1-5bda-4a55-8b04-f03236fc8485 ] Request (ServersListShow298Test:test_list_show_update_rebuild_server_298): 200 GET http://10.180.1.21/compute/v2.1/servers/cfecbc5f-207a-40e7-87db-cbd06c337399 0.118s
2025-03-06 08:34:04.750 69177 INFO tempest.lib.common.rest_client [req-abfb4d21-e92a-44db-b314-abf917e2e7b1 req-abfb4d21-e92a-44db-b314-abf917e2e7b1 ] Request (SecurityGroupsNegativeTestJSON:tearDownClass): 200 GET http://10.180.1.21:9696/networking/v2.0/security-groups?tenant_id=7dff7292613746b497fc2e5de127bb85&name=default 0.045s
2025-03-06 08:34:04.766 69131 INFO tempest.lib.common.rest_client [req-0d626f73-d0a2-42b3-bf7e-4ff57dabdffa req-0d626f73-d0a2-42b3-bf7e-4ff57dabdffa ] Request (ServersTestManualDisk:setUpClass): 200 GET http://10.180.1.21/compute/v2.1/servers/77d43846-146e-4167-beb2-b313d068a6ba 0.144s
2025-03-06 08:34:04.776 69173 INFO tempest.lib.common.rest_client [req-780bd27d-df54-43be-8796-8f9fd51e04f3 req-780bd27d-df54-43be-8796-8f9fd51e04f3 ] Request (HypervisorAdminTestJSON:tearDownClass): 204 DELETE http://10.180.1.21/identity/v3/users/ab3274de24af40908e7c8323f0c6ad97 0.135s
2025-03-06 08:34:04.788 69151 INFO tempest.lib.common.rest_client [req-7d3f6114-e346-49fc-8f27-d254031422d0 req-7d3f6114-e346-49fc-8f27-d254031422d0 ] Request (ServerDiagnosticsNegativeTest:tearDownClass): 200 GET http://10.180.1.21/compute/v2.1/servers/0eca3da9-9612-4ef0-a275-9a48eb20872f 0.104s
2025-03-06 08:34:04.858 69149 INFO tempest.lib.common.rest_client [req-b375fb69-070a-47f0-b514-97978c4ef6fb req-b375fb69-070a-47f0-b514-97978c4ef6fb ] Request (FloatingIPDetailsTestJSON:setUpClass): 201 POST http://10.180.1.21:9696/networking/v2.0/subnets 0.208s
2025-03-06 08:34:04.865 69177 INFO tempest.lib.common.rest_client [req-2a32f051-0bd6-415c-94d5-38c8657598df req-2a32f051-0bd6-415c-94d5-38c8657598df ] Request (SecurityGroupsNegativeTestJSON:tearDownClass): 204 DELETE http://10.180.1.21:9696/networking/v2.0/security-groups/7493668a-194f-490b-bbc6-94822bdf6d92 0.114s
2025-03-06 08:34:04.869 69165 INFO tempest.lib.common.rest_client [req-3c620fa8-0e68-42e7-a71a-ef9146a40297 req-3c620fa8-0e68-42e7-a71a-ef9146a40297 ] Request (FloatingIPsAssociationNegativeTestJSON:setUpClass): 200 GET http://10.180.1.21/compute/v2.1/servers/768a32d3-864d-45a0-8c65-8c43882292f8 0.124s
2025-03-06 08:34:04.875 69185 INFO tempest.lib.common.rest_client [req-8f3386f4-ec50-42c7-be39-88da626a03cf req-8f3386f4-ec50-42c7-be39-88da626a03cf ] Request (ServerDiagnosticsV248Test:tearDownClass): 200 GET http://10.180.1.21/compute/v2.1/servers/a42a1113-9ca6-42f5-a1aa-0a123f17814d 0.135s
2025-03-06 08:34:04.895 69173 INFO tempest.lib.common.rest_client [req-17408b90-d7f5-4888-9265-adc5dd6c366a req-17408b90-d7f5-4888-9265-adc5dd6c366a ] Request (HypervisorAdminTestJSON:tearDownClass): 204 DELETE http://10.180.1.21/identity/v3/users/95922b783f2f4eae8c448b9f35f9d854 0.118s
2025-03-06 08:34:04.896 69173 INFO tempest.lib.common.dynamic_creds [-] Deleting project and security group for project: 81980cbd6c7a4e789c6df7646a00745f
2025-03-06 08:34:04.920 69143 INFO tempest.lib.common.rest_client [req-d9d3d73c-5923-41aa-ae2c-0a68a872dde9 req-d9d3d73c-5923-41aa-ae2c-0a68a872dde9 ] Request (ImagesTestJSON:test_create_image_from_stopped_server): 200 GET http://10.180.1.21/compute/v2.1/servers/064f9c81-5b1e-4d45-b92d-297f5bc3442d 0.121s
2025-03-06 08:34:04.999 69177 INFO tempest.lib.common.rest_client [req-c280c756-f47b-4f58-aef7-c338be672910 req-c280c756-f47b-4f58-aef7-c338be672910 ] Request (SecurityGroupsNegativeTestJSON:tearDownClass): 204 DELETE http://10.180.1.21/identity/v3/projects/7dff7292613746b497fc2e5de127bb85 0.134s
2025-03-06 08:34:05.010 69181 INFO tempest.lib.common.rest_client [req-f669e208-85a0-42e6-94c4-5cb80d468630 req-f669e208-85a0-42e6-94c4-5cb80d468630 ] Request (ImagesNegativeTestJSON:test_create_image_from_deleted_server): 200 GET http://10.180.1.21/compute/v2.1/servers/1235627a-11b9-44d3-b2c8-1f8df0953986 0.083s
2025-03-06 08:34:05.029 69173 INFO tempest.lib.common.rest_client [req-2abd8125-9b1c-4968-b401-2c64d30deead req-2abd8125-9b1c-4968-b401-2c64d30deead ] Request (HypervisorAdminTestJSON:tearDownClass): 201 POST http://10.180.1.21/identity/v3/auth/tokens 0.133s
2025-03-06 08:34:05.062 69177 INFO tempest.lib.common.rest_client [req-03c0cfff-21e6-41dc-ba48-ffce05a7008d req-03c0cfff-21e6-41dc-ba48-ffce05a7008d ] Request (InstanceActionsTestJSON:setUpClass): 201 POST http://10.180.1.21/identity/v3/auth/tokens 0.061s
2025-03-06 08:34:05.086 69127 INFO tempest.lib.common.rest_client [req-f3c51f12-3aba-47a1-883e-0d59b0a39df7 req-f3c51f12-3aba-47a1-883e-0d59b0a39df7 ] Request (SecurityGroupsTestJSON:test_server_security_groups): 200 GET http://10.180.1.21/compute/v2.1/servers/b2ca1d49-d635-4e52-a33d-97e5ee2b7d13 0.117s
2025-03-06 08:34:05.108 69177 INFO tempest.lib.common.rest_client [req-2e7f622a-5fb7-47b7-9b2c-2f6ddcb0738c req-2e7f622a-5fb7-47b7-9b2c-2f6ddcb0738c ] Request (InstanceActionsTestJSON:setUpClass): 201 POST http://10.180.1.21/identity/v3/auth/tokens 0.039s
2025-03-06 08:34:05.122 69147 INFO tempest.lib.common.rest_client [req-dd30613c-b617-4fe2-8199-97fad2847a6c req-dd30613c-b617-4fe2-8199-97fad2847a6c ] Request (ImagesMetadataTestJSON:setUpClass): 201 POST http://10.180.1.21/image/v2/images 0.526s
2025-03-06 08:34:05.135 69177 INFO tempest.lib.common.rest_client [req-9b229a00-1e5b-4396-8479-01110e781d00 req-9b229a00-1e5b-4396-8479-01110e781d00 ] Request (InstanceActionsTestJSON:setUpClass): 200 GET http://10.180.1.21/identity/v3/domains?name=Default 0.026s
2025-03-06 08:34:05.171 69177 INFO tempest.lib.common.rest_client [req-a509869a-bf91-48c5-8246-0c9540d8f639 req-a509869a-bf91-48c5-8246-0c9540d8f639 ] Request (InstanceActionsTestJSON:setUpClass): 201 POST http://10.180.1.21/identity/v3/projects 0.035s
2025-03-06 08:34:05.175 69155 INFO tempest.lib.common.rest_client [req-8a0e82c5-8255-41cc-bb5d-e0211ec63efa req-8a0e82c5-8255-41cc-bb5d-e0211ec63efa ] Request (ServersAdminNegativeTestJSON:setUpClass): 200 GET http://10.180.1.21/compute/v2.1/servers/1c1cd79d-1f16-4354-a44d-d6c3da6b599c 0.150s
2025-03-06 08:34:05.193 69187 INFO tempest.lib.common.rest_client [req-243b0f99-052e-4602-b1fd-02e0f36f01b1 req-243b0f99-052e-4602-b1fd-02e0f36f01b1 ] Request (MigrationsAdminTest:test_list_migrations_in_flavor_resize_situation): 200 GET http://10.180.1.21/compute/v2.1/servers/2bd0be89-bbc3-4b9c-b253-601deaa21a1c 0.250s
2025-03-06 08:34:05.203 69187 INFO tempest.common.waiters [-] State transition "RESIZE/resize_prep" ==> "RESIZE/resize_migrating" after 31 second wait
2025-03-06 08:34:05.243 69177 INFO tempest.lib.common.rest_client [req-1ae20e99-e95c-40f5-8305-65a79a1fee27 req-1ae20e99-e95c-40f5-8305-65a79a1fee27 ] Request (InstanceActionsTestJSON:setUpClass): 201 POST http://10.180.1.21/identity/v3/users 0.071s
2025-03-06 08:34:05.252 69173 INFO tempest.lib.common.rest_client [req-9d185c27-b115-447b-a49f-e2cb08dbe6bd req-9d185c27-b115-447b-a49f-e2cb08dbe6bd ] Request (HypervisorAdminTestJSON:tearDownClass): 200 GET http://10.180.1.21:9696/networking/v2.0/security-groups?tenant_id=81980cbd6c7a4e789c6df7646a00745f&name=default 0.222s
2025-03-06 08:34:05.263 69177 INFO tempest.lib.common.rest_client [req-2fe85441-4c66-4f86-a5d5-cd2f6a1511d6 req-2fe85441-4c66-4f86-a5d5-cd2f6a1511d6 ] Request (InstanceActionsTestJSON:setUpClass): 200 GET http://10.180.1.21/identity/v3/roles 0.019s
2025-03-06 08:34:05.286 69177 INFO tempest.lib.common.rest_client [req-ca8748f7-3ff6-4baf-a62f-863777354e0d req-ca8748f7-3ff6-4baf-a62f-863777354e0d ] Request (InstanceActionsTestJSON:setUpClass): 204 PUT http://10.180.1.21/identity/v3/projects/caa1cf9dfcc242bd8b374452a59cbc84/users/f3a69d5bd5634685b1dfd3fecc369657/roles/cde16e76c42c4aee906aa86e451c3245 0.023s
2025-03-06 08:34:05.286 69177 INFO tempest.lib.common.dynamic_creds [-] Dynamic test user f3a69d5bd5634685b1dfd3fecc369657 is created with scope project and roles: ['member']
2025-03-06 08:34:05.286 69177 INFO tempest.lib.common.dynamic_creds [-] Acquired dynamic creds: credentials: Credentials: {'domain_id': 'default', 'domain_name': 'Default', 'username': 'tempest-InstanceActionsTestJSON-1881383329-project-member', 'project_domain_id': 'default', 'project_domain_name': 'Default', 'project_id': 'caa1cf9dfcc242bd8b374452a59cbc84', 'project_name': 'tempest-InstanceActionsTestJSON-1881383329', 'tenant_id': 'caa1cf9dfcc242bd8b374452a59cbc84', 'tenant_name': 'tempest-InstanceActionsTestJSON-1881383329', 'user_domain_id': 'default', 'user_domain_name': 'Default', 'user_id': 'f3a69d5bd5634685b1dfd3fecc369657', 'system': None}, Network: None, Subnet: None, Router: None
2025-03-06 08:34:05.295 69159 INFO tempest.lib.common.rest_client [req-346533ab-2989-45eb-a110-bfd0bf37b1b2 req-346533ab-2989-45eb-a110-bfd0bf37b1b2 ] Request (ServersAdmin275Test:test_rebuild_update_server_275): 200 GET http://10.180.1.21/compute/v2.1/servers/bf2e84e6-4683-475a-8dd8-351191cf16fe 0.249s
2025-03-06 08:34:05.308 69159 INFO tempest.common.waiters [-] State transition "REBUILD/rebuild_spawning" ==> "ACTIVE/None" after 11 second wait
2025-03-06 08:34:05.340 69177 INFO tempest.lib.common.rest_client [req-1a3e06c3-df5b-4950-8424-8ebc8b14a47d req-1a3e06c3-df5b-4950-8424-8ebc8b14a47d ] Request (InstanceActionsTestJSON:setUpClass): 201 POST http://10.180.1.21/identity/v3/auth/tokens 0.053s
2025-03-06 08:34:05.343 69173 INFO tempest.lib.common.rest_client [req-d2eabef4-13a6-4994-99cd-88ee6079dbda req-d2eabef4-13a6-4994-99cd-88ee6079dbda ] Request (HypervisorAdminTestJSON:tearDownClass): 204 DELETE http://10.180.1.21:9696/networking/v2.0/security-groups/23663a02-d034-449e-8f32-59e84749b5c6 0.091s
2025-03-06 08:34:05.387 69171 INFO tempest.lib.common.rest_client [req-52bc2212-a57c-4fcc-8afd-771fb70bc61d req-52bc2212-a57c-4fcc-8afd-771fb70bc61d ] Request (ServerAddressesNegativeTestJSON:setUpClass): 200 GET http://10.180.1.21/compute/v2.1/servers/bd885b57-4718-464a-a60f-5543d3191bd1 0.262s
2025-03-06 08:34:05.411 69173 INFO tempest.lib.common.rest_client [req-362f084c-f47d-46b4-8197-7f59f758c063 req-362f084c-f47d-46b4-8197-7f59f758c063 ] Request (HypervisorAdminTestJSON:tearDownClass): 204 DELETE http://10.180.1.21/identity/v3/projects/81980cbd6c7a4e789c6df7646a00745f 0.068s
2025-03-06 08:34:05.411 69173 INFO tempest.lib.common.dynamic_creds [-] Deleting project and security group for project: 6d271a2c24134725be83f9641c97616f
2025-03-06 08:34:05.468 69145 INFO tempest.lib.common.rest_client [req-3e800c1a-78e0-42fe-ae56-7fc1504e4ff6 req-3e800c1a-78e0-42fe-ae56-7fc1504e4ff6 ] Request (DeleteServersAdminTestJSON:test_delete_server_while_in_error_state): 200 GET http://10.180.1.21/compute/v2.1/servers/50082c6e-44ca-4180-8367-85df53604b74 0.233s
2025-03-06 08:34:05.480 69161 INFO tempest.lib.common.rest_client [req-905f2e28-6f3b-4a0e-b5e9-d8fd8dfe15f9 req-905f2e28-6f3b-4a0e-b5e9-d8fd8dfe15f9 ] Request (ServerMetadataNegativeTestJSON:setUpClass): 200 GET http://10.180.1.21/compute/v2.1/servers/286d8d9a-a373-4c6d-83a5-21b34065dd01 0.390s
2025-03-06 08:34:05.492 69161 INFO tempest.common.waiters [-] State transition "BUILD/None" ==> "BUILD/block_device_mapping" after 44 second wait
2025-03-06 08:34:05.544 69173 INFO tempest.lib.common.rest_client [req-04b412a1-437a-44a3-aaaa-5f29f8b10d79 req-04b412a1-437a-44a3-aaaa-5f29f8b10d79 ] Request (HypervisorAdminTestJSON:tearDownClass): 200 GET http://10.180.1.21:9696/networking/v2.0/security-groups?tenant_id=6d271a2c24134725be83f9641c97616f&name=default 0.131s
2025-03-06 08:34:05.556 69183 INFO tempest.lib.common.rest_client [req-e5af2565-8c4f-44af-97c4-aae8c9480978 req-e5af2565-8c4f-44af-97c4-aae8c9480978 ] Request (ServerTagsTestJSON:setUpClass): 200 GET http://10.180.1.21/compute/v2.1/servers/aca1cd64-df1f-4505-bbff-9a896f7834de 0.298s
2025-03-06 08:34:05.564 69137 INFO tempest.lib.common.rest_client [req-17955b36-3e6e-4678-bd87-7553e01395a7 req-17955b36-3e6e-4678-bd87-7553e01395a7 ] Request (ServersTestFqdnHostnames:test_create_server_with_fqdn_name): 200 GET http://10.180.1.21/compute/v2.1/servers/6ae9092a-269e-4569-864f-28136dc65ab0 0.272s
2025-03-06 08:34:05.630 69173 INFO tempest.lib.common.rest_client [req-d259fa9f-79eb-4a17-92dd-4c357c04a4ab req-d259fa9f-79eb-4a17-92dd-4c357c04a4ab ] Request (HypervisorAdminTestJSON:tearDownClass): 204 DELETE http://10.180.1.21:9696/networking/v2.0/security-groups/f2490a59-34bd-4310-9b18-3cc99e112220 0.085s
2025-03-06 08:34:05.733 69173 INFO tempest.lib.common.rest_client [req-cf0b821b-fd0c-4946-9136-9436a1f60758 req-cf0b821b-fd0c-4946-9136-9436a1f60758 ] Request (HypervisorAdminTestJSON:tearDownClass): 204 DELETE http://10.180.1.21/identity/v3/projects/6d271a2c24134725be83f9641c97616f 0.102s
2025-03-06 08:34:05.734 69173 INFO tempest.test [-] raised in ComputeNetworksTest.setUpClass. Invoking tearDownClass.
2025-03-06 08:34:05.786 69147 INFO tempest.lib.common.rest_client [req-c1dc9f4d-0141-4b63-a7c1-ff1b31524a32 req-c1dc9f4d-0141-4b63-a7c1-ff1b31524a32 ] Request (ImagesMetadataTestJSON:setUpClass): 204 PUT http://10.180.1.21/image/v2/images/182de525-b36a-4da3-97fc-88fcbef4c91d/file 0.664s
2025-03-06 08:34:05.797 69173 INFO tempest.lib.common.rest_client [req-ce17fa39-b355-41b7-97c9-b40843fbfb1e req-ce17fa39-b355-41b7-97c9-b40843fbfb1e ] Request (QuotasTestJSON:setUpClass): 201 POST http://10.180.1.21/identity/v3/auth/tokens 0.062s
2025-03-06 08:34:05.833 69173 INFO tempest.lib.common.rest_client [req-a0c42feb-161b-4b19-9817-a4d53b256758 req-a0c42feb-161b-4b19-9817-a4d53b256758 ] Request (QuotasTestJSON:setUpClass): 201 POST http://10.180.1.21/identity/v3/auth/tokens 0.033s
2025-03-06 08:34:05.866 69173 INFO tempest.lib.common.rest_client [req-4bf9b740-145b-453e-90f7-4c4df3a520ad req-4bf9b740-145b-453e-90f7-4c4df3a520ad ] Request (QuotasTestJSON:setUpClass): 200 GET http://10.180.1.21/identity/v3/domains?name=Default 0.032s
2025-03-06 08:34:05.898 69173 INFO tempest.lib.common.rest_client [req-93752ffb-bc09-4a2e-9e01-d4347eb014f2 req-93752ffb-bc09-4a2e-9e01-d4347eb014f2 ] Request (QuotasTestJSON:setUpClass): 201 POST http://10.180.1.21/identity/v3/projects 0.031s
2025-03-06 08:34:05.943 69159 INFO tempest.lib.common.rest_client [req-a09d52e1-6a06-409b-8920-2bf3543f0b88 req-a09d52e1-6a06-409b-8920-2bf3543f0b88 ] Request (ServersAdmin275Test:test_rebuild_update_server_275): 202 POST http://10.180.1.21/compute/v2.1/servers/bf2e84e6-4683-475a-8dd8-351191cf16fe/action 0.634s
2025-03-06 08:34:05.962 69173 INFO tempest.lib.common.rest_client [req-114f0843-fa01-4b33-9c6f-4cdb3b3e9b4a req-114f0843-fa01-4b33-9c6f-4cdb3b3e9b4a ] Request (QuotasTestJSON:setUpClass): 201 POST http://10.180.1.21/identity/v3/users 0.064s
2025-03-06 08:34:05.989 69173 INFO tempest.lib.common.rest_client [req-6c3414d9-7108-47c6-b72f-f966c9178873 req-6c3414d9-7108-47c6-b72f-f966c9178873 ] Request (QuotasTestJSON:setUpClass): 200 GET http://10.180.1.21/identity/v3/roles 0.026s
2025-03-06 08:34:05.990 69153 INFO tempest.lib.common.rest_client [req-6dcdc459-622c-415c-9456-5137a2f60dec req-6dcdc459-622c-415c-9456-5137a2f60dec ] Request (ImagesOneServerNegativeTestJSON:_run_cleanups): 200 GET http://10.180.1.21/compute/v2.1/servers/f2c5f684-aaf6-4b91-af8c-e05a0f91b17e 0.617s
2025-03-06 08:34:06.016 69169 INFO tempest.lib.common.rest_client [req-ea241130-5dc0-43c1-92ef-241aa895ffc7 req-ea241130-5dc0-43c1-92ef-241aa895ffc7 ] Request (ServerExternalEventsTest:test_create_server_external_events): 200 GET http://10.180.1.21/compute/v2.1/servers/9c826747-c11d-4bf7-9fce-b3d949c0fbb9 0.621s
2025-03-06 08:34:06.019 69173 INFO tempest.lib.common.rest_client [req-bd43dcd8-c4e1-4e6a-9f25-5ade13dbc21e req-bd43dcd8-c4e1-4e6a-9f25-5ade13dbc21e ] Request (QuotasTestJSON:setUpClass): 204 PUT http://10.180.1.21/identity/v3/projects/5d0d7b29e1204e638d56ec73a9a34c87/users/56b2c78105134bd482750ad96a8df06e/roles/cde16e76c42c4aee906aa86e451c3245 0.029s
2025-03-06 08:34:06.019 69173 INFO tempest.lib.common.dynamic_creds [-] Dynamic test user 56b2c78105134bd482750ad96a8df06e is created with scope project and roles: ['member']
2025-03-06 08:34:06.019 69173 INFO tempest.lib.common.dynamic_creds [-] Acquired dynamic creds: credentials: Credentials: {'domain_id': 'default', 'domain_name': 'Default', 'username': 'tempest-QuotasTestJSON-1711150464-project-member', 'project_domain_id': 'default', 'project_domain_name': 'Default', 'project_id': '5d0d7b29e1204e638d56ec73a9a34c87', 'project_name': 'tempest-QuotasTestJSON-1711150464', 'tenant_id': '5d0d7b29e1204e638d56ec73a9a34c87', 'tenant_name': 'tempest-QuotasTestJSON-1711150464', 'user_domain_id': 'default', 'user_domain_name': 'Default', 'user_id': '56b2c78105134bd482750ad96a8df06e', 'system': None}, Network: None, Subnet: None, Router: None
2025-03-06 08:34:06.019 69173 INFO tempest.lib.common.dynamic_creds [-] Created isolated network resources for: credentials: Credentials: {'domain_id': 'default', 'domain_name': 'Default', 'username': 'tempest-QuotasTestJSON-1711150464-project-member', 'project_domain_id': 'default', 'project_domain_name': 'Default', 'project_id': '5d0d7b29e1204e638d56ec73a9a34c87', 'project_name': 'tempest-QuotasTestJSON-1711150464', 'tenant_id': '5d0d7b29e1204e638d56ec73a9a34c87', 'tenant_name': 'tempest-QuotasTestJSON-1711150464', 'user_domain_id': 'default', 'user_domain_name': 'Default', 'user_id': '56b2c78105134bd482750ad96a8df06e', 'system': None}, Network: None, Subnet: None, Router: None
2025-03-06 08:34:06.095 69163 INFO tempest.lib.common.rest_client [req-0a2d5c87-6250-4691-a6e7-2cc86339dfdf req-0a2d5c87-6250-4691-a6e7-2cc86339dfdf ] Request (ServersAdminTestJSON:setUpClass): 200 GET http://10.180.1.21/compute/v2.1/servers/72cc3e98-0fa9-4483-ae3c-b9b228ee50ea 0.646s
2025-03-06 08:34:06.102 69175 INFO tempest.lib.common.rest_client [req-70255c93-2555-4caa-bcbc-32795addf140 req-70255c93-2555-4caa-bcbc-32795addf140 ] Request (ServerGroupTestJSON:test_create_server_with_scheduler_hint_group): 200 GET http://10.180.1.21/compute/v2.1/servers/6c0c756b-519e-4588-8ec3-d86581ba9614 0.644s
2025-03-06 08:34:06.123 69173 INFO tempest.lib.common.rest_client [req-b5d6f570-ca09-4922-8250-526b7bb3fcb3 req-b5d6f570-ca09-4922-8250-526b7bb3fcb3 ] Request (QuotasTestJSON:setUpClass): 201 POST http://10.180.1.21/identity/v3/auth/tokens 0.101s
2025-03-06 08:34:06.124 69173 WARNING tempest.lib.common.rest_client [-] Deprecated: "tenant_id" property is deprecated for removal, use "project_id" instead
2025-03-06 08:34:06.202 69179 INFO tempest.lib.common.rest_client [req-ba28b797-53b0-4edd-bbb8-e4b890b6040f req-ba28b797-53b0-4edd-bbb8-e4b890b6040f ] Request (ServerActionsTestJSON:setUpClass): 200 GET http://10.180.1.21/compute/v2.1/servers/766dc032-7549-4939-9f7a-9de37afb60c5 0.691s
2025-03-06 08:34:06.214 69189 INFO tempest.lib.common.rest_client [req-d8b050d2-b07d-4c5f-a305-36f49fa2b1b0 req-d8b050d2-b07d-4c5f-a305-36f49fa2b1b0 ] Request (FloatingIPsAssociationTestJSON:test_associate_already_associated_floating_ip): 200 GET http://10.180.1.21/compute/v2.1/servers/889c445b-ae8f-4201-85b8-957765f4e2a5 0.694s
2025-03-06 08:34:06.283 69177 INFO tempest.lib.common.rest_client [req-7fa5ec80-2916-408c-9e17-b5dd2394ab49 req-7fa5ec80-2916-408c-9e17-b5dd2394ab49 ] Request (InstanceActionsTestJSON:setUpClass): 201 POST http://10.180.1.21:9696/networking/v2.0/networks 0.943s
2025-03-06 08:34:06.285 69129 INFO tempest.lib.common.rest_client [req-ae48c723-4786-4ca9-bca2-12543bdf3328 req-ae48c723-4786-4ca9-bca2-12543bdf3328 ] Request (ServersWithSpecificFlavorTestJSON:test_verify_created_server_ephemeral_disk): 200 GET http://10.180.1.21/compute/v2.1/servers/9df541a0-521d-4d57-8428-cda3e3f3a092 0.657s
2025-03-06 08:34:06.389 69167 INFO tempest.lib.common.rest_client [req-425c7a06-c77a-4bad-8e3b-e0470bc10f2c req-425c7a06-c77a-4bad-8e3b-e0470bc10f2c ] Request (ServersListShow298Test:test_list_show_update_rebuild_server_298): 200 GET http://10.180.1.21/compute/v2.1/servers/cfecbc5f-207a-40e7-87db-cbd06c337399 0.652s
2025-03-06 08:34:06.442 69177 INFO tempest.lib.common.rest_client [req-9537550e-bb43-4601-8ce3-134120443ee7 req-9537550e-bb43-4601-8ce3-134120443ee7 ] Request (InstanceActionsTestJSON:setUpClass): 201 POST http://10.180.1.21:9696/networking/v2.0/subnets 0.158s
2025-03-06 08:34:06.464 69131 INFO tempest.lib.common.rest_client [req-82111b68-13c6-45ed-8f54-ac7ae8a857cb req-82111b68-13c6-45ed-8f54-ac7ae8a857cb ] Request (ServersTestManualDisk:setUpClass): 200 GET http://10.180.1.21/compute/v2.1/servers/77d43846-146e-4167-beb2-b313d068a6ba 0.690s
2025-03-06 08:34:06.498 69147 INFO tempest.lib.common.rest_client [req-8236e762-ddec-4fa8-ac7b-630eb283eaa6 req-8236e762-ddec-4fa8-ac7b-630eb283eaa6 ] Request (ImagesMetadataTestJSON:setUpClass): 200 GET http://10.180.1.21/compute/v2.1/images/182de525-b36a-4da3-97fc-88fcbef4c91d 0.711s
2025-03-06 08:34:06.593 69135 INFO tempest.lib.common.rest_client [req-4b8c8952-6c17-4852-874e-8c9922290b51 req-4b8c8952-6c17-4852-874e-8c9922290b51 ] Request (ListServerFiltersTestJSON:test_list_servers_filter_by_shutoff_status): 200 GET http://10.180.1.21/compute/v2.1/servers/20e97f6c-f9d5-4300-bdd7-c89978cf4013 0.899s
2025-03-06 08:34:06.602 69151 INFO tempest.lib.common.rest_client [req-c3fbd778-340a-4e64-9657-a318c1df0dc4 req-c3fbd778-340a-4e64-9657-a318c1df0dc4 ] Request (ServerDiagnosticsNegativeTest:tearDownClass): 200 GET http://10.180.1.21/compute/v2.1/servers/0eca3da9-9612-4ef0-a275-9a48eb20872f 0.801s
2025-03-06 08:34:06.664 69165 INFO tempest.lib.common.rest_client [req-6e4f43a3-5974-4aeb-8b4f-034fb9691140 req-6e4f43a3-5974-4aeb-8b4f-034fb9691140 ] Request (FloatingIPsAssociationNegativeTestJSON:setUpClass): 200 GET http://10.180.1.21/compute/v2.1/servers/768a32d3-864d-45a0-8c65-8c43882292f8 0.783s
2025-03-06 08:34:06.695 69185 INFO tempest.lib.common.rest_client [req-052f5a04-d415-44f3-b5f0-2dfb775739f6 req-052f5a04-d415-44f3-b5f0-2dfb775739f6 ] Request (ServerDiagnosticsV248Test:tearDownClass): 200 GET http://10.180.1.21/compute/v2.1/servers/a42a1113-9ca6-42f5-a1aa-0a123f17814d 0.807s
2025-03-06 08:34:06.731 69143 INFO tempest.lib.common.rest_client [req-07824c98-a25b-470a-b099-fa2eb2fcd843 req-07824c98-a25b-470a-b099-fa2eb2fcd843 ] Request (ImagesTestJSON:test_create_image_from_stopped_server): 200 GET http://10.180.1.21/compute/v2.1/servers/064f9c81-5b1e-4d45-b92d-297f5bc3442d 0.803s
2025-03-06 08:34:06.797 69159 INFO tempest.lib.common.rest_client [req-725e4ab0-87f9-4fc7-966b-31603349c9ea req-725e4ab0-87f9-4fc7-966b-31603349c9ea ] Request (ServersAdmin275Test:_run_cleanups): 200 GET http://10.180.1.21/compute/v2.1/servers/bf2e84e6-4683-475a-8dd8-351191cf16fe 0.839s
2025-03-06 08:34:06.812 69181 INFO tempest.lib.common.rest_client [req-0236c223-1743-4208-9183-d0ace04f310d req-0236c223-1743-4208-9183-d0ace04f310d ] Request (ImagesNegativeTestJSON:test_create_image_from_deleted_server): 200 GET http://10.180.1.21/compute/v2.1/servers/1235627a-11b9-44d3-b2c8-1f8df0953986 0.789s
2025-03-06 08:34:06.865 69127 INFO tempest.lib.common.rest_client [req-1eebae4e-4090-46e3-87e4-83d2401aa9c9 req-1eebae4e-4090-46e3-87e4-83d2401aa9c9 ] Request (SecurityGroupsTestJSON:test_server_security_groups): 200 GET http://10.180.1.21/compute/v2.1/servers/b2ca1d49-d635-4e52-a33d-97e5ee2b7d13 0.765s
2025-03-06 08:34:06.928 69173 INFO tempest.lib.common.rest_client [req-ac7d336b-b5ad-4b24-afbb-ef1c19d86d77 req-ac7d336b-b5ad-4b24-afbb-ef1c19d86d77 ] Request (QuotasTestJSON:test_compare_tenant_quotas_with_default_quotas): 200 GET http://10.180.1.21/compute/v2.1/os-quota-sets/5d0d7b29e1204e638d56ec73a9a34c87/defaults 0.802s
2025-03-06 08:34:06.943 69155 INFO tempest.lib.common.rest_client [req-bb31aff8-c3e7-43bb-8200-7da0756ddc88 req-bb31aff8-c3e7-43bb-8200-7da0756ddc88 ] Request (ServersAdminNegativeTestJSON:setUpClass): 200 GET http://10.180.1.21/compute/v2.1/servers/1c1cd79d-1f16-4354-a44d-d6c3da6b599c 0.755s
2025-03-06 08:34:07.010 69171 INFO tempest.lib.common.rest_client [req-27fc2752-26a0-4330-8c58-3dbe74ca91ca req-27fc2752-26a0-4330-8c58-3dbe74ca91ca ] Request (ServerAddressesNegativeTestJSON:setUpClass): 200 GET http://10.180.1.21/compute/v2.1/servers/bd885b57-4718-464a-a60f-5543d3191bd1 0.609s
