2025-03-06 08:33:10.058 69179 INFO tempest.lib.common.rest_client [req-5e1b818e-395f-448b-b5dc-f7a0e6eccd4e req-5e1b818e-395f-448b-b5dc-f7a0e6eccd4e ] Request (SecurityGroupRulesTestJSON:setUpClass): 201 POST http://10.180.1.21/identity/v3/users 0.059s
2025-03-06 08:33:10.066 69133 INFO tempest.lib.common.rest_client [req-e468318d-b2f5-48de-95ef-f82b6d5e6062 req-e468318d-b2f5-48de-95ef-f82b6d5e6062 ] Request (VolumesAssistedSnapshotsTest:setUpClass): 200 PUT http://10.180.1.21:9696/networking/v2.0/routers/78f56fa5-532b-469f-9a9c-93bd931b82a6/add_router_interface 1.276s
2025-03-06 08:33:10.067 69133 INFO tempest.lib.common.dynamic_creds [-] Created isolated network resources for: credentials: Credentials: {'domain_id': 'default', 'domain_name': 'Default', 'username': 'tempest-VolumesAssistedSnapshotsTest-1947978424-project', 'project_domain_id': 'default', 'project_domain_name': 'Default', 'project_id': '92152bed67d54c08a8ad0d84e98386e6', 'project_name': 'tempest-VolumesAssistedSnapshotsTest-1947978424', 'tenant_id': '92152bed67d54c08a8ad0d84e98386e6', 'tenant_name': 'tempest-VolumesAssistedSnapshotsTest-1947978424', 'user_domain_id': 'default', 'user_domain_name': 'Default', 'user_id': '1297b1d006ca4ea4aba2ac370653cecd', 'system': None}, Network: {'id': '37599583-97da-49e5-8cd7-c30faddd663a', 'name': 'tempest-VolumesAssistedSnapshotsTest-1996911638-network', 'tenant_id': '92152bed67d54c08a8ad0d84e98386e6', 'admin_state_up': True, 'mtu': 8950, 'status': 'ACTIVE', 'subnets': [], 'shared': False, 'project_id': '92152bed67d54c08a8ad0d84e98386e6', 'port_security_enabled': True, 'router:external': False, 'provider:network_type': 'vlan', 'provider:physical_network': 'default', 'provider:segmentation_id': 874, 'availability_zone_hints': [], 'availability_zones': [], 'ipv4_address_scope': None, 'ipv6_address_scope': None, 'description': '', 'tags': [], 'created_at': '2025-03-06T08:33:06Z', 'updated_at': '2025-03-06T08:33:06Z', 'revision_number': 1}, Subnet: {'id': '499e44da-cdbe-488d-b39b-0f5ec0e325d7', 'name': 'tempest-VolumesAssistedSnapshotsTest-1996911638-subnet', 'tenant_id': '92152bed67d54c08a8ad0d84e98386e6', 'network_id': '37599583-97da-49e5-8cd7-c30faddd663a', 'ip_version': 4, 'subnetpool_id': None, 'enable_dhcp': True, 'ipv6_ra_mode': None, 'ipv6_address_mode': None, 'gateway_ip': '192.168.128.1', 'cidr': '192.168.128.0/28', 'allocation_pools': [{'start': '192.168.128.2', 'end': '192.168.128.14'}], 'host_routes': [], 'dns_nameservers': [], 'description': '', 'router:external': False, 'service_types': [], 'tags': [], 'created_at': '2025-03-06T08:33:07Z', 'updated_at': '2025-03-06T08:33:07Z', 'revision_number': 0, 'project_id': '92152bed67d54c08a8ad0d84e98386e6'}, Router: {'id': '78f56fa5-532b-469f-9a9c-93bd931b82a6', 'name': 'tempest-VolumesAssistedSnapshotsTest-1996911638-router', 'tenant_id': '92152bed67d54c08a8ad0d84e98386e6', 'admin_state_up': True, 'status': 'ACTIVE', 'external_gateway_info': {'network_id': '1f8e8973-f0ac-42b1-98ce-a72c61772c1b', 'external_fixed_ips': [{'subnet_id': 'b9404675-a8fd-420f-92fd-9f537d6eb9a4', 'ip_address': '10.180.180.241'}], 'enable_snat': True}, 'description': '', 'availability_zones': [], 'distributed': False, 'ha': False, 'availability_zone_hints': [], 'routes': [], 'flavor_id': None, 'tags': [], 'created_at': '2025-03-06T08:33:07Z', 'updated_at': '2025-03-06T08:33:08Z', 'revision_number': 2, 'project_id': '92152bed67d54c08a8ad0d84e98386e6'}
2025-03-06 08:33:10.070 69165 INFO tempest.lib.common.rest_client [req-bef5bed4-f101-4e23-9a6f-3a99b4db0c14 req-bef5bed4-f101-4e23-9a6f-3a99b4db0c14 ] Request (SecurityGroupsTestAdminJSON:test_list_security_groups_list_all_tenants_filter): 200 POST http://10.180.1.21/compute/v2.1/os-security-groups 1.601s
2025-03-06 08:33:10.091 69179 INFO tempest.lib.common.rest_client [req-72f3c5b9-7145-47be-94b3-8cc724b6afe6 req-72f3c5b9-7145-47be-94b3-8cc724b6afe6 ] Request (SecurityGroupRulesTestJSON:setUpClass): 200 GET http://10.180.1.21/identity/v3/roles 0.033s
2025-03-06 08:33:10.121 69179 INFO tempest.lib.common.rest_client [req-be3d4c15-be2d-4ac3-aa83-d34947775c6b req-be3d4c15-be2d-4ac3-aa83-d34947775c6b ] Request (SecurityGroupRulesTestJSON:setUpClass): 204 PUT http://10.180.1.21/identity/v3/projects/0cdd41707dd849308d0d5c0efaff3660/users/57beff88bd4e4bfba3205eb735a03837/roles/cde16e76c42c4aee906aa86e451c3245 0.030s
2025-03-06 08:33:10.121 69179 INFO tempest.lib.common.dynamic_creds [-] Dynamic test user 57beff88bd4e4bfba3205eb735a03837 is created with scope project and roles: ['member']
2025-03-06 08:33:10.122 69179 INFO tempest.lib.common.dynamic_creds [-] Acquired dynamic creds: credentials: Credentials: {'domain_id': 'default', 'domain_name': 'Default', 'username': 'tempest-SecurityGroupRulesTestJSON-1814108918-project-member', 'project_domain_id': 'default', 'project_domain_name': 'Default', 'project_id': '0cdd41707dd849308d0d5c0efaff3660', 'project_name': 'tempest-SecurityGroupRulesTestJSON-1814108918', 'tenant_id': '0cdd41707dd849308d0d5c0efaff3660', 'tenant_name': 'tempest-SecurityGroupRulesTestJSON-1814108918', 'user_domain_id': 'default', 'user_domain_name': 'Default', 'user_id': '57beff88bd4e4bfba3205eb735a03837', 'system': None}, Network: None, Subnet: None, Router: None
2025-03-06 08:33:10.143 69151 INFO tempest.lib.common.rest_client [req-a5242afb-d905-4225-b60c-88ca44c3e034 req-a5242afb-d905-4225-b60c-88ca44c3e034 ] Request (QuotaClassesAdminTestJSON:tearDownClass): 204 DELETE http://10.180.1.21:9696/networking/v2.0/security-groups/aa0a73cc-52d1-499c-b399-a055ca1372c2 0.285s
2025-03-06 08:33:10.153 69133 INFO tempest.lib.common.rest_client [req-18f42190-d229-4bc6-a6e7-1bbd3dbe02de req-18f42190-d229-4bc6-a6e7-1bbd3dbe02de ] Request (VolumesAssistedSnapshotsTest:setUpClass): 201 POST http://10.180.1.21/identity/v3/auth/tokens 0.083s
2025-03-06 08:33:10.156 69185 INFO tempest.lib.common.rest_client [req-0d1047ec-ef25-4076-9ea9-e947f0d5d0d2 req-0d1047ec-ef25-4076-9ea9-e947f0d5d0d2 ] Request (ServerDiagnosticsV248Test:test_get_server_diagnostics): 200 GET http://10.180.1.21/compute/v2.1/servers/a42a1113-9ca6-42f5-a1aa-0a123f17814d 1.603s
2025-03-06 08:33:10.167 69185 INFO tempest.common.waiters [-] State transition "BUILD/None" ==> "BUILD/networking" after 3 second wait
2025-03-06 08:33:10.173 69137 INFO tempest.lib.common.rest_client [req-2d36aba8-b98f-4892-ac6b-1b1230ef74d9 req-2d36aba8-b98f-4892-ac6b-1b1230ef74d9 ] Request (KeyPairsV210TestJSON:_run_cleanups): 204 DELETE http://10.180.1.21/compute/v2.1/os-keypairs/tempest-KeyPairsV210TestJSON-keypair-1589361942 1.542s
2025-03-06 08:33:10.185 69179 INFO tempest.lib.common.rest_client [req-201cfca8-787e-4517-ab9a-b4ba7cc45f14 req-201cfca8-787e-4517-ab9a-b4ba7cc45f14 ] Request (SecurityGroupRulesTestJSON:setUpClass): 201 POST http://10.180.1.21/identity/v3/auth/tokens 0.063s
2025-03-06 08:33:10.246 69151 INFO tempest.lib.common.rest_client [req-adbfde73-f91e-496a-853b-84b72ea29e4e req-adbfde73-f91e-496a-853b-84b72ea29e4e ] Request (QuotaClassesAdminTestJSON:tearDownClass): 204 DELETE http://10.180.1.21/identity/v3/projects/f113b41542e24d6f83717893dd3ff68a 0.102s
2025-03-06 08:33:10.333 69151 INFO tempest.lib.common.rest_client [req-62044ac6-a5a9-4ade-b9b5-a938ea3d4f4f req-62044ac6-a5a9-4ade-b9b5-a938ea3d4f4f ] Request (ServerDiagnosticsNegativeTest:setUpClass): 201 POST http://10.180.1.21/identity/v3/auth/tokens 0.085s
2025-03-06 08:33:10.397 69151 INFO tempest.lib.common.rest_client [req-d7e62919-6244-4166-9578-ffd1d0dad992 req-d7e62919-6244-4166-9578-ffd1d0dad992 ] Request (ServerDiagnosticsNegativeTest:setUpClass): 201 POST http://10.180.1.21/identity/v3/auth/tokens 0.059s
2025-03-06 08:33:10.400 69139 INFO tempest.lib.common.rest_client [req-bee46be6-3e5a-4542-aee2-b1f96d365ce8 req-bee46be6-3e5a-4542-aee2-b1f96d365ce8 ] Request (VolumesAdminNegativeTest:test_update_attached_volume_with_nonexistent_volume_in_body): 202 POST http://10.180.1.21/compute/v2.1/servers 1.890s
2025-03-06 08:33:10.423 69151 INFO tempest.lib.common.rest_client [req-81ebe27d-331e-4deb-baa2-524896459581 req-81ebe27d-331e-4deb-baa2-524896459581 ] Request (ServerDiagnosticsNegativeTest:setUpClass): 200 GET http://10.180.1.21/identity/v3/domains?name=Default 0.026s
2025-03-06 08:33:10.425 69173 INFO tempest.lib.common.rest_client [req-12e5fb0d-65f3-44fb-b3e8-6ad844211957 req-12e5fb0d-65f3-44fb-b3e8-6ad844211957 ] Request (FlavorsAdminTestJSON:test_create_flavor_verify_entry_in_list_details): 200 GET http://10.180.1.21/compute/v2.1/flavors/detail 1.553s
2025-03-06 08:33:10.462 69151 INFO tempest.lib.common.rest_client [req-be3420c9-3ff7-4548-a567-46a040e065b4 req-be3420c9-3ff7-4548-a567-46a040e065b4 ] Request (ServerDiagnosticsNegativeTest:setUpClass): 201 POST http://10.180.1.21/identity/v3/projects 0.038s
2025-03-06 08:33:10.484 69149 INFO tempest.lib.common.rest_client [req-743a98be-e234-4072-baab-45bc588e8328 req-743a98be-e234-4072-baab-45bc588e8328 ] Request (ServerDiagnosticsTest:test_get_server_diagnostics): 200 GET http://10.180.1.21/compute/v2.1/servers/300e26cc-5841-4566-a633-d1de19504af4 1.593s
2025-03-06 08:33:10.491 69167 INFO tempest.lib.common.rest_client [req-e9efd0a9-28af-4c03-86a4-8497c023b880 req-e9efd0a9-28af-4c03-86a4-8497c023b880 ] Request (KeyPairsV22TestJSON:test_get_keypair_detail): 200 GET http://10.180.1.21/compute/v2.1/os-keypairs/tempest-keypair-892782553 1.402s
2025-03-06 08:33:10.495 69175 INFO tempest.lib.common.rest_client [req-6a66068a-895b-4db1-81fd-2abe2bee5f1c req-6a66068a-895b-4db1-81fd-2abe2bee5f1c ] Request (QuotasAdminNegativeTest:_run_cleanups): 200 PUT http://10.180.1.21/compute/v2.1/os-quota-sets/31e042641998423d858f8492a5381517 1.644s
2025-03-06 08:33:10.502 69159 INFO tempest.lib.common.rest_client [req-1fa185f1-f872-4a79-a698-d3c0569a6215 req-1fa185f1-f872-4a79-a698-d3c0569a6215 ] Request (HypervisorAdminNegativeUnderV252Test:test_show_servers_with_non_admin_user): 403 GET http://10.180.1.21/compute/v2.1/os-hypervisors/1/servers 1.357s
2025-03-06 08:33:10.529 69151 INFO tempest.lib.common.rest_client [req-a57b540d-a04c-4daa-8a71-7df738e09816 req-a57b540d-a04c-4daa-8a71-7df738e09816 ] Request (ServerDiagnosticsNegativeTest:setUpClass): 201 POST http://10.180.1.21/identity/v3/users 0.066s
2025-03-06 08:33:10.551 69133 INFO tempest.lib.common.rest_client [req-a579a195-92c5-4a4d-ba68-bd37dc9d7725 req-a579a195-92c5-4a4d-ba68-bd37dc9d7725 ] Request (VolumesAssistedSnapshotsTest:test_volume_assisted_snapshot_create_delete): 202 POST http://10.180.1.21/volume/v3/volumes 0.396s
2025-03-06 08:33:10.562 69151 INFO tempest.lib.common.rest_client [req-53dad829-8b6b-4851-9552-58304ffd9666 req-53dad829-8b6b-4851-9552-58304ffd9666 ] Request (ServerDiagnosticsNegativeTest:setUpClass): 200 GET http://10.180.1.21/identity/v3/roles 0.032s
2025-03-06 08:33:10.608 69151 INFO tempest.lib.common.rest_client [req-3c4a9091-c3df-4a4d-9406-2ea56ab4fa94 req-3c4a9091-c3df-4a4d-9406-2ea56ab4fa94 ] Request (ServerDiagnosticsNegativeTest:setUpClass): 204 PUT http://10.180.1.21/identity/v3/projects/f20774fe08b147f3823b4edb390d7dcf/users/9461e2bae2a640d79f34512750da08af/roles/cde16e76c42c4aee906aa86e451c3245 0.045s
2025-03-06 08:33:10.608 69151 INFO tempest.lib.common.dynamic_creds [-] Dynamic test user 9461e2bae2a640d79f34512750da08af is created with scope project and roles: ['member']
2025-03-06 08:33:10.608 69151 INFO tempest.lib.common.dynamic_creds [-] Acquired dynamic creds: credentials: Credentials: {'domain_id': 'default', 'domain_name': 'Default', 'username': 'tempest-ServerDiagnosticsNegativeTest-413671896-project-member', 'project_domain_id': 'default', 'project_domain_name': 'Default', 'project_id': 'f20774fe08b147f3823b4edb390d7dcf', 'project_name': 'tempest-ServerDiagnosticsNegativeTest-413671896', 'tenant_id': 'f20774fe08b147f3823b4edb390d7dcf', 'tenant_name': 'tempest-ServerDiagnosticsNegativeTest-413671896', 'user_domain_id': 'default', 'user_domain_name': 'Default', 'user_id': '9461e2bae2a640d79f34512750da08af', 'system': None}, Network: None, Subnet: None, Router: None
2025-03-06 08:33:10.608 69151 INFO tempest.lib.common.dynamic_creds [-] Created isolated network resources for: credentials: Credentials: {'domain_id': 'default', 'domain_name': 'Default', 'username': 'tempest-ServerDiagnosticsNegativeTest-413671896-project-member', 'project_domain_id': 'default', 'project_domain_name': 'Default', 'project_id': 'f20774fe08b147f3823b4edb390d7dcf', 'project_name': 'tempest-ServerDiagnosticsNegativeTest-413671896', 'tenant_id': 'f20774fe08b147f3823b4edb390d7dcf', 'tenant_name': 'tempest-ServerDiagnosticsNegativeTest-413671896', 'user_domain_id': 'default', 'user_domain_name': 'Default', 'user_id': '9461e2bae2a640d79f34512750da08af', 'system': None}, Network: None, Subnet: None, Router: None
2025-03-06 08:33:10.612 69179 INFO tempest.lib.common.rest_client [req-5a3b252c-2fd8-428e-be63-9b7a37dec707 req-5a3b252c-2fd8-428e-be63-9b7a37dec707 ] Request (SecurityGroupRulesTestJSON:setUpClass): 201 POST http://10.180.1.21:9696/networking/v2.0/networks 0.426s
2025-03-06 08:33:10.628 69133 INFO tempest.lib.common.rest_client [req-261246d8-d9a1-45cb-819a-dec5cd9f3962 req-261246d8-d9a1-45cb-819a-dec5cd9f3962 ] Request (VolumesAssistedSnapshotsTest:test_volume_assisted_snapshot_create_delete): 200 GET http://10.180.1.21/volume/v3/volumes/e7af2b85-7b12-401e-b14f-10e9748f1045 0.066s
2025-03-06 08:33:10.688 69151 INFO tempest.lib.common.rest_client [req-87b16d7c-9bd6-4ab8-a689-e92762006960 req-87b16d7c-9bd6-4ab8-a689-e92762006960 ] Request (ServerDiagnosticsNegativeTest:setUpClass): 201 POST http://10.180.1.21/identity/v3/auth/tokens 0.076s
2025-03-06 08:33:10.748 69151 INFO tempest.lib.common.rest_client [req-e7e0acd5-dd6e-49a1-96ec-cc75651be702 req-e7e0acd5-dd6e-49a1-96ec-cc75651be702 ] Request (ServerDiagnosticsNegativeTest:setUpClass): 201 POST http://10.180.1.21/identity/v3/projects 0.059s
2025-03-06 08:33:10.754 69179 INFO tempest.lib.common.rest_client [req-b886afd5-2737-4db3-b587-2a10f33b10c4 req-b886afd5-2737-4db3-b587-2a10f33b10c4 ] Request (SecurityGroupRulesTestJSON:setUpClass): 201 POST http://10.180.1.21:9696/networking/v2.0/subnets 0.141s
2025-03-06 08:33:10.772 69131 INFO tempest.lib.common.rest_client [req-5735497e-30e4-401b-9ae0-bcfb68cfaf54 req-5735497e-30e4-401b-9ae0-bcfb68cfaf54 ] Request (QuotasAdminTestV257:test_get_updated_quotas): 200 PUT http://10.180.1.21/compute/v2.1/os-quota-sets/363e80daccfe4004b12984f7fe7f2ec3 1.672s
2025-03-06 08:33:10.819 69135 INFO tempest.lib.common.rest_client [req-8ca9c1ff-4c7e-40b2-814e-f1e86148cef1 req-8ca9c1ff-4c7e-40b2-814e-f1e86148cef1 ] Request (ListServerFiltersTestJSON:setUpClass): 202 POST http://10.180.1.21/compute/v2.1/servers 1.638s
2025-03-06 08:33:10.840 69151 INFO tempest.lib.common.rest_client [req-eb2959f8-f108-42c2-b273-c50469c2d3b2 req-eb2959f8-f108-42c2-b273-c50469c2d3b2 ] Request (ServerDiagnosticsNegativeTest:setUpClass): 201 POST http://10.180.1.21/identity/v3/users 0.091s
2025-03-06 08:33:10.845 69187 INFO tempest.lib.common.rest_client [req-1b4c0b70-783c-45f1-85d8-d97782eb8c23 req-1b4c0b70-783c-45f1-85d8-d97782eb8c23 ] Request (MigrationsAdminTest:test_list_migrations_in_flavor_resize_situation): 200 GET http://10.180.1.21/compute/v2.1/servers/2bd0be89-bbc3-4b9c-b253-601deaa21a1c 1.525s
2025-03-06 08:33:10.899 69135 INFO tempest.lib.common.rest_client [req-135d5d3f-d164-419a-bd4e-7fff6b55ff9b req-135d5d3f-d164-419a-bd4e-7fff6b55ff9b ] Request (ListServerFiltersTestJSON:setUpClass): 201 POST http://10.180.1.21/identity/v3/auth/tokens 0.075s
2025-03-06 08:33:10.899 69135 INFO tempest.lib.common.fixed_network [-] (ListServerFiltersTestJSON:setUpClass) Found network {'id': 'cbb16b77-a7c0-4f1d-9157-ae619824437b', 'name': 'tempest-ListServerFiltersTestJSON-2108133246-network', 'tenant_id': '497727d0699d4339bebc07164a591a72', 'admin_state_up': True, 'mtu': 8950, 'status': 'ACTIVE', 'subnets': [], 'shared': False, 'project_id': '497727d0699d4339bebc07164a591a72', 'port_security_enabled': True, 'router:external': False, 'provider:network_type': 'vlan', 'provider:physical_network': 'default', 'provider:segmentation_id': 188, 'availability_zone_hints': [], 'availability_zones': [], 'ipv4_address_scope': None, 'ipv6_address_scope': None, 'description': '', 'tags': [], 'created_at': '2025-03-06T08:33:06Z', 'updated_at': '2025-03-06T08:33:06Z', 'revision_number': 1} available for tenant
2025-03-06 08:33:10.918 69151 INFO tempest.lib.common.rest_client [req-9746689d-b1a6-4eae-9834-2f8e529aca85 req-9746689d-b1a6-4eae-9834-2f8e529aca85 ] Request (ServerDiagnosticsNegativeTest:setUpClass): 200 GET http://10.180.1.21/identity/v3/roles 0.078s
2025-03-06 08:33:10.947 69129 INFO tempest.lib.common.rest_client [req-33b78237-91fe-4573-96db-4566eafe4c78 req-33b78237-91fe-4573-96db-4566eafe4c78 ] Request (ServersWithSpecificFlavorTestJSON:test_verify_created_server_ephemeral_disk): 200 POST http://10.180.1.21/compute/v2.1/flavors 1.621s
2025-03-06 08:33:10.957 69151 INFO tempest.lib.common.rest_client [req-bddf69eb-2038-406a-9a30-876dc98fce3b req-bddf69eb-2038-406a-9a30-876dc98fce3b ] Request (ServerDiagnosticsNegativeTest:setUpClass): 204 PUT http://10.180.1.21/identity/v3/projects/2306d0a47c0940088b305a4d52bdfb86/users/ba74b575687a4f06bc10176a2c3ca89c/roles/f9681e9a79b542fea6a4bca2ab9cc52a 0.038s
2025-03-06 08:33:10.962 69183 INFO tempest.lib.common.rest_client [req-bb61181a-0515-488f-a2f2-13a0664d6099 req-bb61181a-0515-488f-a2f2-13a0664d6099 ] Request (HostsAdminNegativeTestJSON:test_show_host_detail_with_nonexistent_hostname): 404 GET http://10.180.1.21/compute/v2.1/os-hosts/nonexistent_hostname 1.507s
2025-03-06 08:33:10.979 69161 INFO tempest.lib.common.rest_client [req-b2a59041-b549-4a0c-b440-fac3a9eb3dd6 req-b2a59041-b549-4a0c-b440-fac3a9eb3dd6 ] Request (ImagesMetadataNegativeTestJSON:test_update_nonexistent_image_metadata): 404 POST http://10.180.1.21/compute/v2.1/images/3f93367d-fdc8-4741-90fa-138b078bb68e/metadata 1.503s
2025-03-06 08:33:11.001 69143 INFO tempest.lib.common.rest_client [req-aa26ff77-ffe0-4078-874d-f57f7a9f7960 req-aa26ff77-ffe0-4078-874d-f57f7a9f7960 ] Request (ServicesAdminNegativeV253TestJSON:test_get_service_by_invalid_params): 200 GET http://10.180.1.21/compute/v2.1/os-services?xxx=nova-compute 1.505s
2025-03-06 08:33:11.018 69151 INFO tempest.lib.common.rest_client [req-c2488d93-9bad-49e7-9f17-33a8fd188a89 req-c2488d93-9bad-49e7-9f17-33a8fd188a89 ] Request (ServerDiagnosticsNegativeTest:setUpClass): 200 GET http://10.180.1.21/identity/v3/roles 0.061s
2025-03-06 08:33:11.049 69151 INFO tempest.lib.common.rest_client [req-58702123-963e-4888-be52-302fd3e8d3b3 req-58702123-963e-4888-be52-302fd3e8d3b3 ] Request (ServerDiagnosticsNegativeTest:setUpClass): 204 PUT http://10.180.1.21/identity/v3/projects/2306d0a47c0940088b305a4d52bdfb86/users/ba74b575687a4f06bc10176a2c3ca89c/roles/f9681e9a79b542fea6a4bca2ab9cc52a 0.030s
2025-03-06 08:33:11.049 69151 INFO tempest.lib.common.dynamic_creds [-] Dynamic test user ba74b575687a4f06bc10176a2c3ca89c is created with scope project and roles: ['admin']
2025-03-06 08:33:11.049 69151 INFO tempest.lib.common.dynamic_creds [-] Acquired dynamic creds: credentials: Credentials: {'domain_id': 'default', 'domain_name': 'Default', 'username': 'tempest-ServerDiagnosticsNegativeTest-681962178-project-admin', 'project_domain_id': 'default', 'project_domain_name': 'Default', 'project_id': '2306d0a47c0940088b305a4d52bdfb86', 'project_name': 'tempest-ServerDiagnosticsNegativeTest-681962178', 'tenant_id': '2306d0a47c0940088b305a4d52bdfb86', 'tenant_name': 'tempest-ServerDiagnosticsNegativeTest-681962178', 'user_domain_id': 'default', 'user_domain_name': 'Default', 'user_id': 'ba74b575687a4f06bc10176a2c3ca89c', 'system': None}, Network: None, Subnet: None, Router: None
2025-03-06 08:33:11.049 69151 INFO tempest.lib.common.dynamic_creds [-] Created isolated network resources for: credentials: Credentials: {'domain_id': 'default', 'domain_name': 'Default', 'username': 'tempest-ServerDiagnosticsNegativeTest-681962178-project-admin', 'project_domain_id': 'default', 'project_domain_name': 'Default', 'project_id': '2306d0a47c0940088b305a4d52bdfb86', 'project_name': 'tempest-ServerDiagnosticsNegativeTest-681962178', 'tenant_id': '2306d0a47c0940088b305a4d52bdfb86', 'tenant_name': 'tempest-ServerDiagnosticsNegativeTest-681962178', 'user_domain_id': 'default', 'user_domain_name': 'Default', 'user_id': 'ba74b575687a4f06bc10176a2c3ca89c', 'system': None}, Network: None, Subnet: None, Router: None
2025-03-06 08:33:11.060 69153 INFO tempest.lib.common.rest_client [req-d7d75201-6e28-4cbd-989f-16c89a1a43ed req-d7d75201-6e28-4cbd-989f-16c89a1a43ed ] Request (ImagesOneServerNegativeTestJSON:setUpClass): 200 GET http://10.180.1.21/compute/v2.1/servers/f2c5f684-aaf6-4b91-af8c-e05a0f91b17e 1.511s
2025-03-06 08:33:11.067 69177 INFO tempest.lib.common.rest_client [req-f7d2b2c2-3b1e-425b-83fd-ccbbbfc9c4f7 req-f7d2b2c2-3b1e-425b-83fd-ccbbbfc9c4f7 ] Request (FlavorsAccessNegativeTestJSON:_run_cleanups): 200 POST http://10.180.1.21/compute/v2.1/flavors/603563705/action 1.621s
2025-03-06 08:33:11.073 69155 INFO tempest.lib.common.rest_client [req-01f96ce6-92e8-44db-9055-d4499babda14 req-01f96ce6-92e8-44db-9055-d4499babda14 ] Request (FlavorsExtraSpecsNegativeTestJSON:test_flavor_non_admin_unset_keys): 403 DELETE http://10.180.1.21/compute/v2.1/flavors/657920851/os-extra_specs/hw:numa_nodes 1.489s
2025-03-06 08:33:11.123 69161 INFO tempest.lib.common.rest_client [req-52970e93-fce7-442f-93a7-937013f64895 req-52970e93-fce7-442f-93a7-937013f64895 ] Request (ImagesMetadataNegativeTestJSON:tearDownClass): 204 DELETE http://10.180.1.21/identity/v3/users/00503fe843444f83a2a89d1e45067312 0.142s
2025-03-06 08:33:11.124 69161 INFO tempest.lib.common.dynamic_creds [-] Deleting project and security group for project: 90bb96aab2eb4215b617c757548cf8d5
2025-03-06 08:33:11.138 69151 INFO tempest.lib.common.rest_client [req-13d8c860-15b5-4107-b45c-d8a29e05fdcb req-13d8c860-15b5-4107-b45c-d8a29e05fdcb ] Request (ServerDiagnosticsNegativeTest:setUpClass): 201 POST http://10.180.1.21/identity/v3/auth/tokens 0.085s
2025-03-06 08:33:11.149 69127 INFO tempest.lib.common.rest_client [req-74f7494e-3b30-4b8c-9568-37e65571ea61 req-74f7494e-3b30-4b8c-9568-37e65571ea61 ] Request (SecurityGroupsTestJSON:test_list_security_groups_by_server): 200 GET http://10.180.1.21/compute/v2.1/servers/378969d9-d802-4b63-b636-0a422e061add 1.408s
2025-03-06 08:33:11.174 69171 INFO tempest.lib.common.rest_client [req-608424aa-4bc3-4d5d-9be6-16ad65b32a09 req-608424aa-4bc3-4d5d-9be6-16ad65b32a09 ] Request (FlavorsAccessTestJSON:test_flavor_access_add_remove): 200 GET http://10.180.1.21/compute/v2.1/flavors/detail 1.303s
2025-03-06 08:33:11.183 69161 INFO tempest.lib.common.rest_client [req-02707382-e5d1-4a93-9f0e-b5ba8ec7d92e req-02707382-e5d1-4a93-9f0e-b5ba8ec7d92e ] Request (ImagesMetadataNegativeTestJSON:tearDownClass): 201 POST http://10.180.1.21/identity/v3/auth/tokens 0.059s
2025-03-06 08:33:11.239 69151 INFO tempest.lib.common.rest_client [req-eb799521-5cdf-4988-96fe-b959120987cc req-eb799521-5cdf-4988-96fe-b959120987cc ] Request (ServerDiagnosticsNegativeTest:test_get_server_diagnostics_by_non_admin): 201 POST http://10.180.1.21/identity/v3/auth/tokens 0.096s
2025-03-06 08:33:11.240 69151 INFO tempest.lib.common.fixed_network [-] (ServerDiagnosticsNegativeTest:test_get_server_diagnostics_by_non_admin) Found network None available for tenant
2025-03-06 08:33:11.284 69169 INFO tempest.lib.common.rest_client [req-f994703a-e77f-47df-8996-dab2a54a94a6 req-f994703a-e77f-47df-8996-dab2a54a94a6 ] Request (HypervisorAdminNegativeTestJSON:test_get_hypervisor_uptime_with_non_admin_user): 200 GET http://10.180.1.21/compute/v2.1/os-hypervisors 1.404s
2025-03-06 08:33:11.305 69142 INFO tempest.lib.common.rest_client [req-602cca5a-8889-463b-8722-943b3e399adb req-602cca5a-8889-463b-8722-943b3e399adb ] Request (ServicesAdminNegativeTestJSON:test_get_service_with_valid_service_and_invalid_host): 200 GET http://10.180.1.21/compute/v2.1/os-services 1.398s
2025-03-06 08:33:11.451 69157 INFO tempest.lib.common.rest_client [req-8a2f4376-b82f-4d19-840e-da4917327ed5 req-8a2f4376-b82f-4d19-840e-da4917327ed5 ] Request (ServersV294TestFqdnHostnames:setUpClass): 201 POST http://10.180.1.21/compute/v2.1/os-keypairs 1.424s
2025-03-06 08:33:11.454 69147 INFO tempest.lib.common.rest_client [req-7828a5ba-272a-426a-873a-187fd3e5a21a req-7828a5ba-272a-426a-873a-187fd3e5a21a ] Request (AggregatesAdminNegativeTestJSON:_run_cleanups): 200 POST http://10.180.1.21/compute/v2.1/os-aggregates/1/action 1.902s
2025-03-06 08:33:11.468 69137 INFO tempest.lib.common.rest_client [req-f66457f3-1892-4c62-91c2-efaaa2fe6774 req-f66457f3-1892-4c62-91c2-efaaa2fe6774 ] Request (KeyPairsV210TestJSON:_run_cleanups): 204 DELETE http://10.180.1.21/compute/v2.1/os-keypairs/tempest-keypair-453111501?user_id=11ed426c8a214e74b3c982e515725e45 1.295s
2025-03-06 08:33:11.484 69161 INFO tempest.lib.common.rest_client [req-e2cc606d-ec83-446d-8da2-8bd1afe6154b req-e2cc606d-ec83-446d-8da2-8bd1afe6154b ] Request (ImagesMetadataNegativeTestJSON:tearDownClass): 200 GET http://10.180.1.21:9696/networking/v2.0/security-groups?tenant_id=90bb96aab2eb4215b617c757548cf8d5&name=default 0.301s
2025-03-06 08:33:11.563 69189 INFO tempest.lib.common.rest_client [req-756bc6c6-7b42-4ccc-b114-1573dc034bcd req-756bc6c6-7b42-4ccc-b114-1573dc034bcd ] Request (FloatingIPsAssociationTestJSON:setUpClass): 200 GET http://10.180.1.21/compute/v2.1/servers/2de3a03b-d12a-43af-9ac3-357bff2bd65c 1.347s
2025-03-06 08:33:11.602 69179 INFO tempest.lib.common.rest_client [req-f3d55bb7-3049-448c-bb78-5a8d6e2263f4 req-f3d55bb7-3049-448c-bb78-5a8d6e2263f4 ] Request (SecurityGroupRulesTestJSON:setUpClass): 201 POST http://10.180.1.21:9696/networking/v2.0/routers 0.847s
2025-03-06 08:33:11.623 69139 INFO tempest.lib.common.rest_client [req-618be2d4-642d-4eab-8089-1b6c407af05b req-618be2d4-642d-4eab-8089-1b6c407af05b ] Request (VolumesAdminNegativeTest:test_update_attached_volume_with_nonexistent_volume_in_body): 200 GET http://10.180.1.21/compute/v2.1/servers/126f7c38-74e6-4107-b809-c1c1a678197f 1.221s
2025-03-06 08:33:11.641 69173 INFO tempest.lib.common.rest_client [req-a80a1549-0aa7-4307-ab31-79b4919bab32 req-a80a1549-0aa7-4307-ab31-79b4919bab32 ] Request (FlavorsAdminTestJSON:_run_cleanups): 202 DELETE http://10.180.1.21/compute/v2.1/flavors/1526109788 1.205s
2025-03-06 08:33:11.644 69161 INFO tempest.lib.common.rest_client [req-7e281f82-12de-4b42-917d-a85aa7098fcc req-7e281f82-12de-4b42-917d-a85aa7098fcc ] Request (ImagesMetadataNegativeTestJSON:tearDownClass): 204 DELETE http://10.180.1.21:9696/networking/v2.0/security-groups/5facdb28-d2a2-461d-8ea2-b6eadb9a9be1 0.159s
2025-03-06 08:33:11.660 69167 INFO tempest.lib.common.rest_client [req-46a1f9ab-6038-4417-843e-c79f3ac85c71 req-46a1f9ab-6038-4417-843e-c79f3ac85c71 ] Request (KeyPairsV22TestJSON:_run_cleanups): 204 DELETE http://10.180.1.21/compute/v2.1/os-keypairs/tempest-keypair-892782553 1.167s
2025-03-06 08:33:11.678 69133 INFO tempest.lib.common.rest_client [req-806ad406-9607-4792-a9bf-70cb903904e1 req-806ad406-9607-4792-a9bf-70cb903904e1 ] Request (VolumesAssistedSnapshotsTest:test_volume_assisted_snapshot_create_delete): 200 GET http://10.180.1.21/volume/v3/volumes/e7af2b85-7b12-401e-b14f-10e9748f1045 0.043s
2025-03-06 08:33:11.680 69159 INFO tempest.lib.common.rest_client [req-2325ebc0-038a-49a2-994d-29f6031b6df6 req-2325ebc0-038a-49a2-994d-29f6031b6df6 ] Request (HypervisorAdminNegativeUnderV252Test:test_show_servers_with_nonexistent_hypervisor): 404 GET http://10.180.1.21/compute/v2.1/os-hypervisors/e41d6ecb-e3be-4409-8b89-36abc181137a/servers 1.177s
2025-03-06 08:33:11.686 69157 INFO tempest.lib.common.rest_client [req-4bfcf990-2cb1-4590-8437-c9dcfef56a05 req-4bfcf990-2cb1-4590-8437-c9dcfef56a05 ] Request (ServersV294TestFqdnHostnames:setUpClass): 201 POST http://10.180.1.21:9696/networking/v2.0/security-groups 0.233s
2025-03-06 08:33:11.687 69133 INFO tempest.common.waiters [-] volume e7af2b85-7b12-401e-b14f-10e9748f1045 reached available after waiting for 1.687467 seconds
2025-03-06 08:33:11.732 69161 INFO tempest.lib.common.rest_client [req-9aea8552-fe53-45d0-8dcc-d098d1562630 req-9aea8552-fe53-45d0-8dcc-d098d1562630 ] Request (ImagesMetadataNegativeTestJSON:tearDownClass): 204 DELETE http://10.180.1.21/identity/v3/projects/90bb96aab2eb4215b617c757548cf8d5 0.087s
2025-03-06 08:33:11.799 69161 INFO tempest.lib.common.rest_client [req-27382252-e289-4bed-a82f-f9719b5fea26 req-27382252-e289-4bed-a82f-f9719b5fea26 ] Request (AZV2TestJSON:setUpClass): 201 POST http://10.180.1.21/identity/v3/auth/tokens 0.065s
2025-03-06 08:33:11.807 69159 INFO tempest.lib.common.rest_client [req-c95ecf3e-4811-4030-b9dd-7d3ba5338014 req-c95ecf3e-4811-4030-b9dd-7d3ba5338014 ] Request (HypervisorAdminNegativeUnderV252Test:tearDownClass): 204 DELETE http://10.180.1.21/identity/v3/users/ecad9c853fda44279028dcff794f6b71 0.126s
2025-03-06 08:33:11.833 69157 INFO tempest.lib.common.rest_client [req-d4166679-d9ed-4cc1-a148-75269d3380d4 req-d4166679-d9ed-4cc1-a148-75269d3380d4 ] Request (ServersV294TestFqdnHostnames:setUpClass): 201 POST http://10.180.1.21:9696/networking/v2.0/security-group-rules 0.146s
2025-03-06 08:33:11.884 69161 INFO tempest.lib.common.rest_client [req-73326833-c183-4b8f-8b10-e1cb6eecdcb2 req-73326833-c183-4b8f-8b10-e1cb6eecdcb2 ] Request (AZV2TestJSON:setUpClass): 201 POST http://10.180.1.21/identity/v3/auth/tokens 0.081s
2025-03-06 08:33:11.935 69159 INFO tempest.lib.common.rest_client [req-4a06936f-b2ee-45d4-92ba-52b835c6a96a req-4a06936f-b2ee-45d4-92ba-52b835c6a96a ] Request (HypervisorAdminNegativeUnderV252Test:tearDownClass): 204 DELETE http://10.180.1.21/identity/v3/users/3729cfaab33742b78a967244a0b3f879 0.126s
2025-03-06 08:33:11.936 69159 INFO tempest.lib.common.dynamic_creds [-] Deleting project and security group for project: 3ab07d3c6e0947df880619b7645dbb50
2025-03-06 08:33:11.984 69175 INFO tempest.lib.common.rest_client [req-81bd83ad-f4bd-47a2-937d-5cfb51973994 req-81bd83ad-f4bd-47a2-937d-5cfb51973994 ] Request (QuotasAdminNegativeTest:test_create_server_when_instances_quota_is_full): 200 GET http://10.180.1.21/compute/v2.1/os-quota-sets/31e042641998423d858f8492a5381517 1.477s
2025-03-06 08:33:11.998 69161 INFO tempest.lib.common.rest_client [req-5bd3cb38-1d9f-43e3-b1e7-f934765919d1 req-5bd3cb38-1d9f-43e3-b1e7-f934765919d1 ] Request (AZV2TestJSON:setUpClass): 200 GET http://10.180.1.21/identity/v3/domains?name=Default 0.114s
2025-03-06 08:33:12.005 69159 INFO tempest.lib.common.rest_client [req-806a23eb-a71d-4450-9e95-d58f215e9280 req-806a23eb-a71d-4450-9e95-d58f215e9280 ] Request (HypervisorAdminNegativeUnderV252Test:tearDownClass): 201 POST http://10.180.1.21/identity/v3/auth/tokens 0.069s
2025-03-06 08:33:12.060 69161 INFO tempest.lib.common.rest_client [req-825e9f15-d9f5-407b-aee2-5ec662d30002 req-825e9f15-d9f5-407b-aee2-5ec662d30002 ] Request (AZV2TestJSON:setUpClass): 201 POST http://10.180.1.21/identity/v3/projects 0.062s
2025-03-06 08:33:12.074 69145 INFO tempest.lib.common.rest_client [req-e6199bb4-2f08-4767-8fb9-501938bf8633 req-e6199bb4-2f08-4767-8fb9-501938bf8633 ] Request (DeleteServersAdminTestJSON:test_admin_delete_servers_of_others): 200 GET http://10.180.1.21/compute/v2.1/servers/c780de6a-ecc4-44dc-bc52-eaf274039a35 1.402s
2025-03-06 08:33:12.082 69145 INFO tempest.common.waiters [-] State transition "BUILD/None" ==> "BUILD/networking" after 5 second wait
2025-03-06 08:33:12.150 69157 INFO tempest.lib.common.rest_client [req-1a4f2324-78b5-40b8-a5cc-e7b8ae987ebf req-1a4f2324-78b5-40b8-a5cc-e7b8ae987ebf ] Request (ServersV294TestFqdnHostnames:setUpClass): 201 POST http://10.180.1.21:9696/networking/v2.0/security-group-rules 0.317s
2025-03-06 08:33:12.157 69161 INFO tempest.lib.common.rest_client [req-6e216dc9-376f-4be0-ade7-e5ffde0574c6 req-6e216dc9-376f-4be0-ade7-e5ffde0574c6 ] Request (AZV2TestJSON:setUpClass): 201 POST http://10.180.1.21/identity/v3/users 0.096s
2025-03-06 08:33:12.199 69161 INFO tempest.lib.common.rest_client [req-7e92e095-3720-4442-beb9-ec9a31e404f6 req-7e92e095-3720-4442-beb9-ec9a31e404f6 ] Request (AZV2TestJSON:setUpClass): 200 GET http://10.180.1.21/identity/v3/roles 0.040s
2025-03-06 08:33:12.235 69161 INFO tempest.lib.common.rest_client [req-c4a9f186-455b-4ba1-a3a1-9eb116200db5 req-c4a9f186-455b-4ba1-a3a1-9eb116200db5 ] Request (AZV2TestJSON:setUpClass): 204 PUT http://10.180.1.21/identity/v3/projects/74d6659679a74176a98c5d963701657e/users/97cd567644204c71b9e9bfc02d24cb76/roles/cde16e76c42c4aee906aa86e451c3245 0.035s
2025-03-06 08:33:12.235 69161 INFO tempest.lib.common.dynamic_creds [-] Dynamic test user 97cd567644204c71b9e9bfc02d24cb76 is created with scope project and roles: ['member']
2025-03-06 08:33:12.235 69161 INFO tempest.lib.common.dynamic_creds [-] Acquired dynamic creds: credentials: Credentials: {'domain_id': 'default', 'domain_name': 'Default', 'username': 'tempest-AZV2TestJSON-1621340750-project-member', 'project_domain_id': 'default', 'project_domain_name': 'Default', 'project_id': '74d6659679a74176a98c5d963701657e', 'project_name': 'tempest-AZV2TestJSON-1621340750', 'tenant_id': '74d6659679a74176a98c5d963701657e', 'tenant_name': 'tempest-AZV2TestJSON-1621340750', 'user_domain_id': 'default', 'user_domain_name': 'Default', 'user_id': '97cd567644204c71b9e9bfc02d24cb76', 'system': None}, Network: None, Subnet: None, Router: None
2025-03-06 08:33:12.235 69161 INFO tempest.lib.common.dynamic_creds [-] Created isolated network resources for: credentials: Credentials: {'domain_id': 'default', 'domain_name': 'Default', 'username': 'tempest-AZV2TestJSON-1621340750-project-member', 'project_domain_id': 'default', 'project_domain_name': 'Default', 'project_id': '74d6659679a74176a98c5d963701657e', 'project_name': 'tempest-AZV2TestJSON-1621340750', 'tenant_id': '74d6659679a74176a98c5d963701657e', 'tenant_name': 'tempest-AZV2TestJSON-1621340750', 'user_domain_id': 'default', 'user_domain_name': 'Default', 'user_id': '97cd567644204c71b9e9bfc02d24cb76', 'system': None}, Network: None, Subnet: None, Router: None
2025-03-06 08:33:12.319 69161 INFO tempest.lib.common.rest_client [req-0d4e57f4-3667-47be-854c-69d065b51e02 req-0d4e57f4-3667-47be-854c-69d065b51e02 ] Request (AZV2TestJSON:setUpClass): 201 POST http://10.180.1.21/identity/v3/auth/tokens 0.079s
2025-03-06 08:33:12.327 69131 INFO tempest.lib.common.rest_client [req-177e9112-77c4-4e9d-8d05-dc3d57c66a6f req-177e9112-77c4-4e9d-8d05-dc3d57c66a6f ] Request (QuotasAdminTestV257:test_get_updated_quotas): 200 GET http://10.180.1.21/compute/v2.1/os-quota-sets/363e80daccfe4004b12984f7fe7f2ec3/detail 1.553s
2025-03-06 08:33:12.365 69131 INFO tempest.lib.common.rest_client [req-c39390d9-6372-464f-b394-12d7bb34de84 req-c39390d9-6372-464f-b394-12d7bb34de84 ] Request (QuotasAdminTestV257:test_get_updated_quotas): 200 GET http://10.180.1.21/identity/v3/domains?name=Default 0.033s
2025-03-06 08:33:12.397 69131 INFO tempest.lib.common.rest_client [req-51f115da-a436-491e-b5bd-e15dac5f78f0 req-51f115da-a436-491e-b5bd-e15dac5f78f0 ] Request (QuotasAdminTestV257:test_get_updated_quotas): 201 POST http://10.180.1.21/identity/v3/users 0.032s
2025-03-06 08:33:12.422 69131 INFO tempest.lib.common.rest_client [req-f348f1e8-aeca-48ff-b287-7a43718d77e2 req-f348f1e8-aeca-48ff-b287-7a43718d77e2 ] Request (QuotasAdminTestV257:test_get_updated_quotas): 200 GET http://10.180.1.21/identity/v3/domains?name=Default 0.024s
2025-03-06 08:33:12.454 69159 INFO tempest.lib.common.rest_client [req-5e44609d-b9ef-448c-9c2e-6068a165aade req-5e44609d-b9ef-448c-9c2e-6068a165aade ] Request (HypervisorAdminNegativeUnderV252Test:tearDownClass): 200 GET http://10.180.1.21:9696/networking/v2.0/security-groups?tenant_id=3ab07d3c6e0947df880619b7645dbb50&name=default 0.449s
2025-03-06 08:33:12.621 69159 INFO tempest.lib.common.rest_client [req-fa0e2c03-ac3a-4b4f-8c30-a00ff24568ae req-fa0e2c03-ac3a-4b4f-8c30-a00ff24568ae ] Request (HypervisorAdminNegativeUnderV252Test:tearDownClass): 204 DELETE http://10.180.1.21:9696/networking/v2.0/security-groups/5a8519ab-c48a-45fe-86ac-bb618555e4b9 0.166s
2025-03-06 08:33:12.729 69159 INFO tempest.lib.common.rest_client [req-715af482-d606-43e7-96bf-7c2fb290d92f req-715af482-d606-43e7-96bf-7c2fb290d92f ] Request (HypervisorAdminNegativeUnderV252Test:tearDownClass): 204 DELETE http://10.180.1.21/identity/v3/projects/3ab07d3c6e0947df880619b7645dbb50 0.108s
2025-03-06 08:33:12.730 69159 INFO tempest.lib.common.dynamic_creds [-] Deleting project and security group for project: b56db0e6df8b40d88f68817bb1f1ca31
2025-03-06 08:33:12.779 69179 INFO tempest.lib.common.rest_client [req-f524e02c-e682-4d10-9f7d-561f231b8753 req-f524e02c-e682-4d10-9f7d-561f231b8753 ] Request (SecurityGroupRulesTestJSON:setUpClass): 200 PUT http://10.180.1.21:9696/networking/v2.0/routers/40960141-e3e5-479e-a5fd-0ad1c25dc915/add_router_interface 1.177s
2025-03-06 08:33:12.780 69179 INFO tempest.lib.common.dynamic_creds [-] Created isolated network resources for: credentials: Credentials: {'domain_id': 'default', 'domain_name': 'Default', 'username': 'tempest-SecurityGroupRulesTestJSON-1814108918-project-member', 'project_domain_id': 'default', 'project_domain_name': 'Default', 'project_id': '0cdd41707dd849308d0d5c0efaff3660', 'project_name': 'tempest-SecurityGroupRulesTestJSON-1814108918', 'tenant_id': '0cdd41707dd849308d0d5c0efaff3660', 'tenant_name': 'tempest-SecurityGroupRulesTestJSON-1814108918', 'user_domain_id': 'default', 'user_domain_name': 'Default', 'user_id': '57beff88bd4e4bfba3205eb735a03837', 'system': None}, Network: {'id': 'aacad025-b74c-43ca-b356-8f30d7ca7e97', 'name': 'tempest-SecurityGroupRulesTestJSON-1316349766-network', 'tenant_id': '0cdd41707dd849308d0d5c0efaff3660', 'admin_state_up': True, 'mtu': 8950, 'status': 'ACTIVE', 'subnets': [], 'shared': False, 'project_id': '0cdd41707dd849308d0d5c0efaff3660', 'port_security_enabled': True, 'router:external': False, 'provider:network_type': 'vlan', 'provider:physical_network': 'default', 'provider:segmentation_id': 9, 'availability_zone_hints': [], 'availability_zones': [], 'ipv4_address_scope': None, 'ipv6_address_scope': None, 'description': '', 'tags': [], 'created_at': '2025-03-06T08:33:10Z', 'updated_at': '2025-03-06T08:33:10Z', 'revision_number': 1}, Subnet: {'id': '5917cbe2-2a74-45ab-a5be-a1afdb90da34', 'name': 'tempest-SecurityGroupRulesTestJSON-1316349766-subnet', 'tenant_id': '0cdd41707dd849308d0d5c0efaff3660', 'network_id': 'aacad025-b74c-43ca-b356-8f30d7ca7e97', 'ip_version': 4, 'subnetpool_id': None, 'enable_dhcp': True, 'ipv6_ra_mode': None, 'ipv6_address_mode': None, 'gateway_ip': '192.168.128.1', 'cidr': '192.168.128.0/28', 'allocation_pools': [{'start': '192.168.128.2', 'end': '192.168.128.14'}], 'host_routes': [], 'dns_nameservers': [], 'description': '', 'router:external': False, 'service_types': [], 'tags': [], 'created_at': '2025-03-06T08:33:10Z', 'updated_at': '2025-03-06T08:33:10Z', 'revision_number': 0, 'project_id': '0cdd41707dd849308d0d5c0efaff3660'}, Router: {'id': '40960141-e3e5-479e-a5fd-0ad1c25dc915', 'name': 'tempest-SecurityGroupRulesTestJSON-1316349766-router', 'tenant_id': '0cdd41707dd849308d0d5c0efaff3660', 'admin_state_up': True, 'status': 'ACTIVE', 'external_gateway_info': {'network_id': '1f8e8973-f0ac-42b1-98ce-a72c61772c1b', 'external_fixed_ips': [{'subnet_id': 'b9404675-a8fd-420f-92fd-9f537d6eb9a4', 'ip_address': '10.180.180.178'}], 'enable_snat': True}, 'description': '', 'availability_zones': [], 'distributed': False, 'ha': False, 'availability_zone_hints': [], 'routes': [], 'flavor_id': None, 'tags': [], 'created_at': '2025-03-06T08:33:10Z', 'updated_at': '2025-03-06T08:33:11Z', 'revision_number': 2, 'project_id': '0cdd41707dd849308d0d5c0efaff3660'}
2025-03-06 08:33:12.855 69135 INFO tempest.lib.common.rest_client [req-f5dc51e4-a2eb-4379-a5af-11c08b0af909 req-f5dc51e4-a2eb-4379-a5af-11c08b0af909 ] Request (ListServerFiltersTestJSON:setUpClass): 202 POST http://10.180.1.21/compute/v2.1/servers 1.955s
2025-03-06 08:33:12.860 69179 INFO tempest.lib.common.rest_client [req-f10532c2-c080-462d-9232-8cda6d54121d req-f10532c2-c080-462d-9232-8cda6d54121d ] Request (SecurityGroupRulesTestJSON:setUpClass): 201 POST http://10.180.1.21/identity/v3/auth/tokens 0.073s
2025-03-06 08:33:12.870 69129 INFO tempest.lib.common.rest_client [req-6f206e25-7e2c-4500-8468-19e6018d6c59 req-6f206e25-7e2c-4500-8468-19e6018d6c59 ] Request (ServersWithSpecificFlavorTestJSON:test_verify_created_server_ephemeral_disk): 200 GET http://10.180.1.21/compute/v2.1/flavors/42/os-extra_specs 1.915s
2025-03-06 08:33:12.878 69183 INFO tempest.lib.common.rest_client [req-e4bbad7a-a19b-4622-b602-b3271df7be10 req-e4bbad7a-a19b-4622-b602-b3271df7be10 ] Request (HostsAdminNegativeTestJSON:test_shutdown_host_with_non_admin_user): 403 GET http://10.180.1.21/compute/v2.1/os-hosts/devstack/shutdown 1.915s
2025-03-06 08:33:12.883 69157 INFO tempest.lib.common.rest_client [req-9011969a-0a81-4829-bb13-95867f9b4589 req-9011969a-0a81-4829-bb13-95867f9b4589 ] Request (ServersV294TestFqdnHostnames:setUpClass): 201 POST http://10.180.1.21:9696/networking/v2.0/floatingips 0.732s
2025-03-06 08:33:12.900 69143 INFO tempest.lib.common.rest_client [req-e37d8655-6a2b-46a0-8241-a3cd78a8e21b req-e37d8655-6a2b-46a0-8241-a3cd78a8e21b ] Request (ServicesAdminNegativeV253TestJSON:test_get_service_by_invalid_service_and_valid_host): 200 GET http://10.180.1.21/compute/v2.1/os-services 1.895s
2025-03-06 08:33:12.915 69177 INFO tempest.lib.common.rest_client [req-962a1afd-707f-423e-b105-f28d1e94ab3c req-962a1afd-707f-423e-b105-f28d1e94ab3c ] Request (FlavorsAccessNegativeTestJSON:_run_cleanups): 202 DELETE http://10.180.1.21/compute/v2.1/flavors/603563705 1.846s
2025-03-06 08:33:12.937 69155 INFO tempest.lib.common.rest_client [req-db143b3f-384c-40b6-a73f-c973ddd58d40 req-db143b3f-384c-40b6-a73f-c973ddd58d40 ] Request (FlavorsExtraSpecsNegativeTestJSON:test_flavor_non_admin_update_specific_key): 200 POST http://10.180.1.21/compute/v2.1/flavors/657920851/os-extra_specs 1.863s
2025-03-06 08:33:12.961 69157 INFO tempest.lib.common.rest_client [req-6b3935ef-dc33-4008-94b5-7a47ec0c8d89 req-6b3935ef-dc33-4008-94b5-7a47ec0c8d89 ] Request (ServersV294TestFqdnHostnames:setUpClass): 201 POST http://10.180.1.21/identity/v3/auth/tokens 0.075s
2025-03-06 08:33:12.962 69157 INFO tempest.lib.common.fixed_network [-] (ServersV294TestFqdnHostnames:setUpClass) Found network {'id': 'b1f4d0c7-31a0-42a0-8d7b-9b4eac60d8ea', 'name': 'tempest-ServersV294TestFqdnHostnames-64813055-network', 'tenant_id': 'cc111d4c99ed4ecda9b9084805d70e69', 'admin_state_up': True, 'mtu': 8950, 'status': 'ACTIVE', 'subnets': [], 'shared': False, 'project_id': 'cc111d4c99ed4ecda9b9084805d70e69', 'port_security_enabled': True, 'router:external': False, 'provider:network_type': 'vlan', 'provider:physical_network': 'default', 'provider:segmentation_id': 840, 'availability_zone_hints': [], 'availability_zones': [], 'ipv4_address_scope': None, 'ipv6_address_scope': None, 'description': '', 'tags': [], 'created_at': '2025-03-06T08:33:06Z', 'updated_at': '2025-03-06T08:33:06Z', 'revision_number': 1} available for tenant
2025-03-06 08:33:13.014 69159 INFO tempest.lib.common.rest_client [req-42172bff-d73c-4742-989c-2d13a0948740 req-42172bff-d73c-4742-989c-2d13a0948740 ] Request (HypervisorAdminNegativeUnderV252Test:tearDownClass): 200 GET http://10.180.1.21:9696/networking/v2.0/security-groups?tenant_id=b56db0e6df8b40d88f68817bb1f1ca31&name=default 0.284s
2025-03-06 08:33:13.018 69185 INFO tempest.lib.common.rest_client [req-db45800b-83dd-4f26-8bc6-e3be72e45694 req-db45800b-83dd-4f26-8bc6-e3be72e45694 ] Request (ServerDiagnosticsV248Test:test_get_server_diagnostics): 200 GET http://10.180.1.21/compute/v2.1/servers/a42a1113-9ca6-42f5-a1aa-0a123f17814d 1.849s
2025-03-06 08:33:13.035 69185 INFO tempest.common.waiters [-] State transition "BUILD/networking" ==> "BUILD/spawning" after 6 second wait
2025-03-06 08:33:13.050 69171 INFO tempest.lib.common.rest_client [req-abbbc936-e995-4189-b9a4-9c64db92cec3 req-abbbc936-e995-4189-b9a4-9c64db92cec3 ] Request (FlavorsAccessTestJSON:_run_cleanups): 202 DELETE http://10.180.1.21/compute/v2.1/flavors/1099778727 1.868s
2025-03-06 08:33:13.169 69159 INFO tempest.lib.common.rest_client [req-e2b15bd8-fcdf-4116-8db0-30a233c18b59 req-e2b15bd8-fcdf-4116-8db0-30a233c18b59 ] Request (HypervisorAdminNegativeUnderV252Test:tearDownClass): 204 DELETE http://10.180.1.21:9696/networking/v2.0/security-groups/18bb4df9-6bfc-4bfb-9539-5d571c830333 0.154s
2025-03-06 08:33:13.262 69159 INFO tempest.lib.common.rest_client [req-2c0bf158-d7f1-488c-a0cb-9b5d50b21d53 req-2c0bf158-d7f1-488c-a0cb-9b5d50b21d53 ] Request (HypervisorAdminNegativeUnderV252Test:tearDownClass): 204 DELETE http://10.180.1.21/identity/v3/projects/b56db0e6df8b40d88f68817bb1f1ca31 0.093s
2025-03-06 08:33:13.330 69159 INFO tempest.lib.common.rest_client [req-15732f4d-a935-45a0-8919-024fcb4a5c51 req-15732f4d-a935-45a0-8919-024fcb4a5c51 ] Request (ServersAdmin275Test:setUpClass): 201 POST http://10.180.1.21/identity/v3/auth/tokens 0.066s
2025-03-06 08:33:13.361 69159 INFO tempest.lib.common.rest_client [req-a577b8cf-8ce7-45c8-874c-ae724eb986ac req-a577b8cf-8ce7-45c8-874c-ae724eb986ac ] Request (ServersAdmin275Test:setUpClass): 201 POST http://10.180.1.21/identity/v3/auth/tokens 0.028s
2025-03-06 08:33:13.388 69159 INFO tempest.lib.common.rest_client [req-2b8f120d-64c3-4080-8723-f5ba1efdfef4 req-2b8f120d-64c3-4080-8723-f5ba1efdfef4 ] Request (ServersAdmin275Test:setUpClass): 200 GET http://10.180.1.21/identity/v3/domains?name=Default 0.027s
2025-03-06 08:33:13.416 69159 INFO tempest.lib.common.rest_client [req-ab224857-2f39-41bc-b2b9-ab4f8f3233dd req-ab224857-2f39-41bc-b2b9-ab4f8f3233dd ] Request (ServersAdmin275Test:setUpClass): 201 POST http://10.180.1.21/identity/v3/projects 0.027s
2025-03-06 08:33:13.487 69159 INFO tempest.lib.common.rest_client [req-b6a8b6f7-7361-4e9a-adca-ad15d0ee7816 req-b6a8b6f7-7361-4e9a-adca-ad15d0ee7816 ] Request (ServersAdmin275Test:setUpClass): 201 POST http://10.180.1.21/identity/v3/users 0.070s
2025-03-06 08:33:13.510 69159 INFO tempest.lib.common.rest_client [req-80ebec57-2afb-445e-98de-f7663dabffef req-80ebec57-2afb-445e-98de-f7663dabffef ] Request (ServersAdmin275Test:setUpClass): 200 GET http://10.180.1.21/identity/v3/roles 0.023s
2025-03-06 08:33:13.546 69159 INFO tempest.lib.common.rest_client [req-d3e28499-6add-4d9b-bad7-493fecc125ea req-d3e28499-6add-4d9b-bad7-493fecc125ea ] Request (ServersAdmin275Test:setUpClass): 204 PUT http://10.180.1.21/identity/v3/projects/a5d8ee8f120f463a99734548ecc6624d/users/01895417d29140e5bd4fc4b6637db94e/roles/cde16e76c42c4aee906aa86e451c3245 0.035s
2025-03-06 08:33:13.546 69159 INFO tempest.lib.common.dynamic_creds [-] Dynamic test user 01895417d29140e5bd4fc4b6637db94e is created with scope project and roles: ['member']
2025-03-06 08:33:13.546 69159 INFO tempest.lib.common.dynamic_creds [-] Acquired dynamic creds: credentials: Credentials: {'domain_id': 'default', 'domain_name': 'Default', 'username': 'tempest-ServersAdmin275Test-299682812-project-member', 'project_domain_id': 'default', 'project_domain_name': 'Default', 'project_id': 'a5d8ee8f120f463a99734548ecc6624d', 'project_name': 'tempest-ServersAdmin275Test-299682812', 'tenant_id': 'a5d8ee8f120f463a99734548ecc6624d', 'tenant_name': 'tempest-ServersAdmin275Test-299682812', 'user_domain_id': 'default', 'user_domain_name': 'Default', 'user_id': '01895417d29140e5bd4fc4b6637db94e', 'system': None}, Network: None, Subnet: None, Router: None
2025-03-06 08:33:13.547 69159 INFO tempest.lib.common.dynamic_creds [-] Created isolated network resources for: credentials: Credentials: {'domain_id': 'default', 'domain_name': 'Default', 'username': 'tempest-ServersAdmin275Test-299682812-project-member', 'project_domain_id': 'default', 'project_domain_name': 'Default', 'project_id': 'a5d8ee8f120f463a99734548ecc6624d', 'project_name': 'tempest-ServersAdmin275Test-299682812', 'tenant_id': 'a5d8ee8f120f463a99734548ecc6624d', 'tenant_name': 'tempest-ServersAdmin275Test-299682812', 'user_domain_id': 'default', 'user_domain_name': 'Default', 'user_id': '01895417d29140e5bd4fc4b6637db94e', 'system': None}, Network: None, Subnet: None, Router: None
2025-03-06 08:33:13.553 69151 INFO tempest.lib.common.rest_client [req-a9cde698-5721-4f8b-8497-09a6b3003adf req-a9cde698-5721-4f8b-8497-09a6b3003adf ] Request (ServerDiagnosticsNegativeTest:test_get_server_diagnostics_by_non_admin): 202 POST http://10.180.1.21/compute/v2.1/servers 2.312s
2025-03-06 08:33:13.558 69169 INFO tempest.lib.common.rest_client [req-b845d51d-afa4-4bf3-b5fa-d911927fb016 req-b845d51d-afa4-4bf3-b5fa-d911927fb016 ] Request (HypervisorAdminNegativeTestJSON:test_get_hypervisor_uptime_with_non_admin_user): 403 GET http://10.180.1.21/compute/v2.1/os-hypervisors/1/uptime 2.273s
2025-03-06 08:33:13.586 69165 INFO tempest.lib.common.rest_client [req-b80ec528-4813-48e3-8268-03c23771392a req-b80ec528-4813-48e3-8268-03c23771392a ] Request (SecurityGroupsTestAdminJSON:test_list_security_groups_list_all_tenants_filter): 200 GET http://10.180.1.21/compute/v2.1/os-security-groups?all_tenants=true 3.514s
2025-03-06 08:33:13.593 69142 INFO tempest.lib.common.rest_client [req-1e5203fc-0521-4def-96c1-b20cf7c52a8f req-1e5203fc-0521-4def-96c1-b20cf7c52a8f ] Request (ServicesAdminNegativeTestJSON:test_get_service_with_valid_service_and_invalid_host): 200 GET http://10.180.1.21/compute/v2.1/os-services?host=xxx&binary=nova-scheduler 2.286s
2025-03-06 08:33:13.614 69147 INFO tempest.lib.common.rest_client [req-7b568dc9-3f23-4caa-887b-2a9c57d720f8 req-7b568dc9-3f23-4caa-887b-2a9c57d720f8 ] Request (AggregatesAdminNegativeTestJSON:_run_cleanups): 200 DELETE http://10.180.1.21/compute/v2.1/os-aggregates/1 2.158s
