2025-03-06 08:34:07.077 69149 INFO tempest.lib.common.rest_client [req-51100786-5daa-4b48-a21d-11a78ca2ac21 req-51100786-5daa-4b48-a21d-11a78ca2ac21 ] Request (FloatingIPDetailsTestJSON:setUpClass): 201 POST http://10.180.1.21:9696/networking/v2.0/routers 2.219s
2025-03-06 08:34:07.093 69145 INFO tempest.lib.common.rest_client [req-8594fda6-5683-4062-bb0a-1bf45032cc91 req-8594fda6-5683-4062-bb0a-1bf45032cc91 ] Request (DeleteServersAdminTestJSON:test_delete_server_while_in_error_state): 200 GET http://10.180.1.21/compute/v2.1/servers/50082c6e-44ca-4180-8367-85df53604b74 0.607s
2025-03-06 08:34:07.116 69187 INFO tempest.lib.common.rest_client [req-976fbdc7-fc31-4940-a7a2-c269e421f072 req-976fbdc7-fc31-4940-a7a2-c269e421f072 ] Request (MigrationsAdminTest:test_list_migrations_in_flavor_resize_situation): 200 GET http://10.180.1.21/compute/v2.1/servers/2bd0be89-bbc3-4b9c-b253-601deaa21a1c 0.909s
2025-03-06 08:34:07.195 69161 INFO tempest.lib.common.rest_client [req-a763ee87-675e-4db0-8d0f-39c4f3b5424a req-a763ee87-675e-4db0-8d0f-39c4f3b5424a ] Request (ServerMetadataNegativeTestJSON:setUpClass): 200 GET http://10.180.1.21/compute/v2.1/servers/286d8d9a-a373-4c6d-83a5-21b34065dd01 0.701s
2025-03-06 08:34:07.205 69161 INFO tempest.common.waiters [-] State transition "BUILD/block_device_mapping" ==> "BUILD/spawning" after 46 second wait
2025-03-06 08:34:07.270 69183 INFO tempest.lib.common.rest_client [req-3a3434c0-a5df-4e1b-b7bc-80eda4776916 req-3a3434c0-a5df-4e1b-b7bc-80eda4776916 ] Request (ServerTagsTestJSON:setUpClass): 200 GET http://10.180.1.21/compute/v2.1/servers/aca1cd64-df1f-4505-bbff-9a896f7834de 0.699s
2025-03-06 08:34:07.337 69137 INFO tempest.lib.common.rest_client [req-dc1522f5-f77e-4f0b-a40f-5d7652670952 req-dc1522f5-f77e-4f0b-a40f-5d7652670952 ] Request (ServersTestFqdnHostnames:test_create_server_with_fqdn_name): 200 GET http://10.180.1.21/compute/v2.1/servers/6ae9092a-269e-4569-864f-28136dc65ab0 0.764s
2025-03-06 08:34:07.388 69147 INFO tempest.lib.common.rest_client [req-057ab22b-d7c1-47d5-8f94-c04e607f0cad req-057ab22b-d7c1-47d5-8f94-c04e607f0cad ] Request (ImagesMetadataTestJSON:setUp): 200 PUT http://10.180.1.21/compute/v2.1/images/182de525-b36a-4da3-97fc-88fcbef4c91d/metadata 0.885s
2025-03-06 08:34:07.400 69173 INFO tempest.lib.common.rest_client [req-a007f1d7-53b3-4534-80e8-999b81a43531 req-a007f1d7-53b3-4534-80e8-999b81a43531 ] Request (QuotasTestJSON:test_compare_tenant_quotas_with_default_quotas): 200 GET http://10.180.1.21/compute/v2.1/os-quota-sets/5d0d7b29e1204e638d56ec73a9a34c87 0.470s
2025-03-06 08:34:07.408 69177 INFO tempest.lib.common.rest_client [req-26d87d73-e6ef-44d7-9ddd-9e54250586b3 req-26d87d73-e6ef-44d7-9ddd-9e54250586b3 ] Request (InstanceActionsTestJSON:setUpClass): 201 POST http://10.180.1.21:9696/networking/v2.0/routers 0.965s
2025-03-06 08:34:07.451 69153 INFO tempest.lib.common.rest_client [req-f090bc1b-60e0-4afa-96ae-33be06015ac1 req-f090bc1b-60e0-4afa-96ae-33be06015ac1 ] Request (ImagesOneServerNegativeTestJSON:_run_cleanups): 200 GET http://10.180.1.21/compute/v2.1/servers/f2c5f684-aaf6-4b91-af8c-e05a0f91b17e 0.453s
2025-03-06 08:34:07.471 69169 INFO tempest.lib.common.rest_client [req-5496041a-8512-4b55-8bfe-0b28cbe0159e req-5496041a-8512-4b55-8bfe-0b28cbe0159e ] Request (ServerExternalEventsTest:test_create_server_external_events): 200 GET http://10.180.1.21/compute/v2.1/servers/9c826747-c11d-4bf7-9fce-b3d949c0fbb9 0.446s
2025-03-06 08:34:07.501 69163 INFO tempest.lib.common.rest_client [req-f1d8719a-fe3c-4377-9ac2-8ef4f353de81 req-f1d8719a-fe3c-4377-9ac2-8ef4f353de81 ] Request (ServersAdminTestJSON:setUpClass): 200 GET http://10.180.1.21/compute/v2.1/servers/72cc3e98-0fa9-4483-ae3c-b9b228ee50ea 0.393s
2025-03-06 08:34:07.530 69175 INFO tempest.lib.common.rest_client [req-45b2cf73-9fdb-45ec-a501-9f52b355cc48 req-45b2cf73-9fdb-45ec-a501-9f52b355cc48 ] Request (ServerGroupTestJSON:test_create_server_with_scheduler_hint_group): 200 GET http://10.180.1.21/compute/v2.1/servers/6c0c756b-519e-4588-8ec3-d86581ba9614 0.417s
2025-03-06 08:34:07.544 69133 WARNING tempest.lib.common.ssh [-] Failed to establish authenticated ssh connection to cirros@10.180.180.189 ([Errno None] Unable to connect to port 22 on 10.180.180.189). Number attempts: 1. Retry after 2 seconds.: paramiko.ssh_exception.NoValidConnectionsError: [Errno None] Unable to connect to port 22 on 10.180.180.189
2025-03-06 08:34:07.581 69179 INFO tempest.lib.common.rest_client [req-17bae04d-a03e-4423-901a-0a92543b9239 req-17bae04d-a03e-4423-901a-0a92543b9239 ] Request (ServerActionsTestJSON:setUpClass): 200 GET http://10.180.1.21/compute/v2.1/servers/766dc032-7549-4939-9f7a-9de37afb60c5 0.362s
2025-03-06 08:34:07.588 69189 INFO tempest.lib.common.rest_client [req-ffadd444-d0eb-4dca-b58c-a54be1ea7f3b req-ffadd444-d0eb-4dca-b58c-a54be1ea7f3b ] Request (FloatingIPsAssociationTestJSON:test_associate_already_associated_floating_ip): 200 GET http://10.180.1.21/compute/v2.1/servers/889c445b-ae8f-4201-85b8-957765f4e2a5 0.364s
2025-03-06 08:34:07.638 69129 INFO tempest.lib.common.rest_client [req-4b4439be-88f8-4b40-811e-a016ce3a8291 req-4b4439be-88f8-4b40-811e-a016ce3a8291 ] Request (ServersWithSpecificFlavorTestJSON:test_verify_created_server_ephemeral_disk): 200 GET http://10.180.1.21/compute/v2.1/servers/9df541a0-521d-4d57-8428-cda3e3f3a092 0.342s
2025-03-06 08:34:07.644 69129 INFO tempest.common.waiters [-] State transition "BUILD/None" ==> "BUILD/networking" after 43 second wait
2025-03-06 08:34:07.713 69167 INFO tempest.lib.common.rest_client [req-0b53e258-3d6a-4e49-80a1-a7ced97ff497 req-0b53e258-3d6a-4e49-80a1-a7ced97ff497 ] Request (ServersListShow298Test:test_list_show_update_rebuild_server_298): 200 GET http://10.180.1.21/compute/v2.1/servers/cfecbc5f-207a-40e7-87db-cbd06c337399 0.311s
2025-03-06 08:34:07.752 69173 INFO tempest.lib.common.rest_client [req-f9bda1bc-8145-4074-b28a-648040eb2060 req-f9bda1bc-8145-4074-b28a-648040eb2060 ] Request (QuotasTestJSON:test_get_default_quotas): 200 GET http://10.180.1.21/compute/v2.1/os-quota-sets/5d0d7b29e1204e638d56ec73a9a34c87/defaults 0.348s
2025-03-06 08:34:07.771 69147 INFO tempest.lib.common.rest_client [req-9a721f35-cba5-4323-ad80-efea1e6af74d req-9a721f35-cba5-4323-ad80-efea1e6af74d ] Request (ImagesMetadataTestJSON:test_delete_image_metadata_item): 204 DELETE http://10.180.1.21/compute/v2.1/images/182de525-b36a-4da3-97fc-88fcbef4c91d/metadata/os_version 0.382s
2025-03-06 08:34:07.820 69131 INFO tempest.lib.common.rest_client [req-759d275b-d245-4a25-a109-324290ae1708 req-759d275b-d245-4a25-a109-324290ae1708 ] Request (ServersTestManualDisk:setUpClass): 200 GET http://10.180.1.21/compute/v2.1/servers/77d43846-146e-4167-beb2-b313d068a6ba 0.340s
2025-03-06 08:34:07.902 69151 INFO tempest.lib.common.rest_client [req-8515e738-6b60-491a-8d88-9d6331bf7006 req-8515e738-6b60-491a-8d88-9d6331bf7006 ] Request (ServerDiagnosticsNegativeTest:tearDownClass): 200 GET http://10.180.1.21/compute/v2.1/servers/0eca3da9-9612-4ef0-a275-9a48eb20872f 0.292s
2025-03-06 08:34:07.938 69135 INFO tempest.lib.common.rest_client [req-8f91f2c5-1b49-484a-ac76-33cff5328d4c req-8f91f2c5-1b49-484a-ac76-33cff5328d4c ] Request (ListServerFiltersTestJSON:test_list_servers_filter_by_shutoff_status): 200 GET http://10.180.1.21/compute/v2.1/servers/20e97f6c-f9d5-4300-bdd7-c89978cf4013 0.336s
2025-03-06 08:34:07.960 69185 INFO tempest.lib.common.rest_client [req-1ada015a-b3be-4515-b27d-d6ea1fafc9c6 req-1ada015a-b3be-4515-b27d-d6ea1fafc9c6 ] Request (ServerDiagnosticsV248Test:tearDownClass): 404 GET http://10.180.1.21/compute/v2.1/servers/a42a1113-9ca6-42f5-a1aa-0a123f17814d 0.255s
2025-03-06 08:34:07.967 69165 INFO tempest.lib.common.rest_client [req-8c63446c-8f50-4bb1-a1bc-f55dd49cf63b req-8c63446c-8f50-4bb1-a1bc-f55dd49cf63b ] Request (FloatingIPsAssociationNegativeTestJSON:setUpClass): 200 GET http://10.180.1.21/compute/v2.1/servers/768a32d3-864d-45a0-8c65-8c43882292f8 0.293s
2025-03-06 08:34:08.017 69173 INFO tempest.lib.common.rest_client [req-140ba4cf-add9-4c2d-a9ac-932d66508bd9 req-140ba4cf-add9-4c2d-a9ac-932d66508bd9 ] Request (QuotasTestJSON:test_get_quotas): 200 GET http://10.180.1.21/compute/v2.1/os-quota-sets/5d0d7b29e1204e638d56ec73a9a34c87 0.262s
2025-03-06 08:34:08.045 69143 INFO tempest.lib.common.rest_client [req-bbe42ab3-c6a8-4987-ad22-62c972606744 req-bbe42ab3-c6a8-4987-ad22-62c972606744 ] Request (ImagesTestJSON:test_create_image_from_stopped_server): 200 GET http://10.180.1.21/compute/v2.1/servers/064f9c81-5b1e-4d45-b92d-297f5bc3442d 0.306s
2025-03-06 08:34:08.071 69147 INFO tempest.lib.common.rest_client [req-67513c69-2b3b-47e7-889c-3eff315de841 req-67513c69-2b3b-47e7-889c-3eff315de841 ] Request (ImagesMetadataTestJSON:test_delete_image_metadata_item): 200 GET http://10.180.1.21/compute/v2.1/images/182de525-b36a-4da3-97fc-88fcbef4c91d/metadata 0.299s
2025-03-06 08:34:08.137 69159 INFO tempest.lib.common.rest_client [req-08024ca0-77fc-4b0d-bf8a-83dac209e1fb req-08024ca0-77fc-4b0d-bf8a-83dac209e1fb ] Request (ServersAdmin275Test:_run_cleanups): 200 GET http://10.180.1.21/compute/v2.1/servers/bf2e84e6-4683-475a-8dd8-351191cf16fe 0.329s
2025-03-06 08:34:08.151 69185 INFO tempest.lib.common.rest_client [req-32f148ca-ddb8-4198-aff3-97ccb54e606e req-32f148ca-ddb8-4198-aff3-97ccb54e606e ] Request (ServerDiagnosticsV248Test:tearDownClass): 204 DELETE http://10.180.1.21/identity/v3/users/05de0a3d6e4f4ef0bf40fe74bcf78c2c 0.190s
2025-03-06 08:34:08.158 69181 INFO tempest.lib.common.rest_client [req-f3bf91ee-c4c4-4e26-ab40-7de55a3ea493 req-f3bf91ee-c4c4-4e26-ab40-7de55a3ea493 ] Request (ImagesNegativeTestJSON:test_create_image_from_deleted_server): 200 GET http://10.180.1.21/compute/v2.1/servers/1235627a-11b9-44d3-b2c8-1f8df0953986 0.331s
2025-03-06 08:34:08.213 69127 INFO tempest.lib.common.rest_client [req-c5ce3ec1-e432-4713-ba5c-f138ec6e168a req-c5ce3ec1-e432-4713-ba5c-f138ec6e168a ] Request (SecurityGroupsTestJSON:test_server_security_groups): 200 GET http://10.180.1.21/compute/v2.1/servers/b2ca1d49-d635-4e52-a33d-97e5ee2b7d13 0.337s
2025-03-06 08:34:08.227 69155 INFO tempest.lib.common.rest_client [req-3216186e-ea06-42f1-b81e-7ffa3b8aaf5d req-3216186e-ea06-42f1-b81e-7ffa3b8aaf5d ] Request (ServersAdminNegativeTestJSON:setUpClass): 200 GET http://10.180.1.21/compute/v2.1/servers/1c1cd79d-1f16-4354-a44d-d6c3da6b599c 0.273s
2025-03-06 08:34:08.254 69185 INFO tempest.lib.common.rest_client [req-771ca14d-9ad8-4d32-8738-9690c359d2d7 req-771ca14d-9ad8-4d32-8738-9690c359d2d7 ] Request (ServerDiagnosticsV248Test:tearDownClass): 204 DELETE http://10.180.1.21/identity/v3/users/5ba6689f099c4f9396e83955404019f2 0.102s
2025-03-06 08:34:08.254 69185 INFO tempest.lib.common.dynamic_creds [-] Deleting project and security group for project: fa4c664cc11d42eba21c7ecd6e9ed4c8
2025-03-06 08:34:08.280 69171 INFO tempest.lib.common.rest_client [req-ad0102bf-5bc5-4d99-97aa-93be85829370 req-ad0102bf-5bc5-4d99-97aa-93be85829370 ] Request (ServerAddressesNegativeTestJSON:setUpClass): 200 GET http://10.180.1.21/compute/v2.1/servers/bd885b57-4718-464a-a60f-5543d3191bd1 0.254s
2025-03-06 08:34:08.314 69185 INFO tempest.lib.common.rest_client [req-df5ff160-5ff7-4c68-acbf-b4efcf568b2b req-df5ff160-5ff7-4c68-acbf-b4efcf568b2b ] Request (ServerDiagnosticsV248Test:tearDownClass): 201 POST http://10.180.1.21/identity/v3/auth/tokens 0.059s
2025-03-06 08:34:08.396 69173 INFO tempest.lib.common.rest_client [req-4e63ca3f-53ee-4c7d-b2b4-23d4a9975522 req-4e63ca3f-53ee-4c7d-b2b4-23d4a9975522 ] Request (QuotasTestJSON:test_get_quotas): 200 GET http://10.180.1.21/compute/v2.1/os-quota-sets/5d0d7b29e1204e638d56ec73a9a34c87?user_id=56b2c78105134bd482750ad96a8df06e 0.375s
2025-03-06 08:34:08.465 69145 INFO tempest.lib.common.rest_client [req-95749ca2-8092-405f-b4b1-eb50bbfc5448 req-95749ca2-8092-405f-b4b1-eb50bbfc5448 ] Request (DeleteServersAdminTestJSON:test_delete_server_while_in_error_state): 200 GET http://10.180.1.21/compute/v2.1/servers/50082c6e-44ca-4180-8367-85df53604b74 0.360s
2025-03-06 08:34:08.514 69173 INFO tempest.lib.common.rest_client [req-6f4297c8-db4b-4d3d-a846-5742aa6c94ad req-6f4297c8-db4b-4d3d-a846-5742aa6c94ad ] Request (QuotasTestJSON:tearDownClass): 204 DELETE http://10.180.1.21/identity/v3/users/56b2c78105134bd482750ad96a8df06e 0.106s
2025-03-06 08:34:08.515 69173 INFO tempest.lib.common.dynamic_creds [-] Deleting project and security group for project: 5d0d7b29e1204e638d56ec73a9a34c87
2025-03-06 08:34:08.529 69149 INFO tempest.lib.common.rest_client [req-6a64ba89-40ab-451e-8582-86fd6cdac283 req-6a64ba89-40ab-451e-8582-86fd6cdac283 ] Request (FloatingIPDetailsTestJSON:setUpClass): 200 PUT http://10.180.1.21:9696/networking/v2.0/routers/b3d024c4-1456-46ae-b4e3-d08a9bef2c3d/add_router_interface 1.451s
2025-03-06 08:34:08.529 69149 INFO tempest.lib.common.dynamic_creds [-] Created isolated network resources for: credentials: Credentials: {'domain_id': 'default', 'domain_name': 'Default', 'username': 'tempest-FloatingIPDetailsTestJSON-1041416049-project-member', 'project_domain_id': 'default', 'project_domain_name': 'Default', 'project_id': '353714825e6946efa2d6d2440743b45e', 'project_name': 'tempest-FloatingIPDetailsTestJSON-1041416049', 'tenant_id': '353714825e6946efa2d6d2440743b45e', 'tenant_name': 'tempest-FloatingIPDetailsTestJSON-1041416049', 'user_domain_id': 'default', 'user_domain_name': 'Default', 'user_id': 'e156f95853a54e6c9635cfd48a5339d7', 'system': None}, Network: {'id': 'b2d1db42-2b20-4957-8455-214211132b5f', 'name': 'tempest-FloatingIPDetailsTestJSON-1190352123-network', 'tenant_id': '353714825e6946efa2d6d2440743b45e', 'admin_state_up': True, 'mtu': 8950, 'status': 'ACTIVE', 'subnets': [], 'shared': False, 'project_id': '353714825e6946efa2d6d2440743b45e', 'port_security_enabled': True, 'router:external': False, 'provider:network_type': 'vlan', 'provider:physical_network': 'default', 'provider:segmentation_id': 675, 'availability_zone_hints': [], 'availability_zones': [], 'ipv4_address_scope': None, 'ipv6_address_scope': None, 'description': '', 'tags': [], 'created_at': '2025-03-06T08:34:04Z', 'updated_at': '2025-03-06T08:34:04Z', 'revision_number': 1}, Subnet: {'id': 'eea0c47f-f39e-40a5-8e4f-f9591052cb80', 'name': 'tempest-FloatingIPDetailsTestJSON-1190352123-subnet', 'tenant_id': '353714825e6946efa2d6d2440743b45e', 'network_id': 'b2d1db42-2b20-4957-8455-214211132b5f', 'ip_version': 4, 'subnetpool_id': None, 'enable_dhcp': True, 'ipv6_ra_mode': None, 'ipv6_address_mode': None, 'gateway_ip': '192.168.128.1', 'cidr': '192.168.128.0/28', 'allocation_pools': [{'start': '192.168.128.2', 'end': '192.168.128.14'}], 'host_routes': [], 'dns_nameservers': [], 'description': '', 'router:external': False, 'service_types': [], 'tags': [], 'created_at': '2025-03-06T08:34:04Z', 'updated_at': '2025-03-06T08:34:04Z', 'revision_number': 0, 'project_id': '353714825e6946efa2d6d2440743b45e'}, Router: {'id': 'b3d024c4-1456-46ae-b4e3-d08a9bef2c3d', 'name': 'tempest-FloatingIPDetailsTestJSON-1190352123-router', 'tenant_id': '353714825e6946efa2d6d2440743b45e', 'admin_state_up': True, 'status': 'ACTIVE', 'external_gateway_info': {'network_id': '1f8e8973-f0ac-42b1-98ce-a72c61772c1b', 'external_fixed_ips': [{'subnet_id': 'b9404675-a8fd-420f-92fd-9f537d6eb9a4', 'ip_address': '10.180.180.206'}], 'enable_snat': True}, 'description': '', 'availability_zones': [], 'distributed': False, 'ha': False, 'availability_zone_hints': [], 'routes': [], 'flavor_id': None, 'tags': [], 'created_at': '2025-03-06T08:34:04Z', 'updated_at': '2025-03-06T08:34:06Z', 'revision_number': 2, 'project_id': '353714825e6946efa2d6d2440743b45e'}
2025-03-06 08:34:08.541 69147 INFO tempest.lib.common.rest_client [req-d355fd13-d691-4762-80ce-75032440166e req-d355fd13-d691-4762-80ce-75032440166e ] Request (ImagesMetadataTestJSON:setUp): 200 PUT http://10.180.1.21/compute/v2.1/images/182de525-b36a-4da3-97fc-88fcbef4c91d/metadata 0.465s
2025-03-06 08:34:08.579 69185 INFO tempest.lib.common.rest_client [req-5aba7b66-1b37-4497-b58d-388d38d59ef2 req-5aba7b66-1b37-4497-b58d-388d38d59ef2 ] Request (ServerDiagnosticsV248Test:tearDownClass): 200 GET http://10.180.1.21:9696/networking/v2.0/security-groups?tenant_id=fa4c664cc11d42eba21c7ecd6e9ed4c8&name=default 0.265s
2025-03-06 08:34:08.625 69173 INFO tempest.lib.common.rest_client [req-debfb6d4-7468-435d-9cbf-910c8c6ba11b req-debfb6d4-7468-435d-9cbf-910c8c6ba11b ] Request (QuotasTestJSON:tearDownClass): 201 POST http://10.180.1.21/identity/v3/auth/tokens 0.110s
2025-03-06 08:34:08.643 69149 INFO tempest.lib.common.rest_client [req-1771de44-78e8-4d8a-9917-a25d007a952e req-1771de44-78e8-4d8a-9917-a25d007a952e ] Request (FloatingIPDetailsTestJSON:setUpClass): 201 POST http://10.180.1.21/identity/v3/auth/tokens 0.109s
2025-03-06 08:34:08.650 69187 INFO tempest.lib.common.rest_client [req-b0ba46cb-93c3-41e2-b41c-4ed2a67aab4f req-b0ba46cb-93c3-41e2-b41c-4ed2a67aab4f ] Request (MigrationsAdminTest:test_list_migrations_in_flavor_resize_situation): 200 GET http://10.180.1.21/compute/v2.1/servers/2bd0be89-bbc3-4b9c-b253-601deaa21a1c 0.523s
2025-03-06 08:34:08.717 69183 INFO tempest.lib.common.rest_client [req-1e3c29eb-5c9e-47ed-99dd-4ad725f7843e req-1e3c29eb-5c9e-47ed-99dd-4ad725f7843e ] Request (ServerTagsTestJSON:setUpClass): 200 GET http://10.180.1.21/compute/v2.1/servers/aca1cd64-df1f-4505-bbff-9a896f7834de 0.435s
2025-03-06 08:34:08.732 69161 INFO tempest.lib.common.rest_client [req-90e54a81-f4a9-4790-a54f-7b6fb4a89191 req-90e54a81-f4a9-4790-a54f-7b6fb4a89191 ] Request (ServerMetadataNegativeTestJSON:setUpClass): 200 GET http://10.180.1.21/compute/v2.1/servers/286d8d9a-a373-4c6d-83a5-21b34065dd01 0.527s
2025-03-06 08:34:08.767 69185 INFO tempest.lib.common.rest_client [req-3a5423a4-83cb-4842-ab8e-becebd4cf2ff req-3a5423a4-83cb-4842-ab8e-becebd4cf2ff ] Request (ServerDiagnosticsV248Test:tearDownClass): 204 DELETE http://10.180.1.21:9696/networking/v2.0/security-groups/e0fc247d-8832-46f3-b757-c7416b573ce3 0.188s
2025-03-06 08:34:08.777 69137 INFO tempest.lib.common.rest_client [req-0476eb77-33e3-4ec1-8c94-096f9fedd26b req-0476eb77-33e3-4ec1-8c94-096f9fedd26b ] Request (ServersTestFqdnHostnames:test_create_server_with_fqdn_name): 200 GET http://10.180.1.21/compute/v2.1/servers/6ae9092a-269e-4569-864f-28136dc65ab0 0.429s
2025-03-06 08:34:08.804 69177 INFO tempest.lib.common.rest_client [req-bf5f3fc7-662a-4692-824e-7495cdf26c3b req-bf5f3fc7-662a-4692-824e-7495cdf26c3b ] Request (InstanceActionsTestJSON:setUpClass): 200 PUT http://10.180.1.21:9696/networking/v2.0/routers/78ffb0ae-043a-4c27-bdeb-3b42c9294383/add_router_interface 1.395s
2025-03-06 08:34:08.804 69177 INFO tempest.lib.common.dynamic_creds [-] Created isolated network resources for: credentials: Credentials: {'domain_id': 'default', 'domain_name': 'Default', 'username': 'tempest-InstanceActionsTestJSON-1881383329-project-member', 'project_domain_id': 'default', 'project_domain_name': 'Default', 'project_id': 'caa1cf9dfcc242bd8b374452a59cbc84', 'project_name': 'tempest-InstanceActionsTestJSON-1881383329', 'tenant_id': 'caa1cf9dfcc242bd8b374452a59cbc84', 'tenant_name': 'tempest-InstanceActionsTestJSON-1881383329', 'user_domain_id': 'default', 'user_domain_name': 'Default', 'user_id': 'f3a69d5bd5634685b1dfd3fecc369657', 'system': None}, Network: {'id': 'b9d460d8-4832-452e-a9f6-f3d2016093d1', 'name': 'tempest-InstanceActionsTestJSON-1591238222-network', 'tenant_id': 'caa1cf9dfcc242bd8b374452a59cbc84', 'admin_state_up': True, 'mtu': 8950, 'status': 'ACTIVE', 'subnets': [], 'shared': False, 'project_id': 'caa1cf9dfcc242bd8b374452a59cbc84', 'port_security_enabled': True, 'router:external': False, 'provider:network_type': 'vlan', 'provider:physical_network': 'default', 'provider:segmentation_id': 196, 'availability_zone_hints': [], 'availability_zones': [], 'ipv4_address_scope': None, 'ipv6_address_scope': None, 'description': '', 'tags': [], 'created_at': '2025-03-06T08:34:06Z', 'updated_at': '2025-03-06T08:34:06Z', 'revision_number': 1}, Subnet: {'id': 'eee259dc-1d0a-4875-a5e4-7e5323bc1c07', 'name': 'tempest-InstanceActionsTestJSON-1591238222-subnet', 'tenant_id': 'caa1cf9dfcc242bd8b374452a59cbc84', 'network_id': 'b9d460d8-4832-452e-a9f6-f3d2016093d1', 'ip_version': 4, 'subnetpool_id': None, 'enable_dhcp': True, 'ipv6_ra_mode': None, 'ipv6_address_mode': None, 'gateway_ip': '192.168.128.1', 'cidr': '192.168.128.0/28', 'allocation_pools': [{'start': '192.168.128.2', 'end': '192.168.128.14'}], 'host_routes': [], 'dns_nameservers': [], 'description': '', 'router:external': False, 'service_types': [], 'tags': [], 'created_at': '2025-03-06T08:34:06Z', 'updated_at': '2025-03-06T08:34:06Z', 'revision_number': 0, 'project_id': 'caa1cf9dfcc242bd8b374452a59cbc84'}, Router: {'id': '78ffb0ae-043a-4c27-bdeb-3b42c9294383', 'name': 'tempest-InstanceActionsTestJSON-1591238222-router', 'tenant_id': 'caa1cf9dfcc242bd8b374452a59cbc84', 'admin_state_up': True, 'status': 'ACTIVE', 'external_gateway_info': {'network_id': '1f8e8973-f0ac-42b1-98ce-a72c61772c1b', 'external_fixed_ips': [{'subnet_id': 'b9404675-a8fd-420f-92fd-9f537d6eb9a4', 'ip_address': '10.180.180.178'}], 'enable_snat': True}, 'description': '', 'availability_zones': [], 'distributed': False, 'ha': False, 'availability_zone_hints': [], 'routes': [], 'flavor_id': None, 'tags': [], 'created_at': '2025-03-06T08:34:06Z', 'updated_at': '2025-03-06T08:34:06Z', 'revision_number': 2, 'project_id': 'caa1cf9dfcc242bd8b374452a59cbc84'}
2025-03-06 08:34:08.837 69153 INFO tempest.lib.common.rest_client [req-3400f611-fe92-4e56-ad80-179d27bceaa6 req-3400f611-fe92-4e56-ad80-179d27bceaa6 ] Request (ImagesOneServerNegativeTestJSON:_run_cleanups): 200 GET http://10.180.1.21/compute/v2.1/servers/f2c5f684-aaf6-4b91-af8c-e05a0f91b17e 0.374s
2025-03-06 08:34:08.847 69153 INFO tempest.common.waiters [-] State transition "ACTIVE/deleting" ==> "DELETED/None" after 4 second wait
2025-03-06 08:34:08.853 69169 INFO tempest.lib.common.rest_client [req-683e6ae4-73a6-493c-8021-28362524fc7e req-683e6ae4-73a6-493c-8021-28362524fc7e ] Request (ServerExternalEventsTest:test_create_server_external_events): 200 GET http://10.180.1.21/compute/v2.1/servers/9c826747-c11d-4bf7-9fce-b3d949c0fbb9 0.373s
2025-03-06 08:34:08.865 69185 INFO tempest.lib.common.rest_client [req-0af93d32-38a3-40e6-9541-2e6c4f58c014 req-0af93d32-38a3-40e6-9541-2e6c4f58c014 ] Request (ServerDiagnosticsV248Test:tearDownClass): 204 DELETE http://10.180.1.21/identity/v3/projects/fa4c664cc11d42eba21c7ecd6e9ed4c8 0.097s
2025-03-06 08:34:08.865 69185 INFO tempest.lib.common.dynamic_creds [-] Deleting project and security group for project: 7b265b14ae214b17a8c2c9c7e7286b5a
2025-03-06 08:34:08.887 69173 INFO tempest.lib.common.rest_client [req-49bf4ad4-f9fc-4b75-af8a-17f643c8530b req-49bf4ad4-f9fc-4b75-af8a-17f643c8530b ] Request (QuotasTestJSON:tearDownClass): 200 GET http://10.180.1.21:9696/networking/v2.0/security-groups?tenant_id=5d0d7b29e1204e638d56ec73a9a34c87&name=default 0.261s
2025-03-06 08:34:08.894 69147 INFO tempest.lib.common.rest_client [req-5fb764e1-5aaa-4f20-8ca3-2f33435881c2 req-5fb764e1-5aaa-4f20-8ca3-2f33435881c2 ] Request (ImagesMetadataTestJSON:test_get_image_metadata_item): 200 GET http://10.180.1.21/compute/v2.1/images/182de525-b36a-4da3-97fc-88fcbef4c91d/metadata/os_distro 0.351s
2025-03-06 08:34:08.919 69177 INFO tempest.lib.common.rest_client [req-5371da47-8527-44c1-b04d-33b742b83f05 req-5371da47-8527-44c1-b04d-33b742b83f05 ] Request (InstanceActionsTestJSON:setUpClass): 201 POST http://10.180.1.21/identity/v3/auth/tokens 0.112s
2025-03-06 08:34:08.921 69163 INFO tempest.lib.common.rest_client [req-a606fe26-a1ef-42d9-92c9-d32310695e8a req-a606fe26-a1ef-42d9-92c9-d32310695e8a ] Request (ServersAdminTestJSON:setUpClass): 200 GET http://10.180.1.21/compute/v2.1/servers/72cc3e98-0fa9-4483-ae3c-b9b228ee50ea 0.409s
2025-03-06 08:34:08.960 69177 INFO tempest.lib.common.rest_client [req-a4f74c05-2c88-439e-b217-65145d397d29 req-a4f74c05-2c88-439e-b217-65145d397d29 ] Request (InstanceActionsTestJSON:setUpClass): 201 POST http://10.180.1.21/identity/v3/auth/tokens 0.036s
2025-03-06 08:34:08.960 69177 INFO tempest.lib.common.fixed_network [-] (InstanceActionsTestJSON:setUpClass) Found network {'id': 'b9d460d8-4832-452e-a9f6-f3d2016093d1', 'name': 'tempest-InstanceActionsTestJSON-1591238222-network', 'tenant_id': 'caa1cf9dfcc242bd8b374452a59cbc84', 'admin_state_up': True, 'mtu': 8950, 'status': 'ACTIVE', 'subnets': [], 'shared': False, 'project_id': 'caa1cf9dfcc242bd8b374452a59cbc84', 'port_security_enabled': True, 'router:external': False, 'provider:network_type': 'vlan', 'provider:physical_network': 'default', 'provider:segmentation_id': 196, 'availability_zone_hints': [], 'availability_zones': [], 'ipv4_address_scope': None, 'ipv6_address_scope': None, 'description': '', 'tags': [], 'created_at': '2025-03-06T08:34:06Z', 'updated_at': '2025-03-06T08:34:06Z', 'revision_number': 1} available for tenant
2025-03-06 08:34:08.984 69175 INFO tempest.lib.common.rest_client [req-ff1e3ccf-edbd-4a9a-b6b2-2995ef16c3e4 req-ff1e3ccf-edbd-4a9a-b6b2-2995ef16c3e4 ] Request (ServerGroupTestJSON:test_create_server_with_scheduler_hint_group): 200 GET http://10.180.1.21/compute/v2.1/servers/6c0c756b-519e-4588-8ec3-d86581ba9614 0.440s
2025-03-06 08:34:08.988 69173 INFO tempest.lib.common.rest_client [req-2e770009-2bf7-45ae-bde8-53b278489cf7 req-2e770009-2bf7-45ae-bde8-53b278489cf7 ] Request (QuotasTestJSON:tearDownClass): 204 DELETE http://10.180.1.21:9696/networking/v2.0/security-groups/ace06078-fa0c-4be9-9bb0-d7fed0237a49 0.101s
2025-03-06 08:34:08.992 69179 INFO tempest.lib.common.rest_client [req-97d62737-6512-4ba8-b8bb-39e6d0bec751 req-97d62737-6512-4ba8-b8bb-39e6d0bec751 ] Request (ServerActionsTestJSON:setUpClass): 200 GET http://10.180.1.21/compute/v2.1/servers/766dc032-7549-4939-9f7a-9de37afb60c5 0.400s
2025-03-06 08:34:09.015 69185 INFO tempest.lib.common.rest_client [req-213d1251-5b4c-45ca-a81e-1261db100f66 req-213d1251-5b4c-45ca-a81e-1261db100f66 ] Request (ServerDiagnosticsV248Test:tearDownClass): 200 GET http://10.180.1.21:9696/networking/v2.0/security-groups?tenant_id=7b265b14ae214b17a8c2c9c7e7286b5a&name=default 0.149s
2025-03-06 08:34:09.048 69189 INFO tempest.lib.common.rest_client [req-67df5bc5-670b-4c1f-a5df-a3f0d22ede96 req-67df5bc5-670b-4c1f-a5df-a3f0d22ede96 ] Request (FloatingIPsAssociationTestJSON:test_associate_already_associated_floating_ip): 200 GET http://10.180.1.21/compute/v2.1/servers/889c445b-ae8f-4201-85b8-957765f4e2a5 0.447s
2025-03-06 08:34:09.111 69173 INFO tempest.lib.common.rest_client [req-191a3c37-0086-4c59-bfca-a19a449fae1f req-191a3c37-0086-4c59-bfca-a19a449fae1f ] Request (QuotasTestJSON:tearDownClass): 204 DELETE http://10.180.1.21/identity/v3/projects/5d0d7b29e1204e638d56ec73a9a34c87 0.123s
2025-03-06 08:34:09.175 69185 INFO tempest.lib.common.rest_client [req-8ca3563c-ad08-4af6-9e40-0f4274c859b0 req-8ca3563c-ad08-4af6-9e40-0f4274c859b0 ] Request (ServerDiagnosticsV248Test:tearDownClass): 204 DELETE http://10.180.1.21:9696/networking/v2.0/security-groups/57fd4228-fe02-4477-b92f-2bd46c1b5255 0.160s
2025-03-06 08:34:09.198 69129 INFO tempest.lib.common.rest_client [req-ab4dad9e-a926-4419-b4ea-de2beded9fcf req-ab4dad9e-a926-4419-b4ea-de2beded9fcf ] Request (ServersWithSpecificFlavorTestJSON:test_verify_created_server_ephemeral_disk): 200 GET http://10.180.1.21/compute/v2.1/servers/9df541a0-521d-4d57-8428-cda3e3f3a092 0.552s
2025-03-06 08:34:09.208 69129 INFO tempest.common.waiters [-] State transition "BUILD/networking" ==> "BUILD/spawning" after 45 second wait
2025-03-06 08:34:09.273 69167 INFO tempest.lib.common.rest_client [req-81fd2c66-b5a6-42ec-afcb-77ecf95a02af req-81fd2c66-b5a6-42ec-afcb-77ecf95a02af ] Request (ServersListShow298Test:test_list_show_update_rebuild_server_298): 200 GET http://10.180.1.21/compute/v2.1/servers/cfecbc5f-207a-40e7-87db-cbd06c337399 0.548s
2025-03-06 08:34:09.285 69185 INFO tempest.lib.common.rest_client [req-babd1b84-879b-47a6-ac67-e97133e5722d req-babd1b84-879b-47a6-ac67-e97133e5722d ] Request (ServerDiagnosticsV248Test:tearDownClass): 204 DELETE http://10.180.1.21/identity/v3/projects/7b265b14ae214b17a8c2c9c7e7286b5a 0.109s
2025-03-06 08:34:09.325 69131 INFO tempest.lib.common.rest_client [req-1b152964-d978-42b7-9ee8-afbb51bc73bc req-1b152964-d978-42b7-9ee8-afbb51bc73bc ] Request (ServersTestManualDisk:setUpClass): 200 GET http://10.180.1.21/compute/v2.1/servers/77d43846-146e-4167-beb2-b313d068a6ba 0.489s
2025-03-06 08:34:09.332 69139 WARNING tempest.lib.common.ssh [-] Failed to establish authenticated ssh connection to cirros@10.180.180.146 ([Errno None] Unable to connect to port 22 on 10.180.180.146). Number attempts: 4. Retry after 5 seconds.: paramiko.ssh_exception.NoValidConnectionsError: [Errno None] Unable to connect to port 22 on 10.180.180.146
2025-03-06 08:34:09.370 69185 INFO tempest.lib.common.rest_client [req-65270b14-be76-4502-ac65-32af587c50b9 req-65270b14-be76-4502-ac65-32af587c50b9 ] Request (ServersTestJSON:setUpClass): 201 POST http://10.180.1.21/identity/v3/auth/tokens 0.083s
2025-03-06 08:34:09.407 69185 INFO tempest.lib.common.rest_client [req-2166352e-dc57-41c0-bdd7-91084ca24c71 req-2166352e-dc57-41c0-bdd7-91084ca24c71 ] Request (ServersTestJSON:setUpClass): 201 POST http://10.180.1.21/identity/v3/auth/tokens 0.031s
2025-03-06 08:34:09.442 69185 INFO tempest.lib.common.rest_client [req-803e80a1-bc7f-4b11-ae76-c6c0fed3fa50 req-803e80a1-bc7f-4b11-ae76-c6c0fed3fa50 ] Request (ServersTestJSON:setUpClass): 200 GET http://10.180.1.21/identity/v3/domains?name=Default 0.034s
2025-03-06 08:34:09.475 69147 INFO tempest.lib.common.rest_client [req-0b6f27c8-e374-4997-a974-c1940fa9cfee req-0b6f27c8-e374-4997-a974-c1940fa9cfee ] Request (ImagesMetadataTestJSON:setUp): 200 PUT http://10.180.1.21/compute/v2.1/images/182de525-b36a-4da3-97fc-88fcbef4c91d/metadata 0.576s
2025-03-06 08:34:09.478 69185 INFO tempest.lib.common.rest_client [req-94f18074-8743-4285-9ade-5e8954f244a3 req-94f18074-8743-4285-9ade-5e8954f244a3 ] Request (ServersTestJSON:setUpClass): 201 POST http://10.180.1.21/identity/v3/projects 0.035s
2025-03-06 08:34:09.549 69185 INFO tempest.lib.common.rest_client [req-733870cf-a75d-4409-8337-a89d651c7e3c req-733870cf-a75d-4409-8337-a89d651c7e3c ] Request (ServersTestJSON:setUpClass): 201 POST http://10.180.1.21/identity/v3/users 0.070s
2025-03-06 08:34:09.588 69185 INFO tempest.lib.common.rest_client [req-0e87d24f-89f4-4f56-baba-625b3d4e07e0 req-0e87d24f-89f4-4f56-baba-625b3d4e07e0 ] Request (ServersTestJSON:setUpClass): 200 GET http://10.180.1.21/identity/v3/roles 0.038s
2025-03-06 08:34:09.626 69185 INFO tempest.lib.common.rest_client [req-768a6525-3746-44ec-948e-6914143a2c86 req-768a6525-3746-44ec-948e-6914143a2c86 ] Request (ServersTestJSON:setUpClass): 204 PUT http://10.180.1.21/identity/v3/projects/b9a3c9a7da94439895340b0ba78c7e56/users/aefce818f32c4ddc9ef5ab6f2aabf80c/roles/cde16e76c42c4aee906aa86e451c3245 0.038s
2025-03-06 08:34:09.626 69185 INFO tempest.lib.common.dynamic_creds [-] Dynamic test user aefce818f32c4ddc9ef5ab6f2aabf80c is created with scope project and roles: ['member']
2025-03-06 08:34:09.627 69185 INFO tempest.lib.common.dynamic_creds [-] Acquired dynamic creds: credentials: Credentials: {'domain_id': 'default', 'domain_name': 'Default', 'username': 'tempest-ServersTestJSON-2124383047-project-member', 'project_domain_id': 'default', 'project_domain_name': 'Default', 'project_id': 'b9a3c9a7da94439895340b0ba78c7e56', 'project_name': 'tempest-ServersTestJSON-2124383047', 'tenant_id': 'b9a3c9a7da94439895340b0ba78c7e56', 'tenant_name': 'tempest-ServersTestJSON-2124383047', 'user_domain_id': 'default', 'user_domain_name': 'Default', 'user_id': 'aefce818f32c4ddc9ef5ab6f2aabf80c', 'system': None}, Network: None, Subnet: None, Router: None
2025-03-06 08:34:09.689 69185 INFO tempest.lib.common.rest_client [req-b9204034-d9f9-4b89-9872-612b48aa8781 req-b9204034-d9f9-4b89-9872-612b48aa8781 ] Request (ServersTestJSON:setUpClass): 201 POST http://10.180.1.21/identity/v3/auth/tokens 0.062s
2025-03-06 08:34:09.747 69151 INFO tempest.lib.common.rest_client [req-fd950858-3d09-4139-b530-fea70fa4b242 req-fd950858-3d09-4139-b530-fea70fa4b242 ] Request (ServerDiagnosticsNegativeTest:tearDownClass): 200 GET http://10.180.1.21/compute/v2.1/servers/0eca3da9-9612-4ef0-a275-9a48eb20872f 0.836s
2025-03-06 08:34:09.781 69157 WARNING tempest.lib.common.ssh [-] Failed to establish authenticated ssh connection to cirros@10.180.180.224 ([Errno None] Unable to connect to port 22 on 10.180.180.224). Number attempts: 3. Retry after 4 seconds.: paramiko.ssh_exception.NoValidConnectionsError: [Errno None] Unable to connect to port 22 on 10.180.180.224
2025-03-06 08:34:09.934 69185 INFO tempest.lib.common.rest_client [req-17bd40cd-d07d-40a3-a5cd-20613d09b87f req-17bd40cd-d07d-40a3-a5cd-20613d09b87f ] Request (ServersTestJSON:setUpClass): 201 POST http://10.180.1.21:9696/networking/v2.0/networks 0.244s
2025-03-06 08:34:09.959 69135 INFO tempest.lib.common.rest_client [req-61c6825e-a4e6-4fde-a8e5-943d5f5f28c1 req-61c6825e-a4e6-4fde-a8e5-943d5f5f28c1 ] Request (ListServerFiltersTestJSON:test_list_servers_filter_by_shutoff_status): 200 GET http://10.180.1.21/compute/v2.1/servers/20e97f6c-f9d5-4300-bdd7-c89978cf4013 1.009s
2025-03-06 08:34:09.968 69135 INFO tempest.common.waiters [-] State transition "SHUTOFF/powering-on" ==> "ACTIVE/None" after 5 second wait
2025-03-06 08:34:10.120 69185 INFO tempest.lib.common.rest_client [req-cc2669d2-29ff-42ba-8cca-44fd1a9de61c req-cc2669d2-29ff-42ba-8cca-44fd1a9de61c ] Request (ServersTestJSON:setUpClass): 201 POST http://10.180.1.21:9696/networking/v2.0/subnets 0.186s
2025-03-06 08:34:10.440 69149 INFO tempest.lib.common.rest_client [req-5cd2ccba-fd99-4b7e-9736-8839dddfdaee req-5cd2ccba-fd99-4b7e-9736-8839dddfdaee ] Request (FloatingIPDetailsTestJSON:setUpClass): 200 POST http://10.180.1.21/compute/v2.1/os-floating-ips 1.796s
2025-03-06 08:34:10.525 69165 INFO tempest.lib.common.rest_client [req-52d2a9b8-eb91-49ab-98f0-962ded770b52 req-52d2a9b8-eb91-49ab-98f0-962ded770b52 ] Request (FloatingIPsAssociationNegativeTestJSON:setUpClass): 200 GET http://10.180.1.21/compute/v2.1/servers/768a32d3-864d-45a0-8c65-8c43882292f8 1.544s
2025-03-06 08:34:10.598 69143 INFO tempest.lib.common.rest_client [req-6955ef5d-b3cb-4440-b0ef-69d768e15828 req-6955ef5d-b3cb-4440-b0ef-69d768e15828 ] Request (ImagesTestJSON:test_create_image_from_stopped_server): 200 GET http://10.180.1.21/compute/v2.1/servers/064f9c81-5b1e-4d45-b92d-297f5bc3442d 1.542s
2025-03-06 08:34:10.613 69133 WARNING tempest.lib.common.ssh [-] Failed to establish authenticated ssh connection to cirros@10.180.180.189 ([Errno None] Unable to connect to port 22 on 10.180.180.189). Number attempts: 2. Retry after 3 seconds.: paramiko.ssh_exception.NoValidConnectionsError: [Errno None] Unable to connect to port 22 on 10.180.180.189
2025-03-06 08:34:10.661 69177 INFO tempest.lib.common.rest_client [req-9be9684e-9f8a-42f2-bc44-d5614013d163 req-9be9684e-9f8a-42f2-bc44-d5614013d163 ] Request (InstanceActionsTestJSON:setUpClass): 202 POST http://10.180.1.21/compute/v2.1/servers 1.700s
2025-03-06 08:34:10.740 69159 INFO tempest.lib.common.rest_client [req-16ea9034-731a-4bf6-ab68-7efd5c3e7123 req-16ea9034-731a-4bf6-ab68-7efd5c3e7123 ] Request (ServersAdmin275Test:_run_cleanups): 200 GET http://10.180.1.21/compute/v2.1/servers/bf2e84e6-4683-475a-8dd8-351191cf16fe 1.587s
2025-03-06 08:34:10.745 69181 INFO tempest.lib.common.rest_client [req-553180f0-0d75-4724-a2f4-3a5a8154367c req-553180f0-0d75-4724-a2f4-3a5a8154367c ] Request (ImagesNegativeTestJSON:test_create_image_from_deleted_server): 200 GET http://10.180.1.21/compute/v2.1/servers/1235627a-11b9-44d3-b2c8-1f8df0953986 1.578s
2025-03-06 08:34:10.757 69159 INFO tempest.common.waiters [-] State transition "REBUILD/rebuilding" ==> "REBUILD/rebuild_spawning" after 4 second wait
2025-03-06 08:34:10.779 69185 INFO tempest.lib.common.rest_client [req-1c8e8a78-9a22-4066-915c-3f1aa31fad0b req-1c8e8a78-9a22-4066-915c-3f1aa31fad0b ] Request (ServersTestJSON:setUpClass): 201 POST http://10.180.1.21:9696/networking/v2.0/routers 0.658s
2025-03-06 08:34:10.830 69127 INFO tempest.lib.common.rest_client [req-8644f68c-14bc-4522-989a-d2a1605ce2b9 req-8644f68c-14bc-4522-989a-d2a1605ce2b9 ] Request (SecurityGroupsTestJSON:test_server_security_groups): 200 GET http://10.180.1.21/compute/v2.1/servers/b2ca1d49-d635-4e52-a33d-97e5ee2b7d13 1.607s
2025-03-06 08:34:10.832 69155 INFO tempest.lib.common.rest_client [req-22cae77b-cf89-4b7d-9047-f6401d38f437 req-22cae77b-cf89-4b7d-9047-f6401d38f437 ] Request (ServersAdminNegativeTestJSON:setUpClass): 200 GET http://10.180.1.21/compute/v2.1/servers/1c1cd79d-1f16-4354-a44d-d6c3da6b599c 1.593s
2025-03-06 08:34:10.884 69147 INFO tempest.lib.common.rest_client [req-999c82a7-8385-4506-8aca-11d4c0e53459 req-999c82a7-8385-4506-8aca-11d4c0e53459 ] Request (ImagesMetadataTestJSON:test_list_image_metadata): 200 GET http://10.180.1.21/compute/v2.1/images/182de525-b36a-4da3-97fc-88fcbef4c91d/metadata 1.408s
2025-03-06 08:34:10.904 69171 INFO tempest.lib.common.rest_client [req-c505eaea-6ba7-422d-8e3b-e65d6899e461 req-c505eaea-6ba7-422d-8e3b-e65d6899e461 ] Request (ServerAddressesNegativeTestJSON:setUpClass): 200 GET http://10.180.1.21/compute/v2.1/servers/bd885b57-4718-464a-a60f-5543d3191bd1 1.612s
2025-03-06 08:34:10.957 69145 INFO tempest.lib.common.rest_client [req-5a24f77d-0007-4e00-8e42-3eeb9693dd1f req-5a24f77d-0007-4e00-8e42-3eeb9693dd1f ] Request (DeleteServersAdminTestJSON:test_delete_server_while_in_error_state): 200 GET http://10.180.1.21/compute/v2.1/servers/50082c6e-44ca-4180-8367-85df53604b74 1.477s
2025-03-06 08:34:11.048 69183 INFO tempest.lib.common.rest_client [req-7b50ef1b-15db-4315-8bc7-3d0d7bfc77dd req-7b50ef1b-15db-4315-8bc7-3d0d7bfc77dd ] Request (ServerTagsTestJSON:setUpClass): 200 GET http://10.180.1.21/compute/v2.1/servers/aca1cd64-df1f-4505-bbff-9a896f7834de 1.316s
2025-03-06 08:34:11.064 69187 INFO tempest.lib.common.rest_client [req-a8f189d2-7c64-4a27-9f3e-f400ac48697f req-a8f189d2-7c64-4a27-9f3e-f400ac48697f ] Request (MigrationsAdminTest:test_list_migrations_in_flavor_resize_situation): 200 GET http://10.180.1.21/compute/v2.1/servers/2bd0be89-bbc3-4b9c-b253-601deaa21a1c 1.395s
2025-03-06 08:34:11.072 69187 INFO tempest.common.waiters [-] State transition "RESIZE/resize_migrating" ==> "RESIZE/resize_migrated" after 37 second wait
2025-03-06 08:34:11.139 69137 INFO tempest.lib.common.rest_client [req-31eafd60-885d-48a1-a34a-a3aec8501e7b req-31eafd60-885d-48a1-a34a-a3aec8501e7b ] Request (ServersTestFqdnHostnames:test_create_server_with_fqdn_name): 200 GET http://10.180.1.21/compute/v2.1/servers/6ae9092a-269e-4569-864f-28136dc65ab0 1.353s
2025-03-06 08:34:11.229 69153 INFO tempest.lib.common.rest_client [req-14d9a7db-e227-411e-bfc4-5b3cc68bac0c req-14d9a7db-e227-411e-bfc4-5b3cc68bac0c ] Request (ImagesOneServerNegativeTestJSON:_run_cleanups): 200 GET http://10.180.1.21/compute/v2.1/servers/f2c5f684-aaf6-4b91-af8c-e05a0f91b17e 1.380s
2025-03-06 08:34:11.306 69161 INFO tempest.lib.common.rest_client [req-104cfe9f-a4d3-474a-b4ca-44e21215b917 req-104cfe9f-a4d3-474a-b4ca-44e21215b917 ] Request (ServerMetadataNegativeTestJSON:setUpClass): 200 GET http://10.180.1.21/compute/v2.1/servers/286d8d9a-a373-4c6d-83a5-21b34065dd01 1.557s
2025-03-06 08:34:11.380 69169 INFO tempest.lib.common.rest_client [req-50c4b5cc-ff16-4914-b15c-6f3f8d869333 req-50c4b5cc-ff16-4914-b15c-6f3f8d869333 ] Request (ServerExternalEventsTest:test_create_server_external_events): 200 GET http://10.180.1.21/compute/v2.1/servers/9c826747-c11d-4bf7-9fce-b3d949c0fbb9 1.517s
2025-03-06 08:34:11.388 69169 INFO tempest.common.waiters [-] State transition "BUILD/None" ==> "BUILD/spawning" after 44 second wait
2025-03-06 08:34:11.391 69135 INFO tempest.lib.common.rest_client [req-badf8db0-bb57-411b-b2d8-9a29e67f61b7 req-badf8db0-bb57-411b-b2d8-9a29e67f61b7 ] Request (ListServerFiltersTestJSON:test_list_servers_filter_by_zero_limit): 200 GET http://10.180.1.21/compute/v2.1/servers?limit=0 1.421s
2025-03-06 08:34:11.393 69163 INFO tempest.lib.common.rest_client [req-c46a706a-c09e-45e7-ba2b-8498a8411242 req-c46a706a-c09e-45e7-ba2b-8498a8411242 ] Request (ServersAdminTestJSON:setUpClass): 200 GET http://10.180.1.21/compute/v2.1/servers/72cc3e98-0fa9-4483-ae3c-b9b228ee50ea 1.462s
2025-03-06 08:34:11.470 69179 INFO tempest.lib.common.rest_client [req-1ab170a9-74d8-410d-be55-78ed00a15ddd req-1ab170a9-74d8-410d-be55-78ed00a15ddd ] Request (ServerActionsTestJSON:setUpClass): 200 GET http://10.180.1.21/compute/v2.1/servers/766dc032-7549-4939-9f7a-9de37afb60c5 1.469s
2025-03-06 08:34:11.491 69175 INFO tempest.lib.common.rest_client [req-39bb7f9b-f167-43bb-a02e-f56026fdb470 req-39bb7f9b-f167-43bb-a02e-f56026fdb470 ] Request (ServerGroupTestJSON:test_create_server_with_scheduler_hint_group): 200 GET http://10.180.1.21/compute/v2.1/servers/6c0c756b-519e-4588-8ec3-d86581ba9614 1.494s
2025-03-06 08:34:11.553 69189 INFO tempest.lib.common.rest_client [req-7d10b8f4-e0c8-46ea-86ac-b6d83837e036 req-7d10b8f4-e0c8-46ea-86ac-b6d83837e036 ] Request (FloatingIPsAssociationTestJSON:test_associate_already_associated_floating_ip): 200 GET http://10.180.1.21/compute/v2.1/servers/889c445b-ae8f-4201-85b8-957765f4e2a5 1.492s
2025-03-06 08:34:11.656 69167 INFO tempest.lib.common.rest_client [req-67767762-f6bd-4d83-aea0-4bb0999ea573 req-67767762-f6bd-4d83-aea0-4bb0999ea573 ] Request (ServersListShow298Test:test_list_show_update_rebuild_server_298): 200 GET http://10.180.1.21/compute/v2.1/servers/cfecbc5f-207a-40e7-87db-cbd06c337399 1.370s
2025-03-06 08:34:11.698 69129 INFO tempest.lib.common.rest_client [req-e9eeab40-cf40-44d4-8d7d-72113c45bda0 req-e9eeab40-cf40-44d4-8d7d-72113c45bda0 ] Request (ServersWithSpecificFlavorTestJSON:test_verify_created_server_ephemeral_disk): 200 GET http://10.180.1.21/compute/v2.1/servers/9df541a0-521d-4d57-8428-cda3e3f3a092 1.488s
2025-03-06 08:34:11.734 69131 INFO tempest.lib.common.rest_client [req-23ba4a2f-9df8-44a6-91c4-5a164654f534 req-23ba4a2f-9df8-44a6-91c4-5a164654f534 ] Request (ServersTestManualDisk:setUpClass): 200 GET http://10.180.1.21/compute/v2.1/servers/77d43846-146e-4167-beb2-b313d068a6ba 1.398s
2025-03-06 08:34:11.806 69185 INFO tempest.lib.common.rest_client [req-9e6d1e85-9b55-48ba-b1c7-88f99cd3e634 req-9e6d1e85-9b55-48ba-b1c7-88f99cd3e634 ] Request (ServersTestJSON:setUpClass): 200 PUT http://10.180.1.21:9696/networking/v2.0/routers/f830ffac-010c-4a56-b99e-af652adbcaf4/add_router_interface 1.026s
2025-03-06 08:34:11.806 69185 INFO tempest.lib.common.dynamic_creds [-] Created isolated network resources for: credentials: Credentials: {'domain_id': 'default', 'domain_name': 'Default', 'username': 'tempest-ServersTestJSON-2124383047-project-member', 'project_domain_id': 'default', 'project_domain_name': 'Default', 'project_id': 'b9a3c9a7da94439895340b0ba78c7e56', 'project_name': 'tempest-ServersTestJSON-2124383047', 'tenant_id': 'b9a3c9a7da94439895340b0ba78c7e56', 'tenant_name': 'tempest-ServersTestJSON-2124383047', 'user_domain_id': 'default', 'user_domain_name': 'Default', 'user_id': 'aefce818f32c4ddc9ef5ab6f2aabf80c', 'system': None}, Network: {'id': '53f7a807-e760-428f-a39c-4d76d2483a66', 'name': 'tempest-ServersTestJSON-1007726458-network', 'tenant_id': 'b9a3c9a7da94439895340b0ba78c7e56', 'admin_state_up': True, 'mtu': 8950, 'status': 'ACTIVE', 'subnets': [], 'shared': False, 'project_id': 'b9a3c9a7da94439895340b0ba78c7e56', 'port_security_enabled': True, 'router:external': False, 'provider:network_type': 'vlan', 'provider:physical_network': 'default', 'provider:segmentation_id': 496, 'availability_zone_hints': [], 'availability_zones': [], 'ipv4_address_scope': None, 'ipv6_address_scope': None, 'description': '', 'tags': [], 'created_at': '2025-03-06T08:34:09Z', 'updated_at': '2025-03-06T08:34:09Z', 'revision_number': 1}, Subnet: {'id': '300dfcca-5f0c-4847-8029-bc6ec17f4fff', 'name': 'tempest-ServersTestJSON-1007726458-subnet', 'tenant_id': 'b9a3c9a7da94439895340b0ba78c7e56', 'network_id': '53f7a807-e760-428f-a39c-4d76d2483a66', 'ip_version': 4, 'subnetpool_id': None, 'enable_dhcp': True, 'ipv6_ra_mode': None, 'ipv6_address_mode': None, 'gateway_ip': '192.168.128.1', 'cidr': '192.168.128.0/28', 'allocation_pools': [{'start': '192.168.128.2', 'end': '192.168.128.14'}], 'host_routes': [], 'dns_nameservers': [], 'description': '', 'router:external': False, 'service_types': [], 'tags': [], 'created_at': '2025-03-06T08:34:09Z', 'updated_at': '2025-03-06T08:34:09Z', 'revision_number': 0, 'project_id': 'b9a3c9a7da94439895340b0ba78c7e56'}, Router: {'id': 'f830ffac-010c-4a56-b99e-af652adbcaf4', 'name': 'tempest-ServersTestJSON-1007726458-router', 'tenant_id': 'b9a3c9a7da94439895340b0ba78c7e56', 'admin_state_up': True, 'status': 'ACTIVE', 'external_gateway_info': {'network_id': '1f8e8973-f0ac-42b1-98ce-a72c61772c1b', 'external_fixed_ips': [{'subnet_id': 'b9404675-a8fd-420f-92fd-9f537d6eb9a4', 'ip_address': '10.180.180.219'}], 'enable_snat': True}, 'description': '', 'availability_zones': [], 'distributed': False, 'ha': False, 'availability_zone_hints': [], 'routes': [], 'flavor_id': None, 'tags': [], 'created_at': '2025-03-06T08:34:10Z', 'updated_at': '2025-03-06T08:34:10Z', 'revision_number': 2, 'project_id': 'b9a3c9a7da94439895340b0ba78c7e56'}
2025-03-06 08:34:11.820 69177 INFO tempest.lib.common.rest_client [req-dd4cf5e5-87cb-41be-af35-10b973fff59b req-dd4cf5e5-87cb-41be-af35-10b973fff59b ] Request (InstanceActionsTestJSON:setUpClass): 200 GET http://10.180.1.21/compute/v2.1/servers/ce827938-7c6a-4fa8-813c-817a12004ed9 1.157s
2025-03-06 08:34:11.897 69185 INFO tempest.lib.common.rest_client [req-aef823c6-b7cc-45a8-b3f7-e4df60f13f83 req-aef823c6-b7cc-45a8-b3f7-e4df60f13f83 ] Request (ServersTestJSON:setUpClass): 201 POST http://10.180.1.21/identity/v3/auth/tokens 0.088s
2025-03-06 08:34:11.911 69151 INFO tempest.lib.common.rest_client [req-380d56cb-873f-4ca6-be3f-b5433be38b26 req-380d56cb-873f-4ca6-be3f-b5433be38b26 ] Request (ServerDiagnosticsNegativeTest:tearDownClass): 200 GET http://10.180.1.21/compute/v2.1/servers/0eca3da9-9612-4ef0-a275-9a48eb20872f 1.150s
2025-03-06 08:34:12.055 69147 INFO tempest.lib.common.rest_client [req-9efa687d-37a1-428a-8788-9346521a9dde req-9efa687d-37a1-428a-8788-9346521a9dde ] Request (ImagesMetadataTestJSON:setUp): 200 PUT http://10.180.1.21/compute/v2.1/images/182de525-b36a-4da3-97fc-88fcbef4c91d/metadata 1.168s
2025-03-06 08:34:12.284 69135 INFO tempest.lib.common.rest_client [req-dc0a29a5-a659-4aff-b361-cc243083247b req-dc0a29a5-a659-4aff-b361-cc243083247b ] Request (ListServerFiltersTestJSON:test_list_servers_filtered_by_ip): 200 GET http://10.180.1.21/compute/v2.1/servers/20e97f6c-f9d5-4300-bdd7-c89978cf4013 0.889s
2025-03-06 08:34:12.353 69165 INFO tempest.lib.common.rest_client [req-bf330fd1-7579-4349-bc67-3d1040a9d2f3 req-bf330fd1-7579-4349-bc67-3d1040a9d2f3 ] Request (FloatingIPsAssociationNegativeTestJSON:setUpClass): 200 GET http://10.180.1.21/compute/v2.1/servers/768a32d3-864d-45a0-8c65-8c43882292f8 0.818s
2025-03-06 08:34:12.428 69143 INFO tempest.lib.common.rest_client [req-243728df-67d1-41b4-bfe2-9eb66a4bb869 req-243728df-67d1-41b4-bfe2-9eb66a4bb869 ] Request (ImagesTestJSON:test_create_image_from_stopped_server): 200 GET http://10.180.1.21/compute/v2.1/servers/064f9c81-5b1e-4d45-b92d-297f5bc3442d 0.814s
2025-03-06 08:34:12.456 69149 INFO tempest.lib.common.rest_client [req-bc45d98e-ff1f-404a-ba80-0517fc4a3764 req-bc45d98e-ff1f-404a-ba80-0517fc4a3764 ] Request (FloatingIPDetailsTestJSON:setUpClass): 200 POST http://10.180.1.21/compute/v2.1/os-floating-ips 2.010s
2025-03-06 08:34:12.476 69181 INFO tempest.lib.common.rest_client [req-73ff993e-b66a-4296-879d-b926ae1e9a2c req-73ff993e-b66a-4296-879d-b926ae1e9a2c ] Request (ImagesNegativeTestJSON:test_create_image_from_deleted_server): 200 GET http://10.180.1.21/compute/v2.1/servers/1235627a-11b9-44d3-b2c8-1f8df0953986 0.723s
2025-03-06 08:34:12.516 69159 INFO tempest.lib.common.rest_client [req-4a57667e-3e41-4d87-94ee-630320392aee req-4a57667e-3e41-4d87-94ee-630320392aee ] Request (ServersAdmin275Test:_run_cleanups): 200 GET http://10.180.1.21/compute/v2.1/servers/bf2e84e6-4683-475a-8dd8-351191cf16fe 0.757s
2025-03-06 08:34:12.533 69127 INFO tempest.lib.common.rest_client [req-4b2545a7-6387-4a0e-a128-15a7d87af427 req-4b2545a7-6387-4a0e-a128-15a7d87af427 ] Request (SecurityGroupsTestJSON:test_server_security_groups): 200 GET http://10.180.1.21/compute/v2.1/servers/b2ca1d49-d635-4e52-a33d-97e5ee2b7d13 0.692s
2025-03-06 08:34:12.583 69155 INFO tempest.lib.common.rest_client [req-7a3fbbd8-dd39-4591-8701-2642aff513bf req-7a3fbbd8-dd39-4591-8701-2642aff513bf ] Request (ServersAdminNegativeTestJSON:setUpClass): 200 GET http://10.180.1.21/compute/v2.1/servers/1c1cd79d-1f16-4354-a44d-d6c3da6b599c 0.738s
2025-03-06 08:34:12.608 69185 INFO tempest.lib.common.rest_client [req-6f66e4a6-94db-45ca-98b2-19d8c4705516 req-6f66e4a6-94db-45ca-98b2-19d8c4705516 ] Request (ServersTestJSON:setUpClass): 200 POST http://10.180.1.21/compute/v2.1/os-keypairs 0.709s
2025-03-06 08:34:12.649 69171 INFO tempest.lib.common.rest_client [req-9f8e26ad-1bec-4900-a365-6f29bf6b1350 req-9f8e26ad-1bec-4900-a365-6f29bf6b1350 ] Request (ServerAddressesNegativeTestJSON:setUpClass): 200 GET http://10.180.1.21/compute/v2.1/servers/bd885b57-4718-464a-a60f-5543d3191bd1 0.735s
2025-03-06 08:34:12.667 69145 INFO tempest.lib.common.rest_client [req-9c2f0237-72b7-47bb-a2d6-65bf1fb36b57 req-9c2f0237-72b7-47bb-a2d6-65bf1fb36b57 ] Request (DeleteServersAdminTestJSON:test_delete_server_while_in_error_state): 200 GET http://10.180.1.21/compute/v2.1/servers/50082c6e-44ca-4180-8367-85df53604b74 0.698s
2025-03-06 08:34:12.730 69185 INFO tempest.lib.common.rest_client [req-b1667b5c-939d-4a0e-bdb2-7e339f4dbf5b req-b1667b5c-939d-4a0e-bdb2-7e339f4dbf5b ] Request (ServersTestJSON:setUpClass): 201 POST http://10.180.1.21:9696/networking/v2.0/security-groups 0.120s
