2025-03-10 09:02:25.319 69272 INFO tempest.lib.common.rest_client [req-3c9e66a6-f9d9-4f06-a4f9-6b32b05b49cf req-3c9e66a6-f9d9-4f06-a4f9-6b32b05b49cf ] Request (ServersTestManualDisk:setUpClass): 200 GET http://10.180.1.21/compute/v2.1/servers/96fcc060-7f39-4cac-a92a-74318102163b 0.211s
2025-03-10 09:02:25.340 69288 INFO tempest.lib.common.rest_client [req-7d82730d-ca5c-4e86-a9a7-a3feaee54224 req-7d82730d-ca5c-4e86-a9a7-a3feaee54224 ] Request (DeleteServersAdminTestJSON:test_delete_server_while_in_error_state): 200 GET http://10.180.1.21/compute/v2.1/servers/cd6dbd20-d6b1-4c1d-b63f-18ed04efbd83 0.180s
2025-03-10 09:02:25.355 69322 INFO tempest.lib.common.rest_client [req-b5c74bb6-cdf5-4282-9d82-04b81ded2e8c req-b5c74bb6-cdf5-4282-9d82-04b81ded2e8c ] Request (ServerActionsV293TestJSON:setUpClass): 200 GET http://10.180.1.21/volume/v3/volumes/65478d36-faef-4145-9918-b94746ec38de 0.055s
2025-03-10 09:02:25.379 69307 INFO tempest.lib.common.rest_client [req-ed78d409-a42e-4ba3-ae8e-fd098cf6bdc1 req-ed78d409-a42e-4ba3-ae8e-fd098cf6bdc1 ] Request (SecurityGroupsTestJSON:test_server_security_groups): 200 GET http://10.180.1.21/compute/v2.1/servers/7a048aad-8fdd-479b-8756-c871b610686b 0.150s
2025-03-10 09:02:25.399 69330 INFO tempest.lib.common.rest_client [req-27f6da14-96f0-40e5-9fb3-f21329974924 req-27f6da14-96f0-40e5-9fb3-f21329974924 ] Request (ServersAdminNegativeTestJSON:test_migrate_server_invalid_state): 200 GET http://10.180.1.21/compute/v2.1/servers/fb6fc1f8-7e4e-4670-97d1-01ae0954b140 0.109s
2025-03-10 09:02:25.497 69300 INFO tempest.lib.common.rest_client [req-8d806edf-527c-4009-8176-bb970b1a45c3 req-8d806edf-527c-4009-8176-bb970b1a45c3 ] Request (ServersAdmin275Test:test_rebuild_update_server_275): 200 GET http://10.180.1.21/compute/v2.1/servers/0871c701-7bfd-4445-9c0e-8db6fdd55af1 0.055s
2025-03-10 09:02:25.563 69274 INFO tempest.lib.common.rest_client [req-b1f1d1c1-8db9-49d2-a22f-d43db45bd5b8 req-b1f1d1c1-8db9-49d2-a22f-d43db45bd5b8 ] Request (ServerDiskConfigTestJSON:test_rebuild_server_with_auto_disk_config): 200 GET http://10.180.1.21/compute/v2.1/servers/01c5d417-3609-4987-9094-887626db9d30 0.052s
2025-03-10 09:02:25.639 69324 INFO tempest.lib.common.rest_client [req-716def01-ba74-4463-9245-35c557c3c6b5 req-716def01-ba74-4463-9245-35c557c3c6b5 ] Request (InstanceActionsTestJSON:setUpClass): 200 GET http://10.180.1.21/compute/v2.1/servers/77084759-de98-460e-b0a5-bcd5fa673f2d 0.062s
2025-03-10 09:02:25.698 69320 INFO tempest.lib.common.rest_client [req-266cb427-941e-41da-a8b5-2dcd355a6f3f req-266cb427-941e-41da-a8b5-2dcd355a6f3f ] Request (MigrationsAdminTest:test_resize_server_revert_deleted_flavor): 200 GET http://10.180.1.21/compute/v2.1/servers/ff844732-4d22-402e-9166-6353ed5a4713 0.063s
2025-03-10 09:02:25.713 69302 INFO tempest.lib.common.rest_client [req-7b24b030-e8a5-4936-a9da-d3ae07437e22 req-7b24b030-e8a5-4936-a9da-d3ae07437e22 ] Request (ServerDiagnosticsNegativeTest:test_get_server_diagnostics_by_non_admin): 200 GET http://10.180.1.21/compute/v2.1/servers/0d9d5127-d845-4df2-9845-0e8efffdd567 0.129s
2025-03-10 09:02:25.744 69328 INFO tempest.lib.common.rest_client [req-4489a823-3239-41de-952d-2a6f28eb3177 req-4489a823-3239-41de-952d-2a6f28eb3177 ] Request (ImagesTestJSON:test_create_image_from_suspended_server): 200 GET http://10.180.1.21/compute/v2.1/servers/aab45dae-d614-4714-9aa6-87d841476252 0.105s
2025-03-10 09:02:25.749 69286 INFO tempest.lib.common.rest_client [req-71f9b9ee-60ae-4ac2-a802-d6817d5bc1bc req-71f9b9ee-60ae-4ac2-a802-d6817d5bc1bc ] Request (ListImageFiltersTestJSON:setUpClass): 200 GET http://10.180.1.21/compute/v2.1/images/7a3e96eb-5b57-42f0-bb64-6f4beae2c436 0.069s
2025-03-10 09:02:25.811 69304 INFO tempest.lib.common.rest_client [req-3094dced-3c1b-45b7-917d-817e2f287370 req-3094dced-3c1b-45b7-917d-817e2f287370 ] Request (ServersTestFqdnHostnames:test_create_server_with_fqdn_name): 200 GET http://10.180.1.21/compute/v2.1/servers/700ed01f-9ec2-4dcd-bac1-5a2254e587d6 0.065s
2025-03-10 09:02:25.817 69296 INFO tempest.lib.common.rest_client [req-6ac5c2b5-fcf6-4174-9707-5b2cf19d4dd2 req-6ac5c2b5-fcf6-4174-9707-5b2cf19d4dd2 ] Request (ServersListShow298Test:test_list_show_update_rebuild_server_298): 200 GET http://10.180.1.21/compute/v2.1/servers/9c262742-3212-4925-9057-fd5d8b7fe48f 0.112s
2025-03-10 09:02:25.883 69284 INFO tempest.lib.common.rest_client [req-cfaf6463-810f-4d88-92f2-a428ee8c393b req-cfaf6463-810f-4d88-92f2-a428ee8c393b ] Request (AttachInterfacesUnderV243Test:test_add_remove_fixed_ip): 200 GET http://10.180.1.21/compute/v2.1/servers/e3bd81fe-2bb2-43de-b475-b1cdcff1a710 0.115s
2025-03-10 09:02:25.885 69326 INFO tempest.lib.common.rest_client [req-e79567ee-a63a-4be0-9b93-2c03e3889ab3 req-e79567ee-a63a-4be0-9b93-2c03e3889ab3 ] Request (ServerShowV254Test:test_rebuild_server): 200 GET http://10.180.1.21/compute/v2.1/servers/450dc5de-a86a-443d-9d33-1e27ada7471b 0.069s
2025-03-10 09:02:25.940 69282 INFO tempest.lib.common.rest_client [req-1b0348a9-29b1-4621-ad1e-3ef6b9591900 req-1b0348a9-29b1-4621-ad1e-3ef6b9591900 ] Request (AttachInterfacesTestJSON:test_create_list_show_delete_interfaces_by_fixed_ip): 200 GET http://10.180.1.21/compute/v2.1/servers/1eec8376-eaba-476f-88fb-2f7251d0135d 0.111s
2025-03-10 09:02:25.961 69310 INFO tempest.lib.common.rest_client [req-a349087c-3285-47ac-8b15-79e5b46c6f12 req-a349087c-3285-47ac-8b15-79e5b46c6f12 ] Request (ServerTagsTestJSON:setUpClass): 200 GET http://10.180.1.21/compute/v2.1/servers/dc0f9f6c-aafa-42d8-a20b-cf658e14b4e1 0.061s
2025-03-10 09:02:26.018 69315 INFO tempest.lib.common.rest_client [req-683f2120-3edc-45f2-a667-7adc723d51b8 req-683f2120-3edc-45f2-a667-7adc723d51b8 ] Request (ServersTestMultiNic:_run_cleanups): 200 GET http://10.180.1.21/compute/v2.1/servers/d5224c97-3c88-4e03-8beb-050e020765d6 0.112s
2025-03-10 09:02:26.051 69318 INFO tempest.lib.common.rest_client [req-cd321d06-769c-4998-9a21-5d8beddc4781 req-cd321d06-769c-4998-9a21-5d8beddc4781 ] Request (ImagesNegativeTestJSON:test_create_image_from_deleted_server): 200 GET http://10.180.1.21/compute/v2.1/servers/76b11869-3839-4753-8cf1-2208553fabc9 0.055s
2025-03-10 09:02:26.080 69294 WARNING tempest.lib.common.ssh [-] Failed to establish authenticated ssh connection to cirros@10.180.180.237 ([Errno None] Unable to connect to port 22 on 10.180.180.237). Number attempts: 1. Retry after 2 seconds.: paramiko.ssh_exception.NoValidConnectionsError: [Errno None] Unable to connect to port 22 on 10.180.180.237
2025-03-10 09:02:26.268 69280 INFO tempest.lib.common.rest_client [req-bdba853b-a785-4094-8bd6-5aba44386467 req-bdba853b-a785-4094-8bd6-5aba44386467 ] Request (FloatingIPsAssociationTestJSON:setUpClass): 200 GET http://10.180.1.21/compute/v2.1/servers/59cf66e2-713b-4ec4-a168-156b71cdc421 0.117s
2025-03-10 09:02:26.304 69292 INFO tempest.lib.common.rest_client [req-bc5335da-23dc-4844-8254-d997312e33c0 req-bc5335da-23dc-4844-8254-d997312e33c0 ] Request (ImagesOneServerTestJSON:setUpClass): 200 GET http://10.180.1.21/compute/v2.1/servers/9cccddfe-4c72-4799-996a-31675c141683 0.111s
2025-03-10 09:02:26.311 69292 INFO tempest.common.waiters [-] State transition "BUILD/block_device_mapping" ==> "BUILD/spawning" after 52 second wait
2025-03-10 09:02:26.324 69308 INFO tempest.lib.common.rest_client [req-7859f08e-d0ff-4298-8dd6-63d754f1f1a2 req-7859f08e-d0ff-4298-8dd6-63d754f1f1a2 ] Request (MultipleCreateTestJSON:_run_cleanups): 200 GET http://10.180.1.21/compute/v2.1/servers/c85f5dbc-ae48-4194-8e06-226ee04140ba 0.114s
2025-03-10 09:02:26.355 69268 INFO tempest.lib.common.rest_client [req-db408781-78f3-474e-bde9-c61325fef0c6 req-db408781-78f3-474e-bde9-c61325fef0c6 ] Request (ServersAaction247Test:test_create_backup): 200 GET http://10.180.1.21/compute/v2.1/servers/d00ea780-86fb-4fe9-b94b-894ce1f912e8 0.084s
2025-03-10 09:02:26.373 69312 INFO tempest.lib.common.rest_client [req-1791947e-7d32-4fb5-aa4b-fdb4d777ecd7 req-1791947e-7d32-4fb5-aa4b-fdb4d777ecd7 ] Request (ServersTestJSON:setUpClass): 200 GET http://10.180.1.21/compute/v2.1/servers/a33f417a-01b7-4b60-a679-cc1e042911ab 0.085s
2025-03-10 09:02:26.389 69322 INFO tempest.lib.common.rest_client [req-b1616b13-f4be-48a1-91b1-a08a05eb0c75 req-b1616b13-f4be-48a1-91b1-a08a05eb0c75 ] Request (ServerActionsV293TestJSON:setUpClass): 200 GET http://10.180.1.21/volume/v3/volumes/65478d36-faef-4145-9918-b94746ec38de 0.026s
2025-03-10 09:02:26.402 69272 INFO tempest.lib.common.rest_client [req-8783f75c-15e5-48c4-afe5-e832ab439301 req-8783f75c-15e5-48c4-afe5-e832ab439301 ] Request (ServersTestManualDisk:setUpClass): 200 GET http://10.180.1.21/compute/v2.1/servers/96fcc060-7f39-4cac-a92a-74318102163b 0.072s
2025-03-10 09:02:26.426 69288 INFO tempest.lib.common.rest_client [req-bc11d381-fc01-405a-b19f-23551dbe15f2 req-bc11d381-fc01-405a-b19f-23551dbe15f2 ] Request (DeleteServersAdminTestJSON:test_delete_server_while_in_error_state): 200 GET http://10.180.1.21/compute/v2.1/servers/cd6dbd20-d6b1-4c1d-b63f-18ed04efbd83 0.077s
2025-03-10 09:02:26.453 69307 INFO tempest.lib.common.rest_client [req-51cb3213-16d9-4a67-a063-a6fb8b172599 req-51cb3213-16d9-4a67-a063-a6fb8b172599 ] Request (SecurityGroupsTestJSON:test_server_security_groups): 200 GET http://10.180.1.21/compute/v2.1/servers/7a048aad-8fdd-479b-8756-c871b610686b 0.060s
2025-03-10 09:02:26.477 69330 INFO tempest.lib.common.rest_client [req-b741f22c-0be5-4e49-943a-d6885c794216 req-b741f22c-0be5-4e49-943a-d6885c794216 ] Request (ServersAdminNegativeTestJSON:test_migrate_server_invalid_state): 200 GET http://10.180.1.21/compute/v2.1/servers/fb6fc1f8-7e4e-4670-97d1-01ae0954b140 0.070s
2025-03-10 09:02:26.581 69300 INFO tempest.lib.common.rest_client [req-2c2345e0-2b69-430e-a557-d802cb229393 req-2c2345e0-2b69-430e-a557-d802cb229393 ] Request (ServersAdmin275Test:test_rebuild_update_server_275): 200 GET http://10.180.1.21/compute/v2.1/servers/0871c701-7bfd-4445-9c0e-8db6fdd55af1 0.070s
2025-03-10 09:02:26.636 69274 INFO tempest.lib.common.rest_client [req-a7b58a87-a070-4fa8-a0e1-55366994a631 req-a7b58a87-a070-4fa8-a0e1-55366994a631 ] Request (ServerDiskConfigTestJSON:test_rebuild_server_with_auto_disk_config): 200 GET http://10.180.1.21/compute/v2.1/servers/01c5d417-3609-4987-9094-887626db9d30 0.064s
2025-03-10 09:02:26.704 69324 INFO tempest.lib.common.rest_client [req-b240c42c-bad8-4ea4-ab0f-524dd0aae66d req-b240c42c-bad8-4ea4-ab0f-524dd0aae66d ] Request (InstanceActionsTestJSON:setUpClass): 200 GET http://10.180.1.21/compute/v2.1/servers/77084759-de98-460e-b0a5-bcd5fa673f2d 0.055s
2025-03-10 09:02:26.761 69320 INFO tempest.lib.common.rest_client [req-f6eaba95-225a-4053-ab38-bca2fd8004a2 req-f6eaba95-225a-4053-ab38-bca2fd8004a2 ] Request (MigrationsAdminTest:test_resize_server_revert_deleted_flavor): 200 GET http://10.180.1.21/compute/v2.1/servers/ff844732-4d22-402e-9166-6353ed5a4713 0.056s
2025-03-10 09:02:26.813 69328 INFO tempest.lib.common.rest_client [req-39297b4b-ee33-42ca-97fe-0c7e581fec6f req-39297b4b-ee33-42ca-97fe-0c7e581fec6f ] Request (ImagesTestJSON:test_create_image_from_suspended_server): 200 GET http://10.180.1.21/compute/v2.1/servers/aab45dae-d614-4714-9aa6-87d841476252 0.061s
2025-03-10 09:02:26.831 69302 INFO tempest.lib.common.rest_client [req-9469ab8d-4070-4c1c-bbf7-f5a02343ab34 req-9469ab8d-4070-4c1c-bbf7-f5a02343ab34 ] Request (ServerDiagnosticsNegativeTest:test_get_server_diagnostics_by_non_admin): 200 GET http://10.180.1.21/compute/v2.1/servers/0d9d5127-d845-4df2-9845-0e8efffdd567 0.111s
2025-03-10 09:02:26.848 69286 INFO tempest.lib.common.rest_client [req-9f637c48-9573-43b5-81cd-20c79c8f43fc req-9f637c48-9573-43b5-81cd-20c79c8f43fc ] Request (ListImageFiltersTestJSON:setUpClass): 200 GET http://10.180.1.21/compute/v2.1/images/7a3e96eb-5b57-42f0-bb64-6f4beae2c436 0.095s
2025-03-10 09:02:26.886 69304 INFO tempest.lib.common.rest_client [req-4c7a1e08-65eb-409f-a82d-6b694f257b16 req-4c7a1e08-65eb-409f-a82d-6b694f257b16 ] Request (ServersTestFqdnHostnames:test_create_server_with_fqdn_name): 200 GET http://10.180.1.21/compute/v2.1/servers/700ed01f-9ec2-4dcd-bac1-5a2254e587d6 0.065s
2025-03-10 09:02:26.920 69286 INFO tempest.lib.common.rest_client [req-16ac07ef-4ba0-427d-8a91-e6c51aa0c61e req-16ac07ef-4ba0-427d-8a91-e6c51aa0c61e ] Request (ListImageFiltersTestJSON:setUpClass): 200 GET http://10.180.1.21/compute/v2.1/images/7a3e96eb-5b57-42f0-bb64-6f4beae2c436 0.069s
2025-03-10 09:02:26.938 69296 INFO tempest.lib.common.rest_client [req-e6c03d8b-1f1c-4baa-9ba7-8a06cc34acdc req-e6c03d8b-1f1c-4baa-9ba7-8a06cc34acdc ] Request (ServersListShow298Test:test_list_show_update_rebuild_server_298): 200 GET http://10.180.1.21/compute/v2.1/servers/9c262742-3212-4925-9057-fd5d8b7fe48f 0.106s
2025-03-10 09:02:26.969 69284 INFO tempest.lib.common.rest_client [req-bb780ed8-8bf5-4584-98cd-f9434f24e65a req-bb780ed8-8bf5-4584-98cd-f9434f24e65a ] Request (AttachInterfacesUnderV243Test:test_add_remove_fixed_ip): 200 GET http://10.180.1.21/compute/v2.1/servers/e3bd81fe-2bb2-43de-b475-b1cdcff1a710 0.077s
2025-03-10 09:02:26.988 69326 INFO tempest.lib.common.rest_client [req-bf2cd47f-da69-4662-a887-8a574379b7e5 req-bf2cd47f-da69-4662-a887-8a574379b7e5 ] Request (ServerShowV254Test:test_rebuild_server): 200 GET http://10.180.1.21/compute/v2.1/servers/450dc5de-a86a-443d-9d33-1e27ada7471b 0.094s
2025-03-10 09:02:27.042 69282 INFO tempest.lib.common.rest_client [req-663b8118-8fbd-4da6-a5c6-4007253b1cfc req-663b8118-8fbd-4da6-a5c6-4007253b1cfc ] Request (AttachInterfacesTestJSON:test_create_list_show_delete_interfaces_by_fixed_ip): 200 GET http://10.180.1.21/compute/v2.1/servers/1eec8376-eaba-476f-88fb-2f7251d0135d 0.093s
2025-03-10 09:02:27.075 69286 INFO tempest.lib.common.rest_client [req-7f062fbf-c7ff-4c93-9843-4def9ac3e4f8 req-7f062fbf-c7ff-4c93-9843-4def9ac3e4f8 ] Request (ListImageFiltersTestJSON:setUpClass): 200 GET http://10.180.1.21/compute/v2.1/servers/5f19bea0-0966-411b-a952-4a7b2145ac37 0.150s
2025-03-10 09:02:27.091 69310 INFO tempest.lib.common.rest_client [req-824020dc-7659-4093-a93e-7f689525022c req-824020dc-7659-4093-a93e-7f689525022c ] Request (ServerTagsTestJSON:setUpClass): 200 GET http://10.180.1.21/compute/v2.1/servers/dc0f9f6c-aafa-42d8-a20b-cf658e14b4e1 0.111s
2025-03-10 09:02:27.133 69315 INFO tempest.lib.common.rest_client [req-c4b87d12-7e54-48b8-b106-065b12ae5b3a req-c4b87d12-7e54-48b8-b106-065b12ae5b3a ] Request (ServersTestMultiNic:_run_cleanups): 200 GET http://10.180.1.21/compute/v2.1/servers/d5224c97-3c88-4e03-8beb-050e020765d6 0.105s
2025-03-10 09:02:27.139 69318 INFO tempest.lib.common.rest_client [req-baae713c-6317-4dda-8f80-ebea88b26380 req-baae713c-6317-4dda-8f80-ebea88b26380 ] Request (ImagesNegativeTestJSON:test_create_image_from_deleted_server): 200 GET http://10.180.1.21/compute/v2.1/servers/76b11869-3839-4753-8cf1-2208553fabc9 0.076s
2025-03-10 09:02:27.374 69280 INFO tempest.lib.common.rest_client [req-a7ae883e-49f1-4938-97d3-6741c7c3697b req-a7ae883e-49f1-4938-97d3-6741c7c3697b ] Request (FloatingIPsAssociationTestJSON:setUpClass): 200 GET http://10.180.1.21/compute/v2.1/servers/59cf66e2-713b-4ec4-a168-156b71cdc421 0.099s
2025-03-10 09:02:27.408 69292 INFO tempest.lib.common.rest_client [req-4c6f6563-402e-41cd-abdd-5d9c2378f563 req-4c6f6563-402e-41cd-abdd-5d9c2378f563 ] Request (ImagesOneServerTestJSON:setUpClass): 200 GET http://10.180.1.21/compute/v2.1/servers/9cccddfe-4c72-4799-996a-31675c141683 0.095s
2025-03-10 09:02:27.443 69322 INFO tempest.lib.common.rest_client [req-0f249cb9-dbee-4bec-b474-257ee3a2ce1f req-0f249cb9-dbee-4bec-b474-257ee3a2ce1f ] Request (ServerActionsV293TestJSON:setUpClass): 200 GET http://10.180.1.21/volume/v3/volumes/65478d36-faef-4145-9918-b94746ec38de 0.040s
2025-03-10 09:02:27.449 69308 INFO tempest.lib.common.rest_client [req-d73bacb8-4978-4a31-93d0-49cc63bc474b req-d73bacb8-4978-4a31-93d0-49cc63bc474b ] Request (MultipleCreateTestJSON:_run_cleanups): 200 GET http://10.180.1.21/compute/v2.1/servers/c85f5dbc-ae48-4194-8e06-226ee04140ba 0.117s
2025-03-10 09:02:27.479 69268 INFO tempest.lib.common.rest_client [req-6975f7ec-38f0-45e8-825a-a7d0bd141644 req-6975f7ec-38f0-45e8-825a-a7d0bd141644 ] Request (ServersAaction247Test:test_create_backup): 200 GET http://10.180.1.21/compute/v2.1/servers/d00ea780-86fb-4fe9-b94b-894ce1f912e8 0.115s
2025-03-10 09:02:27.499 69312 INFO tempest.lib.common.rest_client [req-114aa40b-6581-4d2a-b4a3-d14c40efc0c8 req-114aa40b-6581-4d2a-b4a3-d14c40efc0c8 ] Request (ServersTestJSON:setUpClass): 200 GET http://10.180.1.21/compute/v2.1/servers/a33f417a-01b7-4b60-a679-cc1e042911ab 0.117s
2025-03-10 09:02:27.549 69272 INFO tempest.lib.common.rest_client [req-039379f1-b297-4312-b160-4b0c6ef5d949 req-039379f1-b297-4312-b160-4b0c6ef5d949 ] Request (ServersTestManualDisk:setUpClass): 200 GET http://10.180.1.21/compute/v2.1/servers/96fcc060-7f39-4cac-a92a-74318102163b 0.139s
2025-03-10 09:02:27.560 69288 INFO tempest.lib.common.rest_client [req-35c0bfab-e4d3-404e-853a-7af53af5117a req-35c0bfab-e4d3-404e-853a-7af53af5117a ] Request (DeleteServersAdminTestJSON:test_delete_server_while_in_error_state): 200 GET http://10.180.1.21/compute/v2.1/servers/cd6dbd20-d6b1-4c1d-b63f-18ed04efbd83 0.124s
2025-03-10 09:02:27.614 69307 INFO tempest.lib.common.rest_client [req-984d2e6a-f4af-417d-aa1f-9d2d658999f6 req-984d2e6a-f4af-417d-aa1f-9d2d658999f6 ] Request (SecurityGroupsTestJSON:test_server_security_groups): 200 GET http://10.180.1.21/compute/v2.1/servers/7a048aad-8fdd-479b-8756-c871b610686b 0.152s
2025-03-10 09:02:27.698 69330 INFO tempest.lib.common.rest_client [req-1400bf91-f87a-40eb-b342-2cb6359e932a req-1400bf91-f87a-40eb-b342-2cb6359e932a ] Request (ServersAdminNegativeTestJSON:test_migrate_server_invalid_state): 200 GET http://10.180.1.21/compute/v2.1/servers/fb6fc1f8-7e4e-4670-97d1-01ae0954b140 0.213s
2025-03-10 09:02:27.703 69300 INFO tempest.lib.common.rest_client [req-fb1d3535-634c-4a95-ab81-ed04fc04fa52 req-fb1d3535-634c-4a95-ab81-ed04fc04fa52 ] Request (ServersAdmin275Test:test_rebuild_update_server_275): 200 GET http://10.180.1.21/compute/v2.1/servers/0871c701-7bfd-4445-9c0e-8db6fdd55af1 0.109s
2025-03-10 09:02:27.708 69330 INFO tempest.common.waiters [-] State transition "BUILD/None" ==> "BUILD/networking" after 51 second wait
2025-03-10 09:02:27.759 69274 INFO tempest.lib.common.rest_client [req-d6668ac1-f897-40da-beeb-4180220f2a1f req-d6668ac1-f897-40da-beeb-4180220f2a1f ] Request (ServerDiskConfigTestJSON:test_rebuild_server_with_auto_disk_config): 200 GET http://10.180.1.21/compute/v2.1/servers/01c5d417-3609-4987-9094-887626db9d30 0.116s
2025-03-10 09:02:27.784 69324 INFO tempest.lib.common.rest_client [req-246e776e-559c-40d9-9e5c-578c2682ed60 req-246e776e-559c-40d9-9e5c-578c2682ed60 ] Request (InstanceActionsTestJSON:setUpClass): 200 GET http://10.180.1.21/compute/v2.1/servers/77084759-de98-460e-b0a5-bcd5fa673f2d 0.071s
2025-03-10 09:02:27.826 69320 INFO tempest.lib.common.rest_client [req-48081341-2895-4547-96b4-7480a1214664 req-48081341-2895-4547-96b4-7480a1214664 ] Request (MigrationsAdminTest:test_resize_server_revert_deleted_flavor): 200 GET http://10.180.1.21/compute/v2.1/servers/ff844732-4d22-402e-9166-6353ed5a4713 0.057s
2025-03-10 09:02:27.876 69328 INFO tempest.lib.common.rest_client [req-98c28a1a-790b-4785-a755-9e6749e0c3b8 req-98c28a1a-790b-4785-a755-9e6749e0c3b8 ] Request (ImagesTestJSON:test_create_image_from_suspended_server): 200 GET http://10.180.1.21/compute/v2.1/servers/aab45dae-d614-4714-9aa6-87d841476252 0.056s
2025-03-10 09:02:27.940 69302 INFO tempest.lib.common.rest_client [req-3b74beba-bf45-4921-a770-d06900bfa585 req-3b74beba-bf45-4921-a770-d06900bfa585 ] Request (ServerDiagnosticsNegativeTest:test_get_server_diagnostics_by_non_admin): 200 GET http://10.180.1.21/compute/v2.1/servers/0d9d5127-d845-4df2-9845-0e8efffdd567 0.101s
2025-03-10 09:02:27.956 69304 INFO tempest.lib.common.rest_client [req-683960c9-0a7d-437c-8997-ac131839604a req-683960c9-0a7d-437c-8997-ac131839604a ] Request (ServersTestFqdnHostnames:test_create_server_with_fqdn_name): 200 GET http://10.180.1.21/compute/v2.1/servers/700ed01f-9ec2-4dcd-bac1-5a2254e587d6 0.057s
2025-03-10 09:02:28.011 69296 INFO tempest.lib.common.rest_client [req-23a1d5c1-9eb3-458d-b1d4-e4b52a4b514d req-23a1d5c1-9eb3-458d-b1d4-e4b52a4b514d ] Request (ServersListShow298Test:test_list_show_update_rebuild_server_298): 200 GET http://10.180.1.21/compute/v2.1/servers/9c262742-3212-4925-9057-fd5d8b7fe48f 0.061s
2025-03-10 09:02:28.028 69284 INFO tempest.lib.common.rest_client [req-f15efed7-0c0b-432e-af8a-65393fd8ab95 req-f15efed7-0c0b-432e-af8a-65393fd8ab95 ] Request (AttachInterfacesUnderV243Test:test_add_remove_fixed_ip): 200 GET http://10.180.1.21/compute/v2.1/servers/e3bd81fe-2bb2-43de-b475-b1cdcff1a710 0.051s
2025-03-10 09:02:28.063 69326 INFO tempest.lib.common.rest_client [req-12a02683-6fe6-4827-b35a-cbf977d434a8 req-12a02683-6fe6-4827-b35a-cbf977d434a8 ] Request (ServerShowV254Test:test_rebuild_server): 200 GET http://10.180.1.21/compute/v2.1/servers/450dc5de-a86a-443d-9d33-1e27ada7471b 0.064s
2025-03-10 09:02:28.103 69282 INFO tempest.lib.common.rest_client [req-440fc70c-7d2b-4232-844e-d7c08b779418 req-440fc70c-7d2b-4232-844e-d7c08b779418 ] Request (AttachInterfacesTestJSON:test_create_list_show_delete_interfaces_by_fixed_ip): 200 GET http://10.180.1.21/compute/v2.1/servers/1eec8376-eaba-476f-88fb-2f7251d0135d 0.053s
2025-03-10 09:02:28.165 69310 INFO tempest.lib.common.rest_client [req-1236aa58-1dee-4ab7-983b-4a585531e4fe req-1236aa58-1dee-4ab7-983b-4a585531e4fe ] Request (ServerTagsTestJSON:setUpClass): 200 GET http://10.180.1.21/compute/v2.1/servers/dc0f9f6c-aafa-42d8-a20b-cf658e14b4e1 0.065s
2025-03-10 09:02:28.200 69286 INFO tempest.lib.common.rest_client [req-7d63e582-a2b5-4555-896f-10895babf464 req-7d63e582-a2b5-4555-896f-10895babf464 ] Request (ListImageFiltersTestJSON:setUpClass): 200 GET http://10.180.1.21/compute/v2.1/servers/5f19bea0-0966-411b-a952-4a7b2145ac37 0.118s
2025-03-10 09:02:28.213 69286 INFO tempest.common.waiters [-] State transition "ACTIVE/image_uploading" ==> "ACTIVE/None" after 1 second wait
2025-03-10 09:02:28.229 69315 INFO tempest.lib.common.rest_client [req-20fb6e64-4cdc-49cf-9a64-1d8b166c8fa7 req-20fb6e64-4cdc-49cf-9a64-1d8b166c8fa7 ] Request (ServersTestMultiNic:_run_cleanups): 200 GET http://10.180.1.21/compute/v2.1/servers/d5224c97-3c88-4e03-8beb-050e020765d6 0.088s
2025-03-10 09:02:28.244 69318 INFO tempest.lib.common.rest_client [req-63032d7f-7362-448e-9c57-a6cb81c6e807 req-63032d7f-7362-448e-9c57-a6cb81c6e807 ] Request (ImagesNegativeTestJSON:test_create_image_from_deleted_server): 200 GET http://10.180.1.21/compute/v2.1/servers/76b11869-3839-4753-8cf1-2208553fabc9 0.097s
2025-03-10 09:02:28.478 69280 INFO tempest.lib.common.rest_client [req-66016137-6104-42b4-a44a-5b22e2a3f957 req-66016137-6104-42b4-a44a-5b22e2a3f957 ] Request (FloatingIPsAssociationTestJSON:setUpClass): 200 GET http://10.180.1.21/compute/v2.1/servers/59cf66e2-713b-4ec4-a168-156b71cdc421 0.092s
2025-03-10 09:02:28.479 69322 INFO tempest.lib.common.rest_client [req-3dce2d58-df4a-4bbd-ba6a-9ab4bd6424e1 req-3dce2d58-df4a-4bbd-ba6a-9ab4bd6424e1 ] Request (ServerActionsV293TestJSON:setUpClass): 200 GET http://10.180.1.21/volume/v3/volumes/65478d36-faef-4145-9918-b94746ec38de 0.028s
2025-03-10 09:02:28.566 69292 INFO tempest.lib.common.rest_client [req-3d372afb-22bb-457e-b447-621d20caa53f req-3d372afb-22bb-457e-b447-621d20caa53f ] Request (ImagesOneServerTestJSON:setUpClass): 200 GET http://10.180.1.21/compute/v2.1/servers/9cccddfe-4c72-4799-996a-31675c141683 0.144s
2025-03-10 09:02:28.616 69286 INFO tempest.lib.common.rest_client [req-7b35469e-ecab-4cb1-babf-30f87f34b5d5 req-7b35469e-ecab-4cb1-babf-30f87f34b5d5 ] Request (ListImageFiltersTestJSON:setUpClass): 202 POST http://10.180.1.21/compute/v2.1/servers/ca423313-0fcc-4480-8928-525309dd7bda/action 0.402s
2025-03-10 09:02:28.624 69308 INFO tempest.lib.common.rest_client [req-8adf9724-93f8-4dcb-8322-fad24244d6f1 req-8adf9724-93f8-4dcb-8322-fad24244d6f1 ] Request (MultipleCreateTestJSON:_run_cleanups): 200 GET http://10.180.1.21/compute/v2.1/servers/c85f5dbc-ae48-4194-8e06-226ee04140ba 0.164s
2025-03-10 09:02:28.691 69312 INFO tempest.lib.common.rest_client [req-53c60c2e-8998-46c7-9174-4c7e2a59570a req-53c60c2e-8998-46c7-9174-4c7e2a59570a ] Request (ServersTestJSON:setUpClass): 200 GET http://10.180.1.21/compute/v2.1/servers/a33f417a-01b7-4b60-a679-cc1e042911ab 0.183s
2025-03-10 09:02:28.697 69268 INFO tempest.lib.common.rest_client [req-567678fa-f1cf-4ca7-9a6c-8d8d2812a8f2 req-567678fa-f1cf-4ca7-9a6c-8d8d2812a8f2 ] Request (ServersAaction247Test:test_create_backup): 200 GET http://10.180.1.21/compute/v2.1/servers/d00ea780-86fb-4fe9-b94b-894ce1f912e8 0.207s
2025-03-10 09:02:28.748 69272 INFO tempest.lib.common.rest_client [req-72744401-80ee-428a-ac0d-512f184054fc req-72744401-80ee-428a-ac0d-512f184054fc ] Request (ServersTestManualDisk:setUpClass): 200 GET http://10.180.1.21/compute/v2.1/servers/96fcc060-7f39-4cac-a92a-74318102163b 0.190s
2025-03-10 09:02:28.753 69288 INFO tempest.lib.common.rest_client [req-713de8dd-e4f3-4400-95c0-dda93bc672f2 req-713de8dd-e4f3-4400-95c0-dda93bc672f2 ] Request (DeleteServersAdminTestJSON:test_delete_server_while_in_error_state): 200 GET http://10.180.1.21/compute/v2.1/servers/cd6dbd20-d6b1-4c1d-b63f-18ed04efbd83 0.179s
2025-03-10 09:02:28.784 69286 INFO tempest.lib.common.rest_client [req-736d0c4d-6880-4e05-b942-dc90ef4df8fe req-736d0c4d-6880-4e05-b942-dc90ef4df8fe ] Request (ListImageFiltersTestJSON:setUpClass): 200 GET http://10.180.1.21/compute/v2.1/images/95c2fce5-a18f-423b-88eb-7f26a054bbc3 0.166s
2025-03-10 09:02:28.808 69307 INFO tempest.lib.common.rest_client [req-61ffc153-b218-4915-ab4d-df507c3f45d8 req-61ffc153-b218-4915-ab4d-df507c3f45d8 ] Request (SecurityGroupsTestJSON:test_server_security_groups): 200 GET http://10.180.1.21/compute/v2.1/servers/7a048aad-8fdd-479b-8756-c871b610686b 0.186s
2025-03-10 09:02:28.866 69300 INFO tempest.lib.common.rest_client [req-de1799c7-cbfc-4276-a51f-27afab6be61c req-de1799c7-cbfc-4276-a51f-27afab6be61c ] Request (ServersAdmin275Test:test_rebuild_update_server_275): 200 GET http://10.180.1.21/compute/v2.1/servers/0871c701-7bfd-4445-9c0e-8db6fdd55af1 0.151s
2025-03-10 09:02:28.916 69330 INFO tempest.lib.common.rest_client [req-21f95470-829d-4303-8553-c835defbe8d8 req-21f95470-829d-4303-8553-c835defbe8d8 ] Request (ServersAdminNegativeTestJSON:test_migrate_server_invalid_state): 200 GET http://10.180.1.21/compute/v2.1/servers/fb6fc1f8-7e4e-4670-97d1-01ae0954b140 0.206s
2025-03-10 09:02:28.922 69274 INFO tempest.lib.common.rest_client [req-b774d1a1-5da7-46d7-8620-5844d1b309bc req-b774d1a1-5da7-46d7-8620-5844d1b309bc ] Request (ServerDiskConfigTestJSON:test_rebuild_server_with_auto_disk_config): 200 GET http://10.180.1.21/compute/v2.1/servers/01c5d417-3609-4987-9094-887626db9d30 0.153s
2025-03-10 09:02:28.923 69330 INFO tempest.common.waiters [-] State transition "BUILD/networking" ==> "BUILD/spawning" after 52 second wait
2025-03-10 09:02:28.967 69324 INFO tempest.lib.common.rest_client [req-6539b088-edb7-4dfd-a911-3cac29c46a77 req-6539b088-edb7-4dfd-a911-3cac29c46a77 ] Request (InstanceActionsTestJSON:setUpClass): 200 GET http://10.180.1.21/compute/v2.1/servers/77084759-de98-460e-b0a5-bcd5fa673f2d 0.171s
2025-03-10 09:02:28.979 69320 INFO tempest.lib.common.rest_client [req-0f936c02-21b7-4b35-80db-20d26dd4cc24 req-0f936c02-21b7-4b35-80db-20d26dd4cc24 ] Request (MigrationsAdminTest:test_resize_server_revert_deleted_flavor): 200 GET http://10.180.1.21/compute/v2.1/servers/ff844732-4d22-402e-9166-6353ed5a4713 0.145s
2025-03-10 09:02:29.016 69328 INFO tempest.lib.common.rest_client [req-ce61288c-cdbd-419f-943d-a17bab147674 req-ce61288c-cdbd-419f-943d-a17bab147674 ] Request (ImagesTestJSON:test_create_image_from_suspended_server): 200 GET http://10.180.1.21/compute/v2.1/servers/aab45dae-d614-4714-9aa6-87d841476252 0.132s
2025-03-10 09:02:29.073 69304 INFO tempest.lib.common.rest_client [req-9dd3fdb9-2ded-4f5a-8cd6-314773dabdc7 req-9dd3fdb9-2ded-4f5a-8cd6-314773dabdc7 ] Request (ServersTestFqdnHostnames:test_create_server_with_fqdn_name): 200 GET http://10.180.1.21/compute/v2.1/servers/700ed01f-9ec2-4dcd-bac1-5a2254e587d6 0.108s
2025-03-10 09:02:29.109 69302 INFO tempest.lib.common.rest_client [req-2aca83b7-b110-4b45-a0d9-d83589eb530f req-2aca83b7-b110-4b45-a0d9-d83589eb530f ] Request (ServerDiagnosticsNegativeTest:test_get_server_diagnostics_by_non_admin): 200 GET http://10.180.1.21/compute/v2.1/servers/0d9d5127-d845-4df2-9845-0e8efffdd567 0.159s
2025-03-10 09:02:29.128 69296 INFO tempest.lib.common.rest_client [req-e0fb5138-9949-43c5-b017-519ada356876 req-e0fb5138-9949-43c5-b017-519ada356876 ] Request (ServersListShow298Test:test_list_show_update_rebuild_server_298): 200 GET http://10.180.1.21/compute/v2.1/servers/9c262742-3212-4925-9057-fd5d8b7fe48f 0.106s
2025-03-10 09:02:29.167 69284 INFO tempest.lib.common.rest_client [req-a9652852-8b13-42a4-8219-7babeb4567f9 req-a9652852-8b13-42a4-8219-7babeb4567f9 ] Request (AttachInterfacesUnderV243Test:test_add_remove_fixed_ip): 200 GET http://10.180.1.21/compute/v2.1/servers/e3bd81fe-2bb2-43de-b475-b1cdcff1a710 0.129s
2025-03-10 09:02:29.179 69326 INFO tempest.lib.common.rest_client [req-7159b21e-476d-4c5b-bed1-7565d7ad340c req-7159b21e-476d-4c5b-bed1-7565d7ad340c ] Request (ServerShowV254Test:test_rebuild_server): 200 GET http://10.180.1.21/compute/v2.1/servers/450dc5de-a86a-443d-9d33-1e27ada7471b 0.105s
2025-03-10 09:02:29.219 69282 INFO tempest.lib.common.rest_client [req-410e4582-6e58-4e54-b704-6bff935d1fe7 req-410e4582-6e58-4e54-b704-6bff935d1fe7 ] Request (AttachInterfacesTestJSON:test_create_list_show_delete_interfaces_by_fixed_ip): 200 GET http://10.180.1.21/compute/v2.1/servers/1eec8376-eaba-476f-88fb-2f7251d0135d 0.103s
2025-03-10 09:02:29.232 69310 INFO tempest.lib.common.rest_client [req-e6f70e25-78d3-46a2-be8a-e04e5cfab5a7 req-e6f70e25-78d3-46a2-be8a-e04e5cfab5a7 ] Request (ServerTagsTestJSON:setUpClass): 200 GET http://10.180.1.21/compute/v2.1/servers/dc0f9f6c-aafa-42d8-a20b-cf658e14b4e1 0.058s
2025-03-10 09:02:29.302 69315 INFO tempest.lib.common.rest_client [req-7ff1350a-2861-4a1a-ba1b-1589be569d5b req-7ff1350a-2861-4a1a-ba1b-1589be569d5b ] Request (ServersTestMultiNic:_run_cleanups): 200 GET http://10.180.1.21/compute/v2.1/servers/d5224c97-3c88-4e03-8beb-050e020765d6 0.065s
2025-03-10 09:02:29.309 69318 INFO tempest.lib.common.rest_client [req-158b5824-da7e-4484-8146-0c91e8905384 req-158b5824-da7e-4484-8146-0c91e8905384 ] Request (ImagesNegativeTestJSON:test_create_image_from_deleted_server): 200 GET http://10.180.1.21/compute/v2.1/servers/76b11869-3839-4753-8cf1-2208553fabc9 0.057s
2025-03-10 09:02:29.515 69322 INFO tempest.lib.common.rest_client [req-df851ee8-d599-4e46-897d-8300469a1745 req-df851ee8-d599-4e46-897d-8300469a1745 ] Request (ServerActionsV293TestJSON:setUpClass): 200 GET http://10.180.1.21/volume/v3/volumes/65478d36-faef-4145-9918-b94746ec38de 0.027s
2025-03-10 09:02:29.621 69280 INFO tempest.lib.common.rest_client [req-8c40e2db-a4c2-4cb4-b082-74073f8b11ed req-8c40e2db-a4c2-4cb4-b082-74073f8b11ed ] Request (FloatingIPsAssociationTestJSON:setUpClass): 200 GET http://10.180.1.21/compute/v2.1/servers/59cf66e2-713b-4ec4-a168-156b71cdc421 0.132s
2025-03-10 09:02:29.629 69280 INFO tempest.common.waiters [-] State transition "BUILD/spawning" ==> "ACTIVE/None" after 61 second wait
2025-03-10 09:02:29.686 69292 INFO tempest.lib.common.rest_client [req-35ffce53-ce46-47aa-8bae-6fb6dce27d12 req-35ffce53-ce46-47aa-8bae-6fb6dce27d12 ] Request (ImagesOneServerTestJSON:setUpClass): 200 GET http://10.180.1.21/compute/v2.1/servers/9cccddfe-4c72-4799-996a-31675c141683 0.112s
2025-03-10 09:02:29.756 69308 INFO tempest.lib.common.rest_client [req-4b53086d-58ee-4453-a3d2-64098470d7b5 req-4b53086d-58ee-4453-a3d2-64098470d7b5 ] Request (MultipleCreateTestJSON:_run_cleanups): 200 GET http://10.180.1.21/compute/v2.1/servers/c85f5dbc-ae48-4194-8e06-226ee04140ba 0.123s
2025-03-10 09:02:29.809 69312 INFO tempest.lib.common.rest_client [req-fb197107-54a2-4955-9c8b-692b1743fec3 req-fb197107-54a2-4955-9c8b-692b1743fec3 ] Request (ServersTestJSON:setUpClass): 200 GET http://10.180.1.21/compute/v2.1/servers/a33f417a-01b7-4b60-a679-cc1e042911ab 0.108s
2025-03-10 09:02:29.865 69268 INFO tempest.lib.common.rest_client [req-600c5e78-897f-446c-bbfe-f342ed6aa20f req-600c5e78-897f-446c-bbfe-f342ed6aa20f ] Request (ServersAaction247Test:test_create_backup): 200 GET http://10.180.1.21/compute/v2.1/servers/d00ea780-86fb-4fe9-b94b-894ce1f912e8 0.155s
2025-03-10 09:02:29.921 69272 INFO tempest.lib.common.rest_client [req-4a65d51b-09e5-4771-b6ad-358bb3b66f2c req-4a65d51b-09e5-4771-b6ad-358bb3b66f2c ] Request (ServersTestManualDisk:setUpClass): 200 GET http://10.180.1.21/compute/v2.1/servers/96fcc060-7f39-4cac-a92a-74318102163b 0.166s
2025-03-10 09:02:29.975 69288 INFO tempest.lib.common.rest_client [req-3db41a12-c264-4676-966b-4658b3de776f req-3db41a12-c264-4676-966b-4658b3de776f ] Request (DeleteServersAdminTestJSON:test_delete_server_while_in_error_state): 200 GET http://10.180.1.21/compute/v2.1/servers/cd6dbd20-d6b1-4c1d-b63f-18ed04efbd83 0.211s
2025-03-10 09:02:30.008 69286 INFO tempest.lib.common.rest_client [req-916558f6-8a2f-470a-9635-dfe9ca2137ed req-916558f6-8a2f-470a-9635-dfe9ca2137ed ] Request (ListImageFiltersTestJSON:setUpClass): 200 GET http://10.180.1.21/compute/v2.1/images/95c2fce5-a18f-423b-88eb-7f26a054bbc3 0.221s
2025-03-10 09:02:30.068 69307 INFO tempest.lib.common.rest_client [req-592e1b07-ed2d-4aec-b3ce-4fe82bab7b59 req-592e1b07-ed2d-4aec-b3ce-4fe82bab7b59 ] Request (SecurityGroupsTestJSON:test_server_security_groups): 200 GET http://10.180.1.21/compute/v2.1/servers/7a048aad-8fdd-479b-8756-c871b610686b 0.253s
2025-03-10 09:02:30.146 69300 INFO tempest.lib.common.rest_client [req-d5cec082-c7a6-4849-b842-ffeca6a35ac6 req-d5cec082-c7a6-4849-b842-ffeca6a35ac6 ] Request (ServersAdmin275Test:test_rebuild_update_server_275): 200 GET http://10.180.1.21/compute/v2.1/servers/0871c701-7bfd-4445-9c0e-8db6fdd55af1 0.270s
2025-03-10 09:02:30.174 69278 WARNING tempest.lib.common.ssh [-] Failed to establish authenticated ssh connection to cirros@10.180.180.129 ([Errno None] Unable to connect to port 22 on 10.180.180.129). Number attempts: 7. Retry after 8 seconds.: paramiko.ssh_exception.NoValidConnectionsError: [Errno None] Unable to connect to port 22 on 10.180.180.129
2025-03-10 09:02:30.487 69330 INFO tempest.lib.common.rest_client [req-f291bfe7-61b9-4abd-9451-efe26c40440b req-f291bfe7-61b9-4abd-9451-efe26c40440b ] Request (ServersAdminNegativeTestJSON:test_migrate_server_invalid_state): 200 GET http://10.180.1.21/compute/v2.1/servers/fb6fc1f8-7e4e-4670-97d1-01ae0954b140 0.563s
2025-03-10 09:02:30.490 69280 INFO tempest.lib.common.rest_client [req-7dce7e59-19a8-40a8-b160-4d6956e8f670 req-7dce7e59-19a8-40a8-b160-4d6956e8f670 ] Request (FloatingIPsAssociationTestJSON:setUpClass): 200 POST http://10.180.1.21/compute/v2.1/os-floating-ips 0.861s
2025-03-10 09:02:30.543 69274 INFO tempest.lib.common.rest_client [req-58568547-6d2f-498c-9fd5-eb7c67245aed req-58568547-6d2f-498c-9fd5-eb7c67245aed ] Request (ServerDiskConfigTestJSON:test_rebuild_server_with_auto_disk_config): 200 GET http://10.180.1.21/compute/v2.1/servers/01c5d417-3609-4987-9094-887626db9d30 0.609s
2025-03-10 09:02:30.546 69324 INFO tempest.lib.common.rest_client [req-ec676e05-c76c-49ef-9e8d-3e5e1aa11294 req-ec676e05-c76c-49ef-9e8d-3e5e1aa11294 ] Request (InstanceActionsTestJSON:setUpClass): 200 GET http://10.180.1.21/compute/v2.1/servers/77084759-de98-460e-b0a5-bcd5fa673f2d 0.569s
2025-03-10 09:02:30.550 69322 INFO tempest.lib.common.rest_client [req-7ef1ccae-7b88-499c-92bf-df0a9e2933b9 req-7ef1ccae-7b88-499c-92bf-df0a9e2933b9 ] Request (ServerActionsV293TestJSON:setUpClass): 200 GET http://10.180.1.21/volume/v3/volumes/65478d36-faef-4145-9918-b94746ec38de 0.026s
2025-03-10 09:02:30.556 69280 INFO tempest.lib.common.rest_client [req-885792ea-8059-4cfb-ac55-5b846862a0ba req-885792ea-8059-4cfb-ac55-5b846862a0ba ] Request (FloatingIPsAssociationTestJSON:test_associate_already_associated_floating_ip): 201 POST http://10.180.1.21/identity/v3/auth/tokens 0.061s
2025-03-10 09:02:30.556 69280 INFO tempest.lib.common.fixed_network [-] (FloatingIPsAssociationTestJSON:test_associate_already_associated_floating_ip) Found network {'id': 'b8f8cd27-e9a0-4c64-a69c-ee72a85cb654', 'name': 'tempest-FloatingIPsAssociationTestJSON-1267494014-network', 'tenant_id': 'e0b4ccc7c0214235b5e731046fc5f590', 'admin_state_up': True, 'mtu': 8950, 'status': 'ACTIVE', 'subnets': [], 'shared': False, 'project_id': 'e0b4ccc7c0214235b5e731046fc5f590', 'port_security_enabled': True, 'router:external': False, 'provider:network_type': 'vlan', 'provider:physical_network': 'default', 'provider:segmentation_id': 395, 'availability_zone_hints': [], 'availability_zones': [], 'ipv4_address_scope': None, 'ipv6_address_scope': None, 'description': '', 'tags': [], 'created_at': '2025-03-10T09:01:18Z', 'updated_at': '2025-03-10T09:01:19Z', 'revision_number': 1} available for tenant
2025-03-10 09:02:30.593 69320 INFO tempest.lib.common.rest_client [req-340a4970-9686-49f2-a838-1013dbcdec18 req-340a4970-9686-49f2-a838-1013dbcdec18 ] Request (MigrationsAdminTest:test_resize_server_revert_deleted_flavor): 200 GET http://10.180.1.21/compute/v2.1/servers/ff844732-4d22-402e-9166-6353ed5a4713 0.606s
2025-03-10 09:02:30.600 69328 INFO tempest.lib.common.rest_client [req-a69bfae2-af01-41b7-8872-ae63660afa45 req-a69bfae2-af01-41b7-8872-ae63660afa45 ] Request (ImagesTestJSON:test_create_image_from_suspended_server): 200 GET http://10.180.1.21/compute/v2.1/servers/aab45dae-d614-4714-9aa6-87d841476252 0.575s
2025-03-10 09:02:30.647 69304 INFO tempest.lib.common.rest_client [req-9400a2dc-a7cf-4bdb-b5a7-6a71c4cce312 req-9400a2dc-a7cf-4bdb-b5a7-6a71c4cce312 ] Request (ServersTestFqdnHostnames:test_create_server_with_fqdn_name): 200 GET http://10.180.1.21/compute/v2.1/servers/700ed01f-9ec2-4dcd-bac1-5a2254e587d6 0.566s
2025-03-10 09:02:30.708 69296 INFO tempest.lib.common.rest_client [req-262f5e53-71da-4517-bf40-ac773fc70c70 req-262f5e53-71da-4517-bf40-ac773fc70c70 ] Request (ServersListShow298Test:test_list_show_update_rebuild_server_298): 200 GET http://10.180.1.21/compute/v2.1/servers/9c262742-3212-4925-9057-fd5d8b7fe48f 0.567s
2025-03-10 09:02:30.713 69302 INFO tempest.lib.common.rest_client [req-fd41244c-c652-4921-9e56-c79a61b04042 req-fd41244c-c652-4921-9e56-c79a61b04042 ] Request (ServerDiagnosticsNegativeTest:test_get_server_diagnostics_by_non_admin): 200 GET http://10.180.1.21/compute/v2.1/servers/0d9d5127-d845-4df2-9845-0e8efffdd567 0.596s
2025-03-10 09:02:30.779 69326 INFO tempest.lib.common.rest_client [req-7ed252a8-904c-4b61-b641-f6765bb7d727 req-7ed252a8-904c-4b61-b641-f6765bb7d727 ] Request (ServerShowV254Test:test_rebuild_server): 200 GET http://10.180.1.21/compute/v2.1/servers/450dc5de-a86a-443d-9d33-1e27ada7471b 0.590s
2025-03-10 09:02:30.838 69282 INFO tempest.lib.common.rest_client [req-bb9b1a71-c86a-4058-a6a6-e7d33f81f333 req-bb9b1a71-c86a-4058-a6a6-e7d33f81f333 ] Request (AttachInterfacesTestJSON:test_create_list_show_delete_interfaces_by_fixed_ip): 200 GET http://10.180.1.21/compute/v2.1/servers/1eec8376-eaba-476f-88fb-2f7251d0135d 0.610s
2025-03-10 09:02:30.853 69284 INFO tempest.lib.common.rest_client [req-5b1c5eeb-e5d0-48a6-bc76-579537c0a925 req-5b1c5eeb-e5d0-48a6-bc76-579537c0a925 ] Request (AttachInterfacesUnderV243Test:test_add_remove_fixed_ip): 200 GET http://10.180.1.21/compute/v2.1/servers/e3bd81fe-2bb2-43de-b475-b1cdcff1a710 0.678s
2025-03-10 09:02:30.861 69284 INFO tempest.common.waiters [-] State transition "BUILD/None" ==> "BUILD/block_device_mapping" after 47 second wait
2025-03-10 09:02:30.890 69310 INFO tempest.lib.common.rest_client [req-ab548b16-f871-4671-8eb4-653a773c0dae req-ab548b16-f871-4671-8eb4-653a773c0dae ] Request (ServerTagsTestJSON:setUpClass): 200 GET http://10.180.1.21/compute/v2.1/servers/dc0f9f6c-aafa-42d8-a20b-cf658e14b4e1 0.646s
2025-03-10 09:02:30.914 69315 INFO tempest.lib.common.rest_client [req-0bea254e-360d-4a44-a1ec-85cd7ef6b0d8 req-0bea254e-360d-4a44-a1ec-85cd7ef6b0d8 ] Request (ServersTestMultiNic:_run_cleanups): 200 GET http://10.180.1.21/compute/v2.1/servers/d5224c97-3c88-4e03-8beb-050e020765d6 0.604s
2025-03-10 09:02:30.942 69298 WARNING tempest.lib.common.ssh [-] Failed to establish authenticated ssh connection to cirros@10.180.180.249 ([Errno None] Unable to connect to port 22 on 10.180.180.249). Number attempts: 3. Retry after 4 seconds.: paramiko.ssh_exception.NoValidConnectionsError: [Errno None] Unable to connect to port 22 on 10.180.180.249
2025-03-10 09:02:30.943 69318 INFO tempest.lib.common.rest_client [req-4f7a102d-75da-4709-bb55-4eb5ca98cf4f req-4f7a102d-75da-4709-bb55-4eb5ca98cf4f ] Request (ImagesNegativeTestJSON:test_create_image_from_deleted_server): 200 GET http://10.180.1.21/compute/v2.1/servers/76b11869-3839-4753-8cf1-2208553fabc9 0.626s
2025-03-10 09:02:31.120 69292 INFO tempest.lib.common.rest_client [req-61ef3e29-d34a-44b1-9653-41363ce52ccb req-61ef3e29-d34a-44b1-9653-41363ce52ccb ] Request (ImagesOneServerTestJSON:setUpClass): 200 GET http://10.180.1.21/compute/v2.1/servers/9cccddfe-4c72-4799-996a-31675c141683 0.425s
2025-03-10 09:02:31.199 69290 WARNING tempest.lib.common.ssh [-] Failed to establish authenticated ssh connection to cirros@10.180.180.180 ([Errno None] Unable to connect to port 22 on 10.180.180.180). Number attempts: 6. Retry after 7 seconds.: paramiko.ssh_exception.NoValidConnectionsError: [Errno None] Unable to connect to port 22 on 10.180.180.180
2025-03-10 09:02:31.209 69308 INFO tempest.lib.common.rest_client [req-d9f15827-bb86-46b1-9a03-5c3b33c62d83 req-d9f15827-bb86-46b1-9a03-5c3b33c62d83 ] Request (MultipleCreateTestJSON:_run_cleanups): 200 GET http://10.180.1.21/compute/v2.1/servers/c85f5dbc-ae48-4194-8e06-226ee04140ba 0.444s
2025-03-10 09:02:31.266 69312 INFO tempest.lib.common.rest_client [req-59e6d2a3-0661-4d05-869f-5277c2be4c05 req-59e6d2a3-0661-4d05-869f-5277c2be4c05 ] Request (ServersTestJSON:setUpClass): 200 GET http://10.180.1.21/compute/v2.1/servers/a33f417a-01b7-4b60-a679-cc1e042911ab 0.449s
2025-03-10 09:02:31.321 69280 INFO tempest.lib.common.rest_client [req-fe892e84-31bc-4d3f-aa5e-abca21360eb7 req-fe892e84-31bc-4d3f-aa5e-abca21360eb7 ] Request (FloatingIPsAssociationTestJSON:test_associate_already_associated_floating_ip): 202 POST http://10.180.1.21/compute/v2.1/servers 0.764s
2025-03-10 09:02:31.322 69268 INFO tempest.lib.common.rest_client [req-7d6e94a6-6db3-4f35-976a-9b3305a44f2f req-7d6e94a6-6db3-4f35-976a-9b3305a44f2f ] Request (ServersAaction247Test:test_create_backup): 200 GET http://10.180.1.21/compute/v2.1/servers/d00ea780-86fb-4fe9-b94b-894ce1f912e8 0.446s
2025-03-10 09:02:31.381 69288 INFO tempest.lib.common.rest_client [req-7cb044f9-faed-4db2-8a5d-2bdce8d737ba req-7cb044f9-faed-4db2-8a5d-2bdce8d737ba ] Request (DeleteServersAdminTestJSON:test_delete_server_while_in_error_state): 200 GET http://10.180.1.21/compute/v2.1/servers/cd6dbd20-d6b1-4c1d-b63f-18ed04efbd83 0.399s
2025-03-10 09:02:31.387 69272 INFO tempest.lib.common.rest_client [req-8b5a01b1-da4d-4fd4-93d5-ee22168502eb req-8b5a01b1-da4d-4fd4-93d5-ee22168502eb ] Request (ServersTestManualDisk:setUpClass): 200 GET http://10.180.1.21/compute/v2.1/servers/96fcc060-7f39-4cac-a92a-74318102163b 0.455s
2025-03-10 09:02:31.390 69288 INFO tempest.common.waiters [-] State transition "BUILD/scheduling" ==> "BUILD/None" after 37 second wait
2025-03-10 09:02:31.422 69286 INFO tempest.lib.common.rest_client [req-149eb019-40e4-47c8-84a6-5f40df5667be req-149eb019-40e4-47c8-84a6-5f40df5667be ] Request (ListImageFiltersTestJSON:setUpClass): 200 GET http://10.180.1.21/compute/v2.1/images/95c2fce5-a18f-423b-88eb-7f26a054bbc3 0.408s
2025-03-10 09:02:31.453 69307 INFO tempest.lib.common.rest_client [req-06f2571e-777d-4d91-b6f4-f18229499b27 req-06f2571e-777d-4d91-b6f4-f18229499b27 ] Request (SecurityGroupsTestJSON:test_server_security_groups): 200 GET http://10.180.1.21/compute/v2.1/servers/7a048aad-8fdd-479b-8756-c871b610686b 0.371s
2025-03-10 09:02:31.478 69300 INFO tempest.lib.common.rest_client [req-8ed0fdaf-d038-4219-abeb-471339a5d348 req-8ed0fdaf-d038-4219-abeb-471339a5d348 ] Request (ServersAdmin275Test:test_rebuild_update_server_275): 200 GET http://10.180.1.21/compute/v2.1/servers/0871c701-7bfd-4445-9c0e-8db6fdd55af1 0.320s
2025-03-10 09:02:31.487 69280 INFO tempest.lib.common.rest_client [req-f21801da-d60b-43f7-8dec-eaa765ab23f9 req-f21801da-d60b-43f7-8dec-eaa765ab23f9 ] Request (FloatingIPsAssociationTestJSON:test_associate_already_associated_floating_ip): 200 GET http://10.180.1.21/compute/v2.1/servers/0602abd9-dd28-4717-84de-3206cf353891 0.164s
2025-03-10 09:02:31.584 69330 INFO tempest.lib.common.rest_client [req-c46a704a-4c12-46d4-87f6-e3fd76c2c225 req-c46a704a-4c12-46d4-87f6-e3fd76c2c225 ] Request (ServersAdminNegativeTestJSON:test_migrate_server_invalid_state): 200 GET http://10.180.1.21/compute/v2.1/servers/fb6fc1f8-7e4e-4670-97d1-01ae0954b140 0.089s
2025-03-10 09:02:31.584 69322 INFO tempest.lib.common.rest_client [req-600f11e5-5f3f-4d27-944d-75cfd91ad242 req-600f11e5-5f3f-4d27-944d-75cfd91ad242 ] Request (ServerActionsV293TestJSON:setUpClass): 200 GET http://10.180.1.21/volume/v3/volumes/65478d36-faef-4145-9918-b94746ec38de 0.025s
2025-03-10 09:02:31.602 69274 INFO tempest.lib.common.rest_client [req-7cfc676b-0ea2-4df1-abf9-b29eb4123bf4 req-7cfc676b-0ea2-4df1-abf9-b29eb4123bf4 ] Request (ServerDiskConfigTestJSON:test_rebuild_server_with_auto_disk_config): 200 GET http://10.180.1.21/compute/v2.1/servers/01c5d417-3609-4987-9094-887626db9d30 0.051s
2025-03-10 09:02:31.635 69324 INFO tempest.lib.common.rest_client [req-58d6b971-7aee-4ae9-945d-a376d78732cb req-58d6b971-7aee-4ae9-945d-a376d78732cb ] Request (InstanceActionsTestJSON:setUpClass): 200 GET http://10.180.1.21/compute/v2.1/servers/77084759-de98-460e-b0a5-bcd5fa673f2d 0.081s
2025-03-10 09:02:31.646 69294 WARNING tempest.lib.common.ssh [-] Failed to establish authenticated ssh connection to cirros@10.180.180.237 ([Errno None] Unable to connect to port 22 on 10.180.180.237). Number attempts: 2. Retry after 3 seconds.: paramiko.ssh_exception.NoValidConnectionsError: [Errno None] Unable to connect to port 22 on 10.180.180.237
2025-03-10 09:02:31.666 69320 INFO tempest.lib.common.rest_client [req-addbde25-38d4-43e6-a5c1-028d80672b88 req-addbde25-38d4-43e6-a5c1-028d80672b88 ] Request (MigrationsAdminTest:test_resize_server_revert_deleted_flavor): 200 GET http://10.180.1.21/compute/v2.1/servers/ff844732-4d22-402e-9166-6353ed5a4713 0.062s
2025-03-10 09:02:31.681 69328 INFO tempest.lib.common.rest_client [req-5b84332e-1469-449c-9e9d-25c647f8c4d4 req-5b84332e-1469-449c-9e9d-25c647f8c4d4 ] Request (ImagesTestJSON:test_create_image_from_suspended_server): 200 GET http://10.180.1.21/compute/v2.1/servers/aab45dae-d614-4714-9aa6-87d841476252 0.073s
2025-03-10 09:02:31.715 69304 INFO tempest.lib.common.rest_client [req-4703028f-b6c9-4ef8-9b63-524274c93bb5 req-4703028f-b6c9-4ef8-9b63-524274c93bb5 ] Request (ServersTestFqdnHostnames:test_create_server_with_fqdn_name): 200 GET http://10.180.1.21/compute/v2.1/servers/700ed01f-9ec2-4dcd-bac1-5a2254e587d6 0.061s
2025-03-10 09:02:31.780 69296 INFO tempest.lib.common.rest_client [req-69785e89-4e64-4b7b-aef7-12f5bd8abd57 req-69785e89-4e64-4b7b-aef7-12f5bd8abd57 ] Request (ServersListShow298Test:test_list_show_update_rebuild_server_298): 200 GET http://10.180.1.21/compute/v2.1/servers/9c262742-3212-4925-9057-fd5d8b7fe48f 0.062s
2025-03-10 09:02:31.822 69302 INFO tempest.lib.common.rest_client [req-bce60296-9754-4df2-8e6a-dad7ebdd55b6 req-bce60296-9754-4df2-8e6a-dad7ebdd55b6 ] Request (ServerDiagnosticsNegativeTest:test_get_server_diagnostics_by_non_admin): 200 GET http://10.180.1.21/compute/v2.1/servers/0d9d5127-d845-4df2-9845-0e8efffdd567 0.099s
2025-03-10 09:02:31.829 69302 INFO tempest.common.waiters [-] State transition "BUILD/spawning" ==> "ACTIVE/None" after 63 second wait
2025-03-10 09:02:31.834 69326 INFO tempest.lib.common.rest_client [req-5be3bd9f-0ace-47d8-a0dd-541f21882403 req-5be3bd9f-0ace-47d8-a0dd-541f21882403 ] Request (ServerShowV254Test:test_rebuild_server): 200 GET http://10.180.1.21/compute/v2.1/servers/450dc5de-a86a-443d-9d33-1e27ada7471b 0.045s
2025-03-10 09:02:31.853 69302 INFO tempest.lib.common.rest_client [req-5324304f-6ef5-4cc3-882d-dfe361ed46ed req-5324304f-6ef5-4cc3-882d-dfe361ed46ed ] Request (ServerDiagnosticsNegativeTest:test_get_server_diagnostics_by_non_admin): 403 GET http://10.180.1.21/compute/v2.1/servers/0d9d5127-d845-4df2-9845-0e8efffdd567/diagnostics 0.024s
2025-03-10 09:02:31.893 69282 INFO tempest.lib.common.rest_client [req-b1d190fc-a52f-4274-ae77-503c130a9cf6 req-b1d190fc-a52f-4274-ae77-503c130a9cf6 ] Request (AttachInterfacesTestJSON:test_create_list_show_delete_interfaces_by_fixed_ip): 200 GET http://10.180.1.21/compute/v2.1/servers/1eec8376-eaba-476f-88fb-2f7251d0135d 0.047s
2025-03-10 09:02:31.928 69302 INFO tempest.lib.common.rest_client [req-1ce463a2-dbf2-4f39-807a-7223e3e159f2 req-1ce463a2-dbf2-4f39-807a-7223e3e159f2 ] Request (ServerDiagnosticsNegativeTest:tearDownClass): 204 DELETE http://10.180.1.21/compute/v2.1/servers/0d9d5127-d845-4df2-9845-0e8efffdd567 0.073s
2025-03-10 09:02:31.982 69310 INFO tempest.lib.common.rest_client [req-83009bb1-cc74-4e64-b0b9-d0bc4d2307ca req-83009bb1-cc74-4e64-b0b9-d0bc4d2307ca ] Request (ServerTagsTestJSON:setUpClass): 200 GET http://10.180.1.21/compute/v2.1/servers/dc0f9f6c-aafa-42d8-a20b-cf658e14b4e1 0.081s
2025-03-10 09:02:31.996 69284 INFO tempest.lib.common.rest_client [req-2d7bd8c4-7c4a-46c5-8337-f21298dc7de7 req-2d7bd8c4-7c4a-46c5-8337-f21298dc7de7 ] Request (AttachInterfacesUnderV243Test:test_add_remove_fixed_ip): 200 GET http://10.180.1.21/compute/v2.1/servers/e3bd81fe-2bb2-43de-b475-b1cdcff1a710 0.134s
