2025-03-10 09:01:49.803 69274 INFO tempest.lib.common.rest_client [req-d1bcfd93-a10a-4a09-a103-934e200e271f req-d1bcfd93-a10a-4a09-a103-934e200e271f ] Request (FlavorsV255TestJSON:setUpClass): 200 GET http://10.180.1.21/identity/v3/roles 0.021s
2025-03-10 09:01:49.833 69274 INFO tempest.lib.common.rest_client [req-6d65c63e-4c84-4778-b676-21a3c76c3e25 req-6d65c63e-4c84-4778-b676-21a3c76c3e25 ] Request (FlavorsV255TestJSON:setUpClass): 204 PUT http://10.180.1.21/identity/v3/projects/22e2887277224186a3b75ee8a2aa32c8/users/b387e933bce94c1ebb332f7814dd4557/roles/eaeb81491efc4885bf7250cb15aa1d12 0.030s
2025-03-10 09:01:49.875 69324 INFO tempest.lib.common.rest_client [req-840e360c-8621-4c7a-9f13-0d7570b5ce76 req-840e360c-8621-4c7a-9f13-0d7570b5ce76 ] Request (InstanceActionsTestJSON:setUpClass): 200 GET http://10.180.1.21/identity/v3/roles 0.072s
2025-03-10 09:01:49.879 69274 INFO tempest.lib.common.rest_client [req-c6fc0d04-086c-461b-b46e-b5138f7fe515 req-c6fc0d04-086c-461b-b46e-b5138f7fe515 ] Request (FlavorsV255TestJSON:setUpClass): 200 GET http://10.180.1.21/identity/v3/roles 0.045s
2025-03-10 09:01:49.897 69282 INFO tempest.lib.common.rest_client [req-74cc073a-800a-49e1-bcd0-fcab3cfeaac8 req-74cc073a-800a-49e1-bcd0-fcab3cfeaac8 ] Request (SecurityGroupRulesTestJSON:tearDownClass): 202 DELETE http://10.180.1.21/compute/v2.1/os-security-groups/b0e51be1-5c73-40f0-b5bb-c975e51040fc 0.720s
2025-03-10 09:01:49.901 69324 INFO tempest.lib.common.rest_client [req-f6d7862d-0321-41c8-a10b-793437c9079a req-f6d7862d-0321-41c8-a10b-793437c9079a ] Request (InstanceActionsTestJSON:setUpClass): 204 PUT http://10.180.1.21/identity/v3/projects/d493c6c605b44063976aa7c9888d1211/users/1c79440c5fee4bc7b9af840c39398882/roles/4c54e11ca4dd4f6ea8b330022b118163 0.025s
2025-03-10 09:01:49.901 69324 INFO tempest.lib.common.dynamic_creds [-] Dynamic test user 1c79440c5fee4bc7b9af840c39398882 is created with scope project and roles: ['member']
2025-03-10 09:01:49.901 69324 INFO tempest.lib.common.dynamic_creds [-] Acquired dynamic creds: credentials: Credentials: {'domain_id': 'default', 'domain_name': 'Default', 'username': 'tempest-InstanceActionsTestJSON-57371296-project-member', 'project_domain_id': 'default', 'project_domain_name': 'Default', 'project_id': 'd493c6c605b44063976aa7c9888d1211', 'project_name': 'tempest-InstanceActionsTestJSON-57371296', 'tenant_id': 'd493c6c605b44063976aa7c9888d1211', 'tenant_name': 'tempest-InstanceActionsTestJSON-57371296', 'user_domain_id': 'default', 'user_domain_name': 'Default', 'user_id': '1c79440c5fee4bc7b9af840c39398882', 'system': None}, Network: None, Subnet: None, Router: None
2025-03-10 09:01:49.947 69274 INFO tempest.lib.common.rest_client [req-08450ad2-b29e-4fa0-9ad5-1a4d1558eb42 req-08450ad2-b29e-4fa0-9ad5-1a4d1558eb42 ] Request (FlavorsV255TestJSON:setUpClass): 204 PUT http://10.180.1.21/identity/v3/projects/22e2887277224186a3b75ee8a2aa32c8/users/b387e933bce94c1ebb332f7814dd4557/roles/eaeb81491efc4885bf7250cb15aa1d12 0.066s
2025-03-10 09:01:49.947 69274 INFO tempest.lib.common.dynamic_creds [-] Dynamic test user b387e933bce94c1ebb332f7814dd4557 is created with scope project and roles: ['admin']
2025-03-10 09:01:49.947 69274 INFO tempest.lib.common.dynamic_creds [-] Acquired dynamic creds: credentials: Credentials: {'domain_id': 'default', 'domain_name': 'Default', 'username': 'tempest-FlavorsV255TestJSON-1354685907-project-admin', 'project_domain_id': 'default', 'project_domain_name': 'Default', 'project_id': '22e2887277224186a3b75ee8a2aa32c8', 'project_name': 'tempest-FlavorsV255TestJSON-1354685907', 'tenant_id': '22e2887277224186a3b75ee8a2aa32c8', 'tenant_name': 'tempest-FlavorsV255TestJSON-1354685907', 'user_domain_id': 'default', 'user_domain_name': 'Default', 'user_id': 'b387e933bce94c1ebb332f7814dd4557', 'system': None}, Network: None, Subnet: None, Router: None
2025-03-10 09:01:49.947 69274 INFO tempest.lib.common.dynamic_creds [-] Created isolated network resources for: credentials: Credentials: {'domain_id': 'default', 'domain_name': 'Default', 'username': 'tempest-FlavorsV255TestJSON-1354685907-project-admin', 'project_domain_id': 'default', 'project_domain_name': 'Default', 'project_id': '22e2887277224186a3b75ee8a2aa32c8', 'project_name': 'tempest-FlavorsV255TestJSON-1354685907', 'tenant_id': '22e2887277224186a3b75ee8a2aa32c8', 'tenant_name': 'tempest-FlavorsV255TestJSON-1354685907', 'user_domain_id': 'default', 'user_domain_name': 'Default', 'user_id': 'b387e933bce94c1ebb332f7814dd4557', 'system': None}, Network: None, Subnet: None, Router: None
2025-03-10 09:01:49.988 69324 INFO tempest.lib.common.rest_client [req-9e5ca67f-b27f-4f89-8dd5-b850b8ab17c4 req-9e5ca67f-b27f-4f89-8dd5-b850b8ab17c4 ] Request (InstanceActionsTestJSON:setUpClass): 201 POST http://10.180.1.21/identity/v3/auth/tokens 0.087s
2025-03-10 09:01:50.029 69274 INFO tempest.lib.common.rest_client [req-57291168-7ccb-4dcc-a724-7133145b3727 req-57291168-7ccb-4dcc-a724-7133145b3727 ] Request (FlavorsV255TestJSON:setUpClass): 201 POST http://10.180.1.21/identity/v3/auth/tokens 0.079s
2025-03-10 09:01:50.036 69328 INFO tempest.lib.common.rest_client [req-b1fcfebb-92a1-452c-a315-56a6e739bd29 req-b1fcfebb-92a1-452c-a315-56a6e739bd29 ] Request (ImagesTestJSON:test_create_image_from_stopped_server): 202 POST http://10.180.1.21/compute/v2.1/servers/d6056501-3484-4d10-8641-aa0db46f0e97/action 0.922s
2025-03-10 09:01:50.201 69318 INFO tempest.lib.common.rest_client [req-f2d35954-2c72-4270-8e83-5216ca4a4630 req-f2d35954-2c72-4270-8e83-5216ca4a4630 ] Request (ImagesNegativeTestJSON:test_create_image_from_deleted_server): 200 GET http://10.180.1.21/compute/v2.1/servers/76b11869-3839-4753-8cf1-2208553fabc9 0.974s
2025-03-10 09:01:50.205 69324 INFO tempest.lib.common.rest_client [req-b31fea10-ec80-4a08-94d0-2793535654e8 req-b31fea10-ec80-4a08-94d0-2793535654e8 ] Request (InstanceActionsTestJSON:setUpClass): 201 POST http://10.180.1.21:9696/networking/v2.0/networks 0.216s
2025-03-10 09:01:50.285 69298 INFO tempest.lib.common.rest_client [req-2c04cddb-4315-4565-897a-376df162c41a req-2c04cddb-4315-4565-897a-376df162c41a ] Request (ServersWithSpecificFlavorTestJSON:test_verify_created_server_ephemeral_disk): 200 GET http://10.180.1.21/compute/v2.1/servers/2e38bf82-2d8e-4871-bf04-a46a4da4045a 0.993s
2025-03-10 09:01:50.341 69324 INFO tempest.lib.common.rest_client [req-240a8c0d-ee9a-41be-840f-02fed1df5247 req-240a8c0d-ee9a-41be-840f-02fed1df5247 ] Request (InstanceActionsTestJSON:setUpClass): 201 POST http://10.180.1.21:9696/networking/v2.0/subnets 0.136s
2025-03-10 09:01:50.395 69312 INFO tempest.lib.common.rest_client [req-c07f820a-2345-4448-9f4b-917101dd6239 req-c07f820a-2345-4448-9f4b-917101dd6239 ] Request (ServersTestJSON:setUpClass): 200 GET http://10.180.1.21/compute/v2.1/servers/a33f417a-01b7-4b60-a679-cc1e042911ab 1.060s
2025-03-10 09:01:50.482 69292 INFO tempest.lib.common.rest_client [req-bb5d3962-f067-4a77-a134-4d24e7cd1452 req-bb5d3962-f067-4a77-a134-4d24e7cd1452 ] Request (ImagesOneServerTestJSON:setUpClass): 200 GET http://10.180.1.21/compute/v2.1/servers/9cccddfe-4c72-4799-996a-31675c141683 1.114s
2025-03-10 09:01:50.497 69320 INFO tempest.lib.common.rest_client [req-7d06d19b-311a-4513-85a6-43ab3da18117 req-7d06d19b-311a-4513-85a6-43ab3da18117 ] Request (MigrationsAdminTest:test_list_migrations_in_flavor_resize_situation): 200 GET http://10.180.1.21/compute/v2.1/servers/85f8a8f6-162a-4bc9-9070-645a4ab3b3da 1.212s
2025-03-10 09:01:50.613 69300 INFO tempest.lib.common.rest_client [req-242dadd2-ca21-463c-b090-9c26d10cca62 req-242dadd2-ca21-463c-b090-9c26d10cca62 ] Request (ServersAdmin275Test:test_rebuild_update_server_275): 200 GET http://10.180.1.21/compute/v2.1/servers/0871c701-7bfd-4445-9c0e-8db6fdd55af1 1.172s
2025-03-10 09:01:50.619 69290 INFO tempest.lib.common.rest_client [req-a328fd8a-176d-4160-ba16-7024c61b624b req-a328fd8a-176d-4160-ba16-7024c61b624b ] Request (VolumesAssistedSnapshotsTest:test_volume_assisted_snapshot_create_delete): 200 GET http://10.180.1.21/compute/v2.1/servers/3ad2e8d2-6f2c-45db-82e3-551fe97fd05c/os-interface 1.227s
2025-03-10 09:01:50.714 69330 INFO tempest.lib.common.rest_client [req-921ee370-0696-4cb5-a6ce-bef3cfd96362 req-921ee370-0696-4cb5-a6ce-bef3cfd96362 ] Request (ServersAdminNegativeTestJSON:test_migrate_server_invalid_state): 200 GET http://10.180.1.21/compute/v2.1/servers/fb6fc1f8-7e4e-4670-97d1-01ae0954b140 1.145s
2025-03-10 09:01:50.723 69330 INFO tempest.common.waiters [-] State transition "BUILD/scheduling" ==> "BUILD/None" after 14 second wait
2025-03-10 09:01:50.818 69302 INFO tempest.lib.common.rest_client [req-9562d2c8-1ee0-4d29-abcc-4c4a891f40e4 req-9562d2c8-1ee0-4d29-abcc-4c4a891f40e4 ] Request (ServerDiagnosticsNegativeTest:test_get_server_diagnostics_by_non_admin): 200 GET http://10.180.1.21/compute/v2.1/servers/0d9d5127-d845-4df2-9845-0e8efffdd567 1.138s
2025-03-10 09:01:50.827 69302 INFO tempest.common.waiters [-] State transition "BUILD/scheduling" ==> "BUILD/None" after 22 second wait
2025-03-10 09:01:50.884 69276 INFO tempest.lib.common.rest_client [req-7037973e-fc38-436d-9de0-63a51fb093de req-7037973e-fc38-436d-9de0-63a51fb093de ] Request (ServerGroup264TestJSON:tearDownClass): 200 PUT http://10.180.1.21:9696/networking/v2.0/routers/38b98de2-b622-494c-bed4-b4a295b1e488/remove_router_interface 1.934s
2025-03-10 09:01:50.929 69288 INFO tempest.lib.common.rest_client [req-d0e274cb-5977-45cd-ad65-5ff41de67d3a req-d0e274cb-5977-45cd-ad65-5ff41de67d3a ] Request (DeleteServersAdminTestJSON:test_admin_delete_servers_of_others): 200 GET http://10.180.1.21/compute/v2.1/servers/ea46b00b-4257-4f3c-8088-0f8a49d08fd5 1.208s
2025-03-10 09:01:51.023 69286 INFO tempest.lib.common.rest_client [req-b1ecd273-3d23-428c-8b49-4cee9efd613a req-b1ecd273-3d23-428c-8b49-4cee9efd613a ] Request (ListImageFiltersTestJSON:setUpClass): 200 GET http://10.180.1.21/compute/v2.1/servers/ca423313-0fcc-4480-8928-525309dd7bda 1.284s
2025-03-10 09:01:51.062 69315 INFO tempest.lib.common.rest_client [req-ae458791-3879-4727-b9ac-45debaaae3ec req-ae458791-3879-4727-b9ac-45debaaae3ec ] Request (ServersTestMultiNic:test_verify_duplicate_network_nics): 200 GET http://10.180.1.21/compute/v2.1/servers/d5224c97-3c88-4e03-8beb-050e020765d6 1.561s
2025-03-10 09:01:51.070 69315 INFO tempest.common.waiters [-] State transition "BUILD/spawning" ==> "ACTIVE/None" after 41 second wait
2025-03-10 09:01:51.129 69310 INFO tempest.lib.common.rest_client [req-d734536a-ed28-4059-8d9d-c489d412a4df req-d734536a-ed28-4059-8d9d-c489d412a4df ] Request (InstanceActionsNegativeTestJSON:tearDownClass): 200 GET http://10.180.1.21/compute/v2.1/servers/2b124368-c128-4187-8e72-a36847cf075d 1.334s
2025-03-10 09:01:51.164 69268 INFO tempest.lib.common.rest_client [req-48baf8b4-7ce5-434a-ae0c-824aad4cfae7 req-48baf8b4-7ce5-434a-ae0c-824aad4cfae7 ] Request (ServerDiagnosticsTest:tearDownClass): 200 GET http://10.180.1.21/compute/v2.1/servers/d57662a0-356b-4c1e-85b4-422ae5d48d94 1.351s
2025-03-10 09:01:51.205 69304 INFO tempest.lib.common.rest_client [req-c9923ea1-ef42-4301-8519-c5f3ea071325 req-c9923ea1-ef42-4301-8519-c5f3ea071325 ] Request (ServerDiagnosticsV248Test:tearDownClass): 200 GET http://10.180.1.21/compute/v2.1/servers/7d2bcf74-1571-495d-a81b-59d21747f5d4 1.342s
2025-03-10 09:01:51.249 69322 INFO tempest.lib.common.rest_client [req-dcae73d3-4616-49c8-8ad7-2654b99391d8 req-dcae73d3-4616-49c8-8ad7-2654b99391d8 ] Request (ServerExternalEventsTest:tearDownClass): 200 GET http://10.180.1.21/compute/v2.1/servers/407f05dc-8bd4-44c4-9830-b25970ee5c51 1.369s
2025-03-10 09:01:51.342 69296 INFO tempest.lib.common.rest_client [req-17b94bdb-28bf-4192-a1a4-474817a624fe req-17b94bdb-28bf-4192-a1a4-474817a624fe ] Request (ServersListShow298Test:test_list_show_update_rebuild_server_298): 200 GET http://10.180.1.21/compute/v2.1/servers/9c262742-3212-4925-9057-fd5d8b7fe48f 1.398s
2025-03-10 09:01:51.422 69307 INFO tempest.lib.common.rest_client [req-3ff71d59-036f-4be6-8804-129d27f41665 req-3ff71d59-036f-4be6-8804-129d27f41665 ] Request (SecurityGroupsTestJSON:test_list_security_groups_by_server): 200 GET http://10.180.1.21/compute/v2.1/servers/c6f78406-5540-4679-997c-c9a45b855141 1.460s
2025-03-10 09:01:51.555 69282 INFO tempest.lib.common.rest_client [req-d0aea0ea-b7e8-4672-985a-543cee72a8c1 req-d0aea0ea-b7e8-4672-985a-543cee72a8c1 ] Request (SecurityGroupRulesTestJSON:tearDownClass): 202 DELETE http://10.180.1.21/compute/v2.1/os-security-groups/5f534045-4af4-4c02-ba32-d0b358d91934 1.658s
2025-03-10 09:01:51.575 69324 INFO tempest.lib.common.rest_client [req-1fc1cef3-3573-4c9e-9766-8e2154a68313 req-1fc1cef3-3573-4c9e-9766-8e2154a68313 ] Request (InstanceActionsTestJSON:setUpClass): 201 POST http://10.180.1.21:9696/networking/v2.0/routers 1.234s
2025-03-10 09:01:51.594 69274 INFO tempest.lib.common.rest_client [req-b614b250-d779-4d4d-8533-f899ad9797da req-b614b250-d779-4d4d-8533-f899ad9797da ] Request (FlavorsV255TestJSON:test_crud_flavor): 200 POST http://10.180.1.21/compute/v2.1/flavors 1.563s
2025-03-10 09:01:51.607 69328 INFO tempest.lib.common.rest_client [req-54339008-c378-45de-87c9-fd2eeccca710 req-54339008-c378-45de-87c9-fd2eeccca710 ] Request (ImagesTestJSON:test_create_image_from_stopped_server): 200 GET http://10.180.1.21/compute/v2.1/images/5a1044c2-0925-4a90-8fc3-e180f0e6f233 1.568s
2025-03-10 09:01:51.649 69290 INFO tempest.lib.common.rest_client [req-1adf03b5-6e79-4737-a9ca-8c54f8cb1d97 req-1adf03b5-6e79-4737-a9ca-8c54f8cb1d97 ] Request (VolumesAssistedSnapshotsTest:test_volume_assisted_snapshot_create_delete): 200 PUT http://10.180.1.21:9696/networking/v2.0/floatingips/cde73ad9-ac92-423b-95e4-5f16f206216d 1.028s
2025-03-10 09:01:51.651 69290 INFO tempest.lib.common.ssh [-] Creating ssh connection to '10.180.180.180:22' as 'cirros' with public key authentication
2025-03-10 09:01:51.694 69284 INFO tempest.lib.common.rest_client [req-7320a0af-f2e5-40f0-9365-9e6ac59ce196 req-7320a0af-f2e5-40f0-9365-9e6ac59ce196 ] Request (AttachInterfacesUnderV243Test:test_add_remove_fixed_ip): 200 GET http://10.180.1.21/compute/v2.1/servers/e3bd81fe-2bb2-43de-b475-b1cdcff1a710 1.453s
2025-03-10 09:01:51.711 69294 INFO tempest.lib.common.rest_client [req-784bca45-ae0b-4cb5-8f67-4df666d26af8 req-784bca45-ae0b-4cb5-8f67-4df666d26af8 ] Request (AttachVolumeNegativeTest:test_attach_attached_volume_to_different_server): 200 GET http://10.180.1.21/compute/v2.1/servers/78ce28ce-112c-4444-8a7e-2e633a5b4ef5 1.545s
2025-03-10 09:01:51.823 69326 INFO tempest.lib.common.rest_client [req-398e765c-af14-44ce-b161-d05becca9509 req-398e765c-af14-44ce-b161-d05becca9509 ] Request (ServerShowV254Test:test_rebuild_server): 200 GET http://10.180.1.21/compute/v2.1/servers/450dc5de-a86a-443d-9d33-1e27ada7471b 1.343s
2025-03-10 09:01:52.147 69316 INFO tempest.lib.common.rest_client [req-2ffd8236-fdf0-48ef-9771-3f3f726b8808 req-2ffd8236-fdf0-48ef-9771-3f3f726b8808 ] Request (ServersNegativeTestMultiTenantJSON:tearDownClass): 200 GET http://10.180.1.21/compute/v2.1/servers/6e887446-a5a6-48dd-9218-a0ff9c0bb406 1.595s
2025-03-10 09:01:52.169 69276 INFO tempest.lib.common.rest_client [req-73e3bedf-d636-4a6d-add9-c7417a7f16e0 req-73e3bedf-d636-4a6d-add9-c7417a7f16e0 ] Request (ServerGroup264TestJSON:tearDownClass): 204 DELETE http://10.180.1.21:9696/networking/v2.0/routers/38b98de2-b622-494c-bed4-b4a295b1e488 1.284s
2025-03-10 09:01:52.169 69308 INFO tempest.lib.common.rest_client [req-a3130577-dedc-4567-87eb-ed21876a2314 req-a3130577-dedc-4567-87eb-ed21876a2314 ] Request (MultipleCreateTestJSON:test_multiple_create): 200 GET http://10.180.1.21/compute/v2.1/servers/c79ba3e4-be98-4caf-b6f1-c02839214d49 1.727s
2025-03-10 09:01:52.174 69272 INFO tempest.lib.common.rest_client [req-e9d0a347-3901-48df-9ceb-994dfa031593 req-e9d0a347-3901-48df-9ceb-994dfa031593 ] Request (ServersTestManualDisk:setUpClass): 201 POST http://10.180.1.21:9696/networking/v2.0/routers 2.533s
2025-03-10 09:01:52.180 69308 INFO tempest.common.waiters [-] State transition "BUILD/spawning" ==> "ACTIVE/None" after 32 second wait
2025-03-10 09:01:52.206 69315 INFO tempest.lib.common.rest_client [req-8303b64e-1452-49f2-a372-c3450106cb77 req-8303b64e-1452-49f2-a372-c3450106cb77 ] Request (ServersTestMultiNic:test_verify_duplicate_network_nics): 200 GET http://10.180.1.21/compute/v2.1/servers/d5224c97-3c88-4e03-8beb-050e020765d6/ips 1.135s
2025-03-10 09:01:52.219 69280 INFO tempest.lib.common.rest_client [req-9a10bf63-7241-4129-a0cf-58e190677f20 req-9a10bf63-7241-4129-a0cf-58e190677f20 ] Request (FloatingIPsAssociationTestJSON:setUpClass): 200 GET http://10.180.1.21/compute/v2.1/servers/59cf66e2-713b-4ec4-a168-156b71cdc421 1.583s
2025-03-10 09:01:52.275 69318 INFO tempest.lib.common.rest_client [req-5b0d8ba6-7500-4ea2-b73e-cd6b6235c31d req-5b0d8ba6-7500-4ea2-b73e-cd6b6235c31d ] Request (ImagesNegativeTestJSON:test_create_image_from_deleted_server): 200 GET http://10.180.1.21/compute/v2.1/servers/76b11869-3839-4753-8cf1-2208553fabc9 1.064s
2025-03-10 09:01:52.287 69298 INFO tempest.lib.common.rest_client [req-2441b904-5e29-4845-ace8-601550eb1b83 req-2441b904-5e29-4845-ace8-601550eb1b83 ] Request (ServersWithSpecificFlavorTestJSON:test_verify_created_server_ephemeral_disk): 200 GET http://10.180.1.21/compute/v2.1/servers/2e38bf82-2d8e-4871-bf04-a46a4da4045a 0.991s
2025-03-10 09:01:52.301 69276 INFO tempest.lib.common.rest_client [req-5c6200a0-49ab-44e3-8dc7-71d337a6ca14 req-5c6200a0-49ab-44e3-8dc7-71d337a6ca14 ] Request (ServerGroup264TestJSON:tearDownClass): 204 DELETE http://10.180.1.21:9696/networking/v2.0/subnets/ddd8339e-2b59-4826-b00e-3e6a921dead8 0.132s
2025-03-10 09:01:52.347 69312 INFO tempest.lib.common.rest_client [req-1c42a9ac-6783-4239-81b3-fab04a6334d8 req-1c42a9ac-6783-4239-81b3-fab04a6334d8 ] Request (ServersTestJSON:setUpClass): 200 GET http://10.180.1.21/compute/v2.1/servers/a33f417a-01b7-4b60-a679-cc1e042911ab 0.938s
2025-03-10 09:01:52.353 69292 INFO tempest.lib.common.rest_client [req-d3b1d2ef-581d-4166-9bce-7a3b3785f8c5 req-d3b1d2ef-581d-4166-9bce-7a3b3785f8c5 ] Request (ImagesOneServerTestJSON:setUpClass): 200 GET http://10.180.1.21/compute/v2.1/servers/9cccddfe-4c72-4799-996a-31675c141683 0.860s
2025-03-10 09:01:52.363 69292 INFO tempest.common.waiters [-] State transition "BUILD/scheduling" ==> "BUILD/None" after 18 second wait
2025-03-10 09:01:52.521 69324 INFO tempest.lib.common.rest_client [req-dc42f905-4708-4fb4-858d-3c65d09eaf85 req-dc42f905-4708-4fb4-858d-3c65d09eaf85 ] Request (InstanceActionsTestJSON:setUpClass): 200 PUT http://10.180.1.21:9696/networking/v2.0/routers/304cdafe-ca18-4fa3-8cdf-39ea4238702d/add_router_interface 0.945s
2025-03-10 09:01:52.521 69324 INFO tempest.lib.common.dynamic_creds [-] Created isolated network resources for: credentials: Credentials: {'domain_id': 'default', 'domain_name': 'Default', 'username': 'tempest-InstanceActionsTestJSON-57371296-project-member', 'project_domain_id': 'default', 'project_domain_name': 'Default', 'project_id': 'd493c6c605b44063976aa7c9888d1211', 'project_name': 'tempest-InstanceActionsTestJSON-57371296', 'tenant_id': 'd493c6c605b44063976aa7c9888d1211', 'tenant_name': 'tempest-InstanceActionsTestJSON-57371296', 'user_domain_id': 'default', 'user_domain_name': 'Default', 'user_id': '1c79440c5fee4bc7b9af840c39398882', 'system': None}, Network: {'id': '73db4637-0839-41fd-aa6f-34bed59bfdd7', 'name': 'tempest-InstanceActionsTestJSON-1087110172-network', 'tenant_id': 'd493c6c605b44063976aa7c9888d1211', 'admin_state_up': True, 'mtu': 8950, 'status': 'ACTIVE', 'subnets': [], 'shared': False, 'project_id': 'd493c6c605b44063976aa7c9888d1211', 'port_security_enabled': True, 'router:external': False, 'provider:network_type': 'vlan', 'provider:physical_network': 'default', 'provider:segmentation_id': 288, 'availability_zone_hints': [], 'availability_zones': [], 'ipv4_address_scope': None, 'ipv6_address_scope': None, 'description': '', 'tags': [], 'created_at': '2025-03-10T09:01:50Z', 'updated_at': '2025-03-10T09:01:50Z', 'revision_number': 1}, Subnet: {'id': 'd3cff917-9359-4633-946f-6cd76143583e', 'name': 'tempest-InstanceActionsTestJSON-1087110172-subnet', 'tenant_id': 'd493c6c605b44063976aa7c9888d1211', 'network_id': '73db4637-0839-41fd-aa6f-34bed59bfdd7', 'ip_version': 4, 'subnetpool_id': None, 'enable_dhcp': True, 'ipv6_ra_mode': None, 'ipv6_address_mode': None, 'gateway_ip': '192.168.128.1', 'cidr': '192.168.128.0/28', 'allocation_pools': [{'start': '192.168.128.2', 'end': '192.168.128.14'}], 'host_routes': [], 'dns_nameservers': [], 'description': '', 'router:external': False, 'service_types': [], 'tags': [], 'created_at': '2025-03-10T09:01:50Z', 'updated_at': '2025-03-10T09:01:50Z', 'revision_number': 0, 'project_id': 'd493c6c605b44063976aa7c9888d1211'}, Router: {'id': '304cdafe-ca18-4fa3-8cdf-39ea4238702d', 'name': 'tempest-InstanceActionsTestJSON-1087110172-router', 'tenant_id': 'd493c6c605b44063976aa7c9888d1211', 'admin_state_up': True, 'status': 'ACTIVE', 'external_gateway_info': {'network_id': '14d9393f-1518-4463-b212-067ed9a12b38', 'external_fixed_ips': [{'subnet_id': 'a27d0585-806a-4550-a3ea-ebbf5a8decd0', 'ip_address': '10.180.180.157'}], 'enable_snat': True}, 'description': '', 'availability_zones': [], 'distributed': False, 'ha': False, 'availability_zone_hints': [], 'routes': [], 'flavor_id': None, 'tags': [], 'created_at': '2025-03-10T09:01:50Z', 'updated_at': '2025-03-10T09:01:50Z', 'revision_number': 2, 'project_id': 'd493c6c605b44063976aa7c9888d1211'}
2025-03-10 09:01:52.556 69320 INFO tempest.lib.common.rest_client [req-85efee4d-39df-478a-a82a-facc7dcc08bb req-85efee4d-39df-478a-a82a-facc7dcc08bb ] Request (MigrationsAdminTest:test_list_migrations_in_flavor_resize_situation): 200 GET http://10.180.1.21/compute/v2.1/servers/85f8a8f6-162a-4bc9-9070-645a4ab3b3da 1.046s
2025-03-10 09:01:52.576 69282 INFO tempest.lib.common.rest_client [req-3b1b8d1f-b661-44fa-9379-a0c429bf7e80 req-3b1b8d1f-b661-44fa-9379-a0c429bf7e80 ] Request (SecurityGroupRulesTestJSON:tearDownClass): 202 DELETE http://10.180.1.21/compute/v2.1/os-security-groups/f60a074a-f814-444f-998a-1c5d8f487246 1.021s
2025-03-10 09:01:52.607 69276 INFO tempest.lib.common.rest_client [req-fc8bed9b-d727-41a3-9bfc-19de842baf87 req-fc8bed9b-d727-41a3-9bfc-19de842baf87 ] Request (ServerGroup264TestJSON:tearDownClass): 204 DELETE http://10.180.1.21:9696/networking/v2.0/networks/305f2e47-accf-4401-bbd0-fbecf99a6327 0.305s
2025-03-10 09:01:52.636 69324 INFO tempest.lib.common.rest_client [req-440844c9-bf77-4cb7-a541-11597dc5cee2 req-440844c9-bf77-4cb7-a541-11597dc5cee2 ] Request (InstanceActionsTestJSON:setUpClass): 201 POST http://10.180.1.21/identity/v3/auth/tokens 0.107s
2025-03-10 09:01:52.696 69300 INFO tempest.lib.common.rest_client [req-e1ae1717-291c-4d77-84ae-40c15b167836 req-e1ae1717-291c-4d77-84ae-40c15b167836 ] Request (ServersAdmin275Test:test_rebuild_update_server_275): 200 GET http://10.180.1.21/compute/v2.1/servers/0871c701-7bfd-4445-9c0e-8db6fdd55af1 1.067s
2025-03-10 09:01:52.739 69274 INFO tempest.lib.common.rest_client [req-ef3d2c7d-c2cf-4bad-8f20-9d3aa4229f6d req-ef3d2c7d-c2cf-4bad-8f20-9d3aa4229f6d ] Request (FlavorsV255TestJSON:test_crud_flavor): 200 GET http://10.180.1.21/compute/v2.1/flavors/1672139695 1.141s
2025-03-10 09:01:52.753 69276 INFO tempest.lib.common.rest_client [req-ec0521b9-af1a-49ed-a873-dc306401dfed req-ec0521b9-af1a-49ed-a873-dc306401dfed ] Request (ServerGroup264TestJSON:tearDownClass): 204 DELETE http://10.180.1.21/identity/v3/users/ac0131d49bbe44dfb26770403d91ad2c 0.146s
2025-03-10 09:01:52.754 69276 INFO tempest.lib.common.dynamic_creds [-] Deleting project and security group for project: d32ef6dc9b954d339b207f43b237829c
2025-03-10 09:01:52.816 69324 INFO tempest.lib.common.rest_client [req-880b6a44-053b-49c1-b2fd-6e859769beb6 req-880b6a44-053b-49c1-b2fd-6e859769beb6 ] Request (InstanceActionsTestJSON:setUpClass): 201 POST http://10.180.1.21/identity/v3/auth/tokens 0.174s
2025-03-10 09:01:52.816 69324 INFO tempest.lib.common.fixed_network [-] (InstanceActionsTestJSON:setUpClass) Found network {'id': '73db4637-0839-41fd-aa6f-34bed59bfdd7', 'name': 'tempest-InstanceActionsTestJSON-1087110172-network', 'tenant_id': 'd493c6c605b44063976aa7c9888d1211', 'admin_state_up': True, 'mtu': 8950, 'status': 'ACTIVE', 'subnets': [], 'shared': False, 'project_id': 'd493c6c605b44063976aa7c9888d1211', 'port_security_enabled': True, 'router:external': False, 'provider:network_type': 'vlan', 'provider:physical_network': 'default', 'provider:segmentation_id': 288, 'availability_zone_hints': [], 'availability_zones': [], 'ipv4_address_scope': None, 'ipv6_address_scope': None, 'description': '', 'tags': [], 'created_at': '2025-03-10T09:01:50Z', 'updated_at': '2025-03-10T09:01:50Z', 'revision_number': 1} available for tenant
2025-03-10 09:01:52.833 69330 INFO tempest.lib.common.rest_client [req-08bfb927-7197-48bc-bfcf-6483830e607f req-08bfb927-7197-48bc-bfcf-6483830e607f ] Request (ServersAdminNegativeTestJSON:test_migrate_server_invalid_state): 200 GET http://10.180.1.21/compute/v2.1/servers/fb6fc1f8-7e4e-4670-97d1-01ae0954b140 1.109s
2025-03-10 09:01:52.850 69302 INFO tempest.lib.common.rest_client [req-df99bc0c-edd6-4f03-9527-f7465d2dd717 req-df99bc0c-edd6-4f03-9527-f7465d2dd717 ] Request (ServerDiagnosticsNegativeTest:test_get_server_diagnostics_by_non_admin): 200 GET http://10.180.1.21/compute/v2.1/servers/0d9d5127-d845-4df2-9845-0e8efffdd567 1.022s
2025-03-10 09:01:52.854 69288 INFO tempest.lib.common.rest_client [req-8a02b054-e35f-4551-a4f1-ebf943d61631 req-8a02b054-e35f-4551-a4f1-ebf943d61631 ] Request (DeleteServersAdminTestJSON:test_admin_delete_servers_of_others): 404 GET http://10.180.1.21/compute/v2.1/servers/ea46b00b-4257-4f3c-8088-0f8a49d08fd5 0.916s
2025-03-10 09:01:52.878 69276 INFO tempest.lib.common.rest_client [req-e34126c9-06bd-4c2c-b5e9-957b506cc2e9 req-e34126c9-06bd-4c2c-b5e9-957b506cc2e9 ] Request (ServerGroup264TestJSON:tearDownClass): 200 GET http://10.180.1.21:9696/networking/v2.0/security-groups?tenant_id=d32ef6dc9b954d339b207f43b237829c&name=default 0.124s
2025-03-10 09:01:52.922 69286 INFO tempest.lib.common.rest_client [req-700e773f-c4ff-4e83-af62-c3da22d100d9 req-700e773f-c4ff-4e83-af62-c3da22d100d9 ] Request (ListImageFiltersTestJSON:setUpClass): 200 GET http://10.180.1.21/compute/v2.1/servers/ca423313-0fcc-4480-8928-525309dd7bda 0.884s
2025-03-10 09:01:52.932 69288 INFO tempest.lib.common.rest_client [req-d03ae1c4-cf5c-4532-ac43-6a30737a5be6 req-d03ae1c4-cf5c-4532-ac43-6a30737a5be6 ] Request (DeleteServersAdminTestJSON:test_delete_server_while_in_error_state): 201 POST http://10.180.1.21/identity/v3/auth/tokens 0.068s
2025-03-10 09:01:52.933 69288 INFO tempest.lib.common.fixed_network [-] (DeleteServersAdminTestJSON:test_delete_server_while_in_error_state) Found network None available for tenant
2025-03-10 09:01:52.940 69310 INFO tempest.lib.common.rest_client [req-180b4673-bdfb-4d07-9065-a582f0faae2c req-180b4673-bdfb-4d07-9065-a582f0faae2c ] Request (InstanceActionsNegativeTestJSON:tearDownClass): 200 GET http://10.180.1.21/compute/v2.1/servers/2b124368-c128-4187-8e72-a36847cf075d 0.800s
2025-03-10 09:01:53.026 69268 INFO tempest.lib.common.rest_client [req-8d89ff76-a0c3-4e1f-b968-87fbe28d8483 req-8d89ff76-a0c3-4e1f-b968-87fbe28d8483 ] Request (ServerDiagnosticsTest:tearDownClass): 200 GET http://10.180.1.21/compute/v2.1/servers/d57662a0-356b-4c1e-85b4-422ae5d48d94 0.854s
2025-03-10 09:01:53.051 69276 INFO tempest.lib.common.rest_client [req-611163d5-139e-4725-94e2-973f6cceb175 req-611163d5-139e-4725-94e2-973f6cceb175 ] Request (ServerGroup264TestJSON:tearDownClass): 204 DELETE http://10.180.1.21:9696/networking/v2.0/security-groups/108d5313-6911-4d51-b2a5-0bde9a201370 0.173s
2025-03-10 09:01:53.120 69270 WARNING tempest.lib.common.ssh [-] Failed to establish authenticated ssh connection to cirros@10.180.180.205 ([Errno None] Unable to connect to port 22 on 10.180.180.205). Number attempts: 5. Retry after 6 seconds.: paramiko.ssh_exception.NoValidConnectionsError: [Errno None] Unable to connect to port 22 on 10.180.180.205
2025-03-10 09:01:53.121 69315 INFO tempest.lib.common.rest_client [req-4e27c20b-1562-431d-b041-b9459762ffb7 req-4e27c20b-1562-431d-b041-b9459762ffb7 ] Request (ServersTestMultiNic:_run_cleanups): 204 DELETE http://10.180.1.21/compute/v2.1/servers/d5224c97-3c88-4e03-8beb-050e020765d6 0.913s
2025-03-10 09:01:53.132 69308 INFO tempest.lib.common.rest_client [req-a4bdb1d4-e2ef-449d-a343-b061b7b7f816 req-a4bdb1d4-e2ef-449d-a343-b061b7b7f816 ] Request (MultipleCreateTestJSON:test_multiple_create): 200 GET http://10.180.1.21/compute/v2.1/servers/c85f5dbc-ae48-4194-8e06-226ee04140ba 0.952s
2025-03-10 09:01:53.193 69276 INFO tempest.lib.common.rest_client [req-a301ed79-43d8-4d80-bc99-bb74256393b6 req-a301ed79-43d8-4d80-bc99-bb74256393b6 ] Request (ServerGroup264TestJSON:tearDownClass): 204 DELETE http://10.180.1.21/identity/v3/projects/d32ef6dc9b954d339b207f43b237829c 0.141s
2025-03-10 09:01:53.210 69304 INFO tempest.lib.common.rest_client [req-7446a252-2e7e-45f1-b2ee-b3165c2464b2 req-7446a252-2e7e-45f1-b2ee-b3165c2464b2 ] Request (ServerDiagnosticsV248Test:tearDownClass): 200 GET http://10.180.1.21/compute/v2.1/servers/7d2bcf74-1571-495d-a81b-59d21747f5d4 0.993s
2025-03-10 09:01:53.218 69322 INFO tempest.lib.common.rest_client [req-3b22e50b-e838-4763-ae82-86fffb1f76c2 req-3b22e50b-e838-4763-ae82-86fffb1f76c2 ] Request (ServerExternalEventsTest:tearDownClass): 200 GET http://10.180.1.21/compute/v2.1/servers/407f05dc-8bd4-44c4-9830-b25970ee5c51 0.959s
2025-03-10 09:01:53.236 69272 INFO tempest.lib.common.rest_client [req-12548fe4-b342-4866-bae6-d424a944c0ef req-12548fe4-b342-4866-bae6-d424a944c0ef ] Request (ServersTestManualDisk:setUpClass): 200 PUT http://10.180.1.21:9696/networking/v2.0/routers/444df894-bdfd-49b0-a2a1-1fcb5098d1c9/add_router_interface 1.061s
2025-03-10 09:01:53.236 69272 INFO tempest.lib.common.dynamic_creds [-] Created isolated network resources for: credentials: Credentials: {'domain_id': 'default', 'domain_name': 'Default', 'username': 'tempest-ServersTestManualDisk-98212210-project-member', 'project_domain_id': 'default', 'project_domain_name': 'Default', 'project_id': '0400bb9c3a3b4d9dbe71b2f8130daf78', 'project_name': 'tempest-ServersTestManualDisk-98212210', 'tenant_id': '0400bb9c3a3b4d9dbe71b2f8130daf78', 'tenant_name': 'tempest-ServersTestManualDisk-98212210', 'user_domain_id': 'default', 'user_domain_name': 'Default', 'user_id': '1a87195ab4db4041b7ad7e9e963701d9', 'system': None}, Network: {'id': '8cc1cc4b-1d88-440c-819b-fb378361b608', 'name': 'tempest-ServersTestManualDisk-1950883685-network', 'tenant_id': '0400bb9c3a3b4d9dbe71b2f8130daf78', 'admin_state_up': True, 'mtu': 8950, 'status': 'ACTIVE', 'subnets': [], 'shared': False, 'project_id': '0400bb9c3a3b4d9dbe71b2f8130daf78', 'port_security_enabled': True, 'router:external': False, 'provider:network_type': 'vlan', 'provider:physical_network': 'default', 'provider:segmentation_id': 666, 'availability_zone_hints': [], 'availability_zones': [], 'ipv4_address_scope': None, 'ipv6_address_scope': None, 'description': '', 'tags': [], 'created_at': '2025-03-10T09:01:49Z', 'updated_at': '2025-03-10T09:01:49Z', 'revision_number': 1}, Subnet: {'id': '8455d92d-afd0-4108-8e5d-0d3b8f5f1b9b', 'name': 'tempest-ServersTestManualDisk-1950883685-subnet', 'tenant_id': '0400bb9c3a3b4d9dbe71b2f8130daf78', 'network_id': '8cc1cc4b-1d88-440c-819b-fb378361b608', 'ip_version': 4, 'subnetpool_id': None, 'enable_dhcp': True, 'ipv6_ra_mode': None, 'ipv6_address_mode': None, 'gateway_ip': '192.168.128.1', 'cidr': '192.168.128.0/28', 'allocation_pools': [{'start': '192.168.128.2', 'end': '192.168.128.14'}], 'host_routes': [], 'dns_nameservers': [], 'description': '', 'router:external': False, 'service_types': [], 'tags': [], 'created_at': '2025-03-10T09:01:49Z', 'updated_at': '2025-03-10T09:01:49Z', 'revision_number': 0, 'project_id': '0400bb9c3a3b4d9dbe71b2f8130daf78'}, Router: {'id': '444df894-bdfd-49b0-a2a1-1fcb5098d1c9', 'name': 'tempest-ServersTestManualDisk-1950883685-router', 'tenant_id': '0400bb9c3a3b4d9dbe71b2f8130daf78', 'admin_state_up': True, 'status': 'ACTIVE', 'external_gateway_info': {'network_id': '14d9393f-1518-4463-b212-067ed9a12b38', 'external_fixed_ips': [{'subnet_id': 'a27d0585-806a-4550-a3ea-ebbf5a8decd0', 'ip_address': '10.180.180.173'}], 'enable_snat': True}, 'description': '', 'availability_zones': [], 'distributed': False, 'ha': False, 'availability_zone_hints': [], 'routes': [], 'flavor_id': None, 'tags': [], 'created_at': '2025-03-10T09:01:49Z', 'updated_at': '2025-03-10T09:01:51Z', 'revision_number': 2, 'project_id': '0400bb9c3a3b4d9dbe71b2f8130daf78'}
2025-03-10 09:01:53.293 69307 INFO tempest.lib.common.rest_client [req-4932405e-9af2-4024-84db-1d986d3fdaab req-4932405e-9af2-4024-84db-1d986d3fdaab ] Request (SecurityGroupsTestJSON:test_list_security_groups_by_server): 200 GET http://10.180.1.21/compute/v2.1/servers/c6f78406-5540-4679-997c-c9a45b855141 0.858s
2025-03-10 09:01:53.324 69296 INFO tempest.lib.common.rest_client [req-9deb9fe7-480f-4e97-bc0a-38e7aa62c8a8 req-9deb9fe7-480f-4e97-bc0a-38e7aa62c8a8 ] Request (ServersListShow298Test:test_list_show_update_rebuild_server_298): 200 GET http://10.180.1.21/compute/v2.1/servers/9c262742-3212-4925-9057-fd5d8b7fe48f 0.964s
2025-03-10 09:01:53.363 69328 INFO tempest.lib.common.rest_client [req-267c76c2-46ca-42db-b33c-ce0c99dc7ef4 req-267c76c2-46ca-42db-b33c-ce0c99dc7ef4 ] Request (ImagesTestJSON:test_create_image_from_stopped_server): 200 GET http://10.180.1.21/compute/v2.1/images/5a1044c2-0925-4a90-8fc3-e180f0e6f233 0.749s
2025-03-10 09:01:53.371 69272 INFO tempest.lib.common.rest_client [req-1e7fb2b0-8eb4-4dc4-83e1-012b21045317 req-1e7fb2b0-8eb4-4dc4-83e1-012b21045317 ] Request (ServersTestManualDisk:setUpClass): 201 POST http://10.180.1.21/identity/v3/auth/tokens 0.128s
2025-03-10 09:01:53.396 69284 INFO tempest.lib.common.rest_client [req-57e04cd9-c14b-47f7-8e15-890b06dede83 req-57e04cd9-c14b-47f7-8e15-890b06dede83 ] Request (AttachInterfacesUnderV243Test:test_add_remove_fixed_ip): 200 GET http://10.180.1.21/compute/v2.1/servers/e3bd81fe-2bb2-43de-b475-b1cdcff1a710 0.690s
2025-03-10 09:01:53.404 69284 INFO tempest.common.waiters [-] State transition "BUILD/scheduling" ==> "BUILD/None" after 10 second wait
2025-03-10 09:01:53.434 69274 INFO tempest.lib.common.rest_client [req-02ef5e6b-8b2b-4bbe-b3a6-804de50491c2 req-02ef5e6b-8b2b-4bbe-b3a6-804de50491c2 ] Request (FlavorsV255TestJSON:test_crud_flavor): 200 PUT http://10.180.1.21/compute/v2.1/flavors/1672139695 0.689s
2025-03-10 09:01:53.453 69294 INFO tempest.lib.common.rest_client [req-33609d2e-dc61-4071-86b0-8986e9d407c6 req-33609d2e-dc61-4071-86b0-8986e9d407c6 ] Request (AttachVolumeNegativeTest:test_attach_attached_volume_to_different_server): 200 GET http://10.180.1.21/compute/v2.1/servers/78ce28ce-112c-4444-8a7e-2e633a5b4ef5 0.731s
2025-03-10 09:01:53.533 69326 INFO tempest.lib.common.rest_client [req-fa7f7da3-ffac-4c57-ad47-636d62ecefb2 req-fa7f7da3-ffac-4c57-ad47-636d62ecefb2 ] Request (ServerShowV254Test:test_rebuild_server): 200 GET http://10.180.1.21/compute/v2.1/servers/450dc5de-a86a-443d-9d33-1e27ada7471b 0.695s
2025-03-10 09:01:53.823 69278 WARNING tempest.lib.common.ssh [-] Failed to establish authenticated ssh connection to cirros@10.180.180.129 ([Errno None] Unable to connect to port 22 on 10.180.180.129). Number attempts: 3. Retry after 4 seconds.: paramiko.ssh_exception.NoValidConnectionsError: [Errno None] Unable to connect to port 22 on 10.180.180.129
2025-03-10 09:01:53.835 69288 INFO tempest.lib.common.rest_client [req-a4cbfecb-3687-473f-b1ff-b7053a6986d6 req-a4cbfecb-3687-473f-b1ff-b7053a6986d6 ] Request (DeleteServersAdminTestJSON:test_delete_server_while_in_error_state): 202 POST http://10.180.1.21/compute/v2.1/servers 0.902s
2025-03-10 09:01:54.012 69282 INFO tempest.lib.common.rest_client [req-a74d29e6-d18f-4f43-8f9f-bf03e4963263 req-a74d29e6-d18f-4f43-8f9f-bf03e4963263 ] Request (SecurityGroupRulesTestJSON:tearDownClass): 200 PUT http://10.180.1.21:9696/networking/v2.0/routers/c42a509b-b25a-4e20-a8c7-eebeb1972ae2/remove_router_interface 1.435s
2025-03-10 09:01:54.014 69315 INFO tempest.lib.common.rest_client [req-326c4c73-1925-447f-a649-e4b20b12fa51 req-326c4c73-1925-447f-a649-e4b20b12fa51 ] Request (ServersTestMultiNic:_run_cleanups): 200 GET http://10.180.1.21/compute/v2.1/servers/d5224c97-3c88-4e03-8beb-050e020765d6 0.893s
2025-03-10 09:01:54.101 69324 INFO tempest.lib.common.rest_client [req-e78e7ace-4036-48b8-b265-383b6832942f req-e78e7ace-4036-48b8-b265-383b6832942f ] Request (InstanceActionsTestJSON:setUpClass): 202 POST http://10.180.1.21/compute/v2.1/servers 1.284s
2025-03-10 09:01:54.108 69308 INFO tempest.lib.common.rest_client [req-aa202634-b99e-4e33-868d-69f6c052cea4 req-aa202634-b99e-4e33-868d-69f6c052cea4 ] Request (MultipleCreateTestJSON:_run_cleanups): 204 DELETE http://10.180.1.21/compute/v2.1/servers/c85f5dbc-ae48-4194-8e06-226ee04140ba 0.968s
2025-03-10 09:01:54.184 69316 INFO tempest.lib.common.rest_client [req-16cb9d95-b974-4c05-99e3-c9ae3922a7d4 req-16cb9d95-b974-4c05-99e3-c9ae3922a7d4 ] Request (ServersNegativeTestMultiTenantJSON:tearDownClass): 200 GET http://10.180.1.21/compute/v2.1/servers/6e887446-a5a6-48dd-9218-a0ff9c0bb406 1.021s
2025-03-10 09:01:54.200 69280 INFO tempest.lib.common.rest_client [req-7c5d259d-4d72-4c24-963b-49a72943ef2d req-7c5d259d-4d72-4c24-963b-49a72943ef2d ] Request (FloatingIPsAssociationTestJSON:setUpClass): 200 GET http://10.180.1.21/compute/v2.1/servers/59cf66e2-713b-4ec4-a168-156b71cdc421 0.970s
2025-03-10 09:01:54.256 69298 INFO tempest.lib.common.rest_client [req-e2ffb604-ddad-47d4-b7f5-f748919f8e41 req-e2ffb604-ddad-47d4-b7f5-f748919f8e41 ] Request (ServersWithSpecificFlavorTestJSON:test_verify_created_server_ephemeral_disk): 200 GET http://10.180.1.21/compute/v2.1/servers/2e38bf82-2d8e-4871-bf04-a46a4da4045a 0.961s
2025-03-10 09:01:54.264 69318 INFO tempest.lib.common.rest_client [req-4796dff7-5a43-443d-85b9-58ca1fe43f31 req-4796dff7-5a43-443d-85b9-58ca1fe43f31 ] Request (ImagesNegativeTestJSON:test_create_image_from_deleted_server): 200 GET http://10.180.1.21/compute/v2.1/servers/76b11869-3839-4753-8cf1-2208553fabc9 0.976s
2025-03-10 09:01:54.324 69312 INFO tempest.lib.common.rest_client [req-05b26796-b3e7-48c3-8ccd-f310807eb7cb req-05b26796-b3e7-48c3-8ccd-f310807eb7cb ] Request (ServersTestJSON:setUpClass): 200 GET http://10.180.1.21/compute/v2.1/servers/a33f417a-01b7-4b60-a679-cc1e042911ab 0.962s
2025-03-10 09:01:54.326 69292 INFO tempest.lib.common.rest_client [req-14161650-8a4b-4c38-899a-929a7e39488c req-14161650-8a4b-4c38-899a-929a7e39488c ] Request (ImagesOneServerTestJSON:setUpClass): 200 GET http://10.180.1.21/compute/v2.1/servers/9cccddfe-4c72-4799-996a-31675c141683 0.962s
2025-03-10 09:01:54.359 69274 INFO tempest.lib.common.rest_client [req-5ab70f9f-4b7a-45d2-8651-aa35e6bf0bd8 req-5ab70f9f-4b7a-45d2-8651-aa35e6bf0bd8 ] Request (FlavorsV255TestJSON:test_crud_flavor): 200 GET http://10.180.1.21/compute/v2.1/flavors/detail 0.921s
2025-03-10 09:01:54.430 69272 INFO tempest.lib.common.rest_client [req-eb0e39a7-29b2-44a8-b13b-9012ccb49ebf req-eb0e39a7-29b2-44a8-b13b-9012ccb49ebf ] Request (ServersTestManualDisk:setUpClass): 200 POST http://10.180.1.21/compute/v2.1/os-keypairs 1.054s
2025-03-10 09:01:54.451 69282 INFO tempest.lib.common.rest_client [req-35867ee2-3fe2-4964-b07f-f38037dfc0a3 req-35867ee2-3fe2-4964-b07f-f38037dfc0a3 ] Request (SecurityGroupRulesTestJSON:tearDownClass): 204 DELETE http://10.180.1.21:9696/networking/v2.0/routers/c42a509b-b25a-4e20-a8c7-eebeb1972ae2 0.438s
2025-03-10 09:01:54.503 69300 INFO tempest.lib.common.rest_client [req-bc21c840-de8c-4ce0-82cd-14fe13628927 req-bc21c840-de8c-4ce0-82cd-14fe13628927 ] Request (ServersAdmin275Test:test_rebuild_update_server_275): 200 GET http://10.180.1.21/compute/v2.1/servers/0871c701-7bfd-4445-9c0e-8db6fdd55af1 0.793s
2025-03-10 09:01:54.512 69320 INFO tempest.lib.common.rest_client [req-3b4e51af-1042-4809-aa01-79457e7da84d req-3b4e51af-1042-4809-aa01-79457e7da84d ] Request (MigrationsAdminTest:test_list_migrations_in_flavor_resize_situation): 200 GET http://10.180.1.21/compute/v2.1/servers/85f8a8f6-162a-4bc9-9070-645a4ab3b3da 0.943s
2025-03-10 09:01:54.605 69288 INFO tempest.lib.common.rest_client [req-158b881b-765e-407c-9305-e54f267dfcaa req-158b881b-765e-407c-9305-e54f267dfcaa ] Request (DeleteServersAdminTestJSON:test_delete_server_while_in_error_state): 200 GET http://10.180.1.21/compute/v2.1/servers/cd6dbd20-d6b1-4c1d-b63f-18ed04efbd83 0.768s
2025-03-10 09:01:54.633 69330 INFO tempest.lib.common.rest_client [req-1946aeeb-f51e-46ff-935b-2adb9f5d9d3e req-1946aeeb-f51e-46ff-935b-2adb9f5d9d3e ] Request (ServersAdminNegativeTestJSON:test_migrate_server_invalid_state): 200 GET http://10.180.1.21/compute/v2.1/servers/fb6fc1f8-7e4e-4670-97d1-01ae0954b140 0.790s
2025-03-10 09:01:54.694 69302 INFO tempest.lib.common.rest_client [req-8f44bb1e-1f19-41d6-b60a-c7af9331efb2 req-8f44bb1e-1f19-41d6-b60a-c7af9331efb2 ] Request (ServerDiagnosticsNegativeTest:test_get_server_diagnostics_by_non_admin): 200 GET http://10.180.1.21/compute/v2.1/servers/0d9d5127-d845-4df2-9845-0e8efffdd567 0.832s
2025-03-10 09:01:54.705 69286 INFO tempest.lib.common.rest_client [req-418bc9dc-6727-40a9-8b92-77379aa5cdea req-418bc9dc-6727-40a9-8b92-77379aa5cdea ] Request (ListImageFiltersTestJSON:setUpClass): 200 GET http://10.180.1.21/compute/v2.1/servers/ca423313-0fcc-4480-8928-525309dd7bda 0.774s
2025-03-10 09:01:54.730 69282 INFO tempest.lib.common.rest_client [req-b97f233b-d7e9-46fc-aa1b-c43caed8d05e req-b97f233b-d7e9-46fc-aa1b-c43caed8d05e ] Request (SecurityGroupRulesTestJSON:tearDownClass): 204 DELETE http://10.180.1.21:9696/networking/v2.0/subnets/62a15376-28f3-4fbf-9eff-e4a0a9ea03f6 0.279s
2025-03-10 09:01:54.736 69268 INFO tempest.lib.common.rest_client [req-84d96d56-ffc9-4327-903e-1c85365a0f03 req-84d96d56-ffc9-4327-903e-1c85365a0f03 ] Request (ServerDiagnosticsTest:tearDownClass): 404 GET http://10.180.1.21/compute/v2.1/servers/d57662a0-356b-4c1e-85b4-422ae5d48d94 0.700s
2025-03-10 09:01:54.802 69310 INFO tempest.lib.common.rest_client [req-7779230e-f2a8-415a-9f43-c461fbdf1db2 req-7779230e-f2a8-415a-9f43-c461fbdf1db2 ] Request (InstanceActionsNegativeTestJSON:tearDownClass): 200 GET http://10.180.1.21/compute/v2.1/servers/2b124368-c128-4187-8e72-a36847cf075d 0.853s
2025-03-10 09:01:54.804 69324 INFO tempest.lib.common.rest_client [req-0b696443-4731-457a-b5ec-b334293f433b req-0b696443-4731-457a-b5ec-b334293f433b ] Request (InstanceActionsTestJSON:setUpClass): 200 GET http://10.180.1.21/compute/v2.1/servers/77084759-de98-460e-b0a5-bcd5fa673f2d 0.701s
2025-03-10 09:01:54.833 69272 INFO tempest.lib.common.rest_client [req-a8911192-996a-427b-aad4-eaeba406b519 req-a8911192-996a-427b-aad4-eaeba406b519 ] Request (ServersTestManualDisk:setUpClass): 201 POST http://10.180.1.21:9696/networking/v2.0/security-groups 0.401s
2025-03-10 09:01:54.871 69268 INFO tempest.lib.common.rest_client [req-e9a5db8d-8379-4cbf-9e5e-8d3bab7be3e5 req-e9a5db8d-8379-4cbf-9e5e-8d3bab7be3e5 ] Request (ServerDiagnosticsTest:tearDownClass): 204 DELETE http://10.180.1.21/identity/v3/users/eaadf9bd9eee484db0cdaafa91d2a483 0.134s
2025-03-10 09:01:54.900 69304 INFO tempest.lib.common.rest_client [req-8de69583-4923-4a98-8ba0-5b8dec7f5963 req-8de69583-4923-4a98-8ba0-5b8dec7f5963 ] Request (ServerDiagnosticsV248Test:tearDownClass): 200 GET http://10.180.1.21/compute/v2.1/servers/7d2bcf74-1571-495d-a81b-59d21747f5d4 0.672s
2025-03-10 09:01:54.907 69308 INFO tempest.lib.common.rest_client [req-d4fcedc9-e37c-4ce7-8bdd-8412e59ac418 req-d4fcedc9-e37c-4ce7-8bdd-8412e59ac418 ] Request (MultipleCreateTestJSON:_run_cleanups): 204 DELETE http://10.180.1.21/compute/v2.1/servers/c79ba3e4-be98-4caf-b6f1-c02839214d49 0.798s
2025-03-10 09:01:54.973 69268 INFO tempest.lib.common.rest_client [req-b4c958ce-f463-4c23-8e1e-4d1b26618e4f req-b4c958ce-f463-4c23-8e1e-4d1b26618e4f ] Request (ServerDiagnosticsTest:tearDownClass): 204 DELETE http://10.180.1.21/identity/v3/users/274f4744692d4cbea63d7ee6991a6ac0 0.101s
2025-03-10 09:01:54.973 69268 INFO tempest.lib.common.dynamic_creds [-] Deleting project and security group for project: 1c70e35afeb34c2ca7f04fff39de37f3
2025-03-10 09:01:54.992 69322 INFO tempest.lib.common.rest_client [req-f072f1ea-bfdb-444f-8183-f48c25f0b4a6 req-f072f1ea-bfdb-444f-8183-f48c25f0b4a6 ] Request (ServerExternalEventsTest:tearDownClass): 200 GET http://10.180.1.21/compute/v2.1/servers/407f05dc-8bd4-44c4-9830-b25970ee5c51 0.756s
2025-03-10 09:01:54.997 69307 INFO tempest.lib.common.rest_client [req-ffd9e007-62de-44a8-be00-f1c31943d448 req-ffd9e007-62de-44a8-be00-f1c31943d448 ] Request (SecurityGroupsTestJSON:test_list_security_groups_by_server): 200 GET http://10.180.1.21/compute/v2.1/servers/c6f78406-5540-4679-997c-c9a45b855141 0.691s
2025-03-10 09:01:55.027 69274 INFO tempest.lib.common.rest_client [req-38f82e20-f6b3-41d5-9335-ea5d7bfa9ae2 req-38f82e20-f6b3-41d5-9335-ea5d7bfa9ae2 ] Request (FlavorsV255TestJSON:test_crud_flavor): 200 GET http://10.180.1.21/compute/v2.1/flavors 0.655s
2025-03-10 09:01:55.033 69272 INFO tempest.lib.common.rest_client [req-311b3166-2c31-47af-9380-89cf8dace960 req-311b3166-2c31-47af-9380-89cf8dace960 ] Request (ServersTestManualDisk:setUpClass): 201 POST http://10.180.1.21:9696/networking/v2.0/security-group-rules 0.197s
2025-03-10 09:01:55.045 69268 INFO tempest.lib.common.rest_client [req-b6c3d3e1-ccf1-4336-8214-6fdc34e9bcb9 req-b6c3d3e1-ccf1-4336-8214-6fdc34e9bcb9 ] Request (ServerDiagnosticsTest:tearDownClass): 201 POST http://10.180.1.21/identity/v3/auth/tokens 0.072s
2025-03-10 09:01:55.061 69328 INFO tempest.lib.common.rest_client [req-1783df68-1474-40b5-9b7b-aeecf1c2a892 req-1783df68-1474-40b5-9b7b-aeecf1c2a892 ] Request (ImagesTestJSON:test_create_image_from_stopped_server): 200 GET http://10.180.1.21/compute/v2.1/images/5a1044c2-0925-4a90-8fc3-e180f0e6f233 0.688s
2025-03-10 09:01:55.080 69296 INFO tempest.lib.common.rest_client [req-dfddcf08-2d11-409b-9ff5-55788a4a019a req-dfddcf08-2d11-409b-9ff5-55788a4a019a ] Request (ServersListShow298Test:test_list_show_update_rebuild_server_298): 200 GET http://10.180.1.21/compute/v2.1/servers/9c262742-3212-4925-9057-fd5d8b7fe48f 0.735s
2025-03-10 09:01:55.130 69284 INFO tempest.lib.common.rest_client [req-524b9a13-0ef6-4834-b248-bac9720c5eea req-524b9a13-0ef6-4834-b248-bac9720c5eea ] Request (AttachInterfacesUnderV243Test:test_add_remove_fixed_ip): 200 GET http://10.180.1.21/compute/v2.1/servers/e3bd81fe-2bb2-43de-b475-b1cdcff1a710 0.725s
2025-03-10 09:01:55.136 69272 INFO tempest.lib.common.rest_client [req-b8c8f167-4ddf-48ea-95d7-98adffaf99e9 req-b8c8f167-4ddf-48ea-95d7-98adffaf99e9 ] Request (ServersTestManualDisk:setUpClass): 201 POST http://10.180.1.21:9696/networking/v2.0/security-group-rules 0.103s
2025-03-10 09:01:55.143 69294 INFO tempest.lib.common.rest_client [req-fc34c6e7-53cf-46b5-a2f8-bfb124fbf78c req-fc34c6e7-53cf-46b5-a2f8-bfb124fbf78c ] Request (AttachVolumeNegativeTest:test_attach_attached_volume_to_different_server): 200 GET http://10.180.1.21/compute/v2.1/servers/78ce28ce-112c-4444-8a7e-2e633a5b4ef5 0.680s
2025-03-10 09:01:55.198 69326 INFO tempest.lib.common.rest_client [req-dd25e4b8-4e2d-4502-ad11-cf0a8fb5851a req-dd25e4b8-4e2d-4502-ad11-cf0a8fb5851a ] Request (ServerShowV254Test:test_rebuild_server): 200 GET http://10.180.1.21/compute/v2.1/servers/450dc5de-a86a-443d-9d33-1e27ada7471b 0.651s
2025-03-10 09:01:55.230 69268 INFO tempest.lib.common.rest_client [req-2fb38b7c-8388-43f8-81c0-7a8057219ce6 req-2fb38b7c-8388-43f8-81c0-7a8057219ce6 ] Request (ServerDiagnosticsTest:tearDownClass): 200 GET http://10.180.1.21:9696/networking/v2.0/security-groups?tenant_id=1c70e35afeb34c2ca7f04fff39de37f3&name=default 0.185s
2025-03-10 09:01:55.271 69282 INFO tempest.lib.common.rest_client [req-2e096eeb-4f17-46dd-9a98-9258d0c9a551 req-2e096eeb-4f17-46dd-9a98-9258d0c9a551 ] Request (SecurityGroupRulesTestJSON:tearDownClass): 204 DELETE http://10.180.1.21:9696/networking/v2.0/networks/437123f9-98e6-47d6-8b0e-6754e22999d5 0.541s
2025-03-10 09:01:55.297 69268 INFO tempest.lib.common.rest_client [req-74b8e029-c76c-4e6a-ab01-cb1d3be38ce1 req-74b8e029-c76c-4e6a-ab01-cb1d3be38ce1 ] Request (ServerDiagnosticsTest:tearDownClass): 204 DELETE http://10.180.1.21:9696/networking/v2.0/security-groups/9362aea2-0fd9-4856-b0be-b15eca38ccf4 0.066s
2025-03-10 09:01:55.349 69282 INFO tempest.lib.common.rest_client [req-a08d69c8-b87e-427c-9bb4-e80fbd261c1f req-a08d69c8-b87e-427c-9bb4-e80fbd261c1f ] Request (SecurityGroupRulesTestJSON:tearDownClass): 204 DELETE http://10.180.1.21/identity/v3/users/edbc4e77f0b4412e9cdf58c6b93ed412 0.077s
2025-03-10 09:01:55.349 69282 INFO tempest.lib.common.dynamic_creds [-] Deleting project and security group for project: 408d2f045a7d4cbd8716ee94a78d50fa
2025-03-10 09:01:55.379 69268 INFO tempest.lib.common.rest_client [req-68ec21d1-de6d-4f4c-8466-8d6b088da603 req-68ec21d1-de6d-4f4c-8466-8d6b088da603 ] Request (ServerDiagnosticsTest:tearDownClass): 204 DELETE http://10.180.1.21/identity/v3/projects/1c70e35afeb34c2ca7f04fff39de37f3 0.081s
2025-03-10 09:01:55.379 69268 INFO tempest.lib.common.dynamic_creds [-] Deleting project and security group for project: 552e5106681f457b8385f552f3bbacb3
2025-03-10 09:01:55.410 69282 INFO tempest.lib.common.rest_client [req-13154c1e-1b46-4b18-aa04-e0239d4cf69c req-13154c1e-1b46-4b18-aa04-e0239d4cf69c ] Request (SecurityGroupRulesTestJSON:tearDownClass): 200 GET http://10.180.1.21:9696/networking/v2.0/security-groups?tenant_id=408d2f045a7d4cbd8716ee94a78d50fa&name=default 0.060s
2025-03-10 09:01:55.431 69268 INFO tempest.lib.common.rest_client [req-a3d1d53d-0a1c-430f-a8db-020c06e0bb97 req-a3d1d53d-0a1c-430f-a8db-020c06e0bb97 ] Request (ServerDiagnosticsTest:tearDownClass): 200 GET http://10.180.1.21:9696/networking/v2.0/security-groups?tenant_id=552e5106681f457b8385f552f3bbacb3&name=default 0.052s
