2025-03-10 09:00:56.625 69330 INFO tempest.lib.common.rest_client [req-3310dec3-01c7-44c0-9b5c-6704c0ce1757 req-3310dec3-01c7-44c0-9b5c-6704c0ce1757 ] Request (AZAdminNegativeTestJSON:tearDownClass): 204 DELETE http://10.180.1.21/identity/v3/users/14a52a5c33f847808c303d5d93ce7bb8 0.285s
2025-03-10 09:00:56.625 69330 INFO tempest.lib.common.dynamic_creds [-] Deleting project and security group for project: 1a7f506cbddc448a9b386a71bde5e795
2025-03-10 09:00:56.631 69276 INFO tempest.lib.common.rest_client [req-a8057b12-1f0d-4e08-b595-f1534d0c23f4 req-a8057b12-1f0d-4e08-b595-f1534d0c23f4 ] Request (InstanceUsageAuditLogNegativeTestJSON:test_get_instance_usage_audit_logs_with_invalid_time): 400 GET http://10.180.1.21/compute/v2.1/os-instance_usage_audit_log/invalid_time 2.771s
2025-03-10 09:00:56.653 69315 INFO tempest.lib.common.rest_client [req-3ce1a40a-53e8-471b-949b-01a492be2f0e req-3ce1a40a-53e8-471b-949b-01a492be2f0e ] Request (ServersTestMultiNic:setUpClass): 201 POST http://10.180.1.21:9696/networking/v2.0/networks 0.862s
2025-03-10 09:00:56.674 69322 INFO tempest.lib.common.rest_client [req-afb53831-20ab-4cc7-823d-8b94a40a447e req-afb53831-20ab-4cc7-823d-8b94a40a447e ] Request (ServerExternalEventsTest:test_create_server_external_events): 201 POST http://10.180.1.21/identity/v3/auth/tokens 0.329s
2025-03-10 09:00:56.674 69322 INFO tempest.lib.common.fixed_network [-] (ServerExternalEventsTest:test_create_server_external_events) Found network None available for tenant
2025-03-10 09:00:56.693 69298 INFO tempest.lib.common.rest_client [req-bbafb519-9837-4e15-baf1-48f7c6801cf1 req-bbafb519-9837-4e15-baf1-48f7c6801cf1 ] Request (ServersWithSpecificFlavorTestJSON:setUpClass): 201 POST http://10.180.1.21/identity/v3/users 0.273s
2025-03-10 09:00:56.733 69290 INFO tempest.lib.common.rest_client [req-adc2b955-5f79-4bc2-8807-f5dbf2f83e6c req-adc2b955-5f79-4bc2-8807-f5dbf2f83e6c ] Request (VolumesAssistedSnapshotsTest:setUpClass): 201 POST http://10.180.1.21/identity/v3/projects 0.221s
2025-03-10 09:00:56.826 69330 INFO tempest.lib.common.rest_client [req-4b8ec14a-932f-4335-a4da-74b344c17800 req-4b8ec14a-932f-4335-a4da-74b344c17800 ] Request (AZAdminNegativeTestJSON:tearDownClass): 201 POST http://10.180.1.21/identity/v3/auth/tokens 0.200s
2025-03-10 09:00:56.829 69315 INFO tempest.lib.common.rest_client [req-4bf25189-14e1-48e7-affb-dce4ce1bcf40 req-4bf25189-14e1-48e7-affb-dce4ce1bcf40 ] Request (ServersTestMultiNic:setUpClass): 201 POST http://10.180.1.21:9696/networking/v2.0/subnets 0.175s
2025-03-10 09:00:56.842 69298 INFO tempest.lib.common.rest_client [req-f340a1ee-d8b6-4fce-9e94-076f1c403b0b req-f340a1ee-d8b6-4fce-9e94-076f1c403b0b ] Request (ServersWithSpecificFlavorTestJSON:setUpClass): 200 GET http://10.180.1.21/identity/v3/roles 0.148s
2025-03-10 09:00:56.864 69290 INFO tempest.lib.common.rest_client [req-418e447e-39a8-4197-ab91-cfa5f33d25aa req-418e447e-39a8-4197-ab91-cfa5f33d25aa ] Request (VolumesAssistedSnapshotsTest:setUpClass): 201 POST http://10.180.1.21/identity/v3/users 0.130s
2025-03-10 09:00:56.944 69298 INFO tempest.lib.common.rest_client [req-0db3379a-7601-4361-969e-fbcab3b21c93 req-0db3379a-7601-4361-969e-fbcab3b21c93 ] Request (ServersWithSpecificFlavorTestJSON:setUpClass): 204 PUT http://10.180.1.21/identity/v3/projects/489ed13850704e20bbb7e28219a227c6/users/fcea3e83f0bc46e582c8cb9676fb675a/roles/eaeb81491efc4885bf7250cb15aa1d12 0.102s
2025-03-10 09:00:56.960 69307 INFO tempest.lib.common.rest_client [req-19dc75d5-b637-4c6f-b2c8-6182232aedb0 req-19dc75d5-b637-4c6f-b2c8-6182232aedb0 ] Request (HypervisorAdminV253TestBase:test_list_show_detail_hypervisors): 200 GET http://10.180.1.21/compute/v2.1/os-hypervisors/detail?with_servers=True 2.736s
2025-03-10 09:00:56.988 69290 INFO tempest.lib.common.rest_client [req-405b80c9-02cd-4254-94ca-7304f0b38f83 req-405b80c9-02cd-4254-94ca-7304f0b38f83 ] Request (VolumesAssistedSnapshotsTest:setUpClass): 200 GET http://10.180.1.21/identity/v3/roles 0.124s
2025-03-10 09:00:57.007 69298 INFO tempest.lib.common.rest_client [req-43fe13b3-cffa-4402-b5df-c1081527366d req-43fe13b3-cffa-4402-b5df-c1081527366d ] Request (ServersWithSpecificFlavorTestJSON:setUpClass): 200 GET http://10.180.1.21/identity/v3/roles 0.062s
2025-03-10 09:00:57.034 69290 INFO tempest.lib.common.rest_client [req-fa29eb41-9154-4321-bd79-2e9fb151f8b6 req-fa29eb41-9154-4321-bd79-2e9fb151f8b6 ] Request (VolumesAssistedSnapshotsTest:setUpClass): 204 PUT http://10.180.1.21/identity/v3/projects/dfce2ce171d14f578b5ae1d80c901124/users/9b9e572519b2479780326e4f76058b6e/roles/5480b16d17184827b014fbd56b26dad8 0.045s
2025-03-10 09:00:57.079 69298 INFO tempest.lib.common.rest_client [req-27f34e8a-2ae2-4edf-9038-32c11eeae9c9 req-27f34e8a-2ae2-4edf-9038-32c11eeae9c9 ] Request (ServersWithSpecificFlavorTestJSON:setUpClass): 204 PUT http://10.180.1.21/identity/v3/projects/489ed13850704e20bbb7e28219a227c6/users/fcea3e83f0bc46e582c8cb9676fb675a/roles/eaeb81491efc4885bf7250cb15aa1d12 0.072s
2025-03-10 09:00:57.079 69298 INFO tempest.lib.common.dynamic_creds [-] Dynamic test user fcea3e83f0bc46e582c8cb9676fb675a is created with scope project and roles: ['admin']
2025-03-10 09:00:57.080 69298 INFO tempest.lib.common.dynamic_creds [-] Acquired dynamic creds: credentials: Credentials: {'domain_id': 'default', 'domain_name': 'Default', 'username': 'tempest-ServersWithSpecificFlavorTestJSON-1530468091-project-admin', 'project_domain_id': 'default', 'project_domain_name': 'Default', 'project_id': '489ed13850704e20bbb7e28219a227c6', 'project_name': 'tempest-ServersWithSpecificFlavorTestJSON-1530468091', 'tenant_id': '489ed13850704e20bbb7e28219a227c6', 'tenant_name': 'tempest-ServersWithSpecificFlavorTestJSON-1530468091', 'user_domain_id': 'default', 'user_domain_name': 'Default', 'user_id': 'fcea3e83f0bc46e582c8cb9676fb675a', 'system': None}, Network: None, Subnet: None, Router: None
2025-03-10 09:00:57.106 69330 INFO tempest.lib.common.rest_client [req-43fdecb9-4cb1-4946-b83e-7fb208ec22c5 req-43fdecb9-4cb1-4946-b83e-7fb208ec22c5 ] Request (AZAdminNegativeTestJSON:tearDownClass): 200 GET http://10.180.1.21:9696/networking/v2.0/security-groups?tenant_id=1a7f506cbddc448a9b386a71bde5e795&name=default 0.279s
2025-03-10 09:00:57.124 69290 INFO tempest.lib.common.rest_client [req-a1a55797-543b-49f1-a1b0-9504f6032ed0 req-a1a55797-543b-49f1-a1b0-9504f6032ed0 ] Request (VolumesAssistedSnapshotsTest:setUpClass): 200 GET http://10.180.1.21/identity/v3/roles 0.089s
2025-03-10 09:00:57.145 69290 INFO tempest.lib.common.rest_client [req-cceb57f6-72c8-4e26-b9a1-8c45e24d65ab req-cceb57f6-72c8-4e26-b9a1-8c45e24d65ab ] Request (VolumesAssistedSnapshotsTest:setUpClass): 204 PUT http://10.180.1.21/identity/v3/projects/dfce2ce171d14f578b5ae1d80c901124/users/9b9e572519b2479780326e4f76058b6e/roles/eaeb81491efc4885bf7250cb15aa1d12 0.020s
2025-03-10 09:00:57.145 69290 INFO tempest.lib.common.dynamic_creds [-] Dynamic test user 9b9e572519b2479780326e4f76058b6e is created with scope project and roles: ['service', 'admin']
2025-03-10 09:00:57.145 69290 INFO tempest.lib.common.dynamic_creds [-] Acquired dynamic creds: credentials: Credentials: {'domain_id': 'default', 'domain_name': 'Default', 'username': 'tempest-VolumesAssistedSnapshotsTest-737641533-project', 'project_domain_id': 'default', 'project_domain_name': 'Default', 'project_id': 'dfce2ce171d14f578b5ae1d80c901124', 'project_name': 'tempest-VolumesAssistedSnapshotsTest-737641533', 'tenant_id': 'dfce2ce171d14f578b5ae1d80c901124', 'tenant_name': 'tempest-VolumesAssistedSnapshotsTest-737641533', 'user_domain_id': 'default', 'user_domain_name': 'Default', 'user_id': '9b9e572519b2479780326e4f76058b6e', 'system': None}, Network: None, Subnet: None, Router: None
2025-03-10 09:00:57.199 69316 INFO tempest.lib.common.rest_client [req-07a3ab4e-df74-4ad9-9e7c-916f0af87b4c req-07a3ab4e-df74-4ad9-9e7c-916f0af87b4c ] Request (ServersNegativeTestMultiTenantJSON:setUpClass): 200 PUT http://10.180.1.21:9696/networking/v2.0/routers/644c7497-9b08-47ef-abee-a6e3b0887a05/add_router_interface 2.672s
2025-03-10 09:00:57.199 69316 INFO tempest.lib.common.dynamic_creds [-] Created isolated network resources for: credentials: Credentials: {'domain_id': 'default', 'domain_name': 'Default', 'username': 'tempest-ServersNegativeTestMultiTenantJSON-121628577-project-member', 'project_domain_id': 'default', 'project_domain_name': 'Default', 'project_id': 'e57582f72f4847f686edc7c671b6649d', 'project_name': 'tempest-ServersNegativeTestMultiTenantJSON-121628577', 'tenant_id': 'e57582f72f4847f686edc7c671b6649d', 'tenant_name': 'tempest-ServersNegativeTestMultiTenantJSON-121628577', 'user_domain_id': 'default', 'user_domain_name': 'Default', 'user_id': 'a3f84aba6c554bdba6b72ea0b09407da', 'system': None}, Network: {'id': 'e8217551-0fc3-4965-ae71-9d0e9a86ea62', 'name': 'tempest-ServersNegativeTestMultiTenantJSON-252337042-network', 'tenant_id': 'e57582f72f4847f686edc7c671b6649d', 'admin_state_up': True, 'mtu': 8950, 'status': 'ACTIVE', 'subnets': [], 'shared': False, 'project_id': 'e57582f72f4847f686edc7c671b6649d', 'port_security_enabled': True, 'router:external': False, 'provider:network_type': 'vlan', 'provider:physical_network': 'default', 'provider:segmentation_id': 554, 'availability_zone_hints': [], 'availability_zones': [], 'ipv4_address_scope': None, 'ipv6_address_scope': None, 'description': '', 'tags': [], 'created_at': '2025-03-10T09:00:52Z', 'updated_at': '2025-03-10T09:00:52Z', 'revision_number': 1}, Subnet: {'id': '00d83494-c153-4421-b1de-b84bc9e1395b', 'name': 'tempest-ServersNegativeTestMultiTenantJSON-252337042-subnet', 'tenant_id': 'e57582f72f4847f686edc7c671b6649d', 'network_id': 'e8217551-0fc3-4965-ae71-9d0e9a86ea62', 'ip_version': 4, 'subnetpool_id': None, 'enable_dhcp': True, 'ipv6_ra_mode': None, 'ipv6_address_mode': None, 'gateway_ip': '192.168.128.1', 'cidr': '192.168.128.0/28', 'allocation_pools': [{'start': '192.168.128.2', 'end': '192.168.128.14'}], 'host_routes': [], 'dns_nameservers': [], 'description': '', 'router:external': False, 'service_types': [], 'tags': [], 'created_at': '2025-03-10T09:00:52Z', 'updated_at': '2025-03-10T09:00:52Z', 'revision_number': 0, 'project_id': 'e57582f72f4847f686edc7c671b6649d'}, Router: {'id': '644c7497-9b08-47ef-abee-a6e3b0887a05', 'name': 'tempest-ServersNegativeTestMultiTenantJSON-252337042-router', 'tenant_id': 'e57582f72f4847f686edc7c671b6649d', 'admin_state_up': True, 'status': 'ACTIVE', 'external_gateway_info': {'network_id': '14d9393f-1518-4463-b212-067ed9a12b38', 'external_fixed_ips': [{'subnet_id': 'a27d0585-806a-4550-a3ea-ebbf5a8decd0', 'ip_address': '10.180.180.164'}], 'enable_snat': True}, 'description': '', 'availability_zones': [], 'distributed': False, 'ha': False, 'availability_zone_hints': [], 'routes': [], 'flavor_id': None, 'tags': [], 'created_at': '2025-03-10T09:00:53Z', 'updated_at': '2025-03-10T09:00:53Z', 'revision_number': 2, 'project_id': 'e57582f72f4847f686edc7c671b6649d'}
2025-03-10 09:00:57.201 69286 INFO tempest.lib.common.rest_client [req-e783507c-843f-4af3-a495-d95a3f9caec1 req-e783507c-843f-4af3-a495-d95a3f9caec1 ] Request (ListImageFiltersTestJSON:setUpClass): 204 PUT http://10.180.1.21/image/v2/images/06fc4829-04fb-4833-bfd0-bd8058b32831/file 1.470s
2025-03-10 09:00:57.216 69320 INFO tempest.lib.common.rest_client [req-98fe7c2b-66a8-4c7d-9b10-90651b645f0f req-98fe7c2b-66a8-4c7d-9b10-90651b645f0f ] Request (MigrationsAdminTest:test_list_migrations_in_flavor_resize_situation): 202 POST http://10.180.1.21/compute/v2.1/servers 3.096s
2025-03-10 09:00:57.265 69270 INFO tempest.lib.common.rest_client [req-5e4e2683-d7a3-4e28-96d9-a6713f5cd1ad req-5e4e2683-d7a3-4e28-96d9-a6713f5cd1ad ] Request (ServersV294TestFqdnHostnames:setUpClass): 200 GET http://10.180.1.21/compute/v2.1/servers/b84d8148-e8ef-4f6b-bf0a-0ab47adcc52d 2.892s
2025-03-10 09:00:57.265 69330 INFO tempest.lib.common.rest_client [req-f0af0623-016d-4a77-a3fa-acd132c90b45 req-f0af0623-016d-4a77-a3fa-acd132c90b45 ] Request (AZAdminNegativeTestJSON:tearDownClass): 204 DELETE http://10.180.1.21:9696/networking/v2.0/security-groups/c431f862-7c68-407f-a6bb-2780e79d169a 0.158s
2025-03-10 09:00:57.321 69298 INFO tempest.lib.common.rest_client [req-2d421c2e-13a0-47d2-a3c8-7425ede51f23 req-2d421c2e-13a0-47d2-a3c8-7425ede51f23 ] Request (ServersWithSpecificFlavorTestJSON:setUpClass): 201 POST http://10.180.1.21:9696/networking/v2.0/networks 0.241s
2025-03-10 09:00:57.328 69316 INFO tempest.lib.common.rest_client [req-98771969-964c-40d8-a0d1-d3e0e5d11de7 req-98771969-964c-40d8-a0d1-d3e0e5d11de7 ] Request (ServersNegativeTestMultiTenantJSON:setUpClass): 201 POST http://10.180.1.21/identity/v3/auth/tokens 0.082s
2025-03-10 09:00:57.418 69316 INFO tempest.lib.common.rest_client [req-008aaead-1c31-40fa-b781-72358c2994e9 req-008aaead-1c31-40fa-b781-72358c2994e9 ] Request (ServersNegativeTestMultiTenantJSON:setUpClass): 201 POST http://10.180.1.21/identity/v3/projects 0.089s
2025-03-10 09:00:57.444 69330 INFO tempest.lib.common.rest_client [req-5866f917-be7a-419e-abf2-08930246970c req-5866f917-be7a-419e-abf2-08930246970c ] Request (AZAdminNegativeTestJSON:tearDownClass): 204 DELETE http://10.180.1.21/identity/v3/projects/1a7f506cbddc448a9b386a71bde5e795 0.178s
2025-03-10 09:00:57.444 69330 INFO tempest.lib.common.dynamic_creds [-] Deleting project and security group for project: 0389821f7a39435db31a2447b3e552f2
2025-03-10 09:00:57.475 69316 INFO tempest.lib.common.rest_client [req-dd50e536-e9b3-47b1-8365-526581c7718e req-dd50e536-e9b3-47b1-8365-526581c7718e ] Request (ServersNegativeTestMultiTenantJSON:setUpClass): 201 POST http://10.180.1.21/identity/v3/users 0.057s
2025-03-10 09:00:57.518 69316 INFO tempest.lib.common.rest_client [req-10439b4e-db6a-4efc-97dd-7f982889f7a6 req-10439b4e-db6a-4efc-97dd-7f982889f7a6 ] Request (ServersNegativeTestMultiTenantJSON:setUpClass): 200 GET http://10.180.1.21/identity/v3/roles 0.042s
2025-03-10 09:00:57.540 69298 INFO tempest.lib.common.rest_client [req-ab2da3b6-760f-481d-a59f-821871b21c48 req-ab2da3b6-760f-481d-a59f-821871b21c48 ] Request (ServersWithSpecificFlavorTestJSON:setUpClass): 201 POST http://10.180.1.21:9696/networking/v2.0/subnets 0.218s
2025-03-10 09:00:57.545 69292 INFO tempest.lib.common.rest_client [req-e5a07ea1-6c72-4b98-a8bd-9e79a0a205e3 req-e5a07ea1-6c72-4b98-a8bd-9e79a0a205e3 ] Request (FlavorMetadataValidation:test_flavor_update_with_custom_namespace): 200 POST http://10.180.1.21/compute/v2.1/flavors 2.754s
2025-03-10 09:00:57.557 69316 INFO tempest.lib.common.rest_client [req-3c889152-6e3e-457d-8358-e168129e2dac req-3c889152-6e3e-457d-8358-e168129e2dac ] Request (ServersNegativeTestMultiTenantJSON:setUpClass): 204 PUT http://10.180.1.21/identity/v3/projects/778b660ece3f468e8ed9f6bbb50ce4b4/users/b963957224474cf0b9d6de15faf94626/roles/4c54e11ca4dd4f6ea8b330022b118163 0.039s
2025-03-10 09:00:57.557 69316 INFO tempest.lib.common.dynamic_creds [-] Dynamic test user b963957224474cf0b9d6de15faf94626 is created with scope project and roles: ['member']
2025-03-10 09:00:57.557 69316 INFO tempest.lib.common.dynamic_creds [-] Acquired dynamic creds: credentials: Credentials: {'domain_id': 'default', 'domain_name': 'Default', 'username': 'tempest-ServersNegativeTestMultiTenantJSON-96702816-project-member', 'project_domain_id': 'default', 'project_domain_name': 'Default', 'project_id': '778b660ece3f468e8ed9f6bbb50ce4b4', 'project_name': 'tempest-ServersNegativeTestMultiTenantJSON-96702816', 'tenant_id': '778b660ece3f468e8ed9f6bbb50ce4b4', 'tenant_name': 'tempest-ServersNegativeTestMultiTenantJSON-96702816', 'user_domain_id': 'default', 'user_domain_name': 'Default', 'user_id': 'b963957224474cf0b9d6de15faf94626', 'system': None}, Network: None, Subnet: None, Router: None
2025-03-10 09:00:57.658 69302 INFO tempest.lib.common.rest_client [req-4d479908-1908-462c-9e05-46c7f8f0bd0e req-4d479908-1908-462c-9e05-46c7f8f0bd0e ] Request (QuotasAdminNegativeTest:test_create_server_when_cpu_quota_is_full): 200 GET http://10.180.1.21/compute/v2.1/os-quota-sets/04061e0b6ab64765bb1f1605c25b6337 2.714s
2025-03-10 09:00:57.680 69330 INFO tempest.lib.common.rest_client [req-52f7678c-be50-4b1d-a780-e6349ca56994 req-52f7678c-be50-4b1d-a780-e6349ca56994 ] Request (AZAdminNegativeTestJSON:tearDownClass): 200 GET http://10.180.1.21:9696/networking/v2.0/security-groups?tenant_id=0389821f7a39435db31a2447b3e552f2&name=default 0.236s
2025-03-10 09:00:57.750 69272 INFO tempest.lib.common.rest_client [req-ce48b927-1e2e-4a46-ae01-f29c09c23eb7 req-ce48b927-1e2e-4a46-ae01-f29c09c23eb7 ] Request (KeyPairsV210TestJSON:test_admin_manage_keypairs_for_other_users): 201 POST http://10.180.1.21/compute/v2.1/os-keypairs 2.734s
2025-03-10 09:00:57.757 69290 INFO tempest.lib.common.rest_client [req-0a0ab995-955f-41b5-97ad-801920a7d57a req-0a0ab995-955f-41b5-97ad-801920a7d57a ] Request (VolumesAssistedSnapshotsTest:setUpClass): 201 POST http://10.180.1.21:9696/networking/v2.0/networks 0.612s
2025-03-10 09:00:57.816 69300 INFO tempest.lib.common.rest_client [req-25817783-9622-47af-bffa-18de2a8c53b4 req-25817783-9622-47af-bffa-18de2a8c53b4 ] Request (FlavorsExtraSpecsTestJSON:setUpClass): 200 POST http://10.180.1.21/compute/v2.1/flavors 2.729s
2025-03-10 09:00:57.834 69310 INFO tempest.lib.common.rest_client [req-e37973ef-b310-4443-aeb1-866aae7c1e25 req-e37973ef-b310-4443-aeb1-866aae7c1e25 ] Request (InstanceActionsNegativeTestJSON:setUpClass): 200 PUT http://10.180.1.21:9696/networking/v2.0/routers/28fe2730-a087-4ff2-9d24-166056208531/add_router_interface 2.802s
2025-03-10 09:00:57.834 69310 INFO tempest.lib.common.dynamic_creds [-] Created isolated network resources for: credentials: Credentials: {'domain_id': 'default', 'domain_name': 'Default', 'username': 'tempest-InstanceActionsNegativeTestJSON-2091663286-project-member', 'project_domain_id': 'default', 'project_domain_name': 'Default', 'project_id': '9f273144cda8488e84cfccc8fb22f9b3', 'project_name': 'tempest-InstanceActionsNegativeTestJSON-2091663286', 'tenant_id': '9f273144cda8488e84cfccc8fb22f9b3', 'tenant_name': 'tempest-InstanceActionsNegativeTestJSON-2091663286', 'user_domain_id': 'default', 'user_domain_name': 'Default', 'user_id': '409747c2d2d4458f9832f14c3a08bbc0', 'system': None}, Network: {'id': '59c9457c-8101-4f2d-bee0-e6d9d1d6763e', 'name': 'tempest-InstanceActionsNegativeTestJSON-1081965122-network', 'tenant_id': '9f273144cda8488e84cfccc8fb22f9b3', 'admin_state_up': True, 'mtu': 8950, 'status': 'ACTIVE', 'subnets': [], 'shared': False, 'project_id': '9f273144cda8488e84cfccc8fb22f9b3', 'port_security_enabled': True, 'router:external': False, 'provider:network_type': 'vlan', 'provider:physical_network': 'default', 'provider:segmentation_id': 819, 'availability_zone_hints': [], 'availability_zones': [], 'ipv4_address_scope': None, 'ipv6_address_scope': None, 'description': '', 'tags': [], 'created_at': '2025-03-10T09:00:52Z', 'updated_at': '2025-03-10T09:00:52Z', 'revision_number': 1}, Subnet: {'id': 'e841b6d0-7458-4fb0-9be6-ae797291d9ec', 'name': 'tempest-InstanceActionsNegativeTestJSON-1081965122-subnet', 'tenant_id': '9f273144cda8488e84cfccc8fb22f9b3', 'network_id': '59c9457c-8101-4f2d-bee0-e6d9d1d6763e', 'ip_version': 4, 'subnetpool_id': None, 'enable_dhcp': True, 'ipv6_ra_mode': None, 'ipv6_address_mode': None, 'gateway_ip': '192.168.128.1', 'cidr': '192.168.128.0/28', 'allocation_pools': [{'start': '192.168.128.2', 'end': '192.168.128.14'}], 'host_routes': [], 'dns_nameservers': [], 'description': '', 'router:external': False, 'service_types': [], 'tags': [], 'created_at': '2025-03-10T09:00:53Z', 'updated_at': '2025-03-10T09:00:53Z', 'revision_number': 0, 'project_id': '9f273144cda8488e84cfccc8fb22f9b3'}, Router: {'id': '28fe2730-a087-4ff2-9d24-166056208531', 'name': 'tempest-InstanceActionsNegativeTestJSON-1081965122-router', 'tenant_id': '9f273144cda8488e84cfccc8fb22f9b3', 'admin_state_up': True, 'status': 'ACTIVE', 'external_gateway_info': {'network_id': '14d9393f-1518-4463-b212-067ed9a12b38', 'external_fixed_ips': [{'subnet_id': 'a27d0585-806a-4550-a3ea-ebbf5a8decd0', 'ip_address': '10.180.180.156'}], 'enable_snat': True}, 'description': '', 'availability_zones': [], 'distributed': False, 'ha': False, 'availability_zone_hints': [], 'routes': [], 'flavor_id': None, 'tags': [], 'created_at': '2025-03-10T09:00:53Z', 'updated_at': '2025-03-10T09:00:54Z', 'revision_number': 2, 'project_id': '9f273144cda8488e84cfccc8fb22f9b3'}
2025-03-10 09:00:57.876 69284 INFO tempest.lib.common.rest_client [req-0da527cc-f8d5-4c24-8ce9-108d880494ec req-0da527cc-f8d5-4c24-8ce9-108d880494ec ] Request (InstanceUsageAuditLogTestJSON:test_get_instance_usage_audit_log): 200 GET http://10.180.1.21/compute/v2.1/os-instance_usage_audit_log/2025-03-10%2009%3A00%3A55 2.722s
2025-03-10 09:00:57.943 69328 INFO tempest.lib.common.rest_client [req-4ea91cc8-18d2-4bb9-84c3-5564b468e5f4 req-4ea91cc8-18d2-4bb9-84c3-5564b468e5f4 ] Request (AZAdminV2TestJSON:test_get_availability_zone_list): 200 GET http://10.180.1.21/compute/v2.1/os-availability-zone 2.775s
2025-03-10 09:00:57.983 69330 INFO tempest.lib.common.rest_client [req-82051c91-fe24-475b-8b7b-a1037fe349aa req-82051c91-fe24-475b-8b7b-a1037fe349aa ] Request (AZAdminNegativeTestJSON:tearDownClass): 204 DELETE http://10.180.1.21:9696/networking/v2.0/security-groups/4f133dc6-1327-4ded-bc5f-99755cf4cb98 0.303s
2025-03-10 09:00:58.016 69274 INFO tempest.lib.common.rest_client [req-a128ce23-01c7-430d-b2b8-e2e647a92d03 req-a128ce23-01c7-430d-b2b8-e2e647a92d03 ] Request (AggregatesAdminNegativeTestJSON:setUpClass): 200 GET http://10.180.1.21/compute/v2.1/os-services?binary=nova-compute 2.729s
2025-03-10 09:00:58.027 69310 INFO tempest.lib.common.rest_client [req-d9643511-6cf9-41cb-8d14-655067f8439e req-d9643511-6cf9-41cb-8d14-655067f8439e ] Request (InstanceActionsNegativeTestJSON:setUpClass): 201 POST http://10.180.1.21/identity/v3/auth/tokens 0.137s
2025-03-10 09:00:58.072 69294 INFO tempest.lib.common.rest_client [req-04351cd5-a052-4460-be54-c347681182cd req-04351cd5-a052-4460-be54-c347681182cd ] Request (FlavorsV261TestJSON:test_crud_flavor): 200 POST http://10.180.1.21/compute/v2.1/flavors 2.747s
2025-03-10 09:00:58.141 69316 INFO tempest.lib.common.rest_client [req-05bde1ed-2c70-436b-bc7f-b0e6ca0544b2 req-05bde1ed-2c70-436b-bc7f-b0e6ca0544b2 ] Request (ServersNegativeTestMultiTenantJSON:setUpClass): 201 POST http://10.180.1.21:9696/networking/v2.0/networks 0.583s
2025-03-10 09:00:58.147 69278 INFO tempest.lib.common.rest_client [req-4d3bdc0a-4d4d-475b-b0cd-6234897024c2 req-4d3bdc0a-4d4d-475b-b0cd-6234897024c2 ] Request (VolumesAdminNegativeTest:setUpClass): 201 POST http://10.180.1.21:9696/networking/v2.0/routers 2.617s
2025-03-10 09:00:58.162 69318 INFO tempest.lib.common.rest_client [req-9cb1a9bf-9805-4226-beb2-1bfe5f15c49c req-9cb1a9bf-9805-4226-beb2-1bfe5f15c49c ] Request (HypervisorAdminV228Test:test_get_list_hypervisor_details): 200 GET http://10.180.1.21/compute/v2.1/os-hypervisors 2.731s
2025-03-10 09:00:58.170 69330 INFO tempest.lib.common.rest_client [req-c7af81be-add1-4e02-8231-c0a0f5ea4848 req-c7af81be-add1-4e02-8231-c0a0f5ea4848 ] Request (AZAdminNegativeTestJSON:tearDownClass): 204 DELETE http://10.180.1.21/identity/v3/projects/0389821f7a39435db31a2447b3e552f2 0.185s
2025-03-10 09:00:58.189 69310 INFO tempest.lib.common.rest_client [req-2a584219-0f3b-40b7-adca-1e875850e63d req-2a584219-0f3b-40b7-adca-1e875850e63d ] Request (InstanceActionsNegativeTestJSON:setUpClass): 201 POST http://10.180.1.21/identity/v3/auth/tokens 0.154s
2025-03-10 09:00:58.189 69310 INFO tempest.lib.common.fixed_network [-] (InstanceActionsNegativeTestJSON:setUpClass) Found network {'id': '59c9457c-8101-4f2d-bee0-e6d9d1d6763e', 'name': 'tempest-InstanceActionsNegativeTestJSON-1081965122-network', 'tenant_id': '9f273144cda8488e84cfccc8fb22f9b3', 'admin_state_up': True, 'mtu': 8950, 'status': 'ACTIVE', 'subnets': [], 'shared': False, 'project_id': '9f273144cda8488e84cfccc8fb22f9b3', 'port_security_enabled': True, 'router:external': False, 'provider:network_type': 'vlan', 'provider:physical_network': 'default', 'provider:segmentation_id': 819, 'availability_zone_hints': [], 'availability_zones': [], 'ipv4_address_scope': None, 'ipv6_address_scope': None, 'description': '', 'tags': [], 'created_at': '2025-03-10T09:00:52Z', 'updated_at': '2025-03-10T09:00:52Z', 'revision_number': 1} available for tenant
2025-03-10 09:00:58.301 69312 INFO tempest.lib.common.rest_client [req-6b1ccc23-275a-454b-a0e9-c7ce0e9fadb9 req-6b1ccc23-275a-454b-a0e9-c7ce0e9fadb9 ] Request (FlavorsAccessTestJSON:test_flavor_access_add_remove): 200 GET http://10.180.1.21/compute/v2.1/flavors/detail 2.850s
2025-03-10 09:00:58.321 69330 INFO tempest.lib.common.rest_client [req-4a242196-5570-4fcf-a703-f0830a1d807a req-4a242196-5570-4fcf-a703-f0830a1d807a ] Request (ServersAdminNegativeTestJSON:setUpClass): 201 POST http://10.180.1.21/identity/v3/auth/tokens 0.149s
2025-03-10 09:00:58.357 69290 INFO tempest.lib.common.rest_client [req-067ca377-305d-4ff7-80c9-8844a8b5d0b5 req-067ca377-305d-4ff7-80c9-8844a8b5d0b5 ] Request (VolumesAssistedSnapshotsTest:setUpClass): 201 POST http://10.180.1.21:9696/networking/v2.0/subnets 0.599s
2025-03-10 09:00:58.365 69330 INFO tempest.lib.common.rest_client [req-2106713c-c342-4e43-8c73-f8b4057bf702 req-2106713c-c342-4e43-8c73-f8b4057bf702 ] Request (ServersAdminNegativeTestJSON:setUpClass): 201 POST http://10.180.1.21/identity/v3/auth/tokens 0.040s
2025-03-10 09:00:58.395 69330 INFO tempest.lib.common.rest_client [req-e51bc59f-05a0-4853-8855-858c23ef0b85 req-e51bc59f-05a0-4853-8855-858c23ef0b85 ] Request (ServersAdminNegativeTestJSON:setUpClass): 200 GET http://10.180.1.21/identity/v3/domains?name=Default 0.029s
2025-03-10 09:00:58.434 69304 INFO tempest.lib.common.rest_client [req-a0dce0a6-6581-4c94-891e-b8b9c3772d28 req-a0dce0a6-6581-4c94-891e-b8b9c3772d28 ] Request (ServerDiagnosticsV248Test:test_get_server_diagnostics): 202 POST http://10.180.1.21/compute/v2.1/servers 2.811s
2025-03-10 09:00:58.435 69330 INFO tempest.lib.common.rest_client [req-40ce79ed-7ac4-43ec-b4cf-9129cd09d015 req-40ce79ed-7ac4-43ec-b4cf-9129cd09d015 ] Request (ServersAdminNegativeTestJSON:setUpClass): 201 POST http://10.180.1.21/identity/v3/projects 0.039s
2025-03-10 09:00:58.550 69330 INFO tempest.lib.common.rest_client [req-6201a7c3-2a8e-45d5-8845-8643b42f2362 req-6201a7c3-2a8e-45d5-8845-8643b42f2362 ] Request (ServersAdminNegativeTestJSON:setUpClass): 201 POST http://10.180.1.21/identity/v3/users 0.114s
2025-03-10 09:00:58.590 69330 INFO tempest.lib.common.rest_client [req-a0e945ce-bcbb-4168-a339-9d78e0057eb2 req-a0e945ce-bcbb-4168-a339-9d78e0057eb2 ] Request (ServersAdminNegativeTestJSON:setUpClass): 200 GET http://10.180.1.21/identity/v3/roles 0.040s
2025-03-10 09:00:58.600 69282 INFO tempest.lib.common.rest_client [req-05706670-7e95-4896-a2b7-9475755f9556 req-05706670-7e95-4896-a2b7-9475755f9556 ] Request (QuotasAdminTestV236:test_get_updated_quotas): 200 GET http://10.180.1.21/compute/v2.1/os-quota-sets/e3b90c7eaa5d40ddb5bd7ed893bb97b8?user_id=b45a4da8d5bc4b159397891a88dce797 2.671s
2025-03-10 09:00:58.646 69330 INFO tempest.lib.common.rest_client [req-21f225c1-43ab-4bbf-ac12-cb0003bcdaf4 req-21f225c1-43ab-4bbf-ac12-cb0003bcdaf4 ] Request (ServersAdminNegativeTestJSON:setUpClass): 204 PUT http://10.180.1.21/identity/v3/projects/310a2d5068d04053a872fdb3743e8429/users/376a8279cf584767a629dd78a00dd070/roles/4c54e11ca4dd4f6ea8b330022b118163 0.055s
2025-03-10 09:00:58.647 69330 INFO tempest.lib.common.dynamic_creds [-] Dynamic test user 376a8279cf584767a629dd78a00dd070 is created with scope project and roles: ['member']
2025-03-10 09:00:58.647 69330 INFO tempest.lib.common.dynamic_creds [-] Acquired dynamic creds: credentials: Credentials: {'domain_id': 'default', 'domain_name': 'Default', 'username': 'tempest-ServersAdminNegativeTestJSON-1206727252-project-member', 'project_domain_id': 'default', 'project_domain_name': 'Default', 'project_id': '310a2d5068d04053a872fdb3743e8429', 'project_name': 'tempest-ServersAdminNegativeTestJSON-1206727252', 'tenant_id': '310a2d5068d04053a872fdb3743e8429', 'tenant_name': 'tempest-ServersAdminNegativeTestJSON-1206727252', 'user_domain_id': 'default', 'user_domain_name': 'Default', 'user_id': '376a8279cf584767a629dd78a00dd070', 'system': None}, Network: None, Subnet: None, Router: None
2025-03-10 09:00:58.647 69330 INFO tempest.lib.common.dynamic_creds [-] Created isolated network resources for: credentials: Credentials: {'domain_id': 'default', 'domain_name': 'Default', 'username': 'tempest-ServersAdminNegativeTestJSON-1206727252-project-member', 'project_domain_id': 'default', 'project_domain_name': 'Default', 'project_id': '310a2d5068d04053a872fdb3743e8429', 'project_name': 'tempest-ServersAdminNegativeTestJSON-1206727252', 'tenant_id': '310a2d5068d04053a872fdb3743e8429', 'tenant_name': 'tempest-ServersAdminNegativeTestJSON-1206727252', 'user_domain_id': 'default', 'user_domain_name': 'Default', 'user_id': '376a8279cf584767a629dd78a00dd070', 'system': None}, Network: None, Subnet: None, Router: None
2025-03-10 09:00:58.700 69316 INFO tempest.lib.common.rest_client [req-54b6bb80-7131-473c-ae29-1f9c15b62659 req-54b6bb80-7131-473c-ae29-1f9c15b62659 ] Request (ServersNegativeTestMultiTenantJSON:setUpClass): 201 POST http://10.180.1.21:9696/networking/v2.0/subnets 0.559s
2025-03-10 09:00:58.702 69282 INFO tempest.lib.common.rest_client [req-6a5783c5-9bf8-40c6-9f83-b2221f33835f req-6a5783c5-9bf8-40c6-9f83-b2221f33835f ] Request (QuotasAdminTestV236:_run_cleanups): 204 DELETE http://10.180.1.21/identity/v3/users/b45a4da8d5bc4b159397891a88dce797 0.100s
2025-03-10 09:00:58.730 69330 INFO tempest.lib.common.rest_client [req-5d98a270-fdbd-4fc3-9101-542e7ce1d591 req-5d98a270-fdbd-4fc3-9101-542e7ce1d591 ] Request (ServersAdminNegativeTestJSON:setUpClass): 201 POST http://10.180.1.21/identity/v3/auth/tokens 0.078s
2025-03-10 09:00:58.734 69288 INFO tempest.lib.common.rest_client [req-b0cf513b-7258-4702-a7f7-56067e5d8996 req-b0cf513b-7258-4702-a7f7-56067e5d8996 ] Request (DeleteServersAdminTestJSON:test_admin_delete_servers_of_others): 200 GET http://10.180.1.21/compute/v2.1/servers/ea46b00b-4257-4f3c-8088-0f8a49d08fd5 2.628s
2025-03-10 09:00:58.768 69326 INFO tempest.lib.common.rest_client [req-60a47c6c-b3ca-4579-8666-9b70c20b6199 req-60a47c6c-b3ca-4579-8666-9b70c20b6199 ] Request (FlavorsExtraSpecsNegativeTestJSON:test_flavor_non_admin_unset_keys): 200 POST http://10.180.1.21/compute/v2.1/flavors/1597404239/os-extra_specs 2.640s
2025-03-10 09:00:58.775 69268 INFO tempest.lib.common.rest_client [req-266c4d32-0a6d-4f49-bdaf-79090b6c1836 req-266c4d32-0a6d-4f49-bdaf-79090b6c1836 ] Request (ServerDiagnosticsTest:test_get_server_diagnostics): 202 POST http://10.180.1.21/compute/v2.1/servers 3.151s
2025-03-10 09:00:58.781 69315 INFO tempest.lib.common.rest_client [req-03e6aab5-3fce-4c1c-908c-b4431ec90bb4 req-03e6aab5-3fce-4c1c-908c-b4431ec90bb4 ] Request (ServersTestMultiNic:setUpClass): 201 POST http://10.180.1.21:9696/networking/v2.0/routers 1.952s
2025-03-10 09:00:58.796 69282 INFO tempest.lib.common.rest_client [req-300542ad-65ba-4f8e-9cfd-9d0b1f7a26aa req-300542ad-65ba-4f8e-9cfd-9d0b1f7a26aa ] Request (QuotasAdminTestV236:_run_cleanups): 204 DELETE http://10.180.1.21/identity/v3/projects/e3b90c7eaa5d40ddb5bd7ed893bb97b8 0.094s
2025-03-10 09:00:58.832 69296 INFO tempest.lib.common.rest_client [req-0a398eb2-50d9-4318-be91-5c7761426b8f req-0a398eb2-50d9-4318-be91-5c7761426b8f ] Request (HypervisorAdminUnderV252Test:test_get_hypervisor_show_servers): 200 GET http://10.180.1.21/compute/v2.1/os-hypervisors/domain-c8.fc996f14-c53b-4953-92e3-bdfa48f5cc28/servers 2.508s
2025-03-10 09:00:58.834 69330 INFO tempest.lib.common.rest_client [req-1cf95b9c-a80d-4e82-adb5-3bdf7790359d req-1cf95b9c-a80d-4e82-adb5-3bdf7790359d ] Request (ServersAdminNegativeTestJSON:setUpClass): 201 POST http://10.180.1.21/identity/v3/projects 0.103s
2025-03-10 09:00:58.855 69280 INFO tempest.lib.common.rest_client [req-59e1e09a-32c2-4f0d-9419-6c672a1ff703 req-59e1e09a-32c2-4f0d-9419-6c672a1ff703 ] Request (HypervisorAdminTestJSON:test_get_hypervisor_list_details): 200 GET http://10.180.1.21/compute/v2.1/os-hypervisors/detail 2.369s
2025-03-10 09:00:58.930 69282 INFO tempest.lib.common.rest_client [req-15e97af0-7665-4414-93c8-ba763f8d9fc2 req-15e97af0-7665-4414-93c8-ba763f8d9fc2 ] Request (QuotasAdminTestV236:tearDownClass): 204 DELETE http://10.180.1.21/identity/v3/users/98cfd4b75e2e47b89f04449a3b14569d 0.125s
2025-03-10 09:00:58.971 69330 INFO tempest.lib.common.rest_client [req-f20e3678-544b-448e-8c7d-7bbadb15c67b req-f20e3678-544b-448e-8c7d-7bbadb15c67b ] Request (ServersAdminNegativeTestJSON:setUpClass): 201 POST http://10.180.1.21/identity/v3/users 0.137s
2025-03-10 09:00:59.027 69276 INFO tempest.lib.common.rest_client [req-8586f8fc-9ec4-4295-9214-9911b698d0fe req-8586f8fc-9ec4-4295-9214-9911b698d0fe ] Request (InstanceUsageAuditLogNegativeTestJSON:test_instance_usage_audit_logs_with_nonadmin_user): 403 GET http://10.180.1.21/compute/v2.1/os-instance_usage_audit_log 2.390s
2025-03-10 09:00:59.075 69330 INFO tempest.lib.common.rest_client [req-6c0aa230-d355-4059-91b2-ce78c2c3dca4 req-6c0aa230-d355-4059-91b2-ce78c2c3dca4 ] Request (ServersAdminNegativeTestJSON:setUpClass): 200 GET http://10.180.1.21/identity/v3/roles 0.104s
2025-03-10 09:00:59.094 69282 INFO tempest.lib.common.rest_client [req-4774b64a-b2c2-44ca-9bbf-ce384f96ab6c req-4774b64a-b2c2-44ca-9bbf-ce384f96ab6c ] Request (QuotasAdminTestV236:tearDownClass): 204 DELETE http://10.180.1.21/identity/v3/users/46bcaf1564fe41dabf65c096ebc0c2b8 0.164s
2025-03-10 09:00:59.094 69282 INFO tempest.lib.common.dynamic_creds [-] Deleting project and security group for project: f1742d8127674f0491f162b7ec4dc60b
2025-03-10 09:00:59.160 69330 INFO tempest.lib.common.rest_client [req-2dcf047b-9dc9-499c-92fb-38a3402c3751 req-2dcf047b-9dc9-499c-92fb-38a3402c3751 ] Request (ServersAdminNegativeTestJSON:setUpClass): 204 PUT http://10.180.1.21/identity/v3/projects/04f4999160d44a4a9e22342cd5239bd1/users/066e73de1d774ba69cb663ce260f012e/roles/eaeb81491efc4885bf7250cb15aa1d12 0.084s
2025-03-10 09:00:59.219 69282 INFO tempest.lib.common.rest_client [req-b8f0bcbe-fdc7-4609-bb83-1bef02899c86 req-b8f0bcbe-fdc7-4609-bb83-1bef02899c86 ] Request (QuotasAdminTestV236:tearDownClass): 201 POST http://10.180.1.21/identity/v3/auth/tokens 0.124s
2025-03-10 09:00:59.224 69330 INFO tempest.lib.common.rest_client [req-6b271186-91e5-46ea-b068-6df5c21ae3b1 req-6b271186-91e5-46ea-b068-6df5c21ae3b1 ] Request (ServersAdminNegativeTestJSON:setUpClass): 200 GET http://10.180.1.21/identity/v3/roles 0.064s
2025-03-10 09:00:59.244 69330 INFO tempest.lib.common.rest_client [req-d78adf2b-9a22-4af8-8463-bdef24a9767d req-d78adf2b-9a22-4af8-8463-bdef24a9767d ] Request (ServersAdminNegativeTestJSON:setUpClass): 204 PUT http://10.180.1.21/identity/v3/projects/04f4999160d44a4a9e22342cd5239bd1/users/066e73de1d774ba69cb663ce260f012e/roles/eaeb81491efc4885bf7250cb15aa1d12 0.019s
2025-03-10 09:00:59.244 69330 INFO tempest.lib.common.dynamic_creds [-] Dynamic test user 066e73de1d774ba69cb663ce260f012e is created with scope project and roles: ['admin']
2025-03-10 09:00:59.244 69330 INFO tempest.lib.common.dynamic_creds [-] Acquired dynamic creds: credentials: Credentials: {'domain_id': 'default', 'domain_name': 'Default', 'username': 'tempest-ServersAdminNegativeTestJSON-298173951-project-admin', 'project_domain_id': 'default', 'project_domain_name': 'Default', 'project_id': '04f4999160d44a4a9e22342cd5239bd1', 'project_name': 'tempest-ServersAdminNegativeTestJSON-298173951', 'tenant_id': '04f4999160d44a4a9e22342cd5239bd1', 'tenant_name': 'tempest-ServersAdminNegativeTestJSON-298173951', 'user_domain_id': 'default', 'user_domain_name': 'Default', 'user_id': '066e73de1d774ba69cb663ce260f012e', 'system': None}, Network: None, Subnet: None, Router: None
2025-03-10 09:00:59.244 69330 INFO tempest.lib.common.dynamic_creds [-] Created isolated network resources for: credentials: Credentials: {'domain_id': 'default', 'domain_name': 'Default', 'username': 'tempest-ServersAdminNegativeTestJSON-298173951-project-admin', 'project_domain_id': 'default', 'project_domain_name': 'Default', 'project_id': '04f4999160d44a4a9e22342cd5239bd1', 'project_name': 'tempest-ServersAdminNegativeTestJSON-298173951', 'tenant_id': '04f4999160d44a4a9e22342cd5239bd1', 'tenant_name': 'tempest-ServersAdminNegativeTestJSON-298173951', 'user_domain_id': 'default', 'user_domain_name': 'Default', 'user_id': '066e73de1d774ba69cb663ce260f012e', 'system': None}, Network: None, Subnet: None, Router: None
2025-03-10 09:00:59.324 69330 INFO tempest.lib.common.rest_client [req-77e02d1f-90bb-4595-a2b8-45aa604246f4 req-77e02d1f-90bb-4595-a2b8-45aa604246f4 ] Request (ServersAdminNegativeTestJSON:setUpClass): 201 POST http://10.180.1.21/identity/v3/auth/tokens 0.078s
2025-03-10 09:00:59.325 69330 WARNING tempest.lib.common.rest_client [-] Deprecated: "tenant_id" property is deprecated for removal, use "project_id" instead
2025-03-10 09:00:59.389 69330 INFO tempest.lib.common.rest_client [req-c29a5b10-17d3-4a66-b57b-b7c3efe8ef58 req-c29a5b10-17d3-4a66-b57b-b7c3efe8ef58 ] Request (ServersAdminNegativeTestJSON:setUpClass): 201 POST http://10.180.1.21/identity/v3/auth/tokens 0.060s
2025-03-10 09:00:59.390 69330 INFO tempest.lib.common.fixed_network [-] (ServersAdminNegativeTestJSON:setUpClass) Found network None available for tenant
2025-03-10 09:00:59.425 69322 INFO tempest.lib.common.rest_client [req-cf49faf5-6631-40a3-81d9-411765a5d471 req-cf49faf5-6631-40a3-81d9-411765a5d471 ] Request (ServerExternalEventsTest:test_create_server_external_events): 202 POST http://10.180.1.21/compute/v2.1/servers 2.750s
2025-03-10 09:00:59.459 69307 INFO tempest.lib.common.rest_client [req-ae0f40b2-ee7c-4605-874f-0414dc791fd4 req-ae0f40b2-ee7c-4605-874f-0414dc791fd4 ] Request (HypervisorAdminV253TestBase:test_list_show_detail_hypervisors): 200 GET http://10.180.1.21/compute/v2.1/os-hypervisors?with_servers=True 2.494s
2025-03-10 09:00:59.500 69286 INFO tempest.lib.common.rest_client [req-c0f6e957-f244-40f9-8fcb-1005cf07b853 req-c0f6e957-f244-40f9-8fcb-1005cf07b853 ] Request (ListImageFiltersTestJSON:setUpClass): 200 GET http://10.180.1.21/compute/v2.1/images/06fc4829-04fb-4833-bfd0-bd8058b32831 2.298s
2025-03-10 09:00:59.604 69320 INFO tempest.lib.common.rest_client [req-8d9255a2-1c43-4fa5-9282-0ba730272fec req-8d9255a2-1c43-4fa5-9282-0ba730272fec ] Request (MigrationsAdminTest:test_list_migrations_in_flavor_resize_situation): 200 GET http://10.180.1.21/compute/v2.1/servers/85f8a8f6-162a-4bc9-9070-645a4ab3b3da 2.385s
2025-03-10 09:00:59.719 69292 INFO tempest.lib.common.rest_client [req-42b298a2-e82f-41f3-acd1-51cba3669444 req-42b298a2-e82f-41f3-acd1-51cba3669444 ] Request (FlavorMetadataValidation:test_flavor_update_with_custom_namespace): 200 POST http://10.180.1.21/compute/v2.1/flavors/802462472/os-extra_specs 2.171s
2025-03-10 09:00:59.808 69278 INFO tempest.lib.common.rest_client [req-02718473-eb21-4f83-9d57-879389ee166b req-02718473-eb21-4f83-9d57-879389ee166b ] Request (VolumesAdminNegativeTest:setUpClass): 200 PUT http://10.180.1.21:9696/networking/v2.0/routers/b5335efe-fc78-4cc8-b64e-aaf5b5c4520b/add_router_interface 1.660s
2025-03-10 09:00:59.808 69282 INFO tempest.lib.common.rest_client [req-a211c9b9-7360-4f20-b15a-ad31263abe09 req-a211c9b9-7360-4f20-b15a-ad31263abe09 ] Request (QuotasAdminTestV236:tearDownClass): 200 GET http://10.180.1.21:9696/networking/v2.0/security-groups?tenant_id=f1742d8127674f0491f162b7ec4dc60b&name=default 0.588s
2025-03-10 09:00:59.808 69278 INFO tempest.lib.common.dynamic_creds [-] Created isolated network resources for: credentials: Credentials: {'domain_id': 'default', 'domain_name': 'Default', 'username': 'tempest-VolumesAdminNegativeTest-851775042-project-admin', 'project_domain_id': 'default', 'project_domain_name': 'Default', 'project_id': 'e113eca8068d43c595370661efc47dbe', 'project_name': 'tempest-VolumesAdminNegativeTest-851775042', 'tenant_id': 'e113eca8068d43c595370661efc47dbe', 'tenant_name': 'tempest-VolumesAdminNegativeTest-851775042', 'user_domain_id': 'default', 'user_domain_name': 'Default', 'user_id': '5cd11a988f8f4331b6e352bf83d65a6e', 'system': None}, Network: {'id': 'fc62e233-d4e4-452f-bf8c-58f55da62c5b', 'name': 'tempest-VolumesAdminNegativeTest-75584359-network', 'tenant_id': 'e113eca8068d43c595370661efc47dbe', 'admin_state_up': True, 'mtu': 8950, 'status': 'ACTIVE', 'subnets': [], 'shared': False, 'project_id': 'e113eca8068d43c595370661efc47dbe', 'port_security_enabled': True, 'router:external': False, 'provider:network_type': 'vlan', 'provider:physical_network': 'default', 'provider:segmentation_id': 78, 'availability_zone_hints': [], 'availability_zones': [], 'ipv4_address_scope': None, 'ipv6_address_scope': None, 'description': '', 'tags': [], 'created_at': '2025-03-10T09:00:54Z', 'updated_at': '2025-03-10T09:00:54Z', 'revision_number': 1}, Subnet: {'id': 'a4f9dbdc-2bb3-4d8e-8a21-3dc99bd84c76', 'name': 'tempest-VolumesAdminNegativeTest-75584359-subnet', 'tenant_id': 'e113eca8068d43c595370661efc47dbe', 'network_id': 'fc62e233-d4e4-452f-bf8c-58f55da62c5b', 'ip_version': 4, 'subnetpool_id': None, 'enable_dhcp': True, 'ipv6_ra_mode': None, 'ipv6_address_mode': None, 'gateway_ip': '192.168.128.1', 'cidr': '192.168.128.0/28', 'allocation_pools': [{'start': '192.168.128.2', 'end': '192.168.128.14'}], 'host_routes': [], 'dns_nameservers': [], 'description': '', 'router:external': False, 'service_types': [], 'tags': [], 'created_at': '2025-03-10T09:00:55Z', 'updated_at': '2025-03-10T09:00:55Z', 'revision_number': 0, 'project_id': 'e113eca8068d43c595370661efc47dbe'}, Router: {'id': 'b5335efe-fc78-4cc8-b64e-aaf5b5c4520b', 'name': 'tempest-VolumesAdminNegativeTest-75584359-router', 'tenant_id': 'e113eca8068d43c595370661efc47dbe', 'admin_state_up': True, 'status': 'ACTIVE', 'external_gateway_info': {'network_id': '14d9393f-1518-4463-b212-067ed9a12b38', 'external_fixed_ips': [{'subnet_id': 'a27d0585-806a-4550-a3ea-ebbf5a8decd0', 'ip_address': '10.180.180.219'}], 'enable_snat': True}, 'description': '', 'availability_zones': [], 'distributed': False, 'ha': False, 'availability_zone_hints': [], 'routes': [], 'flavor_id': None, 'tags': [], 'created_at': '2025-03-10T09:00:55Z', 'updated_at': '2025-03-10T09:00:57Z', 'revision_number': 2, 'project_id': 'e113eca8068d43c595370661efc47dbe'}
2025-03-10 09:00:59.856 69302 INFO tempest.lib.common.rest_client [req-081fb849-5d49-4f4b-9c8d-c2cf4e1ca6ff req-081fb849-5d49-4f4b-9c8d-c2cf4e1ca6ff ] Request (QuotasAdminNegativeTest:test_create_server_when_cpu_quota_is_full): 200 PUT http://10.180.1.21/compute/v2.1/os-quota-sets/04061e0b6ab64765bb1f1605c25b6337 2.195s
2025-03-10 09:00:59.933 69302 INFO tempest.lib.common.rest_client [req-972958d4-ad66-453a-a6f1-6d5fa413e980 req-972958d4-ad66-453a-a6f1-6d5fa413e980 ] Request (QuotasAdminNegativeTest:test_create_server_when_cpu_quota_is_full): 201 POST http://10.180.1.21/identity/v3/auth/tokens 0.070s
2025-03-10 09:00:59.933 69302 INFO tempest.lib.common.fixed_network [-] (QuotasAdminNegativeTest:test_create_server_when_cpu_quota_is_full) Found network None available for tenant
2025-03-10 09:00:59.937 69272 INFO tempest.lib.common.rest_client [req-459a5658-bdb7-4412-b9c6-343ad40d23e7 req-459a5658-bdb7-4412-b9c6-343ad40d23e7 ] Request (KeyPairsV210TestJSON:test_admin_manage_keypairs_for_other_users): 201 POST http://10.180.1.21/compute/v2.1/os-keypairs 2.181s
2025-03-10 09:00:59.954 69278 INFO tempest.lib.common.rest_client [req-7583949d-515a-43a1-a54f-7072cd32859a req-7583949d-515a-43a1-a54f-7072cd32859a ] Request (VolumesAdminNegativeTest:setUpClass): 201 POST http://10.180.1.21/identity/v3/auth/tokens 0.144s
2025-03-10 09:00:59.967 69300 INFO tempest.lib.common.rest_client [req-da5b262b-382a-40e8-a120-40d410213030 req-da5b262b-382a-40e8-a120-40d410213030 ] Request (FlavorsExtraSpecsTestJSON:test_flavor_non_admin_get_all_keys): 200 POST http://10.180.1.21/compute/v2.1/flavors/1307498747/os-extra_specs 2.147s
2025-03-10 09:00:59.989 69284 INFO tempest.lib.common.rest_client [req-0640753e-e466-4b2a-a4da-f6754edb82ec req-0640753e-e466-4b2a-a4da-f6754edb82ec ] Request (InstanceUsageAuditLogTestJSON:test_list_instance_usage_audit_logs): 200 GET http://10.180.1.21/compute/v2.1/os-instance_usage_audit_log 2.101s
2025-03-10 09:01:00.010 69328 INFO tempest.lib.common.rest_client [req-9f8681fe-a81c-43e6-8c3a-e24719351d16 req-9f8681fe-a81c-43e6-8c3a-e24719351d16 ] Request (AZAdminV2TestJSON:test_get_availability_zone_list_detail): 200 GET http://10.180.1.21/compute/v2.1/os-availability-zone/detail 2.060s
2025-03-10 09:01:00.052 69274 INFO tempest.lib.common.rest_client [req-550ee52f-3fbe-4bff-a12f-796e69adafdc req-550ee52f-3fbe-4bff-a12f-796e69adafdc ] Request (AggregatesAdminNegativeTestJSON:test_aggregate_add_existent_host): 200 POST http://10.180.1.21/compute/v2.1/os-aggregates 2.027s
2025-03-10 09:01:00.083 69324 INFO tempest.lib.common.rest_client [req-7b0c2247-5cb5-45ed-bce0-d10e97734b0e req-7b0c2247-5cb5-45ed-bce0-d10e97734b0e ] Request (FloatingIPsTestJSON:test_allocate_floating_ip): 200 POST http://10.180.1.21/compute/v2.1/os-floating-ips 3.906s
2025-03-10 09:01:00.111 69318 INFO tempest.lib.common.rest_client [req-a2b33d78-8475-49ab-aa6f-a81a88d2be20 req-a2b33d78-8475-49ab-aa6f-a81a88d2be20 ] Request (HypervisorAdminV228Test:test_get_list_hypervisor_details): 200 GET http://10.180.1.21/compute/v2.1/os-hypervisors/1 1.947s
2025-03-10 09:01:00.119 69284 INFO tempest.lib.common.rest_client [req-e4b255bc-a682-43fa-993a-c7aeb7dc60be req-e4b255bc-a682-43fa-993a-c7aeb7dc60be ] Request (InstanceUsageAuditLogTestJSON:tearDownClass): 204 DELETE http://10.180.1.21/identity/v3/users/53f304d2b0f74ece910ed909dfac96e7 0.124s
2025-03-10 09:01:00.143 69328 INFO tempest.lib.common.rest_client [req-1981f5b9-b721-450c-950d-5a1019ae2a79 req-1981f5b9-b721-450c-950d-5a1019ae2a79 ] Request (AZAdminV2TestJSON:tearDownClass): 204 DELETE http://10.180.1.21/identity/v3/users/99774e06685a4196aef924a512a7e313 0.126s
2025-03-10 09:01:00.153 69282 INFO tempest.lib.common.rest_client [req-b1e2e35f-e457-4a4a-8cb2-a76e48f8d7db req-b1e2e35f-e457-4a4a-8cb2-a76e48f8d7db ] Request (QuotasAdminTestV236:tearDownClass): 204 DELETE http://10.180.1.21:9696/networking/v2.0/security-groups/2ceb702f-78d5-4026-b656-b7b6b36c4361 0.344s
2025-03-10 09:01:00.166 69298 INFO tempest.lib.common.rest_client [req-7eb186e2-ae5a-4640-9cb5-5337b10d40e5 req-7eb186e2-ae5a-4640-9cb5-5337b10d40e5 ] Request (ServersWithSpecificFlavorTestJSON:setUpClass): 201 POST http://10.180.1.21:9696/networking/v2.0/routers 2.626s
2025-03-10 09:01:00.272 69294 INFO tempest.lib.common.rest_client [req-444d2672-ddbd-4fb1-b3b0-e4c44bd91a60 req-444d2672-ddbd-4fb1-b3b0-e4c44bd91a60 ] Request (FlavorsV261TestJSON:test_crud_flavor): 200 GET http://10.180.1.21/compute/v2.1/flavors/307852900 2.194s
2025-03-10 09:01:00.359 69284 INFO tempest.lib.common.rest_client [req-0b97ac41-307e-40d0-a178-1471c738591c req-0b97ac41-307e-40d0-a178-1471c738591c ] Request (InstanceUsageAuditLogTestJSON:tearDownClass): 204 DELETE http://10.180.1.21/identity/v3/users/40f0f710389c4e68bbe015339a9ccf53 0.238s
2025-03-10 09:01:00.359 69284 INFO tempest.lib.common.dynamic_creds [-] Deleting project and security group for project: a8de3b3887a94c4c9602ab7e35c62077
2025-03-10 09:01:00.375 69270 INFO tempest.lib.common.rest_client [req-d57a297c-39a0-4a82-86fb-52376a835337 req-d57a297c-39a0-4a82-86fb-52376a835337 ] Request (ServersV294TestFqdnHostnames:setUpClass): 200 GET http://10.180.1.21/compute/v2.1/servers/b84d8148-e8ef-4f6b-bf0a-0ab47adcc52d 2.095s
2025-03-10 09:01:00.389 69270 INFO tempest.common.waiters [-] State transition "BUILD/None" ==> "BUILD/block_device_mapping" after 3 second wait
2025-03-10 09:01:00.468 69318 INFO tempest.lib.common.rest_client [req-dad8e51c-cf13-4222-aed3-52c65bb47afe req-dad8e51c-cf13-4222-aed3-52c65bb47afe ] Request (HypervisorAdminV228Test:tearDownClass): 204 DELETE http://10.180.1.21/identity/v3/users/afd2d026ab2040e5bd6ddfccd328d335 0.347s
2025-03-10 09:01:00.474 69328 INFO tempest.lib.common.rest_client [req-0bd426d1-17d8-44a3-96ab-f8df2a4f86da req-0bd426d1-17d8-44a3-96ab-f8df2a4f86da ] Request (AZAdminV2TestJSON:tearDownClass): 204 DELETE http://10.180.1.21/identity/v3/users/0187bcd889664f239f39e78a604708fd 0.331s
2025-03-10 09:01:00.475 69328 INFO tempest.lib.common.dynamic_creds [-] Deleting project and security group for project: 3d5986f03a414ca7a4441a902e3ae24d
2025-03-10 09:01:00.580 69284 INFO tempest.lib.common.rest_client [req-b6301be2-1d0f-497c-a87e-1823c609c590 req-b6301be2-1d0f-497c-a87e-1823c609c590 ] Request (InstanceUsageAuditLogTestJSON:tearDownClass): 201 POST http://10.180.1.21/identity/v3/auth/tokens 0.221s
2025-03-10 09:01:00.686 69318 INFO tempest.lib.common.rest_client [req-5cdac71a-98c2-4788-9139-55f32c10a2c3 req-5cdac71a-98c2-4788-9139-55f32c10a2c3 ] Request (HypervisorAdminV228Test:tearDownClass): 204 DELETE http://10.180.1.21/identity/v3/users/099afacd6bb9473f9f14ef96ee2d4d5d 0.217s
2025-03-10 09:01:00.687 69318 INFO tempest.lib.common.dynamic_creds [-] Deleting project and security group for project: 62a08cb5c6014897b1fc3cf481a91fed
2025-03-10 09:01:00.701 69282 INFO tempest.lib.common.rest_client [req-c87377a8-39d8-4914-af2c-506d2d221bbd req-c87377a8-39d8-4914-af2c-506d2d221bbd ] Request (QuotasAdminTestV236:tearDownClass): 204 DELETE http://10.180.1.21/identity/v3/projects/f1742d8127674f0491f162b7ec4dc60b 0.548s
2025-03-10 09:01:00.702 69282 INFO tempest.lib.common.dynamic_creds [-] Deleting project and security group for project: fff88cfd5a2b4dcc8ae9744f7c81e173
2025-03-10 09:01:00.772 69328 INFO tempest.lib.common.rest_client [req-833d4b1c-08e2-41b8-9dbc-9bd1646820e4 req-833d4b1c-08e2-41b8-9dbc-9bd1646820e4 ] Request (AZAdminV2TestJSON:tearDownClass): 201 POST http://10.180.1.21/identity/v3/auth/tokens 0.297s
