2025-03-10 09:01:12.258 69272 INFO tempest.lib.common.rest_client [req-48edf0d9-6ca5-4d49-a779-47bf0b317ae4 req-48edf0d9-6ca5-4d49-a779-47bf0b317ae4 ] Request (KeyPairsV210TestJSON:tearDownClass): 200 GET http://10.180.1.21:9696/networking/v2.0/security-groups?tenant_id=73945b09a9794c43ad14433d9bc789b3&name=default 0.189s
2025-03-10 09:01:12.314 69307 INFO tempest.lib.common.rest_client [req-02d1795f-c5eb-46d1-83b8-9af00fddae57 req-02d1795f-c5eb-46d1-83b8-9af00fddae57 ] Request (SecurityGroupsTestJSON:setUpClass): 200 PUT http://10.180.1.21:9696/networking/v2.0/routers/dca45c90-b4b0-43d0-b238-541767970731/add_router_interface 2.448s
2025-03-10 09:01:12.314 69307 INFO tempest.lib.common.dynamic_creds [-] Created isolated network resources for: credentials: Credentials: {'domain_id': 'default', 'domain_name': 'Default', 'username': 'tempest-SecurityGroupsTestJSON-650658093-project-member', 'project_domain_id': 'default', 'project_domain_name': 'Default', 'project_id': 'aa2e49359ed6499f992da983a111ebf9', 'project_name': 'tempest-SecurityGroupsTestJSON-650658093', 'tenant_id': 'aa2e49359ed6499f992da983a111ebf9', 'tenant_name': 'tempest-SecurityGroupsTestJSON-650658093', 'user_domain_id': 'default', 'user_domain_name': 'Default', 'user_id': '98a508775a1b42e2a245cf6b455f3e78', 'system': None}, Network: {'id': '6b98da6e-0fd2-4c78-9e22-b60ca1c51d22', 'name': 'tempest-SecurityGroupsTestJSON-1908338454-network', 'tenant_id': 'aa2e49359ed6499f992da983a111ebf9', 'admin_state_up': True, 'mtu': 8950, 'status': 'ACTIVE', 'subnets': [], 'shared': False, 'project_id': 'aa2e49359ed6499f992da983a111ebf9', 'port_security_enabled': True, 'router:external': False, 'provider:network_type': 'vlan', 'provider:physical_network': 'default', 'provider:segmentation_id': 842, 'availability_zone_hints': [], 'availability_zones': [], 'ipv4_address_scope': None, 'ipv6_address_scope': None, 'description': '', 'tags': [], 'created_at': '2025-03-10T09:01:07Z', 'updated_at': '2025-03-10T09:01:07Z', 'revision_number': 1}, Subnet: {'id': '36e064d4-6d63-4d6a-81d7-8b68b1ca19f0', 'name': 'tempest-SecurityGroupsTestJSON-1908338454-subnet', 'tenant_id': 'aa2e49359ed6499f992da983a111ebf9', 'network_id': '6b98da6e-0fd2-4c78-9e22-b60ca1c51d22', 'ip_version': 4, 'subnetpool_id': None, 'enable_dhcp': True, 'ipv6_ra_mode': None, 'ipv6_address_mode': None, 'gateway_ip': '192.168.128.1', 'cidr': '192.168.128.0/28', 'allocation_pools': [{'start': '192.168.128.2', 'end': '192.168.128.14'}], 'host_routes': [], 'dns_nameservers': [], 'description': '', 'router:external': False, 'service_types': [], 'tags': [], 'created_at': '2025-03-10T09:01:07Z', 'updated_at': '2025-03-10T09:01:07Z', 'revision_number': 0, 'project_id': 'aa2e49359ed6499f992da983a111ebf9'}, Router: {'id': 'dca45c90-b4b0-43d0-b238-541767970731', 'name': 'tempest-SecurityGroupsTestJSON-1908338454-router', 'tenant_id': 'aa2e49359ed6499f992da983a111ebf9', 'admin_state_up': True, 'status': 'ACTIVE', 'external_gateway_info': {'network_id': '14d9393f-1518-4463-b212-067ed9a12b38', 'external_fixed_ips': [{'subnet_id': 'a27d0585-806a-4550-a3ea-ebbf5a8decd0', 'ip_address': '10.180.180.209'}], 'enable_snat': True}, 'description': '', 'availability_zones': [], 'distributed': False, 'ha': False, 'availability_zone_hints': [], 'routes': [], 'flavor_id': None, 'tags': [], 'created_at': '2025-03-10T09:01:08Z', 'updated_at': '2025-03-10T09:01:09Z', 'revision_number': 2, 'project_id': 'aa2e49359ed6499f992da983a111ebf9'}
2025-03-10 09:01:12.326 69270 INFO tempest.lib.common.rest_client [req-a414c0ec-7bdc-4c31-8ad2-11d069f87bab req-a414c0ec-7bdc-4c31-8ad2-11d069f87bab ] Request (ServersV294TestFqdnHostnames:setUpClass): 200 GET http://10.180.1.21/compute/v2.1/servers/b84d8148-e8ef-4f6b-bf0a-0ab47adcc52d 1.482s
2025-03-10 09:01:12.361 69294 INFO tempest.lib.common.rest_client [req-91dd8c0d-fdf5-4e42-8895-0d1d94e8b09e req-91dd8c0d-fdf5-4e42-8895-0d1d94e8b09e ] Request (FlavorsV261TestJSON:tearDownClass): 204 DELETE http://10.180.1.21/identity/v3/projects/2aec2f365bd44979a9c623986a7ca6ca 0.139s
2025-03-10 09:01:12.362 69294 INFO tempest.lib.common.dynamic_creds [-] Deleting project and security group for project: d831847926914a1bae1685a353a74427
2025-03-10 09:01:12.379 69272 INFO tempest.lib.common.rest_client [req-6ef24d3d-6c2f-4e53-bfac-67a546259d2c req-6ef24d3d-6c2f-4e53-bfac-67a546259d2c ] Request (KeyPairsV210TestJSON:tearDownClass): 204 DELETE http://10.180.1.21:9696/networking/v2.0/security-groups/91aaabf0-92d6-46df-9792-88b6a1e07095 0.120s
2025-03-10 09:01:12.420 69307 INFO tempest.lib.common.rest_client [req-43556800-ce86-417a-af69-0e674dde9b85 req-43556800-ce86-417a-af69-0e674dde9b85 ] Request (SecurityGroupsTestJSON:setUpClass): 201 POST http://10.180.1.21/identity/v3/auth/tokens 0.097s
2025-03-10 09:01:12.469 69294 INFO tempest.lib.common.rest_client [req-14fc4871-dbdb-433d-8411-9361324b885f req-14fc4871-dbdb-433d-8411-9361324b885f ] Request (FlavorsV261TestJSON:tearDownClass): 200 GET http://10.180.1.21:9696/networking/v2.0/security-groups?tenant_id=d831847926914a1bae1685a353a74427&name=default 0.107s
2025-03-10 09:01:12.562 69294 INFO tempest.lib.common.rest_client [req-6df623db-b682-4e98-94d6-d1813a3176cb req-6df623db-b682-4e98-94d6-d1813a3176cb ] Request (FlavorsV261TestJSON:tearDownClass): 204 DELETE http://10.180.1.21:9696/networking/v2.0/security-groups/de656ebc-c141-4014-9c1b-032545c44790 0.093s
2025-03-10 09:01:12.576 69272 INFO tempest.lib.common.rest_client [req-7b28a3d6-61fa-4ece-958f-245afba021ab req-7b28a3d6-61fa-4ece-958f-245afba021ab ] Request (KeyPairsV210TestJSON:tearDownClass): 204 DELETE http://10.180.1.21/identity/v3/projects/73945b09a9794c43ad14433d9bc789b3 0.196s
2025-03-10 09:01:12.577 69272 INFO tempest.test [-] raised in TestMultiAttachVolumeSwap.setUpClass. Invoking tearDownClass.
2025-03-10 09:01:12.581 69302 INFO tempest.lib.common.rest_client [req-4c0ea4e0-fb68-4d64-9e76-057b9f379a87 req-4c0ea4e0-fb68-4d64-9e76-057b9f379a87 ] Request (QuotasAdminNegativeTest:_run_cleanups): 200 PUT http://10.180.1.21/compute/v2.1/os-quota-sets/04061e0b6ab64765bb1f1605c25b6337 1.714s
2025-03-10 09:01:12.595 69300 INFO tempest.lib.common.rest_client [req-35d704a2-3e47-4ade-a55a-e35b1c5c9ec3 req-35d704a2-3e47-4ade-a55a-e35b1c5c9ec3 ] Request (FlavorsExtraSpecsTestJSON:test_flavor_set_get_update_show_unset_keys): 200 GET http://10.180.1.21/compute/v2.1/flavors/1307498747/os-extra_specs 1.713s
2025-03-10 09:01:12.631 69272 INFO tempest.lib.common.rest_client [req-cd6dc725-685a-4329-ace7-d6b10e8e549e req-cd6dc725-685a-4329-ace7-d6b10e8e549e ] Request (SecurityGroupRulesNegativeTestJSON:setUpClass): 201 POST http://10.180.1.21/identity/v3/auth/tokens 0.050s
2025-03-10 09:01:12.674 69324 INFO tempest.lib.common.rest_client [req-3c76b1a4-7bfa-48eb-885c-b2cc9210897f req-3c76b1a4-7bfa-48eb-885c-b2cc9210897f ] Request (FloatingIPsTestJSON:test_delete_floating_ip): 202 DELETE http://10.180.1.21/compute/v2.1/os-floating-ips/24b0708d-8d60-4797-b584-949b3f0ea3c9 2.179s
2025-03-10 09:01:12.698 69294 INFO tempest.lib.common.rest_client [req-dcffc623-2bc1-4b4c-83c1-d26608c234dc req-dcffc623-2bc1-4b4c-83c1-d26608c234dc ] Request (FlavorsV261TestJSON:tearDownClass): 204 DELETE http://10.180.1.21/identity/v3/projects/d831847926914a1bae1685a353a74427 0.135s
2025-03-10 09:01:12.699 69294 INFO tempest.test [-] raised in SpiceDirectConsoleTestJSON.setUpClass. Invoking tearDownClass.
2025-03-10 09:01:12.703 69294 INFO tempest.test [-] raised in ServerStableDeviceRescueTest.setUpClass. Invoking tearDownClass.
2025-03-10 09:01:12.757 69272 INFO tempest.lib.common.rest_client [req-c0186f97-87d8-4799-a6b8-da2b0ffaeffe req-c0186f97-87d8-4799-a6b8-da2b0ffaeffe ] Request (SecurityGroupRulesNegativeTestJSON:setUpClass): 201 POST http://10.180.1.21/identity/v3/auth/tokens 0.124s
2025-03-10 09:01:12.759 69304 INFO tempest.lib.common.rest_client [req-9e5c2583-2fea-47f2-96e7-9fec4542c034 req-9e5c2583-2fea-47f2-96e7-9fec4542c034 ] Request (ServerDiagnosticsV248Test:test_get_server_diagnostics): 200 GET http://10.180.1.21/compute/v2.1/servers/7d2bcf74-1571-495d-a81b-59d21747f5d4 1.814s
2025-03-10 09:01:12.778 69298 INFO tempest.lib.common.rest_client [req-bccc51b1-b327-4664-a47a-8769582f8c40 req-bccc51b1-b327-4664-a47a-8769582f8c40 ] Request (ServersWithSpecificFlavorTestJSON:test_verify_created_server_ephemeral_disk): 200 POST http://10.180.1.21/compute/v2.1/flavors 1.807s
2025-03-10 09:01:12.790 69294 INFO tempest.lib.common.rest_client [req-b61fd2cd-dd2d-4d16-8088-6e604fe86743 req-b61fd2cd-dd2d-4d16-8088-6e604fe86743 ] Request (AttachVolumeNegativeTest:setUpClass): 201 POST http://10.180.1.21/identity/v3/auth/tokens 0.085s
2025-03-10 09:01:12.813 69272 INFO tempest.lib.common.rest_client [req-b9d7615b-d039-400e-a028-db2cb5545657 req-b9d7615b-d039-400e-a028-db2cb5545657 ] Request (SecurityGroupRulesNegativeTestJSON:setUpClass): 200 GET http://10.180.1.21/identity/v3/domains?name=Default 0.055s
2025-03-10 09:01:12.833 69316 INFO tempest.lib.common.rest_client [req-b110081c-9e9e-4253-b30b-ce1ad8c20a54 req-b110081c-9e9e-4253-b30b-ce1ad8c20a54 ] Request (ServersNegativeTestMultiTenantJSON:setUpClass): 200 GET http://10.180.1.21/compute/v2.1/servers/6e887446-a5a6-48dd-9218-a0ff9c0bb406 1.827s
2025-03-10 09:01:12.836 69294 INFO tempest.lib.common.rest_client [req-54e0cc9b-8464-4207-8f01-d1fb32d9d0e3 req-54e0cc9b-8464-4207-8f01-d1fb32d9d0e3 ] Request (AttachVolumeNegativeTest:setUpClass): 201 POST http://10.180.1.21/identity/v3/auth/tokens 0.043s
2025-03-10 09:01:12.841 69292 INFO tempest.lib.common.rest_client [req-bb33c326-a3fd-44d1-9b34-de67a26c618f req-bb33c326-a3fd-44d1-9b34-de67a26c618f ] Request (HypervisorAdminNegativeTestJSON:test_get_hypervisor_list_with_non_admin_user): 403 GET http://10.180.1.21/compute/v2.1/os-hypervisors 1.741s
2025-03-10 09:01:12.857 69272 INFO tempest.lib.common.rest_client [req-fa636eed-6841-4380-a8ef-6a21476ff891 req-fa636eed-6841-4380-a8ef-6a21476ff891 ] Request (SecurityGroupRulesNegativeTestJSON:setUpClass): 201 POST http://10.180.1.21/identity/v3/projects 0.044s
2025-03-10 09:01:12.911 69294 INFO tempest.lib.common.rest_client [req-c2481e47-011e-4ff4-8b42-b86f04bad681 req-c2481e47-011e-4ff4-8b42-b86f04bad681 ] Request (AttachVolumeNegativeTest:setUpClass): 200 GET http://10.180.1.21/identity/v3/domains?name=Default 0.075s
2025-03-10 09:01:12.939 69272 INFO tempest.lib.common.rest_client [req-654e9d1f-e464-4755-8a13-099e20ac09f9 req-654e9d1f-e464-4755-8a13-099e20ac09f9 ] Request (SecurityGroupRulesNegativeTestJSON:setUpClass): 201 POST http://10.180.1.21/identity/v3/users 0.081s
2025-03-10 09:01:12.970 69294 INFO tempest.lib.common.rest_client [req-74c7a605-51bb-4900-ada0-715a78e82b0a req-74c7a605-51bb-4900-ada0-715a78e82b0a ] Request (AttachVolumeNegativeTest:setUpClass): 201 POST http://10.180.1.21/identity/v3/projects 0.058s
2025-03-10 09:01:13.013 69268 INFO tempest.lib.common.rest_client [req-6f278101-54ef-4025-aa6e-1517ff709cef req-6f278101-54ef-4025-aa6e-1517ff709cef ] Request (ServerDiagnosticsTest:test_get_server_diagnostics): 200 GET http://10.180.1.21/compute/v2.1/servers/d57662a0-356b-4c1e-85b4-422ae5d48d94 1.808s
2025-03-10 09:01:13.020 69272 INFO tempest.lib.common.rest_client [req-85471dd2-29f8-4b66-a011-a50f1ffc63bd req-85471dd2-29f8-4b66-a011-a50f1ffc63bd ] Request (SecurityGroupRulesNegativeTestJSON:setUpClass): 200 GET http://10.180.1.21/identity/v3/roles 0.081s
2025-03-10 09:01:13.038 69294 INFO tempest.lib.common.rest_client [req-34a359a7-27ae-4a1b-9ba0-7a2bd6757cdc req-34a359a7-27ae-4a1b-9ba0-7a2bd6757cdc ] Request (AttachVolumeNegativeTest:setUpClass): 201 POST http://10.180.1.21/identity/v3/users 0.067s
2025-03-10 09:01:13.056 69272 INFO tempest.lib.common.rest_client [req-ea96031d-0e3b-44df-bfd8-a5e98ca84065 req-ea96031d-0e3b-44df-bfd8-a5e98ca84065 ] Request (SecurityGroupRulesNegativeTestJSON:setUpClass): 204 PUT http://10.180.1.21/identity/v3/projects/c4935263bacb4c54ba224a712f29397b/users/7d1aabc623674bfdbd350aeb0939fc8f/roles/4c54e11ca4dd4f6ea8b330022b118163 0.035s
2025-03-10 09:01:13.056 69272 INFO tempest.lib.common.dynamic_creds [-] Dynamic test user 7d1aabc623674bfdbd350aeb0939fc8f is created with scope project and roles: ['member']
2025-03-10 09:01:13.056 69272 INFO tempest.lib.common.dynamic_creds [-] Acquired dynamic creds: credentials: Credentials: {'domain_id': 'default', 'domain_name': 'Default', 'username': 'tempest-SecurityGroupRulesNegativeTestJSON-527132684-project-member', 'project_domain_id': 'default', 'project_domain_name': 'Default', 'project_id': 'c4935263bacb4c54ba224a712f29397b', 'project_name': 'tempest-SecurityGroupRulesNegativeTestJSON-527132684', 'tenant_id': 'c4935263bacb4c54ba224a712f29397b', 'tenant_name': 'tempest-SecurityGroupRulesNegativeTestJSON-527132684', 'user_domain_id': 'default', 'user_domain_name': 'Default', 'user_id': '7d1aabc623674bfdbd350aeb0939fc8f', 'system': None}, Network: None, Subnet: None, Router: None
2025-03-10 09:01:13.059 69294 INFO tempest.lib.common.rest_client [req-3b33f847-f255-4d70-968c-432bf67a7e4c req-3b33f847-f255-4d70-968c-432bf67a7e4c ] Request (AttachVolumeNegativeTest:setUpClass): 200 GET http://10.180.1.21/identity/v3/roles 0.020s
2025-03-10 09:01:13.104 69286 INFO tempest.lib.common.rest_client [req-ff228dcf-3f7b-4eaf-9b7c-7f20f1e229d9 req-ff228dcf-3f7b-4eaf-9b7c-7f20f1e229d9 ] Request (ListImageFiltersTestJSON:setUpClass): 204 PUT http://10.180.1.21/image/v2/images/a489df94-5bb3-44c4-91e4-e325e56071b0/file 0.918s
2025-03-10 09:01:13.124 69272 INFO tempest.lib.common.rest_client [req-a7df3a18-658e-488e-b94a-9c0a7c79b410 req-a7df3a18-658e-488e-b94a-9c0a7c79b410 ] Request (SecurityGroupRulesNegativeTestJSON:setUpClass): 201 POST http://10.180.1.21/identity/v3/auth/tokens 0.067s
2025-03-10 09:01:13.129 69294 INFO tempest.lib.common.rest_client [req-b2b3f0d9-16b7-4543-aaf9-091c77287e21 req-b2b3f0d9-16b7-4543-aaf9-091c77287e21 ] Request (AttachVolumeNegativeTest:setUpClass): 204 PUT http://10.180.1.21/identity/v3/projects/8774be4c61ac4befa5c4fd89d428250d/users/0d3583de6df146a1af22b1bd0ef4fb1a/roles/4c54e11ca4dd4f6ea8b330022b118163 0.069s
2025-03-10 09:01:13.129 69294 INFO tempest.lib.common.dynamic_creds [-] Dynamic test user 0d3583de6df146a1af22b1bd0ef4fb1a is created with scope project and roles: ['member']
2025-03-10 09:01:13.129 69294 INFO tempest.lib.common.dynamic_creds [-] Acquired dynamic creds: credentials: Credentials: {'domain_id': 'default', 'domain_name': 'Default', 'username': 'tempest-AttachVolumeNegativeTest-1044211154-project-member', 'project_domain_id': 'default', 'project_domain_name': 'Default', 'project_id': '8774be4c61ac4befa5c4fd89d428250d', 'project_name': 'tempest-AttachVolumeNegativeTest-1044211154', 'tenant_id': '8774be4c61ac4befa5c4fd89d428250d', 'tenant_name': 'tempest-AttachVolumeNegativeTest-1044211154', 'user_domain_id': 'default', 'user_domain_name': 'Default', 'user_id': '0d3583de6df146a1af22b1bd0ef4fb1a', 'system': None}, Network: None, Subnet: None, Router: None
2025-03-10 09:01:13.203 69294 INFO tempest.lib.common.rest_client [req-9d1ebd06-5bf8-47f1-9b72-031eb805487a req-9d1ebd06-5bf8-47f1-9b72-031eb805487a ] Request (AttachVolumeNegativeTest:setUpClass): 201 POST http://10.180.1.21/identity/v3/auth/tokens 0.073s
2025-03-10 09:01:13.286 69328 INFO tempest.lib.common.rest_client [req-7e34db63-853a-4d0b-aeb9-cf5518ea008c req-7e34db63-853a-4d0b-aeb9-cf5518ea008c ] Request (ImagesTestJSON:test_create_image_from_stopped_server): 202 POST http://10.180.1.21/compute/v2.1/servers 2.364s
2025-03-10 09:01:13.505 69322 INFO tempest.lib.common.rest_client [req-346b8809-ef1e-43dd-a5b2-074ac32a9c75 req-346b8809-ef1e-43dd-a5b2-074ac32a9c75 ] Request (ServerExternalEventsTest:test_create_server_external_events): 200 GET http://10.180.1.21/compute/v2.1/servers/407f05dc-8bd4-44c4-9830-b25970ee5c51 2.120s
2025-03-10 09:01:13.515 69322 INFO tempest.common.waiters [-] State transition "BUILD/None" ==> "BUILD/spawning" after 12 second wait
2025-03-10 09:01:13.649 69280 INFO tempest.lib.common.rest_client [req-f231630f-4fc0-4bb4-a257-a2f6280fcbb5 req-f231630f-4fc0-4bb4-a257-a2f6280fcbb5 ] Request (NetworksTest:test_get_network): 200 GET http://10.180.1.21/compute/v2.1/os-networks/14d9393f-1518-4463-b212-067ed9a12b38 2.175s
2025-03-10 09:01:13.758 69278 INFO tempest.lib.common.rest_client [req-b25d83f8-18d3-4d83-b4cf-90ba68e2d4d6 req-b25d83f8-18d3-4d83-b4cf-90ba68e2d4d6 ] Request (VolumesAdminNegativeTest:test_update_attached_volume_with_nonexistent_volume_in_body): 200 GET http://10.180.1.21/compute/v2.1/servers/93063f45-ffe5-408e-bf13-7ac7faa47c66 2.254s
2025-03-10 09:01:13.806 69290 INFO tempest.lib.common.rest_client [req-79da4ce9-4e24-4052-9a92-3997c76e4ff3 req-79da4ce9-4e24-4052-9a92-3997c76e4ff3 ] Request (VolumesAssistedSnapshotsTest:test_volume_assisted_snapshot_create_delete): 202 POST http://10.180.1.21/compute/v2.1/servers 2.558s
2025-03-10 09:01:13.821 69276 INFO tempest.lib.common.rest_client [req-9db3d540-b209-4e46-a35b-6d28fd532dca req-9db3d540-b209-4e46-a35b-6d28fd532dca ] Request (QuotasAdminTestJSON:test_delete_quota): 202 DELETE http://10.180.1.21/compute/v2.1/os-quota-sets/209b6b781e8341ff8bf4f9be71e3ee51 2.093s
2025-03-10 09:01:13.893 69294 INFO tempest.lib.common.rest_client [req-16424f70-3de2-43c5-8141-7a3bce74eb3c req-16424f70-3de2-43c5-8141-7a3bce74eb3c ] Request (AttachVolumeNegativeTest:setUpClass): 201 POST http://10.180.1.21:9696/networking/v2.0/networks 0.689s
2025-03-10 09:01:13.904 69272 INFO tempest.lib.common.rest_client [req-a00ee3c2-2f63-4565-a56f-356dcbb2f269 req-a00ee3c2-2f63-4565-a56f-356dcbb2f269 ] Request (SecurityGroupRulesNegativeTestJSON:setUpClass): 201 POST http://10.180.1.21:9696/networking/v2.0/networks 0.780s
2025-03-10 09:01:14.041 69318 INFO tempest.lib.common.rest_client [req-eac2db33-8b5b-4795-8f45-9381b380ba67 req-eac2db33-8b5b-4795-8f45-9381b380ba67 ] Request (ImagesMetadataTestJSON:test_delete_image_metadata_item): 204 DELETE http://10.180.1.21/compute/v2.1/images/2e77b12d-6daa-47db-b1ab-2e0e37cabe30/metadata/os_version 2.236s
2025-03-10 09:01:14.058 69284 INFO tempest.lib.common.rest_client [req-25cc3b62-40b8-4022-a8eb-10fb385b3719 req-25cc3b62-40b8-4022-a8eb-10fb385b3719 ] Request (ImagesMetadataNegativeTestJSON:test_set_nonexistent_image_metadata_item): 404 PUT http://10.180.1.21/compute/v2.1/images/67bbefa6-2594-4bbe-9e6c-57833998a92e/metadata/os_distro 2.230s
2025-03-10 09:01:14.075 69282 INFO tempest.lib.common.rest_client [req-d8928729-6289-4139-b0c1-b0c7eb67e041 req-d8928729-6289-4139-b0c1-b0c7eb67e041 ] Request (ImagesDeleteNegativeTestJSON:test_delete_non_existent_image): 404 DELETE http://10.180.1.21/compute/v2.1/images/2e249f0a-c932-4fdc-b849-ae1915d3953d 2.219s
2025-03-10 09:01:14.113 69326 INFO tempest.lib.common.rest_client [req-8b05b616-2849-4cbb-a0c9-14951fb3f37a req-8b05b616-2849-4cbb-a0c9-14951fb3f37a ] Request (FlavorsExtraSpecsNegativeTestJSON:tearDownClass): 200 GET http://10.180.1.21/compute/v2.1/flavors/detail 2.237s
2025-03-10 09:01:14.138 69312 INFO tempest.lib.common.rest_client [req-1ec93373-23e0-470e-92fd-69a3d2380a21 req-1ec93373-23e0-470e-92fd-69a3d2380a21 ] Request (FlavorsAccessTestJSON:_run_cleanups): 200 GET http://10.180.1.21/compute/v2.1/flavors/detail 2.245s
2025-03-10 09:01:14.207 69288 INFO tempest.lib.common.rest_client [req-3732691f-8b6e-4fba-b31f-4a824ff6e74e req-3732691f-8b6e-4fba-b31f-4a824ff6e74e ] Request (DeleteServersAdminTestJSON:test_admin_delete_servers_of_others): 200 GET http://10.180.1.21/compute/v2.1/servers/ea46b00b-4257-4f3c-8088-0f8a49d08fd5 2.505s
2025-03-10 09:01:14.232 69315 INFO tempest.lib.common.rest_client [req-0280a533-3520-403f-a98c-1795bb9743ab req-0280a533-3520-403f-a98c-1795bb9743ab ] Request (ServersTestMultiNic:test_verify_duplicate_network_nics): 200 GET http://10.180.1.21/compute/v2.1/servers/d5224c97-3c88-4e03-8beb-050e020765d6 2.265s
2025-03-10 09:01:14.268 69308 INFO tempest.lib.common.rest_client [req-3e21253b-6184-42b2-b77f-f232d29a5178 req-3e21253b-6184-42b2-b77f-f232d29a5178 ] Request (MultipleCreateTestJSON:setUpClass): 200 PUT http://10.180.1.21:9696/networking/v2.0/routers/0b29154c-e28f-4410-af63-945057fbf5d1/add_router_interface 2.136s
2025-03-10 09:01:14.269 69308 INFO tempest.lib.common.dynamic_creds [-] Created isolated network resources for: credentials: Credentials: {'domain_id': 'default', 'domain_name': 'Default', 'username': 'tempest-MultipleCreateTestJSON-876186073-project-member', 'project_domain_id': 'default', 'project_domain_name': 'Default', 'project_id': '5cefd599707f4862a086377ebbba98de', 'project_name': 'tempest-MultipleCreateTestJSON-876186073', 'tenant_id': '5cefd599707f4862a086377ebbba98de', 'tenant_name': 'tempest-MultipleCreateTestJSON-876186073', 'user_domain_id': 'default', 'user_domain_name': 'Default', 'user_id': '73b16ad65cc64c87ae633e114647eda8', 'system': None}, Network: {'id': '46dda5dd-e8f2-4082-8d23-903072c96906', 'name': 'tempest-MultipleCreateTestJSON-1906554888-network', 'tenant_id': '5cefd599707f4862a086377ebbba98de', 'admin_state_up': True, 'mtu': 8950, 'status': 'ACTIVE', 'subnets': [], 'shared': False, 'project_id': '5cefd599707f4862a086377ebbba98de', 'port_security_enabled': True, 'router:external': False, 'provider:network_type': 'vlan', 'provider:physical_network': 'default', 'provider:segmentation_id': 404, 'availability_zone_hints': [], 'availability_zones': [], 'ipv4_address_scope': None, 'ipv6_address_scope': None, 'description': '', 'tags': [], 'created_at': '2025-03-10T09:01:09Z', 'updated_at': '2025-03-10T09:01:09Z', 'revision_number': 1}, Subnet: {'id': 'e5624a14-a6ba-448f-88f1-afa7b514e57a', 'name': 'tempest-MultipleCreateTestJSON-1906554888-subnet', 'tenant_id': '5cefd599707f4862a086377ebbba98de', 'network_id': '46dda5dd-e8f2-4082-8d23-903072c96906', 'ip_version': 4, 'subnetpool_id': None, 'enable_dhcp': True, 'ipv6_ra_mode': None, 'ipv6_address_mode': None, 'gateway_ip': '192.168.128.1', 'cidr': '192.168.128.0/28', 'allocation_pools': [{'start': '192.168.128.2', 'end': '192.168.128.14'}], 'host_routes': [], 'dns_nameservers': [], 'description': '', 'router:external': False, 'service_types': [], 'tags': [], 'created_at': '2025-03-10T09:01:09Z', 'updated_at': '2025-03-10T09:01:09Z', 'revision_number': 0, 'project_id': '5cefd599707f4862a086377ebbba98de'}, Router: {'id': '0b29154c-e28f-4410-af63-945057fbf5d1', 'name': 'tempest-MultipleCreateTestJSON-1906554888-router', 'tenant_id': '5cefd599707f4862a086377ebbba98de', 'admin_state_up': True, 'status': 'ACTIVE', 'external_gateway_info': {'network_id': '14d9393f-1518-4463-b212-067ed9a12b38', 'external_fixed_ips': [{'subnet_id': 'a27d0585-806a-4550-a3ea-ebbf5a8decd0', 'ip_address': '10.180.180.207'}], 'enable_snat': True}, 'description': '', 'availability_zones': [], 'distributed': False, 'ha': False, 'availability_zone_hints': [], 'routes': [], 'flavor_id': None, 'tags': [], 'created_at': '2025-03-10T09:01:10Z', 'updated_at': '2025-03-10T09:01:11Z', 'revision_number': 2, 'project_id': '5cefd599707f4862a086377ebbba98de'}
2025-03-10 09:01:14.293 69274 INFO tempest.lib.common.rest_client [req-681e6ae9-70ce-451f-b75c-2c04b38b70ca req-681e6ae9-70ce-451f-b75c-2c04b38b70ca ] Request (AggregatesAdminNegativeTestJSON:_run_cleanups): 200 DELETE http://10.180.1.21/compute/v2.1/os-aggregates/2 2.302s
2025-03-10 09:01:14.335 69326 INFO tempest.lib.common.rest_client [req-fb52afb0-e84e-4dd5-87d1-2945811c1e3d req-fb52afb0-e84e-4dd5-87d1-2945811c1e3d ] Request (FlavorsExtraSpecsNegativeTestJSON:tearDownClass): 204 DELETE http://10.180.1.21/identity/v3/users/b768eaa279a04d94aae98248fb63863f 0.216s
2025-03-10 09:01:14.337 69282 INFO tempest.lib.common.rest_client [req-374a35bb-c57b-4abe-860d-75291cea7370 req-374a35bb-c57b-4abe-860d-75291cea7370 ] Request (ImagesDeleteNegativeTestJSON:tearDownClass): 204 DELETE http://10.180.1.21/identity/v3/users/92a803be495340ec8a28ee3d87ad47ce 0.261s
2025-03-10 09:01:14.338 69282 INFO tempest.lib.common.dynamic_creds [-] Deleting project and security group for project: bcd5f4605c4e4d518bc0a17b89bc98d7
2025-03-10 09:01:14.355 69310 INFO tempest.lib.common.rest_client [req-286f9fbf-c3ae-4a9b-b0cb-d8148bc5eb90 req-286f9fbf-c3ae-4a9b-b0cb-d8148bc5eb90 ] Request (InstanceActionsNegativeTestJSON:setUpClass): 200 GET http://10.180.1.21/compute/v2.1/servers/2b124368-c128-4187-8e72-a36847cf075d 1.934s
2025-03-10 09:01:14.364 69310 INFO tempest.common.waiters [-] State transition "BUILD/None" ==> "BUILD/block_device_mapping" after 11 second wait
2025-03-10 09:01:14.412 69308 INFO tempest.lib.common.rest_client [req-a70e68d3-ba4a-4626-a788-c995ce438078 req-a70e68d3-ba4a-4626-a788-c995ce438078 ] Request (MultipleCreateTestJSON:setUpClass): 201 POST http://10.180.1.21/identity/v3/auth/tokens 0.139s
2025-03-10 09:01:14.451 69320 INFO tempest.lib.common.rest_client [req-99221f20-9180-48b1-824b-e809ee6c2db1 req-99221f20-9180-48b1-824b-e809ee6c2db1 ] Request (MigrationsAdminTest:test_list_migrations_in_flavor_resize_situation): 200 GET http://10.180.1.21/compute/v2.1/servers/85f8a8f6-162a-4bc9-9070-645a4ab3b3da 2.105s
2025-03-10 09:01:14.505 69312 INFO tempest.lib.common.rest_client [req-7e90b0b7-4664-48b1-88e6-762d12169351 req-7e90b0b7-4664-48b1-88e6-762d12169351 ] Request (FlavorsAccessTestJSON:tearDownClass): 204 DELETE http://10.180.1.21/identity/v3/users/b0a7cf422d384087892358ee30c8b830 0.357s
2025-03-10 09:01:14.526 69326 INFO tempest.lib.common.rest_client [req-54ad3a9d-becd-4a01-a6b1-bd8c49fa529f req-54ad3a9d-becd-4a01-a6b1-bd8c49fa529f ] Request (FlavorsExtraSpecsNegativeTestJSON:tearDownClass): 204 DELETE http://10.180.1.21/identity/v3/users/deb9314b0fb14352b9203341196f5ad1 0.190s
2025-03-10 09:01:14.526 69326 INFO tempest.lib.common.dynamic_creds [-] Deleting project and security group for project: 527811c72b59412285fed3be699a040d
2025-03-10 09:01:14.543 69330 INFO tempest.lib.common.rest_client [req-4a9723f3-fd19-4b5f-a772-63e58d014a45 req-4a9723f3-fd19-4b5f-a772-63e58d014a45 ] Request (ServersAdminNegativeTestJSON:setUpClass): 200 GET http://10.180.1.21/compute/v2.1/servers/db41ee2a-8fae-4d88-a70f-317ab3053982 2.031s
2025-03-10 09:01:14.581 69282 INFO tempest.lib.common.rest_client [req-4f3d572e-fbef-45e2-82fe-0eb0bb75fb12 req-4f3d572e-fbef-45e2-82fe-0eb0bb75fb12 ] Request (ImagesDeleteNegativeTestJSON:tearDownClass): 201 POST http://10.180.1.21/identity/v3/auth/tokens 0.243s
2025-03-10 09:01:14.624 69294 INFO tempest.lib.common.rest_client [req-eb255cb2-db79-43fd-833a-c12f0c940865 req-eb255cb2-db79-43fd-833a-c12f0c940865 ] Request (AttachVolumeNegativeTest:setUpClass): 201 POST http://10.180.1.21:9696/networking/v2.0/subnets 0.730s
2025-03-10 09:01:14.628 69272 INFO tempest.lib.common.rest_client [req-2784d436-5d39-46db-87c8-fb8d938a4b2a req-2784d436-5d39-46db-87c8-fb8d938a4b2a ] Request (SecurityGroupRulesNegativeTestJSON:setUpClass): 201 POST http://10.180.1.21:9696/networking/v2.0/subnets 0.722s
2025-03-10 09:01:14.645 69308 INFO tempest.lib.common.rest_client [req-44ca71e1-7f55-4276-9981-7875a6a52173 req-44ca71e1-7f55-4276-9981-7875a6a52173 ] Request (MultipleCreateTestJSON:test_multiple_create): 201 POST http://10.180.1.21/identity/v3/auth/tokens 0.228s
2025-03-10 09:01:14.646 69308 INFO tempest.lib.common.fixed_network [-] (MultipleCreateTestJSON:test_multiple_create) Found network {'id': '46dda5dd-e8f2-4082-8d23-903072c96906', 'name': 'tempest-MultipleCreateTestJSON-1906554888-network', 'tenant_id': '5cefd599707f4862a086377ebbba98de', 'admin_state_up': True, 'mtu': 8950, 'status': 'ACTIVE', 'subnets': [], 'shared': False, 'project_id': '5cefd599707f4862a086377ebbba98de', 'port_security_enabled': True, 'router:external': False, 'provider:network_type': 'vlan', 'provider:physical_network': 'default', 'provider:segmentation_id': 404, 'availability_zone_hints': [], 'availability_zones': [], 'ipv4_address_scope': None, 'ipv6_address_scope': None, 'description': '', 'tags': [], 'created_at': '2025-03-10T09:01:09Z', 'updated_at': '2025-03-10T09:01:09Z', 'revision_number': 1} available for tenant
2025-03-10 09:01:14.679 69326 INFO tempest.lib.common.rest_client [req-a34f980c-7462-4fd8-a77c-0ab54ee7c278 req-a34f980c-7462-4fd8-a77c-0ab54ee7c278 ] Request (FlavorsExtraSpecsNegativeTestJSON:tearDownClass): 201 POST http://10.180.1.21/identity/v3/auth/tokens 0.152s
2025-03-10 09:01:14.737 69312 INFO tempest.lib.common.rest_client [req-c10fc1df-79a8-4783-9e20-7353e52b7a87 req-c10fc1df-79a8-4783-9e20-7353e52b7a87 ] Request (FlavorsAccessTestJSON:tearDownClass): 204 DELETE http://10.180.1.21/identity/v3/users/ec573f485f2a479eb572e5a15736fb55 0.231s
2025-03-10 09:01:14.737 69312 INFO tempest.lib.common.dynamic_creds [-] Deleting project and security group for project: d720cd9436b44731973682051a51a414
2025-03-10 09:01:14.890 69302 INFO tempest.lib.common.rest_client [req-5839e7ca-115d-425b-8c8b-1130936f9f00 req-5839e7ca-115d-425b-8c8b-1130936f9f00 ] Request (QuotasAdminNegativeTest:test_create_server_when_memory_quota_is_full): 200 GET http://10.180.1.21/compute/v2.1/os-quota-sets/04061e0b6ab64765bb1f1605c25b6337 2.305s
2025-03-10 09:01:14.914 69312 INFO tempest.lib.common.rest_client [req-27684ad1-30d0-464b-bd1c-0e4179d706ad req-27684ad1-30d0-464b-bd1c-0e4179d706ad ] Request (FlavorsAccessTestJSON:tearDownClass): 201 POST http://10.180.1.21/identity/v3/auth/tokens 0.176s
2025-03-10 09:01:14.916 69307 INFO tempest.lib.common.rest_client [req-d0840064-1daa-4ef3-b0f0-a049fd68bd7b req-d0840064-1daa-4ef3-b0f0-a049fd68bd7b ] Request (SecurityGroupsTestJSON:test_list_security_groups_by_server): 200 POST http://10.180.1.21/compute/v2.1/os-security-groups 2.495s
2025-03-10 09:01:14.927 69300 INFO tempest.lib.common.rest_client [req-508a47c4-320d-4d42-b1bc-d08cb7c5300f req-508a47c4-320d-4d42-b1bc-d08cb7c5300f ] Request (FlavorsExtraSpecsTestJSON:test_flavor_set_get_update_show_unset_keys): 200 DELETE http://10.180.1.21/compute/v2.1/flavors/1307498747/os-extra_specs/hw:numa_nodes 2.331s
2025-03-10 09:01:14.938 69298 INFO tempest.lib.common.rest_client [req-48eae15a-8a22-445e-a623-36b6dfe83eaa req-48eae15a-8a22-445e-a623-36b6dfe83eaa ] Request (ServersWithSpecificFlavorTestJSON:test_verify_created_server_ephemeral_disk): 200 GET http://10.180.1.21/compute/v2.1/flavors/42/os-extra_specs 2.158s
2025-03-10 09:01:14.945 69292 INFO tempest.lib.common.rest_client [req-501dfc05-4a77-4ec4-90f9-e5212105d96e req-501dfc05-4a77-4ec4-90f9-e5212105d96e ] Request (HypervisorAdminNegativeTestJSON:test_get_hypervisor_stats_with_non_admin_user): 403 GET http://10.180.1.21/compute/v2.1/os-hypervisors/statistics 2.103s
2025-03-10 09:01:14.990 69286 INFO tempest.lib.common.rest_client [req-2a8e05ab-d415-4c97-a0a8-c4f4642521fa req-2a8e05ab-d415-4c97-a0a8-c4f4642521fa ] Request (ListImageFiltersTestJSON:setUpClass): 200 GET http://10.180.1.21/compute/v2.1/images/a489df94-5bb3-44c4-91e4-e325e56071b0 1.886s
2025-03-10 09:01:15.016 69324 INFO tempest.lib.common.rest_client [req-9c8a8d35-da63-4574-bfe1-31c5ebcf4802 req-9c8a8d35-da63-4574-bfe1-31c5ebcf4802 ] Request (FloatingIPsTestJSON:test_delete_floating_ip): 404 GET http://10.180.1.21/compute/v2.1/os-floating-ips/24b0708d-8d60-4797-b584-949b3f0ea3c9 2.341s
2025-03-10 09:01:15.057 69326 INFO tempest.lib.common.rest_client [req-54cbbcf7-b4e9-4faa-8305-b7517f40dd49 req-54cbbcf7-b4e9-4faa-8305-b7517f40dd49 ] Request (FlavorsExtraSpecsNegativeTestJSON:tearDownClass): 200 GET http://10.180.1.21:9696/networking/v2.0/security-groups?tenant_id=527811c72b59412285fed3be699a040d&name=default 0.377s
2025-03-10 09:01:15.141 69328 INFO tempest.lib.common.rest_client [req-25bba4e1-565e-4776-ada7-70429a2732cb req-25bba4e1-565e-4776-ada7-70429a2732cb ] Request (ImagesTestJSON:test_create_image_from_stopped_server): 200 GET http://10.180.1.21/compute/v2.1/servers/d6056501-3484-4d10-8641-aa0db46f0e97 1.853s
2025-03-10 09:01:15.245 69312 INFO tempest.lib.common.rest_client [req-d6959216-3078-44eb-9e36-b985d3ab359e req-d6959216-3078-44eb-9e36-b985d3ab359e ] Request (FlavorsAccessTestJSON:tearDownClass): 200 GET http://10.180.1.21:9696/networking/v2.0/security-groups?tenant_id=d720cd9436b44731973682051a51a414&name=default 0.329s
2025-03-10 09:01:15.301 69282 INFO tempest.lib.common.rest_client [req-9cccd8cc-42e2-49f1-9e86-4b95dd8debbf req-9cccd8cc-42e2-49f1-9e86-4b95dd8debbf ] Request (ImagesDeleteNegativeTestJSON:tearDownClass): 200 GET http://10.180.1.21:9696/networking/v2.0/security-groups?tenant_id=bcd5f4605c4e4d518bc0a17b89bc98d7&name=default 0.719s
2025-03-10 09:01:15.370 69270 INFO tempest.lib.common.rest_client [req-9a60ce27-b079-4759-b8c6-6834ab27b1b0 req-9a60ce27-b079-4759-b8c6-6834ab27b1b0 ] Request (ServersV294TestFqdnHostnames:setUpClass): 200 GET http://10.180.1.21/compute/v2.1/servers/b84d8148-e8ef-4f6b-bf0a-0ab47adcc52d 2.027s
2025-03-10 09:01:15.443 69280 INFO tempest.lib.common.rest_client [req-ba48bd37-7e34-4721-bfee-7be031785fa3 req-ba48bd37-7e34-4721-bfee-7be031785fa3 ] Request (NetworksTest:test_list_all_networks): 200 GET http://10.180.1.21/compute/v2.1/os-networks 1.793s
2025-03-10 09:01:15.496 69304 INFO tempest.lib.common.rest_client [req-d548e022-4e59-4e4c-aa34-f8db55bb709f req-d548e022-4e59-4e4c-aa34-f8db55bb709f ] Request (ServerDiagnosticsV248Test:test_get_server_diagnostics): 200 GET http://10.180.1.21/compute/v2.1/servers/7d2bcf74-1571-495d-a81b-59d21747f5d4 1.721s
2025-03-10 09:01:15.504 69326 INFO tempest.lib.common.rest_client [req-4d4c7a3a-add1-44fa-9426-22d301916304 req-4d4c7a3a-add1-44fa-9426-22d301916304 ] Request (FlavorsExtraSpecsNegativeTestJSON:tearDownClass): 204 DELETE http://10.180.1.21:9696/networking/v2.0/security-groups/b522160e-9bdc-4c97-9bf1-e729f713b326 0.447s
2025-03-10 09:01:15.578 69290 INFO tempest.lib.common.rest_client [req-a5aa8b82-83cf-439a-b3c7-2f5dce28f16c req-a5aa8b82-83cf-439a-b3c7-2f5dce28f16c ] Request (VolumesAssistedSnapshotsTest:test_volume_assisted_snapshot_create_delete): 200 GET http://10.180.1.21/compute/v2.1/servers/3ad2e8d2-6f2c-45db-82e3-551fe97fd05c 1.770s
2025-03-10 09:01:15.600 69280 INFO tempest.lib.common.rest_client [req-f2f8fe6e-ff7f-469a-916d-42a7a703b486 req-f2f8fe6e-ff7f-469a-916d-42a7a703b486 ] Request (NetworksTest:tearDownClass): 204 DELETE http://10.180.1.21/identity/v3/users/da3a2ab160cc4a3baba1c9fe4e1e3de5 0.155s
2025-03-10 09:01:15.643 69326 INFO tempest.lib.common.rest_client [req-b6673be0-cd8e-46d0-ab34-6e020fd854dd req-b6673be0-cd8e-46d0-ab34-6e020fd854dd ] Request (FlavorsExtraSpecsNegativeTestJSON:tearDownClass): 204 DELETE http://10.180.1.21/identity/v3/projects/527811c72b59412285fed3be699a040d 0.138s
2025-03-10 09:01:15.644 69326 INFO tempest.lib.common.dynamic_creds [-] Deleting project and security group for project: 0aee6f8fb9ae4b1cacc3edbf43225e99
2025-03-10 09:01:15.706 69316 INFO tempest.lib.common.rest_client [req-078435ba-67cd-4fc9-b6c7-f3be5ca231f5 req-078435ba-67cd-4fc9-b6c7-f3be5ca231f5 ] Request (ServersNegativeTestMultiTenantJSON:setUpClass): 200 GET http://10.180.1.21/compute/v2.1/servers/6e887446-a5a6-48dd-9218-a0ff9c0bb406 1.861s
2025-03-10 09:01:15.706 69312 INFO tempest.lib.common.rest_client [req-9994ae1a-72be-4ec1-a8f7-b87359ec315b req-9994ae1a-72be-4ec1-a8f7-b87359ec315b ] Request (FlavorsAccessTestJSON:tearDownClass): 204 DELETE http://10.180.1.21:9696/networking/v2.0/security-groups/a6abda94-0349-4b26-87b5-4aaa6af36bff 0.460s
2025-03-10 09:01:15.723 69282 INFO tempest.lib.common.rest_client [req-ab06655b-e84d-48e1-8fe0-b4d76a48677d req-ab06655b-e84d-48e1-8fe0-b4d76a48677d ] Request (ImagesDeleteNegativeTestJSON:tearDownClass): 204 DELETE http://10.180.1.21:9696/networking/v2.0/security-groups/758af494-150a-4c7a-b239-870b543f7fb1 0.421s
2025-03-10 09:01:15.756 69280 INFO tempest.lib.common.rest_client [req-042cbcd1-16c6-4d05-9080-87f5d29736cb req-042cbcd1-16c6-4d05-9080-87f5d29736cb ] Request (NetworksTest:tearDownClass): 204 DELETE http://10.180.1.21/identity/v3/users/9e2c803676dc40a2b2b99b08241f3f0e 0.155s
2025-03-10 09:01:15.756 69280 INFO tempest.lib.common.dynamic_creds [-] Deleting project and security group for project: f796e58a1cf84d419845600800d7a28e
2025-03-10 09:01:15.843 69276 INFO tempest.lib.common.rest_client [req-36535879-b03d-42b3-860f-e090165c9570 req-36535879-b03d-42b3-860f-e090165c9570 ] Request (QuotasAdminTestJSON:test_delete_quota): 200 GET http://10.180.1.21/compute/v2.1/os-quota-sets/209b6b781e8341ff8bf4f9be71e3ee51 2.022s
2025-03-10 09:01:15.858 69312 INFO tempest.lib.common.rest_client [req-239a878d-cf74-4205-9a21-7fd5132df5b1 req-239a878d-cf74-4205-9a21-7fd5132df5b1 ] Request (FlavorsAccessTestJSON:tearDownClass): 204 DELETE http://10.180.1.21/identity/v3/projects/d720cd9436b44731973682051a51a414 0.151s
2025-03-10 09:01:15.859 69312 INFO tempest.lib.common.dynamic_creds [-] Deleting project and security group for project: 4710117629e4417cba7e59fe7a149da5
2025-03-10 09:01:15.879 69318 INFO tempest.lib.common.rest_client [req-453d9dbe-81e7-469b-b600-2047ed84d161 req-453d9dbe-81e7-469b-b600-2047ed84d161 ] Request (ImagesMetadataTestJSON:test_delete_image_metadata_item): 200 GET http://10.180.1.21/compute/v2.1/images/2e77b12d-6daa-47db-b1ab-2e0e37cabe30/metadata 1.837s
2025-03-10 09:01:15.881 69280 INFO tempest.lib.common.rest_client [req-d0cfc46f-d8cc-4bbf-ae81-2594ebdc0a82 req-d0cfc46f-d8cc-4bbf-ae81-2594ebdc0a82 ] Request (NetworksTest:tearDownClass): 201 POST http://10.180.1.21/identity/v3/auth/tokens 0.124s
2025-03-10 09:01:15.892 69272 INFO tempest.lib.common.rest_client [req-9def4ece-fbf0-4be6-9c42-b88ee71d28af req-9def4ece-fbf0-4be6-9c42-b88ee71d28af ] Request (SecurityGroupRulesNegativeTestJSON:setUpClass): 201 POST http://10.180.1.21:9696/networking/v2.0/routers 1.264s
2025-03-10 09:01:15.907 69284 INFO tempest.lib.common.rest_client [req-3a2314c2-bebb-4e2b-88ce-3d1361c42d7a req-3a2314c2-bebb-4e2b-88ce-3d1361c42d7a ] Request (ImagesMetadataNegativeTestJSON:test_update_nonexistent_image_metadata): 404 POST http://10.180.1.21/compute/v2.1/images/d64aa68c-67cf-4368-b981-20795ed608db/metadata 1.847s
2025-03-10 09:01:15.919 69268 INFO tempest.lib.common.rest_client [req-e9018b51-e3a5-4617-942d-c30148dfb3af req-e9018b51-e3a5-4617-942d-c30148dfb3af ] Request (ServerDiagnosticsTest:test_get_server_diagnostics): 200 GET http://10.180.1.21/compute/v2.1/servers/d57662a0-356b-4c1e-85b4-422ae5d48d94 1.891s
2025-03-10 09:01:15.924 69282 INFO tempest.lib.common.rest_client [req-8346cb6a-e545-482f-b145-2ae938497e64 req-8346cb6a-e545-482f-b145-2ae938497e64 ] Request (ImagesDeleteNegativeTestJSON:tearDownClass): 204 DELETE http://10.180.1.21/identity/v3/projects/bcd5f4605c4e4d518bc0a17b89bc98d7 0.201s
2025-03-10 09:01:15.944 69274 INFO tempest.lib.common.rest_client [req-2464f25f-6909-4344-b5ed-db1d71844419 req-2464f25f-6909-4344-b5ed-db1d71844419 ] Request (AggregatesAdminNegativeTestJSON:test_aggregate_add_non_exist_host): 200 POST http://10.180.1.21/compute/v2.1/os-aggregates 1.648s
2025-03-10 09:01:15.968 69326 INFO tempest.lib.common.rest_client [req-ba52cfc9-600f-4472-9133-5b478b2fbdee req-ba52cfc9-600f-4472-9133-5b478b2fbdee ] Request (FlavorsExtraSpecsNegativeTestJSON:tearDownClass): 200 GET http://10.180.1.21:9696/networking/v2.0/security-groups?tenant_id=0aee6f8fb9ae4b1cacc3edbf43225e99&name=default 0.324s
2025-03-10 09:01:16.046 69276 INFO tempest.lib.common.rest_client [req-81ee9ae0-4835-4527-82cb-9d36c6860aed req-81ee9ae0-4835-4527-82cb-9d36c6860aed ] Request (QuotasAdminTestJSON:_run_cleanups): 204 DELETE http://10.180.1.21/identity/v3/projects/209b6b781e8341ff8bf4f9be71e3ee51 0.200s
2025-03-10 09:01:16.070 69284 INFO tempest.lib.common.rest_client [req-007eb141-df7e-499b-8856-6ca06f30a779 req-007eb141-df7e-499b-8856-6ca06f30a779 ] Request (ImagesMetadataNegativeTestJSON:tearDownClass): 204 DELETE http://10.180.1.21/identity/v3/users/f4372a78c6b7480f8e2504276bb81519 0.162s
2025-03-10 09:01:16.071 69284 INFO tempest.lib.common.dynamic_creds [-] Deleting project and security group for project: 93fca7b573174cdeb3f4da2c60a59dce
2025-03-10 09:01:16.118 69282 INFO tempest.lib.common.rest_client [req-29cb2fbc-5dac-4258-be00-796fd62c3184 req-29cb2fbc-5dac-4258-be00-796fd62c3184 ] Request (SecurityGroupRulesTestJSON:setUpClass): 201 POST http://10.180.1.21/identity/v3/auth/tokens 0.192s
2025-03-10 09:01:16.145 69284 INFO tempest.lib.common.rest_client [req-ac4f9790-0667-4e81-9176-3f0cfc42d3f5 req-ac4f9790-0667-4e81-9176-3f0cfc42d3f5 ] Request (ImagesMetadataNegativeTestJSON:tearDownClass): 201 POST http://10.180.1.21/identity/v3/auth/tokens 0.074s
2025-03-10 09:01:16.162 69322 INFO tempest.lib.common.rest_client [req-e7cfd831-4fd5-4ce1-a5df-d032b52644e6 req-e7cfd831-4fd5-4ce1-a5df-d032b52644e6 ] Request (ServerExternalEventsTest:test_create_server_external_events): 200 GET http://10.180.1.21/compute/v2.1/servers/407f05dc-8bd4-44c4-9830-b25970ee5c51 1.646s
2025-03-10 09:01:16.170 69312 INFO tempest.lib.common.rest_client [req-13ba0e1d-2bf9-4ee8-b074-16bf326d5cb6 req-13ba0e1d-2bf9-4ee8-b074-16bf326d5cb6 ] Request (FlavorsAccessTestJSON:tearDownClass): 200 GET http://10.180.1.21:9696/networking/v2.0/security-groups?tenant_id=4710117629e4417cba7e59fe7a149da5&name=default 0.311s
2025-03-10 09:01:16.175 69282 INFO tempest.lib.common.rest_client [req-bf87ac72-efdd-464c-b2d9-c99ac57ea75b req-bf87ac72-efdd-464c-b2d9-c99ac57ea75b ] Request (SecurityGroupRulesTestJSON:setUpClass): 201 POST http://10.180.1.21/identity/v3/auth/tokens 0.055s
2025-03-10 09:01:16.199 69282 INFO tempest.lib.common.rest_client [req-9784a428-fe9a-4aaa-879f-32247039cc2d req-9784a428-fe9a-4aaa-879f-32247039cc2d ] Request (SecurityGroupRulesTestJSON:setUpClass): 200 GET http://10.180.1.21/identity/v3/domains?name=Default 0.024s
2025-03-10 09:01:16.235 69282 INFO tempest.lib.common.rest_client [req-98550f94-ae11-422e-ad0b-f35fefc817ce req-98550f94-ae11-422e-ad0b-f35fefc817ce ] Request (SecurityGroupRulesTestJSON:setUpClass): 201 POST http://10.180.1.21/identity/v3/projects 0.035s
2025-03-10 09:01:16.257 69326 INFO tempest.lib.common.rest_client [req-485ef25a-81b8-48de-acab-1bb9094b2b46 req-485ef25a-81b8-48de-acab-1bb9094b2b46 ] Request (FlavorsExtraSpecsNegativeTestJSON:tearDownClass): 204 DELETE http://10.180.1.21:9696/networking/v2.0/security-groups/81cdd1a3-178a-4bf1-b55e-ea6ce94e7c54 0.289s
2025-03-10 09:01:16.258 69278 INFO tempest.lib.common.rest_client [req-346bb8c6-9c57-489b-a498-98fc3c88ecf5 req-346bb8c6-9c57-489b-a498-98fc3c88ecf5 ] Request (VolumesAdminNegativeTest:test_update_attached_volume_with_nonexistent_volume_in_body): 200 GET http://10.180.1.21/compute/v2.1/servers/93063f45-ffe5-408e-bf13-7ac7faa47c66 1.487s
2025-03-10 09:01:16.313 69282 INFO tempest.lib.common.rest_client [req-73cb7e1a-018b-420f-9aa6-95aed3e39cb0 req-73cb7e1a-018b-420f-9aa6-95aed3e39cb0 ] Request (SecurityGroupRulesTestJSON:setUpClass): 201 POST http://10.180.1.21/identity/v3/users 0.077s
2025-03-10 09:01:16.338 69282 INFO tempest.lib.common.rest_client [req-ad661c77-6160-4b94-8771-8907ed73757f req-ad661c77-6160-4b94-8771-8907ed73757f ] Request (SecurityGroupRulesTestJSON:setUpClass): 200 GET http://10.180.1.21/identity/v3/roles 0.024s
2025-03-10 09:01:16.356 69326 INFO tempest.lib.common.rest_client [req-4774af10-18d0-4c27-84bc-664cdde6826e req-4774af10-18d0-4c27-84bc-664cdde6826e ] Request (FlavorsExtraSpecsNegativeTestJSON:tearDownClass): 204 DELETE http://10.180.1.21/identity/v3/projects/0aee6f8fb9ae4b1cacc3edbf43225e99 0.098s
2025-03-10 09:01:16.424 69282 INFO tempest.lib.common.rest_client [req-5db96077-0b58-4afa-894c-41083a7a9451 req-5db96077-0b58-4afa-894c-41083a7a9451 ] Request (SecurityGroupRulesTestJSON:setUpClass): 204 PUT http://10.180.1.21/identity/v3/projects/408d2f045a7d4cbd8716ee94a78d50fa/users/edbc4e77f0b4412e9cdf58c6b93ed412/roles/4c54e11ca4dd4f6ea8b330022b118163 0.084s
2025-03-10 09:01:16.424 69282 INFO tempest.lib.common.dynamic_creds [-] Dynamic test user edbc4e77f0b4412e9cdf58c6b93ed412 is created with scope project and roles: ['member']
2025-03-10 09:01:16.424 69282 INFO tempest.lib.common.dynamic_creds [-] Acquired dynamic creds: credentials: Credentials: {'domain_id': 'default', 'domain_name': 'Default', 'username': 'tempest-SecurityGroupRulesTestJSON-772639704-project-member', 'project_domain_id': 'default', 'project_domain_name': 'Default', 'project_id': '408d2f045a7d4cbd8716ee94a78d50fa', 'project_name': 'tempest-SecurityGroupRulesTestJSON-772639704', 'tenant_id': '408d2f045a7d4cbd8716ee94a78d50fa', 'tenant_name': 'tempest-SecurityGroupRulesTestJSON-772639704', 'user_domain_id': 'default', 'user_domain_name': 'Default', 'user_id': 'edbc4e77f0b4412e9cdf58c6b93ed412', 'system': None}, Network: None, Subnet: None, Router: None
2025-03-10 09:01:16.451 69284 INFO tempest.lib.common.rest_client [req-874fdeb0-20d2-43c4-80fe-4fc07218eaa2 req-874fdeb0-20d2-43c4-80fe-4fc07218eaa2 ] Request (ImagesMetadataNegativeTestJSON:tearDownClass): 200 GET http://10.180.1.21:9696/networking/v2.0/security-groups?tenant_id=93fca7b573174cdeb3f4da2c60a59dce&name=default 0.305s
2025-03-10 09:01:16.489 69326 INFO tempest.lib.common.rest_client [req-530880f2-0ccd-4428-a1c7-f27faa720eab req-530880f2-0ccd-4428-a1c7-f27faa720eab ] Request (KeyPairsV22TestJSON:setUpClass): 201 POST http://10.180.1.21/identity/v3/auth/tokens 0.132s
2025-03-10 09:01:16.490 69312 INFO tempest.lib.common.rest_client [req-8b697cca-edf5-49de-98bb-bea264c8843f req-8b697cca-edf5-49de-98bb-bea264c8843f ] Request (FlavorsAccessTestJSON:tearDownClass): 204 DELETE http://10.180.1.21:9696/networking/v2.0/security-groups/e54d7e57-e1c2-4834-a119-cbb2efe2b12a 0.319s
2025-03-10 09:01:16.497 69282 INFO tempest.lib.common.rest_client [req-71db5695-6ab9-4aa8-beab-0698c9a52a65 req-71db5695-6ab9-4aa8-beab-0698c9a52a65 ] Request (SecurityGroupRulesTestJSON:setUpClass): 201 POST http://10.180.1.21/identity/v3/auth/tokens 0.072s
2025-03-10 09:01:16.525 69280 INFO tempest.lib.common.rest_client [req-3de62923-fa7f-4d09-9e9b-69cd0f097158 req-3de62923-fa7f-4d09-9e9b-69cd0f097158 ] Request (NetworksTest:tearDownClass): 200 GET http://10.180.1.21:9696/networking/v2.0/security-groups?tenant_id=f796e58a1cf84d419845600800d7a28e&name=default 0.644s
2025-03-10 09:01:16.534 69326 INFO tempest.lib.common.rest_client [req-0cfd73dc-8261-4f87-b920-64be96221c6c req-0cfd73dc-8261-4f87-b920-64be96221c6c ] Request (KeyPairsV22TestJSON:setUpClass): 201 POST http://10.180.1.21/identity/v3/auth/tokens 0.039s
2025-03-10 09:01:16.542 69302 INFO tempest.lib.common.rest_client [req-d1d84c50-f1e0-40e3-ba9e-d39880edfd85 req-d1d84c50-f1e0-40e3-ba9e-d39880edfd85 ] Request (QuotasAdminNegativeTest:test_create_server_when_memory_quota_is_full): 200 PUT http://10.180.1.21/compute/v2.1/os-quota-sets/04061e0b6ab64765bb1f1605c25b6337 1.647s
2025-03-10 09:01:16.566 69312 INFO tempest.lib.common.rest_client [req-64656415-7b0f-4825-9b82-2ce1e4271735 req-64656415-7b0f-4825-9b82-2ce1e4271735 ] Request (FlavorsAccessTestJSON:tearDownClass): 204 DELETE http://10.180.1.21/identity/v3/projects/4710117629e4417cba7e59fe7a149da5 0.076s
2025-03-10 09:01:16.616 69326 INFO tempest.lib.common.rest_client [req-c1447445-5ef1-43df-bac6-d2b7285d304f req-c1447445-5ef1-43df-bac6-d2b7285d304f ] Request (KeyPairsV22TestJSON:setUpClass): 200 GET http://10.180.1.21/identity/v3/domains?name=Default 0.082s
2025-03-10 09:01:16.679 69302 INFO tempest.lib.common.rest_client [req-85858a48-1686-4ede-8173-aa4b054714de req-85858a48-1686-4ede-8173-aa4b054714de ] Request (QuotasAdminNegativeTest:test_create_server_when_memory_quota_is_full): 201 POST http://10.180.1.21/identity/v3/auth/tokens 0.131s
2025-03-10 09:01:16.679 69302 INFO tempest.lib.common.fixed_network [-] (QuotasAdminNegativeTest:test_create_server_when_memory_quota_is_full) Found network None available for tenant
2025-03-10 09:01:16.685 69294 INFO tempest.lib.common.rest_client [req-946d6f6f-0a1b-40de-92d1-c776c5362d65 req-946d6f6f-0a1b-40de-92d1-c776c5362d65 ] Request (AttachVolumeNegativeTest:setUpClass): 201 POST http://10.180.1.21:9696/networking/v2.0/routers 2.060s
2025-03-10 09:01:16.686 69312 INFO tempest.lib.common.rest_client [req-144a7c3c-e7ba-4a35-ac1a-51561742dc9c req-144a7c3c-e7ba-4a35-ac1a-51561742dc9c ] Request (QuotasAdminTestV257:setUpClass): 201 POST http://10.180.1.21/identity/v3/auth/tokens 0.118s
2025-03-10 09:01:16.706 69326 INFO tempest.lib.common.rest_client [req-fb646615-5d5d-42e4-a049-517c562fba54 req-fb646615-5d5d-42e4-a049-517c562fba54 ] Request (KeyPairsV22TestJSON:setUpClass): 201 POST http://10.180.1.21/identity/v3/projects 0.089s
2025-03-10 09:01:16.719 69284 INFO tempest.lib.common.rest_client [req-90b940d4-29f9-480a-8113-c803ae5579c3 req-90b940d4-29f9-480a-8113-c803ae5579c3 ] Request (ImagesMetadataNegativeTestJSON:tearDownClass): 204 DELETE http://10.180.1.21:9696/networking/v2.0/security-groups/66606ef9-bda3-448f-8d4b-46bb03a07eb7 0.268s
2025-03-10 09:01:16.768 69312 INFO tempest.lib.common.rest_client [req-0753e076-537f-4b9e-9a97-d24f72b63431 req-0753e076-537f-4b9e-9a97-d24f72b63431 ] Request (QuotasAdminTestV257:setUpClass): 201 POST http://10.180.1.21/identity/v3/auth/tokens 0.080s
2025-03-10 09:01:16.779 69326 INFO tempest.lib.common.rest_client [req-292b9801-8427-4317-8181-016fb4821d57 req-292b9801-8427-4317-8181-016fb4821d57 ] Request (KeyPairsV22TestJSON:setUpClass): 201 POST http://10.180.1.21/identity/v3/users 0.072s
2025-03-10 09:01:16.806 69312 INFO tempest.lib.common.rest_client [req-2b8f470f-e510-4f1f-8cd4-5345e23be1a2 req-2b8f470f-e510-4f1f-8cd4-5345e23be1a2 ] Request (QuotasAdminTestV257:setUpClass): 200 GET http://10.180.1.21/identity/v3/domains?name=Default 0.037s
2025-03-10 09:01:16.827 69326 INFO tempest.lib.common.rest_client [req-49c5e4f6-ab87-499b-b9b4-3ebb39793440 req-49c5e4f6-ab87-499b-b9b4-3ebb39793440 ] Request (KeyPairsV22TestJSON:setUpClass): 200 GET http://10.180.1.21/identity/v3/roles 0.048s
