2025-03-06 06:01:24.689 69511 INFO tempest.lib.common.rest_client [req-e7f1798d-ebe0-4267-839d-952a913ca559 req-e7f1798d-ebe0-4267-839d-952a913ca559 ] Request (ExtensionsTest:test_list_extensions): 200 GET http://10.180.1.21/compute/v2.1/extensions 1.462s
2025-03-06 06:01:24.791 69537 INFO tempest.lib.common.rest_client [req-0b29759e-bb78-43b6-b151-c3805c32b07c req-0b29759e-bb78-43b6-b151-c3805c32b07c ] Request (ServersTestJSON:setUpClass): 201 POST http://10.180.1.21:9696/networking/v2.0/networks 0.732s
2025-03-06 06:01:24.810 69511 INFO tempest.lib.common.rest_client [req-849c67ba-a487-4924-9bdb-07876e5e12b0 req-849c67ba-a487-4924-9bdb-07876e5e12b0 ] Request (ExtensionsTest:tearDownClass): 204 DELETE http://10.180.1.21/identity/v3/users/6714fbf988b040ca90a0555c7ad4cd98 0.108s
2025-03-06 06:01:24.811 69511 INFO tempest.lib.common.dynamic_creds [-] Deleting project and security group for project: 0c0a37b9a84a4af58b64edfe7861ae2a
2025-03-06 06:01:24.833 69527 INFO tempest.lib.common.rest_client [req-7bfaaf20-6beb-4b36-9482-f290d6c0c35a req-7bfaaf20-6beb-4b36-9482-f290d6c0c35a ] Request (ListServerFiltersTestJSON:setUpClass): 200 GET http://10.180.1.21/compute/v2.1/servers/1cb528f3-387c-4e8b-8ef9-ffcfc7310c70 1.577s
2025-03-06 06:01:24.839 69527 INFO tempest.common.waiters [-] State transition "BUILD/block_device_mapping" ==> "BUILD/spawning" after 16 second wait
2025-03-06 06:01:24.875 69531 INFO tempest.lib.common.rest_client [req-133b2eb9-8e44-42e8-afbb-347aa5b1c7ba req-133b2eb9-8e44-42e8-afbb-347aa5b1c7ba ] Request (KeyPairsV22TestJSON:test_keypair_create_delete): 201 POST http://10.180.1.21/compute/v2.1/os-keypairs 1.594s
2025-03-06 06:01:24.879 69513 INFO tempest.lib.common.rest_client [req-2a5848f9-97d5-4356-9197-1a0347d91e9c req-2a5848f9-97d5-4356-9197-1a0347d91e9c ] Request (VolumesNegativeTest:test_delete_volume_without_passing_volume_id): 404 DELETE http://10.180.1.21/compute/v2.1/os-volumes/ 1.537s
2025-03-06 06:01:24.895 69511 INFO tempest.lib.common.rest_client [req-dddc342a-6712-48a5-add8-6f14aed8b870 req-dddc342a-6712-48a5-add8-6f14aed8b870 ] Request (ExtensionsTest:tearDownClass): 201 POST http://10.180.1.21/identity/v3/auth/tokens 0.084s
2025-03-06 06:01:24.903 69509 INFO tempest.lib.common.rest_client [req-af7681ee-4523-4ee4-b22f-b93f1017dbe4 req-af7681ee-4523-4ee4-b22f-b93f1017dbe4 ] Request (FlavorsV2TestJSON:test_list_flavors): 200 GET http://10.180.1.21/compute/v2.1/flavors 1.409s
2025-03-06 06:01:24.999 69523 INFO tempest.lib.common.rest_client [req-875a0d85-e079-4cf7-bb4e-5d93d0611beb req-875a0d85-e079-4cf7-bb4e-5d93d0611beb ] Request (ServerExternalEventsTest:test_create_server_external_events): 200 GET http://10.180.1.21/compute/v2.1/servers/1f5a975e-84aa-4352-b630-857afb6788f9 1.448s
2025-03-06 06:01:25.072 69561 INFO tempest.lib.common.rest_client [req-b7b4c70d-a86e-40b2-a652-0e8814cf4894 req-b7b4c70d-a86e-40b2-a652-0e8814cf4894 ] Request (ServersTestMultiNic:test_verify_duplicate_network_nics): 200 GET http://10.180.1.21/compute/v2.1/servers/ae4cf6bd-76d4-41cb-8de1-0ea5a8b8f68b 1.476s
2025-03-06 06:01:25.078 69529 INFO tempest.lib.common.rest_client [req-746390b6-ac97-4bfb-8f09-64d85c773d69 req-746390b6-ac97-4bfb-8f09-64d85c773d69 ] Request (ServersAdminTestJSON:setUpClass): 201 POST http://10.180.1.21:9696/networking/v2.0/subnets 0.405s
2025-03-06 06:01:25.143 69565 INFO tempest.lib.common.rest_client [req-61ab2c45-853f-412e-ba3f-e4587d1af169 req-61ab2c45-853f-412e-ba3f-e4587d1af169 ] Request (TenantUsagesTestJSON:setUpClass): 200 GET http://10.180.1.21/compute/v2.1/servers/6bf1dca1-d5a5-4654-9909-bb30f3c56d79 1.525s
2025-03-06 06:01:25.152 69565 INFO tempest.common.waiters [-] State transition "BUILD/scheduling" ==> "BUILD/None" after 9 second wait
2025-03-06 06:01:25.275 69543 INFO tempest.lib.common.rest_client [req-0e851a07-aa43-4e8d-a845-6fbb8e098db1 req-0e851a07-aa43-4e8d-a845-6fbb8e098db1 ] Request (FlavorsAccessNegativeTestJSON:test_flavor_non_admin_remove): 200 POST http://10.180.1.21/compute/v2.1/flavors/573046832/action 1.555s
2025-03-06 06:01:25.348 69537 INFO tempest.lib.common.rest_client [req-347ef926-8011-4aa3-aed6-f2826b079d7d req-347ef926-8011-4aa3-aed6-f2826b079d7d ] Request (ServersTestJSON:setUpClass): 201 POST http://10.180.1.21:9696/networking/v2.0/subnets 0.557s
2025-03-06 06:01:25.457 69521 INFO tempest.lib.common.rest_client [req-69523e1a-6458-4b7e-89c1-a30ca6596b56 req-69523e1a-6458-4b7e-89c1-a30ca6596b56 ] Request (ServerDiagnosticsV248Test:test_get_server_diagnostics): 200 GET http://10.180.1.21/compute/v2.1/servers/bb261445-e43a-4a98-ac05-eb95ad4c67aa 1.723s
2025-03-06 06:01:25.463 69511 INFO tempest.lib.common.rest_client [req-1022457a-c606-4ff9-87c8-0d6751772ff5 req-1022457a-c606-4ff9-87c8-0d6751772ff5 ] Request (ExtensionsTest:tearDownClass): 200 GET http://10.180.1.21:9696/networking/v2.0/security-groups?tenant_id=0c0a37b9a84a4af58b64edfe7861ae2a&name=default 0.567s
2025-03-06 06:01:25.534 69507 INFO tempest.lib.common.rest_client [req-aca24953-0a65-4ddb-88aa-5833b2295a93 req-aca24953-0a65-4ddb-88aa-5833b2295a93 ] Request (InstanceActionsV221TestJSON:test_get_list_deleted_instance_actions): 200 GET http://10.180.1.21/compute/v2.1/servers/71c69f98-c57a-4419-9e28-48f869f2dba4 1.700s
2025-03-06 06:01:25.535 69549 INFO tempest.lib.common.rest_client [req-028fe12b-bcb7-4d79-81bd-f55fc22c0aef req-028fe12b-bcb7-4d79-81bd-f55fc22c0aef ] Request (ServerMetadataTestJSON:setUpClass): 202 POST http://10.180.1.21/compute/v2.1/servers 2.268s
2025-03-06 06:01:25.601 69545 INFO tempest.lib.common.rest_client [req-bc858642-793c-4754-a59d-bd89dfb251f0 req-bc858642-793c-4754-a59d-bd89dfb251f0 ] Request (MultipleCreateTestJSON:test_multiple_create): 200 GET http://10.180.1.21/compute/v2.1/servers/67db8d5d-3399-4519-a950-5dcce2f54210 1.671s
2025-03-06 06:01:25.622 69563 INFO tempest.lib.common.rest_client [req-eb42b970-cf10-461f-a1d7-1654795f9dd9 req-eb42b970-cf10-461f-a1d7-1654795f9dd9 ] Request (AggregatesAdminNegativeTestJSON:test_aggregate_create_with_existent_aggregate_name): 409 POST http://10.180.1.21/compute/v2.1/os-aggregates 1.649s
2025-03-06 06:01:25.636 69511 INFO tempest.lib.common.rest_client [req-2e95f893-9422-47d1-8c87-59e51bb73641 req-2e95f893-9422-47d1-8c87-59e51bb73641 ] Request (ExtensionsTest:tearDownClass): 204 DELETE http://10.180.1.21:9696/networking/v2.0/security-groups/c5319586-d486-424b-8c5b-f863aaeb557b 0.172s
2025-03-06 06:01:25.719 69557 INFO tempest.lib.common.rest_client [req-80791455-ccea-483a-b3aa-d286078cac32 req-80791455-ccea-483a-b3aa-d286078cac32 ] Request (QuotasAdminTestJSON:test_delete_quota): 200 PUT http://10.180.1.21/compute/v2.1/os-quota-sets/2337c960965e4e91a5f1c980072906f9 1.773s
2025-03-06 06:01:25.737 69511 INFO tempest.lib.common.rest_client [req-ad0e45f4-ebe6-4191-a7f0-59b0d2edc52d req-ad0e45f4-ebe6-4191-a7f0-59b0d2edc52d ] Request (ExtensionsTest:tearDownClass): 204 DELETE http://10.180.1.21/identity/v3/projects/0c0a37b9a84a4af58b64edfe7861ae2a 0.101s
2025-03-06 06:01:25.793 69553 INFO tempest.lib.common.rest_client [req-77bd32ce-0fc6-4110-a88b-400cb580eb69 req-77bd32ce-0fc6-4110-a88b-400cb580eb69 ] Request (ServersV294TestFqdnHostnames:setUpClass): 200 GET http://10.180.1.21/compute/v2.1/servers/b99b6af4-b37d-44cf-81d7-de744d7cc8e5 1.736s
2025-03-06 06:01:25.806 69511 INFO tempest.lib.common.rest_client [req-9b8cded9-4152-4fa7-b0bd-ebd3b86d0619 req-9b8cded9-4152-4fa7-b0bd-ebd3b86d0619 ] Request (AttachVolumeTestJSON:setUpClass): 201 POST http://10.180.1.21/identity/v3/auth/tokens 0.067s
2025-03-06 06:01:25.842 69511 INFO tempest.lib.common.rest_client [req-2864faec-971b-4689-bd3e-17cf1257a508 req-2864faec-971b-4689-bd3e-17cf1257a508 ] Request (AttachVolumeTestJSON:setUpClass): 201 POST http://10.180.1.21/identity/v3/auth/tokens 0.034s
2025-03-06 06:01:25.867 69511 INFO tempest.lib.common.rest_client [req-e94b064b-a60b-45ea-956b-ab460e3548ce req-e94b064b-a60b-45ea-956b-ab460e3548ce ] Request (AttachVolumeTestJSON:setUpClass): 200 GET http://10.180.1.21/identity/v3/domains?name=Default 0.023s
2025-03-06 06:01:25.893 69511 INFO tempest.lib.common.rest_client [req-338c7ae3-a8c2-4049-8137-cadd98ca2e3c req-338c7ae3-a8c2-4049-8137-cadd98ca2e3c ] Request (AttachVolumeTestJSON:setUpClass): 201 POST http://10.180.1.21/identity/v3/projects 0.026s
2025-03-06 06:01:25.956 69517 INFO tempest.lib.common.rest_client [req-fa77baba-2778-44de-87bb-422bc25afcf2 req-fa77baba-2778-44de-87bb-422bc25afcf2 ] Request (ServersTestFqdnHostnames:test_create_server_with_fqdn_name): 200 POST http://10.180.1.21/compute/v2.1/os-keypairs 1.765s
2025-03-06 06:01:25.967 69511 INFO tempest.lib.common.rest_client [req-46387446-7934-45f9-a93f-fd91f15d981b req-46387446-7934-45f9-a93f-fd91f15d981b ] Request (AttachVolumeTestJSON:setUpClass): 201 POST http://10.180.1.21/identity/v3/users 0.073s
2025-03-06 06:01:25.991 69533 INFO tempest.lib.common.rest_client [req-a8914dfa-5b72-4edf-a11d-4af52550e402 req-a8914dfa-5b72-4edf-a11d-4af52550e402 ] Request (FloatingIPsTestJSON:test_delete_floating_ip): 404 GET http://10.180.1.21/compute/v2.1/os-floating-ips/76552204-69ab-41c6-9aea-381636d140db 1.629s
2025-03-06 06:01:26.002 69511 INFO tempest.lib.common.rest_client [req-3bfe38e5-2125-434a-8f00-ae81bc9fc892 req-3bfe38e5-2125-434a-8f00-ae81bc9fc892 ] Request (AttachVolumeTestJSON:setUpClass): 200 GET http://10.180.1.21/identity/v3/roles 0.034s
2025-03-06 06:01:26.014 69551 INFO tempest.lib.common.rest_client [req-4b307ff5-37ef-4f99-9ad7-144d235c3c8e req-4b307ff5-37ef-4f99-9ad7-144d235c3c8e ] Request (AttachInterfacesTestJSON:test_create_list_show_delete_interfaces_by_fixed_ip): 202 POST http://10.180.1.21/compute/v2.1/servers 2.038s
2025-03-06 06:01:26.019 69555 INFO tempest.lib.common.rest_client [req-bca411dc-0c7e-4ea9-8eaf-0c7db8ae2ccb req-bca411dc-0c7e-4ea9-8eaf-0c7db8ae2ccb ] Request (ServicesAdminNegativeTestJSON:test_get_service_by_invalid_service_and_valid_host): 200 GET http://10.180.1.21/compute/v2.1/os-services?host=devstack&binary=xxx 1.564s
2025-03-06 06:01:26.022 69515 INFO tempest.lib.common.rest_client [req-ea0c1272-a020-4943-8521-f67c9030c817 req-ea0c1272-a020-4943-8521-f67c9030c817 ] Request (KeyPairsNegativeTestJSON:test_create_keypair_with_empty_name_string): 400 POST http://10.180.1.21/compute/v2.1/os-keypairs 1.478s
2025-03-06 06:01:26.030 69542 INFO tempest.lib.common.rest_client [req-bd177fcd-0a89-4b89-885a-e48ebc1246a9 req-bd177fcd-0a89-4b89-885a-e48ebc1246a9 ] Request (TenantUsagesNegativeTestJSON:test_get_usage_tenant_with_invalid_date): 400 GET http://10.180.1.21/compute/v2.1/os-simple-tenant-usage/5bb1ee6e7967466686e184b2fb1f851f?start=2025-03-07T06%3A01%3A22.846449&end=2025-03-05T06%3A01%3A22.846449 1.447s
2025-03-06 06:01:26.051 69511 INFO tempest.lib.common.rest_client [req-0a96db11-de78-4484-857a-abfb522d3c55 req-0a96db11-de78-4484-857a-abfb522d3c55 ] Request (AttachVolumeTestJSON:setUpClass): 204 PUT http://10.180.1.21/identity/v3/projects/713811fd8d7740dba89f9989855e6254/users/15413733174649cd81f024cfe4464a8c/roles/868b9b0d2183493a97f60ef348782606 0.048s
2025-03-06 06:01:26.051 69511 INFO tempest.lib.common.dynamic_creds [-] Dynamic test user 15413733174649cd81f024cfe4464a8c is created with scope project and roles: ['member']
2025-03-06 06:01:26.051 69511 INFO tempest.lib.common.dynamic_creds [-] Acquired dynamic creds: credentials: Credentials: {'domain_id': 'default', 'domain_name': 'Default', 'username': 'tempest-AttachVolumeTestJSON-656632795-project-member', 'project_domain_id': 'default', 'project_domain_name': 'Default', 'project_id': '713811fd8d7740dba89f9989855e6254', 'project_name': 'tempest-AttachVolumeTestJSON-656632795', 'tenant_id': '713811fd8d7740dba89f9989855e6254', 'tenant_name': 'tempest-AttachVolumeTestJSON-656632795', 'user_domain_id': 'default', 'user_domain_name': 'Default', 'user_id': '15413733174649cd81f024cfe4464a8c', 'system': None}, Network: None, Subnet: None, Router: None
2025-03-06 06:01:26.125 69539 INFO tempest.lib.common.rest_client [req-ac828d13-5540-49ee-abb9-e084053c0b61 req-ac828d13-5540-49ee-abb9-e084053c0b61 ] Request (DeleteServersAdminTestJSON:test_admin_delete_servers_of_others): 200 GET http://10.180.1.21/compute/v2.1/servers/7e74fe1d-28cd-4dcb-be20-c3617e3c2d23 1.419s
2025-03-06 06:01:26.133 69511 INFO tempest.lib.common.rest_client [req-190b70cf-b060-487f-8f5a-f65b5d6b2cbb req-190b70cf-b060-487f-8f5a-f65b5d6b2cbb ] Request (AttachVolumeTestJSON:setUpClass): 201 POST http://10.180.1.21/identity/v3/auth/tokens 0.081s
2025-03-06 06:01:26.137 69539 INFO tempest.common.waiters [-] State transition "ACTIVE/deleting" ==> "DELETED/None" after 3 second wait
2025-03-06 06:01:26.200 69517 INFO tempest.lib.common.rest_client [req-c9702fe8-3da3-4db6-af68-f3b4ad3d83c9 req-c9702fe8-3da3-4db6-af68-f3b4ad3d83c9 ] Request (ServersTestFqdnHostnames:test_create_server_with_fqdn_name): 201 POST http://10.180.1.21:9696/networking/v2.0/security-groups 0.242s
2025-03-06 06:01:26.201 69536 INFO tempest.lib.common.rest_client [req-2fe523ec-2820-4306-9b64-8a32074a910f req-2fe523ec-2820-4306-9b64-8a32074a910f ] Request (ServersWithSpecificFlavorTestJSON:test_verify_created_server_ephemeral_disk): 200 GET http://10.180.1.21/compute/v2.1/servers/54ecef88-0417-45f5-8558-3dbda97fd4c8 1.402s
2025-03-06 06:01:26.205 69505 INFO tempest.lib.common.rest_client [req-333ae573-ea0d-4706-b4b3-27f37758b56f req-333ae573-ea0d-4706-b4b3-27f37758b56f ] Request (ImagesOneServerNegativeTestJSON:setUp): 200 GET http://10.180.1.21/compute/v2.1/servers/85d6b2fc-0d67-471e-8476-436d5f47071a 1.673s
2025-03-06 06:01:26.210 69513 INFO tempest.lib.common.rest_client [req-d7f59c6b-b46d-4131-9665-5b1746c95c1e req-d7f59c6b-b46d-4131-9665-5b1746c95c1e ] Request (VolumesNegativeTest:test_get_volume_without_passing_volume_id): 404 GET http://10.180.1.21/compute/v2.1/os-volumes/ 1.330s
2025-03-06 06:01:26.223 69531 INFO tempest.lib.common.rest_client [req-4d51c364-3b46-445e-8b30-f806d67d8553 req-4d51c364-3b46-445e-8b30-f806d67d8553 ] Request (KeyPairsV22TestJSON:_run_cleanups): 204 DELETE http://10.180.1.21/compute/v2.1/os-keypairs/tempest-keypair-9640039 1.345s
2025-03-06 06:01:26.227 69509 INFO tempest.lib.common.rest_client [req-166e498d-8dd2-4704-8872-170dada2a0a4 req-166e498d-8dd2-4704-8872-170dada2a0a4 ] Request (FlavorsV2TestJSON:test_list_flavors): 200 GET http://10.180.1.21/compute/v2.1/flavors/42 1.319s
2025-03-06 06:01:26.238 69543 INFO tempest.lib.common.rest_client [req-27a45d4c-4091-49d2-aa39-52cba2f3c214 req-27a45d4c-4091-49d2-aa39-52cba2f3c214 ] Request (FlavorsAccessNegativeTestJSON:test_flavor_non_admin_remove): 403 POST http://10.180.1.21/compute/v2.1/flavors/573046832/action 0.962s
2025-03-06 06:01:26.401 69525 INFO tempest.lib.common.rest_client [req-60d5ec8a-7d95-4fe4-a2c7-17afbfeadade req-60d5ec8a-7d95-4fe4-a2c7-17afbfeadade ] Request (ImagesNegativeTestJSON:test_create_image_from_deleted_server): 200 GET http://10.180.1.21/compute/v2.1/servers/77f9c788-209c-4fab-8ca0-832bdc02e4b1 1.206s
2025-03-06 06:01:26.415 69517 INFO tempest.lib.common.rest_client [req-b6aba708-95bb-4f88-84bd-2e3263e5f6fd req-b6aba708-95bb-4f88-84bd-2e3263e5f6fd ] Request (ServersTestFqdnHostnames:test_create_server_with_fqdn_name): 201 POST http://10.180.1.21:9696/networking/v2.0/security-group-rules 0.215s
2025-03-06 06:01:26.484 69559 INFO tempest.lib.common.rest_client [req-470f4867-3137-4108-ab01-afa9ea305bde req-470f4867-3137-4108-ab01-afa9ea305bde ] Request (MigrationsAdminTest:test_list_migrations_in_flavor_resize_situation): 200 GET http://10.180.1.21/compute/v2.1/servers/8b417b3a-4ec1-4b64-9a85-94cda10fcea9 1.122s
2025-03-06 06:01:26.549 69549 INFO tempest.lib.common.rest_client [req-1aec87ff-db9e-4b19-83fe-5048fca15195 req-1aec87ff-db9e-4b19-83fe-5048fca15195 ] Request (ServerMetadataTestJSON:setUpClass): 200 GET http://10.180.1.21/compute/v2.1/servers/73e2db9a-d476-4774-8d38-4268376f4dd1 1.013s
2025-03-06 06:01:26.581 69563 INFO tempest.lib.common.rest_client [req-66a8e13c-b1df-47f3-87d4-0986658b57e0 req-66a8e13c-b1df-47f3-87d4-0986658b57e0 ] Request (AggregatesAdminNegativeTestJSON:_run_cleanups): 200 DELETE http://10.180.1.21/compute/v2.1/os-aggregates/4 0.958s
2025-03-06 06:01:26.632 69547 INFO tempest.lib.common.rest_client [req-d407123a-c59b-4dde-a1eb-05d57cec30bd req-d407123a-c59b-4dde-a1eb-05d57cec30bd ] Request (ServerActionsTestOtherB:setUpClass): 200 GET http://10.180.1.21/compute/v2.1/servers/4aa83732-4f5c-45e5-8929-d8301c2e9b3c 1.196s
2025-03-06 06:01:26.641 69547 INFO tempest.common.waiters [-] State transition "BUILD/networking" ==> "BUILD/spawning" after 17 second wait
2025-03-06 06:01:26.646 69503 INFO tempest.lib.common.rest_client [req-ad64af03-bf68-4dc2-ad3d-0cbe53d4f0c4 req-ad64af03-bf68-4dc2-ad3d-0cbe53d4f0c4 ] Request (VolumesAssistedSnapshotsTest:test_volume_assisted_snapshot_create_delete): 200 GET http://10.180.1.21/compute/v2.1/servers/94ac7c8f-5f74-4d4d-8bd2-ae57566d8f3f 0.978s
2025-03-06 06:01:26.671 69557 INFO tempest.lib.common.rest_client [req-67e7eaa9-51dc-4d17-918f-983762bd753f req-67e7eaa9-51dc-4d17-918f-983762bd753f ] Request (QuotasAdminTestJSON:test_delete_quota): 202 DELETE http://10.180.1.21/compute/v2.1/os-quota-sets/2337c960965e4e91a5f1c980072906f9 0.950s
2025-03-06 06:01:26.766 69517 INFO tempest.lib.common.rest_client [req-42397e31-0f1c-4d4a-a834-c8a96e0145a2 req-42397e31-0f1c-4d4a-a834-c8a96e0145a2 ] Request (ServersTestFqdnHostnames:test_create_server_with_fqdn_name): 201 POST http://10.180.1.21:9696/networking/v2.0/security-group-rules 0.350s
2025-03-06 06:01:26.805 69519 INFO tempest.lib.common.rest_client [req-472372e7-9e72-43f6-b4c8-ab4f88f02090 req-472372e7-9e72-43f6-b4c8-ab4f88f02090 ] Request (ServerDiagnosticsNegativeTest:test_get_server_diagnostics_by_non_admin): 200 GET http://10.180.1.21/compute/v2.1/servers/15c37209-65dc-4dd2-800f-2987a3cbfa12 1.113s
2025-03-06 06:01:26.814 69527 INFO tempest.lib.common.rest_client [req-f56e0cc8-c767-4a3a-8ab4-9254f30f8934 req-f56e0cc8-c767-4a3a-8ab4-9254f30f8934 ] Request (ListServerFiltersTestJSON:setUpClass): 200 GET http://10.180.1.21/compute/v2.1/servers/1cb528f3-387c-4e8b-8ef9-ffcfc7310c70 0.973s
2025-03-06 06:01:26.832 69533 INFO tempest.lib.common.rest_client [req-ad676806-21ef-4c61-9059-d673b84a4d61 req-ad676806-21ef-4c61-9059-d673b84a4d61 ] Request (FloatingIPsTestJSON:_run_cleanups): 404 DELETE http://10.180.1.21/compute/v2.1/os-floating-ips/76552204-69ab-41c6-9aea-381636d140db 0.840s
2025-03-06 06:01:26.901 69523 INFO tempest.lib.common.rest_client [req-81049a3b-bd70-446c-a2a4-33f19599c472 req-81049a3b-bd70-446c-a2a4-33f19599c472 ] Request (ServerExternalEventsTest:test_create_server_external_events): 200 GET http://10.180.1.21/compute/v2.1/servers/1f5a975e-84aa-4352-b630-857afb6788f9 0.893s
2025-03-06 06:01:26.915 69551 INFO tempest.lib.common.rest_client [req-9a2148a8-d1d8-4a85-a34f-c74601c48904 req-9a2148a8-d1d8-4a85-a34f-c74601c48904 ] Request (AttachInterfacesTestJSON:test_create_list_show_delete_interfaces_by_fixed_ip): 200 GET http://10.180.1.21/compute/v2.1/servers/67811381-5b1d-454d-923b-ba26dd2c3659 0.899s
2025-03-06 06:01:26.934 69555 INFO tempest.lib.common.rest_client [req-7333f074-62bd-4a69-b98f-46df4bde6700 req-7333f074-62bd-4a69-b98f-46df4bde6700 ] Request (ServicesAdminNegativeTestJSON:test_get_service_with_valid_service_and_invalid_host): 200 GET http://10.180.1.21/compute/v2.1/os-services 0.910s
2025-03-06 06:01:26.944 69515 INFO tempest.lib.common.rest_client [req-92e212e6-2472-4e97-bf27-94e2273ec247 req-92e212e6-2472-4e97-bf27-94e2273ec247 ] Request (KeyPairsNegativeTestJSON:test_create_keypair_with_empty_public_key): 400 POST http://10.180.1.21/compute/v2.1/os-keypairs 0.920s
2025-03-06 06:01:27.025 69561 INFO tempest.lib.common.rest_client [req-10a07740-3289-4c70-9091-269bfbf1f44f req-10a07740-3289-4c70-9091-269bfbf1f44f ] Request (ServersTestMultiNic:test_verify_duplicate_network_nics): 200 GET http://10.180.1.21/compute/v2.1/servers/ae4cf6bd-76d4-41cb-8de1-0ea5a8b8f68b 0.940s
2025-03-06 06:01:27.072 69542 INFO tempest.lib.common.rest_client [req-1504b3c3-2315-40d3-a687-9410876fee73 req-1504b3c3-2315-40d3-a687-9410876fee73 ] Request (TenantUsagesNegativeTestJSON:test_list_usage_all_tenants_with_non_admin_user): 403 GET http://10.180.1.21/compute/v2.1/os-simple-tenant-usage?start=2025-03-05T06%3A01%3A22.846449&end=2025-03-07T06%3A01%3A22.846449&detailed=1 1.040s
2025-03-06 06:01:27.092 69565 INFO tempest.lib.common.rest_client [req-930b74b1-17b2-4761-bf0a-aa95ed96a240 req-930b74b1-17b2-4761-bf0a-aa95ed96a240 ] Request (TenantUsagesTestJSON:setUpClass): 200 GET http://10.180.1.21/compute/v2.1/servers/6bf1dca1-d5a5-4654-9909-bb30f3c56d79 0.939s
2025-03-06 06:01:27.112 69511 INFO tempest.lib.common.rest_client [req-dad9a796-83d7-4066-a89f-2f88ca975da9 req-dad9a796-83d7-4066-a89f-2f88ca975da9 ] Request (AttachVolumeTestJSON:setUpClass): 201 POST http://10.180.1.21:9696/networking/v2.0/networks 0.978s
2025-03-06 06:01:27.123 69531 INFO tempest.lib.common.rest_client [req-56e9d3cf-cc6c-417c-b2be-af5dae74cec9 req-56e9d3cf-cc6c-417c-b2be-af5dae74cec9 ] Request (KeyPairsV22TestJSON:test_keypair_create_with_pub_key): 201 POST http://10.180.1.21/compute/v2.1/os-keypairs 0.898s
2025-03-06 06:01:27.131 69505 INFO tempest.lib.common.rest_client [req-40d3b6e9-4ef4-4825-bf1a-2ab057d4f568 req-40d3b6e9-4ef4-4825-bf1a-2ab057d4f568 ] Request (ImagesOneServerNegativeTestJSON:test_create_image_specify_metadata_over_limits): 400 POST http://10.180.1.21/compute/v2.1/servers/85d6b2fc-0d67-471e-8476-436d5f47071a/action 0.904s
2025-03-06 06:01:27.136 69513 INFO tempest.lib.common.rest_client [req-8b8224fd-a572-4721-968f-d174af14a617 req-8b8224fd-a572-4721-968f-d174af14a617 ] Request (VolumesNegativeTest:test_volume_delete_nonexistent_volume_id): 404 DELETE http://10.180.1.21/compute/v2.1/os-volumes/a6c3c776-e32d-43d9-90e4-e90522c15df2 0.922s
2025-03-06 06:01:27.145 69509 INFO tempest.lib.common.rest_client [req-b116ee76-9d5c-4531-b794-52f480fe180f req-b116ee76-9d5c-4531-b794-52f480fe180f ] Request (FlavorsV2TestJSON:test_list_flavors_detailed_filter_by_min_disk): 200 GET http://10.180.1.21/compute/v2.1/flavors/42 0.915s
2025-03-06 06:01:27.157 69529 INFO tempest.lib.common.rest_client [req-795557a8-b689-4720-a0e3-4e314ca6a12d req-795557a8-b689-4720-a0e3-4e314ca6a12d ] Request (ServersAdminTestJSON:setUpClass): 201 POST http://10.180.1.21:9696/networking/v2.0/routers 2.079s
2025-03-06 06:01:27.183 69542 INFO tempest.lib.common.rest_client [req-ae170d1a-3cec-4357-abd8-07e4173a2c2f req-ae170d1a-3cec-4357-abd8-07e4173a2c2f ] Request (TenantUsagesNegativeTestJSON:tearDownClass): 204 DELETE http://10.180.1.21/identity/v3/users/6426d1a967024fcb833c0af7d6647660 0.108s
2025-03-06 06:01:27.197 69537 INFO tempest.lib.common.rest_client [req-e800757a-4591-46f9-a124-f008d88cae75 req-e800757a-4591-46f9-a124-f008d88cae75 ] Request (ServersTestJSON:setUpClass): 201 POST http://10.180.1.21:9696/networking/v2.0/routers 1.848s
2025-03-06 06:01:27.250 69521 INFO tempest.lib.common.rest_client [req-187cd0f8-7923-4460-9c1e-3bafee69517d req-187cd0f8-7923-4460-9c1e-3bafee69517d ] Request (ServerDiagnosticsV248Test:test_get_server_diagnostics): 200 GET http://10.180.1.21/compute/v2.1/servers/bb261445-e43a-4a98-ac05-eb95ad4c67aa 0.780s
2025-03-06 06:01:27.313 69542 INFO tempest.lib.common.rest_client [req-42c80886-35a5-4790-ad18-a905ef7a94c9 req-42c80886-35a5-4790-ad18-a905ef7a94c9 ] Request (TenantUsagesNegativeTestJSON:tearDownClass): 204 DELETE http://10.180.1.21/identity/v3/users/df04ea6acc9d4380a6dd9d970d30f279 0.129s
2025-03-06 06:01:27.314 69542 INFO tempest.lib.common.dynamic_creds [-] Deleting project and security group for project: 7ebcef4a28e3418f84ad5213ab4d15f9
2025-03-06 06:01:27.315 69543 INFO tempest.lib.common.rest_client [req-4ea8cc22-c409-43c1-acf8-94669335afde req-4ea8cc22-c409-43c1-acf8-94669335afde ] Request (FlavorsAccessNegativeTestJSON:_run_cleanups): 200 POST http://10.180.1.21/compute/v2.1/flavors/573046832/action 1.076s
2025-03-06 06:01:27.342 69507 INFO tempest.lib.common.rest_client [req-f4d34438-b7ad-4978-96c5-d409b8145548 req-f4d34438-b7ad-4978-96c5-d409b8145548 ] Request (InstanceActionsV221TestJSON:test_get_list_deleted_instance_actions): 200 GET http://10.180.1.21/compute/v2.1/servers/71c69f98-c57a-4419-9e28-48f869f2dba4 0.799s
2025-03-06 06:01:27.358 69507 INFO tempest.common.waiters [-] State transition "BUILD/None" ==> "BUILD/block_device_mapping" after 15 second wait
2025-03-06 06:01:27.371 69563 INFO tempest.lib.common.rest_client [req-a4499dc0-583a-47ee-b444-664f9432ed29 req-a4499dc0-583a-47ee-b444-664f9432ed29 ] Request (AggregatesAdminNegativeTestJSON:test_aggregate_delete_as_user): 200 POST http://10.180.1.21/compute/v2.1/os-aggregates 0.789s
2025-03-06 06:01:27.433 69542 INFO tempest.lib.common.rest_client [req-b4e8a7fc-7139-4bc7-b358-dcd5e9cb3131 req-b4e8a7fc-7139-4bc7-b358-dcd5e9cb3131 ] Request (TenantUsagesNegativeTestJSON:tearDownClass): 201 POST http://10.180.1.21/identity/v3/auth/tokens 0.119s
2025-03-06 06:01:27.467 69545 INFO tempest.lib.common.rest_client [req-d2eefb08-86e8-4289-9eb2-2c0ffbd6d4c5 req-d2eefb08-86e8-4289-9eb2-2c0ffbd6d4c5 ] Request (MultipleCreateTestJSON:test_multiple_create): 200 GET http://10.180.1.21/compute/v2.1/servers/67db8d5d-3399-4519-a950-5dcce2f54210 0.850s
2025-03-06 06:01:27.533 69557 INFO tempest.lib.common.rest_client [req-0b033330-371e-4dcc-a3b5-17ddf3422e59 req-0b033330-371e-4dcc-a3b5-17ddf3422e59 ] Request (QuotasAdminTestJSON:test_delete_quota): 200 GET http://10.180.1.21/compute/v2.1/os-quota-sets/2337c960965e4e91a5f1c980072906f9 0.861s
2025-03-06 06:01:27.560 69555 INFO tempest.lib.common.rest_client [req-ac81bac9-07fa-4628-b360-73590266a09f req-ac81bac9-07fa-4628-b360-73590266a09f ] Request (ServicesAdminNegativeTestJSON:test_get_service_with_valid_service_and_invalid_host): 200 GET http://10.180.1.21/compute/v2.1/os-services?host=xxx&binary=nova-scheduler 0.624s
2025-03-06 06:01:27.566 69515 INFO tempest.lib.common.rest_client [req-ee698c79-f50b-45f6-9d3c-d36b97a6d978 req-ee698c79-f50b-45f6-9d3c-d36b97a6d978 ] Request (KeyPairsNegativeTestJSON:test_create_keypair_with_long_keynames): 400 POST http://10.180.1.21/compute/v2.1/os-keypairs 0.620s
2025-03-06 06:01:27.594 69531 INFO tempest.lib.common.rest_client [req-d9082359-5554-4313-9344-a3327b6b0ae9 req-d9082359-5554-4313-9344-a3327b6b0ae9 ] Request (KeyPairsV22TestJSON:_run_cleanups): 204 DELETE http://10.180.1.21/compute/v2.1/os-keypairs/tempest-keypair-1599907592 0.468s
2025-03-06 06:01:27.609 69553 INFO tempest.lib.common.rest_client [req-e9fbe828-3897-4594-a56e-d74118a7b54d req-e9fbe828-3897-4594-a56e-d74118a7b54d ] Request (ServersV294TestFqdnHostnames:setUpClass): 200 GET http://10.180.1.21/compute/v2.1/servers/b99b6af4-b37d-44cf-81d7-de744d7cc8e5 0.805s
2025-03-06 06:01:27.627 69557 INFO tempest.lib.common.rest_client [req-4b6314f1-00c3-4534-9feb-1b33ab1fadf1 req-4b6314f1-00c3-4534-9feb-1b33ab1fadf1 ] Request (QuotasAdminTestJSON:_run_cleanups): 204 DELETE http://10.180.1.21/identity/v3/projects/2337c960965e4e91a5f1c980072906f9 0.091s
2025-03-06 06:01:27.654 69513 INFO tempest.lib.common.rest_client [req-05b75805-bb82-4869-bbd4-0777a5ccbcdb req-05b75805-bb82-4869-bbd4-0777a5ccbcdb ] Request (VolumesNegativeTest:test_volume_get_nonexistent_volume_id): 404 GET http://10.180.1.21/compute/v2.1/os-volumes/90f4d177-36fc-4cd9-8327-cf0614fa4d90 0.515s
2025-03-06 06:01:27.779 69513 INFO tempest.lib.common.rest_client [req-85023af3-95bb-4bfd-80d2-2d7ab984e745 req-85023af3-95bb-4bfd-80d2-2d7ab984e745 ] Request (VolumesNegativeTest:tearDownClass): 204 DELETE http://10.180.1.21/identity/v3/users/e2580320f3014a42a8e934162a3bd0a4 0.117s
2025-03-06 06:01:27.779 69513 INFO tempest.lib.common.dynamic_creds [-] Deleting project and security group for project: 4912ea326aa04b0aa28223d71b603c2f
2025-03-06 06:01:27.846 69513 INFO tempest.lib.common.rest_client [req-032d99e3-8b98-4f72-8600-fc8f1905a4f3 req-032d99e3-8b98-4f72-8600-fc8f1905a4f3 ] Request (VolumesNegativeTest:tearDownClass): 201 POST http://10.180.1.21/identity/v3/auth/tokens 0.066s
2025-03-06 06:01:27.892 69542 INFO tempest.lib.common.rest_client [req-4ba63038-3a5d-438c-aeb4-6d8243686841 req-4ba63038-3a5d-438c-aeb4-6d8243686841 ] Request (TenantUsagesNegativeTestJSON:tearDownClass): 200 GET http://10.180.1.21:9696/networking/v2.0/security-groups?tenant_id=7ebcef4a28e3418f84ad5213ab4d15f9&name=default 0.459s
2025-03-06 06:01:27.914 69511 INFO tempest.lib.common.rest_client [req-bd25d4d1-202e-4897-8d12-c54f64f02a69 req-bd25d4d1-202e-4897-8d12-c54f64f02a69 ] Request (AttachVolumeTestJSON:setUpClass): 201 POST http://10.180.1.21:9696/networking/v2.0/subnets 0.801s
2025-03-06 06:01:28.005 69539 INFO tempest.lib.common.rest_client [req-8d07e05a-e406-400a-9a7c-42fa98dbc487 req-8d07e05a-e406-400a-9a7c-42fa98dbc487 ] Request (DeleteServersAdminTestJSON:test_admin_delete_servers_of_others): 200 GET http://10.180.1.21/compute/v2.1/servers/7e74fe1d-28cd-4dcb-be20-c3617e3c2d23 0.865s
2025-03-06 06:01:28.042 69509 INFO tempest.lib.common.rest_client [req-b25c8ae9-1d54-4101-ac6d-99eab3d279bb req-b25c8ae9-1d54-4101-ac6d-99eab3d279bb ] Request (FlavorsV2TestJSON:test_list_flavors_detailed_filter_by_min_disk): 200 GET http://10.180.1.21/compute/v2.1/flavors/detail?minDisk=2 0.892s
2025-03-06 06:01:28.112 69505 INFO tempest.lib.common.rest_client [req-ae8affb5-f7d3-4f26-878a-b2553b8f3968 req-ae8affb5-f7d3-4f26-878a-b2553b8f3968 ] Request (ImagesOneServerNegativeTestJSON:tearDown): 200 GET http://10.180.1.21/compute/v2.1/servers/85d6b2fc-0d67-471e-8476-436d5f47071a 0.980s
2025-03-06 06:01:28.133 69543 INFO tempest.lib.common.rest_client [req-6d81d09b-f61a-4109-b95b-e1f70fbce543 req-6d81d09b-f61a-4109-b95b-e1f70fbce543 ] Request (FlavorsAccessNegativeTestJSON:_run_cleanups): 202 DELETE http://10.180.1.21/compute/v2.1/flavors/573046832 0.817s
2025-03-06 06:01:28.134 69536 INFO tempest.lib.common.rest_client [req-89299925-93e5-4129-9d5f-9dd7a58ea779 req-89299925-93e5-4129-9d5f-9dd7a58ea779 ] Request (ServersWithSpecificFlavorTestJSON:test_verify_created_server_ephemeral_disk): 200 GET http://10.180.1.21/compute/v2.1/servers/54ecef88-0417-45f5-8558-3dbda97fd4c8 0.923s
2025-03-06 06:01:28.139 69563 INFO tempest.lib.common.rest_client [req-4c27e529-db83-477f-ac67-f9eff62952f4 req-4c27e529-db83-477f-ac67-f9eff62952f4 ] Request (AggregatesAdminNegativeTestJSON:test_aggregate_delete_as_user): 403 DELETE http://10.180.1.21/compute/v2.1/os-aggregates/5 0.765s
2025-03-06 06:01:28.189 69517 INFO tempest.lib.common.rest_client [req-ac4dfe9a-4a07-44d6-bf17-04b4d408782f req-ac4dfe9a-4a07-44d6-bf17-04b4d408782f ] Request (ServersTestFqdnHostnames:test_create_server_with_fqdn_name): 201 POST http://10.180.1.21:9696/networking/v2.0/floatingips 1.422s
2025-03-06 06:01:28.255 69517 INFO tempest.lib.common.rest_client [req-fb20d946-0411-4b9e-acc5-2ee74d56cbc7 req-fb20d946-0411-4b9e-acc5-2ee74d56cbc7 ] Request (ServersTestFqdnHostnames:test_create_server_with_fqdn_name): 201 POST http://10.180.1.21/identity/v3/auth/tokens 0.062s
2025-03-06 06:01:28.256 69517 INFO tempest.lib.common.fixed_network [-] (ServersTestFqdnHostnames:test_create_server_with_fqdn_name) Found network {'id': 'a330ab52-f41e-482f-b372-9ffa4bf7bcfd', 'name': 'tempest-ServersTestFqdnHostnames-657419777-network', 'tenant_id': 'f865efc5c6c74758a9b05dd6d5024806', 'admin_state_up': True, 'mtu': 8950, 'status': 'ACTIVE', 'subnets': [], 'shared': False, 'project_id': 'f865efc5c6c74758a9b05dd6d5024806', 'port_security_enabled': True, 'router:external': False, 'provider:network_type': 'vlan', 'provider:physical_network': 'default', 'provider:segmentation_id': 94, 'availability_zone_hints': [], 'availability_zones': [], 'ipv4_address_scope': None, 'ipv6_address_scope': None, 'description': '', 'tags': [], 'created_at': '2025-03-06T06:01:18Z', 'updated_at': '2025-03-06T06:01:18Z', 'revision_number': 1} available for tenant
2025-03-06 06:01:28.277 69542 INFO tempest.lib.common.rest_client [req-a31431a4-6475-4c44-9693-e464262c8909 req-a31431a4-6475-4c44-9693-e464262c8909 ] Request (TenantUsagesNegativeTestJSON:tearDownClass): 204 DELETE http://10.180.1.21:9696/networking/v2.0/security-groups/752a7bfc-8381-4e73-b403-ee72cd2d030f 0.384s
2025-03-06 06:01:28.337 69513 INFO tempest.lib.common.rest_client [req-2e875391-8c63-4961-8737-3e49378791e4 req-2e875391-8c63-4961-8737-3e49378791e4 ] Request (VolumesNegativeTest:tearDownClass): 200 GET http://10.180.1.21:9696/networking/v2.0/security-groups?tenant_id=4912ea326aa04b0aa28223d71b603c2f&name=default 0.490s
2025-03-06 06:01:28.363 69542 INFO tempest.lib.common.rest_client [req-0d80847b-0314-439f-b557-415a5ab46c86 req-0d80847b-0314-439f-b557-415a5ab46c86 ] Request (TenantUsagesNegativeTestJSON:tearDownClass): 204 DELETE http://10.180.1.21/identity/v3/projects/7ebcef4a28e3418f84ad5213ab4d15f9 0.085s
2025-03-06 06:01:28.363 69542 INFO tempest.lib.common.dynamic_creds [-] Deleting project and security group for project: 5bb1ee6e7967466686e184b2fb1f851f
2025-03-06 06:01:28.440 69525 INFO tempest.lib.common.rest_client [req-06b714b4-d3a3-41f2-8112-c0544a6a9aea req-06b714b4-d3a3-41f2-8112-c0544a6a9aea ] Request (ImagesNegativeTestJSON:test_create_image_from_deleted_server): 200 GET http://10.180.1.21/compute/v2.1/servers/77f9c788-209c-4fab-8ca0-832bdc02e4b1 1.031s
2025-03-06 06:01:28.442 69559 INFO tempest.lib.common.rest_client [req-f9c34510-1014-4748-b124-30a1f073789e req-f9c34510-1014-4748-b124-30a1f073789e ] Request (MigrationsAdminTest:test_list_migrations_in_flavor_resize_situation): 200 GET http://10.180.1.21/compute/v2.1/servers/8b417b3a-4ec1-4b64-9a85-94cda10fcea9 0.947s
2025-03-06 06:01:28.450 69525 INFO tempest.common.waiters [-] State transition "BUILD/spawning" ==> "ACTIVE/None" after 22 second wait
2025-03-06 06:01:28.517 69549 INFO tempest.lib.common.rest_client [req-76aa52e8-3311-4b0b-943d-4595d568c994 req-76aa52e8-3311-4b0b-943d-4595d568c994 ] Request (ServerMetadataTestJSON:setUpClass): 200 GET http://10.180.1.21/compute/v2.1/servers/73e2db9a-d476-4774-8d38-4268376f4dd1 0.949s
2025-03-06 06:01:28.552 69515 INFO tempest.lib.common.rest_client [req-69c7ad98-2f6e-4c61-9be5-994d82998f12 req-69c7ad98-2f6e-4c61-9be5-994d82998f12 ] Request (KeyPairsNegativeTestJSON:test_keypair_create_with_invalid_pub_key): 400 POST http://10.180.1.21/compute/v2.1/os-keypairs 0.984s
2025-03-06 06:01:28.572 69513 INFO tempest.lib.common.rest_client [req-566aeba3-e135-41d7-abb8-5547015e1d0d req-566aeba3-e135-41d7-abb8-5547015e1d0d ] Request (VolumesNegativeTest:tearDownClass): 204 DELETE http://10.180.1.21:9696/networking/v2.0/security-groups/899ddcb1-3ca9-449a-9c83-fa72b9886c75 0.235s
2025-03-06 06:01:28.586 69531 INFO tempest.lib.common.rest_client [req-55a49481-e70a-4f52-9b4f-b900b1ae9c90 req-55a49481-e70a-4f52-9b4f-b900b1ae9c90 ] Request (KeyPairsV22TestJSON:test_keypairs_create_list_delete): 201 POST http://10.180.1.21/compute/v2.1/os-keypairs 0.987s
2025-03-06 06:01:28.590 69555 INFO tempest.lib.common.rest_client [req-98780fca-344b-4384-897f-6b365fbcaccf req-98780fca-344b-4384-897f-6b365fbcaccf ] Request (ServicesAdminNegativeTestJSON:test_list_services_with_non_admin_user): 403 GET http://10.180.1.21/compute/v2.1/os-services 1.026s
2025-03-06 06:01:28.626 69542 INFO tempest.lib.common.rest_client [req-d277931e-e200-4955-bec0-dba6fc5e2a7b req-d277931e-e200-4955-bec0-dba6fc5e2a7b ] Request (TenantUsagesNegativeTestJSON:tearDownClass): 200 GET http://10.180.1.21:9696/networking/v2.0/security-groups?tenant_id=5bb1ee6e7967466686e184b2fb1f851f&name=default 0.263s
2025-03-06 06:01:28.721 69513 INFO tempest.lib.common.rest_client [req-d2ba136d-f989-4ba8-a3ee-fbbf746acd1e req-d2ba136d-f989-4ba8-a3ee-fbbf746acd1e ] Request (VolumesNegativeTest:tearDownClass): 204 DELETE http://10.180.1.21/identity/v3/projects/4912ea326aa04b0aa28223d71b603c2f 0.148s
2025-03-06 06:01:28.727 69555 INFO tempest.lib.common.rest_client [req-b0e715ba-959d-425e-9c7b-a00530b8b8d6 req-b0e715ba-959d-425e-9c7b-a00530b8b8d6 ] Request (ServicesAdminNegativeTestJSON:tearDownClass): 204 DELETE http://10.180.1.21/identity/v3/users/8fbf48b56a534882846d5886a7f392ab 0.136s
2025-03-06 06:01:28.826 69557 INFO tempest.lib.common.rest_client [req-49d6c6e7-1dac-455a-b245-3446547c6795 req-49d6c6e7-1dac-455a-b245-3446547c6795 ] Request (QuotasAdminTestJSON:test_get_default_quotas): 200 GET http://10.180.1.21/compute/v2.1/os-quota-sets/11345a7c75094bdbad2936bb12f28259/defaults 1.197s
2025-03-06 06:01:28.850 69542 INFO tempest.lib.common.rest_client [req-6ffca740-9443-4cff-a225-80e4ed9320ce req-6ffca740-9443-4cff-a225-80e4ed9320ce ] Request (TenantUsagesNegativeTestJSON:tearDownClass): 204 DELETE http://10.180.1.21:9696/networking/v2.0/security-groups/d729c3e3-8fc4-4a16-b57f-c2b07731baba 0.223s
2025-03-06 06:01:28.865 69547 INFO tempest.lib.common.rest_client [req-cfbef57e-f9f9-437f-a09c-00636c64eaf5 req-cfbef57e-f9f9-437f-a09c-00636c64eaf5 ] Request (ServerActionsTestOtherB:setUpClass): 200 GET http://10.180.1.21/compute/v2.1/servers/4aa83732-4f5c-45e5-8929-d8301c2e9b3c 1.224s
2025-03-06 06:01:28.869 69555 INFO tempest.lib.common.rest_client [req-1e966641-0f66-45d8-b6b3-d1e7d81773c8 req-1e966641-0f66-45d8-b6b3-d1e7d81773c8 ] Request (ServicesAdminNegativeTestJSON:tearDownClass): 204 DELETE http://10.180.1.21/identity/v3/users/45f5e798db914ea9ab2aecd4b90a910f 0.141s
2025-03-06 06:01:28.869 69555 INFO tempest.lib.common.dynamic_creds [-] Deleting project and security group for project: bbbd1f15a617457a9d94438f2baddd0c
2025-03-06 06:01:28.923 69503 INFO tempest.lib.common.rest_client [req-de757f28-3458-4a0c-af92-600fa744f0eb req-de757f28-3458-4a0c-af92-600fa744f0eb ] Request (VolumesAssistedSnapshotsTest:test_volume_assisted_snapshot_create_delete): 200 GET http://10.180.1.21/compute/v2.1/servers/94ac7c8f-5f74-4d4d-8bd2-ae57566d8f3f 1.268s
2025-03-06 06:01:28.926 69557 INFO tempest.lib.common.rest_client [req-0e218864-bd02-4da5-b71f-77a97bd35efd req-0e218864-bd02-4da5-b71f-77a97bd35efd ] Request (QuotasAdminTestJSON:test_get_updated_quotas): 200 GET http://10.180.1.21/identity/v3/domains?name=Default 0.096s
2025-03-06 06:01:28.934 69503 INFO tempest.common.waiters [-] State transition "BUILD/None" ==> "BUILD/networking" after 15 second wait
2025-03-06 06:01:28.969 69542 INFO tempest.lib.common.rest_client [req-47b284b6-23a1-4c5e-b8a0-b2658ae4dca5 req-47b284b6-23a1-4c5e-b8a0-b2658ae4dca5 ] Request (TenantUsagesNegativeTestJSON:tearDownClass): 204 DELETE http://10.180.1.21/identity/v3/projects/5bb1ee6e7967466686e184b2fb1f851f 0.118s
2025-03-06 06:01:28.981 69555 INFO tempest.lib.common.rest_client [req-696eecd2-5b37-4c08-ae8c-06daed22f63b req-696eecd2-5b37-4c08-ae8c-06daed22f63b ] Request (ServicesAdminNegativeTestJSON:tearDownClass): 201 POST http://10.180.1.21/identity/v3/auth/tokens 0.112s
2025-03-06 06:01:29.004 69542 INFO tempest.lib.common.rest_client [req-06b5c6b0-6f79-4566-aaab-8502b2076a49 req-06b5c6b0-6f79-4566-aaab-8502b2076a49 ] Request (FlavorsV2NegativeTest:setUpClass): 201 POST http://10.180.1.21/identity/v3/auth/tokens 0.033s
2025-03-06 06:01:29.047 69557 INFO tempest.lib.common.rest_client [req-8e6720c6-252e-4c9e-a175-e3e856ace825 req-8e6720c6-252e-4c9e-a175-e3e856ace825 ] Request (QuotasAdminTestJSON:test_get_updated_quotas): 201 POST http://10.180.1.21/identity/v3/projects 0.120s
2025-03-06 06:01:29.047 69519 INFO tempest.lib.common.rest_client [req-03462242-7431-45a5-8b16-e23aa872ca6f req-03462242-7431-45a5-8b16-e23aa872ca6f ] Request (ServerDiagnosticsNegativeTest:test_get_server_diagnostics_by_non_admin): 200 GET http://10.180.1.21/compute/v2.1/servers/15c37209-65dc-4dd2-800f-2987a3cbfa12 1.234s
2025-03-06 06:01:29.114 69542 INFO tempest.lib.common.rest_client [req-cce1e361-3c03-4fe8-ba93-a7f174db29e4 req-cce1e361-3c03-4fe8-ba93-a7f174db29e4 ] Request (FlavorsV2NegativeTest:setUpClass): 201 POST http://10.180.1.21/identity/v3/auth/tokens 0.107s
2025-03-06 06:01:29.132 69523 INFO tempest.lib.common.rest_client [req-200a541b-2e6f-446e-8caa-be1eb05ed2f3 req-200a541b-2e6f-446e-8caa-be1eb05ed2f3 ] Request (ServerExternalEventsTest:test_create_server_external_events): 200 GET http://10.180.1.21/compute/v2.1/servers/1f5a975e-84aa-4352-b630-857afb6788f9 1.217s
2025-03-06 06:01:29.157 69542 INFO tempest.lib.common.rest_client [req-de8dd44a-2a23-4998-b65a-76a135c835c6 req-de8dd44a-2a23-4998-b65a-76a135c835c6 ] Request (FlavorsV2NegativeTest:setUpClass): 200 GET http://10.180.1.21/identity/v3/domains?name=Default 0.043s
2025-03-06 06:01:29.176 69557 INFO tempest.lib.common.rest_client [req-163807cd-b872-489e-a31b-a7899d9dd1ff req-163807cd-b872-489e-a31b-a7899d9dd1ff ] Request (QuotasAdminTestJSON:test_get_updated_quotas): 200 GET http://10.180.1.21/identity/v3/domains?name=Default 0.128s
2025-03-06 06:01:29.182 69511 INFO tempest.lib.common.rest_client [req-994f339f-bb22-4101-ae13-cc63bb62c19c req-994f339f-bb22-4101-ae13-cc63bb62c19c ] Request (AttachVolumeTestJSON:setUpClass): 201 POST http://10.180.1.21:9696/networking/v2.0/routers 1.267s
2025-03-06 06:01:29.203 69542 INFO tempest.lib.common.rest_client [req-c3cde71a-493e-40df-824e-3828f8f9645f req-c3cde71a-493e-40df-824e-3828f8f9645f ] Request (FlavorsV2NegativeTest:setUpClass): 201 POST http://10.180.1.21/identity/v3/projects 0.045s
2025-03-06 06:01:29.235 69551 INFO tempest.lib.common.rest_client [req-03b90825-41f3-46ae-ae15-998b4058f5b6 req-03b90825-41f3-46ae-ae15-998b4058f5b6 ] Request (AttachInterfacesTestJSON:test_create_list_show_delete_interfaces_by_fixed_ip): 200 GET http://10.180.1.21/compute/v2.1/servers/67811381-5b1d-454d-923b-ba26dd2c3659 1.305s
2025-03-06 06:01:29.280 69542 INFO tempest.lib.common.rest_client [req-2cce0ed5-65d6-4470-aba4-2cd61de5a69a req-2cce0ed5-65d6-4470-aba4-2cd61de5a69a ] Request (FlavorsV2NegativeTest:setUpClass): 201 POST http://10.180.1.21/identity/v3/users 0.077s
2025-03-06 06:01:29.287 69527 INFO tempest.lib.common.rest_client [req-16913afa-9384-43e1-b5dc-0a221f2da164 req-16913afa-9384-43e1-b5dc-0a221f2da164 ] Request (ListServerFiltersTestJSON:setUpClass): 200 GET http://10.180.1.21/compute/v2.1/servers/1cb528f3-387c-4e8b-8ef9-ffcfc7310c70 1.464s
2025-03-06 06:01:29.299 69533 INFO tempest.lib.common.rest_client [req-4e3c53e7-1831-4ba4-94c8-deba21cecd89 req-4e3c53e7-1831-4ba4-94c8-deba21cecd89 ] Request (FloatingIPsTestJSON:tearDownClass): 200 PUT http://10.180.1.21:9696/networking/v2.0/routers/e0516431-d66c-46a6-b14b-f9e7dd3a3e46/remove_router_interface 2.465s
2025-03-06 06:01:29.304 69509 INFO tempest.lib.common.rest_client [req-171ca912-e3e4-42b2-9da3-df3a4c4a2639 req-171ca912-e3e4-42b2-9da3-df3a4c4a2639 ] Request (FlavorsV2TestJSON:test_list_flavors_detailed_filter_by_min_ram): 200 GET http://10.180.1.21/compute/v2.1/flavors/42 1.254s
2025-03-06 06:01:29.310 69542 INFO tempest.lib.common.rest_client [req-01532dbd-b843-4a0a-83bd-da6e99ae2f3f req-01532dbd-b843-4a0a-83bd-da6e99ae2f3f ] Request (FlavorsV2NegativeTest:setUpClass): 200 GET http://10.180.1.21/identity/v3/roles 0.029s
2025-03-06 06:01:29.356 69561 INFO tempest.lib.common.rest_client [req-120907fd-343b-4517-907f-6193b055ad20 req-120907fd-343b-4517-907f-6193b055ad20 ] Request (ServersTestMultiNic:test_verify_duplicate_network_nics): 200 GET http://10.180.1.21/compute/v2.1/servers/ae4cf6bd-76d4-41cb-8de1-0ea5a8b8f68b 1.319s
2025-03-06 06:01:29.377 69542 INFO tempest.lib.common.rest_client [req-e7eb2c07-6bbc-4c73-b905-bc9290993d68 req-e7eb2c07-6bbc-4c73-b905-bc9290993d68 ] Request (FlavorsV2NegativeTest:setUpClass): 204 PUT http://10.180.1.21/identity/v3/projects/b9f4e25aedca4dd8a5274965d74c57ec/users/c892adc3b5e8461dad7bd27cff9ec928/roles/868b9b0d2183493a97f60ef348782606 0.066s
2025-03-06 06:01:29.378 69542 INFO tempest.lib.common.dynamic_creds [-] Dynamic test user c892adc3b5e8461dad7bd27cff9ec928 is created with scope project and roles: ['member']
2025-03-06 06:01:29.378 69542 INFO tempest.lib.common.dynamic_creds [-] Acquired dynamic creds: credentials: Credentials: {'domain_id': 'default', 'domain_name': 'Default', 'username': 'tempest-FlavorsV2NegativeTest-2095405067-project-member', 'project_domain_id': 'default', 'project_domain_name': 'Default', 'project_id': 'b9f4e25aedca4dd8a5274965d74c57ec', 'project_name': 'tempest-FlavorsV2NegativeTest-2095405067', 'tenant_id': 'b9f4e25aedca4dd8a5274965d74c57ec', 'tenant_name': 'tempest-FlavorsV2NegativeTest-2095405067', 'user_domain_id': 'default', 'user_domain_name': 'Default', 'user_id': 'c892adc3b5e8461dad7bd27cff9ec928', 'system': None}, Network: None, Subnet: None, Router: None
2025-03-06 06:01:29.378 69542 INFO tempest.lib.common.dynamic_creds [-] Created isolated network resources for: credentials: Credentials: {'domain_id': 'default', 'domain_name': 'Default', 'username': 'tempest-FlavorsV2NegativeTest-2095405067-project-member', 'project_domain_id': 'default', 'project_domain_name': 'Default', 'project_id': 'b9f4e25aedca4dd8a5274965d74c57ec', 'project_name': 'tempest-FlavorsV2NegativeTest-2095405067', 'tenant_id': 'b9f4e25aedca4dd8a5274965d74c57ec', 'tenant_name': 'tempest-FlavorsV2NegativeTest-2095405067', 'user_domain_id': 'default', 'user_domain_name': 'Default', 'user_id': 'c892adc3b5e8461dad7bd27cff9ec928', 'system': None}, Network: None, Subnet: None, Router: None
2025-03-06 06:01:29.420 69565 INFO tempest.lib.common.rest_client [req-ed36093f-8864-4779-bf0b-b85590e997ec req-ed36093f-8864-4779-bf0b-b85590e997ec ] Request (TenantUsagesTestJSON:setUpClass): 200 GET http://10.180.1.21/compute/v2.1/servers/6bf1dca1-d5a5-4654-9909-bb30f3c56d79 1.316s
2025-03-06 06:01:29.437 69555 INFO tempest.lib.common.rest_client [req-9559c334-740a-4016-b67c-763ff635c4e4 req-9559c334-740a-4016-b67c-763ff635c4e4 ] Request (ServicesAdminNegativeTestJSON:tearDownClass): 200 GET http://10.180.1.21:9696/networking/v2.0/security-groups?tenant_id=bbbd1f15a617457a9d94438f2baddd0c&name=default 0.456s
2025-03-06 06:01:29.451 69543 INFO tempest.lib.common.rest_client [req-d5d5287f-1374-4a53-a967-8650acf9d446 req-d5d5287f-1374-4a53-a967-8650acf9d446 ] Request (FlavorsAccessNegativeTestJSON:_run_cleanups): 200 GET http://10.180.1.21/compute/v2.1/flavors/detail 1.317s
2025-03-06 06:01:29.474 69563 INFO tempest.lib.common.rest_client [req-49854435-e2eb-408f-9a4c-c9e99f68d4f8 req-49854435-e2eb-408f-9a4c-c9e99f68d4f8 ] Request (AggregatesAdminNegativeTestJSON:_run_cleanups): 200 DELETE http://10.180.1.21/compute/v2.1/os-aggregates/5 1.334s
2025-03-06 06:01:29.496 69542 INFO tempest.lib.common.rest_client [req-8fe0e8fa-1280-49b6-8ed6-c2769655fd07 req-8fe0e8fa-1280-49b6-8ed6-c2769655fd07 ] Request (FlavorsV2NegativeTest:setUpClass): 201 POST http://10.180.1.21/identity/v3/auth/tokens 0.115s
2025-03-06 06:01:29.553 69505 INFO tempest.lib.common.rest_client [req-d5439121-4af6-4835-97bb-ed4a274c3952 req-d5439121-4af6-4835-97bb-ed4a274c3952 ] Request (ImagesOneServerNegativeTestJSON:setUp): 200 GET http://10.180.1.21/compute/v2.1/servers/85d6b2fc-0d67-471e-8476-436d5f47071a 1.423s
2025-03-06 06:01:29.647 69555 INFO tempest.lib.common.rest_client [req-4a3e6420-58fd-4719-b5de-3acfc89b5cc5 req-4a3e6420-58fd-4719-b5de-3acfc89b5cc5 ] Request (ServicesAdminNegativeTestJSON:tearDownClass): 204 DELETE http://10.180.1.21:9696/networking/v2.0/security-groups/c048cab5-c80d-430a-ab80-6d7d3f062b4b 0.208s
2025-03-06 06:01:29.649 69521 INFO tempest.lib.common.rest_client [req-d2b8528a-fa8e-4d41-97d6-e325b8eb150b req-d2b8528a-fa8e-4d41-97d6-e325b8eb150b ] Request (ServerDiagnosticsV248Test:test_get_server_diagnostics): 200 GET http://10.180.1.21/compute/v2.1/servers/bb261445-e43a-4a98-ac05-eb95ad4c67aa 1.370s
2025-03-06 06:01:29.772 69555 INFO tempest.lib.common.rest_client [req-11db00fb-43b9-436f-832c-c05464b994f7 req-11db00fb-43b9-436f-832c-c05464b994f7 ] Request (ServicesAdminNegativeTestJSON:tearDownClass): 204 DELETE http://10.180.1.21/identity/v3/projects/bbbd1f15a617457a9d94438f2baddd0c 0.125s
2025-03-06 06:01:29.773 69555 INFO tempest.lib.common.dynamic_creds [-] Deleting project and security group for project: 194c23d93eb0466abbd2133c330053ac
2025-03-06 06:01:30.209 69555 INFO tempest.lib.common.rest_client [req-ab964838-dcb4-4c68-b0cd-cfb50d26ee63 req-ab964838-dcb4-4c68-b0cd-cfb50d26ee63 ] Request (ServicesAdminNegativeTestJSON:tearDownClass): 200 GET http://10.180.1.21:9696/networking/v2.0/security-groups?tenant_id=194c23d93eb0466abbd2133c330053ac&name=default 0.436s
2025-03-06 06:01:30.302 69507 INFO tempest.lib.common.rest_client [req-ae37ca40-4559-42d9-8f88-f41e9d2a3e62 req-ae37ca40-4559-42d9-8f88-f41e9d2a3e62 ] Request (InstanceActionsV221TestJSON:test_get_list_deleted_instance_actions): 200 GET http://10.180.1.21/compute/v2.1/servers/71c69f98-c57a-4419-9e28-48f869f2dba4 1.943s
2025-03-06 06:01:30.311 69507 INFO tempest.common.waiters [-] State transition "BUILD/block_device_mapping" ==> "BUILD/spawning" after 18 second wait
2025-03-06 06:01:30.474 69525 INFO tempest.lib.common.rest_client [req-97177b7d-d37e-4cf7-8975-098730fa5b93 req-97177b7d-d37e-4cf7-8975-098730fa5b93 ] Request (ImagesNegativeTestJSON:test_create_image_from_deleted_server): 204 DELETE http://10.180.1.21/compute/v2.1/servers/77f9c788-209c-4fab-8ca0-832bdc02e4b1 2.020s
2025-03-06 06:01:30.512 69555 INFO tempest.lib.common.rest_client [req-2938c8f4-7277-4bb4-aa8d-5326e5287c2f req-2938c8f4-7277-4bb4-aa8d-5326e5287c2f ] Request (ServicesAdminNegativeTestJSON:tearDownClass): 204 DELETE http://10.180.1.21:9696/networking/v2.0/security-groups/a8fd3efb-9286-46a2-b4e9-b240cb0d583f 0.302s
2025-03-06 06:01:30.596 69545 INFO tempest.lib.common.rest_client [req-d58b930b-7d48-4486-a843-e506a15dceb3 req-d58b930b-7d48-4486-a843-e506a15dceb3 ] Request (MultipleCreateTestJSON:test_multiple_create): 200 GET http://10.180.1.21/compute/v2.1/servers/67db8d5d-3399-4519-a950-5dcce2f54210 2.119s
