2025-03-06 06:00:50.202 69561 INFO tempest.lib.common.rest_client [req-bff38e01-2bd1-4d3e-85ee-f98a7fc746e7 req-bff38e01-2bd1-4d3e-85ee-f98a7fc746e7 ] Request (KeyPairsV2TestJSON:test_get_keypair_detail): 200 POST http://10.180.1.21/compute/v2.1/os-keypairs 1.669s
2025-03-06 06:00:50.229 69539 INFO tempest.lib.common.rest_client [req-3fcb3e1a-c48d-44b8-8919-3abf189e48fb req-3fcb3e1a-c48d-44b8-8919-3abf189e48fb ] Request (DeleteServersAdminTestJSON:setUpClass): 200 GET http://10.180.1.21/identity/v3/roles 0.809s
2025-03-06 06:00:50.234 69505 INFO tempest.lib.common.rest_client [req-786fd240-50d4-48ba-90d9-28d54970839b req-786fd240-50d4-48ba-90d9-28d54970839b ] Request (ImagesOneServerNegativeTestJSON:setUpClass): 201 POST http://10.180.1.21:9696/networking/v2.0/routers 0.643s
2025-03-06 06:00:50.237 69557 INFO tempest.lib.common.rest_client [req-c473bbec-050a-4aa3-9f7e-81df9d229051 req-c473bbec-050a-4aa3-9f7e-81df9d229051 ] Request (AZAdminNegativeTestJSON:setUpClass): 201 POST http://10.180.1.21/identity/v3/projects 0.793s
2025-03-06 06:00:50.249 69527 INFO tempest.lib.common.rest_client [req-1ebafbd6-3107-4560-b289-213808410a4a req-1ebafbd6-3107-4560-b289-213808410a4a ] Request (AZAdminV2TestJSON:setUpClass): 200 GET http://10.180.1.21/identity/v3/roles 0.766s
2025-03-06 06:00:50.298 69565 INFO tempest.lib.common.rest_client [req-482f6eb2-ebe9-4f00-9229-02e2637b0b81 req-482f6eb2-ebe9-4f00-9229-02e2637b0b81 ] Request (QuotasAdminTestV236:setUpClass): 201 POST http://10.180.1.21/identity/v3/projects 0.790s
2025-03-06 06:00:50.331 69531 INFO tempest.lib.common.rest_client [req-70495306-581a-4893-b526-243209c92c12 req-70495306-581a-4893-b526-243209c92c12 ] Request (FlavorsExtraSpecsNegativeTestJSON:setUpClass): 204 PUT http://10.180.1.21/identity/v3/projects/81847e61db0340a2b890766ba958a161/users/3ea38b49face41f88848f5de73887ee8/roles/cd8e4fc1fb8e4960a5d9023b802e2426 0.793s
2025-03-06 06:00:50.387 69559 INFO tempest.lib.common.rest_client [req-4326b837-5e39-4cce-889f-3057d7796a94 req-4326b837-5e39-4cce-889f-3057d7796a94 ] Request (MigrationsAdminTest:setUpClass): 201 POST http://10.180.1.21/identity/v3/users 0.823s
2025-03-06 06:00:50.411 69519 INFO tempest.lib.common.rest_client [req-5cc45038-e14e-4712-ba08-9f571bfcbf05 req-5cc45038-e14e-4712-ba08-9f571bfcbf05 ] Request (HypervisorAdminV253TestBase:setUpClass): 201 POST http://10.180.1.21/identity/v3/users 0.749s
2025-03-06 06:00:50.414 69537 INFO tempest.lib.common.rest_client [req-c267c6dc-54af-4b68-b1b2-032cce8d99d6 req-c267c6dc-54af-4b68-b1b2-032cce8d99d6 ] Request (QuotaClassesAdmin257Test:setUpClass): 200 GET http://10.180.1.21/identity/v3/roles 0.783s
2025-03-06 06:00:50.428 69521 INFO tempest.lib.common.rest_client [req-3a4b7bd2-c790-4c2f-a951-5ec8889b1b2c req-3a4b7bd2-c790-4c2f-a951-5ec8889b1b2c ] Request (SecurityGroupsTestAdminJSON:setUpClass): 201 POST http://10.180.1.21/identity/v3/users 0.758s
2025-03-06 06:00:50.432 69515 INFO tempest.lib.common.rest_client [req-ea37cd12-bb9b-4479-8782-d9fb116df0b3 req-ea37cd12-bb9b-4479-8782-d9fb116df0b3 ] Request (HypervisorAdminNegativeTestJSON:setUpClass): 204 PUT http://10.180.1.21/identity/v3/projects/cf861f1ec0cd4323adf8d130da6359c9/users/e6871e41137242d3935f5cffc1ab658e/roles/cd8e4fc1fb8e4960a5d9023b802e2426 0.704s
2025-03-06 06:00:50.433 69515 INFO tempest.lib.common.dynamic_creds [-] Dynamic test user e6871e41137242d3935f5cffc1ab658e is created with scope project and roles: ['admin']
2025-03-06 06:00:50.433 69515 INFO tempest.lib.common.dynamic_creds [-] Acquired dynamic creds: credentials: Credentials: {'domain_id': 'default', 'domain_name': 'Default', 'username': 'tempest-HypervisorAdminNegativeTestJSON-701441092-project-admin', 'project_domain_id': 'default', 'project_domain_name': 'Default', 'project_id': 'cf861f1ec0cd4323adf8d130da6359c9', 'project_name': 'tempest-HypervisorAdminNegativeTestJSON-701441092', 'tenant_id': 'cf861f1ec0cd4323adf8d130da6359c9', 'tenant_name': 'tempest-HypervisorAdminNegativeTestJSON-701441092', 'user_domain_id': 'default', 'user_domain_name': 'Default', 'user_id': 'e6871e41137242d3935f5cffc1ab658e', 'system': None}, Network: None, Subnet: None, Router: None
2025-03-06 06:00:50.433 69515 INFO tempest.lib.common.dynamic_creds [-] Created isolated network resources for: credentials: Credentials: {'domain_id': 'default', 'domain_name': 'Default', 'username': 'tempest-HypervisorAdminNegativeTestJSON-701441092-project-admin', 'project_domain_id': 'default', 'project_domain_name': 'Default', 'project_id': 'cf861f1ec0cd4323adf8d130da6359c9', 'project_name': 'tempest-HypervisorAdminNegativeTestJSON-701441092', 'tenant_id': 'cf861f1ec0cd4323adf8d130da6359c9', 'tenant_name': 'tempest-HypervisorAdminNegativeTestJSON-701441092', 'user_domain_id': 'default', 'user_domain_name': 'Default', 'user_id': 'e6871e41137242d3935f5cffc1ab658e', 'system': None}, Network: None, Subnet: None, Router: None
2025-03-06 06:00:50.497 69533 INFO tempest.lib.common.rest_client [req-6460bb95-ded7-4967-91b9-f45c1f50b803 req-6460bb95-ded7-4967-91b9-f45c1f50b803 ] Request (FlavorMetadataValidation:setUpClass): 201 POST http://10.180.1.21/identity/v3/users 0.735s
2025-03-06 06:00:50.504 69511 INFO tempest.lib.common.rest_client [req-e6b1d945-014a-4c6f-be76-47e8397a6aab req-e6b1d945-014a-4c6f-be76-47e8397a6aab ] Request (InstanceUsageAuditLogNegativeTestJSON:setUpClass): 201 POST http://10.180.1.21/identity/v3/users 0.761s
2025-03-06 06:00:50.525 69542 INFO tempest.lib.common.rest_client [req-07c64bef-b818-4cdc-b2fc-a481c9e32355 req-07c64bef-b818-4cdc-b2fc-a481c9e32355 ] Request (HostsAdminNegativeTestJSON:setUpClass): 201 POST http://10.180.1.21/identity/v3/users 0.698s
2025-03-06 06:00:50.530 69551 INFO tempest.lib.common.rest_client [req-c6902425-b9e9-4809-bc45-1fc83ab5b8d1 req-c6902425-b9e9-4809-bc45-1fc83ab5b8d1 ] Request (ServicesAdminNegativeV253TestJSON:setUpClass): 201 POST http://10.180.1.21/identity/v3/users 0.703s
2025-03-06 06:00:50.553 69513 INFO tempest.lib.common.rest_client [req-cad0971c-8e7d-421e-8f36-542fc30d3920 req-cad0971c-8e7d-421e-8f36-542fc30d3920 ] Request (QuotasSecurityGroupAdminNegativeTest:setUpClass): 204 PUT http://10.180.1.21/identity/v3/projects/9b5c576953554252a822079004a2cf4f/users/7c0deefefcdc4bf5b6c01328ce66efd4/roles/cd8e4fc1fb8e4960a5d9023b802e2426 0.681s
2025-03-06 06:00:50.553 69549 INFO tempest.lib.common.rest_client [req-b3ca17d3-a0fa-4a15-81e0-bbb9167de836 req-b3ca17d3-a0fa-4a15-81e0-bbb9167de836 ] Request (FlavorsV261TestJSON:setUpClass): 201 POST http://10.180.1.21/identity/v3/users 0.671s
2025-03-06 06:00:50.555 69547 INFO tempest.lib.common.rest_client [req-4340b03c-5801-4feb-8ec5-604871e8822e req-4340b03c-5801-4feb-8ec5-604871e8822e ] Request (FloatingIPDetailsNegativeTestJSON:tearDownClass): 204 DELETE http://10.180.1.21:9696/networking/v2.0/routers/1754ae50-3d44-471b-a9b3-edb32fc7d8ec 0.389s
2025-03-06 06:00:50.607 69543 INFO tempest.lib.common.rest_client [req-a742502c-056e-45be-8299-dc4add010b2f req-a742502c-056e-45be-8299-dc4add010b2f ] Request (FlavorsAccessNegativeTestJSON:setUpClass): 201 POST http://10.180.1.21/identity/v3/users 0.697s
2025-03-06 06:00:50.612 69536 INFO tempest.lib.common.rest_client [req-4b7517c2-4858-4893-99e3-961127805d52 req-4b7517c2-4858-4893-99e3-961127805d52 ] Request (ServersWithSpecificFlavorTestJSON:setUpClass): 201 POST http://10.180.1.21/identity/v3/projects 0.654s
2025-03-06 06:00:50.663 69555 INFO tempest.lib.common.rest_client [req-720961cf-9df0-4a03-865d-286a583c9ff4 req-720961cf-9df0-4a03-865d-286a583c9ff4 ] Request (FlavorsAccessTestJSON:setUpClass): 201 POST http://10.180.1.21/identity/v3/users 0.643s
2025-03-06 06:00:50.669 69503 INFO tempest.lib.common.rest_client [req-00106cf9-bbc4-48cd-88b9-47bbdc1fc127 req-00106cf9-bbc4-48cd-88b9-47bbdc1fc127 ] Request (VolumesAssistedSnapshotsTest:setUpClass): 201 POST http://10.180.1.21/identity/v3/projects 0.691s
2025-03-06 06:00:50.683 69547 INFO tempest.lib.common.rest_client [req-d4cf6da7-f5d7-44df-96db-963fc004f6c2 req-d4cf6da7-f5d7-44df-96db-963fc004f6c2 ] Request (FloatingIPDetailsNegativeTestJSON:tearDownClass): 204 DELETE http://10.180.1.21:9696/networking/v2.0/subnets/878e6300-9507-453e-b8c0-56fc998c727a 0.127s
2025-03-06 06:00:50.695 69529 INFO tempest.lib.common.rest_client [req-f927c5dc-89cd-4b96-b003-e5d292a9707e req-f927c5dc-89cd-4b96-b003-e5d292a9707e ] Request (QuotasAdminNegativeTest:setUpClass): 201 POST http://10.180.1.21/identity/v3/users 0.623s
2025-03-06 06:00:50.754 69523 INFO tempest.lib.common.rest_client [req-94a1d2bc-f620-4efc-b468-d9dd7d1e282f req-94a1d2bc-f620-4efc-b468-d9dd7d1e282f ] Request (HypervisorAdminTestJSON:setUpClass): 200 GET http://10.180.1.21/identity/v3/roles 0.612s
2025-03-06 06:00:50.780 69563 INFO tempest.lib.common.rest_client [req-1c10c25b-1805-45f6-bc3f-1a10c83c4773 req-1c10c25b-1805-45f6-bc3f-1a10c83c4773 ] Request (AggregatesAdminNegativeTestJSON:setUpClass): 201 POST http://10.180.1.21/identity/v3/users 0.605s
2025-03-06 06:00:50.787 69509 INFO tempest.lib.common.rest_client [req-b8405efa-cf96-49fb-bb5b-885deeedb0db req-b8405efa-cf96-49fb-bb5b-885deeedb0db ] Request (FlavorsExtraSpecsTestJSON:setUpClass): 204 PUT http://10.180.1.21/identity/v3/projects/34382698aa8541a4a5f08a66a585ef09/users/463cee59a900422db73db6ed23511fc8/roles/cd8e4fc1fb8e4960a5d9023b802e2426 0.610s
2025-03-06 06:00:50.788 69553 INFO tempest.lib.common.rest_client [req-ad26aad4-6478-4619-9ec9-5f880fce2e11 req-ad26aad4-6478-4619-9ec9-5f880fce2e11 ] Request (ImagesMetadataNegativeTestJSON:test_delete_nonexistent_image_metadata_item): 404 DELETE http://10.180.1.21/compute/v2.1/images/34143522-e3cb-4fdf-b0e7-4223e375998b/metadata/os_distro 1.650s
2025-03-06 06:00:50.791 69545 INFO tempest.lib.common.rest_client [req-3b7caaaf-1435-416c-a291-544495a5e9fb req-3b7caaaf-1435-416c-a291-544495a5e9fb ] Request (SecurityGroupsNegativeTestJSON:test_delete_security_group_without_passing_id): 404 DELETE http://10.180.1.21/compute/v2.1/os-security-groups/ 1.449s
2025-03-06 06:00:50.839 69539 INFO tempest.lib.common.rest_client [req-18eca8cd-cce4-4137-b796-9bf4ea695efd req-18eca8cd-cce4-4137-b796-9bf4ea695efd ] Request (DeleteServersAdminTestJSON:setUpClass): 204 PUT http://10.180.1.21/identity/v3/projects/a40612d1241242aa9131103985b27290/users/b089f0e7333145abacb9c8c808be577c/roles/cd8e4fc1fb8e4960a5d9023b802e2426 0.610s
2025-03-06 06:00:50.839 69539 INFO tempest.lib.common.dynamic_creds [-] Dynamic test user b089f0e7333145abacb9c8c808be577c is created with scope project and roles: ['admin']
2025-03-06 06:00:50.839 69539 INFO tempest.lib.common.dynamic_creds [-] Acquired dynamic creds: credentials: Credentials: {'domain_id': 'default', 'domain_name': 'Default', 'username': 'tempest-DeleteServersAdminTestJSON-1759901740-project-admin', 'project_domain_id': 'default', 'project_domain_name': 'Default', 'project_id': 'a40612d1241242aa9131103985b27290', 'project_name': 'tempest-DeleteServersAdminTestJSON-1759901740', 'tenant_id': 'a40612d1241242aa9131103985b27290', 'tenant_name': 'tempest-DeleteServersAdminTestJSON-1759901740', 'user_domain_id': 'default', 'user_domain_name': 'Default', 'user_id': 'b089f0e7333145abacb9c8c808be577c', 'system': None}, Network: None, Subnet: None, Router: None
2025-03-06 06:00:50.840 69539 INFO tempest.lib.common.dynamic_creds [-] Created isolated network resources for: credentials: Credentials: {'domain_id': 'default', 'domain_name': 'Default', 'username': 'tempest-DeleteServersAdminTestJSON-1759901740-project-admin', 'project_domain_id': 'default', 'project_domain_name': 'Default', 'project_id': 'a40612d1241242aa9131103985b27290', 'project_name': 'tempest-DeleteServersAdminTestJSON-1759901740', 'tenant_id': 'a40612d1241242aa9131103985b27290', 'tenant_name': 'tempest-DeleteServersAdminTestJSON-1759901740', 'user_domain_id': 'default', 'user_domain_name': 'Default', 'user_id': 'b089f0e7333145abacb9c8c808be577c', 'system': None}, Network: None, Subnet: None, Router: None
2025-03-06 06:00:50.886 69527 INFO tempest.lib.common.rest_client [req-5ae9069e-a0be-46a4-881b-f4a40a44882f req-5ae9069e-a0be-46a4-881b-f4a40a44882f ] Request (AZAdminV2TestJSON:setUpClass): 204 PUT http://10.180.1.21/identity/v3/projects/56c02980f5f34e5597f6484902f81c6d/users/17d4dd6031d54b50a8cfdf678289d69f/roles/cd8e4fc1fb8e4960a5d9023b802e2426 0.636s
2025-03-06 06:00:50.886 69527 INFO tempest.lib.common.dynamic_creds [-] Dynamic test user 17d4dd6031d54b50a8cfdf678289d69f is created with scope project and roles: ['admin']
2025-03-06 06:00:50.886 69527 INFO tempest.lib.common.dynamic_creds [-] Acquired dynamic creds: credentials: Credentials: {'domain_id': 'default', 'domain_name': 'Default', 'username': 'tempest-AZAdminV2TestJSON-802506916-project-admin', 'project_domain_id': 'default', 'project_domain_name': 'Default', 'project_id': '56c02980f5f34e5597f6484902f81c6d', 'project_name': 'tempest-AZAdminV2TestJSON-802506916', 'tenant_id': '56c02980f5f34e5597f6484902f81c6d', 'tenant_name': 'tempest-AZAdminV2TestJSON-802506916', 'user_domain_id': 'default', 'user_domain_name': 'Default', 'user_id': '17d4dd6031d54b50a8cfdf678289d69f', 'system': None}, Network: None, Subnet: None, Router: None
2025-03-06 06:00:50.886 69527 INFO tempest.lib.common.dynamic_creds [-] Created isolated network resources for: credentials: Credentials: {'domain_id': 'default', 'domain_name': 'Default', 'username': 'tempest-AZAdminV2TestJSON-802506916-project-admin', 'project_domain_id': 'default', 'project_domain_name': 'Default', 'project_id': '56c02980f5f34e5597f6484902f81c6d', 'project_name': 'tempest-AZAdminV2TestJSON-802506916', 'tenant_id': '56c02980f5f34e5597f6484902f81c6d', 'tenant_name': 'tempest-AZAdminV2TestJSON-802506916', 'user_domain_id': 'default', 'user_domain_name': 'Default', 'user_id': '17d4dd6031d54b50a8cfdf678289d69f', 'system': None}, Network: None, Subnet: None, Router: None
2025-03-06 06:00:50.901 69557 INFO tempest.lib.common.rest_client [req-6f566050-bb6e-476d-a62e-fc281b3a77e3 req-6f566050-bb6e-476d-a62e-fc281b3a77e3 ] Request (AZAdminNegativeTestJSON:setUpClass): 201 POST http://10.180.1.21/identity/v3/users 0.663s
2025-03-06 06:00:50.915 69525 INFO tempest.lib.common.rest_client [req-351a72d7-1c1d-4f11-be03-419cc4f599c0 req-351a72d7-1c1d-4f11-be03-419cc4f599c0 ] Request (HypervisorAdminV228Test:test_get_list_hypervisor_details): 200 GET http://10.180.1.21/compute/v2.1/os-hypervisors 1.616s
2025-03-06 06:00:50.947 69565 INFO tempest.lib.common.rest_client [req-065f5b05-7884-4e9d-93f7-73a07f9bf8c9 req-065f5b05-7884-4e9d-93f7-73a07f9bf8c9 ] Request (QuotasAdminTestV236:setUpClass): 201 POST http://10.180.1.21/identity/v3/users 0.648s
2025-03-06 06:00:50.954 69531 INFO tempest.lib.common.rest_client [req-c5c9217f-28dd-49f6-9e8f-c923a19a2199 req-c5c9217f-28dd-49f6-9e8f-c923a19a2199 ] Request (FlavorsExtraSpecsNegativeTestJSON:setUpClass): 200 GET http://10.180.1.21/identity/v3/roles 0.622s
2025-03-06 06:00:50.967 69559 INFO tempest.lib.common.rest_client [req-5ef4b37a-de20-4678-8c60-9f0d3ddf05f6 req-5ef4b37a-de20-4678-8c60-9f0d3ddf05f6 ] Request (MigrationsAdminTest:setUpClass): 200 GET http://10.180.1.21/identity/v3/roles 0.578s
2025-03-06 06:00:50.974 69519 INFO tempest.lib.common.rest_client [req-ca925e7e-ec47-43a1-8319-08a84921c09e req-ca925e7e-ec47-43a1-8319-08a84921c09e ] Request (HypervisorAdminV253TestBase:setUpClass): 200 GET http://10.180.1.21/identity/v3/roles 0.562s
2025-03-06 06:00:50.994 69537 INFO tempest.lib.common.rest_client [req-17d4c991-a9a3-42aa-ad27-7e77d2e4bece req-17d4c991-a9a3-42aa-ad27-7e77d2e4bece ] Request (QuotaClassesAdmin257Test:setUpClass): 204 PUT http://10.180.1.21/identity/v3/projects/bfc3e405eb74446d8754ac1dad71f15b/users/203bcb52f9fd43f6bb0dac4723af9ab2/roles/cd8e4fc1fb8e4960a5d9023b802e2426 0.580s
2025-03-06 06:00:50.998 69521 INFO tempest.lib.common.rest_client [req-35765bff-845f-4f37-8d4c-8c123c999915 req-35765bff-845f-4f37-8d4c-8c123c999915 ] Request (SecurityGroupsTestAdminJSON:setUpClass): 200 GET http://10.180.1.21/identity/v3/roles 0.569s
2025-03-06 06:00:51.016 69547 INFO tempest.lib.common.rest_client [req-0f0f98ec-7b52-472c-8771-abe37cc05452 req-0f0f98ec-7b52-472c-8771-abe37cc05452 ] Request (FloatingIPDetailsNegativeTestJSON:tearDownClass): 204 DELETE http://10.180.1.21:9696/networking/v2.0/networks/b1679c0c-77bf-4a64-9da5-6a0d9414cb18 0.332s
2025-03-06 06:00:51.044 69533 INFO tempest.lib.common.rest_client [req-3a1e0874-da3d-4b09-bf4d-75d20a50b512 req-3a1e0874-da3d-4b09-bf4d-75d20a50b512 ] Request (FlavorMetadataValidation:setUpClass): 200 GET http://10.180.1.21/identity/v3/roles 0.546s
2025-03-06 06:00:51.061 69511 INFO tempest.lib.common.rest_client [req-643e8efb-05a9-4ea2-a771-ea26ed71483d req-643e8efb-05a9-4ea2-a771-ea26ed71483d ] Request (InstanceUsageAuditLogNegativeTestJSON:setUpClass): 200 GET http://10.180.1.21/identity/v3/roles 0.557s
2025-03-06 06:00:51.064 69515 INFO tempest.lib.common.rest_client [req-e55576ac-6b7c-4971-9812-cfaf5ee332f6 req-e55576ac-6b7c-4971-9812-cfaf5ee332f6 ] Request (HypervisorAdminNegativeTestJSON:setUpClass): 201 POST http://10.180.1.21/identity/v3/auth/tokens 0.626s
2025-03-06 06:00:51.080 69551 INFO tempest.lib.common.rest_client [req-4bbad88a-537c-4f25-815a-e3f55e5e853b req-4bbad88a-537c-4f25-815a-e3f55e5e853b ] Request (ServicesAdminNegativeV253TestJSON:setUpClass): 200 GET http://10.180.1.21/identity/v3/roles 0.549s
2025-03-06 06:00:51.082 69505 INFO tempest.lib.common.rest_client [req-aa78da2d-83b6-4c76-92bd-ecc6626b9ac2 req-aa78da2d-83b6-4c76-92bd-ecc6626b9ac2 ] Request (ImagesOneServerNegativeTestJSON:setUpClass): 200 PUT http://10.180.1.21:9696/networking/v2.0/routers/283aa06e-512a-4d18-8b94-a70da1a3cc33/add_router_interface 0.847s
2025-03-06 06:00:51.082 69542 INFO tempest.lib.common.rest_client [req-65f8e689-15cd-4de5-9b17-49fa60399a64 req-65f8e689-15cd-4de5-9b17-49fa60399a64 ] Request (HostsAdminNegativeTestJSON:setUpClass): 200 GET http://10.180.1.21/identity/v3/roles 0.557s
2025-03-06 06:00:51.082 69505 INFO tempest.lib.common.dynamic_creds [-] Created isolated network resources for: credentials: Credentials: {'domain_id': 'default', 'domain_name': 'Default', 'username': 'tempest-ImagesOneServerNegativeTestJSON-548975677-project-member', 'project_domain_id': 'default', 'project_domain_name': 'Default', 'project_id': 'de0ae5285d0a4e73b7b461c544a7b2a1', 'project_name': 'tempest-ImagesOneServerNegativeTestJSON-548975677', 'tenant_id': 'de0ae5285d0a4e73b7b461c544a7b2a1', 'tenant_name': 'tempest-ImagesOneServerNegativeTestJSON-548975677', 'user_domain_id': 'default', 'user_domain_name': 'Default', 'user_id': 'c8a507ffa22d4842876a649a772b5d9e', 'system': None}, Network: {'id': 'e82265fc-9593-4d25-96f7-bd9156e5577d', 'name': 'tempest-ImagesOneServerNegativeTestJSON-1342367425-network', 'tenant_id': 'de0ae5285d0a4e73b7b461c544a7b2a1', 'admin_state_up': True, 'mtu': 8950, 'status': 'ACTIVE', 'subnets': [], 'shared': False, 'project_id': 'de0ae5285d0a4e73b7b461c544a7b2a1', 'port_security_enabled': True, 'router:external': False, 'provider:network_type': 'vlan', 'provider:physical_network': 'default', 'provider:segmentation_id': 403, 'availability_zone_hints': [], 'availability_zones': [], 'ipv4_address_scope': None, 'ipv6_address_scope': None, 'description': '', 'tags': [], 'created_at': '2025-03-06T06:00:49Z', 'updated_at': '2025-03-06T06:00:49Z', 'revision_number': 1}, Subnet: {'id': '775510c4-9ce0-45e0-8aa7-d71effcf8b8c', 'name': 'tempest-ImagesOneServerNegativeTestJSON-1342367425-subnet', 'tenant_id': 'de0ae5285d0a4e73b7b461c544a7b2a1', 'network_id': 'e82265fc-9593-4d25-96f7-bd9156e5577d', 'ip_version': 4, 'subnetpool_id': None, 'enable_dhcp': True, 'ipv6_ra_mode': None, 'ipv6_address_mode': None, 'gateway_ip': '192.168.128.1', 'cidr': '192.168.128.0/28', 'allocation_pools': [{'start': '192.168.128.2', 'end': '192.168.128.14'}], 'host_routes': [], 'dns_nameservers': [], 'description': '', 'router:external': False, 'service_types': [], 'tags': [], 'created_at': '2025-03-06T06:00:49Z', 'updated_at': '2025-03-06T06:00:49Z', 'revision_number': 0, 'project_id': 'de0ae5285d0a4e73b7b461c544a7b2a1'}, Router: {'id': '283aa06e-512a-4d18-8b94-a70da1a3cc33', 'name': 'tempest-ImagesOneServerNegativeTestJSON-1342367425-router', 'tenant_id': 'de0ae5285d0a4e73b7b461c544a7b2a1', 'admin_state_up': True, 'status': 'ACTIVE', 'external_gateway_info': {'network_id': '81dfb12b-e28f-42bc-8d6a-f1228fcd73d0', 'external_fixed_ips': [{'subnet_id': '6cfb88e1-35dd-4b2c-bfb4-263f4a8bc5cd', 'ip_address': '10.180.180.153'}], 'enable_snat': True}, 'description': '', 'availability_zones': [], 'distributed': False, 'ha': False, 'availability_zone_hints': [], 'routes': [], 'flavor_id': None, 'tags': [], 'created_at': '2025-03-06T06:00:49Z', 'updated_at': '2025-03-06T06:00:49Z', 'revision_number': 2, 'project_id': 'de0ae5285d0a4e73b7b461c544a7b2a1'}
2025-03-06 06:00:51.095 69513 INFO tempest.lib.common.rest_client [req-056fa8fa-5765-4c42-b185-54262c80330a req-056fa8fa-5765-4c42-b185-54262c80330a ] Request (QuotasSecurityGroupAdminNegativeTest:setUpClass): 200 GET http://10.180.1.21/identity/v3/roles 0.542s
2025-03-06 06:00:51.099 69549 INFO tempest.lib.common.rest_client [req-b467c97d-e15b-4f82-bd27-9d2ffe212537 req-b467c97d-e15b-4f82-bd27-9d2ffe212537 ] Request (FlavorsV261TestJSON:setUpClass): 200 GET http://10.180.1.21/identity/v3/roles 0.544s
2025-03-06 06:00:51.112 69543 INFO tempest.lib.common.rest_client [req-905c0f55-fc38-413b-82d2-17df4a8d574c req-905c0f55-fc38-413b-82d2-17df4a8d574c ] Request (FlavorsAccessNegativeTestJSON:setUpClass): 200 GET http://10.180.1.21/identity/v3/roles 0.504s
2025-03-06 06:00:51.121 69536 INFO tempest.lib.common.rest_client [req-3fc4b973-4717-4157-9df7-a3fbd36e64a5 req-3fc4b973-4717-4157-9df7-a3fbd36e64a5 ] Request (ServersWithSpecificFlavorTestJSON:setUpClass): 201 POST http://10.180.1.21/identity/v3/users 0.508s
2025-03-06 06:00:51.134 69555 INFO tempest.lib.common.rest_client [req-cd736c67-3735-4efa-a62f-61e33c9cc0a3 req-cd736c67-3735-4efa-a62f-61e33c9cc0a3 ] Request (FlavorsAccessTestJSON:setUpClass): 200 GET http://10.180.1.21/identity/v3/roles 0.469s
2025-03-06 06:00:51.145 69503 INFO tempest.lib.common.rest_client [req-75e902af-5b88-444b-bd3b-9d595c2acb66 req-75e902af-5b88-444b-bd3b-9d595c2acb66 ] Request (VolumesAssistedSnapshotsTest:setUpClass): 201 POST http://10.180.1.21/identity/v3/users 0.475s
2025-03-06 06:00:51.154 69529 INFO tempest.lib.common.rest_client [req-076b24a7-3cea-44f5-a9ad-a8d865edbd70 req-076b24a7-3cea-44f5-a9ad-a8d865edbd70 ] Request (QuotasAdminNegativeTest:setUpClass): 200 GET http://10.180.1.21/identity/v3/roles 0.458s
2025-03-06 06:00:51.165 69523 INFO tempest.lib.common.rest_client [req-bd0e3de9-67cc-4ef8-a221-b420c58dba1b req-bd0e3de9-67cc-4ef8-a221-b420c58dba1b ] Request (HypervisorAdminTestJSON:setUpClass): 204 PUT http://10.180.1.21/identity/v3/projects/2c07161f9eff4d9fa0fb1802342644f2/users/cf5d04d201ab40b9957e575d333cb49f/roles/cd8e4fc1fb8e4960a5d9023b802e2426 0.411s
2025-03-06 06:00:51.170 69563 INFO tempest.lib.common.rest_client [req-21b5ff2c-927d-4974-852f-5970f5e8198a req-21b5ff2c-927d-4974-852f-5970f5e8198a ] Request (AggregatesAdminNegativeTestJSON:setUpClass): 200 GET http://10.180.1.21/identity/v3/roles 0.390s
2025-03-06 06:00:51.208 69509 INFO tempest.lib.common.rest_client [req-9d7b1597-7b8c-4bbc-a8a0-2e7e372a34e5 req-9d7b1597-7b8c-4bbc-a8a0-2e7e372a34e5 ] Request (FlavorsExtraSpecsTestJSON:setUpClass): 200 GET http://10.180.1.21/identity/v3/roles 0.420s
2025-03-06 06:00:51.265 69539 INFO tempest.lib.common.rest_client [req-43c4cab5-3858-4101-81ed-11203ad58771 req-43c4cab5-3858-4101-81ed-11203ad58771 ] Request (DeleteServersAdminTestJSON:setUpClass): 201 POST http://10.180.1.21/identity/v3/auth/tokens 0.423s
2025-03-06 06:00:51.299 69557 INFO tempest.lib.common.rest_client [req-33fff14a-3b4e-4de1-96f7-483d6e6c9c7b req-33fff14a-3b4e-4de1-96f7-483d6e6c9c7b ] Request (AZAdminNegativeTestJSON:setUpClass): 200 GET http://10.180.1.21/identity/v3/roles 0.398s
2025-03-06 06:00:51.308 69517 INFO tempest.lib.common.rest_client [req-313ddca8-0630-40a2-bd43-b37dd0c93784 req-313ddca8-0630-40a2-bd43-b37dd0c93784 ] Request (HostsAdminTestJSON:test_list_hosts): 200 GET http://10.180.1.21/compute/v2.1/os-hosts 1.719s
2025-03-06 06:00:51.321 69561 INFO tempest.lib.common.rest_client [req-5842278b-b77b-4381-b8b9-cba7feb73d45 req-5842278b-b77b-4381-b8b9-cba7feb73d45 ] Request (KeyPairsV2TestJSON:test_get_keypair_detail): 200 GET http://10.180.1.21/compute/v2.1/os-keypairs/tempest-keypair-1374643000 1.115s
2025-03-06 06:00:51.342 69527 INFO tempest.lib.common.rest_client [req-b866c958-4bb0-4724-bf7b-87b62c524c4b req-b866c958-4bb0-4724-bf7b-87b62c524c4b ] Request (AZAdminV2TestJSON:setUpClass): 201 POST http://10.180.1.21/identity/v3/auth/tokens 0.452s
2025-03-06 06:00:51.362 69565 INFO tempest.lib.common.rest_client [req-2d31a6f1-ab0b-45d5-89d3-dc694381ed9c req-2d31a6f1-ab0b-45d5-89d3-dc694381ed9c ] Request (QuotasAdminTestV236:setUpClass): 200 GET http://10.180.1.21/identity/v3/roles 0.415s
2025-03-06 06:00:51.377 69531 INFO tempest.lib.common.rest_client [req-9350db9b-aff9-4bed-94a7-96c82515d176 req-9350db9b-aff9-4bed-94a7-96c82515d176 ] Request (FlavorsExtraSpecsNegativeTestJSON:setUpClass): 204 PUT http://10.180.1.21/identity/v3/projects/81847e61db0340a2b890766ba958a161/users/3ea38b49face41f88848f5de73887ee8/roles/cd8e4fc1fb8e4960a5d9023b802e2426 0.422s
2025-03-06 06:00:51.377 69531 INFO tempest.lib.common.dynamic_creds [-] Dynamic test user 3ea38b49face41f88848f5de73887ee8 is created with scope project and roles: ['admin']
2025-03-06 06:00:51.377 69531 INFO tempest.lib.common.dynamic_creds [-] Acquired dynamic creds: credentials: Credentials: {'domain_id': 'default', 'domain_name': 'Default', 'username': 'tempest-FlavorsExtraSpecsNegativeTestJSON-1814598642-project-admin', 'project_domain_id': 'default', 'project_domain_name': 'Default', 'project_id': '81847e61db0340a2b890766ba958a161', 'project_name': 'tempest-FlavorsExtraSpecsNegativeTestJSON-1814598642', 'tenant_id': '81847e61db0340a2b890766ba958a161', 'tenant_name': 'tempest-FlavorsExtraSpecsNegativeTestJSON-1814598642', 'user_domain_id': 'default', 'user_domain_name': 'Default', 'user_id': '3ea38b49face41f88848f5de73887ee8', 'system': None}, Network: None, Subnet: None, Router: None
2025-03-06 06:00:51.378 69531 INFO tempest.lib.common.dynamic_creds [-] Created isolated network resources for: credentials: Credentials: {'domain_id': 'default', 'domain_name': 'Default', 'username': 'tempest-FlavorsExtraSpecsNegativeTestJSON-1814598642-project-admin', 'project_domain_id': 'default', 'project_domain_name': 'Default', 'project_id': '81847e61db0340a2b890766ba958a161', 'project_name': 'tempest-FlavorsExtraSpecsNegativeTestJSON-1814598642', 'tenant_id': '81847e61db0340a2b890766ba958a161', 'tenant_name': 'tempest-FlavorsExtraSpecsNegativeTestJSON-1814598642', 'user_domain_id': 'default', 'user_domain_name': 'Default', 'user_id': '3ea38b49face41f88848f5de73887ee8', 'system': None}, Network: None, Subnet: None, Router: None
2025-03-06 06:00:51.388 69507 INFO tempest.lib.common.rest_client [req-1b504398-5992-441c-bffd-57227f731eb8 req-1b504398-5992-441c-bffd-57227f731eb8 ] Request (FlavorsV255TestJSON:test_crud_flavor): 200 GET http://10.180.1.21/compute/v2.1/flavors/1865233097 1.268s
2025-03-06 06:00:51.393 69559 INFO tempest.lib.common.rest_client [req-2e06baaa-679d-4c78-9b4f-ca26ccbac523 req-2e06baaa-679d-4c78-9b4f-ca26ccbac523 ] Request (MigrationsAdminTest:setUpClass): 204 PUT http://10.180.1.21/identity/v3/projects/46eb85ef392a4865aee3a0ca1dedfae6/users/e3c0f161883049c7bbce4f47d5f5ead7/roles/cd8e4fc1fb8e4960a5d9023b802e2426 0.426s
2025-03-06 06:00:51.423 69553 INFO tempest.lib.common.rest_client [req-ee46fc06-5134-4573-b996-49abed164511 req-ee46fc06-5134-4573-b996-49abed164511 ] Request (ImagesMetadataNegativeTestJSON:test_get_nonexistent_image_metadata_item): 404 GET http://10.180.1.21/compute/v2.1/images/3569770d-8066-4b17-9195-242f085a842b/metadata/os_version 0.630s
2025-03-06 06:00:51.440 69545 INFO tempest.lib.common.rest_client [req-001decf2-d671-4345-a068-5cb6ed2f2844 req-001decf2-d671-4345-a068-5cb6ed2f2844 ] Request (SecurityGroupsNegativeTestJSON:test_delete_the_default_security_group): 200 GET http://10.180.1.21/compute/v2.1/os-security-groups 0.648s
2025-03-06 06:00:51.442 69537 INFO tempest.lib.common.rest_client [req-ec0128ca-81b9-46c4-9763-2937856644a6 req-ec0128ca-81b9-46c4-9763-2937856644a6 ] Request (QuotaClassesAdmin257Test:setUpClass): 200 GET http://10.180.1.21/identity/v3/roles 0.448s
2025-03-06 06:00:51.455 69519 INFO tempest.lib.common.rest_client [req-df5b9125-f5f5-4575-80eb-3ec1825ff7c1 req-df5b9125-f5f5-4575-80eb-3ec1825ff7c1 ] Request (HypervisorAdminV253TestBase:setUpClass): 204 PUT http://10.180.1.21/identity/v3/projects/358da88375b44737bd1475b6f9adc5ed/users/9b40d52880e644d292cf2f97b9db4df9/roles/cd8e4fc1fb8e4960a5d9023b802e2426 0.480s
2025-03-06 06:00:51.457 69525 INFO tempest.lib.common.rest_client [req-e57fad07-e95c-424c-8533-f5b229d3a52f req-e57fad07-e95c-424c-8533-f5b229d3a52f ] Request (HypervisorAdminV228Test:test_get_list_hypervisor_details): 200 GET http://10.180.1.21/compute/v2.1/os-hypervisors/1 0.541s
2025-03-06 06:00:51.464 69521 INFO tempest.lib.common.rest_client [req-8ddff882-3bfc-4fd2-b41c-6d7391f63f92 req-8ddff882-3bfc-4fd2-b41c-6d7391f63f92 ] Request (SecurityGroupsTestAdminJSON:setUpClass): 204 PUT http://10.180.1.21/identity/v3/projects/bc1e5b9f1c1648ce804265a11de3cbe4/users/f534155c49d744e184a1806dfa70f2fc/roles/cd8e4fc1fb8e4960a5d9023b802e2426 0.465s
2025-03-06 06:00:51.485 69517 INFO tempest.lib.common.rest_client [req-451588e4-6623-4414-86e3-0c23fbdc934e req-451588e4-6623-4414-86e3-0c23fbdc934e ] Request (HostsAdminTestJSON:test_list_hosts_with_a_blank_zone): 200 GET http://10.180.1.21/compute/v2.1/os-hosts?zone= 0.171s
2025-03-06 06:00:51.498 69561 INFO tempest.lib.common.rest_client [req-414a248e-e560-48cc-8375-9c88807ed12b req-414a248e-e560-48cc-8375-9c88807ed12b ] Request (KeyPairsV2TestJSON:_run_cleanups): 202 DELETE http://10.180.1.21/compute/v2.1/os-keypairs/tempest-keypair-1374643000 0.174s
2025-03-06 06:00:51.514 69533 INFO tempest.lib.common.rest_client [req-1cfa52ed-ddcd-43c3-97ff-9cf658a740a8 req-1cfa52ed-ddcd-43c3-97ff-9cf658a740a8 ] Request (FlavorMetadataValidation:setUpClass): 204 PUT http://10.180.1.21/identity/v3/projects/aa6c7af4b9cd4c87bad32ceb847bccdb/users/e20b6a9bc6e74f12b3590b839ebb2bab/roles/cd8e4fc1fb8e4960a5d9023b802e2426 0.470s
2025-03-06 06:00:51.566 69511 INFO tempest.lib.common.rest_client [req-069054cb-a2f3-42a3-889e-4c87480ac76a req-069054cb-a2f3-42a3-889e-4c87480ac76a ] Request (InstanceUsageAuditLogNegativeTestJSON:setUpClass): 204 PUT http://10.180.1.21/identity/v3/projects/a39e8d60504347b288e73c89c81c150f/users/5c0c2512c3574d93ade298dda611ae83/roles/cd8e4fc1fb8e4960a5d9023b802e2426 0.505s
2025-03-06 06:00:51.593 69547 INFO tempest.lib.common.rest_client [req-c24981c3-b1ed-421a-ac6b-1b808782c2ce req-c24981c3-b1ed-421a-ac6b-1b808782c2ce ] Request (FloatingIPDetailsNegativeTestJSON:tearDownClass): 204 DELETE http://10.180.1.21/identity/v3/users/aa7849928b514c8198f9252309d830da 0.577s
2025-03-06 06:00:51.593 69547 INFO tempest.lib.common.dynamic_creds [-] Deleting project and security group for project: 9eb7dd24a9b544ee8fce05e3baca0bf4
2025-03-06 06:00:51.618 69547 INFO tempest.lib.common.rest_client [req-bec1b53f-afeb-4785-a662-a0e39174a9c3 req-bec1b53f-afeb-4785-a662-a0e39174a9c3 ] Request (FloatingIPDetailsNegativeTestJSON:tearDownClass): 200 GET http://10.180.1.21:9696/networking/v2.0/security-groups?tenant_id=9eb7dd24a9b544ee8fce05e3baca0bf4&name=default 0.024s
2025-03-06 06:00:51.640 69551 INFO tempest.lib.common.rest_client [req-2ad006fc-a363-4932-8032-30b6914b298e req-2ad006fc-a363-4932-8032-30b6914b298e ] Request (ServicesAdminNegativeV253TestJSON:setUpClass): 204 PUT http://10.180.1.21/identity/v3/projects/3727ae4f37f641d1b36ea82487607314/users/42bcceddc70149a1b465b240acaa3b70/roles/cd8e4fc1fb8e4960a5d9023b802e2426 0.560s
2025-03-06 06:00:51.649 69542 INFO tempest.lib.common.rest_client [req-54bf9968-c0c0-4b4e-b2db-4f1571709930 req-54bf9968-c0c0-4b4e-b2db-4f1571709930 ] Request (HostsAdminNegativeTestJSON:setUpClass): 204 PUT http://10.180.1.21/identity/v3/projects/6970c597311e44018f5f09af3cc2efd3/users/85ac20ae936d451494bb27c83f434742/roles/cd8e4fc1fb8e4960a5d9023b802e2426 0.566s
2025-03-06 06:00:51.697 69547 INFO tempest.lib.common.rest_client [req-0b68fa72-b5a0-4719-968e-9fc5b10e2bdb req-0b68fa72-b5a0-4719-968e-9fc5b10e2bdb ] Request (FloatingIPDetailsNegativeTestJSON:tearDownClass): 204 DELETE http://10.180.1.21:9696/networking/v2.0/security-groups/f2939432-f7d5-4f91-a5fb-cd28666b204d 0.078s
2025-03-06 06:00:51.707 69549 INFO tempest.lib.common.rest_client [req-57bae347-6f53-48df-abb3-0706236ed893 req-57bae347-6f53-48df-abb3-0706236ed893 ] Request (FlavorsV261TestJSON:setUpClass): 204 PUT http://10.180.1.21/identity/v3/projects/b935af37285c491ba2622101291f5cce/users/14dd205b78c54f2982f0d0740599a6fc/roles/cd8e4fc1fb8e4960a5d9023b802e2426 0.608s
2025-03-06 06:00:51.715 69513 INFO tempest.lib.common.rest_client [req-1c467fa8-6fe3-4a9b-a2f7-ec36b3639356 req-1c467fa8-6fe3-4a9b-a2f7-ec36b3639356 ] Request (QuotasSecurityGroupAdminNegativeTest:setUpClass): 204 PUT http://10.180.1.21/identity/v3/projects/9b5c576953554252a822079004a2cf4f/users/7c0deefefcdc4bf5b6c01328ce66efd4/roles/cd8e4fc1fb8e4960a5d9023b802e2426 0.619s
2025-03-06 06:00:51.716 69513 INFO tempest.lib.common.dynamic_creds [-] Dynamic test user 7c0deefefcdc4bf5b6c01328ce66efd4 is created with scope project and roles: ['admin']
2025-03-06 06:00:51.716 69513 INFO tempest.lib.common.dynamic_creds [-] Acquired dynamic creds: credentials: Credentials: {'domain_id': 'default', 'domain_name': 'Default', 'username': 'tempest-QuotasSecurityGroupAdminNegativeTest-1557756516-project-admin', 'project_domain_id': 'default', 'project_domain_name': 'Default', 'project_id': '9b5c576953554252a822079004a2cf4f', 'project_name': 'tempest-QuotasSecurityGroupAdminNegativeTest-1557756516', 'tenant_id': '9b5c576953554252a822079004a2cf4f', 'tenant_name': 'tempest-QuotasSecurityGroupAdminNegativeTest-1557756516', 'user_domain_id': 'default', 'user_domain_name': 'Default', 'user_id': '7c0deefefcdc4bf5b6c01328ce66efd4', 'system': None}, Network: None, Subnet: None, Router: None
2025-03-06 06:00:51.716 69513 INFO tempest.lib.common.dynamic_creds [-] Created isolated network resources for: credentials: Credentials: {'domain_id': 'default', 'domain_name': 'Default', 'username': 'tempest-QuotasSecurityGroupAdminNegativeTest-1557756516-project-admin', 'project_domain_id': 'default', 'project_domain_name': 'Default', 'project_id': '9b5c576953554252a822079004a2cf4f', 'project_name': 'tempest-QuotasSecurityGroupAdminNegativeTest-1557756516', 'tenant_id': '9b5c576953554252a822079004a2cf4f', 'tenant_name': 'tempest-QuotasSecurityGroupAdminNegativeTest-1557756516', 'user_domain_id': 'default', 'user_domain_name': 'Default', 'user_id': '7c0deefefcdc4bf5b6c01328ce66efd4', 'system': None}, Network: None, Subnet: None, Router: None
2025-03-06 06:00:51.769 69536 INFO tempest.lib.common.rest_client [req-14122826-5e46-479f-9672-8f91cc0765dc req-14122826-5e46-479f-9672-8f91cc0765dc ] Request (ServersWithSpecificFlavorTestJSON:setUpClass): 200 GET http://10.180.1.21/identity/v3/roles 0.648s
2025-03-06 06:00:51.798 69543 INFO tempest.lib.common.rest_client [req-8b17ae50-21c1-4742-b3a6-73be1e2dc9f9 req-8b17ae50-21c1-4742-b3a6-73be1e2dc9f9 ] Request (FlavorsAccessNegativeTestJSON:setUpClass): 204 PUT http://10.180.1.21/identity/v3/projects/dc4c6d4fd5cf4e559586592d0d68dbcf/users/9535e6b14c8a4331a8ed8f501e1142d0/roles/cd8e4fc1fb8e4960a5d9023b802e2426 0.686s
2025-03-06 06:00:51.842 69505 INFO tempest.lib.common.rest_client [req-95a8b2b7-fb76-4259-a81a-e376070227b2 req-95a8b2b7-fb76-4259-a81a-e376070227b2 ] Request (ImagesOneServerNegativeTestJSON:setUpClass): 201 POST http://10.180.1.21/identity/v3/auth/tokens 0.718s
2025-03-06 06:00:51.870 69503 INFO tempest.lib.common.rest_client [req-7d4b8f5e-f941-4e2c-bd81-0f0d9f77fcd2 req-7d4b8f5e-f941-4e2c-bd81-0f0d9f77fcd2 ] Request (VolumesAssistedSnapshotsTest:setUpClass): 200 GET http://10.180.1.21/identity/v3/roles 0.725s
2025-03-06 06:00:51.873 69555 INFO tempest.lib.common.rest_client [req-a78f99cb-d634-4581-b0c4-c34f15ea8432 req-a78f99cb-d634-4581-b0c4-c34f15ea8432 ] Request (FlavorsAccessTestJSON:setUpClass): 204 PUT http://10.180.1.21/identity/v3/projects/4343884f6233412b8f4c68478b6507d2/users/5f97db0657b9405ca878df2018e9158c/roles/cd8e4fc1fb8e4960a5d9023b802e2426 0.739s
2025-03-06 06:00:51.926 69523 INFO tempest.lib.common.rest_client [req-07891cc9-3833-491c-ba53-c153eb434318 req-07891cc9-3833-491c-ba53-c153eb434318 ] Request (HypervisorAdminTestJSON:setUpClass): 200 GET http://10.180.1.21/identity/v3/roles 0.760s
2025-03-06 06:00:51.931 69529 INFO tempest.lib.common.rest_client [req-1996afbd-f736-4d86-9c90-12c92e7f7514 req-1996afbd-f736-4d86-9c90-12c92e7f7514 ] Request (QuotasAdminNegativeTest:setUpClass): 204 PUT http://10.180.1.21/identity/v3/projects/4c9b63f4f59d4bf59fe96efea85b9e1d/users/8d2c2c3827164ee1bdcde6d927134cd9/roles/cd8e4fc1fb8e4960a5d9023b802e2426 0.777s
2025-03-06 06:00:51.978 69509 INFO tempest.lib.common.rest_client [req-d70f55de-68a9-4965-b312-c1fa4f12f6d3 req-d70f55de-68a9-4965-b312-c1fa4f12f6d3 ] Request (FlavorsExtraSpecsTestJSON:setUpClass): 204 PUT http://10.180.1.21/identity/v3/projects/34382698aa8541a4a5f08a66a585ef09/users/463cee59a900422db73db6ed23511fc8/roles/cd8e4fc1fb8e4960a5d9023b802e2426 0.769s
2025-03-06 06:00:51.979 69509 INFO tempest.lib.common.dynamic_creds [-] Dynamic test user 463cee59a900422db73db6ed23511fc8 is created with scope project and roles: ['admin']
2025-03-06 06:00:51.979 69509 INFO tempest.lib.common.dynamic_creds [-] Acquired dynamic creds: credentials: Credentials: {'domain_id': 'default', 'domain_name': 'Default', 'username': 'tempest-FlavorsExtraSpecsTestJSON-258388358-project-admin', 'project_domain_id': 'default', 'project_domain_name': 'Default', 'project_id': '34382698aa8541a4a5f08a66a585ef09', 'project_name': 'tempest-FlavorsExtraSpecsTestJSON-258388358', 'tenant_id': '34382698aa8541a4a5f08a66a585ef09', 'tenant_name': 'tempest-FlavorsExtraSpecsTestJSON-258388358', 'user_domain_id': 'default', 'user_domain_name': 'Default', 'user_id': '463cee59a900422db73db6ed23511fc8', 'system': None}, Network: None, Subnet: None, Router: None
2025-03-06 06:00:51.979 69509 INFO tempest.lib.common.dynamic_creds [-] Created isolated network resources for: credentials: Credentials: {'domain_id': 'default', 'domain_name': 'Default', 'username': 'tempest-FlavorsExtraSpecsTestJSON-258388358-project-admin', 'project_domain_id': 'default', 'project_domain_name': 'Default', 'project_id': '34382698aa8541a4a5f08a66a585ef09', 'project_name': 'tempest-FlavorsExtraSpecsTestJSON-258388358', 'tenant_id': '34382698aa8541a4a5f08a66a585ef09', 'tenant_name': 'tempest-FlavorsExtraSpecsTestJSON-258388358', 'user_domain_id': 'default', 'user_domain_name': 'Default', 'user_id': '463cee59a900422db73db6ed23511fc8', 'system': None}, Network: None, Subnet: None, Router: None
2025-03-06 06:00:51.984 69563 INFO tempest.lib.common.rest_client [req-9e259e25-e131-4117-8bfc-1efec63004b5 req-9e259e25-e131-4117-8bfc-1efec63004b5 ] Request (AggregatesAdminNegativeTestJSON:setUpClass): 204 PUT http://10.180.1.21/identity/v3/projects/dcaa851ff69b4349a853979f5fb7bbd0/users/70f0e8af5acd4bb28f62e332a2a38ef5/roles/cd8e4fc1fb8e4960a5d9023b802e2426 0.813s
2025-03-06 06:00:52.029 69539 INFO tempest.lib.common.rest_client [req-5db77d5e-98a5-4795-bde6-86d3e5665327 req-5db77d5e-98a5-4795-bde6-86d3e5665327 ] Request (DeleteServersAdminTestJSON:test_admin_delete_servers_of_others): 201 POST http://10.180.1.21/identity/v3/auth/tokens 0.759s
2025-03-06 06:00:52.030 69539 INFO tempest.lib.common.fixed_network [-] (DeleteServersAdminTestJSON:test_admin_delete_servers_of_others) Found network None available for tenant
2025-03-06 06:00:52.040 69557 INFO tempest.lib.common.rest_client [req-c59b52b5-91f0-4478-ad7c-ba7812ae0e58 req-c59b52b5-91f0-4478-ad7c-ba7812ae0e58 ] Request (AZAdminNegativeTestJSON:setUpClass): 204 PUT http://10.180.1.21/identity/v3/projects/1402fbf31f5e4e298c01bf13fead91aa/users/e2849682242d47eabaf89bcb4cf05ad3/roles/cd8e4fc1fb8e4960a5d9023b802e2426 0.740s
2025-03-06 06:00:52.081 69565 INFO tempest.lib.common.rest_client [req-27e7082a-f957-482f-8cb6-e26d7e5c3bca req-27e7082a-f957-482f-8cb6-e26d7e5c3bca ] Request (QuotasAdminTestV236:setUpClass): 204 PUT http://10.180.1.21/identity/v3/projects/83cc7b317ecb49dfb49bc45e24c5f031/users/c3ae6c59ea854da0b0d0ebacf6468a27/roles/cd8e4fc1fb8e4960a5d9023b802e2426 0.718s
2025-03-06 06:00:52.145 69531 INFO tempest.lib.common.rest_client [req-437d6821-b884-4b4a-8d62-47e2606c5c71 req-437d6821-b884-4b4a-8d62-47e2606c5c71 ] Request (FlavorsExtraSpecsNegativeTestJSON:setUpClass): 201 POST http://10.180.1.21/identity/v3/auth/tokens 0.760s
2025-03-06 06:00:52.146 69559 INFO tempest.lib.common.rest_client [req-44d5a759-89e1-47ca-993b-c7645896361d req-44d5a759-89e1-47ca-993b-c7645896361d ] Request (MigrationsAdminTest:setUpClass): 200 GET http://10.180.1.21/identity/v3/roles 0.753s
2025-03-06 06:00:52.161 69537 INFO tempest.lib.common.rest_client [req-884cea98-60e2-4bb8-9074-e9c22770ac63 req-884cea98-60e2-4bb8-9074-e9c22770ac63 ] Request (QuotaClassesAdmin257Test:setUpClass): 204 PUT http://10.180.1.21/identity/v3/projects/bfc3e405eb74446d8754ac1dad71f15b/users/203bcb52f9fd43f6bb0dac4723af9ab2/roles/cd8e4fc1fb8e4960a5d9023b802e2426 0.718s
2025-03-06 06:00:52.162 69537 INFO tempest.lib.common.dynamic_creds [-] Dynamic test user 203bcb52f9fd43f6bb0dac4723af9ab2 is created with scope project and roles: ['admin']
2025-03-06 06:00:52.162 69537 INFO tempest.lib.common.dynamic_creds [-] Acquired dynamic creds: credentials: Credentials: {'domain_id': 'default', 'domain_name': 'Default', 'username': 'tempest-QuotaClassesAdmin257Test-919779424-project-admin', 'project_domain_id': 'default', 'project_domain_name': 'Default', 'project_id': 'bfc3e405eb74446d8754ac1dad71f15b', 'project_name': 'tempest-QuotaClassesAdmin257Test-919779424', 'tenant_id': 'bfc3e405eb74446d8754ac1dad71f15b', 'tenant_name': 'tempest-QuotaClassesAdmin257Test-919779424', 'user_domain_id': 'default', 'user_domain_name': 'Default', 'user_id': '203bcb52f9fd43f6bb0dac4723af9ab2', 'system': None}, Network: None, Subnet: None, Router: None
2025-03-06 06:00:52.162 69537 INFO tempest.lib.common.dynamic_creds [-] Created isolated network resources for: credentials: Credentials: {'domain_id': 'default', 'domain_name': 'Default', 'username': 'tempest-QuotaClassesAdmin257Test-919779424-project-admin', 'project_domain_id': 'default', 'project_domain_name': 'Default', 'project_id': 'bfc3e405eb74446d8754ac1dad71f15b', 'project_name': 'tempest-QuotaClassesAdmin257Test-919779424', 'tenant_id': 'bfc3e405eb74446d8754ac1dad71f15b', 'tenant_name': 'tempest-QuotaClassesAdmin257Test-919779424', 'user_domain_id': 'default', 'user_domain_name': 'Default', 'user_id': '203bcb52f9fd43f6bb0dac4723af9ab2', 'system': None}, Network: None, Subnet: None, Router: None
2025-03-06 06:00:52.213 69519 INFO tempest.lib.common.rest_client [req-4274ab78-ec8a-4007-8f82-484631e49b3b req-4274ab78-ec8a-4007-8f82-484631e49b3b ] Request (HypervisorAdminV253TestBase:setUpClass): 200 GET http://10.180.1.21/identity/v3/roles 0.758s
2025-03-06 06:00:52.233 69521 INFO tempest.lib.common.rest_client [req-b0db4811-e9cf-48c2-9d4c-63abcb26b0f3 req-b0db4811-e9cf-48c2-9d4c-63abcb26b0f3 ] Request (SecurityGroupsTestAdminJSON:setUpClass): 200 GET http://10.180.1.21/identity/v3/roles 0.769s
2025-03-06 06:00:52.275 69515 INFO tempest.lib.common.rest_client [req-a2bebc92-bad8-4904-9a7c-0c7670150c13 req-a2bebc92-bad8-4904-9a7c-0c7670150c13 ] Request (HypervisorAdminNegativeTestJSON:test_get_hypervisor_list_details_with_non_admin_user): 403 GET http://10.180.1.21/compute/v2.1/os-hypervisors/detail 1.209s
2025-03-06 06:00:52.304 69525 INFO tempest.lib.common.rest_client [req-799c70df-d8ed-4176-921e-96bbc26d2e07 req-799c70df-d8ed-4176-921e-96bbc26d2e07 ] Request (HypervisorAdminV228Test:tearDownClass): 204 DELETE http://10.180.1.21/identity/v3/users/d049cfb18bff4368ad9e001aabc73e42 0.835s
2025-03-06 06:00:52.348 69507 INFO tempest.lib.common.rest_client [req-027b47cf-8860-4fec-96a3-5ffbf917ac8a req-027b47cf-8860-4fec-96a3-5ffbf917ac8a ] Request (FlavorsV255TestJSON:test_crud_flavor): 200 PUT http://10.180.1.21/compute/v2.1/flavors/1865233097 0.957s
2025-03-06 06:00:52.361 69533 INFO tempest.lib.common.rest_client [req-a91a7266-9ac6-4382-8817-5a24317f68f5 req-a91a7266-9ac6-4382-8817-5a24317f68f5 ] Request (FlavorMetadataValidation:setUpClass): 200 GET http://10.180.1.21/identity/v3/roles 0.846s
2025-03-06 06:00:52.373 69553 INFO tempest.lib.common.rest_client [req-150836d4-ec9e-40c3-a6d3-5874b83cabaf req-150836d4-ec9e-40c3-a6d3-5874b83cabaf ] Request (ImagesMetadataNegativeTestJSON:test_list_nonexistent_image_metadata): 404 GET http://10.180.1.21/compute/v2.1/images/b2f9fa4d-7347-491d-a08d-2594436846a5/metadata 0.949s
2025-03-06 06:00:52.385 69511 INFO tempest.lib.common.rest_client [req-181aed92-d22e-49a0-ab6a-ccb6507dd8ad req-181aed92-d22e-49a0-ab6a-ccb6507dd8ad ] Request (InstanceUsageAuditLogNegativeTestJSON:setUpClass): 200 GET http://10.180.1.21/identity/v3/roles 0.818s
2025-03-06 06:00:52.407 69551 INFO tempest.lib.common.rest_client [req-f8f97ad2-1608-44f4-a3a4-914e75c56de3 req-f8f97ad2-1608-44f4-a3a4-914e75c56de3 ] Request (ServicesAdminNegativeV253TestJSON:setUpClass): 200 GET http://10.180.1.21/identity/v3/roles 0.767s
2025-03-06 06:00:52.423 69527 INFO tempest.lib.common.rest_client [req-5641accf-cd15-4fec-97bc-9ce75391c2de req-5641accf-cd15-4fec-97bc-9ce75391c2de ] Request (AZAdminV2TestJSON:test_get_availability_zone_list): 200 GET http://10.180.1.21/compute/v2.1/os-availability-zone 1.076s
2025-03-06 06:00:52.449 69517 INFO tempest.lib.common.rest_client [req-4689cb9b-8b5c-4242-9e62-8965c5d02fcc req-4689cb9b-8b5c-4242-9e62-8965c5d02fcc ] Request (HostsAdminTestJSON:test_list_hosts_with_nonexistent_zone): 200 GET http://10.180.1.21/compute/v2.1/os-hosts?zone=xxx 0.961s
2025-03-06 06:00:52.453 69545 INFO tempest.lib.common.rest_client [req-b08bcad4-4059-46aa-a65d-470bb3690c41 req-b08bcad4-4059-46aa-a65d-470bb3690c41 ] Request (SecurityGroupsNegativeTestJSON:test_delete_the_default_security_group): 400 DELETE http://10.180.1.21/compute/v2.1/os-security-groups/23cca551-a307-483d-96b9-5b0175669e0d 1.006s
2025-03-06 06:00:52.482 69561 INFO tempest.lib.common.rest_client [req-b46b6146-540b-4e91-9051-dd9aaf1e4f45 req-b46b6146-540b-4e91-9051-dd9aaf1e4f45 ] Request (KeyPairsV2TestJSON:test_keypair_create_delete): 200 POST http://10.180.1.21/compute/v2.1/os-keypairs 0.971s
2025-03-06 06:00:52.482 69547 INFO tempest.lib.common.rest_client [req-9cf477e2-fc7e-40d4-8a52-7f7892a66a8d req-9cf477e2-fc7e-40d4-8a52-7f7892a66a8d ] Request (FloatingIPDetailsNegativeTestJSON:tearDownClass): 204 DELETE http://10.180.1.21/identity/v3/projects/9eb7dd24a9b544ee8fce05e3baca0bf4 0.784s
2025-03-06 06:00:52.500 69542 INFO tempest.lib.common.rest_client [req-b672e3ce-f0d1-4187-a709-b1fbd49ce435 req-b672e3ce-f0d1-4187-a709-b1fbd49ce435 ] Request (HostsAdminNegativeTestJSON:setUpClass): 200 GET http://10.180.1.21/identity/v3/roles 0.851s
2025-03-06 06:00:52.511 69549 INFO tempest.lib.common.rest_client [req-b31c1c60-162b-4c62-9c29-3116454315f9 req-b31c1c60-162b-4c62-9c29-3116454315f9 ] Request (FlavorsV261TestJSON:setUpClass): 200 GET http://10.180.1.21/identity/v3/roles 0.804s
2025-03-06 06:00:52.542 69536 INFO tempest.lib.common.rest_client [req-85ce6bb9-91d9-4065-9e22-7e34f46615ea req-85ce6bb9-91d9-4065-9e22-7e34f46615ea ] Request (ServersWithSpecificFlavorTestJSON:setUpClass): 204 PUT http://10.180.1.21/identity/v3/projects/b41ed4f93a1345e0ab7e8a9f37de834e/users/581111e8d9a0468da0ebc3ff786a4ab9/roles/cd8e4fc1fb8e4960a5d9023b802e2426 0.773s
2025-03-06 06:00:52.575 69513 INFO tempest.lib.common.rest_client [req-579e2bf0-9856-4ca7-99ba-7d63bc440873 req-579e2bf0-9856-4ca7-99ba-7d63bc440873 ] Request (QuotasSecurityGroupAdminNegativeTest:setUpClass): 201 POST http://10.180.1.21/identity/v3/auth/tokens 0.856s
2025-03-06 06:00:52.575 69513 WARNING tempest.lib.common.rest_client [-] Deprecated: "tenant_id" property is deprecated for removal, use "project_id" instead
2025-03-06 06:00:52.595 69543 INFO tempest.lib.common.rest_client [req-043f64a7-9a6d-4773-b8d5-31d2c109ce5f req-043f64a7-9a6d-4773-b8d5-31d2c109ce5f ] Request (FlavorsAccessNegativeTestJSON:setUpClass): 200 GET http://10.180.1.21/identity/v3/roles 0.796s
2025-03-06 06:00:52.625 69503 INFO tempest.lib.common.rest_client [req-ef491ca7-4564-428b-bc5b-77af0e258af2 req-ef491ca7-4564-428b-bc5b-77af0e258af2 ] Request (VolumesAssistedSnapshotsTest:setUpClass): 204 PUT http://10.180.1.21/identity/v3/projects/54177d84b7f34d928e5c40a1aebecb8e/users/b6d7363fa9804e2686f4513509b96950/roles/cd8e4fc1fb8e4960a5d9023b802e2426 0.755s
2025-03-06 06:00:52.631 69505 INFO tempest.lib.common.rest_client [req-a244df62-b44e-4a0f-b45a-f8a406f3629b req-a244df62-b44e-4a0f-b45a-f8a406f3629b ] Request (ImagesOneServerNegativeTestJSON:setUpClass): 201 POST http://10.180.1.21/identity/v3/auth/tokens 0.784s
