2025-03-06 06:01:30.616 69515 INFO tempest.lib.common.rest_client [req-412a2136-0b52-430c-81dc-19d7f29a5d8b req-412a2136-0b52-430c-81dc-19d7f29a5d8b ] Request (KeyPairsNegativeTestJSON:test_keypair_delete_nonexistent_key): 404 DELETE http://10.180.1.21/compute/v2.1/os-keypairs/tempest-keypair-non-existent-1348166405 2.063s
2025-03-06 06:01:30.659 69555 INFO tempest.lib.common.rest_client [req-d1d83b6d-4203-4ce9-8098-6e2a36b6dc48 req-d1d83b6d-4203-4ce9-8098-6e2a36b6dc48 ] Request (ServicesAdminNegativeTestJSON:tearDownClass): 204 DELETE http://10.180.1.21/identity/v3/projects/194c23d93eb0466abbd2133c330053ac 0.147s
2025-03-06 06:01:30.666 69531 INFO tempest.lib.common.rest_client [req-654b0ece-7521-4a57-8a31-7c0b3d245c3b req-654b0ece-7521-4a57-8a31-7c0b3d245c3b ] Request (KeyPairsV22TestJSON:test_keypairs_create_list_delete): 201 POST http://10.180.1.21/compute/v2.1/os-keypairs 2.078s
2025-03-06 06:01:30.703 69555 INFO tempest.lib.common.rest_client [req-f164896d-4c32-4f25-acd1-0952255e7eb1 req-f164896d-4c32-4f25-acd1-0952255e7eb1 ] Request (FloatingIPsAssociationTestJSON:setUpClass): 201 POST http://10.180.1.21/identity/v3/auth/tokens 0.042s
2025-03-06 06:01:30.775 69555 INFO tempest.lib.common.rest_client [req-c1e70799-8540-4ce3-aed3-2911d62be0fc req-c1e70799-8540-4ce3-aed3-2911d62be0fc ] Request (FloatingIPsAssociationTestJSON:setUpClass): 201 POST http://10.180.1.21/identity/v3/auth/tokens 0.069s
2025-03-06 06:01:30.778 69553 INFO tempest.lib.common.rest_client [req-ade96e87-760c-4698-82f9-952d714df293 req-ade96e87-760c-4698-82f9-952d714df293 ] Request (ServersV294TestFqdnHostnames:setUpClass): 200 GET http://10.180.1.21/compute/v2.1/servers/b99b6af4-b37d-44cf-81d7-de744d7cc8e5 2.139s
2025-03-06 06:01:30.796 69515 INFO tempest.lib.common.rest_client [req-fafb8dd0-edcb-4a00-a1ba-2fdbb2518336 req-fafb8dd0-edcb-4a00-a1ba-2fdbb2518336 ] Request (KeyPairsNegativeTestJSON:tearDownClass): 204 DELETE http://10.180.1.21/identity/v3/users/716c85520d294bb9b5f21709e47d9337 0.178s
2025-03-06 06:01:30.796 69515 INFO tempest.lib.common.dynamic_creds [-] Deleting project and security group for project: 811d9e55fc7e4e64b9fad678c50343ca
2025-03-06 06:01:30.798 69555 INFO tempest.lib.common.rest_client [req-f63e256d-df26-4b67-9a50-3ec9f578c03c req-f63e256d-df26-4b67-9a50-3ec9f578c03c ] Request (FloatingIPsAssociationTestJSON:setUpClass): 200 GET http://10.180.1.21/identity/v3/domains?name=Default 0.023s
2025-03-06 06:01:30.820 69517 INFO tempest.lib.common.rest_client [req-b12a3b28-0d6a-4da3-8bbc-33b5635f79ba req-b12a3b28-0d6a-4da3-8bbc-33b5635f79ba ] Request (ServersTestFqdnHostnames:test_create_server_with_fqdn_name): 202 POST http://10.180.1.21/compute/v2.1/servers 2.563s
2025-03-06 06:01:30.870 69555 INFO tempest.lib.common.rest_client [req-590f68a3-103b-4b41-ad3a-d2f4e61d05ec req-590f68a3-103b-4b41-ad3a-d2f4e61d05ec ] Request (FloatingIPsAssociationTestJSON:setUpClass): 201 POST http://10.180.1.21/identity/v3/projects 0.070s
2025-03-06 06:01:30.885 69515 INFO tempest.lib.common.rest_client [req-ba9a209c-cac4-43a6-9b9d-362e78811d80 req-ba9a209c-cac4-43a6-9b9d-362e78811d80 ] Request (KeyPairsNegativeTestJSON:tearDownClass): 201 POST http://10.180.1.21/identity/v3/auth/tokens 0.088s
2025-03-06 06:01:30.890 69539 INFO tempest.lib.common.rest_client [req-0dae39a1-5980-4229-a1a1-5a5258dc909f req-0dae39a1-5980-4229-a1a1-5a5258dc909f ] Request (DeleteServersAdminTestJSON:test_admin_delete_servers_of_others): 200 GET http://10.180.1.21/compute/v2.1/servers/7e74fe1d-28cd-4dcb-be20-c3617e3c2d23 1.874s
2025-03-06 06:01:30.941 69555 INFO tempest.lib.common.rest_client [req-cf2a0f49-cc15-470e-8999-425d92c331b0 req-cf2a0f49-cc15-470e-8999-425d92c331b0 ] Request (FloatingIPsAssociationTestJSON:setUpClass): 201 POST http://10.180.1.21/identity/v3/users 0.070s
2025-03-06 06:01:30.943 69536 INFO tempest.lib.common.rest_client [req-7e44c374-367c-4f16-8a66-51451104157e req-7e44c374-367c-4f16-8a66-51451104157e ] Request (ServersWithSpecificFlavorTestJSON:test_verify_created_server_ephemeral_disk): 200 GET http://10.180.1.21/compute/v2.1/servers/54ecef88-0417-45f5-8558-3dbda97fd4c8 1.800s
2025-03-06 06:01:30.952 69536 INFO tempest.common.waiters [-] State transition "BUILD/scheduling" ==> "BUILD/None" after 10 second wait
2025-03-06 06:01:30.974 69509 INFO tempest.lib.common.rest_client [req-0ab5d7c4-af2d-407d-8a1e-ea4bde8bd6ff req-0ab5d7c4-af2d-407d-8a1e-ea4bde8bd6ff ] Request (FlavorsV2TestJSON:test_list_flavors_detailed_filter_by_min_ram): 200 GET http://10.180.1.21/compute/v2.1/flavors/detail?minRam=193 1.667s
2025-03-06 06:01:31.020 69555 INFO tempest.lib.common.rest_client [req-9f694ec1-cb02-4174-b27b-66a5fbd940ec req-9f694ec1-cb02-4174-b27b-66a5fbd940ec ] Request (FloatingIPsAssociationTestJSON:setUpClass): 200 GET http://10.180.1.21/identity/v3/roles 0.078s
2025-03-06 06:01:31.040 69537 INFO tempest.lib.common.rest_client [req-a271d594-970a-48df-aa51-0818e860bbdc req-a271d594-970a-48df-aa51-0818e860bbdc ] Request (ServersTestJSON:setUpClass): 200 PUT http://10.180.1.21:9696/networking/v2.0/routers/3efe6de2-b28d-47c7-9155-ca737b687ab5/add_router_interface 3.843s
2025-03-06 06:01:31.040 69537 INFO tempest.lib.common.dynamic_creds [-] Created isolated network resources for: credentials: Credentials: {'domain_id': 'default', 'domain_name': 'Default', 'username': 'tempest-ServersTestJSON-1144750158-project-member', 'project_domain_id': 'default', 'project_domain_name': 'Default', 'project_id': '2df40ac80418479cbed9db1dcf2f5990', 'project_name': 'tempest-ServersTestJSON-1144750158', 'tenant_id': '2df40ac80418479cbed9db1dcf2f5990', 'tenant_name': 'tempest-ServersTestJSON-1144750158', 'user_domain_id': 'default', 'user_domain_name': 'Default', 'user_id': '8ee89fc78e8a4c2e9bf6c7bc05e70608', 'system': None}, Network: {'id': '143ba519-22b0-469d-a281-d97b1e5c0f0d', 'name': 'tempest-ServersTestJSON-771575682-network', 'tenant_id': '2df40ac80418479cbed9db1dcf2f5990', 'admin_state_up': True, 'mtu': 8950, 'status': 'ACTIVE', 'subnets': [], 'shared': False, 'project_id': '2df40ac80418479cbed9db1dcf2f5990', 'port_security_enabled': True, 'router:external': False, 'provider:network_type': 'vlan', 'provider:physical_network': 'default', 'provider:segmentation_id': 864, 'availability_zone_hints': [], 'availability_zones': [], 'ipv4_address_scope': None, 'ipv6_address_scope': None, 'description': '', 'tags': [], 'created_at': '2025-03-06T06:01:24Z', 'updated_at': '2025-03-06T06:01:24Z', 'revision_number': 1}, Subnet: {'id': 'f3bb72b8-5379-4a8e-8f58-a628af9c6e95', 'name': 'tempest-ServersTestJSON-771575682-subnet', 'tenant_id': '2df40ac80418479cbed9db1dcf2f5990', 'network_id': '143ba519-22b0-469d-a281-d97b1e5c0f0d', 'ip_version': 4, 'subnetpool_id': None, 'enable_dhcp': True, 'ipv6_ra_mode': None, 'ipv6_address_mode': None, 'gateway_ip': '192.168.128.1', 'cidr': '192.168.128.0/28', 'allocation_pools': [{'start': '192.168.128.2', 'end': '192.168.128.14'}], 'host_routes': [], 'dns_nameservers': [], 'description': '', 'router:external': False, 'service_types': [], 'tags': [], 'created_at': '2025-03-06T06:01:24Z', 'updated_at': '2025-03-06T06:01:24Z', 'revision_number': 0, 'project_id': '2df40ac80418479cbed9db1dcf2f5990'}, Router: {'id': '3efe6de2-b28d-47c7-9155-ca737b687ab5', 'name': 'tempest-ServersTestJSON-771575682-router', 'tenant_id': '2df40ac80418479cbed9db1dcf2f5990', 'admin_state_up': True, 'status': 'ACTIVE', 'external_gateway_info': {'network_id': '81dfb12b-e28f-42bc-8d6a-f1228fcd73d0', 'external_fixed_ips': [{'subnet_id': '6cfb88e1-35dd-4b2c-bfb4-263f4a8bc5cd', 'ip_address': '10.180.180.194'}], 'enable_snat': True}, 'description': '', 'availability_zones': [], 'distributed': False, 'ha': False, 'availability_zone_hints': [], 'routes': [], 'flavor_id': None, 'tags': [], 'created_at': '2025-03-06T06:01:25Z', 'updated_at': '2025-03-06T06:01:26Z', 'revision_number': 2, 'project_id': '2df40ac80418479cbed9db1dcf2f5990'}
2025-03-06 06:01:31.041 69529 INFO tempest.lib.common.rest_client [req-2d06b8e8-e4ed-4f89-ad63-eef261171dd3 req-2d06b8e8-e4ed-4f89-ad63-eef261171dd3 ] Request (ServersAdminTestJSON:setUpClass): 200 PUT http://10.180.1.21:9696/networking/v2.0/routers/742a1291-2332-4338-92f0-5fb09d900b53/add_router_interface 3.883s
2025-03-06 06:01:31.042 69529 INFO tempest.lib.common.dynamic_creds [-] Created isolated network resources for: credentials: Credentials: {'domain_id': 'default', 'domain_name': 'Default', 'username': 'tempest-ServersAdminTestJSON-686956909-project-member', 'project_domain_id': 'default', 'project_domain_name': 'Default', 'project_id': '1ec6e549a17749538feaa7da71d01c09', 'project_name': 'tempest-ServersAdminTestJSON-686956909', 'tenant_id': '1ec6e549a17749538feaa7da71d01c09', 'tenant_name': 'tempest-ServersAdminTestJSON-686956909', 'user_domain_id': 'default', 'user_domain_name': 'Default', 'user_id': '69b0c802c82442058875e2a5d028cbed', 'system': None}, Network: {'id': '3a885490-69b5-423b-817d-5f04c6239ccc', 'name': 'tempest-ServersAdminTestJSON-749963551-network', 'tenant_id': '1ec6e549a17749538feaa7da71d01c09', 'admin_state_up': True, 'mtu': 8950, 'status': 'ACTIVE', 'subnets': [], 'shared': False, 'project_id': '1ec6e549a17749538feaa7da71d01c09', 'port_security_enabled': True, 'router:external': False, 'provider:network_type': 'vlan', 'provider:physical_network': 'default', 'provider:segmentation_id': 337, 'availability_zone_hints': [], 'availability_zones': [], 'ipv4_address_scope': None, 'ipv6_address_scope': None, 'description': '', 'tags': [], 'created_at': '2025-03-06T06:01:24Z', 'updated_at': '2025-03-06T06:01:24Z', 'revision_number': 1}, Subnet: {'id': 'c50496de-f96a-45a7-85d0-3fd34322203c', 'name': 'tempest-ServersAdminTestJSON-749963551-subnet', 'tenant_id': '1ec6e549a17749538feaa7da71d01c09', 'network_id': '3a885490-69b5-423b-817d-5f04c6239ccc', 'ip_version': 4, 'subnetpool_id': None, 'enable_dhcp': True, 'ipv6_ra_mode': None, 'ipv6_address_mode': None, 'gateway_ip': '192.168.128.1', 'cidr': '192.168.128.0/28', 'allocation_pools': [{'start': '192.168.128.2', 'end': '192.168.128.14'}], 'host_routes': [], 'dns_nameservers': [], 'description': '', 'router:external': False, 'service_types': [], 'tags': [], 'created_at': '2025-03-06T06:01:24Z', 'updated_at': '2025-03-06T06:01:24Z', 'revision_number': 0, 'project_id': '1ec6e549a17749538feaa7da71d01c09'}, Router: {'id': '742a1291-2332-4338-92f0-5fb09d900b53', 'name': 'tempest-ServersAdminTestJSON-749963551-router', 'tenant_id': '1ec6e549a17749538feaa7da71d01c09', 'admin_state_up': True, 'status': 'ACTIVE', 'external_gateway_info': {'network_id': '81dfb12b-e28f-42bc-8d6a-f1228fcd73d0', 'external_fixed_ips': [{'subnet_id': '6cfb88e1-35dd-4b2c-bfb4-263f4a8bc5cd', 'ip_address': '10.180.180.226'}], 'enable_snat': True}, 'description': '', 'availability_zones': [], 'distributed': False, 'ha': False, 'availability_zone_hints': [], 'routes': [], 'flavor_id': None, 'tags': [], 'created_at': '2025-03-06T06:01:25Z', 'updated_at': '2025-03-06T06:01:25Z', 'revision_number': 2, 'project_id': '1ec6e549a17749538feaa7da71d01c09'}
2025-03-06 06:01:31.059 69555 INFO tempest.lib.common.rest_client [req-68acc062-fd5f-43e7-815d-ead82bd24ce2 req-68acc062-fd5f-43e7-815d-ead82bd24ce2 ] Request (FloatingIPsAssociationTestJSON:setUpClass): 204 PUT http://10.180.1.21/identity/v3/projects/9a710f170b37497f870762d9876524b9/users/12b96bbf87d9435a8357dc00605a27f2/roles/868b9b0d2183493a97f60ef348782606 0.038s
2025-03-06 06:01:31.059 69555 INFO tempest.lib.common.dynamic_creds [-] Dynamic test user 12b96bbf87d9435a8357dc00605a27f2 is created with scope project and roles: ['member']
2025-03-06 06:01:31.060 69555 INFO tempest.lib.common.dynamic_creds [-] Acquired dynamic creds: credentials: Credentials: {'domain_id': 'default', 'domain_name': 'Default', 'username': 'tempest-FloatingIPsAssociationTestJSON-1805583085-project-member', 'project_domain_id': 'default', 'project_domain_name': 'Default', 'project_id': '9a710f170b37497f870762d9876524b9', 'project_name': 'tempest-FloatingIPsAssociationTestJSON-1805583085', 'tenant_id': '9a710f170b37497f870762d9876524b9', 'tenant_name': 'tempest-FloatingIPsAssociationTestJSON-1805583085', 'user_domain_id': 'default', 'user_domain_name': 'Default', 'user_id': '12b96bbf87d9435a8357dc00605a27f2', 'system': None}, Network: None, Subnet: None, Router: None
2025-03-06 06:01:31.065 69533 INFO tempest.lib.common.rest_client [req-d3bacde7-d755-4410-ae55-464d6d4e06a1 req-d3bacde7-d755-4410-ae55-464d6d4e06a1 ] Request (FloatingIPsTestJSON:tearDownClass): 204 DELETE http://10.180.1.21:9696/networking/v2.0/routers/e0516431-d66c-46a6-b14b-f9e7dd3a3e46 1.766s
2025-03-06 06:01:31.068 69557 INFO tempest.lib.common.rest_client [req-246b69bd-0fdb-4c2b-b741-565cb0392a92 req-246b69bd-0fdb-4c2b-b741-565cb0392a92 ] Request (QuotasAdminTestJSON:test_get_updated_quotas): 200 PUT http://10.180.1.21/compute/v2.1/os-quota-sets/8be9839abd4149a1b14229dd8f69f4cf 1.891s
2025-03-06 06:01:31.097 69543 INFO tempest.lib.common.rest_client [req-18317598-99a5-4c49-986e-71a126a9d6dc req-18317598-99a5-4c49-986e-71a126a9d6dc ] Request (FlavorsAccessNegativeTestJSON:test_remove_flavor_access_not_found): 200 POST http://10.180.1.21/compute/v2.1/flavors 1.637s
2025-03-06 06:01:31.103 69563 INFO tempest.lib.common.rest_client [req-33bcbd6b-e3d1-49c5-82b0-60e348bdf00d req-33bcbd6b-e3d1-49c5-82b0-60e348bdf00d ] Request (AggregatesAdminNegativeTestJSON:test_aggregate_delete_with_invalid_id): 404 DELETE http://10.180.1.21/compute/v2.1/os-aggregates/-1 1.628s
2025-03-06 06:01:31.137 69537 INFO tempest.lib.common.rest_client [req-6029e9a1-f80d-4c47-b9e9-40b628302bc8 req-6029e9a1-f80d-4c47-b9e9-40b628302bc8 ] Request (ServersTestJSON:setUpClass): 201 POST http://10.180.1.21/identity/v3/auth/tokens 0.091s
2025-03-06 06:01:31.143 69529 INFO tempest.lib.common.rest_client [req-896b5a9e-f9bd-4a54-8f5f-28f47c5b6547 req-896b5a9e-f9bd-4a54-8f5f-28f47c5b6547 ] Request (ServersAdminTestJSON:setUpClass): 201 POST http://10.180.1.21/identity/v3/auth/tokens 0.095s
2025-03-06 06:01:31.211 69515 INFO tempest.lib.common.rest_client [req-a2ed55a0-bd6e-43ae-a6a8-87d208b435b4 req-a2ed55a0-bd6e-43ae-a6a8-87d208b435b4 ] Request (KeyPairsNegativeTestJSON:tearDownClass): 200 GET http://10.180.1.21:9696/networking/v2.0/security-groups?tenant_id=811d9e55fc7e4e64b9fad678c50343ca&name=default 0.325s
2025-03-06 06:01:31.224 69555 INFO tempest.lib.common.rest_client [req-ba93217a-3604-42cd-af14-7e1835a58d0f req-ba93217a-3604-42cd-af14-7e1835a58d0f ] Request (FloatingIPsAssociationTestJSON:setUpClass): 201 POST http://10.180.1.21/identity/v3/auth/tokens 0.164s
2025-03-06 06:01:31.253 69542 INFO tempest.lib.common.rest_client [req-17acbcf5-8d7f-44f0-a0c2-5e58629039bb req-17acbcf5-8d7f-44f0-a0c2-5e58629039bb ] Request (FlavorsV2NegativeTest:test_boot_with_low_ram): 200 GET http://10.180.1.21/compute/v2.1/flavors/42 1.756s
2025-03-06 06:01:31.253 69559 INFO tempest.lib.common.rest_client [req-7ef6f284-cdf4-4fbc-93d6-bd14dc2929fd req-7ef6f284-cdf4-4fbc-93d6-bd14dc2929fd ] Request (MigrationsAdminTest:test_list_migrations_in_flavor_resize_situation): 200 GET http://10.180.1.21/compute/v2.1/servers/8b417b3a-4ec1-4b64-9a85-94cda10fcea9 1.800s
2025-03-06 06:01:31.259 69529 INFO tempest.lib.common.rest_client [req-3fdaa185-842e-4bf2-a280-8677494afcca req-3fdaa185-842e-4bf2-a280-8677494afcca ] Request (ServersAdminTestJSON:setUpClass): 201 POST http://10.180.1.21/identity/v3/projects 0.113s
2025-03-06 06:01:31.261 69505 INFO tempest.lib.common.rest_client [req-75873d2b-c2d2-4b50-87f4-ac085d2d55a3 req-75873d2b-c2d2-4b50-87f4-ac085d2d55a3 ] Request (ImagesOneServerNegativeTestJSON:test_create_image_specify_name_over_character_limit): 400 POST http://10.180.1.21/compute/v2.1/servers/85d6b2fc-0d67-471e-8476-436d5f47071a/action 1.695s
2025-03-06 06:01:31.320 69529 INFO tempest.lib.common.rest_client [req-d58f44e3-c718-40a6-89ee-a078e661739a req-d58f44e3-c718-40a6-89ee-a078e661739a ] Request (ServersAdminTestJSON:setUpClass): 201 POST http://10.180.1.21/identity/v3/users 0.060s
2025-03-06 06:01:31.341 69529 INFO tempest.lib.common.rest_client [req-e67793a3-9e26-4c35-9bef-29efa48adbc5 req-e67793a3-9e26-4c35-9bef-29efa48adbc5 ] Request (ServersAdminTestJSON:setUpClass): 200 GET http://10.180.1.21/identity/v3/roles 0.020s
2025-03-06 06:01:31.357 69549 INFO tempest.lib.common.rest_client [req-74ee991a-3423-419b-b27b-8022caebbf07 req-74ee991a-3423-419b-b27b-8022caebbf07 ] Request (ServerMetadataTestJSON:setUpClass): 200 GET http://10.180.1.21/compute/v2.1/servers/73e2db9a-d476-4774-8d38-4268376f4dd1 1.829s
2025-03-06 06:01:31.406 69529 INFO tempest.lib.common.rest_client [req-8700899f-4af5-45dd-9987-8df1578f06f7 req-8700899f-4af5-45dd-9987-8df1578f06f7 ] Request (ServersAdminTestJSON:setUpClass): 204 PUT http://10.180.1.21/identity/v3/projects/19418e7d4f614f1ea0f4f5d356e734c5/users/166cd650116444548b25b5ff6f29d2ed/roles/cd8e4fc1fb8e4960a5d9023b802e2426 0.064s
2025-03-06 06:01:31.465 69547 INFO tempest.lib.common.rest_client [req-dd5c9aa9-9ea0-48b3-8a3f-33b1b977dade req-dd5c9aa9-9ea0-48b3-8a3f-33b1b977dade ] Request (ServerActionsTestOtherB:setUpClass): 200 GET http://10.180.1.21/compute/v2.1/servers/4aa83732-4f5c-45e5-8929-d8301c2e9b3c 1.589s
2025-03-06 06:01:31.465 69515 INFO tempest.lib.common.rest_client [req-7082a2a6-86cc-41ac-98d7-b52ed622e2ac req-7082a2a6-86cc-41ac-98d7-b52ed622e2ac ] Request (KeyPairsNegativeTestJSON:tearDownClass): 204 DELETE http://10.180.1.21:9696/networking/v2.0/security-groups/93e5e745-ce7c-4c00-adc7-4a58f6c5b575 0.254s
2025-03-06 06:01:31.470 69529 INFO tempest.lib.common.rest_client [req-75bcfd5a-aba0-4cb4-b95a-1b643ec00741 req-75bcfd5a-aba0-4cb4-b95a-1b643ec00741 ] Request (ServersAdminTestJSON:setUpClass): 200 GET http://10.180.1.21/identity/v3/roles 0.063s
2025-03-06 06:01:31.508 69529 INFO tempest.lib.common.rest_client [req-90954620-4f8e-47c7-8e07-8c80b7888aff req-90954620-4f8e-47c7-8e07-8c80b7888aff ] Request (ServersAdminTestJSON:setUpClass): 204 PUT http://10.180.1.21/identity/v3/projects/19418e7d4f614f1ea0f4f5d356e734c5/users/166cd650116444548b25b5ff6f29d2ed/roles/cd8e4fc1fb8e4960a5d9023b802e2426 0.038s
2025-03-06 06:01:31.508 69529 INFO tempest.lib.common.dynamic_creds [-] Dynamic test user 166cd650116444548b25b5ff6f29d2ed is created with scope project and roles: ['admin']
2025-03-06 06:01:31.508 69529 INFO tempest.lib.common.dynamic_creds [-] Acquired dynamic creds: credentials: Credentials: {'domain_id': 'default', 'domain_name': 'Default', 'username': 'tempest-ServersAdminTestJSON-854059600-project-admin', 'project_domain_id': 'default', 'project_domain_name': 'Default', 'project_id': '19418e7d4f614f1ea0f4f5d356e734c5', 'project_name': 'tempest-ServersAdminTestJSON-854059600', 'tenant_id': '19418e7d4f614f1ea0f4f5d356e734c5', 'tenant_name': 'tempest-ServersAdminTestJSON-854059600', 'user_domain_id': 'default', 'user_domain_name': 'Default', 'user_id': '166cd650116444548b25b5ff6f29d2ed', 'system': None}, Network: None, Subnet: None, Router: None
2025-03-06 06:01:31.533 69533 INFO tempest.lib.common.rest_client [req-ac05d456-36e8-4a19-bf92-7c26e1197b5c req-ac05d456-36e8-4a19-bf92-7c26e1197b5c ] Request (FloatingIPsTestJSON:tearDownClass): 204 DELETE http://10.180.1.21:9696/networking/v2.0/subnets/45a4a6d4-33dd-42bc-976d-592ea918407d 0.467s
2025-03-06 06:01:31.557 69515 INFO tempest.lib.common.rest_client [req-29f82025-8726-4363-ba72-fa20e88197f1 req-29f82025-8726-4363-ba72-fa20e88197f1 ] Request (KeyPairsNegativeTestJSON:tearDownClass): 204 DELETE http://10.180.1.21/identity/v3/projects/811d9e55fc7e4e64b9fad678c50343ca 0.092s
2025-03-06 06:01:31.558 69515 INFO tempest.test [-] raised in ServerBootFromVolumeStableRescueTest.setUpClass. Invoking tearDownClass.
2025-03-06 06:01:31.721 69519 INFO tempest.lib.common.rest_client [req-042e4b79-308f-4394-9a6a-71345828b5e0 req-042e4b79-308f-4394-9a6a-71345828b5e0 ] Request (ServerDiagnosticsNegativeTest:test_get_server_diagnostics_by_non_admin): 200 GET http://10.180.1.21/compute/v2.1/servers/15c37209-65dc-4dd2-800f-2987a3cbfa12 1.662s
2025-03-06 06:01:31.728 69503 INFO tempest.lib.common.rest_client [req-25ed5aff-009c-4a47-9659-fd7b5ec4addd req-25ed5aff-009c-4a47-9659-fd7b5ec4addd ] Request (VolumesAssistedSnapshotsTest:test_volume_assisted_snapshot_create_delete): 200 GET http://10.180.1.21/compute/v2.1/servers/94ac7c8f-5f74-4d4d-8bd2-ae57566d8f3f 1.790s
2025-03-06 06:01:31.729 69542 INFO tempest.lib.common.rest_client [req-9ae3ae17-0055-4858-af00-b9014df7a085 req-9ae3ae17-0055-4858-af00-b9014df7a085 ] Request (FlavorsV2NegativeTest:test_boot_with_low_ram): 201 POST http://10.180.1.21/image/v2/images 0.465s
2025-03-06 06:01:31.729 69519 INFO tempest.common.waiters [-] State transition "BUILD/spawning" ==> "ACTIVE/None" after 24 second wait
2025-03-06 06:01:31.736 69503 INFO tempest.common.waiters [-] State transition "BUILD/networking" ==> "BUILD/spawning" after 18 second wait
2025-03-06 06:01:31.816 69551 INFO tempest.lib.common.rest_client [req-c3d76efa-3d06-41a5-acdd-f2636f8aee0c req-c3d76efa-3d06-41a5-acdd-f2636f8aee0c ] Request (AttachInterfacesTestJSON:test_create_list_show_delete_interfaces_by_fixed_ip): 200 GET http://10.180.1.21/compute/v2.1/servers/67811381-5b1d-454d-923b-ba26dd2c3659 1.571s
2025-03-06 06:01:31.819 69523 INFO tempest.lib.common.rest_client [req-4b951752-8f49-4ccf-a76c-c4e2517af1ea req-4b951752-8f49-4ccf-a76c-c4e2517af1ea ] Request (ServerExternalEventsTest:test_create_server_external_events): 200 GET http://10.180.1.21/compute/v2.1/servers/1f5a975e-84aa-4352-b630-857afb6788f9 1.674s
2025-03-06 06:01:31.830 69523 INFO tempest.common.waiters [-] State transition "BUILD/scheduling" ==> "BUILD/None" after 12 second wait
2025-03-06 06:01:31.888 69555 INFO tempest.lib.common.rest_client [req-3c1feb54-4c74-425e-a16d-e5d5b3bba099 req-3c1feb54-4c74-425e-a16d-e5d5b3bba099 ] Request (FloatingIPsAssociationTestJSON:setUpClass): 201 POST http://10.180.1.21:9696/networking/v2.0/networks 0.663s
2025-03-06 06:01:31.923 69561 INFO tempest.lib.common.rest_client [req-464a890d-81a9-4e9b-82e6-f3660a1e2558 req-464a890d-81a9-4e9b-82e6-f3660a1e2558 ] Request (ServersTestMultiNic:test_verify_duplicate_network_nics): 200 GET http://10.180.1.21/compute/v2.1/servers/ae4cf6bd-76d4-41cb-8de1-0ea5a8b8f68b 1.554s
2025-03-06 06:01:31.964 69529 INFO tempest.lib.common.rest_client [req-5bf938a9-613c-4b62-abf3-0dc263c16cf1 req-5bf938a9-613c-4b62-abf3-0dc263c16cf1 ] Request (ServersAdminTestJSON:setUpClass): 201 POST http://10.180.1.21:9696/networking/v2.0/networks 0.455s
2025-03-06 06:01:31.986 69565 INFO tempest.lib.common.rest_client [req-e9d3bb8e-7221-412e-b057-d782fb71136f req-e9d3bb8e-7221-412e-b057-d782fb71136f ] Request (TenantUsagesTestJSON:setUpClass): 200 GET http://10.180.1.21/compute/v2.1/servers/6bf1dca1-d5a5-4654-9909-bb30f3c56d79 1.555s
2025-03-06 06:01:31.990 69527 INFO tempest.lib.common.rest_client [req-732d5803-84a0-4ccb-a11c-b52eb5a3ffba req-732d5803-84a0-4ccb-a11c-b52eb5a3ffba ] Request (ListServerFiltersTestJSON:setUpClass): 200 GET http://10.180.1.21/compute/v2.1/servers/1cb528f3-387c-4e8b-8ef9-ffcfc7310c70 1.691s
2025-03-06 06:01:32.071 69521 INFO tempest.lib.common.rest_client [req-d7bc41c3-9e35-4b6e-ba12-1f3ad9fde38f req-d7bc41c3-9e35-4b6e-ba12-1f3ad9fde38f ] Request (ServerDiagnosticsV248Test:test_get_server_diagnostics): 200 GET http://10.180.1.21/compute/v2.1/servers/bb261445-e43a-4a98-ac05-eb95ad4c67aa 1.408s
2025-03-06 06:01:32.085 69511 INFO tempest.lib.common.rest_client [req-418d2280-f984-4ff5-8e59-6289fc4e2e55 req-418d2280-f984-4ff5-8e59-6289fc4e2e55 ] Request (AttachVolumeTestJSON:setUpClass): 200 PUT http://10.180.1.21:9696/networking/v2.0/routers/e49b4a3b-ba60-491e-af41-562c8734084a/add_router_interface 2.902s
2025-03-06 06:01:32.085 69511 INFO tempest.lib.common.dynamic_creds [-] Created isolated network resources for: credentials: Credentials: {'domain_id': 'default', 'domain_name': 'Default', 'username': 'tempest-AttachVolumeTestJSON-656632795-project-member', 'project_domain_id': 'default', 'project_domain_name': 'Default', 'project_id': '713811fd8d7740dba89f9989855e6254', 'project_name': 'tempest-AttachVolumeTestJSON-656632795', 'tenant_id': '713811fd8d7740dba89f9989855e6254', 'tenant_name': 'tempest-AttachVolumeTestJSON-656632795', 'user_domain_id': 'default', 'user_domain_name': 'Default', 'user_id': '15413733174649cd81f024cfe4464a8c', 'system': None}, Network: {'id': '6aec650f-322e-48c0-a239-e8c1593cd48b', 'name': 'tempest-AttachVolumeTestJSON-1349476880-network', 'tenant_id': '713811fd8d7740dba89f9989855e6254', 'admin_state_up': True, 'mtu': 8950, 'status': 'ACTIVE', 'subnets': [], 'shared': False, 'project_id': '713811fd8d7740dba89f9989855e6254', 'port_security_enabled': True, 'router:external': False, 'provider:network_type': 'vlan', 'provider:physical_network': 'default', 'provider:segmentation_id': 460, 'availability_zone_hints': [], 'availability_zones': [], 'ipv4_address_scope': None, 'ipv6_address_scope': None, 'description': '', 'tags': [], 'created_at': '2025-03-06T06:01:26Z', 'updated_at': '2025-03-06T06:01:26Z', 'revision_number': 1}, Subnet: {'id': '7ceff1ce-25b4-412f-b4cd-3922be3f74ef', 'name': 'tempest-AttachVolumeTestJSON-1349476880-subnet', 'tenant_id': '713811fd8d7740dba89f9989855e6254', 'network_id': '6aec650f-322e-48c0-a239-e8c1593cd48b', 'ip_version': 4, 'subnetpool_id': None, 'enable_dhcp': True, 'ipv6_ra_mode': None, 'ipv6_address_mode': None, 'gateway_ip': '192.168.128.1', 'cidr': '192.168.128.0/28', 'allocation_pools': [{'start': '192.168.128.2', 'end': '192.168.128.14'}], 'host_routes': [], 'dns_nameservers': [], 'description': '', 'router:external': False, 'service_types': [], 'tags': [], 'created_at': '2025-03-06T06:01:27Z', 'updated_at': '2025-03-06T06:01:27Z', 'revision_number': 0, 'project_id': '713811fd8d7740dba89f9989855e6254'}, Router: {'id': 'e49b4a3b-ba60-491e-af41-562c8734084a', 'name': 'tempest-AttachVolumeTestJSON-1349476880-router', 'tenant_id': '713811fd8d7740dba89f9989855e6254', 'admin_state_up': True, 'status': 'ACTIVE', 'external_gateway_info': {'network_id': '81dfb12b-e28f-42bc-8d6a-f1228fcd73d0', 'external_fixed_ips': [{'subnet_id': '6cfb88e1-35dd-4b2c-bfb4-263f4a8bc5cd', 'ip_address': '10.180.180.202'}], 'enable_snat': True}, 'description': '', 'availability_zones': [], 'distributed': False, 'ha': False, 'availability_zone_hints': [], 'routes': [], 'flavor_id': None, 'tags': [], 'created_at': '2025-03-06T06:01:28Z', 'updated_at': '2025-03-06T06:01:28Z', 'revision_number': 2, 'project_id': '713811fd8d7740dba89f9989855e6254'}
2025-03-06 06:01:32.108 69531 INFO tempest.lib.common.rest_client [req-253b0fcb-23c7-4877-b63a-dc48a63222cb req-253b0fcb-23c7-4877-b63a-dc48a63222cb ] Request (KeyPairsV22TestJSON:test_keypairs_create_list_delete): 201 POST http://10.180.1.21/compute/v2.1/os-keypairs 1.440s
2025-03-06 06:01:32.177 69517 INFO tempest.lib.common.rest_client [req-a2725f8a-620a-4c40-856d-ed3adc8760f9 req-a2725f8a-620a-4c40-856d-ed3adc8760f9 ] Request (ServersTestFqdnHostnames:test_create_server_with_fqdn_name): 200 GET http://10.180.1.21/compute/v2.1/servers/8e1c9ecd-2e46-4cac-b458-13c8183fbbe4 1.356s
2025-03-06 06:01:32.195 69525 INFO tempest.lib.common.rest_client [req-824f690d-5371-4cfb-b03f-65e524aebeae req-824f690d-5371-4cfb-b03f-65e524aebeae ] Request (ImagesNegativeTestJSON:test_create_image_from_deleted_server): 200 GET http://10.180.1.21/compute/v2.1/servers/77f9c788-209c-4fab-8ca0-832bdc02e4b1 1.721s
2025-03-06 06:01:32.196 69511 INFO tempest.lib.common.rest_client [req-4c2da2df-5e2c-4917-b96b-da14edff6c97 req-4c2da2df-5e2c-4917-b96b-da14edff6c97 ] Request (AttachVolumeTestJSON:setUpClass): 201 POST http://10.180.1.21/identity/v3/auth/tokens 0.107s
2025-03-06 06:01:32.206 69509 INFO tempest.lib.common.rest_client [req-1b5756f8-5ade-4907-814a-c1351055ab11 req-1b5756f8-5ade-4907-814a-c1351055ab11 ] Request (FlavorsV2TestJSON:test_list_flavors_detailed_limit_results): 200 GET http://10.180.1.21/compute/v2.1/flavors/detail?limit=1 1.223s
2025-03-06 06:01:32.243 69533 INFO tempest.lib.common.rest_client [req-b68404bc-78cb-4c14-8d8d-01cf5dab3e6b req-b68404bc-78cb-4c14-8d8d-01cf5dab3e6b ] Request (FloatingIPsTestJSON:tearDownClass): 204 DELETE http://10.180.1.21:9696/networking/v2.0/networks/720debbb-abc5-4b22-b869-ceb98ea033f5 0.709s
2025-03-06 06:01:32.251 69529 INFO tempest.lib.common.rest_client [req-7698fdce-3ddb-4c17-b25e-5927319ed71f req-7698fdce-3ddb-4c17-b25e-5927319ed71f ] Request (ServersAdminTestJSON:setUpClass): 201 POST http://10.180.1.21:9696/networking/v2.0/subnets 0.287s
2025-03-06 06:01:32.366 69533 INFO tempest.lib.common.rest_client [req-520266e6-9d08-47c3-9de5-1f91671c7cbf req-520266e6-9d08-47c3-9de5-1f91671c7cbf ] Request (FloatingIPsTestJSON:tearDownClass): 204 DELETE http://10.180.1.21/identity/v3/users/2a27caca83a94baa850229a9e8531780 0.122s
2025-03-06 06:01:32.366 69533 INFO tempest.lib.common.dynamic_creds [-] Deleting project and security group for project: 3d882044b5124eab86c850d7db02febb
2025-03-06 06:01:32.401 69533 INFO tempest.lib.common.rest_client [req-15d314fa-37a5-46ec-b18d-d5ac1f712d02 req-15d314fa-37a5-46ec-b18d-d5ac1f712d02 ] Request (FloatingIPsTestJSON:tearDownClass): 200 GET http://10.180.1.21:9696/networking/v2.0/security-groups?tenant_id=3d882044b5124eab86c850d7db02febb&name=default 0.035s
2025-03-06 06:01:32.422 69543 INFO tempest.lib.common.rest_client [req-558b8587-675a-4f47-89a7-cfb892a60c87 req-558b8587-675a-4f47-89a7-cfb892a60c87 ] Request (FlavorsAccessNegativeTestJSON:test_remove_flavor_access_not_found): 404 POST http://10.180.1.21/compute/v2.1/flavors/224085016/action 1.320s
2025-03-06 06:01:32.457 69563 INFO tempest.lib.common.rest_client [req-49801ef5-810f-4879-beb5-6d7ba58a693d req-49801ef5-810f-4879-beb5-6d7ba58a693d ] Request (AggregatesAdminNegativeTestJSON:test_aggregate_get_details_as_user): 200 POST http://10.180.1.21/compute/v2.1/os-aggregates 1.352s
2025-03-06 06:01:32.555 69533 INFO tempest.lib.common.rest_client [req-d6fd7a63-1b24-46e3-be96-fc75c54f767c req-d6fd7a63-1b24-46e3-be96-fc75c54f767c ] Request (FloatingIPsTestJSON:tearDownClass): 204 DELETE http://10.180.1.21:9696/networking/v2.0/security-groups/afb6e5f7-9b04-4395-85a6-29d3257c0175 0.153s
2025-03-06 06:01:32.572 69555 INFO tempest.lib.common.rest_client [req-ec9a5c93-2020-4eb1-b61b-7d7604e5a0a3 req-ec9a5c93-2020-4eb1-b61b-7d7604e5a0a3 ] Request (FloatingIPsAssociationTestJSON:setUpClass): 201 POST http://10.180.1.21:9696/networking/v2.0/subnets 0.684s
2025-03-06 06:01:32.603 69557 INFO tempest.lib.common.rest_client [req-b4d97bdf-e2c2-48c3-b071-0bf5ddff83e9 req-b4d97bdf-e2c2-48c3-b071-0bf5ddff83e9 ] Request (QuotasAdminTestJSON:test_get_updated_quotas): 200 GET http://10.180.1.21/compute/v2.1/os-quota-sets/8be9839abd4149a1b14229dd8f69f4cf/detail 1.532s
2025-03-06 06:01:32.719 69542 INFO tempest.lib.common.rest_client [req-2d2ebe17-e8a0-4011-9946-d7cf5e6c2a54 req-2d2ebe17-e8a0-4011-9946-d7cf5e6c2a54 ] Request (FlavorsV2NegativeTest:test_boot_with_low_ram): 204 PUT http://10.180.1.21/image/v2/images/321b60ba-f57f-4201-a9e5-177ab29eea2a/file 0.989s
2025-03-06 06:01:32.731 69557 INFO tempest.lib.common.rest_client [req-581256cf-1e34-4970-99ae-11b4dee5a11d req-581256cf-1e34-4970-99ae-11b4dee5a11d ] Request (QuotasAdminTestJSON:test_get_updated_quotas): 200 GET http://10.180.1.21/identity/v3/domains?name=Default 0.121s
2025-03-06 06:01:32.761 69537 INFO tempest.lib.common.rest_client [req-de28f708-d47c-431d-9dd2-1d49c4ec34bc req-de28f708-d47c-431d-9dd2-1d49c4ec34bc ] Request (ServersTestJSON:setUpClass): 200 POST http://10.180.1.21/compute/v2.1/os-keypairs 1.622s
2025-03-06 06:01:32.770 69533 INFO tempest.lib.common.rest_client [req-b2b3f2fd-31c7-4890-9ad0-b5e0c5bc51ef req-b2b3f2fd-31c7-4890-9ad0-b5e0c5bc51ef ] Request (FloatingIPsTestJSON:tearDownClass): 204 DELETE http://10.180.1.21/identity/v3/projects/3d882044b5124eab86c850d7db02febb 0.214s
2025-03-06 06:01:32.799 69542 INFO tempest.lib.common.rest_client [req-589ac6fc-8e38-4301-8cc9-a923be13e5c7 req-589ac6fc-8e38-4301-8cc9-a923be13e5c7 ] Request (FlavorsV2NegativeTest:test_boot_with_low_ram): 201 POST http://10.180.1.21/identity/v3/auth/tokens 0.076s
2025-03-06 06:01:32.799 69542 INFO tempest.lib.common.fixed_network [-] (FlavorsV2NegativeTest:test_boot_with_low_ram) Found network None available for tenant
2025-03-06 06:01:32.861 69557 INFO tempest.lib.common.rest_client [req-2a33730d-8052-4f02-be6f-974fba6eea3f req-2a33730d-8052-4f02-be6f-974fba6eea3f ] Request (QuotasAdminTestJSON:test_get_updated_quotas): 201 POST http://10.180.1.21/identity/v3/users 0.130s
2025-03-06 06:01:32.875 69533 INFO tempest.lib.common.rest_client [req-29150b8c-7ab0-47df-a286-6430c0d990a3 req-29150b8c-7ab0-47df-a286-6430c0d990a3 ] Request (ImagesTestJSON:setUpClass): 201 POST http://10.180.1.21/identity/v3/auth/tokens 0.103s
2025-03-06 06:01:32.892 69557 INFO tempest.lib.common.rest_client [req-dfded4c5-688d-4f81-b39e-17a69d64ef64 req-dfded4c5-688d-4f81-b39e-17a69d64ef64 ] Request (QuotasAdminTestJSON:test_get_updated_quotas): 200 GET http://10.180.1.21/identity/v3/domains?name=Default 0.030s
2025-03-06 06:01:32.914 69533 INFO tempest.lib.common.rest_client [req-757b5e40-1ef0-4c58-9dcb-0a948ddd536e req-757b5e40-1ef0-4c58-9dcb-0a948ddd536e ] Request (ImagesTestJSON:setUpClass): 201 POST http://10.180.1.21/identity/v3/auth/tokens 0.033s
2025-03-06 06:01:32.946 69533 INFO tempest.lib.common.rest_client [req-ea0be60f-33a9-455f-a84c-a01521eda5a0 req-ea0be60f-33a9-455f-a84c-a01521eda5a0 ] Request (ImagesTestJSON:setUpClass): 200 GET http://10.180.1.21/identity/v3/domains?name=Default 0.032s
2025-03-06 06:01:32.980 69533 INFO tempest.lib.common.rest_client [req-49ed2431-880b-46b9-852e-9f423af3d2a6 req-49ed2431-880b-46b9-852e-9f423af3d2a6 ] Request (ImagesTestJSON:setUpClass): 201 POST http://10.180.1.21/identity/v3/projects 0.033s
2025-03-06 06:01:32.996 69505 INFO tempest.lib.common.rest_client [req-a9d8d5e4-91da-433a-b87e-f55dff269259 req-a9d8d5e4-91da-433a-b87e-f55dff269259 ] Request (ImagesOneServerNegativeTestJSON:tearDown): 200 GET http://10.180.1.21/compute/v2.1/servers/85d6b2fc-0d67-471e-8476-436d5f47071a 1.733s
2025-03-06 06:01:32.999 69507 INFO tempest.lib.common.rest_client [req-a8649933-3e61-477f-a59b-698f42975f4d req-a8649933-3e61-477f-a59b-698f42975f4d ] Request (InstanceActionsV221TestJSON:test_get_list_deleted_instance_actions): 200 GET http://10.180.1.21/compute/v2.1/servers/71c69f98-c57a-4419-9e28-48f869f2dba4 1.686s
2025-03-06 06:01:33.064 69533 INFO tempest.lib.common.rest_client [req-6a2cb996-323c-45a9-b122-7cf34ffade7a req-6a2cb996-323c-45a9-b122-7cf34ffade7a ] Request (ImagesTestJSON:setUpClass): 201 POST http://10.180.1.21/identity/v3/users 0.083s
2025-03-06 06:01:33.070 69519 INFO tempest.lib.common.rest_client [req-64854b4a-3231-489c-9d6b-95edc79e9687 req-64854b4a-3231-489c-9d6b-95edc79e9687 ] Request (ServerDiagnosticsNegativeTest:test_get_server_diagnostics_by_non_admin): 403 GET http://10.180.1.21/compute/v2.1/servers/15c37209-65dc-4dd2-800f-2987a3cbfa12/diagnostics 1.340s
2025-03-06 06:01:33.098 69533 INFO tempest.lib.common.rest_client [req-8b89d6a7-af80-455a-828b-85adfeebeada req-8b89d6a7-af80-455a-828b-85adfeebeada ] Request (ImagesTestJSON:setUpClass): 200 GET http://10.180.1.21/identity/v3/roles 0.034s
2025-03-06 06:01:33.141 69537 INFO tempest.lib.common.rest_client [req-9f334622-a383-4a76-9282-033fb8641a7e req-9f334622-a383-4a76-9282-033fb8641a7e ] Request (ServersTestJSON:setUpClass): 201 POST http://10.180.1.21:9696/networking/v2.0/security-groups 0.378s
2025-03-06 06:01:33.147 69533 INFO tempest.lib.common.rest_client [req-2efe76eb-b4a4-46f6-8bfc-767a0d57b681 req-2efe76eb-b4a4-46f6-8bfc-767a0d57b681 ] Request (ImagesTestJSON:setUpClass): 204 PUT http://10.180.1.21/identity/v3/projects/5693178b56fa4638818e38f3f7b68860/users/40872afc348746a9aa1ad363d844cd51/roles/868b9b0d2183493a97f60ef348782606 0.048s
2025-03-06 06:01:33.147 69533 INFO tempest.lib.common.dynamic_creds [-] Dynamic test user 40872afc348746a9aa1ad363d844cd51 is created with scope project and roles: ['member']
2025-03-06 06:01:33.147 69533 INFO tempest.lib.common.dynamic_creds [-] Acquired dynamic creds: credentials: Credentials: {'domain_id': 'default', 'domain_name': 'Default', 'username': 'tempest-ImagesTestJSON-614830040-project-member', 'project_domain_id': 'default', 'project_domain_name': 'Default', 'project_id': '5693178b56fa4638818e38f3f7b68860', 'project_name': 'tempest-ImagesTestJSON-614830040', 'tenant_id': '5693178b56fa4638818e38f3f7b68860', 'tenant_name': 'tempest-ImagesTestJSON-614830040', 'user_domain_id': 'default', 'user_domain_name': 'Default', 'user_id': '40872afc348746a9aa1ad363d844cd51', 'system': None}, Network: None, Subnet: None, Router: None
2025-03-06 06:01:33.176 69553 INFO tempest.lib.common.rest_client [req-45de74c2-a8f4-43be-b281-b02171fcfe99 req-45de74c2-a8f4-43be-b281-b02171fcfe99 ] Request (ServersV294TestFqdnHostnames:setUpClass): 200 GET http://10.180.1.21/compute/v2.1/servers/b99b6af4-b37d-44cf-81d7-de744d7cc8e5 1.385s
2025-03-06 06:01:33.215 69533 INFO tempest.lib.common.rest_client [req-163f902b-7bd1-40c1-abdb-597988564df0 req-163f902b-7bd1-40c1-abdb-597988564df0 ] Request (ImagesTestJSON:setUpClass): 201 POST http://10.180.1.21/identity/v3/auth/tokens 0.068s
2025-03-06 06:01:33.475 69539 INFO tempest.lib.common.rest_client [req-3547878f-53c2-4935-b809-ddec786a731f req-3547878f-53c2-4935-b809-ddec786a731f ] Request (DeleteServersAdminTestJSON:test_admin_delete_servers_of_others): 200 GET http://10.180.1.21/compute/v2.1/servers/7e74fe1d-28cd-4dcb-be20-c3617e3c2d23 1.572s
2025-03-06 06:01:33.565 69536 INFO tempest.lib.common.rest_client [req-3e9c7ba7-f626-43d2-930f-e304386513db req-3e9c7ba7-f626-43d2-930f-e304386513db ] Request (ServersWithSpecificFlavorTestJSON:test_verify_created_server_ephemeral_disk): 200 GET http://10.180.1.21/compute/v2.1/servers/54ecef88-0417-45f5-8558-3dbda97fd4c8 1.612s
2025-03-06 06:01:33.572 69545 INFO tempest.lib.common.rest_client [req-5ad855e2-b255-44ef-b24b-ccc472acc64b req-5ad855e2-b255-44ef-b24b-ccc472acc64b ] Request (MultipleCreateTestJSON:test_multiple_create): 200 GET http://10.180.1.21/compute/v2.1/servers/67db8d5d-3399-4519-a950-5dcce2f54210 1.968s
2025-03-06 06:01:33.581 69545 INFO tempest.common.waiters [-] State transition "BUILD/None" ==> "BUILD/spawning" after 19 second wait
2025-03-06 06:01:33.581 69531 INFO tempest.lib.common.rest_client [req-93868c7a-06fb-4b96-ab06-ba117fcb62e6 req-93868c7a-06fb-4b96-ab06-ba117fcb62e6 ] Request (KeyPairsV22TestJSON:test_keypairs_create_list_delete): 200 GET http://10.180.1.21/compute/v2.1/os-keypairs 1.471s
2025-03-06 06:01:33.601 69509 INFO tempest.lib.common.rest_client [req-c5aafba5-d7ce-4412-bcaf-5be2184f9470 req-c5aafba5-d7ce-4412-bcaf-5be2184f9470 ] Request (FlavorsV2TestJSON:test_list_flavors_detailed_using_marker): 200 GET http://10.180.1.21/compute/v2.1/flavors/42 1.389s
2025-03-06 06:01:33.726 69537 INFO tempest.lib.common.rest_client [req-c1a29bbe-1875-4dba-b161-2ee8cb8203a6 req-c1a29bbe-1875-4dba-b161-2ee8cb8203a6 ] Request (ServersTestJSON:setUpClass): 201 POST http://10.180.1.21:9696/networking/v2.0/security-group-rules 0.585s
2025-03-06 06:01:33.798 69511 INFO tempest.lib.common.rest_client [req-356e9830-6d32-4026-ab27-e43c29602d87 req-356e9830-6d32-4026-ab27-e43c29602d87 ] Request (ValidationResourcesFixture:setUp): 200 POST http://10.180.1.21/compute/v2.1/os-keypairs 1.600s
2025-03-06 06:01:33.874 69559 INFO tempest.lib.common.rest_client [req-488f72a8-0909-43a1-928b-84a72c93c84f req-488f72a8-0909-43a1-928b-84a72c93c84f ] Request (MigrationsAdminTest:test_list_migrations_in_flavor_resize_situation): 200 GET http://10.180.1.21/compute/v2.1/servers/8b417b3a-4ec1-4b64-9a85-94cda10fcea9 1.605s
2025-03-06 06:01:33.892 69549 INFO tempest.lib.common.rest_client [req-49b0737a-84b3-4cc1-a2b3-de3be740c895 req-49b0737a-84b3-4cc1-a2b3-de3be740c895 ] Request (ServerMetadataTestJSON:setUpClass): 200 GET http://10.180.1.21/compute/v2.1/servers/73e2db9a-d476-4774-8d38-4268376f4dd1 1.522s
2025-03-06 06:01:33.897 69563 INFO tempest.lib.common.rest_client [req-8ed60bf0-4585-4a6c-bb3d-0e7c0eb4e972 req-8ed60bf0-4585-4a6c-bb3d-0e7c0eb4e972 ] Request (AggregatesAdminNegativeTestJSON:test_aggregate_get_details_as_user): 403 GET http://10.180.1.21/compute/v2.1/os-aggregates/6 1.437s
2025-03-06 06:01:33.897 69543 INFO tempest.lib.common.rest_client [req-6703e45d-87c8-4784-93c2-edd43d81433f req-6703e45d-87c8-4784-93c2-edd43d81433f ] Request (FlavorsAccessNegativeTestJSON:_run_cleanups): 202 DELETE http://10.180.1.21/compute/v2.1/flavors/224085016 1.474s
2025-03-06 06:01:33.992 69537 INFO tempest.lib.common.rest_client [req-1174b9cb-7e77-42ed-87c7-e0bd0cee4bd7 req-1174b9cb-7e77-42ed-87c7-e0bd0cee4bd7 ] Request (ServersTestJSON:setUpClass): 201 POST http://10.180.1.21:9696/networking/v2.0/security-group-rules 0.265s
2025-03-06 06:01:34.061 69511 INFO tempest.lib.common.rest_client [req-429da551-5a24-42b0-9c76-df870dd3f620 req-429da551-5a24-42b0-9c76-df870dd3f620 ] Request (ValidationResourcesFixture:setUp): 201 POST http://10.180.1.21:9696/networking/v2.0/security-groups 0.260s
2025-03-06 06:01:34.072 69533 INFO tempest.lib.common.rest_client [req-c04f8170-b440-4496-a877-f914f9273572 req-c04f8170-b440-4496-a877-f914f9273572 ] Request (ImagesTestJSON:setUpClass): 201 POST http://10.180.1.21:9696/networking/v2.0/networks 0.856s
2025-03-06 06:01:34.115 69503 INFO tempest.lib.common.rest_client [req-03acce58-e926-41f5-86ea-ab87c5173bb2 req-03acce58-e926-41f5-86ea-ab87c5173bb2 ] Request (VolumesAssistedSnapshotsTest:test_volume_assisted_snapshot_create_delete): 200 GET http://10.180.1.21/compute/v2.1/servers/94ac7c8f-5f74-4d4d-8bd2-ae57566d8f3f 1.377s
2025-03-06 06:01:34.169 69547 INFO tempest.lib.common.rest_client [req-feb6b78a-d4ad-4a67-801e-c2cd6bcf8ee7 req-feb6b78a-d4ad-4a67-801e-c2cd6bcf8ee7 ] Request (ServerActionsTestOtherB:setUpClass): 200 GET http://10.180.1.21/compute/v2.1/servers/4aa83732-4f5c-45e5-8929-d8301c2e9b3c 1.690s
2025-03-06 06:01:34.241 69551 INFO tempest.lib.common.rest_client [req-06536829-f825-495f-8a7f-598128490c3f req-06536829-f825-495f-8a7f-598128490c3f ] Request (AttachInterfacesTestJSON:test_create_list_show_delete_interfaces_by_fixed_ip): 200 GET http://10.180.1.21/compute/v2.1/servers/67811381-5b1d-454d-923b-ba26dd2c3659 1.415s
2025-03-06 06:01:34.255 69529 INFO tempest.lib.common.rest_client [req-b499eefb-0ac3-4747-af9a-e8c41f6074a2 req-b499eefb-0ac3-4747-af9a-e8c41f6074a2 ] Request (ServersAdminTestJSON:setUpClass): 201 POST http://10.180.1.21:9696/networking/v2.0/routers 2.002s
2025-03-06 06:01:34.303 69523 INFO tempest.lib.common.rest_client [req-0a6fd219-2dae-4d75-85ed-35c96f2f11f1 req-0a6fd219-2dae-4d75-85ed-35c96f2f11f1 ] Request (ServerExternalEventsTest:test_create_server_external_events): 200 GET http://10.180.1.21/compute/v2.1/servers/1f5a975e-84aa-4352-b630-857afb6788f9 1.470s
2025-03-06 06:01:34.330 69542 INFO tempest.lib.common.rest_client [req-aff3df85-01c8-44e2-9168-69ce5776817d req-aff3df85-01c8-44e2-9168-69ce5776817d ] Request (FlavorsV2NegativeTest:test_boot_with_low_ram): 400 POST http://10.180.1.21/compute/v2.1/servers 1.529s
2025-03-06 06:01:34.404 69561 INFO tempest.lib.common.rest_client [req-63fc6c4e-4be1-4104-8255-78c975ac9246 req-63fc6c4e-4be1-4104-8255-78c975ac9246 ] Request (ServersTestMultiNic:test_verify_duplicate_network_nics): 200 GET http://10.180.1.21/compute/v2.1/servers/ae4cf6bd-76d4-41cb-8de1-0ea5a8b8f68b 1.466s
2025-03-06 06:01:34.411 69542 INFO tempest.lib.common.rest_client [req-46cebe49-8530-4760-af4e-cc0bab85ab6c req-46cebe49-8530-4760-af4e-cc0bab85ab6c ] Request (FlavorsV2NegativeTest:_run_cleanups): 204 DELETE http://10.180.1.21/image/v2/images/321b60ba-f57f-4201-a9e5-177ab29eea2a 0.080s
2025-03-06 06:01:34.472 69565 INFO tempest.lib.common.rest_client [req-9aa835f2-738a-4d26-968c-816b121784ef req-9aa835f2-738a-4d26-968c-816b121784ef ] Request (TenantUsagesTestJSON:setUpClass): 200 GET http://10.180.1.21/compute/v2.1/servers/6bf1dca1-d5a5-4654-9909-bb30f3c56d79 1.473s
2025-03-06 06:01:34.481 69557 INFO tempest.lib.common.rest_client [req-909d47cb-7533-4d61-9733-eb093f9d6a57 req-909d47cb-7533-4d61-9733-eb093f9d6a57 ] Request (QuotasAdminTestJSON:test_get_updated_quotas): 200 PUT http://10.180.1.21/compute/v2.1/os-quota-sets/8be9839abd4149a1b14229dd8f69f4cf?user_id=9372257e71e448f39e1b971b76ffb444 1.589s
2025-03-06 06:01:34.506 69542 INFO tempest.lib.common.rest_client [req-55d9257b-9efc-45be-8338-3450abc67092 req-55d9257b-9efc-45be-8338-3450abc67092 ] Request (FlavorsV2NegativeTest:tearDownClass): 204 DELETE http://10.180.1.21/identity/v3/users/c892adc3b5e8461dad7bd27cff9ec928 0.094s
2025-03-06 06:01:34.508 69542 INFO tempest.lib.common.dynamic_creds [-] Deleting project and security group for project: b9f4e25aedca4dd8a5274965d74c57ec
2025-03-06 06:01:34.543 69511 INFO tempest.lib.common.rest_client [req-0b5990c9-23b3-43c1-9a46-a73be62eaf31 req-0b5990c9-23b3-43c1-9a46-a73be62eaf31 ] Request (ValidationResourcesFixture:setUp): 201 POST http://10.180.1.21:9696/networking/v2.0/security-group-rules 0.481s
2025-03-06 06:01:34.574 69542 INFO tempest.lib.common.rest_client [req-d2195654-a03e-45c2-b3d0-70f39e15a013 req-d2195654-a03e-45c2-b3d0-70f39e15a013 ] Request (FlavorsV2NegativeTest:tearDownClass): 201 POST http://10.180.1.21/identity/v3/auth/tokens 0.065s
2025-03-06 06:01:34.662 69505 INFO tempest.lib.common.rest_client [req-38b7b7f5-0be6-42b3-adcb-b51f1bbb0bec req-38b7b7f5-0be6-42b3-adcb-b51f1bbb0bec ] Request (ImagesOneServerNegativeTestJSON:setUp): 200 GET http://10.180.1.21/compute/v2.1/servers/85d6b2fc-0d67-471e-8476-436d5f47071a 1.654s
2025-03-06 06:01:34.697 69527 INFO tempest.lib.common.rest_client [req-055ac339-63ad-448f-8f1b-fae70f28c948 req-055ac339-63ad-448f-8f1b-fae70f28c948 ] Request (ListServerFiltersTestJSON:setUpClass): 200 GET http://10.180.1.21/compute/v2.1/servers/1cb528f3-387c-4e8b-8ef9-ffcfc7310c70 1.694s
2025-03-06 06:01:34.707 69527 INFO tempest.common.waiters [-] State transition "BUILD/spawning" ==> "ACTIVE/None" after 26 second wait
2025-03-06 06:01:34.774 69521 INFO tempest.lib.common.rest_client [req-165a6834-17cf-4cfe-b4e1-5ba96346c4d7 req-165a6834-17cf-4cfe-b4e1-5ba96346c4d7 ] Request (ServerDiagnosticsV248Test:test_get_server_diagnostics): 200 GET http://10.180.1.21/compute/v2.1/servers/bb261445-e43a-4a98-ac05-eb95ad4c67aa 1.691s
2025-03-06 06:01:34.776 69519 INFO tempest.lib.common.rest_client [req-f3152c6e-aa09-4b99-a3d7-46bcfaa52755 req-f3152c6e-aa09-4b99-a3d7-46bcfaa52755 ] Request (ServerDiagnosticsNegativeTest:tearDownClass): 204 DELETE http://10.180.1.21/compute/v2.1/servers/15c37209-65dc-4dd2-800f-2987a3cbfa12 1.705s
2025-03-06 06:01:34.838 69517 INFO tempest.lib.common.rest_client [req-4c9782c7-7917-479e-b619-4bd4ab81c4b4 req-4c9782c7-7917-479e-b619-4bd4ab81c4b4 ] Request (ServersTestFqdnHostnames:test_create_server_with_fqdn_name): 200 GET http://10.180.1.21/compute/v2.1/servers/8e1c9ecd-2e46-4cac-b458-13c8183fbbe4 1.647s
2025-03-06 06:01:34.864 69531 INFO tempest.lib.common.rest_client [req-5818a734-91f9-4e6d-a53b-c4d24e3c01b3 req-5818a734-91f9-4e6d-a53b-c4d24e3c01b3 ] Request (KeyPairsV22TestJSON:_run_cleanups): 204 DELETE http://10.180.1.21/compute/v2.1/os-keypairs/tempest-KeyPairsV22TestJSON-keypair-1882855006 1.281s
2025-03-06 06:01:34.910 69509 INFO tempest.lib.common.rest_client [req-1b1d32b8-ee5a-4280-ba04-69dde53c3d8d req-1b1d32b8-ee5a-4280-ba04-69dde53c3d8d ] Request (FlavorsV2TestJSON:test_list_flavors_detailed_using_marker): 200 GET http://10.180.1.21/compute/v2.1/flavors/detail?marker=42 1.306s
2025-03-06 06:01:34.923 69511 INFO tempest.lib.common.rest_client [req-480baf5d-3493-4eaf-a72e-0f49df5bb2d1 req-480baf5d-3493-4eaf-a72e-0f49df5bb2d1 ] Request (ValidationResourcesFixture:setUp): 201 POST http://10.180.1.21:9696/networking/v2.0/security-group-rules 0.380s
2025-03-06 06:01:34.940 69543 INFO tempest.lib.common.rest_client [req-461e7705-187d-4d7f-a0b4-d394d9affa2c req-461e7705-187d-4d7f-a0b4-d394d9affa2c ] Request (FlavorsAccessNegativeTestJSON:_run_cleanups): 200 GET http://10.180.1.21/compute/v2.1/flavors/detail 1.042s
2025-03-06 06:01:34.962 69563 INFO tempest.lib.common.rest_client [req-8fc9e0d7-4365-4fbd-a7d9-58cfd49cf224 req-8fc9e0d7-4365-4fbd-a7d9-58cfd49cf224 ] Request (AggregatesAdminNegativeTestJSON:_run_cleanups): 200 DELETE http://10.180.1.21/compute/v2.1/os-aggregates/6 1.063s
2025-03-06 06:01:35.043 69525 INFO tempest.lib.common.rest_client [req-f2283894-8d4e-48e0-b31a-195eb1a85b65 req-f2283894-8d4e-48e0-b31a-195eb1a85b65 ] Request (ImagesNegativeTestJSON:test_create_image_from_deleted_server): 200 GET http://10.180.1.21/compute/v2.1/servers/77f9c788-209c-4fab-8ca0-832bdc02e4b1 1.835s
2025-03-06 06:01:35.051 69525 INFO tempest.common.waiters [-] State transition "ACTIVE/deleting" ==> "DELETED/None" after 3 second wait
2025-03-06 06:01:35.052 69533 INFO tempest.lib.common.rest_client [req-0a26256b-afa6-47a4-8dd7-167a8a0eb351 req-0a26256b-afa6-47a4-8dd7-167a8a0eb351 ] Request (ImagesTestJSON:setUpClass): 201 POST http://10.180.1.21:9696/networking/v2.0/subnets 0.979s
2025-03-06 06:01:35.060 69543 INFO tempest.lib.common.rest_client [req-62e2fec3-c7eb-4426-a3f2-5fa1f6cd218b req-62e2fec3-c7eb-4426-a3f2-5fa1f6cd218b ] Request (FlavorsAccessNegativeTestJSON:tearDownClass): 204 DELETE http://10.180.1.21/identity/v3/users/8bf0993858754a27a779f52c88898cd3 0.114s
2025-03-06 06:01:35.066 69542 INFO tempest.lib.common.rest_client [req-7890055b-2179-4429-995c-d917c4934b1f req-7890055b-2179-4429-995c-d917c4934b1f ] Request (FlavorsV2NegativeTest:tearDownClass): 200 GET http://10.180.1.21:9696/networking/v2.0/security-groups?tenant_id=b9f4e25aedca4dd8a5274965d74c57ec&name=default 0.492s
