2025-03-06 06:01:01.150 69527 INFO tempest.lib.common.fixed_network [-] (ListServerFiltersTestJSON:setUpClass) Found network {'id': 'bebea28c-2208-4d24-a442-ec753d970f78', 'name': 'tempest-ListServerFiltersTestJSON-2116791220-network', 'tenant_id': '70599e84e52a41cc8ef9665bd3a0b16d', 'admin_state_up': True, 'mtu': 8950, 'status': 'ACTIVE', 'subnets': [], 'shared': False, 'project_id': '70599e84e52a41cc8ef9665bd3a0b16d', 'port_security_enabled': True, 'router:external': False, 'provider:network_type': 'vlan', 'provider:physical_network': 'default', 'provider:segmentation_id': 875, 'availability_zone_hints': [], 'availability_zones': [], 'ipv4_address_scope': None, 'ipv6_address_scope': None, 'description': '', 'tags': [], 'created_at': '2025-03-06T06:00:56Z', 'updated_at': '2025-03-06T06:00:56Z', 'revision_number': 1} available for tenant
2025-03-06 06:01:01.153 69545 INFO tempest.lib.common.rest_client [req-3b773706-a89f-48b0-b3b1-ca0b34b5cca6 req-3b773706-a89f-48b0-b3b1-ca0b34b5cca6 ] Request (MultipleCreateTestJSON:setUpClass): 201 POST http://10.180.1.21/identity/v3/auth/tokens 0.222s
2025-03-06 06:01:01.176 69519 INFO tempest.lib.common.rest_client [req-2f8bdd7b-ab95-4a48-9b31-403cd7972d3c req-2f8bdd7b-ab95-4a48-9b31-403cd7972d3c ] Request (ServerDiagnosticsNegativeTest:setUpClass): 201 POST http://10.180.1.21/identity/v3/auth/tokens 0.190s
2025-03-06 06:01:01.200 69533 INFO tempest.lib.common.rest_client [req-09e5a37b-c661-4cfd-9627-71b01d2733f8 req-09e5a37b-c661-4cfd-9627-71b01d2733f8 ] Request (FlavorMetadataValidation:tearDownClass): 201 POST http://10.180.1.21/identity/v3/auth/tokens 0.107s
2025-03-06 06:01:01.226 69507 INFO tempest.lib.common.rest_client [req-3ef532b5-8728-4989-af79-925fb79fc3a6 req-3ef532b5-8728-4989-af79-925fb79fc3a6 ] Request (InstanceActionsV221TestJSON:setUpClass): 201 POST http://10.180.1.21/identity/v3/auth/tokens 0.130s
2025-03-06 06:01:01.295 69543 INFO tempest.lib.common.rest_client [req-dd7596f2-dc00-4a1c-9f46-eb71f25b376b req-dd7596f2-dc00-4a1c-9f46-eb71f25b376b ] Request (FlavorsAccessNegativeTestJSON:test_add_flavor_access_duplicate): 409 POST http://10.180.1.21/compute/v2.1/flavors/1043829212/action 2.479s
2025-03-06 06:01:01.302 69519 INFO tempest.lib.common.rest_client [req-a3e631e9-2c74-4b97-9f84-d3dfe3687607 req-a3e631e9-2c74-4b97-9f84-d3dfe3687607 ] Request (ServerDiagnosticsNegativeTest:setUpClass): 201 POST http://10.180.1.21/identity/v3/auth/tokens 0.123s
2025-03-06 06:01:01.314 69507 INFO tempest.lib.common.rest_client [req-4d3f4d6a-6bed-4d64-9349-a3aa464ee023 req-4d3f4d6a-6bed-4d64-9349-a3aa464ee023 ] Request (InstanceActionsV221TestJSON:setUpClass): 201 POST http://10.180.1.21/identity/v3/auth/tokens 0.086s
2025-03-06 06:01:01.346 69511 INFO tempest.lib.common.rest_client [req-7bf4b58c-12e4-4504-b27d-2c69fde069e6 req-7bf4b58c-12e4-4504-b27d-2c69fde069e6 ] Request (InstanceUsageAuditLogNegativeTestJSON:tearDownClass): 200 GET http://10.180.1.21:9696/networking/v2.0/security-groups?tenant_id=a39e8d60504347b288e73c89c81c150f&name=default 0.481s
2025-03-06 06:01:01.355 69519 INFO tempest.lib.common.rest_client [req-7ef08e27-b3f0-453c-aecf-4609141765fd req-7ef08e27-b3f0-453c-aecf-4609141765fd ] Request (ServerDiagnosticsNegativeTest:setUpClass): 200 GET http://10.180.1.21/identity/v3/domains?name=Default 0.051s
2025-03-06 06:01:01.374 69507 INFO tempest.lib.common.rest_client [req-ee132a13-c072-4b80-8e72-2eb32540e28b req-ee132a13-c072-4b80-8e72-2eb32540e28b ] Request (InstanceActionsV221TestJSON:setUpClass): 200 GET http://10.180.1.21/identity/v3/domains?name=Default 0.059s
2025-03-06 06:01:01.392 69519 INFO tempest.lib.common.rest_client [req-fb23d6a7-55ed-41de-a43b-65e0301ac017 req-fb23d6a7-55ed-41de-a43b-65e0301ac017 ] Request (ServerDiagnosticsNegativeTest:setUpClass): 201 POST http://10.180.1.21/identity/v3/projects 0.036s
2025-03-06 06:01:01.423 69507 INFO tempest.lib.common.rest_client [req-124dc2e6-93f7-4b5a-a3ab-6fd0168dd73b req-124dc2e6-93f7-4b5a-a3ab-6fd0168dd73b ] Request (InstanceActionsV221TestJSON:setUpClass): 201 POST http://10.180.1.21/identity/v3/projects 0.048s
2025-03-06 06:01:01.444 69537 INFO tempest.lib.common.rest_client [req-9ab229f5-6be6-41ad-bf48-a83e74bcb62f req-9ab229f5-6be6-41ad-bf48-a83e74bcb62f ] Request (QuotaClassesAdmin257Test:tearDownClass): 204 DELETE http://10.180.1.21:9696/networking/v2.0/security-groups/1c1fbf28-7a94-4b1d-8d24-f468177f3e69 0.486s
2025-03-06 06:01:01.530 69507 INFO tempest.lib.common.rest_client [req-96bcca8a-ba61-46e1-bb8b-94d8809f5720 req-96bcca8a-ba61-46e1-bb8b-94d8809f5720 ] Request (InstanceActionsV221TestJSON:setUpClass): 201 POST http://10.180.1.21/identity/v3/users 0.106s
2025-03-06 06:01:01.532 69517 INFO tempest.lib.common.rest_client [req-9d3238b4-a351-4a0c-ba1c-193449164d37 req-9d3238b4-a351-4a0c-ba1c-193449164d37 ] Request (HostsAdminTestJSON:tearDownClass): 204 DELETE http://10.180.1.21:9696/networking/v2.0/security-groups/a27e3c58-8c2a-4f5a-b119-50d26b285471 0.489s
2025-03-06 06:01:01.542 69519 INFO tempest.lib.common.rest_client [req-37ccc2a9-fc7b-4555-a329-fc40beb2237c req-37ccc2a9-fc7b-4555-a329-fc40beb2237c ] Request (ServerDiagnosticsNegativeTest:setUpClass): 201 POST http://10.180.1.21/identity/v3/users 0.149s
2025-03-06 06:01:01.561 69507 INFO tempest.lib.common.rest_client [req-d23da060-e65e-4421-bbab-eb33bc824522 req-d23da060-e65e-4421-bbab-eb33bc824522 ] Request (InstanceActionsV221TestJSON:setUpClass): 200 GET http://10.180.1.21/identity/v3/roles 0.031s
2025-03-06 06:01:01.620 69537 INFO tempest.lib.common.rest_client [req-b111fce7-b910-49b8-9ee6-9a3ca0cab3cf req-b111fce7-b910-49b8-9ee6-9a3ca0cab3cf ] Request (QuotaClassesAdmin257Test:tearDownClass): 204 DELETE http://10.180.1.21/identity/v3/projects/0a74232e99a54d91a8e0c4308f759ca9 0.176s
2025-03-06 06:01:01.620 69537 INFO tempest.lib.common.dynamic_creds [-] Deleting project and security group for project: bfc3e405eb74446d8754ac1dad71f15b
2025-03-06 06:01:01.632 69525 INFO tempest.lib.common.rest_client [req-4499f1d2-65df-4200-9f50-b0508e6d6c71 req-4499f1d2-65df-4200-9f50-b0508e6d6c71 ] Request (ImagesNegativeTestJSON:setUpClass): 200 PUT http://10.180.1.21:9696/networking/v2.0/routers/6d8cb9aa-9538-4d12-806b-33ebeaa95565/add_router_interface 2.743s
2025-03-06 06:01:01.633 69525 INFO tempest.lib.common.dynamic_creds [-] Created isolated network resources for: credentials: Credentials: {'domain_id': 'default', 'domain_name': 'Default', 'username': 'tempest-ImagesNegativeTestJSON-353179788-project-member', 'project_domain_id': 'default', 'project_domain_name': 'Default', 'project_id': '016bc1c35fb24f89ac5c5fe81e7cd582', 'project_name': 'tempest-ImagesNegativeTestJSON-353179788', 'tenant_id': '016bc1c35fb24f89ac5c5fe81e7cd582', 'tenant_name': 'tempest-ImagesNegativeTestJSON-353179788', 'user_domain_id': 'default', 'user_domain_name': 'Default', 'user_id': '8197a56de09c4b329542e361d1d3d2d9', 'system': None}, Network: {'id': 'f1423678-4c9d-49c5-8aee-29bfeacffa2a', 'name': 'tempest-ImagesNegativeTestJSON-1931433373-network', 'tenant_id': '016bc1c35fb24f89ac5c5fe81e7cd582', 'admin_state_up': True, 'mtu': 8950, 'status': 'ACTIVE', 'subnets': [], 'shared': False, 'project_id': '016bc1c35fb24f89ac5c5fe81e7cd582', 'port_security_enabled': True, 'router:external': False, 'provider:network_type': 'vlan', 'provider:physical_network': 'default', 'provider:segmentation_id': 425, 'availability_zone_hints': [], 'availability_zones': [], 'ipv4_address_scope': None, 'ipv6_address_scope': None, 'description': '', 'tags': [], 'created_at': '2025-03-06T06:00:55Z', 'updated_at': '2025-03-06T06:00:55Z', 'revision_number': 1}, Subnet: {'id': 'babeca9e-76fd-4b97-892f-1a732c50471c', 'name': 'tempest-ImagesNegativeTestJSON-1931433373-subnet', 'tenant_id': '016bc1c35fb24f89ac5c5fe81e7cd582', 'network_id': 'f1423678-4c9d-49c5-8aee-29bfeacffa2a', 'ip_version': 4, 'subnetpool_id': None, 'enable_dhcp': True, 'ipv6_ra_mode': None, 'ipv6_address_mode': None, 'gateway_ip': '192.168.128.1', 'cidr': '192.168.128.0/28', 'allocation_pools': [{'start': '192.168.128.2', 'end': '192.168.128.14'}], 'host_routes': [], 'dns_nameservers': [], 'description': '', 'router:external': False, 'service_types': [], 'tags': [], 'created_at': '2025-03-06T06:00:56Z', 'updated_at': '2025-03-06T06:00:56Z', 'revision_number': 0, 'project_id': '016bc1c35fb24f89ac5c5fe81e7cd582'}, Router: {'id': '6d8cb9aa-9538-4d12-806b-33ebeaa95565', 'name': 'tempest-ImagesNegativeTestJSON-1931433373-router', 'tenant_id': '016bc1c35fb24f89ac5c5fe81e7cd582', 'admin_state_up': True, 'status': 'ACTIVE', 'external_gateway_info': {'network_id': '81dfb12b-e28f-42bc-8d6a-f1228fcd73d0', 'external_fixed_ips': [{'subnet_id': '6cfb88e1-35dd-4b2c-bfb4-263f4a8bc5cd', 'ip_address': '10.180.180.146'}], 'enable_snat': True}, 'description': '', 'availability_zones': [], 'distributed': False, 'ha': False, 'availability_zone_hints': [], 'routes': [], 'flavor_id': None, 'tags': [], 'created_at': '2025-03-06T06:00:56Z', 'updated_at': '2025-03-06T06:00:58Z', 'revision_number': 2, 'project_id': '016bc1c35fb24f89ac5c5fe81e7cd582'}
2025-03-06 06:01:01.639 69517 INFO tempest.lib.common.rest_client [req-dc74d795-5e82-496a-ae21-0112309ba33e req-dc74d795-5e82-496a-ae21-0112309ba33e ] Request (HostsAdminTestJSON:tearDownClass): 204 DELETE http://10.180.1.21/identity/v3/projects/b7902290f54748c0afd5cda71a0d648c 0.106s
2025-03-06 06:01:01.675 69511 INFO tempest.lib.common.rest_client [req-ed8de62d-a4de-4f08-bda2-ff770efdc72f req-ed8de62d-a4de-4f08-bda2-ff770efdc72f ] Request (InstanceUsageAuditLogNegativeTestJSON:tearDownClass): 204 DELETE http://10.180.1.21:9696/networking/v2.0/security-groups/81ecde6d-fd0f-4427-8b9b-f3e0fe53bf82 0.329s
2025-03-06 06:01:01.720 69519 INFO tempest.lib.common.rest_client [req-c667f025-b17f-4200-8b3a-c749817a21e1 req-c667f025-b17f-4200-8b3a-c749817a21e1 ] Request (ServerDiagnosticsNegativeTest:setUpClass): 200 GET http://10.180.1.21/identity/v3/roles 0.178s
2025-03-06 06:01:01.725 69507 INFO tempest.lib.common.rest_client [req-0f1a879d-59c0-4cc7-ba9b-6028840ee5b4 req-0f1a879d-59c0-4cc7-ba9b-6028840ee5b4 ] Request (InstanceActionsV221TestJSON:setUpClass): 204 PUT http://10.180.1.21/identity/v3/projects/1770b3daf424420fa7bd2778ff408aa4/users/86aed687e4a84e36835d1f1456f73530/roles/868b9b0d2183493a97f60ef348782606 0.163s
2025-03-06 06:01:01.725 69507 INFO tempest.lib.common.dynamic_creds [-] Dynamic test user 86aed687e4a84e36835d1f1456f73530 is created with scope project and roles: ['member']
2025-03-06 06:01:01.725 69507 INFO tempest.lib.common.dynamic_creds [-] Acquired dynamic creds: credentials: Credentials: {'domain_id': 'default', 'domain_name': 'Default', 'username': 'tempest-InstanceActionsV221TestJSON-299704941-project-member', 'project_domain_id': 'default', 'project_domain_name': 'Default', 'project_id': '1770b3daf424420fa7bd2778ff408aa4', 'project_name': 'tempest-InstanceActionsV221TestJSON-299704941', 'tenant_id': '1770b3daf424420fa7bd2778ff408aa4', 'tenant_name': 'tempest-InstanceActionsV221TestJSON-299704941', 'user_domain_id': 'default', 'user_domain_name': 'Default', 'user_id': '86aed687e4a84e36835d1f1456f73530', 'system': None}, Network: None, Subnet: None, Router: None
2025-03-06 06:01:01.769 69539 INFO tempest.lib.common.rest_client [req-bf67615d-db0a-46fe-b39b-63834a5a6a09 req-bf67615d-db0a-46fe-b39b-63834a5a6a09 ] Request (DeleteServersAdminTestJSON:test_admin_delete_servers_of_others): 200 GET http://10.180.1.21/compute/v2.1/servers/7e74fe1d-28cd-4dcb-be20-c3617e3c2d23 2.738s
2025-03-06 06:01:01.781 69539 INFO tempest.common.waiters [-] State transition "BUILD/None" ==> "BUILD/spawning" after 6 second wait
2025-03-06 06:01:01.808 69525 INFO tempest.lib.common.rest_client [req-348dec94-a04c-4104-93f2-2363e6699236 req-348dec94-a04c-4104-93f2-2363e6699236 ] Request (ImagesNegativeTestJSON:setUpClass): 201 POST http://10.180.1.21/identity/v3/auth/tokens 0.168s
2025-03-06 06:01:01.815 69549 INFO tempest.lib.common.rest_client [req-08a24088-b03d-47ff-9c3c-c97cbb086cea req-08a24088-b03d-47ff-9c3c-c97cbb086cea ] Request (FlavorsV261TestJSON:test_crud_flavor): 200 GET http://10.180.1.21/compute/v2.1/flavors/detail 2.620s
2025-03-06 06:01:01.823 69517 INFO tempest.lib.common.rest_client [req-eea25465-358d-4290-85f7-9cad6f53a270 req-eea25465-358d-4290-85f7-9cad6f53a270 ] Request (HypervisorAdminNegativeUnderV252Test:setUpClass): 201 POST http://10.180.1.21/identity/v3/auth/tokens 0.182s
2025-03-06 06:01:01.858 69519 INFO tempest.lib.common.rest_client [req-1ec8b8ed-3220-4a64-9be3-d07b864d8b52 req-1ec8b8ed-3220-4a64-9be3-d07b864d8b52 ] Request (ServerDiagnosticsNegativeTest:setUpClass): 204 PUT http://10.180.1.21/identity/v3/projects/45f10743281a4e2f8e74328dc26279ea/users/013d11f18f51427bb0889eac84721fca/roles/868b9b0d2183493a97f60ef348782606 0.137s
2025-03-06 06:01:01.858 69519 INFO tempest.lib.common.dynamic_creds [-] Dynamic test user 013d11f18f51427bb0889eac84721fca is created with scope project and roles: ['member']
2025-03-06 06:01:01.858 69519 INFO tempest.lib.common.dynamic_creds [-] Acquired dynamic creds: credentials: Credentials: {'domain_id': 'default', 'domain_name': 'Default', 'username': 'tempest-ServerDiagnosticsNegativeTest-1197961332-project-member', 'project_domain_id': 'default', 'project_domain_name': 'Default', 'project_id': '45f10743281a4e2f8e74328dc26279ea', 'project_name': 'tempest-ServerDiagnosticsNegativeTest-1197961332', 'tenant_id': '45f10743281a4e2f8e74328dc26279ea', 'tenant_name': 'tempest-ServerDiagnosticsNegativeTest-1197961332', 'user_domain_id': 'default', 'user_domain_name': 'Default', 'user_id': '013d11f18f51427bb0889eac84721fca', 'system': None}, Network: None, Subnet: None, Router: None
2025-03-06 06:01:01.859 69519 INFO tempest.lib.common.dynamic_creds [-] Created isolated network resources for: credentials: Credentials: {'domain_id': 'default', 'domain_name': 'Default', 'username': 'tempest-ServerDiagnosticsNegativeTest-1197961332-project-member', 'project_domain_id': 'default', 'project_domain_name': 'Default', 'project_id': '45f10743281a4e2f8e74328dc26279ea', 'project_name': 'tempest-ServerDiagnosticsNegativeTest-1197961332', 'tenant_id': '45f10743281a4e2f8e74328dc26279ea', 'tenant_name': 'tempest-ServerDiagnosticsNegativeTest-1197961332', 'user_domain_id': 'default', 'user_domain_name': 'Default', 'user_id': '013d11f18f51427bb0889eac84721fca', 'system': None}, Network: None, Subnet: None, Router: None
2025-03-06 06:01:01.872 69537 INFO tempest.lib.common.rest_client [req-b185836d-a699-4df2-bac5-72bf321614bb req-b185836d-a699-4df2-bac5-72bf321614bb ] Request (QuotaClassesAdmin257Test:tearDownClass): 200 GET http://10.180.1.21:9696/networking/v2.0/security-groups?tenant_id=bfc3e405eb74446d8754ac1dad71f15b&name=default 0.251s
2025-03-06 06:01:01.899 69511 INFO tempest.lib.common.rest_client [req-d8075248-a0fd-4756-b963-4908e7fedbaf req-d8075248-a0fd-4756-b963-4908e7fedbaf ] Request (InstanceUsageAuditLogNegativeTestJSON:tearDownClass): 204 DELETE http://10.180.1.21/identity/v3/projects/a39e8d60504347b288e73c89c81c150f 0.223s
2025-03-06 06:01:01.915 69507 INFO tempest.lib.common.rest_client [req-79d97415-4672-42cf-ac2f-b9b70c0ea636 req-79d97415-4672-42cf-ac2f-b9b70c0ea636 ] Request (InstanceActionsV221TestJSON:setUpClass): 201 POST http://10.180.1.21/identity/v3/auth/tokens 0.189s
2025-03-06 06:01:01.943 69517 INFO tempest.lib.common.rest_client [req-b53565ff-4a27-49de-8b55-2e5797f83cdc req-b53565ff-4a27-49de-8b55-2e5797f83cdc ] Request (HypervisorAdminNegativeUnderV252Test:setUpClass): 201 POST http://10.180.1.21/identity/v3/auth/tokens 0.108s
2025-03-06 06:01:01.953 69525 INFO tempest.lib.common.rest_client [req-206790a5-63b0-42d6-ada7-aee5552ff5e8 req-206790a5-63b0-42d6-ada7-aee5552ff5e8 ] Request (ImagesNegativeTestJSON:test_create_image_from_deleted_server): 201 POST http://10.180.1.21/identity/v3/auth/tokens 0.137s
2025-03-06 06:01:01.953 69525 INFO tempest.lib.common.fixed_network [-] (ImagesNegativeTestJSON:test_create_image_from_deleted_server) Found network {'id': 'f1423678-4c9d-49c5-8aee-29bfeacffa2a', 'name': 'tempest-ImagesNegativeTestJSON-1931433373-network', 'tenant_id': '016bc1c35fb24f89ac5c5fe81e7cd582', 'admin_state_up': True, 'mtu': 8950, 'status': 'ACTIVE', 'subnets': [], 'shared': False, 'project_id': '016bc1c35fb24f89ac5c5fe81e7cd582', 'port_security_enabled': True, 'router:external': False, 'provider:network_type': 'vlan', 'provider:physical_network': 'default', 'provider:segmentation_id': 425, 'availability_zone_hints': [], 'availability_zones': [], 'ipv4_address_scope': None, 'ipv6_address_scope': None, 'description': '', 'tags': [], 'created_at': '2025-03-06T06:00:55Z', 'updated_at': '2025-03-06T06:00:55Z', 'revision_number': 1} available for tenant
2025-03-06 06:01:01.979 69511 INFO tempest.lib.common.rest_client [req-4ccc41b6-e96f-4e2d-95f1-9a1bec9b1a1b req-4ccc41b6-e96f-4e2d-95f1-9a1bec9b1a1b ] Request (ServicesAdminTestJSON:setUpClass): 201 POST http://10.180.1.21/identity/v3/auth/tokens 0.078s
2025-03-06 06:01:02.001 69537 INFO tempest.lib.common.rest_client [req-fb4ec127-a0e1-4f59-b548-73b2c93cc089 req-fb4ec127-a0e1-4f59-b548-73b2c93cc089 ] Request (QuotaClassesAdmin257Test:tearDownClass): 204 DELETE http://10.180.1.21:9696/networking/v2.0/security-groups/020c64e0-30ff-4982-b05d-63a8d043ce5b 0.129s
2025-03-06 06:01:02.004 69519 INFO tempest.lib.common.rest_client [req-6e8f1a2c-84a7-4f51-8a93-5f1fbce0d647 req-6e8f1a2c-84a7-4f51-8a93-5f1fbce0d647 ] Request (ServerDiagnosticsNegativeTest:setUpClass): 201 POST http://10.180.1.21/identity/v3/auth/tokens 0.142s
2025-03-06 06:01:02.067 69517 INFO tempest.lib.common.rest_client [req-96086c3c-0c7c-42df-bbb1-785f07e626dc req-96086c3c-0c7c-42df-bbb1-785f07e626dc ] Request (HypervisorAdminNegativeUnderV252Test:setUpClass): 200 GET http://10.180.1.21/identity/v3/domains?name=Default 0.124s
2025-03-06 06:01:02.095 69511 INFO tempest.lib.common.rest_client [req-c6af93d6-b736-4475-9af6-d5640f3d8a34 req-c6af93d6-b736-4475-9af6-d5640f3d8a34 ] Request (ServicesAdminTestJSON:setUpClass): 201 POST http://10.180.1.21/identity/v3/auth/tokens 0.114s
2025-03-06 06:01:02.101 69555 INFO tempest.lib.common.rest_client [req-33fb9b4c-af85-4874-b868-4f3df4d7c692 req-33fb9b4c-af85-4874-b868-4f3df4d7c692 ] Request (FlavorsAccessTestJSON:test_flavor_access_add_remove): 200 POST http://10.180.1.21/compute/v2.1/flavors/1819486472/action 2.812s
2025-03-06 06:01:02.127 69519 INFO tempest.lib.common.rest_client [req-eb811fc0-43c3-41ee-84c6-a41a5dfc862d req-eb811fc0-43c3-41ee-84c6-a41a5dfc862d ] Request (ServerDiagnosticsNegativeTest:setUpClass): 201 POST http://10.180.1.21/identity/v3/projects 0.122s
2025-03-06 06:01:02.155 69537 INFO tempest.lib.common.rest_client [req-79931041-ffe1-49b8-ab77-be387ed2e439 req-79931041-ffe1-49b8-ab77-be387ed2e439 ] Request (QuotaClassesAdmin257Test:tearDownClass): 204 DELETE http://10.180.1.21/identity/v3/projects/bfc3e405eb74446d8754ac1dad71f15b 0.153s
2025-03-06 06:01:02.193 69559 INFO tempest.lib.common.rest_client [req-2bef6066-91cd-4a5e-971c-ee5712b78dcd req-2bef6066-91cd-4a5e-971c-ee5712b78dcd ] Request (MigrationsAdminTest:test_list_migrations_in_flavor_resize_situation): 200 GET http://10.180.1.21/compute/v2.1/servers/8b417b3a-4ec1-4b64-9a85-94cda10fcea9 2.680s
2025-03-06 06:01:02.203 69533 INFO tempest.lib.common.rest_client [req-f995ed17-3dcd-47af-a1bd-cf963d7637d2 req-f995ed17-3dcd-47af-a1bd-cf963d7637d2 ] Request (FlavorMetadataValidation:tearDownClass): 200 GET http://10.180.1.21:9696/networking/v2.0/security-groups?tenant_id=aa6c7af4b9cd4c87bad32ceb847bccdb&name=default 1.002s
2025-03-06 06:01:02.205 69559 INFO tempest.common.waiters [-] State transition "BUILD/scheduling" ==> "BUILD/None" after 4 second wait
2025-03-06 06:01:02.209 69521 INFO tempest.lib.common.rest_client [req-38bf70a8-2a90-4b23-be98-e3f1e60507ee req-38bf70a8-2a90-4b23-be98-e3f1e60507ee ] Request (SecurityGroupsTestAdminJSON:test_list_security_groups_list_all_tenants_filter): 200 POST http://10.180.1.21/compute/v2.1/os-security-groups 3.063s
2025-03-06 06:01:02.214 69545 INFO tempest.lib.common.rest_client [req-ce7261a5-07f2-4f8f-8016-a2335a9a6441 req-ce7261a5-07f2-4f8f-8016-a2335a9a6441 ] Request (MultipleCreateTestJSON:setUpClass): 201 POST http://10.180.1.21:9696/networking/v2.0/networks 1.061s
2025-03-06 06:01:02.242 69511 INFO tempest.lib.common.rest_client [req-60aee88c-0cb7-4451-82d9-f5518567b2f0 req-60aee88c-0cb7-4451-82d9-f5518567b2f0 ] Request (ServicesAdminTestJSON:setUpClass): 200 GET http://10.180.1.21/identity/v3/domains?name=Default 0.147s
2025-03-06 06:01:02.264 69563 INFO tempest.lib.common.rest_client [req-831f1de6-7d3a-4554-af86-f6b311f5449f req-831f1de6-7d3a-4554-af86-f6b311f5449f ] Request (AggregatesAdminNegativeTestJSON:test_aggregate_add_existent_host): 409 POST http://10.180.1.21/compute/v2.1/os-aggregates/1/action 2.467s
2025-03-06 06:01:02.268 69517 INFO tempest.lib.common.rest_client [req-4e93f6f2-0dd1-47b9-ad0f-c38969051749 req-4e93f6f2-0dd1-47b9-ad0f-c38969051749 ] Request (HypervisorAdminNegativeUnderV252Test:setUpClass): 201 POST http://10.180.1.21/identity/v3/projects 0.200s
2025-03-06 06:01:02.282 69507 INFO tempest.lib.common.rest_client [req-85da2194-b715-4556-bc9a-be769efbe5f5 req-85da2194-b715-4556-bc9a-be769efbe5f5 ] Request (InstanceActionsV221TestJSON:setUpClass): 201 POST http://10.180.1.21:9696/networking/v2.0/networks 0.366s
2025-03-06 06:01:02.284 69519 INFO tempest.lib.common.rest_client [req-c67b4f89-beb3-4ba7-b8d1-e52abf602f31 req-c67b4f89-beb3-4ba7-b8d1-e52abf602f31 ] Request (ServerDiagnosticsNegativeTest:setUpClass): 201 POST http://10.180.1.21/identity/v3/users 0.157s
2025-03-06 06:01:02.290 69531 INFO tempest.lib.common.rest_client [req-8d606975-e306-404d-b76e-9a16fc98cf9b req-8d606975-e306-404d-b76e-9a16fc98cf9b ] Request (FlavorsExtraSpecsNegativeTestJSON:test_flavor_non_admin_update_specific_key): 200 POST http://10.180.1.21/compute/v2.1/flavors/114245944/os-extra_specs 2.488s
2025-03-06 06:01:02.310 69515 INFO tempest.lib.common.rest_client [req-f28fb5df-7db6-4222-bf06-554be78e9672 req-f28fb5df-7db6-4222-bf06-554be78e9672 ] Request (HypervisorAdminNegativeTestJSON:test_show_hypervisor_with_non_admin_user): 200 GET http://10.180.1.21/compute/v2.1/os-hypervisors 2.457s
2025-03-06 06:01:02.321 69533 INFO tempest.lib.common.rest_client [req-1a537f7b-9317-4489-8952-babb2184d4e5 req-1a537f7b-9317-4489-8952-babb2184d4e5 ] Request (FlavorMetadataValidation:tearDownClass): 204 DELETE http://10.180.1.21:9696/networking/v2.0/security-groups/8bc74d5d-2ba6-4132-8643-c5f55c4e2701 0.118s
2025-03-06 06:01:02.347 69537 INFO tempest.lib.common.rest_client [req-58a730cf-533b-45f7-83b6-9279386fb2fe req-58a730cf-533b-45f7-83b6-9279386fb2fe ] Request (QuotaClassesAdminTestJSON:setUpClass): 201 POST http://10.180.1.21/identity/v3/auth/tokens 0.189s
2025-03-06 06:01:02.438 69511 INFO tempest.lib.common.rest_client [req-b21c8c9c-6980-4201-acd2-76ed6841d77d req-b21c8c9c-6980-4201-acd2-76ed6841d77d ] Request (ServicesAdminTestJSON:setUpClass): 201 POST http://10.180.1.21/identity/v3/projects 0.194s
2025-03-06 06:01:02.442 69547 INFO tempest.lib.common.rest_client [req-87562733-f786-472b-be44-6c505397436c req-87562733-f786-472b-be44-6c505397436c ] Request (ServerActionsTestOtherB:setUpClass): 200 POST http://10.180.1.21/compute/v2.1/os-keypairs 2.851s
2025-03-06 06:01:02.442 69553 INFO tempest.lib.common.rest_client [req-50d0736f-b888-4bbb-94e8-9dc09f0b7cbd req-50d0736f-b888-4bbb-94e8-9dc09f0b7cbd ] Request (ServersV294TestFqdnHostnames:setUpClass): 201 POST http://10.180.1.21:9696/networking/v2.0/routers 3.201s
2025-03-06 06:01:02.455 69517 INFO tempest.lib.common.rest_client [req-dc267840-9269-4b29-b7b9-489b283d880c req-dc267840-9269-4b29-b7b9-489b283d880c ] Request (HypervisorAdminNegativeUnderV252Test:setUpClass): 201 POST http://10.180.1.21/identity/v3/users 0.185s
2025-03-06 06:01:02.510 69519 INFO tempest.lib.common.rest_client [req-be0634f9-81e0-4993-abd5-ddd3a9dd8ccc req-be0634f9-81e0-4993-abd5-ddd3a9dd8ccc ] Request (ServerDiagnosticsNegativeTest:setUpClass): 200 GET http://10.180.1.21/identity/v3/roles 0.226s
2025-03-06 06:01:02.549 69533 INFO tempest.lib.common.rest_client [req-127393b6-61f5-4cc3-b114-868dba534eda req-127393b6-61f5-4cc3-b114-868dba534eda ] Request (FlavorMetadataValidation:tearDownClass): 204 DELETE http://10.180.1.21/identity/v3/projects/aa6c7af4b9cd4c87bad32ceb847bccdb 0.227s
2025-03-06 06:01:02.549 69533 INFO tempest.lib.common.dynamic_creds [-] Deleting project and security group for project: 1a954fc9e9ce4835b49890fdb818f56b
2025-03-06 06:01:02.574 69537 INFO tempest.lib.common.rest_client [req-8848dcea-d1b0-4910-a4d6-484782bf4abd req-8848dcea-d1b0-4910-a4d6-484782bf4abd ] Request (QuotaClassesAdminTestJSON:setUpClass): 201 POST http://10.180.1.21/identity/v3/auth/tokens 0.224s
2025-03-06 06:01:02.597 69517 INFO tempest.lib.common.rest_client [req-95fe899e-e1aa-447a-bf5f-faefbf8ceb56 req-95fe899e-e1aa-447a-bf5f-faefbf8ceb56 ] Request (HypervisorAdminNegativeUnderV252Test:setUpClass): 200 GET http://10.180.1.21/identity/v3/roles 0.142s
2025-03-06 06:01:02.607 69511 INFO tempest.lib.common.rest_client [req-e9988734-bf72-43a2-9be5-e970bf16a0ff req-e9988734-bf72-43a2-9be5-e970bf16a0ff ] Request (ServicesAdminTestJSON:setUpClass): 201 POST http://10.180.1.21/identity/v3/users 0.169s
2025-03-06 06:01:02.628 69519 INFO tempest.lib.common.rest_client [req-e9d43d6d-393d-4030-a836-84448b34e1d3 req-e9d43d6d-393d-4030-a836-84448b34e1d3 ] Request (ServerDiagnosticsNegativeTest:setUpClass): 204 PUT http://10.180.1.21/identity/v3/projects/683f4b46a4074a57a4377f96fa4d72da/users/4b8a6b3c80b046d29f034db66c3988f2/roles/cd8e4fc1fb8e4960a5d9023b802e2426 0.117s
2025-03-06 06:01:02.629 69537 INFO tempest.lib.common.rest_client [req-0159939b-92eb-49ca-9bf8-2e8421c6619c req-0159939b-92eb-49ca-9bf8-2e8421c6619c ] Request (QuotaClassesAdminTestJSON:setUpClass): 200 GET http://10.180.1.21/identity/v3/domains?name=Default 0.055s
2025-03-06 06:01:02.679 69505 INFO tempest.lib.common.rest_client [req-71dfb462-397f-479d-ab69-b01e5f8938a3 req-71dfb462-397f-479d-ab69-b01e5f8938a3 ] Request (ImagesOneServerNegativeTestJSON:setUpClass): 200 GET http://10.180.1.21/compute/v2.1/servers/85d6b2fc-0d67-471e-8476-436d5f47071a 2.718s
2025-03-06 06:01:02.689 69505 INFO tempest.common.waiters [-] State transition "BUILD/None" ==> "BUILD/spawning" after 6 second wait
2025-03-06 06:01:02.701 69517 INFO tempest.lib.common.rest_client [req-dd352ad1-8dad-407f-a77c-837eb836886d req-dd352ad1-8dad-407f-a77c-837eb836886d ] Request (HypervisorAdminNegativeUnderV252Test:setUpClass): 204 PUT http://10.180.1.21/identity/v3/projects/290a0ecfd525461ea2d58e3b82da2b9c/users/4880502287b64bd885a05b9db3e43975/roles/868b9b0d2183493a97f60ef348782606 0.103s
2025-03-06 06:01:02.701 69517 INFO tempest.lib.common.dynamic_creds [-] Dynamic test user 4880502287b64bd885a05b9db3e43975 is created with scope project and roles: ['member']
2025-03-06 06:01:02.701 69517 INFO tempest.lib.common.dynamic_creds [-] Acquired dynamic creds: credentials: Credentials: {'domain_id': 'default', 'domain_name': 'Default', 'username': 'tempest-HypervisorAdminNegativeUnderV252Test-2104677459-project-member', 'project_domain_id': 'default', 'project_domain_name': 'Default', 'project_id': '290a0ecfd525461ea2d58e3b82da2b9c', 'project_name': 'tempest-HypervisorAdminNegativeUnderV252Test-2104677459', 'tenant_id': '290a0ecfd525461ea2d58e3b82da2b9c', 'tenant_name': 'tempest-HypervisorAdminNegativeUnderV252Test-2104677459', 'user_domain_id': 'default', 'user_domain_name': 'Default', 'user_id': '4880502287b64bd885a05b9db3e43975', 'system': None}, Network: None, Subnet: None, Router: None
2025-03-06 06:01:02.702 69517 INFO tempest.lib.common.dynamic_creds [-] Created isolated network resources for: credentials: Credentials: {'domain_id': 'default', 'domain_name': 'Default', 'username': 'tempest-HypervisorAdminNegativeUnderV252Test-2104677459-project-member', 'project_domain_id': 'default', 'project_domain_name': 'Default', 'project_id': '290a0ecfd525461ea2d58e3b82da2b9c', 'project_name': 'tempest-HypervisorAdminNegativeUnderV252Test-2104677459', 'tenant_id': '290a0ecfd525461ea2d58e3b82da2b9c', 'tenant_name': 'tempest-HypervisorAdminNegativeUnderV252Test-2104677459', 'user_domain_id': 'default', 'user_domain_name': 'Default', 'user_id': '4880502287b64bd885a05b9db3e43975', 'system': None}, Network: None, Subnet: None, Router: None
2025-03-06 06:01:02.703 69509 INFO tempest.lib.common.rest_client [req-dc52e444-992e-41c1-b0cd-bb832a5452bc req-dc52e444-992e-41c1-b0cd-bb832a5452bc ] Request (FlavorsExtraSpecsTestJSON:test_flavor_non_admin_get_specific_key): 200 GET http://10.180.1.21/compute/v2.1/flavors/1166737467/os-extra_specs/hw:numa_nodes 2.226s
2025-03-06 06:01:02.724 69523 INFO tempest.lib.common.rest_client [req-89b9ac98-1dd9-43dc-a8c9-1fa632dd117f req-89b9ac98-1dd9-43dc-a8c9-1fa632dd117f ] Request (HypervisorAdminTestJSON:test_get_hypervisor_stats): 200 GET http://10.180.1.21/compute/v2.1/os-hypervisors/statistics 2.213s
2025-03-06 06:01:02.752 69547 INFO tempest.lib.common.rest_client [req-051b3f45-d1ad-4eec-9e12-1807701f65f5 req-051b3f45-d1ad-4eec-9e12-1807701f65f5 ] Request (ServerActionsTestOtherB:setUpClass): 201 POST http://10.180.1.21:9696/networking/v2.0/security-groups 0.307s
2025-03-06 06:01:02.759 69511 INFO tempest.lib.common.rest_client [req-71ff33e7-4ba0-413b-a813-b5ea9fdfa91a req-71ff33e7-4ba0-413b-a813-b5ea9fdfa91a ] Request (ServicesAdminTestJSON:setUpClass): 200 GET http://10.180.1.21/identity/v3/roles 0.151s
2025-03-06 06:01:02.764 69519 INFO tempest.lib.common.rest_client [req-aad5ce54-f477-4800-983e-0d3dea6218ca req-aad5ce54-f477-4800-983e-0d3dea6218ca ] Request (ServerDiagnosticsNegativeTest:setUpClass): 200 GET http://10.180.1.21/identity/v3/roles 0.135s
2025-03-06 06:01:02.772 69561 INFO tempest.lib.common.rest_client [req-f417d78c-cf2e-4243-935c-e33b1cfe44dd req-f417d78c-cf2e-4243-935c-e33b1cfe44dd ] Request (KeyPairsV2TestJSON:test_keypairs_create_list_delete): 200 POST http://10.180.1.21/compute/v2.1/os-keypairs 2.236s
2025-03-06 06:01:02.786 69537 INFO tempest.lib.common.rest_client [req-cdd81986-ab19-453a-b7f5-dc03d2fb60db req-cdd81986-ab19-453a-b7f5-dc03d2fb60db ] Request (QuotaClassesAdminTestJSON:setUpClass): 201 POST http://10.180.1.21/identity/v3/projects 0.156s
2025-03-06 06:01:02.807 69529 INFO tempest.lib.common.rest_client [req-c256ac8e-448c-49b2-9da7-4603724ad5f0 req-c256ac8e-448c-49b2-9da7-4603724ad5f0 ] Request (QuotasAdminNegativeTest:_run_cleanups): 200 PUT http://10.180.1.21/compute/v2.1/os-quota-sets/d5b1bbf7f1204e368ff28ac617d925da 2.366s
2025-03-06 06:01:02.827 69517 INFO tempest.lib.common.rest_client [req-f3cd30bc-f8b3-433b-a495-f719cc815966 req-f3cd30bc-f8b3-433b-a495-f719cc815966 ] Request (HypervisorAdminNegativeUnderV252Test:setUpClass): 201 POST http://10.180.1.21/identity/v3/auth/tokens 0.117s
2025-03-06 06:01:02.835 69551 INFO tempest.lib.common.rest_client [req-9f98e994-34d0-4572-ba00-f2155a1f5933 req-9f98e994-34d0-4572-ba00-f2155a1f5933 ] Request (ServicesAdminNegativeV253TestJSON:test_get_service_by_invalid_params): 200 GET http://10.180.1.21/compute/v2.1/os-services?xxx=nova-compute 2.239s
2025-03-06 06:01:02.868 69545 INFO tempest.lib.common.rest_client [req-49e5349c-53a5-421f-ad16-2c8439adba35 req-49e5349c-53a5-421f-ad16-2c8439adba35 ] Request (MultipleCreateTestJSON:setUpClass): 201 POST http://10.180.1.21:9696/networking/v2.0/subnets 0.653s
2025-03-06 06:01:02.890 69523 INFO tempest.lib.common.rest_client [req-a272b4c6-eec1-4fb6-bedd-796f6fb7f1f6 req-a272b4c6-eec1-4fb6-bedd-796f6fb7f1f6 ] Request (HypervisorAdminTestJSON:tearDownClass): 204 DELETE http://10.180.1.21/identity/v3/users/e4bf0cf188cc471eaf3266cbe2f5b48b 0.163s
2025-03-06 06:01:02.914 69511 INFO tempest.lib.common.rest_client [req-f882cfd1-d7fc-474f-ad70-e02f41ea4afe req-f882cfd1-d7fc-474f-ad70-e02f41ea4afe ] Request (ServicesAdminTestJSON:setUpClass): 204 PUT http://10.180.1.21/identity/v3/projects/3b0f7c5c6c1b498b9f643ea087869f62/users/45095ac453c64078ac3e62a23c081b39/roles/868b9b0d2183493a97f60ef348782606 0.155s
2025-03-06 06:01:02.915 69511 INFO tempest.lib.common.dynamic_creds [-] Dynamic test user 45095ac453c64078ac3e62a23c081b39 is created with scope project and roles: ['member']
2025-03-06 06:01:02.915 69511 INFO tempest.lib.common.dynamic_creds [-] Acquired dynamic creds: credentials: Credentials: {'domain_id': 'default', 'domain_name': 'Default', 'username': 'tempest-ServicesAdminTestJSON-314170766-project-member', 'project_domain_id': 'default', 'project_domain_name': 'Default', 'project_id': '3b0f7c5c6c1b498b9f643ea087869f62', 'project_name': 'tempest-ServicesAdminTestJSON-314170766', 'tenant_id': '3b0f7c5c6c1b498b9f643ea087869f62', 'tenant_name': 'tempest-ServicesAdminTestJSON-314170766', 'user_domain_id': 'default', 'user_domain_name': 'Default', 'user_id': '45095ac453c64078ac3e62a23c081b39', 'system': None}, Network: None, Subnet: None, Router: None
2025-03-06 06:01:02.915 69511 INFO tempest.lib.common.dynamic_creds [-] Created isolated network resources for: credentials: Credentials: {'domain_id': 'default', 'domain_name': 'Default', 'username': 'tempest-ServicesAdminTestJSON-314170766-project-member', 'project_domain_id': 'default', 'project_domain_name': 'Default', 'project_id': '3b0f7c5c6c1b498b9f643ea087869f62', 'project_name': 'tempest-ServicesAdminTestJSON-314170766', 'tenant_id': '3b0f7c5c6c1b498b9f643ea087869f62', 'tenant_name': 'tempest-ServicesAdminTestJSON-314170766', 'user_domain_id': 'default', 'user_domain_name': 'Default', 'user_id': '45095ac453c64078ac3e62a23c081b39', 'system': None}, Network: None, Subnet: None, Router: None
2025-03-06 06:01:02.918 69507 INFO tempest.lib.common.rest_client [req-b3c0c141-4f2b-4ba3-8352-13712b3b1366 req-b3c0c141-4f2b-4ba3-8352-13712b3b1366 ] Request (InstanceActionsV221TestJSON:setUpClass): 201 POST http://10.180.1.21:9696/networking/v2.0/subnets 0.636s
2025-03-06 06:01:02.923 69533 INFO tempest.lib.common.rest_client [req-f3562604-45f1-4919-a9d3-b5632e61c3ac req-f3562604-45f1-4919-a9d3-b5632e61c3ac ] Request (FlavorMetadataValidation:tearDownClass): 200 GET http://10.180.1.21:9696/networking/v2.0/security-groups?tenant_id=1a954fc9e9ce4835b49890fdb818f56b&name=default 0.374s
2025-03-06 06:01:02.970 69519 INFO tempest.lib.common.rest_client [req-faabe454-8795-4327-95b7-b96abfd26f45 req-faabe454-8795-4327-95b7-b96abfd26f45 ] Request (ServerDiagnosticsNegativeTest:setUpClass): 204 PUT http://10.180.1.21/identity/v3/projects/683f4b46a4074a57a4377f96fa4d72da/users/4b8a6b3c80b046d29f034db66c3988f2/roles/cd8e4fc1fb8e4960a5d9023b802e2426 0.206s
2025-03-06 06:01:02.970 69519 INFO tempest.lib.common.dynamic_creds [-] Dynamic test user 4b8a6b3c80b046d29f034db66c3988f2 is created with scope project and roles: ['admin']
2025-03-06 06:01:02.970 69519 INFO tempest.lib.common.dynamic_creds [-] Acquired dynamic creds: credentials: Credentials: {'domain_id': 'default', 'domain_name': 'Default', 'username': 'tempest-ServerDiagnosticsNegativeTest-841753990-project-admin', 'project_domain_id': 'default', 'project_domain_name': 'Default', 'project_id': '683f4b46a4074a57a4377f96fa4d72da', 'project_name': 'tempest-ServerDiagnosticsNegativeTest-841753990', 'tenant_id': '683f4b46a4074a57a4377f96fa4d72da', 'tenant_name': 'tempest-ServerDiagnosticsNegativeTest-841753990', 'user_domain_id': 'default', 'user_domain_name': 'Default', 'user_id': '4b8a6b3c80b046d29f034db66c3988f2', 'system': None}, Network: None, Subnet: None, Router: None
2025-03-06 06:01:02.971 69519 INFO tempest.lib.common.dynamic_creds [-] Created isolated network resources for: credentials: Credentials: {'domain_id': 'default', 'domain_name': 'Default', 'username': 'tempest-ServerDiagnosticsNegativeTest-841753990-project-admin', 'project_domain_id': 'default', 'project_domain_name': 'Default', 'project_id': '683f4b46a4074a57a4377f96fa4d72da', 'project_name': 'tempest-ServerDiagnosticsNegativeTest-841753990', 'tenant_id': '683f4b46a4074a57a4377f96fa4d72da', 'tenant_name': 'tempest-ServerDiagnosticsNegativeTest-841753990', 'user_domain_id': 'default', 'user_domain_name': 'Default', 'user_id': '4b8a6b3c80b046d29f034db66c3988f2', 'system': None}, Network: None, Subnet: None, Router: None
2025-03-06 06:01:03.039 69537 INFO tempest.lib.common.rest_client [req-ffaed4f1-bcd4-49d6-81af-8c2a6d2629f2 req-ffaed4f1-bcd4-49d6-81af-8c2a6d2629f2 ] Request (QuotaClassesAdminTestJSON:setUpClass): 201 POST http://10.180.1.21/identity/v3/users 0.252s
2025-03-06 06:01:03.040 69517 INFO tempest.lib.common.rest_client [req-ab333c7b-49b2-4c6e-a74c-ec50d2d4c1b8 req-ab333c7b-49b2-4c6e-a74c-ec50d2d4c1b8 ] Request (HypervisorAdminNegativeUnderV252Test:setUpClass): 201 POST http://10.180.1.21/identity/v3/projects 0.212s
2025-03-06 06:01:03.077 69533 INFO tempest.lib.common.rest_client [req-5d5b9278-f34b-474b-b816-99831504c0ac req-5d5b9278-f34b-474b-b816-99831504c0ac ] Request (FlavorMetadataValidation:tearDownClass): 204 DELETE http://10.180.1.21:9696/networking/v2.0/security-groups/eb01315a-6234-4de1-8de9-22c7dee6f03d 0.153s
2025-03-06 06:01:03.138 69523 INFO tempest.lib.common.rest_client [req-12dffe39-5973-4886-b826-c4d79f9a36bd req-12dffe39-5973-4886-b826-c4d79f9a36bd ] Request (HypervisorAdminTestJSON:tearDownClass): 204 DELETE http://10.180.1.21/identity/v3/users/cf5d04d201ab40b9957e575d333cb49f 0.247s
2025-03-06 06:01:03.138 69523 INFO tempest.lib.common.dynamic_creds [-] Deleting project and security group for project: b36dccd11e824b3197aa9c9272ae75a5
2025-03-06 06:01:03.180 69536 INFO tempest.lib.common.rest_client [req-6bf4d9d9-6592-439a-a57f-123b8f0485cc req-6bf4d9d9-6592-439a-a57f-123b8f0485cc ] Request (ServersWithSpecificFlavorTestJSON:test_verify_created_server_ephemeral_disk): 200 POST http://10.180.1.21/compute/v2.1/flavors 2.370s
2025-03-06 06:01:03.188 69542 INFO tempest.lib.common.rest_client [req-84d81972-344d-4473-b596-5145946daf85 req-84d81972-344d-4473-b596-5145946daf85 ] Request (HostsAdminNegativeTestJSON:test_show_host_detail_with_non_admin_user): 403 GET http://10.180.1.21/compute/v2.1/os-hosts/devstack 2.194s
2025-03-06 06:01:03.204 69511 INFO tempest.lib.common.rest_client [req-a5b9b5e9-2e88-4a8b-9140-dceff0013ab8 req-a5b9b5e9-2e88-4a8b-9140-dceff0013ab8 ] Request (ServicesAdminTestJSON:setUpClass): 201 POST http://10.180.1.21/identity/v3/auth/tokens 0.285s
2025-03-06 06:01:03.231 69519 INFO tempest.lib.common.rest_client [req-5315b824-c3e1-4783-811e-7ed77015b606 req-5315b824-c3e1-4783-811e-7ed77015b606 ] Request (ServerDiagnosticsNegativeTest:setUpClass): 201 POST http://10.180.1.21/identity/v3/auth/tokens 0.257s
2025-03-06 06:01:03.247 69503 INFO tempest.lib.common.rest_client [req-16a0a476-c517-47be-9ed5-1f46df7e4f26 req-16a0a476-c517-47be-9ed5-1f46df7e4f26 ] Request (VolumesAssistedSnapshotsTest:setUpClass): 200 PUT http://10.180.1.21:9696/networking/v2.0/routers/c5dae5a8-e663-4fd1-a2a1-ea362ce0d531/add_router_interface 3.203s
2025-03-06 06:01:03.248 69503 INFO tempest.lib.common.dynamic_creds [-] Created isolated network resources for: credentials: Credentials: {'domain_id': 'default', 'domain_name': 'Default', 'username': 'tempest-VolumesAssistedSnapshotsTest-812223633-project', 'project_domain_id': 'default', 'project_domain_name': 'Default', 'project_id': '0f86bc2099e9452c93e34186f964870e', 'project_name': 'tempest-VolumesAssistedSnapshotsTest-812223633', 'tenant_id': '0f86bc2099e9452c93e34186f964870e', 'tenant_name': 'tempest-VolumesAssistedSnapshotsTest-812223633', 'user_domain_id': 'default', 'user_domain_name': 'Default', 'user_id': 'ea5d9fe099d34d11b3eb83742a465f45', 'system': None}, Network: {'id': '6302b324-c3b9-4957-8dda-30a8c4cffa1b', 'name': 'tempest-VolumesAssistedSnapshotsTest-1386909393-network', 'tenant_id': '0f86bc2099e9452c93e34186f964870e', 'admin_state_up': True, 'mtu': 8950, 'status': 'ACTIVE', 'subnets': [], 'shared': False, 'project_id': '0f86bc2099e9452c93e34186f964870e', 'port_security_enabled': True, 'router:external': False, 'provider:network_type': 'vlan', 'provider:physical_network': 'default', 'provider:segmentation_id': 521, 'availability_zone_hints': [], 'availability_zones': [], 'ipv4_address_scope': None, 'ipv6_address_scope': None, 'description': '', 'tags': [], 'created_at': '2025-03-06T06:00:57Z', 'updated_at': '2025-03-06T06:00:57Z', 'revision_number': 1}, Subnet: {'id': '05264a47-4f1e-42cc-8410-2f5102968adc', 'name': 'tempest-VolumesAssistedSnapshotsTest-1386909393-subnet', 'tenant_id': '0f86bc2099e9452c93e34186f964870e', 'network_id': '6302b324-c3b9-4957-8dda-30a8c4cffa1b', 'ip_version': 4, 'subnetpool_id': None, 'enable_dhcp': True, 'ipv6_ra_mode': None, 'ipv6_address_mode': None, 'gateway_ip': '192.168.128.1', 'cidr': '192.168.128.0/28', 'allocation_pools': [{'start': '192.168.128.2', 'end': '192.168.128.14'}], 'host_routes': [], 'dns_nameservers': [], 'description': '', 'router:external': False, 'service_types': [], 'tags': [], 'created_at': '2025-03-06T06:00:57Z', 'updated_at': '2025-03-06T06:00:57Z', 'revision_number': 0, 'project_id': '0f86bc2099e9452c93e34186f964870e'}, Router: {'id': 'c5dae5a8-e663-4fd1-a2a1-ea362ce0d531', 'name': 'tempest-VolumesAssistedSnapshotsTest-1386909393-router', 'tenant_id': '0f86bc2099e9452c93e34186f964870e', 'admin_state_up': True, 'status': 'ACTIVE', 'external_gateway_info': {'network_id': '81dfb12b-e28f-42bc-8d6a-f1228fcd73d0', 'external_fixed_ips': [{'subnet_id': '6cfb88e1-35dd-4b2c-bfb4-263f4a8bc5cd', 'ip_address': '10.180.180.186'}], 'enable_snat': True}, 'description': '', 'availability_zones': [], 'distributed': False, 'ha': False, 'availability_zone_hints': [], 'routes': [], 'flavor_id': None, 'tags': [], 'created_at': '2025-03-06T06:00:57Z', 'updated_at': '2025-03-06T06:00:58Z', 'revision_number': 2, 'project_id': '0f86bc2099e9452c93e34186f964870e'}
2025-03-06 06:01:03.258 69537 INFO tempest.lib.common.rest_client [req-e1033232-c9d8-4f4f-a5bb-893dca8ef4db req-e1033232-c9d8-4f4f-a5bb-893dca8ef4db ] Request (QuotaClassesAdminTestJSON:setUpClass): 200 GET http://10.180.1.21/identity/v3/roles 0.218s
2025-03-06 06:01:03.292 69517 INFO tempest.lib.common.rest_client [req-31b1423f-429a-45d9-aa55-ffdacc4e760d req-31b1423f-429a-45d9-aa55-ffdacc4e760d ] Request (HypervisorAdminNegativeUnderV252Test:setUpClass): 201 POST http://10.180.1.21/identity/v3/users 0.250s
2025-03-06 06:01:03.304 69547 INFO tempest.lib.common.rest_client [req-2797abb7-6b10-4b1f-864c-5a5338331054 req-2797abb7-6b10-4b1f-864c-5a5338331054 ] Request (ServerActionsTestOtherB:setUpClass): 201 POST http://10.180.1.21:9696/networking/v2.0/security-group-rules 0.551s
2025-03-06 06:01:03.320 69533 INFO tempest.lib.common.rest_client [req-baa6f197-51a3-4ed4-9722-5d0e397015b1 req-baa6f197-51a3-4ed4-9722-5d0e397015b1 ] Request (FlavorMetadataValidation:tearDownClass): 204 DELETE http://10.180.1.21/identity/v3/projects/1a954fc9e9ce4835b49890fdb818f56b 0.243s
2025-03-06 06:01:03.357 69523 INFO tempest.lib.common.rest_client [req-d04f5c33-911b-49e1-b2ca-ba6031a5e894 req-d04f5c33-911b-49e1-b2ca-ba6031a5e894 ] Request (HypervisorAdminTestJSON:tearDownClass): 201 POST http://10.180.1.21/identity/v3/auth/tokens 0.219s
2025-03-06 06:01:03.386 69511 INFO tempest.lib.common.rest_client [req-522d9db1-d88c-464d-be96-953ac5b98fd6 req-522d9db1-d88c-464d-be96-953ac5b98fd6 ] Request (ServicesAdminTestJSON:setUpClass): 201 POST http://10.180.1.21/identity/v3/projects 0.181s
2025-03-06 06:01:03.441 69519 INFO tempest.lib.common.rest_client [req-7b4ba146-99af-4846-ad68-e6efb66c4ae2 req-7b4ba146-99af-4846-ad68-e6efb66c4ae2 ] Request (ServerDiagnosticsNegativeTest:test_get_server_diagnostics_by_non_admin): 201 POST http://10.180.1.21/identity/v3/auth/tokens 0.204s
2025-03-06 06:01:03.441 69519 INFO tempest.lib.common.fixed_network [-] (ServerDiagnosticsNegativeTest:test_get_server_diagnostics_by_non_admin) Found network None available for tenant
2025-03-06 06:01:03.449 69547 INFO tempest.lib.common.rest_client [req-55e6af22-5b25-46db-a4b6-a9a1d7f65c29 req-55e6af22-5b25-46db-a4b6-a9a1d7f65c29 ] Request (ServerActionsTestOtherB:setUpClass): 201 POST http://10.180.1.21:9696/networking/v2.0/security-group-rules 0.144s
2025-03-06 06:01:03.515 69503 INFO tempest.lib.common.rest_client [req-c6384392-02ec-4be4-a0c6-d8f97221a73f req-c6384392-02ec-4be4-a0c6-d8f97221a73f ] Request (VolumesAssistedSnapshotsTest:setUpClass): 201 POST http://10.180.1.21/identity/v3/auth/tokens 0.262s
2025-03-06 06:01:03.550 69565 INFO tempest.lib.common.rest_client [req-d0542161-b102-4164-8386-a2c093234159 req-d0542161-b102-4164-8386-a2c093234159 ] Request (QuotasAdminTestV236:test_get_updated_quotas): 200 PUT http://10.180.1.21/compute/v2.1/os-quota-sets/a46ba698e1a7470db3e9655f77db8d32 3.007s
2025-03-06 06:01:03.560 69527 INFO tempest.lib.common.rest_client [req-e36c4840-11be-4766-bb63-05fdd5e7d749 req-e36c4840-11be-4766-bb63-05fdd5e7d749 ] Request (ListServerFiltersTestJSON:setUpClass): 202 POST http://10.180.1.21/compute/v2.1/servers 2.409s
2025-03-06 06:01:03.568 69517 INFO tempest.lib.common.rest_client [req-5d0198a2-19fb-4caf-950d-4aa14beefc46 req-5d0198a2-19fb-4caf-950d-4aa14beefc46 ] Request (HypervisorAdminNegativeUnderV252Test:setUpClass): 200 GET http://10.180.1.21/identity/v3/roles 0.276s
2025-03-06 06:01:03.592 69537 INFO tempest.lib.common.rest_client [req-e0cabfa9-7cc4-4ff2-80d4-3239c68c2e70 req-e0cabfa9-7cc4-4ff2-80d4-3239c68c2e70 ] Request (QuotaClassesAdminTestJSON:setUpClass): 204 PUT http://10.180.1.21/identity/v3/projects/9d62702b7a29431e96bf8d15ff6b8fd5/users/485c3015276a418b95d32c896f5e7439/roles/868b9b0d2183493a97f60ef348782606 0.334s
2025-03-06 06:01:03.593 69537 INFO tempest.lib.common.dynamic_creds [-] Dynamic test user 485c3015276a418b95d32c896f5e7439 is created with scope project and roles: ['member']
2025-03-06 06:01:03.593 69537 INFO tempest.lib.common.dynamic_creds [-] Acquired dynamic creds: credentials: Credentials: {'domain_id': 'default', 'domain_name': 'Default', 'username': 'tempest-QuotaClassesAdminTestJSON-916298232-project-member', 'project_domain_id': 'default', 'project_domain_name': 'Default', 'project_id': '9d62702b7a29431e96bf8d15ff6b8fd5', 'project_name': 'tempest-QuotaClassesAdminTestJSON-916298232', 'tenant_id': '9d62702b7a29431e96bf8d15ff6b8fd5', 'tenant_name': 'tempest-QuotaClassesAdminTestJSON-916298232', 'user_domain_id': 'default', 'user_domain_name': 'Default', 'user_id': '485c3015276a418b95d32c896f5e7439', 'system': None}, Network: None, Subnet: None, Router: None
2025-03-06 06:01:03.593 69537 INFO tempest.lib.common.dynamic_creds [-] Created isolated network resources for: credentials: Credentials: {'domain_id': 'default', 'domain_name': 'Default', 'username': 'tempest-QuotaClassesAdminTestJSON-916298232-project-member', 'project_domain_id': 'default', 'project_domain_name': 'Default', 'project_id': '9d62702b7a29431e96bf8d15ff6b8fd5', 'project_name': 'tempest-QuotaClassesAdminTestJSON-916298232', 'tenant_id': '9d62702b7a29431e96bf8d15ff6b8fd5', 'tenant_name': 'tempest-QuotaClassesAdminTestJSON-916298232', 'user_domain_id': 'default', 'user_domain_name': 'Default', 'user_id': '485c3015276a418b95d32c896f5e7439', 'system': None}, Network: None, Subnet: None, Router: None
2025-03-06 06:01:03.611 69549 INFO tempest.lib.common.rest_client [req-f2879f3d-8b53-4e0a-9f7a-0b2e5855465c req-f2879f3d-8b53-4e0a-9f7a-0b2e5855465c ] Request (FlavorsV261TestJSON:test_crud_flavor): 200 GET http://10.180.1.21/compute/v2.1/flavors 1.786s
2025-03-06 06:01:03.624 69533 INFO tempest.lib.common.rest_client [req-e29aeaed-d98e-4283-acb0-dc6a0d2a4b87 req-e29aeaed-d98e-4283-acb0-dc6a0d2a4b87 ] Request (FloatingIPsTestJSON:setUpClass): 201 POST http://10.180.1.21/identity/v3/auth/tokens 0.302s
2025-03-06 06:01:03.654 69511 INFO tempest.lib.common.rest_client [req-36ef2afa-b4b6-43e4-bacf-fbfa55e02c97 req-36ef2afa-b4b6-43e4-bacf-fbfa55e02c97 ] Request (ServicesAdminTestJSON:setUpClass): 201 POST http://10.180.1.21/identity/v3/users 0.267s
2025-03-06 06:01:03.720 69527 INFO tempest.lib.common.rest_client [req-558e7b75-eedb-46e9-8a0b-ea73e815c692 req-558e7b75-eedb-46e9-8a0b-ea73e815c692 ] Request (ListServerFiltersTestJSON:setUpClass): 201 POST http://10.180.1.21/identity/v3/auth/tokens 0.155s
2025-03-06 06:01:03.720 69527 INFO tempest.lib.common.fixed_network [-] (ListServerFiltersTestJSON:setUpClass) Found network {'id': 'bebea28c-2208-4d24-a442-ec753d970f78', 'name': 'tempest-ListServerFiltersTestJSON-2116791220-network', 'tenant_id': '70599e84e52a41cc8ef9665bd3a0b16d', 'admin_state_up': True, 'mtu': 8950, 'status': 'ACTIVE', 'subnets': [], 'shared': False, 'project_id': '70599e84e52a41cc8ef9665bd3a0b16d', 'port_security_enabled': True, 'router:external': False, 'provider:network_type': 'vlan', 'provider:physical_network': 'default', 'provider:segmentation_id': 875, 'availability_zone_hints': [], 'availability_zones': [], 'ipv4_address_scope': None, 'ipv6_address_scope': None, 'description': '', 'tags': [], 'created_at': '2025-03-06T06:00:56Z', 'updated_at': '2025-03-06T06:00:56Z', 'revision_number': 1} available for tenant
2025-03-06 06:01:03.751 69517 INFO tempest.lib.common.rest_client [req-b2167033-f6d8-4582-84e7-73a85a3204b3 req-b2167033-f6d8-4582-84e7-73a85a3204b3 ] Request (HypervisorAdminNegativeUnderV252Test:setUpClass): 204 PUT http://10.180.1.21/identity/v3/projects/09c71199476e4c4595a944c8c2399139/users/bd454ce3b2b34cfa9dcf617f66a3ddf6/roles/cd8e4fc1fb8e4960a5d9023b802e2426 0.182s
2025-03-06 06:01:03.776 69523 INFO tempest.lib.common.rest_client [req-3581252e-2353-4a46-9cf1-f5b579bf580b req-3581252e-2353-4a46-9cf1-f5b579bf580b ] Request (HypervisorAdminTestJSON:tearDownClass): 200 GET http://10.180.1.21:9696/networking/v2.0/security-groups?tenant_id=b36dccd11e824b3197aa9c9272ae75a5&name=default 0.418s
