2025-03-06 06:02:57.060 69539 INFO tempest.common.waiters [-] State transition "ERROR/deleting" ==> "DELETED/None" after 5 second wait
2025-03-06 06:02:57.120 69561 INFO tempest.lib.common.rest_client [req-d6951a9f-2f43-41b3-9ec2-863ae98ba4a4 req-d6951a9f-2f43-41b3-9ec2-863ae98ba4a4 ] Request (ServersTestMultiNic:test_verify_multiple_nics_order): 201 POST http://10.180.1.21:9696/networking/v2.0/subnets 0.212s
2025-03-06 06:02:57.144 69531 INFO tempest.lib.common.rest_client [req-20848ee4-2abd-4793-a02f-69a2350da7f6 req-20848ee4-2abd-4793-a02f-69a2350da7f6 ] Request (InstanceActionsNegativeTestJSON:setUpClass): 200 GET http://10.180.1.21/compute/v2.1/servers/de6cb453-ef68-4121-93b8-5252d8e6fb33 0.071s
2025-03-06 06:02:57.186 69561 INFO tempest.lib.common.rest_client [req-ee72beb9-fe06-47fb-b22e-9ea07e011cbf req-ee72beb9-fe06-47fb-b22e-9ea07e011cbf ] Request (ServersTestMultiNic:test_verify_multiple_nics_order): 201 POST http://10.180.1.21/identity/v3/auth/tokens 0.063s
2025-03-06 06:02:57.187 69561 INFO tempest.lib.common.fixed_network [-] (ServersTestMultiNic:test_verify_multiple_nics_order) Found network {'id': '6ddbfd70-d979-4532-8687-3e2b03017173', 'name': 'tempest-ServersTestMultiNic-532423073-network', 'tenant_id': '13e32a4b51df4111839c3b805603d1bf', 'admin_state_up': True, 'mtu': 8950, 'status': 'ACTIVE', 'subnets': [], 'shared': False, 'project_id': '13e32a4b51df4111839c3b805603d1bf', 'port_security_enabled': True, 'router:external': False, 'provider:network_type': 'vlan', 'provider:physical_network': 'default', 'provider:segmentation_id': 220, 'availability_zone_hints': [], 'availability_zones': [], 'ipv4_address_scope': None, 'ipv6_address_scope': None, 'description': '', 'tags': [], 'created_at': '2025-03-06T06:01:12Z', 'updated_at': '2025-03-06T06:01:12Z', 'revision_number': 1} available for tenant
2025-03-06 06:02:57.212 69543 INFO tempest.lib.common.rest_client [req-b5d3f432-335c-4069-b106-b6a9ff5a59c7 req-b5d3f432-335c-4069-b106-b6a9ff5a59c7 ] Request (ServerActionsTestOtherA:setUpClass): 200 GET http://10.180.1.21/compute/v2.1/servers/5599a8c9-58c6-40c3-97cc-b0eea581ad5b 0.076s
2025-03-06 06:02:57.299 69519 INFO tempest.lib.common.rest_client [req-2cbaf956-db0a-4ca4-9007-21bef484d976 req-2cbaf956-db0a-4ca4-9007-21bef484d976 ] Request (ImagesOneServerTestJSON:setUpClass): 200 GET http://10.180.1.21/compute/v2.1/servers/1622e6bf-5bfe-4a9b-9cb7-81f1ee801a01 0.102s
2025-03-06 06:02:57.371 69505 INFO tempest.lib.common.rest_client [req-9b02bae2-faf2-4a33-8b54-7f23ec80ffdc req-9b02bae2-faf2-4a33-8b54-7f23ec80ffdc ] Request (ImagesOneServerNegativeTestJSON:_run_cleanups): 200 GET http://10.180.1.21/compute/v2.1/servers/91ce0605-359f-4dad-8298-8e17ee656731 0.118s
2025-03-06 06:02:57.403 69533 INFO tempest.lib.common.rest_client [req-2d91b7ce-0320-4855-8152-f5653d390cd7 req-2d91b7ce-0320-4855-8152-f5653d390cd7 ] Request (ImagesTestJSON:test_create_image_from_stopped_server): 200 GET http://10.180.1.21/compute/v2.1/images/b5046ebc-f0b2-40e0-aab7-7401105011e9 0.115s
2025-03-06 06:02:57.499 69509 INFO tempest.lib.common.rest_client [req-249d7ad3-b271-4afa-a12a-29de317cb56a req-249d7ad3-b271-4afa-a12a-29de317cb56a ] Request (ServerShowV257Test:test_rebuild_server): 200 GET http://10.180.1.21/compute/v2.1/servers/54e63c54-74ee-4ec4-aabe-517d3e58ca39 0.142s
2025-03-06 06:02:57.585 69507 INFO tempest.lib.common.rest_client [req-f28cc5e6-6b37-4baa-b7bf-36e595d1c007 req-f28cc5e6-6b37-4baa-b7bf-36e595d1c007 ] Request (ServersTestJSON:test_create_server_specify_multibyte_character_name): 200 GET http://10.180.1.21/compute/v2.1/servers/c32e70e6-d4ed-4586-9492-9ee26735fbbf 0.227s
2025-03-06 06:02:57.675 69549 INFO tempest.lib.common.rest_client [req-b286d17e-f914-4cb6-a299-6cc32a10077a req-b286d17e-f914-4cb6-a299-6cc32a10077a ] Request (ServerRescueTestJSONUnderV235:setUpClass): 200 GET http://10.180.1.21/compute/v2.1/servers/d9ca7edd-63df-40f6-ae93-1a5911427ee7 0.268s
2025-03-06 06:02:57.747 69559 INFO tempest.lib.common.rest_client [req-e9f737de-c0ec-4981-88eb-0a4e911366ec req-e9f737de-c0ec-4981-88eb-0a4e911366ec ] Request (MigrationsAdminTest:test_resize_server_revert_deleted_flavor): 200 GET http://10.180.1.21/compute/v2.1/servers/ff75e3b8-15c2-4dd3-94a6-de77e6e73501 0.338s
2025-03-06 06:02:57.817 69563 INFO tempest.lib.common.rest_client [req-6b269fe6-6107-4a2b-bf4e-7e2ea15959ba req-6b269fe6-6107-4a2b-bf4e-7e2ea15959ba ] Request (ServersTestBootFromVolume:setUpClass): 200 GET http://10.180.1.21/compute/v2.1/servers/6d13a6c3-6f6e-4a36-9e9b-5e8abb261950 0.292s
2025-03-06 06:02:57.881 69529 INFO tempest.lib.common.rest_client [req-42b29d6c-bc0a-4fc4-b253-07e97853a8d1 req-42b29d6c-bc0a-4fc4-b253-07e97853a8d1 ] Request (ServersAdminTestJSON:test_create_server_with_scheduling_hint): 200 GET http://10.180.1.21/compute/v2.1/servers/39057950-8faf-45b1-8c3d-90798c8f8c94 0.260s
2025-03-06 06:02:57.905 69561 INFO tempest.lib.common.rest_client [req-b20dec90-f94a-4442-b502-7037f5c7b064 req-b20dec90-f94a-4442-b502-7037f5c7b064 ] Request (ServersTestMultiNic:test_verify_multiple_nics_order): 202 POST http://10.180.1.21/compute/v2.1/servers 0.718s
2025-03-06 06:02:57.920 69542 INFO tempest.lib.common.rest_client [req-fc31d91a-68d8-4e53-a9ca-c4d911b6860a req-fc31d91a-68d8-4e53-a9ca-c4d911b6860a ] Request (ServersTestManualDisk:setUpClass): 200 PUT http://10.180.1.21:9696/networking/v2.0/floatingips/9954b52f-daa7-4149-be8d-530838dc96a5 0.888s
2025-03-06 06:02:57.986 69565 INFO tempest.lib.common.rest_client [req-afcae20b-9700-4e10-8bac-be75b6e66b3c req-afcae20b-9700-4e10-8bac-be75b6e66b3c ] Request (ServersListShow296Test:test_list_show_update_rebuild_server_296): 200 GET http://10.180.1.21/compute/v2.1/servers/2813a4f7-0282-4365-a87d-a959016779c4 0.278s
2025-03-06 06:02:57.992 69557 INFO tempest.lib.common.rest_client [req-8c4e471a-c9e7-4470-895e-55e1944ed7af req-8c4e471a-c9e7-4470-895e-55e1944ed7af ] Request (SecurityGroupsTestJSON:test_list_security_groups_by_server): 200 GET http://10.180.1.21/compute/v2.1/servers/d414f97c-8367-4357-9529-eeac7f04d472 0.287s
2025-03-06 06:02:58.050 69555 INFO tempest.lib.common.rest_client [req-6e5b1e70-b5ab-4d08-93b7-be7e3f75ac6a req-6e5b1e70-b5ab-4d08-93b7-be7e3f75ac6a ] Request (FloatingIPsAssociationTestJSON:test_associate_already_associated_floating_ip): 200 GET http://10.180.1.21/compute/v2.1/servers/68bd72ad-3ec6-44f8-8d5f-311cce1678f1 0.297s
2025-03-06 06:02:58.070 69527 INFO tempest.lib.common.rest_client [req-88522388-ab22-436d-9a92-da4e6e1332d4 req-88522388-ab22-436d-9a92-da4e6e1332d4 ] Request (ListServerFiltersTestJSON:tearDownClass): 200 GET http://10.180.1.21/compute/v2.1/servers/f260ea23-705e-43fd-8559-d9ee217d5927 0.234s
2025-03-06 06:02:58.094 69561 INFO tempest.lib.common.rest_client [req-c386dbb6-6520-4c8a-a378-bae93ee67d71 req-c386dbb6-6520-4c8a-a378-bae93ee67d71 ] Request (ServersTestMultiNic:test_verify_multiple_nics_order): 200 GET http://10.180.1.21/compute/v2.1/servers/fd82482c-4769-400c-9ee6-632e60be2e56 0.187s
2025-03-06 06:02:58.136 69525 INFO tempest.lib.common.rest_client [req-6d487ba9-d9ea-417d-93ee-da1c9430cedc req-6d487ba9-d9ea-417d-93ee-da1c9430cedc ] Request (ListImageFiltersTestJSON:setUpClass): 200 GET http://10.180.1.21/compute/v2.1/servers/4b757ef6-19c1-4c73-b16a-3b1ce765c2bc 0.225s
2025-03-06 06:02:58.193 69545 INFO tempest.lib.common.rest_client [req-e6bd1f24-5bb4-4077-b1d2-ef4822125fb0 req-e6bd1f24-5bb4-4077-b1d2-ef4822125fb0 ] Request (MultipleCreateTestJSON:test_multiple_create_with_reservation_return): 200 GET http://10.180.1.21/compute/v2.1/servers/b3a1f91d-d3bd-4127-b294-c10ce3a2edfe 0.228s
2025-03-06 06:02:58.203 69542 INFO tempest.lib.common.rest_client [req-5e50b753-101c-48c2-8fea-8822e0b779e3 req-5e50b753-101c-48c2-8fea-8822e0b779e3 ] Request (ServersTestManualDisk:setUpClass): 200 GET http://10.180.1.21/compute/v2.1/servers/c1da3649-77d1-4da8-9779-9f4a3a591ba7 0.282s
2025-03-06 06:02:58.213 69542 INFO tempest.lib.common.ssh [-] Creating ssh connection to '10.180.180.192:22' as 'cirros' with public key authentication
2025-03-06 06:02:58.248 69521 INFO tempest.lib.common.rest_client [req-0b2f1b13-39e7-40cc-b7f9-caa36b073f6e req-0b2f1b13-39e7-40cc-b7f9-caa36b073f6e ] Request (ServersAdminNegativeTestJSON:setUpClass): 200 GET http://10.180.1.21/compute/v2.1/servers/6c26d3da-3013-4020-ae22-97093090fafe 0.243s
2025-03-06 06:02:58.281 69539 INFO tempest.lib.common.rest_client [req-01a7cfe8-914c-40f7-a820-c0e06761f948 req-01a7cfe8-914c-40f7-a820-c0e06761f948 ] Request (DeleteServersAdminTestJSON:test_delete_server_while_in_error_state): 200 GET http://10.180.1.21/compute/v2.1/servers/1c3ef044-6dd3-4bbd-9e4a-5044dc0cfe60 0.220s
2025-03-06 06:02:58.294 69531 INFO tempest.lib.common.rest_client [req-22330a07-a6de-4feb-9960-0f74d0075647 req-22330a07-a6de-4feb-9960-0f74d0075647 ] Request (InstanceActionsNegativeTestJSON:setUpClass): 200 GET http://10.180.1.21/compute/v2.1/servers/de6cb453-ef68-4121-93b8-5252d8e6fb33 0.141s
2025-03-06 06:02:58.301 69531 INFO tempest.common.waiters [-] State transition "BUILD/None" ==> "BUILD/networking" after 63 second wait
2025-03-06 06:02:58.330 69543 INFO tempest.lib.common.rest_client [req-532ddebc-074d-40fc-b12b-1fd2f909c600 req-532ddebc-074d-40fc-b12b-1fd2f909c600 ] Request (ServerActionsTestOtherA:setUpClass): 200 GET http://10.180.1.21/compute/v2.1/servers/5599a8c9-58c6-40c3-97cc-b0eea581ad5b 0.105s
2025-03-06 06:02:58.361 69519 INFO tempest.lib.common.rest_client [req-07e2e227-2fd6-4cc1-812b-b25983e47cf4 req-07e2e227-2fd6-4cc1-812b-b25983e47cf4 ] Request (ImagesOneServerTestJSON:setUpClass): 200 GET http://10.180.1.21/compute/v2.1/servers/1622e6bf-5bfe-4a9b-9cb7-81f1ee801a01 0.051s
2025-03-06 06:02:58.437 69505 INFO tempest.lib.common.rest_client [req-e9732e67-94ae-4d88-a382-ae3a56daf49f req-e9732e67-94ae-4d88-a382-ae3a56daf49f ] Request (ImagesOneServerNegativeTestJSON:_run_cleanups): 200 GET http://10.180.1.21/compute/v2.1/servers/91ce0605-359f-4dad-8298-8e17ee656731 0.055s
2025-03-06 06:02:58.452 69533 INFO tempest.lib.common.rest_client [req-bfc6dbf6-556d-4c39-8f11-a3dced2e7876 req-bfc6dbf6-556d-4c39-8f11-a3dced2e7876 ] Request (ImagesTestJSON:test_create_image_from_stopped_server): 200 GET http://10.180.1.21/compute/v2.1/images/b5046ebc-f0b2-40e0-aab7-7401105011e9 0.041s
2025-03-06 06:02:58.567 69509 INFO tempest.lib.common.rest_client [req-d9178f59-3acc-4935-aabb-5583ec397679 req-d9178f59-3acc-4935-aabb-5583ec397679 ] Request (ServerShowV257Test:test_rebuild_server): 200 GET http://10.180.1.21/compute/v2.1/servers/54e63c54-74ee-4ec4-aabe-517d3e58ca39 0.056s
2025-03-06 06:02:58.651 69507 INFO tempest.lib.common.rest_client [req-3c07394f-de5c-457b-86fd-40814479f80a req-3c07394f-de5c-457b-86fd-40814479f80a ] Request (ServersTestJSON:test_create_server_specify_multibyte_character_name): 200 GET http://10.180.1.21/compute/v2.1/servers/c32e70e6-d4ed-4586-9492-9ee26735fbbf 0.057s
2025-03-06 06:02:58.738 69549 INFO tempest.lib.common.rest_client [req-28483a50-4b87-41e8-a5b2-e9c270db858e req-28483a50-4b87-41e8-a5b2-e9c270db858e ] Request (ServerRescueTestJSONUnderV235:setUpClass): 200 GET http://10.180.1.21/compute/v2.1/servers/d9ca7edd-63df-40f6-ae93-1a5911427ee7 0.053s
2025-03-06 06:02:58.817 69559 INFO tempest.lib.common.rest_client [req-a2f56c1f-aaf6-40fa-99eb-4fd777da3af0 req-a2f56c1f-aaf6-40fa-99eb-4fd777da3af0 ] Request (MigrationsAdminTest:test_resize_server_revert_deleted_flavor): 200 GET http://10.180.1.21/compute/v2.1/servers/ff75e3b8-15c2-4dd3-94a6-de77e6e73501 0.061s
2025-03-06 06:02:58.881 69563 INFO tempest.lib.common.rest_client [req-a63bb89a-78b2-4b0a-b0bf-b6e0b6232257 req-a63bb89a-78b2-4b0a-b0bf-b6e0b6232257 ] Request (ServersTestBootFromVolume:setUpClass): 200 GET http://10.180.1.21/compute/v2.1/servers/6d13a6c3-6f6e-4a36-9e9b-5e8abb261950 0.055s
2025-03-06 06:02:58.949 69529 INFO tempest.lib.common.rest_client [req-d552f92e-c8f4-4b50-b194-8ecd247b070d req-d552f92e-c8f4-4b50-b194-8ecd247b070d ] Request (ServersAdminTestJSON:test_create_server_with_scheduling_hint): 200 GET http://10.180.1.21/compute/v2.1/servers/39057950-8faf-45b1-8c3d-90798c8f8c94 0.057s
2025-03-06 06:02:59.091 69565 INFO tempest.lib.common.rest_client [req-cb133d43-616f-4cfe-a6c2-6f1d9ce7d230 req-cb133d43-616f-4cfe-a6c2-6f1d9ce7d230 ] Request (ServersListShow296Test:test_list_show_update_rebuild_server_296): 200 GET http://10.180.1.21/compute/v2.1/servers/2813a4f7-0282-4365-a87d-a959016779c4 0.094s
2025-03-06 06:02:59.377 69555 INFO tempest.lib.common.rest_client [req-d0f2d8bb-38f9-4fa3-ae84-594f5c51e52f req-d0f2d8bb-38f9-4fa3-ae84-594f5c51e52f ] Request (FloatingIPsAssociationTestJSON:test_associate_already_associated_floating_ip): 200 GET http://10.180.1.21/compute/v2.1/servers/68bd72ad-3ec6-44f8-8d5f-311cce1678f1 0.318s
2025-03-06 06:02:59.454 69557 INFO tempest.lib.common.rest_client [req-14a41295-984c-4045-8cda-23f28e7f04bc req-14a41295-984c-4045-8cda-23f28e7f04bc ] Request (SecurityGroupsTestJSON:test_list_security_groups_by_server): 200 GET http://10.180.1.21/compute/v2.1/servers/d414f97c-8367-4357-9529-eeac7f04d472 0.445s
2025-03-06 06:02:59.467 69527 INFO tempest.lib.common.rest_client [req-cf4b7b1c-8aa6-4e58-9314-3060e558637f req-cf4b7b1c-8aa6-4e58-9314-3060e558637f ] Request (ListServerFiltersTestJSON:tearDownClass): 200 GET http://10.180.1.21/compute/v2.1/servers/f260ea23-705e-43fd-8559-d9ee217d5927 0.387s
2025-03-06 06:02:59.519 69561 INFO tempest.lib.common.rest_client [req-06e35d20-6834-49b0-aab9-5d7e8b4172f9 req-06e35d20-6834-49b0-aab9-5d7e8b4172f9 ] Request (ServersTestMultiNic:test_verify_multiple_nics_order): 200 GET http://10.180.1.21/compute/v2.1/servers/fd82482c-4769-400c-9ee6-632e60be2e56 0.416s
2025-03-06 06:02:59.537 69511 WARNING tempest.lib.common.ssh [-] Failed to establish authenticated ssh connection to cirros@10.180.180.174 ([Errno None] Unable to connect to port 22 on 10.180.180.174). Number attempts: 5. Retry after 6 seconds.: paramiko.ssh_exception.NoValidConnectionsError: [Errno None] Unable to connect to port 22 on 10.180.180.174
2025-03-06 06:02:59.541 69525 INFO tempest.lib.common.rest_client [req-8fc49e5f-0a25-4801-95d4-9477f224ddaf req-8fc49e5f-0a25-4801-95d4-9477f224ddaf ] Request (ListImageFiltersTestJSON:setUpClass): 200 GET http://10.180.1.21/compute/v2.1/servers/4b757ef6-19c1-4c73-b16a-3b1ce765c2bc 0.393s
2025-03-06 06:02:59.584 69545 INFO tempest.lib.common.rest_client [req-19276b95-e133-4e0b-8056-1e8e1b9b9daf req-19276b95-e133-4e0b-8056-1e8e1b9b9daf ] Request (MultipleCreateTestJSON:test_multiple_create_with_reservation_return): 200 GET http://10.180.1.21/compute/v2.1/servers/b3a1f91d-d3bd-4127-b294-c10ce3a2edfe 0.381s
2025-03-06 06:02:59.598 69521 INFO tempest.lib.common.rest_client [req-0e7ac145-0682-44dc-9877-97adaa15d1cb req-0e7ac145-0682-44dc-9877-97adaa15d1cb ] Request (ServersAdminNegativeTestJSON:setUpClass): 200 GET http://10.180.1.21/compute/v2.1/servers/6c26d3da-3013-4020-ae22-97093090fafe 0.341s
2025-03-06 06:02:59.669 69539 INFO tempest.lib.common.rest_client [req-5e755851-0628-41b7-b461-896d6700c5ca req-5e755851-0628-41b7-b461-896d6700c5ca ] Request (DeleteServersAdminTestJSON:test_delete_server_while_in_error_state): 200 GET http://10.180.1.21/compute/v2.1/servers/1c3ef044-6dd3-4bbd-9e4a-5044dc0cfe60 0.379s
2025-03-06 06:02:59.733 69543 INFO tempest.lib.common.rest_client [req-01f77aaa-9e72-4b4c-8027-7c5c02928246 req-01f77aaa-9e72-4b4c-8027-7c5c02928246 ] Request (ServerActionsTestOtherA:setUpClass): 200 GET http://10.180.1.21/compute/v2.1/servers/5599a8c9-58c6-40c3-97cc-b0eea581ad5b 0.395s
2025-03-06 06:02:59.743 69531 INFO tempest.lib.common.rest_client [req-82adf83c-808d-43dd-bc24-c0dca19bddbe req-82adf83c-808d-43dd-bc24-c0dca19bddbe ] Request (InstanceActionsNegativeTestJSON:setUpClass): 200 GET http://10.180.1.21/compute/v2.1/servers/de6cb453-ef68-4121-93b8-5252d8e6fb33 0.440s
2025-03-06 06:02:59.753 69531 INFO tempest.common.waiters [-] State transition "BUILD/networking" ==> "BUILD/block_device_mapping" after 64 second wait
2025-03-06 06:02:59.788 69519 INFO tempest.lib.common.rest_client [req-4f331a53-0783-47b4-97f9-2a036e5900d4 req-4f331a53-0783-47b4-97f9-2a036e5900d4 ] Request (ImagesOneServerTestJSON:setUpClass): 200 GET http://10.180.1.21/compute/v2.1/servers/1622e6bf-5bfe-4a9b-9cb7-81f1ee801a01 0.419s
2025-03-06 06:02:59.803 69505 INFO tempest.lib.common.rest_client [req-91b79c40-d8f9-47e8-82ef-29d9d8109c04 req-91b79c40-d8f9-47e8-82ef-29d9d8109c04 ] Request (ImagesOneServerNegativeTestJSON:_run_cleanups): 200 GET http://10.180.1.21/compute/v2.1/servers/91ce0605-359f-4dad-8298-8e17ee656731 0.353s
2025-03-06 06:02:59.823 69533 INFO tempest.lib.common.rest_client [req-ca7c67ba-cc26-4554-8278-4e37d57477ad req-ca7c67ba-cc26-4554-8278-4e37d57477ad ] Request (ImagesTestJSON:test_create_image_from_stopped_server): 200 GET http://10.180.1.21/compute/v2.1/images/b5046ebc-f0b2-40e0-aab7-7401105011e9 0.367s
2025-03-06 06:02:59.855 69509 INFO tempest.lib.common.rest_client [req-b0d17597-287a-4c2d-9cc2-3fcf49e66966 req-b0d17597-287a-4c2d-9cc2-3fcf49e66966 ] Request (ServerShowV257Test:test_rebuild_server): 200 GET http://10.180.1.21/compute/v2.1/servers/54e63c54-74ee-4ec4-aabe-517d3e58ca39 0.279s
2025-03-06 06:02:59.877 69507 INFO tempest.lib.common.rest_client [req-89abf219-3614-410a-9783-5007140520a6 req-89abf219-3614-410a-9783-5007140520a6 ] Request (ServersTestJSON:test_create_server_specify_multibyte_character_name): 200 GET http://10.180.1.21/compute/v2.1/servers/c32e70e6-d4ed-4586-9492-9ee26735fbbf 0.217s
2025-03-06 06:02:59.905 69549 INFO tempest.lib.common.rest_client [req-9d7706dd-5000-471d-b27c-89b3c4058618 req-9d7706dd-5000-471d-b27c-89b3c4058618 ] Request (ServerRescueTestJSONUnderV235:setUpClass): 200 GET http://10.180.1.21/compute/v2.1/servers/d9ca7edd-63df-40f6-ae93-1a5911427ee7 0.158s
2025-03-06 06:02:59.923 69559 INFO tempest.lib.common.rest_client [req-0cef173c-d62e-4da0-b3f9-18c4ff57cfdd req-0cef173c-d62e-4da0-b3f9-18c4ff57cfdd ] Request (MigrationsAdminTest:test_resize_server_revert_deleted_flavor): 200 GET http://10.180.1.21/compute/v2.1/servers/ff75e3b8-15c2-4dd3-94a6-de77e6e73501 0.098s
2025-03-06 06:02:59.956 69563 INFO tempest.lib.common.rest_client [req-022efbfd-ebfc-4bc6-b4cb-0850751e62b1 req-022efbfd-ebfc-4bc6-b4cb-0850751e62b1 ] Request (ServersTestBootFromVolume:setUpClass): 200 GET http://10.180.1.21/compute/v2.1/servers/6d13a6c3-6f6e-4a36-9e9b-5e8abb261950 0.067s
2025-03-06 06:03:00.011 69529 INFO tempest.lib.common.rest_client [req-194941c5-cc01-4e96-8d19-4c961b07385b req-194941c5-cc01-4e96-8d19-4c961b07385b ] Request (ServersAdminTestJSON:test_create_server_with_scheduling_hint): 200 GET http://10.180.1.21/compute/v2.1/servers/39057950-8faf-45b1-8c3d-90798c8f8c94 0.050s
2025-03-06 06:03:00.165 69565 INFO tempest.lib.common.rest_client [req-c83ab55c-67d5-4248-9685-5ccd6e393865 req-c83ab55c-67d5-4248-9685-5ccd6e393865 ] Request (ServersListShow296Test:test_list_show_update_rebuild_server_296): 200 GET http://10.180.1.21/compute/v2.1/servers/2813a4f7-0282-4365-a87d-a959016779c4 0.061s
2025-03-06 06:03:00.441 69555 INFO tempest.lib.common.rest_client [req-c5f7f751-d5c9-43e8-ba7f-7ad2cabfa057 req-c5f7f751-d5c9-43e8-ba7f-7ad2cabfa057 ] Request (FloatingIPsAssociationTestJSON:test_associate_already_associated_floating_ip): 200 GET http://10.180.1.21/compute/v2.1/servers/68bd72ad-3ec6-44f8-8d5f-311cce1678f1 0.055s
2025-03-06 06:03:00.545 69527 INFO tempest.lib.common.rest_client [req-b93c570a-77ef-42c9-8a53-368001efc2b3 req-b93c570a-77ef-42c9-8a53-368001efc2b3 ] Request (ListServerFiltersTestJSON:tearDownClass): 200 GET http://10.180.1.21/compute/v2.1/servers/f260ea23-705e-43fd-8559-d9ee217d5927 0.070s
2025-03-06 06:03:00.586 69557 INFO tempest.lib.common.rest_client [req-c4ab5abf-8334-4f31-8396-c07faf0de5f4 req-c4ab5abf-8334-4f31-8396-c07faf0de5f4 ] Request (SecurityGroupsTestJSON:test_list_security_groups_by_server): 200 GET http://10.180.1.21/compute/v2.1/servers/d414f97c-8367-4357-9529-eeac7f04d472 0.119s
2025-03-06 06:03:00.598 69561 INFO tempest.lib.common.rest_client [req-c1338cf3-cb6d-4092-9442-c65cfb286837 req-c1338cf3-cb6d-4092-9442-c65cfb286837 ] Request (ServersTestMultiNic:test_verify_multiple_nics_order): 200 GET http://10.180.1.21/compute/v2.1/servers/fd82482c-4769-400c-9ee6-632e60be2e56 0.068s
2025-03-06 06:03:00.651 69525 INFO tempest.lib.common.rest_client [req-b84fcf37-9aa0-4e2e-88f7-28e91ad03ed0 req-b84fcf37-9aa0-4e2e-88f7-28e91ad03ed0 ] Request (ListImageFiltersTestJSON:setUpClass): 200 GET http://10.180.1.21/compute/v2.1/servers/4b757ef6-19c1-4c73-b16a-3b1ce765c2bc 0.101s
2025-03-06 06:03:00.658 69545 INFO tempest.lib.common.rest_client [req-4e2256ed-e2da-4468-8fa6-a987c3033d48 req-4e2256ed-e2da-4468-8fa6-a987c3033d48 ] Request (MultipleCreateTestJSON:test_multiple_create_with_reservation_return): 200 GET http://10.180.1.21/compute/v2.1/servers/b3a1f91d-d3bd-4127-b294-c10ce3a2edfe 0.060s
2025-03-06 06:03:00.700 69521 INFO tempest.lib.common.rest_client [req-e12a899b-8a37-491e-a810-99b546ded478 req-e12a899b-8a37-491e-a810-99b546ded478 ] Request (ServersAdminNegativeTestJSON:setUpClass): 200 GET http://10.180.1.21/compute/v2.1/servers/6c26d3da-3013-4020-ae22-97093090fafe 0.093s
2025-03-06 06:03:00.743 69539 INFO tempest.lib.common.rest_client [req-f9378c2f-ccf4-4725-a185-b2533e4b3a4c req-f9378c2f-ccf4-4725-a185-b2533e4b3a4c ] Request (DeleteServersAdminTestJSON:test_delete_server_while_in_error_state): 200 GET http://10.180.1.21/compute/v2.1/servers/1c3ef044-6dd3-4bbd-9e4a-5044dc0cfe60 0.064s
2025-03-06 06:03:00.812 69543 INFO tempest.lib.common.rest_client [req-5d6ac815-82b2-46ac-a11e-81e7f97e379d req-5d6ac815-82b2-46ac-a11e-81e7f97e379d ] Request (ServerActionsTestOtherA:setUpClass): 200 GET http://10.180.1.21/compute/v2.1/servers/5599a8c9-58c6-40c3-97cc-b0eea581ad5b 0.066s
2025-03-06 06:03:00.873 69519 INFO tempest.lib.common.rest_client [req-16ed9224-2d95-459b-982d-340d5e98aa22 req-16ed9224-2d95-459b-982d-340d5e98aa22 ] Request (ImagesOneServerTestJSON:setUpClass): 200 GET http://10.180.1.21/compute/v2.1/servers/1622e6bf-5bfe-4a9b-9cb7-81f1ee801a01 0.075s
2025-03-06 06:03:00.889 69531 INFO tempest.lib.common.rest_client [req-89cd0f53-5700-4bea-9217-ba8080f42901 req-89cd0f53-5700-4bea-9217-ba8080f42901 ] Request (InstanceActionsNegativeTestJSON:setUpClass): 200 GET http://10.180.1.21/compute/v2.1/servers/de6cb453-ef68-4121-93b8-5252d8e6fb33 0.135s
2025-03-06 06:03:00.898 69531 INFO tempest.common.waiters [-] State transition "BUILD/block_device_mapping" ==> "BUILD/spawning" after 65 second wait
2025-03-06 06:03:00.924 69533 INFO tempest.lib.common.rest_client [req-109a8d24-ef79-49cd-8daf-34342df85cc8 req-109a8d24-ef79-49cd-8daf-34342df85cc8 ] Request (ImagesTestJSON:test_create_image_from_stopped_server): 200 GET http://10.180.1.21/compute/v2.1/images/b5046ebc-f0b2-40e0-aab7-7401105011e9 0.096s
2025-03-06 06:03:00.924 69505 INFO tempest.lib.common.rest_client [req-e4ea1718-824c-4931-a81d-bb478eb87b53 req-e4ea1718-824c-4931-a81d-bb478eb87b53 ] Request (ImagesOneServerNegativeTestJSON:_run_cleanups): 200 GET http://10.180.1.21/compute/v2.1/servers/91ce0605-359f-4dad-8298-8e17ee656731 0.111s
2025-03-06 06:03:00.944 69551 WARNING tempest.lib.common.ssh [-] Failed to establish authenticated ssh connection to cirros@10.180.180.234 ([Errno None] Unable to connect to port 22 on 10.180.180.234). Number attempts: 6. Retry after 7 seconds.: paramiko.ssh_exception.NoValidConnectionsError: [Errno None] Unable to connect to port 22 on 10.180.180.234
2025-03-06 06:03:00.990 69507 INFO tempest.lib.common.rest_client [req-520a591a-cc83-4230-a2b5-46e3dadf66d6 req-520a591a-cc83-4230-a2b5-46e3dadf66d6 ] Request (ServersTestJSON:test_create_server_specify_multibyte_character_name): 200 GET http://10.180.1.21/compute/v2.1/servers/c32e70e6-d4ed-4586-9492-9ee26735fbbf 0.105s
2025-03-06 06:03:00.995 69509 INFO tempest.lib.common.rest_client [req-49a7563b-50e7-4e5b-9d37-270c9e776a85 req-49a7563b-50e7-4e5b-9d37-270c9e776a85 ] Request (ServerShowV257Test:test_rebuild_server): 200 GET http://10.180.1.21/compute/v2.1/servers/54e63c54-74ee-4ec4-aabe-517d3e58ca39 0.127s
2025-03-06 06:03:01.049 69549 INFO tempest.lib.common.rest_client [req-917b61fb-11a0-4fc4-8cb1-9b56878779a4 req-917b61fb-11a0-4fc4-8cb1-9b56878779a4 ] Request (ServerRescueTestJSONUnderV235:setUpClass): 200 GET http://10.180.1.21/compute/v2.1/servers/d9ca7edd-63df-40f6-ae93-1a5911427ee7 0.136s
2025-03-06 06:03:01.059 69559 INFO tempest.lib.common.rest_client [req-835c363f-46d2-42b0-bd27-002c4d8525e9 req-835c363f-46d2-42b0-bd27-002c4d8525e9 ] Request (MigrationsAdminTest:test_resize_server_revert_deleted_flavor): 200 GET http://10.180.1.21/compute/v2.1/servers/ff75e3b8-15c2-4dd3-94a6-de77e6e73501 0.128s
2025-03-06 06:03:01.104 69563 INFO tempest.lib.common.rest_client [req-77984548-35ff-46a0-8673-be8755999edf req-77984548-35ff-46a0-8673-be8755999edf ] Request (ServersTestBootFromVolume:setUpClass): 200 GET http://10.180.1.21/compute/v2.1/servers/6d13a6c3-6f6e-4a36-9e9b-5e8abb261950 0.140s
2025-03-06 06:03:01.126 69529 INFO tempest.lib.common.rest_client [req-5a241d17-a89b-4278-a7de-e0f45d91b8f0 req-5a241d17-a89b-4278-a7de-e0f45d91b8f0 ] Request (ServersAdminTestJSON:test_create_server_with_scheduling_hint): 200 GET http://10.180.1.21/compute/v2.1/servers/39057950-8faf-45b1-8c3d-90798c8f8c94 0.106s
2025-03-06 06:03:01.235 69565 INFO tempest.lib.common.rest_client [req-c3ca4a7b-4864-42a2-902d-07aa8b0cac74 req-c3ca4a7b-4864-42a2-902d-07aa8b0cac74 ] Request (ServersListShow296Test:test_list_show_update_rebuild_server_296): 200 GET http://10.180.1.21/compute/v2.1/servers/2813a4f7-0282-4365-a87d-a959016779c4 0.059s
2025-03-06 06:03:01.508 69555 INFO tempest.lib.common.rest_client [req-4a98ec40-1520-483a-9428-1b30f561506d req-4a98ec40-1520-483a-9428-1b30f561506d ] Request (FloatingIPsAssociationTestJSON:test_associate_already_associated_floating_ip): 200 GET http://10.180.1.21/compute/v2.1/servers/68bd72ad-3ec6-44f8-8d5f-311cce1678f1 0.058s
2025-03-06 06:03:01.628 69527 INFO tempest.lib.common.rest_client [req-95482f20-1a39-4c6c-a8e4-99485ff2696a req-95482f20-1a39-4c6c-a8e4-99485ff2696a ] Request (ListServerFiltersTestJSON:tearDownClass): 200 GET http://10.180.1.21/compute/v2.1/servers/f260ea23-705e-43fd-8559-d9ee217d5927 0.075s
2025-03-06 06:03:01.683 69561 INFO tempest.lib.common.rest_client [req-3ac4972c-9ab7-46c9-a4c4-6b636edc1f2d req-3ac4972c-9ab7-46c9-a4c4-6b636edc1f2d ] Request (ServersTestMultiNic:test_verify_multiple_nics_order): 200 GET http://10.180.1.21/compute/v2.1/servers/fd82482c-4769-400c-9ee6-632e60be2e56 0.078s
2025-03-06 06:03:01.734 69525 INFO tempest.lib.common.rest_client [req-6f7c5d2b-777d-4397-96a8-2b166419c4b6 req-6f7c5d2b-777d-4397-96a8-2b166419c4b6 ] Request (ListImageFiltersTestJSON:setUpClass): 200 GET http://10.180.1.21/compute/v2.1/servers/4b757ef6-19c1-4c73-b16a-3b1ce765c2bc 0.073s
2025-03-06 06:03:01.743 69557 INFO tempest.lib.common.rest_client [req-811ec6de-d16f-48d4-a181-8c08f5220e8c req-811ec6de-d16f-48d4-a181-8c08f5220e8c ] Request (SecurityGroupsTestJSON:test_list_security_groups_by_server): 200 GET http://10.180.1.21/compute/v2.1/servers/d414f97c-8367-4357-9529-eeac7f04d472 0.148s
2025-03-06 06:03:01.796 69545 INFO tempest.lib.common.rest_client [req-b5569ba0-58d6-4a54-9aeb-e12c7f4b1246 req-b5569ba0-58d6-4a54-9aeb-e12c7f4b1246 ] Request (MultipleCreateTestJSON:test_multiple_create_with_reservation_return): 200 GET http://10.180.1.21/compute/v2.1/servers/b3a1f91d-d3bd-4127-b294-c10ce3a2edfe 0.129s
2025-03-06 06:03:01.805 69521 INFO tempest.lib.common.rest_client [req-77e525fe-06db-4b57-963e-a311ded62356 req-77e525fe-06db-4b57-963e-a311ded62356 ] Request (ServersAdminNegativeTestJSON:setUpClass): 200 GET http://10.180.1.21/compute/v2.1/servers/6c26d3da-3013-4020-ae22-97093090fafe 0.095s
2025-03-06 06:03:01.859 69539 INFO tempest.lib.common.rest_client [req-cabb7a3e-e241-447c-9ba8-f3ae64dd4c3d req-cabb7a3e-e241-447c-9ba8-f3ae64dd4c3d ] Request (DeleteServersAdminTestJSON:test_delete_server_while_in_error_state): 200 GET http://10.180.1.21/compute/v2.1/servers/1c3ef044-6dd3-4bbd-9e4a-5044dc0cfe60 0.107s
2025-03-06 06:03:01.952 69519 INFO tempest.lib.common.rest_client [req-8f9b5033-7b28-4ea6-8221-6da6eb079557 req-8f9b5033-7b28-4ea6-8221-6da6eb079557 ] Request (ImagesOneServerTestJSON:setUpClass): 200 GET http://10.180.1.21/compute/v2.1/servers/1622e6bf-5bfe-4a9b-9cb7-81f1ee801a01 0.068s
2025-03-06 06:03:01.971 69543 INFO tempest.lib.common.rest_client [req-fd2aab3d-b66e-4ace-ad8e-33bbc7d1b2bf req-fd2aab3d-b66e-4ace-ad8e-33bbc7d1b2bf ] Request (ServerActionsTestOtherA:setUpClass): 200 GET http://10.180.1.21/compute/v2.1/servers/5599a8c9-58c6-40c3-97cc-b0eea581ad5b 0.151s
2025-03-06 06:03:01.978 69543 INFO tempest.common.waiters [-] State transition "BUILD/None" ==> "BUILD/networking" after 59 second wait
2025-03-06 06:03:02.007 69533 INFO tempest.lib.common.rest_client [req-6a63b837-8b05-49fb-b34e-1ef34b5b04f6 req-6a63b837-8b05-49fb-b34e-1ef34b5b04f6 ] Request (ImagesTestJSON:test_create_image_from_stopped_server): 200 GET http://10.180.1.21/compute/v2.1/images/b5046ebc-f0b2-40e0-aab7-7401105011e9 0.080s
2025-03-06 06:03:02.070 69505 INFO tempest.lib.common.rest_client [req-f0b5a28a-a71c-47b5-b796-7b15b573c795 req-f0b5a28a-a71c-47b5-b796-7b15b573c795 ] Request (ImagesOneServerNegativeTestJSON:_run_cleanups): 200 GET http://10.180.1.21/compute/v2.1/servers/91ce0605-359f-4dad-8298-8e17ee656731 0.138s
2025-03-06 06:03:02.082 69531 INFO tempest.lib.common.rest_client [req-2778f177-6653-4b18-8efa-8ef1335803d8 req-2778f177-6653-4b18-8efa-8ef1335803d8 ] Request (InstanceActionsNegativeTestJSON:setUpClass): 200 GET http://10.180.1.21/compute/v2.1/servers/de6cb453-ef68-4121-93b8-5252d8e6fb33 0.183s
2025-03-06 06:03:02.125 69507 INFO tempest.lib.common.rest_client [req-d537ac56-951a-4308-b17f-d55886fe77cd req-d537ac56-951a-4308-b17f-d55886fe77cd ] Request (ServersTestJSON:test_create_server_specify_multibyte_character_name): 200 GET http://10.180.1.21/compute/v2.1/servers/c32e70e6-d4ed-4586-9492-9ee26735fbbf 0.126s
2025-03-06 06:03:02.143 69509 INFO tempest.lib.common.rest_client [req-9fb6f4fa-75ea-4144-b071-352b85b63834 req-9fb6f4fa-75ea-4144-b071-352b85b63834 ] Request (ServerShowV257Test:test_rebuild_server): 200 GET http://10.180.1.21/compute/v2.1/servers/54e63c54-74ee-4ec4-aabe-517d3e58ca39 0.139s
2025-03-06 06:03:02.180 69549 INFO tempest.lib.common.rest_client [req-c4093c80-a3e7-46e8-8013-66654d5ba465 req-c4093c80-a3e7-46e8-8013-66654d5ba465 ] Request (ServerRescueTestJSONUnderV235:setUpClass): 200 GET http://10.180.1.21/compute/v2.1/servers/d9ca7edd-63df-40f6-ae93-1a5911427ee7 0.122s
2025-03-06 06:03:02.200 69559 INFO tempest.lib.common.rest_client [req-d62b5d78-4eb3-442d-8989-023599ed9c31 req-d62b5d78-4eb3-442d-8989-023599ed9c31 ] Request (MigrationsAdminTest:test_resize_server_revert_deleted_flavor): 200 GET http://10.180.1.21/compute/v2.1/servers/ff75e3b8-15c2-4dd3-94a6-de77e6e73501 0.133s
2025-03-06 06:03:02.236 69563 INFO tempest.lib.common.rest_client [req-a7c24798-be0c-430e-86be-d64839c0f408 req-a7c24798-be0c-430e-86be-d64839c0f408 ] Request (ServersTestBootFromVolume:setUpClass): 200 GET http://10.180.1.21/compute/v2.1/servers/6d13a6c3-6f6e-4a36-9e9b-5e8abb261950 0.124s
2025-03-06 06:03:02.247 69529 INFO tempest.lib.common.rest_client [req-3b37c33e-35cb-4ee6-b5fb-ad7499d5d5f1 req-3b37c33e-35cb-4ee6-b5fb-ad7499d5d5f1 ] Request (ServersAdminTestJSON:test_create_server_with_scheduling_hint): 200 GET http://10.180.1.21/compute/v2.1/servers/39057950-8faf-45b1-8c3d-90798c8f8c94 0.108s
2025-03-06 06:03:02.289 69542 WARNING tempest.lib.common.ssh [-] Failed to establish authenticated ssh connection to cirros@10.180.180.192 ([Errno None] Unable to connect to port 22 on 10.180.180.192). Number attempts: 1. Retry after 2 seconds.: paramiko.ssh_exception.NoValidConnectionsError: [Errno None] Unable to connect to port 22 on 10.180.180.192
2025-03-06 06:03:02.307 69565 INFO tempest.lib.common.rest_client [req-b3c4f433-38e3-42f3-a348-1ebdf02ac3cd req-b3c4f433-38e3-42f3-a348-1ebdf02ac3cd ] Request (ServersListShow296Test:test_list_show_update_rebuild_server_296): 200 GET http://10.180.1.21/compute/v2.1/servers/2813a4f7-0282-4365-a87d-a959016779c4 0.062s
2025-03-06 06:03:02.578 69555 INFO tempest.lib.common.rest_client [req-a2e7f671-2e88-41ca-8c66-ed5b479c8d57 req-a2e7f671-2e88-41ca-8c66-ed5b479c8d57 ] Request (FloatingIPsAssociationTestJSON:test_associate_already_associated_floating_ip): 200 GET http://10.180.1.21/compute/v2.1/servers/68bd72ad-3ec6-44f8-8d5f-311cce1678f1 0.063s
2025-03-06 06:03:02.695 69527 INFO tempest.lib.common.rest_client [req-83de4790-513a-4a64-a90c-6234cb4878ea req-83de4790-513a-4a64-a90c-6234cb4878ea ] Request (ListServerFiltersTestJSON:tearDownClass): 200 GET http://10.180.1.21/compute/v2.1/servers/f260ea23-705e-43fd-8559-d9ee217d5927 0.059s
2025-03-06 06:03:02.745 69561 INFO tempest.lib.common.rest_client [req-e798cfb4-a4c3-4166-a0c5-fe794312cbd4 req-e798cfb4-a4c3-4166-a0c5-fe794312cbd4 ] Request (ServersTestMultiNic:test_verify_multiple_nics_order): 200 GET http://10.180.1.21/compute/v2.1/servers/fd82482c-4769-400c-9ee6-632e60be2e56 0.053s
2025-03-06 06:03:02.798 69525 INFO tempest.lib.common.rest_client [req-a9946fee-c47c-4ffc-90ec-40eafcdd9422 req-a9946fee-c47c-4ffc-90ec-40eafcdd9422 ] Request (ListImageFiltersTestJSON:setUpClass): 200 GET http://10.180.1.21/compute/v2.1/servers/4b757ef6-19c1-4c73-b16a-3b1ce765c2bc 0.054s
2025-03-06 06:03:02.867 69557 INFO tempest.lib.common.rest_client [req-4714e8ff-3329-4459-8119-2892aee53e25 req-4714e8ff-3329-4459-8119-2892aee53e25 ] Request (SecurityGroupsTestJSON:test_list_security_groups_by_server): 200 GET http://10.180.1.21/compute/v2.1/servers/d414f97c-8367-4357-9529-eeac7f04d472 0.117s
2025-03-06 06:03:02.869 69545 INFO tempest.lib.common.rest_client [req-a92b7ad1-3816-4e3e-8c94-b1d30b60bca7 req-a92b7ad1-3816-4e3e-8c94-b1d30b60bca7 ] Request (MultipleCreateTestJSON:test_multiple_create_with_reservation_return): 200 GET http://10.180.1.21/compute/v2.1/servers/b3a1f91d-d3bd-4127-b294-c10ce3a2edfe 0.059s
2025-03-06 06:03:02.928 69517 WARNING tempest.lib.common.ssh [-] Failed to establish authenticated ssh connection to cirros@10.180.180.242 ([Errno None] Unable to connect to port 22 on 10.180.180.242). Number attempts: 6. Retry after 7 seconds.: paramiko.ssh_exception.NoValidConnectionsError: [Errno None] Unable to connect to port 22 on 10.180.180.242
2025-03-06 06:03:02.932 69521 INFO tempest.lib.common.rest_client [req-7f4b7651-9dd4-4512-a44b-b52d635490be req-7f4b7651-9dd4-4512-a44b-b52d635490be ] Request (ServersAdminNegativeTestJSON:setUpClass): 200 GET http://10.180.1.21/compute/v2.1/servers/6c26d3da-3013-4020-ae22-97093090fafe 0.119s
2025-03-06 06:03:02.951 69539 INFO tempest.lib.common.rest_client [req-4b756649-6933-4a83-a0e1-540bf9ecde9c req-4b756649-6933-4a83-a0e1-540bf9ecde9c ] Request (DeleteServersAdminTestJSON:test_delete_server_while_in_error_state): 200 GET http://10.180.1.21/compute/v2.1/servers/1c3ef044-6dd3-4bbd-9e4a-5044dc0cfe60 0.078s
2025-03-06 06:03:03.025 69519 INFO tempest.lib.common.rest_client [req-027355f4-3ee0-401e-b952-6051252b409b req-027355f4-3ee0-401e-b952-6051252b409b ] Request (ImagesOneServerTestJSON:setUpClass): 200 GET http://10.180.1.21/compute/v2.1/servers/1622e6bf-5bfe-4a9b-9cb7-81f1ee801a01 0.059s
2025-03-06 06:03:03.058 69533 INFO tempest.lib.common.rest_client [req-92297e21-d027-4e6f-82a4-039b69853b9f req-92297e21-d027-4e6f-82a4-039b69853b9f ] Request (ImagesTestJSON:test_create_image_from_stopped_server): 200 GET http://10.180.1.21/compute/v2.1/images/b5046ebc-f0b2-40e0-aab7-7401105011e9 0.047s
2025-03-06 06:03:03.080 69543 INFO tempest.lib.common.rest_client [req-a6951609-36f9-4cea-8956-5726c8bd822d req-a6951609-36f9-4cea-8956-5726c8bd822d ] Request (ServerActionsTestOtherA:setUpClass): 200 GET http://10.180.1.21/compute/v2.1/servers/5599a8c9-58c6-40c3-97cc-b0eea581ad5b 0.101s
2025-03-06 06:03:03.089 69543 INFO tempest.common.waiters [-] State transition "BUILD/networking" ==> "BUILD/spawning" after 61 second wait
2025-03-06 06:03:03.132 69505 INFO tempest.lib.common.rest_client [req-0dddac1d-c357-47e9-a521-f8eaac256878 req-0dddac1d-c357-47e9-a521-f8eaac256878 ] Request (ImagesOneServerNegativeTestJSON:_run_cleanups): 200 GET http://10.180.1.21/compute/v2.1/servers/91ce0605-359f-4dad-8298-8e17ee656731 0.051s
2025-03-06 06:03:03.198 69507 INFO tempest.lib.common.rest_client [req-50ae5464-ecba-4b24-b4d3-29e758c1d0fd req-50ae5464-ecba-4b24-b4d3-29e758c1d0fd ] Request (ServersTestJSON:test_create_server_specify_multibyte_character_name): 200 GET http://10.180.1.21/compute/v2.1/servers/c32e70e6-d4ed-4586-9492-9ee26735fbbf 0.063s
2025-03-06 06:03:03.220 69531 INFO tempest.lib.common.rest_client [req-88b9708f-20f3-44e4-a3b5-25f9bbe53483 req-88b9708f-20f3-44e4-a3b5-25f9bbe53483 ] Request (InstanceActionsNegativeTestJSON:setUpClass): 200 GET http://10.180.1.21/compute/v2.1/servers/de6cb453-ef68-4121-93b8-5252d8e6fb33 0.128s
2025-03-06 06:03:03.261 69509 INFO tempest.lib.common.rest_client [req-29e553fa-f6ec-4671-bd46-5b68ca4c8590 req-29e553fa-f6ec-4671-bd46-5b68ca4c8590 ] Request (ServerShowV257Test:test_rebuild_server): 200 GET http://10.180.1.21/compute/v2.1/servers/54e63c54-74ee-4ec4-aabe-517d3e58ca39 0.108s
2025-03-06 06:03:03.280 69549 INFO tempest.lib.common.rest_client [req-3804509c-e2d8-4af6-a2be-cdc6e1c3b890 req-3804509c-e2d8-4af6-a2be-cdc6e1c3b890 ] Request (ServerRescueTestJSONUnderV235:setUpClass): 200 GET http://10.180.1.21/compute/v2.1/servers/d9ca7edd-63df-40f6-ae93-1a5911427ee7 0.092s
2025-03-06 06:03:03.324 69559 INFO tempest.lib.common.rest_client [req-f2ec6d90-4c2d-4cc7-82f0-9c5eccda9353 req-f2ec6d90-4c2d-4cc7-82f0-9c5eccda9353 ] Request (MigrationsAdminTest:test_resize_server_revert_deleted_flavor): 200 GET http://10.180.1.21/compute/v2.1/servers/ff75e3b8-15c2-4dd3-94a6-de77e6e73501 0.115s
2025-03-06 06:03:03.338 69563 INFO tempest.lib.common.rest_client [req-33eacb9f-1078-48f9-bf4e-87c8ad55270e req-33eacb9f-1078-48f9-bf4e-87c8ad55270e ] Request (ServersTestBootFromVolume:setUpClass): 200 GET http://10.180.1.21/compute/v2.1/servers/6d13a6c3-6f6e-4a36-9e9b-5e8abb261950 0.095s
2025-03-06 06:03:03.383 69529 INFO tempest.lib.common.rest_client [req-c90c2f81-bc23-437a-9eee-e951a85a11d2 req-c90c2f81-bc23-437a-9eee-e951a85a11d2 ] Request (ServersAdminTestJSON:test_create_server_with_scheduling_hint): 200 GET http://10.180.1.21/compute/v2.1/servers/39057950-8faf-45b1-8c3d-90798c8f8c94 0.128s
2025-03-06 06:03:03.409 69565 INFO tempest.lib.common.rest_client [req-8adb55c9-58f1-4dc1-bb75-7713279ae8af req-8adb55c9-58f1-4dc1-bb75-7713279ae8af ] Request (ServersListShow296Test:test_list_show_update_rebuild_server_296): 200 GET http://10.180.1.21/compute/v2.1/servers/2813a4f7-0282-4365-a87d-a959016779c4 0.091s
2025-03-06 06:03:03.660 69555 INFO tempest.lib.common.rest_client [req-95c8f269-8f60-48e1-8833-36b476ba0022 req-95c8f269-8f60-48e1-8833-36b476ba0022 ] Request (FloatingIPsAssociationTestJSON:test_associate_already_associated_floating_ip): 200 GET http://10.180.1.21/compute/v2.1/servers/68bd72ad-3ec6-44f8-8d5f-311cce1678f1 0.073s
2025-03-06 06:03:03.776 69527 INFO tempest.lib.common.rest_client [req-269c09ef-af9c-49f6-befb-f8ee537b7925 req-269c09ef-af9c-49f6-befb-f8ee537b7925 ] Request (ListServerFiltersTestJSON:tearDownClass): 200 GET http://10.180.1.21/compute/v2.1/servers/f260ea23-705e-43fd-8559-d9ee217d5927 0.073s
2025-03-06 06:03:03.812 69561 INFO tempest.lib.common.rest_client [req-3a4f1475-0140-4710-b5da-1d2daee30250 req-3a4f1475-0140-4710-b5da-1d2daee30250 ] Request (ServersTestMultiNic:test_verify_multiple_nics_order): 200 GET http://10.180.1.21/compute/v2.1/servers/fd82482c-4769-400c-9ee6-632e60be2e56 0.058s
2025-03-06 06:03:03.865 69525 INFO tempest.lib.common.rest_client [req-9109a7d5-be51-48a7-8b47-d2a05fbfd118 req-9109a7d5-be51-48a7-8b47-d2a05fbfd118 ] Request (ListImageFiltersTestJSON:setUpClass): 200 GET http://10.180.1.21/compute/v2.1/servers/4b757ef6-19c1-4c73-b16a-3b1ce765c2bc 0.060s
2025-03-06 06:03:03.939 69545 INFO tempest.lib.common.rest_client [req-a374c0f5-a5eb-468c-b8d6-6e97bf40b6c0 req-a374c0f5-a5eb-468c-b8d6-6e97bf40b6c0 ] Request (MultipleCreateTestJSON:test_multiple_create_with_reservation_return): 200 GET http://10.180.1.21/compute/v2.1/servers/b3a1f91d-d3bd-4127-b294-c10ce3a2edfe 0.060s
2025-03-06 06:03:03.979 69557 INFO tempest.lib.common.rest_client [req-5a6b691b-545d-46d6-b641-91de0a8d89fd req-5a6b691b-545d-46d6-b641-91de0a8d89fd ] Request (SecurityGroupsTestJSON:test_list_security_groups_by_server): 200 GET http://10.180.1.21/compute/v2.1/servers/d414f97c-8367-4357-9529-eeac7f04d472 0.103s
2025-03-06 06:03:03.994 69521 INFO tempest.lib.common.rest_client [req-17a3e5d5-fa12-4492-9ad2-504515666a47 req-17a3e5d5-fa12-4492-9ad2-504515666a47 ] Request (ServersAdminNegativeTestJSON:setUpClass): 200 GET http://10.180.1.21/compute/v2.1/servers/6c26d3da-3013-4020-ae22-97093090fafe 0.048s
2025-03-06 06:03:04.038 69539 INFO tempest.lib.common.rest_client [req-d404199f-7e19-4ecb-af4c-9016cb1988a8 req-d404199f-7e19-4ecb-af4c-9016cb1988a8 ] Request (DeleteServersAdminTestJSON:test_delete_server_while_in_error_state): 200 GET http://10.180.1.21/compute/v2.1/servers/1c3ef044-6dd3-4bbd-9e4a-5044dc0cfe60 0.080s
2025-03-06 06:03:04.058 69553 WARNING tempest.lib.common.ssh [-] Failed to establish authenticated ssh connection to cirros@10.180.180.166 ([Errno None] Unable to connect to port 22 on 10.180.180.166). Number attempts: 9. Retry after 10 seconds.: paramiko.ssh_exception.NoValidConnectionsError: [Errno None] Unable to connect to port 22 on 10.180.180.166
2025-03-06 06:03:04.086 69519 INFO tempest.lib.common.rest_client [req-e0272f45-5a4b-4065-a4a0-c7873fa6363d req-e0272f45-5a4b-4065-a4a0-c7873fa6363d ] Request (ImagesOneServerTestJSON:setUpClass): 200 GET http://10.180.1.21/compute/v2.1/servers/1622e6bf-5bfe-4a9b-9cb7-81f1ee801a01 0.052s
2025-03-06 06:03:04.096 69533 INFO tempest.lib.common.rest_client [req-c33b0f72-af61-4762-ab10-d11c7af8e5ed req-c33b0f72-af61-4762-ab10-d11c7af8e5ed ] Request (ImagesTestJSON:test_create_image_from_stopped_server): 200 GET http://10.180.1.21/compute/v2.1/images/b5046ebc-f0b2-40e0-aab7-7401105011e9 0.033s
2025-03-06 06:03:04.130 69533 INFO tempest.lib.common.rest_client [req-d14da558-7b91-461c-a5c5-fe05d2b46aba req-d14da558-7b91-461c-a5c5-fe05d2b46aba ] Request (ImagesTestJSON:test_create_image_from_stopped_server): 200 GET http://10.180.1.21/compute/v2.1/images/b5046ebc-f0b2-40e0-aab7-7401105011e9 0.031s
2025-03-06 06:03:04.158 69533 INFO tempest.lib.common.rest_client [req-68b86e99-1401-497f-87c9-0fde52f48789 req-68b86e99-1401-497f-87c9-0fde52f48789 ] Request (ImagesTestJSON:test_create_image_from_stopped_server): 200 GET http://10.180.1.21/image/v2/images/b5046ebc-f0b2-40e0-aab7-7401105011e9/tasks 0.025s
2025-03-06 06:03:04.185 69543 INFO tempest.lib.common.rest_client [req-bbc87d35-ae23-4cbb-8567-4e83398679da req-bbc87d35-ae23-4cbb-8567-4e83398679da ] Request (ServerActionsTestOtherA:setUpClass): 200 GET http://10.180.1.21/compute/v2.1/servers/5599a8c9-58c6-40c3-97cc-b0eea581ad5b 0.094s
2025-03-06 06:03:04.193 69505 INFO tempest.lib.common.rest_client [req-983c7373-ce6e-4a10-a1de-223cf6faf3ee req-983c7373-ce6e-4a10-a1de-223cf6faf3ee ] Request (ImagesOneServerNegativeTestJSON:_run_cleanups): 200 GET http://10.180.1.21/compute/v2.1/servers/91ce0605-359f-4dad-8298-8e17ee656731 0.050s
2025-03-06 06:03:04.256 69507 INFO tempest.lib.common.rest_client [req-9818000a-13dc-4933-9169-405d014f96bd req-9818000a-13dc-4933-9169-405d014f96bd ] Request (ServersTestJSON:test_create_server_specify_multibyte_character_name): 200 GET http://10.180.1.21/compute/v2.1/servers/c32e70e6-d4ed-4586-9492-9ee26735fbbf 0.049s
2025-03-06 06:03:04.276 69533 INFO tempest.lib.common.rest_client [req-e5006343-a9ba-4cde-aa49-a3cae27eb73d req-e5006343-a9ba-4cde-aa49-a3cae27eb73d ] Request (ImagesTestJSON:_run_cleanups): 204 DELETE http://10.180.1.21/compute/v2.1/images/b5046ebc-f0b2-40e0-aab7-7401105011e9 0.117s
2025-03-06 06:03:04.336 69509 INFO tempest.lib.common.rest_client [req-8818b222-4b20-47a9-82da-441a0a9eaaaf req-8818b222-4b20-47a9-82da-441a0a9eaaaf ] Request (ServerShowV257Test:test_rebuild_server): 200 GET http://10.180.1.21/compute/v2.1/servers/54e63c54-74ee-4ec4-aabe-517d3e58ca39 0.060s
2025-03-06 06:03:04.378 69531 INFO tempest.lib.common.rest_client [req-efdb3a69-35b4-47e7-9cc8-12e2f02342ea req-efdb3a69-35b4-47e7-9cc8-12e2f02342ea ] Request (InstanceActionsNegativeTestJSON:setUpClass): 200 GET http://10.180.1.21/compute/v2.1/servers/de6cb453-ef68-4121-93b8-5252d8e6fb33 0.147s
2025-03-06 06:03:04.431 69549 INFO tempest.lib.common.rest_client [req-aa9fc2eb-e4dd-4b69-8667-9ea766be3b8f req-aa9fc2eb-e4dd-4b69-8667-9ea766be3b8f ] Request (ServerRescueTestJSONUnderV235:setUpClass): 200 GET http://10.180.1.21/compute/v2.1/servers/d9ca7edd-63df-40f6-ae93-1a5911427ee7 0.141s
2025-03-06 06:03:04.449 69533 INFO tempest.lib.common.rest_client [req-618054b8-78d9-4a06-b3d3-d0d8d6057355 req-618054b8-78d9-4a06-b3d3-d0d8d6057355 ] Request (ImagesTestJSON:_run_cleanups): 204 DELETE http://10.180.1.21/compute/v2.1/servers/f1187494-accf-412b-a72a-fe68223da4cb 0.173s
2025-03-06 06:03:04.492 69559 INFO tempest.lib.common.rest_client [req-96bf65b9-e077-40af-90bf-9eaf61a3787d req-96bf65b9-e077-40af-90bf-9eaf61a3787d ] Request (MigrationsAdminTest:test_resize_server_revert_deleted_flavor): 200 GET http://10.180.1.21/compute/v2.1/servers/ff75e3b8-15c2-4dd3-94a6-de77e6e73501 0.156s
2025-03-06 06:03:04.514 69563 INFO tempest.lib.common.rest_client [req-f89a33fa-5c3c-46a2-962a-b5c9eba31694 req-f89a33fa-5c3c-46a2-962a-b5c9eba31694 ] Request (ServersTestBootFromVolume:setUpClass): 200 GET http://10.180.1.21/compute/v2.1/servers/6d13a6c3-6f6e-4a36-9e9b-5e8abb261950 0.166s
2025-03-06 06:03:04.548 69529 INFO tempest.lib.common.rest_client [req-f165cd20-5337-48f0-94df-55e5b6f874da req-f165cd20-5337-48f0-94df-55e5b6f874da ] Request (ServersAdminTestJSON:test_create_server_with_scheduling_hint): 200 GET http://10.180.1.21/compute/v2.1/servers/39057950-8faf-45b1-8c3d-90798c8f8c94 0.157s
2025-03-06 06:03:04.564 69533 INFO tempest.lib.common.rest_client [req-20ee6418-7dca-4599-a2c6-6c54b77e8c1e req-20ee6418-7dca-4599-a2c6-6c54b77e8c1e ] Request (ImagesTestJSON:test_create_image_from_suspended_server): 201 POST http://10.180.1.21/identity/v3/auth/tokens 0.108s
2025-03-06 06:03:04.565 69533 INFO tempest.lib.common.fixed_network [-] (ImagesTestJSON:test_create_image_from_suspended_server) Found network {'id': '4d805c0b-229a-45c2-a038-04f1ba9ad064', 'name': 'tempest-ImagesTestJSON-1673913808-network', 'tenant_id': '5693178b56fa4638818e38f3f7b68860', 'admin_state_up': True, 'mtu': 8950, 'status': 'ACTIVE', 'subnets': [], 'shared': False, 'project_id': '5693178b56fa4638818e38f3f7b68860', 'port_security_enabled': True, 'router:external': False, 'provider:network_type': 'vlan', 'provider:physical_network': 'default', 'provider:segmentation_id': 945, 'availability_zone_hints': [], 'availability_zones': [], 'ipv4_address_scope': None, 'ipv6_address_scope': None, 'description': '', 'tags': [], 'created_at': '2025-03-06T06:01:33Z', 'updated_at': '2025-03-06T06:01:33Z', 'revision_number': 1} available for tenant
2025-03-06 06:03:04.588 69565 INFO tempest.lib.common.rest_client [req-ed7389b2-12e2-4911-a6c6-c5407b1a2701 req-ed7389b2-12e2-4911-a6c6-c5407b1a2701 ] Request (ServersListShow296Test:test_list_show_update_rebuild_server_296): 200 GET http://10.180.1.21/compute/v2.1/servers/2813a4f7-0282-4365-a87d-a959016779c4 0.168s
2025-03-06 06:03:04.656 69537 WARNING tempest.lib.common.ssh [-] Failed to establish authenticated ssh connection to cirros@10.180.180.143 ([Errno None] Unable to connect to port 22 on 10.180.180.143). Number attempts: 6. Retry after 7 seconds.: paramiko.ssh_exception.NoValidConnectionsError: [Errno None] Unable to connect to port 22 on 10.180.180.143
2025-03-06 06:03:04.740 69555 INFO tempest.lib.common.rest_client [req-75983f5c-65ef-4291-ba64-6f3f7e41286e req-75983f5c-65ef-4291-ba64-6f3f7e41286e ] Request (FloatingIPsAssociationTestJSON:test_associate_already_associated_floating_ip): 200 GET http://10.180.1.21/compute/v2.1/servers/68bd72ad-3ec6-44f8-8d5f-311cce1678f1 0.073s
2025-03-06 06:03:04.870 69527 INFO tempest.lib.common.rest_client [req-a4c4db86-e647-482c-b605-2917b589a20f req-a4c4db86-e647-482c-b605-2917b589a20f ] Request (ListServerFiltersTestJSON:tearDownClass): 200 GET http://10.180.1.21/compute/v2.1/servers/f260ea23-705e-43fd-8559-d9ee217d5927 0.086s
2025-03-06 06:03:04.923 69561 INFO tempest.lib.common.rest_client [req-6e760139-666a-4176-86da-92c70f182f52 req-6e760139-666a-4176-86da-92c70f182f52 ] Request (ServersTestMultiNic:test_verify_multiple_nics_order): 200 GET http://10.180.1.21/compute/v2.1/servers/fd82482c-4769-400c-9ee6-632e60be2e56 0.100s
2025-03-06 06:03:04.975 69525 INFO tempest.lib.common.rest_client [req-24f7666d-a4b3-4b43-b553-f7c5543c5834 req-24f7666d-a4b3-4b43-b553-f7c5543c5834 ] Request (ListImageFiltersTestJSON:setUpClass): 200 GET http://10.180.1.21/compute/v2.1/servers/4b757ef6-19c1-4c73-b16a-3b1ce765c2bc 0.101s
2025-03-06 06:03:04.997 69533 INFO tempest.lib.common.rest_client [req-d41d3fcb-ff3b-4ae7-a009-2212d17b75ea req-d41d3fcb-ff3b-4ae7-a009-2212d17b75ea ] Request (ImagesTestJSON:test_create_image_from_suspended_server): 202 POST http://10.180.1.21/compute/v2.1/servers 0.432s
2025-03-06 06:03:05.025 69545 INFO tempest.lib.common.rest_client [req-77d9ac42-dc15-4fc3-81f3-c930e359344e req-77d9ac42-dc15-4fc3-81f3-c930e359344e ] Request (MultipleCreateTestJSON:test_multiple_create_with_reservation_return): 200 GET http://10.180.1.21/compute/v2.1/servers/b3a1f91d-d3bd-4127-b294-c10ce3a2edfe 0.078s
