2025-03-18 08:25:24.642 68530 INFO tempest.lib.common.rest_client [req-07c36833-fa25-4934-84fb-2c4f818d352b req-07c36833-fa25-4934-84fb-2c4f818d352b ] Request (KeyPairsNegativeTestJSON:setUpClass): 201 POST http://10.180.1.21/identity/v3/auth/tokens 0.029s
2025-03-18 08:25:24.657 68534 INFO tempest.lib.common.rest_client [req-732bb4d3-85a3-4cc3-83b0-0c968b3ce716 req-732bb4d3-85a3-4cc3-83b0-0c968b3ce716 ] Request (ServersAdminNegativeTestJSON:test_migrate_server_invalid_state): 200 GET http://10.180.1.21/compute/v2.1/servers/23eeb058-88ac-4d17-ae04-5f239260ebea 1.130s
2025-03-18 08:25:24.669 68534 INFO tempest.common.waiters [-] State transition "BUILD/spawning" ==> "ACTIVE/None" after 60 second wait
2025-03-18 08:25:24.677 68530 INFO tempest.lib.common.rest_client [req-d96523fc-909c-472b-9bbe-102437891422 req-d96523fc-909c-472b-9bbe-102437891422 ] Request (KeyPairsNegativeTestJSON:setUpClass): 200 GET http://10.180.1.21/identity/v3/domains?name=Default 0.035s
2025-03-18 08:25:24.707 68530 INFO tempest.lib.common.rest_client [req-c73cb03b-ce8f-4fb3-aff7-6d2d57189600 req-c73cb03b-ce8f-4fb3-aff7-6d2d57189600 ] Request (KeyPairsNegativeTestJSON:setUpClass): 201 POST http://10.180.1.21/identity/v3/projects 0.030s
2025-03-18 08:25:24.710 68504 INFO tempest.lib.common.rest_client [req-5540137c-1d4c-4160-93c6-9407c8d9b10e req-5540137c-1d4c-4160-93c6-9407c8d9b10e ] Request (VolumesAdminNegativeTest:test_update_attached_volume_with_nonexistent_volume_in_body): 200 GET http://10.180.1.21/compute/v2.1/servers/b638e306-c9c8-40f1-9cb8-9f63ba0c8af0 1.126s
2025-03-18 08:25:24.767 68530 INFO tempest.lib.common.rest_client [req-04c216fe-87ac-464b-ab5e-3ce0b9592dd0 req-04c216fe-87ac-464b-ab5e-3ce0b9592dd0 ] Request (KeyPairsNegativeTestJSON:setUpClass): 201 POST http://10.180.1.21/identity/v3/users 0.059s
2025-03-18 08:25:24.777 68548 INFO tempest.lib.common.rest_client [req-1fa5ffb0-04d1-42ca-ac54-afc3238802a9 req-1fa5ffb0-04d1-42ca-ac54-afc3238802a9 ] Request (ServersTestMultiNic:_run_cleanups): 200 GET http://10.180.1.21/compute/v2.1/servers/a45cfda8-7648-4530-a6db-6ed75524cad1 1.134s
2025-03-18 08:25:24.794 68530 INFO tempest.lib.common.rest_client [req-07885698-ee80-4a60-ae04-22f372c57b9c req-07885698-ee80-4a60-ae04-22f372c57b9c ] Request (KeyPairsNegativeTestJSON:setUpClass): 200 GET http://10.180.1.21/identity/v3/roles 0.026s
2025-03-18 08:25:24.826 68530 INFO tempest.lib.common.rest_client [req-6372d0b8-9eea-4b24-91b1-fb33059b3303 req-6372d0b8-9eea-4b24-91b1-fb33059b3303 ] Request (KeyPairsNegativeTestJSON:setUpClass): 204 PUT http://10.180.1.21/identity/v3/projects/30aca7305a7240cb813528e951f0aae1/users/23a483cf6ad843448ae984a837545b63/roles/8b9addce169e40238469d90098a17ef1 0.032s
2025-03-18 08:25:24.826 68530 INFO tempest.lib.common.dynamic_creds [-] Dynamic test user 23a483cf6ad843448ae984a837545b63 is created with scope project and roles: ['member']
2025-03-18 08:25:24.827 68530 INFO tempest.lib.common.dynamic_creds [-] Acquired dynamic creds: credentials: Credentials: {'domain_id': 'default', 'domain_name': 'Default', 'username': 'tempest-KeyPairsNegativeTestJSON-562942300-project-member', 'project_domain_id': 'default', 'project_domain_name': 'Default', 'project_id': '30aca7305a7240cb813528e951f0aae1', 'project_name': 'tempest-KeyPairsNegativeTestJSON-562942300', 'tenant_id': '30aca7305a7240cb813528e951f0aae1', 'tenant_name': 'tempest-KeyPairsNegativeTestJSON-562942300', 'user_domain_id': 'default', 'user_domain_name': 'Default', 'user_id': '23a483cf6ad843448ae984a837545b63', 'system': None}, Network: None, Subnet: None, Router: None
2025-03-18 08:25:24.827 68530 INFO tempest.lib.common.dynamic_creds [-] Created isolated network resources for: credentials: Credentials: {'domain_id': 'default', 'domain_name': 'Default', 'username': 'tempest-KeyPairsNegativeTestJSON-562942300-project-member', 'project_domain_id': 'default', 'project_domain_name': 'Default', 'project_id': '30aca7305a7240cb813528e951f0aae1', 'project_name': 'tempest-KeyPairsNegativeTestJSON-562942300', 'tenant_id': '30aca7305a7240cb813528e951f0aae1', 'tenant_name': 'tempest-KeyPairsNegativeTestJSON-562942300', 'user_domain_id': 'default', 'user_domain_name': 'Default', 'user_id': '23a483cf6ad843448ae984a837545b63', 'system': None}, Network: None, Subnet: None, Router: None
2025-03-18 08:25:24.843 68538 INFO tempest.lib.common.rest_client [req-5612d107-f9a6-4de4-9a3b-a564ed8356ac req-5612d107-f9a6-4de4-9a3b-a564ed8356ac ] Request (ServerActionsV293TestJSON:setUpClass): 200 GET http://10.180.1.21/compute/v2.1/servers/54cd1d03-f73e-4c5e-89c0-fc2a129792df 1.141s
2025-03-18 08:25:24.905 68530 INFO tempest.lib.common.rest_client [req-ae88c41a-fa59-4116-9e61-79108e6f32e2 req-ae88c41a-fa59-4116-9e61-79108e6f32e2 ] Request (KeyPairsNegativeTestJSON:setUpClass): 201 POST http://10.180.1.21/identity/v3/auth/tokens 0.074s
2025-03-18 08:25:24.915 68502 INFO tempest.lib.common.rest_client [req-418fcb1f-bb5d-4766-bae1-fe8f841758d3 req-418fcb1f-bb5d-4766-bae1-fe8f841758d3 ] Request (ImagesOneServerTestJSON:tearDownClass): 200 GET http://10.180.1.21/compute/v2.1/servers/60a83a27-c812-4c82-9a8e-fa841127911b 1.154s
2025-03-18 08:25:24.933 68536 WARNING tempest.lib.common.ssh [-] Failed to establish authenticated ssh connection to cirros@10.180.180.189 ([Errno None] Unable to connect to port 22 on 10.180.180.189). Number attempts: 8. Retry after 9 seconds.: paramiko.ssh_exception.NoValidConnectionsError: [Errno None] Unable to connect to port 22 on 10.180.180.189
2025-03-18 08:25:24.970 68510 INFO tempest.lib.common.rest_client [req-b1ecfb57-887b-4013-a71d-e412736c003e req-b1ecfb57-887b-4013-a71d-e412736c003e ] Request (DeleteServersAdminTestJSON:test_admin_delete_servers_of_others): 200 GET http://10.180.1.21/compute/v2.1/servers/7bd493b7-b106-4be9-ae89-4cc38e153a78 1.125s
2025-03-18 08:25:25.034 68508 INFO tempest.lib.common.rest_client [req-385ce977-bc23-4265-bdc9-510aa6593857 req-385ce977-bc23-4265-bdc9-510aa6593857 ] Request (ServersTestBootFromVolume:setUpClass): 200 GET http://10.180.1.21/compute/v2.1/servers/d78a3164-0de0-46f6-a977-ffc6308ea55b 1.110s
2025-03-18 08:25:25.141 68550 INFO tempest.lib.common.rest_client [req-d2498fac-7b77-4b15-a944-51609d655797 req-d2498fac-7b77-4b15-a944-51609d655797 ] Request (MigrationsAdminTest:test_list_migrations_in_flavor_resize_situation): 200 GET http://10.180.1.21/compute/v2.1/servers/83f60ebf-59d1-432b-a4f8-37510f2a6ebd 1.174s
2025-03-18 08:25:25.180 68516 INFO tempest.lib.common.rest_client [req-c9e22a48-224e-4b46-92bb-b0ef3a27163f req-c9e22a48-224e-4b46-92bb-b0ef3a27163f ] Request (FloatingIPsAssociationTestJSON:test_associate_already_associated_floating_ip): 202 POST http://10.180.1.21/compute/v2.1/servers/3dfc8f39-20c9-4a72-95fa-e9382801bb17/action 2.559s
2025-03-18 08:25:25.190 68525 INFO tempest.lib.common.rest_client [req-5581a81b-0d32-43dc-a970-99826f9a0d96 req-5581a81b-0d32-43dc-a970-99826f9a0d96 ] Request (DeleteServersTestJSON:test_delete_active_server): 200 GET http://10.180.1.21/compute/v2.1/servers/81d56bf0-a65c-4c45-9355-ab8cb235f54b 1.188s
2025-03-18 08:25:25.197 68525 INFO tempest.common.waiters [-] State transition "BUILD/scheduling" ==> "BUILD/None" after 30 second wait
2025-03-18 08:25:25.243 68514 INFO tempest.lib.common.rest_client [req-7fe31cc1-2124-42db-96d7-9814b3202ecc req-7fe31cc1-2124-42db-96d7-9814b3202ecc ] Request (ListImageFiltersTestJSON:setUpClass): 200 GET http://10.180.1.21/compute/v2.1/servers/120b4896-8bb8-457e-ae43-07d509a8c058 1.166s
2025-03-18 08:25:25.244 68500 INFO tempest.lib.common.rest_client [req-51eb5b56-e73d-4307-9242-d4e84e7f58a4 req-51eb5b56-e73d-4307-9242-d4e84e7f58a4 ] Request (ServerExternalEventsTest:tearDownClass): 200 GET http://10.180.1.21/compute/v2.1/servers/157518c7-11d9-4a60-b529-58f5ade77a09 1.210s
2025-03-18 08:25:25.298 68552 INFO tempest.lib.common.rest_client [req-60c01f10-dd0f-401b-994f-6a9f734f6ac4 req-60c01f10-dd0f-401b-994f-6a9f734f6ac4 ] Request (AttachInterfacesV270Test:test_create_get_list_interfaces): 200 GET http://10.180.1.21/compute/v2.1/servers/6042d703-d07d-4486-9020-b1c160738535 1.208s
2025-03-18 08:25:25.305 68546 INFO tempest.lib.common.rest_client [req-1abda6a0-9362-442d-b85c-2e345c612824 req-1abda6a0-9362-442d-b85c-2e345c612824 ] Request (ListServerFiltersTestJSON:tearDownClass): 200 GET http://10.180.1.21/compute/v2.1/servers/7b497c83-b21d-464b-8ee4-2964255eb5bb 1.171s
2025-03-18 08:25:25.358 68518 INFO tempest.lib.common.rest_client [req-7b31a7eb-99fe-4cb9-806d-ca48fbf6ca81 req-7b31a7eb-99fe-4cb9-806d-ca48fbf6ca81 ] Request (AttachInterfacesTestJSON:test_create_list_show_delete_interfaces_by_fixed_ip): 200 GET http://10.180.1.21/compute/v2.1/servers/94ed63d7-dcea-44b3-b787-2d21f0e55552 1.166s
2025-03-18 08:25:25.410 68521 INFO tempest.lib.common.rest_client [req-f0658aa8-c454-4c71-8629-e4aa485b4b08 req-f0658aa8-c454-4c71-8629-e4aa485b4b08 ] Request (ImagesOneServerNegativeTestJSON:_run_cleanups): 200 GET http://10.180.1.21/compute/v2.1/servers/35711145-874b-4cb6-b499-8274946b013d 0.982s
2025-03-18 08:25:25.419 68498 INFO tempest.lib.common.rest_client [req-a1f64a1c-8a81-4bd3-83b5-ebe0578aaeaf req-a1f64a1c-8a81-4bd3-83b5-ebe0578aaeaf ] Request (ServersTestJSON:test_create_server_specify_multibyte_character_name): 200 GET http://10.180.1.21/compute/v2.1/servers/76a1822d-267d-48a9-8b8d-4c1683070393 1.057s
2025-03-18 08:25:25.458 68522 INFO tempest.lib.common.rest_client [req-7ee317f5-958f-4859-80d4-7d4b6fa6aa96 req-7ee317f5-958f-4859-80d4-7d4b6fa6aa96 ] Request (ServerShowV254Test:test_rebuild_server): 200 GET http://10.180.1.21/compute/v2.1/servers/d323052c-729a-4e7c-95b0-2426a0fda55c 1.013s
2025-03-18 08:25:25.466 68522 INFO tempest.common.waiters [-] State transition "REBUILD/rebuild_spawning" ==> "ACTIVE/None" after 11 second wait
2025-03-18 08:25:25.503 68528 INFO tempest.lib.common.rest_client [req-2e669c78-8b82-43f7-81ed-7dbe156e46d5 req-2e669c78-8b82-43f7-81ed-7dbe156e46d5 ] Request (InstanceActionsTestJSON:setUpClass): 200 GET http://10.180.1.21/compute/v2.1/servers/63c961b1-0371-4ca9-ab99-3b24530ae339 0.800s
2025-03-18 08:25:25.511 68534 INFO tempest.lib.common.rest_client [req-9dba9923-3fae-41a0-8eca-e746bab2e7f0 req-9dba9923-3fae-41a0-8eca-e746bab2e7f0 ] Request (ServersAdminNegativeTestJSON:test_migrate_server_invalid_state): 202 POST http://10.180.1.21/compute/v2.1/servers/23eeb058-88ac-4d17-ae04-5f239260ebea/action 0.842s
2025-03-18 08:25:25.564 68496 INFO tempest.lib.common.rest_client [req-6bb3e907-2122-4aa9-a9f7-526c7805d964 req-6bb3e907-2122-4aa9-a9f7-526c7805d964 ] Request (ServersAdminTestJSON:test_create_server_with_scheduling_hint): 200 GET http://10.180.1.21/compute/v2.1/servers/e0e8a97d-d693-47c1-ad54-b793e48bdcd4 0.769s
2025-03-18 08:25:25.576 68542 INFO tempest.lib.common.rest_client [req-89572946-b8eb-473a-a7ad-f93f17d9827f req-89572946-b8eb-473a-a7ad-f93f17d9827f ] Request (ServerAddressesTestJSON:setUpClass): 200 GET http://10.180.1.21/compute/v2.1/servers/9734fd56-60c6-4585-aef1-cd2f5b296563 0.711s
2025-03-18 08:25:25.628 68490 INFO tempest.lib.common.rest_client [req-3d0b57bf-d7c0-4474-99a5-6d6ad767287a req-3d0b57bf-d7c0-4474-99a5-6d6ad767287a ] Request (InstanceActionsV221TestJSON:test_get_list_deleted_instance_actions): 200 GET http://10.180.1.21/compute/v2.1/servers/417ae562-0d10-4253-b608-13eae9ec020c 0.707s
2025-03-18 08:25:25.639 68530 INFO tempest.lib.common.rest_client [req-08e99052-dab7-460c-aa39-e0b7aadba3bc req-08e99052-dab7-460c-aa39-e0b7aadba3bc ] Request (KeyPairsNegativeTestJSON:test_create_keypair_invalid_name): 400 POST http://10.180.1.21/compute/v2.1/os-keypairs 0.732s
2025-03-18 08:25:25.693 68492 INFO tempest.lib.common.rest_client [req-f4743ecf-890f-4b57-a65a-9d5fd66fc2e8 req-f4743ecf-890f-4b57-a65a-9d5fd66fc2e8 ] Request (ServerGroupTestJSON:_run_cleanups): 200 GET http://10.180.1.21/compute/v2.1/servers/74990eb0-8397-4f7a-a7b5-3937630fdb83 0.686s
2025-03-18 08:25:25.708 68522 INFO tempest.lib.common.rest_client [req-682f95fa-9aec-44c0-a0f2-42cf01caad9e req-682f95fa-9aec-44c0-a0f2-42cf01caad9e ] Request (ServerShowV254Test:_run_cleanups): 204 DELETE http://10.180.1.21/compute/v2.1/os-keypairs/tempest-ServerShowV254Test-keypair-2054849008 0.241s
2025-03-18 08:25:25.753 68494 INFO tempest.lib.common.rest_client [req-5725db37-2087-4342-87fe-65b1875a719d req-5725db37-2087-4342-87fe-65b1875a719d ] Request (ServerDiskConfigTestJSON:test_rebuild_server_with_auto_disk_config): 200 GET http://10.180.1.21/compute/v2.1/servers/3fae37c9-43fc-466a-8ceb-f38e362e5832 0.244s
2025-03-18 08:25:25.865 68516 INFO tempest.lib.common.rest_client [req-f810bdea-fb82-4868-bc01-c3582b8ca18c req-f810bdea-fb82-4868-bc01-c3582b8ca18c ] Request (FloatingIPsAssociationTestJSON:test_associate_already_associated_floating_ip): 409 POST http://10.180.1.21/compute/v2.1/servers/f05e7cbb-1253-4054-90e4-46ffe28ad519/action 0.684s
2025-03-18 08:25:25.893 68530 INFO tempest.lib.common.rest_client [req-9c1afa80-4bbd-464f-9ab0-b30af81c5f49 req-9c1afa80-4bbd-464f-9ab0-b30af81c5f49 ] Request (KeyPairsNegativeTestJSON:test_create_keypair_when_public_key_bits_exceeds_maximum): 400 POST http://10.180.1.21/compute/v2.1/os-keypairs 0.245s
2025-03-18 08:25:25.973 68534 INFO tempest.lib.common.rest_client [req-29915cdc-24d9-4c97-bea3-75816ae33d62 req-29915cdc-24d9-4c97-bea3-75816ae33d62 ] Request (ServersAdminNegativeTestJSON:test_migrate_server_invalid_state): 200 GET http://10.180.1.21/compute/v2.1/servers/23eeb058-88ac-4d17-ae04-5f239260ebea 0.461s
2025-03-18 08:25:25.974 68522 INFO tempest.lib.common.rest_client [req-8b87350f-082e-4cd7-bbb4-eb6a20f45b01 req-8b87350f-082e-4cd7-bbb4-eb6a20f45b01 ] Request (ServerShowV254Test:tearDownClass): 204 DELETE http://10.180.1.21/compute/v2.1/servers/d323052c-729a-4e7c-95b0-2426a0fda55c 0.264s
2025-03-18 08:25:26.022 68504 INFO tempest.lib.common.rest_client [req-5710047e-d067-4b20-a19f-97d4f3ccb45a req-5710047e-d067-4b20-a19f-97d4f3ccb45a ] Request (VolumesAdminNegativeTest:test_update_attached_volume_with_nonexistent_volume_in_body): 200 GET http://10.180.1.21/compute/v2.1/servers/b638e306-c9c8-40f1-9cb8-9f63ba0c8af0 0.305s
2025-03-18 08:25:26.044 68548 INFO tempest.lib.common.rest_client [req-8c3267ea-fe5b-471a-8418-4b561c5d259b req-8c3267ea-fe5b-471a-8418-4b561c5d259b ] Request (ServersTestMultiNic:_run_cleanups): 200 GET http://10.180.1.21/compute/v2.1/servers/a45cfda8-7648-4530-a6db-6ed75524cad1 0.259s
2025-03-18 08:25:26.099 68538 INFO tempest.lib.common.rest_client [req-a114d533-f7be-43ac-ac87-407d98b1f568 req-a114d533-f7be-43ac-ac87-407d98b1f568 ] Request (ServerActionsV293TestJSON:setUpClass): 200 GET http://10.180.1.21/compute/v2.1/servers/54cd1d03-f73e-4c5e-89c0-fc2a129792df 0.241s
2025-03-18 08:25:26.124 68530 INFO tempest.lib.common.rest_client [req-3ef30f44-a187-407c-a9aa-11cb928aad7a req-3ef30f44-a187-407c-a9aa-11cb928aad7a ] Request (KeyPairsNegativeTestJSON:test_create_keypair_with_duplicate_name): 200 POST http://10.180.1.21/compute/v2.1/os-keypairs 0.229s
2025-03-18 08:25:26.196 68502 INFO tempest.lib.common.rest_client [req-83050d8e-ef58-43e8-909b-e23108d4df53 req-83050d8e-ef58-43e8-909b-e23108d4df53 ] Request (ImagesOneServerTestJSON:tearDownClass): 200 GET http://10.180.1.21/compute/v2.1/servers/60a83a27-c812-4c82-9a8e-fa841127911b 0.271s
2025-03-18 08:25:26.272 68522 INFO tempest.lib.common.rest_client [req-bfb028c8-764c-4a94-89bf-a5b27ca3fc73 req-bfb028c8-764c-4a94-89bf-a5b27ca3fc73 ] Request (ServerShowV254Test:tearDownClass): 200 GET http://10.180.1.21/compute/v2.1/servers/d323052c-729a-4e7c-95b0-2426a0fda55c 0.298s
2025-03-18 08:25:26.360 68510 INFO tempest.lib.common.rest_client [req-5c9e23a9-bd18-4251-ba28-4f15422344a0 req-5c9e23a9-bd18-4251-ba28-4f15422344a0 ] Request (DeleteServersAdminTestJSON:test_admin_delete_servers_of_others): 200 GET http://10.180.1.21/compute/v2.1/servers/7bd493b7-b106-4be9-ae89-4cc38e153a78 0.379s
2025-03-18 08:25:26.438 68508 INFO tempest.lib.common.rest_client [req-edcc4eb0-c8ad-43fe-90e1-395a1be4d3b4 req-edcc4eb0-c8ad-43fe-90e1-395a1be4d3b4 ] Request (ServersTestBootFromVolume:setUpClass): 200 GET http://10.180.1.21/compute/v2.1/servers/d78a3164-0de0-46f6-a977-ffc6308ea55b 0.394s
2025-03-18 08:25:26.471 68530 INFO tempest.lib.common.rest_client [req-694c9157-7610-4bb7-a74e-42585cde3406 req-694c9157-7610-4bb7-a74e-42585cde3406 ] Request (KeyPairsNegativeTestJSON:test_create_keypair_with_duplicate_name): 409 POST http://10.180.1.21/compute/v2.1/os-keypairs 0.345s
2025-03-18 08:25:26.674 68550 INFO tempest.lib.common.rest_client [req-fcac7d62-5d8d-42b0-98dd-519691a4703c req-fcac7d62-5d8d-42b0-98dd-519691a4703c ] Request (MigrationsAdminTest:test_list_migrations_in_flavor_resize_situation): 200 GET http://10.180.1.21/compute/v2.1/servers/83f60ebf-59d1-432b-a4f8-37510f2a6ebd 0.526s
2025-03-18 08:25:26.736 68525 INFO tempest.lib.common.rest_client [req-8c7861d7-a8c9-4aa0-9d30-d7190ad41aae req-8c7861d7-a8c9-4aa0-9d30-d7190ad41aae ] Request (DeleteServersTestJSON:test_delete_active_server): 200 GET http://10.180.1.21/compute/v2.1/servers/81d56bf0-a65c-4c45-9355-ab8cb235f54b 0.539s
2025-03-18 08:25:27.012 68500 INFO tempest.lib.common.rest_client [req-5f62fef1-65f7-455b-9682-b1cd1ea2e6aa req-5f62fef1-65f7-455b-9682-b1cd1ea2e6aa ] Request (ServerExternalEventsTest:tearDownClass): 200 GET http://10.180.1.21/compute/v2.1/servers/157518c7-11d9-4a60-b529-58f5ade77a09 0.760s
2025-03-18 08:25:27.077 68514 INFO tempest.lib.common.rest_client [req-50d839ac-ed2a-426f-914f-a3bc3ad73f49 req-50d839ac-ed2a-426f-914f-a3bc3ad73f49 ] Request (ListImageFiltersTestJSON:setUpClass): 200 GET http://10.180.1.21/compute/v2.1/servers/120b4896-8bb8-457e-ae43-07d509a8c058 0.823s
2025-03-18 08:25:27.143 68552 INFO tempest.lib.common.rest_client [req-c0024c90-b19b-41e5-affe-0c2e4d0edcba req-c0024c90-b19b-41e5-affe-0c2e4d0edcba ] Request (AttachInterfacesV270Test:test_create_get_list_interfaces): 200 GET http://10.180.1.21/compute/v2.1/servers/6042d703-d07d-4486-9020-b1c160738535 0.835s
2025-03-18 08:25:27.227 68546 INFO tempest.lib.common.rest_client [req-0e96217e-bb67-4d5e-9341-87d290aa0c81 req-0e96217e-bb67-4d5e-9341-87d290aa0c81 ] Request (ListServerFiltersTestJSON:tearDownClass): 200 GET http://10.180.1.21/compute/v2.1/servers/7b497c83-b21d-464b-8ee4-2964255eb5bb 0.912s
2025-03-18 08:25:27.294 68518 INFO tempest.lib.common.rest_client [req-b6b00a02-e9ac-4f04-ae40-8485a9a77926 req-b6b00a02-e9ac-4f04-ae40-8485a9a77926 ] Request (AttachInterfacesTestJSON:test_create_list_show_delete_interfaces_by_fixed_ip): 200 GET http://10.180.1.21/compute/v2.1/servers/94ed63d7-dcea-44b3-b787-2d21f0e55552 0.928s
2025-03-18 08:25:27.364 68521 INFO tempest.lib.common.rest_client [req-b1c8c8bf-f57e-4533-bca6-6752010278a8 req-b1c8c8bf-f57e-4533-bca6-6752010278a8 ] Request (ImagesOneServerNegativeTestJSON:_run_cleanups): 200 GET http://10.180.1.21/compute/v2.1/servers/35711145-874b-4cb6-b499-8274946b013d 0.946s
2025-03-18 08:25:27.654 68498 INFO tempest.lib.common.rest_client [req-5cbbb8ef-6ca4-405f-9b59-1e45372a0b51 req-5cbbb8ef-6ca4-405f-9b59-1e45372a0b51 ] Request (ServersTestJSON:test_create_server_specify_multibyte_character_name): 200 GET http://10.180.1.21/compute/v2.1/servers/76a1822d-267d-48a9-8b8d-4c1683070393 1.226s
2025-03-18 08:25:27.678 68530 INFO tempest.lib.common.rest_client [req-6d0b25d3-11a4-4edb-b3e7-9677dde7277b req-6d0b25d3-11a4-4edb-b3e7-9677dde7277b ] Request (KeyPairsNegativeTestJSON:test_create_keypair_with_duplicate_name): 202 DELETE http://10.180.1.21/compute/v2.1/os-keypairs/tempest-keypair-1274056856 1.207s
2025-03-18 08:25:27.738 68528 INFO tempest.lib.common.rest_client [req-2db117da-d729-4f5c-bba2-a1e197d05345 req-2db117da-d729-4f5c-bba2-a1e197d05345 ] Request (InstanceActionsTestJSON:setUpClass): 200 GET http://10.180.1.21/compute/v2.1/servers/63c961b1-0371-4ca9-ab99-3b24530ae339 1.226s
2025-03-18 08:25:27.758 68516 INFO tempest.lib.common.rest_client [req-91ac8893-f77c-4dad-a374-fe33e25752d0 req-91ac8893-f77c-4dad-a374-fe33e25752d0 ] Request (FloatingIPsAssociationTestJSON:_run_cleanups): 202 POST http://10.180.1.21/compute/v2.1/servers/3dfc8f39-20c9-4a72-95fa-e9382801bb17/action 1.891s
2025-03-18 08:25:27.797 68496 INFO tempest.lib.common.rest_client [req-f315d14c-6997-4916-80e9-6c95af2efff4 req-f315d14c-6997-4916-80e9-6c95af2efff4 ] Request (ServersAdminTestJSON:test_create_server_with_scheduling_hint): 200 GET http://10.180.1.21/compute/v2.1/servers/e0e8a97d-d693-47c1-ad54-b793e48bdcd4 1.224s
2025-03-18 08:25:27.809 68542 INFO tempest.lib.common.rest_client [req-05e288df-8f05-4a33-8887-12748e4828fc req-05e288df-8f05-4a33-8887-12748e4828fc ] Request (ServerAddressesTestJSON:setUpClass): 200 GET http://10.180.1.21/compute/v2.1/servers/9734fd56-60c6-4585-aef1-cd2f5b296563 1.225s
2025-03-18 08:25:27.849 68490 INFO tempest.lib.common.rest_client [req-cfc4ec61-ec5b-41c6-bf67-bf43d032f8cd req-cfc4ec61-ec5b-41c6-bf67-bf43d032f8cd ] Request (InstanceActionsV221TestJSON:test_get_list_deleted_instance_actions): 200 GET http://10.180.1.21/compute/v2.1/servers/417ae562-0d10-4253-b608-13eae9ec020c 1.211s
2025-03-18 08:25:27.870 68492 INFO tempest.lib.common.rest_client [req-a4803bec-1673-4d3e-94b6-15b2a3317378 req-a4803bec-1673-4d3e-94b6-15b2a3317378 ] Request (ServerGroupTestJSON:_run_cleanups): 200 GET http://10.180.1.21/compute/v2.1/servers/74990eb0-8397-4f7a-a7b5-3937630fdb83 1.168s
2025-03-18 08:25:27.893 68494 INFO tempest.lib.common.rest_client [req-997f4208-2e3a-4d1b-be3b-98ebade55f94 req-997f4208-2e3a-4d1b-be3b-98ebade55f94 ] Request (ServerDiskConfigTestJSON:test_rebuild_server_with_auto_disk_config): 200 GET http://10.180.1.21/compute/v2.1/servers/3fae37c9-43fc-466a-8ceb-f38e362e5832 1.128s
2025-03-18 08:25:27.949 68504 INFO tempest.lib.common.rest_client [req-f512b30e-66ed-4675-9403-06da35f053af req-f512b30e-66ed-4675-9403-06da35f053af ] Request (VolumesAdminNegativeTest:test_update_attached_volume_with_nonexistent_volume_in_body): 200 GET http://10.180.1.21/compute/v2.1/servers/b638e306-c9c8-40f1-9cb8-9f63ba0c8af0 0.919s
2025-03-18 08:25:27.988 68534 INFO tempest.lib.common.rest_client [req-6d5b1e47-8b34-486a-b8e8-0e0220bf9d68 req-6d5b1e47-8b34-486a-b8e8-0e0220bf9d68 ] Request (ServersAdminNegativeTestJSON:test_migrate_server_invalid_state): 200 GET http://10.180.1.21/compute/v2.1/servers/23eeb058-88ac-4d17-ae04-5f239260ebea 1.007s
2025-03-18 08:25:27.995 68534 INFO tempest.common.waiters [-] State transition "ACTIVE/suspending" ==> "SUSPENDED/None" after 2 second wait
2025-03-18 08:25:28.004 68548 INFO tempest.lib.common.rest_client [req-233797ed-490c-4790-9c0a-85be7716dec1 req-233797ed-490c-4790-9c0a-85be7716dec1 ] Request (ServersTestMultiNic:_run_cleanups): 200 GET http://10.180.1.21/compute/v2.1/servers/a45cfda8-7648-4530-a6db-6ed75524cad1 0.945s
2025-03-18 08:25:28.038 68538 INFO tempest.lib.common.rest_client [req-4d4da2b1-1a75-4702-8096-362739c0a971 req-4d4da2b1-1a75-4702-8096-362739c0a971 ] Request (ServerActionsV293TestJSON:setUpClass): 200 GET http://10.180.1.21/compute/v2.1/servers/54cd1d03-f73e-4c5e-89c0-fc2a129792df 0.925s
2025-03-18 08:25:28.060 68502 INFO tempest.lib.common.rest_client [req-ceacb463-33e2-464a-81fd-e8718159a673 req-ceacb463-33e2-464a-81fd-e8718159a673 ] Request (ImagesOneServerTestJSON:tearDownClass): 200 GET http://10.180.1.21/compute/v2.1/servers/60a83a27-c812-4c82-9a8e-fa841127911b 0.852s
2025-03-18 08:25:28.088 68522 INFO tempest.lib.common.rest_client [req-3a850717-63d8-47ff-9325-3f38859153bb req-3a850717-63d8-47ff-9325-3f38859153bb ] Request (ServerShowV254Test:tearDownClass): 200 GET http://10.180.1.21/compute/v2.1/servers/d323052c-729a-4e7c-95b0-2426a0fda55c 0.805s
2025-03-18 08:25:28.103 68510 INFO tempest.lib.common.rest_client [req-76e9952f-d02a-4837-b880-cfa52a63a709 req-76e9952f-d02a-4837-b880-cfa52a63a709 ] Request (DeleteServersAdminTestJSON:test_admin_delete_servers_of_others): 200 GET http://10.180.1.21/compute/v2.1/servers/7bd493b7-b106-4be9-ae89-4cc38e153a78 0.732s
2025-03-18 08:25:28.126 68530 INFO tempest.lib.common.rest_client [req-f5a85e6e-1150-436d-a69c-256b2352e708 req-f5a85e6e-1150-436d-a69c-256b2352e708 ] Request (KeyPairsNegativeTestJSON:test_create_keypair_with_empty_name_string): 400 POST http://10.180.1.21/compute/v2.1/os-keypairs 0.446s
2025-03-18 08:25:28.138 68508 INFO tempest.lib.common.rest_client [req-a6e7c615-b2bd-4508-a32a-81481274124b req-a6e7c615-b2bd-4508-a32a-81481274124b ] Request (ServersTestBootFromVolume:setUpClass): 200 GET http://10.180.1.21/compute/v2.1/servers/d78a3164-0de0-46f6-a977-ffc6308ea55b 0.691s
2025-03-18 08:25:28.189 68525 INFO tempest.lib.common.rest_client [req-6a4a5ad5-2dae-490d-a4e6-c9a87dfd6aee req-6a4a5ad5-2dae-490d-a4e6-c9a87dfd6aee ] Request (DeleteServersTestJSON:test_delete_active_server): 200 GET http://10.180.1.21/compute/v2.1/servers/81d56bf0-a65c-4c45-9355-ab8cb235f54b 0.434s
2025-03-18 08:25:28.225 68550 INFO tempest.lib.common.rest_client [req-d98ca545-3b62-48f0-8093-e1e0d2f62451 req-d98ca545-3b62-48f0-8093-e1e0d2f62451 ] Request (MigrationsAdminTest:test_list_migrations_in_flavor_resize_situation): 200 GET http://10.180.1.21/compute/v2.1/servers/83f60ebf-59d1-432b-a4f8-37510f2a6ebd 0.542s
2025-03-18 08:25:28.256 68516 INFO tempest.lib.common.rest_client [req-ac555449-57bb-4b9d-82bd-56d19753a787 req-ac555449-57bb-4b9d-82bd-56d19753a787 ] Request (FloatingIPsAssociationTestJSON:_run_cleanups): 204 DELETE http://10.180.1.21/compute/v2.1/servers/3dfc8f39-20c9-4a72-95fa-e9382801bb17 0.498s
2025-03-18 08:25:28.287 68534 INFO tempest.lib.common.rest_client [req-ccffc605-4c11-439f-88c5-700bdc7b6d0f req-ccffc605-4c11-439f-88c5-700bdc7b6d0f ] Request (ServersAdminNegativeTestJSON:test_migrate_server_invalid_state): 409 POST http://10.180.1.21/compute/v2.1/servers/23eeb058-88ac-4d17-ae04-5f239260ebea/action 0.291s
2025-03-18 08:25:28.324 68500 INFO tempest.lib.common.rest_client [req-e504cb9a-9557-41ed-9656-c5d7af605760 req-e504cb9a-9557-41ed-9656-c5d7af605760 ] Request (ServerExternalEventsTest:tearDownClass): 200 GET http://10.180.1.21/compute/v2.1/servers/157518c7-11d9-4a60-b529-58f5ade77a09 0.302s
2025-03-18 08:25:28.341 68514 INFO tempest.lib.common.rest_client [req-a2536225-6aae-4837-a70a-53800ffc34fa req-a2536225-6aae-4837-a70a-53800ffc34fa ] Request (ListImageFiltersTestJSON:setUpClass): 200 GET http://10.180.1.21/compute/v2.1/servers/120b4896-8bb8-457e-ae43-07d509a8c058 0.256s
2025-03-18 08:25:28.348 68514 INFO tempest.common.waiters [-] State transition "BUILD/None" ==> "BUILD/networking" after 61 second wait
2025-03-18 08:25:28.354 68530 INFO tempest.lib.common.rest_client [req-be09f266-c012-4520-b5b0-6dca738410c8 req-be09f266-c012-4520-b5b0-6dca738410c8 ] Request (KeyPairsNegativeTestJSON:test_create_keypair_with_empty_public_key): 400 POST http://10.180.1.21/compute/v2.1/os-keypairs 0.226s
2025-03-18 08:25:28.394 68552 INFO tempest.lib.common.rest_client [req-57b75bce-1370-40de-ba13-cdf7931ba2e0 req-57b75bce-1370-40de-ba13-cdf7931ba2e0 ] Request (AttachInterfacesV270Test:test_create_get_list_interfaces): 200 GET http://10.180.1.21/compute/v2.1/servers/6042d703-d07d-4486-9020-b1c160738535 0.233s
2025-03-18 08:25:28.408 68546 INFO tempest.lib.common.rest_client [req-d72dd1b2-84b1-4040-8ba4-ca2ef8aaa760 req-d72dd1b2-84b1-4040-8ba4-ca2ef8aaa760 ] Request (ListServerFiltersTestJSON:tearDownClass): 200 GET http://10.180.1.21/compute/v2.1/servers/7b497c83-b21d-464b-8ee4-2964255eb5bb 0.170s
2025-03-18 08:25:28.413 68534 INFO tempest.lib.common.rest_client [req-ef825580-20f2-4a37-a0cd-f430d2c5dbe9 req-ef825580-20f2-4a37-a0cd-f430d2c5dbe9 ] Request (ServersAdminNegativeTestJSON:test_reset_state_server_invalid_state): 400 POST http://10.180.1.21/compute/v2.1/servers/4928fa5d-54cd-4f17-ac01-a7b196dd7473/action 0.124s
2025-03-18 08:25:28.461 68518 INFO tempest.lib.common.rest_client [req-1488ff61-c2ca-4c9d-b5ba-306076969f55 req-1488ff61-c2ca-4c9d-b5ba-306076969f55 ] Request (AttachInterfacesTestJSON:test_create_list_show_delete_interfaces_by_fixed_ip): 200 GET http://10.180.1.21/compute/v2.1/servers/94ed63d7-dcea-44b3-b787-2d21f0e55552 0.151s
2025-03-18 08:25:28.466 68530 INFO tempest.lib.common.rest_client [req-08439702-b16b-4fce-968a-0dbafe18a819 req-08439702-b16b-4fce-968a-0dbafe18a819 ] Request (KeyPairsNegativeTestJSON:test_create_keypair_with_long_keynames): 400 POST http://10.180.1.21/compute/v2.1/os-keypairs 0.110s
2025-03-18 08:25:28.517 68521 INFO tempest.lib.common.rest_client [req-e0f84c73-87bd-487c-a146-abe53afaf123 req-e0f84c73-87bd-487c-a146-abe53afaf123 ] Request (ImagesOneServerNegativeTestJSON:_run_cleanups): 200 GET http://10.180.1.21/compute/v2.1/servers/35711145-874b-4cb6-b499-8274946b013d 0.146s
2025-03-18 08:25:28.522 68534 INFO tempest.lib.common.rest_client [req-db893fa0-56e9-45eb-802b-d22e96b091ce req-db893fa0-56e9-45eb-802b-d22e96b091ce ] Request (ServersAdminNegativeTestJSON:test_reset_state_server_invalid_type): 400 POST http://10.180.1.21/compute/v2.1/servers/4928fa5d-54cd-4f17-ac01-a7b196dd7473/action 0.107s
2025-03-18 08:25:28.544 68530 INFO tempest.lib.common.rest_client [req-7b8f8d69-b073-4727-86c4-8912b7a82b8b req-7b8f8d69-b073-4727-86c4-8912b7a82b8b ] Request (KeyPairsNegativeTestJSON:test_keypair_create_with_invalid_pub_key): 400 POST http://10.180.1.21/compute/v2.1/os-keypairs 0.077s
2025-03-18 08:25:28.550 68534 INFO tempest.lib.common.rest_client [req-97024c19-6eee-41b9-b714-cf25a42ba01a req-97024c19-6eee-41b9-b714-cf25a42ba01a ] Request (ServersAdminNegativeTestJSON:test_reset_state_server_nonexistent_server): 404 POST http://10.180.1.21/compute/v2.1/servers/999/action 0.026s
2025-03-18 08:25:28.562 68530 INFO tempest.lib.common.rest_client [req-1220455e-7959-4ffa-aa61-0e0420f62b46 req-1220455e-7959-4ffa-aa61-0e0420f62b46 ] Request (KeyPairsNegativeTestJSON:test_keypair_delete_nonexistent_key): 404 DELETE http://10.180.1.21/compute/v2.1/os-keypairs/tempest-keypair-non-existent-31850296 0.016s
2025-03-18 08:25:28.644 68534 INFO tempest.lib.common.rest_client [req-3ba81b2e-73e4-4bb6-aba7-80dc89abc103 req-3ba81b2e-73e4-4bb6-aba7-80dc89abc103 ] Request (ServersAdminNegativeTestJSON:test_resize_server_using_overlimit_ram): 200 GET http://10.180.1.21/compute/v2.1/os-quota-sets/db252c48cceb4d1f9052745c665dcdda 0.093s
2025-03-18 08:25:28.672 68534 INFO tempest.lib.common.rest_client [req-be466cfe-12f7-4314-acaa-647e4fbe7608 req-be466cfe-12f7-4314-acaa-647e4fbe7608 ] Request (ServersAdminNegativeTestJSON:test_resize_server_using_overlimit_ram): 200 POST http://10.180.1.21/compute/v2.1/flavors 0.025s
2025-03-18 08:25:28.690 68530 INFO tempest.lib.common.rest_client [req-4fc4a00e-a25b-4b86-b808-f5a3eccdb5c2 req-4fc4a00e-a25b-4b86-b808-f5a3eccdb5c2 ] Request (KeyPairsNegativeTestJSON:tearDownClass): 204 DELETE http://10.180.1.21/identity/v3/users/23a483cf6ad843448ae984a837545b63 0.126s
2025-03-18 08:25:28.690 68530 INFO tempest.lib.common.dynamic_creds [-] Deleting project and security group for project: 30aca7305a7240cb813528e951f0aae1
2025-03-18 08:25:28.750 68530 INFO tempest.lib.common.rest_client [req-ac0d2b53-9989-470a-9cd7-d89c4e6dd6d1 req-ac0d2b53-9989-470a-9cd7-d89c4e6dd6d1 ] Request (KeyPairsNegativeTestJSON:tearDownClass): 201 POST http://10.180.1.21/identity/v3/auth/tokens 0.060s
2025-03-18 08:25:28.859 68498 INFO tempest.lib.common.rest_client [req-8b74ed12-d700-4333-9cc3-4f1b6f2f04b7 req-8b74ed12-d700-4333-9cc3-4f1b6f2f04b7 ] Request (ServersTestJSON:test_create_server_specify_multibyte_character_name): 200 GET http://10.180.1.21/compute/v2.1/servers/76a1822d-267d-48a9-8b8d-4c1683070393 0.191s
2025-03-18 08:25:28.867 68498 INFO tempest.common.waiters [-] State transition "BUILD/spawning" ==> "ACTIVE/None" after 63 second wait
2025-03-18 08:25:28.934 68498 INFO tempest.lib.common.rest_client [req-d6821150-b09b-4140-9334-356982d2ce76 req-d6821150-b09b-4140-9334-356982d2ce76 ] Request (ServersTestJSON:test_create_server_with_admin_password): 201 POST http://10.180.1.21/identity/v3/auth/tokens 0.062s
2025-03-18 08:25:28.934 68498 INFO tempest.lib.common.fixed_network [-] (ServersTestJSON:test_create_server_with_admin_password) Found network {'id': '89487111-bc77-4710-b96e-f74cef5ed42f', 'name': 'tempest-ServersTestJSON-827327782-network', 'tenant_id': '8611438f9aa74c7681a9acba574d4836', 'admin_state_up': True, 'mtu': 8950, 'status': 'ACTIVE', 'subnets': [], 'shared': False, 'project_id': '8611438f9aa74c7681a9acba574d4836', 'port_security_enabled': True, 'router:external': False, 'provider:network_type': 'vlan', 'provider:physical_network': 'default', 'provider:segmentation_id': 763, 'availability_zone_hints': [], 'availability_zones': [], 'ipv4_address_scope': None, 'ipv6_address_scope': None, 'description': '', 'tags': [], 'created_at': '2025-03-18T08:24:19Z', 'updated_at': '2025-03-18T08:24:19Z', 'revision_number': 1} available for tenant
2025-03-18 08:25:28.981 68530 INFO tempest.lib.common.rest_client [req-36a6eb28-dd5f-4ef4-9b96-372e663ffb35 req-36a6eb28-dd5f-4ef4-9b96-372e663ffb35 ] Request (KeyPairsNegativeTestJSON:tearDownClass): 200 GET http://10.180.1.21:9696/networking/v2.0/security-groups?tenant_id=30aca7305a7240cb813528e951f0aae1&name=default 0.231s
2025-03-18 08:25:28.988 68534 INFO tempest.lib.common.rest_client [req-f7f27ffa-8124-4f22-8c4d-460ff0475106 req-f7f27ffa-8124-4f22-8c4d-460ff0475106 ] Request (ServersAdminNegativeTestJSON:test_resize_server_using_overlimit_ram): 403 POST http://10.180.1.21/compute/v2.1/servers/4928fa5d-54cd-4f17-ac01-a7b196dd7473/action 0.313s
2025-03-18 08:25:29.063 68528 INFO tempest.lib.common.rest_client [req-881d1793-e50d-4742-ab43-411789dd3405 req-881d1793-e50d-4742-ab43-411789dd3405 ] Request (InstanceActionsTestJSON:setUpClass): 200 GET http://10.180.1.21/compute/v2.1/servers/63c961b1-0371-4ca9-ab99-3b24530ae339 0.316s
2025-03-18 08:25:29.108 68530 INFO tempest.lib.common.rest_client [req-723ae526-5745-4934-99ce-f505966f47a0 req-723ae526-5745-4934-99ce-f505966f47a0 ] Request (KeyPairsNegativeTestJSON:tearDownClass): 204 DELETE http://10.180.1.21:9696/networking/v2.0/security-groups/d8a8b4a8-5f9a-4b2e-a238-673cd5665365 0.126s
2025-03-18 08:25:29.135 68496 INFO tempest.lib.common.rest_client [req-48356dc9-ab60-41cd-bf2f-56cba38d3d24 req-48356dc9-ab60-41cd-bf2f-56cba38d3d24 ] Request (ServersAdminTestJSON:test_create_server_with_scheduling_hint): 200 GET http://10.180.1.21/compute/v2.1/servers/e0e8a97d-d693-47c1-ad54-b793e48bdcd4 0.324s
2025-03-18 08:25:29.169 68530 INFO tempest.lib.common.rest_client [req-904cc4a5-3287-4e05-a747-72de2a8220fa req-904cc4a5-3287-4e05-a747-72de2a8220fa ] Request (KeyPairsNegativeTestJSON:tearDownClass): 204 DELETE http://10.180.1.21/identity/v3/projects/30aca7305a7240cb813528e951f0aae1 0.061s
2025-03-18 08:25:29.218 68542 INFO tempest.lib.common.rest_client [req-9f850064-0baf-4512-932f-2cb6c3e3c22d req-9f850064-0baf-4512-932f-2cb6c3e3c22d ] Request (ServerAddressesTestJSON:setUpClass): 200 GET http://10.180.1.21/compute/v2.1/servers/9734fd56-60c6-4585-aef1-cd2f5b296563 0.400s
2025-03-18 08:25:29.249 68530 INFO tempest.lib.common.rest_client [req-7319727f-7c4e-4ea6-a2f3-08a52fbcd1ec req-7319727f-7c4e-4ea6-a2f3-08a52fbcd1ec ] Request (ServerAddressesNegativeTestJSON:setUpClass): 201 POST http://10.180.1.21/identity/v3/auth/tokens 0.077s
2025-03-18 08:25:29.294 68530 INFO tempest.lib.common.rest_client [req-60f04414-0067-4799-b94a-0c1d026d87a6 req-60f04414-0067-4799-b94a-0c1d026d87a6 ] Request (ServerAddressesNegativeTestJSON:setUpClass): 201 POST http://10.180.1.21/identity/v3/auth/tokens 0.043s
2025-03-18 08:25:29.297 68490 INFO tempest.lib.common.rest_client [req-3a5f5082-4693-4872-b24f-12c0961d6aca req-3a5f5082-4693-4872-b24f-12c0961d6aca ] Request (InstanceActionsV221TestJSON:test_get_list_deleted_instance_actions): 200 GET http://10.180.1.21/compute/v2.1/servers/417ae562-0d10-4253-b608-13eae9ec020c 0.438s
2025-03-18 08:25:29.334 68530 INFO tempest.lib.common.rest_client [req-17459fd1-d7a5-4bb0-958d-fb8667968ab5 req-17459fd1-d7a5-4bb0-958d-fb8667968ab5 ] Request (ServerAddressesNegativeTestJSON:setUpClass): 200 GET http://10.180.1.21/identity/v3/domains?name=Default 0.039s
2025-03-18 08:25:29.366 68530 INFO tempest.lib.common.rest_client [req-c9d0f00d-a8c4-40bf-a742-e2e000d0a1cd req-c9d0f00d-a8c4-40bf-a742-e2e000d0a1cd ] Request (ServerAddressesNegativeTestJSON:setUpClass): 201 POST http://10.180.1.21/identity/v3/projects 0.031s
2025-03-18 08:25:29.400 68492 INFO tempest.lib.common.rest_client [req-71343480-bf9e-4589-8867-822664a2e9d4 req-71343480-bf9e-4589-8867-822664a2e9d4 ] Request (ServerGroupTestJSON:_run_cleanups): 200 GET http://10.180.1.21/compute/v2.1/servers/74990eb0-8397-4f7a-a7b5-3937630fdb83 0.521s
2025-03-18 08:25:29.455 68530 INFO tempest.lib.common.rest_client [req-af592d94-7aa3-421b-959c-435478043c13 req-af592d94-7aa3-421b-959c-435478043c13 ] Request (ServerAddressesNegativeTestJSON:setUpClass): 201 POST http://10.180.1.21/identity/v3/users 0.088s
2025-03-18 08:25:29.470 68494 INFO tempest.lib.common.rest_client [req-bd4c83b7-649e-418c-817c-4176926578cd req-bd4c83b7-649e-418c-817c-4176926578cd ] Request (ServerDiskConfigTestJSON:test_rebuild_server_with_auto_disk_config): 200 GET http://10.180.1.21/compute/v2.1/servers/3fae37c9-43fc-466a-8ceb-f38e362e5832 0.569s
2025-03-18 08:25:29.490 68530 INFO tempest.lib.common.rest_client [req-06a6ddf5-9799-41ab-a1c7-934fdb57aea0 req-06a6ddf5-9799-41ab-a1c7-934fdb57aea0 ] Request (ServerAddressesNegativeTestJSON:setUpClass): 200 GET http://10.180.1.21/identity/v3/roles 0.034s
2025-03-18 08:25:29.531 68530 INFO tempest.lib.common.rest_client [req-8979438d-ed43-4c36-8a49-a10d3a74e4a8 req-8979438d-ed43-4c36-8a49-a10d3a74e4a8 ] Request (ServerAddressesNegativeTestJSON:setUpClass): 204 PUT http://10.180.1.21/identity/v3/projects/402c79f939ac4563a328678ab9f392af/users/9fa1e81aa09949689626ba347e0a812c/roles/8b9addce169e40238469d90098a17ef1 0.041s
2025-03-18 08:25:29.532 68530 INFO tempest.lib.common.dynamic_creds [-] Dynamic test user 9fa1e81aa09949689626ba347e0a812c is created with scope project and roles: ['member']
2025-03-18 08:25:29.532 68530 INFO tempest.lib.common.dynamic_creds [-] Acquired dynamic creds: credentials: Credentials: {'domain_id': 'default', 'domain_name': 'Default', 'username': 'tempest-ServerAddressesNegativeTestJSON-810320118-project-member', 'project_domain_id': 'default', 'project_domain_name': 'Default', 'project_id': '402c79f939ac4563a328678ab9f392af', 'project_name': 'tempest-ServerAddressesNegativeTestJSON-810320118', 'tenant_id': '402c79f939ac4563a328678ab9f392af', 'tenant_name': 'tempest-ServerAddressesNegativeTestJSON-810320118', 'user_domain_id': 'default', 'user_domain_name': 'Default', 'user_id': '9fa1e81aa09949689626ba347e0a812c', 'system': None}, Network: None, Subnet: None, Router: None
2025-03-18 08:25:29.589 68530 INFO tempest.lib.common.rest_client [req-6f2444b3-bbe2-403e-984c-5c53742bfad0 req-6f2444b3-bbe2-403e-984c-5c53742bfad0 ] Request (ServerAddressesNegativeTestJSON:setUpClass): 201 POST http://10.180.1.21/identity/v3/auth/tokens 0.057s
2025-03-18 08:25:29.772 68516 INFO tempest.lib.common.rest_client [req-f5957756-3a52-4136-bee5-30fd05ae76d8 req-f5957756-3a52-4136-bee5-30fd05ae76d8 ] Request (FloatingIPsAssociationTestJSON:test_associate_disassociate_floating_ip): 202 POST http://10.180.1.21/compute/v2.1/servers/f05e7cbb-1253-4054-90e4-46ffe28ad519/action 1.508s
2025-03-18 08:25:29.806 68530 INFO tempest.lib.common.rest_client [req-f1b7c65a-0083-4c0e-a79d-6820a38011d6 req-f1b7c65a-0083-4c0e-a79d-6820a38011d6 ] Request (ServerAddressesNegativeTestJSON:setUpClass): 201 POST http://10.180.1.21:9696/networking/v2.0/networks 0.217s
2025-03-18 08:25:29.830 68498 INFO tempest.lib.common.rest_client [req-f1dc71e8-83f8-4efc-9421-4bf6898d8a0a req-f1dc71e8-83f8-4efc-9421-4bf6898d8a0a ] Request (ServersTestJSON:test_create_server_with_admin_password): 202 POST http://10.180.1.21/compute/v2.1/servers 0.895s
2025-03-18 08:25:29.833 68504 INFO tempest.lib.common.rest_client [req-2362f5d7-a14a-44e5-bf8f-4ffeb982e56d req-2362f5d7-a14a-44e5-bf8f-4ffeb982e56d ] Request (VolumesAdminNegativeTest:test_update_attached_volume_with_nonexistent_volume_in_body): 200 GET http://10.180.1.21/compute/v2.1/servers/b638e306-c9c8-40f1-9cb8-9f63ba0c8af0 0.876s
2025-03-18 08:25:29.849 68534 INFO tempest.lib.common.rest_client [req-2f0945ae-3730-4daf-a6f7-2545576c0435 req-2f0945ae-3730-4daf-a6f7-2545576c0435 ] Request (ServersAdminNegativeTestJSON:_run_cleanups): 202 DELETE http://10.180.1.21/compute/v2.1/flavors/1500747182 0.860s
2025-03-18 08:25:29.906 68548 INFO tempest.lib.common.rest_client [req-20e97cbd-0b3c-4581-8f85-0d58f0d74c35 req-20e97cbd-0b3c-4581-8f85-0d58f0d74c35 ] Request (ServersTestMultiNic:_run_cleanups): 200 GET http://10.180.1.21/compute/v2.1/servers/a45cfda8-7648-4530-a6db-6ed75524cad1 0.894s
2025-03-18 08:25:29.924 68538 INFO tempest.lib.common.rest_client [req-81fc6588-df4a-47f8-9cc7-99558b9c2dfd req-81fc6588-df4a-47f8-9cc7-99558b9c2dfd ] Request (ServerActionsV293TestJSON:setUpClass): 200 GET http://10.180.1.21/compute/v2.1/servers/54cd1d03-f73e-4c5e-89c0-fc2a129792df 0.876s
2025-03-18 08:25:29.934 68538 INFO tempest.common.waiters [-] State transition "BUILD/scheduling" ==> "BUILD/None" after 33 second wait
2025-03-18 08:25:29.965 68530 INFO tempest.lib.common.rest_client [req-4ef09fb1-7253-40c5-9ae8-a70ea6c5ae47 req-4ef09fb1-7253-40c5-9ae8-a70ea6c5ae47 ] Request (ServerAddressesNegativeTestJSON:setUpClass): 201 POST http://10.180.1.21:9696/networking/v2.0/subnets 0.158s
2025-03-18 08:25:29.979 68502 INFO tempest.lib.common.rest_client [req-02c074ac-0553-471e-a649-a2fdeefac87f req-02c074ac-0553-471e-a649-a2fdeefac87f ] Request (ImagesOneServerTestJSON:tearDownClass): 200 GET http://10.180.1.21/compute/v2.1/servers/60a83a27-c812-4c82-9a8e-fa841127911b 0.908s
2025-03-18 08:25:29.983 68522 INFO tempest.lib.common.rest_client [req-8a2ac8b2-1233-4c94-88a9-a8d7947f46fa req-8a2ac8b2-1233-4c94-88a9-a8d7947f46fa ] Request (ServerShowV254Test:tearDownClass): 200 GET http://10.180.1.21/compute/v2.1/servers/d323052c-729a-4e7c-95b0-2426a0fda55c 0.886s
2025-03-18 08:25:30.043 68508 INFO tempest.lib.common.rest_client [req-70d9cdec-3714-434f-805f-b042a5a6e0bf req-70d9cdec-3714-434f-805f-b042a5a6e0bf ] Request (ServersTestBootFromVolume:setUpClass): 200 GET http://10.180.1.21/compute/v2.1/servers/d78a3164-0de0-46f6-a977-ffc6308ea55b 0.893s
2025-03-18 08:25:30.045 68510 INFO tempest.lib.common.rest_client [req-a2a49a2e-b4a6-48bf-82e9-a1f8631fa33c req-a2a49a2e-b4a6-48bf-82e9-a1f8631fa33c ] Request (DeleteServersAdminTestJSON:test_admin_delete_servers_of_others): 200 GET http://10.180.1.21/compute/v2.1/servers/7bd493b7-b106-4be9-ae89-4cc38e153a78 0.935s
2025-03-18 08:25:30.101 68525 INFO tempest.lib.common.rest_client [req-6a0afe19-f53f-4232-8788-3c19a343a3e2 req-6a0afe19-f53f-4232-8788-3c19a343a3e2 ] Request (DeleteServersTestJSON:test_delete_active_server): 200 GET http://10.180.1.21/compute/v2.1/servers/81d56bf0-a65c-4c45-9355-ab8cb235f54b 0.903s
2025-03-18 08:25:30.158 68500 INFO tempest.lib.common.rest_client [req-a53fdf7f-cef2-45bf-be30-d789b8e0a25b req-a53fdf7f-cef2-45bf-be30-d789b8e0a25b ] Request (ServerExternalEventsTest:tearDownClass): 200 GET http://10.180.1.21/compute/v2.1/servers/157518c7-11d9-4a60-b529-58f5ade77a09 0.826s
2025-03-18 08:25:30.196 68550 INFO tempest.lib.common.rest_client [req-758fd27b-5a0c-43fc-b722-01ce01896b87 req-758fd27b-5a0c-43fc-b722-01ce01896b87 ] Request (MigrationsAdminTest:test_list_migrations_in_flavor_resize_situation): 200 GET http://10.180.1.21/compute/v2.1/servers/83f60ebf-59d1-432b-a4f8-37510f2a6ebd 0.964s
2025-03-18 08:25:30.256 68552 INFO tempest.lib.common.rest_client [req-1f6d1c98-8748-4a87-92f8-147f16b7e286 req-1f6d1c98-8748-4a87-92f8-147f16b7e286 ] Request (AttachInterfacesV270Test:test_create_get_list_interfaces): 200 GET http://10.180.1.21/compute/v2.1/servers/6042d703-d07d-4486-9020-b1c160738535 0.852s
2025-03-18 08:25:30.265 68514 INFO tempest.lib.common.rest_client [req-d5873e21-2200-480e-8fb4-ddb1e9451245 req-d5873e21-2200-480e-8fb4-ddb1e9451245 ] Request (ListImageFiltersTestJSON:setUpClass): 200 GET http://10.180.1.21/compute/v2.1/servers/120b4896-8bb8-457e-ae43-07d509a8c058 0.915s
2025-03-18 08:25:30.276 68514 INFO tempest.common.waiters [-] State transition "BUILD/networking" ==> "BUILD/spawning" after 63 second wait
2025-03-18 08:25:30.332 68518 INFO tempest.lib.common.rest_client [req-eebff738-60de-409f-9761-3f692a7f5487 req-eebff738-60de-409f-9761-3f692a7f5487 ] Request (AttachInterfacesTestJSON:test_create_list_show_delete_interfaces_by_fixed_ip): 200 GET http://10.180.1.21/compute/v2.1/servers/94ed63d7-dcea-44b3-b787-2d21f0e55552 0.863s
2025-03-18 08:25:30.337 68546 INFO tempest.lib.common.rest_client [req-cea29d0d-6a1d-468d-8e89-ead899c10602 req-cea29d0d-6a1d-468d-8e89-ead899c10602 ] Request (ListServerFiltersTestJSON:tearDownClass): 200 GET http://10.180.1.21/compute/v2.1/servers/7b497c83-b21d-464b-8ee4-2964255eb5bb 0.921s
2025-03-18 08:25:30.399 68521 INFO tempest.lib.common.rest_client [req-f3bb7067-36c8-4fa4-bf8b-bb058a5d92d4 req-f3bb7067-36c8-4fa4-bf8b-bb058a5d92d4 ] Request (ImagesOneServerNegativeTestJSON:_run_cleanups): 200 GET http://10.180.1.21/compute/v2.1/servers/35711145-874b-4cb6-b499-8274946b013d 0.870s
2025-03-18 08:25:30.555 68498 INFO tempest.lib.common.rest_client [req-9e2dd398-ff91-45e8-a06e-8469883f19db req-9e2dd398-ff91-45e8-a06e-8469883f19db ] Request (ServersTestJSON:_run_cleanups): 204 DELETE http://10.180.1.21/compute/v2.1/servers/42e9d2e7-c98d-4a86-a5a0-05207ba2bea9 0.723s
2025-03-18 08:25:30.578 68534 INFO tempest.lib.common.rest_client [req-188fbf5e-7bd7-4199-84fc-3ac2946d163d req-188fbf5e-7bd7-4199-84fc-3ac2946d163d ] Request (ServersAdminNegativeTestJSON:_run_cleanups): 200 GET http://10.180.1.21/compute/v2.1/flavors/detail 0.729s
2025-03-18 08:25:30.704 68528 INFO tempest.lib.common.rest_client [req-954461bd-fc51-4736-aad4-c86334ea4d45 req-954461bd-fc51-4736-aad4-c86334ea4d45 ] Request (InstanceActionsTestJSON:setUpClass): 200 GET http://10.180.1.21/compute/v2.1/servers/63c961b1-0371-4ca9-ab99-3b24530ae339 0.630s
2025-03-18 08:25:30.709 68516 INFO tempest.lib.common.rest_client [req-cffa58e7-2f52-4b66-b9b1-95fa65169dcb req-cffa58e7-2f52-4b66-b9b1-95fa65169dcb ] Request (FloatingIPsAssociationTestJSON:test_associate_disassociate_floating_ip): 200 GET http://10.180.1.21/compute/v2.1/os-floating-ips/446a9304-4511-4d28-bfb2-5ab6765c2072 0.937s
2025-03-18 08:25:30.777 68530 INFO tempest.lib.common.rest_client [req-04d540a1-2a46-4362-8e78-0ca5124e1300 req-04d540a1-2a46-4362-8e78-0ca5124e1300 ] Request (ServerAddressesNegativeTestJSON:setUpClass): 201 POST http://10.180.1.21:9696/networking/v2.0/routers 0.811s
2025-03-18 08:25:30.781 68496 INFO tempest.lib.common.rest_client [req-d1a16c75-5b9c-4734-b940-943bfa91a5bf req-d1a16c75-5b9c-4734-b940-943bfa91a5bf ] Request (ServersAdminTestJSON:test_create_server_with_scheduling_hint): 200 GET http://10.180.1.21/compute/v2.1/servers/e0e8a97d-d693-47c1-ad54-b793e48bdcd4 0.637s
2025-03-18 08:25:30.807 68542 INFO tempest.lib.common.rest_client [req-0ee2490c-17b5-44d6-be53-5dd8c8703c92 req-0ee2490c-17b5-44d6-be53-5dd8c8703c92 ] Request (ServerAddressesTestJSON:setUpClass): 200 GET http://10.180.1.21/compute/v2.1/servers/9734fd56-60c6-4585-aef1-cd2f5b296563 0.575s
2025-03-18 08:25:30.843 68490 INFO tempest.lib.common.rest_client [req-c486a4e7-d196-447f-b82b-9bc1575cb377 req-c486a4e7-d196-447f-b82b-9bc1575cb377 ] Request (InstanceActionsV221TestJSON:test_get_list_deleted_instance_actions): 200 GET http://10.180.1.21/compute/v2.1/servers/417ae562-0d10-4253-b608-13eae9ec020c 0.530s
2025-03-18 08:25:30.877 68492 INFO tempest.lib.common.rest_client [req-eef1cf71-0fab-4aad-a027-5b9591209c2c req-eef1cf71-0fab-4aad-a027-5b9591209c2c ] Request (ServerGroupTestJSON:_run_cleanups): 200 GET http://10.180.1.21/compute/v2.1/servers/74990eb0-8397-4f7a-a7b5-3937630fdb83 0.468s
2025-03-18 08:25:30.897 68498 INFO tempest.lib.common.rest_client [req-4ddc6695-1990-4825-8e29-7cb2576a1e52 req-4ddc6695-1990-4825-8e29-7cb2576a1e52 ] Request (ServersTestJSON:_run_cleanups): 404 GET http://10.180.1.21/compute/v2.1/servers/42e9d2e7-c98d-4a86-a5a0-05207ba2bea9 0.341s
2025-03-18 08:25:30.907 68494 INFO tempest.lib.common.rest_client [req-be946947-677a-4a82-9e4a-4448cd9b0920 req-be946947-677a-4a82-9e4a-4448cd9b0920 ] Request (ServerDiskConfigTestJSON:test_rebuild_server_with_auto_disk_config): 200 GET http://10.180.1.21/compute/v2.1/servers/3fae37c9-43fc-466a-8ceb-f38e362e5832 0.426s
2025-03-18 08:25:30.969 68498 INFO tempest.lib.common.rest_client [req-5f7c9691-b022-4d8e-a5d4-7c960dd49a03 req-5f7c9691-b022-4d8e-a5d4-7c960dd49a03 ] Request (ServersTestJSON:test_create_server_with_ipv6_addr_only): 201 POST http://10.180.1.21/identity/v3/auth/tokens 0.067s
2025-03-18 08:25:30.969 68498 INFO tempest.lib.common.fixed_network [-] (ServersTestJSON:test_create_server_with_ipv6_addr_only) Found network {'id': '89487111-bc77-4710-b96e-f74cef5ed42f', 'name': 'tempest-ServersTestJSON-827327782-network', 'tenant_id': '8611438f9aa74c7681a9acba574d4836', 'admin_state_up': True, 'mtu': 8950, 'status': 'ACTIVE', 'subnets': [], 'shared': False, 'project_id': '8611438f9aa74c7681a9acba574d4836', 'port_security_enabled': True, 'router:external': False, 'provider:network_type': 'vlan', 'provider:physical_network': 'default', 'provider:segmentation_id': 763, 'availability_zone_hints': [], 'availability_zones': [], 'ipv4_address_scope': None, 'ipv6_address_scope': None, 'description': '', 'tags': [], 'created_at': '2025-03-18T08:24:19Z', 'updated_at': '2025-03-18T08:24:19Z', 'revision_number': 1} available for tenant
2025-03-18 08:25:31.050 68534 INFO tempest.lib.common.rest_client [req-090cbe27-a9fd-4668-b1b2-e1819ec517c2 req-090cbe27-a9fd-4668-b1b2-e1819ec517c2 ] Request (ServersAdminNegativeTestJSON:test_resize_server_using_overlimit_vcpus): 200 GET http://10.180.1.21/compute/v2.1/os-quota-sets/db252c48cceb4d1f9052745c665dcdda 0.462s
