2025-03-18 08:24:24.974 68508 INFO tempest.lib.common.rest_client [req-fff2b908-f792-4b16-8e14-95539fcea406 req-fff2b908-f792-4b16-8e14-95539fcea406 ] Request (FlavorsAdminTestJSON:test_is_public_string_variations): 200 POST http://10.180.1.21/compute/v2.1/flavors 1.075s
2025-03-18 08:24:24.984 68544 INFO tempest.lib.common.rest_client [req-65aa561d-3f6d-41c5-b7c4-22f06003bc6d req-65aa561d-3f6d-41c5-b7c4-22f06003bc6d ] Request (QuotasAdminTestJSON:tearDownClass): 200 GET http://10.180.1.21:9696/networking/v2.0/security-groups?tenant_id=18f8225045d1493095956cfa341743f9&name=default 0.198s
2025-03-18 08:24:24.996 68528 INFO tempest.lib.common.rest_client [req-dd2911ab-e705-4e6c-af86-8becaa8848e8 req-dd2911ab-e705-4e6c-af86-8becaa8848e8 ] Request (FlavorsAccessNegativeTestJSON:tearDownClass): 200 GET http://10.180.1.21:9696/networking/v2.0/security-groups?tenant_id=e3cb4fd7d00a4940ab7283219ea483d3&name=default 0.193s
2025-03-18 08:24:24.996 68490 INFO tempest.lib.common.rest_client [req-13595f6d-80f5-42be-bdcc-29ad6d3a3ecf req-13595f6d-80f5-42be-bdcc-29ad6d3a3ecf ] Request (KeyPairsV22TestJSON:_run_cleanups): 204 DELETE http://10.180.1.21/compute/v2.1/os-keypairs/tempest-KeyPairsV22TestJSON-keypair-728164701 1.082s
2025-03-18 08:24:25.000 68506 INFO tempest.lib.common.rest_client [req-90631062-92b8-4219-8d1d-0d984ea11881 req-90631062-92b8-4219-8d1d-0d984ea11881 ] Request (QuotasAdminTestV257:test_get_updated_quotas): 200 PUT http://10.180.1.21/compute/v2.1/os-quota-sets/e943e0608ac4456991d5b4e58c1f91f1 1.194s
2025-03-18 08:24:25.021 68510 INFO tempest.lib.common.rest_client [req-cf1284ef-09fb-448e-b8ca-b2dcca3a506b req-cf1284ef-09fb-448e-b8ca-b2dcca3a506b ] Request (AggregatesAdminNegativeTestJSON:test_aggregate_remove_host_as_user): 200 POST http://10.180.1.21/compute/v2.1/os-aggregates 1.094s
2025-03-18 08:24:25.048 68532 INFO tempest.lib.common.rest_client [req-1f13ba80-ff32-49cb-8a4e-a1b321f4077b req-1f13ba80-ff32-49cb-8a4e-a1b321f4077b ] Request (FloatingIPsTestJSON:tearDownClass): 200 PUT http://10.180.1.21:9696/networking/v2.0/routers/47bd461a-0d94-4d1e-93e1-6bf299377ab6/remove_router_interface 1.905s
2025-03-18 08:24:25.092 68518 INFO tempest.lib.common.rest_client [req-3ddeae1f-a7aa-459c-af4b-2061e29461cf req-3ddeae1f-a7aa-459c-af4b-2061e29461cf ] Request (ServerDiagnosticsTest:tearDownClass): 200 GET http://10.180.1.21/compute/v2.1/servers/fa3b3214-ef66-4e92-b7ea-429efe8e2d01 1.112s
2025-03-18 08:24:25.111 68548 INFO tempest.lib.common.rest_client [req-ff5eae9b-4a76-4a49-8cbb-9fb18412097b req-ff5eae9b-4a76-4a49-8cbb-9fb18412097b ] Request (ServersTestMultiNic:test_verify_duplicate_network_nics): 200 GET http://10.180.1.21/compute/v2.1/servers/a45cfda8-7648-4530-a6db-6ed75524cad1 1.025s
2025-03-18 08:24:25.133 68538 INFO tempest.lib.common.rest_client [req-26c32490-0599-4db2-9def-3404a60ed6d1 req-26c32490-0599-4db2-9def-3404a60ed6d1 ] Request (ImagesMetadataNegativeTestJSON:test_list_nonexistent_image_metadata): 404 GET http://10.180.1.21/compute/v2.1/images/2702c581-4b18-413a-bc30-561c907c4342/metadata 0.997s
2025-03-18 08:24:25.176 68496 INFO tempest.lib.common.rest_client [req-85ad86ba-3b3c-484b-994c-7c4863fd41ff req-85ad86ba-3b3c-484b-994c-7c4863fd41ff ] Request (ServersAdminTestJSON:setUpClass): 200 GET http://10.180.1.21/compute/v2.1/servers/744bc42c-5d39-4e25-9fbd-1c914795d0f3 1.054s
2025-03-18 08:24:25.184 68496 INFO tempest.common.waiters [-] State transition "BUILD/scheduling" ==> "BUILD/None" after 12 second wait
2025-03-18 08:24:25.189 68544 INFO tempest.lib.common.rest_client [req-eff30eaa-dabc-4b6d-8289-1bf9802db9bf req-eff30eaa-dabc-4b6d-8289-1bf9802db9bf ] Request (QuotasAdminTestJSON:tearDownClass): 204 DELETE http://10.180.1.21:9696/networking/v2.0/security-groups/c1c23e2a-2142-4a2e-8a4e-dcd8e3783a43 0.204s
2025-03-18 08:24:25.192 68528 INFO tempest.lib.common.rest_client [req-f2b66fd9-ab54-4f02-93f3-cadf5db55301 req-f2b66fd9-ab54-4f02-93f3-cadf5db55301 ] Request (FlavorsAccessNegativeTestJSON:tearDownClass): 204 DELETE http://10.180.1.21:9696/networking/v2.0/security-groups/2a1d9f0f-5bf7-4386-aaaf-f8d9196d74b9 0.196s
2025-03-18 08:24:25.257 68546 INFO tempest.lib.common.rest_client [req-f9c50ea7-dfe8-4a15-9005-7d53a9aee63d req-f9c50ea7-dfe8-4a15-9005-7d53a9aee63d ] Request (ListServerFiltersTestJSON:setUpClass): 200 GET http://10.180.1.21/compute/v2.1/servers/7b497c83-b21d-464b-8ee4-2964255eb5bb 1.048s
2025-03-18 08:24:25.301 68516 INFO tempest.lib.common.rest_client [req-4a86ec84-53cf-4fff-8f9a-15cfdb7f3677 req-4a86ec84-53cf-4fff-8f9a-15cfdb7f3677 ] Request (FloatingIPsAssociationTestJSON:test_associate_already_associated_floating_ip): 200 GET http://10.180.1.21/compute/v2.1/servers/3dfc8f39-20c9-4a72-95fa-e9382801bb17 1.059s
2025-03-18 08:24:25.330 68544 INFO tempest.lib.common.rest_client [req-8281a2ca-b731-40dc-9b89-d438662a87a3 req-8281a2ca-b731-40dc-9b89-d438662a87a3 ] Request (QuotasAdminTestJSON:tearDownClass): 204 DELETE http://10.180.1.21/identity/v3/projects/18f8225045d1493095956cfa341743f9 0.141s
2025-03-18 08:24:25.331 68544 INFO tempest.test [-] raised in UnshelveToHostMultiNodesTest.setUpClass. Invoking tearDownClass.
2025-03-18 08:24:25.342 68528 INFO tempest.lib.common.rest_client [req-28b8ecd1-6e44-4579-a714-4c254fbeba23 req-28b8ecd1-6e44-4579-a714-4c254fbeba23 ] Request (FlavorsAccessNegativeTestJSON:tearDownClass): 204 DELETE http://10.180.1.21/identity/v3/projects/e3cb4fd7d00a4940ab7283219ea483d3 0.149s
2025-03-18 08:24:25.411 68544 INFO tempest.lib.common.rest_client [req-b12d4a20-c978-4f7b-8b17-1c50e1ed79d8 req-b12d4a20-c978-4f7b-8b17-1c50e1ed79d8 ] Request (TenantUsagesNegativeTestJSON:setUpClass): 201 POST http://10.180.1.21/identity/v3/auth/tokens 0.078s
2025-03-18 08:24:25.434 68528 INFO tempest.lib.common.rest_client [req-d34b845e-f30b-40fa-9bf9-48c5047e163d req-d34b845e-f30b-40fa-9bf9-48c5047e163d ] Request (InstanceActionsTestJSON:setUpClass): 201 POST http://10.180.1.21/identity/v3/auth/tokens 0.090s
2025-03-18 08:24:25.463 68544 INFO tempest.lib.common.rest_client [req-fb4ead1e-dab2-40bd-a386-bfd235952947 req-fb4ead1e-dab2-40bd-a386-bfd235952947 ] Request (TenantUsagesNegativeTestJSON:setUpClass): 201 POST http://10.180.1.21/identity/v3/auth/tokens 0.050s
2025-03-18 08:24:25.473 68512 INFO tempest.lib.common.rest_client [req-76fbdf51-e625-4f5b-8ea1-f9b15c13dc8a req-76fbdf51-e625-4f5b-8ea1-f9b15c13dc8a ] Request (FlavorsV2TestJSON:test_get_flavor): 200 GET http://10.180.1.21/compute/v2.1/flavors/42 1.088s
2025-03-18 08:24:25.482 68528 INFO tempest.lib.common.rest_client [req-a22a692b-0162-458f-bc89-ac4d83a58e1b req-a22a692b-0162-458f-bc89-ac4d83a58e1b ] Request (InstanceActionsTestJSON:setUpClass): 201 POST http://10.180.1.21/identity/v3/auth/tokens 0.045s
2025-03-18 08:24:25.497 68544 INFO tempest.lib.common.rest_client [req-242adaa3-8a00-4da6-869d-292dc666d07e req-242adaa3-8a00-4da6-869d-292dc666d07e ] Request (TenantUsagesNegativeTestJSON:setUpClass): 200 GET http://10.180.1.21/identity/v3/domains?name=Default 0.033s
2025-03-18 08:24:25.508 68528 INFO tempest.lib.common.rest_client [req-1212b058-f032-4631-89d2-59a3fdb92bec req-1212b058-f032-4631-89d2-59a3fdb92bec ] Request (InstanceActionsTestJSON:setUpClass): 200 GET http://10.180.1.21/identity/v3/domains?name=Default 0.026s
2025-03-18 08:24:25.529 68544 INFO tempest.lib.common.rest_client [req-11582e80-01d9-4e74-8ff3-f5f23b780104 req-11582e80-01d9-4e74-8ff3-f5f23b780104 ] Request (TenantUsagesNegativeTestJSON:setUpClass): 201 POST http://10.180.1.21/identity/v3/projects 0.031s
2025-03-18 08:24:25.540 68528 INFO tempest.lib.common.rest_client [req-36f1afbd-663f-48ca-a3d8-1b82834d6265 req-36f1afbd-663f-48ca-a3d8-1b82834d6265 ] Request (InstanceActionsTestJSON:setUpClass): 201 POST http://10.180.1.21/identity/v3/projects 0.031s
2025-03-18 08:24:25.572 68498 INFO tempest.lib.common.rest_client [req-ffacf220-819d-487e-ad81-c18c0766f143 req-ffacf220-819d-487e-ad81-c18c0766f143 ] Request (ServersTestJSON:test_create_server_specify_multibyte_character_name): 200 GET http://10.180.1.21/compute/v2.1/servers/76a1822d-267d-48a9-8b8d-4c1683070393 1.152s
2025-03-18 08:24:25.611 68528 INFO tempest.lib.common.rest_client [req-28330e84-f7ec-4fca-8ea6-ad902052e635 req-28330e84-f7ec-4fca-8ea6-ad902052e635 ] Request (InstanceActionsTestJSON:setUpClass): 201 POST http://10.180.1.21/identity/v3/users 0.070s
2025-03-18 08:24:25.618 68521 INFO tempest.lib.common.rest_client [req-07bbeff7-f713-422c-a863-5002b5287b29 req-07bbeff7-f713-422c-a863-5002b5287b29 ] Request (ImagesOneServerNegativeTestJSON:setUp): 200 GET http://10.180.1.21/compute/v2.1/servers/b3779726-6b8a-4f2b-9b9a-7302948208e0 1.219s
2025-03-18 08:24:25.653 68540 INFO tempest.lib.common.rest_client [req-277fd091-8fc9-48c6-ad74-8d11fd9b752a req-277fd091-8fc9-48c6-ad74-8d11fd9b752a ] Request (ListImagesTestJSON:test_list_images_with_detail): 200 GET http://10.180.1.21/compute/v2.1/images/detail 1.163s
2025-03-18 08:24:25.653 68528 INFO tempest.lib.common.rest_client [req-c481f8c8-ba35-4731-a522-63508e4e6fe0 req-c481f8c8-ba35-4731-a522-63508e4e6fe0 ] Request (InstanceActionsTestJSON:setUpClass): 200 GET http://10.180.1.21/identity/v3/roles 0.041s
2025-03-18 08:24:25.666 68544 INFO tempest.lib.common.rest_client [req-5cb02a6b-7cd8-44d9-b18a-7e62bca7331b req-5cb02a6b-7cd8-44d9-b18a-7e62bca7331b ] Request (TenantUsagesNegativeTestJSON:setUpClass): 201 POST http://10.180.1.21/identity/v3/users 0.136s
2025-03-18 08:24:25.684 68528 INFO tempest.lib.common.rest_client [req-6cc91636-81bf-4564-bce3-2ef77d2911dc req-6cc91636-81bf-4564-bce3-2ef77d2911dc ] Request (InstanceActionsTestJSON:setUpClass): 204 PUT http://10.180.1.21/identity/v3/projects/fd2f5f57a7c9478e9fbb1a779f29474f/users/7acf2cb1c95544ad9bc9198693606354/roles/8b9addce169e40238469d90098a17ef1 0.030s
2025-03-18 08:24:25.684 68528 INFO tempest.lib.common.dynamic_creds [-] Dynamic test user 7acf2cb1c95544ad9bc9198693606354 is created with scope project and roles: ['member']
2025-03-18 08:24:25.684 68528 INFO tempest.lib.common.dynamic_creds [-] Acquired dynamic creds: credentials: Credentials: {'domain_id': 'default', 'domain_name': 'Default', 'username': 'tempest-InstanceActionsTestJSON-616968270-project-member', 'project_domain_id': 'default', 'project_domain_name': 'Default', 'project_id': 'fd2f5f57a7c9478e9fbb1a779f29474f', 'project_name': 'tempest-InstanceActionsTestJSON-616968270', 'tenant_id': 'fd2f5f57a7c9478e9fbb1a779f29474f', 'tenant_name': 'tempest-InstanceActionsTestJSON-616968270', 'user_domain_id': 'default', 'user_domain_name': 'Default', 'user_id': '7acf2cb1c95544ad9bc9198693606354', 'system': None}, Network: None, Subnet: None, Router: None
2025-03-18 08:24:25.737 68544 INFO tempest.lib.common.rest_client [req-8a96aade-8cb8-42c4-8ab5-075a9d17aefd req-8a96aade-8cb8-42c4-8ab5-075a9d17aefd ] Request (TenantUsagesNegativeTestJSON:setUpClass): 200 GET http://10.180.1.21/identity/v3/roles 0.071s
2025-03-18 08:24:25.754 68500 INFO tempest.lib.common.rest_client [req-7cd9cf7c-ec61-4166-b77e-1547d7b1857a req-7cd9cf7c-ec61-4166-b77e-1547d7b1857a ] Request (ServerExternalEventsTest:test_create_server_external_events): 200 GET http://10.180.1.21/compute/v2.1/servers/157518c7-11d9-4a60-b529-58f5ade77a09 1.058s
2025-03-18 08:24:25.779 68526 INFO tempest.lib.common.rest_client [req-5ca6fc60-29a7-45b5-9e25-ed8c241f7594 req-5ca6fc60-29a7-45b5-9e25-ed8c241f7594 ] Request (ServersWithSpecificFlavorTestJSON:test_verify_created_server_ephemeral_disk): 200 GET http://10.180.1.21/compute/v2.1/servers/4feb7a78-d8ff-4146-8b83-fb39d887d91a/os-interface 1.260s
2025-03-18 08:24:25.792 68540 INFO tempest.lib.common.rest_client [req-48f00d0f-317b-4f7a-847e-783dc5a35e21 req-48f00d0f-317b-4f7a-847e-783dc5a35e21 ] Request (ListImagesTestJSON:tearDownClass): 204 DELETE http://10.180.1.21/identity/v3/users/2cfc0c7baa054a9e981454766cd08d50 0.128s
2025-03-18 08:24:25.794 68540 INFO tempest.lib.common.dynamic_creds [-] Deleting project and security group for project: 5fe66042a6474f319e7f3fa9b6e8098b
2025-03-18 08:24:25.820 68528 INFO tempest.lib.common.rest_client [req-74c0c441-8e8d-4a48-b28d-95834b1961bc req-74c0c441-8e8d-4a48-b28d-95834b1961bc ] Request (InstanceActionsTestJSON:setUpClass): 201 POST http://10.180.1.21/identity/v3/auth/tokens 0.135s
2025-03-18 08:24:25.842 68540 INFO tempest.lib.common.rest_client [req-70b58d30-8c97-4f45-90e8-86f2657d3c67 req-70b58d30-8c97-4f45-90e8-86f2657d3c67 ] Request (ListImagesTestJSON:tearDownClass): 201 POST http://10.180.1.21/identity/v3/auth/tokens 0.047s
2025-03-18 08:24:25.860 68544 INFO tempest.lib.common.rest_client [req-dcaa6f2b-7868-4db2-a3ff-1601b74e8f46 req-dcaa6f2b-7868-4db2-a3ff-1601b74e8f46 ] Request (TenantUsagesNegativeTestJSON:setUpClass): 204 PUT http://10.180.1.21/identity/v3/projects/61c3db96e77b4c7d80b90d758b72660e/users/c7f1fc3aba7a429aaee5f062e8cdb6ec/roles/8b9addce169e40238469d90098a17ef1 0.122s
2025-03-18 08:24:25.860 68544 INFO tempest.lib.common.dynamic_creds [-] Dynamic test user c7f1fc3aba7a429aaee5f062e8cdb6ec is created with scope project and roles: ['member']
2025-03-18 08:24:25.860 68544 INFO tempest.lib.common.dynamic_creds [-] Acquired dynamic creds: credentials: Credentials: {'domain_id': 'default', 'domain_name': 'Default', 'username': 'tempest-TenantUsagesNegativeTestJSON-524726024-project-member', 'project_domain_id': 'default', 'project_domain_name': 'Default', 'project_id': '61c3db96e77b4c7d80b90d758b72660e', 'project_name': 'tempest-TenantUsagesNegativeTestJSON-524726024', 'tenant_id': '61c3db96e77b4c7d80b90d758b72660e', 'tenant_name': 'tempest-TenantUsagesNegativeTestJSON-524726024', 'user_domain_id': 'default', 'user_domain_name': 'Default', 'user_id': 'c7f1fc3aba7a429aaee5f062e8cdb6ec', 'system': None}, Network: None, Subnet: None, Router: None
2025-03-18 08:24:25.860 68544 INFO tempest.lib.common.dynamic_creds [-] Created isolated network resources for: credentials: Credentials: {'domain_id': 'default', 'domain_name': 'Default', 'username': 'tempest-TenantUsagesNegativeTestJSON-524726024-project-member', 'project_domain_id': 'default', 'project_domain_name': 'Default', 'project_id': '61c3db96e77b4c7d80b90d758b72660e', 'project_name': 'tempest-TenantUsagesNegativeTestJSON-524726024', 'tenant_id': '61c3db96e77b4c7d80b90d758b72660e', 'tenant_name': 'tempest-TenantUsagesNegativeTestJSON-524726024', 'user_domain_id': 'default', 'user_domain_name': 'Default', 'user_id': 'c7f1fc3aba7a429aaee5f062e8cdb6ec', 'system': None}, Network: None, Subnet: None, Router: None
2025-03-18 08:24:25.912 68525 INFO tempest.lib.common.rest_client [req-7c260b30-8bf2-4eca-86ed-20d5508af032 req-7c260b30-8bf2-4eca-86ed-20d5508af032 ] Request (ImagesNegativeTestJSON:test_create_image_from_deleted_server): 200 GET http://10.180.1.21/compute/v2.1/servers/f696c39b-adb2-4292-b5ae-12b6ebb2239c 1.031s
2025-03-18 08:24:25.934 68508 INFO tempest.lib.common.rest_client [req-edae7f5d-8909-4424-a621-4ff3a7cef118 req-edae7f5d-8909-4424-a621-4ff3a7cef118 ] Request (FlavorsAdminTestJSON:test_is_public_string_variations): 200 GET http://10.180.1.21/compute/v2.1/flavors/detail?is_public=f 0.957s
2025-03-18 08:24:25.985 68490 INFO tempest.lib.common.rest_client [req-973a441a-1387-48bb-803b-2f7102447d6a req-973a441a-1387-48bb-803b-2f7102447d6a ] Request (KeyPairsV22TestJSON:test_keypairsv22_create_list_show): 201 POST http://10.180.1.21/compute/v2.1/os-keypairs 0.987s
2025-03-18 08:24:26.015 68544 INFO tempest.lib.common.rest_client [req-915e25c1-54a9-4808-a94d-5724688b8d79 req-915e25c1-54a9-4808-a94d-5724688b8d79 ] Request (TenantUsagesNegativeTestJSON:setUpClass): 201 POST http://10.180.1.21/identity/v3/auth/tokens 0.150s
2025-03-18 08:24:26.052 68544 INFO tempest.lib.common.rest_client [req-a9c7baf3-e31a-49c5-8bbb-622f06de4424 req-a9c7baf3-e31a-49c5-8bbb-622f06de4424 ] Request (TenantUsagesNegativeTestJSON:setUpClass): 201 POST http://10.180.1.21/identity/v3/projects 0.036s
2025-03-18 08:24:26.118 68544 INFO tempest.lib.common.rest_client [req-fbc69805-135f-479e-8de7-54b761bfe9a3 req-fbc69805-135f-479e-8de7-54b761bfe9a3 ] Request (TenantUsagesNegativeTestJSON:setUpClass): 201 POST http://10.180.1.21/identity/v3/users 0.066s
2025-03-18 08:24:26.141 68544 INFO tempest.lib.common.rest_client [req-80e10dae-cebc-40bb-928e-73f1eacfb7d9 req-80e10dae-cebc-40bb-928e-73f1eacfb7d9 ] Request (TenantUsagesNegativeTestJSON:setUpClass): 200 GET http://10.180.1.21/identity/v3/roles 0.023s
2025-03-18 08:24:26.172 68544 INFO tempest.lib.common.rest_client [req-e472058b-fe1e-43c9-8563-8c48b6259774 req-e472058b-fe1e-43c9-8563-8c48b6259774 ] Request (TenantUsagesNegativeTestJSON:setUpClass): 204 PUT http://10.180.1.21/identity/v3/projects/49eb0126ceb64babbb12f93ff7fb3710/users/9f0c56e9dfe34609a44b32dcc6380b5f/roles/512fee2ba4d348d796602078a8a17651 0.030s
2025-03-18 08:24:26.178 68506 INFO tempest.lib.common.rest_client [req-423ffb28-9063-42fb-af08-a1a2d47ff90f req-423ffb28-9063-42fb-af08-a1a2d47ff90f ] Request (QuotasAdminTestV257:test_get_updated_quotas): 200 GET http://10.180.1.21/compute/v2.1/os-quota-sets/e943e0608ac4456991d5b4e58c1f91f1/detail 1.176s
2025-03-18 08:24:26.242 68540 INFO tempest.lib.common.rest_client [req-7ae5b1eb-503c-46d5-8bd1-b0b25c78bf1e req-7ae5b1eb-503c-46d5-8bd1-b0b25c78bf1e ] Request (ListImagesTestJSON:tearDownClass): 200 GET http://10.180.1.21:9696/networking/v2.0/security-groups?tenant_id=5fe66042a6474f319e7f3fa9b6e8098b&name=default 0.400s
2025-03-18 08:24:26.251 68544 INFO tempest.lib.common.rest_client [req-436d891b-806d-4a61-b65f-4a0bbd84a660 req-436d891b-806d-4a61-b65f-4a0bbd84a660 ] Request (TenantUsagesNegativeTestJSON:setUpClass): 200 GET http://10.180.1.21/identity/v3/roles 0.078s
2025-03-18 08:24:26.271 68506 INFO tempest.lib.common.rest_client [req-eadd0d61-6aba-42a6-94a2-43df9f84b2bd req-eadd0d61-6aba-42a6-94a2-43df9f84b2bd ] Request (QuotasAdminTestV257:test_get_updated_quotas): 200 GET http://10.180.1.21/identity/v3/domains?name=Default 0.087s
2025-03-18 08:24:26.281 68544 INFO tempest.lib.common.rest_client [req-b9c0c37a-f585-4d50-bd10-0ecf36e0a292 req-b9c0c37a-f585-4d50-bd10-0ecf36e0a292 ] Request (TenantUsagesNegativeTestJSON:setUpClass): 204 PUT http://10.180.1.21/identity/v3/projects/49eb0126ceb64babbb12f93ff7fb3710/users/9f0c56e9dfe34609a44b32dcc6380b5f/roles/512fee2ba4d348d796602078a8a17651 0.030s
2025-03-18 08:24:26.281 68544 INFO tempest.lib.common.dynamic_creds [-] Dynamic test user 9f0c56e9dfe34609a44b32dcc6380b5f is created with scope project and roles: ['admin']
2025-03-18 08:24:26.282 68544 INFO tempest.lib.common.dynamic_creds [-] Acquired dynamic creds: credentials: Credentials: {'domain_id': 'default', 'domain_name': 'Default', 'username': 'tempest-TenantUsagesNegativeTestJSON-305361260-project-admin', 'project_domain_id': 'default', 'project_domain_name': 'Default', 'project_id': '49eb0126ceb64babbb12f93ff7fb3710', 'project_name': 'tempest-TenantUsagesNegativeTestJSON-305361260', 'tenant_id': '49eb0126ceb64babbb12f93ff7fb3710', 'tenant_name': 'tempest-TenantUsagesNegativeTestJSON-305361260', 'user_domain_id': 'default', 'user_domain_name': 'Default', 'user_id': '9f0c56e9dfe34609a44b32dcc6380b5f', 'system': None}, Network: None, Subnet: None, Router: None
2025-03-18 08:24:26.282 68544 INFO tempest.lib.common.dynamic_creds [-] Created isolated network resources for: credentials: Credentials: {'domain_id': 'default', 'domain_name': 'Default', 'username': 'tempest-TenantUsagesNegativeTestJSON-305361260-project-admin', 'project_domain_id': 'default', 'project_domain_name': 'Default', 'project_id': '49eb0126ceb64babbb12f93ff7fb3710', 'project_name': 'tempest-TenantUsagesNegativeTestJSON-305361260', 'tenant_id': '49eb0126ceb64babbb12f93ff7fb3710', 'tenant_name': 'tempest-TenantUsagesNegativeTestJSON-305361260', 'user_domain_id': 'default', 'user_domain_name': 'Default', 'user_id': '9f0c56e9dfe34609a44b32dcc6380b5f', 'system': None}, Network: None, Subnet: None, Router: None
2025-03-18 08:24:26.338 68514 INFO tempest.lib.common.rest_client [req-b938686e-5abc-41db-8237-606792b7c033 req-b938686e-5abc-41db-8237-606792b7c033 ] Request (ListImageFiltersTestJSON:setUpClass): 202 POST http://10.180.1.21/compute/v2.1/servers 1.495s
2025-03-18 08:24:26.340 68506 INFO tempest.lib.common.rest_client [req-b224766a-6f52-475e-a1c9-92ec43101522 req-b224766a-6f52-475e-a1c9-92ec43101522 ] Request (QuotasAdminTestV257:test_get_updated_quotas): 201 POST http://10.180.1.21/identity/v3/users 0.068s
2025-03-18 08:24:26.380 68506 INFO tempest.lib.common.rest_client [req-a928ea04-2925-476c-924b-ecc728c1d8c4 req-a928ea04-2925-476c-924b-ecc728c1d8c4 ] Request (QuotasAdminTestV257:test_get_updated_quotas): 200 GET http://10.180.1.21/identity/v3/domains?name=Default 0.039s
2025-03-18 08:24:26.423 68544 INFO tempest.lib.common.rest_client [req-b5b135da-f52a-4d96-af1e-60d57bea6172 req-b5b135da-f52a-4d96-af1e-60d57bea6172 ] Request (TenantUsagesNegativeTestJSON:setUpClass): 201 POST http://10.180.1.21/identity/v3/auth/tokens 0.138s
2025-03-18 08:24:26.571 68510 INFO tempest.lib.common.rest_client [req-e46d7f27-3cc1-471b-826b-a73aa3e92d25 req-e46d7f27-3cc1-471b-826b-a73aa3e92d25 ] Request (AggregatesAdminNegativeTestJSON:test_aggregate_remove_host_as_user): 200 POST http://10.180.1.21/compute/v2.1/os-aggregates/7/action 1.548s
2025-03-18 08:24:26.575 68540 INFO tempest.lib.common.rest_client [req-b670ed71-3a53-4a50-b45d-858a4a473f3c req-b670ed71-3a53-4a50-b45d-858a4a473f3c ] Request (ListImagesTestJSON:tearDownClass): 204 DELETE http://10.180.1.21:9696/networking/v2.0/security-groups/5814510a-16ef-404f-81ae-3346950bfdb0 0.332s
2025-03-18 08:24:26.597 68538 INFO tempest.lib.common.rest_client [req-8c0d65a3-c002-4349-899d-364f3b123fda req-8c0d65a3-c002-4349-899d-364f3b123fda ] Request (ImagesMetadataNegativeTestJSON:test_set_nonexistent_image_metadata): 404 PUT http://10.180.1.21/compute/v2.1/images/7b00d6dc-619d-4a32-8203-87b3b6acdf65/metadata 1.463s
2025-03-18 08:24:26.686 68492 INFO tempest.lib.common.rest_client [req-696898f6-5b3e-4bad-a718-431ebfeb9605 req-696898f6-5b3e-4bad-a718-431ebfeb9605 ] Request (ServerGroupTestJSON:test_create_server_with_scheduler_hint_group): 200 GET http://10.180.1.21/compute/v2.1/servers/74990eb0-8397-4f7a-a7b5-3937630fdb83 1.471s
2025-03-18 08:24:26.692 68540 INFO tempest.lib.common.rest_client [req-2628dd80-a65f-4668-8e97-dbd0d6bddefe req-2628dd80-a65f-4668-8e97-dbd0d6bddefe ] Request (ListImagesTestJSON:tearDownClass): 204 DELETE http://10.180.1.21/identity/v3/projects/5fe66042a6474f319e7f3fa9b6e8098b 0.117s
2025-03-18 08:24:26.779 68530 INFO tempest.lib.common.rest_client [req-dada33f3-d993-409c-a62c-1c1dd492bd2b req-dada33f3-d993-409c-a62c-1c1dd492bd2b ] Request (TenantUsagesTestJSON:setUpClass): 200 GET http://10.180.1.21/compute/v2.1/servers/0341167e-de6e-495d-9163-58e5bd23d8b9 1.507s
2025-03-18 08:24:26.804 68512 INFO tempest.lib.common.rest_client [req-c8647955-7f15-49ac-aa50-5f57fc8b664b req-c8647955-7f15-49ac-aa50-5f57fc8b664b ] Request (FlavorsV2TestJSON:test_list_flavors): 200 GET http://10.180.1.21/compute/v2.1/flavors 1.327s
2025-03-18 08:24:26.816 68550 INFO tempest.lib.common.rest_client [req-850a3dfc-76a8-4d37-baa3-ba58ce999f28 req-850a3dfc-76a8-4d37-baa3-ba58ce999f28 ] Request (MigrationsAdminTest:test_list_migrations_in_flavor_resize_situation): 200 GET http://10.180.1.21/compute/v2.1/servers/83f60ebf-59d1-432b-a4f8-37510f2a6ebd 1.690s
2025-03-18 08:24:26.826 68521 INFO tempest.lib.common.rest_client [req-e22b1e6c-a49b-4261-990a-73fb188d490b req-e22b1e6c-a49b-4261-990a-73fb188d490b ] Request (ImagesOneServerNegativeTestJSON:test_create_image_specify_name_over_character_limit): 400 POST http://10.180.1.21/compute/v2.1/servers/b3779726-6b8a-4f2b-9b9a-7302948208e0/action 1.195s
2025-03-18 08:24:26.829 68526 INFO tempest.lib.common.rest_client [req-ed0bd011-4702-4f85-92f2-2dd806fca6fc req-ed0bd011-4702-4f85-92f2-2dd806fca6fc ] Request (ServersWithSpecificFlavorTestJSON:test_verify_created_server_ephemeral_disk): 200 PUT http://10.180.1.21:9696/networking/v2.0/floatingips/dbe43b51-7b3d-44ed-9d92-99a7e46cd11d 1.047s
2025-03-18 08:24:26.851 68532 INFO tempest.lib.common.rest_client [req-db9db129-164a-4f9f-b9fc-a34d9efa3293 req-db9db129-164a-4f9f-b9fc-a34d9efa3293 ] Request (FloatingIPsTestJSON:tearDownClass): 204 DELETE http://10.180.1.21:9696/networking/v2.0/routers/47bd461a-0d94-4d1e-93e1-6bf299377ab6 1.802s
2025-03-18 08:24:26.929 68522 INFO tempest.lib.common.rest_client [req-ff4fa4bd-44bb-40db-8e0c-a0298f21f46f req-ff4fa4bd-44bb-40db-8e0c-a0298f21f46f ] Request (ServerShowV254Test:test_rebuild_server): 200 GET http://10.180.1.21/compute/v2.1/servers/d323052c-729a-4e7c-95b0-2426a0fda55c 1.270s
2025-03-18 08:24:26.942 68542 INFO tempest.lib.common.rest_client [req-fac0bdec-cd61-416f-bb62-f27045e48f95 req-fac0bdec-cd61-416f-bb62-f27045e48f95 ] Request (ServerDiagnosticsNegativeTest:tearDownClass): 200 GET http://10.180.1.21/compute/v2.1/servers/329db487-7a31-4a04-9dc7-646ebc595a98 1.388s
2025-03-18 08:24:26.949 68528 INFO tempest.lib.common.rest_client [req-d3528943-9849-4e2f-8b2c-ebf0b7694548 req-d3528943-9849-4e2f-8b2c-ebf0b7694548 ] Request (InstanceActionsTestJSON:setUpClass): 201 POST http://10.180.1.21:9696/networking/v2.0/networks 1.129s
2025-03-18 08:24:27.000 68504 INFO tempest.lib.common.rest_client [req-c794c74f-1a38-4756-bbcc-f2ddea935c4f req-c794c74f-1a38-4756-bbcc-f2ddea935c4f ] Request (ServerDiagnosticsV248Test:tearDownClass): 200 GET http://10.180.1.21/compute/v2.1/servers/1f030197-7d94-4149-b4ab-eef73111b6b2 1.266s
2025-03-18 08:24:27.024 68532 INFO tempest.lib.common.rest_client [req-fbf54642-1032-49dc-a4ab-9ee94b25eed2 req-fbf54642-1032-49dc-a4ab-9ee94b25eed2 ] Request (FloatingIPsTestJSON:tearDownClass): 204 DELETE http://10.180.1.21:9696/networking/v2.0/subnets/c29f3218-bb65-4256-8763-63db041fb8a5 0.173s
2025-03-18 08:24:27.031 68534 INFO tempest.lib.common.rest_client [req-2b92e228-373e-442a-b9d6-727b7ed7f443 req-2b92e228-373e-442a-b9d6-727b7ed7f443 ] Request (ServersAdminNegativeTestJSON:test_migrate_server_invalid_state): 200 GET http://10.180.1.21/compute/v2.1/servers/23eeb058-88ac-4d17-ae04-5f239260ebea 1.219s
2025-03-18 08:24:27.045 68508 INFO tempest.lib.common.rest_client [req-6c2a3f9d-28c7-42fc-b54f-6702eb5fc8cd req-6c2a3f9d-28c7-42fc-b54f-6702eb5fc8cd ] Request (FlavorsAdminTestJSON:test_is_public_string_variations): 200 GET http://10.180.1.21/compute/v2.1/flavors/detail?is_public=false 1.103s
2025-03-18 08:24:27.081 68552 INFO tempest.lib.common.rest_client [req-ddbf9b53-5402-4f1d-b1df-4743ffdfab0b req-ddbf9b53-5402-4f1d-b1df-4743ffdfab0b ] Request (FloatingIPsAssociationNegativeTestJSON:setUpClass): 200 GET http://10.180.1.21/compute/v2.1/servers/965403c1-404c-4688-89a4-5cd7982dcc16 1.268s
2025-03-18 08:24:27.091 68490 INFO tempest.lib.common.rest_client [req-1f30863d-82c2-4869-916e-44d036b9f681 req-1f30863d-82c2-4869-916e-44d036b9f681 ] Request (KeyPairsV22TestJSON:test_keypairsv22_create_list_show): 200 GET http://10.180.1.21/compute/v2.1/os-keypairs/tempest-keypair-2140993711 1.103s
2025-03-18 08:24:27.177 68518 INFO tempest.lib.common.rest_client [req-7b8f9f09-0af9-4bfa-80f7-721291705657 req-7b8f9f09-0af9-4bfa-80f7-721291705657 ] Request (ServerDiagnosticsTest:tearDownClass): 200 GET http://10.180.1.21/compute/v2.1/servers/fa3b3214-ef66-4e92-b7ea-429efe8e2d01 1.076s
2025-03-18 08:24:27.213 68528 INFO tempest.lib.common.rest_client [req-514bb4f3-fa80-4a1b-9d92-b58e3d040635 req-514bb4f3-fa80-4a1b-9d92-b58e3d040635 ] Request (InstanceActionsTestJSON:setUpClass): 201 POST http://10.180.1.21:9696/networking/v2.0/subnets 0.263s
2025-03-18 08:24:27.217 68502 INFO tempest.lib.common.rest_client [req-198e0554-a4b7-46d0-8155-db18a19dbefe req-198e0554-a4b7-46d0-8155-db18a19dbefe ] Request (ImagesOneServerTestJSON:setUpClass): 200 GET http://10.180.1.21/compute/v2.1/servers/60a83a27-c812-4c82-9a8e-fa841127911b 1.254s
2025-03-18 08:24:27.252 68548 INFO tempest.lib.common.rest_client [req-c49d0be4-a817-45b2-a2b7-ae4788c5adf2 req-c49d0be4-a817-45b2-a2b7-ae4788c5adf2 ] Request (ServersTestMultiNic:test_verify_duplicate_network_nics): 200 GET http://10.180.1.21/compute/v2.1/servers/a45cfda8-7648-4530-a6db-6ed75524cad1 1.132s
2025-03-18 08:24:27.298 68496 INFO tempest.lib.common.rest_client [req-720af2dc-e2f0-4cbe-8f55-acb4f5cbbc1b req-720af2dc-e2f0-4cbe-8f55-acb4f5cbbc1b ] Request (ServersAdminTestJSON:setUpClass): 200 GET http://10.180.1.21/compute/v2.1/servers/744bc42c-5d39-4e25-9fbd-1c914795d0f3 1.113s
2025-03-18 08:24:27.326 68532 INFO tempest.lib.common.rest_client [req-21482b6b-9f71-4921-876b-27ad3eccaf99 req-21482b6b-9f71-4921-876b-27ad3eccaf99 ] Request (FloatingIPsTestJSON:tearDownClass): 204 DELETE http://10.180.1.21:9696/networking/v2.0/networks/0b3d0e9c-dcf1-4aea-ba28-919dc7c444d3 0.302s
2025-03-18 08:24:27.329 68546 INFO tempest.lib.common.rest_client [req-cb329840-e427-4573-8bac-d1ce836979ab req-cb329840-e427-4573-8bac-d1ce836979ab ] Request (ListServerFiltersTestJSON:setUpClass): 200 GET http://10.180.1.21/compute/v2.1/servers/7b497c83-b21d-464b-8ee4-2964255eb5bb 1.061s
2025-03-18 08:24:27.338 68546 INFO tempest.common.waiters [-] State transition "BUILD/None" ==> "BUILD/networking" after 20 second wait
2025-03-18 08:24:27.339 68536 WARNING tempest.lib.common.ssh [-] Failed to establish authenticated ssh connection to cirros@10.180.180.189 ([Errno None] Unable to connect to port 22 on 10.180.180.189). Number attempts: 1. Retry after 2 seconds.: paramiko.ssh_exception.NoValidConnectionsError: [Errno None] Unable to connect to port 22 on 10.180.180.189
2025-03-18 08:24:27.372 68516 INFO tempest.lib.common.rest_client [req-15f5ece4-001c-4b0b-a2e7-9f976cc7c093 req-15f5ece4-001c-4b0b-a2e7-9f976cc7c093 ] Request (FloatingIPsAssociationTestJSON:test_associate_already_associated_floating_ip): 200 GET http://10.180.1.21/compute/v2.1/servers/3dfc8f39-20c9-4a72-95fa-e9382801bb17 1.055s
2025-03-18 08:24:27.393 68514 INFO tempest.lib.common.rest_client [req-6fe412f7-fa38-4aa6-8cd6-3ba7d7644449 req-6fe412f7-fa38-4aa6-8cd6-3ba7d7644449 ] Request (ListImageFiltersTestJSON:setUpClass): 200 GET http://10.180.1.21/compute/v2.1/servers/120b4896-8bb8-457e-ae43-07d509a8c058 1.052s
2025-03-18 08:24:27.482 68532 INFO tempest.lib.common.rest_client [req-43f6717e-ecbb-45dc-bb8f-022318fd2cb4 req-43f6717e-ecbb-45dc-bb8f-022318fd2cb4 ] Request (FloatingIPsTestJSON:tearDownClass): 204 DELETE http://10.180.1.21/identity/v3/users/b07cf8d131e248b0bd0e3fb3dc6400c8 0.155s
2025-03-18 08:24:27.482 68532 INFO tempest.lib.common.dynamic_creds [-] Deleting project and security group for project: df8432c622624ce6a9219f5547f1c448
2025-03-18 08:24:27.533 68532 INFO tempest.lib.common.rest_client [req-a9eb2ba9-2895-4de6-a58b-6163616a167d req-a9eb2ba9-2895-4de6-a58b-6163616a167d ] Request (FloatingIPsTestJSON:tearDownClass): 200 GET http://10.180.1.21:9696/networking/v2.0/security-groups?tenant_id=df8432c622624ce6a9219f5547f1c448&name=default 0.050s
2025-03-18 08:24:27.548 68544 INFO tempest.lib.common.rest_client [req-3743239f-c417-4798-8925-30a12b95a6bf req-3743239f-c417-4798-8925-30a12b95a6bf ] Request (TenantUsagesNegativeTestJSON:test_get_usage_tenant_with_empty_tenant_id): 404 GET http://10.180.1.21/compute/v2.1/os-simple-tenant-usage/?start=2025-03-17T08%3A24%3A26.423857&end=2025-03-19T08%3A24%3A26.423857 1.124s
2025-03-18 08:24:27.554 68510 INFO tempest.lib.common.rest_client [req-0e3bf7ff-6c76-4349-a034-11763ae20973 req-0e3bf7ff-6c76-4349-a034-11763ae20973 ] Request (AggregatesAdminNegativeTestJSON:test_aggregate_remove_host_as_user): 403 POST http://10.180.1.21/compute/v2.1/os-aggregates/7/action 0.980s
2025-03-18 08:24:27.632 68498 INFO tempest.lib.common.rest_client [req-1ad46fab-0868-4781-91b4-12e56651883a req-1ad46fab-0868-4781-91b4-12e56651883a ] Request (ServersTestJSON:test_create_server_specify_multibyte_character_name): 200 GET http://10.180.1.21/compute/v2.1/servers/76a1822d-267d-48a9-8b8d-4c1683070393 1.047s
2025-03-18 08:24:27.652 68538 INFO tempest.lib.common.rest_client [req-9dbd31c3-0d9e-45ee-a204-7bd254b4419d req-9dbd31c3-0d9e-45ee-a204-7bd254b4419d ] Request (ImagesMetadataNegativeTestJSON:test_set_nonexistent_image_metadata_item): 404 PUT http://10.180.1.21/compute/v2.1/images/50dbca6b-ee5f-4253-b478-6ac99186c16c/metadata/os_distro 1.054s
2025-03-18 08:24:27.658 68494 INFO tempest.lib.common.rest_client [req-97bdaaab-70a8-4f0a-a9b3-c16888dedd39 req-97bdaaab-70a8-4f0a-a9b3-c16888dedd39 ] Request (FloatingIPDetailsTestJSON:setUpClass): 200 PUT http://10.180.1.21:9696/networking/v2.0/routers/6fb41e13-0a6a-49db-ad3d-d382c39e8bd1/add_router_interface 2.791s
2025-03-18 08:24:27.659 68494 INFO tempest.lib.common.dynamic_creds [-] Created isolated network resources for: credentials: Credentials: {'domain_id': 'default', 'domain_name': 'Default', 'username': 'tempest-FloatingIPDetailsTestJSON-17178936-project-member', 'project_domain_id': 'default', 'project_domain_name': 'Default', 'project_id': 'cf70e212699d4b468168da2514860778', 'project_name': 'tempest-FloatingIPDetailsTestJSON-17178936', 'tenant_id': 'cf70e212699d4b468168da2514860778', 'tenant_name': 'tempest-FloatingIPDetailsTestJSON-17178936', 'user_domain_id': 'default', 'user_domain_name': 'Default', 'user_id': 'ef18f35a8a8b4324b864df42c660c844', 'system': None}, Network: {'id': '315c4a79-4143-44f1-8485-56591eb5583d', 'name': 'tempest-FloatingIPDetailsTestJSON-827619426-network', 'tenant_id': 'cf70e212699d4b468168da2514860778', 'admin_state_up': True, 'mtu': 8950, 'status': 'ACTIVE', 'subnets': [], 'shared': False, 'project_id': 'cf70e212699d4b468168da2514860778', 'port_security_enabled': True, 'router:external': False, 'provider:network_type': 'vlan', 'provider:physical_network': 'default', 'provider:segmentation_id': 897, 'availability_zone_hints': [], 'availability_zones': [], 'ipv4_address_scope': None, 'ipv6_address_scope': None, 'description': '', 'tags': [], 'created_at': '2025-03-18T08:24:22Z', 'updated_at': '2025-03-18T08:24:22Z', 'revision_number': 1}, Subnet: {'id': 'd2e0d5ad-9bdb-498c-879a-b382d7057626', 'name': 'tempest-FloatingIPDetailsTestJSON-827619426-subnet', 'tenant_id': 'cf70e212699d4b468168da2514860778', 'network_id': '315c4a79-4143-44f1-8485-56591eb5583d', 'ip_version': 4, 'subnetpool_id': None, 'enable_dhcp': True, 'ipv6_ra_mode': None, 'ipv6_address_mode': None, 'gateway_ip': '192.168.128.1', 'cidr': '192.168.128.0/28', 'allocation_pools': [{'start': '192.168.128.2', 'end': '192.168.128.14'}], 'host_routes': [], 'dns_nameservers': [], 'description': '', 'router:external': False, 'service_types': [], 'tags': [], 'created_at': '2025-03-18T08:24:22Z', 'updated_at': '2025-03-18T08:24:22Z', 'revision_number': 0, 'project_id': 'cf70e212699d4b468168da2514860778'}, Router: {'id': '6fb41e13-0a6a-49db-ad3d-d382c39e8bd1', 'name': 'tempest-FloatingIPDetailsTestJSON-827619426-router', 'tenant_id': 'cf70e212699d4b468168da2514860778', 'admin_state_up': True, 'status': 'ACTIVE', 'external_gateway_info': {'network_id': '77231d03-300d-430c-86e7-264a301f6036', 'external_fixed_ips': [{'subnet_id': 'c9fe0078-a2f5-48d0-b52e-873fb24a16e7', 'ip_address': '10.180.180.240'}], 'enable_snat': True}, 'description': '', 'availability_zones': [], 'distributed': False, 'ha': False, 'availability_zone_hints': [], 'routes': [], 'flavor_id': None, 'tags': [], 'created_at': '2025-03-18T08:24:23Z', 'updated_at': '2025-03-18T08:24:23Z', 'revision_number': 2, 'project_id': 'cf70e212699d4b468168da2514860778'}
2025-03-18 08:24:27.690 68532 INFO tempest.lib.common.rest_client [req-dc118354-f5e0-4360-8e2f-79e079830214 req-dc118354-f5e0-4360-8e2f-79e079830214 ] Request (FloatingIPsTestJSON:tearDownClass): 204 DELETE http://10.180.1.21:9696/networking/v2.0/security-groups/a36fa161-a02d-4c6f-9797-3c4ac28eafe2 0.157s
2025-03-18 08:24:27.705 68506 INFO tempest.lib.common.rest_client [req-55004c27-3774-4014-a1fa-9d63e8fc8c17 req-55004c27-3774-4014-a1fa-9d63e8fc8c17 ] Request (QuotasAdminTestV257:test_get_updated_quotas): 200 PUT http://10.180.1.21/compute/v2.1/os-quota-sets/e943e0608ac4456991d5b4e58c1f91f1?user_id=0fe79da608e74e67a5f96ca274b0aaed 1.324s
2025-03-18 08:24:27.723 68512 INFO tempest.lib.common.rest_client [req-2d4c195e-940f-4e9f-96eb-4041c97adad8 req-2d4c195e-940f-4e9f-96eb-4041c97adad8 ] Request (FlavorsV2TestJSON:test_list_flavors): 200 GET http://10.180.1.21/compute/v2.1/flavors/42 0.915s
2025-03-18 08:24:27.744 68494 INFO tempest.lib.common.rest_client [req-44bda6ea-ad7f-4d52-98d3-3c593a209dba req-44bda6ea-ad7f-4d52-98d3-3c593a209dba ] Request (FloatingIPDetailsTestJSON:setUpClass): 201 POST http://10.180.1.21/identity/v3/auth/tokens 0.079s
2025-03-18 08:24:27.757 68500 INFO tempest.lib.common.rest_client [req-e0cf701f-9669-4616-8836-f1247d6fc8ed req-e0cf701f-9669-4616-8836-f1247d6fc8ed ] Request (ServerExternalEventsTest:test_create_server_external_events): 200 GET http://10.180.1.21/compute/v2.1/servers/157518c7-11d9-4a60-b529-58f5ade77a09 0.994s
2025-03-18 08:24:27.815 68532 INFO tempest.lib.common.rest_client [req-1871c820-472a-4aff-a5d5-312452d474c1 req-1871c820-472a-4aff-a5d5-312452d474c1 ] Request (FloatingIPsTestJSON:tearDownClass): 204 DELETE http://10.180.1.21/identity/v3/projects/df8432c622624ce6a9219f5547f1c448 0.125s
2025-03-18 08:24:27.868 68532 INFO tempest.lib.common.rest_client [req-daed20dd-d2e4-4c1b-9204-e40dbc83dbf3 req-daed20dd-d2e4-4c1b-9204-e40dbc83dbf3 ] Request (ImagesMetadataTestJSON:setUpClass): 201 POST http://10.180.1.21/identity/v3/auth/tokens 0.052s
2025-03-18 08:24:27.899 68532 INFO tempest.lib.common.rest_client [req-70efc233-9963-4e9f-8ad6-757de930c8ca req-70efc233-9963-4e9f-8ad6-757de930c8ca ] Request (ImagesMetadataTestJSON:setUpClass): 201 POST http://10.180.1.21/identity/v3/auth/tokens 0.028s
2025-03-18 08:24:27.926 68532 INFO tempest.lib.common.rest_client [req-3f11a42a-b2f5-4709-afad-c6a59068c03c req-3f11a42a-b2f5-4709-afad-c6a59068c03c ] Request (ImagesMetadataTestJSON:setUpClass): 200 GET http://10.180.1.21/identity/v3/domains?name=Default 0.027s
2025-03-18 08:24:27.956 68532 INFO tempest.lib.common.rest_client [req-11b62ff6-6ad1-4fa6-93bf-795d410deea7 req-11b62ff6-6ad1-4fa6-93bf-795d410deea7 ] Request (ImagesMetadataTestJSON:setUpClass): 201 POST http://10.180.1.21/identity/v3/projects 0.029s
2025-03-18 08:24:28.007 68521 INFO tempest.lib.common.rest_client [req-d37d0344-7647-4a1c-aa7f-b25565c6e940 req-d37d0344-7647-4a1c-aa7f-b25565c6e940 ] Request (ImagesOneServerNegativeTestJSON:tearDown): 200 GET http://10.180.1.21/compute/v2.1/servers/b3779726-6b8a-4f2b-9b9a-7302948208e0 1.180s
2025-03-18 08:24:28.010 68526 INFO tempest.lib.common.rest_client [req-7d8d6785-5a9b-4c30-93f6-ed03649dfbf6 req-7d8d6785-5a9b-4c30-93f6-ed03649dfbf6 ] Request (ServersWithSpecificFlavorTestJSON:test_verify_created_server_ephemeral_disk): 200 GET http://10.180.1.21/compute/v2.1/servers/4feb7a78-d8ff-4146-8b83-fb39d887d91a 1.181s
2025-03-18 08:24:28.020 68526 INFO tempest.lib.common.ssh [-] Creating ssh connection to '10.180.180.166:22' as 'cirros' with public key authentication
2025-03-18 08:24:28.030 68532 INFO tempest.lib.common.rest_client [req-b68612c5-3bf5-4be3-bc5d-94adcbb9ea3d req-b68612c5-3bf5-4be3-bc5d-94adcbb9ea3d ] Request (ImagesMetadataTestJSON:setUpClass): 201 POST http://10.180.1.21/identity/v3/users 0.073s
2025-03-18 08:24:28.045 68508 INFO tempest.lib.common.rest_client [req-1d2f46d5-cf54-4d2a-9fe9-7ba083764ee5 req-1d2f46d5-cf54-4d2a-9fe9-7ba083764ee5 ] Request (FlavorsAdminTestJSON:test_is_public_string_variations): 200 GET http://10.180.1.21/compute/v2.1/flavors/detail?is_public=no 0.997s
2025-03-18 08:24:28.064 68490 INFO tempest.lib.common.rest_client [req-d2dfc5e9-6a64-456b-ab47-d6fc995ffc0b req-d2dfc5e9-6a64-456b-ab47-d6fc995ffc0b ] Request (KeyPairsV22TestJSON:test_keypairsv22_create_list_show): 200 GET http://10.180.1.21/compute/v2.1/os-keypairs 0.971s
2025-03-18 08:24:28.067 68532 INFO tempest.lib.common.rest_client [req-b6d368bc-ef64-4326-8dd7-051cfe972e80 req-b6d368bc-ef64-4326-8dd7-051cfe972e80 ] Request (ImagesMetadataTestJSON:setUpClass): 200 GET http://10.180.1.21/identity/v3/roles 0.037s
2025-03-18 08:24:28.071 68544 INFO tempest.lib.common.rest_client [req-2f3e09ad-32d8-4647-947f-8fab03db45d3 req-2f3e09ad-32d8-4647-947f-8fab03db45d3 ] Request (TenantUsagesNegativeTestJSON:test_get_usage_tenant_with_invalid_date): 400 GET http://10.180.1.21/compute/v2.1/os-simple-tenant-usage/61c3db96e77b4c7d80b90d758b72660e?start=2025-03-19T08%3A24%3A26.423857&end=2025-03-17T08%3A24%3A26.423857 0.520s
2025-03-18 08:24:28.095 68525 INFO tempest.lib.common.rest_client [req-0846f2b4-179c-453b-9096-9768fbface5d req-0846f2b4-179c-453b-9096-9768fbface5d ] Request (ImagesNegativeTestJSON:test_create_image_from_deleted_server): 200 GET http://10.180.1.21/compute/v2.1/servers/f696c39b-adb2-4292-b5ae-12b6ebb2239c 1.170s
2025-03-18 08:24:28.110 68532 INFO tempest.lib.common.rest_client [req-1c5954ea-8be7-4287-8324-2dbe4f577a1f req-1c5954ea-8be7-4287-8324-2dbe4f577a1f ] Request (ImagesMetadataTestJSON:setUpClass): 204 PUT http://10.180.1.21/identity/v3/projects/3e5a6ae1882340c0b3e6addd1ca25690/users/598c60dd48e94e6793211c2725a4b6c9/roles/8b9addce169e40238469d90098a17ef1 0.042s
2025-03-18 08:24:28.110 68532 INFO tempest.lib.common.dynamic_creds [-] Dynamic test user 598c60dd48e94e6793211c2725a4b6c9 is created with scope project and roles: ['member']
2025-03-18 08:24:28.111 68532 INFO tempest.lib.common.dynamic_creds [-] Acquired dynamic creds: credentials: Credentials: {'domain_id': 'default', 'domain_name': 'Default', 'username': 'tempest-ImagesMetadataTestJSON-2014235088-project-member', 'project_domain_id': 'default', 'project_domain_name': 'Default', 'project_id': '3e5a6ae1882340c0b3e6addd1ca25690', 'project_name': 'tempest-ImagesMetadataTestJSON-2014235088', 'tenant_id': '3e5a6ae1882340c0b3e6addd1ca25690', 'tenant_name': 'tempest-ImagesMetadataTestJSON-2014235088', 'user_domain_id': 'default', 'user_domain_name': 'Default', 'user_id': '598c60dd48e94e6793211c2725a4b6c9', 'system': None}, Network: None, Subnet: None, Router: None
2025-03-18 08:24:28.111 68532 INFO tempest.lib.common.dynamic_creds [-] Created isolated network resources for: credentials: Credentials: {'domain_id': 'default', 'domain_name': 'Default', 'username': 'tempest-ImagesMetadataTestJSON-2014235088-project-member', 'project_domain_id': 'default', 'project_domain_name': 'Default', 'project_id': '3e5a6ae1882340c0b3e6addd1ca25690', 'project_name': 'tempest-ImagesMetadataTestJSON-2014235088', 'tenant_id': '3e5a6ae1882340c0b3e6addd1ca25690', 'tenant_name': 'tempest-ImagesMetadataTestJSON-2014235088', 'user_domain_id': 'default', 'user_domain_name': 'Default', 'user_id': '598c60dd48e94e6793211c2725a4b6c9', 'system': None}, Network: None, Subnet: None, Router: None
2025-03-18 08:24:28.122 68538 INFO tempest.lib.common.rest_client [req-75496eed-3d52-4fec-aafa-a6b40476aa3e req-75496eed-3d52-4fec-aafa-a6b40476aa3e ] Request (ImagesMetadataNegativeTestJSON:test_update_nonexistent_image_metadata): 404 POST http://10.180.1.21/compute/v2.1/images/48782f5a-dce4-480f-bb7c-ec0fe08d5364/metadata 0.466s
2025-03-18 08:24:28.177 68528 INFO tempest.lib.common.rest_client [req-7dd2e00a-e9c6-4672-acc7-2da5b6c5a993 req-7dd2e00a-e9c6-4672-acc7-2da5b6c5a993 ] Request (InstanceActionsTestJSON:setUpClass): 201 POST http://10.180.1.21:9696/networking/v2.0/routers 0.963s
2025-03-18 08:24:28.188 68492 INFO tempest.lib.common.rest_client [req-1d597862-cf20-4b9b-9a91-81a7e29330df req-1d597862-cf20-4b9b-9a91-81a7e29330df ] Request (ServerGroupTestJSON:test_create_server_with_scheduler_hint_group): 200 GET http://10.180.1.21/compute/v2.1/servers/74990eb0-8397-4f7a-a7b5-3937630fdb83 0.493s
2025-03-18 08:24:28.213 68532 INFO tempest.lib.common.rest_client [req-b8e6d8dc-a6c0-41a7-ac4b-6284a8b8149a req-b8e6d8dc-a6c0-41a7-ac4b-6284a8b8149a ] Request (ImagesMetadataTestJSON:setUpClass): 201 POST http://10.180.1.21/identity/v3/auth/tokens 0.098s
2025-03-18 08:24:28.214 68510 INFO tempest.lib.common.rest_client [req-3b1f1c9a-9523-499b-b0c6-fc2e24823b75 req-3b1f1c9a-9523-499b-b0c6-fc2e24823b75 ] Request (AggregatesAdminNegativeTestJSON:_run_cleanups): 200 POST http://10.180.1.21/compute/v2.1/os-aggregates/7/action 0.660s
2025-03-18 08:24:28.234 68512 INFO tempest.lib.common.rest_client [req-089543f3-694f-48e4-8d18-6718effe0f39 req-089543f3-694f-48e4-8d18-6718effe0f39 ] Request (FlavorsV2TestJSON:test_list_flavors_detailed_filter_by_min_disk): 200 GET http://10.180.1.21/compute/v2.1/flavors/42 0.507s
2025-03-18 08:24:28.270 68538 INFO tempest.lib.common.rest_client [req-133dadf9-f132-4abb-9ced-b79f080a4b4c req-133dadf9-f132-4abb-9ced-b79f080a4b4c ] Request (ImagesMetadataNegativeTestJSON:tearDownClass): 204 DELETE http://10.180.1.21/identity/v3/users/6a96c3f79d1e42c8bb817fed3e7920e8 0.146s
2025-03-18 08:24:28.271 68538 INFO tempest.lib.common.dynamic_creds [-] Deleting project and security group for project: 939b30d6e1cf44ebab5048614969ffc9
2025-03-18 08:24:28.392 68506 INFO tempest.lib.common.rest_client [req-d035b0d8-cd51-4b66-9157-8c75b574b3de req-d035b0d8-cd51-4b66-9157-8c75b574b3de ] Request (QuotasAdminTestV257:test_get_updated_quotas): 200 GET http://10.180.1.21/compute/v2.1/os-quota-sets/e943e0608ac4456991d5b4e58c1f91f1?user_id=0fe79da608e74e67a5f96ca274b0aaed 0.683s
2025-03-18 08:24:28.443 68538 INFO tempest.lib.common.rest_client [req-b18db779-2574-41c4-9a3f-5439d60e2dfb req-b18db779-2574-41c4-9a3f-5439d60e2dfb ] Request (ImagesMetadataNegativeTestJSON:tearDownClass): 201 POST http://10.180.1.21/identity/v3/auth/tokens 0.171s
2025-03-18 08:24:28.506 68530 INFO tempest.lib.common.rest_client [req-b6829d40-8061-4487-94ee-c32867f8ec8b req-b6829d40-8061-4487-94ee-c32867f8ec8b ] Request (TenantUsagesTestJSON:setUpClass): 200 GET http://10.180.1.21/compute/v2.1/servers/0341167e-de6e-495d-9163-58e5bd23d8b9 0.716s
2025-03-18 08:24:28.523 68506 INFO tempest.lib.common.rest_client [req-69c3dbe9-704d-4b02-993d-23d9367f8feb req-69c3dbe9-704d-4b02-993d-23d9367f8feb ] Request (QuotasAdminTestV257:_run_cleanups): 204 DELETE http://10.180.1.21/identity/v3/users/0fe79da608e74e67a5f96ca274b0aaed 0.128s
2025-03-18 08:24:28.614 68506 INFO tempest.lib.common.rest_client [req-36b8ca75-8faf-4f44-bf54-a78f62a7c197 req-36b8ca75-8faf-4f44-bf54-a78f62a7c197 ] Request (QuotasAdminTestV257:_run_cleanups): 204 DELETE http://10.180.1.21/identity/v3/projects/e943e0608ac4456991d5b4e58c1f91f1 0.090s
2025-03-18 08:24:28.714 68506 INFO tempest.lib.common.rest_client [req-1af1123c-f517-4559-95ff-a8147c689893 req-1af1123c-f517-4559-95ff-a8147c689893 ] Request (QuotasAdminTestV257:tearDownClass): 204 DELETE http://10.180.1.21/identity/v3/users/59ba227946034869adecb75554294086 0.099s
2025-03-18 08:24:28.810 68506 INFO tempest.lib.common.rest_client [req-a3628be0-a200-4ad7-b694-c8fa3d99e170 req-a3628be0-a200-4ad7-b694-c8fa3d99e170 ] Request (QuotasAdminTestV257:tearDownClass): 204 DELETE http://10.180.1.21/identity/v3/users/9ed614a7a49d4e18a9656f2c3eb98516 0.095s
2025-03-18 08:24:28.810 68506 INFO tempest.lib.common.dynamic_creds [-] Deleting project and security group for project: b73ecae8bd184a97a00e45ca574ba96f
2025-03-18 08:24:28.849 68550 INFO tempest.lib.common.rest_client [req-5917d72a-c000-437b-a7fb-05c4b932464d req-5917d72a-c000-437b-a7fb-05c4b932464d ] Request (MigrationsAdminTest:test_list_migrations_in_flavor_resize_situation): 200 GET http://10.180.1.21/compute/v2.1/servers/83f60ebf-59d1-432b-a4f8-37510f2a6ebd 1.023s
2025-03-18 08:24:28.871 68532 INFO tempest.lib.common.rest_client [req-4919269e-5393-4b61-a548-02c945096ceb req-4919269e-5393-4b61-a548-02c945096ceb ] Request (ImagesMetadataTestJSON:setUpClass): 201 POST http://10.180.1.21/image/v2/images 0.656s
2025-03-18 08:24:28.873 68506 INFO tempest.lib.common.rest_client [req-25ccf012-be84-44a1-81e7-b9a6582a1095 req-25ccf012-be84-44a1-81e7-b9a6582a1095 ] Request (QuotasAdminTestV257:tearDownClass): 201 POST http://10.180.1.21/identity/v3/auth/tokens 0.062s
2025-03-18 08:24:28.916 68538 INFO tempest.lib.common.rest_client [req-7a183d4d-d394-4082-81a5-5c072198e014 req-7a183d4d-d394-4082-81a5-5c072198e014 ] Request (ImagesMetadataNegativeTestJSON:tearDownClass): 200 GET http://10.180.1.21:9696/networking/v2.0/security-groups?tenant_id=939b30d6e1cf44ebab5048614969ffc9&name=default 0.473s
2025-03-18 08:24:28.931 68522 INFO tempest.lib.common.rest_client [req-6b9c3862-85cd-47fa-9bb2-7a25dba5ae80 req-6b9c3862-85cd-47fa-9bb2-7a25dba5ae80 ] Request (ServerShowV254Test:test_rebuild_server): 200 GET http://10.180.1.21/compute/v2.1/servers/d323052c-729a-4e7c-95b0-2426a0fda55c 0.987s
2025-03-18 08:24:29.045 68542 INFO tempest.lib.common.rest_client [req-ebf73f9a-71c9-43d5-9005-c0f4aaaf7255 req-ebf73f9a-71c9-43d5-9005-c0f4aaaf7255 ] Request (ServerDiagnosticsNegativeTest:tearDownClass): 200 GET http://10.180.1.21/compute/v2.1/servers/329db487-7a31-4a04-9dc7-646ebc595a98 1.089s
2025-03-18 08:24:29.128 68538 INFO tempest.lib.common.rest_client [req-2bdfd3f1-c526-4320-a963-648d22b9bd47 req-2bdfd3f1-c526-4320-a963-648d22b9bd47 ] Request (ImagesMetadataNegativeTestJSON:tearDownClass): 204 DELETE http://10.180.1.21:9696/networking/v2.0/security-groups/76a72f75-f9ad-4ce8-8ff5-51280bae67b8 0.212s
2025-03-18 08:24:29.139 68504 INFO tempest.lib.common.rest_client [req-0118f712-0e60-4a1d-9832-6226bdfb2ada req-0118f712-0e60-4a1d-9832-6226bdfb2ada ] Request (ServerDiagnosticsV248Test:tearDownClass): 200 GET http://10.180.1.21/compute/v2.1/servers/1f030197-7d94-4149-b4ab-eef73111b6b2 1.128s
2025-03-18 08:24:29.155 68506 INFO tempest.lib.common.rest_client [req-2fe69021-3f33-4031-a229-9b810e574b91 req-2fe69021-3f33-4031-a229-9b810e574b91 ] Request (QuotasAdminTestV257:tearDownClass): 200 GET http://10.180.1.21:9696/networking/v2.0/security-groups?tenant_id=b73ecae8bd184a97a00e45ca574ba96f&name=default 0.282s
