2025-03-06 07:05:01.624 70964 INFO tempest.lib.common.rest_client [req-97dc8166-33c9-4566-83a0-e65355c9fc52 req-97dc8166-33c9-4566-83a0-e65355c9fc52 ] Request (FloatingIPsNegativeTestJSON:setUpClass): 200 GET http://10.180.1.21/identity/v3/domains?name=Default 0.028s
2025-03-06 07:05:01.672 70964 INFO tempest.lib.common.rest_client [req-98238945-d11c-40a1-bc4e-f66d0dc46da0 req-98238945-d11c-40a1-bc4e-f66d0dc46da0 ] Request (FloatingIPsNegativeTestJSON:setUpClass): 201 POST http://10.180.1.21/identity/v3/projects 0.047s
2025-03-06 07:05:01.691 70942 INFO tempest.lib.common.rest_client [req-276bf31b-aba5-4d17-ad60-9464cab7354c req-276bf31b-aba5-4d17-ad60-9464cab7354c ] Request (SecurityGroupsTestAdminJSON:tearDownClass): 204 DELETE http://10.180.1.21:9696/networking/v2.0/security-groups/2cd03163-e487-4522-9b8b-8fb811c45801 0.171s
2025-03-06 07:05:01.729 70962 INFO tempest.lib.common.rest_client [req-cd037669-6315-4202-8b7e-4ce95d520cd0 req-cd037669-6315-4202-8b7e-4ce95d520cd0 ] Request (FlavorsExtraSpecsNegativeTestJSON:tearDownClass): 200 GET http://10.180.1.21:9696/networking/v2.0/security-groups?tenant_id=cae28fa08a554ae3b09386acd703f618&name=default 0.249s
2025-03-06 07:05:01.777 71003 INFO tempest.lib.common.rest_client [req-cccbb00b-f87c-427a-bfd1-7998efd68144 req-cccbb00b-f87c-427a-bfd1-7998efd68144 ] Request (ValidationResourcesFixture:setUp): 201 POST http://10.180.1.21:9696/networking/v2.0/security-group-rules 0.223s
2025-03-06 07:05:01.778 70964 INFO tempest.lib.common.rest_client [req-7ac5b531-543e-4ab0-a01a-52360f0733f1 req-7ac5b531-543e-4ab0-a01a-52360f0733f1 ] Request (FloatingIPsNegativeTestJSON:setUpClass): 201 POST http://10.180.1.21/identity/v3/users 0.105s
2025-03-06 07:05:01.813 70964 INFO tempest.lib.common.rest_client [req-f66d4bbe-eec3-4641-80c1-e34c902f1dda req-f66d4bbe-eec3-4641-80c1-e34c902f1dda ] Request (FloatingIPsNegativeTestJSON:setUpClass): 200 GET http://10.180.1.21/identity/v3/roles 0.033s
2025-03-06 07:05:01.855 70993 INFO tempest.lib.common.rest_client [req-647fb141-0a22-4f2d-8775-6648990e6dd3 req-647fb141-0a22-4f2d-8775-6648990e6dd3 ] Request (ServerActionsTestOtherA:setUpClass): 202 POST http://10.180.1.21/compute/v2.1/servers 4.429s
2025-03-06 07:05:01.860 70942 INFO tempest.lib.common.rest_client [req-e13ce7f9-0991-494d-82bf-36aa0905e7b5 req-e13ce7f9-0991-494d-82bf-36aa0905e7b5 ] Request (SecurityGroupsTestAdminJSON:tearDownClass): 204 DELETE http://10.180.1.21/identity/v3/projects/590cf79a83f84835804e8a063b7b84c4 0.168s
2025-03-06 07:05:01.910 70942 INFO tempest.lib.common.rest_client [req-0370872a-89c1-468d-872d-74be2fcde03d req-0370872a-89c1-468d-872d-74be2fcde03d ] Request (FlavorsV2NegativeTest:setUpClass): 201 POST http://10.180.1.21/identity/v3/auth/tokens 0.048s
2025-03-06 07:05:01.925 70964 INFO tempest.lib.common.rest_client [req-c1dd47eb-1a96-4ed9-92e0-385c05649de3 req-c1dd47eb-1a96-4ed9-92e0-385c05649de3 ] Request (FloatingIPsNegativeTestJSON:setUpClass): 204 PUT http://10.180.1.21/identity/v3/projects/3a13ab76b1a9461182212b03d2303d65/users/3fb64662db364410a41b627f53be6234/roles/0811f429a2fe4c58a4669938c1e81f02 0.112s
2025-03-06 07:05:01.926 70964 INFO tempest.lib.common.dynamic_creds [-] Dynamic test user 3fb64662db364410a41b627f53be6234 is created with scope project and roles: ['member']
2025-03-06 07:05:01.926 70964 INFO tempest.lib.common.dynamic_creds [-] Acquired dynamic creds: credentials: Credentials: {'domain_id': 'default', 'domain_name': 'Default', 'username': 'tempest-FloatingIPsNegativeTestJSON-1485801240-project-member', 'project_domain_id': 'default', 'project_domain_name': 'Default', 'project_id': '3a13ab76b1a9461182212b03d2303d65', 'project_name': 'tempest-FloatingIPsNegativeTestJSON-1485801240', 'tenant_id': '3a13ab76b1a9461182212b03d2303d65', 'tenant_name': 'tempest-FloatingIPsNegativeTestJSON-1485801240', 'user_domain_id': 'default', 'user_domain_name': 'Default', 'user_id': '3fb64662db364410a41b627f53be6234', 'system': None}, Network: None, Subnet: None, Router: None
2025-03-06 07:05:01.962 70944 INFO tempest.lib.common.rest_client [req-c680856d-5b9e-4e02-9218-de16ad3f569a req-c680856d-5b9e-4e02-9218-de16ad3f569a ] Request (VolumesAssistedSnapshotsTest:test_volume_assisted_snapshot_create_delete): 200 GET http://10.180.1.21/compute/v2.1/servers/ef42669b-9878-416c-b719-6a4b54802053 3.646s
2025-03-06 07:05:01.963 70972 INFO tempest.lib.common.rest_client [req-4bf401b4-505c-4892-adde-064cde8b2630 req-4bf401b4-505c-4892-adde-064cde8b2630 ] Request (ListServersNegativeTestJSON:setUpClass): 200 PUT http://10.180.1.21:9696/networking/v2.0/routers/9e3dbd05-2858-407a-a1c7-55dcda01ea8e/add_router_interface 2.686s
2025-03-06 07:05:01.963 70972 INFO tempest.lib.common.dynamic_creds [-] Created isolated network resources for: credentials: Credentials: {'domain_id': 'default', 'domain_name': 'Default', 'username': 'tempest-ListServersNegativeTestJSON-720733264-project-member', 'project_domain_id': 'default', 'project_domain_name': 'Default', 'project_id': '36ea7e87273043fbbcbad0eed92fb534', 'project_name': 'tempest-ListServersNegativeTestJSON-720733264', 'tenant_id': '36ea7e87273043fbbcbad0eed92fb534', 'tenant_name': 'tempest-ListServersNegativeTestJSON-720733264', 'user_domain_id': 'default', 'user_domain_name': 'Default', 'user_id': '612c69eb699f4912bba2569320f8deaf', 'system': None}, Network: {'id': 'b8cc34e9-0679-4109-9b2d-a79d2b80031e', 'name': 'tempest-ListServersNegativeTestJSON-109902658-network', 'tenant_id': '36ea7e87273043fbbcbad0eed92fb534', 'admin_state_up': True, 'mtu': 8950, 'status': 'ACTIVE', 'subnets': [], 'shared': False, 'project_id': '36ea7e87273043fbbcbad0eed92fb534', 'port_security_enabled': True, 'router:external': False, 'provider:network_type': 'vlan', 'provider:physical_network': 'default', 'provider:segmentation_id': 321, 'availability_zone_hints': [], 'availability_zones': [], 'ipv4_address_scope': None, 'ipv6_address_scope': None, 'description': '', 'tags': [], 'created_at': '2025-03-06T07:04:56Z', 'updated_at': '2025-03-06T07:04:56Z', 'revision_number': 1}, Subnet: {'id': '5a7ae65d-3c44-456e-aa3a-87a8a72258db', 'name': 'tempest-ListServersNegativeTestJSON-109902658-subnet', 'tenant_id': '36ea7e87273043fbbcbad0eed92fb534', 'network_id': 'b8cc34e9-0679-4109-9b2d-a79d2b80031e', 'ip_version': 4, 'subnetpool_id': None, 'enable_dhcp': True, 'ipv6_ra_mode': None, 'ipv6_address_mode': None, 'gateway_ip': '192.168.128.1', 'cidr': '192.168.128.0/28', 'allocation_pools': [{'start': '192.168.128.2', 'end': '192.168.128.14'}], 'host_routes': [], 'dns_nameservers': [], 'description': '', 'router:external': False, 'service_types': [], 'tags': [], 'created_at': '2025-03-06T07:04:57Z', 'updated_at': '2025-03-06T07:04:57Z', 'revision_number': 0, 'project_id': '36ea7e87273043fbbcbad0eed92fb534'}, Router: {'id': '9e3dbd05-2858-407a-a1c7-55dcda01ea8e', 'name': 'tempest-ListServersNegativeTestJSON-109902658-router', 'tenant_id': '36ea7e87273043fbbcbad0eed92fb534', 'admin_state_up': True, 'status': 'ACTIVE', 'external_gateway_info': {'network_id': '36087559-98a4-4310-88dd-0c122253f22f', 'external_fixed_ips': [{'subnet_id': 'ee092eeb-0ec4-461c-868a-58f5cb1d0a6c', 'ip_address': '10.180.180.154'}], 'enable_snat': True}, 'description': '', 'availability_zones': [], 'distributed': False, 'ha': False, 'availability_zone_hints': [], 'routes': [], 'flavor_id': None, 'tags': [], 'created_at': '2025-03-06T07:04:57Z', 'updated_at': '2025-03-06T07:04:58Z', 'revision_number': 2, 'project_id': '36ea7e87273043fbbcbad0eed92fb534'}
2025-03-06 07:05:01.988 70984 INFO tempest.lib.common.rest_client [req-9ae02d8e-8912-4c3f-ac11-0c495b1c14d0 req-9ae02d8e-8912-4c3f-ac11-0c495b1c14d0 ] Request (ServersTestManualDisk:setUpClass): 200 PUT http://10.180.1.21:9696/networking/v2.0/routers/d3cc2321-5cea-4166-b9de-3835e6bf62a7/add_router_interface 2.706s
2025-03-06 07:05:01.988 70984 INFO tempest.lib.common.dynamic_creds [-] Created isolated network resources for: credentials: Credentials: {'domain_id': 'default', 'domain_name': 'Default', 'username': 'tempest-ServersTestManualDisk-489817777-project-member', 'project_domain_id': 'default', 'project_domain_name': 'Default', 'project_id': 'ab8641910ca447fb92a302d3b6a9cc9c', 'project_name': 'tempest-ServersTestManualDisk-489817777', 'tenant_id': 'ab8641910ca447fb92a302d3b6a9cc9c', 'tenant_name': 'tempest-ServersTestManualDisk-489817777', 'user_domain_id': 'default', 'user_domain_name': 'Default', 'user_id': '709cc44866a546ebba52978d994900bc', 'system': None}, Network: {'id': '881ca4ba-f470-402a-a916-b698f05d5576', 'name': 'tempest-ServersTestManualDisk-801888476-network', 'tenant_id': 'ab8641910ca447fb92a302d3b6a9cc9c', 'admin_state_up': True, 'mtu': 8950, 'status': 'ACTIVE', 'subnets': [], 'shared': False, 'project_id': 'ab8641910ca447fb92a302d3b6a9cc9c', 'port_security_enabled': True, 'router:external': False, 'provider:network_type': 'vlan', 'provider:physical_network': 'default', 'provider:segmentation_id': 932, 'availability_zone_hints': [], 'availability_zones': [], 'ipv4_address_scope': None, 'ipv6_address_scope': None, 'description': '', 'tags': [], 'created_at': '2025-03-06T07:04:56Z', 'updated_at': '2025-03-06T07:04:56Z', 'revision_number': 1}, Subnet: {'id': '213bf70b-9c12-4981-b39a-24a5992bd49d', 'name': 'tempest-ServersTestManualDisk-801888476-subnet', 'tenant_id': 'ab8641910ca447fb92a302d3b6a9cc9c', 'network_id': '881ca4ba-f470-402a-a916-b698f05d5576', 'ip_version': 4, 'subnetpool_id': None, 'enable_dhcp': True, 'ipv6_ra_mode': None, 'ipv6_address_mode': None, 'gateway_ip': '192.168.128.1', 'cidr': '192.168.128.0/28', 'allocation_pools': [{'start': '192.168.128.2', 'end': '192.168.128.14'}], 'host_routes': [], 'dns_nameservers': [], 'description': '', 'router:external': False, 'service_types': [], 'tags': [], 'created_at': '2025-03-06T07:04:56Z', 'updated_at': '2025-03-06T07:04:56Z', 'revision_number': 0, 'project_id': 'ab8641910ca447fb92a302d3b6a9cc9c'}, Router: {'id': 'd3cc2321-5cea-4166-b9de-3835e6bf62a7', 'name': 'tempest-ServersTestManualDisk-801888476-router', 'tenant_id': 'ab8641910ca447fb92a302d3b6a9cc9c', 'admin_state_up': True, 'status': 'ACTIVE', 'external_gateway_info': {'network_id': '36087559-98a4-4310-88dd-0c122253f22f', 'external_fixed_ips': [{'subnet_id': 'ee092eeb-0ec4-461c-868a-58f5cb1d0a6c', 'ip_address': '10.180.180.129'}], 'enable_snat': True}, 'description': '', 'availability_zones': [], 'distributed': False, 'ha': False, 'availability_zone_hints': [], 'routes': [], 'flavor_id': None, 'tags': [], 'created_at': '2025-03-06T07:04:57Z', 'updated_at': '2025-03-06T07:04:58Z', 'revision_number': 2, 'project_id': 'ab8641910ca447fb92a302d3b6a9cc9c'}
2025-03-06 07:05:01.993 70942 INFO tempest.lib.common.rest_client [req-837dda2f-da2f-4732-bfec-8635b6961eee req-837dda2f-da2f-4732-bfec-8635b6961eee ] Request (FlavorsV2NegativeTest:setUpClass): 201 POST http://10.180.1.21/identity/v3/auth/tokens 0.079s
2025-03-06 07:05:02.006 70952 INFO tempest.lib.common.rest_client [req-f32f1a7a-d18e-45ea-9547-48f1659bf496 req-f32f1a7a-d18e-45ea-9547-48f1659bf496 ] Request (ServerDiagnosticsTest:test_get_server_diagnostics): 202 POST http://10.180.1.21/compute/v2.1/servers 3.829s
2025-03-06 07:05:02.010 70962 INFO tempest.lib.common.rest_client [req-11447c0a-53d8-4a4e-b1d4-35bb8951ed04 req-11447c0a-53d8-4a4e-b1d4-35bb8951ed04 ] Request (FlavorsExtraSpecsNegativeTestJSON:tearDownClass): 204 DELETE http://10.180.1.21:9696/networking/v2.0/security-groups/35d0f342-8b0d-4f84-b3ad-ada423dbb2d6 0.280s
2025-03-06 07:05:02.041 70964 INFO tempest.lib.common.rest_client [req-9904ab4a-89fb-4bcc-bd98-40b58b1b0d98 req-9904ab4a-89fb-4bcc-bd98-40b58b1b0d98 ] Request (FloatingIPsNegativeTestJSON:setUpClass): 201 POST http://10.180.1.21/identity/v3/auth/tokens 0.115s
2025-03-06 07:05:02.095 70942 INFO tempest.lib.common.rest_client [req-a2e012c4-6728-4aca-b01b-a5b6e0b944fc req-a2e012c4-6728-4aca-b01b-a5b6e0b944fc ] Request (FlavorsV2NegativeTest:setUpClass): 200 GET http://10.180.1.21/identity/v3/domains?name=Default 0.102s
2025-03-06 07:05:02.100 70972 INFO tempest.lib.common.rest_client [req-8d2ed9ec-f1f2-467e-8ddf-82713eb06f65 req-8d2ed9ec-f1f2-467e-8ddf-82713eb06f65 ] Request (ListServersNegativeTestJSON:setUpClass): 201 POST http://10.180.1.21/identity/v3/auth/tokens 0.130s
2025-03-06 07:05:02.178 70984 INFO tempest.lib.common.rest_client [req-33bef39d-b92e-475c-868a-41842de10900 req-33bef39d-b92e-475c-868a-41842de10900 ] Request (ServersTestManualDisk:setUpClass): 201 POST http://10.180.1.21/identity/v3/auth/tokens 0.181s
2025-03-06 07:05:02.184 70946 INFO tempest.lib.common.rest_client [req-ffb9633a-204b-4e5b-8477-564c80e549ff req-ffb9633a-204b-4e5b-8477-564c80e549ff ] Request (DeleteServersAdminTestJSON:test_admin_delete_servers_of_others): 200 GET http://10.180.1.21/compute/v2.1/servers/91a0e319-bba4-48ab-a0c0-6f441c343990 3.619s
2025-03-06 07:05:02.214 70962 INFO tempest.lib.common.rest_client [req-6a7f7b64-c565-49dd-b22a-68884ab2b3d3 req-6a7f7b64-c565-49dd-b22a-68884ab2b3d3 ] Request (FlavorsExtraSpecsNegativeTestJSON:tearDownClass): 204 DELETE http://10.180.1.21/identity/v3/projects/cae28fa08a554ae3b09386acd703f618 0.203s
2025-03-06 07:05:02.248 70997 INFO tempest.lib.common.rest_client [req-73613aa1-3be8-45e6-aff9-6c2d69dc6c49 req-73613aa1-3be8-45e6-aff9-6c2d69dc6c49 ] Request (AttachInterfacesTestJSON:test_create_list_show_delete_interfaces_by_fixed_ip): 200 GET http://10.180.1.21/compute/v2.1/servers/6f4a73d6-0e66-4e77-9da5-f22a63068fef 2.987s
2025-03-06 07:05:02.277 70956 INFO tempest.lib.common.rest_client [req-9ef2f858-dac6-47a3-aa82-b85499f41a04 req-9ef2f858-dac6-47a3-aa82-b85499f41a04 ] Request (AggregatesAdminNegativeTestJSON:_run_cleanups): 200 DELETE http://10.180.1.21/compute/v2.1/os-aggregates/3 2.990s
2025-03-06 07:05:02.292 70942 INFO tempest.lib.common.rest_client [req-ff193e06-d4ac-4b2a-ab4e-c90150541a31 req-ff193e06-d4ac-4b2a-ab4e-c90150541a31 ] Request (FlavorsV2NegativeTest:setUpClass): 201 POST http://10.180.1.21/identity/v3/projects 0.196s
2025-03-06 07:05:02.297 70981 INFO tempest.lib.common.rest_client [req-77c98c5e-7f0f-49cb-872f-895104d02076 req-77c98c5e-7f0f-49cb-872f-895104d02076 ] Request (FlavorsExtraSpecsTestJSON:test_flavor_set_get_update_show_unset_keys): 200 GET http://10.180.1.21/compute/v2.1/flavors/577831759/os-extra_specs 2.978s
2025-03-06 07:05:02.312 70995 INFO tempest.lib.common.rest_client [req-822bdbbe-61ce-41a7-a92a-92a29e99ea55 req-822bdbbe-61ce-41a7-a92a-92a29e99ea55 ] Request (FloatingIPsAssociationTestJSON:setUpClass): 200 GET http://10.180.1.21/compute/v2.1/servers/52549292-e7ec-4c7c-890b-2e6d59f0502b 3.332s
2025-03-06 07:05:02.351 70972 INFO tempest.lib.common.rest_client [req-fc69a094-1795-482c-9223-0906210203bb req-fc69a094-1795-482c-9223-0906210203bb ] Request (ListServersNegativeTestJSON:setUpClass): 201 POST http://10.180.1.21/identity/v3/auth/tokens 0.245s
2025-03-06 07:05:02.352 70972 INFO tempest.lib.common.fixed_network [-] (ListServersNegativeTestJSON:setUpClass) Found network {'id': 'b8cc34e9-0679-4109-9b2d-a79d2b80031e', 'name': 'tempest-ListServersNegativeTestJSON-109902658-network', 'tenant_id': '36ea7e87273043fbbcbad0eed92fb534', 'admin_state_up': True, 'mtu': 8950, 'status': 'ACTIVE', 'subnets': [], 'shared': False, 'project_id': '36ea7e87273043fbbcbad0eed92fb534', 'port_security_enabled': True, 'router:external': False, 'provider:network_type': 'vlan', 'provider:physical_network': 'default', 'provider:segmentation_id': 321, 'availability_zone_hints': [], 'availability_zones': [], 'ipv4_address_scope': None, 'ipv6_address_scope': None, 'description': '', 'tags': [], 'created_at': '2025-03-06T07:04:56Z', 'updated_at': '2025-03-06T07:04:56Z', 'revision_number': 1} available for tenant
2025-03-06 07:05:02.360 70962 INFO tempest.lib.common.rest_client [req-5da0625a-0d79-4e3b-b202-5fffd95abde3 req-5da0625a-0d79-4e3b-b202-5fffd95abde3 ] Request (FlavorsV255TestJSON:setUpClass): 201 POST http://10.180.1.21/identity/v3/auth/tokens 0.145s
2025-03-06 07:05:02.388 70942 INFO tempest.lib.common.rest_client [req-3ab50d4c-c4af-4a10-bb25-cbb08450409e req-3ab50d4c-c4af-4a10-bb25-cbb08450409e ] Request (FlavorsV2NegativeTest:setUpClass): 201 POST http://10.180.1.21/identity/v3/users 0.090s
2025-03-06 07:05:02.457 70982 INFO tempest.lib.common.rest_client [req-3728ed37-efae-4f83-a172-f6a789ec7b8c req-3728ed37-efae-4f83-a172-f6a789ec7b8c ] Request (ServicesAdminNegativeV253TestJSON:test_list_services_with_non_admin_user): 403 GET http://10.180.1.21/compute/v2.1/os-services 3.102s
2025-03-06 07:05:02.478 70962 INFO tempest.lib.common.rest_client [req-4c4871ec-eb22-4242-864c-5ef6352e36a2 req-4c4871ec-eb22-4242-864c-5ef6352e36a2 ] Request (FlavorsV255TestJSON:setUpClass): 201 POST http://10.180.1.21/identity/v3/auth/tokens 0.113s
2025-03-06 07:05:02.491 71001 INFO tempest.lib.common.rest_client [req-afd4a858-e390-439d-b264-325f29acbb56 req-afd4a858-e390-439d-b264-325f29acbb56 ] Request (ServicesAdminNegativeTestJSON:test_list_services_with_non_admin_user): 403 GET http://10.180.1.21/compute/v2.1/os-services 3.119s
2025-03-06 07:05:02.504 70942 INFO tempest.lib.common.rest_client [req-5f5eb1db-669a-43cc-b8f3-84a2458656a8 req-5f5eb1db-669a-43cc-b8f3-84a2458656a8 ] Request (FlavorsV2NegativeTest:setUpClass): 200 GET http://10.180.1.21/identity/v3/roles 0.115s
2025-03-06 07:05:02.537 70962 INFO tempest.lib.common.rest_client [req-f5fc740d-de85-41e8-984c-f61e8bd97bd9 req-f5fc740d-de85-41e8-984c-f61e8bd97bd9 ] Request (FlavorsV255TestJSON:setUpClass): 200 GET http://10.180.1.21/identity/v3/domains?name=Default 0.059s
2025-03-06 07:05:02.595 70982 INFO tempest.lib.common.rest_client [req-1ee22a79-a097-4a6b-b025-3e2b82780b96 req-1ee22a79-a097-4a6b-b025-3e2b82780b96 ] Request (ServicesAdminNegativeV253TestJSON:tearDownClass): 204 DELETE http://10.180.1.21/identity/v3/users/4fb6000619ac4930bab695b75e49c969 0.132s
2025-03-06 07:05:02.624 71001 INFO tempest.lib.common.rest_client [req-4f9d2f21-4cd1-408a-a3b7-3f0d50a237e9 req-4f9d2f21-4cd1-408a-a3b7-3f0d50a237e9 ] Request (ServicesAdminNegativeTestJSON:tearDownClass): 204 DELETE http://10.180.1.21/identity/v3/users/8e61d8420dd64196a6dad9f204b7942c 0.131s
2025-03-06 07:05:02.647 70975 INFO tempest.lib.common.rest_client [req-b558741a-6753-40c7-9019-025c71b2cc83 req-b558741a-6753-40c7-9019-025c71b2cc83 ] Request (ServersAdmin275Test:test_rebuild_update_server_275): 200 GET http://10.180.1.21/compute/v2.1/servers/476ba092-72d4-4e2b-807a-cb1bd63f2fe1 2.965s
2025-03-06 07:05:02.691 70942 INFO tempest.lib.common.rest_client [req-61492796-6523-45b9-be60-f1715463d44c req-61492796-6523-45b9-be60-f1715463d44c ] Request (FlavorsV2NegativeTest:setUpClass): 204 PUT http://10.180.1.21/identity/v3/projects/5403dda1765c4ee68d5d5307befbb23d/users/c064c4153d0848d9a9f075c8f2e75825/roles/0811f429a2fe4c58a4669938c1e81f02 0.187s
2025-03-06 07:05:02.692 70942 INFO tempest.lib.common.dynamic_creds [-] Dynamic test user c064c4153d0848d9a9f075c8f2e75825 is created with scope project and roles: ['member']
2025-03-06 07:05:02.692 70942 INFO tempest.lib.common.dynamic_creds [-] Acquired dynamic creds: credentials: Credentials: {'domain_id': 'default', 'domain_name': 'Default', 'username': 'tempest-FlavorsV2NegativeTest-915794053-project-member', 'project_domain_id': 'default', 'project_domain_name': 'Default', 'project_id': '5403dda1765c4ee68d5d5307befbb23d', 'project_name': 'tempest-FlavorsV2NegativeTest-915794053', 'tenant_id': '5403dda1765c4ee68d5d5307befbb23d', 'tenant_name': 'tempest-FlavorsV2NegativeTest-915794053', 'user_domain_id': 'default', 'user_domain_name': 'Default', 'user_id': 'c064c4153d0848d9a9f075c8f2e75825', 'system': None}, Network: None, Subnet: None, Router: None
2025-03-06 07:05:02.692 70942 INFO tempest.lib.common.dynamic_creds [-] Created isolated network resources for: credentials: Credentials: {'domain_id': 'default', 'domain_name': 'Default', 'username': 'tempest-FlavorsV2NegativeTest-915794053-project-member', 'project_domain_id': 'default', 'project_domain_name': 'Default', 'project_id': '5403dda1765c4ee68d5d5307befbb23d', 'project_name': 'tempest-FlavorsV2NegativeTest-915794053', 'tenant_id': '5403dda1765c4ee68d5d5307befbb23d', 'tenant_name': 'tempest-FlavorsV2NegativeTest-915794053', 'user_domain_id': 'default', 'user_domain_name': 'Default', 'user_id': 'c064c4153d0848d9a9f075c8f2e75825', 'system': None}, Network: None, Subnet: None, Router: None
2025-03-06 07:05:02.725 70962 INFO tempest.lib.common.rest_client [req-587e20a5-c586-44b5-9528-e9738b5d490b req-587e20a5-c586-44b5-9528-e9738b5d490b ] Request (FlavorsV255TestJSON:setUpClass): 201 POST http://10.180.1.21/identity/v3/projects 0.187s
2025-03-06 07:05:02.879 70950 INFO tempest.lib.common.rest_client [req-ec207af8-86f7-4f97-961c-f18b02a81a43 req-ec207af8-86f7-4f97-961c-f18b02a81a43 ] Request (TenantUsagesTestJSON:test_get_usage_tenant): 200 GET http://10.180.1.21/compute/v2.1/os-simple-tenant-usage/582fa0e2e83d4d9795d20f295b246b6b?start=2025-03-05T07%3A04%3A59.852635&end=2025-03-07T07%3A04%3A59.852635 3.025s
2025-03-06 07:05:02.887 70982 INFO tempest.lib.common.rest_client [req-e3799748-f572-495b-a063-ec7c0a02c84c req-e3799748-f572-495b-a063-ec7c0a02c84c ] Request (ServicesAdminNegativeV253TestJSON:tearDownClass): 204 DELETE http://10.180.1.21/identity/v3/users/c0b6e5c72caf48ca97403ea5f721866b 0.291s
2025-03-06 07:05:02.887 70982 INFO tempest.lib.common.dynamic_creds [-] Deleting project and security group for project: 903b4b7174024f17ad908473cd55c280
2025-03-06 07:05:02.892 70940 INFO tempest.lib.common.rest_client [req-7771e97b-ec37-4579-830b-6ea55421661e req-7771e97b-ec37-4579-830b-6ea55421661e ] Request (TenantUsagesNegativeTestJSON:test_get_usage_tenant_with_invalid_date): 400 GET http://10.180.1.21/compute/v2.1/os-simple-tenant-usage/eb5f4f552a954038b1a052fef0759cae?start=2025-03-07T07%3A04%3A56.765809&end=2025-03-05T07%3A04%3A56.765809 2.650s
2025-03-06 07:05:02.925 70970 INFO tempest.lib.common.rest_client [req-3fc99254-85a9-4b2f-8e1b-32aa0441d0d1 req-3fc99254-85a9-4b2f-8e1b-32aa0441d0d1 ] Request (KeyPairsV210TestJSON:_run_cleanups): 204 DELETE http://10.180.1.21/compute/v2.1/os-keypairs/tempest-KeyPairsV210TestJSON-keypair-2048195691 2.657s
2025-03-06 07:05:02.987 70942 INFO tempest.lib.common.rest_client [req-d6b038c0-81dd-4f37-9210-10778160b84a req-d6b038c0-81dd-4f37-9210-10778160b84a ] Request (FlavorsV2NegativeTest:setUpClass): 201 POST http://10.180.1.21/identity/v3/auth/tokens 0.290s
2025-03-06 07:05:02.999 71001 INFO tempest.lib.common.rest_client [req-52af3ad9-f98e-451e-9f67-a6a27435a98e req-52af3ad9-f98e-451e-9f67-a6a27435a98e ] Request (ServicesAdminNegativeTestJSON:tearDownClass): 204 DELETE http://10.180.1.21/identity/v3/users/77134d1a984c46c586b49e3b7164e3d8 0.374s
2025-03-06 07:05:03.000 71001 INFO tempest.lib.common.dynamic_creds [-] Deleting project and security group for project: 9080744d15d2460ca0a19f8c5d5eb2dd
2025-03-06 07:05:03.034 70964 INFO tempest.lib.common.rest_client [req-28d167c0-fbf9-4c92-bdea-acfa558ec8a0 req-28d167c0-fbf9-4c92-bdea-acfa558ec8a0 ] Request (FloatingIPsNegativeTestJSON:setUpClass): 201 POST http://10.180.1.21:9696/networking/v2.0/networks 0.992s
2025-03-06 07:05:03.072 70982 INFO tempest.lib.common.rest_client [req-7077b2f5-d030-4417-ae29-8f0d1a7b5c49 req-7077b2f5-d030-4417-ae29-8f0d1a7b5c49 ] Request (ServicesAdminNegativeV253TestJSON:tearDownClass): 201 POST http://10.180.1.21/identity/v3/auth/tokens 0.184s
2025-03-06 07:05:03.094 70962 INFO tempest.lib.common.rest_client [req-38e18586-a347-4bbf-8fc6-7cbfed2a4df1 req-38e18586-a347-4bbf-8fc6-7cbfed2a4df1 ] Request (FlavorsV255TestJSON:setUpClass): 201 POST http://10.180.1.21/identity/v3/users 0.368s
2025-03-06 07:05:03.098 71003 INFO tempest.lib.common.rest_client [req-0ae82d0b-e72f-4cbc-8ca2-43bac2769cdb req-0ae82d0b-e72f-4cbc-8ca2-43bac2769cdb ] Request (ValidationResourcesFixture:setUp): 201 POST http://10.180.1.21:9696/networking/v2.0/floatingips 1.319s
2025-03-06 07:05:03.127 71001 INFO tempest.lib.common.rest_client [req-fa5189ac-54ce-4222-a457-ca6c7039cd0e req-fa5189ac-54ce-4222-a457-ca6c7039cd0e ] Request (ServicesAdminNegativeTestJSON:tearDownClass): 201 POST http://10.180.1.21/identity/v3/auth/tokens 0.127s
2025-03-06 07:05:03.212 70962 INFO tempest.lib.common.rest_client [req-6352a9c5-0a38-45f9-a03e-e478ff98ad75 req-6352a9c5-0a38-45f9-a03e-e478ff98ad75 ] Request (FlavorsV255TestJSON:setUpClass): 200 GET http://10.180.1.21/identity/v3/roles 0.117s
2025-03-06 07:05:03.258 71003 INFO tempest.lib.common.rest_client [req-50b3fc47-4e10-4907-8fc7-e0644c391cda req-50b3fc47-4e10-4907-8fc7-e0644c391cda ] Request (ServersWithSpecificFlavorTestJSON:test_verify_created_server_ephemeral_disk): 201 POST http://10.180.1.21/identity/v3/auth/tokens 0.153s
2025-03-06 07:05:03.258 71003 INFO tempest.lib.common.fixed_network [-] (ServersWithSpecificFlavorTestJSON:test_verify_created_server_ephemeral_disk) Found network {'id': 'bf245edc-8020-4c86-9e13-42dddd275a6e', 'name': 'tempest-ServersWithSpecificFlavorTestJSON-840251478-network', 'tenant_id': 'aa0655457741418190fd258ea15deda2', 'admin_state_up': True, 'mtu': 8950, 'status': 'ACTIVE', 'subnets': [], 'shared': False, 'project_id': 'aa0655457741418190fd258ea15deda2', 'port_security_enabled': True, 'router:external': False, 'provider:network_type': 'vlan', 'provider:physical_network': 'default', 'provider:segmentation_id': 467, 'availability_zone_hints': [], 'availability_zones': [], 'ipv4_address_scope': None, 'ipv6_address_scope': None, 'description': '', 'tags': [], 'created_at': '2025-03-06T07:04:33Z', 'updated_at': '2025-03-06T07:04:33Z', 'revision_number': 1} available for tenant
2025-03-06 07:05:03.267 70962 INFO tempest.lib.common.rest_client [req-e41317df-e3f9-4d15-a000-d2ce8dcfef1b req-e41317df-e3f9-4d15-a000-d2ce8dcfef1b ] Request (FlavorsV255TestJSON:setUpClass): 204 PUT http://10.180.1.21/identity/v3/projects/d7b0818a718644538b9e176b18d7569c/users/e2b270cb0f054f3db243ea7418b4ed4f/roles/0811f429a2fe4c58a4669938c1e81f02 0.055s
2025-03-06 07:05:03.268 70962 INFO tempest.lib.common.dynamic_creds [-] Dynamic test user e2b270cb0f054f3db243ea7418b4ed4f is created with scope project and roles: ['member']
2025-03-06 07:05:03.268 70962 INFO tempest.lib.common.dynamic_creds [-] Acquired dynamic creds: credentials: Credentials: {'domain_id': 'default', 'domain_name': 'Default', 'username': 'tempest-FlavorsV255TestJSON-1087048377-project-member', 'project_domain_id': 'default', 'project_domain_name': 'Default', 'project_id': 'd7b0818a718644538b9e176b18d7569c', 'project_name': 'tempest-FlavorsV255TestJSON-1087048377', 'tenant_id': 'd7b0818a718644538b9e176b18d7569c', 'tenant_name': 'tempest-FlavorsV255TestJSON-1087048377', 'user_domain_id': 'default', 'user_domain_name': 'Default', 'user_id': 'e2b270cb0f054f3db243ea7418b4ed4f', 'system': None}, Network: None, Subnet: None, Router: None
2025-03-06 07:05:03.268 70962 INFO tempest.lib.common.dynamic_creds [-] Created isolated network resources for: credentials: Credentials: {'domain_id': 'default', 'domain_name': 'Default', 'username': 'tempest-FlavorsV255TestJSON-1087048377-project-member', 'project_domain_id': 'default', 'project_domain_name': 'Default', 'project_id': 'd7b0818a718644538b9e176b18d7569c', 'project_name': 'tempest-FlavorsV255TestJSON-1087048377', 'tenant_id': 'd7b0818a718644538b9e176b18d7569c', 'tenant_name': 'tempest-FlavorsV255TestJSON-1087048377', 'user_domain_id': 'default', 'user_domain_name': 'Default', 'user_id': 'e2b270cb0f054f3db243ea7418b4ed4f', 'system': None}, Network: None, Subnet: None, Router: None
2025-03-06 07:05:03.344 70962 INFO tempest.lib.common.rest_client [req-1831b239-e8a5-45ab-b77c-dfd3d64b2510 req-1831b239-e8a5-45ab-b77c-dfd3d64b2510 ] Request (FlavorsV255TestJSON:setUpClass): 201 POST http://10.180.1.21/identity/v3/auth/tokens 0.072s
2025-03-06 07:05:03.426 70962 INFO tempest.lib.common.rest_client [req-441d7afb-49d5-4f93-93e7-de2fcdfb558e req-441d7afb-49d5-4f93-93e7-de2fcdfb558e ] Request (FlavorsV255TestJSON:setUpClass): 201 POST http://10.180.1.21/identity/v3/projects 0.081s
2025-03-06 07:05:03.509 70962 INFO tempest.lib.common.rest_client [req-cae28926-e6d0-46ad-8a72-68b5664339df req-cae28926-e6d0-46ad-8a72-68b5664339df ] Request (FlavorsV255TestJSON:setUpClass): 201 POST http://10.180.1.21/identity/v3/users 0.082s
2025-03-06 07:05:03.541 70962 INFO tempest.lib.common.rest_client [req-9678832b-383e-49d5-a8ef-28b7e97703a9 req-9678832b-383e-49d5-a8ef-28b7e97703a9 ] Request (FlavorsV255TestJSON:setUpClass): 200 GET http://10.180.1.21/identity/v3/roles 0.031s
2025-03-06 07:05:03.573 70962 INFO tempest.lib.common.rest_client [req-b1a2d8a2-0ad8-4d0e-b0a7-df6600d61b1b req-b1a2d8a2-0ad8-4d0e-b0a7-df6600d61b1b ] Request (FlavorsV255TestJSON:setUpClass): 204 PUT http://10.180.1.21/identity/v3/projects/59f8627b1bd5443b9dd0a3bb0c58d62f/users/b76021bff4f6490980d41db3a0c5c32f/roles/12fc0df6206b4715b2fa4bba0f4974c1 0.031s
2025-03-06 07:05:03.631 70962 INFO tempest.lib.common.rest_client [req-3a06cb8d-46ca-4138-8ae8-bcc8657304d6 req-3a06cb8d-46ca-4138-8ae8-bcc8657304d6 ] Request (FlavorsV255TestJSON:setUpClass): 200 GET http://10.180.1.21/identity/v3/roles 0.058s
2025-03-06 07:05:03.645 70982 INFO tempest.lib.common.rest_client [req-9a17e81d-d5ec-4c7b-8895-2f2570d8344f req-9a17e81d-d5ec-4c7b-8895-2f2570d8344f ] Request (ServicesAdminNegativeV253TestJSON:tearDownClass): 200 GET http://10.180.1.21:9696/networking/v2.0/security-groups?tenant_id=903b4b7174024f17ad908473cd55c280&name=default 0.572s
2025-03-06 07:05:03.658 70962 INFO tempest.lib.common.rest_client [req-74eae236-b388-471a-8b39-b78518e7fbf8 req-74eae236-b388-471a-8b39-b78518e7fbf8 ] Request (FlavorsV255TestJSON:setUpClass): 204 PUT http://10.180.1.21/identity/v3/projects/59f8627b1bd5443b9dd0a3bb0c58d62f/users/b76021bff4f6490980d41db3a0c5c32f/roles/12fc0df6206b4715b2fa4bba0f4974c1 0.025s
2025-03-06 07:05:03.659 70962 INFO tempest.lib.common.dynamic_creds [-] Dynamic test user b76021bff4f6490980d41db3a0c5c32f is created with scope project and roles: ['admin']
2025-03-06 07:05:03.659 70962 INFO tempest.lib.common.dynamic_creds [-] Acquired dynamic creds: credentials: Credentials: {'domain_id': 'default', 'domain_name': 'Default', 'username': 'tempest-FlavorsV255TestJSON-1589399883-project-admin', 'project_domain_id': 'default', 'project_domain_name': 'Default', 'project_id': '59f8627b1bd5443b9dd0a3bb0c58d62f', 'project_name': 'tempest-FlavorsV255TestJSON-1589399883', 'tenant_id': '59f8627b1bd5443b9dd0a3bb0c58d62f', 'tenant_name': 'tempest-FlavorsV255TestJSON-1589399883', 'user_domain_id': 'default', 'user_domain_name': 'Default', 'user_id': 'b76021bff4f6490980d41db3a0c5c32f', 'system': None}, Network: None, Subnet: None, Router: None
2025-03-06 07:05:03.659 70962 INFO tempest.lib.common.dynamic_creds [-] Created isolated network resources for: credentials: Credentials: {'domain_id': 'default', 'domain_name': 'Default', 'username': 'tempest-FlavorsV255TestJSON-1589399883-project-admin', 'project_domain_id': 'default', 'project_domain_name': 'Default', 'project_id': '59f8627b1bd5443b9dd0a3bb0c58d62f', 'project_name': 'tempest-FlavorsV255TestJSON-1589399883', 'tenant_id': '59f8627b1bd5443b9dd0a3bb0c58d62f', 'tenant_name': 'tempest-FlavorsV255TestJSON-1589399883', 'user_domain_id': 'default', 'user_domain_name': 'Default', 'user_id': 'b76021bff4f6490980d41db3a0c5c32f', 'system': None}, Network: None, Subnet: None, Router: None
2025-03-06 07:05:03.666 71001 INFO tempest.lib.common.rest_client [req-5f8d4921-7622-4937-88eb-3c4f8578ddb8 req-5f8d4921-7622-4937-88eb-3c4f8578ddb8 ] Request (ServicesAdminNegativeTestJSON:tearDownClass): 200 GET http://10.180.1.21:9696/networking/v2.0/security-groups?tenant_id=9080744d15d2460ca0a19f8c5d5eb2dd&name=default 0.538s
2025-03-06 07:05:03.727 70954 INFO tempest.lib.common.rest_client [req-eec66c64-a30c-441e-b157-96f0706e9e03 req-eec66c64-a30c-441e-b157-96f0706e9e03 ] Request (MigrationsAdminTest:test_list_migrations_in_flavor_resize_situation): 202 POST http://10.180.1.21/compute/v2.1/servers 3.449s
2025-03-06 07:05:03.756 70962 INFO tempest.lib.common.rest_client [req-2dee582d-ae06-41fe-b4b5-2aa4851d7266 req-2dee582d-ae06-41fe-b4b5-2aa4851d7266 ] Request (FlavorsV255TestJSON:setUpClass): 201 POST http://10.180.1.21/identity/v3/auth/tokens 0.093s
2025-03-06 07:05:03.794 70964 INFO tempest.lib.common.rest_client [req-56bd91f5-744b-4e28-8aa0-386b1ac25db6 req-56bd91f5-744b-4e28-8aa0-386b1ac25db6 ] Request (FloatingIPsNegativeTestJSON:setUpClass): 201 POST http://10.180.1.21:9696/networking/v2.0/subnets 0.758s
2025-03-06 07:05:03.840 71001 INFO tempest.lib.common.rest_client [req-6b457825-e431-4a2f-87c5-de08304dfec6 req-6b457825-e431-4a2f-87c5-de08304dfec6 ] Request (ServicesAdminNegativeTestJSON:tearDownClass): 204 DELETE http://10.180.1.21:9696/networking/v2.0/security-groups/1cf9f92c-6d15-4653-9790-add4d60bb75c 0.173s
2025-03-06 07:05:03.863 70982 INFO tempest.lib.common.rest_client [req-11d89adf-ce70-4af7-bbfc-3397127ce63f req-11d89adf-ce70-4af7-bbfc-3397127ce63f ] Request (ServicesAdminNegativeV253TestJSON:tearDownClass): 204 DELETE http://10.180.1.21:9696/networking/v2.0/security-groups/d5c989a9-c629-48ae-9c34-c6d1510a312f 0.218s
2025-03-06 07:05:03.900 70968 INFO tempest.lib.common.rest_client [req-e3399f3c-aabe-4029-ab7b-f26f6c8c23a2 req-e3399f3c-aabe-4029-ab7b-f26f6c8c23a2 ] Request (FlavorsAccessNegativeTestJSON:test_flavor_non_admin_add): 403 POST http://10.180.1.21/compute/v2.1/flavors/1410283246/action 3.434s
2025-03-06 07:05:04.013 71001 INFO tempest.lib.common.rest_client [req-728af20b-d501-4e91-8613-74337decafca req-728af20b-d501-4e91-8613-74337decafca ] Request (ServicesAdminNegativeTestJSON:tearDownClass): 204 DELETE http://10.180.1.21/identity/v3/projects/9080744d15d2460ca0a19f8c5d5eb2dd 0.173s
2025-03-06 07:05:04.013 71001 INFO tempest.lib.common.dynamic_creds [-] Deleting project and security group for project: 9def88ea752e40c992e77186f7c4b5db
2025-03-06 07:05:04.024 70978 INFO tempest.lib.common.rest_client [req-733554e8-6ccc-45ff-ab74-d70571ded166 req-733554e8-6ccc-45ff-ab74-d70571ded166 ] Request (FloatingIPsAssociationNegativeTestJSON:test_associate_ip_to_server_with_floating_ip): 200 POST http://10.180.1.21/compute/v2.1/os-floating-ips 4.031s
2025-03-06 07:05:04.039 70948 INFO tempest.lib.common.rest_client [req-94cc4e64-5c58-4824-b03f-46165f0631c2 req-94cc4e64-5c58-4824-b03f-46165f0631c2 ] Request (AttachInterfacesV270Test:tearDownClass): 200 GET http://10.180.1.21/compute/v2.1/servers/3431f8d4-2a0c-4d3c-ace9-8a916f7e383f 3.402s
2025-03-06 07:05:04.079 70982 INFO tempest.lib.common.rest_client [req-54232285-7ce9-424f-a219-7079a82d71c2 req-54232285-7ce9-424f-a219-7079a82d71c2 ] Request (ServicesAdminNegativeV253TestJSON:tearDownClass): 204 DELETE http://10.180.1.21/identity/v3/projects/903b4b7174024f17ad908473cd55c280 0.215s
2025-03-06 07:05:04.079 70982 INFO tempest.lib.common.dynamic_creds [-] Deleting project and security group for project: ea89f867fa4b4bf698ae290410604422
2025-03-06 07:05:04.087 70966 INFO tempest.lib.common.rest_client [req-265bbaf6-4f30-4634-9cf7-66af71c2addb req-265bbaf6-4f30-4634-9cf7-66af71c2addb ] Request (ServersAdminTestJSON:setUpClass): 200 GET http://10.180.1.21/compute/v2.1/servers/761d787c-3988-454d-9ceb-c8afb5e6b36b 3.154s
2025-03-06 07:05:04.201 71001 INFO tempest.lib.common.rest_client [req-d01100f6-618c-4798-8826-ba8d9c64abcf req-d01100f6-618c-4798-8826-ba8d9c64abcf ] Request (ServicesAdminNegativeTestJSON:tearDownClass): 200 GET http://10.180.1.21:9696/networking/v2.0/security-groups?tenant_id=9def88ea752e40c992e77186f7c4b5db&name=default 0.188s
2025-03-06 07:05:04.230 70988 INFO tempest.lib.common.rest_client [req-ae219bd6-41d4-4e12-a73c-cc0334c27349 req-ae219bd6-41d4-4e12-a73c-cc0334c27349 ] Request (QuotasAdminTestJSON:test_get_updated_quotas): 200 PUT http://10.180.1.21/compute/v2.1/os-quota-sets/f204808c8ea64103a2dd5abdbbbc433a 3.238s
2025-03-06 07:05:04.314 70976 INFO tempest.lib.common.rest_client [req-b34e1989-754d-4c0a-b470-7da1d81a7793 req-b34e1989-754d-4c0a-b470-7da1d81a7793 ] Request (QuotasAdminNegativeTest:test_create_server_when_instances_quota_is_full): 200 GET http://10.180.1.21/compute/v2.1/os-quota-sets/2f8fb4901163477c841b8a2792cbe316 2.970s
2025-03-06 07:05:04.384 70993 INFO tempest.lib.common.rest_client [req-11cb422a-e0a8-4b9b-9949-d49ad9f095ea req-11cb422a-e0a8-4b9b-9949-d49ad9f095ea ] Request (ServerActionsTestOtherA:setUpClass): 200 GET http://10.180.1.21/compute/v2.1/servers/a87dd387-3180-4e07-b0e8-7c750721ce9c 2.527s
2025-03-06 07:05:04.388 71001 INFO tempest.lib.common.rest_client [req-cf84a162-bae2-4ba5-8505-7b45fb47e2b2 req-cf84a162-bae2-4ba5-8505-7b45fb47e2b2 ] Request (ServicesAdminNegativeTestJSON:tearDownClass): 204 DELETE http://10.180.1.21:9696/networking/v2.0/security-groups/35071ce3-4d07-4247-a45e-48d09fdade62 0.185s
2025-03-06 07:05:04.394 70982 INFO tempest.lib.common.rest_client [req-a9f488f7-5ae1-4122-ac1c-efaf1c4d2990 req-a9f488f7-5ae1-4122-ac1c-efaf1c4d2990 ] Request (ServicesAdminNegativeV253TestJSON:tearDownClass): 200 GET http://10.180.1.21:9696/networking/v2.0/security-groups?tenant_id=ea89f867fa4b4bf698ae290410604422&name=default 0.314s
2025-03-06 07:05:04.483 70982 INFO tempest.lib.common.rest_client [req-d61d5702-8b6e-4286-b185-85b14470bd9d req-d61d5702-8b6e-4286-b185-85b14470bd9d ] Request (ServicesAdminNegativeV253TestJSON:tearDownClass): 204 DELETE http://10.180.1.21:9696/networking/v2.0/security-groups/9b1ccc6e-cee3-4270-9fad-11c54bdc4db9 0.089s
2025-03-06 07:05:04.507 71001 INFO tempest.lib.common.rest_client [req-0b1e0119-6d83-4434-bac7-ecbe4a6c99d0 req-0b1e0119-6d83-4434-bac7-ecbe4a6c99d0 ] Request (ServicesAdminNegativeTestJSON:tearDownClass): 204 DELETE http://10.180.1.21/identity/v3/projects/9def88ea752e40c992e77186f7c4b5db 0.119s
2025-03-06 07:05:04.570 71001 INFO tempest.lib.common.rest_client [req-399cc3b8-73b2-4026-a35e-d918342741d3 req-399cc3b8-73b2-4026-a35e-d918342741d3 ] Request (ImagesOneServerTestJSON:setUpClass): 201 POST http://10.180.1.21/identity/v3/auth/tokens 0.062s
2025-03-06 07:05:04.581 70982 INFO tempest.lib.common.rest_client [req-57b84a76-dc29-4d40-a1d8-715aa720a10a req-57b84a76-dc29-4d40-a1d8-715aa720a10a ] Request (ServicesAdminNegativeV253TestJSON:tearDownClass): 204 DELETE http://10.180.1.21/identity/v3/projects/ea89f867fa4b4bf698ae290410604422 0.097s
2025-03-06 07:05:04.630 71001 INFO tempest.lib.common.rest_client [req-96c9ca7e-c2e5-4988-b9d8-6bf5d7b309cf req-96c9ca7e-c2e5-4988-b9d8-6bf5d7b309cf ] Request (ImagesOneServerTestJSON:setUpClass): 201 POST http://10.180.1.21/identity/v3/auth/tokens 0.058s
2025-03-06 07:05:04.635 70958 INFO tempest.lib.common.rest_client [req-9e9cf44d-3d11-47c7-a1b9-2c84fedd5743 req-9e9cf44d-3d11-47c7-a1b9-2c84fedd5743 ] Request (ServerDiagnosticsV248Test:test_get_server_diagnostics): 200 GET http://10.180.1.21/compute/v2.1/servers/5ef10fea-a884-4f04-9db2-01ebc584e0af/diagnostics 3.591s
2025-03-06 07:05:04.668 70982 INFO tempest.lib.common.rest_client [req-1727ee25-d829-43e1-b991-4857e7ee936e req-1727ee25-d829-43e1-b991-4857e7ee936e ] Request (FloatingIPDetailsNegativeTestJSON:setUpClass): 201 POST http://10.180.1.21/identity/v3/auth/tokens 0.084s
2025-03-06 07:05:04.668 71001 INFO tempest.lib.common.rest_client [req-d79e2dde-abb5-4db7-bb4d-c6ecaee318e5 req-d79e2dde-abb5-4db7-bb4d-c6ecaee318e5 ] Request (ImagesOneServerTestJSON:setUpClass): 200 GET http://10.180.1.21/identity/v3/domains?name=Default 0.037s
2025-03-06 07:05:04.710 70982 INFO tempest.lib.common.rest_client [req-f8202c9b-80ca-46c5-bb64-b03efbec2d8f req-f8202c9b-80ca-46c5-bb64-b03efbec2d8f ] Request (FloatingIPDetailsNegativeTestJSON:setUpClass): 201 POST http://10.180.1.21/identity/v3/auth/tokens 0.037s
2025-03-06 07:05:04.711 71001 INFO tempest.lib.common.rest_client [req-8f22908c-de84-4001-93ea-67f4f6482985 req-8f22908c-de84-4001-93ea-67f4f6482985 ] Request (ImagesOneServerTestJSON:setUpClass): 201 POST http://10.180.1.21/identity/v3/projects 0.042s
2025-03-06 07:05:04.780 71001 INFO tempest.lib.common.rest_client [req-a2a87c41-8691-4543-ac79-66fa6659ee59 req-a2a87c41-8691-4543-ac79-66fa6659ee59 ] Request (ImagesOneServerTestJSON:setUpClass): 201 POST http://10.180.1.21/identity/v3/users 0.068s
2025-03-06 07:05:04.795 70982 INFO tempest.lib.common.rest_client [req-2d520d00-eef1-4c89-aac1-f94370cd4319 req-2d520d00-eef1-4c89-aac1-f94370cd4319 ] Request (FloatingIPDetailsNegativeTestJSON:setUpClass): 200 GET http://10.180.1.21/identity/v3/domains?name=Default 0.084s
2025-03-06 07:05:04.808 71001 INFO tempest.lib.common.rest_client [req-411c1bdc-e10a-4e7e-bf5c-2bbafb01bcee req-411c1bdc-e10a-4e7e-bf5c-2bbafb01bcee ] Request (ImagesOneServerTestJSON:setUpClass): 200 GET http://10.180.1.21/identity/v3/roles 0.027s
2025-03-06 07:05:04.832 70982 INFO tempest.lib.common.rest_client [req-f17838cb-479c-49a3-bf3f-ad62f31969da req-f17838cb-479c-49a3-bf3f-ad62f31969da ] Request (FloatingIPDetailsNegativeTestJSON:setUpClass): 201 POST http://10.180.1.21/identity/v3/projects 0.037s
2025-03-06 07:05:04.839 71001 INFO tempest.lib.common.rest_client [req-3c5cd4c4-ea0c-48fd-9536-9cab1a35a568 req-3c5cd4c4-ea0c-48fd-9536-9cab1a35a568 ] Request (ImagesOneServerTestJSON:setUpClass): 204 PUT http://10.180.1.21/identity/v3/projects/5d04fec406b54cd89d0147362843be5b/users/d0ae72a13f79451088696b247baa5cff/roles/0811f429a2fe4c58a4669938c1e81f02 0.030s
2025-03-06 07:05:04.839 71001 INFO tempest.lib.common.dynamic_creds [-] Dynamic test user d0ae72a13f79451088696b247baa5cff is created with scope project and roles: ['member']
2025-03-06 07:05:04.839 71001 INFO tempest.lib.common.dynamic_creds [-] Acquired dynamic creds: credentials: Credentials: {'domain_id': 'default', 'domain_name': 'Default', 'username': 'tempest-ImagesOneServerTestJSON-2074339421-project-member', 'project_domain_id': 'default', 'project_domain_name': 'Default', 'project_id': '5d04fec406b54cd89d0147362843be5b', 'project_name': 'tempest-ImagesOneServerTestJSON-2074339421', 'tenant_id': '5d04fec406b54cd89d0147362843be5b', 'tenant_name': 'tempest-ImagesOneServerTestJSON-2074339421', 'user_domain_id': 'default', 'user_domain_name': 'Default', 'user_id': 'd0ae72a13f79451088696b247baa5cff', 'system': None}, Network: None, Subnet: None, Router: None
2025-03-06 07:05:04.840 70992 INFO tempest.lib.common.rest_client [req-9716f516-ec00-4121-8cbd-72ea1aead02c req-9716f516-ec00-4121-8cbd-72ea1aead02c ] Request (ServerExternalEventsTest:test_create_server_external_events): 200 GET http://10.180.1.21/compute/v2.1/servers/6ea30732-9561-4e45-8825-88f318a82ab6 2.858s
2025-03-06 07:05:04.878 70960 INFO tempest.lib.common.rest_client [req-3c58e697-0fc3-4cc7-9954-2843096d3149 req-3c58e697-0fc3-4cc7-9954-2843096d3149 ] Request (ServersAdminNegativeTestJSON:setUpClass): 200 GET http://10.180.1.21/compute/v2.1/servers/f72b1f19-1095-4ba2-9835-77c6e45dcb0b 2.908s
2025-03-06 07:05:04.898 71001 INFO tempest.lib.common.rest_client [req-6877c6b6-0557-426b-aef3-4e1eeaa04f56 req-6877c6b6-0557-426b-aef3-4e1eeaa04f56 ] Request (ImagesOneServerTestJSON:setUpClass): 201 POST http://10.180.1.21/identity/v3/auth/tokens 0.058s
2025-03-06 07:05:04.911 70952 INFO tempest.lib.common.rest_client [req-230feb13-ac5f-4ff9-995e-110ba49b6729 req-230feb13-ac5f-4ff9-995e-110ba49b6729 ] Request (ServerDiagnosticsTest:test_get_server_diagnostics): 200 GET http://10.180.1.21/compute/v2.1/servers/031e2546-99d7-4602-8aec-b0b108a31fe4 2.903s
2025-03-06 07:05:04.920 70982 INFO tempest.lib.common.rest_client [req-ef8b2e07-2a84-4692-8258-f78c223ec6e1 req-ef8b2e07-2a84-4692-8258-f78c223ec6e1 ] Request (FloatingIPDetailsNegativeTestJSON:setUpClass): 201 POST http://10.180.1.21/identity/v3/users 0.087s
2025-03-06 07:05:04.921 70956 INFO tempest.lib.common.rest_client [req-c8b46117-4905-4f8b-9e6d-71577b2130ae req-c8b46117-4905-4f8b-9e6d-71577b2130ae ] Request (AggregatesAdminNegativeTestJSON:test_aggregate_create_aggregate_name_length_exceeds_255): 400 POST http://10.180.1.21/compute/v2.1/os-aggregates 2.642s
2025-03-06 07:05:04.942 70981 INFO tempest.lib.common.rest_client [req-631e462b-e1e6-46bc-a04d-c30ceb65e8a4 req-631e462b-e1e6-46bc-a04d-c30ceb65e8a4 ] Request (FlavorsExtraSpecsTestJSON:tearDownClass): 202 DELETE http://10.180.1.21/compute/v2.1/flavors/577831759 2.641s
2025-03-06 07:05:04.993 70982 INFO tempest.lib.common.rest_client [req-3e5d4401-8ec0-4e42-8105-ed8aaa040f94 req-3e5d4401-8ec0-4e42-8105-ed8aaa040f94 ] Request (FloatingIPDetailsNegativeTestJSON:setUpClass): 200 GET http://10.180.1.21/identity/v3/roles 0.072s
2025-03-06 07:05:05.024 70982 INFO tempest.lib.common.rest_client [req-9b948c56-a659-4bd1-8254-e33e63a3b7ec req-9b948c56-a659-4bd1-8254-e33e63a3b7ec ] Request (FloatingIPDetailsNegativeTestJSON:setUpClass): 204 PUT http://10.180.1.21/identity/v3/projects/a9e95057e2574819a2b7665875314270/users/2f1410f979244d209212d1ad32b252cf/roles/0811f429a2fe4c58a4669938c1e81f02 0.031s
2025-03-06 07:05:05.024 70982 INFO tempest.lib.common.dynamic_creds [-] Dynamic test user 2f1410f979244d209212d1ad32b252cf is created with scope project and roles: ['member']
2025-03-06 07:05:05.024 70982 INFO tempest.lib.common.dynamic_creds [-] Acquired dynamic creds: credentials: Credentials: {'domain_id': 'default', 'domain_name': 'Default', 'username': 'tempest-FloatingIPDetailsNegativeTestJSON-307659483-project-member', 'project_domain_id': 'default', 'project_domain_name': 'Default', 'project_id': 'a9e95057e2574819a2b7665875314270', 'project_name': 'tempest-FloatingIPDetailsNegativeTestJSON-307659483', 'tenant_id': 'a9e95057e2574819a2b7665875314270', 'tenant_name': 'tempest-FloatingIPDetailsNegativeTestJSON-307659483', 'user_domain_id': 'default', 'user_domain_name': 'Default', 'user_id': '2f1410f979244d209212d1ad32b252cf', 'system': None}, Network: None, Subnet: None, Router: None
2025-03-06 07:05:05.044 70984 INFO tempest.lib.common.rest_client [req-fd2d14e1-38bd-44be-b91e-09d54bdba9ed req-fd2d14e1-38bd-44be-b91e-09d54bdba9ed ] Request (ServersTestManualDisk:setUpClass): 200 POST http://10.180.1.21/compute/v2.1/os-keypairs 2.865s
2025-03-06 07:05:05.085 70982 INFO tempest.lib.common.rest_client [req-f860e9ef-9ee0-4524-a466-2d8e186e2f83 req-f860e9ef-9ee0-4524-a466-2d8e186e2f83 ] Request (FloatingIPDetailsNegativeTestJSON:setUpClass): 201 POST http://10.180.1.21/identity/v3/auth/tokens 0.061s
2025-03-06 07:05:05.290 70984 INFO tempest.lib.common.rest_client [req-af2912a5-40ba-4a3f-8b4f-2aca0b90b49f req-af2912a5-40ba-4a3f-8b4f-2aca0b90b49f ] Request (ServersTestManualDisk:setUpClass): 201 POST http://10.180.1.21:9696/networking/v2.0/security-groups 0.244s
2025-03-06 07:05:05.370 70986 INFO tempest.lib.common.rest_client [req-8e3eea75-7d2e-408e-ad1f-54fb28493e35 req-8e3eea75-7d2e-408e-ad1f-54fb28493e35 ] Request (ImagesOneServerNegativeTestJSON:setUpClass): 200 GET http://10.180.1.21/compute/v2.1/servers/65316bf8-eb2d-4ff5-95a4-53d82fd65a99 2.927s
2025-03-06 07:05:05.378 70986 INFO tempest.common.waiters [-] State transition "BUILD/None" ==> "BUILD/spawning" after 16 second wait
2025-03-06 07:05:05.408 70950 INFO tempest.lib.common.rest_client [req-ab542aa4-fa23-4056-9861-39c03aafcf0b req-ab542aa4-fa23-4056-9861-39c03aafcf0b ] Request (TenantUsagesTestJSON:test_get_usage_tenant_with_non_admin_user): 200 GET http://10.180.1.21/compute/v2.1/os-simple-tenant-usage/582fa0e2e83d4d9795d20f295b246b6b?start=2025-03-05T07%3A04%3A59.852635&end=2025-03-07T07%3A04%3A59.852635 2.519s
2025-03-06 07:05:05.526 70940 INFO tempest.lib.common.rest_client [req-9684239b-c36e-4e26-94e3-aa6d52df5ffb req-9684239b-c36e-4e26-94e3-aa6d52df5ffb ] Request (TenantUsagesNegativeTestJSON:test_list_usage_all_tenants_with_non_admin_user): 403 GET http://10.180.1.21/compute/v2.1/os-simple-tenant-usage?start=2025-03-05T07%3A04%3A56.765809&end=2025-03-07T07%3A04%3A56.765809&detailed=1 2.630s
2025-03-06 07:05:05.565 70970 INFO tempest.lib.common.rest_client [req-8da99d27-e859-437f-bbf7-9d473064e3f8 req-8da99d27-e859-437f-bbf7-9d473064e3f8 ] Request (KeyPairsV210TestJSON:_run_cleanups): 204 DELETE http://10.180.1.21/compute/v2.1/os-keypairs/tempest-keypair-810104888?user_id=b1867491869e4fb0a4d2d9b32921d0a9 2.638s
2025-03-06 07:05:05.567 71001 INFO tempest.lib.common.rest_client [req-ad1a623a-48c0-4370-bb52-82f7c6b1c0fb req-ad1a623a-48c0-4370-bb52-82f7c6b1c0fb ] Request (ImagesOneServerTestJSON:setUpClass): 201 POST http://10.180.1.21:9696/networking/v2.0/networks 0.668s
2025-03-06 07:05:05.590 70984 INFO tempest.lib.common.rest_client [req-952ae2aa-85d7-42dd-af68-b9932b739fef req-952ae2aa-85d7-42dd-af68-b9932b739fef ] Request (ServersTestManualDisk:setUpClass): 201 POST http://10.180.1.21:9696/networking/v2.0/security-group-rules 0.299s
2025-03-06 07:05:05.593 70982 INFO tempest.lib.common.rest_client [req-e4363416-0812-49f8-8ba4-8f3c27a53096 req-e4363416-0812-49f8-8ba4-8f3c27a53096 ] Request (FloatingIPDetailsNegativeTestJSON:setUpClass): 201 POST http://10.180.1.21:9696/networking/v2.0/networks 0.507s
2025-03-06 07:05:05.641 70940 INFO tempest.lib.common.rest_client [req-56f59640-ac86-479d-818d-852c3ca97c5d req-56f59640-ac86-479d-818d-852c3ca97c5d ] Request (TenantUsagesNegativeTestJSON:tearDownClass): 204 DELETE http://10.180.1.21/identity/v3/users/0f18264c88e0403b9354226671166bde 0.113s
2025-03-06 07:05:05.660 70964 INFO tempest.lib.common.rest_client [req-4ed9e0b6-9c8e-4802-ad57-5f2eef8f3724 req-4ed9e0b6-9c8e-4802-ad57-5f2eef8f3724 ] Request (FloatingIPsNegativeTestJSON:setUpClass): 201 POST http://10.180.1.21:9696/networking/v2.0/routers 1.865s
2025-03-06 07:05:05.664 70944 INFO tempest.lib.common.rest_client [req-810fb1b7-38d2-4e9b-9e4c-a06c900d5817 req-810fb1b7-38d2-4e9b-9e4c-a06c900d5817 ] Request (VolumesAssistedSnapshotsTest:test_volume_assisted_snapshot_create_delete): 200 GET http://10.180.1.21/compute/v2.1/servers/ef42669b-9878-416c-b719-6a4b54802053 2.689s
