2025-03-06 07:04:48.094 70954 INFO tempest.lib.common.dynamic_creds [-] Acquired dynamic creds: credentials: Credentials: {'domain_id': 'default', 'domain_name': 'Default', 'username': 'tempest-InstanceUsageAuditLogTestJSON-523678600-project-member', 'project_domain_id': 'default', 'project_domain_name': 'Default', 'project_id': '22146a1ef5ed4d1599854805a30d068d', 'project_name': 'tempest-InstanceUsageAuditLogTestJSON-523678600', 'tenant_id': '22146a1ef5ed4d1599854805a30d068d', 'tenant_name': 'tempest-InstanceUsageAuditLogTestJSON-523678600', 'user_domain_id': 'default', 'user_domain_name': 'Default', 'user_id': '735e9dfe2abe42269bd65a5084dff03d', 'system': None}, Network: None, Subnet: None, Router: None
2025-03-06 07:04:48.094 70954 INFO tempest.lib.common.dynamic_creds [-] Created isolated network resources for: credentials: Credentials: {'domain_id': 'default', 'domain_name': 'Default', 'username': 'tempest-InstanceUsageAuditLogTestJSON-523678600-project-member', 'project_domain_id': 'default', 'project_domain_name': 'Default', 'project_id': '22146a1ef5ed4d1599854805a30d068d', 'project_name': 'tempest-InstanceUsageAuditLogTestJSON-523678600', 'tenant_id': '22146a1ef5ed4d1599854805a30d068d', 'tenant_name': 'tempest-InstanceUsageAuditLogTestJSON-523678600', 'user_domain_id': 'default', 'user_domain_name': 'Default', 'user_id': '735e9dfe2abe42269bd65a5084dff03d', 'system': None}, Network: None, Subnet: None, Router: None
2025-03-06 07:04:48.095 70997 INFO tempest.lib.common.rest_client [req-587de9ee-0af4-418a-a19d-b5805cafe235 req-587de9ee-0af4-418a-a19d-b5805cafe235 ] Request (AttachInterfacesTestJSON:setUpClass): 201 POST http://10.180.1.21/identity/v3/users 0.236s
2025-03-06 07:04:48.102 70948 INFO tempest.lib.common.rest_client [req-52d3ddc2-fe00-4d9b-a526-073a25dfab0a req-52d3ddc2-fe00-4d9b-a526-073a25dfab0a ] Request (AttachInterfacesV270Test:test_create_get_list_interfaces): 200 GET http://10.180.1.21/compute/v2.1/servers/3431f8d4-2a0c-4d3c-ace9-8a916f7e383f 2.825s
2025-03-06 07:04:48.150 70968 INFO tempest.lib.common.rest_client [req-b8703946-e28c-4c34-a37e-c3373e137562 req-b8703946-e28c-4c34-a37e-c3373e137562 ] Request (FlavorsAccessNegativeTestJSON:_run_cleanups): 202 DELETE http://10.180.1.21/compute/v2.1/flavors/1667220127 2.721s
2025-03-06 07:04:48.189 70944 INFO tempest.lib.common.rest_client [req-33e2ae03-7166-4a65-8539-8d4517f34058 req-33e2ae03-7166-4a65-8539-8d4517f34058 ] Request (VolumesAssistedSnapshotsTest:test_volume_assisted_snapshot_create_delete): 202 POST http://10.180.1.21/volume/v3/volumes 0.770s
2025-03-06 07:04:48.211 70970 INFO tempest.lib.common.rest_client [req-67f8e739-87d3-4bda-9657-560d2497fe37 req-67f8e739-87d3-4bda-9657-560d2497fe37 ] Request (KeyPairsV210TestJSON:setUpClass): 201 POST http://10.180.1.21/identity/v3/auth/tokens 0.272s
2025-03-06 07:04:48.252 70988 INFO tempest.lib.common.rest_client [req-55719409-446c-473c-848f-f94e5f5f9850 req-55719409-446c-473c-848f-f94e5f5f9850 ] Request (QuotasAdminTestJSON:setUpClass): 200 GET http://10.180.1.21/identity/v3/roles 0.350s
2025-03-06 07:04:48.256 70972 INFO tempest.lib.common.rest_client [req-bad566ab-f752-4e33-9f5c-668ad1d050d3 req-bad566ab-f752-4e33-9f5c-668ad1d050d3 ] Request (NetworksTest:setUpClass): 200 GET http://10.180.1.21/identity/v3/roles 0.274s
2025-03-06 07:04:48.284 70997 INFO tempest.lib.common.rest_client [req-8c171f8e-9b72-4f67-a6b6-e914696450b8 req-8c171f8e-9b72-4f67-a6b6-e914696450b8 ] Request (AttachInterfacesTestJSON:setUpClass): 200 GET http://10.180.1.21/identity/v3/roles 0.188s
2025-03-06 07:04:48.296 70944 INFO tempest.lib.common.rest_client [req-bd79c314-6213-437a-9c35-f9e6c247004a req-bd79c314-6213-437a-9c35-f9e6c247004a ] Request (VolumesAssistedSnapshotsTest:test_volume_assisted_snapshot_create_delete): 200 GET http://10.180.1.21/volume/v3/volumes/804fdb9c-bb99-420b-b41f-7e3191df54c4 0.100s
2025-03-06 07:04:48.301 70946 INFO tempest.lib.common.rest_client [req-1e2deae1-c361-449c-860b-f91113aeb630 req-1e2deae1-c361-449c-860b-f91113aeb630 ] Request (DeleteServersAdminTestJSON:test_admin_delete_servers_of_others): 200 GET http://10.180.1.21/compute/v2.1/servers/91a0e319-bba4-48ab-a0c0-6f441c343990 2.861s
2025-03-06 07:04:48.317 70999 INFO tempest.lib.common.rest_client [req-8eb386fd-3c1b-4bba-ab24-2f6be7c9cf64 req-8eb386fd-3c1b-4bba-ab24-2f6be7c9cf64 ] Request (QuotasAdminTestV257:setUpClass): 201 POST http://10.180.1.21/identity/v3/users 0.281s
2025-03-06 07:04:48.339 70956 INFO tempest.lib.common.rest_client [req-8679a425-001c-45ff-a543-fd892e34220e req-8679a425-001c-45ff-a543-fd892e34220e ] Request (AggregatesAdminNegativeTestJSON:_run_cleanups): 200 DELETE http://10.180.1.21/compute/v2.1/os-aggregates/1 2.853s
2025-03-06 07:04:48.343 70940 INFO tempest.lib.common.rest_client [req-9f4c2d08-d513-4660-8d63-9d5a5613087f req-9f4c2d08-d513-4660-8d63-9d5a5613087f ] Request (HypervisorAdminNegativeTestJSON:test_get_nonexistent_hypervisor_uptime): 404 GET http://10.180.1.21/compute/v2.1/os-hypervisors/9e0e46f9-8094-4cd8-bcd2-cab567dddd8a/uptime 2.852s
2025-03-06 07:04:48.372 70981 INFO tempest.lib.common.rest_client [req-b6ccca81-13cc-47e6-916d-945308c57143 req-b6ccca81-13cc-47e6-916d-945308c57143 ] Request (FlavorsExtraSpecsTestJSON:test_flavor_set_get_update_show_unset_keys): 200 POST http://10.180.1.21/compute/v2.1/flavors/577831759/os-extra_specs 2.862s
2025-03-06 07:04:48.372 70970 INFO tempest.lib.common.rest_client [req-4429c599-7208-467e-b5a1-d3951ffd9007 req-4429c599-7208-467e-b5a1-d3951ffd9007 ] Request (KeyPairsV210TestJSON:setUpClass): 200 GET http://10.180.1.21/identity/v3/domains?name=Default 0.160s
2025-03-06 07:04:48.396 70954 INFO tempest.lib.common.rest_client [req-54d267ae-5596-4f31-8e10-328be9f9deb4 req-54d267ae-5596-4f31-8e10-328be9f9deb4 ] Request (InstanceUsageAuditLogTestJSON:setUpClass): 201 POST http://10.180.1.21/identity/v3/auth/tokens 0.298s
2025-03-06 07:04:48.401 70982 INFO tempest.lib.common.rest_client [req-6aa61eb3-3749-49f2-8a67-74f28a759cd9 req-6aa61eb3-3749-49f2-8a67-74f28a759cd9 ] Request (ServicesAdminNegativeV253TestJSON:test_get_service_by_invalid_params): 200 GET http://10.180.1.21/compute/v2.1/os-services 2.842s
2025-03-06 07:04:48.415 70972 INFO tempest.lib.common.rest_client [req-332d50a4-4c27-482b-bf8e-a1e8719b7efe req-332d50a4-4c27-482b-bf8e-a1e8719b7efe ] Request (NetworksTest:setUpClass): 204 PUT http://10.180.1.21/identity/v3/projects/1cc7e6872c224a848168a245ee4e1b6f/users/aad7188f85b84a89af2a5f759e339df5/roles/12fc0df6206b4715b2fa4bba0f4974c1 0.158s
2025-03-06 07:04:48.415 70972 INFO tempest.lib.common.dynamic_creds [-] Dynamic test user aad7188f85b84a89af2a5f759e339df5 is created with scope project and roles: ['admin']
2025-03-06 07:04:48.416 70972 INFO tempest.lib.common.dynamic_creds [-] Acquired dynamic creds: credentials: Credentials: {'domain_id': 'default', 'domain_name': 'Default', 'username': 'tempest-NetworksTest-98072635-project-admin', 'project_domain_id': 'default', 'project_domain_name': 'Default', 'project_id': '1cc7e6872c224a848168a245ee4e1b6f', 'project_name': 'tempest-NetworksTest-98072635', 'tenant_id': '1cc7e6872c224a848168a245ee4e1b6f', 'tenant_name': 'tempest-NetworksTest-98072635', 'user_domain_id': 'default', 'user_domain_name': 'Default', 'user_id': 'aad7188f85b84a89af2a5f759e339df5', 'system': None}, Network: None, Subnet: None, Router: None
2025-03-06 07:04:48.416 70972 INFO tempest.lib.common.dynamic_creds [-] Created isolated network resources for: credentials: Credentials: {'domain_id': 'default', 'domain_name': 'Default', 'username': 'tempest-NetworksTest-98072635-project-admin', 'project_domain_id': 'default', 'project_domain_name': 'Default', 'project_id': '1cc7e6872c224a848168a245ee4e1b6f', 'project_name': 'tempest-NetworksTest-98072635', 'tenant_id': '1cc7e6872c224a848168a245ee4e1b6f', 'tenant_name': 'tempest-NetworksTest-98072635', 'user_domain_id': 'default', 'user_domain_name': 'Default', 'user_id': 'aad7188f85b84a89af2a5f759e339df5', 'system': None}, Network: None, Subnet: None, Router: None
2025-03-06 07:04:48.417 70988 INFO tempest.lib.common.rest_client [req-2ec9559d-6973-401c-a7c4-df2cd1140099 req-2ec9559d-6973-401c-a7c4-df2cd1140099 ] Request (QuotasAdminTestJSON:setUpClass): 204 PUT http://10.180.1.21/identity/v3/projects/a7a5c92f72d344bea4fee74322805ad1/users/4b7d357db0524ad6af13ef43b7b1913a/roles/12fc0df6206b4715b2fa4bba0f4974c1 0.164s
2025-03-06 07:04:48.417 70988 INFO tempest.lib.common.dynamic_creds [-] Dynamic test user 4b7d357db0524ad6af13ef43b7b1913a is created with scope project and roles: ['admin']
2025-03-06 07:04:48.417 70988 INFO tempest.lib.common.dynamic_creds [-] Acquired dynamic creds: credentials: Credentials: {'domain_id': 'default', 'domain_name': 'Default', 'username': 'tempest-QuotasAdminTestJSON-2045935429-project-admin', 'project_domain_id': 'default', 'project_domain_name': 'Default', 'project_id': 'a7a5c92f72d344bea4fee74322805ad1', 'project_name': 'tempest-QuotasAdminTestJSON-2045935429', 'tenant_id': 'a7a5c92f72d344bea4fee74322805ad1', 'tenant_name': 'tempest-QuotasAdminTestJSON-2045935429', 'user_domain_id': 'default', 'user_domain_name': 'Default', 'user_id': '4b7d357db0524ad6af13ef43b7b1913a', 'system': None}, Network: None, Subnet: None, Router: None
2025-03-06 07:04:48.417 70988 INFO tempest.lib.common.dynamic_creds [-] Created isolated network resources for: credentials: Credentials: {'domain_id': 'default', 'domain_name': 'Default', 'username': 'tempest-QuotasAdminTestJSON-2045935429-project-admin', 'project_domain_id': 'default', 'project_domain_name': 'Default', 'project_id': 'a7a5c92f72d344bea4fee74322805ad1', 'project_name': 'tempest-QuotasAdminTestJSON-2045935429', 'tenant_id': 'a7a5c92f72d344bea4fee74322805ad1', 'tenant_name': 'tempest-QuotasAdminTestJSON-2045935429', 'user_domain_id': 'default', 'user_domain_name': 'Default', 'user_id': '4b7d357db0524ad6af13ef43b7b1913a', 'system': None}, Network: None, Subnet: None, Router: None
2025-03-06 07:04:48.486 70997 INFO tempest.lib.common.rest_client [req-3813b2c3-c1bc-4cea-9527-69b40d906441 req-3813b2c3-c1bc-4cea-9527-69b40d906441 ] Request (AttachInterfacesTestJSON:setUpClass): 204 PUT http://10.180.1.21/identity/v3/projects/f91444c4a72e46ca99221b0e4aca52d9/users/20f17ba860004f43b5562df50dde7a14/roles/0811f429a2fe4c58a4669938c1e81f02 0.202s
2025-03-06 07:04:48.487 70997 INFO tempest.lib.common.dynamic_creds [-] Dynamic test user 20f17ba860004f43b5562df50dde7a14 is created with scope project and roles: ['member']
2025-03-06 07:04:48.487 70997 INFO tempest.lib.common.dynamic_creds [-] Acquired dynamic creds: credentials: Credentials: {'domain_id': 'default', 'domain_name': 'Default', 'username': 'tempest-AttachInterfacesTestJSON-1554593753-project-member', 'project_domain_id': 'default', 'project_domain_name': 'Default', 'project_id': 'f91444c4a72e46ca99221b0e4aca52d9', 'project_name': 'tempest-AttachInterfacesTestJSON-1554593753', 'tenant_id': 'f91444c4a72e46ca99221b0e4aca52d9', 'tenant_name': 'tempest-AttachInterfacesTestJSON-1554593753', 'user_domain_id': 'default', 'user_domain_name': 'Default', 'user_id': '20f17ba860004f43b5562df50dde7a14', 'system': None}, Network: None, Subnet: None, Router: None
2025-03-06 07:04:48.490 70999 INFO tempest.lib.common.rest_client [req-81f13743-f7fa-4b94-9148-bb92dd8d1e1b req-81f13743-f7fa-4b94-9148-bb92dd8d1e1b ] Request (QuotasAdminTestV257:setUpClass): 200 GET http://10.180.1.21/identity/v3/roles 0.172s
2025-03-06 07:04:48.551 70954 INFO tempest.lib.common.rest_client [req-26554f42-bf5c-453c-bfd7-de06132ae428 req-26554f42-bf5c-453c-bfd7-de06132ae428 ] Request (InstanceUsageAuditLogTestJSON:setUpClass): 201 POST http://10.180.1.21/identity/v3/projects 0.155s
2025-03-06 07:04:48.553 70970 INFO tempest.lib.common.rest_client [req-6c74d543-44e6-48e9-a7e9-2ac650dff0f1 req-6c74d543-44e6-48e9-a7e9-2ac650dff0f1 ] Request (KeyPairsV210TestJSON:setUpClass): 201 POST http://10.180.1.21/identity/v3/projects 0.180s
2025-03-06 07:04:48.623 70988 INFO tempest.lib.common.rest_client [req-a22fe4dc-3924-4444-906b-c594d14c24df req-a22fe4dc-3924-4444-906b-c594d14c24df ] Request (QuotasAdminTestJSON:setUpClass): 201 POST http://10.180.1.21/identity/v3/auth/tokens 0.203s
2025-03-06 07:04:48.624 70988 WARNING tempest.lib.common.rest_client [-] Deprecated: "tenant_id" property is deprecated for removal, use "project_id" instead
2025-03-06 07:04:48.690 70972 INFO tempest.lib.common.rest_client [req-e3b94acf-ea14-4da4-874c-bdf31039c3f1 req-e3b94acf-ea14-4da4-874c-bdf31039c3f1 ] Request (NetworksTest:setUpClass): 201 POST http://10.180.1.21/identity/v3/auth/tokens 0.270s
2025-03-06 07:04:48.752 70942 INFO tempest.lib.common.rest_client [req-0206b0fe-1bbb-4942-bc85-e14283fd6d99 req-0206b0fe-1bbb-4942-bc85-e14283fd6d99 ] Request (SecurityGroupsTestAdminJSON:test_list_security_groups_list_all_tenants_filter): 200 GET http://10.180.1.21/compute/v2.1/os-security-groups?all_tenants=true 3.696s
2025-03-06 07:04:48.763 70997 INFO tempest.lib.common.rest_client [req-c265326f-92ad-497a-ae90-cc829db06856 req-c265326f-92ad-497a-ae90-cc829db06856 ] Request (AttachInterfacesTestJSON:setUpClass): 201 POST http://10.180.1.21/identity/v3/auth/tokens 0.276s
2025-03-06 07:04:48.790 71001 INFO tempest.lib.common.rest_client [req-63d4f065-0d9f-435e-880c-08ed6ffcd2b8 req-63d4f065-0d9f-435e-880c-08ed6ffcd2b8 ] Request (ServicesAdminNegativeTestJSON:test_get_service_by_invalid_params): 200 GET http://10.180.1.21/compute/v2.1/os-services 2.945s
2025-03-06 07:04:48.811 70954 INFO tempest.lib.common.rest_client [req-c1dbea9d-affa-48b7-b42d-8f6a821ed5a0 req-c1dbea9d-affa-48b7-b42d-8f6a821ed5a0 ] Request (InstanceUsageAuditLogTestJSON:setUpClass): 201 POST http://10.180.1.21/identity/v3/users 0.260s
2025-03-06 07:04:48.836 70970 INFO tempest.lib.common.rest_client [req-1ea43bb0-03b6-484a-87ce-57fd1b25ebe1 req-1ea43bb0-03b6-484a-87ce-57fd1b25ebe1 ] Request (KeyPairsV210TestJSON:setUpClass): 201 POST http://10.180.1.21/identity/v3/users 0.282s
2025-03-06 07:04:48.842 70958 INFO tempest.lib.common.rest_client [req-a8e52b2e-1b46-4492-8fb3-1ed4d23bc883 req-a8e52b2e-1b46-4492-8fb3-1ed4d23bc883 ] Request (ServerDiagnosticsV248Test:test_get_server_diagnostics): 200 GET http://10.180.1.21/compute/v2.1/servers/5ef10fea-a884-4f04-9db2-01ebc584e0af 2.988s
2025-03-06 07:04:48.851 70958 INFO tempest.common.waiters [-] State transition "BUILD/spawning" ==> "ACTIVE/None" after 13 second wait
2025-03-06 07:04:48.855 70999 INFO tempest.lib.common.rest_client [req-81964b15-3cdf-4d6b-bab1-8e090d0312df req-81964b15-3cdf-4d6b-bab1-8e090d0312df ] Request (QuotasAdminTestV257:setUpClass): 204 PUT http://10.180.1.21/identity/v3/projects/a1cd84dfa9d64317ad0db0086470948c/users/f364462269334722b5de482c2a12a3bc/roles/0811f429a2fe4c58a4669938c1e81f02 0.365s
2025-03-06 07:04:48.855 70999 INFO tempest.lib.common.dynamic_creds [-] Dynamic test user f364462269334722b5de482c2a12a3bc is created with scope project and roles: ['member']
2025-03-06 07:04:48.855 70999 INFO tempest.lib.common.dynamic_creds [-] Acquired dynamic creds: credentials: Credentials: {'domain_id': 'default', 'domain_name': 'Default', 'username': 'tempest-QuotasAdminTestV257-545203116-project-member', 'project_domain_id': 'default', 'project_domain_name': 'Default', 'project_id': 'a1cd84dfa9d64317ad0db0086470948c', 'project_name': 'tempest-QuotasAdminTestV257-545203116', 'tenant_id': 'a1cd84dfa9d64317ad0db0086470948c', 'tenant_name': 'tempest-QuotasAdminTestV257-545203116', 'user_domain_id': 'default', 'user_domain_name': 'Default', 'user_id': 'f364462269334722b5de482c2a12a3bc', 'system': None}, Network: None, Subnet: None, Router: None
2025-03-06 07:04:48.855 70999 INFO tempest.lib.common.dynamic_creds [-] Created isolated network resources for: credentials: Credentials: {'domain_id': 'default', 'domain_name': 'Default', 'username': 'tempest-QuotasAdminTestV257-545203116-project-member', 'project_domain_id': 'default', 'project_domain_name': 'Default', 'project_id': 'a1cd84dfa9d64317ad0db0086470948c', 'project_name': 'tempest-QuotasAdminTestV257-545203116', 'tenant_id': 'a1cd84dfa9d64317ad0db0086470948c', 'tenant_name': 'tempest-QuotasAdminTestV257-545203116', 'user_domain_id': 'default', 'user_domain_name': 'Default', 'user_id': 'f364462269334722b5de482c2a12a3bc', 'system': None}, Network: None, Subnet: None, Router: None
2025-03-06 07:04:48.864 70988 INFO tempest.lib.common.rest_client [req-2b1054d8-8bc1-41ca-815a-7db7d0555bf2 req-2b1054d8-8bc1-41ca-815a-7db7d0555bf2 ] Request (QuotasAdminTestJSON:test_delete_quota): 200 GET http://10.180.1.21/identity/v3/domains?name=Default 0.239s
2025-03-06 07:04:48.897 70995 INFO tempest.lib.common.rest_client [req-795eee49-27fd-41e8-9137-6eadc532e6fa req-795eee49-27fd-41e8-9137-6eadc532e6fa ] Request (FloatingIPsAssociationTestJSON:setUpClass): 200 GET http://10.180.1.21/compute/v2.1/servers/52549292-e7ec-4c7c-890b-2e6d59f0502b 2.898s
2025-03-06 07:04:48.916 70954 INFO tempest.lib.common.rest_client [req-b71f386a-4a51-443b-9fe6-fb293b9dce86 req-b71f386a-4a51-443b-9fe6-fb293b9dce86 ] Request (InstanceUsageAuditLogTestJSON:setUpClass): 200 GET http://10.180.1.21/identity/v3/roles 0.104s
2025-03-06 07:04:48.939 70970 INFO tempest.lib.common.rest_client [req-216ae005-0f6e-4fa7-a953-bec9f0cd66bb req-216ae005-0f6e-4fa7-a953-bec9f0cd66bb ] Request (KeyPairsV210TestJSON:setUpClass): 200 GET http://10.180.1.21/identity/v3/roles 0.102s
2025-03-06 07:04:48.995 70950 INFO tempest.lib.common.rest_client [req-a65a2a74-47a1-4b39-a97c-65bf7cedab8f req-a65a2a74-47a1-4b39-a97c-65bf7cedab8f ] Request (TenantUsagesTestJSON:setUpClass): 200 GET http://10.180.1.21/compute/v2.1/servers/1877a563-e85b-46d4-b0b6-95da7b705e53 3.073s
2025-03-06 07:04:49.001 70988 INFO tempest.lib.common.rest_client [req-c36c91e3-4b4c-455a-97ff-32e828d3083e req-c36c91e3-4b4c-455a-97ff-32e828d3083e ] Request (QuotasAdminTestJSON:test_delete_quota): 201 POST http://10.180.1.21/identity/v3/projects 0.136s
2025-03-06 07:04:49.002 70950 INFO tempest.common.waiters [-] State transition "BUILD/networking" ==> "BUILD/spawning" after 10 second wait
2025-03-06 07:04:49.013 70999 INFO tempest.lib.common.rest_client [req-21ffe85c-ad02-4a35-8a84-c0ef6e4b138f req-21ffe85c-ad02-4a35-8a84-c0ef6e4b138f ] Request (QuotasAdminTestV257:setUpClass): 201 POST http://10.180.1.21/identity/v3/auth/tokens 0.152s
2025-03-06 07:04:49.067 70954 INFO tempest.lib.common.rest_client [req-0b3f91bd-be16-46c5-b8bb-8e59738f4233 req-0b3f91bd-be16-46c5-b8bb-8e59738f4233 ] Request (InstanceUsageAuditLogTestJSON:setUpClass): 204 PUT http://10.180.1.21/identity/v3/projects/a5a2ce2650114f098b3467b22658f54a/users/8777f426f2134781802c3ebbc2d9755a/roles/12fc0df6206b4715b2fa4bba0f4974c1 0.149s
2025-03-06 07:04:49.077 70970 INFO tempest.lib.common.rest_client [req-fce8f78a-ef3e-4399-be64-2e821f2e1f8c req-fce8f78a-ef3e-4399-be64-2e821f2e1f8c ] Request (KeyPairsV210TestJSON:setUpClass): 204 PUT http://10.180.1.21/identity/v3/projects/7c5d7c8163c04953a8ac3ee0cb73e340/users/b1867491869e4fb0a4d2d9b32921d0a9/roles/0811f429a2fe4c58a4669938c1e81f02 0.138s
2025-03-06 07:04:49.078 70970 INFO tempest.lib.common.dynamic_creds [-] Dynamic test user b1867491869e4fb0a4d2d9b32921d0a9 is created with scope project and roles: ['member']
2025-03-06 07:04:49.078 70970 INFO tempest.lib.common.dynamic_creds [-] Acquired dynamic creds: credentials: Credentials: {'domain_id': 'default', 'domain_name': 'Default', 'username': 'tempest-KeyPairsV210TestJSON-1026815662-project-member', 'project_domain_id': 'default', 'project_domain_name': 'Default', 'project_id': '7c5d7c8163c04953a8ac3ee0cb73e340', 'project_name': 'tempest-KeyPairsV210TestJSON-1026815662', 'tenant_id': '7c5d7c8163c04953a8ac3ee0cb73e340', 'tenant_name': 'tempest-KeyPairsV210TestJSON-1026815662', 'user_domain_id': 'default', 'user_domain_name': 'Default', 'user_id': 'b1867491869e4fb0a4d2d9b32921d0a9', 'system': None}, Network: None, Subnet: None, Router: None
2025-03-06 07:04:49.079 70970 INFO tempest.lib.common.dynamic_creds [-] Created isolated network resources for: credentials: Credentials: {'domain_id': 'default', 'domain_name': 'Default', 'username': 'tempest-KeyPairsV210TestJSON-1026815662-project-member', 'project_domain_id': 'default', 'project_domain_name': 'Default', 'project_id': '7c5d7c8163c04953a8ac3ee0cb73e340', 'project_name': 'tempest-KeyPairsV210TestJSON-1026815662', 'tenant_id': '7c5d7c8163c04953a8ac3ee0cb73e340', 'tenant_name': 'tempest-KeyPairsV210TestJSON-1026815662', 'user_domain_id': 'default', 'user_domain_name': 'Default', 'user_id': 'b1867491869e4fb0a4d2d9b32921d0a9', 'system': None}, Network: None, Subnet: None, Router: None
2025-03-06 07:04:49.087 70992 INFO tempest.lib.common.rest_client [req-dcfa02c0-cf50-4dec-ac6a-ad9d400e1c8c req-dcfa02c0-cf50-4dec-ac6a-ad9d400e1c8c ] Request (ServerExternalEventsTest:test_create_server_external_events): 200 GET http://10.180.1.21/compute/v2.1/servers/6ea30732-9561-4e45-8825-88f318a82ab6 2.599s
2025-03-06 07:04:49.115 70993 INFO tempest.lib.common.rest_client [req-f3d65da6-7295-4386-b77b-dfc953a77545 req-f3d65da6-7295-4386-b77b-dfc953a77545 ] Request (ServerActionsTestOtherA:setUpClass): 201 POST http://10.180.1.21:9696/networking/v2.0/routers 1.573s
2025-03-06 07:04:49.117 70984 INFO tempest.lib.common.rest_client [req-283e7900-f3d1-45bc-a3ab-7d334c8a2fdc req-283e7900-f3d1-45bc-a3ab-7d334c8a2fdc ] Request (SecurityGroupsNegativeTestJSON:test_update_non_existent_security_group): 404 PUT http://10.180.1.21/compute/v2.1/os-security-groups/78863215-3148-4f2a-9ad1-2a28cdefae0d 2.559s
2025-03-06 07:04:49.149 70999 INFO tempest.lib.common.rest_client [req-8f61454f-b8ec-4538-964e-02588ad44c14 req-8f61454f-b8ec-4538-964e-02588ad44c14 ] Request (QuotasAdminTestV257:setUpClass): 201 POST http://10.180.1.21/identity/v3/projects 0.135s
2025-03-06 07:04:49.159 70988 INFO tempest.lib.common.rest_client [req-ab616dfe-0cb8-4540-930b-3deffe86dd47 req-ab616dfe-0cb8-4540-930b-3deffe86dd47 ] Request (QuotasAdminTestJSON:test_delete_quota): 200 GET http://10.180.1.21/identity/v3/domains?name=Default 0.157s
2025-03-06 07:04:49.161 70976 INFO tempest.lib.common.rest_client [req-b3a7fc82-8216-47b9-b300-1cd302677b77 req-b3a7fc82-8216-47b9-b300-1cd302677b77 ] Request (FlavorsV261TestJSON:_run_cleanups): 200 GET http://10.180.1.21/compute/v2.1/flavors/detail 2.586s
2025-03-06 07:04:49.206 70954 INFO tempest.lib.common.rest_client [req-e3325cb1-3862-4046-9ccf-1d2dc05f904c req-e3325cb1-3862-4046-9ccf-1d2dc05f904c ] Request (InstanceUsageAuditLogTestJSON:setUpClass): 200 GET http://10.180.1.21/identity/v3/roles 0.139s
2025-03-06 07:04:49.225 70970 INFO tempest.lib.common.rest_client [req-502cf80b-cfd6-4a97-9eeb-88d3c497d17b req-502cf80b-cfd6-4a97-9eeb-88d3c497d17b ] Request (KeyPairsV210TestJSON:setUpClass): 201 POST http://10.180.1.21/identity/v3/auth/tokens 0.141s
2025-03-06 07:04:49.239 70999 INFO tempest.lib.common.rest_client [req-fdd35d3e-ba70-4c03-99d7-4155a8d94d9d req-fdd35d3e-ba70-4c03-99d7-4155a8d94d9d ] Request (QuotasAdminTestV257:setUpClass): 201 POST http://10.180.1.21/identity/v3/users 0.088s
2025-03-06 07:04:49.256 70954 INFO tempest.lib.common.rest_client [req-31d74d6f-55e3-402a-b589-425c2bd7663c req-31d74d6f-55e3-402a-b589-425c2bd7663c ] Request (InstanceUsageAuditLogTestJSON:setUpClass): 204 PUT http://10.180.1.21/identity/v3/projects/a5a2ce2650114f098b3467b22658f54a/users/8777f426f2134781802c3ebbc2d9755a/roles/12fc0df6206b4715b2fa4bba0f4974c1 0.049s
2025-03-06 07:04:49.256 70954 INFO tempest.lib.common.dynamic_creds [-] Dynamic test user 8777f426f2134781802c3ebbc2d9755a is created with scope project and roles: ['admin']
2025-03-06 07:04:49.256 70954 INFO tempest.lib.common.dynamic_creds [-] Acquired dynamic creds: credentials: Credentials: {'domain_id': 'default', 'domain_name': 'Default', 'username': 'tempest-InstanceUsageAuditLogTestJSON-292397960-project-admin', 'project_domain_id': 'default', 'project_domain_name': 'Default', 'project_id': 'a5a2ce2650114f098b3467b22658f54a', 'project_name': 'tempest-InstanceUsageAuditLogTestJSON-292397960', 'tenant_id': 'a5a2ce2650114f098b3467b22658f54a', 'tenant_name': 'tempest-InstanceUsageAuditLogTestJSON-292397960', 'user_domain_id': 'default', 'user_domain_name': 'Default', 'user_id': '8777f426f2134781802c3ebbc2d9755a', 'system': None}, Network: None, Subnet: None, Router: None
2025-03-06 07:04:49.256 70954 INFO tempest.lib.common.dynamic_creds [-] Created isolated network resources for: credentials: Credentials: {'domain_id': 'default', 'domain_name': 'Default', 'username': 'tempest-InstanceUsageAuditLogTestJSON-292397960-project-admin', 'project_domain_id': 'default', 'project_domain_name': 'Default', 'project_id': 'a5a2ce2650114f098b3467b22658f54a', 'project_name': 'tempest-InstanceUsageAuditLogTestJSON-292397960', 'tenant_id': 'a5a2ce2650114f098b3467b22658f54a', 'tenant_name': 'tempest-InstanceUsageAuditLogTestJSON-292397960', 'user_domain_id': 'default', 'user_domain_name': 'Default', 'user_id': '8777f426f2134781802c3ebbc2d9755a', 'system': None}, Network: None, Subnet: None, Router: None
2025-03-06 07:04:49.276 70997 INFO tempest.lib.common.rest_client [req-c69ab697-61a7-485a-984b-ae4480219f09 req-c69ab697-61a7-485a-984b-ae4480219f09 ] Request (AttachInterfacesTestJSON:setUpClass): 201 POST http://10.180.1.21:9696/networking/v2.0/networks 0.513s
2025-03-06 07:04:49.311 70976 INFO tempest.lib.common.rest_client [req-f2285333-3e83-45d1-97c8-f4db44aa783d req-f2285333-3e83-45d1-97c8-f4db44aa783d ] Request (FlavorsV261TestJSON:tearDownClass): 204 DELETE http://10.180.1.21/identity/v3/users/95a487156d8c4e37a2d0ce7ea52a1771 0.134s
2025-03-06 07:04:49.349 70944 INFO tempest.lib.common.rest_client [req-08d5c130-c5a9-4323-bc97-f23d7409d14c req-08d5c130-c5a9-4323-bc97-f23d7409d14c ] Request (VolumesAssistedSnapshotsTest:test_volume_assisted_snapshot_create_delete): 200 GET http://10.180.1.21/volume/v3/volumes/804fdb9c-bb99-420b-b41f-7e3191df54c4 0.041s
2025-03-06 07:04:49.357 70944 INFO tempest.common.waiters [-] volume 804fdb9c-bb99-420b-b41f-7e3191df54c4 reached available after waiting for 1.357092 seconds
2025-03-06 07:04:49.376 70999 INFO tempest.lib.common.rest_client [req-7ee3f967-3949-4b9b-9d9a-79336094e8e4 req-7ee3f967-3949-4b9b-9d9a-79336094e8e4 ] Request (QuotasAdminTestV257:setUpClass): 200 GET http://10.180.1.21/identity/v3/roles 0.136s
2025-03-06 07:04:49.382 70970 INFO tempest.lib.common.rest_client [req-486f3aa5-d782-4190-9758-ab2523a371e6 req-486f3aa5-d782-4190-9758-ab2523a371e6 ] Request (KeyPairsV210TestJSON:setUpClass): 201 POST http://10.180.1.21/identity/v3/projects 0.157s
2025-03-06 07:04:49.430 70975 INFO tempest.lib.common.rest_client [req-ca258042-1c36-432d-bc1e-7f866b0b64e2 req-ca258042-1c36-432d-bc1e-7f866b0b64e2 ] Request (ServersAdmin275Test:test_rebuild_update_server_275): 200 GET http://10.180.1.21/compute/v2.1/servers/476ba092-72d4-4e2b-807a-cb1bd63f2fe1 2.838s
2025-03-06 07:04:49.442 70975 INFO tempest.common.waiters [-] State transition "BUILD/None" ==> "BUILD/spawning" after 6 second wait
2025-03-06 07:04:49.454 70954 INFO tempest.lib.common.rest_client [req-1c2e5881-01e5-425b-9fc9-750e54922be3 req-1c2e5881-01e5-425b-9fc9-750e54922be3 ] Request (InstanceUsageAuditLogTestJSON:setUpClass): 201 POST http://10.180.1.21/identity/v3/auth/tokens 0.191s
2025-03-06 07:04:49.476 70962 INFO tempest.lib.common.rest_client [req-adcaf5b4-f436-44e7-82b6-48bc9efc0652 req-adcaf5b4-f436-44e7-82b6-48bc9efc0652 ] Request (FlavorsExtraSpecsNegativeTestJSON:test_flavor_non_admin_update_specific_key): 403 PUT http://10.180.1.21/compute/v2.1/flavors/509826175/os-extra_specs/hw:numa_nodes 2.642s
2025-03-06 07:04:49.487 70999 INFO tempest.lib.common.rest_client [req-02c00cd7-8eb9-48a5-91ff-3de89308d396 req-02c00cd7-8eb9-48a5-91ff-3de89308d396 ] Request (QuotasAdminTestV257:setUpClass): 204 PUT http://10.180.1.21/identity/v3/projects/4b12dc1fd32c472a8377eb36a52f1035/users/2f7c08d5352e4db698573c91326475f1/roles/12fc0df6206b4715b2fa4bba0f4974c1 0.111s
2025-03-06 07:04:49.504 70976 INFO tempest.lib.common.rest_client [req-d63aada7-5524-4bce-b923-93b8d2978b21 req-d63aada7-5524-4bce-b923-93b8d2978b21 ] Request (FlavorsV261TestJSON:tearDownClass): 204 DELETE http://10.180.1.21/identity/v3/users/99454f0ada0b43fd9d26ae20b94aa53b 0.193s
2025-03-06 07:04:49.505 70976 INFO tempest.lib.common.dynamic_creds [-] Deleting project and security group for project: e247c10fbb75434ea075d25518107161
2025-03-06 07:04:49.577 70999 INFO tempest.lib.common.rest_client [req-f73d14e1-4922-4235-9c55-e009108b0016 req-f73d14e1-4922-4235-9c55-e009108b0016 ] Request (QuotasAdminTestV257:setUpClass): 200 GET http://10.180.1.21/identity/v3/roles 0.089s
2025-03-06 07:04:49.599 70970 INFO tempest.lib.common.rest_client [req-c998f0e7-828f-48d2-b21d-030135caaba8 req-c998f0e7-828f-48d2-b21d-030135caaba8 ] Request (KeyPairsV210TestJSON:setUpClass): 201 POST http://10.180.1.21/identity/v3/users 0.216s
2025-03-06 07:04:49.605 70976 INFO tempest.lib.common.rest_client [req-ed013ec8-6822-421b-81fe-c21fe5f5138b req-ed013ec8-6822-421b-81fe-c21fe5f5138b ] Request (FlavorsV261TestJSON:tearDownClass): 201 POST http://10.180.1.21/identity/v3/auth/tokens 0.100s
2025-03-06 07:04:49.615 70999 INFO tempest.lib.common.rest_client [req-cd085642-63ba-46a2-95d6-e6d461d2bcd4 req-cd085642-63ba-46a2-95d6-e6d461d2bcd4 ] Request (QuotasAdminTestV257:setUpClass): 204 PUT http://10.180.1.21/identity/v3/projects/4b12dc1fd32c472a8377eb36a52f1035/users/2f7c08d5352e4db698573c91326475f1/roles/12fc0df6206b4715b2fa4bba0f4974c1 0.037s
2025-03-06 07:04:49.615 70999 INFO tempest.lib.common.dynamic_creds [-] Dynamic test user 2f7c08d5352e4db698573c91326475f1 is created with scope project and roles: ['admin']
2025-03-06 07:04:49.615 70999 INFO tempest.lib.common.dynamic_creds [-] Acquired dynamic creds: credentials: Credentials: {'domain_id': 'default', 'domain_name': 'Default', 'username': 'tempest-QuotasAdminTestV257-1387111829-project-admin', 'project_domain_id': 'default', 'project_domain_name': 'Default', 'project_id': '4b12dc1fd32c472a8377eb36a52f1035', 'project_name': 'tempest-QuotasAdminTestV257-1387111829', 'tenant_id': '4b12dc1fd32c472a8377eb36a52f1035', 'tenant_name': 'tempest-QuotasAdminTestV257-1387111829', 'user_domain_id': 'default', 'user_domain_name': 'Default', 'user_id': '2f7c08d5352e4db698573c91326475f1', 'system': None}, Network: None, Subnet: None, Router: None
2025-03-06 07:04:49.615 70999 INFO tempest.lib.common.dynamic_creds [-] Created isolated network resources for: credentials: Credentials: {'domain_id': 'default', 'domain_name': 'Default', 'username': 'tempest-QuotasAdminTestV257-1387111829-project-admin', 'project_domain_id': 'default', 'project_domain_name': 'Default', 'project_id': '4b12dc1fd32c472a8377eb36a52f1035', 'project_name': 'tempest-QuotasAdminTestV257-1387111829', 'tenant_id': '4b12dc1fd32c472a8377eb36a52f1035', 'tenant_name': 'tempest-QuotasAdminTestV257-1387111829', 'user_domain_id': 'default', 'user_domain_name': 'Default', 'user_id': '2f7c08d5352e4db698573c91326475f1', 'system': None}, Network: None, Subnet: None, Router: None
2025-03-06 07:04:49.624 70970 INFO tempest.lib.common.rest_client [req-113933c0-f784-4ec6-b082-d034fc188874 req-113933c0-f784-4ec6-b082-d034fc188874 ] Request (KeyPairsV210TestJSON:setUpClass): 200 GET http://10.180.1.21/identity/v3/roles 0.024s
2025-03-06 07:04:49.687 70964 INFO tempest.lib.common.rest_client [req-902f80b4-b2cf-4355-9d78-828176ed1679 req-902f80b4-b2cf-4355-9d78-828176ed1679 ] Request (FloatingIPsTestJSON:test_delete_floating_ip): 200 POST http://10.180.1.21/compute/v2.1/os-floating-ips 3.226s
2025-03-06 07:04:49.696 70997 INFO tempest.lib.common.rest_client [req-1add56ac-8173-473d-84f2-c091c17f0a1c req-1add56ac-8173-473d-84f2-c091c17f0a1c ] Request (AttachInterfacesTestJSON:setUpClass): 201 POST http://10.180.1.21:9696/networking/v2.0/subnets 0.418s
2025-03-06 07:04:49.709 70999 INFO tempest.lib.common.rest_client [req-511f2b7a-566d-415d-8279-86e0c4429855 req-511f2b7a-566d-415d-8279-86e0c4429855 ] Request (QuotasAdminTestV257:setUpClass): 201 POST http://10.180.1.21/identity/v3/auth/tokens 0.088s
2025-03-06 07:04:49.710 70999 WARNING tempest.lib.common.rest_client [-] Deprecated: "tenant_id" property is deprecated for removal, use "project_id" instead
2025-03-06 07:04:49.767 70970 INFO tempest.lib.common.rest_client [req-e511fc69-cde2-4ae6-b1f1-a5515c51021c req-e511fc69-cde2-4ae6-b1f1-a5515c51021c ] Request (KeyPairsV210TestJSON:setUpClass): 204 PUT http://10.180.1.21/identity/v3/projects/1c6474a7a58e4582a20f77318a48ec1c/users/ad1a8f0480344ba7a09df69e0e6bfe3e/roles/12fc0df6206b4715b2fa4bba0f4974c1 0.142s
2025-03-06 07:04:49.768 70960 INFO tempest.lib.common.rest_client [req-2a32b0f0-0219-4004-b10f-8facbb05b7ac req-2a32b0f0-0219-4004-b10f-8facbb05b7ac ] Request (ServersAdminNegativeTestJSON:setUpClass): 200 GET http://10.180.1.21/compute/v2.1/servers/f72b1f19-1095-4ba2-9835-77c6e45dcb0b 2.225s
2025-03-06 07:04:49.827 70970 INFO tempest.lib.common.rest_client [req-2f7c8537-8393-4fe7-be61-958543af7d3b req-2f7c8537-8393-4fe7-be61-958543af7d3b ] Request (KeyPairsV210TestJSON:setUpClass): 200 GET http://10.180.1.21/identity/v3/roles 0.059s
2025-03-06 07:04:49.830 70986 INFO tempest.lib.common.rest_client [req-12e86e7a-cadd-4952-a42d-144b5c8f1979 req-12e86e7a-cadd-4952-a42d-144b5c8f1979 ] Request (ImagesOneServerNegativeTestJSON:setUpClass): 200 GET http://10.180.1.21/compute/v2.1/servers/65316bf8-eb2d-4ff5-95a4-53d82fd65a99 2.282s
2025-03-06 07:04:49.845 70970 INFO tempest.lib.common.rest_client [req-d0ee2bb4-e238-4c11-be99-dfb0f4d37e55 req-d0ee2bb4-e238-4c11-be99-dfb0f4d37e55 ] Request (KeyPairsV210TestJSON:setUpClass): 204 PUT http://10.180.1.21/identity/v3/projects/1c6474a7a58e4582a20f77318a48ec1c/users/ad1a8f0480344ba7a09df69e0e6bfe3e/roles/12fc0df6206b4715b2fa4bba0f4974c1 0.018s
2025-03-06 07:04:49.846 70970 INFO tempest.lib.common.dynamic_creds [-] Dynamic test user ad1a8f0480344ba7a09df69e0e6bfe3e is created with scope project and roles: ['admin']
2025-03-06 07:04:49.846 70970 INFO tempest.lib.common.dynamic_creds [-] Acquired dynamic creds: credentials: Credentials: {'domain_id': 'default', 'domain_name': 'Default', 'username': 'tempest-KeyPairsV210TestJSON-1748310089-project-admin', 'project_domain_id': 'default', 'project_domain_name': 'Default', 'project_id': '1c6474a7a58e4582a20f77318a48ec1c', 'project_name': 'tempest-KeyPairsV210TestJSON-1748310089', 'tenant_id': '1c6474a7a58e4582a20f77318a48ec1c', 'tenant_name': 'tempest-KeyPairsV210TestJSON-1748310089', 'user_domain_id': 'default', 'user_domain_name': 'Default', 'user_id': 'ad1a8f0480344ba7a09df69e0e6bfe3e', 'system': None}, Network: None, Subnet: None, Router: None
2025-03-06 07:04:49.846 70970 INFO tempest.lib.common.dynamic_creds [-] Created isolated network resources for: credentials: Credentials: {'domain_id': 'default', 'domain_name': 'Default', 'username': 'tempest-KeyPairsV210TestJSON-1748310089-project-admin', 'project_domain_id': 'default', 'project_domain_name': 'Default', 'project_id': '1c6474a7a58e4582a20f77318a48ec1c', 'project_name': 'tempest-KeyPairsV210TestJSON-1748310089', 'tenant_id': '1c6474a7a58e4582a20f77318a48ec1c', 'tenant_name': 'tempest-KeyPairsV210TestJSON-1748310089', 'user_domain_id': 'default', 'user_domain_name': 'Default', 'user_id': 'ad1a8f0480344ba7a09df69e0e6bfe3e', 'system': None}, Network: None, Subnet: None, Router: None
2025-03-06 07:04:49.920 70970 INFO tempest.lib.common.rest_client [req-98c16d3f-3252-47bc-a3cc-ca81b8eceb4d req-98c16d3f-3252-47bc-a3cc-ca81b8eceb4d ] Request (KeyPairsV210TestJSON:setUpClass): 201 POST http://10.180.1.21/identity/v3/auth/tokens 0.071s
2025-03-06 07:04:50.003 70976 INFO tempest.lib.common.rest_client [req-e5917d7b-9cf7-43c4-971a-63d7d5c4b0ff req-e5917d7b-9cf7-43c4-971a-63d7d5c4b0ff ] Request (FlavorsV261TestJSON:tearDownClass): 200 GET http://10.180.1.21:9696/networking/v2.0/security-groups?tenant_id=e247c10fbb75434ea075d25518107161&name=default 0.397s
2025-03-06 07:04:50.007 70978 INFO tempest.lib.common.rest_client [req-0b564a67-a8b1-4ea0-b4bc-a3b4a2972138 req-0b564a67-a8b1-4ea0-b4bc-a3b4a2972138 ] Request (FloatingIPsAssociationNegativeTestJSON:setUpClass): 200 GET http://10.180.1.21/compute/v2.1/servers/7a938aa3-5958-42cb-912c-091a74fe59e6 2.196s
2025-03-06 07:04:50.016 70966 INFO tempest.lib.common.rest_client [req-d441c4b3-e015-4f78-b53a-237458d4df79 req-d441c4b3-e015-4f78-b53a-237458d4df79 ] Request (ServersAdminTestJSON:setUpClass): 202 POST http://10.180.1.21/compute/v2.1/servers 2.949s
2025-03-06 07:04:50.023 71003 INFO tempest.lib.common.rest_client [req-0bd406a7-2ac6-4a66-ac56-1c7549516762 req-0bd406a7-2ac6-4a66-ac56-1c7549516762 ] Request (ServersWithSpecificFlavorTestJSON:test_verify_created_server_ephemeral_disk): 200 GET http://10.180.1.21/compute/v2.1/flavors/42/os-extra_specs 2.128s
2025-03-06 07:04:50.039 70968 INFO tempest.lib.common.rest_client [req-0e676243-0b59-466b-8440-53fc89280172 req-0e676243-0b59-466b-8440-53fc89280172 ] Request (FlavorsAccessNegativeTestJSON:_run_cleanups): 200 GET http://10.180.1.21/compute/v2.1/flavors/detail 1.889s
2025-03-06 07:04:50.050 70940 INFO tempest.lib.common.rest_client [req-cdc60452-04c1-4ccf-b52f-d259dd2b7c37 req-cdc60452-04c1-4ccf-b52f-d259dd2b7c37 ] Request (HypervisorAdminNegativeTestJSON:test_show_hypervisor_with_non_admin_user): 200 GET http://10.180.1.21/compute/v2.1/os-hypervisors 1.705s
2025-03-06 07:04:50.071 70956 INFO tempest.lib.common.rest_client [req-dfd88d46-fa57-4d6d-835c-66a8f7f9575c req-dfd88d46-fa57-4d6d-835c-66a8f7f9575c ] Request (AggregatesAdminNegativeTestJSON:test_aggregate_add_host_as_user): 200 POST http://10.180.1.21/compute/v2.1/os-aggregates 1.720s
2025-03-06 07:04:50.077 70952 INFO tempest.lib.common.rest_client [req-7b2c7dfb-3a61-4a2e-bd9e-a6d598b319e9 req-7b2c7dfb-3a61-4a2e-bd9e-a6d598b319e9 ] Request (HostsAdminTestJSON:test_list_hosts_with_zone): 200 GET http://10.180.1.21/compute/v2.1/os-hosts 1.716s
2025-03-06 07:04:50.082 70981 INFO tempest.lib.common.rest_client [req-3c95c066-a417-49db-a6de-c7ba4448d3c9 req-3c95c066-a417-49db-a6de-c7ba4448d3c9 ] Request (FlavorsExtraSpecsTestJSON:test_flavor_set_get_update_show_unset_keys): 200 GET http://10.180.1.21/compute/v2.1/flavors/577831759/os-extra_specs 1.708s
2025-03-06 07:04:50.100 70982 INFO tempest.lib.common.rest_client [req-a2aa563c-1e65-406d-9746-aba818aee8ff req-a2aa563c-1e65-406d-9746-aba818aee8ff ] Request (ServicesAdminNegativeV253TestJSON:test_get_service_by_invalid_params): 200 GET http://10.180.1.21/compute/v2.1/os-services?xxx=nova-compute 1.695s
2025-03-06 07:04:50.198 70976 INFO tempest.lib.common.rest_client [req-c748bb52-c09f-4d73-8c3f-fa5d776588c1 req-c748bb52-c09f-4d73-8c3f-fa5d776588c1 ] Request (FlavorsV261TestJSON:tearDownClass): 204 DELETE http://10.180.1.21:9696/networking/v2.0/security-groups/efa6518f-860d-4c19-bd09-07b58553bc71 0.195s
2025-03-06 07:04:50.278 70942 INFO tempest.lib.common.rest_client [req-6ee0fdc3-383c-4b3e-b2b6-dfae6e658b44 req-6ee0fdc3-383c-4b3e-b2b6-dfae6e658b44 ] Request (SecurityGroupsTestAdminJSON:test_list_security_groups_list_all_tenants_filter): 200 GET http://10.180.1.21/compute/v2.1/os-security-groups?all_tenants=true 1.516s
2025-03-06 07:04:50.303 71001 INFO tempest.lib.common.rest_client [req-31841e62-f119-4923-ac31-5230b59c6f48 req-31841e62-f119-4923-ac31-5230b59c6f48 ] Request (ServicesAdminNegativeTestJSON:test_get_service_by_invalid_params): 200 GET http://10.180.1.21/compute/v2.1/os-services?xxx=nova-compute 1.510s
2025-03-06 07:04:50.312 70976 INFO tempest.lib.common.rest_client [req-819cd782-71c0-47af-8e49-17d9b2fdb602 req-819cd782-71c0-47af-8e49-17d9b2fdb602 ] Request (FlavorsV261TestJSON:tearDownClass): 204 DELETE http://10.180.1.21/identity/v3/projects/e247c10fbb75434ea075d25518107161 0.113s
2025-03-06 07:04:50.312 70976 INFO tempest.lib.common.dynamic_creds [-] Deleting project and security group for project: cad6cc89f8b4460f8abbc17cb3341eb0
2025-03-06 07:04:50.510 70972 INFO tempest.lib.common.rest_client [req-c94563d2-b600-4f03-bbf3-106e62ae24ac req-c94563d2-b600-4f03-bbf3-106e62ae24ac ] Request (NetworksTest:test_get_network): 200 GET http://10.180.1.21/compute/v2.1/os-networks 1.819s
2025-03-06 07:04:50.513 70976 INFO tempest.lib.common.rest_client [req-fe77e50c-7eda-4d57-83e0-67290fba6f05 req-fe77e50c-7eda-4d57-83e0-67290fba6f05 ] Request (FlavorsV261TestJSON:tearDownClass): 200 GET http://10.180.1.21:9696/networking/v2.0/security-groups?tenant_id=cad6cc89f8b4460f8abbc17cb3341eb0&name=default 0.201s
2025-03-06 07:04:50.670 70976 INFO tempest.lib.common.rest_client [req-3729a829-d760-4f86-86d2-7319ec965f67 req-3729a829-d760-4f86-86d2-7319ec965f67 ] Request (FlavorsV261TestJSON:tearDownClass): 204 DELETE http://10.180.1.21:9696/networking/v2.0/security-groups/0cc804ac-c411-4e92-84b7-0095f25a77b1 0.156s
2025-03-06 07:04:50.835 70976 INFO tempest.lib.common.rest_client [req-f67698b3-2a40-4836-8b9f-22baa9900af6 req-f67698b3-2a40-4836-8b9f-22baa9900af6 ] Request (FlavorsV261TestJSON:tearDownClass): 204 DELETE http://10.180.1.21/identity/v3/projects/cad6cc89f8b4460f8abbc17cb3341eb0 0.164s
2025-03-06 07:04:50.910 70976 INFO tempest.lib.common.rest_client [req-f0eafb69-8c0d-4cfa-b92f-a1c6f516b469 req-f0eafb69-8c0d-4cfa-b92f-a1c6f516b469 ] Request (QuotasAdminNegativeTest:setUpClass): 201 POST http://10.180.1.21/identity/v3/auth/tokens 0.073s
2025-03-06 07:04:50.936 70997 INFO tempest.lib.common.rest_client [req-e788c13a-608d-446e-9c0b-eccf17469fff req-e788c13a-608d-446e-9c0b-eccf17469fff ] Request (AttachInterfacesTestJSON:setUpClass): 201 POST http://10.180.1.21:9696/networking/v2.0/routers 1.239s
2025-03-06 07:04:50.945 70976 INFO tempest.lib.common.rest_client [req-b5bdbb1f-fd8f-4898-a343-b617c39ec5b4 req-b5bdbb1f-fd8f-4898-a343-b617c39ec5b4 ] Request (QuotasAdminNegativeTest:setUpClass): 201 POST http://10.180.1.21/identity/v3/auth/tokens 0.031s
2025-03-06 07:04:50.973 70976 INFO tempest.lib.common.rest_client [req-e19ffee1-df4e-4f98-8612-64c151505885 req-e19ffee1-df4e-4f98-8612-64c151505885 ] Request (QuotasAdminNegativeTest:setUpClass): 200 GET http://10.180.1.21/identity/v3/domains?name=Default 0.028s
2025-03-06 07:04:51.005 70976 INFO tempest.lib.common.rest_client [req-e101ca31-6423-4a78-acc0-9acc6480327f req-e101ca31-6423-4a78-acc0-9acc6480327f ] Request (QuotasAdminNegativeTest:setUpClass): 201 POST http://10.180.1.21/identity/v3/projects 0.031s
2025-03-06 07:04:51.024 70958 INFO tempest.lib.common.rest_client [req-99f23a18-54b4-440f-919b-3f8c7ca4fd02 req-99f23a18-54b4-440f-919b-3f8c7ca4fd02 ] Request (ServerDiagnosticsV248Test:test_get_server_diagnostics): 200 GET http://10.180.1.21/compute/v2.1/servers/5ef10fea-a884-4f04-9db2-01ebc584e0af/diagnostics 2.172s
2025-03-06 07:04:51.095 70976 INFO tempest.lib.common.rest_client [req-3e82e497-1dc9-4b51-9d3e-4982a46fd5f9 req-3e82e497-1dc9-4b51-9d3e-4982a46fd5f9 ] Request (QuotasAdminNegativeTest:setUpClass): 201 POST http://10.180.1.21/identity/v3/users 0.089s
2025-03-06 07:04:51.140 70976 INFO tempest.lib.common.rest_client [req-6b041de7-3c17-41c8-a3a1-195e37796fc4 req-6b041de7-3c17-41c8-a3a1-195e37796fc4 ] Request (QuotasAdminNegativeTest:setUpClass): 200 GET http://10.180.1.21/identity/v3/roles 0.045s
2025-03-06 07:04:51.181 70976 INFO tempest.lib.common.rest_client [req-faf66ed7-9b4a-48be-8935-86fcf0266faa req-faf66ed7-9b4a-48be-8935-86fcf0266faa ] Request (QuotasAdminNegativeTest:setUpClass): 204 PUT http://10.180.1.21/identity/v3/projects/2f8fb4901163477c841b8a2792cbe316/users/0bc6ff819cf748ef870b364b9ad31c29/roles/0811f429a2fe4c58a4669938c1e81f02 0.040s
2025-03-06 07:04:51.181 70976 INFO tempest.lib.common.dynamic_creds [-] Dynamic test user 0bc6ff819cf748ef870b364b9ad31c29 is created with scope project and roles: ['member']
2025-03-06 07:04:51.182 70976 INFO tempest.lib.common.dynamic_creds [-] Acquired dynamic creds: credentials: Credentials: {'domain_id': 'default', 'domain_name': 'Default', 'username': 'tempest-QuotasAdminNegativeTest-1475391562-project-member', 'project_domain_id': 'default', 'project_domain_name': 'Default', 'project_id': '2f8fb4901163477c841b8a2792cbe316', 'project_name': 'tempest-QuotasAdminNegativeTest-1475391562', 'tenant_id': '2f8fb4901163477c841b8a2792cbe316', 'tenant_name': 'tempest-QuotasAdminNegativeTest-1475391562', 'user_domain_id': 'default', 'user_domain_name': 'Default', 'user_id': '0bc6ff819cf748ef870b364b9ad31c29', 'system': None}, Network: None, Subnet: None, Router: None
2025-03-06 07:04:51.182 70976 INFO tempest.lib.common.dynamic_creds [-] Created isolated network resources for: credentials: Credentials: {'domain_id': 'default', 'domain_name': 'Default', 'username': 'tempest-QuotasAdminNegativeTest-1475391562-project-member', 'project_domain_id': 'default', 'project_domain_name': 'Default', 'project_id': '2f8fb4901163477c841b8a2792cbe316', 'project_name': 'tempest-QuotasAdminNegativeTest-1475391562', 'tenant_id': '2f8fb4901163477c841b8a2792cbe316', 'tenant_name': 'tempest-QuotasAdminNegativeTest-1475391562', 'user_domain_id': 'default', 'user_domain_name': 'Default', 'user_id': '0bc6ff819cf748ef870b364b9ad31c29', 'system': None}, Network: None, Subnet: None, Router: None
2025-03-06 07:04:51.204 70948 INFO tempest.lib.common.rest_client [req-555a0640-f5a1-4cde-b660-a292eb87a49c req-555a0640-f5a1-4cde-b660-a292eb87a49c ] Request (AttachInterfacesV270Test:test_create_get_list_interfaces): 200 GET http://10.180.1.21/compute/v2.1/servers/3431f8d4-2a0c-4d3c-ace9-8a916f7e383f 2.081s
2025-03-06 07:04:51.298 70976 INFO tempest.lib.common.rest_client [req-35be8b19-5a22-4629-96cc-dfa3b026b237 req-35be8b19-5a22-4629-96cc-dfa3b026b237 ] Request (QuotasAdminNegativeTest:setUpClass): 201 POST http://10.180.1.21/identity/v3/auth/tokens 0.112s
2025-03-06 07:04:51.314 70946 INFO tempest.lib.common.rest_client [req-389bce59-6cbf-47dd-a26f-d78f31e90f2d req-389bce59-6cbf-47dd-a26f-d78f31e90f2d ] Request (DeleteServersAdminTestJSON:test_admin_delete_servers_of_others): 200 GET http://10.180.1.21/compute/v2.1/servers/91a0e319-bba4-48ab-a0c0-6f441c343990 1.997s
2025-03-06 07:04:51.326 70946 INFO tempest.common.waiters [-] State transition "BUILD/None" ==> "BUILD/spawning" after 10 second wait
2025-03-06 07:04:51.358 70988 INFO tempest.lib.common.rest_client [req-8814ab62-f438-419a-b3ac-89aa47af1dcb req-8814ab62-f438-419a-b3ac-89aa47af1dcb ] Request (QuotasAdminTestJSON:test_delete_quota): 200 GET http://10.180.1.21/compute/v2.1/os-quota-sets/86b65af821a74bfc9b761f21acda0eb5 2.198s
2025-03-06 07:04:51.387 70976 INFO tempest.lib.common.rest_client [req-0fad63e2-0e68-4399-a6f4-17e4dcf8494c req-0fad63e2-0e68-4399-a6f4-17e4dcf8494c ] Request (QuotasAdminNegativeTest:setUpClass): 201 POST http://10.180.1.21/identity/v3/projects 0.088s
2025-03-06 07:04:51.453 70944 INFO tempest.lib.common.rest_client [req-6250a321-896c-4e41-93d7-541e879ae662 req-6250a321-896c-4e41-93d7-541e879ae662 ] Request (VolumesAssistedSnapshotsTest:test_volume_assisted_snapshot_create_delete): 200 POST http://10.180.1.21/compute/v2.1/os-keypairs 2.095s
2025-03-06 07:04:51.470 70962 INFO tempest.lib.common.rest_client [req-0b32afe8-50cf-4132-a4c1-f3d7f5a77e70 req-0b32afe8-50cf-4132-a4c1-f3d7f5a77e70 ] Request (FlavorsExtraSpecsNegativeTestJSON:test_flavor_unset_nonexistent_key): 404 DELETE http://10.180.1.21/compute/v2.1/flavors/509826175/os-extra_specs/hw:cpu_thread_policy 1.993s
2025-03-06 07:04:51.479 70976 INFO tempest.lib.common.rest_client [req-e77acdf5-0644-4cda-9eb4-1656526b1d2b req-e77acdf5-0644-4cda-9eb4-1656526b1d2b ] Request (QuotasAdminNegativeTest:setUpClass): 201 POST http://10.180.1.21/identity/v3/users 0.091s
2025-03-06 07:04:51.520 70976 INFO tempest.lib.common.rest_client [req-afc91868-b76d-4766-9d24-c2eb9cdcc545 req-afc91868-b76d-4766-9d24-c2eb9cdcc545 ] Request (QuotasAdminNegativeTest:setUpClass): 200 GET http://10.180.1.21/identity/v3/roles 0.040s
2025-03-06 07:04:51.537 70954 INFO tempest.lib.common.rest_client [req-ab29f9f6-e3ec-47a6-8a55-2f83fbdb584c req-ab29f9f6-e3ec-47a6-8a55-2f83fbdb584c ] Request (InstanceUsageAuditLogTestJSON:test_get_instance_usage_audit_log): 200 GET http://10.180.1.21/compute/v2.1/os-instance_usage_audit_log/2025-03-06%2007%3A04%3A49 2.081s
2025-03-06 07:04:51.566 70976 INFO tempest.lib.common.rest_client [req-9b9816ab-365b-499b-8d40-0a59c8758a15 req-9b9816ab-365b-499b-8d40-0a59c8758a15 ] Request (QuotasAdminNegativeTest:setUpClass): 204 PUT http://10.180.1.21/identity/v3/projects/aae9b55a786947998175b90c4fec3b5c/users/aadfe9e6c7834c1fb8fffc3022d8519a/roles/12fc0df6206b4715b2fa4bba0f4974c1 0.046s
2025-03-06 07:04:51.627 70995 INFO tempest.lib.common.rest_client [req-319d1f4c-e315-4063-a051-d93a8fe0e78e req-319d1f4c-e315-4063-a051-d93a8fe0e78e ] Request (FloatingIPsAssociationTestJSON:setUpClass): 200 GET http://10.180.1.21/compute/v2.1/servers/52549292-e7ec-4c7c-890b-2e6d59f0502b 1.721s
2025-03-06 07:04:51.634 70976 INFO tempest.lib.common.rest_client [req-b09dc3aa-5bee-403a-b2bd-0bcd69b21f38 req-b09dc3aa-5bee-403a-b2bd-0bcd69b21f38 ] Request (QuotasAdminNegativeTest:setUpClass): 200 GET http://10.180.1.21/identity/v3/roles 0.068s
2025-03-06 07:04:51.674 70976 INFO tempest.lib.common.rest_client [req-1124703c-ff42-4283-880e-b09bc3814339 req-1124703c-ff42-4283-880e-b09bc3814339 ] Request (QuotasAdminNegativeTest:setUpClass): 204 PUT http://10.180.1.21/identity/v3/projects/aae9b55a786947998175b90c4fec3b5c/users/aadfe9e6c7834c1fb8fffc3022d8519a/roles/12fc0df6206b4715b2fa4bba0f4974c1 0.039s
2025-03-06 07:04:51.674 70976 INFO tempest.lib.common.dynamic_creds [-] Dynamic test user aadfe9e6c7834c1fb8fffc3022d8519a is created with scope project and roles: ['admin']
