2025-03-06 07:05:52.193 70968 INFO tempest.lib.common.rest_client [req-45166dac-9b44-4daa-a46c-ddd60b81bbf2 req-45166dac-9b44-4daa-a46c-ddd60b81bbf2 ] Request (ServersTestJSON:setUpClass): 200 GET http://10.180.1.21/compute/v2.1/servers/bec74a85-11dd-4d81-97c6-6799afb4a327 0.082s
2025-03-06 07:05:52.204 70950 INFO tempest.lib.common.rest_client [req-2d338b64-9be0-4d6d-8fa0-bb837290b338 req-2d338b64-9be0-4d6d-8fa0-bb837290b338 ] Request (VolumesAdminNegativeTest:setUpClass): 200 PUT http://10.180.1.21:9696/networking/v2.0/routers/878e7e22-d138-4744-afb1-8ebf1c1552b4/add_router_interface 1.031s
2025-03-06 07:05:52.205 70950 INFO tempest.lib.common.dynamic_creds [-] Created isolated network resources for: credentials: Credentials: {'domain_id': 'default', 'domain_name': 'Default', 'username': 'tempest-VolumesAdminNegativeTest-1243571348-project-member', 'project_domain_id': 'default', 'project_domain_name': 'Default', 'project_id': '228f83af9ecb4058aff1f2ec8f942376', 'project_name': 'tempest-VolumesAdminNegativeTest-1243571348', 'tenant_id': '228f83af9ecb4058aff1f2ec8f942376', 'tenant_name': 'tempest-VolumesAdminNegativeTest-1243571348', 'user_domain_id': 'default', 'user_domain_name': 'Default', 'user_id': 'e0868313eb384dcb8c31bc3ad812bf50', 'system': None}, Network: {'id': '37ffcf21-3178-45db-8e61-d07921bd14e3', 'name': 'tempest-VolumesAdminNegativeTest-2136199259-network', 'tenant_id': '228f83af9ecb4058aff1f2ec8f942376', 'admin_state_up': True, 'mtu': 8950, 'status': 'ACTIVE', 'subnets': [], 'shared': False, 'project_id': '228f83af9ecb4058aff1f2ec8f942376', 'port_security_enabled': True, 'router:external': False, 'provider:network_type': 'vlan', 'provider:physical_network': 'default', 'provider:segmentation_id': 677, 'availability_zone_hints': [], 'availability_zones': [], 'ipv4_address_scope': None, 'ipv6_address_scope': None, 'description': '', 'tags': [], 'created_at': '2025-03-06T07:05:49Z', 'updated_at': '2025-03-06T07:05:49Z', 'revision_number': 1}, Subnet: {'id': '6ba16b58-3368-4641-b53d-ee4da09b6ebe', 'name': 'tempest-VolumesAdminNegativeTest-2136199259-subnet', 'tenant_id': '228f83af9ecb4058aff1f2ec8f942376', 'network_id': '37ffcf21-3178-45db-8e61-d07921bd14e3', 'ip_version': 4, 'subnetpool_id': None, 'enable_dhcp': True, 'ipv6_ra_mode': None, 'ipv6_address_mode': None, 'gateway_ip': '192.168.128.1', 'cidr': '192.168.128.0/28', 'allocation_pools': [{'start': '192.168.128.2', 'end': '192.168.128.14'}], 'host_routes': [], 'dns_nameservers': [], 'description': '', 'router:external': False, 'service_types': [], 'tags': [], 'created_at': '2025-03-06T07:05:50Z', 'updated_at': '2025-03-06T07:05:50Z', 'revision_number': 0, 'project_id': '228f83af9ecb4058aff1f2ec8f942376'}, Router: {'id': '878e7e22-d138-4744-afb1-8ebf1c1552b4', 'name': 'tempest-VolumesAdminNegativeTest-2136199259-router', 'tenant_id': '228f83af9ecb4058aff1f2ec8f942376', 'admin_state_up': True, 'status': 'ACTIVE', 'external_gateway_info': {'network_id': '36087559-98a4-4310-88dd-0c122253f22f', 'external_fixed_ips': [{'subnet_id': 'ee092eeb-0ec4-461c-868a-58f5cb1d0a6c', 'ip_address': '10.180.180.250'}], 'enable_snat': True}, 'description': '', 'availability_zones': [], 'distributed': False, 'ha': False, 'availability_zone_hints': [], 'routes': [], 'flavor_id': None, 'tags': [], 'created_at': '2025-03-06T07:05:50Z', 'updated_at': '2025-03-06T07:05:50Z', 'revision_number': 2, 'project_id': '228f83af9ecb4058aff1f2ec8f942376'}
2025-03-06 07:05:52.230 70970 INFO tempest.lib.common.rest_client [req-ad378ad0-6cb5-42ca-8a04-9a26f4e0cb22 req-ad378ad0-6cb5-42ca-8a04-9a26f4e0cb22 ] Request (VolumesTestJSON:setUpClass): 202 POST http://10.180.1.21/volume/v3/volumes 0.152s
2025-03-06 07:05:52.256 70952 INFO tempest.lib.common.rest_client [req-34bf268e-08ff-41d5-9e58-ccf2c8936452 req-34bf268e-08ff-41d5-9e58-ccf2c8936452 ] Request (ServerDiagnosticsTest:tearDownClass): 200 GET http://10.180.1.21/compute/v2.1/servers/031e2546-99d7-4602-8aec-b0b108a31fe4 0.131s
2025-03-06 07:05:52.260 70970 INFO tempest.lib.common.rest_client [req-bde99ce4-5974-41a6-a167-85e5d2bb8677 req-bde99ce4-5974-41a6-a167-85e5d2bb8677 ] Request (VolumesTestJSON:setUpClass): 200 GET http://10.180.1.21/volume/v3/volumes/2b8e845b-0a35-495a-86b0-c60ec0b66ec0 0.023s
2025-03-06 07:05:52.273 70984 INFO tempest.lib.common.rest_client [req-d3d89867-3f9f-4ddd-bf2d-5f22bbad8e2d req-d3d89867-3f9f-4ddd-bf2d-5f22bbad8e2d ] Request (ServersTestManualDisk:setUpClass): 200 GET http://10.180.1.21/compute/v2.1/servers/66441d00-c5cd-4331-a28b-0062f0bbba02 0.085s
2025-03-06 07:05:52.306 70958 INFO tempest.lib.common.rest_client [req-13c0e734-fc75-4dd9-ac6d-e49ed06b6d00 req-13c0e734-fc75-4dd9-ac6d-e49ed06b6d00 ] Request (MultipleCreateNegativeTestJSON:tearDownClass): 204 DELETE http://10.180.1.21:9696/networking/v2.0/security-groups/5961d2d4-91ec-49ee-b53d-be24be9fb0e5 0.149s
2025-03-06 07:05:52.332 70981 INFO tempest.lib.common.rest_client [req-9acc3c4b-92de-40ae-aa45-dc17b1fb1f16 req-9acc3c4b-92de-40ae-aa45-dc17b1fb1f16 ] Request (ServersTestMultiNic:test_verify_duplicate_network_nics): 200 GET http://10.180.1.21/compute/v2.1/servers/4fef9d4c-25e6-4e22-a7dd-8340eb7a9ccb 0.085s
2025-03-06 07:05:52.335 70950 INFO tempest.lib.common.rest_client [req-05653037-ec48-4c39-a44d-00dc0d23b4b4 req-05653037-ec48-4c39-a44d-00dc0d23b4b4 ] Request (VolumesAdminNegativeTest:setUpClass): 201 POST http://10.180.1.21/identity/v3/auth/tokens 0.122s
2025-03-06 07:05:52.345 70986 INFO tempest.lib.common.rest_client [req-8b2fe398-d698-46eb-a52f-8c3541730a9e req-8b2fe398-d698-46eb-a52f-8c3541730a9e ] Request (ImagesOneServerNegativeTestJSON:_run_cleanups): 200 GET http://10.180.1.21/compute/v2.1/servers/65316bf8-eb2d-4ff5-95a4-53d82fd65a99 0.101s
2025-03-06 07:05:52.372 70958 INFO tempest.lib.common.rest_client [req-ec20c558-03d2-45d1-8bd6-59689ebff95a req-ec20c558-03d2-45d1-8bd6-59689ebff95a ] Request (MultipleCreateNegativeTestJSON:tearDownClass): 204 DELETE http://10.180.1.21/identity/v3/projects/d4bb628564ac4f5698512a5a2972ac2b 0.065s
2025-03-06 07:05:52.400 70962 INFO tempest.lib.common.rest_client [req-9e363465-b7b6-428c-a2eb-4db3b7ae6fd4 req-9e363465-b7b6-428c-a2eb-4db3b7ae6fd4 ] Request (AttachVolumeNegativeTest:test_attach_attached_volume_to_different_server): 200 GET http://10.180.1.21/compute/v2.1/servers/2b0d38e7-998c-40a8-922e-896a9c87f76f 0.080s
2025-03-06 07:05:52.411 70992 INFO tempest.lib.common.rest_client [req-734a9b3a-497c-4834-87c6-cefb1e9dae14 req-734a9b3a-497c-4834-87c6-cefb1e9dae14 ] Request (ServerExternalEventsTest:tearDownClass): 200 GET http://10.180.1.21/compute/v2.1/servers/6ea30732-9561-4e45-8825-88f318a82ab6 0.101s
2025-03-06 07:05:52.412 70958 INFO tempest.lib.common.rest_client [req-77cfbfee-4977-4e19-a1e4-88a84bc0de0d req-77cfbfee-4977-4e19-a1e4-88a84bc0de0d ] Request (ServersNegativeTestMultiTenantJSON:setUpClass): 201 POST http://10.180.1.21/identity/v3/auth/tokens 0.038s
2025-03-06 07:05:52.428 70950 INFO tempest.lib.common.rest_client [req-e12dd77b-f79d-418b-bb8d-7505ded8c820 req-e12dd77b-f79d-418b-bb8d-7505ded8c820 ] Request (VolumesAdminNegativeTest:setUpClass): 201 POST http://10.180.1.21/identity/v3/projects 0.092s
2025-03-06 07:05:52.456 70960 INFO tempest.lib.common.rest_client [req-fc1c074c-9ca5-49dd-acc5-31f8f69e987d req-fc1c074c-9ca5-49dd-acc5-31f8f69e987d ] Request (ServersAdminNegativeTestJSON:test_migrate_server_invalid_state): 200 GET http://10.180.1.21/compute/v2.1/servers/b54e480f-1178-492b-a18c-48baf46b97a9 0.078s
2025-03-06 07:05:52.468 70964 INFO tempest.lib.common.rest_client [req-f172bc1f-df51-456b-9e3d-ac16d0150577 req-f172bc1f-df51-456b-9e3d-ac16d0150577 ] Request (ImagesTestJSON:test_create_image_from_stopped_server): 200 GET http://10.180.1.21/compute/v2.1/servers/ea764944-7779-4159-a4d2-e989765163f6 0.065s
2025-03-06 07:05:52.492 70958 INFO tempest.lib.common.rest_client [req-ca5fb122-89f7-4f5d-82a9-583efe9a4410 req-ca5fb122-89f7-4f5d-82a9-583efe9a4410 ] Request (ServersNegativeTestMultiTenantJSON:setUpClass): 201 POST http://10.180.1.21/identity/v3/auth/tokens 0.077s
2025-03-06 07:05:52.498 70950 INFO tempest.lib.common.rest_client [req-c092dc98-147d-4bb3-bbe8-7dd5d97a58df req-c092dc98-147d-4bb3-bbe8-7dd5d97a58df ] Request (VolumesAdminNegativeTest:setUpClass): 201 POST http://10.180.1.21/identity/v3/users 0.069s
2025-03-06 07:05:52.499 70976 INFO tempest.lib.common.rest_client [req-6cddfc32-690b-4fe5-b4c4-428dd0fc44d2 req-6cddfc32-690b-4fe5-b4c4-428dd0fc44d2 ] Request (ServersTestBootFromVolume:setUpClass): 200 GET http://10.180.1.21/volume/v3/volumes/ee80737c-23f8-41a6-892f-7c26f5a15ac7 0.026s
2025-03-06 07:05:52.506 70940 INFO tempest.lib.common.rest_client [req-c79d5b8d-776f-49db-8611-be70dee0d474 req-c79d5b8d-776f-49db-8611-be70dee0d474 ] Request (ServerRescueTestJSONUnderV235:setUpClass): 200 GET http://10.180.1.21/compute/v2.1/servers/0ed3e504-e3d4-46ea-a5e5-a72cf22056b8 0.060s
2025-03-06 07:05:52.520 70958 INFO tempest.lib.common.rest_client [req-53725a24-d7aa-443f-b111-745d7b96e176 req-53725a24-d7aa-443f-b111-745d7b96e176 ] Request (ServersNegativeTestMultiTenantJSON:setUpClass): 200 GET http://10.180.1.21/identity/v3/domains?name=Default 0.027s
2025-03-06 07:05:52.522 70950 INFO tempest.lib.common.rest_client [req-2239fd7c-ece0-4871-98b7-4d7e93e6eec2 req-2239fd7c-ece0-4871-98b7-4d7e93e6eec2 ] Request (VolumesAdminNegativeTest:setUpClass): 200 GET http://10.180.1.21/identity/v3/roles 0.024s
2025-03-06 07:05:52.554 70958 INFO tempest.lib.common.rest_client [req-d034ba54-fdad-4e6c-903b-79cc3747533d req-d034ba54-fdad-4e6c-903b-79cc3747533d ] Request (ServersNegativeTestMultiTenantJSON:setUpClass): 201 POST http://10.180.1.21/identity/v3/projects 0.033s
2025-03-06 07:05:52.554 70950 INFO tempest.lib.common.rest_client [req-220dd9c5-d236-4c1d-8619-37d8c11aa7a9 req-220dd9c5-d236-4c1d-8619-37d8c11aa7a9 ] Request (VolumesAdminNegativeTest:setUpClass): 204 PUT http://10.180.1.21/identity/v3/projects/e8e1eb36dbb549cb9ac16255624d7a5e/users/c7525317a8dd4a7780586fcc0a6fa7c7/roles/12fc0df6206b4715b2fa4bba0f4974c1 0.030s
2025-03-06 07:05:52.557 71001 INFO tempest.lib.common.rest_client [req-d19c57f9-78bc-4905-9fad-4d5984722d01 req-d19c57f9-78bc-4905-9fad-4d5984722d01 ] Request (ImagesOneServerTestJSON:setUpClass): 200 GET http://10.180.1.21/compute/v2.1/servers/ec92f9b0-03c6-4207-8e9a-c1d8472e6cbc 0.054s
2025-03-06 07:05:52.608 70950 INFO tempest.lib.common.rest_client [req-f045f602-3d48-4c90-a9d0-67d240d50d39 req-f045f602-3d48-4c90-a9d0-67d240d50d39 ] Request (VolumesAdminNegativeTest:setUpClass): 200 GET http://10.180.1.21/identity/v3/roles 0.053s
2025-03-06 07:05:52.616 70966 INFO tempest.lib.common.rest_client [req-dc86bbd8-2893-4d4a-967c-7fb33e5c4851 req-dc86bbd8-2893-4d4a-967c-7fb33e5c4851 ] Request (ServersAdminTestJSON:test_create_server_with_scheduling_hint): 200 GET http://10.180.1.21/compute/v2.1/servers/74508bf5-d9b7-486b-a5e6-9387f3b96496 0.051s
2025-03-06 07:05:52.617 70958 INFO tempest.lib.common.rest_client [req-058bd6ce-f138-40d8-8329-e98ccd720961 req-058bd6ce-f138-40d8-8329-e98ccd720961 ] Request (ServersNegativeTestMultiTenantJSON:setUpClass): 201 POST http://10.180.1.21/identity/v3/users 0.063s
2025-03-06 07:05:52.625 70950 INFO tempest.lib.common.rest_client [req-234f4bba-1b5b-4002-8dc8-4ce5525a5b7e req-234f4bba-1b5b-4002-8dc8-4ce5525a5b7e ] Request (VolumesAdminNegativeTest:setUpClass): 204 PUT http://10.180.1.21/identity/v3/projects/e8e1eb36dbb549cb9ac16255624d7a5e/users/c7525317a8dd4a7780586fcc0a6fa7c7/roles/12fc0df6206b4715b2fa4bba0f4974c1 0.016s
2025-03-06 07:05:52.625 70950 INFO tempest.lib.common.dynamic_creds [-] Dynamic test user c7525317a8dd4a7780586fcc0a6fa7c7 is created with scope project and roles: ['admin']
2025-03-06 07:05:52.625 70950 INFO tempest.lib.common.dynamic_creds [-] Acquired dynamic creds: credentials: Credentials: {'domain_id': 'default', 'domain_name': 'Default', 'username': 'tempest-VolumesAdminNegativeTest-64336704-project-admin', 'project_domain_id': 'default', 'project_domain_name': 'Default', 'project_id': 'e8e1eb36dbb549cb9ac16255624d7a5e', 'project_name': 'tempest-VolumesAdminNegativeTest-64336704', 'tenant_id': 'e8e1eb36dbb549cb9ac16255624d7a5e', 'tenant_name': 'tempest-VolumesAdminNegativeTest-64336704', 'user_domain_id': 'default', 'user_domain_name': 'Default', 'user_id': 'c7525317a8dd4a7780586fcc0a6fa7c7', 'system': None}, Network: None, Subnet: None, Router: None
2025-03-06 07:05:52.631 71003 INFO tempest.lib.common.rest_client [req-21f85911-ebda-449f-a610-cceee0aa5d1f req-21f85911-ebda-449f-a610-cceee0aa5d1f ] Request (ServersWithSpecificFlavorTestJSON:test_verify_created_server_ephemeral_disk): 200 GET http://10.180.1.21/compute/v2.1/servers/36f2529c-66af-4fdc-bd2d-72c61e181008 0.105s
2025-03-06 07:05:52.640 71003 INFO tempest.common.waiters [-] State transition "BUILD/block_device_mapping" ==> "BUILD/spawning" after 43 second wait
2025-03-06 07:05:52.670 70958 INFO tempest.lib.common.rest_client [req-d60c5f2b-f4d1-43a3-a2d1-3eb394e326ce req-d60c5f2b-f4d1-43a3-a2d1-3eb394e326ce ] Request (ServersNegativeTestMultiTenantJSON:setUpClass): 200 GET http://10.180.1.21/identity/v3/roles 0.052s
2025-03-06 07:05:52.679 70978 INFO tempest.lib.common.rest_client [req-da53d1e2-a31c-4b2e-b650-3e33dffcf982 req-da53d1e2-a31c-4b2e-b650-3e33dffcf982 ] Request (FloatingIPsAssociationNegativeTestJSON:tearDownClass): 200 GET http://10.180.1.21/compute/v2.1/servers/7a938aa3-5958-42cb-912c-091a74fe59e6 0.094s
2025-03-06 07:05:52.701 70958 INFO tempest.lib.common.rest_client [req-e4783c27-06aa-43b4-959d-cb8fb4c920a6 req-e4783c27-06aa-43b4-959d-cb8fb4c920a6 ] Request (ServersNegativeTestMultiTenantJSON:setUpClass): 204 PUT http://10.180.1.21/identity/v3/projects/788df2007bfc4003ad16559ce413d561/users/2ea5bd22aeae43b0b42a146db8c3b34f/roles/0811f429a2fe4c58a4669938c1e81f02 0.027s
2025-03-06 07:05:52.701 70958 INFO tempest.lib.common.dynamic_creds [-] Dynamic test user 2ea5bd22aeae43b0b42a146db8c3b34f is created with scope project and roles: ['member']
2025-03-06 07:05:52.701 70958 INFO tempest.lib.common.dynamic_creds [-] Acquired dynamic creds: credentials: Credentials: {'domain_id': 'default', 'domain_name': 'Default', 'username': 'tempest-ServersNegativeTestMultiTenantJSON-1162737740-project-member', 'project_domain_id': 'default', 'project_domain_name': 'Default', 'project_id': '788df2007bfc4003ad16559ce413d561', 'project_name': 'tempest-ServersNegativeTestMultiTenantJSON-1162737740', 'tenant_id': '788df2007bfc4003ad16559ce413d561', 'tenant_name': 'tempest-ServersNegativeTestMultiTenantJSON-1162737740', 'user_domain_id': 'default', 'user_domain_name': 'Default', 'user_id': '2ea5bd22aeae43b0b42a146db8c3b34f', 'system': None}, Network: None, Subnet: None, Router: None
2025-03-06 07:05:52.707 70988 INFO tempest.lib.common.rest_client [req-b4c6d619-56f8-401f-b6b8-f736a2e4a220 req-b4c6d619-56f8-401f-b6b8-f736a2e4a220 ] Request (AttachInterfacesUnderV243Test:test_add_remove_fixed_ip): 200 GET http://10.180.1.21/compute/v2.1/servers/db0b4f76-e22a-4d07-98f0-d3351cf2bd27 0.074s
2025-03-06 07:05:52.764 70948 INFO tempest.lib.common.rest_client [req-db74e11a-f45a-4a59-9406-e959dc8847f9 req-db74e11a-f45a-4a59-9406-e959dc8847f9 ] Request (ServerTagsTestJSON:setUpClass): 200 GET http://10.180.1.21/compute/v2.1/servers/d4ae4c1e-c7e1-4170-b8b6-bb97915e76ca 0.061s
2025-03-06 07:05:52.772 70958 INFO tempest.lib.common.rest_client [req-34bc0af9-8fc0-4faf-bdcf-0145c4da1be0 req-34bc0af9-8fc0-4faf-bdcf-0145c4da1be0 ] Request (ServersNegativeTestMultiTenantJSON:setUpClass): 201 POST http://10.180.1.21/identity/v3/auth/tokens 0.070s
2025-03-06 07:05:52.839 70942 INFO tempest.lib.common.rest_client [req-5787de02-c0fe-4de4-9820-0766b3b0db3a req-5787de02-c0fe-4de4-9820-0766b3b0db3a ] Request (ListImageFiltersTestJSON:setUpClass): 200 GET http://10.180.1.21/compute/v2.1/servers/31083218-fb6f-4b8b-b085-9af5820d8d8d 0.078s
2025-03-06 07:05:52.886 70972 INFO tempest.lib.common.rest_client [req-1ba65fb1-8ec6-4ef6-a74c-efcc1260bd93 req-1ba65fb1-8ec6-4ef6-a74c-efcc1260bd93 ] Request (ListServersNegativeTestJSON:setUpClass): 200 GET http://10.180.1.21/compute/v2.1/servers/6fd3bc19-a1d9-4f2f-adf2-43d65aee49cc 0.122s
2025-03-06 07:05:52.904 70995 INFO tempest.lib.common.rest_client [req-0c8a7d5f-1f60-4a2e-891e-62e77959dae3 req-0c8a7d5f-1f60-4a2e-891e-62e77959dae3 ] Request (FloatingIPsAssociationTestJSON:test_associate_already_associated_floating_ip): 200 GET http://10.180.1.21/compute/v2.1/servers/47a5a912-2f01-46b7-81c3-959a623acc2e 0.091s
2025-03-06 07:05:52.944 70946 INFO tempest.lib.common.rest_client [req-9412c621-e8cb-4fb2-ad0f-4fc4b5bbfc91 req-9412c621-e8cb-4fb2-ad0f-4fc4b5bbfc91 ] Request (DeleteServersAdminTestJSON:test_delete_server_while_in_error_state): 200 GET http://10.180.1.21/compute/v2.1/servers/99f71fa0-ffcb-4bef-97c6-48c3b57ad5f2 0.124s
2025-03-06 07:05:52.970 70950 INFO tempest.lib.common.rest_client [req-36189dba-46a9-4267-8790-9337887dca95 req-36189dba-46a9-4267-8790-9337887dca95 ] Request (VolumesAdminNegativeTest:setUpClass): 201 POST http://10.180.1.21:9696/networking/v2.0/networks 0.344s
2025-03-06 07:05:53.103 70999 INFO tempest.lib.common.rest_client [req-d51b51f4-9a95-4032-a2f2-eb4ee96bb0a7 req-d51b51f4-9a95-4032-a2f2-eb4ee96bb0a7 ] Request (InstanceActionsV221TestJSON:test_get_list_deleted_instance_actions): 200 GET http://10.180.1.21/compute/v2.1/servers/091c5198-df49-46d4-a61b-54b26267e925 0.063s
2025-03-06 07:05:53.142 70950 INFO tempest.lib.common.rest_client [req-98163689-feac-4555-8b14-684c560c20f4 req-98163689-feac-4555-8b14-684c560c20f4 ] Request (VolumesAdminNegativeTest:setUpClass): 201 POST http://10.180.1.21:9696/networking/v2.0/subnets 0.172s
2025-03-06 07:05:53.265 70958 INFO tempest.lib.common.rest_client [req-704fecec-2db9-46e2-ae17-8d01312d1e6e req-704fecec-2db9-46e2-ae17-8d01312d1e6e ] Request (ServersNegativeTestMultiTenantJSON:setUpClass): 201 POST http://10.180.1.21:9696/networking/v2.0/networks 0.492s
2025-03-06 07:05:53.284 70975 INFO tempest.lib.common.rest_client [req-cbd12206-b1dc-4f94-9055-edc512608477 req-cbd12206-b1dc-4f94-9055-edc512608477 ] Request (ServersAdmin275Test:tearDownClass): 200 GET http://10.180.1.21/compute/v2.1/servers/476ba092-72d4-4e2b-807a-cb1bd63f2fe1 0.100s
2025-03-06 07:05:53.305 70970 INFO tempest.lib.common.rest_client [req-6d38742c-f2cc-47bc-bff4-ad0d3825211f req-6d38742c-f2cc-47bc-bff4-ad0d3825211f ] Request (VolumesTestJSON:setUpClass): 200 GET http://10.180.1.21/volume/v3/volumes/2b8e845b-0a35-495a-86b0-c60ec0b66ec0 0.031s
2025-03-06 07:05:53.312 70970 INFO tempest.common.waiters [-] volume 2b8e845b-0a35-495a-86b0-c60ec0b66ec0 reached available after waiting for 1.312301 seconds
2025-03-06 07:05:53.348 70968 INFO tempest.lib.common.rest_client [req-3cacbd86-c4be-40bb-b5ee-81096d45078a req-3cacbd86-c4be-40bb-b5ee-81096d45078a ] Request (ServersTestJSON:setUpClass): 200 GET http://10.180.1.21/compute/v2.1/servers/bec74a85-11dd-4d81-97c6-6799afb4a327 0.144s
2025-03-06 07:05:53.372 70954 INFO tempest.lib.common.rest_client [req-003c02ff-6ca6-4c48-ad16-7604d79c486d req-003c02ff-6ca6-4c48-ad16-7604d79c486d ] Request (MigrationsAdminTest:test_list_migrations_in_flavor_resize_situation): 200 GET http://10.180.1.21/compute/v2.1/servers/a47d55e8-62b5-42ae-8fc3-d10f4bc81b88 0.258s
2025-03-06 07:05:53.417 70952 INFO tempest.lib.common.rest_client [req-6f58dc2c-273f-4811-bbee-68be67b2b5e2 req-6f58dc2c-273f-4811-bbee-68be67b2b5e2 ] Request (ServerDiagnosticsTest:tearDownClass): 200 GET http://10.180.1.21/compute/v2.1/servers/031e2546-99d7-4602-8aec-b0b108a31fe4 0.153s
2025-03-06 07:05:53.426 70984 INFO tempest.lib.common.rest_client [req-f6a45cf5-7102-4578-8f1e-2861e9e0dbe4 req-f6a45cf5-7102-4578-8f1e-2861e9e0dbe4 ] Request (ServersTestManualDisk:setUpClass): 200 GET http://10.180.1.21/compute/v2.1/servers/66441d00-c5cd-4331-a28b-0062f0bbba02 0.137s
2025-03-06 07:05:53.466 70970 INFO tempest.lib.common.rest_client [req-d6f7b35a-4cc6-4dc8-972d-3fa740424ba8 req-d6f7b35a-4cc6-4dc8-972d-3fa740424ba8 ] Request (VolumesTestJSON:setUpClass): 200 GET http://10.180.1.21/compute/v2.1/os-volumes/2b8e845b-0a35-495a-86b0-c60ec0b66ec0 0.150s
2025-03-06 07:05:53.476 70997 WARNING tempest.lib.common.ssh [-] Failed to establish authenticated ssh connection to cirros@10.180.180.178 ([Errno None] Unable to connect to port 22 on 10.180.180.178). Number attempts: 4. Retry after 5 seconds.: paramiko.ssh_exception.NoValidConnectionsError: [Errno None] Unable to connect to port 22 on 10.180.180.178
2025-03-06 07:05:53.481 70981 INFO tempest.lib.common.rest_client [req-7c767b76-9559-41ae-adcc-8acd744a4c71 req-7c767b76-9559-41ae-adcc-8acd744a4c71 ] Request (ServersTestMultiNic:test_verify_duplicate_network_nics): 200 GET http://10.180.1.21/compute/v2.1/servers/4fef9d4c-25e6-4e22-a7dd-8340eb7a9ccb 0.133s
2025-03-06 07:05:53.491 70958 INFO tempest.lib.common.rest_client [req-b9a514e9-1594-4208-8535-86353889f830 req-b9a514e9-1594-4208-8535-86353889f830 ] Request (ServersNegativeTestMultiTenantJSON:setUpClass): 201 POST http://10.180.1.21:9696/networking/v2.0/subnets 0.226s
2025-03-06 07:05:53.522 70986 INFO tempest.lib.common.rest_client [req-e7aa841b-7ee7-422a-97da-070dc0cf30df req-e7aa841b-7ee7-422a-97da-070dc0cf30df ] Request (ImagesOneServerNegativeTestJSON:_run_cleanups): 200 GET http://10.180.1.21/compute/v2.1/servers/65316bf8-eb2d-4ff5-95a4-53d82fd65a99 0.166s
2025-03-06 07:05:53.537 70976 INFO tempest.lib.common.rest_client [req-121a0e05-7c24-42d0-8527-bdc8bfa83e43 req-121a0e05-7c24-42d0-8527-bdc8bfa83e43 ] Request (ServersTestBootFromVolume:setUpClass): 200 GET http://10.180.1.21/volume/v3/volumes/ee80737c-23f8-41a6-892f-7c26f5a15ac7 0.026s
2025-03-06 07:05:53.537 70962 INFO tempest.lib.common.rest_client [req-c444e601-e655-47ac-9687-eeadf2646589 req-c444e601-e655-47ac-9687-eeadf2646589 ] Request (AttachVolumeNegativeTest:test_attach_attached_volume_to_different_server): 200 GET http://10.180.1.21/compute/v2.1/servers/2b0d38e7-998c-40a8-922e-896a9c87f76f 0.126s
2025-03-06 07:05:53.588 70992 INFO tempest.lib.common.rest_client [req-7f953768-52f0-4a1f-9ff4-fe67282fad8e req-7f953768-52f0-4a1f-9ff4-fe67282fad8e ] Request (ServerExternalEventsTest:tearDownClass): 200 GET http://10.180.1.21/compute/v2.1/servers/6ea30732-9561-4e45-8825-88f318a82ab6 0.166s
2025-03-06 07:05:53.602 70960 INFO tempest.lib.common.rest_client [req-9fe08c59-c138-40ea-81db-00f1e3f8577e req-9fe08c59-c138-40ea-81db-00f1e3f8577e ] Request (ServersAdminNegativeTestJSON:test_migrate_server_invalid_state): 200 GET http://10.180.1.21/compute/v2.1/servers/b54e480f-1178-492b-a18c-48baf46b97a9 0.134s
2025-03-06 07:05:53.664 70964 INFO tempest.lib.common.rest_client [req-e1a16b9b-659d-4620-a8ff-f19aa38e4791 req-e1a16b9b-659d-4620-a8ff-f19aa38e4791 ] Request (ImagesTestJSON:test_create_image_from_stopped_server): 200 GET http://10.180.1.21/compute/v2.1/servers/ea764944-7779-4159-a4d2-e989765163f6 0.180s
2025-03-06 07:05:53.667 70970 INFO tempest.lib.common.rest_client [req-3eca1b7a-70de-4def-96ad-782ad6ba9948 req-3eca1b7a-70de-4def-96ad-782ad6ba9948 ] Request (VolumesTestJSON:test_volume_list): 200 GET http://10.180.1.21/compute/v2.1/os-volumes 0.198s
2025-03-06 07:05:53.739 70940 INFO tempest.lib.common.rest_client [req-9ae59eec-8326-421e-b90b-5a21ae2d7def req-9ae59eec-8326-421e-b90b-5a21ae2d7def ] Request (ServerRescueTestJSONUnderV235:setUpClass): 200 GET http://10.180.1.21/compute/v2.1/servers/0ed3e504-e3d4-46ea-a5e5-a72cf22056b8 0.225s
2025-03-06 07:05:53.748 71001 INFO tempest.lib.common.rest_client [req-6bcacf40-7b52-44b8-93d2-c2a3b1e1321f req-6bcacf40-7b52-44b8-93d2-c2a3b1e1321f ] Request (ImagesOneServerTestJSON:setUpClass): 200 GET http://10.180.1.21/compute/v2.1/servers/ec92f9b0-03c6-4207-8e9a-c1d8472e6cbc 0.182s
2025-03-06 07:05:53.800 70966 INFO tempest.lib.common.rest_client [req-20c62961-4570-42d8-99e0-4164d1af4627 req-20c62961-4570-42d8-99e0-4164d1af4627 ] Request (ServersAdminTestJSON:test_create_server_with_scheduling_hint): 200 GET http://10.180.1.21/compute/v2.1/servers/74508bf5-d9b7-486b-a5e6-9387f3b96496 0.174s
2025-03-06 07:05:53.870 70970 INFO tempest.lib.common.rest_client [req-5717dd54-7dae-4679-8328-4dc63bfdb6a7 req-5717dd54-7dae-4679-8328-4dc63bfdb6a7 ] Request (VolumesTestJSON:test_volume_list_param_limit): 200 GET http://10.180.1.21/compute/v2.1/os-volumes?limit=2 0.198s
2025-03-06 07:05:53.960 70978 INFO tempest.lib.common.rest_client [req-a214d05b-2c54-4ac8-aaac-92bad97eeb3c req-a214d05b-2c54-4ac8-aaac-92bad97eeb3c ] Request (FloatingIPsAssociationNegativeTestJSON:tearDownClass): 200 GET http://10.180.1.21/compute/v2.1/servers/7a938aa3-5958-42cb-912c-091a74fe59e6 0.271s
2025-03-06 07:05:53.965 71003 INFO tempest.lib.common.rest_client [req-7679ea82-db14-4467-835b-3fbcb74fc257 req-7679ea82-db14-4467-835b-3fbcb74fc257 ] Request (ServersWithSpecificFlavorTestJSON:test_verify_created_server_ephemeral_disk): 200 GET http://10.180.1.21/compute/v2.1/servers/36f2529c-66af-4fdc-bd2d-72c61e181008 0.324s
2025-03-06 07:05:54.034 70988 INFO tempest.lib.common.rest_client [req-5de06f5d-9037-462b-8067-4658050963a0 req-5de06f5d-9037-462b-8067-4658050963a0 ] Request (AttachInterfacesUnderV243Test:test_add_remove_fixed_ip): 200 GET http://10.180.1.21/compute/v2.1/servers/db0b4f76-e22a-4d07-98f0-d3351cf2bd27 0.317s
2025-03-06 07:05:54.044 70948 INFO tempest.lib.common.rest_client [req-15e83620-5d19-4092-9477-fd7ccbb1917a req-15e83620-5d19-4092-9477-fd7ccbb1917a ] Request (ServerTagsTestJSON:setUpClass): 200 GET http://10.180.1.21/compute/v2.1/servers/d4ae4c1e-c7e1-4170-b8b6-bb97915e76ca 0.268s
2025-03-06 07:05:54.075 70950 INFO tempest.lib.common.rest_client [req-0daae25e-e234-4bb1-b484-b3a568af07b8 req-0daae25e-e234-4bb1-b484-b3a568af07b8 ] Request (VolumesAdminNegativeTest:setUpClass): 201 POST http://10.180.1.21:9696/networking/v2.0/routers 0.932s
2025-03-06 07:05:54.078 70970 INFO tempest.lib.common.rest_client [req-b0a9db11-e0ba-4d68-a1b0-38df039d028e req-b0a9db11-e0ba-4d68-a1b0-38df039d028e ] Request (VolumesTestJSON:test_volume_list_param_offset_and_limit): 200 GET http://10.180.1.21/compute/v2.1/os-volumes 0.204s
2025-03-06 07:05:54.086 70942 INFO tempest.lib.common.rest_client [req-1eb4d4b0-95a1-4975-89d1-3cfadcb59427 req-1eb4d4b0-95a1-4975-89d1-3cfadcb59427 ] Request (ListImageFiltersTestJSON:setUpClass): 200 GET http://10.180.1.21/compute/v2.1/servers/31083218-fb6f-4b8b-b085-9af5820d8d8d 0.239s
2025-03-06 07:05:54.146 70995 INFO tempest.lib.common.rest_client [req-a8157764-af3d-4a0e-93b1-38be80a53712 req-a8157764-af3d-4a0e-93b1-38be80a53712 ] Request (FloatingIPsAssociationTestJSON:test_associate_already_associated_floating_ip): 200 GET http://10.180.1.21/compute/v2.1/servers/47a5a912-2f01-46b7-81c3-959a623acc2e 0.234s
2025-03-06 07:05:54.212 70972 INFO tempest.lib.common.rest_client [req-d4657000-e057-4c6f-826f-2a4b5bbda1c8 req-d4657000-e057-4c6f-826f-2a4b5bbda1c8 ] Request (ListServersNegativeTestJSON:setUpClass): 200 GET http://10.180.1.21/compute/v2.1/servers/6fd3bc19-a1d9-4f2f-adf2-43d65aee49cc 0.318s
2025-03-06 07:05:54.215 70946 INFO tempest.lib.common.rest_client [req-8bf73513-fd8c-496f-b8c8-9e1ce191c743 req-8bf73513-fd8c-496f-b8c8-9e1ce191c743 ] Request (DeleteServersAdminTestJSON:test_delete_server_while_in_error_state): 200 GET http://10.180.1.21/compute/v2.1/servers/99f71fa0-ffcb-4bef-97c6-48c3b57ad5f2 0.262s
2025-03-06 07:05:54.244 70993 WARNING tempest.lib.common.ssh [-] Failed to establish authenticated ssh connection to cirros@10.180.180.183 ([Errno None] Unable to connect to port 22 on 10.180.180.183). Number attempts: 3. Retry after 4 seconds.: paramiko.ssh_exception.NoValidConnectionsError: [Errno None] Unable to connect to port 22 on 10.180.180.183
2025-03-06 07:05:54.253 70970 INFO tempest.lib.common.rest_client [req-27d73f56-3cfb-495b-967f-462052df4b00 req-27d73f56-3cfb-495b-967f-462052df4b00 ] Request (VolumesTestJSON:test_volume_list_param_offset_and_limit): 200 GET http://10.180.1.21/compute/v2.1/os-volumes?offset=1&limit=1 0.172s
2025-03-06 07:05:54.279 70999 INFO tempest.lib.common.rest_client [req-76bd373c-9aae-48de-80dd-dbf1618965e2 req-76bd373c-9aae-48de-80dd-dbf1618965e2 ] Request (InstanceActionsV221TestJSON:test_get_list_deleted_instance_actions): 200 GET http://10.180.1.21/compute/v2.1/servers/091c5198-df49-46d4-a61b-54b26267e925 0.167s
2025-03-06 07:05:54.311 70970 INFO tempest.lib.common.rest_client [req-bc1c9559-7a0e-4b9c-8119-b8759330abb6 req-bc1c9559-7a0e-4b9c-8119-b8759330abb6 ] Request (VolumesTestJSON:test_volume_list_with_detail_param_limit): 200 GET http://10.180.1.21/compute/v2.1/os-volumes/detail?limit=2 0.054s
2025-03-06 07:05:54.356 70970 INFO tempest.lib.common.rest_client [req-fdf03c00-d5e7-4325-b74b-5bd9b55c050b req-fdf03c00-d5e7-4325-b74b-5bd9b55c050b ] Request (VolumesTestJSON:test_volume_list_with_detail_param_offset_and_limit): 200 GET http://10.180.1.21/compute/v2.1/os-volumes/detail 0.041s
2025-03-06 07:05:54.384 70975 INFO tempest.lib.common.rest_client [req-9f5b873d-dad6-4d4c-af73-93b771853dec req-9f5b873d-dad6-4d4c-af73-93b771853dec ] Request (ServersAdmin275Test:tearDownClass): 200 GET http://10.180.1.21/compute/v2.1/servers/476ba092-72d4-4e2b-807a-cb1bd63f2fe1 0.088s
2025-03-06 07:05:54.435 70970 INFO tempest.lib.common.rest_client [req-ec97b2d8-05ac-4a98-94b9-adab28ca13a2 req-ec97b2d8-05ac-4a98-94b9-adab28ca13a2 ] Request (VolumesTestJSON:test_volume_list_with_detail_param_offset_and_limit): 200 GET http://10.180.1.21/compute/v2.1/os-volumes/detail?offset=1&limit=1 0.070s
2025-03-06 07:05:54.443 70958 INFO tempest.lib.common.rest_client [req-13566038-3b93-4cbd-9488-216a04b76477 req-13566038-3b93-4cbd-9488-216a04b76477 ] Request (ServersNegativeTestMultiTenantJSON:setUpClass): 201 POST http://10.180.1.21:9696/networking/v2.0/routers 0.951s
2025-03-06 07:05:54.581 70976 INFO tempest.lib.common.rest_client [req-e01ba491-48d4-4e8a-8410-ff8f30203ebd req-e01ba491-48d4-4e8a-8410-ff8f30203ebd ] Request (ServersTestBootFromVolume:setUpClass): 200 GET http://10.180.1.21/volume/v3/volumes/ee80737c-23f8-41a6-892f-7c26f5a15ac7 0.035s
2025-03-06 07:05:54.588 70976 INFO tempest.common.waiters [-] volume ee80737c-23f8-41a6-892f-7c26f5a15ac7 reached available after waiting for 21.588813 seconds
2025-03-06 07:05:54.674 70954 INFO tempest.lib.common.rest_client [req-279dcf39-aad2-4274-be0a-8498de577595 req-279dcf39-aad2-4274-be0a-8498de577595 ] Request (MigrationsAdminTest:test_list_migrations_in_flavor_resize_situation): 200 GET http://10.180.1.21/compute/v2.1/servers/a47d55e8-62b5-42ae-8fc3-d10f4bc81b88 0.288s
2025-03-06 07:05:54.695 70968 INFO tempest.lib.common.rest_client [req-5fe3a2c7-855a-4d2c-9efe-13e8de088b7b req-5fe3a2c7-855a-4d2c-9efe-13e8de088b7b ] Request (ServersTestJSON:setUpClass): 200 GET http://10.180.1.21/compute/v2.1/servers/bec74a85-11dd-4d81-97c6-6799afb4a327 0.338s
2025-03-06 07:05:54.771 70984 INFO tempest.lib.common.rest_client [req-945aa08a-944c-409e-a0da-ee1c2e31909a req-945aa08a-944c-409e-a0da-ee1c2e31909a ] Request (ServersTestManualDisk:setUpClass): 200 GET http://10.180.1.21/compute/v2.1/servers/66441d00-c5cd-4331-a28b-0062f0bbba02 0.336s
2025-03-06 07:05:54.782 70952 INFO tempest.lib.common.rest_client [req-a40f7513-d6a7-4755-864b-50ccb91d51e4 req-a40f7513-d6a7-4755-864b-50ccb91d51e4 ] Request (ServerDiagnosticsTest:tearDownClass): 200 GET http://10.180.1.21/compute/v2.1/servers/031e2546-99d7-4602-8aec-b0b108a31fe4 0.352s
2025-03-06 07:05:54.828 70970 INFO tempest.lib.common.rest_client [req-6f6d9560-4b93-491e-99eb-e39860a474e6 req-6f6d9560-4b93-491e-99eb-e39860a474e6 ] Request (VolumesTestJSON:test_volume_list_with_details): 200 GET http://10.180.1.21/compute/v2.1/os-volumes/detail 0.387s
2025-03-06 07:05:54.886 70981 INFO tempest.lib.common.rest_client [req-66d289cb-9d01-485b-acbe-7d8e22e3b74f req-66d289cb-9d01-485b-acbe-7d8e22e3b74f ] Request (ServersTestMultiNic:test_verify_duplicate_network_nics): 200 GET http://10.180.1.21/compute/v2.1/servers/4fef9d4c-25e6-4e22-a7dd-8340eb7a9ccb 0.396s
2025-03-06 07:05:54.898 70970 INFO tempest.lib.common.rest_client [req-8355d02a-e99c-46c8-96b2-0b44b0f52d58 req-8355d02a-e99c-46c8-96b2-0b44b0f52d58 ] Request (VolumesTestJSON:tearDownClass): 202 DELETE http://10.180.1.21/volume/v3/volumes/2b8e845b-0a35-495a-86b0-c60ec0b66ec0 0.060s
2025-03-06 07:05:54.925 70986 INFO tempest.lib.common.rest_client [req-90ef9583-5989-4b2b-99df-1f754e85b983 req-90ef9583-5989-4b2b-99df-1f754e85b983 ] Request (ImagesOneServerNegativeTestJSON:_run_cleanups): 200 GET http://10.180.1.21/compute/v2.1/servers/65316bf8-eb2d-4ff5-95a4-53d82fd65a99 0.390s
2025-03-06 07:05:54.933 70970 INFO tempest.lib.common.rest_client [req-369b9213-8929-4810-a959-0dd438ab0a48 req-369b9213-8929-4810-a959-0dd438ab0a48 ] Request (VolumesTestJSON:tearDownClass): 200 GET http://10.180.1.21/volume/v3/volumes/2b8e845b-0a35-495a-86b0-c60ec0b66ec0 0.035s
2025-03-06 07:05:55.183 70962 INFO tempest.lib.common.rest_client [req-4722fadc-64c8-40c1-a7a8-d1a006f24e42 req-4722fadc-64c8-40c1-a7a8-d1a006f24e42 ] Request (AttachVolumeNegativeTest:test_attach_attached_volume_to_different_server): 200 GET http://10.180.1.21/compute/v2.1/servers/2b0d38e7-998c-40a8-922e-896a9c87f76f 0.635s
2025-03-06 07:05:55.216 70992 INFO tempest.lib.common.rest_client [req-54ed4dd5-4555-4e0d-9806-ba9d2dbd65c2 req-54ed4dd5-4555-4e0d-9806-ba9d2dbd65c2 ] Request (ServerExternalEventsTest:tearDownClass): 404 GET http://10.180.1.21/compute/v2.1/servers/6ea30732-9561-4e45-8825-88f318a82ab6 0.616s
2025-03-06 07:05:55.295 70960 INFO tempest.lib.common.rest_client [req-2afc156e-64c5-43af-86a0-8773e4bfe90c req-2afc156e-64c5-43af-86a0-8773e4bfe90c ] Request (ServersAdminNegativeTestJSON:test_migrate_server_invalid_state): 200 GET http://10.180.1.21/compute/v2.1/servers/b54e480f-1178-492b-a18c-48baf46b97a9 0.682s
2025-03-06 07:05:55.377 70964 INFO tempest.lib.common.rest_client [req-5858b42c-1282-4447-b567-7d935afede5d req-5858b42c-1282-4447-b567-7d935afede5d ] Request (ImagesTestJSON:test_create_image_from_stopped_server): 200 GET http://10.180.1.21/compute/v2.1/servers/ea764944-7779-4159-a4d2-e989765163f6 0.698s
2025-03-06 07:05:55.393 70992 INFO tempest.lib.common.rest_client [req-c9498581-e886-44f8-b6a6-39b4f6ea967d req-c9498581-e886-44f8-b6a6-39b4f6ea967d ] Request (ServerExternalEventsTest:tearDownClass): 204 DELETE http://10.180.1.21/identity/v3/users/4b410292b9774050960b4fc2aac5e134 0.176s
2025-03-06 07:05:55.448 70940 INFO tempest.lib.common.rest_client [req-524fa1f4-cb0e-43d6-aad3-53e2e5cc502c req-524fa1f4-cb0e-43d6-aad3-53e2e5cc502c ] Request (ServerRescueTestJSONUnderV235:setUpClass): 200 GET http://10.180.1.21/compute/v2.1/servers/0ed3e504-e3d4-46ea-a5e5-a72cf22056b8 0.695s
2025-03-06 07:05:55.507 71001 INFO tempest.lib.common.rest_client [req-3654971c-85c9-45f1-93f5-53d894391bec req-3654971c-85c9-45f1-93f5-53d894391bec ] Request (ImagesOneServerTestJSON:setUpClass): 200 GET http://10.180.1.21/compute/v2.1/servers/ec92f9b0-03c6-4207-8e9a-c1d8472e6cbc 0.750s
2025-03-06 07:05:55.544 70950 INFO tempest.lib.common.rest_client [req-e24ed0df-89e4-4ab1-a7aa-972287c588f6 req-e24ed0df-89e4-4ab1-a7aa-972287c588f6 ] Request (VolumesAdminNegativeTest:setUpClass): 200 PUT http://10.180.1.21:9696/networking/v2.0/routers/182902ab-0898-4460-a60e-c089bf901477/add_router_interface 1.469s
2025-03-06 07:05:55.544 70950 INFO tempest.lib.common.dynamic_creds [-] Created isolated network resources for: credentials: Credentials: {'domain_id': 'default', 'domain_name': 'Default', 'username': 'tempest-VolumesAdminNegativeTest-64336704-project-admin', 'project_domain_id': 'default', 'project_domain_name': 'Default', 'project_id': 'e8e1eb36dbb549cb9ac16255624d7a5e', 'project_name': 'tempest-VolumesAdminNegativeTest-64336704', 'tenant_id': 'e8e1eb36dbb549cb9ac16255624d7a5e', 'tenant_name': 'tempest-VolumesAdminNegativeTest-64336704', 'user_domain_id': 'default', 'user_domain_name': 'Default', 'user_id': 'c7525317a8dd4a7780586fcc0a6fa7c7', 'system': None}, Network: {'id': 'ef64a04f-bd0a-4885-b93f-2b88281a050e', 'name': 'tempest-VolumesAdminNegativeTest-1410737277-network', 'tenant_id': 'e8e1eb36dbb549cb9ac16255624d7a5e', 'admin_state_up': True, 'mtu': 8950, 'status': 'ACTIVE', 'subnets': [], 'shared': False, 'project_id': 'e8e1eb36dbb549cb9ac16255624d7a5e', 'port_security_enabled': True, 'router:external': False, 'provider:network_type': 'vlan', 'provider:physical_network': 'default', 'provider:segmentation_id': 522, 'availability_zone_hints': [], 'availability_zones': [], 'ipv4_address_scope': None, 'ipv6_address_scope': None, 'description': '', 'tags': [], 'created_at': '2025-03-06T07:05:52Z', 'updated_at': '2025-03-06T07:05:52Z', 'revision_number': 1}, Subnet: {'id': 'd59a24b5-ec3c-40ca-b149-417fb2e62e89', 'name': 'tempest-VolumesAdminNegativeTest-1410737277-subnet', 'tenant_id': 'e8e1eb36dbb549cb9ac16255624d7a5e', 'network_id': 'ef64a04f-bd0a-4885-b93f-2b88281a050e', 'ip_version': 4, 'subnetpool_id': None, 'enable_dhcp': True, 'ipv6_ra_mode': None, 'ipv6_address_mode': None, 'gateway_ip': '192.168.128.1', 'cidr': '192.168.128.0/28', 'allocation_pools': [{'start': '192.168.128.2', 'end': '192.168.128.14'}], 'host_routes': [], 'dns_nameservers': [], 'description': '', 'router:external': False, 'service_types': [], 'tags': [], 'created_at': '2025-03-06T07:05:53Z', 'updated_at': '2025-03-06T07:05:53Z', 'revision_number': 0, 'project_id': 'e8e1eb36dbb549cb9ac16255624d7a5e'}, Router: {'id': '182902ab-0898-4460-a60e-c089bf901477', 'name': 'tempest-VolumesAdminNegativeTest-1410737277-router', 'tenant_id': 'e8e1eb36dbb549cb9ac16255624d7a5e', 'admin_state_up': True, 'status': 'ACTIVE', 'external_gateway_info': {'network_id': '36087559-98a4-4310-88dd-0c122253f22f', 'external_fixed_ips': [{'subnet_id': 'ee092eeb-0ec4-461c-868a-58f5cb1d0a6c', 'ip_address': '10.180.180.189'}], 'enable_snat': True}, 'description': '', 'availability_zones': [], 'distributed': False, 'ha': False, 'availability_zone_hints': [], 'routes': [], 'flavor_id': None, 'tags': [], 'created_at': '2025-03-06T07:05:53Z', 'updated_at': '2025-03-06T07:05:53Z', 'revision_number': 2, 'project_id': 'e8e1eb36dbb549cb9ac16255624d7a5e'}
2025-03-06 07:05:55.551 70992 INFO tempest.lib.common.rest_client [req-1b2c280e-9be4-47ef-a015-85ac048c2b95 req-1b2c280e-9be4-47ef-a015-85ac048c2b95 ] Request (ServerExternalEventsTest:tearDownClass): 204 DELETE http://10.180.1.21/identity/v3/users/e8cb8e677e5a49ff9a0ca7665c734998 0.157s
2025-03-06 07:05:55.584 70966 INFO tempest.lib.common.rest_client [req-529c8c30-60b4-48e2-8335-4f02e2897709 req-529c8c30-60b4-48e2-8335-4f02e2897709 ] Request (ServersAdminTestJSON:test_create_server_with_scheduling_hint): 200 GET http://10.180.1.21/compute/v2.1/servers/74508bf5-d9b7-486b-a5e6-9387f3b96496 0.775s
2025-03-06 07:05:55.652 70976 INFO tempest.lib.common.rest_client [req-b24a80fa-65f7-4780-b6a0-0218867fbcb7 req-b24a80fa-65f7-4780-b6a0-0218867fbcb7 ] Request (ServersTestBootFromVolume:setUpClass): 202 POST http://10.180.1.21/compute/v2.1/servers 1.063s
2025-03-06 07:05:55.661 70950 INFO tempest.lib.common.rest_client [req-d1e7480a-17ae-418c-a7dc-39216134cf92 req-d1e7480a-17ae-418c-a7dc-39216134cf92 ] Request (VolumesAdminNegativeTest:setUpClass): 201 POST http://10.180.1.21/identity/v3/auth/tokens 0.109s
2025-03-06 07:05:55.670 70978 INFO tempest.lib.common.rest_client [req-97efa8dd-9af0-40b1-b132-7c8e6a8121ea req-97efa8dd-9af0-40b1-b132-7c8e6a8121ea ] Request (FloatingIPsAssociationNegativeTestJSON:tearDownClass): 200 GET http://10.180.1.21/compute/v2.1/servers/7a938aa3-5958-42cb-912c-091a74fe59e6 0.698s
2025-03-06 07:05:55.679 70992 INFO tempest.lib.common.rest_client [req-dd811fde-291f-4e70-b971-6f7d5184ffa9 req-dd811fde-291f-4e70-b971-6f7d5184ffa9 ] Request (ServerExternalEventsTest:tearDownClass): 204 DELETE http://10.180.1.21/identity/v3/users/bff4636c4a014e1eadca2ad3c3a78f03 0.127s
2025-03-06 07:05:55.679 70992 INFO tempest.lib.common.dynamic_creds [-] Deleting project and security group for project: 53fc38f90e3d4698ad6fe1ee1e22ce2e
2025-03-06 07:05:55.729 70988 INFO tempest.lib.common.rest_client [req-6d433ccb-0c6c-4a76-8d8c-87e85307de99 req-6d433ccb-0c6c-4a76-8d8c-87e85307de99 ] Request (AttachInterfacesUnderV243Test:test_add_remove_fixed_ip): 200 GET http://10.180.1.21/compute/v2.1/servers/db0b4f76-e22a-4d07-98f0-d3351cf2bd27 0.685s
2025-03-06 07:05:55.768 70992 INFO tempest.lib.common.rest_client [req-5d488557-a24d-4d83-a79a-77f82d265537 req-5d488557-a24d-4d83-a79a-77f82d265537 ] Request (ServerExternalEventsTest:tearDownClass): 201 POST http://10.180.1.21/identity/v3/auth/tokens 0.089s
2025-03-06 07:05:55.777 71003 INFO tempest.lib.common.rest_client [req-d7a88fc1-3ba9-43a8-af4b-7947f3dd30f4 req-d7a88fc1-3ba9-43a8-af4b-7947f3dd30f4 ] Request (ServersWithSpecificFlavorTestJSON:test_verify_created_server_ephemeral_disk): 200 GET http://10.180.1.21/compute/v2.1/servers/36f2529c-66af-4fdc-bd2d-72c61e181008 0.800s
2025-03-06 07:05:55.800 70948 INFO tempest.lib.common.rest_client [req-0e791c03-2c85-4e07-8226-10ac26391c12 req-0e791c03-2c85-4e07-8226-10ac26391c12 ] Request (ServerTagsTestJSON:setUpClass): 200 GET http://10.180.1.21/compute/v2.1/servers/d4ae4c1e-c7e1-4170-b8b6-bb97915e76ca 0.747s
2025-03-06 07:05:55.842 70942 INFO tempest.lib.common.rest_client [req-ef19658c-916c-4f51-b47e-1e2678e8d38c req-ef19658c-916c-4f51-b47e-1e2678e8d38c ] Request (ListImageFiltersTestJSON:setUpClass): 200 GET http://10.180.1.21/compute/v2.1/servers/31083218-fb6f-4b8b-b085-9af5820d8d8d 0.748s
2025-03-06 07:05:55.866 70995 INFO tempest.lib.common.rest_client [req-676381d1-4163-4b6c-a8e3-1f2d20033360 req-676381d1-4163-4b6c-a8e3-1f2d20033360 ] Request (FloatingIPsAssociationTestJSON:test_associate_already_associated_floating_ip): 200 GET http://10.180.1.21/compute/v2.1/servers/47a5a912-2f01-46b7-81c3-959a623acc2e 0.710s
2025-03-06 07:05:55.870 70992 INFO tempest.lib.common.rest_client [req-72a60032-02a0-4858-a3e2-19200dc85bff req-72a60032-02a0-4858-a3e2-19200dc85bff ] Request (ServerExternalEventsTest:tearDownClass): 200 GET http://10.180.1.21:9696/networking/v2.0/security-groups?tenant_id=53fc38f90e3d4698ad6fe1ee1e22ce2e&name=default 0.100s
2025-03-06 07:05:55.933 70946 INFO tempest.lib.common.rest_client [req-15e757ab-c24c-4d1a-88d6-cf8ca6835be7 req-15e757ab-c24c-4d1a-88d6-cf8ca6835be7 ] Request (DeleteServersAdminTestJSON:test_delete_server_while_in_error_state): 200 GET http://10.180.1.21/compute/v2.1/servers/99f71fa0-ffcb-4bef-97c6-48c3b57ad5f2 0.703s
2025-03-06 07:05:55.956 70970 INFO tempest.lib.common.rest_client [req-e29405e4-9946-4cd6-aeb3-5b8ad1c3ea18 req-e29405e4-9946-4cd6-aeb3-5b8ad1c3ea18 ] Request (VolumesTestJSON:tearDownClass): 404 GET http://10.180.1.21/volume/v3/volumes/2b8e845b-0a35-495a-86b0-c60ec0b66ec0 0.015s
2025-03-06 07:05:55.987 70999 INFO tempest.lib.common.rest_client [req-60958d25-9762-4948-8f01-bb54c85bd21a req-60958d25-9762-4948-8f01-bb54c85bd21a ] Request (InstanceActionsV221TestJSON:test_get_list_deleted_instance_actions): 200 GET http://10.180.1.21/compute/v2.1/servers/091c5198-df49-46d4-a61b-54b26267e925 0.698s
2025-03-06 07:05:56.006 70992 INFO tempest.lib.common.rest_client [req-0690d881-9906-425d-8b68-72bf7dba3586 req-0690d881-9906-425d-8b68-72bf7dba3586 ] Request (ServerExternalEventsTest:tearDownClass): 204 DELETE http://10.180.1.21:9696/networking/v2.0/security-groups/87537c31-8068-4969-934c-ec4aaa2ebdfe 0.135s
2025-03-06 07:05:56.015 70970 INFO tempest.lib.common.rest_client [req-9970805f-138c-44bd-825e-81c3bee46ecf req-9970805f-138c-44bd-825e-81c3bee46ecf ] Request (VolumesTestJSON:tearDownClass): 202 DELETE http://10.180.1.21/volume/v3/volumes/ad2eafba-ec92-44a8-a89e-77a1ae75cdda 0.058s
2025-03-06 07:05:56.046 70972 INFO tempest.lib.common.rest_client [req-d1c42ed1-688b-4182-8afc-429d94244909 req-d1c42ed1-688b-4182-8afc-429d94244909 ] Request (ListServersNegativeTestJSON:setUpClass): 200 GET http://10.180.1.21/compute/v2.1/servers/6fd3bc19-a1d9-4f2f-adf2-43d65aee49cc 0.825s
2025-03-06 07:05:56.057 70970 INFO tempest.lib.common.rest_client [req-f48ac3ec-f4e3-40e6-85ef-3385c33a761f req-f48ac3ec-f4e3-40e6-85ef-3385c33a761f ] Request (VolumesTestJSON:tearDownClass): 200 GET http://10.180.1.21/volume/v3/volumes/ad2eafba-ec92-44a8-a89e-77a1ae75cdda 0.041s
2025-03-06 07:05:56.080 70975 INFO tempest.lib.common.rest_client [req-844708d7-7a3c-42fc-a62b-e593bf8220ba req-844708d7-7a3c-42fc-a62b-e593bf8220ba ] Request (ServersAdmin275Test:tearDownClass): 200 GET http://10.180.1.21/compute/v2.1/servers/476ba092-72d4-4e2b-807a-cb1bd63f2fe1 0.681s
2025-03-06 07:05:56.098 70976 INFO tempest.lib.common.rest_client [req-5e11103a-8034-4e71-b657-006f7ca2ace8 req-5e11103a-8034-4e71-b657-006f7ca2ace8 ] Request (ServersTestBootFromVolume:setUpClass): 200 GET http://10.180.1.21/compute/v2.1/servers/9c3166c8-92ad-4b9a-ae67-f8ae93aa9c0c 0.444s
2025-03-06 07:05:56.100 70958 INFO tempest.lib.common.rest_client [req-6945eeef-7c55-4fc3-acb2-f05a25cbda41 req-6945eeef-7c55-4fc3-acb2-f05a25cbda41 ] Request (ServersNegativeTestMultiTenantJSON:setUpClass): 200 PUT http://10.180.1.21:9696/networking/v2.0/routers/803ad5a4-9ce6-4aed-a1dc-c967f5d966f6/add_router_interface 1.657s
2025-03-06 07:05:56.101 70958 INFO tempest.lib.common.dynamic_creds [-] Created isolated network resources for: credentials: Credentials: {'domain_id': 'default', 'domain_name': 'Default', 'username': 'tempest-ServersNegativeTestMultiTenantJSON-1162737740-project-member', 'project_domain_id': 'default', 'project_domain_name': 'Default', 'project_id': '788df2007bfc4003ad16559ce413d561', 'project_name': 'tempest-ServersNegativeTestMultiTenantJSON-1162737740', 'tenant_id': '788df2007bfc4003ad16559ce413d561', 'tenant_name': 'tempest-ServersNegativeTestMultiTenantJSON-1162737740', 'user_domain_id': 'default', 'user_domain_name': 'Default', 'user_id': '2ea5bd22aeae43b0b42a146db8c3b34f', 'system': None}, Network: {'id': '9b4e9287-cbfe-47a0-bb9c-69b8843df3bc', 'name': 'tempest-ServersNegativeTestMultiTenantJSON-746786470-network', 'tenant_id': '788df2007bfc4003ad16559ce413d561', 'admin_state_up': True, 'mtu': 8950, 'status': 'ACTIVE', 'subnets': [], 'shared': False, 'project_id': '788df2007bfc4003ad16559ce413d561', 'port_security_enabled': True, 'router:external': False, 'provider:network_type': 'vlan', 'provider:physical_network': 'default', 'provider:segmentation_id': 596, 'availability_zone_hints': [], 'availability_zones': [], 'ipv4_address_scope': None, 'ipv6_address_scope': None, 'description': '', 'tags': [], 'created_at': '2025-03-06T07:05:53Z', 'updated_at': '2025-03-06T07:05:53Z', 'revision_number': 1}, Subnet: {'id': '9025a5f8-68c0-4fe6-b999-df9834d7644a', 'name': 'tempest-ServersNegativeTestMultiTenantJSON-746786470-subnet', 'tenant_id': '788df2007bfc4003ad16559ce413d561', 'network_id': '9b4e9287-cbfe-47a0-bb9c-69b8843df3bc', 'ip_version': 4, 'subnetpool_id': None, 'enable_dhcp': True, 'ipv6_ra_mode': None, 'ipv6_address_mode': None, 'gateway_ip': '192.168.128.1', 'cidr': '192.168.128.0/28', 'allocation_pools': [{'start': '192.168.128.2', 'end': '192.168.128.14'}], 'host_routes': [], 'dns_nameservers': [], 'description': '', 'router:external': False, 'service_types': [], 'tags': [], 'created_at': '2025-03-06T07:05:53Z', 'updated_at': '2025-03-06T07:05:53Z', 'revision_number': 0, 'project_id': '788df2007bfc4003ad16559ce413d561'}, Router: {'id': '803ad5a4-9ce6-4aed-a1dc-c967f5d966f6', 'name': 'tempest-ServersNegativeTestMultiTenantJSON-746786470-router', 'tenant_id': '788df2007bfc4003ad16559ce413d561', 'admin_state_up': True, 'status': 'ACTIVE', 'external_gateway_info': {'network_id': '36087559-98a4-4310-88dd-0c122253f22f', 'external_fixed_ips': [{'subnet_id': 'ee092eeb-0ec4-461c-868a-58f5cb1d0a6c', 'ip_address': '10.180.180.135'}], 'enable_snat': True}, 'description': '', 'availability_zones': [], 'distributed': False, 'ha': False, 'availability_zone_hints': [], 'routes': [], 'flavor_id': None, 'tags': [], 'created_at': '2025-03-06T07:05:53Z', 'updated_at': '2025-03-06T07:05:54Z', 'revision_number': 2, 'project_id': '788df2007bfc4003ad16559ce413d561'}
2025-03-06 07:05:56.205 70954 INFO tempest.lib.common.rest_client [req-a77eb199-bc30-425c-a0f9-be9f6db34de9 req-a77eb199-bc30-425c-a0f9-be9f6db34de9 ] Request (MigrationsAdminTest:test_list_migrations_in_flavor_resize_situation): 200 GET http://10.180.1.21/compute/v2.1/servers/a47d55e8-62b5-42ae-8fc3-d10f4bc81b88 0.521s
2025-03-06 07:05:56.220 70992 INFO tempest.lib.common.rest_client [req-f52887bc-a291-4f0d-8808-a3246fc190bc req-f52887bc-a291-4f0d-8808-a3246fc190bc ] Request (ServerExternalEventsTest:tearDownClass): 204 DELETE http://10.180.1.21/identity/v3/projects/53fc38f90e3d4698ad6fe1ee1e22ce2e 0.214s
2025-03-06 07:05:56.221 70992 INFO tempest.lib.common.dynamic_creds [-] Deleting project and security group for project: 4c347bcfb1294bdbb3ecade504616142
2025-03-06 07:05:56.234 70950 INFO tempest.lib.common.rest_client [req-d270d63b-0744-47b4-b2de-2427653c0b39 req-d270d63b-0744-47b4-b2de-2427653c0b39 ] Request (VolumesAdminNegativeTest:test_update_attached_volume_with_nonexistent_volume_in_body): 200 POST http://10.180.1.21/compute/v2.1/os-keypairs 0.569s
2025-03-06 07:05:56.247 70958 INFO tempest.lib.common.rest_client [req-e73ec29b-accc-4f7f-acdd-be9a9dfaa94a req-e73ec29b-accc-4f7f-acdd-be9a9dfaa94a ] Request (ServersNegativeTestMultiTenantJSON:setUpClass): 201 POST http://10.180.1.21/identity/v3/auth/tokens 0.143s
2025-03-06 07:05:56.258 70968 INFO tempest.lib.common.rest_client [req-18f8de49-c129-4330-912e-4be46e0580c2 req-18f8de49-c129-4330-912e-4be46e0580c2 ] Request (ServersTestJSON:setUpClass): 200 GET http://10.180.1.21/compute/v2.1/servers/bec74a85-11dd-4d81-97c6-6799afb4a327 0.552s
2025-03-06 07:05:56.305 70984 INFO tempest.lib.common.rest_client [req-5b07e547-563f-49bd-8ce1-6832032a6d9c req-5b07e547-563f-49bd-8ce1-6832032a6d9c ] Request (ServersTestManualDisk:setUpClass): 200 GET http://10.180.1.21/compute/v2.1/servers/66441d00-c5cd-4331-a28b-0062f0bbba02 0.518s
