2025-03-06 07:33:14.482 69154 INFO tempest.lib.common.dynamic_creds [-] Dynamic test user 30df914c3649452fbb42221a873a8cdd is created with scope project and roles: ['member']
2025-03-06 07:33:14.482 69154 INFO tempest.lib.common.dynamic_creds [-] Acquired dynamic creds: credentials: Credentials: {'domain_id': 'default', 'domain_name': 'Default', 'username': 'tempest-ServerRescueTestJSONUnderV235-1241957403-project-member', 'project_domain_id': 'default', 'project_domain_name': 'Default', 'project_id': '4c6a1515133d4c70828c226a82e60798', 'project_name': 'tempest-ServerRescueTestJSONUnderV235-1241957403', 'tenant_id': '4c6a1515133d4c70828c226a82e60798', 'tenant_name': 'tempest-ServerRescueTestJSONUnderV235-1241957403', 'user_domain_id': 'default', 'user_domain_name': 'Default', 'user_id': '30df914c3649452fbb42221a873a8cdd', 'system': None}, Network: None, Subnet: None, Router: None
2025-03-06 07:33:14.493 69126 INFO tempest.lib.common.rest_client [req-1dfbc81e-f937-44df-86ac-bc1a9b012afa req-1dfbc81e-f937-44df-86ac-bc1a9b012afa ] Request (ServersAdminNegativeTestJSON:setUpClass): 204 PUT http://10.180.1.21/identity/v3/projects/2cef9f72485d42ffb54d0c3777fdce1e/users/0f3874b35581423cac8761ccc9461421/roles/544f107cad6e4b97b770cd0685ac2896 0.400s
2025-03-06 07:33:14.493 69126 INFO tempest.lib.common.dynamic_creds [-] Dynamic test user 0f3874b35581423cac8761ccc9461421 is created with scope project and roles: ['member']
2025-03-06 07:33:14.493 69126 INFO tempest.lib.common.dynamic_creds [-] Acquired dynamic creds: credentials: Credentials: {'domain_id': 'default', 'domain_name': 'Default', 'username': 'tempest-ServersAdminNegativeTestJSON-417146069-project-member', 'project_domain_id': 'default', 'project_domain_name': 'Default', 'project_id': '2cef9f72485d42ffb54d0c3777fdce1e', 'project_name': 'tempest-ServersAdminNegativeTestJSON-417146069', 'tenant_id': '2cef9f72485d42ffb54d0c3777fdce1e', 'tenant_name': 'tempest-ServersAdminNegativeTestJSON-417146069', 'user_domain_id': 'default', 'user_domain_name': 'Default', 'user_id': '0f3874b35581423cac8761ccc9461421', 'system': None}, Network: None, Subnet: None, Router: None
2025-03-06 07:33:14.493 69126 INFO tempest.lib.common.dynamic_creds [-] Created isolated network resources for: credentials: Credentials: {'domain_id': 'default', 'domain_name': 'Default', 'username': 'tempest-ServersAdminNegativeTestJSON-417146069-project-member', 'project_domain_id': 'default', 'project_domain_name': 'Default', 'project_id': '2cef9f72485d42ffb54d0c3777fdce1e', 'project_name': 'tempest-ServersAdminNegativeTestJSON-417146069', 'tenant_id': '2cef9f72485d42ffb54d0c3777fdce1e', 'tenant_name': 'tempest-ServersAdminNegativeTestJSON-417146069', 'user_domain_id': 'default', 'user_domain_name': 'Default', 'user_id': '0f3874b35581423cac8761ccc9461421', 'system': None}, Network: None, Subnet: None, Router: None
2025-03-06 07:33:14.557 69146 INFO tempest.lib.common.rest_client [req-abaa5f8b-bff5-4af9-806d-ef2c7ddb035d req-abaa5f8b-bff5-4af9-806d-ef2c7ddb035d ] Request (DeleteServersAdminTestJSON:test_admin_delete_servers_of_others): 202 POST http://10.180.1.21/compute/v2.1/servers 2.173s
2025-03-06 07:33:14.566 69178 INFO tempest.lib.common.rest_client [req-4f0819a1-7370-4615-aa67-3c86e5b98e21 req-4f0819a1-7370-4615-aa67-3c86e5b98e21 ] Request (QuotasSecurityGroupAdminNegativeTest:tearDownClass): 201 POST http://10.180.1.21/identity/v3/auth/tokens 0.377s
2025-03-06 07:33:14.586 69156 INFO tempest.lib.common.rest_client [req-65fc7ea9-1bfa-4522-9c2f-ba42cbdd3d38 req-65fc7ea9-1bfa-4522-9c2f-ba42cbdd3d38 ] Request (ListImageFiltersNegativeTestJSON:tearDownClass): 204 DELETE http://10.180.1.21/identity/v3/projects/f8fcf5e9178c47b7ba0f133efcbab9ae 0.394s
2025-03-06 07:33:14.587 69134 INFO tempest.lib.common.rest_client [req-40a8960c-6c18-4c1c-952d-f5325b276dbc req-40a8960c-6c18-4c1c-952d-f5325b276dbc ] Request (ImagesMetadataNegativeTestJSON:test_list_nonexistent_image_metadata): 404 GET http://10.180.1.21/compute/v2.1/images/f2c65ae7-fd0f-44a3-a71b-1e8f2c159abf/metadata 2.060s
2025-03-06 07:33:14.628 69136 INFO tempest.lib.common.rest_client [req-c2f59fda-517f-4b27-bb8f-988708198c32 req-c2f59fda-517f-4b27-bb8f-988708198c32 ] Request (HypervisorAdminV253TestBase:test_list_show_detail_hypervisors): 200 GET http://10.180.1.21/compute/v2.1/os-hypervisors/13848a83-f35a-4e12-bf26-a4b2d228e7c4 2.049s
2025-03-06 07:33:14.628 69140 INFO tempest.lib.common.rest_client [req-df39b0aa-399e-4b58-a7f8-802516614e6d req-df39b0aa-399e-4b58-a7f8-802516614e6d ] Request (FlavorsAccessNegativeTestJSON:setUpClass): 204 PUT http://10.180.1.21/identity/v3/projects/a81372169e6c4a1081ddf153b323b798/users/0a5937a700fb48b6bb1744c94d465142/roles/544f107cad6e4b97b770cd0685ac2896 0.280s
2025-03-06 07:33:14.629 69140 INFO tempest.lib.common.dynamic_creds [-] Dynamic test user 0a5937a700fb48b6bb1744c94d465142 is created with scope project and roles: ['member']
2025-03-06 07:33:14.629 69140 INFO tempest.lib.common.dynamic_creds [-] Acquired dynamic creds: credentials: Credentials: {'domain_id': 'default', 'domain_name': 'Default', 'username': 'tempest-FlavorsAccessNegativeTestJSON-1393753959-project-member', 'project_domain_id': 'default', 'project_domain_name': 'Default', 'project_id': 'a81372169e6c4a1081ddf153b323b798', 'project_name': 'tempest-FlavorsAccessNegativeTestJSON-1393753959', 'tenant_id': 'a81372169e6c4a1081ddf153b323b798', 'tenant_name': 'tempest-FlavorsAccessNegativeTestJSON-1393753959', 'user_domain_id': 'default', 'user_domain_name': 'Default', 'user_id': '0a5937a700fb48b6bb1744c94d465142', 'system': None}, Network: None, Subnet: None, Router: None
2025-03-06 07:33:14.629 69140 INFO tempest.lib.common.dynamic_creds [-] Created isolated network resources for: credentials: Credentials: {'domain_id': 'default', 'domain_name': 'Default', 'username': 'tempest-FlavorsAccessNegativeTestJSON-1393753959-project-member', 'project_domain_id': 'default', 'project_domain_name': 'Default', 'project_id': 'a81372169e6c4a1081ddf153b323b798', 'project_name': 'tempest-FlavorsAccessNegativeTestJSON-1393753959', 'tenant_id': 'a81372169e6c4a1081ddf153b323b798', 'tenant_name': 'tempest-FlavorsAccessNegativeTestJSON-1393753959', 'user_domain_id': 'default', 'user_domain_name': 'Default', 'user_id': '0a5937a700fb48b6bb1744c94d465142', 'system': None}, Network: None, Subnet: None, Router: None
2025-03-06 07:33:14.638 69144 INFO tempest.lib.common.rest_client [req-45a554bd-2f57-4228-b59d-77e82c9dc526 req-45a554bd-2f57-4228-b59d-77e82c9dc526 ] Request (ImagesNegativeTestJSON:setUpClass): 201 POST http://10.180.1.21:9696/networking/v2.0/routers 1.296s
2025-03-06 07:33:14.684 69124 INFO tempest.lib.common.rest_client [req-a493798d-b21b-4d48-9423-85eba9cfa978 req-a493798d-b21b-4d48-9423-85eba9cfa978 ] Request (ServersWithSpecificFlavorTestJSON:setUpClass): 200 GET http://10.180.1.21/identity/v3/roles 0.261s
2025-03-06 07:33:14.685 69164 INFO tempest.lib.common.rest_client [req-c637abc7-9439-49a9-a8e9-fd27c9419d53 req-c637abc7-9439-49a9-a8e9-fd27c9419d53 ] Request (ServersAdminTestJSON:setUpClass): 201 POST http://10.180.1.21/identity/v3/users 0.322s
2025-03-06 07:33:14.713 69154 INFO tempest.lib.common.rest_client [req-7603e96b-927b-4bb1-89bd-f3e3fc3d8493 req-7603e96b-927b-4bb1-89bd-f3e3fc3d8493 ] Request (ServerRescueTestJSONUnderV235:setUpClass): 201 POST http://10.180.1.21/identity/v3/auth/tokens 0.230s
2025-03-06 07:33:14.730 69122 INFO tempest.lib.common.rest_client [req-417464ab-fc8e-4cc6-a36c-3aad5e3281d0 req-417464ab-fc8e-4cc6-a36c-3aad5e3281d0 ] Request (VolumesAssistedSnapshotsTest:setUpClass): 200 PUT http://10.180.1.21:9696/networking/v2.0/routers/a8332aa6-a57d-4500-8bb6-69d192dae6aa/add_router_interface 1.678s
2025-03-06 07:33:14.730 69122 INFO tempest.lib.common.dynamic_creds [-] Created isolated network resources for: credentials: Credentials: {'domain_id': 'default', 'domain_name': 'Default', 'username': 'tempest-VolumesAssistedSnapshotsTest-902904158-project-admin', 'project_domain_id': 'default', 'project_domain_name': 'Default', 'project_id': 'b29be25639e74355adaea1cc6a06f8f7', 'project_name': 'tempest-VolumesAssistedSnapshotsTest-902904158', 'tenant_id': 'b29be25639e74355adaea1cc6a06f8f7', 'tenant_name': 'tempest-VolumesAssistedSnapshotsTest-902904158', 'user_domain_id': 'default', 'user_domain_name': 'Default', 'user_id': '07c8cde2c99742d38dd16d6a87127d4b', 'system': None}, Network: {'id': 'b7bd4d9b-9fc0-4930-a206-d0afa1995135', 'name': 'tempest-VolumesAssistedSnapshotsTest-936454679-network', 'tenant_id': 'b29be25639e74355adaea1cc6a06f8f7', 'admin_state_up': True, 'mtu': 8950, 'status': 'ACTIVE', 'subnets': [], 'shared': False, 'project_id': 'b29be25639e74355adaea1cc6a06f8f7', 'port_security_enabled': True, 'router:external': False, 'provider:network_type': 'vlan', 'provider:physical_network': 'default', 'provider:segmentation_id': 704, 'availability_zone_hints': [], 'availability_zones': [], 'ipv4_address_scope': None, 'ipv6_address_scope': None, 'description': '', 'tags': [], 'created_at': '2025-03-06T07:33:10Z', 'updated_at': '2025-03-06T07:33:10Z', 'revision_number': 1}, Subnet: {'id': 'ea35a9d0-538a-4b99-98e2-c0a66dfd4611', 'name': 'tempest-VolumesAssistedSnapshotsTest-936454679-subnet', 'tenant_id': 'b29be25639e74355adaea1cc6a06f8f7', 'network_id': 'b7bd4d9b-9fc0-4930-a206-d0afa1995135', 'ip_version': 4, 'subnetpool_id': None, 'enable_dhcp': True, 'ipv6_ra_mode': None, 'ipv6_address_mode': None, 'gateway_ip': '192.168.128.1', 'cidr': '192.168.128.0/28', 'allocation_pools': [{'start': '192.168.128.2', 'end': '192.168.128.14'}], 'host_routes': [], 'dns_nameservers': [], 'description': '', 'router:external': False, 'service_types': [], 'tags': [], 'created_at': '2025-03-06T07:33:11Z', 'updated_at': '2025-03-06T07:33:11Z', 'revision_number': 0, 'project_id': 'b29be25639e74355adaea1cc6a06f8f7'}, Router: {'id': 'a8332aa6-a57d-4500-8bb6-69d192dae6aa', 'name': 'tempest-VolumesAssistedSnapshotsTest-936454679-router', 'tenant_id': 'b29be25639e74355adaea1cc6a06f8f7', 'admin_state_up': True, 'status': 'ACTIVE', 'external_gateway_info': {'network_id': '495f496c-89b6-4d59-a630-261e52522c64', 'external_fixed_ips': [{'subnet_id': '072874ea-b39f-426d-a4eb-c6f63df8b4b6', 'ip_address': '10.180.180.152'}], 'enable_snat': True}, 'description': '', 'availability_zones': [], 'distributed': False, 'ha': False, 'availability_zone_hints': [], 'routes': [], 'flavor_id': None, 'tags': [], 'created_at': '2025-03-06T07:33:11Z', 'updated_at': '2025-03-06T07:33:12Z', 'revision_number': 2, 'project_id': 'b29be25639e74355adaea1cc6a06f8f7'}
2025-03-06 07:33:14.774 69126 INFO tempest.lib.common.rest_client [req-58c3e219-4841-480a-90ec-d39781bce45d req-58c3e219-4841-480a-90ec-d39781bce45d ] Request (ServersAdminNegativeTestJSON:setUpClass): 201 POST http://10.180.1.21/identity/v3/auth/tokens 0.276s
2025-03-06 07:33:14.865 69156 INFO tempest.lib.common.rest_client [req-70f2c014-bf09-4e03-a603-0664543bef1a req-70f2c014-bf09-4e03-a603-0664543bef1a ] Request (ListImagesTestJSON:setUpClass): 201 POST http://10.180.1.21/identity/v3/auth/tokens 0.277s
2025-03-06 07:33:14.903 69166 INFO tempest.lib.common.rest_client [req-b840bff3-3464-4a44-9fa8-b8dc6d804636 req-b840bff3-3464-4a44-9fa8-b8dc6d804636 ] Request (QuotasAdminNegativeTest:test_create_server_when_cpu_quota_is_full): 200 GET http://10.180.1.21/compute/v2.1/os-quota-sets/9d732bbb919545e18c40763265cd7b94 2.443s
2025-03-06 07:33:14.954 69168 INFO tempest.lib.common.rest_client [req-8f56b449-97b3-48e7-9b34-32180468e0f7 req-8f56b449-97b3-48e7-9b34-32180468e0f7 ] Request (ImagesMetadataTestJSON:setUpClass): 204 PUT http://10.180.1.21/image/v2/images/dc0e2e77-a6a6-4fc6-b497-2ac87352ef69/file 4.374s
2025-03-06 07:33:14.990 69140 INFO tempest.lib.common.rest_client [req-851184ba-d2f5-45aa-a1a1-c2e3443a5cd4 req-851184ba-d2f5-45aa-a1a1-c2e3443a5cd4 ] Request (FlavorsAccessNegativeTestJSON:setUpClass): 201 POST http://10.180.1.21/identity/v3/auth/tokens 0.355s
2025-03-06 07:33:14.992 69140 WARNING tempest.lib.common.rest_client [-] Deprecated: "tenant_id" property is deprecated for removal, use "project_id" instead
2025-03-06 07:33:15.000 69172 INFO tempest.lib.common.rest_client [req-a00ddcbf-18e2-452d-b94e-2696c9963ff7 req-a00ddcbf-18e2-452d-b94e-2696c9963ff7 ] Request (InstanceUsageAuditLogTestJSON:test_get_instance_usage_audit_log): 200 GET http://10.180.1.21/compute/v2.1/os-instance_usage_audit_log/2025-03-06%2007%3A33%3A12 2.401s
2025-03-06 07:33:15.008 69124 INFO tempest.lib.common.rest_client [req-cb341695-83a2-4ef1-b18e-617dad2580f1 req-cb341695-83a2-4ef1-b18e-617dad2580f1 ] Request (ServersWithSpecificFlavorTestJSON:setUpClass): 204 PUT http://10.180.1.21/identity/v3/projects/e97dda46867f4f428ca501725c268fb6/users/f07651da36ba453295b397f9f52f5bbf/roles/4a04f09ed94c40b48c6e2cb61c3e9a26 0.323s
2025-03-06 07:33:15.008 69124 INFO tempest.lib.common.dynamic_creds [-] Dynamic test user f07651da36ba453295b397f9f52f5bbf is created with scope project and roles: ['admin']
2025-03-06 07:33:15.008 69124 INFO tempest.lib.common.dynamic_creds [-] Acquired dynamic creds: credentials: Credentials: {'domain_id': 'default', 'domain_name': 'Default', 'username': 'tempest-ServersWithSpecificFlavorTestJSON-485070541-project-admin', 'project_domain_id': 'default', 'project_domain_name': 'Default', 'project_id': 'e97dda46867f4f428ca501725c268fb6', 'project_name': 'tempest-ServersWithSpecificFlavorTestJSON-485070541', 'tenant_id': 'e97dda46867f4f428ca501725c268fb6', 'tenant_name': 'tempest-ServersWithSpecificFlavorTestJSON-485070541', 'user_domain_id': 'default', 'user_domain_name': 'Default', 'user_id': 'f07651da36ba453295b397f9f52f5bbf', 'system': None}, Network: None, Subnet: None, Router: None
2025-03-06 07:33:15.009 69178 INFO tempest.lib.common.rest_client [req-98b53f22-bba2-46bb-ac72-53ba81a0dc76 req-98b53f22-bba2-46bb-ac72-53ba81a0dc76 ] Request (QuotasSecurityGroupAdminNegativeTest:tearDownClass): 200 GET http://10.180.1.21:9696/networking/v2.0/security-groups?tenant_id=c10597c2ec894eb786f9f092fb44d1f0&name=default 0.442s
2025-03-06 07:33:15.074 69136 INFO tempest.lib.common.rest_client [req-632170d0-d9aa-4a9e-9536-3694147c0d4b req-632170d0-d9aa-4a9e-9536-3694147c0d4b ] Request (HypervisorAdminV253TestBase:tearDownClass): 204 DELETE http://10.180.1.21/identity/v3/users/f180dfa57d3e4147bfe8953ff124c95f 0.436s
2025-03-06 07:33:15.084 69164 INFO tempest.lib.common.rest_client [req-614a91d3-0947-4c6e-b545-2608b8fdc27c req-614a91d3-0947-4c6e-b545-2608b8fdc27c ] Request (ServersAdminTestJSON:setUpClass): 200 GET http://10.180.1.21/identity/v3/roles 0.396s
2025-03-06 07:33:15.166 69122 INFO tempest.lib.common.rest_client [req-3f69c5dc-c847-4240-92ea-155f6625ae4d req-3f69c5dc-c847-4240-92ea-155f6625ae4d ] Request (VolumesAssistedSnapshotsTest:setUpClass): 201 POST http://10.180.1.21/identity/v3/auth/tokens 0.431s
2025-03-06 07:33:15.174 69178 INFO tempest.lib.common.rest_client [req-863ad1dd-f7f3-4bf2-b5a2-5d1a920d1051 req-863ad1dd-f7f3-4bf2-b5a2-5d1a920d1051 ] Request (QuotasSecurityGroupAdminNegativeTest:tearDownClass): 204 DELETE http://10.180.1.21:9696/networking/v2.0/security-groups/e38d1dd4-d196-4ad5-93c0-cf6b53146016 0.165s
2025-03-06 07:33:15.191 69156 INFO tempest.lib.common.rest_client [req-fb85614e-b872-48f6-8615-f18f397e671a req-fb85614e-b872-48f6-8615-f18f397e671a ] Request (ListImagesTestJSON:setUpClass): 201 POST http://10.180.1.21/identity/v3/auth/tokens 0.319s
2025-03-06 07:33:15.213 69126 INFO tempest.lib.common.rest_client [req-68bd6f5f-288f-4e34-af2d-17f8188ac0c0 req-68bd6f5f-288f-4e34-af2d-17f8188ac0c0 ] Request (ServersAdminNegativeTestJSON:setUpClass): 201 POST http://10.180.1.21/identity/v3/projects 0.438s
2025-03-06 07:33:15.248 69124 INFO tempest.lib.common.rest_client [req-b44a6f7a-f490-4155-8882-e23dd9c5055b req-b44a6f7a-f490-4155-8882-e23dd9c5055b ] Request (ServersWithSpecificFlavorTestJSON:setUpClass): 201 POST http://10.180.1.21:9696/networking/v2.0/networks 0.240s
2025-03-06 07:33:15.339 69130 INFO tempest.lib.common.rest_client [req-41320ddc-136e-48be-ae95-0b808e4ef579 req-41320ddc-136e-48be-ae95-0b808e4ef579 ] Request (QuotaClassesAdminTestJSON:test_update_default_quotas): 200 GET http://10.180.1.21/compute/v2.1/os-quota-class-sets/default 2.472s
2025-03-06 07:33:15.407 69164 INFO tempest.lib.common.rest_client [req-66872d80-5fd3-444c-8721-bab8c6e9f4fc req-66872d80-5fd3-444c-8721-bab8c6e9f4fc ] Request (ServersAdminTestJSON:setUpClass): 204 PUT http://10.180.1.21/identity/v3/projects/d3db0fb45218459a8d2293d25430102a/users/796f37223a8d415d9fb4b0d06fe10f2f/roles/4a04f09ed94c40b48c6e2cb61c3e9a26 0.322s
2025-03-06 07:33:15.434 69136 INFO tempest.lib.common.rest_client [req-da702801-2b9d-447d-9099-9ebff9736ef1 req-da702801-2b9d-447d-9099-9ebff9736ef1 ] Request (HypervisorAdminV253TestBase:tearDownClass): 204 DELETE http://10.180.1.21/identity/v3/users/98350da6126b452f8d571366c47b7fa9 0.359s
2025-03-06 07:33:15.434 69154 INFO tempest.lib.common.rest_client [req-e3cfc1e2-69c4-4799-bd28-0aad95268c40 req-e3cfc1e2-69c4-4799-bd28-0aad95268c40 ] Request (ServerRescueTestJSONUnderV235:setUpClass): 201 POST http://10.180.1.21:9696/networking/v2.0/networks 0.721s
2025-03-06 07:33:15.434 69136 INFO tempest.lib.common.dynamic_creds [-] Deleting project and security group for project: 2268132895514aefb9f09fe6476c8714
2025-03-06 07:33:15.524 69122 INFO tempest.lib.common.rest_client [req-b49efbe7-4a90-41a2-b440-934d0c114d70 req-b49efbe7-4a90-41a2-b440-934d0c114d70 ] Request (VolumesAssistedSnapshotsTest:setUpClass): 201 POST http://10.180.1.21/identity/v3/projects 0.357s
2025-03-06 07:33:15.532 69178 INFO tempest.lib.common.rest_client [req-589a8682-de0d-4c7d-8e31-c8e36570f709 req-589a8682-de0d-4c7d-8e31-c8e36570f709 ] Request (QuotasSecurityGroupAdminNegativeTest:tearDownClass): 204 DELETE http://10.180.1.21/identity/v3/projects/c10597c2ec894eb786f9f092fb44d1f0 0.357s
2025-03-06 07:33:15.532 69178 INFO tempest.lib.common.dynamic_creds [-] Deleting project and security group for project: 46067e7a827a44ef9f674070da1989dc
2025-03-06 07:33:15.555 69124 INFO tempest.lib.common.rest_client [req-08bf99d0-7b9a-4fb3-85b0-5d41d0d9e1f4 req-08bf99d0-7b9a-4fb3-85b0-5d41d0d9e1f4 ] Request (ServersWithSpecificFlavorTestJSON:setUpClass): 201 POST http://10.180.1.21:9696/networking/v2.0/subnets 0.306s
2025-03-06 07:33:15.598 69126 INFO tempest.lib.common.rest_client [req-48c1c0de-b2e7-4326-af33-2b9a28a6d98e req-48c1c0de-b2e7-4326-af33-2b9a28a6d98e ] Request (ServersAdminNegativeTestJSON:setUpClass): 201 POST http://10.180.1.21/identity/v3/users 0.384s
2025-03-06 07:33:15.601 69156 INFO tempest.lib.common.rest_client [req-982829ea-82a0-4a44-90b6-daf59d0f4e16 req-982829ea-82a0-4a44-90b6-daf59d0f4e16 ] Request (ListImagesTestJSON:setUpClass): 200 GET http://10.180.1.21/identity/v3/domains?name=Default 0.410s
2025-03-06 07:33:15.629 69164 INFO tempest.lib.common.rest_client [req-386b677d-a82d-4c4e-a13f-7e9969ca9871 req-386b677d-a82d-4c4e-a13f-7e9969ca9871 ] Request (ServersAdminTestJSON:setUpClass): 200 GET http://10.180.1.21/identity/v3/roles 0.221s
2025-03-06 07:33:15.653 69136 INFO tempest.lib.common.rest_client [req-b3625b33-04de-4be6-8dd2-0fdc506f4921 req-b3625b33-04de-4be6-8dd2-0fdc506f4921 ] Request (HypervisorAdminV253TestBase:tearDownClass): 201 POST http://10.180.1.21/identity/v3/auth/tokens 0.219s
2025-03-06 07:33:15.685 69122 INFO tempest.lib.common.rest_client [req-90bf88db-22b5-4aaf-8667-9ccbbceccfc8 req-90bf88db-22b5-4aaf-8667-9ccbbceccfc8 ] Request (VolumesAssistedSnapshotsTest:setUpClass): 201 POST http://10.180.1.21/identity/v3/users 0.161s
2025-03-06 07:33:15.711 69126 INFO tempest.lib.common.rest_client [req-fca50afe-ac21-4b3a-8f17-629d937ebdeb req-fca50afe-ac21-4b3a-8f17-629d937ebdeb ] Request (ServersAdminNegativeTestJSON:setUpClass): 200 GET http://10.180.1.21/identity/v3/roles 0.112s
2025-03-06 07:33:15.728 69164 INFO tempest.lib.common.rest_client [req-2025cfb6-40c5-4513-8c9c-727e1cd79e4f req-2025cfb6-40c5-4513-8c9c-727e1cd79e4f ] Request (ServersAdminTestJSON:setUpClass): 204 PUT http://10.180.1.21/identity/v3/projects/d3db0fb45218459a8d2293d25430102a/users/796f37223a8d415d9fb4b0d06fe10f2f/roles/4a04f09ed94c40b48c6e2cb61c3e9a26 0.098s
2025-03-06 07:33:15.728 69164 INFO tempest.lib.common.dynamic_creds [-] Dynamic test user 796f37223a8d415d9fb4b0d06fe10f2f is created with scope project and roles: ['admin']
2025-03-06 07:33:15.728 69164 INFO tempest.lib.common.dynamic_creds [-] Acquired dynamic creds: credentials: Credentials: {'domain_id': 'default', 'domain_name': 'Default', 'username': 'tempest-ServersAdminTestJSON-1458418464-project-admin', 'project_domain_id': 'default', 'project_domain_name': 'Default', 'project_id': 'd3db0fb45218459a8d2293d25430102a', 'project_name': 'tempest-ServersAdminTestJSON-1458418464', 'tenant_id': 'd3db0fb45218459a8d2293d25430102a', 'tenant_name': 'tempest-ServersAdminTestJSON-1458418464', 'user_domain_id': 'default', 'user_domain_name': 'Default', 'user_id': '796f37223a8d415d9fb4b0d06fe10f2f', 'system': None}, Network: None, Subnet: None, Router: None
2025-03-06 07:33:15.739 69128 INFO tempest.lib.common.rest_client [req-5199834d-e11c-45c3-9e97-ca486d7cc160 req-5199834d-e11c-45c3-9e97-ca486d7cc160 ] Request (AZAdminV2TestJSON:test_get_availability_zone_list): 200 GET http://10.180.1.21/compute/v2.1/os-availability-zone 2.812s
2025-03-06 07:33:15.742 69156 INFO tempest.lib.common.rest_client [req-383e59bd-5bb6-4077-9fbc-4155d5df25f3 req-383e59bd-5bb6-4077-9fbc-4155d5df25f3 ] Request (ListImagesTestJSON:setUpClass): 201 POST http://10.180.1.21/identity/v3/projects 0.141s
2025-03-06 07:33:15.806 69122 INFO tempest.lib.common.rest_client [req-ba993038-2b76-4fb2-9f8e-a2bf8666da01 req-ba993038-2b76-4fb2-9f8e-a2bf8666da01 ] Request (VolumesAssistedSnapshotsTest:setUpClass): 200 GET http://10.180.1.21/identity/v3/roles 0.120s
2025-03-06 07:33:15.853 69144 INFO tempest.lib.common.rest_client [req-e4b4a146-e0e1-48d7-a283-6b282451222c req-e4b4a146-e0e1-48d7-a283-6b282451222c ] Request (ImagesNegativeTestJSON:setUpClass): 200 PUT http://10.180.1.21:9696/networking/v2.0/routers/28d65315-99ba-4c74-bd17-3635e2f21fa6/add_router_interface 1.215s
2025-03-06 07:33:15.853 69144 INFO tempest.lib.common.dynamic_creds [-] Created isolated network resources for: credentials: Credentials: {'domain_id': 'default', 'domain_name': 'Default', 'username': 'tempest-ImagesNegativeTestJSON-1333582666-project-member', 'project_domain_id': 'default', 'project_domain_name': 'Default', 'project_id': '6556a48c9a6f476bafa1378a21b9e612', 'project_name': 'tempest-ImagesNegativeTestJSON-1333582666', 'tenant_id': '6556a48c9a6f476bafa1378a21b9e612', 'tenant_name': 'tempest-ImagesNegativeTestJSON-1333582666', 'user_domain_id': 'default', 'user_domain_name': 'Default', 'user_id': '76bd92d8bd6644fe8ceaaa370f7fd70c', 'system': None}, Network: {'id': 'c4d77259-edee-41bf-9674-757668415b7a', 'name': 'tempest-ImagesNegativeTestJSON-2009556743-network', 'tenant_id': '6556a48c9a6f476bafa1378a21b9e612', 'admin_state_up': True, 'mtu': 8950, 'status': 'ACTIVE', 'subnets': [], 'shared': False, 'project_id': '6556a48c9a6f476bafa1378a21b9e612', 'port_security_enabled': True, 'router:external': False, 'provider:network_type': 'vlan', 'provider:physical_network': 'default', 'provider:segmentation_id': 180, 'availability_zone_hints': [], 'availability_zones': [], 'ipv4_address_scope': None, 'ipv6_address_scope': None, 'description': '', 'tags': [], 'created_at': '2025-03-06T07:33:12Z', 'updated_at': '2025-03-06T07:33:12Z', 'revision_number': 1}, Subnet: {'id': '6cddce3d-2e2f-408d-a42d-91c88efcdc4f', 'name': 'tempest-ImagesNegativeTestJSON-2009556743-subnet', 'tenant_id': '6556a48c9a6f476bafa1378a21b9e612', 'network_id': 'c4d77259-edee-41bf-9674-757668415b7a', 'ip_version': 4, 'subnetpool_id': None, 'enable_dhcp': True, 'ipv6_ra_mode': None, 'ipv6_address_mode': None, 'gateway_ip': '192.168.128.1', 'cidr': '192.168.128.0/28', 'allocation_pools': [{'start': '192.168.128.2', 'end': '192.168.128.14'}], 'host_routes': [], 'dns_nameservers': [], 'description': '', 'router:external': False, 'service_types': [], 'tags': [], 'created_at': '2025-03-06T07:33:13Z', 'updated_at': '2025-03-06T07:33:13Z', 'revision_number': 0, 'project_id': '6556a48c9a6f476bafa1378a21b9e612'}, Router: {'id': '28d65315-99ba-4c74-bd17-3635e2f21fa6', 'name': 'tempest-ImagesNegativeTestJSON-2009556743-router', 'tenant_id': '6556a48c9a6f476bafa1378a21b9e612', 'admin_state_up': True, 'status': 'ACTIVE', 'external_gateway_info': {'network_id': '495f496c-89b6-4d59-a630-261e52522c64', 'external_fixed_ips': [{'subnet_id': '072874ea-b39f-426d-a4eb-c6f63df8b4b6', 'ip_address': '10.180.180.159'}], 'enable_snat': True}, 'description': '', 'availability_zones': [], 'distributed': False, 'ha': False, 'availability_zone_hints': [], 'routes': [], 'flavor_id': None, 'tags': [], 'created_at': '2025-03-06T07:33:13Z', 'updated_at': '2025-03-06T07:33:13Z', 'revision_number': 2, 'project_id': '6556a48c9a6f476bafa1378a21b9e612'}
2025-03-06 07:33:15.864 69178 INFO tempest.lib.common.rest_client [req-df62d015-c5ec-4326-bde0-522f6330fdfe req-df62d015-c5ec-4326-bde0-522f6330fdfe ] Request (QuotasSecurityGroupAdminNegativeTest:tearDownClass): 200 GET http://10.180.1.21:9696/networking/v2.0/security-groups?tenant_id=46067e7a827a44ef9f674070da1989dc&name=default 0.331s
2025-03-06 07:33:15.867 69126 INFO tempest.lib.common.rest_client [req-76f36ef0-a07f-40fb-a205-33ca51285809 req-76f36ef0-a07f-40fb-a205-33ca51285809 ] Request (ServersAdminNegativeTestJSON:setUpClass): 204 PUT http://10.180.1.21/identity/v3/projects/800449cf15384e7bbedbb64fa9d02f76/users/9f56e548245d4dbdb59a1963abc8eb2f/roles/4a04f09ed94c40b48c6e2cb61c3e9a26 0.156s
2025-03-06 07:33:15.944 69154 INFO tempest.lib.common.rest_client [req-6851410f-5603-4f06-911e-28b05721b89f req-6851410f-5603-4f06-911e-28b05721b89f ] Request (ServerRescueTestJSONUnderV235:setUpClass): 201 POST http://10.180.1.21:9696/networking/v2.0/subnets 0.509s
2025-03-06 07:33:15.951 69156 INFO tempest.lib.common.rest_client [req-49ed673d-15c4-41d1-9584-68847a570a93 req-49ed673d-15c4-41d1-9584-68847a570a93 ] Request (ListImagesTestJSON:setUpClass): 201 POST http://10.180.1.21/identity/v3/users 0.208s
2025-03-06 07:33:15.991 69152 INFO tempest.lib.common.rest_client [req-6e9e5530-ac88-4413-b8d7-280b3d664b33 req-6e9e5530-ac88-4413-b8d7-280b3d664b33 ] Request (AggregatesAdminNegativeTestJSON:setUpClass): 200 GET http://10.180.1.21/compute/v2.1/os-services?binary=nova-compute 3.025s
2025-03-06 07:33:15.993 69122 INFO tempest.lib.common.rest_client [req-f70903de-797b-4d72-be8c-c29d4b7c2f60 req-f70903de-797b-4d72-be8c-c29d4b7c2f60 ] Request (VolumesAssistedSnapshotsTest:setUpClass): 204 PUT http://10.180.1.21/identity/v3/projects/f74f9f9148de47238945c5ba71c2b33d/users/beef88ed7ede45bb8748d66a752061d0/roles/4a04f09ed94c40b48c6e2cb61c3e9a26 0.186s
2025-03-06 07:33:16.021 69178 INFO tempest.lib.common.rest_client [req-fad3fd6d-b369-4c94-a3f2-0e63bf74bbb3 req-fad3fd6d-b369-4c94-a3f2-0e63bf74bbb3 ] Request (QuotasSecurityGroupAdminNegativeTest:tearDownClass): 204 DELETE http://10.180.1.21:9696/networking/v2.0/security-groups/782949f3-66c2-41e2-a57f-74dfd7d03284 0.157s
2025-03-06 07:33:16.031 69158 INFO tempest.lib.common.rest_client [req-d8bb0ca4-613f-4c8f-b49e-7b535cd8d0b9 req-d8bb0ca4-613f-4c8f-b49e-7b535cd8d0b9 ] Request (SecurityGroupsTestAdminJSON:test_list_security_groups_list_all_tenants_filter): 200 POST http://10.180.1.21/compute/v2.1/os-security-groups 3.350s
2025-03-06 07:33:16.048 69144 INFO tempest.lib.common.rest_client [req-6fb01b62-4420-4e0c-a06b-88fd812477e4 req-6fb01b62-4420-4e0c-a06b-88fd812477e4 ] Request (ImagesNegativeTestJSON:setUpClass): 201 POST http://10.180.1.21/identity/v3/auth/tokens 0.189s
2025-03-06 07:33:16.050 69126 INFO tempest.lib.common.rest_client [req-273d1fa6-4a17-4302-b551-53851a67768b req-273d1fa6-4a17-4302-b551-53851a67768b ] Request (ServersAdminNegativeTestJSON:setUpClass): 200 GET http://10.180.1.21/identity/v3/roles 0.182s
2025-03-06 07:33:16.069 69156 INFO tempest.lib.common.rest_client [req-1370d471-6a38-4899-9ea3-81ab3dcf80e2 req-1370d471-6a38-4899-9ea3-81ab3dcf80e2 ] Request (ListImagesTestJSON:setUpClass): 200 GET http://10.180.1.21/identity/v3/roles 0.117s
2025-03-06 07:33:16.087 69122 INFO tempest.lib.common.rest_client [req-c4b50f7c-5461-43e3-80f9-86e00308b4fa req-c4b50f7c-5461-43e3-80f9-86e00308b4fa ] Request (VolumesAssistedSnapshotsTest:setUpClass): 200 GET http://10.180.1.21/identity/v3/roles 0.093s
2025-03-06 07:33:16.115 69136 INFO tempest.lib.common.rest_client [req-4cf79a05-9b28-4b34-bcbc-8b2a29cb0de4 req-4cf79a05-9b28-4b34-bcbc-8b2a29cb0de4 ] Request (HypervisorAdminV253TestBase:tearDownClass): 200 GET http://10.180.1.21:9696/networking/v2.0/security-groups?tenant_id=2268132895514aefb9f09fe6476c8714&name=default 0.461s
2025-03-06 07:33:16.138 69132 INFO tempest.lib.common.rest_client [req-cacd3439-a3a1-4706-919f-03ee84a82940 req-cacd3439-a3a1-4706-919f-03ee84a82940 ] Request (HostsAdminNegativeTestJSON:test_list_hosts_with_non_admin_user): 403 GET http://10.180.1.21/compute/v2.1/os-hosts 3.062s
2025-03-06 07:33:16.156 69178 INFO tempest.lib.common.rest_client [req-4e5ca201-97f7-48b5-88ba-79270581b777 req-4e5ca201-97f7-48b5-88ba-79270581b777 ] Request (QuotasSecurityGroupAdminNegativeTest:tearDownClass): 204 DELETE http://10.180.1.21/identity/v3/projects/46067e7a827a44ef9f674070da1989dc 0.133s
2025-03-06 07:33:16.180 69164 INFO tempest.lib.common.rest_client [req-e95e4170-7cfe-409d-9b17-f271ed5847b6 req-e95e4170-7cfe-409d-9b17-f271ed5847b6 ] Request (ServersAdminTestJSON:setUpClass): 201 POST http://10.180.1.21:9696/networking/v2.0/networks 0.451s
2025-03-06 07:33:16.201 69126 INFO tempest.lib.common.rest_client [req-e3c8c3aa-d188-478e-9399-ba32957724ce req-e3c8c3aa-d188-478e-9399-ba32957724ce ] Request (ServersAdminNegativeTestJSON:setUpClass): 204 PUT http://10.180.1.21/identity/v3/projects/800449cf15384e7bbedbb64fa9d02f76/users/9f56e548245d4dbdb59a1963abc8eb2f/roles/4a04f09ed94c40b48c6e2cb61c3e9a26 0.150s
2025-03-06 07:33:16.201 69126 INFO tempest.lib.common.dynamic_creds [-] Dynamic test user 9f56e548245d4dbdb59a1963abc8eb2f is created with scope project and roles: ['admin']
2025-03-06 07:33:16.202 69126 INFO tempest.lib.common.dynamic_creds [-] Acquired dynamic creds: credentials: Credentials: {'domain_id': 'default', 'domain_name': 'Default', 'username': 'tempest-ServersAdminNegativeTestJSON-297453099-project-admin', 'project_domain_id': 'default', 'project_domain_name': 'Default', 'project_id': '800449cf15384e7bbedbb64fa9d02f76', 'project_name': 'tempest-ServersAdminNegativeTestJSON-297453099', 'tenant_id': '800449cf15384e7bbedbb64fa9d02f76', 'tenant_name': 'tempest-ServersAdminNegativeTestJSON-297453099', 'user_domain_id': 'default', 'user_domain_name': 'Default', 'user_id': '9f56e548245d4dbdb59a1963abc8eb2f', 'system': None}, Network: None, Subnet: None, Router: None
2025-03-06 07:33:16.202 69126 INFO tempest.lib.common.dynamic_creds [-] Created isolated network resources for: credentials: Credentials: {'domain_id': 'default', 'domain_name': 'Default', 'username': 'tempest-ServersAdminNegativeTestJSON-297453099-project-admin', 'project_domain_id': 'default', 'project_domain_name': 'Default', 'project_id': '800449cf15384e7bbedbb64fa9d02f76', 'project_name': 'tempest-ServersAdminNegativeTestJSON-297453099', 'tenant_id': '800449cf15384e7bbedbb64fa9d02f76', 'tenant_name': 'tempest-ServersAdminNegativeTestJSON-297453099', 'user_domain_id': 'default', 'user_domain_name': 'Default', 'user_id': '9f56e548245d4dbdb59a1963abc8eb2f', 'system': None}, Network: None, Subnet: None, Router: None
2025-03-06 07:33:16.240 69170 INFO tempest.lib.common.rest_client [req-e0abd4db-ea21-43c2-a3ca-4784bba91ac8 req-e0abd4db-ea21-43c2-a3ca-4784bba91ac8 ] Request (FlavorsV261TestJSON:test_crud_flavor): 200 POST http://10.180.1.21/compute/v2.1/flavors 3.078s
2025-03-06 07:33:16.249 69144 INFO tempest.lib.common.rest_client [req-a9dd0892-ab4f-4fd5-b39a-8c16fc9f1cd6 req-a9dd0892-ab4f-4fd5-b39a-8c16fc9f1cd6 ] Request (ImagesNegativeTestJSON:test_create_image_from_deleted_server): 201 POST http://10.180.1.21/identity/v3/auth/tokens 0.197s
2025-03-06 07:33:16.250 69144 INFO tempest.lib.common.fixed_network [-] (ImagesNegativeTestJSON:test_create_image_from_deleted_server) Found network {'id': 'c4d77259-edee-41bf-9674-757668415b7a', 'name': 'tempest-ImagesNegativeTestJSON-2009556743-network', 'tenant_id': '6556a48c9a6f476bafa1378a21b9e612', 'admin_state_up': True, 'mtu': 8950, 'status': 'ACTIVE', 'subnets': [], 'shared': False, 'project_id': '6556a48c9a6f476bafa1378a21b9e612', 'port_security_enabled': True, 'router:external': False, 'provider:network_type': 'vlan', 'provider:physical_network': 'default', 'provider:segmentation_id': 180, 'availability_zone_hints': [], 'availability_zones': [], 'ipv4_address_scope': None, 'ipv6_address_scope': None, 'description': '', 'tags': [], 'created_at': '2025-03-06T07:33:12Z', 'updated_at': '2025-03-06T07:33:12Z', 'revision_number': 1} available for tenant
2025-03-06 07:33:16.258 69136 INFO tempest.lib.common.rest_client [req-976325a4-8c46-4b6e-9c2f-3d8fbfa74a80 req-976325a4-8c46-4b6e-9c2f-3d8fbfa74a80 ] Request (HypervisorAdminV253TestBase:tearDownClass): 204 DELETE http://10.180.1.21:9696/networking/v2.0/security-groups/7a7a4960-d784-4d0f-b4ee-44658740388e 0.143s
2025-03-06 07:33:16.271 69156 INFO tempest.lib.common.rest_client [req-fd763e53-09b7-465f-8401-a5c48a316468 req-fd763e53-09b7-465f-8401-a5c48a316468 ] Request (ListImagesTestJSON:setUpClass): 204 PUT http://10.180.1.21/identity/v3/projects/83b385e7daf946b58dbc26fac212429e/users/20541953b2194e30821ffbeae48ffbf6/roles/544f107cad6e4b97b770cd0685ac2896 0.202s
2025-03-06 07:33:16.272 69156 INFO tempest.lib.common.dynamic_creds [-] Dynamic test user 20541953b2194e30821ffbeae48ffbf6 is created with scope project and roles: ['member']
2025-03-06 07:33:16.272 69156 INFO tempest.lib.common.dynamic_creds [-] Acquired dynamic creds: credentials: Credentials: {'domain_id': 'default', 'domain_name': 'Default', 'username': 'tempest-ListImagesTestJSON-555114500-project-member', 'project_domain_id': 'default', 'project_domain_name': 'Default', 'project_id': '83b385e7daf946b58dbc26fac212429e', 'project_name': 'tempest-ListImagesTestJSON-555114500', 'tenant_id': '83b385e7daf946b58dbc26fac212429e', 'tenant_name': 'tempest-ListImagesTestJSON-555114500', 'user_domain_id': 'default', 'user_domain_name': 'Default', 'user_id': '20541953b2194e30821ffbeae48ffbf6', 'system': None}, Network: None, Subnet: None, Router: None
2025-03-06 07:33:16.272 69156 INFO tempest.lib.common.dynamic_creds [-] Created isolated network resources for: credentials: Credentials: {'domain_id': 'default', 'domain_name': 'Default', 'username': 'tempest-ListImagesTestJSON-555114500-project-member', 'project_domain_id': 'default', 'project_domain_name': 'Default', 'project_id': '83b385e7daf946b58dbc26fac212429e', 'project_name': 'tempest-ListImagesTestJSON-555114500', 'tenant_id': '83b385e7daf946b58dbc26fac212429e', 'tenant_name': 'tempest-ListImagesTestJSON-555114500', 'user_domain_id': 'default', 'user_domain_name': 'Default', 'user_id': '20541953b2194e30821ffbeae48ffbf6', 'system': None}, Network: None, Subnet: None, Router: None
2025-03-06 07:33:16.346 69122 INFO tempest.lib.common.rest_client [req-e557f4f6-568a-4ebb-ae69-ceb47ecc07b8 req-e557f4f6-568a-4ebb-ae69-ceb47ecc07b8 ] Request (VolumesAssistedSnapshotsTest:setUpClass): 204 PUT http://10.180.1.21/identity/v3/projects/f74f9f9148de47238945c5ba71c2b33d/users/beef88ed7ede45bb8748d66a752061d0/roles/0fb32f3ec31b4f7693586e7adc5c8ffd 0.258s
2025-03-06 07:33:16.346 69122 INFO tempest.lib.common.dynamic_creds [-] Dynamic test user beef88ed7ede45bb8748d66a752061d0 is created with scope project and roles: ['admin', 'service']
2025-03-06 07:33:16.346 69122 INFO tempest.lib.common.dynamic_creds [-] Acquired dynamic creds: credentials: Credentials: {'domain_id': 'default', 'domain_name': 'Default', 'username': 'tempest-VolumesAssistedSnapshotsTest-1920893553-project', 'project_domain_id': 'default', 'project_domain_name': 'Default', 'project_id': 'f74f9f9148de47238945c5ba71c2b33d', 'project_name': 'tempest-VolumesAssistedSnapshotsTest-1920893553', 'tenant_id': 'f74f9f9148de47238945c5ba71c2b33d', 'tenant_name': 'tempest-VolumesAssistedSnapshotsTest-1920893553', 'user_domain_id': 'default', 'user_domain_name': 'Default', 'user_id': 'beef88ed7ede45bb8748d66a752061d0', 'system': None}, Network: None, Subnet: None, Router: None
2025-03-06 07:33:16.377 69174 INFO tempest.lib.common.rest_client [req-9ef2e389-a2dd-4434-a181-ccc0d281c0d2 req-9ef2e389-a2dd-4434-a181-ccc0d281c0d2 ] Request (FlavorsAdminTestJSON:test_create_flavor_using_string_ram): 200 POST http://10.180.1.21/compute/v2.1/flavors 3.152s
2025-03-06 07:33:16.398 69178 INFO tempest.lib.common.rest_client [req-7b34d3c5-bf12-4b2b-9826-4a75cc5f033e req-7b34d3c5-bf12-4b2b-9826-4a75cc5f033e ] Request (ServerDiagnosticsTest:setUpClass): 201 POST http://10.180.1.21/identity/v3/auth/tokens 0.240s
2025-03-06 07:33:16.428 69126 INFO tempest.lib.common.rest_client [req-5766070c-8344-4da7-9f26-bcdae7c9166a req-5766070c-8344-4da7-9f26-bcdae7c9166a ] Request (ServersAdminNegativeTestJSON:setUpClass): 201 POST http://10.180.1.21/identity/v3/auth/tokens 0.223s
2025-03-06 07:33:16.431 69126 WARNING tempest.lib.common.rest_client [-] Deprecated: "tenant_id" property is deprecated for removal, use "project_id" instead
2025-03-06 07:33:16.479 69136 INFO tempest.lib.common.rest_client [req-359c083f-1ffb-40d0-ab21-19bf688564a3 req-359c083f-1ffb-40d0-ab21-19bf688564a3 ] Request (HypervisorAdminV253TestBase:tearDownClass): 204 DELETE http://10.180.1.21/identity/v3/projects/2268132895514aefb9f09fe6476c8714 0.219s
2025-03-06 07:33:16.479 69136 INFO tempest.lib.common.dynamic_creds [-] Deleting project and security group for project: f3f164dc80b64f70baaf37ca0e868f36
2025-03-06 07:33:16.490 69164 INFO tempest.lib.common.rest_client [req-152e668a-d8da-40fd-8f16-e58091e7e03c req-152e668a-d8da-40fd-8f16-e58091e7e03c ] Request (ServersAdminTestJSON:setUpClass): 201 POST http://10.180.1.21:9696/networking/v2.0/subnets 0.309s
2025-03-06 07:33:16.543 69156 INFO tempest.lib.common.rest_client [req-c4fc4771-9f52-410d-8bf3-c2cfb5dec115 req-c4fc4771-9f52-410d-8bf3-c2cfb5dec115 ] Request (ListImagesTestJSON:setUpClass): 201 POST http://10.180.1.21/identity/v3/auth/tokens 0.267s
2025-03-06 07:33:16.599 69178 INFO tempest.lib.common.rest_client [req-f68fd201-5df3-4e38-9c31-b282ae0a7a1a req-f68fd201-5df3-4e38-9c31-b282ae0a7a1a ] Request (ServerDiagnosticsTest:setUpClass): 201 POST http://10.180.1.21/identity/v3/auth/tokens 0.199s
2025-03-06 07:33:16.619 69150 INFO tempest.lib.common.rest_client [req-cccd7985-ecaa-482a-b351-f22f092ca9be req-cccd7985-ecaa-482a-b351-f22f092ca9be ] Request (FlavorsExtraSpecsNegativeTestJSON:test_flavor_get_nonexistent_key): 404 GET http://10.180.1.21/compute/v2.1/flavors/1037500924/os-extra_specs/hw:cpu_thread_policy 3.280s
2025-03-06 07:33:16.624 69178 INFO tempest.lib.common.rest_client [req-aef4aac2-f0e1-4155-ade4-3be85d0fe2ba req-aef4aac2-f0e1-4155-ade4-3be85d0fe2ba ] Request (ServerDiagnosticsTest:setUpClass): 200 GET http://10.180.1.21/identity/v3/domains?name=Default 0.024s
2025-03-06 07:33:16.665 69126 INFO tempest.lib.common.rest_client [req-b579524f-6ba3-4d83-8094-c5464c1d703f req-b579524f-6ba3-4d83-8094-c5464c1d703f ] Request (ServersAdminNegativeTestJSON:setUpClass): 201 POST http://10.180.1.21/identity/v3/auth/tokens 0.225s
2025-03-06 07:33:16.666 69126 INFO tempest.lib.common.fixed_network [-] (ServersAdminNegativeTestJSON:setUpClass) Found network None available for tenant
2025-03-06 07:33:16.706 69178 INFO tempest.lib.common.rest_client [req-ffe60ecf-95f6-4b5d-9819-d0fe1a612e57 req-ffe60ecf-95f6-4b5d-9819-d0fe1a612e57 ] Request (ServerDiagnosticsTest:setUpClass): 201 POST http://10.180.1.21/identity/v3/projects 0.082s
2025-03-06 07:33:16.712 69180 INFO tempest.lib.common.rest_client [req-e042f9fa-7d25-4403-a6a2-9a45cadd425b req-e042f9fa-7d25-4403-a6a2-9a45cadd425b ] Request (HypervisorAdminTestJSON:test_get_hypervisor_list): 200 GET http://10.180.1.21/compute/v2.1/os-hypervisors 3.367s
2025-03-06 07:33:16.723 69136 INFO tempest.lib.common.rest_client [req-4e400e48-06ab-41bd-ada1-b02015a32a28 req-4e400e48-06ab-41bd-ada1-b02015a32a28 ] Request (HypervisorAdminV253TestBase:tearDownClass): 200 GET http://10.180.1.21:9696/networking/v2.0/security-groups?tenant_id=f3f164dc80b64f70baaf37ca0e868f36&name=default 0.244s
2025-03-06 07:33:16.734 69124 INFO tempest.lib.common.rest_client [req-817f3e06-0b54-41a2-9811-8b2a442894d9 req-817f3e06-0b54-41a2-9811-8b2a442894d9 ] Request (ServersWithSpecificFlavorTestJSON:setUpClass): 201 POST http://10.180.1.21:9696/networking/v2.0/routers 1.179s
2025-03-06 07:33:16.783 69178 INFO tempest.lib.common.rest_client [req-2baba706-fa95-4b23-8130-5d0849b8282e req-2baba706-fa95-4b23-8130-5d0849b8282e ] Request (ServerDiagnosticsTest:setUpClass): 201 POST http://10.180.1.21/identity/v3/users 0.076s
2025-03-06 07:33:16.827 69178 INFO tempest.lib.common.rest_client [req-bef7fbae-79c8-4cea-9a5a-313370ed599a req-bef7fbae-79c8-4cea-9a5a-313370ed599a ] Request (ServerDiagnosticsTest:setUpClass): 200 GET http://10.180.1.21/identity/v3/roles 0.043s
2025-03-06 07:33:16.858 69178 INFO tempest.lib.common.rest_client [req-2e3a9563-1618-4fab-bd65-1a10405a480e req-2e3a9563-1618-4fab-bd65-1a10405a480e ] Request (ServerDiagnosticsTest:setUpClass): 204 PUT http://10.180.1.21/identity/v3/projects/9df48bb387a84e86aebbb34d2949f5e3/users/4a44a848e8fc497d997ddc92028aa29d/roles/544f107cad6e4b97b770cd0685ac2896 0.031s
2025-03-06 07:33:16.859 69178 INFO tempest.lib.common.dynamic_creds [-] Dynamic test user 4a44a848e8fc497d997ddc92028aa29d is created with scope project and roles: ['member']
2025-03-06 07:33:16.859 69178 INFO tempest.lib.common.dynamic_creds [-] Acquired dynamic creds: credentials: Credentials: {'domain_id': 'default', 'domain_name': 'Default', 'username': 'tempest-ServerDiagnosticsTest-1922328969-project-member', 'project_domain_id': 'default', 'project_domain_name': 'Default', 'project_id': '9df48bb387a84e86aebbb34d2949f5e3', 'project_name': 'tempest-ServerDiagnosticsTest-1922328969', 'tenant_id': '9df48bb387a84e86aebbb34d2949f5e3', 'tenant_name': 'tempest-ServerDiagnosticsTest-1922328969', 'user_domain_id': 'default', 'user_domain_name': 'Default', 'user_id': '4a44a848e8fc497d997ddc92028aa29d', 'system': None}, Network: None, Subnet: None, Router: None
2025-03-06 07:33:16.859 69178 INFO tempest.lib.common.dynamic_creds [-] Created isolated network resources for: credentials: Credentials: {'domain_id': 'default', 'domain_name': 'Default', 'username': 'tempest-ServerDiagnosticsTest-1922328969-project-member', 'project_domain_id': 'default', 'project_domain_name': 'Default', 'project_id': '9df48bb387a84e86aebbb34d2949f5e3', 'project_name': 'tempest-ServerDiagnosticsTest-1922328969', 'tenant_id': '9df48bb387a84e86aebbb34d2949f5e3', 'tenant_name': 'tempest-ServerDiagnosticsTest-1922328969', 'user_domain_id': 'default', 'user_domain_name': 'Default', 'user_id': '4a44a848e8fc497d997ddc92028aa29d', 'system': None}, Network: None, Subnet: None, Router: None
2025-03-06 07:33:16.872 69122 INFO tempest.lib.common.rest_client [req-2843d874-5b5d-4bda-bd55-57f79984564a req-2843d874-5b5d-4bda-bd55-57f79984564a ] Request (VolumesAssistedSnapshotsTest:setUpClass): 201 POST http://10.180.1.21:9696/networking/v2.0/networks 0.525s
2025-03-06 07:33:16.973 69178 INFO tempest.lib.common.rest_client [req-7a5a9876-d516-48b7-8cc1-74e5addf4401 req-7a5a9876-d516-48b7-8cc1-74e5addf4401 ] Request (ServerDiagnosticsTest:setUpClass): 201 POST http://10.180.1.21/identity/v3/auth/tokens 0.109s
2025-03-06 07:33:16.983 69142 INFO tempest.lib.common.rest_client [req-3245fda4-99c4-4e8c-aff0-7523bd121ed7 req-3245fda4-99c4-4e8c-aff0-7523bd121ed7 ] Request (NetworksTest:test_get_network): 200 GET http://10.180.1.21/compute/v2.1/os-networks 3.576s
2025-03-06 07:33:17.048 69178 INFO tempest.lib.common.rest_client [req-115ced52-45c0-401a-abb0-334ae6b49f96 req-115ced52-45c0-401a-abb0-334ae6b49f96 ] Request (ServerDiagnosticsTest:setUpClass): 201 POST http://10.180.1.21/identity/v3/projects 0.075s
2025-03-06 07:33:17.116 69136 INFO tempest.lib.common.rest_client [req-4d649172-4e64-4fd7-996c-80dc4ef6bcfe req-4d649172-4e64-4fd7-996c-80dc4ef6bcfe ] Request (HypervisorAdminV253TestBase:tearDownClass): 204 DELETE http://10.180.1.21:9696/networking/v2.0/security-groups/391b46a6-e37e-484b-a3b2-7fac44acbc88 0.391s
2025-03-06 07:33:17.129 69178 INFO tempest.lib.common.rest_client [req-5173e361-70bb-4b2e-900c-4f78d0030cba req-5173e361-70bb-4b2e-900c-4f78d0030cba ] Request (ServerDiagnosticsTest:setUpClass): 201 POST http://10.180.1.21/identity/v3/users 0.080s
2025-03-06 07:33:17.165 69178 INFO tempest.lib.common.rest_client [req-9a576476-f18f-4130-9282-a2904a73cbe6 req-9a576476-f18f-4130-9282-a2904a73cbe6 ] Request (ServerDiagnosticsTest:setUpClass): 200 GET http://10.180.1.21/identity/v3/roles 0.036s
2025-03-06 07:33:17.202 69136 INFO tempest.lib.common.rest_client [req-903b26e7-940d-4afd-a4a0-a5628f04ae0f req-903b26e7-940d-4afd-a4a0-a5628f04ae0f ] Request (HypervisorAdminV253TestBase:tearDownClass): 204 DELETE http://10.180.1.21/identity/v3/projects/f3f164dc80b64f70baaf37ca0e868f36 0.085s
2025-03-06 07:33:17.258 69136 INFO tempest.lib.common.rest_client [req-6e3d27e7-8e1f-41d9-bf18-6f7cff46b287 req-6e3d27e7-8e1f-41d9-bf18-6f7cff46b287 ] Request (InstanceUsageAuditLogNegativeTestJSON:setUpClass): 201 POST http://10.180.1.21/identity/v3/auth/tokens 0.055s
2025-03-06 07:33:17.262 69178 INFO tempest.lib.common.rest_client [req-6a4f6ec8-7bf5-4543-86bd-b53593570afb req-6a4f6ec8-7bf5-4543-86bd-b53593570afb ] Request (ServerDiagnosticsTest:setUpClass): 204 PUT http://10.180.1.21/identity/v3/projects/9434fa09047e430089a2ae194dc7d313/users/12760a2ccbb04925b6283a12e4788573/roles/4a04f09ed94c40b48c6e2cb61c3e9a26 0.096s
2025-03-06 07:33:17.309 69178 INFO tempest.lib.common.rest_client [req-b6176523-b58f-4fd7-8cd1-24b76e0cef81 req-b6176523-b58f-4fd7-8cd1-24b76e0cef81 ] Request (ServerDiagnosticsTest:setUpClass): 200 GET http://10.180.1.21/identity/v3/roles 0.046s
2025-03-06 07:33:17.332 69136 INFO tempest.lib.common.rest_client [req-b18352a9-25fc-4c62-870e-384ae912206c req-b18352a9-25fc-4c62-870e-384ae912206c ] Request (InstanceUsageAuditLogNegativeTestJSON:setUpClass): 201 POST http://10.180.1.21/identity/v3/auth/tokens 0.070s
2025-03-06 07:33:17.348 69178 INFO tempest.lib.common.rest_client [req-cb3f4a4b-395b-49aa-b70f-c3179f8a555e req-cb3f4a4b-395b-49aa-b70f-c3179f8a555e ] Request (ServerDiagnosticsTest:setUpClass): 204 PUT http://10.180.1.21/identity/v3/projects/9434fa09047e430089a2ae194dc7d313/users/12760a2ccbb04925b6283a12e4788573/roles/4a04f09ed94c40b48c6e2cb61c3e9a26 0.039s
2025-03-06 07:33:17.349 69178 INFO tempest.lib.common.dynamic_creds [-] Dynamic test user 12760a2ccbb04925b6283a12e4788573 is created with scope project and roles: ['admin']
2025-03-06 07:33:17.349 69178 INFO tempest.lib.common.dynamic_creds [-] Acquired dynamic creds: credentials: Credentials: {'domain_id': 'default', 'domain_name': 'Default', 'username': 'tempest-ServerDiagnosticsTest-1887097801-project-admin', 'project_domain_id': 'default', 'project_domain_name': 'Default', 'project_id': '9434fa09047e430089a2ae194dc7d313', 'project_name': 'tempest-ServerDiagnosticsTest-1887097801', 'tenant_id': '9434fa09047e430089a2ae194dc7d313', 'tenant_name': 'tempest-ServerDiagnosticsTest-1887097801', 'user_domain_id': 'default', 'user_domain_name': 'Default', 'user_id': '12760a2ccbb04925b6283a12e4788573', 'system': None}, Network: None, Subnet: None, Router: None
2025-03-06 07:33:17.349 69178 INFO tempest.lib.common.dynamic_creds [-] Created isolated network resources for: credentials: Credentials: {'domain_id': 'default', 'domain_name': 'Default', 'username': 'tempest-ServerDiagnosticsTest-1887097801-project-admin', 'project_domain_id': 'default', 'project_domain_name': 'Default', 'project_id': '9434fa09047e430089a2ae194dc7d313', 'project_name': 'tempest-ServerDiagnosticsTest-1887097801', 'tenant_id': '9434fa09047e430089a2ae194dc7d313', 'tenant_name': 'tempest-ServerDiagnosticsTest-1887097801', 'user_domain_id': 'default', 'user_domain_name': 'Default', 'user_id': '12760a2ccbb04925b6283a12e4788573', 'system': None}, Network: None, Subnet: None, Router: None
2025-03-06 07:33:17.402 69136 INFO tempest.lib.common.rest_client [req-c9d7caca-e274-4505-b158-76f78c148241 req-c9d7caca-e274-4505-b158-76f78c148241 ] Request (InstanceUsageAuditLogNegativeTestJSON:setUpClass): 200 GET http://10.180.1.21/identity/v3/domains?name=Default 0.070s
2025-03-06 07:33:17.434 69136 INFO tempest.lib.common.rest_client [req-7896c20c-0f6a-4e5e-83a9-ca0de28d3f06 req-7896c20c-0f6a-4e5e-83a9-ca0de28d3f06 ] Request (InstanceUsageAuditLogNegativeTestJSON:setUpClass): 201 POST http://10.180.1.21/identity/v3/projects 0.032s
2025-03-06 07:33:17.455 69138 INFO tempest.lib.common.rest_client [req-a84ea176-165f-49ff-b002-4a02201471a3 req-a84ea176-165f-49ff-b002-4a02201471a3 ] Request (ServerDiagnosticsNegativeTest:test_get_server_diagnostics_by_non_admin): 202 POST http://10.180.1.21/compute/v2.1/servers 3.979s
2025-03-06 07:33:17.464 69178 INFO tempest.lib.common.rest_client [req-941952e3-6766-47b8-920b-813147299ad9 req-941952e3-6766-47b8-920b-813147299ad9 ] Request (ServerDiagnosticsTest:setUpClass): 201 POST http://10.180.1.21/identity/v3/auth/tokens 0.111s
2025-03-06 07:33:17.507 69136 INFO tempest.lib.common.rest_client [req-c575656c-4320-4920-8ae3-a1bc2f50b38f req-c575656c-4320-4920-8ae3-a1bc2f50b38f ] Request (InstanceUsageAuditLogNegativeTestJSON:setUpClass): 201 POST http://10.180.1.21/identity/v3/users 0.072s
