2025-03-06 07:34:10.350 69140 INFO tempest.lib.common.rest_client [req-2722403e-9ee9-4fba-b81f-c24ee61dba39 req-2722403e-9ee9-4fba-b81f-c24ee61dba39 ] Request (MigrationsAdminTest:test_list_migrations_in_flavor_resize_situation): 200 GET http://10.180.1.21/compute/v2.1/servers/66fa0a66-f5ea-4ab9-805e-ac58950219fd 1.021s
2025-03-06 07:34:10.405 69148 INFO tempest.lib.common.rest_client [req-9f3a6995-a5ae-409d-bc80-2c115e2010d6 req-9f3a6995-a5ae-409d-bc80-2c115e2010d6 ] Request (ServerDiskConfigTestJSON:test_rebuild_server_with_manual_disk_config): 200 GET http://10.180.1.21/compute/v2.1/servers/6bd99dff-d8ff-4bd1-b9df-f97fc3fc7a2e 0.973s
2025-03-06 07:34:10.458 69176 INFO tempest.lib.common.rest_client [req-a29d25f1-6f25-47b8-b0a3-a3a768c56700 req-a29d25f1-6f25-47b8-b0a3-a3a768c56700 ] Request (KeyPairsV22TestJSON:test_get_keypair_detail): 201 POST http://10.180.1.21/compute/v2.1/os-keypairs 0.997s
2025-03-06 07:34:10.486 69174 INFO tempest.lib.common.rest_client [req-8f4a4c44-1960-4f9c-8350-a2a5a3ae0cc5 req-8f4a4c44-1960-4f9c-8350-a2a5a3ae0cc5 ] Request (FlavorsAdminTestJSON:test_is_public_string_variations): 200 GET http://10.180.1.21/compute/v2.1/flavors/detail?is_public=yes 1.006s
2025-03-06 07:34:10.564 69150 INFO tempest.lib.common.rest_client [req-f370668b-f78c-4b9b-9772-c0c3f8d55898 req-f370668b-f78c-4b9b-9772-c0c3f8d55898 ] Request (SecurityGroupRulesTestJSON:test_security_group_rules_create_with_optional_cidr): 200 POST http://10.180.1.21/compute/v2.1/os-security-group-rules 1.121s
2025-03-06 07:34:10.579 69142 INFO tempest.lib.common.rest_client [req-654186aa-4c2a-4d1f-a95e-b74d0c18bc7c req-654186aa-4c2a-4d1f-a95e-b74d0c18bc7c ] Request (ImagesOneServerNegativeTestJSON:setUpClass): 200 GET http://10.180.1.21/compute/v2.1/servers/79e3c13d-7711-4db4-bdf0-1ba78f6335d7 1.081s
2025-03-06 07:34:10.587 69180 INFO tempest.lib.common.rest_client [req-cd49cd79-41f2-469f-b1e3-f06c43794f7c req-cd49cd79-41f2-469f-b1e3-f06c43794f7c ] Request (ValidationResourcesFixture:setUp): 201 POST http://10.180.1.21:9696/networking/v2.0/security-groups 0.327s
2025-03-06 07:34:10.648 69120 INFO tempest.lib.common.rest_client [req-3f03f976-2580-4d44-9a3f-2471087c93b4 req-3f03f976-2580-4d44-9a3f-2471087c93b4 ] Request (ServerShowV254Test:test_rebuild_server): 200 GET http://10.180.1.21/compute/v2.1/servers/c3b6bea7-cbb0-459d-8096-8839bae26ad1 1.070s
2025-03-06 07:34:10.685 69168 INFO tempest.lib.common.rest_client [req-a4f496fa-eb9c-4742-a5e9-c60846d4f52b req-a4f496fa-eb9c-4742-a5e9-c60846d4f52b ] Request (SecurityGroupRulesNegativeTestJSON:test_create_security_group_rule_with_invalid_to_port): 400 POST http://10.180.1.21/compute/v2.1/os-security-group-rules 1.028s
2025-03-06 07:34:10.737 69170 INFO tempest.lib.common.rest_client [req-34d2be4c-9b58-48dd-bb44-f9bb8b974726 req-34d2be4c-9b58-48dd-bb44-f9bb8b974726 ] Request (AttachInterfacesV270Test:test_create_get_list_interfaces): 200 GET http://10.180.1.21/compute/v2.1/servers/bf363a72-ef3d-44c9-b578-08dfa0753f98 1.033s
2025-03-06 07:34:10.834 69180 INFO tempest.lib.common.rest_client [req-e5a0d760-50f4-4c88-9462-2e453e0b20c6 req-e5a0d760-50f4-4c88-9462-2e453e0b20c6 ] Request (ValidationResourcesFixture:setUp): 201 POST http://10.180.1.21:9696/networking/v2.0/security-group-rules 0.245s
2025-03-06 07:34:10.906 69172 INFO tempest.lib.common.rest_client [req-e089554a-2155-464f-9649-9bf9443798f9 req-e089554a-2155-464f-9649-9bf9443798f9 ] Request (FloatingIPsAssociationNegativeTestJSON:setUpClass): 200 GET http://10.180.1.21/compute/v2.1/servers/b9061756-8344-441b-b1f2-5724e8566e98 1.201s
2025-03-06 07:34:10.908 69130 INFO tempest.lib.common.rest_client [req-278d861a-865f-44ab-961e-8941b0038f45 req-278d861a-865f-44ab-961e-8941b0038f45 ] Request (AttachInterfacesUnderV243Test:test_add_remove_fixed_ip): 200 GET http://10.180.1.21/compute/v2.1/servers/ebe265d5-d05d-48f6-a05a-5e79189d63a3 1.272s
2025-03-06 07:34:10.916 69172 INFO tempest.common.waiters [-] State transition "BUILD/None" ==> "BUILD/spawning" after 22 second wait
2025-03-06 07:34:10.942 69152 INFO tempest.lib.common.rest_client [req-19355b4a-3e88-49b1-ad20-eb82af16902f req-19355b4a-3e88-49b1-ad20-eb82af16902f ] Request (AggregatesAdminNegativeTestJSON:test_aggregate_remove_nonexistent_host): 404 POST http://10.180.1.21/compute/v2.1/os-aggregates/8/action 1.144s
2025-03-06 07:34:10.968 69180 INFO tempest.lib.common.rest_client [req-abc7c61f-4853-4f71-a48a-68cb6208b0a7 req-abc7c61f-4853-4f71-a48a-68cb6208b0a7 ] Request (ValidationResourcesFixture:setUp): 201 POST http://10.180.1.21:9696/networking/v2.0/security-group-rules 0.133s
2025-03-06 07:34:10.989 69162 INFO tempest.lib.common.rest_client [req-87773dbf-f853-4f2a-8e5a-bc6d9fc0526f req-87773dbf-f853-4f2a-8e5a-bc6d9fc0526f ] Request (ImagesTestJSON:test_create_image_from_stopped_server): 200 GET http://10.180.1.21/compute/v2.1/images/d70aab4f-85d2-47c1-a464-b2eabb53fadd 1.006s
2025-03-06 07:34:11.010 69160 INFO tempest.lib.common.rest_client [req-9eedcd7e-dfd1-4143-afc2-e9dbfb10de50 req-9eedcd7e-dfd1-4143-afc2-e9dbfb10de50 ] Request (TenantUsagesTestJSON:tearDownClass): 200 GET http://10.180.1.21/compute/v2.1/servers/e2be90b1-394a-4add-8135-7789857dcec1 1.208s
2025-03-06 07:34:11.045 69162 INFO tempest.lib.common.rest_client [req-ddd9b0fd-3611-4f09-af39-1af11d9d3359 req-ddd9b0fd-3611-4f09-af39-1af11d9d3359 ] Request (ImagesTestJSON:test_create_image_from_stopped_server): 200 GET http://10.180.1.21/image/v2/images/d70aab4f-85d2-47c1-a464-b2eabb53fadd/tasks 0.052s
2025-03-06 07:34:11.080 69166 INFO tempest.lib.common.rest_client [req-57e2ffe0-6c01-470b-b6a2-5da67078a3a1 req-57e2ffe0-6c01-470b-b6a2-5da67078a3a1 ] Request (FloatingIPsAssociationTestJSON:setUpClass): 200 GET http://10.180.1.21/compute/v2.1/servers/b268e90c-94cd-4b2f-8f26-f006f35542ee 1.059s
2025-03-06 07:34:11.195 69156 INFO tempest.lib.common.rest_client [req-8b797f3e-fe0a-421b-82ca-cd6e629eebbd req-8b797f3e-fe0a-421b-82ca-cd6e629eebbd ] Request (MultipleCreateTestJSON:test_multiple_create): 200 GET http://10.180.1.21/compute/v2.1/servers/f84553d4-7d80-4fae-98ad-9bdeb46fe8b0 1.019s
2025-03-06 07:34:11.275 69178 INFO tempest.lib.common.rest_client [req-b1197e71-5f29-4f03-8beb-1e89efdb5bb6 req-b1197e71-5f29-4f03-8beb-1e89efdb5bb6 ] Request (ServerDiagnosticsTest:tearDownClass): 200 GET http://10.180.1.21/compute/v2.1/servers/c9025454-e87b-4bfa-8b8d-4951d2085250 1.014s
2025-03-06 07:34:11.299 69122 WARNING tempest.lib.common.ssh [-] Failed to establish authenticated ssh connection to cirros@10.180.180.168 ([Errno None] Unable to connect to port 22 on 10.180.180.168). Number attempts: 2. Retry after 3 seconds.: paramiko.ssh_exception.NoValidConnectionsError: [Errno None] Unable to connect to port 22 on 10.180.180.168
2025-03-06 07:34:11.313 69176 INFO tempest.lib.common.rest_client [req-2f53f037-d352-4140-a1ef-dac8ea990046 req-2f53f037-d352-4140-a1ef-dac8ea990046 ] Request (KeyPairsV22TestJSON:test_get_keypair_detail): 200 GET http://10.180.1.21/compute/v2.1/os-keypairs/tempest-keypair-120104728 0.853s
2025-03-06 07:34:11.349 69174 INFO tempest.lib.common.rest_client [req-f5069607-6ff5-43a3-a03c-ac10baab1129 req-f5069607-6ff5-43a3-a03c-ac10baab1129 ] Request (FlavorsAdminTestJSON:test_is_public_string_variations): 200 GET http://10.180.1.21/compute/v2.1/flavors/detail?is_public=1 0.856s
2025-03-06 07:34:11.529 69150 INFO tempest.lib.common.rest_client [req-874b1f07-26b7-40a3-b4c2-940a8883e38f req-874b1f07-26b7-40a3-b4c2-940a8883e38f ] Request (SecurityGroupRulesTestJSON:test_security_group_rules_create_with_optional_group_id): 200 POST http://10.180.1.21/compute/v2.1/os-security-groups 0.958s
2025-03-06 07:34:11.583 69168 INFO tempest.lib.common.rest_client [req-79551cf2-46a3-4e06-a901-ee656e2358cc req-79551cf2-46a3-4e06-a901-ee656e2358cc ] Request (SecurityGroupRulesNegativeTestJSON:test_create_security_group_rule_with_non_existent_id): 404 POST http://10.180.1.21/compute/v2.1/os-security-group-rules 0.897s
2025-03-06 07:34:11.641 69126 INFO tempest.lib.common.rest_client [req-217d69c6-e387-41df-a682-25df12f2f876 req-217d69c6-e387-41df-a682-25df12f2f876 ] Request (ServersAdminNegativeTestJSON:test_migrate_server_invalid_state): 200 GET http://10.180.1.21/compute/v2.1/servers/5d7ca2c0-0656-428c-8f29-cdd6adc0b90b 0.907s
2025-03-06 07:34:11.672 69154 INFO tempest.lib.common.rest_client [req-09b39492-c14e-45e4-8f84-2fe034846236 req-09b39492-c14e-45e4-8f84-2fe034846236 ] Request (ServerRescueTestJSONUnderV235:test_rescued_vm_add_remove_security_group): 202 POST http://10.180.1.21/compute/v2.1/servers/ec3b9c58-b201-40ca-830b-29749bc54a83/action 1.465s
2025-03-06 07:34:11.705 69180 INFO tempest.lib.common.rest_client [req-a74cf744-0ca7-4729-8483-e8e3da886972 req-a74cf744-0ca7-4729-8483-e8e3da886972 ] Request (ValidationResourcesFixture:setUp): 201 POST http://10.180.1.21:9696/networking/v2.0/floatingips 0.736s
2025-03-06 07:34:11.708 69136 INFO tempest.lib.common.rest_client [req-d47d29be-dfc9-4911-ab08-9312377389eb req-d47d29be-dfc9-4911-ab08-9312377389eb ] Request (ListServerFiltersTestJSON:setUpClass): 200 GET http://10.180.1.21/compute/v2.1/servers/14a869ca-d93c-4dd9-964c-cfb14b40f069 0.929s
2025-03-06 07:34:11.730 69138 INFO tempest.lib.common.rest_client [req-8818ce29-f8e9-4a7f-b4a0-3ac399c5eb3e req-8818ce29-f8e9-4a7f-b4a0-3ac399c5eb3e ] Request (FloatingIPDetailsNegativeTestJSON:setUpClass): 200 PUT http://10.180.1.21:9696/networking/v2.0/routers/a1a69b4d-b048-43e6-bc7d-0134d189ffee/add_router_interface 1.477s
2025-03-06 07:34:11.730 69138 INFO tempest.lib.common.dynamic_creds [-] Created isolated network resources for: credentials: Credentials: {'domain_id': 'default', 'domain_name': 'Default', 'username': 'tempest-FloatingIPDetailsNegativeTestJSON-615279594-project-member', 'project_domain_id': 'default', 'project_domain_name': 'Default', 'project_id': '9da99d797e9c46ca8f00193d01645112', 'project_name': 'tempest-FloatingIPDetailsNegativeTestJSON-615279594', 'tenant_id': '9da99d797e9c46ca8f00193d01645112', 'tenant_name': 'tempest-FloatingIPDetailsNegativeTestJSON-615279594', 'user_domain_id': 'default', 'user_domain_name': 'Default', 'user_id': 'cb95181889154a1da09eb39197c35273', 'system': None}, Network: {'id': '2938ccfb-b5af-4793-aa08-ceb249a4645a', 'name': 'tempest-FloatingIPDetailsNegativeTestJSON-1448019499-network', 'tenant_id': '9da99d797e9c46ca8f00193d01645112', 'admin_state_up': True, 'mtu': 8950, 'status': 'ACTIVE', 'subnets': [], 'shared': False, 'project_id': '9da99d797e9c46ca8f00193d01645112', 'port_security_enabled': True, 'router:external': False, 'provider:network_type': 'vlan', 'provider:physical_network': 'default', 'provider:segmentation_id': 339, 'availability_zone_hints': [], 'availability_zones': [], 'ipv4_address_scope': None, 'ipv6_address_scope': None, 'description': '', 'tags': [], 'created_at': '2025-03-06T07:34:08Z', 'updated_at': '2025-03-06T07:34:08Z', 'revision_number': 1}, Subnet: {'id': '5cfed290-29c1-40e4-80ba-d9930eb8378a', 'name': 'tempest-FloatingIPDetailsNegativeTestJSON-1448019499-subnet', 'tenant_id': '9da99d797e9c46ca8f00193d01645112', 'network_id': '2938ccfb-b5af-4793-aa08-ceb249a4645a', 'ip_version': 4, 'subnetpool_id': None, 'enable_dhcp': True, 'ipv6_ra_mode': None, 'ipv6_address_mode': None, 'gateway_ip': '192.168.128.1', 'cidr': '192.168.128.0/28', 'allocation_pools': [{'start': '192.168.128.2', 'end': '192.168.128.14'}], 'host_routes': [], 'dns_nameservers': [], 'description': '', 'router:external': False, 'service_types': [], 'tags': [], 'created_at': '2025-03-06T07:34:08Z', 'updated_at': '2025-03-06T07:34:08Z', 'revision_number': 0, 'project_id': '9da99d797e9c46ca8f00193d01645112'}, Router: {'id': 'a1a69b4d-b048-43e6-bc7d-0134d189ffee', 'name': 'tempest-FloatingIPDetailsNegativeTestJSON-1448019499-router', 'tenant_id': '9da99d797e9c46ca8f00193d01645112', 'admin_state_up': True, 'status': 'ACTIVE', 'external_gateway_info': {'network_id': '495f496c-89b6-4d59-a630-261e52522c64', 'external_fixed_ips': [{'subnet_id': '072874ea-b39f-426d-a4eb-c6f63df8b4b6', 'ip_address': '10.180.180.157'}], 'enable_snat': True}, 'description': '', 'availability_zones': [], 'distributed': False, 'ha': False, 'availability_zone_hints': [], 'routes': [], 'flavor_id': None, 'tags': [], 'created_at': '2025-03-06T07:34:09Z', 'updated_at': '2025-03-06T07:34:09Z', 'revision_number': 2, 'project_id': '9da99d797e9c46ca8f00193d01645112'}
2025-03-06 07:34:11.743 69134 INFO tempest.lib.common.rest_client [req-b283ce80-74f7-4312-aa26-a215bd1e1f51 req-b283ce80-74f7-4312-aa26-a215bd1e1f51 ] Request (ServersTestBootFromVolume:setUpClass): 200 GET http://10.180.1.21/compute/v2.1/servers/8acdd624-55ab-4569-a65b-7484c93cdd18 0.868s
2025-03-06 07:34:11.744 69180 INFO tempest.lib.common.rest_client [req-2b0b5611-874f-4e3d-980d-da4ed92af13a req-2b0b5611-874f-4e3d-980d-da4ed92af13a ] Request (AttachVolumeTestJSON:test_attach_detach_volume): 201 POST http://10.180.1.21/identity/v3/auth/tokens 0.035s
2025-03-06 07:34:11.745 69180 INFO tempest.lib.common.fixed_network [-] (AttachVolumeTestJSON:test_attach_detach_volume) Found network {'id': '776e172d-8c0c-49ee-8e1d-37fce54de7b4', 'name': 'tempest-AttachVolumeTestJSON-28508885-network', 'tenant_id': '336469a4a707449ea7e146aac7ad1f7b', 'admin_state_up': True, 'mtu': 8950, 'status': 'ACTIVE', 'subnets': [], 'shared': False, 'project_id': '336469a4a707449ea7e146aac7ad1f7b', 'port_security_enabled': True, 'router:external': False, 'provider:network_type': 'vlan', 'provider:physical_network': 'default', 'provider:segmentation_id': 685, 'availability_zone_hints': [], 'availability_zones': [], 'ipv4_address_scope': None, 'ipv6_address_scope': None, 'description': '', 'tags': [], 'created_at': '2025-03-06T07:34:03Z', 'updated_at': '2025-03-06T07:34:03Z', 'revision_number': 1} available for tenant
2025-03-06 07:34:11.767 69152 INFO tempest.lib.common.rest_client [req-17abdfb6-2192-4c23-bce7-29c428f47230 req-17abdfb6-2192-4c23-bce7-29c428f47230 ] Request (AggregatesAdminNegativeTestJSON:_run_cleanups): 200 DELETE http://10.180.1.21/compute/v2.1/os-aggregates/8 0.824s
2025-03-06 07:34:11.831 69138 INFO tempest.lib.common.rest_client [req-8574217e-4e6b-4fb8-a0d9-ed678ba5a8d6 req-8574217e-4e6b-4fb8-a0d9-ed678ba5a8d6 ] Request (FloatingIPDetailsNegativeTestJSON:setUpClass): 201 POST http://10.180.1.21/identity/v3/auth/tokens 0.098s
2025-03-06 07:34:11.845 69144 INFO tempest.lib.common.rest_client [req-42530cbc-9561-46bc-8f4f-f0b4987deb22 req-42530cbc-9561-46bc-8f4f-f0b4987deb22 ] Request (ImagesNegativeTestJSON:test_create_image_from_deleted_server): 200 GET http://10.180.1.21/compute/v2.1/servers/fe6f7451-48d7-4698-816a-9a065ce0af35 0.891s
2025-03-06 07:34:11.849 69124 INFO tempest.lib.common.rest_client [req-464d9185-be7e-41e8-82c8-82c49265979b req-464d9185-be7e-41e8-82c8-82c49265979b ] Request (ServersWithSpecificFlavorTestJSON:test_verify_created_server_ephemeral_disk): 200 GET http://10.180.1.21/compute/v2.1/servers/dbb7fdd2-fd7f-43d3-b0de-8992efd3176a 0.924s
2025-03-06 07:34:11.921 69152 INFO tempest.lib.common.rest_client [req-ffe3601a-7118-4198-abed-f766e7170306 req-ffe3601a-7118-4198-abed-f766e7170306 ] Request (AggregatesAdminNegativeTestJSON:tearDownClass): 204 DELETE http://10.180.1.21/identity/v3/users/bce83ddb580d4ea3899f30c9d405fb3e 0.153s
2025-03-06 07:34:11.925 69128 INFO tempest.lib.common.rest_client [req-ccb5bdaa-1c61-41f3-9384-756875dc9179 req-ccb5bdaa-1c61-41f3-9384-756875dc9179 ] Request (ServersV294TestFqdnHostnames:setUpClass): 200 GET http://10.180.1.21/compute/v2.1/servers/19adf5a8-58f3-4367-bf08-377dc06bd813 0.933s
2025-03-06 07:34:11.988 69132 INFO tempest.lib.common.rest_client [req-0ffc33e5-bb95-4d88-b8c3-d7c1e3677e18 req-0ffc33e5-bb95-4d88-b8c3-d7c1e3677e18 ] Request (InstanceActionsNegativeTestJSON:setUpClass): 200 GET http://10.180.1.21/compute/v2.1/servers/ce162796-7bf4-4602-b93d-0f91c636e411 0.930s
2025-03-06 07:34:12.008 69162 INFO tempest.lib.common.rest_client [req-f25b0e8a-710b-48b5-8618-995aaf2a6c7a req-f25b0e8a-710b-48b5-8618-995aaf2a6c7a ] Request (ImagesTestJSON:_run_cleanups): 204 DELETE http://10.180.1.21/compute/v2.1/images/d70aab4f-85d2-47c1-a464-b2eabb53fadd 0.962s
2025-03-06 07:34:12.049 69146 INFO tempest.lib.common.rest_client [req-efa56aba-c79f-40f0-8ee8-049523f9cf79 req-efa56aba-c79f-40f0-8ee8-049523f9cf79 ] Request (DeleteServersAdminTestJSON:test_delete_server_while_in_error_state): 200 GET http://10.180.1.21/compute/v2.1/servers/ceb07909-a135-479b-8480-00b8aa6575d2 0.932s
2025-03-06 07:34:12.053 69152 INFO tempest.lib.common.rest_client [req-40d46628-4e08-4d0a-92b0-39a475c88bf6 req-40d46628-4e08-4d0a-92b0-39a475c88bf6 ] Request (AggregatesAdminNegativeTestJSON:tearDownClass): 204 DELETE http://10.180.1.21/identity/v3/users/b589203a56054c4e93ee5cb3491846a4 0.131s
2025-03-06 07:34:12.053 69152 INFO tempest.lib.common.dynamic_creds [-] Deleting project and security group for project: 881b568033c34f2892a439384f1756d0
2025-03-06 07:34:12.073 69176 INFO tempest.lib.common.rest_client [req-9454b740-33f5-441d-bbc8-88431ebee01a req-9454b740-33f5-441d-bbc8-88431ebee01a ] Request (KeyPairsV22TestJSON:_run_cleanups): 204 DELETE http://10.180.1.21/compute/v2.1/os-keypairs/tempest-keypair-120104728 0.755s
2025-03-06 07:34:12.073 69164 INFO tempest.lib.common.rest_client [req-d3666194-ccfa-442b-b131-0826dc5d4f3a req-d3666194-ccfa-442b-b131-0826dc5d4f3a ] Request (ServersAdminTestJSON:test_create_server_with_scheduling_hint): 200 GET http://10.180.1.21/compute/v2.1/servers/dbea6ee4-4f2a-4040-8acc-df5b7da614ec 0.789s
2025-03-06 07:34:12.093 69174 INFO tempest.lib.common.rest_client [req-0b6af709-3418-4df2-9419-64b38c1dac85 req-0b6af709-3418-4df2-9419-64b38c1dac85 ] Request (FlavorsAdminTestJSON:_run_cleanups): 202 DELETE http://10.180.1.21/compute/v2.1/flavors/2146287340 0.738s
2025-03-06 07:34:12.128 69152 INFO tempest.lib.common.rest_client [req-d87b611e-3eb9-4b60-b03a-748142b709cd req-d87b611e-3eb9-4b60-b03a-748142b709cd ] Request (AggregatesAdminNegativeTestJSON:tearDownClass): 201 POST http://10.180.1.21/identity/v3/auth/tokens 0.074s
2025-03-06 07:34:12.131 69158 INFO tempest.lib.common.rest_client [req-449f9a61-4198-43dc-ba1a-a07d9dfd51b9 req-449f9a61-4198-43dc-ba1a-a07d9dfd51b9 ] Request (ServerAddressesTestJSON:setUpClass): 200 GET http://10.180.1.21/compute/v2.1/servers/5c2f0de4-620b-40f8-b4ab-cad2c4cb3ebe 0.784s
2025-03-06 07:34:12.149 69140 INFO tempest.lib.common.rest_client [req-628fe87a-7092-4754-937b-bea4cc6be6ca req-628fe87a-7092-4754-937b-bea4cc6be6ca ] Request (MigrationsAdminTest:test_list_migrations_in_flavor_resize_situation): 200 GET http://10.180.1.21/compute/v2.1/servers/66fa0a66-f5ea-4ab9-805e-ac58950219fd 0.789s
2025-03-06 07:34:12.180 69148 INFO tempest.lib.common.rest_client [req-d1e67024-14d5-4a03-8b1c-c46cdfa358bc req-d1e67024-14d5-4a03-8b1c-c46cdfa358bc ] Request (ServerDiskConfigTestJSON:test_rebuild_server_with_manual_disk_config): 200 GET http://10.180.1.21/compute/v2.1/servers/6bd99dff-d8ff-4bd1-b9df-f97fc3fc7a2e 0.766s
2025-03-06 07:34:12.206 69168 INFO tempest.lib.common.rest_client [req-579fd03a-c3f1-4474-be1c-24a7a2023ece req-579fd03a-c3f1-4474-be1c-24a7a2023ece ] Request (SecurityGroupRulesNegativeTestJSON:test_delete_security_group_rule_with_non_existent_id): 404 DELETE http://10.180.1.21/compute/v2.1/os-security-group-rules/7adae3de-0554-4f46-bca2-b82d9d23ca95 0.621s
2025-03-06 07:34:12.262 69142 INFO tempest.lib.common.rest_client [req-a0ac0369-b638-41c6-bff4-027b7056c7bb req-a0ac0369-b638-41c6-bff4-027b7056c7bb ] Request (ImagesOneServerNegativeTestJSON:setUpClass): 200 GET http://10.180.1.21/compute/v2.1/servers/79e3c13d-7711-4db4-bdf0-1ba78f6335d7 0.672s
2025-03-06 07:34:12.281 69150 INFO tempest.lib.common.rest_client [req-cac02676-d379-4a92-aabe-2d982a374e3d req-cac02676-d379-4a92-aabe-2d982a374e3d ] Request (SecurityGroupRulesTestJSON:test_security_group_rules_create_with_optional_group_id): 200 POST http://10.180.1.21/compute/v2.1/os-security-groups 0.746s
2025-03-06 07:34:12.309 69120 INFO tempest.lib.common.rest_client [req-ec3a1067-900e-4a5d-921a-d1e6d16eab78 req-ec3a1067-900e-4a5d-921a-d1e6d16eab78 ] Request (ServerShowV254Test:test_rebuild_server): 200 GET http://10.180.1.21/compute/v2.1/servers/c3b6bea7-cbb0-459d-8096-8839bae26ad1 0.650s
2025-03-06 07:34:12.525 69152 INFO tempest.lib.common.rest_client [req-899c8c97-553b-4e26-965a-7ac043e55cd3 req-899c8c97-553b-4e26-965a-7ac043e55cd3 ] Request (AggregatesAdminNegativeTestJSON:tearDownClass): 200 GET http://10.180.1.21:9696/networking/v2.0/security-groups?tenant_id=881b568033c34f2892a439384f1756d0&name=default 0.396s
2025-03-06 07:34:12.679 69152 INFO tempest.lib.common.rest_client [req-b34f0bfb-660c-4a3c-b555-cea99a775206 req-b34f0bfb-660c-4a3c-b555-cea99a775206 ] Request (AggregatesAdminNegativeTestJSON:tearDownClass): 204 DELETE http://10.180.1.21:9696/networking/v2.0/security-groups/65084833-d638-4744-b3c4-8078da4f1fe7 0.153s
2025-03-06 07:34:12.721 69180 INFO tempest.lib.common.rest_client [req-74265342-4d9d-4dfe-997c-e3ac1392a069 req-74265342-4d9d-4dfe-997c-e3ac1392a069 ] Request (AttachVolumeTestJSON:test_attach_detach_volume): 202 POST http://10.180.1.21/compute/v2.1/servers 0.976s
2025-03-06 07:34:12.762 69152 INFO tempest.lib.common.rest_client [req-b72dcd05-888a-4596-8255-7083ee08c3b5 req-b72dcd05-888a-4596-8255-7083ee08c3b5 ] Request (AggregatesAdminNegativeTestJSON:tearDownClass): 204 DELETE http://10.180.1.21/identity/v3/projects/881b568033c34f2892a439384f1756d0 0.083s
2025-03-06 07:34:12.762 69152 INFO tempest.lib.common.dynamic_creds [-] Deleting project and security group for project: 3b32aee35a5749849a33bb4087c575c2
2025-03-06 07:34:12.789 69170 INFO tempest.lib.common.rest_client [req-3a1a5caa-5358-46aa-92f3-8396074cd3cc req-3a1a5caa-5358-46aa-92f3-8396074cd3cc ] Request (AttachInterfacesV270Test:test_create_get_list_interfaces): 200 GET http://10.180.1.21/compute/v2.1/servers/bf363a72-ef3d-44c9-b578-08dfa0753f98 1.038s
2025-03-06 07:34:12.992 69154 INFO tempest.lib.common.rest_client [req-5b2685fb-e937-43fd-a746-e00f1f55e670 req-5b2685fb-e937-43fd-a746-e00f1f55e670 ] Request (ServerRescueTestJSONUnderV235:test_rescued_vm_add_remove_security_group): 202 POST http://10.180.1.21/compute/v2.1/servers/ec3b9c58-b201-40ca-830b-29749bc54a83/action 1.319s
2025-03-06 07:34:12.995 69152 INFO tempest.lib.common.rest_client [req-4d2d7c74-2569-4729-86fe-31e5afc0f1ed req-4d2d7c74-2569-4729-86fe-31e5afc0f1ed ] Request (AggregatesAdminNegativeTestJSON:tearDownClass): 200 GET http://10.180.1.21:9696/networking/v2.0/security-groups?tenant_id=3b32aee35a5749849a33bb4087c575c2&name=default 0.232s
2025-03-06 07:34:13.015 69138 INFO tempest.lib.common.rest_client [req-7384434b-560e-47bb-8c31-15159b98404a req-7384434b-560e-47bb-8c31-15159b98404a ] Request (FloatingIPDetailsNegativeTestJSON:test_get_nonexistent_floating_ip_details): 404 GET http://10.180.1.21/compute/v2.1/os-floating-ips/db013d6d-ce36-47f4-9374-3c9294450214 1.180s
2025-03-06 07:34:13.196 69172 INFO tempest.lib.common.rest_client [req-5e76549b-afe3-4396-9a82-107c0379f54a req-5e76549b-afe3-4396-9a82-107c0379f54a ] Request (FloatingIPsAssociationNegativeTestJSON:setUpClass): 200 GET http://10.180.1.21/compute/v2.1/servers/b9061756-8344-441b-b1f2-5724e8566e98 1.279s
2025-03-06 07:34:13.215 69130 INFO tempest.lib.common.rest_client [req-ba3d2116-9493-4d6d-a1a0-654c9cd8ff83 req-ba3d2116-9493-4d6d-a1a0-654c9cd8ff83 ] Request (AttachInterfacesUnderV243Test:test_add_remove_fixed_ip): 200 GET http://10.180.1.21/compute/v2.1/servers/ebe265d5-d05d-48f6-a05a-5e79189d63a3 1.294s
2025-03-06 07:34:13.226 69152 INFO tempest.lib.common.rest_client [req-0d9f8aec-cfa9-4572-bcc4-15aa705195cb req-0d9f8aec-cfa9-4572-bcc4-15aa705195cb ] Request (AggregatesAdminNegativeTestJSON:tearDownClass): 204 DELETE http://10.180.1.21:9696/networking/v2.0/security-groups/4eed047c-b588-4bf3-8e83-da13b03bbc72 0.230s
2025-03-06 07:34:13.291 69162 INFO tempest.lib.common.rest_client [req-9c08c666-5867-4eba-8243-c52033ae68bb req-9c08c666-5867-4eba-8243-c52033ae68bb ] Request (ImagesTestJSON:_run_cleanups): 204 DELETE http://10.180.1.21/compute/v2.1/servers/a8322577-7f86-48e3-be17-8dfc19047045 1.283s
2025-03-06 07:34:13.338 69176 INFO tempest.lib.common.rest_client [req-0efccb68-c4d6-4996-ae1f-67924de6262c req-0efccb68-c4d6-4996-ae1f-67924de6262c ] Request (KeyPairsV22TestJSON:test_keypair_create_delete): 201 POST http://10.180.1.21/compute/v2.1/os-keypairs 1.263s
2025-03-06 07:34:13.351 69160 INFO tempest.lib.common.rest_client [req-142e37a9-d898-4c61-a9bc-6087060ef732 req-142e37a9-d898-4c61-a9bc-6087060ef732 ] Request (TenantUsagesTestJSON:tearDownClass): 200 GET http://10.180.1.21/compute/v2.1/servers/e2be90b1-394a-4add-8135-7789857dcec1 1.332s
2025-03-06 07:34:13.353 69152 INFO tempest.lib.common.rest_client [req-87ad1c87-ca0c-4a2d-83b5-6aea7140989c req-87ad1c87-ca0c-4a2d-83b5-6aea7140989c ] Request (AggregatesAdminNegativeTestJSON:tearDownClass): 204 DELETE http://10.180.1.21/identity/v3/projects/3b32aee35a5749849a33bb4087c575c2 0.127s
2025-03-06 07:34:13.370 69162 INFO tempest.lib.common.rest_client [req-b64dd3b3-acac-4b80-a4d3-5600ca38a4c8 req-b64dd3b3-acac-4b80-a4d3-5600ca38a4c8 ] Request (ImagesTestJSON:test_create_image_from_suspended_server): 201 POST http://10.180.1.21/identity/v3/auth/tokens 0.068s
2025-03-06 07:34:13.371 69162 INFO tempest.lib.common.fixed_network [-] (ImagesTestJSON:test_create_image_from_suspended_server) Found network {'id': '7cdfc684-3a60-4513-ac85-206234cd3cb1', 'name': 'tempest-ImagesTestJSON-857643086-network', 'tenant_id': '3306c3c65a254cb7a49c71af2ed776a2', 'admin_state_up': True, 'mtu': 8950, 'status': 'ACTIVE', 'subnets': [], 'shared': False, 'project_id': '3306c3c65a254cb7a49c71af2ed776a2', 'port_security_enabled': True, 'router:external': False, 'provider:network_type': 'vlan', 'provider:physical_network': 'default', 'provider:segmentation_id': 554, 'availability_zone_hints': [], 'availability_zones': [], 'ipv4_address_scope': None, 'ipv6_address_scope': None, 'description': '', 'tags': [], 'created_at': '2025-03-06T07:33:09Z', 'updated_at': '2025-03-06T07:33:09Z', 'revision_number': 1} available for tenant
2025-03-06 07:34:13.388 69174 INFO tempest.lib.common.rest_client [req-f1dd3783-a3df-42be-b2f4-cfffa1763ee2 req-f1dd3783-a3df-42be-b2f4-cfffa1763ee2 ] Request (FlavorsAdminTestJSON:_run_cleanups): 200 GET http://10.180.1.21/compute/v2.1/flavors/detail 1.294s
2025-03-06 07:34:13.398 69166 INFO tempest.lib.common.rest_client [req-67384253-7f0b-4731-aad3-51dc2c65b8b1 req-67384253-7f0b-4731-aad3-51dc2c65b8b1 ] Request (FloatingIPsAssociationTestJSON:setUpClass): 200 GET http://10.180.1.21/compute/v2.1/servers/b268e90c-94cd-4b2f-8f26-f006f35542ee 1.309s
2025-03-06 07:34:13.414 69152 INFO tempest.lib.common.rest_client [req-d925c78b-690b-4913-b5fe-25b02190f887 req-d925c78b-690b-4913-b5fe-25b02190f887 ] Request (AZAdminNegativeTestJSON:setUpClass): 201 POST http://10.180.1.21/identity/v3/auth/tokens 0.060s
2025-03-06 07:34:13.450 69152 INFO tempest.lib.common.rest_client [req-09158d8d-b7b4-48de-9f14-e038b084e069 req-09158d8d-b7b4-48de-9f14-e038b084e069 ] Request (AZAdminNegativeTestJSON:setUpClass): 201 POST http://10.180.1.21/identity/v3/auth/tokens 0.029s
2025-03-06 07:34:13.477 69152 INFO tempest.lib.common.rest_client [req-6009e366-4614-4481-b87c-9d94102b58e1 req-6009e366-4614-4481-b87c-9d94102b58e1 ] Request (AZAdminNegativeTestJSON:setUpClass): 200 GET http://10.180.1.21/identity/v3/domains?name=Default 0.027s
2025-03-06 07:34:13.510 69152 INFO tempest.lib.common.rest_client [req-a68cc7e6-8018-4d4a-897b-1d889626562d req-a68cc7e6-8018-4d4a-897b-1d889626562d ] Request (AZAdminNegativeTestJSON:setUpClass): 201 POST http://10.180.1.21/identity/v3/projects 0.032s
2025-03-06 07:34:13.513 69168 INFO tempest.lib.common.rest_client [req-dc9ca5af-a223-4326-a866-1e000df33966 req-dc9ca5af-a223-4326-a866-1e000df33966 ] Request (SecurityGroupRulesNegativeTestJSON:tearDownClass): 202 DELETE http://10.180.1.21/compute/v2.1/os-security-groups/5966b12d-6bd7-4f95-a0ea-72c4b4585bb9 1.305s
2025-03-06 07:34:13.579 69152 INFO tempest.lib.common.rest_client [req-9eb432f2-b138-47b3-bf48-899596e418bc req-9eb432f2-b138-47b3-bf48-899596e418bc ] Request (AZAdminNegativeTestJSON:setUpClass): 201 POST http://10.180.1.21/identity/v3/users 0.069s
2025-03-06 07:34:13.608 69152 INFO tempest.lib.common.rest_client [req-d405140b-7290-486e-aab2-2b074570ad5a req-d405140b-7290-486e-aab2-2b074570ad5a ] Request (AZAdminNegativeTestJSON:setUpClass): 200 GET http://10.180.1.21/identity/v3/roles 0.027s
2025-03-06 07:34:13.636 69152 INFO tempest.lib.common.rest_client [req-f2bc0219-ba0d-4762-a2a7-f10a7018891c req-f2bc0219-ba0d-4762-a2a7-f10a7018891c ] Request (AZAdminNegativeTestJSON:setUpClass): 204 PUT http://10.180.1.21/identity/v3/projects/ab65b41b11fa423ca35bad49fe121ff9/users/1a170d3cfe9d4c3e89110bfcce1ef5c7/roles/544f107cad6e4b97b770cd0685ac2896 0.027s
2025-03-06 07:34:13.636 69152 INFO tempest.lib.common.dynamic_creds [-] Dynamic test user 1a170d3cfe9d4c3e89110bfcce1ef5c7 is created with scope project and roles: ['member']
2025-03-06 07:34:13.636 69152 INFO tempest.lib.common.dynamic_creds [-] Acquired dynamic creds: credentials: Credentials: {'domain_id': 'default', 'domain_name': 'Default', 'username': 'tempest-AZAdminNegativeTestJSON-2051936515-project-member', 'project_domain_id': 'default', 'project_domain_name': 'Default', 'project_id': 'ab65b41b11fa423ca35bad49fe121ff9', 'project_name': 'tempest-AZAdminNegativeTestJSON-2051936515', 'tenant_id': 'ab65b41b11fa423ca35bad49fe121ff9', 'tenant_name': 'tempest-AZAdminNegativeTestJSON-2051936515', 'user_domain_id': 'default', 'user_domain_name': 'Default', 'user_id': '1a170d3cfe9d4c3e89110bfcce1ef5c7', 'system': None}, Network: None, Subnet: None, Router: None
2025-03-06 07:34:13.637 69152 INFO tempest.lib.common.dynamic_creds [-] Created isolated network resources for: credentials: Credentials: {'domain_id': 'default', 'domain_name': 'Default', 'username': 'tempest-AZAdminNegativeTestJSON-2051936515-project-member', 'project_domain_id': 'default', 'project_domain_name': 'Default', 'project_id': 'ab65b41b11fa423ca35bad49fe121ff9', 'project_name': 'tempest-AZAdminNegativeTestJSON-2051936515', 'tenant_id': 'ab65b41b11fa423ca35bad49fe121ff9', 'tenant_name': 'tempest-AZAdminNegativeTestJSON-2051936515', 'user_domain_id': 'default', 'user_domain_name': 'Default', 'user_id': '1a170d3cfe9d4c3e89110bfcce1ef5c7', 'system': None}, Network: None, Subnet: None, Router: None
2025-03-06 07:34:13.661 69150 INFO tempest.lib.common.rest_client [req-ee75f183-be9b-4058-86a6-e61fe45e2367 req-ee75f183-be9b-4058-86a6-e61fe45e2367 ] Request (SecurityGroupRulesTestJSON:test_security_group_rules_create_with_optional_group_id): 200 POST http://10.180.1.21/compute/v2.1/os-security-group-rules 1.378s
2025-03-06 07:34:13.664 69150 WARNING tempest.lib.common.rest_client [-] Deprecated: "tenant_id" property is deprecated for removal, use "project_id" instead
2025-03-06 07:34:13.725 69152 INFO tempest.lib.common.rest_client [req-6e725668-54c1-457b-af7e-812f38b4dbaf req-6e725668-54c1-457b-af7e-812f38b4dbaf ] Request (AZAdminNegativeTestJSON:setUpClass): 201 POST http://10.180.1.21/identity/v3/auth/tokens 0.085s
2025-03-06 07:34:13.738 69178 INFO tempest.lib.common.rest_client [req-62165d09-13a4-4ed5-9efa-eadd7c07ac09 req-62165d09-13a4-4ed5-9efa-eadd7c07ac09 ] Request (ServerDiagnosticsTest:tearDownClass): 200 GET http://10.180.1.21/compute/v2.1/servers/c9025454-e87b-4bfa-8b8d-4951d2085250 1.452s
2025-03-06 07:34:13.780 69156 INFO tempest.lib.common.rest_client [req-ec0aa589-4258-4d65-b312-037562e9ca51 req-ec0aa589-4258-4d65-b312-037562e9ca51 ] Request (MultipleCreateTestJSON:test_multiple_create): 200 GET http://10.180.1.21/compute/v2.1/servers/f84553d4-7d80-4fae-98ad-9bdeb46fe8b0 1.577s
2025-03-06 07:34:13.788 69156 INFO tempest.common.waiters [-] State transition "BUILD/spawning" ==> "ACTIVE/None" after 6 second wait
2025-03-06 07:34:13.805 69126 INFO tempest.lib.common.rest_client [req-d9fccfbe-1595-45be-9efa-3afeddb22cf0 req-d9fccfbe-1595-45be-9efa-3afeddb22cf0 ] Request (ServersAdminNegativeTestJSON:test_migrate_server_invalid_state): 200 GET http://10.180.1.21/compute/v2.1/servers/5d7ca2c0-0656-428c-8f29-cdd6adc0b90b 1.152s
2025-03-06 07:34:13.807 69152 INFO tempest.lib.common.rest_client [req-60a68d19-4341-4ed4-ba0b-9c61ad567e10 req-60a68d19-4341-4ed4-ba0b-9c61ad567e10 ] Request (AZAdminNegativeTestJSON:setUpClass): 201 POST http://10.180.1.21/identity/v3/projects 0.081s
2025-03-06 07:34:13.866 69180 INFO tempest.lib.common.rest_client [req-4e232f32-f36f-42c2-944d-50c39787871e req-4e232f32-f36f-42c2-944d-50c39787871e ] Request (AttachVolumeTestJSON:test_attach_detach_volume): 200 GET http://10.180.1.21/compute/v2.1/servers/50e88850-968f-472b-9921-bbf973b475bc 1.142s
2025-03-06 07:34:13.886 69136 INFO tempest.lib.common.rest_client [req-705b516c-71d9-4ca8-b0ea-4bce7eae9ae0 req-705b516c-71d9-4ca8-b0ea-4bce7eae9ae0 ] Request (ListServerFiltersTestJSON:setUpClass): 200 GET http://10.180.1.21/compute/v2.1/servers/14a869ca-d93c-4dd9-964c-cfb14b40f069 1.165s
2025-03-06 07:34:13.890 69152 INFO tempest.lib.common.rest_client [req-a8e1628c-6f2d-40c7-9a14-cc9e6365d696 req-a8e1628c-6f2d-40c7-9a14-cc9e6365d696 ] Request (AZAdminNegativeTestJSON:setUpClass): 201 POST http://10.180.1.21/identity/v3/users 0.082s
2025-03-06 07:34:13.917 69152 INFO tempest.lib.common.rest_client [req-9b1718ba-feb8-48ab-bf10-adc9f765d331 req-9b1718ba-feb8-48ab-bf10-adc9f765d331 ] Request (AZAdminNegativeTestJSON:setUpClass): 200 GET http://10.180.1.21/identity/v3/roles 0.026s
2025-03-06 07:34:13.930 69134 INFO tempest.lib.common.rest_client [req-3aa4d7aa-71c2-4492-a35f-fdd457d72d5c req-3aa4d7aa-71c2-4492-a35f-fdd457d72d5c ] Request (ServersTestBootFromVolume:setUpClass): 200 GET http://10.180.1.21/compute/v2.1/servers/8acdd624-55ab-4569-a65b-7484c93cdd18 1.175s
2025-03-06 07:34:13.949 69152 INFO tempest.lib.common.rest_client [req-65468d26-0425-4a10-89ea-4ff41d88748e req-65468d26-0425-4a10-89ea-4ff41d88748e ] Request (AZAdminNegativeTestJSON:setUpClass): 204 PUT http://10.180.1.21/identity/v3/projects/309eeb6593484ec5b51bda58f4f5f288/users/140e43777bee48d1b1fecca22c1b5950/roles/4a04f09ed94c40b48c6e2cb61c3e9a26 0.032s
2025-03-06 07:34:13.964 69144 INFO tempest.lib.common.rest_client [req-a4d70a03-80fb-429c-8271-fed704ed0a43 req-a4d70a03-80fb-429c-8271-fed704ed0a43 ] Request (ImagesNegativeTestJSON:test_create_image_from_deleted_server): 200 GET http://10.180.1.21/compute/v2.1/servers/fe6f7451-48d7-4698-816a-9a065ce0af35 1.108s
2025-03-06 07:34:14.013 69152 INFO tempest.lib.common.rest_client [req-4e93fd18-2aea-4741-b294-5f591fe17e9c req-4e93fd18-2aea-4741-b294-5f591fe17e9c ] Request (AZAdminNegativeTestJSON:setUpClass): 200 GET http://10.180.1.21/identity/v3/roles 0.063s
2025-03-06 07:34:14.031 69128 INFO tempest.lib.common.rest_client [req-de26197f-a750-41a9-a528-0b1c119cbf9c req-de26197f-a750-41a9-a528-0b1c119cbf9c ] Request (ServersV294TestFqdnHostnames:setUpClass): 200 GET http://10.180.1.21/compute/v2.1/servers/19adf5a8-58f3-4367-bf08-377dc06bd813 1.091s
2025-03-06 07:34:14.036 69152 INFO tempest.lib.common.rest_client [req-ef36495c-38c9-42d7-94ea-7a05c36e5ebf req-ef36495c-38c9-42d7-94ea-7a05c36e5ebf ] Request (AZAdminNegativeTestJSON:setUpClass): 204 PUT http://10.180.1.21/identity/v3/projects/309eeb6593484ec5b51bda58f4f5f288/users/140e43777bee48d1b1fecca22c1b5950/roles/4a04f09ed94c40b48c6e2cb61c3e9a26 0.022s
2025-03-06 07:34:14.036 69152 INFO tempest.lib.common.dynamic_creds [-] Dynamic test user 140e43777bee48d1b1fecca22c1b5950 is created with scope project and roles: ['admin']
2025-03-06 07:34:14.036 69152 INFO tempest.lib.common.dynamic_creds [-] Acquired dynamic creds: credentials: Credentials: {'domain_id': 'default', 'domain_name': 'Default', 'username': 'tempest-AZAdminNegativeTestJSON-29477200-project-admin', 'project_domain_id': 'default', 'project_domain_name': 'Default', 'project_id': '309eeb6593484ec5b51bda58f4f5f288', 'project_name': 'tempest-AZAdminNegativeTestJSON-29477200', 'tenant_id': '309eeb6593484ec5b51bda58f4f5f288', 'tenant_name': 'tempest-AZAdminNegativeTestJSON-29477200', 'user_domain_id': 'default', 'user_domain_name': 'Default', 'user_id': '140e43777bee48d1b1fecca22c1b5950', 'system': None}, Network: None, Subnet: None, Router: None
2025-03-06 07:34:14.036 69152 INFO tempest.lib.common.dynamic_creds [-] Created isolated network resources for: credentials: Credentials: {'domain_id': 'default', 'domain_name': 'Default', 'username': 'tempest-AZAdminNegativeTestJSON-29477200-project-admin', 'project_domain_id': 'default', 'project_domain_name': 'Default', 'project_id': '309eeb6593484ec5b51bda58f4f5f288', 'project_name': 'tempest-AZAdminNegativeTestJSON-29477200', 'tenant_id': '309eeb6593484ec5b51bda58f4f5f288', 'tenant_name': 'tempest-AZAdminNegativeTestJSON-29477200', 'user_domain_id': 'default', 'user_domain_name': 'Default', 'user_id': '140e43777bee48d1b1fecca22c1b5950', 'system': None}, Network: None, Subnet: None, Router: None
2025-03-06 07:34:14.044 69124 INFO tempest.lib.common.rest_client [req-794c0abc-08ac-4f10-93f0-c7170f69be0a req-794c0abc-08ac-4f10-93f0-c7170f69be0a ] Request (ServersWithSpecificFlavorTestJSON:test_verify_created_server_ephemeral_disk): 200 GET http://10.180.1.21/compute/v2.1/servers/dbb7fdd2-fd7f-43d3-b0de-8992efd3176a 1.183s
2025-03-06 07:34:14.092 69132 INFO tempest.lib.common.rest_client [req-f0e3ed13-0bef-4c58-a53e-392cf33ff41a req-f0e3ed13-0bef-4c58-a53e-392cf33ff41a ] Request (InstanceActionsNegativeTestJSON:setUpClass): 200 GET http://10.180.1.21/compute/v2.1/servers/ce162796-7bf4-4602-b93d-0f91c636e411 1.095s
2025-03-06 07:34:14.113 69152 INFO tempest.lib.common.rest_client [req-8a5c2e34-61df-4f79-abca-4b3d5067d665 req-8a5c2e34-61df-4f79-abca-4b3d5067d665 ] Request (AZAdminNegativeTestJSON:setUpClass): 201 POST http://10.180.1.21/identity/v3/auth/tokens 0.074s
2025-03-06 07:34:14.146 69146 INFO tempest.lib.common.rest_client [req-900b4744-5ff5-4876-a186-b67cbfbc1d93 req-900b4744-5ff5-4876-a186-b67cbfbc1d93 ] Request (DeleteServersAdminTestJSON:test_delete_server_while_in_error_state): 200 GET http://10.180.1.21/compute/v2.1/servers/ceb07909-a135-479b-8480-00b8aa6575d2 1.089s
2025-03-06 07:34:14.198 69164 INFO tempest.lib.common.rest_client [req-506e7c90-afdc-4faa-9795-e3d897e97468 req-506e7c90-afdc-4faa-9795-e3d897e97468 ] Request (ServersAdminTestJSON:test_create_server_with_scheduling_hint): 200 GET http://10.180.1.21/compute/v2.1/servers/dbea6ee4-4f2a-4040-8acc-df5b7da614ec 1.111s
2025-03-06 07:34:14.249 69158 INFO tempest.lib.common.rest_client [req-758a2b5a-d76c-4baa-be85-501709416d07 req-758a2b5a-d76c-4baa-be85-501709416d07 ] Request (ServerAddressesTestJSON:setUpClass): 200 GET http://10.180.1.21/compute/v2.1/servers/5c2f0de4-620b-40f8-b4ab-cad2c4cb3ebe 1.109s
2025-03-06 07:34:14.308 69140 INFO tempest.lib.common.rest_client [req-e652c2eb-fd7d-4981-81ec-b8010b5c6888 req-e652c2eb-fd7d-4981-81ec-b8010b5c6888 ] Request (MigrationsAdminTest:test_list_migrations_in_flavor_resize_situation): 200 GET http://10.180.1.21/compute/v2.1/servers/66fa0a66-f5ea-4ab9-805e-ac58950219fd 1.151s
2025-03-06 07:34:14.364 69148 INFO tempest.lib.common.rest_client [req-7701c60b-0a16-4e0c-88a8-5ce6331b63d9 req-7701c60b-0a16-4e0c-88a8-5ce6331b63d9 ] Request (ServerDiskConfigTestJSON:test_rebuild_server_with_manual_disk_config): 200 GET http://10.180.1.21/compute/v2.1/servers/6bd99dff-d8ff-4bd1-b9df-f97fc3fc7a2e 1.173s
2025-03-06 07:34:14.426 69142 INFO tempest.lib.common.rest_client [req-418dbdc5-d679-442d-bc2c-2299610ca795 req-418dbdc5-d679-442d-bc2c-2299610ca795 ] Request (ImagesOneServerNegativeTestJSON:setUpClass): 200 GET http://10.180.1.21/compute/v2.1/servers/79e3c13d-7711-4db4-bdf0-1ba78f6335d7 1.153s
2025-03-06 07:34:14.480 69120 INFO tempest.lib.common.rest_client [req-8562c012-fa6c-443f-b3cb-eee46c759601 req-8562c012-fa6c-443f-b3cb-eee46c759601 ] Request (ServerShowV254Test:test_rebuild_server): 200 GET http://10.180.1.21/compute/v2.1/servers/c3b6bea7-cbb0-459d-8096-8839bae26ad1 1.160s
2025-03-06 07:34:14.517 69176 INFO tempest.lib.common.rest_client [req-c6502983-5ebe-4311-83fd-a9b72c17de3c req-c6502983-5ebe-4311-83fd-a9b72c17de3c ] Request (KeyPairsV22TestJSON:_run_cleanups): 204 DELETE http://10.180.1.21/compute/v2.1/os-keypairs/tempest-keypair-900896684 1.175s
2025-03-06 07:34:14.598 69138 INFO tempest.lib.common.rest_client [req-bdded106-ed0b-462e-9e7d-a5f505f3bbf5 req-bdded106-ed0b-462e-9e7d-a5f505f3bbf5 ] Request (FloatingIPDetailsNegativeTestJSON:tearDownClass): 200 PUT http://10.180.1.21:9696/networking/v2.0/routers/a1a69b4d-b048-43e6-bc7d-0134d189ffee/remove_router_interface 1.582s
2025-03-06 07:34:14.790 69154 INFO tempest.lib.common.rest_client [req-55408b5b-3aa3-4173-a758-48140e37d2f1 req-55408b5b-3aa3-4173-a758-48140e37d2f1 ] Request (ServerRescueTestJSONUnderV235:test_rescued_vm_associate_dissociate_floating_ip): 200 POST http://10.180.1.21/compute/v2.1/os-floating-ips 1.796s
2025-03-06 07:34:14.816 69174 INFO tempest.lib.common.rest_client [req-553bb93b-ae30-466a-94e4-12222698e973 req-553bb93b-ae30-466a-94e4-12222698e973 ] Request (FlavorsAdminTestJSON:_run_cleanups): 202 DELETE http://10.180.1.21/compute/v2.1/flavors/313022902 1.421s
2025-03-06 07:34:14.943 69162 INFO tempest.lib.common.rest_client [req-80f337af-03c8-45b5-9095-fb34b316c145 req-80f337af-03c8-45b5-9095-fb34b316c145 ] Request (ImagesTestJSON:test_create_image_from_suspended_server): 202 POST http://10.180.1.21/compute/v2.1/servers 1.572s
2025-03-06 07:34:15.015 69168 INFO tempest.lib.common.rest_client [req-65b1eefe-5504-45af-a7f4-d6a2a82c8b95 req-65b1eefe-5504-45af-a7f4-d6a2a82c8b95 ] Request (SecurityGroupRulesNegativeTestJSON:tearDownClass): 202 DELETE http://10.180.1.21/compute/v2.1/os-security-groups/2cfd14c1-4c95-42bc-8868-91de981f4aa2 1.501s
2025-03-06 07:34:15.124 69156 INFO tempest.lib.common.rest_client [req-7eb77ac3-fbf2-43dd-9cb8-5d7955ff30c1 req-7eb77ac3-fbf2-43dd-9cb8-5d7955ff30c1 ] Request (MultipleCreateTestJSON:_run_cleanups): 204 DELETE http://10.180.1.21/compute/v2.1/servers/f84553d4-7d80-4fae-98ad-9bdeb46fe8b0 1.335s
2025-03-06 07:34:15.204 69170 INFO tempest.lib.common.rest_client [req-911e9e48-91f0-4543-b50d-4c9b2b0c721d req-911e9e48-91f0-4543-b50d-4c9b2b0c721d ] Request (AttachInterfacesV270Test:test_create_get_list_interfaces): 200 GET http://10.180.1.21/compute/v2.1/servers/bf363a72-ef3d-44c9-b578-08dfa0753f98 1.399s
2025-03-06 07:34:15.242 69138 INFO tempest.lib.common.rest_client [req-2a20b822-c1eb-432d-8e02-51312fe1acf6 req-2a20b822-c1eb-432d-8e02-51312fe1acf6 ] Request (FloatingIPDetailsNegativeTestJSON:tearDownClass): 204 DELETE http://10.180.1.21:9696/networking/v2.0/routers/a1a69b4d-b048-43e6-bc7d-0134d189ffee 0.643s
2025-03-06 07:34:15.260 69150 INFO tempest.lib.common.rest_client [req-9809034f-2406-495c-9a46-4a5c5755620a req-9809034f-2406-495c-9a46-4a5c5755620a ] Request (SecurityGroupRulesTestJSON:test_security_group_rules_delete_when_peer_group_deleted): 200 POST http://10.180.1.21/compute/v2.1/os-security-groups 1.590s
2025-03-06 07:34:15.337 69152 INFO tempest.lib.common.rest_client [req-09560129-90a0-46bc-a565-f2fdbee1c31f req-09560129-90a0-46bc-a565-f2fdbee1c31f ] Request (AZAdminNegativeTestJSON:test_get_availability_zone_list_detail_with_non_admin_user): 403 GET http://10.180.1.21/compute/v2.1/os-availability-zone/detail 1.222s
2025-03-06 07:34:15.394 69172 INFO tempest.lib.common.rest_client [req-f57b4e74-4f36-4b7b-8a3f-d068ff9306a8 req-f57b4e74-4f36-4b7b-8a3f-d068ff9306a8 ] Request (FloatingIPsAssociationNegativeTestJSON:setUpClass): 200 GET http://10.180.1.21/compute/v2.1/servers/b9061756-8344-441b-b1f2-5724e8566e98 1.188s
2025-03-06 07:34:15.453 69152 INFO tempest.lib.common.rest_client [req-9d519475-ac6d-402e-bce0-8a6467b4be37 req-9d519475-ac6d-402e-bce0-8a6467b4be37 ] Request (AZAdminNegativeTestJSON:tearDownClass): 204 DELETE http://10.180.1.21/identity/v3/users/1a170d3cfe9d4c3e89110bfcce1ef5c7 0.114s
2025-03-06 07:34:15.476 69160 INFO tempest.lib.common.rest_client [req-742cba8d-8d83-4943-b174-559c16333e49 req-742cba8d-8d83-4943-b174-559c16333e49 ] Request (TenantUsagesTestJSON:tearDownClass): 200 GET http://10.180.1.21/compute/v2.1/servers/e2be90b1-394a-4add-8135-7789857dcec1 1.112s
2025-03-06 07:34:15.562 69166 INFO tempest.lib.common.rest_client [req-20b40a61-9996-4384-8742-4132d8a3583c req-20b40a61-9996-4384-8742-4132d8a3583c ] Request (FloatingIPsAssociationTestJSON:setUpClass): 200 GET http://10.180.1.21/compute/v2.1/servers/b268e90c-94cd-4b2f-8f26-f006f35542ee 1.149s
2025-03-06 07:34:15.569 69152 INFO tempest.lib.common.rest_client [req-a491605c-82ed-43a1-8fdf-fbd50971666c req-a491605c-82ed-43a1-8fdf-fbd50971666c ] Request (AZAdminNegativeTestJSON:tearDownClass): 204 DELETE http://10.180.1.21/identity/v3/users/140e43777bee48d1b1fecca22c1b5950 0.116s
2025-03-06 07:34:15.570 69152 INFO tempest.lib.common.dynamic_creds [-] Deleting project and security group for project: 309eeb6593484ec5b51bda58f4f5f288
2025-03-06 07:34:15.570 69130 INFO tempest.lib.common.rest_client [req-6aaee572-5669-4b3d-b516-a0b8a71a6215 req-6aaee572-5669-4b3d-b516-a0b8a71a6215 ] Request (AttachInterfacesUnderV243Test:test_add_remove_fixed_ip): 200 GET http://10.180.1.21/compute/v2.1/servers/ebe265d5-d05d-48f6-a05a-5e79189d63a3 1.348s
2025-03-06 07:34:15.575 69166 INFO tempest.common.waiters [-] State transition "BUILD/None" ==> "BUILD/networking" after 23 second wait
2025-03-06 07:34:15.591 69138 INFO tempest.lib.common.rest_client [req-e9518cfa-f663-48bb-97ce-519d9f433394 req-e9518cfa-f663-48bb-97ce-519d9f433394 ] Request (FloatingIPDetailsNegativeTestJSON:tearDownClass): 204 DELETE http://10.180.1.21:9696/networking/v2.0/subnets/5cfed290-29c1-40e4-80ba-d9930eb8378a 0.349s
2025-03-06 07:34:15.602 69176 INFO tempest.lib.common.rest_client [req-341cb0bd-ac77-427b-8a21-2feee21ff88f req-341cb0bd-ac77-427b-8a21-2feee21ff88f ] Request (KeyPairsV22TestJSON:test_keypair_create_with_pub_key): 201 POST http://10.180.1.21/compute/v2.1/os-keypairs 1.083s
2025-03-06 07:34:15.646 69152 INFO tempest.lib.common.rest_client [req-ce7ac84e-aa2d-45cc-851a-0c57d9c127cc req-ce7ac84e-aa2d-45cc-851a-0c57d9c127cc ] Request (AZAdminNegativeTestJSON:tearDownClass): 201 POST http://10.180.1.21/identity/v3/auth/tokens 0.076s
2025-03-06 07:34:15.680 69178 INFO tempest.lib.common.rest_client [req-d1d7da71-701b-49d3-98e3-c761e17333ae req-d1d7da71-701b-49d3-98e3-c761e17333ae ] Request (ServerDiagnosticsTest:tearDownClass): 200 GET http://10.180.1.21/compute/v2.1/servers/c9025454-e87b-4bfa-8b8d-4951d2085250 0.930s
2025-03-06 07:34:15.745 69126 INFO tempest.lib.common.rest_client [req-32e3861a-c29a-4eae-aad1-4c111a6437a6 req-32e3861a-c29a-4eae-aad1-4c111a6437a6 ] Request (ServersAdminNegativeTestJSON:test_migrate_server_invalid_state): 200 GET http://10.180.1.21/compute/v2.1/servers/5d7ca2c0-0656-428c-8f29-cdd6adc0b90b 0.930s
2025-03-06 07:34:15.778 69174 INFO tempest.lib.common.rest_client [req-f62d3910-a383-4d43-9b99-82c3b49a0e4d req-f62d3910-a383-4d43-9b99-82c3b49a0e4d ] Request (FlavorsAdminTestJSON:_run_cleanups): 200 GET http://10.180.1.21/compute/v2.1/flavors/detail 0.962s
2025-03-06 07:34:15.846 69180 INFO tempest.lib.common.rest_client [req-5ead1a47-e130-44ae-949b-66de4c8e71d9 req-5ead1a47-e130-44ae-949b-66de4c8e71d9 ] Request (AttachVolumeTestJSON:test_attach_detach_volume): 200 GET http://10.180.1.21/compute/v2.1/servers/50e88850-968f-472b-9921-bbf973b475bc 0.968s
2025-03-06 07:34:15.863 69138 INFO tempest.lib.common.rest_client [req-d613909b-5e46-4adf-acf1-1a657706ad9b req-d613909b-5e46-4adf-acf1-1a657706ad9b ] Request (FloatingIPDetailsNegativeTestJSON:tearDownClass): 204 DELETE http://10.180.1.21:9696/networking/v2.0/networks/2938ccfb-b5af-4793-aa08-ceb249a4645a 0.270s
2025-03-06 07:34:15.910 69136 INFO tempest.lib.common.rest_client [req-469eeb5d-5bf3-4f02-a590-1117d33b9592 req-469eeb5d-5bf3-4f02-a590-1117d33b9592 ] Request (ListServerFiltersTestJSON:setUpClass): 200 GET http://10.180.1.21/compute/v2.1/servers/14a869ca-d93c-4dd9-964c-cfb14b40f069 1.015s
2025-03-06 07:34:15.943 69152 INFO tempest.lib.common.rest_client [req-058e6548-dfab-4bb1-acf6-d85a729773b3 req-058e6548-dfab-4bb1-acf6-d85a729773b3 ] Request (AZAdminNegativeTestJSON:tearDownClass): 200 GET http://10.180.1.21:9696/networking/v2.0/security-groups?tenant_id=309eeb6593484ec5b51bda58f4f5f288&name=default 0.297s
2025-03-06 07:34:15.984 69138 INFO tempest.lib.common.rest_client [req-7f6c2c47-3462-4b69-8db1-0e92889a5ef0 req-7f6c2c47-3462-4b69-8db1-0e92889a5ef0 ] Request (FloatingIPDetailsNegativeTestJSON:tearDownClass): 204 DELETE http://10.180.1.21/identity/v3/users/cb95181889154a1da09eb39197c35273 0.120s
2025-03-06 07:34:15.984 69138 INFO tempest.lib.common.dynamic_creds [-] Deleting project and security group for project: 9da99d797e9c46ca8f00193d01645112
2025-03-06 07:34:15.994 69134 INFO tempest.lib.common.rest_client [req-0031145b-7df7-423f-9370-b50dc4d9d11b req-0031145b-7df7-423f-9370-b50dc4d9d11b ] Request (ServersTestBootFromVolume:setUpClass): 200 GET http://10.180.1.21/compute/v2.1/servers/8acdd624-55ab-4569-a65b-7484c93cdd18 1.055s
2025-03-06 07:34:16.047 69138 INFO tempest.lib.common.rest_client [req-e8258502-678a-44e1-8bba-bedc359d217d req-e8258502-678a-44e1-8bba-bedc359d217d ] Request (FloatingIPDetailsNegativeTestJSON:tearDownClass): 200 GET http://10.180.1.21:9696/networking/v2.0/security-groups?tenant_id=9da99d797e9c46ca8f00193d01645112&name=default 0.062s
2025-03-06 07:34:16.082 69162 INFO tempest.lib.common.rest_client [req-cf37fd2c-1cb4-45e7-8739-5e000d8ff17a req-cf37fd2c-1cb4-45e7-8739-5e000d8ff17a ] Request (ImagesTestJSON:test_create_image_from_suspended_server): 200 GET http://10.180.1.21/compute/v2.1/servers/dc5e8fc0-c025-420f-a182-8f5a4718de6c 1.133s
