2025-03-06 07:35:16.563 69170 INFO tempest.lib.common.rest_client [req-a2522e15-de26-4103-9fc0-41f6a8c5234e req-a2522e15-de26-4103-9fc0-41f6a8c5234e ] Request (AttachInterfacesV270Test:test_create_get_list_interfaces): 200 GET http://10.180.1.21/compute/v2.1/servers/bf363a72-ef3d-44c9-b578-08dfa0753f98 0.109s
2025-03-06 07:35:16.625 69180 INFO tempest.lib.common.rest_client [req-0e4910ce-bcb7-4213-9d75-bf339ecf4c1a req-0e4910ce-bcb7-4213-9d75-bf339ecf4c1a ] Request (AttachVolumeTestJSON:test_attach_detach_volume): 200 GET http://10.180.1.21/compute/v2.1/servers/50e88850-968f-472b-9921-bbf973b475bc 0.061s
2025-03-06 07:35:16.767 69140 INFO tempest.lib.common.rest_client [req-ba3fdc77-4e78-4fd6-97c3-8fe457630c58 req-ba3fdc77-4e78-4fd6-97c3-8fe457630c58 ] Request (MigrationsAdminTest:test_list_migrations_in_flavor_resize_situation): 200 GET http://10.180.1.21/compute/v2.1/servers/66fa0a66-f5ea-4ab9-805e-ac58950219fd 0.102s
2025-03-06 07:35:16.774 69140 INFO tempest.common.waiters [-] State transition "BUILD/spawning" ==> "ACTIVE/None" after 70 second wait
2025-03-06 07:35:16.781 69144 INFO tempest.lib.common.rest_client [req-5c57ccea-0121-4568-bc45-f36cb9f0008b req-5c57ccea-0121-4568-bc45-f36cb9f0008b ] Request (AttachInterfacesTestJSON:test_create_list_show_delete_interfaces_by_fixed_ip): 200 GET http://10.180.1.21/compute/v2.1/servers/e27f0e5f-dd73-4d56-a714-53589958715e 0.058s
2025-03-06 07:35:16.840 69136 INFO tempest.lib.common.rest_client [req-ba75e596-e541-4011-99f3-8a2b037ec0ca req-ba75e596-e541-4011-99f3-8a2b037ec0ca ] Request (ListServerFiltersTestJSON:tearDownClass): 200 GET http://10.180.1.21/compute/v2.1/servers/14a869ca-d93c-4dd9-964c-cfb14b40f069 0.076s
2025-03-06 07:35:16.893 69160 INFO tempest.lib.common.rest_client [req-fc8377e9-8bed-41f2-a1a7-1f6fe41f46e2 req-fc8377e9-8bed-41f2-a1a7-1f6fe41f46e2 ] Request (SecurityGroupsTestJSON:test_list_security_groups_by_server): 200 GET http://10.180.1.21/compute/v2.1/servers/9ab2a6a4-482e-4b86-8259-e23bebe7198e 0.112s
2025-03-06 07:35:16.957 69162 INFO tempest.lib.common.rest_client [req-c4259158-c63c-469c-bfe4-241468fac588 req-c4259158-c63c-469c-bfe4-241468fac588 ] Request (ImagesTestJSON:test_create_image_from_suspended_server): 200 GET http://10.180.1.21/compute/v2.1/servers/dc5e8fc0-c025-420f-a182-8f5a4718de6c 0.132s
2025-03-06 07:35:16.963 69140 INFO tempest.lib.common.rest_client [req-f872afdc-9af4-4533-940e-e6eb55bda9cb req-f872afdc-9af4-4533-940e-e6eb55bda9cb ] Request (MigrationsAdminTest:test_list_migrations_in_flavor_resize_situation): 202 POST http://10.180.1.21/compute/v2.1/servers/66fa0a66-f5ea-4ab9-805e-ac58950219fd/action 0.189s
2025-03-06 07:35:17.012 69132 INFO tempest.lib.common.rest_client [req-0ba763e6-3292-4f67-845c-44676c2b897b req-0ba763e6-3292-4f67-845c-44676c2b897b ] Request (InstanceActionsNegativeTestJSON:tearDownClass): 200 GET http://10.180.1.21/compute/v2.1/servers/ce162796-7bf4-4602-b93d-0f91c636e411 0.109s
2025-03-06 07:35:17.064 69174 INFO tempest.lib.common.rest_client [req-1198b3a1-6885-4926-9e7f-4b89fb7270e8 req-1198b3a1-6885-4926-9e7f-4b89fb7270e8 ] Request (ServerExternalEventsTest:test_create_server_external_events): 200 GET http://10.180.1.21/compute/v2.1/servers/5bc87656-795b-487d-a72f-4d0c4a717655 0.107s
2025-03-06 07:35:17.080 69134 WARNING tempest.lib.common.ssh [-] Failed to establish authenticated ssh connection to cirros@10.180.180.171 ([Errno None] Unable to connect to port 22 on 10.180.180.171). Number attempts: 3. Retry after 4 seconds.: paramiko.ssh_exception.NoValidConnectionsError: [Errno None] Unable to connect to port 22 on 10.180.180.171
2025-03-06 07:35:17.082 69146 INFO tempest.lib.common.rest_client [req-4f7e3269-0c8f-4770-b630-e7c696726964 req-4f7e3269-0c8f-4770-b630-e7c696726964 ] Request (DeleteServersAdminTestJSON:test_delete_server_while_in_error_state): 200 GET http://10.180.1.21/compute/v2.1/servers/ceb07909-a135-479b-8480-00b8aa6575d2 0.127s
2025-03-06 07:35:17.150 69172 INFO tempest.lib.common.rest_client [req-d73d880b-8184-448c-80db-0fbcec7fbf8d req-d73d880b-8184-448c-80db-0fbcec7fbf8d ] Request (ServerActionsTestOtherA:setUpClass): 200 GET http://10.180.1.21/compute/v2.1/servers/0a18db03-13aa-45ae-9419-9e5f9b7ab882 0.148s
2025-03-06 07:35:17.160 69140 INFO tempest.lib.common.rest_client [req-0aae5e46-de08-4e36-a45b-537a64818c0b req-0aae5e46-de08-4e36-a45b-537a64818c0b ] Request (MigrationsAdminTest:test_list_migrations_in_flavor_resize_situation): 200 GET http://10.180.1.21/compute/v2.1/servers/66fa0a66-f5ea-4ab9-805e-ac58950219fd 0.196s
2025-03-06 07:35:17.199 69158 INFO tempest.lib.common.rest_client [req-b3ac4dc0-0b7e-4a69-96cb-de4e51610960 req-b3ac4dc0-0b7e-4a69-96cb-de4e51610960 ] Request (ServerAddressesTestJSON:tearDownClass): 200 GET http://10.180.1.21/compute/v2.1/servers/5c2f0de4-620b-40f8-b4ab-cad2c4cb3ebe 0.165s
2025-03-06 07:35:17.220 69120 INFO tempest.lib.common.rest_client [req-d8e5e410-aa26-4317-9ab5-5d9fb6ab44dd req-d8e5e410-aa26-4317-9ab5-5d9fb6ab44dd ] Request (ServerShowV254Test:tearDownClass): 200 GET http://10.180.1.21/compute/v2.1/servers/c3b6bea7-cbb0-459d-8096-8839bae26ad1 0.151s
2025-03-06 07:35:17.249 69150 INFO tempest.lib.common.rest_client [req-7ec98be6-6c36-4237-8ec5-07cde4d02ad0 req-7ec98be6-6c36-4237-8ec5-07cde4d02ad0 ] Request (AttachVolumeNegativeTest:test_attach_attached_volume_to_different_server): 200 GET http://10.180.1.21/compute/v2.1/servers/0da19fe3-b125-411e-9dc5-9c980487deed 0.165s
2025-03-06 07:35:17.273 69168 INFO tempest.lib.common.rest_client [req-f2825d8d-9665-42dc-aade-d6c0e529b541 req-f2825d8d-9665-42dc-aade-d6c0e529b541 ] Request (ServerShowV257Test:test_rebuild_server): 200 GET http://10.180.1.21/compute/v2.1/servers/2517392e-ffb6-4fc1-b38d-cef8cfe0059e 0.154s
2025-03-06 07:35:17.312 69152 INFO tempest.lib.common.rest_client [req-7a5f7aaf-d7fa-40c5-8d6e-b5d6e61a0e32 req-7a5f7aaf-d7fa-40c5-8d6e-b5d6e61a0e32 ] Request (ServersAdmin275Test:test_rebuild_update_server_275): 200 GET http://10.180.1.21/compute/v2.1/servers/93919c14-aa9d-4d30-82ff-fa00d3e60b0d 0.134s
2025-03-06 07:35:17.321 69164 INFO tempest.lib.common.rest_client [req-9eb336d6-3103-4658-9649-30c430ec1a13 req-9eb336d6-3103-4658-9649-30c430ec1a13 ] Request (ServersAdminTestJSON:test_inject_network_info): 200 GET http://10.180.1.21/compute/v2.1/servers/71dd1641-baab-49cb-aafe-3a3083aea97a 0.108s
2025-03-06 07:35:17.367 69156 INFO tempest.lib.common.rest_client [req-d8c8e139-8ddc-487e-be5d-907d0b14e043 req-d8c8e139-8ddc-487e-be5d-907d0b14e043 ] Request (MultipleCreateTestJSON:test_multiple_create_with_reservation_return): 200 GET http://10.180.1.21/compute/v2.1/servers/53853d15-72c7-455a-a049-3f827b8113ad 0.137s
2025-03-06 07:35:17.380 69138 INFO tempest.lib.common.rest_client [req-78a7f60f-5544-4904-9544-c1e183361f69 req-78a7f60f-5544-4904-9544-c1e183361f69 ] Request (ServersTestFqdnHostnames:test_create_server_with_fqdn_name): 200 GET http://10.180.1.21/compute/v2.1/servers/8228be33-050d-4880-96b0-eb6734592837 0.120s
2025-03-06 07:35:17.429 69142 INFO tempest.lib.common.rest_client [req-eae6f5ea-88bf-498f-9f6f-03f3b5b15438 req-eae6f5ea-88bf-498f-9f6f-03f3b5b15438 ] Request (ImagesOneServerNegativeTestJSON:_run_cleanups): 200 GET http://10.180.1.21/compute/v2.1/servers/79e3c13d-7711-4db4-bdf0-1ba78f6335d7 0.138s
2025-03-06 07:35:17.469 69126 INFO tempest.lib.common.rest_client [req-a8f5a20b-150e-43ac-9c14-c0de21820bf2 req-a8f5a20b-150e-43ac-9c14-c0de21820bf2 ] Request (ServersAdminNegativeTestJSON:tearDownClass): 200 GET http://10.180.1.21/compute/v2.1/servers/f19157c4-a8f7-4e71-842e-1b593907fce1 0.121s
2025-03-06 07:35:17.516 69178 INFO tempest.lib.common.rest_client [req-403d25b9-20b4-4da4-94fc-cc5f8a35c0e1 req-403d25b9-20b4-4da4-94fc-cc5f8a35c0e1 ] Request (VolumesAdminNegativeTest:test_update_attached_volume_with_nonexistent_volume_in_body): 200 GET http://10.180.1.21/compute/v2.1/servers/65aeee3f-d2bd-4f7f-b616-1f24083f4a5f 0.119s
2025-03-06 07:35:17.531 69148 INFO tempest.lib.common.rest_client [req-b0b8cbb4-f402-46cc-87d8-9c781934ea51 req-b0b8cbb4-f402-46cc-87d8-9c781934ea51 ] Request (ServerDiskConfigTestJSON:test_rebuild_server_with_manual_disk_config): 200 GET http://10.180.1.21/compute/v2.1/servers/6bd99dff-d8ff-4bd1-b9df-f97fc3fc7a2e 0.134s
2025-03-06 07:35:17.561 69166 INFO tempest.lib.common.rest_client [req-1cdb5e6f-ae2b-429c-aa78-2a0951cef592 req-1cdb5e6f-ae2b-429c-aa78-2a0951cef592 ] Request (FloatingIPsAssociationTestJSON:test_associate_already_associated_floating_ip): 200 GET http://10.180.1.21/compute/v2.1/servers/07b895ce-6399-4cc4-9154-97a6449ef6b3 0.120s
2025-03-06 07:35:17.662 69170 INFO tempest.lib.common.rest_client [req-e5c08bcf-efa1-40eb-93d3-5a867edc21ea req-e5c08bcf-efa1-40eb-93d3-5a867edc21ea ] Request (AttachInterfacesV270Test:test_create_get_list_interfaces): 200 GET http://10.180.1.21/compute/v2.1/servers/bf363a72-ef3d-44c9-b578-08dfa0753f98 0.089s
2025-03-06 07:35:17.688 69180 INFO tempest.lib.common.rest_client [req-47072245-e393-4c2b-ba25-ba55e1835c03 req-47072245-e393-4c2b-ba25-ba55e1835c03 ] Request (AttachVolumeTestJSON:test_attach_detach_volume): 200 GET http://10.180.1.21/compute/v2.1/servers/50e88850-968f-472b-9921-bbf973b475bc 0.051s
2025-03-06 07:35:17.848 69144 INFO tempest.lib.common.rest_client [req-e4ec0c0c-de7d-48a9-af5d-2e4bd73fbb59 req-e4ec0c0c-de7d-48a9-af5d-2e4bd73fbb59 ] Request (AttachInterfacesTestJSON:test_create_list_show_delete_interfaces_by_fixed_ip): 200 GET http://10.180.1.21/compute/v2.1/servers/e27f0e5f-dd73-4d56-a714-53589958715e 0.056s
2025-03-06 07:35:17.855 69144 INFO tempest.common.waiters [-] State transition "BUILD/scheduling" ==> "BUILD/None" after 36 second wait
2025-03-06 07:35:17.925 69136 INFO tempest.lib.common.rest_client [req-4842decf-6ea6-4ffd-a207-1ecc700b9a5a req-4842decf-6ea6-4ffd-a207-1ecc700b9a5a ] Request (ListServerFiltersTestJSON:tearDownClass): 200 GET http://10.180.1.21/compute/v2.1/servers/14a869ca-d93c-4dd9-964c-cfb14b40f069 0.072s
2025-03-06 07:35:17.957 69160 INFO tempest.lib.common.rest_client [req-03ba940f-a010-4e6a-9904-ba05a85fd9ae req-03ba940f-a010-4e6a-9904-ba05a85fd9ae ] Request (SecurityGroupsTestJSON:test_list_security_groups_by_server): 200 GET http://10.180.1.21/compute/v2.1/servers/9ab2a6a4-482e-4b86-8259-e23bebe7198e 0.053s
2025-03-06 07:35:18.048 69162 INFO tempest.lib.common.rest_client [req-b28aa1ea-ebfa-4415-a239-b855ed4f2fd7 req-b28aa1ea-ebfa-4415-a239-b855ed4f2fd7 ] Request (ImagesTestJSON:test_create_image_from_suspended_server): 200 GET http://10.180.1.21/compute/v2.1/servers/dc5e8fc0-c025-420f-a182-8f5a4718de6c 0.078s
2025-03-06 07:35:18.076 69124 WARNING tempest.lib.common.ssh [-] Failed to establish authenticated ssh connection to cirros@10.180.180.181 ([Errno None] Unable to connect to port 22 on 10.180.180.181). Number attempts: 8. Retry after 9 seconds.: paramiko.ssh_exception.NoValidConnectionsError: [Errno None] Unable to connect to port 22 on 10.180.180.181
2025-03-06 07:35:18.089 69132 INFO tempest.lib.common.rest_client [req-5e5702d2-afb9-4269-929f-87f85850a11f req-5e5702d2-afb9-4269-929f-87f85850a11f ] Request (InstanceActionsNegativeTestJSON:tearDownClass): 200 GET http://10.180.1.21/compute/v2.1/servers/ce162796-7bf4-4602-b93d-0f91c636e411 0.070s
2025-03-06 07:35:18.144 69174 INFO tempest.lib.common.rest_client [req-dc120ef3-f8f7-4d6a-aacc-900fda72febb req-dc120ef3-f8f7-4d6a-aacc-900fda72febb ] Request (ServerExternalEventsTest:test_create_server_external_events): 200 GET http://10.180.1.21/compute/v2.1/servers/5bc87656-795b-487d-a72f-4d0c4a717655 0.070s
2025-03-06 07:35:18.222 69146 INFO tempest.lib.common.rest_client [req-dd9eabbd-cf2a-4c67-80b2-9569bcf202fd req-dd9eabbd-cf2a-4c67-80b2-9569bcf202fd ] Request (DeleteServersAdminTestJSON:test_delete_server_while_in_error_state): 200 GET http://10.180.1.21/compute/v2.1/servers/ceb07909-a135-479b-8480-00b8aa6575d2 0.129s
2025-03-06 07:35:18.335 69140 INFO tempest.lib.common.rest_client [req-31d55186-c692-488e-bd9b-677c22688f32 req-31d55186-c692-488e-bd9b-677c22688f32 ] Request (MigrationsAdminTest:test_list_migrations_in_flavor_resize_situation): 200 GET http://10.180.1.21/compute/v2.1/servers/66fa0a66-f5ea-4ab9-805e-ac58950219fd 0.165s
2025-03-06 07:35:18.407 69158 INFO tempest.lib.common.rest_client [req-31c1a532-5e91-42ee-b9f7-15f9fbce0c16 req-31c1a532-5e91-42ee-b9f7-15f9fbce0c16 ] Request (ServerAddressesTestJSON:tearDownClass): 200 GET http://10.180.1.21/compute/v2.1/servers/5c2f0de4-620b-40f8-b4ab-cad2c4cb3ebe 0.195s
2025-03-06 07:35:18.434 69122 WARNING tempest.lib.common.ssh [-] Failed to establish authenticated ssh connection to cirros@10.180.180.168 ([Errno None] Unable to connect to port 22 on 10.180.180.168). Number attempts: 9. Retry after 10 seconds.: paramiko.ssh_exception.NoValidConnectionsError: [Errno None] Unable to connect to port 22 on 10.180.180.168
2025-03-06 07:35:18.488 69120 INFO tempest.lib.common.rest_client [req-4973e330-cda5-410a-81a5-48a17fa55e44 req-4973e330-cda5-410a-81a5-48a17fa55e44 ] Request (ServerShowV254Test:tearDownClass): 200 GET http://10.180.1.21/compute/v2.1/servers/c3b6bea7-cbb0-459d-8096-8839bae26ad1 0.249s
2025-03-06 07:35:18.498 69172 INFO tempest.lib.common.rest_client [req-554f27f6-4c69-4e62-8f35-952e5cfd2abb req-554f27f6-4c69-4e62-8f35-952e5cfd2abb ] Request (ServerActionsTestOtherA:setUpClass): 200 GET http://10.180.1.21/compute/v2.1/servers/0a18db03-13aa-45ae-9419-9e5f9b7ab882 0.337s
2025-03-06 07:35:18.551 69168 INFO tempest.lib.common.rest_client [req-ccc7059d-da1b-41c2-962c-df0e1c7adf0c req-ccc7059d-da1b-41c2-962c-df0e1c7adf0c ] Request (ServerShowV257Test:test_rebuild_server): 200 GET http://10.180.1.21/compute/v2.1/servers/2517392e-ffb6-4fc1-b38d-cef8cfe0059e 0.266s
2025-03-06 07:35:18.552 69150 INFO tempest.lib.common.rest_client [req-6bdd6181-8452-4cae-a067-a15378924831 req-6bdd6181-8452-4cae-a067-a15378924831 ] Request (AttachVolumeNegativeTest:test_attach_attached_volume_to_different_server): 200 GET http://10.180.1.21/compute/v2.1/servers/0da19fe3-b125-411e-9dc5-9c980487deed 0.289s
2025-03-06 07:35:18.604 69164 INFO tempest.lib.common.rest_client [req-f4b2960b-e357-46bf-bfec-c3e21e10645c req-f4b2960b-e357-46bf-bfec-c3e21e10645c ] Request (ServersAdminTestJSON:test_inject_network_info): 200 GET http://10.180.1.21/compute/v2.1/servers/71dd1641-baab-49cb-aafe-3a3083aea97a 0.271s
2025-03-06 07:35:18.607 69152 INFO tempest.lib.common.rest_client [req-220fa237-eb31-4d06-ad75-6a3f6635bd8e req-220fa237-eb31-4d06-ad75-6a3f6635bd8e ] Request (ServersAdmin275Test:test_rebuild_update_server_275): 200 GET http://10.180.1.21/compute/v2.1/servers/93919c14-aa9d-4d30-82ff-fa00d3e60b0d 0.280s
2025-03-06 07:35:18.652 69156 INFO tempest.lib.common.rest_client [req-6f5fb7fe-2a0d-451a-8ac3-4b71c7d55dd3 req-6f5fb7fe-2a0d-451a-8ac3-4b71c7d55dd3 ] Request (MultipleCreateTestJSON:test_multiple_create_with_reservation_return): 200 GET http://10.180.1.21/compute/v2.1/servers/53853d15-72c7-455a-a049-3f827b8113ad 0.276s
2025-03-06 07:35:18.653 69138 INFO tempest.lib.common.rest_client [req-7c0d4582-ae50-4814-8021-d827e67afb90 req-7c0d4582-ae50-4814-8021-d827e67afb90 ] Request (ServersTestFqdnHostnames:test_create_server_with_fqdn_name): 200 GET http://10.180.1.21/compute/v2.1/servers/8228be33-050d-4880-96b0-eb6734592837 0.261s
2025-03-06 07:35:18.704 69142 INFO tempest.lib.common.rest_client [req-74a28042-15db-4a15-abc4-0b1e3353ac5a req-74a28042-15db-4a15-abc4-0b1e3353ac5a ] Request (ImagesOneServerNegativeTestJSON:_run_cleanups): 200 GET http://10.180.1.21/compute/v2.1/servers/79e3c13d-7711-4db4-bdf0-1ba78f6335d7 0.268s
2025-03-06 07:35:18.722 69126 INFO tempest.lib.common.rest_client [req-520929ee-ec04-4b6c-8908-2c9f3fd17bd5 req-520929ee-ec04-4b6c-8908-2c9f3fd17bd5 ] Request (ServersAdminNegativeTestJSON:tearDownClass): 200 GET http://10.180.1.21/compute/v2.1/servers/f19157c4-a8f7-4e71-842e-1b593907fce1 0.244s
2025-03-06 07:35:18.748 69178 INFO tempest.lib.common.rest_client [req-6194a130-d61a-4fc1-a2e4-eb6d571e22f9 req-6194a130-d61a-4fc1-a2e4-eb6d571e22f9 ] Request (VolumesAdminNegativeTest:test_update_attached_volume_with_nonexistent_volume_in_body): 200 GET http://10.180.1.21/compute/v2.1/servers/65aeee3f-d2bd-4f7f-b616-1f24083f4a5f 0.225s
2025-03-06 07:35:18.796 69166 INFO tempest.lib.common.rest_client [req-4131b712-853a-4dca-9e8d-fc4ce030a087 req-4131b712-853a-4dca-9e8d-fc4ce030a087 ] Request (FloatingIPsAssociationTestJSON:test_associate_already_associated_floating_ip): 200 GET http://10.180.1.21/compute/v2.1/servers/07b895ce-6399-4cc4-9154-97a6449ef6b3 0.225s
2025-03-06 07:35:18.869 69148 INFO tempest.lib.common.rest_client [req-efdbc732-806b-423e-9018-7e77014fced6 req-efdbc732-806b-423e-9018-7e77014fced6 ] Request (ServerDiskConfigTestJSON:test_rebuild_server_with_manual_disk_config): 200 GET http://10.180.1.21/compute/v2.1/servers/6bd99dff-d8ff-4bd1-b9df-f97fc3fc7a2e 0.331s
2025-03-06 07:35:18.890 69170 INFO tempest.lib.common.rest_client [req-3059560a-703a-4038-b92b-b9ac6aded13b req-3059560a-703a-4038-b92b-b9ac6aded13b ] Request (AttachInterfacesV270Test:test_create_get_list_interfaces): 200 GET http://10.180.1.21/compute/v2.1/servers/bf363a72-ef3d-44c9-b578-08dfa0753f98 0.216s
2025-03-06 07:35:18.929 69180 INFO tempest.lib.common.rest_client [req-4ce41269-357f-4a13-b53e-8764b1adadb2 req-4ce41269-357f-4a13-b53e-8764b1adadb2 ] Request (AttachVolumeTestJSON:test_attach_detach_volume): 200 GET http://10.180.1.21/compute/v2.1/servers/50e88850-968f-472b-9921-bbf973b475bc 0.233s
2025-03-06 07:35:18.939 69180 INFO tempest.common.waiters [-] State transition "BUILD/None" ==> "BUILD/networking" after 65 second wait
2025-03-06 07:35:18.950 69144 INFO tempest.lib.common.rest_client [req-a3b68384-dadd-4858-9e9b-0d5671979910 req-a3b68384-dadd-4858-9e9b-0d5671979910 ] Request (AttachInterfacesTestJSON:test_create_list_show_delete_interfaces_by_fixed_ip): 200 GET http://10.180.1.21/compute/v2.1/servers/e27f0e5f-dd73-4d56-a714-53589958715e 0.093s
2025-03-06 07:35:19.014 69136 INFO tempest.lib.common.rest_client [req-8eb3b4e2-5f73-4ac5-aaf6-25ae930be726 req-8eb3b4e2-5f73-4ac5-aaf6-25ae930be726 ] Request (ListServerFiltersTestJSON:tearDownClass): 200 GET http://10.180.1.21/compute/v2.1/servers/14a869ca-d93c-4dd9-964c-cfb14b40f069 0.081s
2025-03-06 07:35:19.028 69160 INFO tempest.lib.common.rest_client [req-de9b5f85-f240-4d3d-be94-9e2ca8b75d72 req-de9b5f85-f240-4d3d-be94-9e2ca8b75d72 ] Request (SecurityGroupsTestJSON:test_list_security_groups_by_server): 200 GET http://10.180.1.21/compute/v2.1/servers/9ab2a6a4-482e-4b86-8259-e23bebe7198e 0.063s
2025-03-06 07:35:19.120 69162 INFO tempest.lib.common.rest_client [req-e7d04d32-4baa-490c-81fd-b8a454f82f6d req-e7d04d32-4baa-490c-81fd-b8a454f82f6d ] Request (ImagesTestJSON:test_create_image_from_suspended_server): 200 GET http://10.180.1.21/compute/v2.1/servers/dc5e8fc0-c025-420f-a182-8f5a4718de6c 0.063s
2025-03-06 07:35:19.169 69132 INFO tempest.lib.common.rest_client [req-c45d5302-58bd-4515-9c50-45aa4f443ae9 req-c45d5302-58bd-4515-9c50-45aa4f443ae9 ] Request (InstanceActionsNegativeTestJSON:tearDownClass): 200 GET http://10.180.1.21/compute/v2.1/servers/ce162796-7bf4-4602-b93d-0f91c636e411 0.070s
2025-03-06 07:35:19.205 69174 INFO tempest.lib.common.rest_client [req-14e1c0dd-938f-4d02-8f7d-efcacc35514c req-14e1c0dd-938f-4d02-8f7d-efcacc35514c ] Request (ServerExternalEventsTest:test_create_server_external_events): 200 GET http://10.180.1.21/compute/v2.1/servers/5bc87656-795b-487d-a72f-4d0c4a717655 0.053s
2025-03-06 07:35:19.284 69146 INFO tempest.lib.common.rest_client [req-59315eaa-3725-4a2f-946f-860cc7992017 req-59315eaa-3725-4a2f-946f-860cc7992017 ] Request (DeleteServersAdminTestJSON:test_delete_server_while_in_error_state): 200 GET http://10.180.1.21/compute/v2.1/servers/ceb07909-a135-479b-8480-00b8aa6575d2 0.053s
2025-03-06 07:35:19.435 69140 INFO tempest.lib.common.rest_client [req-c9b0fe1d-73f8-4d35-adf0-4927e90ae1fd req-c9b0fe1d-73f8-4d35-adf0-4927e90ae1fd ] Request (MigrationsAdminTest:test_list_migrations_in_flavor_resize_situation): 200 GET http://10.180.1.21/compute/v2.1/servers/66fa0a66-f5ea-4ab9-805e-ac58950219fd 0.091s
2025-03-06 07:35:19.474 69158 INFO tempest.lib.common.rest_client [req-954219ab-1347-40a8-b7a8-363b1898bc4a req-954219ab-1347-40a8-b7a8-363b1898bc4a ] Request (ServerAddressesTestJSON:tearDownClass): 200 GET http://10.180.1.21/compute/v2.1/servers/5c2f0de4-620b-40f8-b4ab-cad2c4cb3ebe 0.057s
2025-03-06 07:35:19.554 69172 INFO tempest.lib.common.rest_client [req-fa4e3f46-abc1-4b0b-af57-3be4a96736bf req-fa4e3f46-abc1-4b0b-af57-3be4a96736bf ] Request (ServerActionsTestOtherA:setUpClass): 200 GET http://10.180.1.21/compute/v2.1/servers/0a18db03-13aa-45ae-9419-9e5f9b7ab882 0.048s
2025-03-06 07:35:19.556 69120 INFO tempest.lib.common.rest_client [req-2e683ede-d702-4953-9e35-28e9170e01bf req-2e683ede-d702-4953-9e35-28e9170e01bf ] Request (ServerShowV254Test:tearDownClass): 200 GET http://10.180.1.21/compute/v2.1/servers/c3b6bea7-cbb0-459d-8096-8839bae26ad1 0.055s
2025-03-06 07:35:19.606 69150 INFO tempest.lib.common.rest_client [req-5049fb99-81ec-4d21-86d5-1bfc655e7cfa req-5049fb99-81ec-4d21-86d5-1bfc655e7cfa ] Request (AttachVolumeNegativeTest:test_attach_attached_volume_to_different_server): 200 GET http://10.180.1.21/compute/v2.1/servers/0da19fe3-b125-411e-9dc5-9c980487deed 0.047s
2025-03-06 07:35:19.610 69168 INFO tempest.lib.common.rest_client [req-cf6db50a-868d-4c00-92e2-01bacc09bfea req-cf6db50a-868d-4c00-92e2-01bacc09bfea ] Request (ServerShowV257Test:test_rebuild_server): 200 GET http://10.180.1.21/compute/v2.1/servers/2517392e-ffb6-4fc1-b38d-cef8cfe0059e 0.048s
2025-03-06 07:35:19.668 69164 INFO tempest.lib.common.rest_client [req-9d21c1fa-e59d-4f34-bb60-625fcfd455b6 req-9d21c1fa-e59d-4f34-bb60-625fcfd455b6 ] Request (ServersAdminTestJSON:test_inject_network_info): 200 GET http://10.180.1.21/compute/v2.1/servers/71dd1641-baab-49cb-aafe-3a3083aea97a 0.048s
2025-03-06 07:35:19.672 69152 INFO tempest.lib.common.rest_client [req-978e0d85-5afd-4f6e-91b6-0ebff0cadaf8 req-978e0d85-5afd-4f6e-91b6-0ebff0cadaf8 ] Request (ServersAdmin275Test:test_rebuild_update_server_275): 200 GET http://10.180.1.21/compute/v2.1/servers/93919c14-aa9d-4d30-82ff-fa00d3e60b0d 0.054s
2025-03-06 07:35:19.714 69156 INFO tempest.lib.common.rest_client [req-61edda63-0be9-49b1-b6ab-02c19805af73 req-61edda63-0be9-49b1-b6ab-02c19805af73 ] Request (MultipleCreateTestJSON:test_multiple_create_with_reservation_return): 200 GET http://10.180.1.21/compute/v2.1/servers/53853d15-72c7-455a-a049-3f827b8113ad 0.054s
2025-03-06 07:35:19.716 69138 INFO tempest.lib.common.rest_client [req-179b8dab-e36c-45a8-80c7-2eaba46649a2 req-179b8dab-e36c-45a8-80c7-2eaba46649a2 ] Request (ServersTestFqdnHostnames:test_create_server_with_fqdn_name): 200 GET http://10.180.1.21/compute/v2.1/servers/8228be33-050d-4880-96b0-eb6734592837 0.054s
2025-03-06 07:35:19.765 69142 INFO tempest.lib.common.rest_client [req-a9f32aff-e535-4356-b5aa-254eb4a43ec4 req-a9f32aff-e535-4356-b5aa-254eb4a43ec4 ] Request (ImagesOneServerNegativeTestJSON:_run_cleanups): 200 GET http://10.180.1.21/compute/v2.1/servers/79e3c13d-7711-4db4-bdf0-1ba78f6335d7 0.052s
2025-03-06 07:35:19.781 69126 INFO tempest.lib.common.rest_client [req-25f8953e-3ed1-4db1-b85e-775e66a0b24b req-25f8953e-3ed1-4db1-b85e-775e66a0b24b ] Request (ServersAdminNegativeTestJSON:tearDownClass): 200 GET http://10.180.1.21/compute/v2.1/servers/f19157c4-a8f7-4e71-842e-1b593907fce1 0.052s
2025-03-06 07:35:19.788 69126 INFO tempest.common.waiters [-] State transition "ACTIVE/deleting" ==> "DELETED/None" after 3 second wait
2025-03-06 07:35:19.811 69178 INFO tempest.lib.common.rest_client [req-9ec7ad0e-4afe-405e-b07a-11127a6a8c77 req-9ec7ad0e-4afe-405e-b07a-11127a6a8c77 ] Request (VolumesAdminNegativeTest:test_update_attached_volume_with_nonexistent_volume_in_body): 200 GET http://10.180.1.21/compute/v2.1/servers/65aeee3f-d2bd-4f7f-b616-1f24083f4a5f 0.054s
2025-03-06 07:35:19.851 69166 INFO tempest.lib.common.rest_client [req-82c9e899-261d-468e-a09e-972fff0f756f req-82c9e899-261d-468e-a09e-972fff0f756f ] Request (FloatingIPsAssociationTestJSON:test_associate_already_associated_floating_ip): 200 GET http://10.180.1.21/compute/v2.1/servers/07b895ce-6399-4cc4-9154-97a6449ef6b3 0.047s
2025-03-06 07:35:19.987 69148 INFO tempest.lib.common.rest_client [req-18463318-e384-4719-8f1c-aded972b64dc req-18463318-e384-4719-8f1c-aded972b64dc ] Request (ServerDiskConfigTestJSON:test_rebuild_server_with_manual_disk_config): 200 GET http://10.180.1.21/compute/v2.1/servers/6bd99dff-d8ff-4bd1-b9df-f97fc3fc7a2e 0.109s
2025-03-06 07:35:20.053 69170 INFO tempest.lib.common.rest_client [req-176c101d-b8b8-4aa7-bf8f-409118963211 req-176c101d-b8b8-4aa7-bf8f-409118963211 ] Request (AttachInterfacesV270Test:test_create_get_list_interfaces): 200 GET http://10.180.1.21/compute/v2.1/servers/bf363a72-ef3d-44c9-b578-08dfa0753f98 0.151s
2025-03-06 07:35:20.100 69144 INFO tempest.lib.common.rest_client [req-5797e1ae-f3f8-4587-874b-ca88906ddcc8 req-5797e1ae-f3f8-4587-874b-ca88906ddcc8 ] Request (AttachInterfacesTestJSON:test_create_list_show_delete_interfaces_by_fixed_ip): 200 GET http://10.180.1.21/compute/v2.1/servers/e27f0e5f-dd73-4d56-a714-53589958715e 0.142s
2025-03-06 07:35:20.104 69180 INFO tempest.lib.common.rest_client [req-d2ccf853-fd85-47f2-a6cb-2094eaca40b1 req-d2ccf853-fd85-47f2-a6cb-2094eaca40b1 ] Request (AttachVolumeTestJSON:test_attach_detach_volume): 200 GET http://10.180.1.21/compute/v2.1/servers/50e88850-968f-472b-9921-bbf973b475bc 0.165s
2025-03-06 07:35:20.111 69180 INFO tempest.common.waiters [-] State transition "BUILD/networking" ==> "BUILD/spawning" after 67 second wait
2025-03-06 07:35:20.151 69160 INFO tempest.lib.common.rest_client [req-0ec33253-4989-4f0f-845a-4491e17460d7 req-0ec33253-4989-4f0f-845a-4491e17460d7 ] Request (SecurityGroupsTestJSON:test_list_security_groups_by_server): 200 GET http://10.180.1.21/compute/v2.1/servers/9ab2a6a4-482e-4b86-8259-e23bebe7198e 0.114s
2025-03-06 07:35:20.155 69136 INFO tempest.lib.common.rest_client [req-8ac8727e-6301-417d-85ce-38e513c4fddc req-8ac8727e-6301-417d-85ce-38e513c4fddc ] Request (ListServerFiltersTestJSON:tearDownClass): 200 GET http://10.180.1.21/compute/v2.1/servers/14a869ca-d93c-4dd9-964c-cfb14b40f069 0.130s
2025-03-06 07:35:20.199 69162 INFO tempest.lib.common.rest_client [req-b7387818-fa9e-4806-b510-ef0e9124e768 req-b7387818-fa9e-4806-b510-ef0e9124e768 ] Request (ImagesTestJSON:test_create_image_from_suspended_server): 200 GET http://10.180.1.21/compute/v2.1/servers/dc5e8fc0-c025-420f-a182-8f5a4718de6c 0.070s
2025-03-06 07:35:20.234 69132 INFO tempest.lib.common.rest_client [req-e3888b83-5637-45e6-aeab-3ee6631e2036 req-e3888b83-5637-45e6-aeab-3ee6631e2036 ] Request (InstanceActionsNegativeTestJSON:tearDownClass): 200 GET http://10.180.1.21/compute/v2.1/servers/ce162796-7bf4-4602-b93d-0f91c636e411 0.054s
2025-03-06 07:35:20.259 69174 INFO tempest.lib.common.rest_client [req-48a59c41-b367-4822-bc6f-0795ab279376 req-48a59c41-b367-4822-bc6f-0795ab279376 ] Request (ServerExternalEventsTest:test_create_server_external_events): 200 GET http://10.180.1.21/compute/v2.1/servers/5bc87656-795b-487d-a72f-4d0c4a717655 0.046s
2025-03-06 07:35:20.352 69146 INFO tempest.lib.common.rest_client [req-b05fbc3d-670a-4ce6-a088-83bb14bc9d57 req-b05fbc3d-670a-4ce6-a088-83bb14bc9d57 ] Request (DeleteServersAdminTestJSON:test_delete_server_while_in_error_state): 200 GET http://10.180.1.21/compute/v2.1/servers/ceb07909-a135-479b-8480-00b8aa6575d2 0.060s
2025-03-06 07:35:20.364 69146 INFO tempest.common.waiters [-] State transition "ERROR/deleting" ==> "DELETED/None" after 5 second wait
2025-03-06 07:35:20.540 69140 INFO tempest.lib.common.rest_client [req-84811ea9-3e7c-4aa4-ba30-c73efef715f6 req-84811ea9-3e7c-4aa4-ba30-c73efef715f6 ] Request (MigrationsAdminTest:test_list_migrations_in_flavor_resize_situation): 200 GET http://10.180.1.21/compute/v2.1/servers/66fa0a66-f5ea-4ab9-805e-ac58950219fd 0.097s
2025-03-06 07:35:20.562 69158 INFO tempest.lib.common.rest_client [req-01b136ba-0b31-458a-a110-13e05d266fe6 req-01b136ba-0b31-458a-a110-13e05d266fe6 ] Request (ServerAddressesTestJSON:tearDownClass): 200 GET http://10.180.1.21/compute/v2.1/servers/5c2f0de4-620b-40f8-b4ab-cad2c4cb3ebe 0.081s
2025-03-06 07:35:20.614 69172 INFO tempest.lib.common.rest_client [req-62617cee-dd8e-43d7-8179-a1808feee597 req-62617cee-dd8e-43d7-8179-a1808feee597 ] Request (ServerActionsTestOtherA:setUpClass): 200 GET http://10.180.1.21/compute/v2.1/servers/0a18db03-13aa-45ae-9419-9e5f9b7ab882 0.051s
2025-03-06 07:35:20.636 69120 INFO tempest.lib.common.rest_client [req-087fc1ff-1222-48a9-b331-381de097796a req-087fc1ff-1222-48a9-b331-381de097796a ] Request (ServerShowV254Test:tearDownClass): 200 GET http://10.180.1.21/compute/v2.1/servers/c3b6bea7-cbb0-459d-8096-8839bae26ad1 0.071s
2025-03-06 07:35:20.666 69150 INFO tempest.lib.common.rest_client [req-e4208acd-e6b0-4730-a72a-97ea0434614f req-e4208acd-e6b0-4730-a72a-97ea0434614f ] Request (AttachVolumeNegativeTest:test_attach_attached_volume_to_different_server): 200 GET http://10.180.1.21/compute/v2.1/servers/0da19fe3-b125-411e-9dc5-9c980487deed 0.051s
2025-03-06 07:35:20.683 69168 INFO tempest.lib.common.rest_client [req-8996b217-ac80-4074-bef2-521425d98d90 req-8996b217-ac80-4074-bef2-521425d98d90 ] Request (ServerShowV257Test:test_rebuild_server): 200 GET http://10.180.1.21/compute/v2.1/servers/2517392e-ffb6-4fc1-b38d-cef8cfe0059e 0.064s
2025-03-06 07:35:20.725 69164 INFO tempest.lib.common.rest_client [req-8a34350f-909d-4435-b19e-28842a7bb4c6 req-8a34350f-909d-4435-b19e-28842a7bb4c6 ] Request (ServersAdminTestJSON:test_inject_network_info): 200 GET http://10.180.1.21/compute/v2.1/servers/71dd1641-baab-49cb-aafe-3a3083aea97a 0.050s
2025-03-06 07:35:20.743 69152 INFO tempest.lib.common.rest_client [req-e7ec36c8-edad-4a57-8e0e-5f4f29996b97 req-e7ec36c8-edad-4a57-8e0e-5f4f29996b97 ] Request (ServersAdmin275Test:test_rebuild_update_server_275): 200 GET http://10.180.1.21/compute/v2.1/servers/93919c14-aa9d-4d30-82ff-fa00d3e60b0d 0.059s
2025-03-06 07:35:20.781 69156 INFO tempest.lib.common.rest_client [req-f1b352e2-dc65-4e76-8fbb-d33171e366fe req-f1b352e2-dc65-4e76-8fbb-d33171e366fe ] Request (MultipleCreateTestJSON:test_multiple_create_with_reservation_return): 200 GET http://10.180.1.21/compute/v2.1/servers/53853d15-72c7-455a-a049-3f827b8113ad 0.058s
2025-03-06 07:35:20.790 69138 INFO tempest.lib.common.rest_client [req-118b95a7-1a3d-41da-a08c-3aeb88a0885d req-118b95a7-1a3d-41da-a08c-3aeb88a0885d ] Request (ServersTestFqdnHostnames:test_create_server_with_fqdn_name): 200 GET http://10.180.1.21/compute/v2.1/servers/8228be33-050d-4880-96b0-eb6734592837 0.066s
2025-03-06 07:35:20.803 69142 INFO tempest.lib.common.rest_client [req-ca58b5de-efd8-49bc-9df6-4ff64a0b936c req-ca58b5de-efd8-49bc-9df6-4ff64a0b936c ] Request (ImagesOneServerNegativeTestJSON:_run_cleanups): 404 GET http://10.180.1.21/compute/v2.1/servers/79e3c13d-7711-4db4-bdf0-1ba78f6335d7 0.029s
2025-03-06 07:35:20.835 69142 INFO tempest.lib.common.rest_client [req-bf30fcaa-614e-46be-a0a1-6a710dd18157 req-bf30fcaa-614e-46be-a0a1-6a710dd18157 ] Request (ImagesOneServerNegativeTestJSON:_run_cleanups): 200 POST http://10.180.1.21/compute/v2.1/os-keypairs 0.031s
2025-03-06 07:35:20.851 69126 INFO tempest.lib.common.rest_client [req-ca87178f-466d-4843-83d4-170fbdb4815c req-ca87178f-466d-4843-83d4-170fbdb4815c ] Request (ServersAdminNegativeTestJSON:tearDownClass): 200 GET http://10.180.1.21/compute/v2.1/servers/f19157c4-a8f7-4e71-842e-1b593907fce1 0.060s
2025-03-06 07:35:20.890 69178 INFO tempest.lib.common.rest_client [req-31109569-9ace-463a-b241-416065034e33 req-31109569-9ace-463a-b241-416065034e33 ] Request (VolumesAdminNegativeTest:test_update_attached_volume_with_nonexistent_volume_in_body): 200 GET http://10.180.1.21/compute/v2.1/servers/65aeee3f-d2bd-4f7f-b616-1f24083f4a5f 0.071s
2025-03-06 07:35:20.912 69166 INFO tempest.lib.common.rest_client [req-42fd8c7f-1458-4ecf-b342-a602558583ec req-42fd8c7f-1458-4ecf-b342-a602558583ec ] Request (FloatingIPsAssociationTestJSON:test_associate_already_associated_floating_ip): 200 GET http://10.180.1.21/compute/v2.1/servers/07b895ce-6399-4cc4-9154-97a6449ef6b3 0.053s
2025-03-06 07:35:20.949 69142 INFO tempest.lib.common.rest_client [req-9dbcb9bf-5ad7-41b5-b42f-26d19faae989 req-9dbcb9bf-5ad7-41b5-b42f-26d19faae989 ] Request (ImagesOneServerNegativeTestJSON:_run_cleanups): 201 POST http://10.180.1.21:9696/networking/v2.0/security-groups 0.113s
2025-03-06 07:35:21.017 69142 INFO tempest.lib.common.rest_client [req-6d9e1fd4-2529-406b-8796-f6467eda1354 req-6d9e1fd4-2529-406b-8796-f6467eda1354 ] Request (ImagesOneServerNegativeTestJSON:_run_cleanups): 201 POST http://10.180.1.21:9696/networking/v2.0/security-group-rules 0.067s
2025-03-06 07:35:21.114 69148 INFO tempest.lib.common.rest_client [req-ed40f599-6564-4ca0-964f-746012ab40b1 req-ed40f599-6564-4ca0-964f-746012ab40b1 ] Request (ServerDiskConfigTestJSON:test_rebuild_server_with_manual_disk_config): 200 GET http://10.180.1.21/compute/v2.1/servers/6bd99dff-d8ff-4bd1-b9df-f97fc3fc7a2e 0.119s
2025-03-06 07:35:21.121 69148 INFO tempest.common.waiters [-] State transition "BUILD/spawning" ==> "ACTIVE/None" after 75 second wait
2025-03-06 07:35:21.132 69142 INFO tempest.lib.common.rest_client [req-b7e20c30-7bcc-485b-bfe8-20a3500ed7be req-b7e20c30-7bcc-485b-bfe8-20a3500ed7be ] Request (ImagesOneServerNegativeTestJSON:_run_cleanups): 201 POST http://10.180.1.21:9696/networking/v2.0/security-group-rules 0.114s
2025-03-06 07:35:21.165 69170 INFO tempest.lib.common.rest_client [req-5265a063-63d2-4c9a-a806-ce4191c6c445 req-5265a063-63d2-4c9a-a806-ce4191c6c445 ] Request (AttachInterfacesV270Test:test_create_get_list_interfaces): 200 GET http://10.180.1.21/compute/v2.1/servers/bf363a72-ef3d-44c9-b578-08dfa0753f98 0.102s
2025-03-06 07:35:21.173 69144 INFO tempest.lib.common.rest_client [req-a0e83e9b-8871-48e1-a843-28b508e6692e req-a0e83e9b-8871-48e1-a843-28b508e6692e ] Request (AttachInterfacesTestJSON:test_create_list_show_delete_interfaces_by_fixed_ip): 200 GET http://10.180.1.21/compute/v2.1/servers/e27f0e5f-dd73-4d56-a714-53589958715e 0.064s
2025-03-06 07:35:21.250 69180 INFO tempest.lib.common.rest_client [req-3c0bff6f-5218-434f-aa15-016293f2aaf0 req-3c0bff6f-5218-434f-aa15-016293f2aaf0 ] Request (AttachVolumeTestJSON:test_attach_detach_volume): 200 GET http://10.180.1.21/compute/v2.1/servers/50e88850-968f-472b-9921-bbf973b475bc 0.138s
2025-03-06 07:35:21.289 69148 INFO tempest.lib.common.rest_client [req-dae9acff-28f9-4b03-9a6b-87efad190b78 req-dae9acff-28f9-4b03-9a6b-87efad190b78 ] Request (ServerDiskConfigTestJSON:test_rebuild_server_with_manual_disk_config): 200 GET http://10.180.1.21/compute/v2.1/servers/6bd99dff-d8ff-4bd1-b9df-f97fc3fc7a2e 0.167s
2025-03-06 07:35:21.302 69160 INFO tempest.lib.common.rest_client [req-a8173d22-938e-46c2-b7cc-e5202f2292ce req-a8173d22-938e-46c2-b7cc-e5202f2292ce ] Request (SecurityGroupsTestJSON:test_list_security_groups_by_server): 200 GET http://10.180.1.21/compute/v2.1/servers/9ab2a6a4-482e-4b86-8259-e23bebe7198e 0.142s
2025-03-06 07:35:21.343 69162 INFO tempest.lib.common.rest_client [req-77cadcb8-8c57-4380-9a4a-a9a3499419d8 req-77cadcb8-8c57-4380-9a4a-a9a3499419d8 ] Request (ImagesTestJSON:test_create_image_from_suspended_server): 200 GET http://10.180.1.21/compute/v2.1/servers/dc5e8fc0-c025-420f-a182-8f5a4718de6c 0.137s
2025-03-06 07:35:21.354 69136 INFO tempest.lib.common.rest_client [req-8af247c1-f18c-42a6-aa08-9588a0cf1628 req-8af247c1-f18c-42a6-aa08-9588a0cf1628 ] Request (ListServerFiltersTestJSON:tearDownClass): 200 GET http://10.180.1.21/compute/v2.1/servers/14a869ca-d93c-4dd9-964c-cfb14b40f069 0.191s
2025-03-06 07:35:21.396 69132 INFO tempest.lib.common.rest_client [req-46b8c72a-4809-4b58-9133-e528145a3de7 req-46b8c72a-4809-4b58-9133-e528145a3de7 ] Request (InstanceActionsNegativeTestJSON:tearDownClass): 200 GET http://10.180.1.21/compute/v2.1/servers/ce162796-7bf4-4602-b93d-0f91c636e411 0.155s
2025-03-06 07:35:21.415 69174 INFO tempest.lib.common.rest_client [req-f649a1a8-8a5b-49e4-9fb6-78a2a8fb9db0 req-f649a1a8-8a5b-49e4-9fb6-78a2a8fb9db0 ] Request (ServerExternalEventsTest:test_create_server_external_events): 200 GET http://10.180.1.21/compute/v2.1/servers/5bc87656-795b-487d-a72f-4d0c4a717655 0.148s
2025-03-06 07:35:21.463 69148 INFO tempest.lib.common.rest_client [req-d97a6fc9-a2dc-4f30-9f82-00e09b1c14c5 req-d97a6fc9-a2dc-4f30-9f82-00e09b1c14c5 ] Request (ServerDiskConfigTestJSON:test_rebuild_server_with_manual_disk_config): 200 PUT http://10.180.1.21/compute/v2.1/servers/6bd99dff-d8ff-4bd1-b9df-f97fc3fc7a2e 0.166s
2025-03-06 07:35:21.474 69146 INFO tempest.lib.common.rest_client [req-8a93d470-aa73-4434-9b90-3f158ca8a29f req-8a93d470-aa73-4434-9b90-3f158ca8a29f ] Request (DeleteServersAdminTestJSON:test_delete_server_while_in_error_state): 200 GET http://10.180.1.21/compute/v2.1/servers/ceb07909-a135-479b-8480-00b8aa6575d2 0.108s
2025-03-06 07:35:21.589 69134 WARNING tempest.lib.common.ssh [-] Failed to establish authenticated ssh connection to cirros@10.180.180.171 ([Errno None] Unable to connect to port 22 on 10.180.180.171). Number attempts: 4. Retry after 5 seconds.: paramiko.ssh_exception.NoValidConnectionsError: [Errno None] Unable to connect to port 22 on 10.180.180.171
2025-03-06 07:35:21.626 69148 INFO tempest.lib.common.rest_client [req-85b5ca87-84c6-4156-89ba-61663db816f2 req-85b5ca87-84c6-4156-89ba-61663db816f2 ] Request (ServerDiskConfigTestJSON:test_rebuild_server_with_manual_disk_config): 200 GET http://10.180.1.21/compute/v2.1/servers/6bd99dff-d8ff-4bd1-b9df-f97fc3fc7a2e 0.158s
2025-03-06 07:35:21.647 69142 INFO tempest.lib.common.rest_client [req-432c2ed1-10dc-4628-94b8-47262bc0640a req-432c2ed1-10dc-4628-94b8-47262bc0640a ] Request (ImagesOneServerNegativeTestJSON:_run_cleanups): 201 POST http://10.180.1.21:9696/networking/v2.0/floatingips 0.514s
2025-03-06 07:35:21.676 69140 INFO tempest.lib.common.rest_client [req-12baf6f9-15a2-4240-92dc-a8c64adc01b8 req-12baf6f9-15a2-4240-92dc-a8c64adc01b8 ] Request (MigrationsAdminTest:test_list_migrations_in_flavor_resize_situation): 200 GET http://10.180.1.21/compute/v2.1/servers/66fa0a66-f5ea-4ab9-805e-ac58950219fd 0.127s
2025-03-06 07:35:21.693 69158 INFO tempest.lib.common.rest_client [req-e2595f76-ca04-46bb-94ba-fa2e8e528bed req-e2595f76-ca04-46bb-94ba-fa2e8e528bed ] Request (ServerAddressesTestJSON:tearDownClass): 200 GET http://10.180.1.21/compute/v2.1/servers/5c2f0de4-620b-40f8-b4ab-cad2c4cb3ebe 0.124s
2025-03-06 07:35:21.713 69142 INFO tempest.lib.common.rest_client [req-1f5dc80f-03c5-4738-95d8-18c0caf4a756 req-1f5dc80f-03c5-4738-95d8-18c0caf4a756 ] Request (ImagesOneServerNegativeTestJSON:_run_cleanups): 201 POST http://10.180.1.21/identity/v3/auth/tokens 0.063s
2025-03-06 07:35:21.713 69142 INFO tempest.lib.common.fixed_network [-] (ImagesOneServerNegativeTestJSON:_run_cleanups) Found network {'id': 'c82f75c9-8aaf-4e39-b655-963844100ce9', 'name': 'tempest-ImagesOneServerNegativeTestJSON-841852065-network', 'tenant_id': '8ac4308f08c345188784ec4b16bbd7be', 'admin_state_up': True, 'mtu': 8950, 'status': 'ACTIVE', 'subnets': [], 'shared': False, 'project_id': '8ac4308f08c345188784ec4b16bbd7be', 'port_security_enabled': True, 'router:external': False, 'provider:network_type': 'vlan', 'provider:physical_network': 'default', 'provider:segmentation_id': 47, 'availability_zone_hints': [], 'availability_zones': [], 'ipv4_address_scope': None, 'ipv6_address_scope': None, 'description': '', 'tags': [], 'created_at': '2025-03-06T07:33:43Z', 'updated_at': '2025-03-06T07:33:43Z', 'revision_number': 1} available for tenant
2025-03-06 07:35:21.732 69172 INFO tempest.lib.common.rest_client [req-364c56e3-9e9b-4ddc-a160-fdcd760723d4 req-364c56e3-9e9b-4ddc-a160-fdcd760723d4 ] Request (ServerActionsTestOtherA:setUpClass): 200 GET http://10.180.1.21/compute/v2.1/servers/0a18db03-13aa-45ae-9419-9e5f9b7ab882 0.109s
2025-03-06 07:35:21.788 69148 INFO tempest.lib.common.rest_client [req-bc8132bd-6a43-48e9-ba99-26cc1b82e5ae req-bc8132bd-6a43-48e9-ba99-26cc1b82e5ae ] Request (ServerDiskConfigTestJSON:test_rebuild_server_with_manual_disk_config): 200 GET http://10.180.1.21/compute/v2.1/servers/6bd99dff-d8ff-4bd1-b9df-f97fc3fc7a2e 0.154s
2025-03-06 07:35:21.795 69120 INFO tempest.lib.common.rest_client [req-1cd207f4-6aff-43da-9fb3-b6a621607c36 req-1cd207f4-6aff-43da-9fb3-b6a621607c36 ] Request (ServerShowV254Test:tearDownClass): 200 GET http://10.180.1.21/compute/v2.1/servers/c3b6bea7-cbb0-459d-8096-8839bae26ad1 0.149s
2025-03-06 07:35:21.837 69150 INFO tempest.lib.common.rest_client [req-c2e77fd4-be88-4a3e-935a-c3151f75c70a req-c2e77fd4-be88-4a3e-935a-c3151f75c70a ] Request (AttachVolumeNegativeTest:test_attach_attached_volume_to_different_server): 200 GET http://10.180.1.21/compute/v2.1/servers/0da19fe3-b125-411e-9dc5-9c980487deed 0.163s
2025-03-06 07:35:21.854 69168 INFO tempest.lib.common.rest_client [req-4b6dc993-2d1a-4c95-b784-26e122db7ca8 req-4b6dc993-2d1a-4c95-b784-26e122db7ca8 ] Request (ServerShowV257Test:test_rebuild_server): 200 GET http://10.180.1.21/compute/v2.1/servers/2517392e-ffb6-4fc1-b38d-cef8cfe0059e 0.158s
2025-03-06 07:35:21.921 69164 INFO tempest.lib.common.rest_client [req-672fb237-e190-4e59-8f8c-d4425c9eba8e req-672fb237-e190-4e59-8f8c-d4425c9eba8e ] Request (ServersAdminTestJSON:test_inject_network_info): 200 GET http://10.180.1.21/compute/v2.1/servers/71dd1641-baab-49cb-aafe-3a3083aea97a 0.185s
2025-03-06 07:35:21.990 69152 INFO tempest.lib.common.rest_client [req-63c013b6-ab06-48e4-9e92-7f4bfd18e59b req-63c013b6-ab06-48e4-9e92-7f4bfd18e59b ] Request (ServersAdmin275Test:test_rebuild_update_server_275): 200 GET http://10.180.1.21/compute/v2.1/servers/93919c14-aa9d-4d30-82ff-fa00d3e60b0d 0.231s
2025-03-06 07:35:22.035 69156 INFO tempest.lib.common.rest_client [req-02b61795-1a7e-40ec-96b9-f34313941556 req-02b61795-1a7e-40ec-96b9-f34313941556 ] Request (MultipleCreateTestJSON:test_multiple_create_with_reservation_return): 200 GET http://10.180.1.21/compute/v2.1/servers/53853d15-72c7-455a-a049-3f827b8113ad 0.243s
2025-03-06 07:35:22.121 69142 INFO tempest.lib.common.rest_client [req-bb8b8bff-e3fc-4ab2-ac49-9e746828b7c9 req-bb8b8bff-e3fc-4ab2-ac49-9e746828b7c9 ] Request (ImagesOneServerNegativeTestJSON:_run_cleanups): 202 POST http://10.180.1.21/compute/v2.1/servers 0.407s
2025-03-06 07:35:22.170 69138 INFO tempest.lib.common.rest_client [req-a31732b4-5175-4318-a67b-acc0bbcc68d8 req-a31732b4-5175-4318-a67b-acc0bbcc68d8 ] Request (ServersTestFqdnHostnames:test_create_server_with_fqdn_name): 200 GET http://10.180.1.21/compute/v2.1/servers/8228be33-050d-4880-96b0-eb6734592837 0.371s
2025-03-06 07:35:22.182 69148 INFO tempest.lib.common.rest_client [req-2418382e-7366-4932-86da-e771fe7a5d12 req-2418382e-7366-4932-86da-e771fe7a5d12 ] Request (ServerDiskConfigTestJSON:test_rebuild_server_with_manual_disk_config): 202 POST http://10.180.1.21/compute/v2.1/servers/6bd99dff-d8ff-4bd1-b9df-f97fc3fc7a2e/action 0.385s
2025-03-06 07:35:22.210 69128 WARNING tempest.lib.common.ssh [-] Failed to establish authenticated ssh connection to cirros@10.180.180.214 ([Errno None] Unable to connect to port 22 on 10.180.180.214). Number attempts: 5. Retry after 6 seconds.: paramiko.ssh_exception.NoValidConnectionsError: [Errno None] Unable to connect to port 22 on 10.180.180.214
2025-03-06 07:35:22.228 69178 INFO tempest.lib.common.rest_client [req-9dccbfb6-90b5-474c-86a9-6daa6e2a3956 req-9dccbfb6-90b5-474c-86a9-6daa6e2a3956 ] Request (VolumesAdminNegativeTest:test_update_attached_volume_with_nonexistent_volume_in_body): 200 GET http://10.180.1.21/compute/v2.1/servers/65aeee3f-d2bd-4f7f-b616-1f24083f4a5f 0.324s
2025-03-06 07:35:22.231 69126 INFO tempest.lib.common.rest_client [req-e321ce9e-d5d8-471b-a319-18f9257237e7 req-e321ce9e-d5d8-471b-a319-18f9257237e7 ] Request (ServersAdminNegativeTestJSON:tearDownClass): 200 GET http://10.180.1.21/compute/v2.1/servers/f19157c4-a8f7-4e71-842e-1b593907fce1 0.371s
2025-03-06 07:35:22.236 69178 INFO tempest.common.waiters [-] State transition "BUILD/scheduling" ==> "BUILD/None" after 40 second wait
2025-03-06 07:35:22.269 69142 INFO tempest.lib.common.rest_client [req-46773a75-330b-4f2f-b061-069e971720f8 req-46773a75-330b-4f2f-b061-069e971720f8 ] Request (ImagesOneServerNegativeTestJSON:_run_cleanups): 200 GET http://10.180.1.21/compute/v2.1/servers/f6caccdd-2f90-4ff1-8cab-b2b14f4ca6e4 0.146s
2025-03-06 07:35:22.273 69166 INFO tempest.lib.common.rest_client [req-d3787ade-377a-4c68-ad6e-fd114202e7d3 req-d3787ade-377a-4c68-ad6e-fd114202e7d3 ] Request (FloatingIPsAssociationTestJSON:test_associate_already_associated_floating_ip): 200 GET http://10.180.1.21/compute/v2.1/servers/07b895ce-6399-4cc4-9154-97a6449ef6b3 0.353s
2025-03-06 07:35:22.324 69144 INFO tempest.lib.common.rest_client [req-8ec34a69-667e-41a0-a913-0537f817844b req-8ec34a69-667e-41a0-a913-0537f817844b ] Request (AttachInterfacesTestJSON:test_create_list_show_delete_interfaces_by_fixed_ip): 200 GET http://10.180.1.21/compute/v2.1/servers/e27f0e5f-dd73-4d56-a714-53589958715e 0.142s
2025-03-06 07:35:22.389 69170 INFO tempest.lib.common.rest_client [req-6a074d72-5a08-4863-9302-ff5ca72cf610 req-6a074d72-5a08-4863-9302-ff5ca72cf610 ] Request (AttachInterfacesV270Test:test_create_get_list_interfaces): 200 GET http://10.180.1.21/compute/v2.1/servers/bf363a72-ef3d-44c9-b578-08dfa0753f98 0.213s
2025-03-06 07:35:22.408 69148 INFO tempest.lib.common.rest_client [req-827455a8-98bf-4a74-973a-05634f5081d8 req-827455a8-98bf-4a74-973a-05634f5081d8 ] Request (ServerDiskConfigTestJSON:test_rebuild_server_with_manual_disk_config): 200 GET http://10.180.1.21/compute/v2.1/servers/6bd99dff-d8ff-4bd1-b9df-f97fc3fc7a2e 0.221s
2025-03-06 07:35:22.456 69160 INFO tempest.lib.common.rest_client [req-b3132941-519a-4385-8f73-b57bc76fe16a req-b3132941-519a-4385-8f73-b57bc76fe16a ] Request (SecurityGroupsTestJSON:test_list_security_groups_by_server): 200 GET http://10.180.1.21/compute/v2.1/servers/9ab2a6a4-482e-4b86-8259-e23bebe7198e 0.147s
2025-03-06 07:35:22.471 69180 INFO tempest.lib.common.rest_client [req-1a3ef399-2c00-45af-aebc-3febc7fcef04 req-1a3ef399-2c00-45af-aebc-3febc7fcef04 ] Request (AttachVolumeTestJSON:test_attach_detach_volume): 200 GET http://10.180.1.21/compute/v2.1/servers/50e88850-968f-472b-9921-bbf973b475bc 0.212s
2025-03-06 07:35:22.499 69162 INFO tempest.lib.common.rest_client [req-cdbad756-a1cf-4ab5-87b3-28981285aaa5 req-cdbad756-a1cf-4ab5-87b3-28981285aaa5 ] Request (ImagesTestJSON:test_create_image_from_suspended_server): 200 GET http://10.180.1.21/compute/v2.1/servers/dc5e8fc0-c025-420f-a182-8f5a4718de6c 0.148s
2025-03-06 07:35:22.525 69136 INFO tempest.lib.common.rest_client [req-14d9e0d3-0596-4cf6-a172-3bb9fe526eab req-14d9e0d3-0596-4cf6-a172-3bb9fe526eab ] Request (ListServerFiltersTestJSON:tearDownClass): 200 GET http://10.180.1.21/compute/v2.1/servers/14a869ca-d93c-4dd9-964c-cfb14b40f069 0.163s
2025-03-06 07:35:22.552 69132 INFO tempest.lib.common.rest_client [req-ff16cc23-8b16-448e-acc4-8bd227a60b8f req-ff16cc23-8b16-448e-acc4-8bd227a60b8f ] Request (InstanceActionsNegativeTestJSON:tearDownClass): 200 GET http://10.180.1.21/compute/v2.1/servers/ce162796-7bf4-4602-b93d-0f91c636e411 0.143s
2025-03-06 07:35:22.570 69174 INFO tempest.lib.common.rest_client [req-a5be864c-7e9e-41e3-88b3-85b26b81d85a req-a5be864c-7e9e-41e3-88b3-85b26b81d85a ] Request (ServerExternalEventsTest:test_create_server_external_events): 200 GET http://10.180.1.21/compute/v2.1/servers/5bc87656-795b-487d-a72f-4d0c4a717655 0.145s
2025-03-06 07:35:22.606 69146 INFO tempest.lib.common.rest_client [req-e7fba791-4fa5-4626-a61b-6c7a6a664ce1 req-e7fba791-4fa5-4626-a61b-6c7a6a664ce1 ] Request (DeleteServersAdminTestJSON:test_delete_server_while_in_error_state): 200 GET http://10.180.1.21/compute/v2.1/servers/ceb07909-a135-479b-8480-00b8aa6575d2 0.121s
2025-03-06 07:35:22.763 69158 INFO tempest.lib.common.rest_client [req-3fa00ba9-7a6f-4f68-845c-a5e20971dd1f req-3fa00ba9-7a6f-4f68-845c-a5e20971dd1f ] Request (ServerAddressesTestJSON:tearDownClass): 200 GET http://10.180.1.21/compute/v2.1/servers/5c2f0de4-620b-40f8-b4ab-cad2c4cb3ebe 0.061s
2025-03-06 07:35:22.815 69172 INFO tempest.lib.common.rest_client [req-6b75b226-c268-41f6-9ab3-4af906e312cd req-6b75b226-c268-41f6-9ab3-4af906e312cd ] Request (ServerActionsTestOtherA:setUpClass): 200 GET http://10.180.1.21/compute/v2.1/servers/0a18db03-13aa-45ae-9419-9e5f9b7ab882 0.074s
2025-03-06 07:35:22.816 69140 INFO tempest.lib.common.rest_client [req-739c174a-d603-4a88-88bc-7bdddd174e92 req-739c174a-d603-4a88-88bc-7bdddd174e92 ] Request (MigrationsAdminTest:test_list_migrations_in_flavor_resize_situation): 200 GET http://10.180.1.21/compute/v2.1/servers/66fa0a66-f5ea-4ab9-805e-ac58950219fd 0.128s
2025-03-06 07:35:22.872 69120 INFO tempest.lib.common.rest_client [req-118e5a31-0d7e-436e-bc9e-ae012dd4e81e req-118e5a31-0d7e-436e-bc9e-ae012dd4e81e ] Request (ServerShowV254Test:tearDownClass): 200 GET http://10.180.1.21/compute/v2.1/servers/c3b6bea7-cbb0-459d-8096-8839bae26ad1 0.068s
2025-03-06 07:35:22.906 69150 INFO tempest.lib.common.rest_client [req-e9ea1347-e9c4-4992-98b9-9db19ed3902d req-e9ea1347-e9c4-4992-98b9-9db19ed3902d ] Request (AttachVolumeNegativeTest:test_attach_attached_volume_to_different_server): 200 GET http://10.180.1.21/compute/v2.1/servers/0da19fe3-b125-411e-9dc5-9c980487deed 0.061s
2025-03-06 07:35:22.921 69168 INFO tempest.lib.common.rest_client [req-f6e699e9-66c5-4d94-abdc-559ae315447c req-f6e699e9-66c5-4d94-abdc-559ae315447c ] Request (ServerShowV257Test:test_rebuild_server): 200 GET http://10.180.1.21/compute/v2.1/servers/2517392e-ffb6-4fc1-b38d-cef8cfe0059e 0.058s
2025-03-06 07:35:22.979 69164 INFO tempest.lib.common.rest_client [req-32ed9850-0f10-4934-9590-6fd29e737e5a req-32ed9850-0f10-4934-9590-6fd29e737e5a ] Request (ServersAdminTestJSON:test_inject_network_info): 200 GET http://10.180.1.21/compute/v2.1/servers/71dd1641-baab-49cb-aafe-3a3083aea97a 0.050s
