2025-03-06 07:35:55.710 69146 INFO tempest.lib.common.rest_client [req-424dd5c2-041b-4ff9-b871-b43271565172 req-424dd5c2-041b-4ff9-b871-b43271565172 ] Request (FlavorsV255TestJSON:setUpClass): 201 POST http://10.180.1.21/identity/v3/projects 0.025s
2025-03-06 07:35:55.718 69144 INFO tempest.lib.common.rest_client [req-402087b3-6d39-4e14-8ba2-ac1b8932f1c8 req-402087b3-6d39-4e14-8ba2-ac1b8932f1c8 ] Request (AttachInterfacesTestJSON:test_create_list_show_delete_interfaces_by_fixed_ip): 200 GET http://10.180.1.21/compute/v2.1/servers/e27f0e5f-dd73-4d56-a714-53589958715e 0.107s
2025-03-06 07:35:55.738 69134 INFO tempest.lib.common.rest_client [req-dbd460a4-d53b-4d78-88e6-709a87f5376e req-dbd460a4-d53b-4d78-88e6-709a87f5376e ] Request (ServersTestBootFromVolume:tearDownClass): 200 GET http://10.180.1.21/compute/v2.1/servers/8acdd624-55ab-4569-a65b-7484c93cdd18 0.052s
2025-03-06 07:35:55.765 69124 INFO tempest.lib.common.rest_client [req-0f8df097-79b0-4711-ab6f-b13872bc3424 req-0f8df097-79b0-4711-ab6f-b13872bc3424 ] Request (ServersWithSpecificFlavorTestJSON:test_verify_created_server_ephemeral_disk): 200 GET http://10.180.1.21/compute/v2.1/servers/ad1d605e-bbf1-4101-8d60-6911ef1045cf 0.056s
2025-03-06 07:35:55.766 69146 INFO tempest.lib.common.rest_client [req-75cc2a63-35c5-4db2-b734-7520a4da51a2 req-75cc2a63-35c5-4db2-b734-7520a4da51a2 ] Request (FlavorsV255TestJSON:setUpClass): 201 POST http://10.180.1.21/identity/v3/users 0.055s
2025-03-06 07:35:55.786 69146 INFO tempest.lib.common.rest_client [req-a5f7e4bc-cbaf-4202-9055-187cd7b98b43 req-a5f7e4bc-cbaf-4202-9055-187cd7b98b43 ] Request (FlavorsV255TestJSON:setUpClass): 200 GET http://10.180.1.21/identity/v3/roles 0.020s
2025-03-06 07:35:55.790 69178 INFO tempest.lib.common.rest_client [req-989a1198-fa11-4ba3-b74e-f6d0bfe0c3a9 req-989a1198-fa11-4ba3-b74e-f6d0bfe0c3a9 ] Request (VolumesAdminNegativeTest:test_update_attached_volume_with_nonexistent_volume_in_body): 200 GET http://10.180.1.21/compute/v2.1/servers/65aeee3f-d2bd-4f7f-b616-1f24083f4a5f 0.052s
2025-03-06 07:35:55.815 69146 INFO tempest.lib.common.rest_client [req-b1d8921c-cb03-403c-ab71-6017c066e066 req-b1d8921c-cb03-403c-ab71-6017c066e066 ] Request (FlavorsV255TestJSON:setUpClass): 204 PUT http://10.180.1.21/identity/v3/projects/75495256eee0415a93be464cb745c072/users/9cb97bb660024093a92e036fd5fb2d81/roles/544f107cad6e4b97b770cd0685ac2896 0.028s
2025-03-06 07:35:55.815 69146 INFO tempest.lib.common.dynamic_creds [-] Dynamic test user 9cb97bb660024093a92e036fd5fb2d81 is created with scope project and roles: ['member']
2025-03-06 07:35:55.815 69146 INFO tempest.lib.common.dynamic_creds [-] Acquired dynamic creds: credentials: Credentials: {'domain_id': 'default', 'domain_name': 'Default', 'username': 'tempest-FlavorsV255TestJSON-1892928112-project-member', 'project_domain_id': 'default', 'project_domain_name': 'Default', 'project_id': '75495256eee0415a93be464cb745c072', 'project_name': 'tempest-FlavorsV255TestJSON-1892928112', 'tenant_id': '75495256eee0415a93be464cb745c072', 'tenant_name': 'tempest-FlavorsV255TestJSON-1892928112', 'user_domain_id': 'default', 'user_domain_name': 'Default', 'user_id': '9cb97bb660024093a92e036fd5fb2d81', 'system': None}, Network: None, Subnet: None, Router: None
2025-03-06 07:35:55.816 69146 INFO tempest.lib.common.dynamic_creds [-] Created isolated network resources for: credentials: Credentials: {'domain_id': 'default', 'domain_name': 'Default', 'username': 'tempest-FlavorsV255TestJSON-1892928112-project-member', 'project_domain_id': 'default', 'project_domain_name': 'Default', 'project_id': '75495256eee0415a93be464cb745c072', 'project_name': 'tempest-FlavorsV255TestJSON-1892928112', 'tenant_id': '75495256eee0415a93be464cb745c072', 'tenant_name': 'tempest-FlavorsV255TestJSON-1892928112', 'user_domain_id': 'default', 'user_domain_name': 'Default', 'user_id': '9cb97bb660024093a92e036fd5fb2d81', 'system': None}, Network: None, Subnet: None, Router: None
2025-03-06 07:35:55.827 69136 INFO tempest.lib.common.rest_client [req-38f46087-aeef-43ac-9e3d-dea2f57a7480 req-38f46087-aeef-43ac-9e3d-dea2f57a7480 ] Request (ListServerFiltersTestJSON:tearDownClass): 200 GET http://10.180.1.21/compute/v2.1/servers/f389060c-ceb9-4a8d-854f-5a3595cd61d7 0.057s
2025-03-06 07:35:55.856 69152 INFO tempest.lib.common.rest_client [req-094dd01c-8c46-4f98-9cfc-2912bd136e19 req-094dd01c-8c46-4f98-9cfc-2912bd136e19 ] Request (ServersAdmin275Test:_run_cleanups): 200 GET http://10.180.1.21/compute/v2.1/servers/93919c14-aa9d-4d30-82ff-fa00d3e60b0d 0.059s
2025-03-06 07:35:55.866 69152 INFO tempest.common.waiters [-] State transition "REBUILD/rebuild_spawning" ==> "ACTIVE/None" after 11 second wait
2025-03-06 07:35:55.892 69146 INFO tempest.lib.common.rest_client [req-bbbb2b1b-5cdc-4dfc-bdf4-551224fb00d5 req-bbbb2b1b-5cdc-4dfc-bdf4-551224fb00d5 ] Request (FlavorsV255TestJSON:setUpClass): 201 POST http://10.180.1.21/identity/v3/auth/tokens 0.073s
2025-03-06 07:35:55.924 69164 INFO tempest.lib.common.rest_client [req-5e88f2ad-8699-43e8-b1ac-e4ca6a42b0dd req-5e88f2ad-8699-43e8-b1ac-e4ca6a42b0dd ] Request (ServersAdminTestJSON:test_inject_network_info): 200 GET http://10.180.1.21/compute/v2.1/servers/71dd1641-baab-49cb-aafe-3a3083aea97a 0.076s
2025-03-06 07:35:55.937 69148 INFO tempest.lib.common.rest_client [req-2e6c3418-e4c0-4ec1-8d98-851a4ce267f1 req-2e6c3418-e4c0-4ec1-8d98-851a4ce267f1 ] Request (ServerDiskConfigTestJSON:test_resize_server_from_auto_to_manual): 200 GET http://10.180.1.21/compute/v2.1/servers/a45062b8-eb37-478e-b5d9-e4e30f6eeb7d 0.073s
2025-03-06 07:35:55.980 69146 INFO tempest.lib.common.rest_client [req-cf86ba03-6f72-4860-a791-124cf036b96b req-cf86ba03-6f72-4860-a791-124cf036b96b ] Request (FlavorsV255TestJSON:setUpClass): 201 POST http://10.180.1.21/identity/v3/projects 0.088s
2025-03-06 07:35:56.005 69152 INFO tempest.lib.common.rest_client [req-28d0a55a-d3b5-4719-afe9-818963d42d4c req-28d0a55a-d3b5-4719-afe9-818963d42d4c ] Request (ServersAdmin275Test:tearDownClass): 204 DELETE http://10.180.1.21/compute/v2.1/servers/93919c14-aa9d-4d30-82ff-fa00d3e60b0d 0.137s
2025-03-06 07:35:56.031 69126 INFO tempest.lib.common.rest_client [req-af0b2e4d-8a6f-4f9a-80dc-222e5d65d1b0 req-af0b2e4d-8a6f-4f9a-80dc-222e5d65d1b0 ] Request (ServersAdminNegativeTestJSON:tearDownClass): 404 GET http://10.180.1.21/compute/v2.1/servers/f19157c4-a8f7-4e71-842e-1b593907fce1 0.033s
2025-03-06 07:35:56.063 69146 INFO tempest.lib.common.rest_client [req-cff1fe4e-7161-4938-acb0-281f79d340f4 req-cff1fe4e-7161-4938-acb0-281f79d340f4 ] Request (FlavorsV255TestJSON:setUpClass): 201 POST http://10.180.1.21/identity/v3/users 0.082s
2025-03-06 07:35:56.070 69152 INFO tempest.lib.common.rest_client [req-54d3d274-f79b-4254-b9e6-fe148991be01 req-54d3d274-f79b-4254-b9e6-fe148991be01 ] Request (ServersAdmin275Test:tearDownClass): 200 GET http://10.180.1.21/compute/v2.1/servers/93919c14-aa9d-4d30-82ff-fa00d3e60b0d 0.064s
2025-03-06 07:35:56.086 69146 INFO tempest.lib.common.rest_client [req-5504158e-bd5b-4f7a-9b86-bcfc0d8cad74 req-5504158e-bd5b-4f7a-9b86-bcfc0d8cad74 ] Request (FlavorsV255TestJSON:setUpClass): 200 GET http://10.180.1.21/identity/v3/roles 0.022s
2025-03-06 07:35:56.099 69168 INFO tempest.lib.common.rest_client [req-f3ffcef2-84ad-42a9-b8c9-ce0ecbe03eef req-f3ffcef2-84ad-42a9-b8c9-ce0ecbe03eef ] Request (ServerShowV257Test:tearDownClass): 200 GET http://10.180.1.21/compute/v2.1/servers/2517392e-ffb6-4fc1-b38d-cef8cfe0059e 0.061s
2025-03-06 07:35:56.125 69146 INFO tempest.lib.common.rest_client [req-d763ff32-d9b7-4ab5-afcb-43fcb7bc38a0 req-d763ff32-d9b7-4ab5-afcb-43fcb7bc38a0 ] Request (FlavorsV255TestJSON:setUpClass): 204 PUT http://10.180.1.21/identity/v3/projects/55348114004a4ec1866b44993441a82c/users/77a43f3ebdf84561b1234280e33273af/roles/4a04f09ed94c40b48c6e2cb61c3e9a26 0.039s
2025-03-06 07:35:56.156 69126 INFO tempest.lib.common.rest_client [req-bb4dae92-95bc-4a95-9606-35db76bf5ade req-bb4dae92-95bc-4a95-9606-35db76bf5ade ] Request (ServersAdminNegativeTestJSON:tearDownClass): 204 DELETE http://10.180.1.21/identity/v3/users/0f3874b35581423cac8761ccc9461421 0.124s
2025-03-06 07:35:56.204 69146 INFO tempest.lib.common.rest_client [req-70c03b72-6810-4139-89b1-d9c5a73b8d23 req-70c03b72-6810-4139-89b1-d9c5a73b8d23 ] Request (FlavorsV255TestJSON:setUpClass): 200 GET http://10.180.1.21/identity/v3/roles 0.079s
2025-03-06 07:35:56.227 69146 INFO tempest.lib.common.rest_client [req-a1104715-b2ab-4631-bbcc-db1f6fb3e642 req-a1104715-b2ab-4631-bbcc-db1f6fb3e642 ] Request (FlavorsV255TestJSON:setUpClass): 204 PUT http://10.180.1.21/identity/v3/projects/55348114004a4ec1866b44993441a82c/users/77a43f3ebdf84561b1234280e33273af/roles/4a04f09ed94c40b48c6e2cb61c3e9a26 0.022s
2025-03-06 07:35:56.227 69146 INFO tempest.lib.common.dynamic_creds [-] Dynamic test user 77a43f3ebdf84561b1234280e33273af is created with scope project and roles: ['admin']
2025-03-06 07:35:56.228 69146 INFO tempest.lib.common.dynamic_creds [-] Acquired dynamic creds: credentials: Credentials: {'domain_id': 'default', 'domain_name': 'Default', 'username': 'tempest-FlavorsV255TestJSON-674155414-project-admin', 'project_domain_id': 'default', 'project_domain_name': 'Default', 'project_id': '55348114004a4ec1866b44993441a82c', 'project_name': 'tempest-FlavorsV255TestJSON-674155414', 'tenant_id': '55348114004a4ec1866b44993441a82c', 'tenant_name': 'tempest-FlavorsV255TestJSON-674155414', 'user_domain_id': 'default', 'user_domain_name': 'Default', 'user_id': '77a43f3ebdf84561b1234280e33273af', 'system': None}, Network: None, Subnet: None, Router: None
2025-03-06 07:35:56.228 69146 INFO tempest.lib.common.dynamic_creds [-] Created isolated network resources for: credentials: Credentials: {'domain_id': 'default', 'domain_name': 'Default', 'username': 'tempest-FlavorsV255TestJSON-674155414-project-admin', 'project_domain_id': 'default', 'project_domain_name': 'Default', 'project_id': '55348114004a4ec1866b44993441a82c', 'project_name': 'tempest-FlavorsV255TestJSON-674155414', 'tenant_id': '55348114004a4ec1866b44993441a82c', 'tenant_name': 'tempest-FlavorsV255TestJSON-674155414', 'user_domain_id': 'default', 'user_domain_name': 'Default', 'user_id': '77a43f3ebdf84561b1234280e33273af', 'system': None}, Network: None, Subnet: None, Router: None
2025-03-06 07:35:56.242 69126 INFO tempest.lib.common.rest_client [req-f495537e-51c9-4555-8000-102c0a20d5bc req-f495537e-51c9-4555-8000-102c0a20d5bc ] Request (ServersAdminNegativeTestJSON:tearDownClass): 204 DELETE http://10.180.1.21/identity/v3/users/9f56e548245d4dbdb59a1963abc8eb2f 0.085s
2025-03-06 07:35:56.242 69126 INFO tempest.lib.common.dynamic_creds [-] Deleting project and security group for project: 800449cf15384e7bbedbb64fa9d02f76
2025-03-06 07:35:56.290 69126 INFO tempest.lib.common.rest_client [req-8c0db1f3-3854-4c91-961b-a8efd95b3966 req-8c0db1f3-3854-4c91-961b-a8efd95b3966 ] Request (ServersAdminNegativeTestJSON:tearDownClass): 201 POST http://10.180.1.21/identity/v3/auth/tokens 0.047s
2025-03-06 07:35:56.290 69146 INFO tempest.lib.common.rest_client [req-3cff072e-9361-4bf0-a80d-948ff4ca11b5 req-3cff072e-9361-4bf0-a80d-948ff4ca11b5 ] Request (FlavorsV255TestJSON:setUpClass): 201 POST http://10.180.1.21/identity/v3/auth/tokens 0.059s
2025-03-06 07:35:56.315 69174 INFO tempest.lib.common.rest_client [req-e41dfb5e-7d8f-4984-9e5b-3bc3be89f151 req-e41dfb5e-7d8f-4984-9e5b-3bc3be89f151 ] Request (ServerExternalEventsTest:tearDownClass): 200 GET http://10.180.1.21/compute/v2.1/servers/5bc87656-795b-487d-a72f-4d0c4a717655 0.048s
2025-03-06 07:35:56.367 69126 INFO tempest.lib.common.rest_client [req-dbfbbce1-535e-4a1d-9d22-82f250c77fc4 req-dbfbbce1-535e-4a1d-9d22-82f250c77fc4 ] Request (ServersAdminNegativeTestJSON:tearDownClass): 200 GET http://10.180.1.21:9696/networking/v2.0/security-groups?tenant_id=800449cf15384e7bbedbb64fa9d02f76&name=default 0.077s
2025-03-06 07:35:56.367 69146 INFO tempest.lib.common.rest_client [req-959efc93-473c-402e-a5e5-de5931c1274a req-959efc93-473c-402e-a5e5-de5931c1274a ] Request (FlavorsV255TestJSON:test_crud_flavor): 200 POST http://10.180.1.21/compute/v2.1/flavors 0.076s
2025-03-06 07:35:56.438 69146 INFO tempest.lib.common.rest_client [req-a5034826-3302-4283-84bd-397f6424d7e2 req-a5034826-3302-4283-84bd-397f6424d7e2 ] Request (FlavorsV255TestJSON:test_crud_flavor): 200 GET http://10.180.1.21/compute/v2.1/flavors/1050527754 0.069s
2025-03-06 07:35:56.450 69166 INFO tempest.lib.common.rest_client [req-0ab1e55b-97fc-4ba0-95bb-33cb3fe1f7d9 req-0ab1e55b-97fc-4ba0-95bb-33cb3fe1f7d9 ] Request (FloatingIPsAssociationTestJSON:test_associate_already_associated_floating_ip): 200 GET http://10.180.1.21/compute/v2.1/servers/07b895ce-6399-4cc4-9154-97a6449ef6b3 0.135s
2025-03-06 07:35:56.484 69126 INFO tempest.lib.common.rest_client [req-c304c1ff-0521-4187-8aa7-3f92b162aab7 req-c304c1ff-0521-4187-8aa7-3f92b162aab7 ] Request (ServersAdminNegativeTestJSON:tearDownClass): 204 DELETE http://10.180.1.21:9696/networking/v2.0/security-groups/d44e0fec-1895-49bf-8bfe-e5ccac2f9b2b 0.116s
2025-03-06 07:35:56.492 69160 INFO tempest.lib.common.rest_client [req-4d630303-3f93-4ddc-ab0d-a7bb5872439d req-4d630303-3f93-4ddc-ab0d-a7bb5872439d ] Request (SecurityGroupsTestJSON:test_list_security_groups_by_server): 200 GET http://10.180.1.21/compute/v2.1/servers/9ab2a6a4-482e-4b86-8259-e23bebe7198e 0.097s
2025-03-06 07:35:56.522 69146 INFO tempest.lib.common.rest_client [req-40e3fb2c-25ad-4942-84f3-91c97dc47077 req-40e3fb2c-25ad-4942-84f3-91c97dc47077 ] Request (FlavorsV255TestJSON:test_crud_flavor): 200 PUT http://10.180.1.21/compute/v2.1/flavors/1050527754 0.080s
2025-03-06 07:35:56.539 69140 INFO tempest.lib.common.rest_client [req-368855c1-48f5-4c3f-b0e3-e727496aafd7 req-368855c1-48f5-4c3f-b0e3-e727496aafd7 ] Request (MigrationsAdminTest:test_list_migrations_in_flavor_resize_situation): 200 GET http://10.180.1.21/compute/v2.1/servers/66fa0a66-f5ea-4ab9-805e-ac58950219fd 0.106s
2025-03-06 07:35:56.555 69126 INFO tempest.lib.common.rest_client [req-87c66a52-cf05-4e03-b72a-11341f0afc9b req-87c66a52-cf05-4e03-b72a-11341f0afc9b ] Request (ServersAdminNegativeTestJSON:tearDownClass): 204 DELETE http://10.180.1.21/identity/v3/projects/800449cf15384e7bbedbb64fa9d02f76 0.070s
2025-03-06 07:35:56.555 69126 INFO tempest.lib.common.dynamic_creds [-] Deleting project and security group for project: 2cef9f72485d42ffb54d0c3777fdce1e
2025-03-06 07:35:56.578 69138 WARNING tempest.lib.common.ssh [-] Failed to establish authenticated ssh connection to cirros@10.180.180.153 ([Errno None] Unable to connect to port 22 on 10.180.180.153). Number attempts: 2. Retry after 3 seconds.: paramiko.ssh_exception.NoValidConnectionsError: [Errno None] Unable to connect to port 22 on 10.180.180.153
2025-03-06 07:35:56.590 69170 INFO tempest.lib.common.rest_client [req-c0ce8394-1d8f-448d-93b5-3e8baba796f0 req-c0ce8394-1d8f-448d-93b5-3e8baba796f0 ] Request (AttachInterfacesV270Test:tearDownClass): 200 GET http://10.180.1.21/compute/v2.1/servers/bf363a72-ef3d-44c9-b578-08dfa0753f98 0.104s
2025-03-06 07:35:56.591 69126 INFO tempest.lib.common.rest_client [req-694ba387-1316-452b-a8d1-75a3c9cc9426 req-694ba387-1316-452b-a8d1-75a3c9cc9426 ] Request (ServersAdminNegativeTestJSON:tearDownClass): 200 GET http://10.180.1.21:9696/networking/v2.0/security-groups?tenant_id=2cef9f72485d42ffb54d0c3777fdce1e&name=default 0.036s
2025-03-06 07:35:56.596 69162 INFO tempest.lib.common.rest_client [req-f036cc05-1318-439b-9f99-9eba101bd0b1 req-f036cc05-1318-439b-9f99-9eba101bd0b1 ] Request (ImagesTestJSON:test_create_server_from_snapshot): 200 GET http://10.180.1.21/compute/v2.1/servers/46bfcf80-7dbd-492e-b9d3-a6207b2427b7 0.080s
2025-03-06 07:35:56.614 69146 INFO tempest.lib.common.rest_client [req-f1f21cb2-4cee-48e8-9846-147bcef38dae req-f1f21cb2-4cee-48e8-9846-147bcef38dae ] Request (FlavorsV255TestJSON:test_crud_flavor): 200 GET http://10.180.1.21/compute/v2.1/flavors/detail 0.090s
2025-03-06 07:35:56.650 69142 INFO tempest.lib.common.rest_client [req-6e495397-bc15-404b-9efb-2728ea15cc46 req-6e495397-bc15-404b-9efb-2728ea15cc46 ] Request (ImagesOneServerNegativeTestJSON:_run_cleanups): 200 GET http://10.180.1.21/compute/v2.1/servers/f6caccdd-2f90-4ff1-8cab-b2b14f4ca6e4 0.118s
2025-03-06 07:35:56.672 69172 INFO tempest.lib.common.rest_client [req-df5541b2-4e61-44e9-b5d4-eb07f9f34ba9 req-df5541b2-4e61-44e9-b5d4-eb07f9f34ba9 ] Request (ServerActionsTestOtherA:setUpClass): 200 GET http://10.180.1.21/compute/v2.1/servers/0a18db03-13aa-45ae-9419-9e5f9b7ab882 0.092s
2025-03-06 07:35:56.673 69146 INFO tempest.lib.common.rest_client [req-c4bd5f66-ce40-4c49-b3d8-599670949e3b req-c4bd5f66-ce40-4c49-b3d8-599670949e3b ] Request (FlavorsV255TestJSON:test_crud_flavor): 200 GET http://10.180.1.21/compute/v2.1/flavors 0.053s
2025-03-06 07:35:56.686 69126 INFO tempest.lib.common.rest_client [req-e90adf79-6674-46b3-8bbf-14d0648390e9 req-e90adf79-6674-46b3-8bbf-14d0648390e9 ] Request (ServersAdminNegativeTestJSON:tearDownClass): 204 DELETE http://10.180.1.21:9696/networking/v2.0/security-groups/60f02a82-ed5c-4598-ac4c-0359fa312317 0.095s
2025-03-06 07:35:56.697 69146 INFO tempest.lib.common.rest_client [req-24a110d1-f68a-4b95-afcd-36ca74c48e02 req-24a110d1-f68a-4b95-afcd-36ca74c48e02 ] Request (FlavorsV255TestJSON:_run_cleanups): 202 DELETE http://10.180.1.21/compute/v2.1/flavors/1050527754 0.020s
2025-03-06 07:35:56.726 69156 INFO tempest.lib.common.rest_client [req-3bf3d56b-5106-4cb2-8b80-b35e626afdb2 req-3bf3d56b-5106-4cb2-8b80-b35e626afdb2 ] Request (MultipleCreateTestJSON:test_multiple_create_with_reservation_return): 200 GET http://10.180.1.21/compute/v2.1/servers/53853d15-72c7-455a-a049-3f827b8113ad 0.100s
2025-03-06 07:35:56.750 69146 INFO tempest.lib.common.rest_client [req-0f299fe4-c8f4-4905-a318-edbb370a9c21 req-0f299fe4-c8f4-4905-a318-edbb370a9c21 ] Request (FlavorsV255TestJSON:_run_cleanups): 200 GET http://10.180.1.21/compute/v2.1/flavors/detail 0.052s
2025-03-06 07:35:56.751 69150 INFO tempest.lib.common.rest_client [req-138ecdc6-2668-4fb1-a22c-43e38db0248b req-138ecdc6-2668-4fb1-a22c-43e38db0248b ] Request (AttachVolumeNegativeTest:test_attach_attached_volume_to_different_server): 200 GET http://10.180.1.21/compute/v2.1/servers/0da19fe3-b125-411e-9dc5-9c980487deed 0.060s
2025-03-06 07:35:56.782 69126 INFO tempest.lib.common.rest_client [req-70e77a6f-ce41-4f2f-8d29-3329e2a176ea req-70e77a6f-ce41-4f2f-8d29-3329e2a176ea ] Request (ServersAdminNegativeTestJSON:tearDownClass): 204 DELETE http://10.180.1.21/identity/v3/projects/2cef9f72485d42ffb54d0c3777fdce1e 0.095s
2025-03-06 07:35:56.811 69134 INFO tempest.lib.common.rest_client [req-c440596b-dd49-43ac-a83f-996ed98a7932 req-c440596b-dd49-43ac-a83f-996ed98a7932 ] Request (ServersTestBootFromVolume:tearDownClass): 200 GET http://10.180.1.21/compute/v2.1/servers/8acdd624-55ab-4569-a65b-7484c93cdd18 0.064s
2025-03-06 07:35:56.814 69126 INFO tempest.lib.common.rest_client [req-09ef58c6-e052-41af-8846-1d7e98eef328 req-09ef58c6-e052-41af-8846-1d7e98eef328 ] Request (FlavorsV2NegativeTest:setUpClass): 201 POST http://10.180.1.21/identity/v3/auth/tokens 0.030s
2025-03-06 07:35:56.847 69144 INFO tempest.lib.common.rest_client [req-224aa238-65f1-4399-a0cc-265923476418 req-224aa238-65f1-4399-a0cc-265923476418 ] Request (AttachInterfacesTestJSON:test_create_list_show_delete_interfaces_by_fixed_ip): 200 GET http://10.180.1.21/compute/v2.1/servers/e27f0e5f-dd73-4d56-a714-53589958715e 0.122s
2025-03-06 07:35:56.860 69146 INFO tempest.lib.common.rest_client [req-fd7b0add-c5ff-4252-9319-2fa9559ca9c4 req-fd7b0add-c5ff-4252-9319-2fa9559ca9c4 ] Request (FlavorsV255TestJSON:tearDownClass): 204 DELETE http://10.180.1.21/identity/v3/users/9cb97bb660024093a92e036fd5fb2d81 0.104s
2025-03-06 07:35:56.866 69124 INFO tempest.lib.common.rest_client [req-1a817268-0a38-4530-969b-73e13845ce5f req-1a817268-0a38-4530-969b-73e13845ce5f ] Request (ServersWithSpecificFlavorTestJSON:test_verify_created_server_ephemeral_disk): 200 GET http://10.180.1.21/compute/v2.1/servers/ad1d605e-bbf1-4101-8d60-6911ef1045cf 0.093s
2025-03-06 07:35:56.874 69126 INFO tempest.lib.common.rest_client [req-7bf183e7-906e-435b-99ba-6bb68efe8a7e req-7bf183e7-906e-435b-99ba-6bb68efe8a7e ] Request (FlavorsV2NegativeTest:setUpClass): 201 POST http://10.180.1.21/identity/v3/auth/tokens 0.057s
2025-03-06 07:35:56.921 69178 INFO tempest.lib.common.rest_client [req-6261937c-9cbc-4b00-bc87-5c3a9d32e032 req-6261937c-9cbc-4b00-bc87-5c3a9d32e032 ] Request (VolumesAdminNegativeTest:test_update_attached_volume_with_nonexistent_volume_in_body): 200 GET http://10.180.1.21/compute/v2.1/servers/65aeee3f-d2bd-4f7f-b616-1f24083f4a5f 0.122s
2025-03-06 07:35:56.935 69136 INFO tempest.lib.common.rest_client [req-4cfc31b5-6128-440a-b205-cfa134d8c938 req-4cfc31b5-6128-440a-b205-cfa134d8c938 ] Request (ListServerFiltersTestJSON:tearDownClass): 200 GET http://10.180.1.21/compute/v2.1/servers/f389060c-ceb9-4a8d-854f-5a3595cd61d7 0.099s
2025-03-06 07:35:56.943 69126 INFO tempest.lib.common.rest_client [req-bffcb1d4-ad1a-4c8a-a679-a8bffaae8ad7 req-bffcb1d4-ad1a-4c8a-a679-a8bffaae8ad7 ] Request (FlavorsV2NegativeTest:setUpClass): 200 GET http://10.180.1.21/identity/v3/domains?name=Default 0.069s
2025-03-06 07:35:56.979 69146 INFO tempest.lib.common.rest_client [req-5c615902-5352-4a08-93d2-f0576e288106 req-5c615902-5352-4a08-93d2-f0576e288106 ] Request (FlavorsV255TestJSON:tearDownClass): 204 DELETE http://10.180.1.21/identity/v3/users/77a43f3ebdf84561b1234280e33273af 0.119s
2025-03-06 07:35:56.980 69146 INFO tempest.lib.common.dynamic_creds [-] Deleting project and security group for project: 75495256eee0415a93be464cb745c072
2025-03-06 07:35:57.003 69164 INFO tempest.lib.common.rest_client [req-a6aaa015-0c61-401d-a906-8baab9372684 req-a6aaa015-0c61-401d-a906-8baab9372684 ] Request (ServersAdminTestJSON:test_inject_network_info): 200 GET http://10.180.1.21/compute/v2.1/servers/71dd1641-baab-49cb-aafe-3a3083aea97a 0.068s
2025-03-06 07:35:57.005 69126 INFO tempest.lib.common.rest_client [req-5158a80d-3319-499e-a25f-c4caf51fe265 req-5158a80d-3319-499e-a25f-c4caf51fe265 ] Request (FlavorsV2NegativeTest:setUpClass): 201 POST http://10.180.1.21/identity/v3/projects 0.061s
2025-03-06 07:35:57.006 69148 INFO tempest.lib.common.rest_client [req-adba7047-d6dd-4846-a6cb-ef33e699898e req-adba7047-d6dd-4846-a6cb-ef33e699898e ] Request (ServerDiskConfigTestJSON:test_resize_server_from_auto_to_manual): 200 GET http://10.180.1.21/compute/v2.1/servers/a45062b8-eb37-478e-b5d9-e4e30f6eeb7d 0.061s
2025-03-06 07:35:57.038 69146 INFO tempest.lib.common.rest_client [req-dfa218b7-10be-45b2-be25-4b0c9e8f7002 req-dfa218b7-10be-45b2-be25-4b0c9e8f7002 ] Request (FlavorsV255TestJSON:tearDownClass): 201 POST http://10.180.1.21/identity/v3/auth/tokens 0.058s
2025-03-06 07:35:57.063 69126 INFO tempest.lib.common.rest_client [req-afff6811-2644-4f95-af6a-d1883735ffbc req-afff6811-2644-4f95-af6a-d1883735ffbc ] Request (FlavorsV2NegativeTest:setUpClass): 201 POST http://10.180.1.21/identity/v3/users 0.058s
2025-03-06 07:35:57.082 69126 INFO tempest.lib.common.rest_client [req-4fdf1b6c-d1e0-4e95-82db-2c444cce1347 req-4fdf1b6c-d1e0-4e95-82db-2c444cce1347 ] Request (FlavorsV2NegativeTest:setUpClass): 200 GET http://10.180.1.21/identity/v3/roles 0.018s
2025-03-06 07:35:57.107 69126 INFO tempest.lib.common.rest_client [req-7a89b876-8feb-497d-b3a8-300357cb61e7 req-7a89b876-8feb-497d-b3a8-300357cb61e7 ] Request (FlavorsV2NegativeTest:setUpClass): 204 PUT http://10.180.1.21/identity/v3/projects/929292231a5e44ce826a9bf734472afc/users/a8d3fb4e30684c0eb81b3f49899c67e8/roles/544f107cad6e4b97b770cd0685ac2896 0.024s
2025-03-06 07:35:57.107 69126 INFO tempest.lib.common.dynamic_creds [-] Dynamic test user a8d3fb4e30684c0eb81b3f49899c67e8 is created with scope project and roles: ['member']
2025-03-06 07:35:57.107 69126 INFO tempest.lib.common.dynamic_creds [-] Acquired dynamic creds: credentials: Credentials: {'domain_id': 'default', 'domain_name': 'Default', 'username': 'tempest-FlavorsV2NegativeTest-823420019-project-member', 'project_domain_id': 'default', 'project_domain_name': 'Default', 'project_id': '929292231a5e44ce826a9bf734472afc', 'project_name': 'tempest-FlavorsV2NegativeTest-823420019', 'tenant_id': '929292231a5e44ce826a9bf734472afc', 'tenant_name': 'tempest-FlavorsV2NegativeTest-823420019', 'user_domain_id': 'default', 'user_domain_name': 'Default', 'user_id': 'a8d3fb4e30684c0eb81b3f49899c67e8', 'system': None}, Network: None, Subnet: None, Router: None
2025-03-06 07:35:57.107 69126 INFO tempest.lib.common.dynamic_creds [-] Created isolated network resources for: credentials: Credentials: {'domain_id': 'default', 'domain_name': 'Default', 'username': 'tempest-FlavorsV2NegativeTest-823420019-project-member', 'project_domain_id': 'default', 'project_domain_name': 'Default', 'project_id': '929292231a5e44ce826a9bf734472afc', 'project_name': 'tempest-FlavorsV2NegativeTest-823420019', 'tenant_id': '929292231a5e44ce826a9bf734472afc', 'tenant_name': 'tempest-FlavorsV2NegativeTest-823420019', 'user_domain_id': 'default', 'user_domain_name': 'Default', 'user_id': 'a8d3fb4e30684c0eb81b3f49899c67e8', 'system': None}, Network: None, Subnet: None, Router: None
2025-03-06 07:35:57.153 69152 INFO tempest.lib.common.rest_client [req-81e9f765-6021-4d84-934f-c098613179fa req-81e9f765-6021-4d84-934f-c098613179fa ] Request (ServersAdmin275Test:tearDownClass): 200 GET http://10.180.1.21/compute/v2.1/servers/93919c14-aa9d-4d30-82ff-fa00d3e60b0d 0.070s
2025-03-06 07:35:57.177 69126 INFO tempest.lib.common.rest_client [req-67f93d06-850e-4f6d-9358-7a2f53c5953c req-67f93d06-850e-4f6d-9358-7a2f53c5953c ] Request (FlavorsV2NegativeTest:setUpClass): 201 POST http://10.180.1.21/identity/v3/auth/tokens 0.067s
2025-03-06 07:35:57.193 69168 INFO tempest.lib.common.rest_client [req-20feb22c-97aa-4bd1-9538-a8018ead24c7 req-20feb22c-97aa-4bd1-9538-a8018ead24c7 ] Request (ServerShowV257Test:tearDownClass): 200 GET http://10.180.1.21/compute/v2.1/servers/2517392e-ffb6-4fc1-b38d-cef8cfe0059e 0.085s
2025-03-06 07:35:57.201 69168 INFO tempest.common.waiters [-] State transition "ACTIVE/deleting" ==> "DELETED/None" after 5 second wait
2025-03-06 07:35:57.219 69146 INFO tempest.lib.common.rest_client [req-fe059878-b14b-4481-842f-50243fbeae4c req-fe059878-b14b-4481-842f-50243fbeae4c ] Request (FlavorsV255TestJSON:tearDownClass): 200 GET http://10.180.1.21:9696/networking/v2.0/security-groups?tenant_id=75495256eee0415a93be464cb745c072&name=default 0.181s
2025-03-06 07:35:57.246 69126 INFO tempest.lib.common.rest_client [req-b9a2fafb-076d-4e1b-93d0-996eb8300cb9 req-b9a2fafb-076d-4e1b-93d0-996eb8300cb9 ] Request (FlavorsV2NegativeTest:test_boot_with_low_ram): 200 GET http://10.180.1.21/compute/v2.1/flavors/42 0.068s
2025-03-06 07:35:57.301 69146 INFO tempest.lib.common.rest_client [req-216ef5bb-f70a-4404-8ffa-9fa29cc84a0c req-216ef5bb-f70a-4404-8ffa-9fa29cc84a0c ] Request (FlavorsV255TestJSON:tearDownClass): 204 DELETE http://10.180.1.21:9696/networking/v2.0/security-groups/d7259c44-86ff-4570-8b9f-29ec5726de88 0.081s
2025-03-06 07:35:57.353 69128 INFO paramiko.transport [-] Connected (version 2.0, client dropbear_2020.81)
2025-03-06 07:35:57.381 69146 INFO tempest.lib.common.rest_client [req-75dbadd9-da7e-45cc-b4bd-95e6c249c3c6 req-75dbadd9-da7e-45cc-b4bd-95e6c249c3c6 ] Request (FlavorsV255TestJSON:tearDownClass): 204 DELETE http://10.180.1.21/identity/v3/projects/75495256eee0415a93be464cb745c072 0.080s
2025-03-06 07:35:57.381 69146 INFO tempest.lib.common.dynamic_creds [-] Deleting project and security group for project: 55348114004a4ec1866b44993441a82c
2025-03-06 07:35:57.384 69174 INFO tempest.lib.common.rest_client [req-f45b46bf-9ec4-409d-954a-d60db5ea275b req-f45b46bf-9ec4-409d-954a-d60db5ea275b ] Request (ServerExternalEventsTest:tearDownClass): 200 GET http://10.180.1.21/compute/v2.1/servers/5bc87656-795b-487d-a72f-4d0c4a717655 0.062s
2025-03-06 07:35:57.392 69174 INFO tempest.common.waiters [-] State transition "ACTIVE/deleting" ==> "DELETED/None" after 4 second wait
2025-03-06 07:35:57.463 69128 INFO paramiko.transport [-] Authentication (publickey) successful!
2025-03-06 07:35:57.464 69128 INFO tempest.lib.common.ssh [-] ssh connection to cirros@10.180.180.214 successfully created
2025-03-06 07:35:57.483 69128 INFO tempest.lib.common.ssh [-] Creating ssh connection to '10.180.180.214:22' as 'cirros' with public key authentication
2025-03-06 07:35:57.483 69146 INFO tempest.lib.common.rest_client [req-2fa8e1d2-0fe1-46f2-b57d-8526c67a0980 req-2fa8e1d2-0fe1-46f2-b57d-8526c67a0980 ] Request (FlavorsV255TestJSON:tearDownClass): 200 GET http://10.180.1.21:9696/networking/v2.0/security-groups?tenant_id=55348114004a4ec1866b44993441a82c&name=default 0.101s
2025-03-06 07:35:57.486 69128 INFO paramiko.transport [-] Connected (version 2.0, client dropbear_2020.81)
2025-03-06 07:35:57.546 69128 INFO paramiko.transport [-] Authentication (publickey) successful!
2025-03-06 07:35:57.547 69128 INFO tempest.lib.common.ssh [-] ssh connection to cirros@10.180.180.214 successfully created
2025-03-06 07:35:57.553 69160 INFO tempest.lib.common.rest_client [req-c48fd96e-372f-444e-a2ba-e8441dfe9363 req-c48fd96e-372f-444e-a2ba-e8441dfe9363 ] Request (SecurityGroupsTestJSON:test_list_security_groups_by_server): 200 GET http://10.180.1.21/compute/v2.1/servers/9ab2a6a4-482e-4b86-8259-e23bebe7198e 0.052s
2025-03-06 07:35:57.576 69126 INFO tempest.lib.common.rest_client [req-b997b361-d2b4-43ab-9494-a9a8978b7ff9 req-b997b361-d2b4-43ab-9494-a9a8978b7ff9 ] Request (FlavorsV2NegativeTest:test_boot_with_low_ram): 201 POST http://10.180.1.21/image/v2/images 0.322s
2025-03-06 07:35:57.641 69166 INFO tempest.lib.common.rest_client [req-9f53fe6d-53cd-4c36-aa54-b031971f5947 req-9f53fe6d-53cd-4c36-aa54-b031971f5947 ] Request (FloatingIPsAssociationTestJSON:test_associate_already_associated_floating_ip): 200 GET http://10.180.1.21/compute/v2.1/servers/07b895ce-6399-4cc4-9154-97a6449ef6b3 0.184s
2025-03-06 07:35:57.651 69140 INFO tempest.lib.common.rest_client [req-da4c76f7-d745-4af9-912d-669dc763e99a req-da4c76f7-d745-4af9-912d-669dc763e99a ] Request (MigrationsAdminTest:test_list_migrations_in_flavor_resize_situation): 200 GET http://10.180.1.21/compute/v2.1/servers/66fa0a66-f5ea-4ab9-805e-ac58950219fd 0.104s
2025-03-06 07:35:57.657 69146 INFO tempest.lib.common.rest_client [req-81b1551e-f75c-4aeb-a2f3-5cf9e99d03de req-81b1551e-f75c-4aeb-a2f3-5cf9e99d03de ] Request (FlavorsV255TestJSON:tearDownClass): 204 DELETE http://10.180.1.21:9696/networking/v2.0/security-groups/535a5b67-40fc-47bb-8aa9-321429725b39 0.173s
2025-03-06 07:35:57.698 69170 INFO tempest.lib.common.rest_client [req-98a057ff-1f90-4375-a71b-c1ceb2104bb4 req-98a057ff-1f90-4375-a71b-c1ceb2104bb4 ] Request (AttachInterfacesV270Test:tearDownClass): 200 GET http://10.180.1.21/compute/v2.1/servers/bf363a72-ef3d-44c9-b578-08dfa0753f98 0.098s
2025-03-06 07:35:57.701 69162 INFO tempest.lib.common.rest_client [req-59fa609a-cfa3-4389-b317-7a3e7a43f5ba req-59fa609a-cfa3-4389-b317-7a3e7a43f5ba ] Request (ImagesTestJSON:test_create_server_from_snapshot): 200 GET http://10.180.1.21/compute/v2.1/servers/46bfcf80-7dbd-492e-b9d3-a6207b2427b7 0.097s
2025-03-06 07:35:57.747 69146 INFO tempest.lib.common.rest_client [req-29707e3c-4387-4f3f-b4ed-e2b00846e53b req-29707e3c-4387-4f3f-b4ed-e2b00846e53b ] Request (FlavorsV255TestJSON:tearDownClass): 204 DELETE http://10.180.1.21/identity/v3/projects/55348114004a4ec1866b44993441a82c 0.090s
2025-03-06 07:35:57.748 69172 INFO tempest.lib.common.rest_client [req-79507d1a-e281-437c-93ec-2be0de997118 req-79507d1a-e281-437c-93ec-2be0de997118 ] Request (ServerActionsTestOtherA:setUpClass): 200 GET http://10.180.1.21/compute/v2.1/servers/0a18db03-13aa-45ae-9419-9e5f9b7ab882 0.065s
2025-03-06 07:35:57.750 69142 INFO tempest.lib.common.rest_client [req-9d734812-58de-41a1-9bf2-279d4a1530fa req-9d734812-58de-41a1-9bf2-279d4a1530fa ] Request (ImagesOneServerNegativeTestJSON:_run_cleanups): 200 GET http://10.180.1.21/compute/v2.1/servers/f6caccdd-2f90-4ff1-8cab-b2b14f4ca6e4 0.090s
2025-03-06 07:35:57.796 69156 INFO tempest.lib.common.rest_client [req-7bc7017f-6573-4867-9530-2207532e502d req-7bc7017f-6573-4867-9530-2207532e502d ] Request (MultipleCreateTestJSON:test_multiple_create_with_reservation_return): 200 GET http://10.180.1.21/compute/v2.1/servers/53853d15-72c7-455a-a049-3f827b8113ad 0.062s
2025-03-06 07:35:57.805 69146 INFO tempest.lib.common.rest_client [req-53b62b42-a952-47e0-97c2-7bfe80b49d4c req-53b62b42-a952-47e0-97c2-7bfe80b49d4c ] Request (HypervisorAdminUnderV252Test:setUpClass): 201 POST http://10.180.1.21/identity/v3/auth/tokens 0.056s
2025-03-06 07:35:57.812 69150 INFO tempest.lib.common.rest_client [req-ece83941-0b7f-443b-b944-9c1d390103c3 req-ece83941-0b7f-443b-b944-9c1d390103c3 ] Request (AttachVolumeNegativeTest:test_attach_attached_volume_to_different_server): 200 GET http://10.180.1.21/compute/v2.1/servers/0da19fe3-b125-411e-9dc5-9c980487deed 0.051s
2025-03-06 07:35:57.833 69146 INFO tempest.lib.common.rest_client [req-e2f11f85-8135-425d-b788-704588123f21 req-e2f11f85-8135-425d-b788-704588123f21 ] Request (HypervisorAdminUnderV252Test:setUpClass): 201 POST http://10.180.1.21/identity/v3/auth/tokens 0.024s
2025-03-06 07:35:57.854 69146 INFO tempest.lib.common.rest_client [req-ac836b78-427c-4817-8230-ad7ffe603d56 req-ac836b78-427c-4817-8230-ad7ffe603d56 ] Request (HypervisorAdminUnderV252Test:setUpClass): 200 GET http://10.180.1.21/identity/v3/domains?name=Default 0.020s
2025-03-06 07:35:57.877 69134 INFO tempest.lib.common.rest_client [req-4ec619ad-cabd-4953-b2a7-8cfbbb5e7151 req-4ec619ad-cabd-4953-b2a7-8cfbbb5e7151 ] Request (ServersTestBootFromVolume:tearDownClass): 200 GET http://10.180.1.21/compute/v2.1/servers/8acdd624-55ab-4569-a65b-7484c93cdd18 0.059s
2025-03-06 07:35:57.890 69146 INFO tempest.lib.common.rest_client [req-5c217893-6d8b-4d2b-99c2-d8d75cbc75b2 req-5c217893-6d8b-4d2b-99c2-d8d75cbc75b2 ] Request (HypervisorAdminUnderV252Test:setUpClass): 201 POST http://10.180.1.21/identity/v3/projects 0.036s
2025-03-06 07:35:57.936 69124 INFO tempest.lib.common.rest_client [req-3740ea70-d825-42bd-bdd8-4e20b314cba7 req-3740ea70-d825-42bd-bdd8-4e20b314cba7 ] Request (ServersWithSpecificFlavorTestJSON:test_verify_created_server_ephemeral_disk): 200 GET http://10.180.1.21/compute/v2.1/servers/ad1d605e-bbf1-4101-8d60-6911ef1045cf 0.060s
2025-03-06 07:35:57.968 69146 INFO tempest.lib.common.rest_client [req-5d011472-c89a-41c0-a5da-69a3c2499479 req-5d011472-c89a-41c0-a5da-69a3c2499479 ] Request (HypervisorAdminUnderV252Test:setUpClass): 201 POST http://10.180.1.21/identity/v3/users 0.077s
2025-03-06 07:35:57.993 69146 INFO tempest.lib.common.rest_client [req-59bf6a75-c7e8-42ef-8281-cbb2277e2934 req-59bf6a75-c7e8-42ef-8281-cbb2277e2934 ] Request (HypervisorAdminUnderV252Test:setUpClass): 200 GET http://10.180.1.21/identity/v3/roles 0.025s
2025-03-06 07:35:58.002 69178 INFO tempest.lib.common.rest_client [req-b9bf6875-ca7f-46b1-9136-d7cf24dafd49 req-b9bf6875-ca7f-46b1-9136-d7cf24dafd49 ] Request (VolumesAdminNegativeTest:test_update_attached_volume_with_nonexistent_volume_in_body): 200 GET http://10.180.1.21/compute/v2.1/servers/65aeee3f-d2bd-4f7f-b616-1f24083f4a5f 0.073s
2025-03-06 07:35:58.006 69144 INFO tempest.lib.common.rest_client [req-187bb545-d835-4ebe-a82a-aaa3518ab6ce req-187bb545-d835-4ebe-a82a-aaa3518ab6ce ] Request (AttachInterfacesTestJSON:test_create_list_show_delete_interfaces_by_fixed_ip): 200 GET http://10.180.1.21/compute/v2.1/servers/e27f0e5f-dd73-4d56-a714-53589958715e 0.149s
2025-03-06 07:35:58.024 69146 INFO tempest.lib.common.rest_client [req-f9e1a66e-4e03-4a81-82de-adba67d92116 req-f9e1a66e-4e03-4a81-82de-adba67d92116 ] Request (HypervisorAdminUnderV252Test:setUpClass): 204 PUT http://10.180.1.21/identity/v3/projects/cf6573d945be4d368836249278781c44/users/fea7c361f2ce46adade77a7d71c94c7b/roles/544f107cad6e4b97b770cd0685ac2896 0.030s
2025-03-06 07:35:58.024 69146 INFO tempest.lib.common.dynamic_creds [-] Dynamic test user fea7c361f2ce46adade77a7d71c94c7b is created with scope project and roles: ['member']
2025-03-06 07:35:58.024 69146 INFO tempest.lib.common.dynamic_creds [-] Acquired dynamic creds: credentials: Credentials: {'domain_id': 'default', 'domain_name': 'Default', 'username': 'tempest-HypervisorAdminUnderV252Test-1445423863-project-member', 'project_domain_id': 'default', 'project_domain_name': 'Default', 'project_id': 'cf6573d945be4d368836249278781c44', 'project_name': 'tempest-HypervisorAdminUnderV252Test-1445423863', 'tenant_id': 'cf6573d945be4d368836249278781c44', 'tenant_name': 'tempest-HypervisorAdminUnderV252Test-1445423863', 'user_domain_id': 'default', 'user_domain_name': 'Default', 'user_id': 'fea7c361f2ce46adade77a7d71c94c7b', 'system': None}, Network: None, Subnet: None, Router: None
2025-03-06 07:35:58.025 69146 INFO tempest.lib.common.dynamic_creds [-] Created isolated network resources for: credentials: Credentials: {'domain_id': 'default', 'domain_name': 'Default', 'username': 'tempest-HypervisorAdminUnderV252Test-1445423863-project-member', 'project_domain_id': 'default', 'project_domain_name': 'Default', 'project_id': 'cf6573d945be4d368836249278781c44', 'project_name': 'tempest-HypervisorAdminUnderV252Test-1445423863', 'tenant_id': 'cf6573d945be4d368836249278781c44', 'tenant_name': 'tempest-HypervisorAdminUnderV252Test-1445423863', 'user_domain_id': 'default', 'user_domain_name': 'Default', 'user_id': 'fea7c361f2ce46adade77a7d71c94c7b', 'system': None}, Network: None, Subnet: None, Router: None
2025-03-06 07:35:58.058 69164 INFO tempest.lib.common.rest_client [req-a6c5edf4-c2c4-4bc3-8f9b-875b6d9f7cc5 req-a6c5edf4-c2c4-4bc3-8f9b-875b6d9f7cc5 ] Request (ServersAdminTestJSON:test_inject_network_info): 200 GET http://10.180.1.21/compute/v2.1/servers/71dd1641-baab-49cb-aafe-3a3083aea97a 0.047s
2025-03-06 07:35:58.058 69136 INFO tempest.lib.common.rest_client [req-b347fa1b-a955-4312-ae3d-9ca844bbb2e3 req-b347fa1b-a955-4312-ae3d-9ca844bbb2e3 ] Request (ListServerFiltersTestJSON:tearDownClass): 200 GET http://10.180.1.21/compute/v2.1/servers/f389060c-ceb9-4a8d-854f-5a3595cd61d7 0.112s
2025-03-06 07:35:58.091 69146 INFO tempest.lib.common.rest_client [req-33669e89-2f51-4738-9e1b-79a0a48b6e08 req-33669e89-2f51-4738-9e1b-79a0a48b6e08 ] Request (HypervisorAdminUnderV252Test:setUpClass): 201 POST http://10.180.1.21/identity/v3/auth/tokens 0.064s
2025-03-06 07:35:58.103 69148 INFO tempest.lib.common.rest_client [req-2e6dbfab-52aa-4c08-96d0-5dfb046231f5 req-2e6dbfab-52aa-4c08-96d0-5dfb046231f5 ] Request (ServerDiskConfigTestJSON:test_resize_server_from_auto_to_manual): 200 GET http://10.180.1.21/compute/v2.1/servers/a45062b8-eb37-478e-b5d9-e4e30f6eeb7d 0.088s
2025-03-06 07:35:58.145 69146 INFO tempest.lib.common.rest_client [req-b360af95-8a73-4bb8-80e2-e4d06dbd9bae req-b360af95-8a73-4bb8-80e2-e4d06dbd9bae ] Request (HypervisorAdminUnderV252Test:setUpClass): 201 POST http://10.180.1.21/identity/v3/projects 0.053s
2025-03-06 07:35:58.152 69126 INFO tempest.lib.common.rest_client [req-f7c504ac-d739-40aa-87e1-b94321dbcd2f req-f7c504ac-d739-40aa-87e1-b94321dbcd2f ] Request (FlavorsV2NegativeTest:test_boot_with_low_ram): 204 PUT http://10.180.1.21/image/v2/images/81bcbb1c-37d6-448d-8483-cf6d3ed35222/file 0.576s
2025-03-06 07:35:58.209 69146 INFO tempest.lib.common.rest_client [req-5e2e6886-7fd5-4c98-9586-d26cfc28a5dc req-5e2e6886-7fd5-4c98-9586-d26cfc28a5dc ] Request (HypervisorAdminUnderV252Test:setUpClass): 201 POST http://10.180.1.21/identity/v3/users 0.063s
2025-03-06 07:35:58.212 69126 INFO tempest.lib.common.rest_client [req-b22fcb97-6579-43c4-bb80-217eb2748277 req-b22fcb97-6579-43c4-bb80-217eb2748277 ] Request (FlavorsV2NegativeTest:test_boot_with_low_ram): 201 POST http://10.180.1.21/identity/v3/auth/tokens 0.055s
2025-03-06 07:35:58.212 69126 INFO tempest.lib.common.fixed_network [-] (FlavorsV2NegativeTest:test_boot_with_low_ram) Found network None available for tenant
2025-03-06 07:35:58.230 69152 INFO tempest.lib.common.rest_client [req-c2328a1b-23c3-460c-9f58-6c693746b541 req-c2328a1b-23c3-460c-9f58-6c693746b541 ] Request (ServersAdmin275Test:tearDownClass): 200 GET http://10.180.1.21/compute/v2.1/servers/93919c14-aa9d-4d30-82ff-fa00d3e60b0d 0.066s
2025-03-06 07:35:58.230 69146 INFO tempest.lib.common.rest_client [req-5741ffec-e70d-4347-b443-11b13c06ddfc req-5741ffec-e70d-4347-b443-11b13c06ddfc ] Request (HypervisorAdminUnderV252Test:setUpClass): 200 GET http://10.180.1.21/identity/v3/roles 0.020s
2025-03-06 07:35:58.257 69146 INFO tempest.lib.common.rest_client [req-d9728d1d-88ac-4d17-b73d-1244faafbfb0 req-d9728d1d-88ac-4d17-b73d-1244faafbfb0 ] Request (HypervisorAdminUnderV252Test:setUpClass): 204 PUT http://10.180.1.21/identity/v3/projects/76720a197faf4d5bbe55cd805d5620f7/users/cd480a153d5843cc8b0aab89df89d56d/roles/4a04f09ed94c40b48c6e2cb61c3e9a26 0.026s
2025-03-06 07:35:58.270 69168 INFO tempest.lib.common.rest_client [req-4e843948-11f4-4e09-a1b1-0133a0793a5b req-4e843948-11f4-4e09-a1b1-0133a0793a5b ] Request (ServerShowV257Test:tearDownClass): 200 GET http://10.180.1.21/compute/v2.1/servers/2517392e-ffb6-4fc1-b38d-cef8cfe0059e 0.067s
2025-03-06 07:35:58.303 69146 INFO tempest.lib.common.rest_client [req-4fb42729-b91b-41ac-9320-7af95941e8c2 req-4fb42729-b91b-41ac-9320-7af95941e8c2 ] Request (HypervisorAdminUnderV252Test:setUpClass): 200 GET http://10.180.1.21/identity/v3/roles 0.045s
2025-03-06 07:35:58.319 69146 INFO tempest.lib.common.rest_client [req-a00136a1-522e-44e2-9aff-1a6256a047d7 req-a00136a1-522e-44e2-9aff-1a6256a047d7 ] Request (HypervisorAdminUnderV252Test:setUpClass): 204 PUT http://10.180.1.21/identity/v3/projects/76720a197faf4d5bbe55cd805d5620f7/users/cd480a153d5843cc8b0aab89df89d56d/roles/4a04f09ed94c40b48c6e2cb61c3e9a26 0.015s
2025-03-06 07:35:58.319 69146 INFO tempest.lib.common.dynamic_creds [-] Dynamic test user cd480a153d5843cc8b0aab89df89d56d is created with scope project and roles: ['admin']
2025-03-06 07:35:58.320 69146 INFO tempest.lib.common.dynamic_creds [-] Acquired dynamic creds: credentials: Credentials: {'domain_id': 'default', 'domain_name': 'Default', 'username': 'tempest-HypervisorAdminUnderV252Test-1627284556-project-admin', 'project_domain_id': 'default', 'project_domain_name': 'Default', 'project_id': '76720a197faf4d5bbe55cd805d5620f7', 'project_name': 'tempest-HypervisorAdminUnderV252Test-1627284556', 'tenant_id': '76720a197faf4d5bbe55cd805d5620f7', 'tenant_name': 'tempest-HypervisorAdminUnderV252Test-1627284556', 'user_domain_id': 'default', 'user_domain_name': 'Default', 'user_id': 'cd480a153d5843cc8b0aab89df89d56d', 'system': None}, Network: None, Subnet: None, Router: None
2025-03-06 07:35:58.320 69146 INFO tempest.lib.common.dynamic_creds [-] Created isolated network resources for: credentials: Credentials: {'domain_id': 'default', 'domain_name': 'Default', 'username': 'tempest-HypervisorAdminUnderV252Test-1627284556-project-admin', 'project_domain_id': 'default', 'project_domain_name': 'Default', 'project_id': '76720a197faf4d5bbe55cd805d5620f7', 'project_name': 'tempest-HypervisorAdminUnderV252Test-1627284556', 'tenant_id': '76720a197faf4d5bbe55cd805d5620f7', 'tenant_name': 'tempest-HypervisorAdminUnderV252Test-1627284556', 'user_domain_id': 'default', 'user_domain_name': 'Default', 'user_id': 'cd480a153d5843cc8b0aab89df89d56d', 'system': None}, Network: None, Subnet: None, Router: None
2025-03-06 07:35:58.340 69126 INFO tempest.lib.common.rest_client [req-ab439a22-46c3-4ea7-94da-1d17185e6798 req-ab439a22-46c3-4ea7-94da-1d17185e6798 ] Request (FlavorsV2NegativeTest:test_boot_with_low_ram): 400 POST http://10.180.1.21/compute/v2.1/servers 0.127s
2025-03-06 07:35:58.380 69126 INFO tempest.lib.common.rest_client [req-e12d693a-3301-45f2-8c81-77f368afadac req-e12d693a-3301-45f2-8c81-77f368afadac ] Request (FlavorsV2NegativeTest:_run_cleanups): 204 DELETE http://10.180.1.21/image/v2/images/81bcbb1c-37d6-448d-8483-cf6d3ed35222 0.039s
2025-03-06 07:35:58.387 69146 INFO tempest.lib.common.rest_client [req-71f78943-e708-41de-83cc-62fe79580492 req-71f78943-e708-41de-83cc-62fe79580492 ] Request (HypervisorAdminUnderV252Test:setUpClass): 201 POST http://10.180.1.21/identity/v3/auth/tokens 0.063s
2025-03-06 07:35:58.447 69174 INFO tempest.lib.common.rest_client [req-1c7ecfbc-23b6-4bd1-91b7-f9ff13a85c63 req-1c7ecfbc-23b6-4bd1-91b7-f9ff13a85c63 ] Request (ServerExternalEventsTest:tearDownClass): 200 GET http://10.180.1.21/compute/v2.1/servers/5bc87656-795b-487d-a72f-4d0c4a717655 0.055s
2025-03-06 07:35:58.473 69146 INFO tempest.lib.common.rest_client [req-0d098901-5272-4b2b-bce5-5924f0dc3b43 req-0d098901-5272-4b2b-bce5-5924f0dc3b43 ] Request (HypervisorAdminUnderV252Test:test_get_hypervisor_show_servers): 200 GET http://10.180.1.21/compute/v2.1/os-hypervisors 0.085s
2025-03-06 07:35:58.475 69180 WARNING tempest.lib.common.ssh [-] Failed to establish authenticated ssh connection to cirros@10.180.180.254 ([Errno None] Unable to connect to port 22 on 10.180.180.254). Number attempts: 6. Retry after 7 seconds.: paramiko.ssh_exception.NoValidConnectionsError: [Errno None] Unable to connect to port 22 on 10.180.180.254
2025-03-06 07:35:58.492 69126 INFO tempest.lib.common.rest_client [req-fc185470-49cb-406b-8f0b-1dd4704fc314 req-fc185470-49cb-406b-8f0b-1dd4704fc314 ] Request (FlavorsV2NegativeTest:tearDownClass): 204 DELETE http://10.180.1.21/identity/v3/users/a8d3fb4e30684c0eb81b3f49899c67e8 0.110s
2025-03-06 07:35:58.493 69126 INFO tempest.lib.common.dynamic_creds [-] Deleting project and security group for project: 929292231a5e44ce826a9bf734472afc
2025-03-06 07:35:58.532 69146 INFO tempest.lib.common.rest_client [req-6bd95fbc-4544-4f86-a713-6cc33bb91bc2 req-6bd95fbc-4544-4f86-a713-6cc33bb91bc2 ] Request (HypervisorAdminUnderV252Test:test_get_hypervisor_show_servers): 200 GET http://10.180.1.21/compute/v2.1/os-hypervisors/domain-c8.fc996f14-c53b-4953-92e3-bdfa48f5cc28/servers 0.058s
2025-03-06 07:35:58.550 69126 INFO tempest.lib.common.rest_client [req-704fdc92-5528-48c3-9487-d75c76dd1bd2 req-704fdc92-5528-48c3-9487-d75c76dd1bd2 ] Request (FlavorsV2NegativeTest:tearDownClass): 201 POST http://10.180.1.21/identity/v3/auth/tokens 0.057s
2025-03-06 07:35:58.557 69146 INFO tempest.lib.common.rest_client [req-ea3359ab-0128-47d1-b145-d5cd5fc69ff0 req-ea3359ab-0128-47d1-b145-d5cd5fc69ff0 ] Request (HypervisorAdminUnderV252Test:test_search_hypervisor): 200 GET http://10.180.1.21/compute/v2.1/os-hypervisors 0.021s
2025-03-06 07:35:58.583 69146 INFO tempest.lib.common.rest_client [req-1f46af1d-af02-42d0-8935-f64c9597418b req-1f46af1d-af02-42d0-8935-f64c9597418b ] Request (HypervisorAdminUnderV252Test:test_search_hypervisor): 200 GET http://10.180.1.21/compute/v2.1/os-hypervisors/domain-c8.fc996f14-c53b-4953-92e3-bdfa48f5cc28/search 0.024s
2025-03-06 07:35:58.613 69160 INFO tempest.lib.common.rest_client [req-1babf2f8-8109-480d-a536-bd2395c6c29b req-1babf2f8-8109-480d-a536-bd2395c6c29b ] Request (SecurityGroupsTestJSON:test_list_security_groups_by_server): 200 GET http://10.180.1.21/compute/v2.1/servers/9ab2a6a4-482e-4b86-8259-e23bebe7198e 0.050s
2025-03-06 07:35:58.639 69146 INFO tempest.lib.common.rest_client [req-9ad17256-c6b1-4e20-8019-93cc7d04a435 req-9ad17256-c6b1-4e20-8019-93cc7d04a435 ] Request (HypervisorAdminUnderV252Test:tearDownClass): 204 DELETE http://10.180.1.21/identity/v3/users/fea7c361f2ce46adade77a7d71c94c7b 0.054s
2025-03-06 07:35:58.655 69128 INFO tempest.lib.common.rest_client [req-b7e773ab-77ab-40a7-aeec-1649820589be req-b7e773ab-77ab-40a7-aeec-1649820589be ] Request (ServersV294TestFqdnHostnames:tearDownClass): 204 DELETE http://10.180.1.21/compute/v2.1/servers/19adf5a8-58f3-4367-bf08-377dc06bd813 0.077s
2025-03-06 07:35:58.709 69126 INFO tempest.lib.common.rest_client [req-b36e3cae-f81c-4885-a1ba-092926d03052 req-b36e3cae-f81c-4885-a1ba-092926d03052 ] Request (FlavorsV2NegativeTest:tearDownClass): 200 GET http://10.180.1.21:9696/networking/v2.0/security-groups?tenant_id=929292231a5e44ce826a9bf734472afc&name=default 0.158s
2025-03-06 07:35:58.764 69146 INFO tempest.lib.common.rest_client [req-39453851-38c6-4531-bdd8-9bfc5b366af4 req-39453851-38c6-4531-bdd8-9bfc5b366af4 ] Request (HypervisorAdminUnderV252Test:tearDownClass): 204 DELETE http://10.180.1.21/identity/v3/users/cd480a153d5843cc8b0aab89df89d56d 0.124s
2025-03-06 07:35:58.764 69146 INFO tempest.lib.common.dynamic_creds [-] Deleting project and security group for project: cf6573d945be4d368836249278781c44
2025-03-06 07:35:58.823 69128 INFO tempest.lib.common.rest_client [req-da8209ca-c5cf-4713-989c-0d18a51862d7 req-da8209ca-c5cf-4713-989c-0d18a51862d7 ] Request (ServersV294TestFqdnHostnames:tearDownClass): 200 GET http://10.180.1.21/compute/v2.1/servers/19adf5a8-58f3-4367-bf08-377dc06bd813 0.167s
2025-03-06 07:35:58.835 69146 INFO tempest.lib.common.rest_client [req-5d45c189-2215-4a0e-909d-79b5de63b064 req-5d45c189-2215-4a0e-909d-79b5de63b064 ] Request (HypervisorAdminUnderV252Test:tearDownClass): 201 POST http://10.180.1.21/identity/v3/auth/tokens 0.070s
2025-03-06 07:35:58.849 69126 INFO tempest.lib.common.rest_client [req-180d07aa-2960-449a-b3f1-50a32d9e1fe6 req-180d07aa-2960-449a-b3f1-50a32d9e1fe6 ] Request (FlavorsV2NegativeTest:tearDownClass): 204 DELETE http://10.180.1.21:9696/networking/v2.0/security-groups/ae829f4b-7b84-4a67-b5fc-d2bc055eecab 0.134s
2025-03-06 07:35:58.851 69166 INFO tempest.lib.common.rest_client [req-fe4de940-648d-4ea3-9c1d-aad39d143815 req-fe4de940-648d-4ea3-9c1d-aad39d143815 ] Request (FloatingIPsAssociationTestJSON:test_associate_already_associated_floating_ip): 200 GET http://10.180.1.21/compute/v2.1/servers/07b895ce-6399-4cc4-9154-97a6449ef6b3 0.202s
2025-03-06 07:35:58.859 69166 INFO tempest.common.waiters [-] State transition "BUILD/spawning" ==> "ACTIVE/None" after 86 second wait
2025-03-06 07:35:58.872 69130 INFO paramiko.transport [-] Connected (version 2.0, client dropbear_2020.81)
