2025-03-06 07:33:39.763 69180 INFO tempest.lib.common.dynamic_creds [-] Deleting project and security group for project: e4a7e5e3fa8941be91f3cf206b858708
2025-03-06 07:33:39.785 69120 INFO tempest.lib.common.rest_client [req-91c2a18b-a4df-45ad-a52c-fdd449affefb req-91c2a18b-a4df-45ad-a52c-fdd449affefb ] Request (TenantUsagesNegativeTestJSON:setUpClass): 204 PUT http://10.180.1.21/identity/v3/projects/2757dcf05e1d49a0b700de92483a89ad/users/d2e7aa41c7e34446ad82214efbb33e36/roles/4a04f09ed94c40b48c6e2cb61c3e9a26 0.133s
2025-03-06 07:33:39.860 69132 INFO tempest.lib.common.rest_client [req-a8670c2c-2041-40b5-955c-564bc26ea210 req-a8670c2c-2041-40b5-955c-564bc26ea210 ] Request (QuotaClassesAdmin257Test:setUpClass): 201 POST http://10.180.1.21/identity/v3/auth/tokens 0.178s
2025-03-06 07:33:39.868 69166 INFO tempest.lib.common.rest_client [req-f02f8a03-4802-4598-88b0-a5c4e27ee76a req-f02f8a03-4802-4598-88b0-a5c4e27ee76a ] Request (FloatingIPsAssociationTestJSON:setUpClass): 201 POST http://10.180.1.21/identity/v3/projects 0.165s
2025-03-06 07:33:39.932 69120 INFO tempest.lib.common.rest_client [req-4e20ad3e-b083-44d4-85a6-032ca15a7228 req-4e20ad3e-b083-44d4-85a6-032ca15a7228 ] Request (TenantUsagesNegativeTestJSON:setUpClass): 200 GET http://10.180.1.21/identity/v3/roles 0.147s
2025-03-06 07:33:39.954 69132 INFO tempest.lib.common.rest_client [req-960ec0ad-b563-4882-be0b-c03b727313ec req-960ec0ad-b563-4882-be0b-c03b727313ec ] Request (QuotaClassesAdmin257Test:setUpClass): 200 GET http://10.180.1.21/identity/v3/domains?name=Default 0.094s
2025-03-06 07:33:39.982 69166 INFO tempest.lib.common.rest_client [req-31d7b076-7aa3-4944-95d4-e33254fda76e req-31d7b076-7aa3-4944-95d4-e33254fda76e ] Request (FloatingIPsAssociationTestJSON:setUpClass): 201 POST http://10.180.1.21/identity/v3/users 0.113s
2025-03-06 07:33:39.998 69146 INFO tempest.lib.common.rest_client [req-67f09326-6fa4-462c-8662-0df115d05f76 req-67f09326-6fa4-462c-8662-0df115d05f76 ] Request (DeleteServersAdminTestJSON:test_admin_delete_servers_of_others): 200 GET http://10.180.1.21/compute/v2.1/servers/14a6193c-05be-493e-a1bb-75b7b31897ad 2.170s
2025-03-06 07:33:40.011 69120 INFO tempest.lib.common.rest_client [req-a4c85997-d986-4982-8196-3a07cbdbb874 req-a4c85997-d986-4982-8196-3a07cbdbb874 ] Request (TenantUsagesNegativeTestJSON:setUpClass): 204 PUT http://10.180.1.21/identity/v3/projects/2757dcf05e1d49a0b700de92483a89ad/users/d2e7aa41c7e34446ad82214efbb33e36/roles/4a04f09ed94c40b48c6e2cb61c3e9a26 0.078s
2025-03-06 07:33:40.011 69120 INFO tempest.lib.common.dynamic_creds [-] Dynamic test user d2e7aa41c7e34446ad82214efbb33e36 is created with scope project and roles: ['admin']
2025-03-06 07:33:40.012 69120 INFO tempest.lib.common.dynamic_creds [-] Acquired dynamic creds: credentials: Credentials: {'domain_id': 'default', 'domain_name': 'Default', 'username': 'tempest-TenantUsagesNegativeTestJSON-1195193400-project-admin', 'project_domain_id': 'default', 'project_domain_name': 'Default', 'project_id': '2757dcf05e1d49a0b700de92483a89ad', 'project_name': 'tempest-TenantUsagesNegativeTestJSON-1195193400', 'tenant_id': '2757dcf05e1d49a0b700de92483a89ad', 'tenant_name': 'tempest-TenantUsagesNegativeTestJSON-1195193400', 'user_domain_id': 'default', 'user_domain_name': 'Default', 'user_id': 'd2e7aa41c7e34446ad82214efbb33e36', 'system': None}, Network: None, Subnet: None, Router: None
2025-03-06 07:33:40.012 69120 INFO tempest.lib.common.dynamic_creds [-] Created isolated network resources for: credentials: Credentials: {'domain_id': 'default', 'domain_name': 'Default', 'username': 'tempest-TenantUsagesNegativeTestJSON-1195193400-project-admin', 'project_domain_id': 'default', 'project_domain_name': 'Default', 'project_id': '2757dcf05e1d49a0b700de92483a89ad', 'project_name': 'tempest-TenantUsagesNegativeTestJSON-1195193400', 'tenant_id': '2757dcf05e1d49a0b700de92483a89ad', 'tenant_name': 'tempest-TenantUsagesNegativeTestJSON-1195193400', 'user_domain_id': 'default', 'user_domain_name': 'Default', 'user_id': 'd2e7aa41c7e34446ad82214efbb33e36', 'system': None}, Network: None, Subnet: None, Router: None
2025-03-06 07:33:40.017 69132 INFO tempest.lib.common.rest_client [req-5cd53d60-2486-4a2d-9738-0332456806a3 req-5cd53d60-2486-4a2d-9738-0332456806a3 ] Request (QuotaClassesAdmin257Test:setUpClass): 201 POST http://10.180.1.21/identity/v3/projects 0.062s
2025-03-06 07:33:40.103 69120 INFO tempest.lib.common.rest_client [req-68725279-3b52-477c-85cf-da0a3c7ce230 req-68725279-3b52-477c-85cf-da0a3c7ce230 ] Request (TenantUsagesNegativeTestJSON:setUpClass): 201 POST http://10.180.1.21/identity/v3/auth/tokens 0.088s
2025-03-06 07:33:40.110 69166 INFO tempest.lib.common.rest_client [req-3eb68aec-4103-4057-8240-c66b47b5d5dd req-3eb68aec-4103-4057-8240-c66b47b5d5dd ] Request (FloatingIPsAssociationTestJSON:setUpClass): 200 GET http://10.180.1.21/identity/v3/roles 0.127s
2025-03-06 07:33:40.125 69132 INFO tempest.lib.common.rest_client [req-fd99424d-a88f-485f-9b4b-564c462aa3e1 req-fd99424d-a88f-485f-9b4b-564c462aa3e1 ] Request (QuotaClassesAdmin257Test:setUpClass): 201 POST http://10.180.1.21/identity/v3/users 0.108s
2025-03-06 07:33:40.140 69166 INFO tempest.lib.common.rest_client [req-e801e746-5fbf-49d4-a88f-8668242b536d req-e801e746-5fbf-49d4-a88f-8668242b536d ] Request (FloatingIPsAssociationTestJSON:setUpClass): 204 PUT http://10.180.1.21/identity/v3/projects/1dccbd42b65c4b92b8b126d379c58779/users/2b357a733af642e7a7e467a236793948/roles/544f107cad6e4b97b770cd0685ac2896 0.030s
2025-03-06 07:33:40.140 69166 INFO tempest.lib.common.dynamic_creds [-] Dynamic test user 2b357a733af642e7a7e467a236793948 is created with scope project and roles: ['member']
2025-03-06 07:33:40.141 69166 INFO tempest.lib.common.dynamic_creds [-] Acquired dynamic creds: credentials: Credentials: {'domain_id': 'default', 'domain_name': 'Default', 'username': 'tempest-FloatingIPsAssociationTestJSON-2121957009-project-member', 'project_domain_id': 'default', 'project_domain_name': 'Default', 'project_id': '1dccbd42b65c4b92b8b126d379c58779', 'project_name': 'tempest-FloatingIPsAssociationTestJSON-2121957009', 'tenant_id': '1dccbd42b65c4b92b8b126d379c58779', 'tenant_name': 'tempest-FloatingIPsAssociationTestJSON-2121957009', 'user_domain_id': 'default', 'user_domain_name': 'Default', 'user_id': '2b357a733af642e7a7e467a236793948', 'system': None}, Network: None, Subnet: None, Router: None
2025-03-06 07:33:40.154 69132 INFO tempest.lib.common.rest_client [req-01f074aa-f59b-491f-b83f-0788eaae7d04 req-01f074aa-f59b-491f-b83f-0788eaae7d04 ] Request (QuotaClassesAdmin257Test:setUpClass): 200 GET http://10.180.1.21/identity/v3/roles 0.027s
2025-03-06 07:33:40.160 69170 INFO tempest.lib.common.rest_client [req-e457f378-7cba-494c-8544-b5972b9ae609 req-e457f378-7cba-494c-8544-b5972b9ae609 ] Request (FloatingIPsTestJSON:test_allocate_floating_ip): 200 POST http://10.180.1.21/compute/v2.1/os-floating-ips 3.421s
2025-03-06 07:33:40.171 69180 INFO tempest.lib.common.rest_client [req-a35fec2b-8ba2-461c-9074-aa650592a4b4 req-a35fec2b-8ba2-461c-9074-aa650592a4b4 ] Request (KeyPairsV210TestJSON:tearDownClass): 200 GET http://10.180.1.21:9696/networking/v2.0/security-groups?tenant_id=e4a7e5e3fa8941be91f3cf206b858708&name=default 0.406s
2025-03-06 07:33:40.201 69166 INFO tempest.lib.common.rest_client [req-1d7ef705-6cc9-484b-9e74-e9db85caba5c req-1d7ef705-6cc9-484b-9e74-e9db85caba5c ] Request (FloatingIPsAssociationTestJSON:setUpClass): 201 POST http://10.180.1.21/identity/v3/auth/tokens 0.060s
2025-03-06 07:33:40.216 69132 INFO tempest.lib.common.rest_client [req-ae3539d0-78fa-444b-a8a2-17988be270e0 req-ae3539d0-78fa-444b-a8a2-17988be270e0 ] Request (QuotaClassesAdmin257Test:setUpClass): 204 PUT http://10.180.1.21/identity/v3/projects/64831d965ad14096b736b13795e26b12/users/59adae49c04d4c5695bbab88338e5f18/roles/544f107cad6e4b97b770cd0685ac2896 0.062s
2025-03-06 07:33:40.216 69132 INFO tempest.lib.common.dynamic_creds [-] Dynamic test user 59adae49c04d4c5695bbab88338e5f18 is created with scope project and roles: ['member']
2025-03-06 07:33:40.217 69132 INFO tempest.lib.common.dynamic_creds [-] Acquired dynamic creds: credentials: Credentials: {'domain_id': 'default', 'domain_name': 'Default', 'username': 'tempest-QuotaClassesAdmin257Test-195699329-project-member', 'project_domain_id': 'default', 'project_domain_name': 'Default', 'project_id': '64831d965ad14096b736b13795e26b12', 'project_name': 'tempest-QuotaClassesAdmin257Test-195699329', 'tenant_id': '64831d965ad14096b736b13795e26b12', 'tenant_name': 'tempest-QuotaClassesAdmin257Test-195699329', 'user_domain_id': 'default', 'user_domain_name': 'Default', 'user_id': '59adae49c04d4c5695bbab88338e5f18', 'system': None}, Network: None, Subnet: None, Router: None
2025-03-06 07:33:40.217 69132 INFO tempest.lib.common.dynamic_creds [-] Created isolated network resources for: credentials: Credentials: {'domain_id': 'default', 'domain_name': 'Default', 'username': 'tempest-QuotaClassesAdmin257Test-195699329-project-member', 'project_domain_id': 'default', 'project_domain_name': 'Default', 'project_id': '64831d965ad14096b736b13795e26b12', 'project_name': 'tempest-QuotaClassesAdmin257Test-195699329', 'tenant_id': '64831d965ad14096b736b13795e26b12', 'tenant_name': 'tempest-QuotaClassesAdmin257Test-195699329', 'user_domain_id': 'default', 'user_domain_name': 'Default', 'user_id': '59adae49c04d4c5695bbab88338e5f18', 'system': None}, Network: None, Subnet: None, Router: None
2025-03-06 07:33:40.332 69142 INFO tempest.lib.common.rest_client [req-4c5a42c5-28b9-4628-8aec-0a8adb294432 req-4c5a42c5-28b9-4628-8aec-0a8adb294432 ] Request (ServicesAdminNegativeV253TestJSON:test_list_services_with_non_admin_user): 403 GET http://10.180.1.21/compute/v2.1/os-services 2.207s
2025-03-06 07:33:40.337 69136 INFO tempest.lib.common.rest_client [req-d8017d86-e318-464b-9821-277a83d1c2b8 req-d8017d86-e318-464b-9821-277a83d1c2b8 ] Request (QuotasAdminTestV236:tearDownClass): 200 GET http://10.180.1.21:9696/networking/v2.0/security-groups?tenant_id=4a04eadcb2b440348017b71f5cd3ff3a&name=default 0.578s
2025-03-06 07:33:40.344 69152 INFO tempest.lib.common.rest_client [req-793bc4a5-4bfa-4a57-9e68-d7f39694c9a5 req-793bc4a5-4bfa-4a57-9e68-d7f39694c9a5 ] Request (AggregatesAdminNegativeTestJSON:test_aggregate_create_as_user): 403 POST http://10.180.1.21/compute/v2.1/os-aggregates 2.216s
2025-03-06 07:33:40.360 69132 INFO tempest.lib.common.rest_client [req-7267a1fd-3e5e-4093-bf81-d9a46020c8be req-7267a1fd-3e5e-4093-bf81-d9a46020c8be ] Request (QuotaClassesAdmin257Test:setUpClass): 201 POST http://10.180.1.21/identity/v3/auth/tokens 0.138s
2025-03-06 07:33:40.397 69132 INFO tempest.lib.common.rest_client [req-625d8744-31cf-4510-be02-dde281b0a01a req-625d8744-31cf-4510-be02-dde281b0a01a ] Request (QuotaClassesAdmin257Test:setUpClass): 201 POST http://10.180.1.21/identity/v3/projects 0.036s
2025-03-06 07:33:40.410 69142 INFO tempest.lib.common.rest_client [req-7745a944-0394-4b01-bcc0-084ebe3312b8 req-7745a944-0394-4b01-bcc0-084ebe3312b8 ] Request (ServicesAdminNegativeV253TestJSON:tearDownClass): 204 DELETE http://10.180.1.21/identity/v3/users/ed70b1e9f11e4a54808355619b2926e1 0.077s
2025-03-06 07:33:40.445 69180 INFO tempest.lib.common.rest_client [req-f28c2bbd-a377-40e3-a7ba-ed3d5a8138e1 req-f28c2bbd-a377-40e3-a7ba-ed3d5a8138e1 ] Request (KeyPairsV210TestJSON:tearDownClass): 204 DELETE http://10.180.1.21:9696/networking/v2.0/security-groups/cac27019-71b9-4c72-8a10-5887f7ad2c72 0.273s
2025-03-06 07:33:40.461 69162 INFO tempest.lib.common.rest_client [req-46c136e2-696f-459a-84ca-5410015e7152 req-46c136e2-696f-459a-84ca-5410015e7152 ] Request (ImagesTestJSON:test_create_image_from_stopped_server): 200 GET http://10.180.1.21/compute/v2.1/servers/a8322577-7f86-48e3-be17-8dfc19047045 2.566s
2025-03-06 07:33:40.519 69132 INFO tempest.lib.common.rest_client [req-c822e342-206c-44c9-8f49-7ad86aa19ac2 req-c822e342-206c-44c9-8f49-7ad86aa19ac2 ] Request (QuotaClassesAdmin257Test:setUpClass): 201 POST http://10.180.1.21/identity/v3/users 0.120s
2025-03-06 07:33:40.608 69142 INFO tempest.lib.common.rest_client [req-0ac3835e-78e8-4d09-ba3a-196123ed5fd3 req-0ac3835e-78e8-4d09-ba3a-196123ed5fd3 ] Request (ServicesAdminNegativeV253TestJSON:tearDownClass): 204 DELETE http://10.180.1.21/identity/v3/users/a97bd9dbe0e649ecb80b273f71aba4f6 0.197s
2025-03-06 07:33:40.608 69142 INFO tempest.lib.common.dynamic_creds [-] Deleting project and security group for project: f8e5d1208ca74dad9ab43bf52af2f67d
2025-03-06 07:33:40.613 69138 INFO tempest.lib.common.rest_client [req-ce7df26d-aef4-4dba-938f-00d01598ed9b req-ce7df26d-aef4-4dba-938f-00d01598ed9b ] Request (ServerDiagnosticsNegativeTest:tearDownClass): 204 DELETE http://10.180.1.21/compute/v2.1/servers/7c883ceb-bd80-4e2d-8172-aa18125ef396 2.425s
2025-03-06 07:33:40.616 69180 INFO tempest.lib.common.rest_client [req-9c05f13c-eac7-4b80-a2c1-0f70281f2a7a req-9c05f13c-eac7-4b80-a2c1-0f70281f2a7a ] Request (KeyPairsV210TestJSON:tearDownClass): 204 DELETE http://10.180.1.21/identity/v3/projects/e4a7e5e3fa8941be91f3cf206b858708 0.168s
2025-03-06 07:33:40.664 69140 INFO tempest.lib.common.rest_client [req-dbf171fb-f2c1-4891-80ca-7589cb9e6bff req-dbf171fb-f2c1-4891-80ca-7589cb9e6bff ] Request (FlavorsAccessNegativeTestJSON:test_flavor_non_admin_remove): 200 POST http://10.180.1.21/compute/v2.1/flavors 2.414s
2025-03-06 07:33:40.676 69134 INFO tempest.lib.common.rest_client [req-358613ef-912d-43c3-8749-2bf731b5d1d8 req-358613ef-912d-43c3-8749-2bf731b5d1d8 ] Request (ServersTestBootFromVolume:setUpClass): 200 GET http://10.180.1.21/volume/v3/volumes/04f9aab8-9078-483a-ac7e-edc1b4200b9b 0.208s
2025-03-06 07:33:40.676 69132 INFO tempest.lib.common.rest_client [req-5f1baf2e-726c-4061-947a-c20b44ed0548 req-5f1baf2e-726c-4061-947a-c20b44ed0548 ] Request (QuotaClassesAdmin257Test:setUpClass): 200 GET http://10.180.1.21/identity/v3/roles 0.157s
2025-03-06 07:33:40.682 69142 INFO tempest.lib.common.rest_client [req-65a1f977-5b74-4210-9768-cdb186659bd2 req-65a1f977-5b74-4210-9768-cdb186659bd2 ] Request (ServicesAdminNegativeV253TestJSON:tearDownClass): 201 POST http://10.180.1.21/identity/v3/auth/tokens 0.073s
2025-03-06 07:33:40.686 69150 INFO tempest.lib.common.rest_client [req-ce281d42-80e1-4780-8756-870a7437d755 req-ce281d42-80e1-4780-8756-870a7437d755 ] Request (HostsAdminTestJSON:test_list_hosts_with_a_blank_zone): 200 GET http://10.180.1.21/compute/v2.1/os-hosts?zone= 2.401s
2025-03-06 07:33:40.704 69180 INFO tempest.lib.common.rest_client [req-b2d53f69-2748-4d33-8796-4af561a2d58b req-b2d53f69-2748-4d33-8796-4af561a2d58b ] Request (KeyPairsNegativeTestJSON:setUpClass): 201 POST http://10.180.1.21/identity/v3/auth/tokens 0.086s
2025-03-06 07:33:40.713 69132 INFO tempest.lib.common.rest_client [req-b93aff56-5f4a-4c19-929b-04c6403e9424 req-b93aff56-5f4a-4c19-929b-04c6403e9424 ] Request (QuotaClassesAdmin257Test:setUpClass): 204 PUT http://10.180.1.21/identity/v3/projects/0b86830929f64409b398c305df91771f/users/321bd0e46b1849669213bd22a6223efa/roles/4a04f09ed94c40b48c6e2cb61c3e9a26 0.036s
2025-03-06 07:33:40.763 69132 INFO tempest.lib.common.rest_client [req-ab07a78d-62d9-4de9-9203-43c0f763d01e req-ab07a78d-62d9-4de9-9203-43c0f763d01e ] Request (QuotaClassesAdmin257Test:setUpClass): 200 GET http://10.180.1.21/identity/v3/roles 0.049s
2025-03-06 07:33:40.769 69180 INFO tempest.lib.common.rest_client [req-d8fdb00b-2f52-4231-9ac3-0e5eb281a283 req-d8fdb00b-2f52-4231-9ac3-0e5eb281a283 ] Request (KeyPairsNegativeTestJSON:setUpClass): 201 POST http://10.180.1.21/identity/v3/auth/tokens 0.063s
2025-03-06 07:33:40.784 69132 INFO tempest.lib.common.rest_client [req-eef20e00-ec49-44e2-8c64-c60942bd7e99 req-eef20e00-ec49-44e2-8c64-c60942bd7e99 ] Request (QuotaClassesAdmin257Test:setUpClass): 204 PUT http://10.180.1.21/identity/v3/projects/0b86830929f64409b398c305df91771f/users/321bd0e46b1849669213bd22a6223efa/roles/4a04f09ed94c40b48c6e2cb61c3e9a26 0.020s
2025-03-06 07:33:40.784 69132 INFO tempest.lib.common.dynamic_creds [-] Dynamic test user 321bd0e46b1849669213bd22a6223efa is created with scope project and roles: ['admin']
2025-03-06 07:33:40.785 69132 INFO tempest.lib.common.dynamic_creds [-] Acquired dynamic creds: credentials: Credentials: {'domain_id': 'default', 'domain_name': 'Default', 'username': 'tempest-QuotaClassesAdmin257Test-1717187155-project-admin', 'project_domain_id': 'default', 'project_domain_name': 'Default', 'project_id': '0b86830929f64409b398c305df91771f', 'project_name': 'tempest-QuotaClassesAdmin257Test-1717187155', 'tenant_id': '0b86830929f64409b398c305df91771f', 'tenant_name': 'tempest-QuotaClassesAdmin257Test-1717187155', 'user_domain_id': 'default', 'user_domain_name': 'Default', 'user_id': '321bd0e46b1849669213bd22a6223efa', 'system': None}, Network: None, Subnet: None, Router: None
2025-03-06 07:33:40.785 69132 INFO tempest.lib.common.dynamic_creds [-] Created isolated network resources for: credentials: Credentials: {'domain_id': 'default', 'domain_name': 'Default', 'username': 'tempest-QuotaClassesAdmin257Test-1717187155-project-admin', 'project_domain_id': 'default', 'project_domain_name': 'Default', 'project_id': '0b86830929f64409b398c305df91771f', 'project_name': 'tempest-QuotaClassesAdmin257Test-1717187155', 'tenant_id': '0b86830929f64409b398c305df91771f', 'tenant_name': 'tempest-QuotaClassesAdmin257Test-1717187155', 'user_domain_id': 'default', 'user_domain_name': 'Default', 'user_id': '321bd0e46b1849669213bd22a6223efa', 'system': None}, Network: None, Subnet: None, Router: None
2025-03-06 07:33:40.796 69180 INFO tempest.lib.common.rest_client [req-c0e89029-122d-44d3-8ed9-8df16d22c492 req-c0e89029-122d-44d3-8ed9-8df16d22c492 ] Request (KeyPairsNegativeTestJSON:setUpClass): 200 GET http://10.180.1.21/identity/v3/domains?name=Default 0.027s
2025-03-06 07:33:40.867 69180 INFO tempest.lib.common.rest_client [req-1f4cde80-9043-4c36-bf7d-c84aa2cbb271 req-1f4cde80-9043-4c36-bf7d-c84aa2cbb271 ] Request (KeyPairsNegativeTestJSON:setUpClass): 201 POST http://10.180.1.21/identity/v3/projects 0.070s
2025-03-06 07:33:40.921 69132 INFO tempest.lib.common.rest_client [req-a4eaf2b1-0b62-4316-97ae-80ba1b4d5d12 req-a4eaf2b1-0b62-4316-97ae-80ba1b4d5d12 ] Request (QuotaClassesAdmin257Test:setUpClass): 201 POST http://10.180.1.21/identity/v3/auth/tokens 0.133s
2025-03-06 07:33:40.927 69122 INFO tempest.lib.common.rest_client [req-923809a2-0628-4405-946b-48e07dbcc930 req-923809a2-0628-4405-946b-48e07dbcc930 ] Request (VolumesAssistedSnapshotsTest:test_volume_assisted_snapshot_create_delete): 200 GET http://10.180.1.21/compute/v2.1/servers/3e0ad6f4-d2bc-40ff-a7d1-e7175c0c4839 2.461s
2025-03-06 07:33:40.947 69144 INFO tempest.lib.common.rest_client [req-8ab822f0-ecd6-4079-937e-4301a7984b9d req-8ab822f0-ecd6-4079-937e-4301a7984b9d ] Request (ImagesNegativeTestJSON:test_create_image_from_deleted_server): 200 GET http://10.180.1.21/compute/v2.1/servers/fe6f7451-48d7-4698-816a-9a065ce0af35 2.767s
2025-03-06 07:33:40.996 69180 INFO tempest.lib.common.rest_client [req-1c00661a-f054-46b8-95c6-11d9735f0520 req-1c00661a-f054-46b8-95c6-11d9735f0520 ] Request (KeyPairsNegativeTestJSON:setUpClass): 201 POST http://10.180.1.21/identity/v3/users 0.128s
2025-03-06 07:33:41.015 69180 INFO tempest.lib.common.rest_client [req-3ea23236-548d-4be1-99f4-289ff96fc1dc req-3ea23236-548d-4be1-99f4-289ff96fc1dc ] Request (KeyPairsNegativeTestJSON:setUpClass): 200 GET http://10.180.1.21/identity/v3/roles 0.019s
2025-03-06 07:33:41.021 69136 INFO tempest.lib.common.rest_client [req-4a003a9f-1f5a-4543-827f-f678bafdf2ee req-4a003a9f-1f5a-4543-827f-f678bafdf2ee ] Request (QuotasAdminTestV236:tearDownClass): 204 DELETE http://10.180.1.21:9696/networking/v2.0/security-groups/c9cfeccf-bb8f-4ed0-abdc-ea2f11227145 0.683s
2025-03-06 07:33:41.038 69164 INFO tempest.lib.common.rest_client [req-76fcd933-59c6-4952-8359-8b70773e2122 req-76fcd933-59c6-4952-8359-8b70773e2122 ] Request (ServersAdminTestJSON:setUpClass): 200 GET http://10.180.1.21/compute/v2.1/servers/27610814-a343-4395-ab92-501846547df8 2.085s
2025-03-06 07:33:41.049 69180 INFO tempest.lib.common.rest_client [req-39d9da67-6016-4443-9d95-62e82213d7f4 req-39d9da67-6016-4443-9d95-62e82213d7f4 ] Request (KeyPairsNegativeTestJSON:setUpClass): 204 PUT http://10.180.1.21/identity/v3/projects/edd7d1ad3c934035a9563410eef4d635/users/8075640fe9fe4401a325058757d75fc9/roles/544f107cad6e4b97b770cd0685ac2896 0.033s
2025-03-06 07:33:41.049 69180 INFO tempest.lib.common.dynamic_creds [-] Dynamic test user 8075640fe9fe4401a325058757d75fc9 is created with scope project and roles: ['member']
2025-03-06 07:33:41.049 69180 INFO tempest.lib.common.dynamic_creds [-] Acquired dynamic creds: credentials: Credentials: {'domain_id': 'default', 'domain_name': 'Default', 'username': 'tempest-KeyPairsNegativeTestJSON-731581647-project-member', 'project_domain_id': 'default', 'project_domain_name': 'Default', 'project_id': 'edd7d1ad3c934035a9563410eef4d635', 'project_name': 'tempest-KeyPairsNegativeTestJSON-731581647', 'tenant_id': 'edd7d1ad3c934035a9563410eef4d635', 'tenant_name': 'tempest-KeyPairsNegativeTestJSON-731581647', 'user_domain_id': 'default', 'user_domain_name': 'Default', 'user_id': '8075640fe9fe4401a325058757d75fc9', 'system': None}, Network: None, Subnet: None, Router: None
2025-03-06 07:33:41.050 69180 INFO tempest.lib.common.dynamic_creds [-] Created isolated network resources for: credentials: Credentials: {'domain_id': 'default', 'domain_name': 'Default', 'username': 'tempest-KeyPairsNegativeTestJSON-731581647-project-member', 'project_domain_id': 'default', 'project_domain_name': 'Default', 'project_id': 'edd7d1ad3c934035a9563410eef4d635', 'project_name': 'tempest-KeyPairsNegativeTestJSON-731581647', 'tenant_id': 'edd7d1ad3c934035a9563410eef4d635', 'tenant_name': 'tempest-KeyPairsNegativeTestJSON-731581647', 'user_domain_id': 'default', 'user_domain_name': 'Default', 'user_id': '8075640fe9fe4401a325058757d75fc9', 'system': None}, Network: None, Subnet: None, Router: None
2025-03-06 07:33:41.130 69180 INFO tempest.lib.common.rest_client [req-60b77f18-4804-4414-87e8-cbc7a6710edf req-60b77f18-4804-4414-87e8-cbc7a6710edf ] Request (KeyPairsNegativeTestJSON:setUpClass): 201 POST http://10.180.1.21/identity/v3/auth/tokens 0.076s
2025-03-06 07:33:41.159 69136 INFO tempest.lib.common.rest_client [req-4971dd15-5697-4696-84f4-b157db227fa3 req-4971dd15-5697-4696-84f4-b157db227fa3 ] Request (QuotasAdminTestV236:tearDownClass): 204 DELETE http://10.180.1.21/identity/v3/projects/4a04eadcb2b440348017b71f5cd3ff3a 0.138s
2025-03-06 07:33:41.159 69136 INFO tempest.lib.common.dynamic_creds [-] Deleting project and security group for project: a8e8fea75f6e4126a567480d36a1371b
2025-03-06 07:33:41.242 69142 INFO tempest.lib.common.rest_client [req-e3eb81fb-098c-4053-877d-fed3e0b722bf req-e3eb81fb-098c-4053-877d-fed3e0b722bf ] Request (ServicesAdminNegativeV253TestJSON:tearDownClass): 200 GET http://10.180.1.21:9696/networking/v2.0/security-groups?tenant_id=f8e5d1208ca74dad9ab43bf52af2f67d&name=default 0.560s
2025-03-06 07:33:41.253 69166 INFO tempest.lib.common.rest_client [req-2480a9c2-d299-4ad2-8437-51c3b735fd69 req-2480a9c2-d299-4ad2-8437-51c3b735fd69 ] Request (FloatingIPsAssociationTestJSON:setUpClass): 201 POST http://10.180.1.21:9696/networking/v2.0/networks 1.052s
2025-03-06 07:33:41.286 69168 INFO tempest.lib.common.rest_client [req-4a599407-0ca3-42d0-9ec2-60b998df31c5 req-4a599407-0ca3-42d0-9ec2-60b998df31c5 ] Request (ImagesMetadataTestJSON:setUp): 200 PUT http://10.180.1.21/compute/v2.1/images/dc0e2e77-a6a6-4fc6-b497-2ac87352ef69/metadata 2.186s
2025-03-06 07:33:41.406 69130 INFO tempest.lib.common.rest_client [req-92d5e42a-9511-49b9-a977-e1af3d485570 req-92d5e42a-9511-49b9-a977-e1af3d485570 ] Request (AttachInterfacesUnderV243Test:test_add_remove_fixed_ip): 200 GET http://10.180.1.21/compute/v2.1/servers/ebe265d5-d05d-48f6-a05a-5e79189d63a3 2.299s
2025-03-06 07:33:41.504 69136 INFO tempest.lib.common.rest_client [req-938e6fb4-e4d1-4d2c-a3ed-84c44d6ad8e0 req-938e6fb4-e4d1-4d2c-a3ed-84c44d6ad8e0 ] Request (QuotasAdminTestV236:tearDownClass): 200 GET http://10.180.1.21:9696/networking/v2.0/security-groups?tenant_id=a8e8fea75f6e4126a567480d36a1371b&name=default 0.344s
2025-03-06 07:33:41.522 69142 INFO tempest.lib.common.rest_client [req-5627ba60-99e6-48dc-be95-1b40fdfbf51b req-5627ba60-99e6-48dc-be95-1b40fdfbf51b ] Request (ServicesAdminNegativeV253TestJSON:tearDownClass): 204 DELETE http://10.180.1.21:9696/networking/v2.0/security-groups/0045d8f5-47fb-4ada-b8a6-9e44c21b1844 0.279s
2025-03-06 07:33:41.590 69178 INFO tempest.lib.common.rest_client [req-495396d6-9cb9-4a8b-99aa-0396ad0a257a req-495396d6-9cb9-4a8b-99aa-0396ad0a257a ] Request (ServerDiagnosticsTest:test_get_server_diagnostics): 200 GET http://10.180.1.21/compute/v2.1/servers/c9025454-e87b-4bfa-8b8d-4951d2085250 2.441s
2025-03-06 07:33:41.647 69166 INFO tempest.lib.common.rest_client [req-dc67eb0e-5c57-4de2-a9a9-98f7bdc3f877 req-dc67eb0e-5c57-4de2-a9a9-98f7bdc3f877 ] Request (FloatingIPsAssociationTestJSON:setUpClass): 201 POST http://10.180.1.21:9696/networking/v2.0/subnets 0.393s
2025-03-06 07:33:41.658 69142 INFO tempest.lib.common.rest_client [req-ed5035a7-eb0b-4087-b307-89c3f29876bf req-ed5035a7-eb0b-4087-b307-89c3f29876bf ] Request (ServicesAdminNegativeV253TestJSON:tearDownClass): 204 DELETE http://10.180.1.21/identity/v3/projects/f8e5d1208ca74dad9ab43bf52af2f67d 0.135s
2025-03-06 07:33:41.658 69142 INFO tempest.lib.common.dynamic_creds [-] Deleting project and security group for project: 9c6b399935094e6c83c17ca31c691b8b
2025-03-06 07:33:41.663 69156 INFO tempest.lib.common.rest_client [req-c5ebc17a-5618-465e-ae14-0edfadb81b57 req-c5ebc17a-5618-465e-ae14-0edfadb81b57 ] Request (MultipleCreateTestJSON:test_multiple_create): 200 GET http://10.180.1.21/compute/v2.1/servers/f235dee2-a99f-4a13-b718-f20306db3cf7 2.320s
2025-03-06 07:33:41.730 69134 INFO tempest.lib.common.rest_client [req-e3a87590-d275-483e-b3ab-d7a7383f27e6 req-e3a87590-d275-483e-b3ab-d7a7383f27e6 ] Request (ServersTestBootFromVolume:setUpClass): 200 GET http://10.180.1.21/volume/v3/volumes/04f9aab8-9078-483a-ac7e-edc1b4200b9b 0.042s
2025-03-06 07:33:41.827 69136 INFO tempest.lib.common.rest_client [req-5f1fb177-f877-4800-9151-47b4f2cd305b req-5f1fb177-f877-4800-9151-47b4f2cd305b ] Request (QuotasAdminTestV236:tearDownClass): 204 DELETE http://10.180.1.21:9696/networking/v2.0/security-groups/92cc190f-d0a8-4fe4-9ab4-db02cd49da4f 0.323s
2025-03-06 07:33:41.966 69148 INFO tempest.lib.common.rest_client [req-63359a8f-ac55-4485-b9d8-36a0bfd4b8ae req-63359a8f-ac55-4485-b9d8-36a0bfd4b8ae ] Request (ServerDiskConfigTestJSON:test_rebuild_server_with_auto_disk_config): 200 GET http://10.180.1.21/compute/v2.1/servers/43b53df0-1d55-46f2-a7ab-883dd380aa17 2.573s
2025-03-06 07:33:42.010 69136 INFO tempest.lib.common.rest_client [req-c1adf873-574a-4f9f-9375-6bcd051b2566 req-c1adf873-574a-4f9f-9375-6bcd051b2566 ] Request (QuotasAdminTestV236:tearDownClass): 204 DELETE http://10.180.1.21/identity/v3/projects/a8e8fea75f6e4126a567480d36a1371b 0.182s
2025-03-06 07:33:42.039 69142 INFO tempest.lib.common.rest_client [req-fd00fa33-2d0b-4994-9178-cd348940306f req-fd00fa33-2d0b-4994-9178-cd348940306f ] Request (ServicesAdminNegativeV253TestJSON:tearDownClass): 200 GET http://10.180.1.21:9696/networking/v2.0/security-groups?tenant_id=9c6b399935094e6c83c17ca31c691b8b&name=default 0.380s
2025-03-06 07:33:42.076 69124 INFO tempest.lib.common.rest_client [req-5ae10df9-bb67-47bd-845b-3e8bc131206e req-5ae10df9-bb67-47bd-845b-3e8bc131206e ] Request (ServersWithSpecificFlavorTestJSON:test_verify_created_server_ephemeral_disk): 200 GET http://10.180.1.21/compute/v2.1/servers/dbb7fdd2-fd7f-43d3-b0de-8992efd3176a 2.623s
2025-03-06 07:33:42.096 69136 INFO tempest.lib.common.rest_client [req-f0f55409-36a1-43a9-bc79-a865e9b3de6b req-f0f55409-36a1-43a9-bc79-a865e9b3de6b ] Request (ListServerFiltersTestJSON:setUpClass): 201 POST http://10.180.1.21/identity/v3/auth/tokens 0.084s
2025-03-06 07:33:42.101 69182 INFO tempest.lib.common.rest_client [req-931e2e0a-5f75-4202-999a-872da2881f85 req-931e2e0a-5f75-4202-999a-872da2881f85 ] Request (FlavorMetadataValidation:_run_cleanups): 202 DELETE http://10.180.1.21/compute/v2.1/flavors/268098552 2.615s
2025-03-06 07:33:42.138 69136 INFO tempest.lib.common.rest_client [req-0236b6d1-5ac0-4ac5-9733-bcb91a726476 req-0236b6d1-5ac0-4ac5-9733-bcb91a726476 ] Request (ListServerFiltersTestJSON:setUpClass): 201 POST http://10.180.1.21/identity/v3/auth/tokens 0.039s
2025-03-06 07:33:42.169 69136 INFO tempest.lib.common.rest_client [req-a105a606-de5d-4424-8767-6749856e501a req-a105a606-de5d-4424-8767-6749856e501a ] Request (ListServerFiltersTestJSON:setUpClass): 200 GET http://10.180.1.21/identity/v3/domains?name=Default 0.030s
2025-03-06 07:33:42.208 69128 INFO tempest.lib.common.rest_client [req-ba092a05-511b-4f55-bf9b-907f22a9de7b req-ba092a05-511b-4f55-bf9b-907f22a9de7b ] Request (ServersV294TestFqdnHostnames:setUpClass): 201 POST http://10.180.1.21:9696/networking/v2.0/routers 2.719s
2025-03-06 07:33:42.208 69136 INFO tempest.lib.common.rest_client [req-8ceaea7d-667e-4976-a164-6f73ee34b00e req-8ceaea7d-667e-4976-a164-6f73ee34b00e ] Request (ListServerFiltersTestJSON:setUpClass): 201 POST http://10.180.1.21/identity/v3/projects 0.039s
2025-03-06 07:33:42.270 69136 INFO tempest.lib.common.rest_client [req-c5b8b935-dab9-433f-ae47-b07b2f9cd824 req-c5b8b935-dab9-433f-ae47-b07b2f9cd824 ] Request (ListServerFiltersTestJSON:setUpClass): 201 POST http://10.180.1.21/identity/v3/users 0.062s
2025-03-06 07:33:42.285 69154 INFO tempest.lib.common.rest_client [req-48a4f196-a608-4ef5-91e3-d02b00e923a3 req-48a4f196-a608-4ef5-91e3-d02b00e923a3 ] Request (ServerRescueTestJSONUnderV235:setUpClass): 200 GET http://10.180.1.21/compute/v2.1/servers/ec3b9c58-b201-40ca-830b-29749bc54a83 2.744s
2025-03-06 07:33:42.293 69154 INFO tempest.common.waiters [-] State transition "BUILD/networking" ==> "BUILD/spawning" after 19 second wait
2025-03-06 07:33:42.305 69136 INFO tempest.lib.common.rest_client [req-f528f9bc-731b-47e8-acf3-ace0f4c81f10 req-f528f9bc-731b-47e8-acf3-ace0f4c81f10 ] Request (ListServerFiltersTestJSON:setUpClass): 200 GET http://10.180.1.21/identity/v3/roles 0.034s
2025-03-06 07:33:42.312 69158 INFO tempest.lib.common.rest_client [req-32b65e48-5beb-4167-839b-5f893e602295 req-32b65e48-5beb-4167-839b-5f893e602295 ] Request (ServicesAdminTestJSON:test_get_service_by_host_name): 200 GET http://10.180.1.21/compute/v2.1/os-services?host=devstack 2.598s
2025-03-06 07:33:42.333 69174 INFO tempest.lib.common.rest_client [req-b4c675be-1fb9-49ea-9927-8eb55bd288c8 req-b4c675be-1fb9-49ea-9927-8eb55bd288c8 ] Request (FlavorsAdminTestJSON:_run_cleanups): 200 GET http://10.180.1.21/compute/v2.1/flavors/detail 2.596s
2025-03-06 07:33:42.334 69136 INFO tempest.lib.common.rest_client [req-fcbbbe1c-c573-4920-ae96-f22432166684 req-fcbbbe1c-c573-4920-ae96-f22432166684 ] Request (ListServerFiltersTestJSON:setUpClass): 204 PUT http://10.180.1.21/identity/v3/projects/ac21481a3aa84e02b9622cd2eb4904e7/users/a0a424d00a994a2d9891cc7befa064cc/roles/544f107cad6e4b97b770cd0685ac2896 0.029s
2025-03-06 07:33:42.335 69136 INFO tempest.lib.common.dynamic_creds [-] Dynamic test user a0a424d00a994a2d9891cc7befa064cc is created with scope project and roles: ['member']
2025-03-06 07:33:42.335 69136 INFO tempest.lib.common.dynamic_creds [-] Acquired dynamic creds: credentials: Credentials: {'domain_id': 'default', 'domain_name': 'Default', 'username': 'tempest-ListServerFiltersTestJSON-1971023781-project-member', 'project_domain_id': 'default', 'project_domain_name': 'Default', 'project_id': 'ac21481a3aa84e02b9622cd2eb4904e7', 'project_name': 'tempest-ListServerFiltersTestJSON-1971023781', 'tenant_id': 'ac21481a3aa84e02b9622cd2eb4904e7', 'tenant_name': 'tempest-ListServerFiltersTestJSON-1971023781', 'user_domain_id': 'default', 'user_domain_name': 'Default', 'user_id': 'a0a424d00a994a2d9891cc7befa064cc', 'system': None}, Network: None, Subnet: None, Router: None
2025-03-06 07:33:42.396 69136 INFO tempest.lib.common.rest_client [req-0a13c3fa-44ea-4da7-a01a-94f22dda3a38 req-0a13c3fa-44ea-4da7-a01a-94f22dda3a38 ] Request (ListServerFiltersTestJSON:setUpClass): 201 POST http://10.180.1.21/identity/v3/auth/tokens 0.061s
2025-03-06 07:33:42.524 69160 INFO tempest.lib.common.rest_client [req-577b22c9-7c47-43ae-87d2-38cf593dff5f req-577b22c9-7c47-43ae-87d2-38cf593dff5f ] Request (TenantUsagesTestJSON:setUpClass): 200 GET http://10.180.1.21/compute/v2.1/servers/e2be90b1-394a-4add-8135-7789857dcec1 2.720s
2025-03-06 07:33:42.530 69142 INFO tempest.lib.common.rest_client [req-c8aaa496-3a6c-43bd-b905-d68d06af23e0 req-c8aaa496-3a6c-43bd-b905-d68d06af23e0 ] Request (ServicesAdminNegativeV253TestJSON:tearDownClass): 204 DELETE http://10.180.1.21:9696/networking/v2.0/security-groups/5b24eecd-e105-4b20-965b-497640dd474f 0.491s
2025-03-06 07:33:42.533 69160 INFO tempest.common.waiters [-] State transition "BUILD/spawning" ==> "ACTIVE/None" after 22 second wait
2025-03-06 07:33:42.603 69142 INFO tempest.lib.common.rest_client [req-aec0d479-01a2-4ba6-856c-18cee06ddca6 req-aec0d479-01a2-4ba6-856c-18cee06ddca6 ] Request (ServicesAdminNegativeV253TestJSON:tearDownClass): 204 DELETE http://10.180.1.21/identity/v3/projects/9c6b399935094e6c83c17ca31c691b8b 0.072s
2025-03-06 07:33:42.604 69142 INFO tempest.test [-] raised in SpiceDirectConsoleTestJSON.setUpClass. Invoking tearDownClass.
2025-03-06 07:33:42.674 69142 INFO tempest.lib.common.rest_client [req-e4eae33f-2b17-4300-8ff3-f8999a478957 req-e4eae33f-2b17-4300-8ff3-f8999a478957 ] Request (ImagesOneServerNegativeTestJSON:setUpClass): 201 POST http://10.180.1.21/identity/v3/auth/tokens 0.068s
2025-03-06 07:33:42.696 69120 INFO tempest.lib.common.rest_client [req-9ac221c1-5439-40f9-85e3-4c95a1ed7cd5 req-9ac221c1-5439-40f9-85e3-4c95a1ed7cd5 ] Request (TenantUsagesNegativeTestJSON:test_get_usage_tenant_with_empty_tenant_id): 404 GET http://10.180.1.21/compute/v2.1/os-simple-tenant-usage/?start=2025-03-05T07%3A33%3A40.104536&end=2025-03-07T07%3A33%3A40.104536 2.590s
2025-03-06 07:33:42.697 69120 WARNING tempest.lib.common.rest_client [-] Deprecated: "tenant_id" property is deprecated for removal, use "project_id" instead
2025-03-06 07:33:42.708 69142 INFO tempest.lib.common.rest_client [req-5d85b45a-2d75-4b2c-b1e3-c255040266c4 req-5d85b45a-2d75-4b2c-b1e3-c255040266c4 ] Request (ImagesOneServerNegativeTestJSON:setUpClass): 201 POST http://10.180.1.21/identity/v3/auth/tokens 0.030s
2025-03-06 07:33:42.742 69142 INFO tempest.lib.common.rest_client [req-65b75235-affd-4ebf-9e0d-5d9c1ef73224 req-65b75235-affd-4ebf-9e0d-5d9c1ef73224 ] Request (ImagesOneServerNegativeTestJSON:setUpClass): 200 GET http://10.180.1.21/identity/v3/domains?name=Default 0.033s
2025-03-06 07:33:42.779 69134 INFO tempest.lib.common.rest_client [req-dc1afb99-78b9-41bd-94f7-ded4ecb18b2f req-dc1afb99-78b9-41bd-94f7-ded4ecb18b2f ] Request (ServersTestBootFromVolume:setUpClass): 200 GET http://10.180.1.21/volume/v3/volumes/04f9aab8-9078-483a-ac7e-edc1b4200b9b 0.039s
2025-03-06 07:33:42.790 69142 INFO tempest.lib.common.rest_client [req-eed9510e-9413-4d4e-81bc-7b0fdda4ec16 req-eed9510e-9413-4d4e-81bc-7b0fdda4ec16 ] Request (ImagesOneServerNegativeTestJSON:setUpClass): 201 POST http://10.180.1.21/identity/v3/projects 0.047s
2025-03-06 07:33:42.880 69142 INFO tempest.lib.common.rest_client [req-c3d4ca43-73f9-46ec-a872-65ca5dcd1acd req-c3d4ca43-73f9-46ec-a872-65ca5dcd1acd ] Request (ImagesOneServerNegativeTestJSON:setUpClass): 201 POST http://10.180.1.21/identity/v3/users 0.089s
2025-03-06 07:33:42.905 69170 INFO tempest.lib.common.rest_client [req-8c345417-c318-4fa2-9cb7-3fcc8d8d8361 req-8c345417-c318-4fa2-9cb7-3fcc8d8d8361 ] Request (FloatingIPsTestJSON:test_allocate_floating_ip): 200 GET http://10.180.1.21/compute/v2.1/os-floating-ips/6f7babeb-b44e-4339-b051-159c6a4791e8 2.742s
2025-03-06 07:33:42.906 69142 INFO tempest.lib.common.rest_client [req-44e995dd-53f4-4e3f-947d-ba0961521382 req-44e995dd-53f4-4e3f-947d-ba0961521382 ] Request (ImagesOneServerNegativeTestJSON:setUpClass): 200 GET http://10.180.1.21/identity/v3/roles 0.026s
2025-03-06 07:33:42.917 69176 INFO tempest.lib.common.rest_client [req-a668d3c4-4c9e-4307-bfac-473e8f942aa5 req-a668d3c4-4c9e-4307-bfac-473e8f942aa5 ] Request (FloatingIPDetailsTestJSON:setUpClass): 200 POST http://10.180.1.21/compute/v2.1/os-floating-ips 4.114s
2025-03-06 07:33:42.952 69142 INFO tempest.lib.common.rest_client [req-0b3b3c01-daff-4e5c-a2d6-05bfb8654f00 req-0b3b3c01-daff-4e5c-a2d6-05bfb8654f00 ] Request (ImagesOneServerNegativeTestJSON:setUpClass): 204 PUT http://10.180.1.21/identity/v3/projects/8ac4308f08c345188784ec4b16bbd7be/users/a91c42c89a4044e9b38de1fa8fca29b4/roles/544f107cad6e4b97b770cd0685ac2896 0.046s
2025-03-06 07:33:42.954 69142 INFO tempest.lib.common.dynamic_creds [-] Dynamic test user a91c42c89a4044e9b38de1fa8fca29b4 is created with scope project and roles: ['member']
2025-03-06 07:33:42.954 69142 INFO tempest.lib.common.dynamic_creds [-] Acquired dynamic creds: credentials: Credentials: {'domain_id': 'default', 'domain_name': 'Default', 'username': 'tempest-ImagesOneServerNegativeTestJSON-1492762021-project-member', 'project_domain_id': 'default', 'project_domain_name': 'Default', 'project_id': '8ac4308f08c345188784ec4b16bbd7be', 'project_name': 'tempest-ImagesOneServerNegativeTestJSON-1492762021', 'tenant_id': '8ac4308f08c345188784ec4b16bbd7be', 'tenant_name': 'tempest-ImagesOneServerNegativeTestJSON-1492762021', 'user_domain_id': 'default', 'user_domain_name': 'Default', 'user_id': 'a91c42c89a4044e9b38de1fa8fca29b4', 'system': None}, Network: None, Subnet: None, Router: None
2025-03-06 07:33:42.965 69152 INFO tempest.lib.common.rest_client [req-ef167e77-9156-40ef-bd9d-d7c115fe592d req-ef167e77-9156-40ef-bd9d-d7c115fe592d ] Request (AggregatesAdminNegativeTestJSON:test_aggregate_create_with_existent_aggregate_name): 200 POST http://10.180.1.21/compute/v2.1/os-aggregates 2.620s
2025-03-06 07:33:43.027 69142 INFO tempest.lib.common.rest_client [req-e41b6213-8480-4f9d-9837-e3d62116071b req-e41b6213-8480-4f9d-9837-e3d62116071b ] Request (ImagesOneServerNegativeTestJSON:setUpClass): 201 POST http://10.180.1.21/identity/v3/auth/tokens 0.073s
2025-03-06 07:33:43.057 69172 INFO tempest.lib.common.rest_client [req-abed65b4-caf2-4869-b662-d73cae4365f7 req-abed65b4-caf2-4869-b662-d73cae4365f7 ] Request (FloatingIPsAssociationNegativeTestJSON:setUpClass): 200 PUT http://10.180.1.21:9696/networking/v2.0/routers/52d6f267-2d86-40c0-b0b9-107e83369cf8/add_router_interface 3.499s
2025-03-06 07:33:43.057 69172 INFO tempest.lib.common.dynamic_creds [-] Created isolated network resources for: credentials: Credentials: {'domain_id': 'default', 'domain_name': 'Default', 'username': 'tempest-FloatingIPsAssociationNegativeTestJSON-1384913845-project-member', 'project_domain_id': 'default', 'project_domain_name': 'Default', 'project_id': '3c4b00f2c1fa46d8abc0061fa94f7fa3', 'project_name': 'tempest-FloatingIPsAssociationNegativeTestJSON-1384913845', 'tenant_id': '3c4b00f2c1fa46d8abc0061fa94f7fa3', 'tenant_name': 'tempest-FloatingIPsAssociationNegativeTestJSON-1384913845', 'user_domain_id': 'default', 'user_domain_name': 'Default', 'user_id': 'f7d20f04aa1e4b7184aa49b2c8d4bab5', 'system': None}, Network: {'id': '8e7c69a7-569c-48ef-8a34-52a6cf9d1d50', 'name': 'tempest-FloatingIPsAssociationNegativeTestJSON-606925824-network', 'tenant_id': '3c4b00f2c1fa46d8abc0061fa94f7fa3', 'admin_state_up': True, 'mtu': 8950, 'status': 'ACTIVE', 'subnets': [], 'shared': False, 'project_id': '3c4b00f2c1fa46d8abc0061fa94f7fa3', 'port_security_enabled': True, 'router:external': False, 'provider:network_type': 'vlan', 'provider:physical_network': 'default', 'provider:segmentation_id': 425, 'availability_zone_hints': [], 'availability_zones': [], 'ipv4_address_scope': None, 'ipv6_address_scope': None, 'description': '', 'tags': [], 'created_at': '2025-03-06T07:33:36Z', 'updated_at': '2025-03-06T07:33:36Z', 'revision_number': 1}, Subnet: {'id': '9d03b0b7-6af5-484e-9be9-9a878cd5a5a3', 'name': 'tempest-FloatingIPsAssociationNegativeTestJSON-606925824-subnet', 'tenant_id': '3c4b00f2c1fa46d8abc0061fa94f7fa3', 'network_id': '8e7c69a7-569c-48ef-8a34-52a6cf9d1d50', 'ip_version': 4, 'subnetpool_id': None, 'enable_dhcp': True, 'ipv6_ra_mode': None, 'ipv6_address_mode': None, 'gateway_ip': '192.168.128.1', 'cidr': '192.168.128.0/28', 'allocation_pools': [{'start': '192.168.128.2', 'end': '192.168.128.14'}], 'host_routes': [], 'dns_nameservers': [], 'description': '', 'router:external': False, 'service_types': [], 'tags': [], 'created_at': '2025-03-06T07:33:36Z', 'updated_at': '2025-03-06T07:33:36Z', 'revision_number': 0, 'project_id': '3c4b00f2c1fa46d8abc0061fa94f7fa3'}, Router: {'id': '52d6f267-2d86-40c0-b0b9-107e83369cf8', 'name': 'tempest-FloatingIPsAssociationNegativeTestJSON-606925824-router', 'tenant_id': '3c4b00f2c1fa46d8abc0061fa94f7fa3', 'admin_state_up': True, 'status': 'ACTIVE', 'external_gateway_info': {'network_id': '495f496c-89b6-4d59-a630-261e52522c64', 'external_fixed_ips': [{'subnet_id': '072874ea-b39f-426d-a4eb-c6f63df8b4b6', 'ip_address': '10.180.180.154'}], 'enable_snat': True}, 'description': '', 'availability_zones': [], 'distributed': False, 'ha': False, 'availability_zone_hints': [], 'routes': [], 'flavor_id': None, 'tags': [], 'created_at': '2025-03-06T07:33:37Z', 'updated_at': '2025-03-06T07:33:38Z', 'revision_number': 2, 'project_id': '3c4b00f2c1fa46d8abc0061fa94f7fa3'}
2025-03-06 07:33:43.139 69136 INFO tempest.lib.common.rest_client [req-50b2dc55-a176-4069-be93-d96aeaf0059d req-50b2dc55-a176-4069-be93-d96aeaf0059d ] Request (ListServerFiltersTestJSON:setUpClass): 201 POST http://10.180.1.21:9696/networking/v2.0/networks 0.743s
2025-03-06 07:33:43.141 69172 INFO tempest.lib.common.rest_client [req-1a8b9469-ff52-41c1-afbc-760a815982b5 req-1a8b9469-ff52-41c1-afbc-760a815982b5 ] Request (FloatingIPsAssociationNegativeTestJSON:setUpClass): 201 POST http://10.180.1.21/identity/v3/auth/tokens 0.079s
2025-03-06 07:33:43.145 69126 INFO tempest.lib.common.rest_client [req-a04bcb6f-742e-479a-970c-0e3d1a2dc08c req-a04bcb6f-742e-479a-970c-0e3d1a2dc08c ] Request (ServersAdminNegativeTestJSON:setUpClass): 200 GET http://10.180.1.21/compute/v2.1/servers/f19157c4-a8f7-4e71-842e-1b593907fce1 2.870s
2025-03-06 07:33:43.178 69172 INFO tempest.lib.common.rest_client [req-91f3ea72-ac77-4d4c-9f30-b7e5de3568f5 req-91f3ea72-ac77-4d4c-9f30-b7e5de3568f5 ] Request (FloatingIPsAssociationNegativeTestJSON:setUpClass): 201 POST http://10.180.1.21/identity/v3/auth/tokens 0.033s
2025-03-06 07:33:43.179 69172 INFO tempest.lib.common.fixed_network [-] (FloatingIPsAssociationNegativeTestJSON:setUpClass) Found network {'id': '8e7c69a7-569c-48ef-8a34-52a6cf9d1d50', 'name': 'tempest-FloatingIPsAssociationNegativeTestJSON-606925824-network', 'tenant_id': '3c4b00f2c1fa46d8abc0061fa94f7fa3', 'admin_state_up': True, 'mtu': 8950, 'status': 'ACTIVE', 'subnets': [], 'shared': False, 'project_id': '3c4b00f2c1fa46d8abc0061fa94f7fa3', 'port_security_enabled': True, 'router:external': False, 'provider:network_type': 'vlan', 'provider:physical_network': 'default', 'provider:segmentation_id': 425, 'availability_zone_hints': [], 'availability_zones': [], 'ipv4_address_scope': None, 'ipv6_address_scope': None, 'description': '', 'tags': [], 'created_at': '2025-03-06T07:33:36Z', 'updated_at': '2025-03-06T07:33:36Z', 'revision_number': 1} available for tenant
2025-03-06 07:33:43.285 69140 INFO tempest.lib.common.rest_client [req-93e454c6-5869-477e-b704-72749738840a req-93e454c6-5869-477e-b704-72749738840a ] Request (FlavorsAccessNegativeTestJSON:test_flavor_non_admin_remove): 200 POST http://10.180.1.21/compute/v2.1/flavors/1322925765/action 2.614s
2025-03-06 07:33:43.309 69150 INFO tempest.lib.common.rest_client [req-512df486-3eae-4c41-b5af-578024b55629 req-512df486-3eae-4c41-b5af-578024b55629 ] Request (HostsAdminTestJSON:test_list_hosts_with_nonexistent_zone): 200 GET http://10.180.1.21/compute/v2.1/os-hosts?zone=xxx 2.620s
2025-03-06 07:33:43.342 69138 INFO tempest.lib.common.rest_client [req-7c6bc53f-5714-49d5-bae9-b984a3fcbe2b req-7c6bc53f-5714-49d5-bae9-b984a3fcbe2b ] Request (ServerDiagnosticsNegativeTest:tearDownClass): 200 GET http://10.180.1.21/compute/v2.1/servers/7c883ceb-bd80-4e2d-8172-aa18125ef396 2.728s
2025-03-06 07:33:43.399 69132 INFO tempest.lib.common.rest_client [req-ff638327-65a9-45e3-acf0-b091b610308f req-ff638327-65a9-45e3-acf0-b091b610308f ] Request (QuotaClassesAdmin257Test:test_update_default_quotas): 200 GET http://10.180.1.21/compute/v2.1/os-quota-class-sets/default 2.476s
2025-03-06 07:33:43.431 69146 INFO tempest.lib.common.rest_client [req-6cfb04c5-6123-4b62-bfda-023cabcc3cee req-6cfb04c5-6123-4b62-bfda-023cabcc3cee ] Request (DeleteServersAdminTestJSON:test_admin_delete_servers_of_others): 200 GET http://10.180.1.21/compute/v2.1/servers/14a6193c-05be-493e-a1bb-75b7b31897ad 2.420s
2025-03-06 07:33:43.444 69146 INFO tempest.common.waiters [-] State transition "ACTIVE/deleting" ==> "DELETED/None" after 3 second wait
2025-03-06 07:33:43.473 69180 INFO tempest.lib.common.rest_client [req-bcd1dda3-49f7-4651-9013-c9c93685cffd req-bcd1dda3-49f7-4651-9013-c9c93685cffd ] Request (KeyPairsNegativeTestJSON:test_create_keypair_invalid_name): 400 POST http://10.180.1.21/compute/v2.1/os-keypairs 2.342s
2025-03-06 07:33:43.477 69166 INFO tempest.lib.common.rest_client [req-98b207cf-ef85-4ea3-8358-d08d4b6cf40c req-98b207cf-ef85-4ea3-8358-d08d4b6cf40c ] Request (FloatingIPsAssociationTestJSON:setUpClass): 201 POST http://10.180.1.21:9696/networking/v2.0/routers 1.830s
2025-03-06 07:33:43.515 69142 INFO tempest.lib.common.rest_client [req-beee3733-8ded-44a3-8f93-452c738e3424 req-beee3733-8ded-44a3-8f93-452c738e3424 ] Request (ImagesOneServerNegativeTestJSON:setUpClass): 201 POST http://10.180.1.21:9696/networking/v2.0/networks 0.487s
2025-03-06 07:33:43.644 69162 INFO tempest.lib.common.rest_client [req-0c9be7c8-66db-42f5-bb27-a6310f1ec1f1 req-0c9be7c8-66db-42f5-bb27-a6310f1ec1f1 ] Request (ImagesTestJSON:test_create_image_from_stopped_server): 200 GET http://10.180.1.21/compute/v2.1/servers/a8322577-7f86-48e3-be17-8dfc19047045 2.166s
2025-03-06 07:33:43.652 69162 INFO tempest.common.waiters [-] State transition "BUILD/spawning" ==> "ACTIVE/None" after 22 second wait
2025-03-06 07:33:43.699 69168 INFO tempest.lib.common.rest_client [req-e7f59f5e-2eda-452c-a96b-bc90b4b235ce req-e7f59f5e-2eda-452c-a96b-bc90b4b235ce ] Request (ImagesMetadataTestJSON:test_update_image_metadata): 200 POST http://10.180.1.21/compute/v2.1/images/dc0e2e77-a6a6-4fc6-b497-2ac87352ef69/metadata 2.412s
2025-03-06 07:33:43.721 69122 INFO tempest.lib.common.rest_client [req-7a90f96d-b091-4b71-8202-7a137b5177a3 req-7a90f96d-b091-4b71-8202-7a137b5177a3 ] Request (VolumesAssistedSnapshotsTest:test_volume_assisted_snapshot_create_delete): 200 GET http://10.180.1.21/compute/v2.1/servers/3e0ad6f4-d2bc-40ff-a7d1-e7175c0c4839 1.783s
2025-03-06 07:33:43.724 69136 INFO tempest.lib.common.rest_client [req-4f970343-f1bb-4bcc-8efb-38c213512320 req-4f970343-f1bb-4bcc-8efb-38c213512320 ] Request (ListServerFiltersTestJSON:setUpClass): 201 POST http://10.180.1.21:9696/networking/v2.0/subnets 0.584s
2025-03-06 07:33:43.724 69136 INFO tempest.lib.common.dynamic_creds [-] Created isolated network resources for: credentials: Credentials: {'domain_id': 'default', 'domain_name': 'Default', 'username': 'tempest-ListServerFiltersTestJSON-1971023781-project-member', 'project_domain_id': 'default', 'project_domain_name': 'Default', 'project_id': 'ac21481a3aa84e02b9622cd2eb4904e7', 'project_name': 'tempest-ListServerFiltersTestJSON-1971023781', 'tenant_id': 'ac21481a3aa84e02b9622cd2eb4904e7', 'tenant_name': 'tempest-ListServerFiltersTestJSON-1971023781', 'user_domain_id': 'default', 'user_domain_name': 'Default', 'user_id': 'a0a424d00a994a2d9891cc7befa064cc', 'system': None}, Network: {'id': '1de72e19-bd19-4b96-8d77-83a04fa36177', 'name': 'tempest-ListServerFiltersTestJSON-94831491-network', 'tenant_id': 'ac21481a3aa84e02b9622cd2eb4904e7', 'admin_state_up': True, 'mtu': 8950, 'status': 'ACTIVE', 'subnets': [], 'shared': False, 'project_id': 'ac21481a3aa84e02b9622cd2eb4904e7', 'port_security_enabled': True, 'router:external': False, 'provider:network_type': 'vlan', 'provider:physical_network': 'default', 'provider:segmentation_id': 115, 'availability_zone_hints': [], 'availability_zones': [], 'ipv4_address_scope': None, 'ipv6_address_scope': None, 'description': '', 'tags': [], 'created_at': '2025-03-06T07:33:42Z', 'updated_at': '2025-03-06T07:33:42Z', 'revision_number': 1}, Subnet: {'id': 'c2bb90a8-9a77-4881-8784-ce5a3fca0b9a', 'name': 'tempest-ListServerFiltersTestJSON-94831491-subnet', 'tenant_id': 'ac21481a3aa84e02b9622cd2eb4904e7', 'network_id': '1de72e19-bd19-4b96-8d77-83a04fa36177', 'ip_version': 4, 'subnetpool_id': None, 'enable_dhcp': True, 'ipv6_ra_mode': None, 'ipv6_address_mode': None, 'gateway_ip': '192.168.128.1', 'cidr': '192.168.128.0/28', 'allocation_pools': [{'start': '192.168.128.2', 'end': '192.168.128.14'}], 'host_routes': [], 'dns_nameservers': [], 'description': '', 'router:external': False, 'service_types': [], 'tags': [], 'created_at': '2025-03-06T07:33:43Z', 'updated_at': '2025-03-06T07:33:43Z', 'revision_number': 0, 'project_id': 'ac21481a3aa84e02b9622cd2eb4904e7'}, Router: None
2025-03-06 07:33:43.840 69134 INFO tempest.lib.common.rest_client [req-3b496056-a14e-4c17-ad9f-17ac83cb7f82 req-3b496056-a14e-4c17-ad9f-17ac83cb7f82 ] Request (ServersTestBootFromVolume:setUpClass): 200 GET http://10.180.1.21/volume/v3/volumes/04f9aab8-9078-483a-ac7e-edc1b4200b9b 0.046s
2025-03-06 07:33:43.864 69136 INFO tempest.lib.common.rest_client [req-90e12f0c-3386-4e59-b360-ef325a5a27e0 req-90e12f0c-3386-4e59-b360-ef325a5a27e0 ] Request (ListServerFiltersTestJSON:setUpClass): 201 POST http://10.180.1.21/identity/v3/auth/tokens 0.136s
