2025-03-06 07:35:10.880 69160 INFO tempest.lib.common.rest_client [req-0a8883af-077a-4557-b958-5e9f7417d9b1 req-0a8883af-077a-4557-b958-5e9f7417d9b1 ] Request (SecurityGroupsTestJSON:test_list_security_groups_by_server): 200 GET http://10.180.1.21/compute/v2.1/servers/9ab2a6a4-482e-4b86-8259-e23bebe7198e 0.088s
2025-03-06 07:35:10.907 69162 INFO tempest.lib.common.rest_client [req-ab0fc632-7c2b-4486-9615-0f1de8b629cf req-ab0fc632-7c2b-4486-9615-0f1de8b629cf ] Request (ImagesTestJSON:test_create_image_from_suspended_server): 200 GET http://10.180.1.21/compute/v2.1/servers/dc5e8fc0-c025-420f-a182-8f5a4718de6c 0.110s
2025-03-06 07:35:10.926 69172 INFO tempest.lib.common.rest_client [req-06774952-82b0-4fed-9878-337a35025422 req-06774952-82b0-4fed-9878-337a35025422 ] Request (ServerActionsTestOtherA:setUpClass): 201 POST http://10.180.1.21/identity/v3/auth/tokens 0.077s
2025-03-06 07:35:10.955 69172 INFO tempest.lib.common.rest_client [req-a304c8c0-bc60-45db-af9d-d8e40dbdbcf3 req-a304c8c0-bc60-45db-af9d-d8e40dbdbcf3 ] Request (ServerActionsTestOtherA:setUpClass): 201 POST http://10.180.1.21/identity/v3/auth/tokens 0.025s
2025-03-06 07:35:10.962 69126 INFO tempest.lib.common.rest_client [req-6b4baaea-320e-459b-86af-e4a4d1afac2b req-6b4baaea-320e-459b-86af-e4a4d1afac2b ] Request (ServersAdminNegativeTestJSON:tearDownClass): 200 GET http://10.180.1.21/compute/v2.1/servers/5d7ca2c0-0656-428c-8f29-cdd6adc0b90b 0.099s
2025-03-06 07:35:10.980 69172 INFO tempest.lib.common.rest_client [req-df07f161-fdb3-4d14-b033-7d0cf856ab94 req-df07f161-fdb3-4d14-b033-7d0cf856ab94 ] Request (ServerActionsTestOtherA:setUpClass): 200 GET http://10.180.1.21/identity/v3/domains?name=Default 0.024s
2025-03-06 07:35:11.006 69172 INFO tempest.lib.common.rest_client [req-62405326-51ed-4d0b-a67f-9a10175c5735 req-62405326-51ed-4d0b-a67f-9a10175c5735 ] Request (ServerActionsTestOtherA:setUpClass): 201 POST http://10.180.1.21/identity/v3/projects 0.026s
2025-03-06 07:35:11.067 69132 INFO tempest.lib.common.rest_client [req-7095e83e-74cd-4d8c-a81e-bdb979b7d176 req-7095e83e-74cd-4d8c-a81e-bdb979b7d176 ] Request (InstanceActionsNegativeTestJSON:tearDownClass): 200 GET http://10.180.1.21/compute/v2.1/servers/ce162796-7bf4-4602-b93d-0f91c636e411 0.139s
2025-03-06 07:35:11.080 69172 INFO tempest.lib.common.rest_client [req-9a673b14-0738-4930-9073-8a3133b80b4a req-9a673b14-0738-4930-9073-8a3133b80b4a ] Request (ServerActionsTestOtherA:setUpClass): 201 POST http://10.180.1.21/identity/v3/users 0.073s
2025-03-06 07:35:11.099 69174 INFO tempest.lib.common.rest_client [req-b01ae059-bc4b-4ea0-b038-db504965cf42 req-b01ae059-bc4b-4ea0-b038-db504965cf42 ] Request (ServerExternalEventsTest:test_create_server_external_events): 200 GET http://10.180.1.21/compute/v2.1/servers/5bc87656-795b-487d-a72f-4d0c4a717655 0.066s
2025-03-06 07:35:11.102 69172 INFO tempest.lib.common.rest_client [req-e203043d-a251-471a-a29c-94e62f050466 req-e203043d-a251-471a-a29c-94e62f050466 ] Request (ServerActionsTestOtherA:setUpClass): 200 GET http://10.180.1.21/identity/v3/roles 0.021s
2025-03-06 07:35:11.129 69172 INFO tempest.lib.common.rest_client [req-ab665d65-c364-4fdd-95df-b8ad0f9e9b06 req-ab665d65-c364-4fdd-95df-b8ad0f9e9b06 ] Request (ServerActionsTestOtherA:setUpClass): 204 PUT http://10.180.1.21/identity/v3/projects/6288092943824a84bf8850337bd9044a/users/3b84c2f64906445da0d17cf8954eef7a/roles/544f107cad6e4b97b770cd0685ac2896 0.026s
2025-03-06 07:35:11.129 69172 INFO tempest.lib.common.dynamic_creds [-] Dynamic test user 3b84c2f64906445da0d17cf8954eef7a is created with scope project and roles: ['member']
2025-03-06 07:35:11.129 69172 INFO tempest.lib.common.dynamic_creds [-] Acquired dynamic creds: credentials: Credentials: {'domain_id': 'default', 'domain_name': 'Default', 'username': 'tempest-ServerActionsTestOtherA-2080806779-project-member', 'project_domain_id': 'default', 'project_domain_name': 'Default', 'project_id': '6288092943824a84bf8850337bd9044a', 'project_name': 'tempest-ServerActionsTestOtherA-2080806779', 'tenant_id': '6288092943824a84bf8850337bd9044a', 'tenant_name': 'tempest-ServerActionsTestOtherA-2080806779', 'user_domain_id': 'default', 'user_domain_name': 'Default', 'user_id': '3b84c2f64906445da0d17cf8954eef7a', 'system': None}, Network: None, Subnet: None, Router: None
2025-03-06 07:35:11.144 69120 INFO tempest.lib.common.rest_client [req-cd44d40a-84fb-462f-9c33-30c101596395 req-cd44d40a-84fb-462f-9c33-30c101596395 ] Request (ServerShowV254Test:tearDownClass): 200 GET http://10.180.1.21/compute/v2.1/servers/c3b6bea7-cbb0-459d-8096-8839bae26ad1 0.106s
2025-03-06 07:35:11.186 69158 INFO tempest.lib.common.rest_client [req-9c24b040-48bd-4382-b76a-50ce9f5ef433 req-9c24b040-48bd-4382-b76a-50ce9f5ef433 ] Request (ServerAddressesTestJSON:tearDownClass): 200 GET http://10.180.1.21/compute/v2.1/servers/5c2f0de4-620b-40f8-b4ab-cad2c4cb3ebe 0.066s
2025-03-06 07:35:11.199 69172 INFO tempest.lib.common.rest_client [req-c8b09b44-16e5-42df-8897-757d3e88f58a req-c8b09b44-16e5-42df-8897-757d3e88f58a ] Request (ServerActionsTestOtherA:setUpClass): 201 POST http://10.180.1.21/identity/v3/auth/tokens 0.069s
2025-03-06 07:35:11.238 69150 INFO tempest.lib.common.rest_client [req-bd9addd4-73a3-45c0-8c3b-51ffbcc2246f req-bd9addd4-73a3-45c0-8c3b-51ffbcc2246f ] Request (AttachVolumeNegativeTest:test_attach_attached_volume_to_different_server): 200 GET http://10.180.1.21/compute/v2.1/servers/0da19fe3-b125-411e-9dc5-9c980487deed 0.063s
2025-03-06 07:35:11.311 69146 INFO tempest.lib.common.rest_client [req-8f3d2993-587e-41f8-8691-161ac1b3c0f2 req-8f3d2993-587e-41f8-8691-161ac1b3c0f2 ] Request (DeleteServersAdminTestJSON:test_delete_server_while_in_error_state): 200 GET http://10.180.1.21/compute/v2.1/servers/ceb07909-a135-479b-8480-00b8aa6575d2 0.118s
2025-03-06 07:35:11.366 69168 INFO tempest.lib.common.rest_client [req-bc3a4213-b8dd-4652-b576-09efd7cc481c req-bc3a4213-b8dd-4652-b576-09efd7cc481c ] Request (ServerShowV257Test:test_rebuild_server): 200 GET http://10.180.1.21/compute/v2.1/servers/2517392e-ffb6-4fc1-b38d-cef8cfe0059e 0.068s
2025-03-06 07:35:11.488 69152 INFO tempest.lib.common.rest_client [req-89fcd5ab-7b68-492f-8cc1-ae822098ba0f req-89fcd5ab-7b68-492f-8cc1-ae822098ba0f ] Request (ServersAdmin275Test:test_rebuild_update_server_275): 200 GET http://10.180.1.21/compute/v2.1/servers/93919c14-aa9d-4d30-82ff-fa00d3e60b0d 0.060s
2025-03-06 07:35:11.546 69156 INFO tempest.lib.common.rest_client [req-e04553c5-a69a-46d2-8572-5bbeee32a8c2 req-e04553c5-a69a-46d2-8572-5bbeee32a8c2 ] Request (MultipleCreateTestJSON:test_multiple_create_with_reservation_return): 200 GET http://10.180.1.21/compute/v2.1/servers/53853d15-72c7-455a-a049-3f827b8113ad 0.071s
2025-03-06 07:35:11.564 69172 INFO tempest.lib.common.rest_client [req-ac8875fc-585e-4d8f-a01c-6d002d332ad2 req-ac8875fc-585e-4d8f-a01c-6d002d332ad2 ] Request (ServerActionsTestOtherA:setUpClass): 201 POST http://10.180.1.21:9696/networking/v2.0/networks 0.364s
2025-03-06 07:35:11.648 69164 INFO tempest.lib.common.rest_client [req-a480d137-6733-43f8-a077-9d2fd2264cb4 req-a480d137-6733-43f8-a077-9d2fd2264cb4 ] Request (ServersAdminTestJSON:test_create_server_with_scheduling_hint): 200 GET http://10.180.1.21/compute/v2.1/servers/dbea6ee4-4f2a-4040-8acc-df5b7da614ec 0.137s
2025-03-06 07:35:11.658 69164 INFO tempest.common.waiters [-] State transition "BUILD/spawning" ==> "ACTIVE/None" after 70 second wait
2025-03-06 07:35:11.693 69148 INFO tempest.lib.common.rest_client [req-549b28a6-00eb-4910-8662-5d9b57554fb3 req-549b28a6-00eb-4910-8662-5d9b57554fb3 ] Request (ServerDiskConfigTestJSON:test_rebuild_server_with_manual_disk_config): 200 GET http://10.180.1.21/compute/v2.1/servers/6bd99dff-d8ff-4bd1-b9df-f97fc3fc7a2e 0.154s
2025-03-06 07:35:11.708 69148 INFO tempest.common.waiters [-] State transition "BUILD/None" ==> "BUILD/networking" after 65 second wait
2025-03-06 07:35:11.711 69138 INFO tempest.lib.common.rest_client [req-154abaac-fe9d-436e-a894-d3069d95d38e req-154abaac-fe9d-436e-a894-d3069d95d38e ] Request (ServersTestFqdnHostnames:test_create_server_with_fqdn_name): 200 GET http://10.180.1.21/compute/v2.1/servers/8228be33-050d-4880-96b0-eb6734592837 0.095s
2025-03-06 07:35:11.734 69164 INFO tempest.lib.common.rest_client [req-2888915c-efcb-45a5-b46c-bffb4e32b175 req-2888915c-efcb-45a5-b46c-bffb4e32b175 ] Request (ServersAdminTestJSON:test_inject_network_info): 201 POST http://10.180.1.21/identity/v3/auth/tokens 0.066s
2025-03-06 07:35:11.735 69164 INFO tempest.lib.common.fixed_network [-] (ServersAdminTestJSON:test_inject_network_info) Found network {'id': '192e5a07-4259-4585-8742-e7fce59f3648', 'name': 'tempest-ServersAdminTestJSON-1290491587-network', 'tenant_id': '64a51d9b18164b4db733fc73422dc07d', 'admin_state_up': True, 'mtu': 8950, 'status': 'ACTIVE', 'subnets': [], 'shared': False, 'project_id': '64a51d9b18164b4db733fc73422dc07d', 'port_security_enabled': True, 'router:external': False, 'provider:network_type': 'vlan', 'provider:physical_network': 'default', 'provider:segmentation_id': 836, 'availability_zone_hints': [], 'availability_zones': [], 'ipv4_address_scope': None, 'ipv6_address_scope': None, 'description': '', 'tags': [], 'created_at': '2025-03-06T07:33:10Z', 'updated_at': '2025-03-06T07:33:10Z', 'revision_number': 1} available for tenant
2025-03-06 07:35:11.772 69142 INFO tempest.lib.common.rest_client [req-afa50f41-0e23-4b8d-9b24-9f077fee9135 req-afa50f41-0e23-4b8d-9b24-9f077fee9135 ] Request (ImagesOneServerNegativeTestJSON:_run_cleanups): 200 GET http://10.180.1.21/compute/v2.1/servers/79e3c13d-7711-4db4-bdf0-1ba78f6335d7 0.088s
2025-03-06 07:35:11.789 69172 INFO tempest.lib.common.rest_client [req-13c0c2e6-7817-431e-ad96-7de1ff877de7 req-13c0c2e6-7817-431e-ad96-7de1ff877de7 ] Request (ServerActionsTestOtherA:setUpClass): 201 POST http://10.180.1.21:9696/networking/v2.0/subnets 0.224s
2025-03-06 07:35:11.828 69178 INFO tempest.lib.common.rest_client [req-713011b9-bb7c-4c99-88d3-3639bb6e4b49 req-713011b9-bb7c-4c99-88d3-3639bb6e4b49 ] Request (VolumesAdminNegativeTest:test_update_attached_volume_with_nonexistent_volume_in_body): 200 GET http://10.180.1.21/compute/v2.1/servers/65aeee3f-d2bd-4f7f-b616-1f24083f4a5f 0.109s
2025-03-06 07:35:11.832 69140 INFO tempest.lib.common.rest_client [req-d9e5e307-0b8e-45cb-ad0b-e9bfdb7f2fdf req-d9e5e307-0b8e-45cb-ad0b-e9bfdb7f2fdf ] Request (MigrationsAdminTest:test_list_migrations_in_flavor_resize_situation): 200 GET http://10.180.1.21/compute/v2.1/servers/66fa0a66-f5ea-4ab9-805e-ac58950219fd 0.157s
2025-03-06 07:35:11.842 69134 WARNING tempest.lib.common.ssh [-] Failed to establish authenticated ssh connection to cirros@10.180.180.171 ([Errno None] Unable to connect to port 22 on 10.180.180.171). Number attempts: 2. Retry after 3 seconds.: paramiko.ssh_exception.NoValidConnectionsError: [Errno None] Unable to connect to port 22 on 10.180.180.171
2025-03-06 07:35:11.898 69170 INFO tempest.lib.common.rest_client [req-22f0d19d-6e44-4b49-b5c4-dc5d429f23d9 req-22f0d19d-6e44-4b49-b5c4-dc5d429f23d9 ] Request (AttachInterfacesV270Test:test_create_get_list_interfaces): 200 GET http://10.180.1.21/compute/v2.1/servers/bf363a72-ef3d-44c9-b578-08dfa0753f98 0.156s
2025-03-06 07:35:11.962 69166 INFO tempest.lib.common.rest_client [req-d118cc31-f74b-4bdf-83fc-5ac88e2860e9 req-d118cc31-f74b-4bdf-83fc-5ac88e2860e9 ] Request (FloatingIPsAssociationTestJSON:test_associate_already_associated_floating_ip): 200 GET http://10.180.1.21/compute/v2.1/servers/07b895ce-6399-4cc4-9154-97a6449ef6b3 0.191s
2025-03-06 07:35:12.016 69180 INFO tempest.lib.common.rest_client [req-d91b0a42-3aee-47ab-b3db-68527e214129 req-d91b0a42-3aee-47ab-b3db-68527e214129 ] Request (AttachVolumeTestJSON:test_attach_detach_volume): 200 GET http://10.180.1.21/compute/v2.1/servers/50e88850-968f-472b-9921-bbf973b475bc 0.234s
2025-03-06 07:35:12.068 69144 INFO tempest.lib.common.rest_client [req-e94ec23e-5a25-47c6-be30-df6627f5ecf2 req-e94ec23e-5a25-47c6-be30-df6627f5ecf2 ] Request (AttachInterfacesTestJSON:test_create_list_show_delete_interfaces_by_fixed_ip): 200 GET http://10.180.1.21/compute/v2.1/servers/e27f0e5f-dd73-4d56-a714-53589958715e 0.235s
2025-03-06 07:35:12.128 69136 INFO tempest.lib.common.rest_client [req-382bf145-334b-499b-ba91-e89fd15f5095 req-382bf145-334b-499b-ba91-e89fd15f5095 ] Request (ListServerFiltersTestJSON:tearDownClass): 200 GET http://10.180.1.21/compute/v2.1/servers/14a869ca-d93c-4dd9-964c-cfb14b40f069 0.271s
2025-03-06 07:35:12.200 69160 INFO tempest.lib.common.rest_client [req-5be757c4-de37-4e2f-98d8-1bef69eb63cb req-5be757c4-de37-4e2f-98d8-1bef69eb63cb ] Request (SecurityGroupsTestJSON:test_list_security_groups_by_server): 200 GET http://10.180.1.21/compute/v2.1/servers/9ab2a6a4-482e-4b86-8259-e23bebe7198e 0.306s
2025-03-06 07:35:12.251 69162 INFO tempest.lib.common.rest_client [req-11d9ac4c-19d7-4712-bbfa-9dddf15141b4 req-11d9ac4c-19d7-4712-bbfa-9dddf15141b4 ] Request (ImagesTestJSON:test_create_image_from_suspended_server): 200 GET http://10.180.1.21/compute/v2.1/servers/dc5e8fc0-c025-420f-a182-8f5a4718de6c 0.336s
2025-03-06 07:35:12.312 69126 INFO tempest.lib.common.rest_client [req-a7226059-768a-42c1-82b9-0108c45d3ac4 req-a7226059-768a-42c1-82b9-0108c45d3ac4 ] Request (ServersAdminNegativeTestJSON:tearDownClass): 200 GET http://10.180.1.21/compute/v2.1/servers/5d7ca2c0-0656-428c-8f29-cdd6adc0b90b 0.341s
2025-03-06 07:35:12.375 69132 INFO tempest.lib.common.rest_client [req-9359c32a-b0f0-453a-b46f-14277639097e req-9359c32a-b0f0-453a-b46f-14277639097e ] Request (InstanceActionsNegativeTestJSON:tearDownClass): 200 GET http://10.180.1.21/compute/v2.1/servers/ce162796-7bf4-4602-b93d-0f91c636e411 0.298s
2025-03-06 07:35:12.383 69132 INFO tempest.common.waiters [-] State transition "ACTIVE/deleting" ==> "DELETED/None" after 4 second wait
2025-03-06 07:35:12.442 69174 INFO tempest.lib.common.rest_client [req-d69821fe-579f-4723-9d59-69e0f1dfe18e req-d69821fe-579f-4723-9d59-69e0f1dfe18e ] Request (ServerExternalEventsTest:test_create_server_external_events): 200 GET http://10.180.1.21/compute/v2.1/servers/5bc87656-795b-487d-a72f-4d0c4a717655 0.334s
2025-03-06 07:35:12.490 69120 INFO tempest.lib.common.rest_client [req-d63d5138-1887-4fe9-9196-6dadcf8b261a req-d63d5138-1887-4fe9-9196-6dadcf8b261a ] Request (ServerShowV254Test:tearDownClass): 200 GET http://10.180.1.21/compute/v2.1/servers/c3b6bea7-cbb0-459d-8096-8839bae26ad1 0.332s
2025-03-06 07:35:12.549 69158 INFO tempest.lib.common.rest_client [req-c3c4d101-88c7-4de2-9e14-9008ab8ab97b req-c3c4d101-88c7-4de2-9e14-9008ab8ab97b ] Request (ServerAddressesTestJSON:tearDownClass): 200 GET http://10.180.1.21/compute/v2.1/servers/5c2f0de4-620b-40f8-b4ab-cad2c4cb3ebe 0.355s
2025-03-06 07:35:12.573 69164 INFO tempest.lib.common.rest_client [req-f0eaf4e7-0b98-47b6-a6df-ee25b131c182 req-f0eaf4e7-0b98-47b6-a6df-ee25b131c182 ] Request (ServersAdminTestJSON:test_inject_network_info): 202 POST http://10.180.1.21/compute/v2.1/servers 0.837s
2025-03-06 07:35:12.598 69150 INFO tempest.lib.common.rest_client [req-4e9215f2-b317-486f-a0c8-e7bcf24bd9e9 req-4e9215f2-b317-486f-a0c8-e7bcf24bd9e9 ] Request (AttachVolumeNegativeTest:test_attach_attached_volume_to_different_server): 200 GET http://10.180.1.21/compute/v2.1/servers/0da19fe3-b125-411e-9dc5-9c980487deed 0.347s
2025-03-06 07:35:12.650 69168 INFO tempest.lib.common.rest_client [req-4ecc631f-457c-4ec8-87ac-147a6c2245ff req-4ecc631f-457c-4ec8-87ac-147a6c2245ff ] Request (ServerShowV257Test:test_rebuild_server): 200 GET http://10.180.1.21/compute/v2.1/servers/2517392e-ffb6-4fc1-b38d-cef8cfe0059e 0.272s
2025-03-06 07:35:12.700 69146 INFO tempest.lib.common.rest_client [req-3f0b04f6-9b53-4887-a635-570e21eed624 req-3f0b04f6-9b53-4887-a635-570e21eed624 ] Request (DeleteServersAdminTestJSON:test_delete_server_while_in_error_state): 200 GET http://10.180.1.21/compute/v2.1/servers/ceb07909-a135-479b-8480-00b8aa6575d2 0.376s
2025-03-06 07:35:12.701 69152 INFO tempest.lib.common.rest_client [req-99b96bcd-4a25-4d65-91eb-4cb301453a00 req-99b96bcd-4a25-4d65-91eb-4cb301453a00 ] Request (ServersAdmin275Test:test_rebuild_update_server_275): 200 GET http://10.180.1.21/compute/v2.1/servers/93919c14-aa9d-4d30-82ff-fa00d3e60b0d 0.203s
2025-03-06 07:35:12.752 69164 INFO tempest.lib.common.rest_client [req-c88003f6-cc9c-4ad4-b0fd-02730bf017d2 req-c88003f6-cc9c-4ad4-b0fd-02730bf017d2 ] Request (ServersAdminTestJSON:test_inject_network_info): 200 GET http://10.180.1.21/compute/v2.1/servers/71dd1641-baab-49cb-aafe-3a3083aea97a 0.178s
2025-03-06 07:35:12.767 69156 INFO tempest.lib.common.rest_client [req-70d7c914-e7d8-4eb7-b708-546747e60cde req-70d7c914-e7d8-4eb7-b708-546747e60cde ] Request (MultipleCreateTestJSON:test_multiple_create_with_reservation_return): 200 GET http://10.180.1.21/compute/v2.1/servers/53853d15-72c7-455a-a049-3f827b8113ad 0.206s
2025-03-06 07:35:12.824 69138 INFO tempest.lib.common.rest_client [req-2dcb7e0f-14b4-41f4-b47c-8e314ad9f31d req-2dcb7e0f-14b4-41f4-b47c-8e314ad9f31d ] Request (ServersTestFqdnHostnames:test_create_server_with_fqdn_name): 200 GET http://10.180.1.21/compute/v2.1/servers/8228be33-050d-4880-96b0-eb6734592837 0.104s
2025-03-06 07:35:12.833 69148 INFO tempest.lib.common.rest_client [req-df3517a2-c892-4c86-9943-225995b60b07 req-df3517a2-c892-4c86-9943-225995b60b07 ] Request (ServerDiskConfigTestJSON:test_rebuild_server_with_manual_disk_config): 200 GET http://10.180.1.21/compute/v2.1/servers/6bd99dff-d8ff-4bd1-b9df-f97fc3fc7a2e 0.124s
2025-03-06 07:35:12.840 69148 INFO tempest.common.waiters [-] State transition "BUILD/networking" ==> "BUILD/spawning" after 66 second wait
2025-03-06 07:35:12.891 69142 INFO tempest.lib.common.rest_client [req-3f0fe11c-b513-4083-9375-a54bb480f4dd req-3f0fe11c-b513-4083-9375-a54bb480f4dd ] Request (ImagesOneServerNegativeTestJSON:_run_cleanups): 200 GET http://10.180.1.21/compute/v2.1/servers/79e3c13d-7711-4db4-bdf0-1ba78f6335d7 0.108s
2025-03-06 07:35:12.894 69178 INFO tempest.lib.common.rest_client [req-98244074-fa0b-4ce7-9842-0fc9b90fe00e req-98244074-fa0b-4ce7-9842-0fc9b90fe00e ] Request (VolumesAdminNegativeTest:test_update_attached_volume_with_nonexistent_volume_in_body): 200 GET http://10.180.1.21/compute/v2.1/servers/65aeee3f-d2bd-4f7f-b616-1f24083f4a5f 0.055s
2025-03-06 07:35:12.944 69172 INFO tempest.lib.common.rest_client [req-1f5104bd-ee12-4039-9543-4e8a36be2ea8 req-1f5104bd-ee12-4039-9543-4e8a36be2ea8 ] Request (ServerActionsTestOtherA:setUpClass): 201 POST http://10.180.1.21:9696/networking/v2.0/routers 1.155s
2025-03-06 07:35:12.965 69170 INFO tempest.lib.common.rest_client [req-659ac668-a238-4366-a202-513b96b37c18 req-659ac668-a238-4366-a202-513b96b37c18 ] Request (AttachInterfacesV270Test:test_create_get_list_interfaces): 200 GET http://10.180.1.21/compute/v2.1/servers/bf363a72-ef3d-44c9-b578-08dfa0753f98 0.056s
2025-03-06 07:35:13.021 69140 INFO tempest.lib.common.rest_client [req-93ca8756-76f3-4742-b41e-f240b52717a5 req-93ca8756-76f3-4742-b41e-f240b52717a5 ] Request (MigrationsAdminTest:test_list_migrations_in_flavor_resize_situation): 200 GET http://10.180.1.21/compute/v2.1/servers/66fa0a66-f5ea-4ab9-805e-ac58950219fd 0.179s
2025-03-06 07:35:13.025 69166 INFO tempest.lib.common.rest_client [req-9c9a1692-ac7b-45d3-a201-e1e5d325126f req-9c9a1692-ac7b-45d3-a201-e1e5d325126f ] Request (FloatingIPsAssociationTestJSON:test_associate_already_associated_floating_ip): 200 GET http://10.180.1.21/compute/v2.1/servers/07b895ce-6399-4cc4-9154-97a6449ef6b3 0.053s
2025-03-06 07:35:13.085 69180 INFO tempest.lib.common.rest_client [req-fa959ab9-5de9-4191-8788-3aa3d238945c req-fa959ab9-5de9-4191-8788-3aa3d238945c ] Request (AttachVolumeTestJSON:test_attach_detach_volume): 200 GET http://10.180.1.21/compute/v2.1/servers/50e88850-968f-472b-9921-bbf973b475bc 0.059s
2025-03-06 07:35:13.153 69144 INFO tempest.lib.common.rest_client [req-63eb041d-d43d-497c-8c60-68c72324b5e9 req-63eb041d-d43d-497c-8c60-68c72324b5e9 ] Request (AttachInterfacesTestJSON:test_create_list_show_delete_interfaces_by_fixed_ip): 200 GET http://10.180.1.21/compute/v2.1/servers/e27f0e5f-dd73-4d56-a714-53589958715e 0.073s
2025-03-06 07:35:13.207 69136 INFO tempest.lib.common.rest_client [req-e8ef088c-1044-4a7d-8ff6-979c57d538d3 req-e8ef088c-1044-4a7d-8ff6-979c57d538d3 ] Request (ListServerFiltersTestJSON:tearDownClass): 200 GET http://10.180.1.21/compute/v2.1/servers/14a869ca-d93c-4dd9-964c-cfb14b40f069 0.071s
2025-03-06 07:35:13.269 69160 INFO tempest.lib.common.rest_client [req-1fa2f0b6-db90-4c98-8109-fac97dddf190 req-1fa2f0b6-db90-4c98-8109-fac97dddf190 ] Request (SecurityGroupsTestJSON:test_list_security_groups_by_server): 200 GET http://10.180.1.21/compute/v2.1/servers/9ab2a6a4-482e-4b86-8259-e23bebe7198e 0.054s
2025-03-06 07:35:13.323 69162 INFO tempest.lib.common.rest_client [req-771dcb0b-7c3b-4a60-8469-7ac84ff063e1 req-771dcb0b-7c3b-4a60-8469-7ac84ff063e1 ] Request (ImagesTestJSON:test_create_image_from_suspended_server): 200 GET http://10.180.1.21/compute/v2.1/servers/dc5e8fc0-c025-420f-a182-8f5a4718de6c 0.060s
2025-03-06 07:35:13.379 69126 INFO tempest.lib.common.rest_client [req-ff8d3c9f-17f3-4378-8cf6-3921b4ed839c req-ff8d3c9f-17f3-4378-8cf6-3921b4ed839c ] Request (ServersAdminNegativeTestJSON:tearDownClass): 200 GET http://10.180.1.21/compute/v2.1/servers/5d7ca2c0-0656-428c-8f29-cdd6adc0b90b 0.058s
2025-03-06 07:35:13.447 69132 INFO tempest.lib.common.rest_client [req-57de4e82-ccd8-4c98-97b7-bdb021ae0743 req-57de4e82-ccd8-4c98-97b7-bdb021ae0743 ] Request (InstanceActionsNegativeTestJSON:tearDownClass): 200 GET http://10.180.1.21/compute/v2.1/servers/ce162796-7bf4-4602-b93d-0f91c636e411 0.063s
2025-03-06 07:35:13.496 69174 INFO tempest.lib.common.rest_client [req-2cb13ee1-e5ac-4c4f-baac-1e2a9e1fb14a req-2cb13ee1-e5ac-4c4f-baac-1e2a9e1fb14a ] Request (ServerExternalEventsTest:test_create_server_external_events): 200 GET http://10.180.1.21/compute/v2.1/servers/5bc87656-795b-487d-a72f-4d0c4a717655 0.046s
2025-03-06 07:35:13.504 69174 INFO tempest.common.waiters [-] State transition "BUILD/scheduling" ==> "BUILD/None" after 42 second wait
2025-03-06 07:35:13.565 69120 INFO tempest.lib.common.rest_client [req-8334f9b7-0732-4f24-8730-fd753f233dc9 req-8334f9b7-0732-4f24-8730-fd753f233dc9 ] Request (ServerShowV254Test:tearDownClass): 200 GET http://10.180.1.21/compute/v2.1/servers/c3b6bea7-cbb0-459d-8096-8839bae26ad1 0.065s
2025-03-06 07:35:13.577 69120 INFO tempest.common.waiters [-] State transition "ACTIVE/deleting" ==> "DELETED/None" after 5 second wait
2025-03-06 07:35:13.626 69158 INFO tempest.lib.common.rest_client [req-3f1a0d8c-f0ed-4755-afce-61041c4e12a8 req-3f1a0d8c-f0ed-4755-afce-61041c4e12a8 ] Request (ServerAddressesTestJSON:tearDownClass): 200 GET http://10.180.1.21/compute/v2.1/servers/5c2f0de4-620b-40f8-b4ab-cad2c4cb3ebe 0.068s
2025-03-06 07:35:13.633 69128 WARNING tempest.lib.common.ssh [-] Failed to establish authenticated ssh connection to cirros@10.180.180.214 ([Errno None] Unable to connect to port 22 on 10.180.180.214). Number attempts: 4. Retry after 5 seconds.: paramiko.ssh_exception.NoValidConnectionsError: [Errno None] Unable to connect to port 22 on 10.180.180.214
2025-03-06 07:35:13.669 69150 INFO tempest.lib.common.rest_client [req-9d59ba3b-1a0f-41af-ad2a-968f8f136dcd req-9d59ba3b-1a0f-41af-ad2a-968f8f136dcd ] Request (AttachVolumeNegativeTest:test_attach_attached_volume_to_different_server): 200 GET http://10.180.1.21/compute/v2.1/servers/0da19fe3-b125-411e-9dc5-9c980487deed 0.063s
2025-03-06 07:35:13.711 69168 INFO tempest.lib.common.rest_client [req-2d30c1a9-5c2f-4a77-a2a3-d62f153e2075 req-2d30c1a9-5c2f-4a77-a2a3-d62f153e2075 ] Request (ServerShowV257Test:test_rebuild_server): 200 GET http://10.180.1.21/compute/v2.1/servers/2517392e-ffb6-4fc1-b38d-cef8cfe0059e 0.053s
2025-03-06 07:35:13.771 69152 INFO tempest.lib.common.rest_client [req-5b8b4ed3-0e76-4a90-ba96-e51c7a998b17 req-5b8b4ed3-0e76-4a90-ba96-e51c7a998b17 ] Request (ServersAdmin275Test:test_rebuild_update_server_275): 200 GET http://10.180.1.21/compute/v2.1/servers/93919c14-aa9d-4d30-82ff-fa00d3e60b0d 0.060s
2025-03-06 07:35:13.827 69164 INFO tempest.lib.common.rest_client [req-08394474-a30e-4b7c-a4f5-b5e7aa7c3733 req-08394474-a30e-4b7c-a4f5-b5e7aa7c3733 ] Request (ServersAdminTestJSON:test_inject_network_info): 200 GET http://10.180.1.21/compute/v2.1/servers/71dd1641-baab-49cb-aafe-3a3083aea97a 0.062s
2025-03-06 07:35:13.853 69146 INFO tempest.lib.common.rest_client [req-680643d4-3338-4280-96d3-2e62bfbd5f1b req-680643d4-3338-4280-96d3-2e62bfbd5f1b ] Request (DeleteServersAdminTestJSON:test_delete_server_while_in_error_state): 200 GET http://10.180.1.21/compute/v2.1/servers/ceb07909-a135-479b-8480-00b8aa6575d2 0.145s
2025-03-06 07:35:13.881 69172 INFO tempest.lib.common.rest_client [req-a4e2702b-9de2-4276-8dee-1f862bd8c1f5 req-a4e2702b-9de2-4276-8dee-1f862bd8c1f5 ] Request (ServerActionsTestOtherA:setUpClass): 200 PUT http://10.180.1.21:9696/networking/v2.0/routers/bca9bba2-e9c9-4566-980e-735fe2f4aae5/add_router_interface 0.936s
2025-03-06 07:35:13.881 69172 INFO tempest.lib.common.dynamic_creds [-] Created isolated network resources for: credentials: Credentials: {'domain_id': 'default', 'domain_name': 'Default', 'username': 'tempest-ServerActionsTestOtherA-2080806779-project-member', 'project_domain_id': 'default', 'project_domain_name': 'Default', 'project_id': '6288092943824a84bf8850337bd9044a', 'project_name': 'tempest-ServerActionsTestOtherA-2080806779', 'tenant_id': '6288092943824a84bf8850337bd9044a', 'tenant_name': 'tempest-ServerActionsTestOtherA-2080806779', 'user_domain_id': 'default', 'user_domain_name': 'Default', 'user_id': '3b84c2f64906445da0d17cf8954eef7a', 'system': None}, Network: {'id': '22e992a2-0989-4e9f-b987-6f05175dcd89', 'name': 'tempest-ServerActionsTestOtherA-115627037-network', 'tenant_id': '6288092943824a84bf8850337bd9044a', 'admin_state_up': True, 'mtu': 8950, 'status': 'ACTIVE', 'subnets': [], 'shared': False, 'project_id': '6288092943824a84bf8850337bd9044a', 'port_security_enabled': True, 'router:external': False, 'provider:network_type': 'vlan', 'provider:physical_network': 'default', 'provider:segmentation_id': 153, 'availability_zone_hints': [], 'availability_zones': [], 'ipv4_address_scope': None, 'ipv6_address_scope': None, 'description': '', 'tags': [], 'created_at': '2025-03-06T07:35:11Z', 'updated_at': '2025-03-06T07:35:11Z', 'revision_number': 1}, Subnet: {'id': '88ef8ab3-658c-402d-9a42-90bfbc7cd5cb', 'name': 'tempest-ServerActionsTestOtherA-115627037-subnet', 'tenant_id': '6288092943824a84bf8850337bd9044a', 'network_id': '22e992a2-0989-4e9f-b987-6f05175dcd89', 'ip_version': 4, 'subnetpool_id': None, 'enable_dhcp': True, 'ipv6_ra_mode': None, 'ipv6_address_mode': None, 'gateway_ip': '192.168.128.1', 'cidr': '192.168.128.0/28', 'allocation_pools': [{'start': '192.168.128.2', 'end': '192.168.128.14'}], 'host_routes': [], 'dns_nameservers': [], 'description': '', 'router:external': False, 'service_types': [], 'tags': [], 'created_at': '2025-03-06T07:35:11Z', 'updated_at': '2025-03-06T07:35:11Z', 'revision_number': 0, 'project_id': '6288092943824a84bf8850337bd9044a'}, Router: {'id': 'bca9bba2-e9c9-4566-980e-735fe2f4aae5', 'name': 'tempest-ServerActionsTestOtherA-115627037-router', 'tenant_id': '6288092943824a84bf8850337bd9044a', 'admin_state_up': True, 'status': 'ACTIVE', 'external_gateway_info': {'network_id': '495f496c-89b6-4d59-a630-261e52522c64', 'external_fixed_ips': [{'subnet_id': '072874ea-b39f-426d-a4eb-c6f63df8b4b6', 'ip_address': '10.180.180.216'}], 'enable_snat': True}, 'description': '', 'availability_zones': [], 'distributed': False, 'ha': False, 'availability_zone_hints': [], 'routes': [], 'flavor_id': None, 'tags': [], 'created_at': '2025-03-06T07:35:11Z', 'updated_at': '2025-03-06T07:35:12Z', 'revision_number': 2, 'project_id': '6288092943824a84bf8850337bd9044a'}
2025-03-06 07:35:13.901 69156 INFO tempest.lib.common.rest_client [req-1203b117-383a-4c8e-8f68-1fb046a6cf0c req-1203b117-383a-4c8e-8f68-1fb046a6cf0c ] Request (MultipleCreateTestJSON:test_multiple_create_with_reservation_return): 200 GET http://10.180.1.21/compute/v2.1/servers/53853d15-72c7-455a-a049-3f827b8113ad 0.124s
2025-03-06 07:35:13.930 69138 INFO tempest.lib.common.rest_client [req-6c4aa8ce-6355-4348-af9b-e4e607d423fc req-6c4aa8ce-6355-4348-af9b-e4e607d423fc ] Request (ServersTestFqdnHostnames:test_create_server_with_fqdn_name): 200 GET http://10.180.1.21/compute/v2.1/servers/8228be33-050d-4880-96b0-eb6734592837 0.097s
2025-03-06 07:35:14.003 69142 INFO tempest.lib.common.rest_client [req-49c2993e-2181-4e1f-862a-d0b885defc1a req-49c2993e-2181-4e1f-862a-d0b885defc1a ] Request (ImagesOneServerNegativeTestJSON:_run_cleanups): 200 GET http://10.180.1.21/compute/v2.1/servers/79e3c13d-7711-4db4-bdf0-1ba78f6335d7 0.103s
2025-03-06 07:35:14.010 69172 INFO tempest.lib.common.rest_client [req-d792b88e-1d00-41e1-bfa9-5e3077871e83 req-d792b88e-1d00-41e1-bfa9-5e3077871e83 ] Request (ServerActionsTestOtherA:setUpClass): 201 POST http://10.180.1.21/identity/v3/auth/tokens 0.123s
2025-03-06 07:35:14.047 69148 INFO tempest.lib.common.rest_client [req-18eda144-c32e-4e07-a316-8f202ef7e265 req-18eda144-c32e-4e07-a316-8f202ef7e265 ] Request (ServerDiskConfigTestJSON:test_rebuild_server_with_manual_disk_config): 200 GET http://10.180.1.21/compute/v2.1/servers/6bd99dff-d8ff-4bd1-b9df-f97fc3fc7a2e 0.205s
2025-03-06 07:35:14.068 69178 INFO tempest.lib.common.rest_client [req-8b508e0d-15a6-4721-9bf0-722615d81676 req-8b508e0d-15a6-4721-9bf0-722615d81676 ] Request (VolumesAdminNegativeTest:test_update_attached_volume_with_nonexistent_volume_in_body): 200 GET http://10.180.1.21/compute/v2.1/servers/65aeee3f-d2bd-4f7f-b616-1f24083f4a5f 0.164s
2025-03-06 07:35:14.184 69172 INFO tempest.lib.common.rest_client [req-11cfee2c-67b3-46f1-bd8d-1a92021871fa req-11cfee2c-67b3-46f1-bd8d-1a92021871fa ] Request (ServerActionsTestOtherA:setUpClass): 200 POST http://10.180.1.21/compute/v2.1/os-keypairs 0.172s
2025-03-06 07:35:14.237 69166 INFO tempest.lib.common.rest_client [req-5f8634fc-2d22-40ef-952a-63eb3259558f req-5f8634fc-2d22-40ef-952a-63eb3259558f ] Request (FloatingIPsAssociationTestJSON:test_associate_already_associated_floating_ip): 200 GET http://10.180.1.21/compute/v2.1/servers/07b895ce-6399-4cc4-9154-97a6449ef6b3 0.203s
2025-03-06 07:35:14.325 69170 INFO tempest.lib.common.rest_client [req-fb666b45-93f0-436b-bff9-05a88da8be9b req-fb666b45-93f0-436b-bff9-05a88da8be9b ] Request (AttachInterfacesV270Test:test_create_get_list_interfaces): 200 GET http://10.180.1.21/compute/v2.1/servers/bf363a72-ef3d-44c9-b578-08dfa0753f98 0.348s
2025-03-06 07:35:14.335 69170 INFO tempest.common.waiters [-] State transition "BUILD/None" ==> "BUILD/networking" after 64 second wait
2025-03-06 07:35:14.373 69180 INFO tempest.lib.common.rest_client [req-74cda88f-4bff-4aad-be9e-c720de48575a req-74cda88f-4bff-4aad-be9e-c720de48575a ] Request (AttachVolumeTestJSON:test_attach_detach_volume): 200 GET http://10.180.1.21/compute/v2.1/servers/50e88850-968f-472b-9921-bbf973b475bc 0.277s
2025-03-06 07:35:14.415 69140 INFO tempest.lib.common.rest_client [req-bdbf0f62-4f91-4497-9294-ecc4fc776adb req-bdbf0f62-4f91-4497-9294-ecc4fc776adb ] Request (MigrationsAdminTest:test_list_migrations_in_flavor_resize_situation): 200 GET http://10.180.1.21/compute/v2.1/servers/66fa0a66-f5ea-4ab9-805e-ac58950219fd 0.378s
2025-03-06 07:35:14.422 69172 INFO tempest.lib.common.rest_client [req-4e93297c-847e-4f0b-8e1a-0a124c7a9f20 req-4e93297c-847e-4f0b-8e1a-0a124c7a9f20 ] Request (ServerActionsTestOtherA:setUpClass): 201 POST http://10.180.1.21:9696/networking/v2.0/security-groups 0.233s
2025-03-06 07:35:14.425 69144 INFO tempest.lib.common.rest_client [req-a093f212-c75d-468c-a5a8-b46e04f23dcc req-a093f212-c75d-468c-a5a8-b46e04f23dcc ] Request (AttachInterfacesTestJSON:test_create_list_show_delete_interfaces_by_fixed_ip): 200 GET http://10.180.1.21/compute/v2.1/servers/e27f0e5f-dd73-4d56-a714-53589958715e 0.260s
2025-03-06 07:35:14.493 69136 INFO tempest.lib.common.rest_client [req-0e91c25b-9859-4780-a382-d07050fbd11e req-0e91c25b-9859-4780-a382-d07050fbd11e ] Request (ListServerFiltersTestJSON:tearDownClass): 200 GET http://10.180.1.21/compute/v2.1/servers/14a869ca-d93c-4dd9-964c-cfb14b40f069 0.277s
2025-03-06 07:35:14.496 69160 INFO tempest.lib.common.rest_client [req-e9307eff-1631-43ab-87dc-40748930a2fb req-e9307eff-1631-43ab-87dc-40748930a2fb ] Request (SecurityGroupsTestJSON:test_list_security_groups_by_server): 200 GET http://10.180.1.21/compute/v2.1/servers/9ab2a6a4-482e-4b86-8259-e23bebe7198e 0.219s
2025-03-06 07:35:14.552 69162 INFO tempest.lib.common.rest_client [req-48450b26-83de-430a-955e-722b0ec2a5cb req-48450b26-83de-430a-955e-722b0ec2a5cb ] Request (ImagesTestJSON:test_create_image_from_suspended_server): 200 GET http://10.180.1.21/compute/v2.1/servers/dc5e8fc0-c025-420f-a182-8f5a4718de6c 0.219s
2025-03-06 07:35:14.581 69172 INFO tempest.lib.common.rest_client [req-67560c60-cb02-41f4-9dd8-2d67f82a0000 req-67560c60-cb02-41f4-9dd8-2d67f82a0000 ] Request (ServerActionsTestOtherA:setUpClass): 201 POST http://10.180.1.21:9696/networking/v2.0/security-group-rules 0.158s
2025-03-06 07:35:14.583 69126 INFO tempest.lib.common.rest_client [req-e21f87b0-f3a1-4921-b93f-4f648d047a27 req-e21f87b0-f3a1-4921-b93f-4f648d047a27 ] Request (ServersAdminNegativeTestJSON:tearDownClass): 200 GET http://10.180.1.21/compute/v2.1/servers/5d7ca2c0-0656-428c-8f29-cdd6adc0b90b 0.197s
2025-03-06 07:35:14.632 69132 INFO tempest.lib.common.rest_client [req-cf5a220d-2489-4381-8050-ead7a3d2588b req-cf5a220d-2489-4381-8050-ead7a3d2588b ] Request (InstanceActionsNegativeTestJSON:tearDownClass): 200 GET http://10.180.1.21/compute/v2.1/servers/ce162796-7bf4-4602-b93d-0f91c636e411 0.176s
2025-03-06 07:35:14.644 69174 INFO tempest.lib.common.rest_client [req-a93a8d94-f1da-4c52-92b1-883a657ed6f9 req-a93a8d94-f1da-4c52-92b1-883a657ed6f9 ] Request (ServerExternalEventsTest:test_create_server_external_events): 200 GET http://10.180.1.21/compute/v2.1/servers/5bc87656-795b-487d-a72f-4d0c4a717655 0.136s
2025-03-06 07:35:14.698 69172 INFO tempest.lib.common.rest_client [req-6b1c7234-386e-4d27-9574-881b089e83b3 req-6b1c7234-386e-4d27-9574-881b089e83b3 ] Request (ServerActionsTestOtherA:setUpClass): 201 POST http://10.180.1.21:9696/networking/v2.0/security-group-rules 0.116s
2025-03-06 07:35:14.717 69158 INFO tempest.lib.common.rest_client [req-30390e49-1af5-4830-8a9d-72d47546b043 req-30390e49-1af5-4830-8a9d-72d47546b043 ] Request (ServerAddressesTestJSON:tearDownClass): 200 GET http://10.180.1.21/compute/v2.1/servers/5c2f0de4-620b-40f8-b4ab-cad2c4cb3ebe 0.080s
2025-03-06 07:35:14.731 69120 INFO tempest.lib.common.rest_client [req-a237db15-f523-4cc1-a401-8b2be5e4c204 req-a237db15-f523-4cc1-a401-8b2be5e4c204 ] Request (ServerShowV254Test:tearDownClass): 200 GET http://10.180.1.21/compute/v2.1/servers/c3b6bea7-cbb0-459d-8096-8839bae26ad1 0.153s
2025-03-06 07:35:14.768 69150 INFO tempest.lib.common.rest_client [req-b3fce3e8-83a9-4c77-af5d-29e58e0e6db2 req-b3fce3e8-83a9-4c77-af5d-29e58e0e6db2 ] Request (AttachVolumeNegativeTest:test_attach_attached_volume_to_different_server): 200 GET http://10.180.1.21/compute/v2.1/servers/0da19fe3-b125-411e-9dc5-9c980487deed 0.090s
2025-03-06 07:35:14.811 69168 INFO tempest.lib.common.rest_client [req-af7f4f67-95b3-4f77-848b-b47c48bfe2f4 req-af7f4f67-95b3-4f77-848b-b47c48bfe2f4 ] Request (ServerShowV257Test:test_rebuild_server): 200 GET http://10.180.1.21/compute/v2.1/servers/2517392e-ffb6-4fc1-b38d-cef8cfe0059e 0.088s
2025-03-06 07:35:14.849 69152 INFO tempest.lib.common.rest_client [req-2a28aca2-6089-48d0-9056-7b8ec1af62a2 req-2a28aca2-6089-48d0-9056-7b8ec1af62a2 ] Request (ServersAdmin275Test:test_rebuild_update_server_275): 200 GET http://10.180.1.21/compute/v2.1/servers/93919c14-aa9d-4d30-82ff-fa00d3e60b0d 0.061s
2025-03-06 07:35:14.905 69164 INFO tempest.lib.common.rest_client [req-0eb31a6e-e2a4-4810-b261-ea1bc1ba639e req-0eb31a6e-e2a4-4810-b261-ea1bc1ba639e ] Request (ServersAdminTestJSON:test_inject_network_info): 200 GET http://10.180.1.21/compute/v2.1/servers/71dd1641-baab-49cb-aafe-3a3083aea97a 0.070s
2025-03-06 07:35:14.988 69156 INFO tempest.lib.common.rest_client [req-bef3ee33-effb-4963-8a72-6e0da53cb2aa req-bef3ee33-effb-4963-8a72-6e0da53cb2aa ] Request (MultipleCreateTestJSON:test_multiple_create_with_reservation_return): 200 GET http://10.180.1.21/compute/v2.1/servers/53853d15-72c7-455a-a049-3f827b8113ad 0.070s
2025-03-06 07:35:15.054 69138 INFO tempest.lib.common.rest_client [req-4b49aa40-d36b-4f74-9420-34002546e42d req-4b49aa40-d36b-4f74-9420-34002546e42d ] Request (ServersTestFqdnHostnames:test_create_server_with_fqdn_name): 200 GET http://10.180.1.21/compute/v2.1/servers/8228be33-050d-4880-96b0-eb6734592837 0.114s
2025-03-06 07:35:15.055 69146 INFO tempest.lib.common.rest_client [req-24fc7d93-ad4a-4224-ac13-bae7d3b764d5 req-24fc7d93-ad4a-4224-ac13-bae7d3b764d5 ] Request (DeleteServersAdminTestJSON:test_delete_server_while_in_error_state): 200 GET http://10.180.1.21/compute/v2.1/servers/ceb07909-a135-479b-8480-00b8aa6575d2 0.191s
2025-03-06 07:35:15.067 69146 INFO tempest.common.waiters [-] State transition "BUILD/spawning" ==> "ACTIVE/None" after 72 second wait
2025-03-06 07:35:15.123 69142 INFO tempest.lib.common.rest_client [req-914b365f-3781-4ea3-a17f-b7476ccb19b7 req-914b365f-3781-4ea3-a17f-b7476ccb19b7 ] Request (ImagesOneServerNegativeTestJSON:_run_cleanups): 200 GET http://10.180.1.21/compute/v2.1/servers/79e3c13d-7711-4db4-bdf0-1ba78f6335d7 0.109s
2025-03-06 07:35:15.195 69146 INFO tempest.lib.common.rest_client [req-fa62d66a-44d4-452c-b47c-05f924559eb1 req-fa62d66a-44d4-452c-b47c-05f924559eb1 ] Request (DeleteServersAdminTestJSON:test_delete_server_while_in_error_state): 202 POST http://10.180.1.21/compute/v2.1/servers/ceb07909-a135-479b-8480-00b8aa6575d2/action 0.127s
2025-03-06 07:35:15.197 69148 INFO tempest.lib.common.rest_client [req-9db82e00-3e09-45b3-ae25-786440f74686 req-9db82e00-3e09-45b3-ae25-786440f74686 ] Request (ServerDiskConfigTestJSON:test_rebuild_server_with_manual_disk_config): 200 GET http://10.180.1.21/compute/v2.1/servers/6bd99dff-d8ff-4bd1-b9df-f97fc3fc7a2e 0.139s
2025-03-06 07:35:15.207 69172 INFO tempest.lib.common.rest_client [req-f3687116-e341-44f0-a3d7-824c8a80b1dc req-f3687116-e341-44f0-a3d7-824c8a80b1dc ] Request (ServerActionsTestOtherA:setUpClass): 201 POST http://10.180.1.21:9696/networking/v2.0/floatingips 0.509s
2025-03-06 07:35:15.249 69172 INFO tempest.lib.common.rest_client [req-973afaab-571b-4963-a76a-c89e4e9ba812 req-973afaab-571b-4963-a76a-c89e4e9ba812 ] Request (ServerActionsTestOtherA:setUpClass): 201 POST http://10.180.1.21/identity/v3/auth/tokens 0.036s
2025-03-06 07:35:15.250 69172 INFO tempest.lib.common.fixed_network [-] (ServerActionsTestOtherA:setUpClass) Found network {'id': '22e992a2-0989-4e9f-b987-6f05175dcd89', 'name': 'tempest-ServerActionsTestOtherA-115627037-network', 'tenant_id': '6288092943824a84bf8850337bd9044a', 'admin_state_up': True, 'mtu': 8950, 'status': 'ACTIVE', 'subnets': [], 'shared': False, 'project_id': '6288092943824a84bf8850337bd9044a', 'port_security_enabled': True, 'router:external': False, 'provider:network_type': 'vlan', 'provider:physical_network': 'default', 'provider:segmentation_id': 153, 'availability_zone_hints': [], 'availability_zones': [], 'ipv4_address_scope': None, 'ipv6_address_scope': None, 'description': '', 'tags': [], 'created_at': '2025-03-06T07:35:11Z', 'updated_at': '2025-03-06T07:35:11Z', 'revision_number': 1} available for tenant
2025-03-06 07:35:15.258 69178 INFO tempest.lib.common.rest_client [req-306ad8db-2bd4-4cd3-9a9f-cba0a73169d9 req-306ad8db-2bd4-4cd3-9a9f-cba0a73169d9 ] Request (VolumesAdminNegativeTest:test_update_attached_volume_with_nonexistent_volume_in_body): 200 GET http://10.180.1.21/compute/v2.1/servers/65aeee3f-d2bd-4f7f-b616-1f24083f4a5f 0.179s
2025-03-06 07:35:15.311 69166 INFO tempest.lib.common.rest_client [req-82d60fda-a47a-4bfe-98f1-68899923dd39 req-82d60fda-a47a-4bfe-98f1-68899923dd39 ] Request (FloatingIPsAssociationTestJSON:test_associate_already_associated_floating_ip): 200 GET http://10.180.1.21/compute/v2.1/servers/07b895ce-6399-4cc4-9154-97a6449ef6b3 0.061s
2025-03-06 07:35:15.331 69146 INFO tempest.lib.common.rest_client [req-4896e8ec-155c-41bb-8274-e5b592ec5451 req-4896e8ec-155c-41bb-8274-e5b592ec5451 ] Request (DeleteServersAdminTestJSON:test_delete_server_while_in_error_state): 200 GET http://10.180.1.21/compute/v2.1/servers/ceb07909-a135-479b-8480-00b8aa6575d2 0.136s
2025-03-06 07:35:15.443 69170 INFO tempest.lib.common.rest_client [req-d6437262-2b04-492f-b0c3-f2a4bddb680e req-d6437262-2b04-492f-b0c3-f2a4bddb680e ] Request (AttachInterfacesV270Test:test_create_get_list_interfaces): 200 GET http://10.180.1.21/compute/v2.1/servers/bf363a72-ef3d-44c9-b578-08dfa0753f98 0.107s
2025-03-06 07:35:15.453 69170 INFO tempest.common.waiters [-] State transition "BUILD/networking" ==> "BUILD/spawning" after 65 second wait
2025-03-06 07:35:15.509 69146 INFO tempest.lib.common.rest_client [req-ee350bb9-8c0b-44e4-8039-2731858135e5 req-ee350bb9-8c0b-44e4-8039-2731858135e5 ] Request (DeleteServersAdminTestJSON:test_delete_server_while_in_error_state): 204 DELETE http://10.180.1.21/compute/v2.1/servers/ceb07909-a135-479b-8480-00b8aa6575d2 0.167s
2025-03-06 07:35:15.555 69180 INFO tempest.lib.common.rest_client [req-23925716-a989-4f03-a290-544e0cbbcc9e req-23925716-a989-4f03-a290-544e0cbbcc9e ] Request (AttachVolumeTestJSON:test_attach_detach_volume): 200 GET http://10.180.1.21/compute/v2.1/servers/50e88850-968f-472b-9921-bbf973b475bc 0.171s
2025-03-06 07:35:15.658 69140 INFO tempest.lib.common.rest_client [req-dbb58b6e-9f2d-43ef-88fc-006beac6195f req-dbb58b6e-9f2d-43ef-88fc-006beac6195f ] Request (MigrationsAdminTest:test_list_migrations_in_flavor_resize_situation): 200 GET http://10.180.1.21/compute/v2.1/servers/66fa0a66-f5ea-4ab9-805e-ac58950219fd 0.234s
2025-03-06 07:35:15.688 69172 INFO tempest.lib.common.rest_client [req-faae62b7-753d-45f2-b1f6-c5dbedb5c36c req-faae62b7-753d-45f2-b1f6-c5dbedb5c36c ] Request (ServerActionsTestOtherA:setUpClass): 202 POST http://10.180.1.21/compute/v2.1/servers 0.437s
2025-03-06 07:35:15.715 69144 INFO tempest.lib.common.rest_client [req-53bb2b1a-27fe-4c98-9d3f-dc493cf9f9d3 req-53bb2b1a-27fe-4c98-9d3f-dc493cf9f9d3 ] Request (AttachInterfacesTestJSON:test_create_list_show_delete_interfaces_by_fixed_ip): 200 GET http://10.180.1.21/compute/v2.1/servers/e27f0e5f-dd73-4d56-a714-53589958715e 0.278s
2025-03-06 07:35:15.747 69130 WARNING tempest.lib.common.ssh [-] Failed to establish authenticated ssh connection to cirros@10.180.180.169 ([Errno None] Unable to connect to port 22 on 10.180.180.169). Number attempts: 7. Retry after 8 seconds.: paramiko.ssh_exception.NoValidConnectionsError: [Errno None] Unable to connect to port 22 on 10.180.180.169
2025-03-06 07:35:15.755 69136 INFO tempest.lib.common.rest_client [req-64de7c02-9236-457d-bd4d-0657ea5d6e55 req-64de7c02-9236-457d-bd4d-0657ea5d6e55 ] Request (ListServerFiltersTestJSON:tearDownClass): 200 GET http://10.180.1.21/compute/v2.1/servers/14a869ca-d93c-4dd9-964c-cfb14b40f069 0.248s
2025-03-06 07:35:15.765 69160 INFO tempest.lib.common.rest_client [req-a9ecc3d3-f1f2-488c-b7f6-f94074fc04c1 req-a9ecc3d3-f1f2-488c-b7f6-f94074fc04c1 ] Request (SecurityGroupsTestJSON:test_list_security_groups_by_server): 200 GET http://10.180.1.21/compute/v2.1/servers/9ab2a6a4-482e-4b86-8259-e23bebe7198e 0.255s
2025-03-06 07:35:15.814 69162 INFO tempest.lib.common.rest_client [req-1a6bc847-5312-42f3-9108-6aa173c376d4 req-1a6bc847-5312-42f3-9108-6aa173c376d4 ] Request (ImagesTestJSON:test_create_image_from_suspended_server): 200 GET http://10.180.1.21/compute/v2.1/servers/dc5e8fc0-c025-420f-a182-8f5a4718de6c 0.253s
2025-03-06 07:35:15.834 69126 INFO tempest.lib.common.rest_client [req-444856fc-4e85-42f8-8bb4-275bb105e149 req-444856fc-4e85-42f8-8bb4-275bb105e149 ] Request (ServersAdminNegativeTestJSON:tearDownClass): 404 GET http://10.180.1.21/compute/v2.1/servers/5d7ca2c0-0656-428c-8f29-cdd6adc0b90b 0.236s
2025-03-06 07:35:15.892 69132 INFO tempest.lib.common.rest_client [req-a5211a82-c813-4ff3-b3e4-cb69903f5e89 req-a5211a82-c813-4ff3-b3e4-cb69903f5e89 ] Request (InstanceActionsNegativeTestJSON:tearDownClass): 200 GET http://10.180.1.21/compute/v2.1/servers/ce162796-7bf4-4602-b93d-0f91c636e411 0.251s
2025-03-06 07:35:15.945 69146 INFO tempest.lib.common.rest_client [req-257a0fe1-28b7-4869-baaa-7782f21ed053 req-257a0fe1-28b7-4869-baaa-7782f21ed053 ] Request (DeleteServersAdminTestJSON:test_delete_server_while_in_error_state): 200 GET http://10.180.1.21/compute/v2.1/servers/ceb07909-a135-479b-8480-00b8aa6575d2 0.435s
2025-03-06 07:35:15.949 69174 INFO tempest.lib.common.rest_client [req-aa9114e6-41b0-44ed-99da-1beb12d4e062 req-aa9114e6-41b0-44ed-99da-1beb12d4e062 ] Request (ServerExternalEventsTest:test_create_server_external_events): 200 GET http://10.180.1.21/compute/v2.1/servers/5bc87656-795b-487d-a72f-4d0c4a717655 0.295s
2025-03-06 07:35:15.994 69172 INFO tempest.lib.common.rest_client [req-7f0b9d11-03ad-4aad-bc58-ff4e2592c885 req-7f0b9d11-03ad-4aad-bc58-ff4e2592c885 ] Request (ServerActionsTestOtherA:setUpClass): 200 GET http://10.180.1.21/compute/v2.1/servers/0a18db03-13aa-45ae-9419-9e5f9b7ab882 0.305s
2025-03-06 07:35:16.023 69158 INFO tempest.lib.common.rest_client [req-2f09d1d9-7df3-48fd-8283-cdb5bd368a6c req-2f09d1d9-7df3-48fd-8283-cdb5bd368a6c ] Request (ServerAddressesTestJSON:tearDownClass): 200 GET http://10.180.1.21/compute/v2.1/servers/5c2f0de4-620b-40f8-b4ab-cad2c4cb3ebe 0.297s
2025-03-06 07:35:16.057 69120 INFO tempest.lib.common.rest_client [req-8122d9b9-d34a-45a0-9a11-7ddde98ba19b req-8122d9b9-d34a-45a0-9a11-7ddde98ba19b ] Request (ServerShowV254Test:tearDownClass): 200 GET http://10.180.1.21/compute/v2.1/servers/c3b6bea7-cbb0-459d-8096-8839bae26ad1 0.316s
2025-03-06 07:35:16.075 69150 INFO tempest.lib.common.rest_client [req-a6c2b71b-bd09-428e-bf4b-6164c75ea212 req-a6c2b71b-bd09-428e-bf4b-6164c75ea212 ] Request (AttachVolumeNegativeTest:test_attach_attached_volume_to_different_server): 200 GET http://10.180.1.21/compute/v2.1/servers/0da19fe3-b125-411e-9dc5-9c980487deed 0.299s
2025-03-06 07:35:16.108 69168 INFO tempest.lib.common.rest_client [req-703dc2ba-3d2f-427c-9965-67c069d2839d req-703dc2ba-3d2f-427c-9965-67c069d2839d ] Request (ServerShowV257Test:test_rebuild_server): 200 GET http://10.180.1.21/compute/v2.1/servers/2517392e-ffb6-4fc1-b38d-cef8cfe0059e 0.285s
2025-03-06 07:35:16.156 69126 INFO tempest.lib.common.rest_client [req-7ba27f63-84f7-44af-8fd3-60a4fa2f6288 req-7ba27f63-84f7-44af-8fd3-60a4fa2f6288 ] Request (ServersAdminNegativeTestJSON:tearDownClass): 204 DELETE http://10.180.1.21/compute/v2.1/servers/f19157c4-a8f7-4e71-842e-1b593907fce1 0.322s
2025-03-06 07:35:16.165 69152 INFO tempest.lib.common.rest_client [req-45c774f3-2dee-4306-89d6-62810755929b req-45c774f3-2dee-4306-89d6-62810755929b ] Request (ServersAdmin275Test:test_rebuild_update_server_275): 200 GET http://10.180.1.21/compute/v2.1/servers/93919c14-aa9d-4d30-82ff-fa00d3e60b0d 0.302s
2025-03-06 07:35:16.204 69164 INFO tempest.lib.common.rest_client [req-e94d2c25-4bce-40e4-8381-e5531dbd63a4 req-e94d2c25-4bce-40e4-8381-e5531dbd63a4 ] Request (ServersAdminTestJSON:test_inject_network_info): 200 GET http://10.180.1.21/compute/v2.1/servers/71dd1641-baab-49cb-aafe-3a3083aea97a 0.288s
2025-03-06 07:35:16.219 69156 INFO tempest.lib.common.rest_client [req-00465927-20f0-4429-84b1-84470a515cdd req-00465927-20f0-4429-84b1-84470a515cdd ] Request (MultipleCreateTestJSON:test_multiple_create_with_reservation_return): 200 GET http://10.180.1.21/compute/v2.1/servers/53853d15-72c7-455a-a049-3f827b8113ad 0.221s
2025-03-06 07:35:16.251 69138 INFO tempest.lib.common.rest_client [req-65699b51-fa5e-4f35-b905-1d9b1e57d421 req-65699b51-fa5e-4f35-b905-1d9b1e57d421 ] Request (ServersTestFqdnHostnames:test_create_server_with_fqdn_name): 200 GET http://10.180.1.21/compute/v2.1/servers/8228be33-050d-4880-96b0-eb6734592837 0.188s
2025-03-06 07:35:16.282 69142 INFO tempest.lib.common.rest_client [req-ee6976b6-f66b-4399-a8ce-a9cf0f0ba59d req-ee6976b6-f66b-4399-a8ce-a9cf0f0ba59d ] Request (ImagesOneServerNegativeTestJSON:_run_cleanups): 200 GET http://10.180.1.21/compute/v2.1/servers/79e3c13d-7711-4db4-bdf0-1ba78f6335d7 0.146s
2025-03-06 07:35:16.341 69126 INFO tempest.lib.common.rest_client [req-c5d7dc71-1472-432f-80ed-b20bbdaf887d req-c5d7dc71-1472-432f-80ed-b20bbdaf887d ] Request (ServersAdminNegativeTestJSON:tearDownClass): 200 GET http://10.180.1.21/compute/v2.1/servers/f19157c4-a8f7-4e71-842e-1b593907fce1 0.184s
2025-03-06 07:35:16.389 69178 INFO tempest.lib.common.rest_client [req-4fe19134-9e35-4ef3-b28a-edf7d3d8d128 req-4fe19134-9e35-4ef3-b28a-edf7d3d8d128 ] Request (VolumesAdminNegativeTest:test_update_attached_volume_with_nonexistent_volume_in_body): 200 GET http://10.180.1.21/compute/v2.1/servers/65aeee3f-d2bd-4f7f-b616-1f24083f4a5f 0.120s
2025-03-06 07:35:16.389 69148 INFO tempest.lib.common.rest_client [req-c311afca-0dc2-4286-a1ac-0fbb2b7d2919 req-c311afca-0dc2-4286-a1ac-0fbb2b7d2919 ] Request (ServerDiskConfigTestJSON:test_rebuild_server_with_manual_disk_config): 200 GET http://10.180.1.21/compute/v2.1/servers/6bd99dff-d8ff-4bd1-b9df-f97fc3fc7a2e 0.182s
2025-03-06 07:35:16.434 69166 INFO tempest.lib.common.rest_client [req-ba41d71e-18d8-4ffd-9be8-f0977c1cd77b req-ba41d71e-18d8-4ffd-9be8-f0977c1cd77b ] Request (FloatingIPsAssociationTestJSON:test_associate_already_associated_floating_ip): 200 GET http://10.180.1.21/compute/v2.1/servers/07b895ce-6399-4cc4-9154-97a6449ef6b3 0.114s
2025-03-06 07:35:16.440 69166 INFO tempest.common.waiters [-] State transition "BUILD/scheduling" ==> "BUILD/None" after 44 second wait
