2025-03-06 07:33:36.099 69150 INFO tempest.lib.common.rest_client [req-821087c2-1958-40c9-8aee-194d8c350f15 req-821087c2-1958-40c9-8aee-194d8c350f15 ] Request (HostsAdminTestJSON:setUpClass): 204 PUT http://10.180.1.21/identity/v3/projects/8de910e1707d4d2d94f65ecff4b06ef2/users/5d098859b7394e6ea4bbfa11a637240d/roles/4a04f09ed94c40b48c6e2cb61c3e9a26 0.360s
2025-03-06 07:33:36.123 69138 INFO tempest.lib.common.rest_client [req-d0e9bd80-172c-4162-9303-b2677bcd9e17 req-d0e9bd80-172c-4162-9303-b2677bcd9e17 ] Request (ServerDiagnosticsNegativeTest:test_get_server_diagnostics_by_non_admin): 200 GET http://10.180.1.21/compute/v2.1/servers/7c883ceb-bd80-4e2d-8172-aa18125ef396 1.695s
2025-03-06 07:33:36.134 69152 INFO tempest.lib.common.rest_client [req-cf9ff05e-0f86-4af5-b7cc-bffa51a201d3 req-cf9ff05e-0f86-4af5-b7cc-bffa51a201d3 ] Request (AggregatesAdminNegativeTestJSON:test_aggregate_create_aggregate_name_length_exceeds_255): 400 POST http://10.180.1.21/compute/v2.1/os-aggregates 1.522s
2025-03-06 07:33:36.135 69138 INFO tempest.common.waiters [-] State transition "BUILD/spawning" ==> "ACTIVE/None" after 16 second wait
2025-03-06 07:33:36.175 69128 INFO tempest.lib.common.rest_client [req-509ee04f-709e-4230-b329-1424c953e372 req-509ee04f-709e-4230-b329-1424c953e372 ] Request (ServersV294TestFqdnHostnames:setUpClass): 201 POST http://10.180.1.21/identity/v3/auth/tokens 0.398s
2025-03-06 07:33:36.216 69134 INFO tempest.lib.common.rest_client [req-6d7ae0c8-1a06-47d4-8941-9fa2db7db1de req-6d7ae0c8-1a06-47d4-8941-9fa2db7db1de ] Request (ServersTestBootFromVolume:setUpClass): 202 POST http://10.180.1.21/volume/v3/volumes 1.438s
2025-03-06 07:33:36.245 69120 INFO tempest.lib.common.rest_client [req-91af28b3-1ef2-4f0e-bb9d-12a0979bc4b0 req-91af28b3-1ef2-4f0e-bb9d-12a0979bc4b0 ] Request (FlavorsExtraSpecsTestJSON:tearDownClass): 204 DELETE http://10.180.1.21/identity/v3/users/81055cac198a47dba29955a2a7a70d24 0.276s
2025-03-06 07:33:36.245 69120 INFO tempest.lib.common.dynamic_creds [-] Deleting project and security group for project: 09e996f7db1b41faafeec0f88d37654e
2025-03-06 07:33:36.250 69158 INFO tempest.lib.common.rest_client [req-2357802e-4295-4dfa-9cd0-830b93925dee req-2357802e-4295-4dfa-9cd0-830b93925dee ] Request (ServicesAdminTestJSON:setUpClass): 201 POST http://10.180.1.21/identity/v3/auth/tokens 0.180s
2025-03-06 07:33:36.278 69134 INFO tempest.lib.common.rest_client [req-cf06828f-37bc-40da-b9df-6bc05c44cde3 req-cf06828f-37bc-40da-b9df-6bc05c44cde3 ] Request (ServersTestBootFromVolume:setUpClass): 200 GET http://10.180.1.21/volume/v3/volumes/04f9aab8-9078-483a-ac7e-edc1b4200b9b 0.054s
2025-03-06 07:33:36.306 69150 INFO tempest.lib.common.rest_client [req-ed513e01-aec5-40f9-9963-d3124d7cb332 req-ed513e01-aec5-40f9-9963-d3124d7cb332 ] Request (HostsAdminTestJSON:setUpClass): 200 GET http://10.180.1.21/identity/v3/roles 0.206s
2025-03-06 07:33:36.310 69128 INFO tempest.lib.common.rest_client [req-8a3ee40c-1a4d-4779-b550-750d60e5c492 req-8a3ee40c-1a4d-4779-b550-750d60e5c492 ] Request (ServersV294TestFqdnHostnames:setUpClass): 201 POST http://10.180.1.21/identity/v3/auth/tokens 0.131s
2025-03-06 07:33:36.313 69160 INFO tempest.lib.common.rest_client [req-03d3dedb-afc6-41c8-8619-078c1c76bd27 req-03d3dedb-afc6-41c8-8619-078c1c76bd27 ] Request (TenantUsagesTestJSON:setUpClass): 200 GET http://10.180.1.21/compute/v2.1/servers/e2be90b1-394a-4add-8135-7789857dcec1 1.576s
2025-03-06 07:33:36.330 69120 INFO tempest.lib.common.rest_client [req-a48efbaf-0361-4a5a-8c35-183d2678ac96 req-a48efbaf-0361-4a5a-8c35-183d2678ac96 ] Request (FlavorsExtraSpecsTestJSON:tearDownClass): 201 POST http://10.180.1.21/identity/v3/auth/tokens 0.084s
2025-03-06 07:33:36.338 69180 INFO tempest.lib.common.rest_client [req-e4106db2-5d3a-4409-9215-79956f75d515 req-e4106db2-5d3a-4409-9215-79956f75d515 ] Request (KeyPairsV210TestJSON:_run_cleanups): 204 DELETE http://10.180.1.21/compute/v2.1/os-keypairs/tempest-keypair-294215129?user_id=202b905bd94d44ac9d25d5a25f896028 1.582s
2025-03-06 07:33:36.345 69150 INFO tempest.lib.common.rest_client [req-5d698fb5-30e6-4351-8f22-9d6493f62314 req-5d698fb5-30e6-4351-8f22-9d6493f62314 ] Request (HostsAdminTestJSON:setUpClass): 204 PUT http://10.180.1.21/identity/v3/projects/8de910e1707d4d2d94f65ecff4b06ef2/users/5d098859b7394e6ea4bbfa11a637240d/roles/4a04f09ed94c40b48c6e2cb61c3e9a26 0.038s
2025-03-06 07:33:36.346 69150 INFO tempest.lib.common.dynamic_creds [-] Dynamic test user 5d098859b7394e6ea4bbfa11a637240d is created with scope project and roles: ['admin']
2025-03-06 07:33:36.346 69150 INFO tempest.lib.common.dynamic_creds [-] Acquired dynamic creds: credentials: Credentials: {'domain_id': 'default', 'domain_name': 'Default', 'username': 'tempest-HostsAdminTestJSON-1719468692-project-admin', 'project_domain_id': 'default', 'project_domain_name': 'Default', 'project_id': '8de910e1707d4d2d94f65ecff4b06ef2', 'project_name': 'tempest-HostsAdminTestJSON-1719468692', 'tenant_id': '8de910e1707d4d2d94f65ecff4b06ef2', 'tenant_name': 'tempest-HostsAdminTestJSON-1719468692', 'user_domain_id': 'default', 'user_domain_name': 'Default', 'user_id': '5d098859b7394e6ea4bbfa11a637240d', 'system': None}, Network: None, Subnet: None, Router: None
2025-03-06 07:33:36.346 69150 INFO tempest.lib.common.dynamic_creds [-] Created isolated network resources for: credentials: Credentials: {'domain_id': 'default', 'domain_name': 'Default', 'username': 'tempest-HostsAdminTestJSON-1719468692-project-admin', 'project_domain_id': 'default', 'project_domain_name': 'Default', 'project_id': '8de910e1707d4d2d94f65ecff4b06ef2', 'project_name': 'tempest-HostsAdminTestJSON-1719468692', 'tenant_id': '8de910e1707d4d2d94f65ecff4b06ef2', 'tenant_name': 'tempest-HostsAdminTestJSON-1719468692', 'user_domain_id': 'default', 'user_domain_name': 'Default', 'user_id': '5d098859b7394e6ea4bbfa11a637240d', 'system': None}, Network: None, Subnet: None, Router: None
2025-03-06 07:33:36.352 69158 INFO tempest.lib.common.rest_client [req-448d2c47-fc9b-4a80-85fe-03d48f9da7b3 req-448d2c47-fc9b-4a80-85fe-03d48f9da7b3 ] Request (ServicesAdminTestJSON:setUpClass): 201 POST http://10.180.1.21/identity/v3/projects 0.101s
2025-03-06 07:33:36.357 69132 INFO tempest.lib.common.rest_client [req-2a72cbd9-8d11-42bd-9cba-eea7cd7ad330 req-2a72cbd9-8d11-42bd-9cba-eea7cd7ad330 ] Request (HostsAdminNegativeTestJSON:test_update_nonexistent_host): 404 PUT http://10.180.1.21/compute/v2.1/os-hosts/nonexistent_hostname 1.592s
2025-03-06 07:33:36.419 69176 INFO tempest.lib.common.rest_client [req-f0f7ad6d-b61a-4a00-99e7-795e2370967e req-f0f7ad6d-b61a-4a00-99e7-795e2370967e ] Request (FloatingIPDetailsTestJSON:setUpClass): 201 POST http://10.180.1.21:9696/networking/v2.0/routers 1.499s
2025-03-06 07:33:36.440 69128 INFO tempest.lib.common.rest_client [req-ba9b3ffe-b47f-4af7-8b6c-6ec8b556f163 req-ba9b3ffe-b47f-4af7-8b6c-6ec8b556f163 ] Request (ServersV294TestFqdnHostnames:setUpClass): 200 GET http://10.180.1.21/identity/v3/domains?name=Default 0.130s
2025-03-06 07:33:36.468 69158 INFO tempest.lib.common.rest_client [req-12703674-c362-4160-b642-cdafbe03e1bd req-12703674-c362-4160-b642-cdafbe03e1bd ] Request (ServicesAdminTestJSON:setUpClass): 201 POST http://10.180.1.21/identity/v3/users 0.115s
2025-03-06 07:33:36.507 69150 INFO tempest.lib.common.rest_client [req-0bbcbd02-c971-4a05-827e-6a2263305499 req-0bbcbd02-c971-4a05-827e-6a2263305499 ] Request (HostsAdminTestJSON:setUpClass): 201 POST http://10.180.1.21/identity/v3/auth/tokens 0.158s
2025-03-06 07:33:36.548 69128 INFO tempest.lib.common.rest_client [req-2845e8ec-7a10-4e1f-bfc3-5ecdb30eef22 req-2845e8ec-7a10-4e1f-bfc3-5ecdb30eef22 ] Request (ServersV294TestFqdnHostnames:setUpClass): 201 POST http://10.180.1.21/identity/v3/projects 0.106s
2025-03-06 07:33:36.549 69170 INFO tempest.lib.common.rest_client [req-ee8cf780-f319-46da-9b6a-36b64a7327b1 req-ee8cf780-f319-46da-9b6a-36b64a7327b1 ] Request (FloatingIPsTestJSON:setUpClass): 200 PUT http://10.180.1.21:9696/networking/v2.0/routers/22f0b85f-e299-4936-bafc-a44906d77376/add_router_interface 2.955s
2025-03-06 07:33:36.549 69170 INFO tempest.lib.common.dynamic_creds [-] Created isolated network resources for: credentials: Credentials: {'domain_id': 'default', 'domain_name': 'Default', 'username': 'tempest-FloatingIPsTestJSON-1468461979-project-member', 'project_domain_id': 'default', 'project_domain_name': 'Default', 'project_id': 'c957581097364e60bffd00b2cd8a7eff', 'project_name': 'tempest-FloatingIPsTestJSON-1468461979', 'tenant_id': 'c957581097364e60bffd00b2cd8a7eff', 'tenant_name': 'tempest-FloatingIPsTestJSON-1468461979', 'user_domain_id': 'default', 'user_domain_name': 'Default', 'user_id': '01754e59b5c9452d8c141606f66207b4', 'system': None}, Network: {'id': '135256f8-2573-42d4-9825-4290ef36e832', 'name': 'tempest-FloatingIPsTestJSON-2013106427-network', 'tenant_id': 'c957581097364e60bffd00b2cd8a7eff', 'admin_state_up': True, 'mtu': 8950, 'status': 'ACTIVE', 'subnets': [], 'shared': False, 'project_id': 'c957581097364e60bffd00b2cd8a7eff', 'port_security_enabled': True, 'router:external': False, 'provider:network_type': 'vlan', 'provider:physical_network': 'default', 'provider:segmentation_id': 921, 'availability_zone_hints': [], 'availability_zones': [], 'ipv4_address_scope': None, 'ipv6_address_scope': None, 'description': '', 'tags': [], 'created_at': '2025-03-06T07:33:30Z', 'updated_at': '2025-03-06T07:33:30Z', 'revision_number': 1}, Subnet: {'id': 'c3650e48-7f09-4efa-b798-4d15c39f1322', 'name': 'tempest-FloatingIPsTestJSON-2013106427-subnet', 'tenant_id': 'c957581097364e60bffd00b2cd8a7eff', 'network_id': '135256f8-2573-42d4-9825-4290ef36e832', 'ip_version': 4, 'subnetpool_id': None, 'enable_dhcp': True, 'ipv6_ra_mode': None, 'ipv6_address_mode': None, 'gateway_ip': '192.168.128.1', 'cidr': '192.168.128.0/28', 'allocation_pools': [{'start': '192.168.128.2', 'end': '192.168.128.14'}], 'host_routes': [], 'dns_nameservers': [], 'description': '', 'router:external': False, 'service_types': [], 'tags': [], 'created_at': '2025-03-06T07:33:30Z', 'updated_at': '2025-03-06T07:33:30Z', 'revision_number': 0, 'project_id': 'c957581097364e60bffd00b2cd8a7eff'}, Router: {'id': '22f0b85f-e299-4936-bafc-a44906d77376', 'name': 'tempest-FloatingIPsTestJSON-2013106427-router', 'tenant_id': 'c957581097364e60bffd00b2cd8a7eff', 'admin_state_up': True, 'status': 'ACTIVE', 'external_gateway_info': {'network_id': '495f496c-89b6-4d59-a630-261e52522c64', 'external_fixed_ips': [{'subnet_id': '072874ea-b39f-426d-a4eb-c6f63df8b4b6', 'ip_address': '10.180.180.208'}], 'enable_snat': True}, 'description': '', 'availability_zones': [], 'distributed': False, 'ha': False, 'availability_zone_hints': [], 'routes': [], 'flavor_id': None, 'tags': [], 'created_at': '2025-03-06T07:33:30Z', 'updated_at': '2025-03-06T07:33:32Z', 'revision_number': 2, 'project_id': 'c957581097364e60bffd00b2cd8a7eff'}
2025-03-06 07:33:36.560 69126 INFO tempest.lib.common.rest_client [req-41be90a4-a613-4d94-9094-40211df6aa76 req-41be90a4-a613-4d94-9094-40211df6aa76 ] Request (ServersAdminNegativeTestJSON:setUpClass): 200 GET http://10.180.1.21/compute/v2.1/servers/f19157c4-a8f7-4e71-842e-1b593907fce1 1.669s
2025-03-06 07:33:36.579 69148 INFO tempest.lib.common.rest_client [req-196f468c-57be-41b9-94a3-c8eeb8473100 req-196f468c-57be-41b9-94a3-c8eeb8473100 ] Request (ServerDiskConfigTestJSON:test_rebuild_server_with_auto_disk_config): 200 GET http://10.180.1.21/compute/v2.1/servers/43b53df0-1d55-46f2-a7ab-883dd380aa17 1.970s
2025-03-06 07:33:36.580 69132 INFO tempest.lib.common.rest_client [req-717fe578-80b3-4e0f-bcdc-ec8c4dd9938b req-717fe578-80b3-4e0f-bcdc-ec8c4dd9938b ] Request (HostsAdminNegativeTestJSON:tearDownClass): 204 DELETE http://10.180.1.21/identity/v3/users/89e86c3120c1435dad51934a2ecb0836 0.221s
2025-03-06 07:33:36.586 69166 INFO tempest.lib.common.rest_client [req-1a37b351-44d7-4380-8051-0205c58f8e99 req-1a37b351-44d7-4380-8051-0205c58f8e99 ] Request (QuotasAdminNegativeTest:test_update_quota_normal_user): 403 PUT http://10.180.1.21/compute/v2.1/os-quota-sets/9d732bbb919545e18c40763265cd7b94 1.559s
2025-03-06 07:33:36.616 69140 INFO tempest.lib.common.rest_client [req-9ea60c55-eb8a-46d8-9062-79f11deb1265 req-9ea60c55-eb8a-46d8-9062-79f11deb1265 ] Request (FlavorsAccessNegativeTestJSON:_run_cleanups): 202 DELETE http://10.180.1.21/compute/v2.1/flavors/2092146889 1.407s
2025-03-06 07:33:36.652 69172 INFO tempest.lib.common.rest_client [req-02f6c9dc-d30d-4338-9887-275830f3187c req-02f6c9dc-d30d-4338-9887-275830f3187c ] Request (FloatingIPsAssociationNegativeTestJSON:setUpClass): 201 POST http://10.180.1.21:9696/networking/v2.0/networks 1.007s
2025-03-06 07:33:36.666 69158 INFO tempest.lib.common.rest_client [req-7e0e75ed-1205-461a-8f96-ad2dec41fbd4 req-7e0e75ed-1205-461a-8f96-ad2dec41fbd4 ] Request (ServicesAdminTestJSON:setUpClass): 200 GET http://10.180.1.21/identity/v3/roles 0.198s
2025-03-06 07:33:36.686 69128 INFO tempest.lib.common.rest_client [req-52628fb1-46ea-4c7f-aac3-f125867d26a5 req-52628fb1-46ea-4c7f-aac3-f125867d26a5 ] Request (ServersV294TestFqdnHostnames:setUpClass): 201 POST http://10.180.1.21/identity/v3/users 0.137s
2025-03-06 07:33:36.735 69170 INFO tempest.lib.common.rest_client [req-c2044ac0-7df0-4cd2-8258-2d1620eb23d7 req-c2044ac0-7df0-4cd2-8258-2d1620eb23d7 ] Request (FloatingIPsTestJSON:setUpClass): 201 POST http://10.180.1.21/identity/v3/auth/tokens 0.178s
2025-03-06 07:33:36.742 69120 INFO tempest.lib.common.rest_client [req-2c899dda-cbc7-438b-8931-c391ca4fc682 req-2c899dda-cbc7-438b-8931-c391ca4fc682 ] Request (FlavorsExtraSpecsTestJSON:tearDownClass): 200 GET http://10.180.1.21:9696/networking/v2.0/security-groups?tenant_id=09e996f7db1b41faafeec0f88d37654e&name=default 0.411s
2025-03-06 07:33:36.751 69132 INFO tempest.lib.common.rest_client [req-a6057b34-e8fd-4752-9b68-faf9f8f77214 req-a6057b34-e8fd-4752-9b68-faf9f8f77214 ] Request (HostsAdminNegativeTestJSON:tearDownClass): 204 DELETE http://10.180.1.21/identity/v3/users/1cdc3e8b919149939d6121f2c825cfb2 0.171s
2025-03-06 07:33:36.751 69132 INFO tempest.lib.common.dynamic_creds [-] Deleting project and security group for project: 48f1a5ba73774b6cb70fb699a4c15fe3
2025-03-06 07:33:36.852 69166 INFO tempest.lib.common.rest_client [req-498a7ff1-7ae6-411a-acea-f72be3d41f31 req-498a7ff1-7ae6-411a-acea-f72be3d41f31 ] Request (QuotasAdminNegativeTest:tearDownClass): 204 DELETE http://10.180.1.21/identity/v3/users/2ddaa9f63b374c59a06ded698914c637 0.264s
2025-03-06 07:33:36.879 69162 INFO tempest.lib.common.rest_client [req-dd6ff2be-3044-4717-8a00-b3dfcfbdefb3 req-dd6ff2be-3044-4717-8a00-b3dfcfbdefb3 ] Request (ImagesTestJSON:test_create_image_from_stopped_server): 200 GET http://10.180.1.21/compute/v2.1/servers/a8322577-7f86-48e3-be17-8dfc19047045 1.879s
2025-03-06 07:33:36.976 69158 INFO tempest.lib.common.rest_client [req-9bec56cf-069e-4aa2-9142-92d6ad4178f0 req-9bec56cf-069e-4aa2-9142-92d6ad4178f0 ] Request (ServicesAdminTestJSON:setUpClass): 204 PUT http://10.180.1.21/identity/v3/projects/f4bf720b66564f3d9952839e0b20aca8/users/3b35cfb71bc34458826287162aace862/roles/4a04f09ed94c40b48c6e2cb61c3e9a26 0.308s
2025-03-06 07:33:36.983 69128 INFO tempest.lib.common.rest_client [req-6592b602-d94a-4d9a-b93c-2f6addce91d5 req-6592b602-d94a-4d9a-b93c-2f6addce91d5 ] Request (ServersV294TestFqdnHostnames:setUpClass): 200 GET http://10.180.1.21/identity/v3/roles 0.294s
2025-03-06 07:33:37.065 69132 INFO tempest.lib.common.rest_client [req-274597cf-3c86-4f0b-8b23-92ec525fd082 req-274597cf-3c86-4f0b-8b23-92ec525fd082 ] Request (HostsAdminNegativeTestJSON:tearDownClass): 201 POST http://10.180.1.21/identity/v3/auth/tokens 0.314s
2025-03-06 07:33:37.102 69120 INFO tempest.lib.common.rest_client [req-aa9539a9-35e8-4c12-9bec-1da73e93ae53 req-aa9539a9-35e8-4c12-9bec-1da73e93ae53 ] Request (FlavorsExtraSpecsTestJSON:tearDownClass): 204 DELETE http://10.180.1.21:9696/networking/v2.0/security-groups/1ee7051f-8309-4ac9-a561-94cfa288bf3b 0.360s
2025-03-06 07:33:37.163 69144 INFO tempest.lib.common.rest_client [req-b6332378-155c-452f-86ea-b8a56bd347ae req-b6332378-155c-452f-86ea-b8a56bd347ae ] Request (ImagesNegativeTestJSON:test_create_image_from_deleted_server): 200 GET http://10.180.1.21/compute/v2.1/servers/fe6f7451-48d7-4698-816a-9a065ce0af35 1.883s
2025-03-06 07:33:37.180 69144 INFO tempest.common.waiters [-] State transition "BUILD/networking" ==> "BUILD/spawning" after 15 second wait
2025-03-06 07:33:37.196 69166 INFO tempest.lib.common.rest_client [req-11389935-7ce6-4fab-baed-a09fa1700a9e req-11389935-7ce6-4fab-baed-a09fa1700a9e ] Request (QuotasAdminNegativeTest:tearDownClass): 204 DELETE http://10.180.1.21/identity/v3/users/8b100bf86cc14030bcbaeeeec4fc6230 0.344s
2025-03-06 07:33:37.196 69166 INFO tempest.lib.common.dynamic_creds [-] Deleting project and security group for project: 9d732bbb919545e18c40763265cd7b94
2025-03-06 07:33:37.305 69158 INFO tempest.lib.common.rest_client [req-a8812ca0-5ce3-4ffc-b09c-e79997efeb14 req-a8812ca0-5ce3-4ffc-b09c-e79997efeb14 ] Request (ServicesAdminTestJSON:setUpClass): 200 GET http://10.180.1.21/identity/v3/roles 0.328s
2025-03-06 07:33:37.338 69134 INFO tempest.lib.common.rest_client [req-40857cd2-041f-4d7c-a3ee-12785e24677e req-40857cd2-041f-4d7c-a3ee-12785e24677e ] Request (ServersTestBootFromVolume:setUpClass): 200 GET http://10.180.1.21/volume/v3/volumes/04f9aab8-9078-483a-ac7e-edc1b4200b9b 0.053s
2025-03-06 07:33:37.361 69136 INFO tempest.lib.common.rest_client [req-bc3446fb-cb26-48ed-9b82-858dc26f6836 req-bc3446fb-cb26-48ed-9b82-858dc26f6836 ] Request (QuotasAdminTestV236:test_get_updated_quotas): 200 PUT http://10.180.1.21/compute/v2.1/os-quota-sets/842f39d757b948f0849f74e2e680995c?user_id=15cbb9db504242f8a46c6eb903e4bcf2 2.124s
2025-03-06 07:33:37.374 69128 INFO tempest.lib.common.rest_client [req-49a08a68-f381-4345-bedf-4f64ef510446 req-49a08a68-f381-4345-bedf-4f64ef510446 ] Request (ServersV294TestFqdnHostnames:setUpClass): 204 PUT http://10.180.1.21/identity/v3/projects/416afebc096e413c8bd61a123027576e/users/cbb45487cf374209876aece0981cb3b4/roles/544f107cad6e4b97b770cd0685ac2896 0.391s
2025-03-06 07:33:37.375 69128 INFO tempest.lib.common.dynamic_creds [-] Dynamic test user cbb45487cf374209876aece0981cb3b4 is created with scope project and roles: ['member']
2025-03-06 07:33:37.375 69128 INFO tempest.lib.common.dynamic_creds [-] Acquired dynamic creds: credentials: Credentials: {'domain_id': 'default', 'domain_name': 'Default', 'username': 'tempest-ServersV294TestFqdnHostnames-2135201734-project-member', 'project_domain_id': 'default', 'project_domain_name': 'Default', 'project_id': '416afebc096e413c8bd61a123027576e', 'project_name': 'tempest-ServersV294TestFqdnHostnames-2135201734', 'tenant_id': '416afebc096e413c8bd61a123027576e', 'tenant_name': 'tempest-ServersV294TestFqdnHostnames-2135201734', 'user_domain_id': 'default', 'user_domain_name': 'Default', 'user_id': 'cbb45487cf374209876aece0981cb3b4', 'system': None}, Network: None, Subnet: None, Router: None
2025-03-06 07:33:37.448 69122 INFO tempest.lib.common.rest_client [req-25da3291-49d8-4548-b764-cbe564a68b51 req-25da3291-49d8-4548-b764-cbe564a68b51 ] Request (VolumesAssistedSnapshotsTest:test_volume_assisted_snapshot_create_delete): 200 GET http://10.180.1.21/compute/v2.1/servers/3e0ad6f4-d2bc-40ff-a7d1-e7175c0c4839 1.925s
2025-03-06 07:33:37.457 69166 INFO tempest.lib.common.rest_client [req-8e85f085-dd2b-43e8-8c15-31b1b9384015 req-8e85f085-dd2b-43e8-8c15-31b1b9384015 ] Request (QuotasAdminNegativeTest:tearDownClass): 201 POST http://10.180.1.21/identity/v3/auth/tokens 0.261s
2025-03-06 07:33:37.463 69122 INFO tempest.common.waiters [-] State transition "BUILD/scheduling" ==> "BUILD/None" after 8 second wait
2025-03-06 07:33:37.468 69168 INFO tempest.lib.common.rest_client [req-37764137-9e56-41b4-8cab-6239027fff1e req-37764137-9e56-41b4-8cab-6239027fff1e ] Request (ImagesMetadataTestJSON:test_set_image_metadata_item): 200 PUT http://10.180.1.21/compute/v2.1/images/dc0e2e77-a6a6-4fc6-b497-2ac87352ef69/metadata/os_version 2.157s
2025-03-06 07:33:37.475 69158 INFO tempest.lib.common.rest_client [req-66bf2b8a-548d-4b68-bc7d-5e89c3704d7b req-66bf2b8a-548d-4b68-bc7d-5e89c3704d7b ] Request (ServicesAdminTestJSON:setUpClass): 204 PUT http://10.180.1.21/identity/v3/projects/f4bf720b66564f3d9952839e0b20aca8/users/3b35cfb71bc34458826287162aace862/roles/4a04f09ed94c40b48c6e2cb61c3e9a26 0.170s
2025-03-06 07:33:37.477 69158 INFO tempest.lib.common.dynamic_creds [-] Dynamic test user 3b35cfb71bc34458826287162aace862 is created with scope project and roles: ['admin']
2025-03-06 07:33:37.477 69158 INFO tempest.lib.common.dynamic_creds [-] Acquired dynamic creds: credentials: Credentials: {'domain_id': 'default', 'domain_name': 'Default', 'username': 'tempest-ServicesAdminTestJSON-371739491-project-admin', 'project_domain_id': 'default', 'project_domain_name': 'Default', 'project_id': 'f4bf720b66564f3d9952839e0b20aca8', 'project_name': 'tempest-ServicesAdminTestJSON-371739491', 'tenant_id': 'f4bf720b66564f3d9952839e0b20aca8', 'tenant_name': 'tempest-ServicesAdminTestJSON-371739491', 'user_domain_id': 'default', 'user_domain_name': 'Default', 'user_id': '3b35cfb71bc34458826287162aace862', 'system': None}, Network: None, Subnet: None, Router: None
2025-03-06 07:33:37.477 69158 INFO tempest.lib.common.dynamic_creds [-] Created isolated network resources for: credentials: Credentials: {'domain_id': 'default', 'domain_name': 'Default', 'username': 'tempest-ServicesAdminTestJSON-371739491-project-admin', 'project_domain_id': 'default', 'project_domain_name': 'Default', 'project_id': 'f4bf720b66564f3d9952839e0b20aca8', 'project_name': 'tempest-ServicesAdminTestJSON-371739491', 'tenant_id': 'f4bf720b66564f3d9952839e0b20aca8', 'tenant_name': 'tempest-ServicesAdminTestJSON-371739491', 'user_domain_id': 'default', 'user_domain_name': 'Default', 'user_id': '3b35cfb71bc34458826287162aace862', 'system': None}, Network: None, Subnet: None, Router: None
2025-03-06 07:33:37.484 69172 INFO tempest.lib.common.rest_client [req-4fc94658-e909-41e3-ae4c-31ca55caccc0 req-4fc94658-e909-41e3-ae4c-31ca55caccc0 ] Request (FloatingIPsAssociationNegativeTestJSON:setUpClass): 201 POST http://10.180.1.21:9696/networking/v2.0/subnets 0.830s
2025-03-06 07:33:37.531 69128 INFO tempest.lib.common.rest_client [req-0b8fd66b-be3f-4571-879b-9beab2a727ce req-0b8fd66b-be3f-4571-879b-9beab2a727ce ] Request (ServersV294TestFqdnHostnames:setUpClass): 201 POST http://10.180.1.21/identity/v3/auth/tokens 0.156s
2025-03-06 07:33:37.572 69120 INFO tempest.lib.common.rest_client [req-04999acb-87cd-4681-9f5e-bc3b7366eefa req-04999acb-87cd-4681-9f5e-bc3b7366eefa ] Request (FlavorsExtraSpecsTestJSON:tearDownClass): 204 DELETE http://10.180.1.21/identity/v3/projects/09e996f7db1b41faafeec0f88d37654e 0.470s
2025-03-06 07:33:37.573 69120 INFO tempest.lib.common.dynamic_creds [-] Deleting project and security group for project: 07d304833b7d41dd9a14585214b69f82
2025-03-06 07:33:37.744 69182 INFO tempest.lib.common.rest_client [req-84da705e-c510-4bdd-a4ef-3560874edcc1 req-84da705e-c510-4bdd-a4ef-3560874edcc1 ] Request (FlavorMetadataValidation:test_flavor_update_with_custom_namespace): 200 POST http://10.180.1.21/compute/v2.1/flavors 2.071s
2025-03-06 07:33:37.755 69158 INFO tempest.lib.common.rest_client [req-a36f7e5c-8a55-41d1-bde7-29bf103cdecb req-a36f7e5c-8a55-41d1-bde7-29bf103cdecb ] Request (ServicesAdminTestJSON:setUpClass): 201 POST http://10.180.1.21/identity/v3/auth/tokens 0.274s
2025-03-06 07:33:37.765 69174 INFO tempest.lib.common.rest_client [req-223eb9b5-6669-4efe-a3df-ae2abd5616e7 req-223eb9b5-6669-4efe-a3df-ae2abd5616e7 ] Request (FlavorsAdminTestJSON:test_create_flavor_with_uuid_id): 200 POST http://10.180.1.21/compute/v2.1/flavors 2.066s
2025-03-06 07:33:37.828 69146 INFO tempest.lib.common.rest_client [req-023d5c9e-25d5-4794-8c40-84bd1a05b99d req-023d5c9e-25d5-4794-8c40-84bd1a05b99d ] Request (DeleteServersAdminTestJSON:test_admin_delete_servers_of_others): 204 DELETE http://10.180.1.21/compute/v2.1/servers/14a6193c-05be-493e-a1bb-75b7b31897ad 2.300s
2025-03-06 07:33:37.937 69164 INFO tempest.lib.common.rest_client [req-0518896f-8ba7-497a-b2a5-618158d4a21c req-0518896f-8ba7-497a-b2a5-618158d4a21c ] Request (ServersAdminTestJSON:setUpClass): 200 GET http://10.180.1.21/compute/v2.1/servers/27610814-a343-4395-ab92-501846547df8 2.078s
2025-03-06 07:33:37.951 69164 INFO tempest.common.waiters [-] State transition "BUILD/scheduling" ==> "BUILD/None" after 12 second wait
2025-03-06 07:33:37.953 69132 INFO tempest.lib.common.rest_client [req-e0e58b78-ec18-4ab4-95ac-c7da5b859ed0 req-e0e58b78-ec18-4ab4-95ac-c7da5b859ed0 ] Request (HostsAdminNegativeTestJSON:tearDownClass): 200 GET http://10.180.1.21:9696/networking/v2.0/security-groups?tenant_id=48f1a5ba73774b6cb70fb699a4c15fe3&name=default 0.888s
2025-03-06 07:33:37.959 69120 INFO tempest.lib.common.rest_client [req-ee2a6a0c-7a27-42f0-9410-fc9bf805f3a3 req-ee2a6a0c-7a27-42f0-9410-fc9bf805f3a3 ] Request (FlavorsExtraSpecsTestJSON:tearDownClass): 200 GET http://10.180.1.21:9696/networking/v2.0/security-groups?tenant_id=07d304833b7d41dd9a14585214b69f82&name=default 0.386s
2025-03-06 07:33:38.097 69130 INFO tempest.lib.common.rest_client [req-e888dec5-0c98-49cd-bcfc-d914e8b10671 req-e888dec5-0c98-49cd-bcfc-d914e8b10671 ] Request (AttachInterfacesUnderV243Test:test_add_remove_fixed_ip): 200 GET http://10.180.1.21/compute/v2.1/servers/ebe265d5-d05d-48f6-a05a-5e79189d63a3 2.142s
2025-03-06 07:33:38.120 69142 INFO tempest.lib.common.rest_client [req-4dfb6f25-3f9c-4955-8026-18161b8e03d3 req-4dfb6f25-3f9c-4955-8026-18161b8e03d3 ] Request (ServicesAdminNegativeV253TestJSON:test_get_service_with_valid_service_and_invalid_host): 200 GET http://10.180.1.21/compute/v2.1/os-services?host=xxx&binary=nova-scheduler 2.039s
2025-03-06 07:33:38.126 69152 INFO tempest.lib.common.rest_client [req-2e6eb595-5bc1-47c2-9478-8d40ee2b76a8 req-2e6eb595-5bc1-47c2-9478-8d40ee2b76a8 ] Request (AggregatesAdminNegativeTestJSON:test_aggregate_create_aggregate_name_length_less_than_1): 400 POST http://10.180.1.21/compute/v2.1/os-aggregates 1.990s
2025-03-06 07:33:38.137 69178 INFO tempest.lib.common.rest_client [req-69033ace-2135-4c9b-8832-589b3ee5e6a1 req-69033ace-2135-4c9b-8832-589b3ee5e6a1 ] Request (ServerDiagnosticsTest:test_get_server_diagnostics): 200 GET http://10.180.1.21/compute/v2.1/servers/c9025454-e87b-4bfa-8b8d-4951d2085250 2.396s
2025-03-06 07:33:38.147 69178 INFO tempest.common.waiters [-] State transition "BUILD/None" ==> "BUILD/spawning" after 16 second wait
2025-03-06 07:33:38.160 69180 INFO tempest.lib.common.rest_client [req-855aadc2-1746-44df-8955-2ba59f51b42a req-855aadc2-1746-44df-8955-2ba59f51b42a ] Request (KeyPairsV210TestJSON:_run_cleanups): 204 DELETE http://10.180.1.21/compute/v2.1/os-keypairs/tempest-keypair-1214425980?user_id=202b905bd94d44ac9d25d5a25f896028 1.822s
2025-03-06 07:33:38.182 69138 INFO tempest.lib.common.rest_client [req-91531540-7040-4037-8224-ecbeb12af63e req-91531540-7040-4037-8224-ecbeb12af63e ] Request (ServerDiagnosticsNegativeTest:test_get_server_diagnostics_by_non_admin): 403 GET http://10.180.1.21/compute/v2.1/servers/7c883ceb-bd80-4e2d-8172-aa18125ef396/diagnostics 2.046s
2025-03-06 07:33:38.187 69166 INFO tempest.lib.common.rest_client [req-05941aff-5b11-4940-b928-a7673819fe09 req-05941aff-5b11-4940-b928-a7673819fe09 ] Request (QuotasAdminNegativeTest:tearDownClass): 200 GET http://10.180.1.21:9696/networking/v2.0/security-groups?tenant_id=9d732bbb919545e18c40763265cd7b94&name=default 0.729s
2025-03-06 07:33:38.240 69140 INFO tempest.lib.common.rest_client [req-2e7b1786-aadf-4ab2-aecf-a172ef943731 req-2e7b1786-aadf-4ab2-aecf-a172ef943731 ] Request (FlavorsAccessNegativeTestJSON:_run_cleanups): 200 GET http://10.180.1.21/compute/v2.1/flavors/detail 1.623s
2025-03-06 07:33:38.281 69150 INFO tempest.lib.common.rest_client [req-527af041-a2fd-4b9b-878c-127cd44c5fac req-527af041-a2fd-4b9b-878c-127cd44c5fac ] Request (HostsAdminTestJSON:test_list_hosts): 200 GET http://10.180.1.21/compute/v2.1/os-hosts 1.773s
2025-03-06 07:33:38.285 69180 INFO tempest.lib.common.rest_client [req-b5c902cc-1f42-43e7-a974-b1be8e2c9856 req-b5c902cc-1f42-43e7-a974-b1be8e2c9856 ] Request (KeyPairsV210TestJSON:tearDownClass): 204 DELETE http://10.180.1.21/identity/v3/users/202b905bd94d44ac9d25d5a25f896028 0.123s
2025-03-06 07:33:38.332 69156 INFO tempest.lib.common.rest_client [req-9d48108c-5818-4d9e-b45f-ec781e8be66e req-9d48108c-5818-4d9e-b45f-ec781e8be66e ] Request (MultipleCreateTestJSON:test_multiple_create): 200 GET http://10.180.1.21/compute/v2.1/servers/f235dee2-a99f-4a13-b718-f20306db3cf7 1.689s
2025-03-06 07:33:38.341 69156 INFO tempest.common.waiters [-] State transition "BUILD/scheduling" ==> "BUILD/None" after 3 second wait
2025-03-06 07:33:38.359 69120 INFO tempest.lib.common.rest_client [req-80b8e807-e293-45e2-8312-4044466ac689 req-80b8e807-e293-45e2-8312-4044466ac689 ] Request (FlavorsExtraSpecsTestJSON:tearDownClass): 204 DELETE http://10.180.1.21:9696/networking/v2.0/security-groups/10219874-6ea2-49f7-b331-001e930c2520 0.400s
2025-03-06 07:33:38.371 69132 INFO tempest.lib.common.rest_client [req-ece8b997-8829-4981-a8e0-1807f9d9cad2 req-ece8b997-8829-4981-a8e0-1807f9d9cad2 ] Request (HostsAdminNegativeTestJSON:tearDownClass): 204 DELETE http://10.180.1.21:9696/networking/v2.0/security-groups/8e761785-b84b-4d9c-b4f3-975cdf877ed0 0.417s
2025-03-06 07:33:38.376 69166 INFO tempest.lib.common.rest_client [req-d2924155-f0e9-456c-bcae-f8352148be0b req-d2924155-f0e9-456c-bcae-f8352148be0b ] Request (QuotasAdminNegativeTest:tearDownClass): 204 DELETE http://10.180.1.21:9696/networking/v2.0/security-groups/6024fdfd-f8b3-4301-9824-ee744bd6e5a3 0.188s
2025-03-06 07:33:38.413 69134 INFO tempest.lib.common.rest_client [req-4c945f0f-3de8-421f-a7ac-0d66bb354558 req-4c945f0f-3de8-421f-a7ac-0d66bb354558 ] Request (ServersTestBootFromVolume:setUpClass): 200 GET http://10.180.1.21/volume/v3/volumes/04f9aab8-9078-483a-ac7e-edc1b4200b9b 0.063s
2025-03-06 07:33:38.438 69124 INFO tempest.lib.common.rest_client [req-2af5bcc9-98bf-4465-9f06-1856610e1e33 req-2af5bcc9-98bf-4465-9f06-1856610e1e33 ] Request (ServersWithSpecificFlavorTestJSON:test_verify_created_server_ephemeral_disk): 200 GET http://10.180.1.21/compute/v2.1/servers/dbb7fdd2-fd7f-43d3-b0de-8992efd3176a 1.602s
2025-03-06 07:33:38.468 69180 INFO tempest.lib.common.rest_client [req-31891a00-05de-4e51-83df-82905165e096 req-31891a00-05de-4e51-83df-82905165e096 ] Request (KeyPairsV210TestJSON:tearDownClass): 204 DELETE http://10.180.1.21/identity/v3/users/ad7f8a341835460fabf9b9168979fe60 0.183s
2025-03-06 07:33:38.468 69180 INFO tempest.lib.common.dynamic_creds [-] Deleting project and security group for project: 787a6369a9e945b08980f99fb28373ae
2025-03-06 07:33:38.528 69154 INFO tempest.lib.common.rest_client [req-67b20667-ca82-44b0-84ec-8b7afd91913c req-67b20667-ca82-44b0-84ec-8b7afd91913c ] Request (ServerRescueTestJSONUnderV235:setUpClass): 200 GET http://10.180.1.21/compute/v2.1/servers/ec3b9c58-b201-40ca-830b-29749bc54a83 1.469s
2025-03-06 07:33:38.540 69154 INFO tempest.common.waiters [-] State transition "BUILD/None" ==> "BUILD/networking" after 15 second wait
2025-03-06 07:33:38.563 69120 INFO tempest.lib.common.rest_client [req-09da94ac-d1cd-4403-b725-e6a189f5cf03 req-09da94ac-d1cd-4403-b725-e6a189f5cf03 ] Request (FlavorsExtraSpecsTestJSON:tearDownClass): 204 DELETE http://10.180.1.21/identity/v3/projects/07d304833b7d41dd9a14585214b69f82 0.203s
2025-03-06 07:33:38.580 69132 INFO tempest.lib.common.rest_client [req-39a4744d-87e5-4c37-a23b-835b9506a49b req-39a4744d-87e5-4c37-a23b-835b9506a49b ] Request (HostsAdminNegativeTestJSON:tearDownClass): 204 DELETE http://10.180.1.21/identity/v3/projects/48f1a5ba73774b6cb70fb699a4c15fe3 0.209s
2025-03-06 07:33:38.580 69132 INFO tempest.lib.common.dynamic_creds [-] Deleting project and security group for project: 31d1942fa9664ded904f5c09b5ec6ba7
2025-03-06 07:33:38.615 69128 INFO tempest.lib.common.rest_client [req-9ac1c81c-b84d-408a-9fe8-3d75f3f7671b req-9ac1c81c-b84d-408a-9fe8-3d75f3f7671b ] Request (ServersV294TestFqdnHostnames:setUpClass): 201 POST http://10.180.1.21:9696/networking/v2.0/networks 1.083s
2025-03-06 07:33:38.630 69176 INFO tempest.lib.common.rest_client [req-83f6e351-f3f7-441a-84ed-bb917d92b417 req-83f6e351-f3f7-441a-84ed-bb917d92b417 ] Request (FloatingIPDetailsTestJSON:setUpClass): 200 PUT http://10.180.1.21:9696/networking/v2.0/routers/87beeaa0-da94-45a9-acec-08ddc87fc9e1/add_router_interface 2.210s
2025-03-06 07:33:38.630 69176 INFO tempest.lib.common.dynamic_creds [-] Created isolated network resources for: credentials: Credentials: {'domain_id': 'default', 'domain_name': 'Default', 'username': 'tempest-FloatingIPDetailsTestJSON-1219344787-project-member', 'project_domain_id': 'default', 'project_domain_name': 'Default', 'project_id': '94d91d813ffe4a669a9dd92d82b5ecc5', 'project_name': 'tempest-FloatingIPDetailsTestJSON-1219344787', 'tenant_id': '94d91d813ffe4a669a9dd92d82b5ecc5', 'tenant_name': 'tempest-FloatingIPDetailsTestJSON-1219344787', 'user_domain_id': 'default', 'user_domain_name': 'Default', 'user_id': '2968c4fc717246a2a6b13fb3795227c5', 'system': None}, Network: {'id': '3f5def63-36ed-4288-9735-1c80483ca321', 'name': 'tempest-FloatingIPDetailsTestJSON-788044512-network', 'tenant_id': '94d91d813ffe4a669a9dd92d82b5ecc5', 'admin_state_up': True, 'mtu': 8950, 'status': 'ACTIVE', 'subnets': [], 'shared': False, 'project_id': '94d91d813ffe4a669a9dd92d82b5ecc5', 'port_security_enabled': True, 'router:external': False, 'provider:network_type': 'vlan', 'provider:physical_network': 'default', 'provider:segmentation_id': 395, 'availability_zone_hints': [], 'availability_zones': [], 'ipv4_address_scope': None, 'ipv6_address_scope': None, 'description': '', 'tags': [], 'created_at': '2025-03-06T07:33:34Z', 'updated_at': '2025-03-06T07:33:34Z', 'revision_number': 1}, Subnet: {'id': 'fff7e368-261c-496e-a391-ac8a9070c9b5', 'name': 'tempest-FloatingIPDetailsTestJSON-788044512-subnet', 'tenant_id': '94d91d813ffe4a669a9dd92d82b5ecc5', 'network_id': '3f5def63-36ed-4288-9735-1c80483ca321', 'ip_version': 4, 'subnetpool_id': None, 'enable_dhcp': True, 'ipv6_ra_mode': None, 'ipv6_address_mode': None, 'gateway_ip': '192.168.128.1', 'cidr': '192.168.128.0/28', 'allocation_pools': [{'start': '192.168.128.2', 'end': '192.168.128.14'}], 'host_routes': [], 'dns_nameservers': [], 'description': '', 'router:external': False, 'service_types': [], 'tags': [], 'created_at': '2025-03-06T07:33:34Z', 'updated_at': '2025-03-06T07:33:34Z', 'revision_number': 0, 'project_id': '94d91d813ffe4a669a9dd92d82b5ecc5'}, Router: {'id': '87beeaa0-da94-45a9-acec-08ddc87fc9e1', 'name': 'tempest-FloatingIPDetailsTestJSON-788044512-router', 'tenant_id': '94d91d813ffe4a669a9dd92d82b5ecc5', 'admin_state_up': True, 'status': 'ACTIVE', 'external_gateway_info': {'network_id': '495f496c-89b6-4d59-a630-261e52522c64', 'external_fixed_ips': [{'subnet_id': '072874ea-b39f-426d-a4eb-c6f63df8b4b6', 'ip_address': '10.180.180.174'}], 'enable_snat': True}, 'description': '', 'availability_zones': [], 'distributed': False, 'ha': False, 'availability_zone_hints': [], 'routes': [], 'flavor_id': None, 'tags': [], 'created_at': '2025-03-06T07:33:34Z', 'updated_at': '2025-03-06T07:33:35Z', 'revision_number': 2, 'project_id': '94d91d813ffe4a669a9dd92d82b5ecc5'}
2025-03-06 07:33:38.695 69180 INFO tempest.lib.common.rest_client [req-6d8ae482-ea11-43ed-a37c-4920999b7794 req-6d8ae482-ea11-43ed-a37c-4920999b7794 ] Request (KeyPairsV210TestJSON:tearDownClass): 201 POST http://10.180.1.21/identity/v3/auth/tokens 0.227s
2025-03-06 07:33:38.716 69166 INFO tempest.lib.common.rest_client [req-3a36dda4-a14f-4b4e-b022-f885c34e3d9d req-3a36dda4-a14f-4b4e-b022-f885c34e3d9d ] Request (QuotasAdminNegativeTest:tearDownClass): 204 DELETE http://10.180.1.21/identity/v3/projects/9d732bbb919545e18c40763265cd7b94 0.340s
2025-03-06 07:33:38.716 69166 INFO tempest.lib.common.dynamic_creds [-] Deleting project and security group for project: 2d85f6ab299541dfa377dad4b7b3d450
2025-03-06 07:33:38.761 69120 INFO tempest.lib.common.rest_client [req-44cf8fa5-dbba-4db2-aa01-6814e719c419 req-44cf8fa5-dbba-4db2-aa01-6814e719c419 ] Request (TenantUsagesNegativeTestJSON:setUpClass): 201 POST http://10.180.1.21/identity/v3/auth/tokens 0.197s
2025-03-06 07:33:38.787 69160 INFO tempest.lib.common.rest_client [req-492b4b7f-f076-43c4-8637-c5b490555af6 req-492b4b7f-f076-43c4-8637-c5b490555af6 ] Request (TenantUsagesTestJSON:setUpClass): 200 GET http://10.180.1.21/compute/v2.1/servers/e2be90b1-394a-4add-8135-7789857dcec1 1.459s
2025-03-06 07:33:38.802 69176 INFO tempest.lib.common.rest_client [req-b47f2ae6-4407-484c-b584-7bd2fab36538 req-b47f2ae6-4407-484c-b584-7bd2fab36538 ] Request (FloatingIPDetailsTestJSON:setUpClass): 201 POST http://10.180.1.21/identity/v3/auth/tokens 0.163s
2025-03-06 07:33:38.838 69120 INFO tempest.lib.common.rest_client [req-07986679-32ed-46d5-a94e-7c34365a029f req-07986679-32ed-46d5-a94e-7c34365a029f ] Request (TenantUsagesNegativeTestJSON:setUpClass): 201 POST http://10.180.1.21/identity/v3/auth/tokens 0.074s
2025-03-06 07:33:38.881 69120 INFO tempest.lib.common.rest_client [req-6b55c9d8-3200-4c21-8625-6209c7dde63e req-6b55c9d8-3200-4c21-8625-6209c7dde63e ] Request (TenantUsagesNegativeTestJSON:setUpClass): 200 GET http://10.180.1.21/identity/v3/domains?name=Default 0.042s
2025-03-06 07:33:38.915 69166 INFO tempest.lib.common.rest_client [req-85026afd-c3e6-43d1-91f8-107f3201df73 req-85026afd-c3e6-43d1-91f8-107f3201df73 ] Request (QuotasAdminNegativeTest:tearDownClass): 200 GET http://10.180.1.21:9696/networking/v2.0/security-groups?tenant_id=2d85f6ab299541dfa377dad4b7b3d450&name=default 0.198s
2025-03-06 07:33:38.931 69120 INFO tempest.lib.common.rest_client [req-9a601c05-e3d6-46a2-9aee-a268b73279ac req-9a601c05-e3d6-46a2-9aee-a268b73279ac ] Request (TenantUsagesNegativeTestJSON:setUpClass): 201 POST http://10.180.1.21/identity/v3/projects 0.049s
2025-03-06 07:33:38.977 69132 INFO tempest.lib.common.rest_client [req-764d2103-0f8e-4fa0-8040-65334931834c req-764d2103-0f8e-4fa0-8040-65334931834c ] Request (HostsAdminNegativeTestJSON:tearDownClass): 200 GET http://10.180.1.21:9696/networking/v2.0/security-groups?tenant_id=31d1942fa9664ded904f5c09b5ec6ba7&name=default 0.396s
2025-03-06 07:33:39.015 69120 INFO tempest.lib.common.rest_client [req-fc9fefeb-0a74-4be3-9154-237d66ed7894 req-fc9fefeb-0a74-4be3-9154-237d66ed7894 ] Request (TenantUsagesNegativeTestJSON:setUpClass): 201 POST http://10.180.1.21/identity/v3/users 0.083s
2025-03-06 07:33:39.044 69120 INFO tempest.lib.common.rest_client [req-20940d7e-f200-4882-90b5-11f84c43e286 req-20940d7e-f200-4882-90b5-11f84c43e286 ] Request (TenantUsagesNegativeTestJSON:setUpClass): 200 GET http://10.180.1.21/identity/v3/roles 0.028s
2025-03-06 07:33:39.054 69136 INFO tempest.lib.common.rest_client [req-d3bf799b-c3ea-4fec-8191-66fd26a923be req-d3bf799b-c3ea-4fec-8191-66fd26a923be ] Request (QuotasAdminTestV236:test_get_updated_quotas): 200 GET http://10.180.1.21/compute/v2.1/os-quota-sets/842f39d757b948f0849f74e2e680995c?user_id=15cbb9db504242f8a46c6eb903e4bcf2 1.691s
2025-03-06 07:33:39.083 69120 INFO tempest.lib.common.rest_client [req-c42da8a8-9133-40ca-8380-af982ab87653 req-c42da8a8-9133-40ca-8380-af982ab87653 ] Request (TenantUsagesNegativeTestJSON:setUpClass): 204 PUT http://10.180.1.21/identity/v3/projects/b56cd4105a8643ef908f492556f89913/users/55d1069e12d0440980254feb88939d88/roles/544f107cad6e4b97b770cd0685ac2896 0.039s
2025-03-06 07:33:39.084 69120 INFO tempest.lib.common.dynamic_creds [-] Dynamic test user 55d1069e12d0440980254feb88939d88 is created with scope project and roles: ['member']
2025-03-06 07:33:39.084 69120 INFO tempest.lib.common.dynamic_creds [-] Acquired dynamic creds: credentials: Credentials: {'domain_id': 'default', 'domain_name': 'Default', 'username': 'tempest-TenantUsagesNegativeTestJSON-233548497-project-member', 'project_domain_id': 'default', 'project_domain_name': 'Default', 'project_id': 'b56cd4105a8643ef908f492556f89913', 'project_name': 'tempest-TenantUsagesNegativeTestJSON-233548497', 'tenant_id': 'b56cd4105a8643ef908f492556f89913', 'tenant_name': 'tempest-TenantUsagesNegativeTestJSON-233548497', 'user_domain_id': 'default', 'user_domain_name': 'Default', 'user_id': '55d1069e12d0440980254feb88939d88', 'system': None}, Network: None, Subnet: None, Router: None
2025-03-06 07:33:39.084 69120 INFO tempest.lib.common.dynamic_creds [-] Created isolated network resources for: credentials: Credentials: {'domain_id': 'default', 'domain_name': 'Default', 'username': 'tempest-TenantUsagesNegativeTestJSON-233548497-project-member', 'project_domain_id': 'default', 'project_domain_name': 'Default', 'project_id': 'b56cd4105a8643ef908f492556f89913', 'project_name': 'tempest-TenantUsagesNegativeTestJSON-233548497', 'tenant_id': 'b56cd4105a8643ef908f492556f89913', 'tenant_name': 'tempest-TenantUsagesNegativeTestJSON-233548497', 'user_domain_id': 'default', 'user_domain_name': 'Default', 'user_id': '55d1069e12d0440980254feb88939d88', 'system': None}, Network: None, Subnet: None, Router: None
2025-03-06 07:33:39.098 69168 INFO tempest.lib.common.rest_client [req-511f3a62-8da2-4cdc-936a-9e2438bfa00e req-511f3a62-8da2-4cdc-936a-9e2438bfa00e ] Request (ImagesMetadataTestJSON:test_set_image_metadata_item): 200 GET http://10.180.1.21/compute/v2.1/images/dc0e2e77-a6a6-4fc6-b497-2ac87352ef69/metadata 1.629s
2025-03-06 07:33:39.147 69136 INFO tempest.lib.common.rest_client [req-f6673827-a834-4f22-8ee6-ea86ccd4b888 req-f6673827-a834-4f22-8ee6-ea86ccd4b888 ] Request (QuotasAdminTestV236:_run_cleanups): 204 DELETE http://10.180.1.21/identity/v3/users/15cbb9db504242f8a46c6eb903e4bcf2 0.090s
2025-03-06 07:33:39.161 69120 INFO tempest.lib.common.rest_client [req-6b240535-e3e2-47bd-82b5-458ef762f049 req-6b240535-e3e2-47bd-82b5-458ef762f049 ] Request (TenantUsagesNegativeTestJSON:setUpClass): 201 POST http://10.180.1.21/identity/v3/auth/tokens 0.071s
2025-03-06 07:33:39.240 69136 INFO tempest.lib.common.rest_client [req-bfc98fb4-039b-4e09-81ac-070ce783fd31 req-bfc98fb4-039b-4e09-81ac-070ce783fd31 ] Request (QuotasAdminTestV236:_run_cleanups): 204 DELETE http://10.180.1.21/identity/v3/projects/842f39d757b948f0849f74e2e680995c 0.093s
2025-03-06 07:33:39.245 69166 INFO tempest.lib.common.rest_client [req-3bae26cf-c237-4547-8c40-1b6e1bccf449 req-3bae26cf-c237-4547-8c40-1b6e1bccf449 ] Request (QuotasAdminNegativeTest:tearDownClass): 204 DELETE http://10.180.1.21:9696/networking/v2.0/security-groups/6ad50bfe-5f48-4b40-a3bd-79e9193ad323 0.330s
2025-03-06 07:33:39.265 69126 INFO tempest.lib.common.rest_client [req-bd2551f8-03b6-4818-a8c7-696ae0e6e810 req-bd2551f8-03b6-4818-a8c7-696ae0e6e810 ] Request (ServersAdminNegativeTestJSON:setUpClass): 200 GET http://10.180.1.21/compute/v2.1/servers/f19157c4-a8f7-4e71-842e-1b593907fce1 1.688s
2025-03-06 07:33:39.270 69120 INFO tempest.lib.common.rest_client [req-84d4b5ca-05d6-43b1-817b-53333141bfef req-84d4b5ca-05d6-43b1-817b-53333141bfef ] Request (TenantUsagesNegativeTestJSON:setUpClass): 201 POST http://10.180.1.21/identity/v3/projects 0.108s
2025-03-06 07:33:39.337 69180 INFO tempest.lib.common.rest_client [req-a2bba801-513c-4d62-85fd-3c617c7347cb req-a2bba801-513c-4d62-85fd-3c617c7347cb ] Request (KeyPairsV210TestJSON:tearDownClass): 200 GET http://10.180.1.21:9696/networking/v2.0/security-groups?tenant_id=787a6369a9e945b08980f99fb28373ae&name=default 0.639s
2025-03-06 07:33:39.358 69166 INFO tempest.lib.common.rest_client [req-6d6c44f9-1e06-4fa3-a1e6-402e169b693b req-6d6c44f9-1e06-4fa3-a1e6-402e169b693b ] Request (QuotasAdminNegativeTest:tearDownClass): 204 DELETE http://10.180.1.21/identity/v3/projects/2d85f6ab299541dfa377dad4b7b3d450 0.112s
2025-03-06 07:33:39.358 69166 INFO tempest.test [-] raised in UpdateMultiattachVolumeNegativeTest.setUpClass. Invoking tearDownClass.
2025-03-06 07:33:39.367 69132 INFO tempest.lib.common.rest_client [req-9c7d0a48-c58d-41fc-bb86-99cf4c883dd3 req-9c7d0a48-c58d-41fc-bb86-99cf4c883dd3 ] Request (HostsAdminNegativeTestJSON:tearDownClass): 204 DELETE http://10.180.1.21:9696/networking/v2.0/security-groups/5d2ec9ea-ebfe-4d0d-997b-c492f2ccc075 0.389s
2025-03-06 07:33:39.370 69136 INFO tempest.lib.common.rest_client [req-876e5615-43bf-446c-9c69-7601e37f2dc7 req-876e5615-43bf-446c-9c69-7601e37f2dc7 ] Request (QuotasAdminTestV236:tearDownClass): 204 DELETE http://10.180.1.21/identity/v3/users/c3c2fc997851492a8a2eb437e2b2db33 0.128s
2025-03-06 07:33:39.383 69148 INFO tempest.lib.common.rest_client [req-96599835-fcfb-483b-8473-292e4ee86a40 req-96599835-fcfb-483b-8473-292e4ee86a40 ] Request (ServerDiskConfigTestJSON:test_rebuild_server_with_auto_disk_config): 200 GET http://10.180.1.21/compute/v2.1/servers/43b53df0-1d55-46f2-a7ab-883dd380aa17 1.785s
2025-03-06 07:33:39.393 69148 INFO tempest.common.waiters [-] State transition "BUILD/spawning" ==> "ACTIVE/None" after 19 second wait
2025-03-06 07:33:39.437 69166 INFO tempest.lib.common.rest_client [req-4a1666c7-8505-4020-b55a-74820a21e19a req-4a1666c7-8505-4020-b55a-74820a21e19a ] Request (FloatingIPsAssociationTestJSON:setUpClass): 201 POST http://10.180.1.21/identity/v3/auth/tokens 0.076s
2025-03-06 07:33:39.460 69134 INFO tempest.lib.common.rest_client [req-7f972198-d04c-4534-83b1-3dd35a3f3ec1 req-7f972198-d04c-4534-83b1-3dd35a3f3ec1 ] Request (ServersTestBootFromVolume:setUpClass): 200 GET http://10.180.1.21/volume/v3/volumes/04f9aab8-9078-483a-ac7e-edc1b4200b9b 0.034s
2025-03-06 07:33:39.484 69182 INFO tempest.lib.common.rest_client [req-57a24950-925c-4f61-9b68-a474367e3871 req-57a24950-925c-4f61-9b68-a474367e3871 ] Request (FlavorMetadataValidation:test_flavor_update_with_custom_namespace): 200 POST http://10.180.1.21/compute/v2.1/flavors/268098552/os-extra_specs 1.736s
2025-03-06 07:33:39.489 69128 INFO tempest.lib.common.rest_client [req-50fb0ceb-8519-43d3-b14f-28a657c31d4c req-50fb0ceb-8519-43d3-b14f-28a657c31d4c ] Request (ServersV294TestFqdnHostnames:setUpClass): 201 POST http://10.180.1.21:9696/networking/v2.0/subnets 0.873s
2025-03-06 07:33:39.489 69120 INFO tempest.lib.common.rest_client [req-6858d0fe-35ae-4f6f-9adf-51a3905f4cf8 req-6858d0fe-35ae-4f6f-9adf-51a3905f4cf8 ] Request (TenantUsagesNegativeTestJSON:setUpClass): 201 POST http://10.180.1.21/identity/v3/users 0.219s
2025-03-06 07:33:39.496 69132 INFO tempest.lib.common.rest_client [req-d1e466ff-20be-438c-8b84-1fe279133bb2 req-d1e466ff-20be-438c-8b84-1fe279133bb2 ] Request (HostsAdminNegativeTestJSON:tearDownClass): 204 DELETE http://10.180.1.21/identity/v3/projects/31d1942fa9664ded904f5c09b5ec6ba7 0.129s
2025-03-06 07:33:39.527 69180 INFO tempest.lib.common.rest_client [req-c26190a0-7b34-44ef-8706-cba847b914f0 req-c26190a0-7b34-44ef-8706-cba847b914f0 ] Request (KeyPairsV210TestJSON:tearDownClass): 204 DELETE http://10.180.1.21:9696/networking/v2.0/security-groups/befb80e5-1d7d-4675-b2ae-a0ad9013fe27 0.189s
2025-03-06 07:33:39.557 69172 INFO tempest.lib.common.rest_client [req-99b22251-2adf-4113-b56d-7d53ec752f83 req-99b22251-2adf-4113-b56d-7d53ec752f83 ] Request (FloatingIPsAssociationNegativeTestJSON:setUpClass): 201 POST http://10.180.1.21:9696/networking/v2.0/routers 2.071s
2025-03-06 07:33:39.561 69166 INFO tempest.lib.common.rest_client [req-7c05fbb5-8717-45fa-a375-fcc6cfe8a8f4 req-7c05fbb5-8717-45fa-a375-fcc6cfe8a8f4 ] Request (FloatingIPsAssociationTestJSON:setUpClass): 201 POST http://10.180.1.21/identity/v3/auth/tokens 0.118s
2025-03-06 07:33:39.599 69136 INFO tempest.lib.common.rest_client [req-24091c87-51aa-4cbc-9cac-d3ac3a63642a req-24091c87-51aa-4cbc-9cac-d3ac3a63642a ] Request (QuotasAdminTestV236:tearDownClass): 204 DELETE http://10.180.1.21/identity/v3/users/4155496ea59a4f65a0927fe6c21074a0 0.228s
2025-03-06 07:33:39.599 69136 INFO tempest.lib.common.dynamic_creds [-] Deleting project and security group for project: 4a04eadcb2b440348017b71f5cd3ff3a
2025-03-06 07:33:39.651 69120 INFO tempest.lib.common.rest_client [req-96e7c641-6383-4a8f-b59a-b7008712e966 req-96e7c641-6383-4a8f-b59a-b7008712e966 ] Request (TenantUsagesNegativeTestJSON:setUpClass): 200 GET http://10.180.1.21/identity/v3/roles 0.161s
2025-03-06 07:33:39.675 69132 INFO tempest.lib.common.rest_client [req-19bd6cb3-bcb5-4d53-b406-8e90e5639c1c req-19bd6cb3-bcb5-4d53-b406-8e90e5639c1c ] Request (QuotaClassesAdmin257Test:setUpClass): 201 POST http://10.180.1.21/identity/v3/auth/tokens 0.177s
2025-03-06 07:33:39.702 69166 INFO tempest.lib.common.rest_client [req-1d6b7e20-4dbe-4591-9412-cc8bcc0e29a2 req-1d6b7e20-4dbe-4591-9412-cc8bcc0e29a2 ] Request (FloatingIPsAssociationTestJSON:setUpClass): 200 GET http://10.180.1.21/identity/v3/domains?name=Default 0.141s
2025-03-06 07:33:39.708 69158 INFO tempest.lib.common.rest_client [req-b15b2e4a-3f97-4a97-81d8-1453d3ede20f req-b15b2e4a-3f97-4a97-81d8-1453d3ede20f ] Request (ServicesAdminTestJSON:test_get_service_by_host_name): 200 GET http://10.180.1.21/compute/v2.1/os-services 1.952s
2025-03-06 07:33:39.737 69174 INFO tempest.lib.common.rest_client [req-b9884fe7-b2da-4afb-b2ad-dee8bbfce4ef req-b9884fe7-b2da-4afb-b2ad-dee8bbfce4ef ] Request (FlavorsAdminTestJSON:_run_cleanups): 202 DELETE http://10.180.1.21/compute/v2.1/flavors/549ba2cb-89c6-4dc5-a915-6bc4b559d37c 1.965s
2025-03-06 07:33:39.758 69136 INFO tempest.lib.common.rest_client [req-56bfbaa0-768d-41de-a0d1-4479b589640a req-56bfbaa0-768d-41de-a0d1-4479b589640a ] Request (QuotasAdminTestV236:tearDownClass): 201 POST http://10.180.1.21/identity/v3/auth/tokens 0.158s
2025-03-06 07:33:39.763 69180 INFO tempest.lib.common.rest_client [req-ca720367-1a69-4d14-b844-3443bacee1ec req-ca720367-1a69-4d14-b844-3443bacee1ec ] Request (KeyPairsV210TestJSON:tearDownClass): 204 DELETE http://10.180.1.21/identity/v3/projects/787a6369a9e945b08980f99fb28373ae 0.236s
