2025-03-06 07:35:58.911 69170 INFO tempest.lib.common.rest_client [req-bbdb5edf-3a2a-4ff4-839d-4cda4f4778e2 req-bbdb5edf-3a2a-4ff4-839d-4cda4f4778e2 ] Request (AttachInterfacesV270Test:tearDownClass): 200 GET http://10.180.1.21/compute/v2.1/servers/bf363a72-ef3d-44c9-b578-08dfa0753f98 0.203s
2025-03-06 07:35:58.916 69126 INFO tempest.lib.common.rest_client [req-571203c0-1920-4721-bc93-9a0369299380 req-571203c0-1920-4721-bc93-9a0369299380 ] Request (FlavorsV2NegativeTest:tearDownClass): 204 DELETE http://10.180.1.21/identity/v3/projects/929292231a5e44ce826a9bf734472afc 0.067s
2025-03-06 07:35:58.933 69130 INFO paramiko.transport [-] Authentication (publickey) successful!
2025-03-06 07:35:58.933 69130 INFO tempest.lib.common.ssh [-] ssh connection to cirros@10.180.180.169 successfully created
2025-03-06 07:35:58.968 69162 INFO tempest.lib.common.rest_client [req-d08b2c1a-8dc3-4543-a91a-6062bae12d20 req-d08b2c1a-8dc3-4543-a91a-6062bae12d20 ] Request (ImagesTestJSON:test_create_server_from_snapshot): 200 GET http://10.180.1.21/compute/v2.1/servers/46bfcf80-7dbd-492e-b9d3-a6207b2427b7 0.259s
2025-03-06 07:35:58.979 69140 INFO tempest.lib.common.rest_client [req-f3a5ab9e-595e-4d64-a398-b8eaae157f3c req-f3a5ab9e-595e-4d64-a398-b8eaae157f3c ] Request (MigrationsAdminTest:test_list_migrations_in_flavor_resize_situation): 200 GET http://10.180.1.21/compute/v2.1/servers/66fa0a66-f5ea-4ab9-805e-ac58950219fd 0.314s
2025-03-06 07:35:58.996 69126 INFO tempest.lib.common.rest_client [req-a3ba99be-dce7-4f53-a58a-2b7157bfdfac req-a3ba99be-dce7-4f53-a58a-2b7157bfdfac ] Request (MultipleCreateNegativeTestJSON:setUpClass): 201 POST http://10.180.1.21/identity/v3/auth/tokens 0.078s
2025-03-06 07:35:59.024 69172 INFO tempest.lib.common.rest_client [req-27207d6d-cbb9-43e2-aa2f-79deab98ca4c req-27207d6d-cbb9-43e2-aa2f-79deab98ca4c ] Request (ServerActionsTestOtherA:setUpClass): 200 GET http://10.180.1.21/compute/v2.1/servers/0a18db03-13aa-45ae-9419-9e5f9b7ab882 0.267s
2025-03-06 07:35:59.042 69126 INFO tempest.lib.common.rest_client [req-d90f4e8c-beb2-49cf-bb76-b30ae3ce992b req-d90f4e8c-beb2-49cf-bb76-b30ae3ce992b ] Request (MultipleCreateNegativeTestJSON:setUpClass): 201 POST http://10.180.1.21/identity/v3/auth/tokens 0.039s
2025-03-06 07:35:59.042 69142 INFO tempest.lib.common.rest_client [req-b88ff6ca-6e00-4ee0-b3b9-e7b906af2342 req-b88ff6ca-6e00-4ee0-b3b9-e7b906af2342 ] Request (ImagesOneServerNegativeTestJSON:_run_cleanups): 200 GET http://10.180.1.21/compute/v2.1/servers/f6caccdd-2f90-4ff1-8cab-b2b14f4ca6e4 0.285s
2025-03-06 07:35:59.047 69146 INFO tempest.lib.common.rest_client [req-f81d9768-d95e-4c66-ae2d-dcd83eeeb1cf req-f81d9768-d95e-4c66-ae2d-dcd83eeeb1cf ] Request (HypervisorAdminUnderV252Test:tearDownClass): 200 GET http://10.180.1.21:9696/networking/v2.0/security-groups?tenant_id=cf6573d945be4d368836249278781c44&name=default 0.211s
2025-03-06 07:35:59.075 69126 INFO tempest.lib.common.rest_client [req-26a72994-2602-47d4-8352-9d7538012f24 req-26a72994-2602-47d4-8352-9d7538012f24 ] Request (MultipleCreateNegativeTestJSON:setUpClass): 200 GET http://10.180.1.21/identity/v3/domains?name=Default 0.033s
2025-03-06 07:35:59.108 69150 INFO tempest.lib.common.rest_client [req-fc64431f-b957-4e51-b4fd-052ea8a8c7e3 req-fc64431f-b957-4e51-b4fd-052ea8a8c7e3 ] Request (AttachVolumeNegativeTest:test_attach_attached_volume_to_different_server): 200 GET http://10.180.1.21/compute/v2.1/servers/0da19fe3-b125-411e-9dc5-9c980487deed 0.288s
2025-03-06 07:35:59.109 69156 INFO tempest.lib.common.rest_client [req-6d906e79-5b27-4322-ace5-d65914adbf5d req-6d906e79-5b27-4322-ace5-d65914adbf5d ] Request (MultipleCreateTestJSON:test_multiple_create_with_reservation_return): 200 GET http://10.180.1.21/compute/v2.1/servers/53853d15-72c7-455a-a049-3f827b8113ad 0.303s
2025-03-06 07:35:59.120 69126 INFO tempest.lib.common.rest_client [req-77b455e0-9429-4331-8db4-3f9144d5ac50 req-77b455e0-9429-4331-8db4-3f9144d5ac50 ] Request (MultipleCreateNegativeTestJSON:setUpClass): 201 POST http://10.180.1.21/identity/v3/projects 0.044s
2025-03-06 07:35:59.162 69146 INFO tempest.lib.common.rest_client [req-a9d55e05-da87-481f-abeb-1e07eb2c0841 req-a9d55e05-da87-481f-abeb-1e07eb2c0841 ] Request (HypervisorAdminUnderV252Test:tearDownClass): 204 DELETE http://10.180.1.21:9696/networking/v2.0/security-groups/daa92f01-69c4-4a99-a0ca-997d52cde690 0.114s
2025-03-06 07:35:59.175 69134 INFO tempest.lib.common.rest_client [req-98ef626e-7c8e-464b-9c1b-0c4c2d69d5ae req-98ef626e-7c8e-464b-9c1b-0c4c2d69d5ae ] Request (ServersTestBootFromVolume:tearDownClass): 200 GET http://10.180.1.21/compute/v2.1/servers/8acdd624-55ab-4569-a65b-7484c93cdd18 0.288s
2025-03-06 07:35:59.201 69126 INFO tempest.lib.common.rest_client [req-6b8cf14d-7596-4fdb-aad4-bf75439ec2e6 req-6b8cf14d-7596-4fdb-aad4-bf75439ec2e6 ] Request (MultipleCreateNegativeTestJSON:setUpClass): 201 POST http://10.180.1.21/identity/v3/users 0.081s
2025-03-06 07:35:59.222 69126 INFO tempest.lib.common.rest_client [req-74427422-4096-47e9-90f3-0107fdeacb0a req-74427422-4096-47e9-90f3-0107fdeacb0a ] Request (MultipleCreateNegativeTestJSON:setUpClass): 200 GET http://10.180.1.21/identity/v3/roles 0.020s
2025-03-06 07:35:59.248 69126 INFO tempest.lib.common.rest_client [req-b4d09e19-db43-4c82-975b-ff9216807dfe req-b4d09e19-db43-4c82-975b-ff9216807dfe ] Request (MultipleCreateNegativeTestJSON:setUpClass): 204 PUT http://10.180.1.21/identity/v3/projects/d886b0f1a2814b17890f7a4da0edf8fa/users/5f5e6c6ed52b41e18fcef5128c5f7cf6/roles/544f107cad6e4b97b770cd0685ac2896 0.025s
2025-03-06 07:35:59.248 69126 INFO tempest.lib.common.dynamic_creds [-] Dynamic test user 5f5e6c6ed52b41e18fcef5128c5f7cf6 is created with scope project and roles: ['member']
2025-03-06 07:35:59.248 69126 INFO tempest.lib.common.dynamic_creds [-] Acquired dynamic creds: credentials: Credentials: {'domain_id': 'default', 'domain_name': 'Default', 'username': 'tempest-MultipleCreateNegativeTestJSON-817668580-project-member', 'project_domain_id': 'default', 'project_domain_name': 'Default', 'project_id': 'd886b0f1a2814b17890f7a4da0edf8fa', 'project_name': 'tempest-MultipleCreateNegativeTestJSON-817668580', 'tenant_id': 'd886b0f1a2814b17890f7a4da0edf8fa', 'tenant_name': 'tempest-MultipleCreateNegativeTestJSON-817668580', 'user_domain_id': 'default', 'user_domain_name': 'Default', 'user_id': '5f5e6c6ed52b41e18fcef5128c5f7cf6', 'system': None}, Network: None, Subnet: None, Router: None
2025-03-06 07:35:59.248 69126 INFO tempest.lib.common.dynamic_creds [-] Created isolated network resources for: credentials: Credentials: {'domain_id': 'default', 'domain_name': 'Default', 'username': 'tempest-MultipleCreateNegativeTestJSON-817668580-project-member', 'project_domain_id': 'default', 'project_domain_name': 'Default', 'project_id': 'd886b0f1a2814b17890f7a4da0edf8fa', 'project_name': 'tempest-MultipleCreateNegativeTestJSON-817668580', 'tenant_id': 'd886b0f1a2814b17890f7a4da0edf8fa', 'tenant_name': 'tempest-MultipleCreateNegativeTestJSON-817668580', 'user_domain_id': 'default', 'user_domain_name': 'Default', 'user_id': '5f5e6c6ed52b41e18fcef5128c5f7cf6', 'system': None}, Network: None, Subnet: None, Router: None
2025-03-06 07:35:59.270 69146 INFO tempest.lib.common.rest_client [req-09c1af33-7304-48af-8491-391342fff54b req-09c1af33-7304-48af-8491-391342fff54b ] Request (HypervisorAdminUnderV252Test:tearDownClass): 204 DELETE http://10.180.1.21/identity/v3/projects/cf6573d945be4d368836249278781c44 0.108s
2025-03-06 07:35:59.270 69146 INFO tempest.lib.common.dynamic_creds [-] Deleting project and security group for project: 76720a197faf4d5bbe55cd805d5620f7
2025-03-06 07:35:59.293 69130 INFO tempest.lib.common.rest_client [req-9d58ef6d-96df-4a6b-8c31-1609fff73685 req-9d58ef6d-96df-4a6b-8c31-1609fff73685 ] Request (AttachInterfacesUnderV243Test:test_add_remove_fixed_ip): 200 GET http://10.180.1.21/compute/v2.1/servers/ebe265d5-d05d-48f6-a05a-5e79189d63a3/os-interface 0.359s
2025-03-06 07:35:59.313 69126 INFO tempest.lib.common.rest_client [req-61aad65a-22aa-4129-9059-63fcb7db1a82 req-61aad65a-22aa-4129-9059-63fcb7db1a82 ] Request (MultipleCreateNegativeTestJSON:setUpClass): 201 POST http://10.180.1.21/identity/v3/auth/tokens 0.062s
2025-03-06 07:35:59.342 69126 INFO tempest.lib.common.rest_client [req-e238f131-e788-4f90-96b8-e2bcdb28f4c1 req-e238f131-e788-4f90-96b8-e2bcdb28f4c1 ] Request (MultipleCreateNegativeTestJSON:test_max_count_less_than_min_count): 201 POST http://10.180.1.21/identity/v3/auth/tokens 0.024s
2025-03-06 07:35:59.342 69126 INFO tempest.lib.common.fixed_network [-] (MultipleCreateNegativeTestJSON:test_max_count_less_than_min_count) Found network None available for tenant
2025-03-06 07:35:59.347 69124 INFO tempest.lib.common.rest_client [req-2346965f-d8c3-45a4-bee9-3fade024ac0a req-2346965f-d8c3-45a4-bee9-3fade024ac0a ] Request (ServersWithSpecificFlavorTestJSON:test_verify_created_server_ephemeral_disk): 200 GET http://10.180.1.21/compute/v2.1/servers/ad1d605e-bbf1-4101-8d60-6911ef1045cf 0.403s
2025-03-06 07:35:59.439 69146 INFO tempest.lib.common.rest_client [req-c04212c5-abd7-4a77-b4c0-4b390679f4af req-c04212c5-abd7-4a77-b4c0-4b390679f4af ] Request (HypervisorAdminUnderV252Test:tearDownClass): 200 GET http://10.180.1.21:9696/networking/v2.0/security-groups?tenant_id=76720a197faf4d5bbe55cd805d5620f7&name=default 0.168s
2025-03-06 07:35:59.526 69178 INFO tempest.lib.common.rest_client [req-8a27b65e-dbef-40d1-b821-58c477988406 req-8a27b65e-dbef-40d1-b821-58c477988406 ] Request (VolumesAdminNegativeTest:test_update_attached_volume_with_nonexistent_volume_in_body): 200 GET http://10.180.1.21/compute/v2.1/servers/65aeee3f-d2bd-4f7f-b616-1f24083f4a5f 0.515s
2025-03-06 07:35:59.536 69178 INFO tempest.common.waiters [-] State transition "BUILD/None" ==> "BUILD/networking" after 77 second wait
2025-03-06 07:35:59.617 69146 INFO tempest.lib.common.rest_client [req-14421ce7-6448-4acf-b18b-83b4ee06d83a req-14421ce7-6448-4acf-b18b-83b4ee06d83a ] Request (HypervisorAdminUnderV252Test:tearDownClass): 204 DELETE http://10.180.1.21:9696/networking/v2.0/security-groups/95bf560b-cd15-4d13-8269-eac7892e94db 0.178s
2025-03-06 07:35:59.667 69144 INFO tempest.lib.common.rest_client [req-f0899973-cb7f-41fd-b997-6a1c1edd8282 req-f0899973-cb7f-41fd-b997-6a1c1edd8282 ] Request (AttachInterfacesTestJSON:test_create_list_show_delete_interfaces_by_fixed_ip): 200 GET http://10.180.1.21/compute/v2.1/servers/e27f0e5f-dd73-4d56-a714-53589958715e 0.652s
2025-03-06 07:35:59.730 69164 INFO tempest.lib.common.rest_client [req-e85c04ed-b402-4675-882b-82536858eef7 req-e85c04ed-b402-4675-882b-82536858eef7 ] Request (ServersAdminTestJSON:test_inject_network_info): 200 GET http://10.180.1.21/compute/v2.1/servers/71dd1641-baab-49cb-aafe-3a3083aea97a 0.664s
2025-03-06 07:35:59.737 69146 INFO tempest.lib.common.rest_client [req-bb64c08d-cb87-4d07-b8ad-3068c62f38a8 req-bb64c08d-cb87-4d07-b8ad-3068c62f38a8 ] Request (HypervisorAdminUnderV252Test:tearDownClass): 204 DELETE http://10.180.1.21/identity/v3/projects/76720a197faf4d5bbe55cd805d5620f7 0.119s
2025-03-06 07:35:59.794 69146 INFO tempest.lib.common.rest_client [req-6e89b57f-f40b-4e10-9387-04c1f303cc2f req-6e89b57f-f40b-4e10-9387-04c1f303cc2f ] Request (ListImageFiltersTestJSON:setUpClass): 201 POST http://10.180.1.21/identity/v3/auth/tokens 0.056s
2025-03-06 07:35:59.800 69136 INFO tempest.lib.common.rest_client [req-115cccaa-01a3-4fb5-8839-e7c49b8182b0 req-115cccaa-01a3-4fb5-8839-e7c49b8182b0 ] Request (ListServerFiltersTestJSON:tearDownClass): 200 GET http://10.180.1.21/compute/v2.1/servers/f389060c-ceb9-4a8d-854f-5a3595cd61d7 0.733s
2025-03-06 07:35:59.825 69146 INFO tempest.lib.common.rest_client [req-52c5602e-645a-4e0f-ad4c-e458f84d0a0f req-52c5602e-645a-4e0f-ad4c-e458f84d0a0f ] Request (ListImageFiltersTestJSON:setUpClass): 201 POST http://10.180.1.21/identity/v3/auth/tokens 0.027s
2025-03-06 07:35:59.849 69146 INFO tempest.lib.common.rest_client [req-75989570-4f43-49ca-b292-bbd7274128ee req-75989570-4f43-49ca-b292-bbd7274128ee ] Request (ListImageFiltersTestJSON:setUpClass): 200 GET http://10.180.1.21/identity/v3/domains?name=Default 0.023s
2025-03-06 07:35:59.856 69148 INFO tempest.lib.common.rest_client [req-ff3b5e9d-7490-4f6f-81c4-37015dd22518 req-ff3b5e9d-7490-4f6f-81c4-37015dd22518 ] Request (ServerDiskConfigTestJSON:test_resize_server_from_auto_to_manual): 200 GET http://10.180.1.21/compute/v2.1/servers/a45062b8-eb37-478e-b5d9-e4e30f6eeb7d 0.743s
2025-03-06 07:35:59.865 69148 INFO tempest.common.waiters [-] State transition "BUILD/scheduling" ==> "BUILD/None" after 27 second wait
2025-03-06 07:35:59.889 69146 INFO tempest.lib.common.rest_client [req-89016363-0d78-4a6c-b332-77925b94e56e req-89016363-0d78-4a6c-b332-77925b94e56e ] Request (ListImageFiltersTestJSON:setUpClass): 201 POST http://10.180.1.21/identity/v3/projects 0.039s
2025-03-06 07:35:59.927 69152 INFO tempest.lib.common.rest_client [req-b0ccfb54-b55c-4bbe-9cc4-8fd4a9d17ba5 req-b0ccfb54-b55c-4bbe-9cc4-8fd4a9d17ba5 ] Request (ServersAdmin275Test:tearDownClass): 200 GET http://10.180.1.21/compute/v2.1/servers/93919c14-aa9d-4d30-82ff-fa00d3e60b0d 0.687s
2025-03-06 07:35:59.966 69146 INFO tempest.lib.common.rest_client [req-53addbce-53cf-4d03-aff8-3a934b7a13ea req-53addbce-53cf-4d03-aff8-3a934b7a13ea ] Request (ListImageFiltersTestJSON:setUpClass): 201 POST http://10.180.1.21/identity/v3/users 0.076s
2025-03-06 07:35:59.983 69166 INFO tempest.lib.common.rest_client [req-25d094f4-7ce8-4465-8219-30f3c9e3f839 req-25d094f4-7ce8-4465-8219-30f3c9e3f839 ] Request (FloatingIPsAssociationTestJSON:test_associate_already_associated_floating_ip): 202 POST http://10.180.1.21/compute/v2.1/servers/b268e90c-94cd-4b2f-8f26-f006f35542ee/action 1.123s
2025-03-06 07:35:59.986 69146 INFO tempest.lib.common.rest_client [req-508a3691-9635-4b19-9395-8b5a41eb64ee req-508a3691-9635-4b19-9395-8b5a41eb64ee ] Request (ListImageFiltersTestJSON:setUpClass): 200 GET http://10.180.1.21/identity/v3/roles 0.020s
2025-03-06 07:35:59.998 69168 INFO tempest.lib.common.rest_client [req-aee41f32-eb29-4043-964e-cb319d27eee1 req-aee41f32-eb29-4043-964e-cb319d27eee1 ] Request (ServerShowV257Test:tearDownClass): 200 GET http://10.180.1.21/compute/v2.1/servers/2517392e-ffb6-4fc1-b38d-cef8cfe0059e 0.718s
2025-03-06 07:36:00.016 69146 INFO tempest.lib.common.rest_client [req-55fce457-6e5b-455e-9758-b16f6d32936f req-55fce457-6e5b-455e-9758-b16f6d32936f ] Request (ListImageFiltersTestJSON:setUpClass): 204 PUT http://10.180.1.21/identity/v3/projects/62830d239b5e475d9774195b8a314f47/users/319929582556426a97d1ca58caa546da/roles/544f107cad6e4b97b770cd0685ac2896 0.030s
2025-03-06 07:36:00.017 69146 INFO tempest.lib.common.dynamic_creds [-] Dynamic test user 319929582556426a97d1ca58caa546da is created with scope project and roles: ['member']
2025-03-06 07:36:00.017 69146 INFO tempest.lib.common.dynamic_creds [-] Acquired dynamic creds: credentials: Credentials: {'domain_id': 'default', 'domain_name': 'Default', 'username': 'tempest-ListImageFiltersTestJSON-255583409-project-member', 'project_domain_id': 'default', 'project_domain_name': 'Default', 'project_id': '62830d239b5e475d9774195b8a314f47', 'project_name': 'tempest-ListImageFiltersTestJSON-255583409', 'tenant_id': '62830d239b5e475d9774195b8a314f47', 'tenant_name': 'tempest-ListImageFiltersTestJSON-255583409', 'user_domain_id': 'default', 'user_domain_name': 'Default', 'user_id': '319929582556426a97d1ca58caa546da', 'system': None}, Network: None, Subnet: None, Router: None
2025-03-06 07:36:00.017 69146 INFO tempest.lib.common.dynamic_creds [-] Created isolated network resources for: credentials: Credentials: {'domain_id': 'default', 'domain_name': 'Default', 'username': 'tempest-ListImageFiltersTestJSON-255583409-project-member', 'project_domain_id': 'default', 'project_domain_name': 'Default', 'project_id': '62830d239b5e475d9774195b8a314f47', 'project_name': 'tempest-ListImageFiltersTestJSON-255583409', 'tenant_id': '62830d239b5e475d9774195b8a314f47', 'tenant_name': 'tempest-ListImageFiltersTestJSON-255583409', 'user_domain_id': 'default', 'user_domain_name': 'Default', 'user_id': '319929582556426a97d1ca58caa546da', 'system': None}, Network: None, Subnet: None, Router: None
2025-03-06 07:36:00.076 69130 INFO tempest.lib.common.rest_client [req-f7798b25-287f-4c2b-b38a-6a2138ba8843 req-f7798b25-287f-4c2b-b38a-6a2138ba8843 ] Request (AttachInterfacesUnderV243Test:test_add_remove_fixed_ip): 200 GET http://10.180.1.21/compute/v2.1/servers/ebe265d5-d05d-48f6-a05a-5e79189d63a3/os-interface/4b4fa446-33cf-4db7-8665-90f810200fc3 0.780s
2025-03-06 07:36:00.099 69146 INFO tempest.lib.common.rest_client [req-7bd796b4-2151-440c-8f1c-440365c2aaeb req-7bd796b4-2151-440c-8f1c-440365c2aaeb ] Request (ListImageFiltersTestJSON:setUpClass): 201 POST http://10.180.1.21/identity/v3/auth/tokens 0.073s
2025-03-06 07:36:00.131 69174 INFO tempest.lib.common.rest_client [req-34872f0d-85a8-49ef-92ec-c6c34110cb20 req-34872f0d-85a8-49ef-92ec-c6c34110cb20 ] Request (ServerExternalEventsTest:tearDownClass): 200 GET http://10.180.1.21/compute/v2.1/servers/5bc87656-795b-487d-a72f-4d0c4a717655 0.677s
2025-03-06 07:36:00.138 69126 INFO tempest.lib.common.rest_client [req-9ba93b1c-5d1d-41b3-ab18-44542ea5ab92 req-9ba93b1c-5d1d-41b3-ab18-44542ea5ab92 ] Request (MultipleCreateNegativeTestJSON:test_max_count_less_than_min_count): 400 POST http://10.180.1.21/compute/v2.1/servers 0.796s
2025-03-06 07:36:00.172 69126 INFO tempest.lib.common.rest_client [req-d728529d-73f5-458d-b7f3-0fbfa0f68f9f req-d728529d-73f5-458d-b7f3-0fbfa0f68f9f ] Request (MultipleCreateNegativeTestJSON:test_max_count_less_than_one): 201 POST http://10.180.1.21/identity/v3/auth/tokens 0.029s
2025-03-06 07:36:00.172 69126 INFO tempest.lib.common.fixed_network [-] (MultipleCreateNegativeTestJSON:test_max_count_less_than_one) Found network None available for tenant
2025-03-06 07:36:00.179 69160 INFO tempest.lib.common.rest_client [req-9142d1c8-4a3d-4f38-a124-927918d3651c req-9142d1c8-4a3d-4f38-a124-927918d3651c ] Request (SecurityGroupsTestJSON:test_list_security_groups_by_server): 200 GET http://10.180.1.21/compute/v2.1/servers/9ab2a6a4-482e-4b86-8259-e23bebe7198e 0.559s
2025-03-06 07:36:00.246 69170 INFO tempest.lib.common.rest_client [req-878d97b1-7e34-4953-883c-06325df91307 req-878d97b1-7e34-4953-883c-06325df91307 ] Request (AttachInterfacesV270Test:tearDownClass): 200 GET http://10.180.1.21/compute/v2.1/servers/bf363a72-ef3d-44c9-b578-08dfa0753f98 0.320s
2025-03-06 07:36:00.298 69128 INFO tempest.lib.common.rest_client [req-028493b5-fb27-4bc1-8f6f-838a81a3cb80 req-028493b5-fb27-4bc1-8f6f-838a81a3cb80 ] Request (ServersV294TestFqdnHostnames:tearDownClass): 200 GET http://10.180.1.21/compute/v2.1/servers/19adf5a8-58f3-4367-bf08-377dc06bd813 0.465s
2025-03-06 07:36:00.351 69162 INFO tempest.lib.common.rest_client [req-e91a1fe3-55d9-4477-85b5-3581c08bfd46 req-e91a1fe3-55d9-4477-85b5-3581c08bfd46 ] Request (ImagesTestJSON:test_create_server_from_snapshot): 200 GET http://10.180.1.21/compute/v2.1/servers/46bfcf80-7dbd-492e-b9d3-a6207b2427b7 0.367s
2025-03-06 07:36:00.472 69140 INFO tempest.lib.common.rest_client [req-5de241f9-3a3e-4911-b43f-8912d70a7056 req-5de241f9-3a3e-4911-b43f-8912d70a7056 ] Request (MigrationsAdminTest:test_list_migrations_in_flavor_resize_situation): 200 GET http://10.180.1.21/compute/v2.1/servers/66fa0a66-f5ea-4ab9-805e-ac58950219fd 0.485s
2025-03-06 07:36:00.485 69146 INFO tempest.lib.common.rest_client [req-9cbcf5c1-006d-4d6c-9ee6-a11238a4e1fc req-9cbcf5c1-006d-4d6c-9ee6-a11238a4e1fc ] Request (ListImageFiltersTestJSON:setUpClass): 201 POST http://10.180.1.21/image/v2/images 0.385s
2025-03-06 07:36:00.518 69172 INFO tempest.lib.common.rest_client [req-fb01d893-ce33-4ee5-b725-73b7611b44a8 req-fb01d893-ce33-4ee5-b725-73b7611b44a8 ] Request (ServerActionsTestOtherA:setUpClass): 200 GET http://10.180.1.21/compute/v2.1/servers/0a18db03-13aa-45ae-9419-9e5f9b7ab882 0.486s
2025-03-06 07:36:00.562 69142 INFO tempest.lib.common.rest_client [req-361fffc0-9f2a-4b8e-9180-f5e7faa34d03 req-361fffc0-9f2a-4b8e-9180-f5e7faa34d03 ] Request (ImagesOneServerNegativeTestJSON:_run_cleanups): 200 GET http://10.180.1.21/compute/v2.1/servers/f6caccdd-2f90-4ff1-8cab-b2b14f4ca6e4 0.505s
2025-03-06 07:36:00.582 69130 INFO tempest.lib.common.rest_client [req-2fda902f-3588-42d8-bf0e-27823b18b24b req-2fda902f-3588-42d8-bf0e-27823b18b24b ] Request (AttachInterfacesUnderV243Test:test_add_remove_fixed_ip): 200 GET http://10.180.1.21/compute/v2.1/servers/ebe265d5-d05d-48f6-a05a-5e79189d63a3/ips 0.504s
2025-03-06 07:36:00.626 69150 INFO tempest.lib.common.rest_client [req-927f4ca7-0e77-4d7e-808e-248e65b002e3 req-927f4ca7-0e77-4d7e-808e-248e65b002e3 ] Request (AttachVolumeNegativeTest:test_attach_attached_volume_to_different_server): 200 GET http://10.180.1.21/compute/v2.1/servers/0da19fe3-b125-411e-9dc5-9c980487deed 0.506s
2025-03-06 07:36:00.668 69156 INFO tempest.lib.common.rest_client [req-d6a11445-e5c7-4359-9296-b2b46f87e104 req-d6a11445-e5c7-4359-9296-b2b46f87e104 ] Request (MultipleCreateTestJSON:test_multiple_create_with_reservation_return): 200 GET http://10.180.1.21/compute/v2.1/servers/53853d15-72c7-455a-a049-3f827b8113ad 0.547s
2025-03-06 07:36:00.673 69126 INFO tempest.lib.common.rest_client [req-2ac38cfb-3706-4287-9300-af2623c7f84e req-2ac38cfb-3706-4287-9300-af2623c7f84e ] Request (MultipleCreateNegativeTestJSON:test_max_count_less_than_one): 400 POST http://10.180.1.21/compute/v2.1/servers 0.500s
2025-03-06 07:36:00.700 69126 INFO tempest.lib.common.rest_client [req-5e7867f0-721a-4ef6-949d-08868512483b req-5e7867f0-721a-4ef6-949d-08868512483b ] Request (MultipleCreateNegativeTestJSON:test_max_count_non_integer): 201 POST http://10.180.1.21/identity/v3/auth/tokens 0.023s
2025-03-06 07:36:00.700 69126 INFO tempest.lib.common.fixed_network [-] (MultipleCreateNegativeTestJSON:test_max_count_non_integer) Found network None available for tenant
2025-03-06 07:36:00.721 69134 INFO tempest.lib.common.rest_client [req-3647f81a-9499-46f8-8dca-026e4d5379e5 req-3647f81a-9499-46f8-8dca-026e4d5379e5 ] Request (ServersTestBootFromVolume:tearDownClass): 200 GET http://10.180.1.21/compute/v2.1/servers/8acdd624-55ab-4569-a65b-7484c93cdd18 0.536s
2025-03-06 07:36:00.769 69124 INFO tempest.lib.common.rest_client [req-bd5bda13-a351-466e-bddf-ee6118701e60 req-bd5bda13-a351-466e-bddf-ee6118701e60 ] Request (ServersWithSpecificFlavorTestJSON:test_verify_created_server_ephemeral_disk): 200 GET http://10.180.1.21/compute/v2.1/servers/ad1d605e-bbf1-4101-8d60-6911ef1045cf 0.414s
2025-03-06 07:36:00.853 69178 INFO tempest.lib.common.rest_client [req-a2327bb1-6e05-43ee-b8f6-4ab6a2f5466b req-a2327bb1-6e05-43ee-b8f6-4ab6a2f5466b ] Request (VolumesAdminNegativeTest:test_update_attached_volume_with_nonexistent_volume_in_body): 200 GET http://10.180.1.21/compute/v2.1/servers/65aeee3f-d2bd-4f7f-b616-1f24083f4a5f 0.316s
2025-03-06 07:36:00.860 69178 INFO tempest.common.waiters [-] State transition "BUILD/networking" ==> "BUILD/spawning" after 78 second wait
2025-03-06 07:36:00.881 69130 INFO tempest.lib.common.rest_client [req-5272a6c1-156c-483f-a6e4-0688d70b0812 req-5272a6c1-156c-483f-a6e4-0688d70b0812 ] Request (AttachInterfacesUnderV243Test:test_add_remove_fixed_ip): 202 POST http://10.180.1.21/compute/v2.1/servers/ebe265d5-d05d-48f6-a05a-5e79189d63a3/action 0.297s
2025-03-06 07:36:01.018 69144 INFO tempest.lib.common.rest_client [req-b42864fe-f4ee-48a8-a47b-5344ae6f7816 req-b42864fe-f4ee-48a8-a47b-5344ae6f7816 ] Request (AttachInterfacesTestJSON:test_create_list_show_delete_interfaces_by_fixed_ip): 200 GET http://10.180.1.21/compute/v2.1/servers/e27f0e5f-dd73-4d56-a714-53589958715e 0.338s
2025-03-06 07:36:01.023 69126 INFO tempest.lib.common.rest_client [req-c7a92c9b-b7d7-4467-8243-05b03a166b93 req-c7a92c9b-b7d7-4467-8243-05b03a166b93 ] Request (MultipleCreateNegativeTestJSON:test_max_count_non_integer): 400 POST http://10.180.1.21/compute/v2.1/servers 0.322s
2025-03-06 07:36:01.028 69144 INFO tempest.common.waiters [-] State transition "BUILD/spawning" ==> "ACTIVE/None" after 80 second wait
2025-03-06 07:36:01.056 69126 INFO tempest.lib.common.rest_client [req-9f3da9fd-2d8f-4ca3-b95e-af60904e8139 req-9f3da9fd-2d8f-4ca3-b95e-af60904e8139 ] Request (MultipleCreateNegativeTestJSON:test_min_count_less_than_one): 201 POST http://10.180.1.21/identity/v3/auth/tokens 0.029s
2025-03-06 07:36:01.056 69126 INFO tempest.lib.common.fixed_network [-] (MultipleCreateNegativeTestJSON:test_min_count_less_than_one) Found network None available for tenant
2025-03-06 07:36:01.076 69164 INFO tempest.lib.common.rest_client [req-3d1a78c5-2884-4f85-8cf8-a6e40bc30b45 req-3d1a78c5-2884-4f85-8cf8-a6e40bc30b45 ] Request (ServersAdminTestJSON:test_inject_network_info): 200 GET http://10.180.1.21/compute/v2.1/servers/71dd1641-baab-49cb-aafe-3a3083aea97a 0.331s
2025-03-06 07:36:01.145 69136 INFO tempest.lib.common.rest_client [req-f0cf8337-1254-4384-b359-fba921bf8a99 req-f0cf8337-1254-4384-b359-fba921bf8a99 ] Request (ListServerFiltersTestJSON:tearDownClass): 200 GET http://10.180.1.21/compute/v2.1/servers/f389060c-ceb9-4a8d-854f-5a3595cd61d7 0.336s
2025-03-06 07:36:01.203 69148 INFO tempest.lib.common.rest_client [req-4841140d-c7bc-4dfb-ab46-c611f1334567 req-4841140d-c7bc-4dfb-ab46-c611f1334567 ] Request (ServerDiskConfigTestJSON:test_resize_server_from_auto_to_manual): 200 GET http://10.180.1.21/compute/v2.1/servers/a45062b8-eb37-478e-b5d9-e4e30f6eeb7d 0.337s
2025-03-06 07:36:01.224 69130 INFO tempest.lib.common.rest_client [req-59abcd7e-8c1d-4a22-9cbd-f09c6d2837a8 req-59abcd7e-8c1d-4a22-9cbd-f09c6d2837a8 ] Request (AttachInterfacesUnderV243Test:test_add_remove_fixed_ip): 200 GET http://10.180.1.21/compute/v2.1/servers/ebe265d5-d05d-48f6-a05a-5e79189d63a3/ips 0.343s
2025-03-06 07:36:01.560 69152 INFO tempest.lib.common.rest_client [req-c7442f12-6028-4b12-a7d7-ebdd3a3962e0 req-c7442f12-6028-4b12-a7d7-ebdd3a3962e0 ] Request (ServersAdmin275Test:tearDownClass): 200 GET http://10.180.1.21/compute/v2.1/servers/93919c14-aa9d-4d30-82ff-fa00d3e60b0d 0.617s
2025-03-06 07:36:01.573 69152 INFO tempest.common.waiters [-] State transition "ACTIVE/deleting" ==> "DELETED/None" after 5 second wait
2025-03-06 07:36:01.624 69168 INFO tempest.lib.common.rest_client [req-afe5b7e8-5e01-4666-bddd-fec3107e8195 req-afe5b7e8-5e01-4666-bddd-fec3107e8195 ] Request (ServerShowV257Test:tearDownClass): 200 GET http://10.180.1.21/compute/v2.1/servers/2517392e-ffb6-4fc1-b38d-cef8cfe0059e 0.615s
2025-03-06 07:36:01.698 69144 INFO tempest.lib.common.rest_client [req-45704bc9-d309-4d69-a529-621a9cf20463 req-45704bc9-d309-4d69-a529-621a9cf20463 ] Request (AttachInterfacesTestJSON:test_create_list_show_delete_interfaces_by_fixed_ip): 200 GET http://10.180.1.21/compute/v2.1/servers/e27f0e5f-dd73-4d56-a714-53589958715e/os-interface 0.669s
2025-03-06 07:36:01.705 69126 INFO tempest.lib.common.rest_client [req-cecb0198-642c-4ffc-a251-501e13f11ea9 req-cecb0198-642c-4ffc-a251-501e13f11ea9 ] Request (MultipleCreateNegativeTestJSON:test_min_count_less_than_one): 400 POST http://10.180.1.21/compute/v2.1/servers 0.648s
2025-03-06 07:36:01.744 69126 INFO tempest.lib.common.rest_client [req-612b4c66-7c79-4716-8323-01c53d07304c req-612b4c66-7c79-4716-8323-01c53d07304c ] Request (MultipleCreateNegativeTestJSON:test_min_count_non_integer): 201 POST http://10.180.1.21/identity/v3/auth/tokens 0.031s
2025-03-06 07:36:01.745 69126 INFO tempest.lib.common.fixed_network [-] (MultipleCreateNegativeTestJSON:test_min_count_non_integer) Found network None available for tenant
2025-03-06 07:36:01.783 69174 INFO tempest.lib.common.rest_client [req-db7c9f9f-7d66-4f1e-a815-94dd37e17665 req-db7c9f9f-7d66-4f1e-a815-94dd37e17665 ] Request (ServerExternalEventsTest:tearDownClass): 200 GET http://10.180.1.21/compute/v2.1/servers/5bc87656-795b-487d-a72f-4d0c4a717655 0.643s
2025-03-06 07:36:01.837 69160 INFO tempest.lib.common.rest_client [req-6da48672-89c5-48a3-935b-b4d90b910838 req-6da48672-89c5-48a3-935b-b4d90b910838 ] Request (SecurityGroupsTestJSON:test_list_security_groups_by_server): 200 GET http://10.180.1.21/compute/v2.1/servers/9ab2a6a4-482e-4b86-8259-e23bebe7198e 0.649s
2025-03-06 07:36:01.895 69170 INFO tempest.lib.common.rest_client [req-372967fd-e684-4e83-8c76-384be7b6c873 req-372967fd-e684-4e83-8c76-384be7b6c873 ] Request (AttachInterfacesV270Test:tearDownClass): 200 GET http://10.180.1.21/compute/v2.1/servers/bf363a72-ef3d-44c9-b578-08dfa0753f98 0.637s
2025-03-06 07:36:01.978 69128 INFO tempest.lib.common.rest_client [req-c949d666-83de-4103-845d-709c027ba00d req-c949d666-83de-4103-845d-709c027ba00d ] Request (ServersV294TestFqdnHostnames:tearDownClass): 200 GET http://10.180.1.21/compute/v2.1/servers/19adf5a8-58f3-4367-bf08-377dc06bd813 0.667s
2025-03-06 07:36:02.030 69162 INFO tempest.lib.common.rest_client [req-e0838b7d-26e3-4f67-807e-89a424b1828a req-e0838b7d-26e3-4f67-807e-89a424b1828a ] Request (ImagesTestJSON:test_create_server_from_snapshot): 200 GET http://10.180.1.21/compute/v2.1/servers/46bfcf80-7dbd-492e-b9d3-a6207b2427b7 0.672s
2025-03-06 07:36:02.117 69146 INFO tempest.lib.common.rest_client [req-06490aef-c676-4151-a848-83c2327991d8 req-06490aef-c676-4151-a848-83c2327991d8 ] Request (ListImageFiltersTestJSON:setUpClass): 204 PUT http://10.180.1.21/image/v2/images/3c2843de-0555-4d2e-bbfc-450d51cc773d/file 0.630s
2025-03-06 07:36:02.149 69140 INFO tempest.lib.common.rest_client [req-2b38a612-24f2-447f-82c6-29fb855f254d req-2b38a612-24f2-447f-82c6-29fb855f254d ] Request (MigrationsAdminTest:test_list_migrations_in_flavor_resize_situation): 200 GET http://10.180.1.21/compute/v2.1/servers/66fa0a66-f5ea-4ab9-805e-ac58950219fd 0.665s
2025-03-06 07:36:02.201 69172 INFO tempest.lib.common.rest_client [req-7cc83587-fdb8-4bcd-ae72-c2a83e889eda req-7cc83587-fdb8-4bcd-ae72-c2a83e889eda ] Request (ServerActionsTestOtherA:setUpClass): 200 GET http://10.180.1.21/compute/v2.1/servers/0a18db03-13aa-45ae-9419-9e5f9b7ab882 0.674s
2025-03-06 07:36:02.210 69122 WARNING tempest.lib.common.ssh [-] Failed to establish authenticated ssh connection to cirros@10.180.180.168 ([Errno None] Unable to connect to port 22 on 10.180.180.168). Number attempts: 12. Retry after 13 seconds.: paramiko.ssh_exception.NoValidConnectionsError: [Errno None] Unable to connect to port 22 on 10.180.180.168
2025-03-06 07:36:02.265 69142 INFO tempest.lib.common.rest_client [req-258684d3-9f04-4cbf-99f5-c3170f562fd0 req-258684d3-9f04-4cbf-99f5-c3170f562fd0 ] Request (ImagesOneServerNegativeTestJSON:_run_cleanups): 200 GET http://10.180.1.21/compute/v2.1/servers/f6caccdd-2f90-4ff1-8cab-b2b14f4ca6e4 0.694s
2025-03-06 07:36:02.339 69150 INFO tempest.lib.common.rest_client [req-432e0825-d650-401e-ba0d-80cc574c12e7 req-432e0825-d650-401e-ba0d-80cc574c12e7 ] Request (AttachVolumeNegativeTest:test_attach_attached_volume_to_different_server): 200 GET http://10.180.1.21/compute/v2.1/servers/0da19fe3-b125-411e-9dc5-9c980487deed 0.704s
2025-03-06 07:36:02.394 69156 INFO tempest.lib.common.rest_client [req-6296f405-92b2-41b7-bbcd-361bba1e9064 req-6296f405-92b2-41b7-bbcd-361bba1e9064 ] Request (MultipleCreateTestJSON:test_multiple_create_with_reservation_return): 200 GET http://10.180.1.21/compute/v2.1/servers/53853d15-72c7-455a-a049-3f827b8113ad 0.718s
2025-03-06 07:36:02.454 69134 INFO tempest.lib.common.rest_client [req-9f416f88-6830-47aa-8f43-1f95d65febda req-9f416f88-6830-47aa-8f43-1f95d65febda ] Request (ServersTestBootFromVolume:tearDownClass): 200 GET http://10.180.1.21/compute/v2.1/servers/8acdd624-55ab-4569-a65b-7484c93cdd18 0.726s
2025-03-06 07:36:02.460 69126 INFO tempest.lib.common.rest_client [req-0b722cee-5fbf-4336-8c55-a6ab5518c6e2 req-0b722cee-5fbf-4336-8c55-a6ab5518c6e2 ] Request (MultipleCreateNegativeTestJSON:test_min_count_non_integer): 400 POST http://10.180.1.21/compute/v2.1/servers 0.715s
2025-03-06 07:36:02.509 69124 INFO tempest.lib.common.rest_client [req-78709d0e-c7a5-4b33-a99d-309678142ccf req-78709d0e-c7a5-4b33-a99d-309678142ccf ] Request (ServersWithSpecificFlavorTestJSON:test_verify_created_server_ephemeral_disk): 200 GET http://10.180.1.21/compute/v2.1/servers/ad1d605e-bbf1-4101-8d60-6911ef1045cf 0.732s
2025-03-06 07:36:02.516 69124 INFO tempest.common.waiters [-] State transition "BUILD/scheduling" ==> "BUILD/None" after 23 second wait
2025-03-06 07:36:02.554 69144 INFO tempest.lib.common.rest_client [req-235c6eb3-eb6a-4584-954b-fa61335f33a1 req-235c6eb3-eb6a-4584-954b-fa61335f33a1 ] Request (AttachInterfacesTestJSON:test_create_list_show_delete_interfaces_by_fixed_ip): 200 PUT http://10.180.1.21:9696/networking/v2.0/floatingips/e3f1bf43-eff7-43bc-b3ca-72dfe922df1b 0.854s
2025-03-06 07:36:02.569 69126 INFO tempest.lib.common.rest_client [req-fc0608dd-e1d2-4c7f-bd96-02d2870c14f6 req-fc0608dd-e1d2-4c7f-bd96-02d2870c14f6 ] Request (MultipleCreateNegativeTestJSON:tearDownClass): 204 DELETE http://10.180.1.21/identity/v3/users/5f5e6c6ed52b41e18fcef5128c5f7cf6 0.108s
2025-03-06 07:36:02.570 69126 INFO tempest.lib.common.dynamic_creds [-] Deleting project and security group for project: d886b0f1a2814b17890f7a4da0edf8fa
2025-03-06 07:36:02.612 69178 INFO tempest.lib.common.rest_client [req-9864db2f-47c6-404d-b05b-59cc853ed3d7 req-9864db2f-47c6-404d-b05b-59cc853ed3d7 ] Request (VolumesAdminNegativeTest:test_update_attached_volume_with_nonexistent_volume_in_body): 200 GET http://10.180.1.21/compute/v2.1/servers/65aeee3f-d2bd-4f7f-b616-1f24083f4a5f 0.750s
2025-03-06 07:36:02.647 69126 INFO tempest.lib.common.rest_client [req-ca04eeed-5608-449c-baeb-11aaf8579584 req-ca04eeed-5608-449c-baeb-11aaf8579584 ] Request (MultipleCreateNegativeTestJSON:tearDownClass): 201 POST http://10.180.1.21/identity/v3/auth/tokens 0.077s
2025-03-06 07:36:02.680 69164 INFO tempest.lib.common.rest_client [req-076ddf2f-0dc5-4f7c-8f5d-9af2afa61bd4 req-076ddf2f-0dc5-4f7c-8f5d-9af2afa61bd4 ] Request (ServersAdminTestJSON:test_inject_network_info): 200 GET http://10.180.1.21/compute/v2.1/servers/71dd1641-baab-49cb-aafe-3a3083aea97a 0.596s
2025-03-06 07:36:02.717 69146 INFO tempest.lib.common.rest_client [req-8f277175-83cb-43e0-9efa-52b8a171f357 req-8f277175-83cb-43e0-9efa-52b8a171f357 ] Request (ListImageFiltersTestJSON:setUpClass): 200 GET http://10.180.1.21/compute/v2.1/images/3c2843de-0555-4d2e-bbfc-450d51cc773d 0.600s
2025-03-06 07:36:02.797 69136 INFO tempest.lib.common.rest_client [req-f0ae3691-3d8a-4a9c-b72b-7d2f6ae690c6 req-f0ae3691-3d8a-4a9c-b72b-7d2f6ae690c6 ] Request (ListServerFiltersTestJSON:tearDownClass): 200 GET http://10.180.1.21/compute/v2.1/servers/f389060c-ceb9-4a8d-854f-5a3595cd61d7 0.640s
2025-03-06 07:36:02.868 69148 INFO tempest.lib.common.rest_client [req-4bc52030-2660-4189-8697-5d4bc1083fed req-4bc52030-2660-4189-8697-5d4bc1083fed ] Request (ServerDiskConfigTestJSON:test_resize_server_from_auto_to_manual): 200 GET http://10.180.1.21/compute/v2.1/servers/a45062b8-eb37-478e-b5d9-e4e30f6eeb7d 0.653s
2025-03-06 07:36:02.877 69126 INFO tempest.lib.common.rest_client [req-a4d94adb-55c9-4558-84d4-4879d49a5a4b req-a4d94adb-55c9-4558-84d4-4879d49a5a4b ] Request (MultipleCreateNegativeTestJSON:tearDownClass): 200 GET http://10.180.1.21:9696/networking/v2.0/security-groups?tenant_id=d886b0f1a2814b17890f7a4da0edf8fa&name=default 0.230s
2025-03-06 07:36:02.895 69130 INFO tempest.lib.common.rest_client [req-f413f29b-82cd-4d23-be8a-b6a5824668bf req-f413f29b-82cd-4d23-be8a-b6a5824668bf ] Request (AttachInterfacesUnderV243Test:test_add_remove_fixed_ip): 200 GET http://10.180.1.21/compute/v2.1/servers/ebe265d5-d05d-48f6-a05a-5e79189d63a3/ips 0.668s
2025-03-06 07:36:02.991 69126 INFO tempest.lib.common.rest_client [req-bd6a5159-8fd4-494c-a3b5-012b39dcb26b req-bd6a5159-8fd4-494c-a3b5-012b39dcb26b ] Request (MultipleCreateNegativeTestJSON:tearDownClass): 204 DELETE http://10.180.1.21:9696/networking/v2.0/security-groups/8272b7c3-7386-4911-985c-d7109556b688 0.114s
2025-03-06 07:36:03.033 69144 INFO tempest.lib.common.rest_client [req-3a57c75b-9a8e-4eee-90c3-818ea33dd9fb req-3a57c75b-9a8e-4eee-90c3-818ea33dd9fb ] Request (AttachInterfacesTestJSON:test_create_list_show_delete_interfaces_by_fixed_ip): 200 GET http://10.180.1.21/compute/v2.1/servers/e27f0e5f-dd73-4d56-a714-53589958715e 0.478s
2025-03-06 07:36:03.041 69144 INFO tempest.lib.common.ssh [-] Creating ssh connection to '10.180.180.193:22' as 'cirros' with public key authentication
2025-03-06 07:36:03.062 69126 INFO tempest.lib.common.rest_client [req-0604d049-dc1e-4fd6-ae08-18b465d2b22d req-0604d049-dc1e-4fd6-ae08-18b465d2b22d ] Request (MultipleCreateNegativeTestJSON:tearDownClass): 204 DELETE http://10.180.1.21/identity/v3/projects/d886b0f1a2814b17890f7a4da0edf8fa 0.070s
2025-03-06 07:36:03.113 69152 INFO tempest.lib.common.rest_client [req-7f5c2207-88af-4547-be5c-1067e7abc742 req-7f5c2207-88af-4547-be5c-1067e7abc742 ] Request (ServersAdmin275Test:tearDownClass): 200 GET http://10.180.1.21/compute/v2.1/servers/93919c14-aa9d-4d30-82ff-fa00d3e60b0d 0.539s
2025-03-06 07:36:03.133 69126 INFO tempest.lib.common.rest_client [req-fb621a2f-2ee9-4f47-b916-f2639d3876c8 req-fb621a2f-2ee9-4f47-b916-f2639d3876c8 ] Request (ServerAddressesNegativeTestJSON:setUpClass): 201 POST http://10.180.1.21/identity/v3/auth/tokens 0.069s
2025-03-06 07:36:03.157 69166 INFO tempest.lib.common.rest_client [req-a9e91923-dbcb-4912-a91e-c3aed7b11358 req-a9e91923-dbcb-4912-a91e-c3aed7b11358 ] Request (FloatingIPsAssociationTestJSON:test_associate_already_associated_floating_ip): 202 POST http://10.180.1.21/compute/v2.1/servers/07b895ce-6399-4cc4-9154-97a6449ef6b3/action 3.173s
2025-03-06 07:36:03.164 69126 INFO tempest.lib.common.rest_client [req-2e746c40-d1e4-49c6-bb94-0f86aa9c6008 req-2e746c40-d1e4-49c6-bb94-0f86aa9c6008 ] Request (ServerAddressesNegativeTestJSON:setUpClass): 201 POST http://10.180.1.21/identity/v3/auth/tokens 0.028s
2025-03-06 07:36:03.171 69138 WARNING tempest.lib.common.ssh [-] Failed to establish authenticated ssh connection to cirros@10.180.180.153 ([Errno None] Unable to connect to port 22 on 10.180.180.153). Number attempts: 3. Retry after 4 seconds.: paramiko.ssh_exception.NoValidConnectionsError: [Errno None] Unable to connect to port 22 on 10.180.180.153
2025-03-06 07:36:03.190 69126 INFO tempest.lib.common.rest_client [req-627b673c-2d8f-483d-9626-12d2f6dffa39 req-627b673c-2d8f-483d-9626-12d2f6dffa39 ] Request (ServerAddressesNegativeTestJSON:setUpClass): 200 GET http://10.180.1.21/identity/v3/domains?name=Default 0.024s
2025-03-06 07:36:03.191 69168 INFO tempest.lib.common.rest_client [req-0a1ed2b6-9ddd-44f4-b166-df545667a5c5 req-0a1ed2b6-9ddd-44f4-b166-df545667a5c5 ] Request (ServerShowV257Test:tearDownClass): 200 GET http://10.180.1.21/compute/v2.1/servers/2517392e-ffb6-4fc1-b38d-cef8cfe0059e 0.555s
2025-03-06 07:36:03.193 69146 INFO tempest.lib.common.rest_client [req-193ea217-3421-4eff-ad3e-3fd8349af004 req-193ea217-3421-4eff-ad3e-3fd8349af004 ] Request (ListImageFiltersTestJSON:setUpClass): 200 GET http://10.180.1.21/compute/v2.1/images/3c2843de-0555-4d2e-bbfc-450d51cc773d 0.472s
2025-03-06 07:36:03.221 69126 INFO tempest.lib.common.rest_client [req-df1f0a12-c1a7-444d-9e21-ddc7f1766117 req-df1f0a12-c1a7-444d-9e21-ddc7f1766117 ] Request (ServerAddressesNegativeTestJSON:setUpClass): 201 POST http://10.180.1.21/identity/v3/projects 0.031s
2025-03-06 07:36:03.251 69160 INFO tempest.lib.common.rest_client [req-3e13db21-99c8-496a-b190-bdd9ce4aaeea req-3e13db21-99c8-496a-b190-bdd9ce4aaeea ] Request (SecurityGroupsTestJSON:test_list_security_groups_by_server): 200 GET http://10.180.1.21/compute/v2.1/servers/9ab2a6a4-482e-4b86-8259-e23bebe7198e 0.405s
2025-03-06 07:36:03.271 69174 INFO tempest.lib.common.rest_client [req-5faf9979-809f-4bf4-a9a0-6f99ab410baa req-5faf9979-809f-4bf4-a9a0-6f99ab410baa ] Request (ServerExternalEventsTest:tearDownClass): 200 GET http://10.180.1.21/compute/v2.1/servers/5bc87656-795b-487d-a72f-4d0c4a717655 0.473s
2025-03-06 07:36:03.297 69126 INFO tempest.lib.common.rest_client [req-e75cc6e7-0e72-4261-b8c5-711ddb55ade3 req-e75cc6e7-0e72-4261-b8c5-711ddb55ade3 ] Request (ServerAddressesNegativeTestJSON:setUpClass): 201 POST http://10.180.1.21/identity/v3/users 0.075s
2025-03-06 07:36:03.324 69126 INFO tempest.lib.common.rest_client [req-fbe22a52-824e-43ea-95eb-3dc0dee3ffa3 req-fbe22a52-824e-43ea-95eb-3dc0dee3ffa3 ] Request (ServerAddressesNegativeTestJSON:setUpClass): 200 GET http://10.180.1.21/identity/v3/roles 0.026s
2025-03-06 07:36:03.341 69170 INFO tempest.lib.common.rest_client [req-bbe7ee88-3a88-4dbc-b309-e73e3cc881bd req-bbe7ee88-3a88-4dbc-b309-e73e3cc881bd ] Request (AttachInterfacesV270Test:tearDownClass): 200 GET http://10.180.1.21/compute/v2.1/servers/bf363a72-ef3d-44c9-b578-08dfa0753f98 0.436s
2025-03-06 07:36:03.351 69126 INFO tempest.lib.common.rest_client [req-2b8fc210-2946-4542-88da-146ee0fcd4bd req-2b8fc210-2946-4542-88da-146ee0fcd4bd ] Request (ServerAddressesNegativeTestJSON:setUpClass): 204 PUT http://10.180.1.21/identity/v3/projects/dce61801a10d4cdbacd5521673f3873a/users/4e9e823aec75483abd92044921ac2d4f/roles/544f107cad6e4b97b770cd0685ac2896 0.027s
2025-03-06 07:36:03.351 69126 INFO tempest.lib.common.dynamic_creds [-] Dynamic test user 4e9e823aec75483abd92044921ac2d4f is created with scope project and roles: ['member']
2025-03-06 07:36:03.352 69126 INFO tempest.lib.common.dynamic_creds [-] Acquired dynamic creds: credentials: Credentials: {'domain_id': 'default', 'domain_name': 'Default', 'username': 'tempest-ServerAddressesNegativeTestJSON-1793495581-project-member', 'project_domain_id': 'default', 'project_domain_name': 'Default', 'project_id': 'dce61801a10d4cdbacd5521673f3873a', 'project_name': 'tempest-ServerAddressesNegativeTestJSON-1793495581', 'tenant_id': 'dce61801a10d4cdbacd5521673f3873a', 'tenant_name': 'tempest-ServerAddressesNegativeTestJSON-1793495581', 'user_domain_id': 'default', 'user_domain_name': 'Default', 'user_id': '4e9e823aec75483abd92044921ac2d4f', 'system': None}, Network: None, Subnet: None, Router: None
2025-03-06 07:36:03.358 69130 INFO tempest.lib.common.rest_client [req-20540932-5f86-44a1-a8c0-742949f5b182 req-20540932-5f86-44a1-a8c0-742949f5b182 ] Request (AttachInterfacesUnderV243Test:test_add_remove_fixed_ip): 200 GET http://10.180.1.21/compute/v2.1/servers/ebe265d5-d05d-48f6-a05a-5e79189d63a3 0.461s
2025-03-06 07:36:03.405 69128 INFO tempest.lib.common.rest_client [req-9afa3ac3-cc60-43d6-8a2f-f97ef6103485 req-9afa3ac3-cc60-43d6-8a2f-f97ef6103485 ] Request (ServersV294TestFqdnHostnames:tearDownClass): 200 GET http://10.180.1.21/compute/v2.1/servers/19adf5a8-58f3-4367-bf08-377dc06bd813 0.415s
2025-03-06 07:36:03.407 69162 INFO tempest.lib.common.rest_client [req-75e42af7-77d9-4aea-8abd-4dbe196d9272 req-75e42af7-77d9-4aea-8abd-4dbe196d9272 ] Request (ImagesTestJSON:test_create_server_from_snapshot): 200 GET http://10.180.1.21/compute/v2.1/servers/46bfcf80-7dbd-492e-b9d3-a6207b2427b7 0.367s
2025-03-06 07:36:03.413 69126 INFO tempest.lib.common.rest_client [req-857d0b6e-1395-47f2-a9df-e248f4d36cd3 req-857d0b6e-1395-47f2-a9df-e248f4d36cd3 ] Request (ServerAddressesNegativeTestJSON:setUpClass): 201 POST http://10.180.1.21/identity/v3/auth/tokens 0.061s
2025-03-06 07:36:03.421 69128 INFO tempest.common.waiters [-] State transition "ACTIVE/deleting" ==> "DELETED/None" after 5 second wait
2025-03-06 07:36:03.512 69140 INFO tempest.lib.common.rest_client [req-ee6d91d7-0b19-48dd-86c7-a06ab0171f4f req-ee6d91d7-0b19-48dd-86c7-a06ab0171f4f ] Request (MigrationsAdminTest:test_list_migrations_in_flavor_resize_situation): 200 GET http://10.180.1.21/compute/v2.1/servers/66fa0a66-f5ea-4ab9-805e-ac58950219fd 0.351s
2025-03-06 07:36:03.515 69146 INFO tempest.lib.common.rest_client [req-aeac2f4a-41ca-4857-af32-ca417285ffaf req-aeac2f4a-41ca-4857-af32-ca417285ffaf ] Request (ListImageFiltersTestJSON:setUpClass): 201 POST http://10.180.1.21/image/v2/images 0.318s
2025-03-06 07:36:03.519 69140 INFO tempest.common.waiters [-] State transition "RESIZE/resize_migrating" ==> "RESIZE/resize_migrated" after 46 second wait
2025-03-06 07:36:03.562 69172 INFO tempest.lib.common.rest_client [req-3f8a2bb7-b912-4125-94a4-27b703943d62 req-3f8a2bb7-b912-4125-94a4-27b703943d62 ] Request (ServerActionsTestOtherA:setUpClass): 200 GET http://10.180.1.21/compute/v2.1/servers/0a18db03-13aa-45ae-9419-9e5f9b7ab882 0.352s
2025-03-06 07:36:03.578 69166 INFO tempest.lib.common.rest_client [req-eec8a61d-1436-4379-a087-e210d01dd7d9 req-eec8a61d-1436-4379-a087-e210d01dd7d9 ] Request (FloatingIPsAssociationTestJSON:test_associate_already_associated_floating_ip): 409 POST http://10.180.1.21/compute/v2.1/servers/b268e90c-94cd-4b2f-8f26-f006f35542ee/action 0.421s
2025-03-06 07:36:03.612 69142 INFO tempest.lib.common.rest_client [req-ee4b8550-e35f-4c01-82b5-a2f35469ee86 req-ee4b8550-e35f-4c01-82b5-a2f35469ee86 ] Request (ImagesOneServerNegativeTestJSON:_run_cleanups): 200 GET http://10.180.1.21/compute/v2.1/servers/f6caccdd-2f90-4ff1-8cab-b2b14f4ca6e4 0.335s
2025-03-06 07:36:03.621 69150 INFO tempest.lib.common.rest_client [req-c84a8a39-fed7-4868-a88b-f49454f36439 req-c84a8a39-fed7-4868-a88b-f49454f36439 ] Request (AttachVolumeNegativeTest:test_attach_attached_volume_to_different_server): 200 GET http://10.180.1.21/compute/v2.1/servers/0da19fe3-b125-411e-9dc5-9c980487deed 0.268s
2025-03-06 07:36:03.639 69130 INFO tempest.lib.common.rest_client [req-2e304314-641a-4a87-8239-f25f0dd6ddeb req-2e304314-641a-4a87-8239-f25f0dd6ddeb ] Request (AttachInterfacesUnderV243Test:test_add_remove_fixed_ip): 202 POST http://10.180.1.21/compute/v2.1/servers/ebe265d5-d05d-48f6-a05a-5e79189d63a3/action 0.272s
2025-03-06 07:36:03.660 69126 INFO tempest.lib.common.rest_client [req-46a723e9-e79e-49ae-83be-9aefbd051c40 req-46a723e9-e79e-49ae-83be-9aefbd051c40 ] Request (ServerAddressesNegativeTestJSON:setUpClass): 201 POST http://10.180.1.21:9696/networking/v2.0/networks 0.246s
2025-03-06 07:36:03.669 69156 INFO tempest.lib.common.rest_client [req-e4e0eb89-586b-423c-9b26-6d289e96c21f req-e4e0eb89-586b-423c-9b26-6d289e96c21f ] Request (MultipleCreateTestJSON:test_multiple_create_with_reservation_return): 200 GET http://10.180.1.21/compute/v2.1/servers/53853d15-72c7-455a-a049-3f827b8113ad 0.268s
2025-03-06 07:36:03.704 69134 INFO tempest.lib.common.rest_client [req-0fb9fa4c-5c35-4571-823a-a50bd8c81495 req-0fb9fa4c-5c35-4571-823a-a50bd8c81495 ] Request (ServersTestBootFromVolume:tearDownClass): 200 GET http://10.180.1.21/compute/v2.1/servers/8acdd624-55ab-4569-a65b-7484c93cdd18 0.241s
2025-03-06 07:36:03.718 69124 INFO tempest.lib.common.rest_client [req-37cfc027-4656-411b-84b0-d68891624bc3 req-37cfc027-4656-411b-84b0-d68891624bc3 ] Request (ServersWithSpecificFlavorTestJSON:test_verify_created_server_ephemeral_disk): 200 GET http://10.180.1.21/compute/v2.1/servers/ad1d605e-bbf1-4101-8d60-6911ef1045cf 0.200s
2025-03-06 07:36:03.824 69178 INFO tempest.lib.common.rest_client [req-bd3260ad-f698-4615-a785-a2b60b8aacad req-bd3260ad-f698-4615-a785-a2b60b8aacad ] Request (VolumesAdminNegativeTest:test_update_attached_volume_with_nonexistent_volume_in_body): 200 GET http://10.180.1.21/compute/v2.1/servers/65aeee3f-d2bd-4f7f-b616-1f24083f4a5f 0.204s
2025-03-06 07:36:03.848 69130 INFO tempest.lib.common.rest_client [req-c7ca14a3-3788-48cc-aca7-a9bc44f5abc8 req-c7ca14a3-3788-48cc-aca7-a9bc44f5abc8 ] Request (AttachInterfacesUnderV243Test:test_add_remove_fixed_ip): 200 GET http://10.180.1.21/compute/v2.1/servers/ebe265d5-d05d-48f6-a05a-5e79189d63a3/ips 0.209s
2025-03-06 07:36:03.897 69164 INFO tempest.lib.common.rest_client [req-35cae4ce-619c-45de-822f-0d136a9759fa req-35cae4ce-619c-45de-822f-0d136a9759fa ] Request (ServersAdminTestJSON:test_inject_network_info): 200 GET http://10.180.1.21/compute/v2.1/servers/71dd1641-baab-49cb-aafe-3a3083aea97a 0.210s
2025-03-06 07:36:03.959 69126 INFO tempest.lib.common.rest_client [req-b74f8e9e-f30c-4603-af33-4a7a9eadbc32 req-b74f8e9e-f30c-4603-af33-4a7a9eadbc32 ] Request (ServerAddressesNegativeTestJSON:setUpClass): 201 POST http://10.180.1.21:9696/networking/v2.0/subnets 0.298s
2025-03-06 07:36:03.980 69136 INFO tempest.lib.common.rest_client [req-653c9013-6f7a-4dd2-951f-f35cd6a614fb req-653c9013-6f7a-4dd2-951f-f35cd6a614fb ] Request (ListServerFiltersTestJSON:tearDownClass): 200 GET http://10.180.1.21/compute/v2.1/servers/f389060c-ceb9-4a8d-854f-5a3595cd61d7 0.169s
2025-03-06 07:36:04.024 69148 INFO tempest.lib.common.rest_client [req-7b214517-d9ca-493e-8935-60df286f26b1 req-7b214517-d9ca-493e-8935-60df286f26b1 ] Request (ServerDiskConfigTestJSON:test_resize_server_from_auto_to_manual): 200 GET http://10.180.1.21/compute/v2.1/servers/a45062b8-eb37-478e-b5d9-e4e30f6eeb7d 0.149s
2025-03-06 07:36:04.186 69152 INFO tempest.lib.common.rest_client [req-3d593583-d88e-47cf-becb-5c4cf3b3b893 req-3d593583-d88e-47cf-becb-5c4cf3b3b893 ] Request (ServersAdmin275Test:tearDownClass): 200 GET http://10.180.1.21/compute/v2.1/servers/93919c14-aa9d-4d30-82ff-fa00d3e60b0d 0.061s
2025-03-06 07:36:04.259 69168 INFO tempest.lib.common.rest_client [req-904fb326-68cb-41d5-86cf-b823b7d9faa5 req-904fb326-68cb-41d5-86cf-b823b7d9faa5 ] Request (ServerShowV257Test:tearDownClass): 200 GET http://10.180.1.21/compute/v2.1/servers/2517392e-ffb6-4fc1-b38d-cef8cfe0059e 0.058s
2025-03-06 07:36:04.316 69160 INFO tempest.lib.common.rest_client [req-6034a7fa-eb6d-48ce-9d1d-edeba28651c9 req-6034a7fa-eb6d-48ce-9d1d-edeba28651c9 ] Request (SecurityGroupsTestJSON:test_list_security_groups_by_server): 200 GET http://10.180.1.21/compute/v2.1/servers/9ab2a6a4-482e-4b86-8259-e23bebe7198e 0.050s
2025-03-06 07:36:04.389 69174 INFO tempest.lib.common.rest_client [req-c98f42ab-7eab-4313-93a9-cc8344ba46e6 req-c98f42ab-7eab-4313-93a9-cc8344ba46e6 ] Request (ServerExternalEventsTest:tearDownClass): 200 GET http://10.180.1.21/compute/v2.1/servers/5bc87656-795b-487d-a72f-4d0c4a717655 0.106s
