2025-03-06 07:35:04.909 69152 INFO tempest.lib.common.rest_client [req-eee0c083-8a03-4084-b0b8-0f3cde427b44 req-eee0c083-8a03-4084-b0b8-0f3cde427b44 ] Request (ServersAdmin275Test:test_rebuild_update_server_275): 200 GET http://10.180.1.21/compute/v2.1/servers/93919c14-aa9d-4d30-82ff-fa00d3e60b0d 0.086s
2025-03-06 07:35:04.914 69168 INFO tempest.common.waiters [-] State transition "BUILD/scheduling" ==> "BUILD/None" after 39 second wait
2025-03-06 07:35:04.968 69140 INFO tempest.lib.common.rest_client [req-5fac7509-5810-43c8-9e58-32a0662ffbdc req-5fac7509-5810-43c8-9e58-32a0662ffbdc ] Request (MigrationsAdminTest:test_list_migrations_in_flavor_resize_situation): 200 GET http://10.180.1.21/compute/v2.1/servers/66fa0a66-f5ea-4ab9-805e-ac58950219fd 0.082s
2025-03-06 07:35:04.968 69156 INFO tempest.lib.common.rest_client [req-b1680070-ec99-4112-aaae-de5f27c53a79 req-b1680070-ec99-4112-aaae-de5f27c53a79 ] Request (MultipleCreateTestJSON:test_multiple_create_with_reservation_return): 200 GET http://10.180.1.21/compute/v2.1/servers/53853d15-72c7-455a-a049-3f827b8113ad 0.070s
2025-03-06 07:35:05.002 69154 INFO tempest.lib.common.rest_client [req-c9bf8ffb-e94c-44c8-8153-741e3d7b3442 req-c9bf8ffb-e94c-44c8-8153-741e3d7b3442 ] Request (VolumesGetTestJSON:tearDownClass): 204 DELETE http://10.180.1.21/identity/v3/users/29952d72e0904240b41b601f5e830846 0.158s
2025-03-06 07:35:05.002 69154 INFO tempest.lib.common.dynamic_creds [-] Deleting project and security group for project: 09bfff619ea84171b43a15b241d2cb1a
2025-03-06 07:35:05.033 69148 INFO tempest.lib.common.rest_client [req-1fc425b8-1a71-42bc-9a89-6582fec6dc1f req-1fc425b8-1a71-42bc-9a89-6582fec6dc1f ] Request (ServerDiskConfigTestJSON:test_rebuild_server_with_manual_disk_config): 200 GET http://10.180.1.21/compute/v2.1/servers/6bd99dff-d8ff-4bd1-b9df-f97fc3fc7a2e 0.080s
2025-03-06 07:35:05.042 69142 INFO tempest.lib.common.rest_client [req-7f15e8c7-c409-49d1-8edd-21bea4d53751 req-7f15e8c7-c409-49d1-8edd-21bea4d53751 ] Request (ImagesOneServerNegativeTestJSON:_run_cleanups): 200 GET http://10.180.1.21/compute/v2.1/servers/79e3c13d-7711-4db4-bdf0-1ba78f6335d7 0.085s
2025-03-06 07:35:05.095 69154 INFO tempest.lib.common.rest_client [req-5320e028-5d8a-481d-9bfd-6fb462910917 req-5320e028-5d8a-481d-9bfd-6fb462910917 ] Request (VolumesGetTestJSON:tearDownClass): 201 POST http://10.180.1.21/identity/v3/auth/tokens 0.092s
2025-03-06 07:35:05.101 69138 INFO tempest.lib.common.rest_client [req-0fef069f-6360-447c-8968-02474dcd174c req-0fef069f-6360-447c-8968-02474dcd174c ] Request (ServersTestFqdnHostnames:test_create_server_with_fqdn_name): 200 GET http://10.180.1.21/compute/v2.1/servers/8228be33-050d-4880-96b0-eb6734592837 0.085s
2025-03-06 07:35:05.104 69170 INFO tempest.lib.common.rest_client [req-a4968446-892a-4c34-86a8-6d6c64fa4128 req-a4968446-892a-4c34-86a8-6d6c64fa4128 ] Request (AttachInterfacesV270Test:test_create_get_list_interfaces): 200 GET http://10.180.1.21/compute/v2.1/servers/bf363a72-ef3d-44c9-b578-08dfa0753f98 0.092s
2025-03-06 07:35:05.125 69130 WARNING tempest.lib.common.ssh [-] Failed to establish authenticated ssh connection to cirros@10.180.180.169 ([Errno None] Unable to connect to port 22 on 10.180.180.169). Number attempts: 6. Retry after 7 seconds.: paramiko.ssh_exception.NoValidConnectionsError: [Errno None] Unable to connect to port 22 on 10.180.180.169
2025-03-06 07:35:05.154 69178 INFO tempest.lib.common.rest_client [req-b7716050-e854-4a13-ad32-cf1d48f8475e req-b7716050-e854-4a13-ad32-cf1d48f8475e ] Request (VolumesAdminNegativeTest:test_update_attached_volume_with_nonexistent_volume_in_body): 200 GET http://10.180.1.21/compute/v2.1/servers/65aeee3f-d2bd-4f7f-b616-1f24083f4a5f 0.090s
2025-03-06 07:35:05.171 69166 INFO tempest.lib.common.rest_client [req-f7d3cfb7-d445-45fc-95a5-e78765ba8974 req-f7d3cfb7-d445-45fc-95a5-e78765ba8974 ] Request (FloatingIPsAssociationTestJSON:test_associate_already_associated_floating_ip): 200 GET http://10.180.1.21/compute/v2.1/servers/07b895ce-6399-4cc4-9154-97a6449ef6b3 0.098s
2025-03-06 07:35:05.203 69180 INFO tempest.lib.common.rest_client [req-1f8900ba-58d4-4e53-94ef-e8e45f6c0983 req-1f8900ba-58d4-4e53-94ef-e8e45f6c0983 ] Request (AttachVolumeTestJSON:test_attach_detach_volume): 200 GET http://10.180.1.21/compute/v2.1/servers/50e88850-968f-472b-9921-bbf973b475bc 0.074s
2025-03-06 07:35:05.256 69144 INFO tempest.lib.common.rest_client [req-c25b4b31-876e-488a-9327-705273f99ca6 req-c25b4b31-876e-488a-9327-705273f99ca6 ] Request (AttachInterfacesTestJSON:test_create_list_show_delete_interfaces_by_fixed_ip): 200 GET http://10.180.1.21/compute/v2.1/servers/e27f0e5f-dd73-4d56-a714-53589958715e 0.064s
2025-03-06 07:35:05.315 69136 INFO tempest.lib.common.rest_client [req-34e522e3-9fc7-49ac-a420-3f81463a64ee req-34e522e3-9fc7-49ac-a420-3f81463a64ee ] Request (ListServerFiltersTestJSON:tearDownClass): 200 GET http://10.180.1.21/compute/v2.1/servers/14a869ca-d93c-4dd9-964c-cfb14b40f069 0.061s
2025-03-06 07:35:05.388 69154 INFO tempest.lib.common.rest_client [req-9dfb0c96-8a44-46c4-886c-4967e32ac3e3 req-9dfb0c96-8a44-46c4-886c-4967e32ac3e3 ] Request (VolumesGetTestJSON:tearDownClass): 200 GET http://10.180.1.21:9696/networking/v2.0/security-groups?tenant_id=09bfff619ea84171b43a15b241d2cb1a&name=default 0.292s
2025-03-06 07:35:05.392 69162 INFO tempest.lib.common.rest_client [req-737c497e-1a2f-4997-a8b0-248e59bd19a5 req-737c497e-1a2f-4997-a8b0-248e59bd19a5 ] Request (ImagesTestJSON:test_create_image_from_suspended_server): 200 GET http://10.180.1.21/compute/v2.1/servers/dc5e8fc0-c025-420f-a182-8f5a4718de6c 0.061s
2025-03-06 07:35:05.470 69160 INFO tempest.lib.common.rest_client [req-0af0898e-9ce8-47a3-ad38-2261210173f0 req-0af0898e-9ce8-47a3-ad38-2261210173f0 ] Request (SecurityGroupsTestJSON:test_list_security_groups_by_server): 200 GET http://10.180.1.21/compute/v2.1/servers/9ab2a6a4-482e-4b86-8259-e23bebe7198e 0.083s
2025-03-06 07:35:05.478 69126 INFO tempest.lib.common.rest_client [req-fe449588-51f3-4771-9d14-7fb3866551ab req-fe449588-51f3-4771-9d14-7fb3866551ab ] Request (ServersAdminNegativeTestJSON:tearDownClass): 200 GET http://10.180.1.21/compute/v2.1/servers/5d7ca2c0-0656-428c-8f29-cdd6adc0b90b 0.069s
2025-03-06 07:35:05.526 69154 INFO tempest.lib.common.rest_client [req-da5827d7-aae0-43c8-a478-b6340746b923 req-da5827d7-aae0-43c8-a478-b6340746b923 ] Request (VolumesGetTestJSON:tearDownClass): 204 DELETE http://10.180.1.21:9696/networking/v2.0/security-groups/76d9c695-00e3-41d6-be26-0066a5abfd62 0.138s
2025-03-06 07:35:05.527 69120 INFO tempest.lib.common.rest_client [req-b43da63b-f35e-41d8-ac03-9082a17369a1 req-b43da63b-f35e-41d8-ac03-9082a17369a1 ] Request (ServerShowV254Test:test_rebuild_server): 200 GET http://10.180.1.21/compute/v2.1/servers/c3b6bea7-cbb0-459d-8096-8839bae26ad1 0.061s
2025-03-06 07:35:05.584 69154 INFO tempest.lib.common.rest_client [req-2a2a72eb-9a66-47e6-a0b3-beb9d8ad991b req-2a2a72eb-9a66-47e6-a0b3-beb9d8ad991b ] Request (VolumesGetTestJSON:tearDownClass): 204 DELETE http://10.180.1.21/identity/v3/projects/09bfff619ea84171b43a15b241d2cb1a 0.057s
2025-03-06 07:35:05.587 69172 INFO tempest.lib.common.rest_client [req-3db21e0b-e813-47d8-bdc5-93484674fd4b req-3db21e0b-e813-47d8-bdc5-93484674fd4b ] Request (FloatingIPsAssociationNegativeTestJSON:tearDownClass): 200 GET http://10.180.1.21/compute/v2.1/servers/b9061756-8344-441b-b1f2-5724e8566e98 0.055s
2025-03-06 07:35:05.670 69146 INFO tempest.lib.common.rest_client [req-963a3025-234e-4c84-a1b9-5ef14ef94a00 req-963a3025-234e-4c84-a1b9-5ef14ef94a00 ] Request (DeleteServersAdminTestJSON:test_delete_server_while_in_error_state): 200 GET http://10.180.1.21/compute/v2.1/servers/ceb07909-a135-479b-8480-00b8aa6575d2 0.088s
2025-03-06 07:35:05.678 69146 INFO tempest.common.waiters [-] State transition "BUILD/block_device_mapping" ==> "BUILD/spawning" after 62 second wait
2025-03-06 07:35:05.752 69174 INFO tempest.lib.common.rest_client [req-609e0c80-1bdc-410b-bfcd-adbd414e5b16 req-609e0c80-1bdc-410b-bfcd-adbd414e5b16 ] Request (ServerExternalEventsTest:test_create_server_external_events): 200 GET http://10.180.1.21/compute/v2.1/servers/5bc87656-795b-487d-a72f-4d0c4a717655 0.047s
2025-03-06 07:35:05.798 69164 INFO tempest.lib.common.rest_client [req-bf603b9f-75ad-4b26-a43b-b3d899961194 req-bf603b9f-75ad-4b26-a43b-b3d899961194 ] Request (ServersAdminTestJSON:test_create_server_with_scheduling_hint): 200 GET http://10.180.1.21/compute/v2.1/servers/dbea6ee4-4f2a-4040-8acc-df5b7da614ec 0.086s
2025-03-06 07:35:05.815 69158 INFO tempest.lib.common.rest_client [req-916b2516-3ee5-4c58-a835-6f4dcd31d72c req-916b2516-3ee5-4c58-a835-6f4dcd31d72c ] Request (ServerAddressesTestJSON:tearDownClass): 200 GET http://10.180.1.21/compute/v2.1/servers/5c2f0de4-620b-40f8-b4ab-cad2c4cb3ebe 0.056s
2025-03-06 07:35:05.825 69122 WARNING tempest.lib.common.ssh [-] Failed to establish authenticated ssh connection to cirros@10.180.180.168 ([Errno None] Unable to connect to port 22 on 10.180.180.168). Number attempts: 8. Retry after 9 seconds.: paramiko.ssh_exception.NoValidConnectionsError: [Errno None] Unable to connect to port 22 on 10.180.180.168
2025-03-06 07:35:05.888 69150 INFO tempest.lib.common.rest_client [req-c71eb458-93d7-4838-9e3b-795b40459352 req-c71eb458-93d7-4838-9e3b-795b40459352 ] Request (AttachVolumeNegativeTest:test_attach_attached_volume_to_different_server): 200 GET http://10.180.1.21/compute/v2.1/servers/0da19fe3-b125-411e-9dc5-9c980487deed 0.063s
2025-03-06 07:35:05.963 69132 INFO tempest.lib.common.rest_client [req-4ecffcf6-c668-4693-b275-3c0325c0c0d5 req-4ecffcf6-c668-4693-b275-3c0325c0c0d5 ] Request (InstanceActionsNegativeTestJSON:setUpClass): 200 GET http://10.180.1.21/compute/v2.1/servers/ce162796-7bf4-4602-b93d-0f91c636e411 0.108s
2025-03-06 07:35:05.977 69168 INFO tempest.lib.common.rest_client [req-c963c8d9-5d23-4cfa-a783-983c9acf7d41 req-c963c8d9-5d23-4cfa-a783-983c9acf7d41 ] Request (ServerShowV257Test:test_rebuild_server): 200 GET http://10.180.1.21/compute/v2.1/servers/2517392e-ffb6-4fc1-b38d-cef8cfe0059e 0.061s
2025-03-06 07:35:06.014 69152 INFO tempest.lib.common.rest_client [req-c32e3def-956d-461b-82d4-c318aeadccc1 req-c32e3def-956d-461b-82d4-c318aeadccc1 ] Request (ServersAdmin275Test:test_rebuild_update_server_275): 200 GET http://10.180.1.21/compute/v2.1/servers/93919c14-aa9d-4d30-82ff-fa00d3e60b0d 0.093s
2025-03-06 07:35:06.019 69128 WARNING tempest.lib.common.ssh [-] Failed to establish authenticated ssh connection to cirros@10.180.180.214 ([Errno None] Unable to connect to port 22 on 10.180.180.214). Number attempts: 3. Retry after 4 seconds.: paramiko.ssh_exception.NoValidConnectionsError: [Errno None] Unable to connect to port 22 on 10.180.180.214
2025-03-06 07:35:06.035 69140 INFO tempest.lib.common.rest_client [req-2ff531ec-8fc8-4595-96bc-c2338b3289c7 req-2ff531ec-8fc8-4595-96bc-c2338b3289c7 ] Request (MigrationsAdminTest:test_list_migrations_in_flavor_resize_situation): 200 GET http://10.180.1.21/compute/v2.1/servers/66fa0a66-f5ea-4ab9-805e-ac58950219fd 0.057s
2025-03-06 07:35:06.041 69140 INFO tempest.common.waiters [-] State transition "BUILD/None" ==> "BUILD/networking" after 60 second wait
2025-03-06 07:35:06.063 69156 INFO tempest.lib.common.rest_client [req-b8dd7370-45d4-4567-8be3-269e229d3721 req-b8dd7370-45d4-4567-8be3-269e229d3721 ] Request (MultipleCreateTestJSON:test_multiple_create_with_reservation_return): 200 GET http://10.180.1.21/compute/v2.1/servers/53853d15-72c7-455a-a049-3f827b8113ad 0.082s
2025-03-06 07:35:06.101 69148 INFO tempest.lib.common.rest_client [req-7a756f08-9160-473e-90bd-6637f17b7fc8 req-7a756f08-9160-473e-90bd-6637f17b7fc8 ] Request (ServerDiskConfigTestJSON:test_rebuild_server_with_manual_disk_config): 200 GET http://10.180.1.21/compute/v2.1/servers/6bd99dff-d8ff-4bd1-b9df-f97fc3fc7a2e 0.054s
2025-03-06 07:35:06.121 69142 INFO tempest.lib.common.rest_client [req-37e81d5f-4f56-4528-a0af-d56ce115e024 req-37e81d5f-4f56-4528-a0af-d56ce115e024 ] Request (ImagesOneServerNegativeTestJSON:_run_cleanups): 200 GET http://10.180.1.21/compute/v2.1/servers/79e3c13d-7711-4db4-bdf0-1ba78f6335d7 0.069s
2025-03-06 07:35:06.157 69138 INFO tempest.lib.common.rest_client [req-7cf50e93-f798-477e-96ee-96d055bba119 req-7cf50e93-f798-477e-96ee-96d055bba119 ] Request (ServersTestFqdnHostnames:test_create_server_with_fqdn_name): 200 GET http://10.180.1.21/compute/v2.1/servers/8228be33-050d-4880-96b0-eb6734592837 0.049s
2025-03-06 07:35:06.168 69170 INFO tempest.lib.common.rest_client [req-7e18dd28-8bdf-41ff-96bf-561f28e3406c req-7e18dd28-8bdf-41ff-96bf-561f28e3406c ] Request (AttachInterfacesV270Test:test_create_get_list_interfaces): 200 GET http://10.180.1.21/compute/v2.1/servers/bf363a72-ef3d-44c9-b578-08dfa0753f98 0.048s
2025-03-06 07:35:06.219 69178 INFO tempest.lib.common.rest_client [req-4ad275a3-3b6b-46c3-815f-626fac527aea req-4ad275a3-3b6b-46c3-815f-626fac527aea ] Request (VolumesAdminNegativeTest:test_update_attached_volume_with_nonexistent_volume_in_body): 200 GET http://10.180.1.21/compute/v2.1/servers/65aeee3f-d2bd-4f7f-b616-1f24083f4a5f 0.054s
2025-03-06 07:35:06.227 69166 INFO tempest.lib.common.rest_client [req-65a8ab3d-c87e-4312-b261-3d263c807655 req-65a8ab3d-c87e-4312-b261-3d263c807655 ] Request (FloatingIPsAssociationTestJSON:test_associate_already_associated_floating_ip): 200 GET http://10.180.1.21/compute/v2.1/servers/07b895ce-6399-4cc4-9154-97a6449ef6b3 0.045s
2025-03-06 07:35:06.267 69180 INFO tempest.lib.common.rest_client [req-8c27daf1-3013-41e7-b301-467f3379db7a req-8c27daf1-3013-41e7-b301-467f3379db7a ] Request (AttachVolumeTestJSON:test_attach_detach_volume): 200 GET http://10.180.1.21/compute/v2.1/servers/50e88850-968f-472b-9921-bbf973b475bc 0.057s
2025-03-06 07:35:06.316 69144 INFO tempest.lib.common.rest_client [req-f06241f3-1a17-4925-bffa-7d4f5262ee53 req-f06241f3-1a17-4925-bffa-7d4f5262ee53 ] Request (AttachInterfacesTestJSON:test_create_list_show_delete_interfaces_by_fixed_ip): 200 GET http://10.180.1.21/compute/v2.1/servers/e27f0e5f-dd73-4d56-a714-53589958715e 0.051s
2025-03-06 07:35:06.381 69136 INFO tempest.lib.common.rest_client [req-e375aee3-408e-4346-92ca-f1d40011bca2 req-e375aee3-408e-4346-92ca-f1d40011bca2 ] Request (ListServerFiltersTestJSON:tearDownClass): 200 GET http://10.180.1.21/compute/v2.1/servers/14a869ca-d93c-4dd9-964c-cfb14b40f069 0.058s
2025-03-06 07:35:06.468 69162 INFO tempest.lib.common.rest_client [req-f760a0c4-b6a2-442a-a9ff-da82601d7fe6 req-f760a0c4-b6a2-442a-a9ff-da82601d7fe6 ] Request (ImagesTestJSON:test_create_image_from_suspended_server): 200 GET http://10.180.1.21/compute/v2.1/servers/dc5e8fc0-c025-420f-a182-8f5a4718de6c 0.059s
2025-03-06 07:35:06.535 69160 INFO tempest.lib.common.rest_client [req-022a03c3-a67c-4897-b168-33f3a2571d55 req-022a03c3-a67c-4897-b168-33f3a2571d55 ] Request (SecurityGroupsTestJSON:test_list_security_groups_by_server): 200 GET http://10.180.1.21/compute/v2.1/servers/9ab2a6a4-482e-4b86-8259-e23bebe7198e 0.057s
2025-03-06 07:35:06.550 69126 INFO tempest.lib.common.rest_client [req-48e34592-b13b-43d0-abdd-23f37cc0ee5b req-48e34592-b13b-43d0-abdd-23f37cc0ee5b ] Request (ServersAdminNegativeTestJSON:tearDownClass): 200 GET http://10.180.1.21/compute/v2.1/servers/5d7ca2c0-0656-428c-8f29-cdd6adc0b90b 0.063s
2025-03-06 07:35:06.607 69120 INFO tempest.lib.common.rest_client [req-a393e697-4aa7-4b2b-86a9-a307a3796f3a req-a393e697-4aa7-4b2b-86a9-a307a3796f3a ] Request (ServerShowV254Test:test_rebuild_server): 200 GET http://10.180.1.21/compute/v2.1/servers/c3b6bea7-cbb0-459d-8096-8839bae26ad1 0.066s
2025-03-06 07:35:06.665 69172 INFO tempest.lib.common.rest_client [req-dccc777b-83db-47e5-9186-4deb00dae1fe req-dccc777b-83db-47e5-9186-4deb00dae1fe ] Request (FloatingIPsAssociationNegativeTestJSON:tearDownClass): 200 GET http://10.180.1.21/compute/v2.1/servers/b9061756-8344-441b-b1f2-5724e8566e98 0.070s
2025-03-06 07:35:06.808 69146 INFO tempest.lib.common.rest_client [req-dc0c48c3-000a-4240-a1a4-5e034834740d req-dc0c48c3-000a-4240-a1a4-5e034834740d ] Request (DeleteServersAdminTestJSON:test_delete_server_while_in_error_state): 200 GET http://10.180.1.21/compute/v2.1/servers/ceb07909-a135-479b-8480-00b8aa6575d2 0.129s
2025-03-06 07:35:06.819 69174 INFO tempest.lib.common.rest_client [req-cf433c5c-794a-4434-84af-26625fdb8df9 req-cf433c5c-794a-4434-84af-26625fdb8df9 ] Request (ServerExternalEventsTest:test_create_server_external_events): 200 GET http://10.180.1.21/compute/v2.1/servers/5bc87656-795b-487d-a72f-4d0c4a717655 0.059s
2025-03-06 07:35:06.880 69158 INFO tempest.lib.common.rest_client [req-e76fdc02-f796-4b2f-bf1d-f049801e8d4f req-e76fdc02-f796-4b2f-bf1d-f049801e8d4f ] Request (ServerAddressesTestJSON:tearDownClass): 200 GET http://10.180.1.21/compute/v2.1/servers/5c2f0de4-620b-40f8-b4ab-cad2c4cb3ebe 0.058s
2025-03-06 07:35:06.982 69150 INFO tempest.lib.common.rest_client [req-fc86616a-4fd2-4db8-a064-ff183f0c9b5c req-fc86616a-4fd2-4db8-a064-ff183f0c9b5c ] Request (AttachVolumeNegativeTest:test_attach_attached_volume_to_different_server): 200 GET http://10.180.1.21/compute/v2.1/servers/0da19fe3-b125-411e-9dc5-9c980487deed 0.082s
2025-03-06 07:35:07.023 69164 INFO tempest.lib.common.rest_client [req-d6085306-3955-4d0d-b13f-38459c2008ba req-d6085306-3955-4d0d-b13f-38459c2008ba ] Request (ServersAdminTestJSON:test_create_server_with_scheduling_hint): 200 GET http://10.180.1.21/compute/v2.1/servers/dbea6ee4-4f2a-4040-8acc-df5b7da614ec 0.218s
2025-03-06 07:35:07.084 69168 INFO tempest.lib.common.rest_client [req-118d1517-8b95-4b86-bfb0-562faa0b14ec req-118d1517-8b95-4b86-bfb0-562faa0b14ec ] Request (ServerShowV257Test:test_rebuild_server): 200 GET http://10.180.1.21/compute/v2.1/servers/2517392e-ffb6-4fc1-b38d-cef8cfe0059e 0.097s
2025-03-06 07:35:07.095 69132 INFO tempest.lib.common.rest_client [req-2a0a5877-65fc-4cb6-bd55-df8176c72b80 req-2a0a5877-65fc-4cb6-bd55-df8176c72b80 ] Request (InstanceActionsNegativeTestJSON:setUpClass): 200 GET http://10.180.1.21/compute/v2.1/servers/ce162796-7bf4-4602-b93d-0f91c636e411 0.124s
2025-03-06 07:35:07.139 69152 INFO tempest.lib.common.rest_client [req-d2d24319-0b74-4eb2-bcd2-befed81799ed req-d2d24319-0b74-4eb2-bcd2-befed81799ed ] Request (ServersAdmin275Test:test_rebuild_update_server_275): 200 GET http://10.180.1.21/compute/v2.1/servers/93919c14-aa9d-4d30-82ff-fa00d3e60b0d 0.114s
2025-03-06 07:35:07.184 69156 INFO tempest.lib.common.rest_client [req-c53d27ca-3de6-4218-8ad5-40b25afa6a81 req-c53d27ca-3de6-4218-8ad5-40b25afa6a81 ] Request (MultipleCreateTestJSON:test_multiple_create_with_reservation_return): 200 GET http://10.180.1.21/compute/v2.1/servers/53853d15-72c7-455a-a049-3f827b8113ad 0.113s
2025-03-06 07:35:07.221 69140 INFO tempest.lib.common.rest_client [req-e3bbf460-cefb-49b4-9798-f7ec97ba26e8 req-e3bbf460-cefb-49b4-9798-f7ec97ba26e8 ] Request (MigrationsAdminTest:test_list_migrations_in_flavor_resize_situation): 200 GET http://10.180.1.21/compute/v2.1/servers/66fa0a66-f5ea-4ab9-805e-ac58950219fd 0.178s
2025-03-06 07:35:07.228 69140 INFO tempest.common.waiters [-] State transition "BUILD/networking" ==> "BUILD/block_device_mapping" after 61 second wait
2025-03-06 07:35:07.232 69148 INFO tempest.lib.common.rest_client [req-8e7c799f-b91f-468e-a2d6-72e96de23e00 req-8e7c799f-b91f-468e-a2d6-72e96de23e00 ] Request (ServerDiskConfigTestJSON:test_rebuild_server_with_manual_disk_config): 200 GET http://10.180.1.21/compute/v2.1/servers/6bd99dff-d8ff-4bd1-b9df-f97fc3fc7a2e 0.121s
2025-03-06 07:35:07.277 69138 INFO tempest.lib.common.rest_client [req-b3626099-e1ec-4fd4-8e95-cba51668d0e7 req-b3626099-e1ec-4fd4-8e95-cba51668d0e7 ] Request (ServersTestFqdnHostnames:test_create_server_with_fqdn_name): 200 GET http://10.180.1.21/compute/v2.1/servers/8228be33-050d-4880-96b0-eb6734592837 0.111s
2025-03-06 07:35:07.277 69142 INFO tempest.lib.common.rest_client [req-4a777108-6558-4869-b0eb-ab7db632d719 req-4a777108-6558-4869-b0eb-ab7db632d719 ] Request (ImagesOneServerNegativeTestJSON:_run_cleanups): 200 GET http://10.180.1.21/compute/v2.1/servers/79e3c13d-7711-4db4-bdf0-1ba78f6335d7 0.147s
2025-03-06 07:35:07.325 69170 INFO tempest.lib.common.rest_client [req-cf9ce1f1-d351-4b15-9b19-0c8547a03057 req-cf9ce1f1-d351-4b15-9b19-0c8547a03057 ] Request (AttachInterfacesV270Test:test_create_get_list_interfaces): 200 GET http://10.180.1.21/compute/v2.1/servers/bf363a72-ef3d-44c9-b578-08dfa0753f98 0.147s
2025-03-06 07:35:07.326 69178 INFO tempest.lib.common.rest_client [req-d7e10dac-9104-4f12-8211-997a4667fd2e req-d7e10dac-9104-4f12-8211-997a4667fd2e ] Request (VolumesAdminNegativeTest:test_update_attached_volume_with_nonexistent_volume_in_body): 200 GET http://10.180.1.21/compute/v2.1/servers/65aeee3f-d2bd-4f7f-b616-1f24083f4a5f 0.098s
2025-03-06 07:35:07.367 69166 INFO tempest.lib.common.rest_client [req-244b091a-82b6-4423-b687-f05c5efda8c3 req-244b091a-82b6-4423-b687-f05c5efda8c3 ] Request (FloatingIPsAssociationTestJSON:test_associate_already_associated_floating_ip): 200 GET http://10.180.1.21/compute/v2.1/servers/07b895ce-6399-4cc4-9154-97a6449ef6b3 0.133s
2025-03-06 07:35:07.369 69180 INFO tempest.lib.common.rest_client [req-5b2cdbfb-4e06-43ef-8fe5-4b6307e3d5cf req-5b2cdbfb-4e06-43ef-8fe5-4b6307e3d5cf ] Request (AttachVolumeTestJSON:test_attach_detach_volume): 200 GET http://10.180.1.21/compute/v2.1/servers/50e88850-968f-472b-9921-bbf973b475bc 0.094s
2025-03-06 07:35:07.411 69144 INFO tempest.lib.common.rest_client [req-07901261-0248-4273-a025-57755d00cd9d req-07901261-0248-4273-a025-57755d00cd9d ] Request (AttachInterfacesTestJSON:test_create_list_show_delete_interfaces_by_fixed_ip): 200 GET http://10.180.1.21/compute/v2.1/servers/e27f0e5f-dd73-4d56-a714-53589958715e 0.087s
2025-03-06 07:35:07.443 69136 INFO tempest.lib.common.rest_client [req-00dfe967-dc66-4e55-b012-1d272809a25a req-00dfe967-dc66-4e55-b012-1d272809a25a ] Request (ListServerFiltersTestJSON:tearDownClass): 200 GET http://10.180.1.21/compute/v2.1/servers/14a869ca-d93c-4dd9-964c-cfb14b40f069 0.053s
2025-03-06 07:35:07.525 69162 INFO tempest.lib.common.rest_client [req-ae36213d-e6e2-4383-9fb2-07c676232aaf req-ae36213d-e6e2-4383-9fb2-07c676232aaf ] Request (ImagesTestJSON:test_create_image_from_suspended_server): 200 GET http://10.180.1.21/compute/v2.1/servers/dc5e8fc0-c025-420f-a182-8f5a4718de6c 0.048s
2025-03-06 07:35:07.599 69160 INFO tempest.lib.common.rest_client [req-4ed38fdd-8ea6-4493-b708-b527db821bc8 req-4ed38fdd-8ea6-4493-b708-b527db821bc8 ] Request (SecurityGroupsTestJSON:test_list_security_groups_by_server): 200 GET http://10.180.1.21/compute/v2.1/servers/9ab2a6a4-482e-4b86-8259-e23bebe7198e 0.055s
2025-03-06 07:35:07.618 69126 INFO tempest.lib.common.rest_client [req-bd31f987-d5f9-4a29-a3ad-20f91f6f7b11 req-bd31f987-d5f9-4a29-a3ad-20f91f6f7b11 ] Request (ServersAdminNegativeTestJSON:tearDownClass): 200 GET http://10.180.1.21/compute/v2.1/servers/5d7ca2c0-0656-428c-8f29-cdd6adc0b90b 0.055s
2025-03-06 07:35:07.666 69120 INFO tempest.lib.common.rest_client [req-223c9087-c01f-48bf-88b4-e94e19a61d5e req-223c9087-c01f-48bf-88b4-e94e19a61d5e ] Request (ServerShowV254Test:test_rebuild_server): 200 GET http://10.180.1.21/compute/v2.1/servers/c3b6bea7-cbb0-459d-8096-8839bae26ad1 0.050s
2025-03-06 07:35:07.740 69172 INFO tempest.lib.common.rest_client [req-f992195f-0eaf-482d-bbe3-42e221c4e3eb req-f992195f-0eaf-482d-bbe3-42e221c4e3eb ] Request (FloatingIPsAssociationNegativeTestJSON:tearDownClass): 200 GET http://10.180.1.21/compute/v2.1/servers/b9061756-8344-441b-b1f2-5724e8566e98 0.068s
2025-03-06 07:35:07.889 69174 INFO tempest.lib.common.rest_client [req-7f9dd95b-1f9f-42c5-b85c-67cd3ae9bcad req-7f9dd95b-1f9f-42c5-b85c-67cd3ae9bcad ] Request (ServerExternalEventsTest:test_create_server_external_events): 200 GET http://10.180.1.21/compute/v2.1/servers/5bc87656-795b-487d-a72f-4d0c4a717655 0.062s
2025-03-06 07:35:07.933 69146 INFO tempest.lib.common.rest_client [req-add004e7-28fa-4c4a-aba1-945384d54f17 req-add004e7-28fa-4c4a-aba1-945384d54f17 ] Request (DeleteServersAdminTestJSON:test_delete_server_while_in_error_state): 200 GET http://10.180.1.21/compute/v2.1/servers/ceb07909-a135-479b-8480-00b8aa6575d2 0.111s
2025-03-06 07:35:07.960 69158 INFO tempest.lib.common.rest_client [req-aefe6f6b-c11f-4f27-9a1f-e4d3e720df05 req-aefe6f6b-c11f-4f27-9a1f-e4d3e720df05 ] Request (ServerAddressesTestJSON:tearDownClass): 200 GET http://10.180.1.21/compute/v2.1/servers/5c2f0de4-620b-40f8-b4ab-cad2c4cb3ebe 0.071s
2025-03-06 07:35:08.039 69150 INFO tempest.lib.common.rest_client [req-4e49591b-25ad-4edf-b351-46206a7e3dc3 req-4e49591b-25ad-4edf-b351-46206a7e3dc3 ] Request (AttachVolumeNegativeTest:test_attach_attached_volume_to_different_server): 200 GET http://10.180.1.21/compute/v2.1/servers/0da19fe3-b125-411e-9dc5-9c980487deed 0.049s
2025-03-06 07:35:08.149 69168 INFO tempest.lib.common.rest_client [req-a356d181-4448-4a7f-9c8c-12237b8aaf2c req-a356d181-4448-4a7f-9c8c-12237b8aaf2c ] Request (ServerShowV257Test:test_rebuild_server): 200 GET http://10.180.1.21/compute/v2.1/servers/2517392e-ffb6-4fc1-b38d-cef8cfe0059e 0.055s
2025-03-06 07:35:08.195 69164 INFO tempest.lib.common.rest_client [req-ad6e2250-eb0f-41b5-9661-68997d4830da req-ad6e2250-eb0f-41b5-9661-68997d4830da ] Request (ServersAdminTestJSON:test_create_server_with_scheduling_hint): 200 GET http://10.180.1.21/compute/v2.1/servers/dbea6ee4-4f2a-4040-8acc-df5b7da614ec 0.163s
2025-03-06 07:35:08.257 69132 INFO tempest.lib.common.rest_client [req-e3e81e7a-6af9-4539-8f08-b0ce8292948c req-e3e81e7a-6af9-4539-8f08-b0ce8292948c ] Request (InstanceActionsNegativeTestJSON:setUpClass): 200 GET http://10.180.1.21/compute/v2.1/servers/ce162796-7bf4-4602-b93d-0f91c636e411 0.153s
2025-03-06 07:35:08.258 69152 INFO tempest.lib.common.rest_client [req-f211e95d-c66c-4a3c-9f4b-68566a7d58b8 req-f211e95d-c66c-4a3c-9f4b-68566a7d58b8 ] Request (ServersAdmin275Test:test_rebuild_update_server_275): 200 GET http://10.180.1.21/compute/v2.1/servers/93919c14-aa9d-4d30-82ff-fa00d3e60b0d 0.106s
2025-03-06 07:35:08.264 69132 INFO tempest.common.waiters [-] State transition "BUILD/spawning" ==> "ACTIVE/None" after 69 second wait
2025-03-06 07:35:08.307 69156 INFO tempest.lib.common.rest_client [req-7d2c0868-295b-4703-a47d-8cdb8d58e3aa req-7d2c0868-295b-4703-a47d-8cdb8d58e3aa ] Request (MultipleCreateTestJSON:test_multiple_create_with_reservation_return): 200 GET http://10.180.1.21/compute/v2.1/servers/53853d15-72c7-455a-a049-3f827b8113ad 0.114s
2025-03-06 07:35:08.358 69140 INFO tempest.lib.common.rest_client [req-5656fae0-4779-491e-93fa-5ed10297aa99 req-5656fae0-4779-491e-93fa-5ed10297aa99 ] Request (MigrationsAdminTest:test_list_migrations_in_flavor_resize_situation): 200 GET http://10.180.1.21/compute/v2.1/servers/66fa0a66-f5ea-4ab9-805e-ac58950219fd 0.129s
2025-03-06 07:35:08.365 69140 INFO tempest.common.waiters [-] State transition "BUILD/block_device_mapping" ==> "BUILD/spawning" after 62 second wait
2025-03-06 07:35:08.366 69148 INFO tempest.lib.common.rest_client [req-0b671b4b-f5f9-4222-9cc7-05392ea94f26 req-0b671b4b-f5f9-4222-9cc7-05392ea94f26 ] Request (ServerDiskConfigTestJSON:test_rebuild_server_with_manual_disk_config): 200 GET http://10.180.1.21/compute/v2.1/servers/6bd99dff-d8ff-4bd1-b9df-f97fc3fc7a2e 0.126s
2025-03-06 07:35:08.388 69132 INFO tempest.lib.common.rest_client [req-6facbf4c-0a99-4c8d-87c7-fb7ee3448805 req-6facbf4c-0a99-4c8d-87c7-fb7ee3448805 ] Request (InstanceActionsNegativeTestJSON:test_get_instance_action_invalid_request): 404 GET http://10.180.1.21/compute/v2.1/servers/ce162796-7bf4-4602-b93d-0f91c636e411/os-instance-actions/999 0.123s
2025-03-06 07:35:08.429 69142 INFO tempest.lib.common.rest_client [req-309f8be9-3c7d-49af-ab2b-32dd6a2bcd27 req-309f8be9-3c7d-49af-ab2b-32dd6a2bcd27 ] Request (ImagesOneServerNegativeTestJSON:_run_cleanups): 200 GET http://10.180.1.21/compute/v2.1/servers/79e3c13d-7711-4db4-bdf0-1ba78f6335d7 0.145s
2025-03-06 07:35:08.438 69138 INFO tempest.lib.common.rest_client [req-1612eda8-f03b-4260-bbd9-ef14d2783caf req-1612eda8-f03b-4260-bbd9-ef14d2783caf ] Request (ServersTestFqdnHostnames:test_create_server_with_fqdn_name): 200 GET http://10.180.1.21/compute/v2.1/servers/8228be33-050d-4880-96b0-eb6734592837 0.153s
2025-03-06 07:35:08.491 69178 INFO tempest.lib.common.rest_client [req-610ea85c-75aa-4d5f-86ac-ecc8101322a7 req-610ea85c-75aa-4d5f-86ac-ecc8101322a7 ] Request (VolumesAdminNegativeTest:test_update_attached_volume_with_nonexistent_volume_in_body): 200 GET http://10.180.1.21/compute/v2.1/servers/65aeee3f-d2bd-4f7f-b616-1f24083f4a5f 0.156s
2025-03-06 07:35:08.494 69170 INFO tempest.lib.common.rest_client [req-7adc5784-83f4-4bec-87b6-e17c21fcaf30 req-7adc5784-83f4-4bec-87b6-e17c21fcaf30 ] Request (AttachInterfacesV270Test:test_create_get_list_interfaces): 200 GET http://10.180.1.21/compute/v2.1/servers/bf363a72-ef3d-44c9-b578-08dfa0753f98 0.160s
2025-03-06 07:35:08.538 69166 INFO tempest.lib.common.rest_client [req-7e50ff3b-b12b-4200-acfb-623bc422aefc req-7e50ff3b-b12b-4200-acfb-623bc422aefc ] Request (FloatingIPsAssociationTestJSON:test_associate_already_associated_floating_ip): 200 GET http://10.180.1.21/compute/v2.1/servers/07b895ce-6399-4cc4-9154-97a6449ef6b3 0.163s
2025-03-06 07:35:08.546 69132 INFO tempest.lib.common.rest_client [req-1f26c094-53d9-45f4-b88f-778f27386d11 req-1f26c094-53d9-45f4-b88f-778f27386d11 ] Request (InstanceActionsNegativeTestJSON:test_list_instance_actions_non_existent_server): 404 GET http://10.180.1.21/compute/v2.1/servers/0476314b-fa64-4b59-9680-9a031846e749/os-instance-actions 0.156s
2025-03-06 07:35:08.557 69180 INFO tempest.lib.common.rest_client [req-4dcb113c-1848-46d2-96fb-e24479cc93cd req-4dcb113c-1848-46d2-96fb-e24479cc93cd ] Request (AttachVolumeTestJSON:test_attach_detach_volume): 200 GET http://10.180.1.21/compute/v2.1/servers/50e88850-968f-472b-9921-bbf973b475bc 0.179s
2025-03-06 07:35:08.591 69144 INFO tempest.lib.common.rest_client [req-c6bcf5f2-acc7-42af-b80f-96c3b2947f8c req-c6bcf5f2-acc7-42af-b80f-96c3b2947f8c ] Request (AttachInterfacesTestJSON:test_create_list_show_delete_interfaces_by_fixed_ip): 200 GET http://10.180.1.21/compute/v2.1/servers/e27f0e5f-dd73-4d56-a714-53589958715e 0.171s
2025-03-06 07:35:08.610 69136 INFO tempest.lib.common.rest_client [req-76d580c6-4c57-4570-96f0-57e316418963 req-76d580c6-4c57-4570-96f0-57e316418963 ] Request (ListServerFiltersTestJSON:tearDownClass): 200 GET http://10.180.1.21/compute/v2.1/servers/14a869ca-d93c-4dd9-964c-cfb14b40f069 0.160s
2025-03-06 07:35:08.635 69162 INFO tempest.lib.common.rest_client [req-44b60b00-3e5a-4f23-861d-3237a80ead1c req-44b60b00-3e5a-4f23-861d-3237a80ead1c ] Request (ImagesTestJSON:test_create_image_from_suspended_server): 200 GET http://10.180.1.21/compute/v2.1/servers/dc5e8fc0-c025-420f-a182-8f5a4718de6c 0.102s
2025-03-06 07:35:08.675 69132 INFO tempest.lib.common.rest_client [req-95a41b7f-b3ec-447a-ba6a-9ae9d266f10d req-95a41b7f-b3ec-447a-ba6a-9ae9d266f10d ] Request (InstanceActionsNegativeTestJSON:tearDownClass): 204 DELETE http://10.180.1.21/compute/v2.1/servers/ce162796-7bf4-4602-b93d-0f91c636e411 0.127s
2025-03-06 07:35:08.679 69160 INFO tempest.lib.common.rest_client [req-521b5d6b-82f0-4a9f-8c91-d11e84d3cee4 req-521b5d6b-82f0-4a9f-8c91-d11e84d3cee4 ] Request (SecurityGroupsTestJSON:test_list_security_groups_by_server): 200 GET http://10.180.1.21/compute/v2.1/servers/9ab2a6a4-482e-4b86-8259-e23bebe7198e 0.071s
2025-03-06 07:35:08.726 69126 INFO tempest.lib.common.rest_client [req-0a1bc9fa-9c0b-4f90-b4fb-19a81cc202b1 req-0a1bc9fa-9c0b-4f90-b4fb-19a81cc202b1 ] Request (ServersAdminNegativeTestJSON:tearDownClass): 200 GET http://10.180.1.21/compute/v2.1/servers/5d7ca2c0-0656-428c-8f29-cdd6adc0b90b 0.100s
2025-03-06 07:35:08.762 69132 INFO tempest.lib.common.rest_client [req-18dbca16-e799-4f89-bfd5-957a4799fb1a req-18dbca16-e799-4f89-bfd5-957a4799fb1a ] Request (InstanceActionsNegativeTestJSON:tearDownClass): 200 GET http://10.180.1.21/compute/v2.1/servers/ce162796-7bf4-4602-b93d-0f91c636e411 0.086s
2025-03-06 07:35:08.771 69134 WARNING tempest.lib.common.ssh [-] Failed to establish authenticated ssh connection to cirros@10.180.180.171 ([Errno None] Unable to connect to port 22 on 10.180.180.171). Number attempts: 1. Retry after 2 seconds.: paramiko.ssh_exception.NoValidConnectionsError: [Errno None] Unable to connect to port 22 on 10.180.180.171
2025-03-06 07:35:08.776 69120 INFO tempest.lib.common.rest_client [req-b7e6fff0-3eac-42a2-9941-9024d4d4af50 req-b7e6fff0-3eac-42a2-9941-9024d4d4af50 ] Request (ServerShowV254Test:test_rebuild_server): 200 GET http://10.180.1.21/compute/v2.1/servers/c3b6bea7-cbb0-459d-8096-8839bae26ad1 0.100s
2025-03-06 07:35:08.784 69120 INFO tempest.common.waiters [-] State transition "REBUILD/rebuild_spawning" ==> "ACTIVE/None" after 10 second wait
2025-03-06 07:35:08.788 69172 INFO tempest.lib.common.rest_client [req-6fb6ee88-d72c-4780-afba-6386b7077dc5 req-6fb6ee88-d72c-4780-afba-6386b7077dc5 ] Request (FloatingIPsAssociationNegativeTestJSON:tearDownClass): 404 GET http://10.180.1.21/compute/v2.1/servers/b9061756-8344-441b-b1f2-5724e8566e98 0.039s
2025-03-06 07:35:08.800 69120 INFO tempest.lib.common.rest_client [req-41d7df1b-2b90-4e96-a64f-fcea8aed8ef8 req-41d7df1b-2b90-4e96-a64f-fcea8aed8ef8 ] Request (ServerShowV254Test:_run_cleanups): 204 DELETE http://10.180.1.21/compute/v2.1/os-keypairs/tempest-ServerShowV254Test-keypair-112670607 0.015s
2025-03-06 07:35:08.882 69120 INFO tempest.lib.common.rest_client [req-d5466eda-2d18-4133-81d5-c7749c222fc0 req-d5466eda-2d18-4133-81d5-c7749c222fc0 ] Request (ServerShowV254Test:tearDownClass): 204 DELETE http://10.180.1.21/compute/v2.1/servers/c3b6bea7-cbb0-459d-8096-8839bae26ad1 0.075s
2025-03-06 07:35:08.956 69120 INFO tempest.lib.common.rest_client [req-ecfb8e89-d383-46e7-ae9d-bc9d2e19895f req-ecfb8e89-d383-46e7-ae9d-bc9d2e19895f ] Request (ServerShowV254Test:tearDownClass): 200 GET http://10.180.1.21/compute/v2.1/servers/c3b6bea7-cbb0-459d-8096-8839bae26ad1 0.073s
2025-03-06 07:35:08.963 69174 INFO tempest.lib.common.rest_client [req-4a332193-049f-4808-937f-ee25be40ad76 req-4a332193-049f-4808-937f-ee25be40ad76 ] Request (ServerExternalEventsTest:test_create_server_external_events): 200 GET http://10.180.1.21/compute/v2.1/servers/5bc87656-795b-487d-a72f-4d0c4a717655 0.065s
2025-03-06 07:35:09.039 69158 INFO tempest.lib.common.rest_client [req-8b58d126-78e3-4d71-a8b2-4fbbfd10a97a req-8b58d126-78e3-4d71-a8b2-4fbbfd10a97a ] Request (ServerAddressesTestJSON:tearDownClass): 200 GET http://10.180.1.21/compute/v2.1/servers/5c2f0de4-620b-40f8-b4ab-cad2c4cb3ebe 0.069s
2025-03-06 07:35:09.056 69146 INFO tempest.lib.common.rest_client [req-679865fd-746a-444c-b230-8a29efa08b09 req-679865fd-746a-444c-b230-8a29efa08b09 ] Request (DeleteServersAdminTestJSON:test_delete_server_while_in_error_state): 200 GET http://10.180.1.21/compute/v2.1/servers/ceb07909-a135-479b-8480-00b8aa6575d2 0.115s
2025-03-06 07:35:09.103 69150 INFO tempest.lib.common.rest_client [req-131316d1-b5e9-44c1-ab49-0e2cb71dc8da req-131316d1-b5e9-44c1-ab49-0e2cb71dc8da ] Request (AttachVolumeNegativeTest:test_attach_attached_volume_to_different_server): 200 GET http://10.180.1.21/compute/v2.1/servers/0da19fe3-b125-411e-9dc5-9c980487deed 0.052s
2025-03-06 07:35:09.215 69168 INFO tempest.lib.common.rest_client [req-4ab986da-ec86-41eb-acf8-057f4896a693 req-4ab986da-ec86-41eb-acf8-057f4896a693 ] Request (ServerShowV257Test:test_rebuild_server): 200 GET http://10.180.1.21/compute/v2.1/servers/2517392e-ffb6-4fc1-b38d-cef8cfe0059e 0.055s
2025-03-06 07:35:09.333 69164 INFO tempest.lib.common.rest_client [req-9c72641d-e620-4ec4-b9ce-516212355153 req-9c72641d-e620-4ec4-b9ce-516212355153 ] Request (ServersAdminTestJSON:test_create_server_with_scheduling_hint): 200 GET http://10.180.1.21/compute/v2.1/servers/dbea6ee4-4f2a-4040-8acc-df5b7da614ec 0.129s
2025-03-06 07:35:09.333 69152 INFO tempest.lib.common.rest_client [req-6de04398-902f-48bc-9840-880cd7a4f936 req-6de04398-902f-48bc-9840-880cd7a4f936 ] Request (ServersAdmin275Test:test_rebuild_update_server_275): 200 GET http://10.180.1.21/compute/v2.1/servers/93919c14-aa9d-4d30-82ff-fa00d3e60b0d 0.064s
2025-03-06 07:35:09.401 69156 INFO tempest.lib.common.rest_client [req-4b3ff145-df52-48eb-b55b-4fe68a17cc69 req-4b3ff145-df52-48eb-b55b-4fe68a17cc69 ] Request (MultipleCreateTestJSON:test_multiple_create_with_reservation_return): 200 GET http://10.180.1.21/compute/v2.1/servers/53853d15-72c7-455a-a049-3f827b8113ad 0.082s
2025-03-06 07:35:09.459 69148 INFO tempest.lib.common.rest_client [req-7291a0a1-b20a-402b-a2a1-3ea31583f8f9 req-7291a0a1-b20a-402b-a2a1-3ea31583f8f9 ] Request (ServerDiskConfigTestJSON:test_rebuild_server_with_manual_disk_config): 200 GET http://10.180.1.21/compute/v2.1/servers/6bd99dff-d8ff-4bd1-b9df-f97fc3fc7a2e 0.084s
2025-03-06 07:35:09.474 69140 INFO tempest.lib.common.rest_client [req-8f594a27-235d-47d8-a0c8-9a91f0b00b6a req-8f594a27-235d-47d8-a0c8-9a91f0b00b6a ] Request (MigrationsAdminTest:test_list_migrations_in_flavor_resize_situation): 200 GET http://10.180.1.21/compute/v2.1/servers/66fa0a66-f5ea-4ab9-805e-ac58950219fd 0.108s
2025-03-06 07:35:09.531 69138 INFO tempest.lib.common.rest_client [req-8ce2fb6d-98fb-4936-adf6-923276b5fc6a req-8ce2fb6d-98fb-4936-adf6-923276b5fc6a ] Request (ServersTestFqdnHostnames:test_create_server_with_fqdn_name): 200 GET http://10.180.1.21/compute/v2.1/servers/8228be33-050d-4880-96b0-eb6734592837 0.079s
2025-03-06 07:35:09.540 69138 INFO tempest.common.waiters [-] State transition "BUILD/scheduling" ==> "BUILD/None" after 41 second wait
2025-03-06 07:35:09.541 69142 INFO tempest.lib.common.rest_client [req-33f6648f-6a0b-42b2-a263-2a703476e687 req-33f6648f-6a0b-42b2-a263-2a703476e687 ] Request (ImagesOneServerNegativeTestJSON:_run_cleanups): 200 GET http://10.180.1.21/compute/v2.1/servers/79e3c13d-7711-4db4-bdf0-1ba78f6335d7 0.104s
2025-03-06 07:35:09.563 69124 WARNING tempest.lib.common.ssh [-] Failed to establish authenticated ssh connection to cirros@10.180.180.181 ([Errno None] Unable to connect to port 22 on 10.180.180.181). Number attempts: 7. Retry after 8 seconds.: paramiko.ssh_exception.NoValidConnectionsError: [Errno None] Unable to connect to port 22 on 10.180.180.181
2025-03-06 07:35:09.578 69178 INFO tempest.lib.common.rest_client [req-eaa99435-bc4d-473a-9275-79c3c05a0949 req-eaa99435-bc4d-473a-9275-79c3c05a0949 ] Request (VolumesAdminNegativeTest:test_update_attached_volume_with_nonexistent_volume_in_body): 200 GET http://10.180.1.21/compute/v2.1/servers/65aeee3f-d2bd-4f7f-b616-1f24083f4a5f 0.077s
2025-03-06 07:35:09.593 69172 INFO tempest.lib.common.rest_client [req-a4aca218-a448-4082-af7c-b1ef11a1edba req-a4aca218-a448-4082-af7c-b1ef11a1edba ] Request (FloatingIPsAssociationNegativeTestJSON:tearDownClass): 200 PUT http://10.180.1.21:9696/networking/v2.0/routers/52d6f267-2d86-40c0-b0b9-107e83369cf8/remove_router_interface 0.805s
2025-03-06 07:35:09.608 69170 INFO tempest.lib.common.rest_client [req-54bc2669-1f83-4019-ae6c-0c5d1d06c1bb req-54bc2669-1f83-4019-ae6c-0c5d1d06c1bb ] Request (AttachInterfacesV270Test:test_create_get_list_interfaces): 200 GET http://10.180.1.21/compute/v2.1/servers/bf363a72-ef3d-44c9-b578-08dfa0753f98 0.103s
2025-03-06 07:35:09.650 69166 INFO tempest.lib.common.rest_client [req-1dd387c5-c0a3-4ff8-a17d-0d236301e13c req-1dd387c5-c0a3-4ff8-a17d-0d236301e13c ] Request (FloatingIPsAssociationTestJSON:test_associate_already_associated_floating_ip): 200 GET http://10.180.1.21/compute/v2.1/servers/07b895ce-6399-4cc4-9154-97a6449ef6b3 0.103s
2025-03-06 07:35:09.665 69180 INFO tempest.lib.common.rest_client [req-02452da1-9ae6-4872-876d-096a67a0628f req-02452da1-9ae6-4872-876d-096a67a0628f ] Request (AttachVolumeTestJSON:test_attach_detach_volume): 200 GET http://10.180.1.21/compute/v2.1/servers/50e88850-968f-472b-9921-bbf973b475bc 0.100s
2025-03-06 07:35:09.717 69144 INFO tempest.lib.common.rest_client [req-5bcf596b-d903-403b-8bff-07bef81b51eb req-5bcf596b-d903-403b-8bff-07bef81b51eb ] Request (AttachInterfacesTestJSON:test_create_list_show_delete_interfaces_by_fixed_ip): 200 GET http://10.180.1.21/compute/v2.1/servers/e27f0e5f-dd73-4d56-a714-53589958715e 0.118s
2025-03-06 07:35:09.730 69136 INFO tempest.lib.common.rest_client [req-504a63c6-bf39-4e55-9c21-84cbaf50f3eb req-504a63c6-bf39-4e55-9c21-84cbaf50f3eb ] Request (ListServerFiltersTestJSON:tearDownClass): 200 GET http://10.180.1.21/compute/v2.1/servers/14a869ca-d93c-4dd9-964c-cfb14b40f069 0.111s
2025-03-06 07:35:09.783 69162 INFO tempest.lib.common.rest_client [req-7ab95c36-d78b-4bd7-8c3b-c0b2edacee99 req-7ab95c36-d78b-4bd7-8c3b-c0b2edacee99 ] Request (ImagesTestJSON:test_create_image_from_suspended_server): 200 GET http://10.180.1.21/compute/v2.1/servers/dc5e8fc0-c025-420f-a182-8f5a4718de6c 0.141s
2025-03-06 07:35:09.783 69160 INFO tempest.lib.common.rest_client [req-cac78e58-8fcf-4fb0-b7de-067099a67ad3 req-cac78e58-8fcf-4fb0-b7de-067099a67ad3 ] Request (SecurityGroupsTestJSON:test_list_security_groups_by_server): 200 GET http://10.180.1.21/compute/v2.1/servers/9ab2a6a4-482e-4b86-8259-e23bebe7198e 0.097s
2025-03-06 07:35:09.855 69126 INFO tempest.lib.common.rest_client [req-03d4d4ff-6d3b-489e-86ab-7272ebc42d81 req-03d4d4ff-6d3b-489e-86ab-7272ebc42d81 ] Request (ServersAdminNegativeTestJSON:tearDownClass): 200 GET http://10.180.1.21/compute/v2.1/servers/5d7ca2c0-0656-428c-8f29-cdd6adc0b90b 0.121s
2025-03-06 07:35:09.916 69132 INFO tempest.lib.common.rest_client [req-ab164e77-e88d-424c-a1e0-8d0d624f8ce2 req-ab164e77-e88d-424c-a1e0-8d0d624f8ce2 ] Request (InstanceActionsNegativeTestJSON:tearDownClass): 200 GET http://10.180.1.21/compute/v2.1/servers/ce162796-7bf4-4602-b93d-0f91c636e411 0.146s
2025-03-06 07:35:10.025 69174 INFO tempest.lib.common.rest_client [req-626fd6f0-2073-45f7-9eb0-4661bbb7f952 req-626fd6f0-2073-45f7-9eb0-4661bbb7f952 ] Request (ServerExternalEventsTest:test_create_server_external_events): 200 GET http://10.180.1.21/compute/v2.1/servers/5bc87656-795b-487d-a72f-4d0c4a717655 0.053s
2025-03-06 07:35:10.028 69120 INFO tempest.lib.common.rest_client [req-240c282c-4518-410b-b599-fe8bf363eedd req-240c282c-4518-410b-b599-fe8bf363eedd ] Request (ServerShowV254Test:tearDownClass): 200 GET http://10.180.1.21/compute/v2.1/servers/c3b6bea7-cbb0-459d-8096-8839bae26ad1 0.062s
2025-03-06 07:35:10.029 69172 INFO tempest.lib.common.rest_client [req-c3fbf567-28a3-4668-a2b6-ddf0cfae0fce req-c3fbf567-28a3-4668-a2b6-ddf0cfae0fce ] Request (FloatingIPsAssociationNegativeTestJSON:tearDownClass): 204 DELETE http://10.180.1.21:9696/networking/v2.0/routers/52d6f267-2d86-40c0-b0b9-107e83369cf8 0.435s
2025-03-06 07:35:10.109 69158 INFO tempest.lib.common.rest_client [req-d99b86e0-7c4f-43b8-a090-b931119fd468 req-d99b86e0-7c4f-43b8-a090-b931119fd468 ] Request (ServerAddressesTestJSON:tearDownClass): 200 GET http://10.180.1.21/compute/v2.1/servers/5c2f0de4-620b-40f8-b4ab-cad2c4cb3ebe 0.062s
2025-03-06 07:35:10.166 69150 INFO tempest.lib.common.rest_client [req-83a54579-19e2-41de-9bc0-f40ec445e91f req-83a54579-19e2-41de-9bc0-f40ec445e91f ] Request (AttachVolumeNegativeTest:test_attach_attached_volume_to_different_server): 200 GET http://10.180.1.21/compute/v2.1/servers/0da19fe3-b125-411e-9dc5-9c980487deed 0.056s
2025-03-06 07:35:10.176 69172 INFO tempest.lib.common.rest_client [req-3a9a8637-deed-44bd-864e-3517860d5615 req-3a9a8637-deed-44bd-864e-3517860d5615 ] Request (FloatingIPsAssociationNegativeTestJSON:tearDownClass): 204 DELETE http://10.180.1.21:9696/networking/v2.0/subnets/9d03b0b7-6af5-484e-9be9-9a878cd5a5a3 0.146s
2025-03-06 07:35:10.185 69146 INFO tempest.lib.common.rest_client [req-df929b1e-35e1-4e31-941e-8635b2946571 req-df929b1e-35e1-4e31-941e-8635b2946571 ] Request (DeleteServersAdminTestJSON:test_delete_server_while_in_error_state): 200 GET http://10.180.1.21/compute/v2.1/servers/ceb07909-a135-479b-8480-00b8aa6575d2 0.122s
2025-03-06 07:35:10.287 69168 INFO tempest.lib.common.rest_client [req-ef443e4e-3aa3-4a0e-bd8e-79c1dec08837 req-ef443e4e-3aa3-4a0e-bd8e-79c1dec08837 ] Request (ServerShowV257Test:test_rebuild_server): 200 GET http://10.180.1.21/compute/v2.1/servers/2517392e-ffb6-4fc1-b38d-cef8cfe0059e 0.063s
2025-03-06 07:35:10.411 69152 INFO tempest.lib.common.rest_client [req-7ab1912f-5fb1-47db-8753-361751b30dba req-7ab1912f-5fb1-47db-8753-361751b30dba ] Request (ServersAdmin275Test:test_rebuild_update_server_275): 200 GET http://10.180.1.21/compute/v2.1/servers/93919c14-aa9d-4d30-82ff-fa00d3e60b0d 0.068s
2025-03-06 07:35:10.444 69172 INFO tempest.lib.common.rest_client [req-8d715536-8fac-47ac-9caa-2ad4e0b27fea req-8d715536-8fac-47ac-9caa-2ad4e0b27fea ] Request (FloatingIPsAssociationNegativeTestJSON:tearDownClass): 204 DELETE http://10.180.1.21:9696/networking/v2.0/networks/8e7c69a7-569c-48ef-8a34-52a6cf9d1d50 0.267s
2025-03-06 07:35:10.466 69156 INFO tempest.lib.common.rest_client [req-394e8ce5-a5e1-4087-9098-8b189d5f26a1 req-394e8ce5-a5e1-4087-9098-8b189d5f26a1 ] Request (MultipleCreateTestJSON:test_multiple_create_with_reservation_return): 200 GET http://10.180.1.21/compute/v2.1/servers/53853d15-72c7-455a-a049-3f827b8113ad 0.058s
2025-03-06 07:35:10.502 69164 INFO tempest.lib.common.rest_client [req-ae6a4a47-772e-4fc7-812e-a2281d4fef32 req-ae6a4a47-772e-4fc7-812e-a2281d4fef32 ] Request (ServersAdminTestJSON:test_create_server_with_scheduling_hint): 200 GET http://10.180.1.21/compute/v2.1/servers/dbea6ee4-4f2a-4040-8acc-df5b7da614ec 0.158s
2025-03-06 07:35:10.524 69148 INFO tempest.lib.common.rest_client [req-4696e6c7-81d6-48da-ad0f-913d69ed21db req-4696e6c7-81d6-48da-ad0f-913d69ed21db ] Request (ServerDiskConfigTestJSON:test_rebuild_server_with_manual_disk_config): 200 GET http://10.180.1.21/compute/v2.1/servers/6bd99dff-d8ff-4bd1-b9df-f97fc3fc7a2e 0.056s
2025-03-06 07:35:10.584 69172 INFO tempest.lib.common.rest_client [req-d3b95625-1ce4-43ee-a53c-4dc9219c35e3 req-d3b95625-1ce4-43ee-a53c-4dc9219c35e3 ] Request (FloatingIPsAssociationNegativeTestJSON:tearDownClass): 204 DELETE http://10.180.1.21/identity/v3/users/f7d20f04aa1e4b7184aa49b2c8d4bab5 0.139s
2025-03-06 07:35:10.584 69172 INFO tempest.lib.common.dynamic_creds [-] Deleting project and security group for project: 3c4b00f2c1fa46d8abc0061fa94f7fa3
2025-03-06 07:35:10.607 69138 INFO tempest.lib.common.rest_client [req-3f4fe311-3324-42a4-a658-71a19b92f8af req-3f4fe311-3324-42a4-a658-71a19b92f8af ] Request (ServersTestFqdnHostnames:test_create_server_with_fqdn_name): 200 GET http://10.180.1.21/compute/v2.1/servers/8228be33-050d-4880-96b0-eb6734592837 0.065s
2025-03-06 07:35:10.634 69172 INFO tempest.lib.common.rest_client [req-471395a0-db2d-45f2-a959-11c78cd62267 req-471395a0-db2d-45f2-a959-11c78cd62267 ] Request (FloatingIPsAssociationNegativeTestJSON:tearDownClass): 200 GET http://10.180.1.21:9696/networking/v2.0/security-groups?tenant_id=3c4b00f2c1fa46d8abc0061fa94f7fa3&name=default 0.049s
2025-03-06 07:35:10.661 69140 INFO tempest.lib.common.rest_client [req-95e20e36-c871-475e-8a7e-83d9f41691d6 req-95e20e36-c871-475e-8a7e-83d9f41691d6 ] Request (MigrationsAdminTest:test_list_migrations_in_flavor_resize_situation): 200 GET http://10.180.1.21/compute/v2.1/servers/66fa0a66-f5ea-4ab9-805e-ac58950219fd 0.176s
2025-03-06 07:35:10.677 69142 INFO tempest.lib.common.rest_client [req-abed8672-e6c0-4715-b328-be1296779e32 req-abed8672-e6c0-4715-b328-be1296779e32 ] Request (ImagesOneServerNegativeTestJSON:_run_cleanups): 200 GET http://10.180.1.21/compute/v2.1/servers/79e3c13d-7711-4db4-bdf0-1ba78f6335d7 0.127s
2025-03-06 07:35:10.711 69178 INFO tempest.lib.common.rest_client [req-8c601f44-ad3d-48f7-b976-694cd80d6c98 req-8c601f44-ad3d-48f7-b976-694cd80d6c98 ] Request (VolumesAdminNegativeTest:test_update_attached_volume_with_nonexistent_volume_in_body): 200 GET http://10.180.1.21/compute/v2.1/servers/65aeee3f-d2bd-4f7f-b616-1f24083f4a5f 0.124s
2025-03-06 07:35:10.728 69170 INFO tempest.lib.common.rest_client [req-1c8819e1-fb97-4df1-9dca-dc8a55897951 req-1c8819e1-fb97-4df1-9dca-dc8a55897951 ] Request (AttachInterfacesV270Test:test_create_get_list_interfaces): 200 GET http://10.180.1.21/compute/v2.1/servers/bf363a72-ef3d-44c9-b578-08dfa0753f98 0.108s
2025-03-06 07:35:10.734 69172 INFO tempest.lib.common.rest_client [req-4f552e8e-6251-4c41-9a1f-13e462d77823 req-4f552e8e-6251-4c41-9a1f-13e462d77823 ] Request (FloatingIPsAssociationNegativeTestJSON:tearDownClass): 204 DELETE http://10.180.1.21:9696/networking/v2.0/security-groups/8257fd35-0f4c-4386-9855-fcd27851c95e 0.100s
2025-03-06 07:35:10.759 69166 INFO tempest.lib.common.rest_client [req-9bda82ed-65ce-4b1b-a805-751181221175 req-9bda82ed-65ce-4b1b-a805-751181221175 ] Request (FloatingIPsAssociationTestJSON:test_associate_already_associated_floating_ip): 200 GET http://10.180.1.21/compute/v2.1/servers/07b895ce-6399-4cc4-9154-97a6449ef6b3 0.098s
2025-03-06 07:35:10.775 69180 INFO tempest.lib.common.rest_client [req-275355a9-cca9-45f3-9554-1d89d7782854 req-275355a9-cca9-45f3-9554-1d89d7782854 ] Request (AttachVolumeTestJSON:test_attach_detach_volume): 200 GET http://10.180.1.21/compute/v2.1/servers/50e88850-968f-472b-9921-bbf973b475bc 0.102s
2025-03-06 07:35:10.819 69144 INFO tempest.lib.common.rest_client [req-df4a5609-b195-4f4b-83ab-861b04c661c2 req-df4a5609-b195-4f4b-83ab-861b04c661c2 ] Request (AttachInterfacesTestJSON:test_create_list_show_delete_interfaces_by_fixed_ip): 200 GET http://10.180.1.21/compute/v2.1/servers/e27f0e5f-dd73-4d56-a714-53589958715e 0.091s
2025-03-06 07:35:10.847 69136 INFO tempest.lib.common.rest_client [req-fbe03197-7650-4983-be3a-0344ee852d1f req-fbe03197-7650-4983-be3a-0344ee852d1f ] Request (ListServerFiltersTestJSON:tearDownClass): 200 GET http://10.180.1.21/compute/v2.1/servers/14a869ca-d93c-4dd9-964c-cfb14b40f069 0.108s
2025-03-06 07:35:10.847 69172 INFO tempest.lib.common.rest_client [req-bea284aa-f87b-49b1-b8d1-dd7936f6dd0e req-bea284aa-f87b-49b1-b8d1-dd7936f6dd0e ] Request (FloatingIPsAssociationNegativeTestJSON:tearDownClass): 204 DELETE http://10.180.1.21/identity/v3/projects/3c4b00f2c1fa46d8abc0061fa94f7fa3 0.113s
