2025-03-06 07:33:54.494 69150 INFO tempest.lib.common.rest_client [req-82a8abca-927a-4f4c-9215-4e478bde3936 req-82a8abca-927a-4f4c-9215-4e478bde3936 ] Request (HostsAdminTestJSON:tearDownClass): 204 DELETE http://10.180.1.21:9696/networking/v2.0/security-groups/c13ca7e6-c8a3-49e1-8454-912b6555bb40 0.148s
2025-03-06 07:33:54.587 69120 INFO tempest.lib.common.rest_client [req-5b86073b-1ede-41ef-9cd1-9b42498ab286 req-5b86073b-1ede-41ef-9cd1-9b42498ab286 ] Request (AZV2TestJSON:tearDownClass): 204 DELETE http://10.180.1.21/identity/v3/projects/f0bfef7690194ec1aecd982f014c30b9 0.221s
2025-03-06 07:33:54.589 69120 INFO tempest.test [-] raised in ServerPersonalityTestJSON.setUpClass. Invoking tearDownClass.
2025-03-06 07:33:54.590 69146 INFO tempest.lib.common.rest_client [req-24ad10c1-dd9e-4d15-95b3-fe6521644159 req-24ad10c1-dd9e-4d15-95b3-fe6521644159 ] Request (DeleteServersAdminTestJSON:test_admin_delete_servers_of_others): 200 GET http://10.180.1.21/compute/v2.1/servers/14a6193c-05be-493e-a1bb-75b7b31897ad 3.247s
2025-03-06 07:33:54.621 69150 INFO tempest.lib.common.rest_client [req-5a977578-29b8-4b21-b22a-7f43f0321423 req-5a977578-29b8-4b21-b22a-7f43f0321423 ] Request (HostsAdminTestJSON:tearDownClass): 204 DELETE http://10.180.1.21/identity/v3/projects/a49f3da34d5c4cd5b65a5af0b0b8d005 0.127s
2025-03-06 07:33:54.622 69150 INFO tempest.lib.common.dynamic_creds [-] Deleting project and security group for project: 8de910e1707d4d2d94f65ecff4b06ef2
2025-03-06 07:33:54.720 69120 INFO tempest.lib.common.rest_client [req-6f12a3c1-01e9-4c32-b859-6d81ba558be9 req-6f12a3c1-01e9-4c32-b859-6d81ba558be9 ] Request (ServerShowV254Test:setUpClass): 201 POST http://10.180.1.21/identity/v3/auth/tokens 0.124s
2025-03-06 07:33:54.754 69120 INFO tempest.lib.common.rest_client [req-75f953b5-489f-4122-b8e0-2b1a0fa81ff4 req-75f953b5-489f-4122-b8e0-2b1a0fa81ff4 ] Request (ServerShowV254Test:setUpClass): 201 POST http://10.180.1.21/identity/v3/auth/tokens 0.030s
2025-03-06 07:33:54.771 69122 INFO tempest.lib.common.rest_client [req-7da5def0-6744-4571-9451-186e3e2a8a0a req-7da5def0-6744-4571-9451-186e3e2a8a0a ] Request (VolumesAssistedSnapshotsTest:test_volume_assisted_snapshot_create_delete): 200 GET http://10.180.1.21/compute/v2.1/servers/3e0ad6f4-d2bc-40ff-a7d1-e7175c0c4839 3.362s
2025-03-06 07:33:54.780 69122 INFO tempest.common.waiters [-] State transition "BUILD/block_device_mapping" ==> "BUILD/spawning" after 25 second wait
2025-03-06 07:33:54.783 69120 INFO tempest.lib.common.rest_client [req-f559755a-7ce0-4154-b4e6-2b14c710fc28 req-f559755a-7ce0-4154-b4e6-2b14c710fc28 ] Request (ServerShowV254Test:setUpClass): 200 GET http://10.180.1.21/identity/v3/domains?name=Default 0.029s
2025-03-06 07:33:54.788 69132 INFO tempest.lib.common.rest_client [req-5fdf0818-0373-4f1f-aaf6-8e0b27e829be req-5fdf0818-0373-4f1f-aaf6-8e0b27e829be ] Request (InstanceActionsNegativeTestJSON:setUpClass): 201 POST http://10.180.1.21:9696/networking/v2.0/routers 1.547s
2025-03-06 07:33:54.796 69174 INFO tempest.lib.common.rest_client [req-8e581a06-83f5-449e-8f99-bed2d4e35e32 req-8e581a06-83f5-449e-8f99-bed2d4e35e32 ] Request (FlavorsAdminTestJSON:_run_cleanups): 200 GET http://10.180.1.21/compute/v2.1/flavors/detail 3.341s
2025-03-06 07:33:54.843 69162 INFO tempest.lib.common.rest_client [req-ec6b197f-c00a-46ad-81d0-5bf57e400275 req-ec6b197f-c00a-46ad-81d0-5bf57e400275 ] Request (ImagesTestJSON:test_create_image_from_stopped_server): 200 GET http://10.180.1.21/compute/v2.1/images/d70aab4f-85d2-47c1-a464-b2eabb53fadd 3.081s
2025-03-06 07:33:54.850 69120 INFO tempest.lib.common.rest_client [req-1b4072c7-0f01-4d77-b8ad-9569125af955 req-1b4072c7-0f01-4d77-b8ad-9569125af955 ] Request (ServerShowV254Test:setUpClass): 201 POST http://10.180.1.21/identity/v3/projects 0.067s
2025-03-06 07:33:54.856 69150 INFO tempest.lib.common.rest_client [req-a2c3fe36-9826-4024-8dd7-ae7c086bcf15 req-a2c3fe36-9826-4024-8dd7-ae7c086bcf15 ] Request (HostsAdminTestJSON:tearDownClass): 200 GET http://10.180.1.21:9696/networking/v2.0/security-groups?tenant_id=8de910e1707d4d2d94f65ecff4b06ef2&name=default 0.234s
2025-03-06 07:33:54.952 69120 INFO tempest.lib.common.rest_client [req-d9434100-8e39-4ce7-afe9-c43bcd9de1b5 req-d9434100-8e39-4ce7-afe9-c43bcd9de1b5 ] Request (ServerShowV254Test:setUpClass): 201 POST http://10.180.1.21/identity/v3/users 0.101s
2025-03-06 07:33:54.971 69150 INFO tempest.lib.common.rest_client [req-2b771e18-0ad7-41c6-b063-cd2ad10cadb1 req-2b771e18-0ad7-41c6-b063-cd2ad10cadb1 ] Request (HostsAdminTestJSON:tearDownClass): 204 DELETE http://10.180.1.21:9696/networking/v2.0/security-groups/f7cf7d3b-1d00-4084-bdc1-d9d493566729 0.114s
2025-03-06 07:33:54.992 69120 INFO tempest.lib.common.rest_client [req-8b2c4b9f-c186-4263-b687-671542fd0cc8 req-8b2c4b9f-c186-4263-b687-671542fd0cc8 ] Request (ServerShowV254Test:setUpClass): 200 GET http://10.180.1.21/identity/v3/roles 0.040s
2025-03-06 07:33:55.092 69150 INFO tempest.lib.common.rest_client [req-afb9c181-228f-43e0-8c92-40c5bc8dab54 req-afb9c181-228f-43e0-8c92-40c5bc8dab54 ] Request (HostsAdminTestJSON:tearDownClass): 204 DELETE http://10.180.1.21/identity/v3/projects/8de910e1707d4d2d94f65ecff4b06ef2 0.120s
2025-03-06 07:33:55.164 69150 INFO tempest.lib.common.rest_client [req-a98edf6c-b1d2-452b-8a93-c40160ae5ff9 req-a98edf6c-b1d2-452b-8a93-c40160ae5ff9 ] Request (HypervisorAdminV228Test:setUpClass): 201 POST http://10.180.1.21/identity/v3/auth/tokens 0.069s
2025-03-06 07:33:55.167 69120 INFO tempest.lib.common.rest_client [req-703748ed-752b-41c2-9ddc-7b0d1caa162b req-703748ed-752b-41c2-9ddc-7b0d1caa162b ] Request (ServerShowV254Test:setUpClass): 204 PUT http://10.180.1.21/identity/v3/projects/1c9f8ce3912a4adcb6613d68c9ae2bec/users/cf2c879fc98f4e14b593e9a3f8dc50c5/roles/544f107cad6e4b97b770cd0685ac2896 0.174s
2025-03-06 07:33:55.168 69120 INFO tempest.lib.common.dynamic_creds [-] Dynamic test user cf2c879fc98f4e14b593e9a3f8dc50c5 is created with scope project and roles: ['member']
2025-03-06 07:33:55.168 69120 INFO tempest.lib.common.dynamic_creds [-] Acquired dynamic creds: credentials: Credentials: {'domain_id': 'default', 'domain_name': 'Default', 'username': 'tempest-ServerShowV254Test-984879581-project-member', 'project_domain_id': 'default', 'project_domain_name': 'Default', 'project_id': '1c9f8ce3912a4adcb6613d68c9ae2bec', 'project_name': 'tempest-ServerShowV254Test-984879581', 'tenant_id': '1c9f8ce3912a4adcb6613d68c9ae2bec', 'tenant_name': 'tempest-ServerShowV254Test-984879581', 'user_domain_id': 'default', 'user_domain_name': 'Default', 'user_id': 'cf2c879fc98f4e14b593e9a3f8dc50c5', 'system': None}, Network: None, Subnet: None, Router: None
2025-03-06 07:33:55.168 69120 INFO tempest.lib.common.dynamic_creds [-] Created isolated network resources for: credentials: Credentials: {'domain_id': 'default', 'domain_name': 'Default', 'username': 'tempest-ServerShowV254Test-984879581-project-member', 'project_domain_id': 'default', 'project_domain_name': 'Default', 'project_id': '1c9f8ce3912a4adcb6613d68c9ae2bec', 'project_name': 'tempest-ServerShowV254Test-984879581', 'tenant_id': '1c9f8ce3912a4adcb6613d68c9ae2bec', 'tenant_name': 'tempest-ServerShowV254Test-984879581', 'user_domain_id': 'default', 'user_domain_name': 'Default', 'user_id': 'cf2c879fc98f4e14b593e9a3f8dc50c5', 'system': None}, Network: None, Subnet: None, Router: None
2025-03-06 07:33:55.254 69150 INFO tempest.lib.common.rest_client [req-fac30bcd-56fb-40d6-8c7d-caf8115087b6 req-fac30bcd-56fb-40d6-8c7d-caf8115087b6 ] Request (HypervisorAdminV228Test:setUpClass): 201 POST http://10.180.1.21/identity/v3/auth/tokens 0.085s
2025-03-06 07:33:55.265 69120 INFO tempest.lib.common.rest_client [req-66609757-0822-4ef3-abfd-98351e388d74 req-66609757-0822-4ef3-abfd-98351e388d74 ] Request (ServerShowV254Test:setUpClass): 201 POST http://10.180.1.21/identity/v3/auth/tokens 0.092s
2025-03-06 07:33:55.300 69150 INFO tempest.lib.common.rest_client [req-d3328742-3ba0-4d75-b977-56068f168fa0 req-d3328742-3ba0-4d75-b977-56068f168fa0 ] Request (HypervisorAdminV228Test:setUpClass): 200 GET http://10.180.1.21/identity/v3/domains?name=Default 0.045s
2025-03-06 07:33:55.318 69120 INFO tempest.lib.common.rest_client [req-94d0782e-b1c2-4003-980d-e2c729f0e5de req-94d0782e-b1c2-4003-980d-e2c729f0e5de ] Request (ServerShowV254Test:test_rebuild_server): 201 POST http://10.180.1.21/identity/v3/auth/tokens 0.048s
2025-03-06 07:33:55.319 69120 INFO tempest.lib.common.fixed_network [-] (ServerShowV254Test:test_rebuild_server) Found network None available for tenant
2025-03-06 07:33:55.333 69150 INFO tempest.lib.common.rest_client [req-8793a657-6af1-427e-b8ac-8ad0be51fc67 req-8793a657-6af1-427e-b8ac-8ad0be51fc67 ] Request (HypervisorAdminV228Test:setUpClass): 201 POST http://10.180.1.21/identity/v3/projects 0.033s
2025-03-06 07:33:55.420 69150 INFO tempest.lib.common.rest_client [req-cdb4e224-417a-4889-b50c-1632f3ad234b req-cdb4e224-417a-4889-b50c-1632f3ad234b ] Request (HypervisorAdminV228Test:setUpClass): 201 POST http://10.180.1.21/identity/v3/users 0.086s
2025-03-06 07:33:55.442 69134 INFO tempest.lib.common.rest_client [req-9fc06ba8-2970-4d02-be55-c2632157b977 req-9fc06ba8-2970-4d02-be55-c2632157b977 ] Request (ServersTestBootFromVolume:setUpClass): 200 GET http://10.180.1.21/volume/v3/volumes/04f9aab8-9078-483a-ac7e-edc1b4200b9b 0.037s
2025-03-06 07:33:55.448 69134 INFO tempest.common.waiters [-] volume 04f9aab8-9078-483a-ac7e-edc1b4200b9b reached available after waiting for 19.448506 seconds
2025-03-06 07:33:55.453 69150 INFO tempest.lib.common.rest_client [req-4e4f93ed-fd3e-41a1-9e52-fa4e44649b4d req-4e4f93ed-fd3e-41a1-9e52-fa4e44649b4d ] Request (HypervisorAdminV228Test:setUpClass): 200 GET http://10.180.1.21/identity/v3/roles 0.032s
2025-03-06 07:33:55.479 69170 INFO tempest.lib.common.rest_client [req-cb52dc33-5c93-40f1-8f44-8024888c8eae req-cb52dc33-5c93-40f1-8f44-8024888c8eae ] Request (FloatingIPsTestJSON:test_delete_floating_ip): 202 DELETE http://10.180.1.21/compute/v2.1/os-floating-ips/997be966-502d-444d-94ae-14d25d4279b5 4.117s
2025-03-06 07:33:55.485 69150 INFO tempest.lib.common.rest_client [req-dfd092a8-c877-4ccc-8e94-8a1df349480f req-dfd092a8-c877-4ccc-8e94-8a1df349480f ] Request (HypervisorAdminV228Test:setUpClass): 204 PUT http://10.180.1.21/identity/v3/projects/0d0cb5d389724b9eaf6603019e833859/users/f8d236ff645c4373ab79a1851e38ad85/roles/544f107cad6e4b97b770cd0685ac2896 0.031s
2025-03-06 07:33:55.485 69150 INFO tempest.lib.common.dynamic_creds [-] Dynamic test user f8d236ff645c4373ab79a1851e38ad85 is created with scope project and roles: ['member']
2025-03-06 07:33:55.485 69150 INFO tempest.lib.common.dynamic_creds [-] Acquired dynamic creds: credentials: Credentials: {'domain_id': 'default', 'domain_name': 'Default', 'username': 'tempest-HypervisorAdminV228Test-850952937-project-member', 'project_domain_id': 'default', 'project_domain_name': 'Default', 'project_id': '0d0cb5d389724b9eaf6603019e833859', 'project_name': 'tempest-HypervisorAdminV228Test-850952937', 'tenant_id': '0d0cb5d389724b9eaf6603019e833859', 'tenant_name': 'tempest-HypervisorAdminV228Test-850952937', 'user_domain_id': 'default', 'user_domain_name': 'Default', 'user_id': 'f8d236ff645c4373ab79a1851e38ad85', 'system': None}, Network: None, Subnet: None, Router: None
2025-03-06 07:33:55.485 69150 INFO tempest.lib.common.dynamic_creds [-] Created isolated network resources for: credentials: Credentials: {'domain_id': 'default', 'domain_name': 'Default', 'username': 'tempest-HypervisorAdminV228Test-850952937-project-member', 'project_domain_id': 'default', 'project_domain_name': 'Default', 'project_id': '0d0cb5d389724b9eaf6603019e833859', 'project_name': 'tempest-HypervisorAdminV228Test-850952937', 'tenant_id': '0d0cb5d389724b9eaf6603019e833859', 'tenant_name': 'tempest-HypervisorAdminV228Test-850952937', 'user_domain_id': 'default', 'user_domain_name': 'Default', 'user_id': 'f8d236ff645c4373ab79a1851e38ad85', 'system': None}, Network: None, Subnet: None, Router: None
2025-03-06 07:33:55.566 69150 INFO tempest.lib.common.rest_client [req-d19c76f1-1572-4c1f-8bee-d08feb0bc7db req-d19c76f1-1572-4c1f-8bee-d08feb0bc7db ] Request (HypervisorAdminV228Test:setUpClass): 201 POST http://10.180.1.21/identity/v3/auth/tokens 0.077s
2025-03-06 07:33:55.621 69164 INFO tempest.lib.common.rest_client [req-997d3838-dbaf-42f7-b53e-39cc78461028 req-997d3838-dbaf-42f7-b53e-39cc78461028 ] Request (ServersAdminTestJSON:setUpClass): 200 GET http://10.180.1.21/compute/v2.1/servers/27610814-a343-4395-ab92-501846547df8 3.473s
2025-03-06 07:33:55.637 69150 INFO tempest.lib.common.rest_client [req-8d060e03-19f9-429d-b554-299a50f2b3fe req-8d060e03-19f9-429d-b554-299a50f2b3fe ] Request (HypervisorAdminV228Test:setUpClass): 201 POST http://10.180.1.21/identity/v3/projects 0.071s
2025-03-06 07:33:55.671 69178 INFO tempest.lib.common.rest_client [req-daaccaed-b20e-4bf2-aaab-74137c708497 req-daaccaed-b20e-4bf2-aaab-74137c708497 ] Request (ServerDiagnosticsTest:test_get_server_diagnostics): 200 GET http://10.180.1.21/compute/v2.1/servers/c9025454-e87b-4bfa-8b8d-4951d2085250/diagnostics 3.753s
2025-03-06 07:33:55.691 69130 INFO tempest.lib.common.rest_client [req-df9e9695-7715-4cd2-aad8-271e3ef3cf40 req-df9e9695-7715-4cd2-aad8-271e3ef3cf40 ] Request (AttachInterfacesUnderV243Test:test_add_remove_fixed_ip): 200 GET http://10.180.1.21/compute/v2.1/servers/ebe265d5-d05d-48f6-a05a-5e79189d63a3 3.448s
2025-03-06 07:33:55.709 69150 INFO tempest.lib.common.rest_client [req-024f8c5a-b7d7-44f3-9edd-7626bcce394c req-024f8c5a-b7d7-44f3-9edd-7626bcce394c ] Request (HypervisorAdminV228Test:setUpClass): 201 POST http://10.180.1.21/identity/v3/users 0.070s
2025-03-06 07:33:55.730 69150 INFO tempest.lib.common.rest_client [req-6abb7b6d-70cf-4ad2-a3b7-5f5725caf675 req-6abb7b6d-70cf-4ad2-a3b7-5f5725caf675 ] Request (HypervisorAdminV228Test:setUpClass): 200 GET http://10.180.1.21/identity/v3/roles 0.021s
2025-03-06 07:33:55.733 69142 INFO tempest.lib.common.rest_client [req-ff083164-a32f-4849-b930-3e9a80c33673 req-ff083164-a32f-4849-b930-3e9a80c33673 ] Request (ImagesOneServerNegativeTestJSON:setUpClass): 200 GET http://10.180.1.21/compute/v2.1/servers/79e3c13d-7711-4db4-bdf0-1ba78f6335d7 3.451s
2025-03-06 07:33:55.762 69150 INFO tempest.lib.common.rest_client [req-05c7b880-a978-4cf3-a19a-79d250d045d0 req-05c7b880-a978-4cf3-a19a-79d250d045d0 ] Request (HypervisorAdminV228Test:setUpClass): 204 PUT http://10.180.1.21/identity/v3/projects/e615d76d9ce84c79a2ebe8e480ee2d50/users/f9d5bdc201ef4da79fb103ff9054ebcf/roles/4a04f09ed94c40b48c6e2cb61c3e9a26 0.031s
2025-03-06 07:33:55.801 69156 INFO tempest.lib.common.rest_client [req-038da4c8-8d90-4d50-9533-17baa15d8662 req-038da4c8-8d90-4d50-9533-17baa15d8662 ] Request (MultipleCreateTestJSON:test_multiple_create): 200 GET http://10.180.1.21/compute/v2.1/servers/f235dee2-a99f-4a13-b718-f20306db3cf7 3.362s
2025-03-06 07:33:55.813 69156 INFO tempest.common.waiters [-] State transition "BUILD/None" ==> "BUILD/spawning" after 20 second wait
2025-03-06 07:33:55.822 69150 INFO tempest.lib.common.rest_client [req-bfec3149-6220-4f51-beb6-8df79dbceb9b req-bfec3149-6220-4f51-beb6-8df79dbceb9b ] Request (HypervisorAdminV228Test:setUpClass): 200 GET http://10.180.1.21/identity/v3/roles 0.059s
2025-03-06 07:33:55.845 69150 INFO tempest.lib.common.rest_client [req-aa780696-a57b-4fd0-8ce0-0866e2f60d4f req-aa780696-a57b-4fd0-8ce0-0866e2f60d4f ] Request (HypervisorAdminV228Test:setUpClass): 204 PUT http://10.180.1.21/identity/v3/projects/e615d76d9ce84c79a2ebe8e480ee2d50/users/f9d5bdc201ef4da79fb103ff9054ebcf/roles/4a04f09ed94c40b48c6e2cb61c3e9a26 0.021s
2025-03-06 07:33:55.845 69150 INFO tempest.lib.common.dynamic_creds [-] Dynamic test user f9d5bdc201ef4da79fb103ff9054ebcf is created with scope project and roles: ['admin']
2025-03-06 07:33:55.845 69150 INFO tempest.lib.common.dynamic_creds [-] Acquired dynamic creds: credentials: Credentials: {'domain_id': 'default', 'domain_name': 'Default', 'username': 'tempest-HypervisorAdminV228Test-22892326-project-admin', 'project_domain_id': 'default', 'project_domain_name': 'Default', 'project_id': 'e615d76d9ce84c79a2ebe8e480ee2d50', 'project_name': 'tempest-HypervisorAdminV228Test-22892326', 'tenant_id': 'e615d76d9ce84c79a2ebe8e480ee2d50', 'tenant_name': 'tempest-HypervisorAdminV228Test-22892326', 'user_domain_id': 'default', 'user_domain_name': 'Default', 'user_id': 'f9d5bdc201ef4da79fb103ff9054ebcf', 'system': None}, Network: None, Subnet: None, Router: None
2025-03-06 07:33:55.846 69150 INFO tempest.lib.common.dynamic_creds [-] Created isolated network resources for: credentials: Credentials: {'domain_id': 'default', 'domain_name': 'Default', 'username': 'tempest-HypervisorAdminV228Test-22892326-project-admin', 'project_domain_id': 'default', 'project_domain_name': 'Default', 'project_id': 'e615d76d9ce84c79a2ebe8e480ee2d50', 'project_name': 'tempest-HypervisorAdminV228Test-22892326', 'tenant_id': 'e615d76d9ce84c79a2ebe8e480ee2d50', 'tenant_name': 'tempest-HypervisorAdminV228Test-22892326', 'user_domain_id': 'default', 'user_domain_name': 'Default', 'user_id': 'f9d5bdc201ef4da79fb103ff9054ebcf', 'system': None}, Network: None, Subnet: None, Router: None
2025-03-06 07:33:55.863 69160 INFO tempest.lib.common.rest_client [req-878fde99-1aa5-4686-85a7-255c4c374418 req-878fde99-1aa5-4686-85a7-255c4c374418 ] Request (TenantUsagesTestJSON:tearDownClass): 200 GET http://10.180.1.21/compute/v2.1/servers/e2be90b1-394a-4add-8135-7789857dcec1 3.257s
2025-03-06 07:33:55.929 69172 INFO tempest.lib.common.rest_client [req-d68f9b01-f397-45f6-abd2-16474052bdc3 req-d68f9b01-f397-45f6-abd2-16474052bdc3 ] Request (FloatingIPsAssociationNegativeTestJSON:setUpClass): 200 GET http://10.180.1.21/compute/v2.1/servers/b9061756-8344-441b-b1f2-5724e8566e98 2.942s
2025-03-06 07:33:55.963 69150 INFO tempest.lib.common.rest_client [req-b1a5f3a7-0b78-421b-becf-70e2a0fa2a93 req-b1a5f3a7-0b78-421b-becf-70e2a0fa2a93 ] Request (HypervisorAdminV228Test:setUpClass): 201 POST http://10.180.1.21/identity/v3/auth/tokens 0.114s
2025-03-06 07:33:55.999 69168 INFO tempest.lib.common.rest_client [req-fa8b0708-998d-4184-bd1d-bc8b64fd43bd req-fa8b0708-998d-4184-bd1d-bc8b64fd43bd ] Request (SecurityGroupRulesNegativeTestJSON:test_create_security_group_rule_duplicate): 200 POST http://10.180.1.21/compute/v2.1/os-security-groups 3.477s
2025-03-06 07:33:55.999 69126 INFO tempest.lib.common.rest_client [req-2c0c8916-0b23-4f0f-ba0a-a9b5b86a2846 req-2c0c8916-0b23-4f0f-ba0a-a9b5b86a2846 ] Request (ServersAdminNegativeTestJSON:test_migrate_server_invalid_state): 200 GET http://10.180.1.21/compute/v2.1/servers/5d7ca2c0-0656-428c-8f29-cdd6adc0b90b 2.942s
2025-03-06 07:33:56.027 69152 INFO tempest.lib.common.rest_client [req-6704d740-84f4-424c-973b-b780a3f01937 req-6704d740-84f4-424c-973b-b780a3f01937 ] Request (AggregatesAdminNegativeTestJSON:_run_cleanups): 200 DELETE http://10.180.1.21/compute/v2.1/os-aggregates/5 2.950s
2025-03-06 07:33:56.097 69176 INFO tempest.lib.common.rest_client [req-37da6074-5f3e-4a10-a27a-98ea35ea79f2 req-37da6074-5f3e-4a10-a27a-98ea35ea79f2 ] Request (FloatingIPDetailsTestJSON:test_get_floating_ip_details): 200 GET http://10.180.1.21/compute/v2.1/os-floating-ips/8405226d-0ef7-443b-b3ca-1e4412275ce1 3.027s
2025-03-06 07:33:56.123 69140 INFO tempest.lib.common.rest_client [req-f909416d-b9f4-4ce5-b0db-172a862a783a req-f909416d-b9f4-4ce5-b0db-172a862a783a ] Request (FlavorsAccessNegativeTestJSON:test_remove_flavor_access_not_found): 200 POST http://10.180.1.21/compute/v2.1/flavors 2.844s
2025-03-06 07:33:56.179 69166 INFO tempest.lib.common.rest_client [req-827d421e-c617-4f70-99b3-4d48da878538 req-827d421e-c617-4f70-99b3-4d48da878538 ] Request (FloatingIPsAssociationTestJSON:setUpClass): 200 GET http://10.180.1.21/compute/v2.1/servers/b268e90c-94cd-4b2f-8f26-f006f35542ee 2.795s
2025-03-06 07:33:56.245 69124 INFO tempest.lib.common.rest_client [req-16d53352-4b62-4ca4-a110-9bec265ae0b7 req-16d53352-4b62-4ca4-a110-9bec265ae0b7 ] Request (ServersWithSpecificFlavorTestJSON:test_verify_created_server_ephemeral_disk): 200 GET http://10.180.1.21/compute/v2.1/servers/dbb7fdd2-fd7f-43d3-b0de-8992efd3176a 2.761s
2025-03-06 07:33:56.252 69132 INFO tempest.lib.common.rest_client [req-baa15e65-24a5-4d36-af3f-2e91296563b4 req-baa15e65-24a5-4d36-af3f-2e91296563b4 ] Request (InstanceActionsNegativeTestJSON:setUpClass): 200 PUT http://10.180.1.21:9696/networking/v2.0/routers/4df8e1d0-e9b2-4361-a511-c959e05264f4/add_router_interface 1.463s
2025-03-06 07:33:56.252 69132 INFO tempest.lib.common.dynamic_creds [-] Created isolated network resources for: credentials: Credentials: {'domain_id': 'default', 'domain_name': 'Default', 'username': 'tempest-InstanceActionsNegativeTestJSON-383372689-project-member', 'project_domain_id': 'default', 'project_domain_name': 'Default', 'project_id': '54267f910a2f4522a786ff5f2bfcfb8e', 'project_name': 'tempest-InstanceActionsNegativeTestJSON-383372689', 'tenant_id': '54267f910a2f4522a786ff5f2bfcfb8e', 'tenant_name': 'tempest-InstanceActionsNegativeTestJSON-383372689', 'user_domain_id': 'default', 'user_domain_name': 'Default', 'user_id': '59567b9a63bb4a6fa096d8c09e3656e2', 'system': None}, Network: {'id': 'cb9f98b9-d9e1-4dcc-a5ba-78ff0f3e0d3f', 'name': 'tempest-InstanceActionsNegativeTestJSON-1704101635-network', 'tenant_id': '54267f910a2f4522a786ff5f2bfcfb8e', 'admin_state_up': True, 'mtu': 8950, 'status': 'ACTIVE', 'subnets': [], 'shared': False, 'project_id': '54267f910a2f4522a786ff5f2bfcfb8e', 'port_security_enabled': True, 'router:external': False, 'provider:network_type': 'vlan', 'provider:physical_network': 'default', 'provider:segmentation_id': 342, 'availability_zone_hints': [], 'availability_zones': [], 'ipv4_address_scope': None, 'ipv6_address_scope': None, 'description': '', 'tags': [], 'created_at': '2025-03-06T07:33:52Z', 'updated_at': '2025-03-06T07:33:52Z', 'revision_number': 1}, Subnet: {'id': '45ed8be8-4489-4fc2-a6b4-e64cb21c2b55', 'name': 'tempest-InstanceActionsNegativeTestJSON-1704101635-subnet', 'tenant_id': '54267f910a2f4522a786ff5f2bfcfb8e', 'network_id': 'cb9f98b9-d9e1-4dcc-a5ba-78ff0f3e0d3f', 'ip_version': 4, 'subnetpool_id': None, 'enable_dhcp': True, 'ipv6_ra_mode': None, 'ipv6_address_mode': None, 'gateway_ip': '192.168.128.1', 'cidr': '192.168.128.0/28', 'allocation_pools': [{'start': '192.168.128.2', 'end': '192.168.128.14'}], 'host_routes': [], 'dns_nameservers': [], 'description': '', 'router:external': False, 'service_types': [], 'tags': [], 'created_at': '2025-03-06T07:33:53Z', 'updated_at': '2025-03-06T07:33:53Z', 'revision_number': 0, 'project_id': '54267f910a2f4522a786ff5f2bfcfb8e'}, Router: {'id': '4df8e1d0-e9b2-4361-a511-c959e05264f4', 'name': 'tempest-InstanceActionsNegativeTestJSON-1704101635-router', 'tenant_id': '54267f910a2f4522a786ff5f2bfcfb8e', 'admin_state_up': True, 'status': 'ACTIVE', 'external_gateway_info': {'network_id': '495f496c-89b6-4d59-a630-261e52522c64', 'external_fixed_ips': [{'subnet_id': '072874ea-b39f-426d-a4eb-c6f63df8b4b6', 'ip_address': '10.180.180.164'}], 'enable_snat': True}, 'description': '', 'availability_zones': [], 'distributed': False, 'ha': False, 'availability_zone_hints': [], 'routes': [], 'flavor_id': None, 'tags': [], 'created_at': '2025-03-06T07:33:53Z', 'updated_at': '2025-03-06T07:33:54Z', 'revision_number': 2, 'project_id': '54267f910a2f4522a786ff5f2bfcfb8e'}
2025-03-06 07:33:56.255 69180 INFO tempest.lib.common.rest_client [req-27f5216b-9f47-4623-91f1-91ec0f48df49 req-27f5216b-9f47-4623-91f1-91ec0f48df49 ] Request (KeyPairsNegativeTestJSON:test_create_keypair_with_empty_name_string): 400 POST http://10.180.1.21/compute/v2.1/os-keypairs 2.625s
2025-03-06 07:33:56.310 69136 INFO tempest.lib.common.rest_client [req-53398bf5-31ac-4c4d-aafa-05d96d513690 req-53398bf5-31ac-4c4d-aafa-05d96d513690 ] Request (ListServerFiltersTestJSON:setUpClass): 200 GET http://10.180.1.21/compute/v2.1/servers/14a869ca-d93c-4dd9-964c-cfb14b40f069 2.651s
2025-03-06 07:33:56.342 69132 INFO tempest.lib.common.rest_client [req-f2daf7a8-0216-4463-8e14-3c9d05b429c7 req-f2daf7a8-0216-4463-8e14-3c9d05b429c7 ] Request (InstanceActionsNegativeTestJSON:setUpClass): 201 POST http://10.180.1.21/identity/v3/auth/tokens 0.083s
2025-03-06 07:33:56.360 69144 INFO tempest.lib.common.rest_client [req-c61ed676-f727-4f18-88e1-d482695d1ae5 req-c61ed676-f727-4f18-88e1-d482695d1ae5 ] Request (ImagesNegativeTestJSON:test_create_image_from_deleted_server): 200 GET http://10.180.1.21/compute/v2.1/servers/fe6f7451-48d7-4698-816a-9a065ce0af35 2.519s
2025-03-06 07:33:56.379 69132 INFO tempest.lib.common.rest_client [req-082c51ad-0572-4521-9639-495c84e69b1e req-082c51ad-0572-4521-9639-495c84e69b1e ] Request (InstanceActionsNegativeTestJSON:setUpClass): 201 POST http://10.180.1.21/identity/v3/auth/tokens 0.032s
2025-03-06 07:33:56.379 69132 INFO tempest.lib.common.fixed_network [-] (InstanceActionsNegativeTestJSON:setUpClass) Found network {'id': 'cb9f98b9-d9e1-4dcc-a5ba-78ff0f3e0d3f', 'name': 'tempest-InstanceActionsNegativeTestJSON-1704101635-network', 'tenant_id': '54267f910a2f4522a786ff5f2bfcfb8e', 'admin_state_up': True, 'mtu': 8950, 'status': 'ACTIVE', 'subnets': [], 'shared': False, 'project_id': '54267f910a2f4522a786ff5f2bfcfb8e', 'port_security_enabled': True, 'router:external': False, 'provider:network_type': 'vlan', 'provider:physical_network': 'default', 'provider:segmentation_id': 342, 'availability_zone_hints': [], 'availability_zones': [], 'ipv4_address_scope': None, 'ipv6_address_scope': None, 'description': '', 'tags': [], 'created_at': '2025-03-06T07:33:52Z', 'updated_at': '2025-03-06T07:33:52Z', 'revision_number': 1} available for tenant
2025-03-06 07:33:56.468 69154 INFO tempest.lib.common.rest_client [req-11c6f1b7-1434-4243-95b0-33c9d385e8e4 req-11c6f1b7-1434-4243-95b0-33c9d385e8e4 ] Request (ServerRescueTestJSONUnderV235:setUpClass): 200 POST http://10.180.1.21/compute/v2.1/servers/ec3b9c58-b201-40ca-830b-29749bc54a83/action 2.315s
2025-03-06 07:33:56.502 69158 INFO tempest.lib.common.rest_client [req-94f304a0-0e70-48b7-b14d-e597d533f694 req-94f304a0-0e70-48b7-b14d-e597d533f694 ] Request (ServerAddressesTestJSON:setUpClass): 202 POST http://10.180.1.21/compute/v2.1/servers 3.345s
2025-03-06 07:33:56.521 69174 INFO tempest.lib.common.rest_client [req-00a0327d-7bd3-4444-b3a9-561aab9e0f58 req-00a0327d-7bd3-4444-b3a9-561aab9e0f58 ] Request (FlavorsAdminTestJSON:test_create_server_with_non_public_flavor): 200 POST http://10.180.1.21/compute/v2.1/flavors 1.716s
2025-03-06 07:33:56.570 69128 INFO tempest.lib.common.rest_client [req-79feb744-13e0-449e-92f5-45d3c6131c26 req-79feb744-13e0-449e-92f5-45d3c6131c26 ] Request (ServersV294TestFqdnHostnames:setUpClass): 200 GET http://10.180.1.21/compute/v2.1/servers/19adf5a8-58f3-4367-bf08-377dc06bd813 2.094s
2025-03-06 07:33:56.712 69148 INFO tempest.lib.common.rest_client [req-b57ea64f-22bb-4288-bb0f-4c72df6595f8 req-b57ea64f-22bb-4288-bb0f-4c72df6595f8 ] Request (ServerDiskConfigTestJSON:test_rebuild_server_with_auto_disk_config): 200 GET http://10.180.1.21/compute/v2.1/servers/43b53df0-1d55-46f2-a7ab-883dd380aa17 1.290s
2025-03-06 07:33:56.720 69120 INFO tempest.lib.common.rest_client [req-f89ff963-86f2-4846-b100-221bcb8f0c76 req-f89ff963-86f2-4846-b100-221bcb8f0c76 ] Request (ServerShowV254Test:test_rebuild_server): 202 POST http://10.180.1.21/compute/v2.1/servers 1.400s
2025-03-06 07:33:56.750 69170 INFO tempest.lib.common.rest_client [req-305032ab-34f7-43c2-9077-e56d86b838fe req-305032ab-34f7-43c2-9077-e56d86b838fe ] Request (FloatingIPsTestJSON:test_delete_floating_ip): 404 GET http://10.180.1.21/compute/v2.1/os-floating-ips/997be966-502d-444d-94ae-14d25d4279b5 1.270s
2025-03-06 07:33:56.820 69138 INFO tempest.lib.common.rest_client [req-2481d786-54da-446b-a2cb-c8d8d7213d80 req-2481d786-54da-446b-a2cb-c8d8d7213d80 ] Request (ServerDiagnosticsNegativeTest:tearDownClass): 200 GET http://10.180.1.21/compute/v2.1/servers/7c883ceb-bd80-4e2d-8172-aa18125ef396 1.318s
2025-03-06 07:33:56.890 69146 INFO tempest.lib.common.rest_client [req-d3c2f890-5719-40e9-83fb-4aff0e55ab89 req-d3c2f890-5719-40e9-83fb-4aff0e55ab89 ] Request (DeleteServersAdminTestJSON:test_admin_delete_servers_of_others): 200 GET http://10.180.1.21/compute/v2.1/servers/14a6193c-05be-493e-a1bb-75b7b31897ad 1.291s
2025-03-06 07:33:56.971 69178 INFO tempest.lib.common.rest_client [req-62b4d016-9022-4cde-9b64-04abeedc28ea req-62b4d016-9022-4cde-9b64-04abeedc28ea ] Request (ServerDiagnosticsTest:tearDownClass): 204 DELETE http://10.180.1.21/compute/v2.1/servers/c9025454-e87b-4bfa-8b8d-4951d2085250 1.299s
2025-03-06 07:33:57.258 69134 INFO tempest.lib.common.rest_client [req-1fec858a-d9f2-438c-b2d1-30cebe147a8e req-1fec858a-d9f2-438c-b2d1-30cebe147a8e ] Request (ServersTestBootFromVolume:setUpClass): 202 POST http://10.180.1.21/compute/v2.1/servers 1.810s
2025-03-06 07:33:57.319 69162 INFO tempest.lib.common.rest_client [req-dd929635-84d5-443a-9c93-470df618b4c1 req-dd929635-84d5-443a-9c93-470df618b4c1 ] Request (ImagesTestJSON:test_create_image_from_stopped_server): 200 GET http://10.180.1.21/compute/v2.1/images/d70aab4f-85d2-47c1-a464-b2eabb53fadd 1.461s
2025-03-06 07:33:57.346 69122 INFO tempest.lib.common.rest_client [req-d113f7f8-0bba-4975-ab31-b4900bf155d1 req-d113f7f8-0bba-4975-ab31-b4900bf155d1 ] Request (VolumesAssistedSnapshotsTest:test_volume_assisted_snapshot_create_delete): 200 GET http://10.180.1.21/compute/v2.1/servers/3e0ad6f4-d2bc-40ff-a7d1-e7175c0c4839 1.565s
2025-03-06 07:33:57.401 69150 INFO tempest.lib.common.rest_client [req-4eb9c7c8-4ad1-426d-9d47-ac8c841df8d1 req-4eb9c7c8-4ad1-426d-9d47-ac8c841df8d1 ] Request (HypervisorAdminV228Test:test_get_list_hypervisor_details): 200 GET http://10.180.1.21/compute/v2.1/os-hypervisors 1.436s
2025-03-06 07:33:57.420 69152 INFO tempest.lib.common.rest_client [req-c43da3ac-855f-4375-a25d-134a2dd9304e req-c43da3ac-855f-4375-a25d-134a2dd9304e ] Request (AggregatesAdminNegativeTestJSON:test_aggregate_delete_with_invalid_id): 404 DELETE http://10.180.1.21/compute/v2.1/os-aggregates/-1 1.392s
2025-03-06 07:33:57.551 69168 INFO tempest.lib.common.rest_client [req-771e969d-23df-472a-a09f-c0464e102d7c req-771e969d-23df-472a-a09f-c0464e102d7c ] Request (SecurityGroupRulesNegativeTestJSON:test_create_security_group_rule_duplicate): 200 POST http://10.180.1.21/compute/v2.1/os-security-group-rules 1.548s
2025-03-06 07:33:57.654 69140 INFO tempest.lib.common.rest_client [req-59328017-c8a5-41ca-89f5-3a3f6493e924 req-59328017-c8a5-41ca-89f5-3a3f6493e924 ] Request (FlavorsAccessNegativeTestJSON:test_remove_flavor_access_not_found): 404 POST http://10.180.1.21/compute/v2.1/flavors/1288980650/action 1.528s
2025-03-06 07:33:57.685 69180 INFO tempest.lib.common.rest_client [req-67451d7e-9e51-41ce-aa21-b7d55dded5f2 req-67451d7e-9e51-41ce-aa21-b7d55dded5f2 ] Request (KeyPairsNegativeTestJSON:test_create_keypair_with_empty_public_key): 400 POST http://10.180.1.21/compute/v2.1/os-keypairs 1.429s
2025-03-06 07:33:57.831 69176 INFO tempest.lib.common.rest_client [req-0aab68d0-2953-423a-9878-9c2a6a8defa1 req-0aab68d0-2953-423a-9878-9c2a6a8defa1 ] Request (FloatingIPDetailsTestJSON:_run_cleanups): 202 DELETE http://10.180.1.21/compute/v2.1/os-floating-ips/8405226d-0ef7-443b-b3ca-1e4412275ce1 1.731s
2025-03-06 07:33:57.949 69154 INFO tempest.lib.common.rest_client [req-a8bd8654-680c-4731-bdb0-9745395faa76 req-a8bd8654-680c-4731-bdb0-9745395faa76 ] Request (ServerRescueTestJSONUnderV235:setUpClass): 200 GET http://10.180.1.21/compute/v2.1/servers/ec3b9c58-b201-40ca-830b-29749bc54a83 1.480s
2025-03-06 07:33:58.017 69158 INFO tempest.lib.common.rest_client [req-aef87582-cb37-4b87-8bbf-02eb23f3f7cd req-aef87582-cb37-4b87-8bbf-02eb23f3f7cd ] Request (ServerAddressesTestJSON:setUpClass): 200 GET http://10.180.1.21/compute/v2.1/servers/5c2f0de4-620b-40f8-b4ab-cad2c4cb3ebe 1.507s
2025-03-06 07:33:58.031 69174 INFO tempest.lib.common.rest_client [req-423f15cc-43fb-47ef-8c60-f4c03003da2a req-423f15cc-43fb-47ef-8c60-f4c03003da2a ] Request (FlavorsAdminTestJSON:test_create_server_with_non_public_flavor): 400 POST http://10.180.1.21/compute/v2.1/servers 1.507s
2025-03-06 07:33:58.124 69132 INFO tempest.lib.common.rest_client [req-452db760-de01-4822-840d-317cc2d7d9c2 req-452db760-de01-4822-840d-317cc2d7d9c2 ] Request (InstanceActionsNegativeTestJSON:setUpClass): 202 POST http://10.180.1.21/compute/v2.1/servers 1.744s
2025-03-06 07:33:58.170 69164 INFO tempest.lib.common.rest_client [req-c8dc4730-48c1-40c0-a08c-103f6e7a52a0 req-c8dc4730-48c1-40c0-a08c-103f6e7a52a0 ] Request (ServersAdminTestJSON:setUpClass): 200 GET http://10.180.1.21/compute/v2.1/servers/27610814-a343-4395-ab92-501846547df8 1.537s
2025-03-06 07:33:58.178 69164 INFO tempest.common.waiters [-] State transition "BUILD/spawning" ==> "ACTIVE/None" after 33 second wait
2025-03-06 07:33:58.183 69130 INFO tempest.lib.common.rest_client [req-03071909-7c7c-49c6-9a54-04edbd93d03d req-03071909-7c7c-49c6-9a54-04edbd93d03d ] Request (AttachInterfacesUnderV243Test:test_add_remove_fixed_ip): 200 GET http://10.180.1.21/compute/v2.1/servers/ebe265d5-d05d-48f6-a05a-5e79189d63a3 1.480s
2025-03-06 07:33:58.249 69120 INFO tempest.lib.common.rest_client [req-cab554a8-6ce9-4f63-8c4b-3c0962383e0c req-cab554a8-6ce9-4f63-8c4b-3c0962383e0c ] Request (ServerShowV254Test:test_rebuild_server): 200 GET http://10.180.1.21/compute/v2.1/servers/c3b6bea7-cbb0-459d-8096-8839bae26ad1 1.527s
2025-03-06 07:33:58.248 69142 INFO tempest.lib.common.rest_client [req-63185b8e-85f1-4a41-ab1a-155613823625 req-63185b8e-85f1-4a41-ab1a-155613823625 ] Request (ImagesOneServerNegativeTestJSON:setUpClass): 200 GET http://10.180.1.21/compute/v2.1/servers/79e3c13d-7711-4db4-bdf0-1ba78f6335d7 1.507s
2025-03-06 07:33:58.286 69170 INFO tempest.lib.common.rest_client [req-96e2b78b-8762-4da6-83be-b3ed8d14a99c req-96e2b78b-8762-4da6-83be-b3ed8d14a99c ] Request (FloatingIPsTestJSON:_run_cleanups): 404 DELETE http://10.180.1.21/compute/v2.1/os-floating-ips/997be966-502d-444d-94ae-14d25d4279b5 1.536s
2025-03-06 07:33:58.350 69160 INFO tempest.lib.common.rest_client [req-ac43ee66-0763-4463-bcdf-035ffb90ea3f req-ac43ee66-0763-4463-bcdf-035ffb90ea3f ] Request (TenantUsagesTestJSON:tearDownClass): 200 GET http://10.180.1.21/compute/v2.1/servers/e2be90b1-394a-4add-8135-7789857dcec1 1.474s
2025-03-06 07:33:58.357 69160 INFO tempest.common.waiters [-] State transition "ACTIVE/deleting" ==> "DELETED/None" after 3 second wait
2025-03-06 07:33:58.408 69172 INFO tempest.lib.common.rest_client [req-13a84644-eba8-4f00-a88d-03fd68b83ce7 req-13a84644-eba8-4f00-a88d-03fd68b83ce7 ] Request (FloatingIPsAssociationNegativeTestJSON:setUpClass): 200 GET http://10.180.1.21/compute/v2.1/servers/b9061756-8344-441b-b1f2-5724e8566e98 1.469s
2025-03-06 07:33:58.517 69178 INFO tempest.lib.common.rest_client [req-c7e2a8a8-6b7e-4c5c-9a0d-3c1d5788753b req-c7e2a8a8-6b7e-4c5c-9a0d-3c1d5788753b ] Request (ServerDiagnosticsTest:tearDownClass): 200 GET http://10.180.1.21/compute/v2.1/servers/c9025454-e87b-4bfa-8b8d-4951d2085250 1.545s
2025-03-06 07:33:58.576 69126 INFO tempest.lib.common.rest_client [req-cc95217f-f5f9-4dcf-bbc1-543d531978ad req-cc95217f-f5f9-4dcf-bbc1-543d531978ad ] Request (ServersAdminNegativeTestJSON:test_migrate_server_invalid_state): 200 GET http://10.180.1.21/compute/v2.1/servers/5d7ca2c0-0656-428c-8f29-cdd6adc0b90b 1.568s
2025-03-06 07:33:58.624 69166 INFO tempest.lib.common.rest_client [req-1d43564c-c5d1-4b54-9605-19a03a0b62a1 req-1d43564c-c5d1-4b54-9605-19a03a0b62a1 ] Request (FloatingIPsAssociationTestJSON:setUpClass): 200 GET http://10.180.1.21/compute/v2.1/servers/b268e90c-94cd-4b2f-8f26-f006f35542ee 1.434s
2025-03-06 07:33:58.631 69156 INFO tempest.lib.common.rest_client [req-e4575fe7-b542-451c-a5a4-3d777969afaa req-e4575fe7-b542-451c-a5a4-3d777969afaa ] Request (MultipleCreateTestJSON:test_multiple_create): 200 GET http://10.180.1.21/compute/v2.1/servers/f235dee2-a99f-4a13-b718-f20306db3cf7 1.817s
2025-03-06 07:33:58.685 69124 INFO tempest.lib.common.rest_client [req-40908fa3-c085-4cc7-a599-c337a250a094 req-40908fa3-c085-4cc7-a599-c337a250a094 ] Request (ServersWithSpecificFlavorTestJSON:test_verify_created_server_ephemeral_disk): 200 GET http://10.180.1.21/compute/v2.1/servers/dbb7fdd2-fd7f-43d3-b0de-8992efd3176a 1.429s
2025-03-06 07:33:58.701 69134 INFO tempest.lib.common.rest_client [req-e9eb0bf3-d6aa-4eee-816d-c00136c5297e req-e9eb0bf3-d6aa-4eee-816d-c00136c5297e ] Request (ServersTestBootFromVolume:setUpClass): 200 GET http://10.180.1.21/compute/v2.1/servers/8acdd624-55ab-4569-a65b-7484c93cdd18 1.441s
2025-03-06 07:33:58.743 69136 INFO tempest.lib.common.rest_client [req-8f058719-2c1b-4d42-bf09-ff1b2b4b6ced req-8f058719-2c1b-4d42-bf09-ff1b2b4b6ced ] Request (ListServerFiltersTestJSON:setUpClass): 200 GET http://10.180.1.21/compute/v2.1/servers/14a869ca-d93c-4dd9-964c-cfb14b40f069 1.422s
2025-03-06 07:33:58.763 69150 INFO tempest.lib.common.rest_client [req-ab1778bf-4c39-4571-b796-218c871f0a56 req-ab1778bf-4c39-4571-b796-218c871f0a56 ] Request (HypervisorAdminV228Test:test_get_list_hypervisor_details): 200 GET http://10.180.1.21/compute/v2.1/os-hypervisors/1 1.361s
2025-03-06 07:33:58.784 69144 INFO tempest.lib.common.rest_client [req-cce78269-2d02-4f3e-9f48-69c834ef1414 req-cce78269-2d02-4f3e-9f48-69c834ef1414 ] Request (ImagesNegativeTestJSON:test_create_image_from_deleted_server): 200 GET http://10.180.1.21/compute/v2.1/servers/fe6f7451-48d7-4698-816a-9a065ce0af35 1.414s
2025-03-06 07:33:58.794 69144 INFO tempest.common.waiters [-] State transition "ACTIVE/deleting" ==> "DELETED/None" after 2 second wait
2025-03-06 07:33:58.795 69152 INFO tempest.lib.common.rest_client [req-5f876a4c-3bd6-43ce-97e9-2d3363f63fbd req-5f876a4c-3bd6-43ce-97e9-2d3363f63fbd ] Request (AggregatesAdminNegativeTestJSON:test_aggregate_get_details_as_user): 200 POST http://10.180.1.21/compute/v2.1/os-aggregates 1.373s
2025-03-06 07:33:58.847 69168 INFO tempest.lib.common.rest_client [req-8f49bb48-756f-40a8-9ee3-e75d5d24229a req-8f49bb48-756f-40a8-9ee3-e75d5d24229a ] Request (SecurityGroupRulesNegativeTestJSON:test_create_security_group_rule_duplicate): 400 POST http://10.180.1.21/compute/v2.1/os-security-group-rules 1.293s
2025-03-06 07:33:58.868 69140 INFO tempest.lib.common.rest_client [req-9a99a882-a28c-4b20-a82d-17b50ddf014b req-9a99a882-a28c-4b20-a82d-17b50ddf014b ] Request (FlavorsAccessNegativeTestJSON:_run_cleanups): 202 DELETE http://10.180.1.21/compute/v2.1/flavors/1288980650 1.213s
2025-03-06 07:33:58.878 69180 INFO tempest.lib.common.rest_client [req-fdad857a-813f-4e70-9f69-ee8e1220b7ab req-fdad857a-813f-4e70-9f69-ee8e1220b7ab ] Request (KeyPairsNegativeTestJSON:test_create_keypair_with_long_keynames): 400 POST http://10.180.1.21/compute/v2.1/os-keypairs 1.190s
2025-03-06 07:33:58.896 69128 INFO tempest.lib.common.rest_client [req-9e9bdf42-acfe-4985-be16-51c14daf0921 req-9e9bdf42-acfe-4985-be16-51c14daf0921 ] Request (ServersV294TestFqdnHostnames:setUpClass): 200 GET http://10.180.1.21/compute/v2.1/servers/19adf5a8-58f3-4367-bf08-377dc06bd813 1.303s
2025-03-06 07:33:58.959 69138 INFO tempest.lib.common.rest_client [req-11073d0e-2c4c-4671-951b-4402ccb04d4e req-11073d0e-2c4c-4671-951b-4402ccb04d4e ] Request (ServerDiagnosticsNegativeTest:tearDownClass): 200 GET http://10.180.1.21/compute/v2.1/servers/7c883ceb-bd80-4e2d-8172-aa18125ef396 1.130s
2025-03-06 07:33:58.959 69150 INFO tempest.lib.common.rest_client [req-9034cb59-3337-48fe-99b5-073fe0b123a0 req-9034cb59-3337-48fe-99b5-073fe0b123a0 ] Request (HypervisorAdminV228Test:tearDownClass): 204 DELETE http://10.180.1.21/identity/v3/users/f8d236ff645c4373ab79a1851e38ad85 0.189s
2025-03-06 07:33:59.023 69148 INFO tempest.lib.common.rest_client [req-e1ac90c2-0d25-419b-8d6d-b3a56a962bda req-e1ac90c2-0d25-419b-8d6d-b3a56a962bda ] Request (ServerDiskConfigTestJSON:test_rebuild_server_with_auto_disk_config): 200 GET http://10.180.1.21/compute/v2.1/servers/43b53df0-1d55-46f2-a7ab-883dd380aa17 1.302s
2025-03-06 07:33:59.068 69150 INFO tempest.lib.common.rest_client [req-1a2e507a-0f81-4eed-8f0b-e7c7a1e88a7c req-1a2e507a-0f81-4eed-8f0b-e7c7a1e88a7c ] Request (HypervisorAdminV228Test:tearDownClass): 204 DELETE http://10.180.1.21/identity/v3/users/f9d5bdc201ef4da79fb103ff9054ebcf 0.109s
2025-03-06 07:33:59.069 69150 INFO tempest.lib.common.dynamic_creds [-] Deleting project and security group for project: e615d76d9ce84c79a2ebe8e480ee2d50
2025-03-06 07:33:59.102 69176 INFO tempest.lib.common.rest_client [req-ce396ea1-5116-4c9b-83cd-2e464ddda02b req-ce396ea1-5116-4c9b-83cd-2e464ddda02b ] Request (FloatingIPDetailsTestJSON:test_list_floating_ips): 200 GET http://10.180.1.21/compute/v2.1/os-floating-ips 1.269s
2025-03-06 07:33:59.103 69146 INFO tempest.lib.common.rest_client [req-34db0fee-7e56-4601-813e-a3b2c7113a5d req-34db0fee-7e56-4601-813e-a3b2c7113a5d ] Request (DeleteServersAdminTestJSON:test_admin_delete_servers_of_others): 200 GET http://10.180.1.21/compute/v2.1/servers/14a6193c-05be-493e-a1bb-75b7b31897ad 1.204s
2025-03-06 07:33:59.116 69174 INFO tempest.lib.common.rest_client [req-67532322-9d31-4264-a092-0c16cfbb9067 req-67532322-9d31-4264-a092-0c16cfbb9067 ] Request (FlavorsAdminTestJSON:_run_cleanups): 202 DELETE http://10.180.1.21/compute/v2.1/flavors/2127567708 1.085s
2025-03-06 07:33:59.151 69150 INFO tempest.lib.common.rest_client [req-f76e7f76-461f-4260-813f-e188bb809a7e req-f76e7f76-461f-4260-813f-e188bb809a7e ] Request (HypervisorAdminV228Test:tearDownClass): 201 POST http://10.180.1.21/identity/v3/auth/tokens 0.082s
2025-03-06 07:33:59.169 69132 INFO tempest.lib.common.rest_client [req-aff0b45f-be77-4ab3-ac97-f4437bd4caa6 req-aff0b45f-be77-4ab3-ac97-f4437bd4caa6 ] Request (InstanceActionsNegativeTestJSON:setUpClass): 200 GET http://10.180.1.21/compute/v2.1/servers/ce162796-7bf4-4602-b93d-0f91c636e411 1.043s
2025-03-06 07:33:59.216 69162 INFO tempest.lib.common.rest_client [req-2aa6510a-0f90-4d1d-9031-8b3a459051f6 req-2aa6510a-0f90-4d1d-9031-8b3a459051f6 ] Request (ImagesTestJSON:test_create_image_from_stopped_server): 200 GET http://10.180.1.21/compute/v2.1/images/d70aab4f-85d2-47c1-a464-b2eabb53fadd 0.894s
2025-03-06 07:33:59.257 69164 INFO tempest.lib.common.rest_client [req-9c228fc8-1369-48a7-8e00-e118ac3be0a0 req-9c228fc8-1369-48a7-8e00-e118ac3be0a0 ] Request (ServersAdminTestJSON:setUpClass): 200 GET http://10.180.1.21/compute/v2.1/servers/5f43c913-9f54-4d9e-954d-9e776a259a16 1.078s
2025-03-06 07:33:59.310 69152 INFO tempest.lib.common.rest_client [req-7b2daeab-79e8-4610-92df-0d68cdc7bbdb req-7b2daeab-79e8-4610-92df-0d68cdc7bbdb ] Request (AggregatesAdminNegativeTestJSON:test_aggregate_get_details_as_user): 403 GET http://10.180.1.21/compute/v2.1/os-aggregates/6 0.512s
2025-03-06 07:33:59.334 69164 INFO tempest.lib.common.rest_client [req-965e1242-4590-4077-bf44-fa81fe52a4ba req-965e1242-4590-4077-bf44-fa81fe52a4ba ] Request (ServersAdminTestJSON:test_create_server_with_scheduling_hint): 201 POST http://10.180.1.21/identity/v3/auth/tokens 0.060s
2025-03-06 07:33:59.335 69164 INFO tempest.lib.common.fixed_network [-] (ServersAdminTestJSON:test_create_server_with_scheduling_hint) Found network {'id': '192e5a07-4259-4585-8742-e7fce59f3648', 'name': 'tempest-ServersAdminTestJSON-1290491587-network', 'tenant_id': '64a51d9b18164b4db733fc73422dc07d', 'admin_state_up': True, 'mtu': 8950, 'status': 'ACTIVE', 'subnets': [], 'shared': False, 'project_id': '64a51d9b18164b4db733fc73422dc07d', 'port_security_enabled': True, 'router:external': False, 'provider:network_type': 'vlan', 'provider:physical_network': 'default', 'provider:segmentation_id': 836, 'availability_zone_hints': [], 'availability_zones': [], 'ipv4_address_scope': None, 'ipv6_address_scope': None, 'description': '', 'tags': [], 'created_at': '2025-03-06T07:33:10Z', 'updated_at': '2025-03-06T07:33:10Z', 'revision_number': 1} available for tenant
2025-03-06 07:33:59.377 69150 INFO tempest.lib.common.rest_client [req-9bfddefb-bc4d-4c2b-8294-927bd944d942 req-9bfddefb-bc4d-4c2b-8294-927bd944d942 ] Request (HypervisorAdminV228Test:tearDownClass): 200 GET http://10.180.1.21:9696/networking/v2.0/security-groups?tenant_id=e615d76d9ce84c79a2ebe8e480ee2d50&name=default 0.226s
2025-03-06 07:33:59.435 69122 INFO tempest.lib.common.rest_client [req-ec4f3314-3cc3-49c8-af0a-e823c4d8b250 req-ec4f3314-3cc3-49c8-af0a-e823c4d8b250 ] Request (VolumesAssistedSnapshotsTest:test_volume_assisted_snapshot_create_delete): 200 GET http://10.180.1.21/compute/v2.1/servers/3e0ad6f4-d2bc-40ff-a7d1-e7175c0c4839 1.080s
2025-03-06 07:33:59.470 69140 INFO tempest.lib.common.rest_client [req-4c683df6-c00a-4499-8557-148c30c81046 req-4c683df6-c00a-4499-8557-148c30c81046 ] Request (FlavorsAccessNegativeTestJSON:_run_cleanups): 200 GET http://10.180.1.21/compute/v2.1/flavors/detail 0.601s
2025-03-06 07:33:59.513 69168 INFO tempest.lib.common.rest_client [req-8ab0663f-125e-45ff-90b9-9faa4171ceee req-8ab0663f-125e-45ff-90b9-9faa4171ceee ] Request (SecurityGroupRulesNegativeTestJSON:_run_cleanups): 202 DELETE http://10.180.1.21/compute/v2.1/os-security-group-rules/a618ca6e-9350-4102-a5a7-7ae43a83b678 0.665s
2025-03-06 07:33:59.528 69150 INFO tempest.lib.common.rest_client [req-c260db6b-9b1a-4399-b2d0-1ec3c43e09f4 req-c260db6b-9b1a-4399-b2d0-1ec3c43e09f4 ] Request (HypervisorAdminV228Test:tearDownClass): 204 DELETE http://10.180.1.21:9696/networking/v2.0/security-groups/fc9a4864-fd9f-4016-9ce5-e926a0b86ecc 0.150s
2025-03-06 07:33:59.532 69180 INFO tempest.lib.common.rest_client [req-19db3872-52e4-4cb3-98ad-6450775bd428 req-19db3872-52e4-4cb3-98ad-6450775bd428 ] Request (KeyPairsNegativeTestJSON:test_keypair_create_with_invalid_pub_key): 400 POST http://10.180.1.21/compute/v2.1/os-keypairs 0.652s
2025-03-06 07:33:59.611 69158 INFO tempest.lib.common.rest_client [req-fcfe2f36-d426-4d25-8384-9b4cf3f82704 req-fcfe2f36-d426-4d25-8384-9b4cf3f82704 ] Request (ServerAddressesTestJSON:setUpClass): 200 GET http://10.180.1.21/compute/v2.1/servers/5c2f0de4-620b-40f8-b4ab-cad2c4cb3ebe 0.584s
2025-03-06 07:33:59.615 69140 INFO tempest.lib.common.rest_client [req-fc084a4b-32be-4e7d-90f2-512734690f41 req-fc084a4b-32be-4e7d-90f2-512734690f41 ] Request (FlavorsAccessNegativeTestJSON:tearDownClass): 204 DELETE http://10.180.1.21/identity/v3/users/6be3d7f46a884be5935d8533351465c2 0.124s
2025-03-06 07:33:59.619 69150 INFO tempest.lib.common.rest_client [req-6923db35-84fc-4e6c-803f-5cd1bb44430f req-6923db35-84fc-4e6c-803f-5cd1bb44430f ] Request (HypervisorAdminV228Test:tearDownClass): 204 DELETE http://10.180.1.21/identity/v3/projects/e615d76d9ce84c79a2ebe8e480ee2d50 0.090s
2025-03-06 07:33:59.619 69150 INFO tempest.lib.common.dynamic_creds [-] Deleting project and security group for project: 0d0cb5d389724b9eaf6603019e833859
2025-03-06 07:33:59.649 69170 INFO tempest.lib.common.rest_client [req-c4b7bc31-109c-4263-a688-4e9b5a3d4df5 req-c4b7bc31-109c-4263-a688-4e9b5a3d4df5 ] Request (FloatingIPsTestJSON:tearDownClass): 200 PUT http://10.180.1.21:9696/networking/v2.0/routers/22f0b85f-e299-4936-bafc-a44906d77376/remove_router_interface 1.361s
2025-03-06 07:33:59.757 69140 INFO tempest.lib.common.rest_client [req-f3ce5c50-a18b-469c-b30a-53f4f25427d5 req-f3ce5c50-a18b-469c-b30a-53f4f25427d5 ] Request (FlavorsAccessNegativeTestJSON:tearDownClass): 204 DELETE http://10.180.1.21/identity/v3/users/0300015364b8491e9443531683e2c8f6 0.140s
2025-03-06 07:33:59.783 69154 INFO tempest.lib.common.rest_client [req-f2af2f27-8bd8-41e1-80f6-77b545b0d576 req-f2af2f27-8bd8-41e1-80f6-77b545b0d576 ] Request (ServerRescueTestJSONUnderV235:setUpClass): 200 GET http://10.180.1.21/compute/v2.1/servers/ec3b9c58-b201-40ca-830b-29749bc54a83 0.826s
2025-03-06 07:33:59.821 69174 INFO tempest.lib.common.rest_client [req-53d7d15b-3f20-40dd-9883-835b0ddd49b4 req-53d7d15b-3f20-40dd-9883-835b0ddd49b4 ] Request (FlavorsAdminTestJSON:_run_cleanups): 200 GET http://10.180.1.21/compute/v2.1/flavors/detail 0.702s
2025-03-06 07:33:59.899 69150 INFO tempest.lib.common.rest_client [req-1b61e2c6-ab5c-4e7b-814d-e2f8fc82c651 req-1b61e2c6-ab5c-4e7b-814d-e2f8fc82c651 ] Request (HypervisorAdminV228Test:tearDownClass): 200 GET http://10.180.1.21:9696/networking/v2.0/security-groups?tenant_id=0d0cb5d389724b9eaf6603019e833859&name=default 0.279s
2025-03-06 07:33:59.916 69140 INFO tempest.lib.common.rest_client [req-b9dd903b-3c5f-43b1-888e-ce7276867528 req-b9dd903b-3c5f-43b1-888e-ce7276867528 ] Request (FlavorsAccessNegativeTestJSON:tearDownClass): 204 DELETE http://10.180.1.21/identity/v3/users/0a5937a700fb48b6bb1744c94d465142 0.159s
2025-03-06 07:33:59.917 69140 INFO tempest.lib.common.dynamic_creds [-] Deleting project and security group for project: 2e333334d2324b5ea96f0d5889c8123b
2025-03-06 07:33:59.930 69130 INFO tempest.lib.common.rest_client [req-ba2e1d18-0568-40c3-8091-3adb9738939a req-ba2e1d18-0568-40c3-8091-3adb9738939a ] Request (AttachInterfacesUnderV243Test:test_add_remove_fixed_ip): 200 GET http://10.180.1.21/compute/v2.1/servers/ebe265d5-d05d-48f6-a05a-5e79189d63a3 0.739s
2025-03-06 07:33:59.989 69140 INFO tempest.lib.common.rest_client [req-cca7195a-43f4-4dcb-a2b9-f3d982603488 req-cca7195a-43f4-4dcb-a2b9-f3d982603488 ] Request (FlavorsAccessNegativeTestJSON:tearDownClass): 201 POST http://10.180.1.21/identity/v3/auth/tokens 0.071s
2025-03-06 07:34:00.031 69142 INFO tempest.lib.common.rest_client [req-13a4c20d-15aa-4c10-8f84-c3ae5b91fc21 req-13a4c20d-15aa-4c10-8f84-c3ae5b91fc21 ] Request (ImagesOneServerNegativeTestJSON:setUpClass): 200 GET http://10.180.1.21/compute/v2.1/servers/79e3c13d-7711-4db4-bdf0-1ba78f6335d7 0.771s
2025-03-06 07:34:00.042 69142 INFO tempest.common.waiters [-] State transition "BUILD/scheduling" ==> "BUILD/None" after 5 second wait
2025-03-06 07:34:00.154 69120 INFO tempest.lib.common.rest_client [req-9c0f9bf4-ec3d-4dee-9766-948901bc6309 req-9c0f9bf4-ec3d-4dee-9766-948901bc6309 ] Request (ServerShowV254Test:test_rebuild_server): 200 GET http://10.180.1.21/compute/v2.1/servers/c3b6bea7-cbb0-459d-8096-8839bae26ad1 0.887s
