2025-03-06 04:48:58.137 68402 INFO tempest.lib.common.dynamic_creds [-] Acquired dynamic creds: credentials: Credentials: {'domain_id': 'default', 'domain_name': 'Default', 'username': 'tempest-InstanceUsageAuditLogTestJSON-904306243-project-admin', 'project_domain_id': 'default', 'project_domain_name': 'Default', 'project_id': 'd1bf6813151e477c9541f3a78a8a1e35', 'project_name': 'tempest-InstanceUsageAuditLogTestJSON-904306243', 'tenant_id': 'd1bf6813151e477c9541f3a78a8a1e35', 'tenant_name': 'tempest-InstanceUsageAuditLogTestJSON-904306243', 'user_domain_id': 'default', 'user_domain_name': 'Default', 'user_id': '8e61a9de1fb74edf83fe87d984778950', 'system': None}, Network: None, Subnet: None, Router: None
2025-03-06 04:48:58.137 68402 INFO tempest.lib.common.dynamic_creds [-] Created isolated network resources for: credentials: Credentials: {'domain_id': 'default', 'domain_name': 'Default', 'username': 'tempest-InstanceUsageAuditLogTestJSON-904306243-project-admin', 'project_domain_id': 'default', 'project_domain_name': 'Default', 'project_id': 'd1bf6813151e477c9541f3a78a8a1e35', 'project_name': 'tempest-InstanceUsageAuditLogTestJSON-904306243', 'tenant_id': 'd1bf6813151e477c9541f3a78a8a1e35', 'tenant_name': 'tempest-InstanceUsageAuditLogTestJSON-904306243', 'user_domain_id': 'default', 'user_domain_name': 'Default', 'user_id': '8e61a9de1fb74edf83fe87d984778950', 'system': None}, Network: None, Subnet: None, Router: None
2025-03-06 04:48:58.144 68412 INFO tempest.lib.common.rest_client [req-f9fcb600-b4aa-4c5c-bbde-300270863a68 req-f9fcb600-b4aa-4c5c-bbde-300270863a68 ] Request (FlavorsAdminTestJSON:_run_cleanups): 200 GET http://10.180.1.21/compute/v2.1/flavors/detail 0.046s
2025-03-06 04:48:58.160 68414 INFO tempest.lib.common.rest_client [req-6c9ce3ca-c07c-423e-808b-22c620e9de19 req-6c9ce3ca-c07c-423e-808b-22c620e9de19 ] Request (HypervisorAdminTestJSON:test_get_hypervisor_show_details): 200 GET http://10.180.1.21/compute/v2.1/os-hypervisors/1 0.034s
2025-03-06 04:48:58.178 68412 INFO tempest.lib.common.rest_client [req-aaf17449-4503-444c-83e3-f677862c163c req-aaf17449-4503-444c-83e3-f677862c163c ] Request (FlavorsAdminTestJSON:test_is_public_string_variations): 200 POST http://10.180.1.21/compute/v2.1/flavors 0.026s
2025-03-06 04:48:58.181 68436 INFO tempest.lib.common.rest_client [req-0dbd5478-01dd-48dc-a51c-b9f79fe162ed req-0dbd5478-01dd-48dc-a51c-b9f79fe162ed ] Request (NetworksTest:setUpClass): 201 POST http://10.180.1.21/identity/v3/auth/tokens 0.672s
2025-03-06 04:48:58.193 68414 INFO tempest.lib.common.rest_client [req-a91ccc2c-eadf-4220-a3b1-cdedb25a29e8 req-a91ccc2c-eadf-4220-a3b1-cdedb25a29e8 ] Request (HypervisorAdminTestJSON:test_get_hypervisor_stats): 200 GET http://10.180.1.21/compute/v2.1/os-hypervisors/statistics 0.027s
2025-03-06 04:48:58.207 68412 INFO tempest.lib.common.rest_client [req-06bfdad7-3bf5-4ac9-819b-51c915c0961d req-06bfdad7-3bf5-4ac9-819b-51c915c0961d ] Request (FlavorsAdminTestJSON:test_is_public_string_variations): 200 POST http://10.180.1.21/compute/v2.1/flavors 0.025s
2025-03-06 04:48:58.210 68400 INFO tempest.lib.common.rest_client [req-712a3a65-68f8-45d5-a579-0d0a5c706105 req-712a3a65-68f8-45d5-a579-0d0a5c706105 ] Request (ServicesAdminTestJSON:setUpClass): 201 POST http://10.180.1.21/identity/v3/auth/tokens 0.648s
2025-03-06 04:48:58.248 68433 INFO tempest.lib.common.rest_client [req-c6476dba-cc19-4738-b220-271d1520e027 req-c6476dba-cc19-4738-b220-271d1520e027 ] Request (QuotaClassesAdminTestJSON:setUpClass): 201 POST http://10.180.1.21/identity/v3/auth/tokens 0.619s
2025-03-06 04:48:58.290 68418 INFO tempest.lib.common.rest_client [req-e4802eea-3002-42b4-89f5-6d86ebc0b8de req-e4802eea-3002-42b4-89f5-6d86ebc0b8de ] Request (QuotasAdminTestJSON:setUpClass): 204 PUT http://10.180.1.21/identity/v3/projects/7fe0188f950d4bb1b843bfe566e93639/users/5ff1e523abf840afb6deefa24387ff9f/roles/72140a1b82034de9873ee1b9496e9aa7 0.608s
2025-03-06 04:48:58.291 68418 INFO tempest.lib.common.dynamic_creds [-] Dynamic test user 5ff1e523abf840afb6deefa24387ff9f is created with scope project and roles: ['admin']
2025-03-06 04:48:58.291 68418 INFO tempest.lib.common.dynamic_creds [-] Acquired dynamic creds: credentials: Credentials: {'domain_id': 'default', 'domain_name': 'Default', 'username': 'tempest-QuotasAdminTestJSON-1684303320-project-admin', 'project_domain_id': 'default', 'project_domain_name': 'Default', 'project_id': '7fe0188f950d4bb1b843bfe566e93639', 'project_name': 'tempest-QuotasAdminTestJSON-1684303320', 'tenant_id': '7fe0188f950d4bb1b843bfe566e93639', 'tenant_name': 'tempest-QuotasAdminTestJSON-1684303320', 'user_domain_id': 'default', 'user_domain_name': 'Default', 'user_id': '5ff1e523abf840afb6deefa24387ff9f', 'system': None}, Network: None, Subnet: None, Router: None
2025-03-06 04:48:58.291 68418 INFO tempest.lib.common.dynamic_creds [-] Created isolated network resources for: credentials: Credentials: {'domain_id': 'default', 'domain_name': 'Default', 'username': 'tempest-QuotasAdminTestJSON-1684303320-project-admin', 'project_domain_id': 'default', 'project_domain_name': 'Default', 'project_id': '7fe0188f950d4bb1b843bfe566e93639', 'project_name': 'tempest-QuotasAdminTestJSON-1684303320', 'tenant_id': '7fe0188f950d4bb1b843bfe566e93639', 'tenant_name': 'tempest-QuotasAdminTestJSON-1684303320', 'user_domain_id': 'default', 'user_domain_name': 'Default', 'user_id': '5ff1e523abf840afb6deefa24387ff9f', 'system': None}, Network: None, Subnet: None, Router: None
2025-03-06 04:48:58.348 68422 INFO tempest.lib.common.rest_client [req-12ab321a-86f4-4775-af3c-a205ec8de06a req-12ab321a-86f4-4775-af3c-a205ec8de06a ] Request (ServersAdmin275Test:setUpClass): 204 PUT http://10.180.1.21/identity/v3/projects/48abae891c4a4fce98101a08152caa36/users/0712238a3fa34bd184f21ed93c5ad249/roles/72140a1b82034de9873ee1b9496e9aa7 0.572s
2025-03-06 04:48:58.349 68422 INFO tempest.lib.common.dynamic_creds [-] Dynamic test user 0712238a3fa34bd184f21ed93c5ad249 is created with scope project and roles: ['admin']
2025-03-06 04:48:58.349 68422 INFO tempest.lib.common.dynamic_creds [-] Acquired dynamic creds: credentials: Credentials: {'domain_id': 'default', 'domain_name': 'Default', 'username': 'tempest-ServersAdmin275Test-2019509329-project-admin', 'project_domain_id': 'default', 'project_domain_name': 'Default', 'project_id': '48abae891c4a4fce98101a08152caa36', 'project_name': 'tempest-ServersAdmin275Test-2019509329', 'tenant_id': '48abae891c4a4fce98101a08152caa36', 'tenant_name': 'tempest-ServersAdmin275Test-2019509329', 'user_domain_id': 'default', 'user_domain_name': 'Default', 'user_id': '0712238a3fa34bd184f21ed93c5ad249', 'system': None}, Network: None, Subnet: None, Router: None
2025-03-06 04:48:58.349 68422 INFO tempest.lib.common.dynamic_creds [-] Created isolated network resources for: credentials: Credentials: {'domain_id': 'default', 'domain_name': 'Default', 'username': 'tempest-ServersAdmin275Test-2019509329-project-admin', 'project_domain_id': 'default', 'project_domain_name': 'Default', 'project_id': '48abae891c4a4fce98101a08152caa36', 'project_name': 'tempest-ServersAdmin275Test-2019509329', 'tenant_id': '48abae891c4a4fce98101a08152caa36', 'tenant_name': 'tempest-ServersAdmin275Test-2019509329', 'user_domain_id': 'default', 'user_domain_name': 'Default', 'user_id': '0712238a3fa34bd184f21ed93c5ad249', 'system': None}, Network: None, Subnet: None, Router: None
2025-03-06 04:48:58.353 68408 INFO tempest.lib.common.rest_client [req-5e8a4b61-3b9c-4009-b3ce-bdfb510fa65e req-5e8a4b61-3b9c-4009-b3ce-bdfb510fa65e ] Request (AZAdminNegativeTestJSON:setUpClass): 201 POST http://10.180.1.21/identity/v3/auth/tokens 0.626s
2025-03-06 04:48:58.368 68450 INFO tempest.lib.common.rest_client [req-af11e7c2-018c-42f9-9125-a7004c22d422 req-af11e7c2-018c-42f9-9125-a7004c22d422 ] Request (ServersTestManualDisk:setUpClass): 200 PUT http://10.180.1.21:9696/networking/v2.0/routers/4957aae9-4ce5-4b87-8a96-08b9d6a1e8bc/add_router_interface 2.620s
2025-03-06 04:48:58.368 68450 INFO tempest.lib.common.dynamic_creds [-] Created isolated network resources for: credentials: Credentials: {'domain_id': 'default', 'domain_name': 'Default', 'username': 'tempest-ServersTestManualDisk-984063323-project-member', 'project_domain_id': 'default', 'project_domain_name': 'Default', 'project_id': '58f5500800214828bcc38f5acbea48bc', 'project_name': 'tempest-ServersTestManualDisk-984063323', 'tenant_id': '58f5500800214828bcc38f5acbea48bc', 'tenant_name': 'tempest-ServersTestManualDisk-984063323', 'user_domain_id': 'default', 'user_domain_name': 'Default', 'user_id': 'd884f0c8725044d0bbd06d0454232453', 'system': None}, Network: {'id': 'cacfa567-4f66-4402-b683-533022b94d95', 'name': 'tempest-ServersTestManualDisk-848066327-network', 'tenant_id': '58f5500800214828bcc38f5acbea48bc', 'admin_state_up': True, 'mtu': 8950, 'status': 'ACTIVE', 'subnets': [], 'shared': False, 'project_id': '58f5500800214828bcc38f5acbea48bc', 'port_security_enabled': True, 'router:external': False, 'provider:network_type': 'vlan', 'provider:physical_network': 'default', 'provider:segmentation_id': 985, 'availability_zone_hints': [], 'availability_zones': [], 'ipv4_address_scope': None, 'ipv6_address_scope': None, 'description': '', 'tags': [], 'created_at': '2025-03-06T04:48:54Z', 'updated_at': '2025-03-06T04:48:54Z', 'revision_number': 1}, Subnet: {'id': '3b4b52f0-60ef-48ca-b1f4-54ab3b61610d', 'name': 'tempest-ServersTestManualDisk-848066327-subnet', 'tenant_id': '58f5500800214828bcc38f5acbea48bc', 'network_id': 'cacfa567-4f66-4402-b683-533022b94d95', 'ip_version': 4, 'subnetpool_id': None, 'enable_dhcp': True, 'ipv6_ra_mode': None, 'ipv6_address_mode': None, 'gateway_ip': '192.168.128.1', 'cidr': '192.168.128.0/28', 'allocation_pools': [{'start': '192.168.128.2', 'end': '192.168.128.14'}], 'host_routes': [], 'dns_nameservers': [], 'description': '', 'router:external': False, 'service_types': [], 'tags': [], 'created_at': '2025-03-06T04:48:55Z', 'updated_at': '2025-03-06T04:48:55Z', 'revision_number': 0, 'project_id': '58f5500800214828bcc38f5acbea48bc'}, Router: {'id': '4957aae9-4ce5-4b87-8a96-08b9d6a1e8bc', 'name': 'tempest-ServersTestManualDisk-848066327-router', 'tenant_id': '58f5500800214828bcc38f5acbea48bc', 'admin_state_up': True, 'status': 'ACTIVE', 'external_gateway_info': {'network_id': '775865c6-8cae-44de-9a00-372a10999bdd', 'external_fixed_ips': [{'subnet_id': '0046b619-28e5-4d41-bd3a-4d0d69d75654', 'ip_address': '10.180.180.249'}], 'enable_snat': True}, 'description': '', 'availability_zones': [], 'distributed': False, 'ha': False, 'availability_zone_hints': [], 'routes': [], 'flavor_id': None, 'tags': [], 'created_at': '2025-03-06T04:48:55Z', 'updated_at': '2025-03-06T04:48:55Z', 'revision_number': 2, 'project_id': '58f5500800214828bcc38f5acbea48bc'}
2025-03-06 04:48:58.373 68424 INFO tempest.lib.common.rest_client [req-a6bd423a-eb1a-4d62-8c4b-117b2ee69e74 req-a6bd423a-eb1a-4d62-8c4b-117b2ee69e74 ] Request (DeleteServersTestJSON:setUpClass): 201 POST http://10.180.1.21:9696/networking/v2.0/routers 1.484s
2025-03-06 04:48:58.423 68442 INFO tempest.lib.common.rest_client [req-c3c75711-7f72-45b4-9618-89d60859ae33 req-c3c75711-7f72-45b4-9618-89d60859ae33 ] Request (InstanceUsageAuditLogNegativeTestJSON:setUpClass): 204 PUT http://10.180.1.21/identity/v3/projects/4fa882b109af471c817040a6e87f7d38/users/7fb5e8a09a7745d89a141e210abc6988/roles/72140a1b82034de9873ee1b9496e9aa7 0.627s
2025-03-06 04:48:58.424 68442 INFO tempest.lib.common.dynamic_creds [-] Dynamic test user 7fb5e8a09a7745d89a141e210abc6988 is created with scope project and roles: ['admin']
2025-03-06 04:48:58.424 68442 INFO tempest.lib.common.dynamic_creds [-] Acquired dynamic creds: credentials: Credentials: {'domain_id': 'default', 'domain_name': 'Default', 'username': 'tempest-InstanceUsageAuditLogNegativeTestJSON-1240010045-project-admin', 'project_domain_id': 'default', 'project_domain_name': 'Default', 'project_id': '4fa882b109af471c817040a6e87f7d38', 'project_name': 'tempest-InstanceUsageAuditLogNegativeTestJSON-1240010045', 'tenant_id': '4fa882b109af471c817040a6e87f7d38', 'tenant_name': 'tempest-InstanceUsageAuditLogNegativeTestJSON-1240010045', 'user_domain_id': 'default', 'user_domain_name': 'Default', 'user_id': '7fb5e8a09a7745d89a141e210abc6988', 'system': None}, Network: None, Subnet: None, Router: None
2025-03-06 04:48:58.424 68442 INFO tempest.lib.common.dynamic_creds [-] Created isolated network resources for: credentials: Credentials: {'domain_id': 'default', 'domain_name': 'Default', 'username': 'tempest-InstanceUsageAuditLogNegativeTestJSON-1240010045-project-admin', 'project_domain_id': 'default', 'project_domain_name': 'Default', 'project_id': '4fa882b109af471c817040a6e87f7d38', 'project_name': 'tempest-InstanceUsageAuditLogNegativeTestJSON-1240010045', 'tenant_id': '4fa882b109af471c817040a6e87f7d38', 'tenant_name': 'tempest-InstanceUsageAuditLogNegativeTestJSON-1240010045', 'user_domain_id': 'default', 'user_domain_name': 'Default', 'user_id': '7fb5e8a09a7745d89a141e210abc6988', 'system': None}, Network: None, Subnet: None, Router: None
2025-03-06 04:48:58.439 68444 INFO tempest.lib.common.rest_client [req-48fdf836-d409-4075-87ca-ef8c3764047e req-48fdf836-d409-4075-87ca-ef8c3764047e ] Request (FlavorsExtraSpecsTestJSON:setUpClass): 201 POST http://10.180.1.21/identity/v3/auth/tokens 0.618s
2025-03-06 04:48:58.487 68428 INFO tempest.lib.common.rest_client [req-dcc61b27-5e0d-417d-bcfc-55cf7c22657d req-dcc61b27-5e0d-417d-bcfc-55cf7c22657d ] Request (QuotaClassesAdmin257Test:setUpClass): 204 PUT http://10.180.1.21/identity/v3/projects/2dc47f68a8c74300840ed004d106f5df/users/428f260baab647258af667bb830b57c0/roles/72140a1b82034de9873ee1b9496e9aa7 0.617s
2025-03-06 04:48:58.488 68428 INFO tempest.lib.common.dynamic_creds [-] Dynamic test user 428f260baab647258af667bb830b57c0 is created with scope project and roles: ['admin']
2025-03-06 04:48:58.489 68428 INFO tempest.lib.common.dynamic_creds [-] Acquired dynamic creds: credentials: Credentials: {'domain_id': 'default', 'domain_name': 'Default', 'username': 'tempest-QuotaClassesAdmin257Test-1901886133-project-admin', 'project_domain_id': 'default', 'project_domain_name': 'Default', 'project_id': '2dc47f68a8c74300840ed004d106f5df', 'project_name': 'tempest-QuotaClassesAdmin257Test-1901886133', 'tenant_id': '2dc47f68a8c74300840ed004d106f5df', 'tenant_name': 'tempest-QuotaClassesAdmin257Test-1901886133', 'user_domain_id': 'default', 'user_domain_name': 'Default', 'user_id': '428f260baab647258af667bb830b57c0', 'system': None}, Network: None, Subnet: None, Router: None
2025-03-06 04:48:58.489 68428 INFO tempest.lib.common.dynamic_creds [-] Created isolated network resources for: credentials: Credentials: {'domain_id': 'default', 'domain_name': 'Default', 'username': 'tempest-QuotaClassesAdmin257Test-1901886133-project-admin', 'project_domain_id': 'default', 'project_domain_name': 'Default', 'project_id': '2dc47f68a8c74300840ed004d106f5df', 'project_name': 'tempest-QuotaClassesAdmin257Test-1901886133', 'tenant_id': '2dc47f68a8c74300840ed004d106f5df', 'tenant_name': 'tempest-QuotaClassesAdmin257Test-1901886133', 'user_domain_id': 'default', 'user_domain_name': 'Default', 'user_id': '428f260baab647258af667bb830b57c0', 'system': None}, Network: None, Subnet: None, Router: None
2025-03-06 04:48:58.517 68420 INFO tempest.lib.common.rest_client [req-ebddcbd3-e1bc-4b13-b7b0-632a9c4422ff req-ebddcbd3-e1bc-4b13-b7b0-632a9c4422ff ] Request (FlavorsAccessNegativeTestJSON:setUpClass): 201 POST http://10.180.1.21/identity/v3/projects 0.633s
2025-03-06 04:48:58.550 68440 INFO tempest.lib.common.rest_client [req-3a675bdf-08ed-4b6d-b6be-7aa4bef4ed59 req-3a675bdf-08ed-4b6d-b6be-7aa4bef4ed59 ] Request (VolumesAssistedSnapshotsTest:setUpClass): 201 POST http://10.180.1.21:9696/networking/v2.0/routers 2.075s
2025-03-06 04:48:58.566 68454 INFO tempest.lib.common.rest_client [req-8da727da-c1a8-4926-9008-3b8a12394026 req-8da727da-c1a8-4926-9008-3b8a12394026 ] Request (QuotasAdminTestV257:setUpClass): 201 POST http://10.180.1.21/identity/v3/auth/tokens 0.674s
2025-03-06 04:48:58.567 68454 WARNING tempest.lib.common.rest_client [-] Deprecated: "tenant_id" property is deprecated for removal, use "project_id" instead
2025-03-06 04:48:58.570 68434 INFO tempest.lib.common.rest_client [req-e09d52d8-3262-480c-8343-a1f68bf46f6e req-e09d52d8-3262-480c-8343-a1f68bf46f6e ] Request (FlavorsAccessTestJSON:setUpClass): 204 PUT http://10.180.1.21/identity/v3/projects/f55b36df47d04ed29a52e0cf299b004d/users/6ade8b5cb93548a399ffa3686b2945ad/roles/72140a1b82034de9873ee1b9496e9aa7 0.634s
2025-03-06 04:48:58.570 68434 INFO tempest.lib.common.dynamic_creds [-] Dynamic test user 6ade8b5cb93548a399ffa3686b2945ad is created with scope project and roles: ['admin']
2025-03-06 04:48:58.570 68434 INFO tempest.lib.common.dynamic_creds [-] Acquired dynamic creds: credentials: Credentials: {'domain_id': 'default', 'domain_name': 'Default', 'username': 'tempest-FlavorsAccessTestJSON-563653762-project-admin', 'project_domain_id': 'default', 'project_domain_name': 'Default', 'project_id': 'f55b36df47d04ed29a52e0cf299b004d', 'project_name': 'tempest-FlavorsAccessTestJSON-563653762', 'tenant_id': 'f55b36df47d04ed29a52e0cf299b004d', 'tenant_name': 'tempest-FlavorsAccessTestJSON-563653762', 'user_domain_id': 'default', 'user_domain_name': 'Default', 'user_id': '6ade8b5cb93548a399ffa3686b2945ad', 'system': None}, Network: None, Subnet: None, Router: None
2025-03-06 04:48:58.571 68434 INFO tempest.lib.common.dynamic_creds [-] Created isolated network resources for: credentials: Credentials: {'domain_id': 'default', 'domain_name': 'Default', 'username': 'tempest-FlavorsAccessTestJSON-563653762-project-admin', 'project_domain_id': 'default', 'project_domain_name': 'Default', 'project_id': 'f55b36df47d04ed29a52e0cf299b004d', 'project_name': 'tempest-FlavorsAccessTestJSON-563653762', 'tenant_id': 'f55b36df47d04ed29a52e0cf299b004d', 'tenant_name': 'tempest-FlavorsAccessTestJSON-563653762', 'user_domain_id': 'default', 'user_domain_name': 'Default', 'user_id': '6ade8b5cb93548a399ffa3686b2945ad', 'system': None}, Network: None, Subnet: None, Router: None
2025-03-06 04:48:58.614 68426 INFO tempest.lib.common.rest_client [req-90bff4e4-a5bb-4763-9176-36328b4eeb29 req-90bff4e4-a5bb-4763-9176-36328b4eeb29 ] Request (FlavorsExtraSpecsNegativeTestJSON:setUpClass): 204 PUT http://10.180.1.21/identity/v3/projects/d3f57a1b4b8e42b295d88185406bb797/users/2d74bf07619d4bd08203f74fc5c2b468/roles/72140a1b82034de9873ee1b9496e9aa7 0.675s
2025-03-06 04:48:58.615 68426 INFO tempest.lib.common.dynamic_creds [-] Dynamic test user 2d74bf07619d4bd08203f74fc5c2b468 is created with scope project and roles: ['admin']
2025-03-06 04:48:58.615 68426 INFO tempest.lib.common.dynamic_creds [-] Acquired dynamic creds: credentials: Credentials: {'domain_id': 'default', 'domain_name': 'Default', 'username': 'tempest-FlavorsExtraSpecsNegativeTestJSON-403590519-project-admin', 'project_domain_id': 'default', 'project_domain_name': 'Default', 'project_id': 'd3f57a1b4b8e42b295d88185406bb797', 'project_name': 'tempest-FlavorsExtraSpecsNegativeTestJSON-403590519', 'tenant_id': 'd3f57a1b4b8e42b295d88185406bb797', 'tenant_name': 'tempest-FlavorsExtraSpecsNegativeTestJSON-403590519', 'user_domain_id': 'default', 'user_domain_name': 'Default', 'user_id': '2d74bf07619d4bd08203f74fc5c2b468', 'system': None}, Network: None, Subnet: None, Router: None
2025-03-06 04:48:58.615 68426 INFO tempest.lib.common.dynamic_creds [-] Created isolated network resources for: credentials: Credentials: {'domain_id': 'default', 'domain_name': 'Default', 'username': 'tempest-FlavorsExtraSpecsNegativeTestJSON-403590519-project-admin', 'project_domain_id': 'default', 'project_domain_name': 'Default', 'project_id': 'd3f57a1b4b8e42b295d88185406bb797', 'project_name': 'tempest-FlavorsExtraSpecsNegativeTestJSON-403590519', 'tenant_id': 'd3f57a1b4b8e42b295d88185406bb797', 'tenant_name': 'tempest-FlavorsExtraSpecsNegativeTestJSON-403590519', 'user_domain_id': 'default', 'user_domain_name': 'Default', 'user_id': '2d74bf07619d4bd08203f74fc5c2b468', 'system': None}, Network: None, Subnet: None, Router: None
2025-03-06 04:48:58.621 68452 INFO tempest.lib.common.rest_client [req-773b7bb9-c3e1-4870-93a9-f89bb81ca56c req-773b7bb9-c3e1-4870-93a9-f89bb81ca56c ] Request (SecurityGroupsNegativeTestJSON:setUpClass): 200 PUT http://10.180.1.21:9696/networking/v2.0/routers/7289e930-fe12-42a1-bd4d-046a8d5a397a/add_router_interface 1.858s
2025-03-06 04:48:58.621 68452 INFO tempest.lib.common.dynamic_creds [-] Created isolated network resources for: credentials: Credentials: {'domain_id': 'default', 'domain_name': 'Default', 'username': 'tempest-SecurityGroupsNegativeTestJSON-351666622-project-member', 'project_domain_id': 'default', 'project_domain_name': 'Default', 'project_id': '41405308e398467ca4ea20cfe9c0189a', 'project_name': 'tempest-SecurityGroupsNegativeTestJSON-351666622', 'tenant_id': '41405308e398467ca4ea20cfe9c0189a', 'tenant_name': 'tempest-SecurityGroupsNegativeTestJSON-351666622', 'user_domain_id': 'default', 'user_domain_name': 'Default', 'user_id': 'fd749a1fcc344bb6a0e9705983eb3d0b', 'system': None}, Network: {'id': 'b6a93d55-d2cd-4f09-bc33-c7e72286abfe', 'name': 'tempest-SecurityGroupsNegativeTestJSON-1859795513-network', 'tenant_id': '41405308e398467ca4ea20cfe9c0189a', 'admin_state_up': True, 'mtu': 8950, 'status': 'ACTIVE', 'subnets': [], 'shared': False, 'project_id': '41405308e398467ca4ea20cfe9c0189a', 'port_security_enabled': True, 'router:external': False, 'provider:network_type': 'vlan', 'provider:physical_network': 'default', 'provider:segmentation_id': 770, 'availability_zone_hints': [], 'availability_zones': [], 'ipv4_address_scope': None, 'ipv6_address_scope': None, 'description': '', 'tags': [], 'created_at': '2025-03-06T04:48:55Z', 'updated_at': '2025-03-06T04:48:55Z', 'revision_number': 1}, Subnet: {'id': '7a6d9980-c810-4c29-9d8d-6a8c4d95450f', 'name': 'tempest-SecurityGroupsNegativeTestJSON-1859795513-subnet', 'tenant_id': '41405308e398467ca4ea20cfe9c0189a', 'network_id': 'b6a93d55-d2cd-4f09-bc33-c7e72286abfe', 'ip_version': 4, 'subnetpool_id': None, 'enable_dhcp': True, 'ipv6_ra_mode': None, 'ipv6_address_mode': None, 'gateway_ip': '192.168.128.1', 'cidr': '192.168.128.0/28', 'allocation_pools': [{'start': '192.168.128.2', 'end': '192.168.128.14'}], 'host_routes': [], 'dns_nameservers': [], 'description': '', 'router:external': False, 'service_types': [], 'tags': [], 'created_at': '2025-03-06T04:48:55Z', 'updated_at': '2025-03-06T04:48:55Z', 'revision_number': 0, 'project_id': '41405308e398467ca4ea20cfe9c0189a'}, Router: {'id': '7289e930-fe12-42a1-bd4d-046a8d5a397a', 'name': 'tempest-SecurityGroupsNegativeTestJSON-1859795513-router', 'tenant_id': '41405308e398467ca4ea20cfe9c0189a', 'admin_state_up': True, 'status': 'ACTIVE', 'external_gateway_info': {'network_id': '775865c6-8cae-44de-9a00-372a10999bdd', 'external_fixed_ips': [{'subnet_id': '0046b619-28e5-4d41-bd3a-4d0d69d75654', 'ip_address': '10.180.180.134'}], 'enable_snat': True}, 'description': '', 'availability_zones': [], 'distributed': False, 'ha': False, 'availability_zone_hints': [], 'routes': [], 'flavor_id': None, 'tags': [], 'created_at': '2025-03-06T04:48:55Z', 'updated_at': '2025-03-06T04:48:56Z', 'revision_number': 2, 'project_id': '41405308e398467ca4ea20cfe9c0189a'}
2025-03-06 04:48:58.631 68430 INFO tempest.lib.common.rest_client [req-631da1d3-6d35-4744-95d5-1f1b70485522 req-631da1d3-6d35-4744-95d5-1f1b70485522 ] Request (ServerExternalEventsTest:setUpClass): 201 POST http://10.180.1.21/identity/v3/auth/tokens 0.677s
2025-03-06 04:48:58.675 68392 INFO tempest.lib.common.rest_client [req-ca1007aa-1a6f-49d7-a050-d813ef4e1aa8 req-ca1007aa-1a6f-49d7-a050-d813ef4e1aa8 ] Request (HypervisorAdminNegativeTestJSON:setUpClass): 201 POST http://10.180.1.21/identity/v3/auth/tokens 0.676s
2025-03-06 04:48:58.691 68416 INFO tempest.lib.common.rest_client [req-1dbc8daf-3613-4f4b-af99-319c523e70f5 req-1dbc8daf-3613-4f4b-af99-319c523e70f5 ] Request (AggregatesAdminNegativeTestJSON:setUpClass): 201 POST http://10.180.1.21/identity/v3/auth/tokens 0.684s
2025-03-06 04:48:58.743 68398 INFO tempest.lib.common.rest_client [req-43b7a611-3b4e-49c6-befc-b3454ff987b3 req-43b7a611-3b4e-49c6-befc-b3454ff987b3 ] Request (FlavorMetadataValidation:setUpClass): 201 POST http://10.180.1.21/identity/v3/auth/tokens 0.689s
2025-03-06 04:48:58.754 68410 INFO tempest.lib.common.rest_client [req-8dbdad69-901a-471e-a014-0c06aeabc564 req-8dbdad69-901a-471e-a014-0c06aeabc564 ] Request (KeyPairsV210TestJSON:setUpClass): 201 POST http://10.180.1.21/identity/v3/auth/tokens 0.700s
2025-03-06 04:48:58.775 68446 INFO tempest.lib.common.rest_client [req-3ae753e3-bc7b-4593-85d1-608d911e5861 req-3ae753e3-bc7b-4593-85d1-608d911e5861 ] Request (ServersWithSpecificFlavorTestJSON:setUpClass): 201 POST http://10.180.1.21:9696/networking/v2.0/routers 1.819s
2025-03-06 04:48:58.838 68406 INFO tempest.lib.common.rest_client [req-f1a8de07-4333-450d-8704-a0f9a9457061 req-f1a8de07-4333-450d-8704-a0f9a9457061 ] Request (AZAdminV2TestJSON:tearDownClass): 204 DELETE http://10.180.1.21/identity/v3/projects/314d1d33287d47abbb5378be149951c8 0.760s
2025-03-06 04:48:58.846 68438 INFO tempest.lib.common.rest_client [req-78be73a8-06f1-4e35-926b-9dff43720bac req-78be73a8-06f1-4e35-926b-9dff43720bac ] Request (HypervisorAdminNegativeUnderV252Test:tearDownClass): 204 DELETE http://10.180.1.21/identity/v3/users/6a359492c0ae46db90d0c65e8f22070c 0.737s
2025-03-06 04:48:58.914 68402 INFO tempest.lib.common.rest_client [req-a7019989-5110-496a-9ebf-47c80f589cef req-a7019989-5110-496a-9ebf-47c80f589cef ] Request (InstanceUsageAuditLogTestJSON:setUpClass): 201 POST http://10.180.1.21/identity/v3/auth/tokens 0.772s
2025-03-06 04:48:59.005 68414 INFO tempest.lib.common.rest_client [req-98a8660a-ccc1-40b0-a22e-46a2415187bf req-98a8660a-ccc1-40b0-a22e-46a2415187bf ] Request (HypervisorAdminTestJSON:tearDownClass): 204 DELETE http://10.180.1.21/identity/v3/users/d9a1148610eb4aaf8e3a7d21c2122dfc 0.809s
2025-03-06 04:48:59.072 68418 INFO tempest.lib.common.rest_client [req-3da9fb7b-377a-4a02-a1fb-cc6b931f33d8 req-3da9fb7b-377a-4a02-a1fb-cc6b931f33d8 ] Request (QuotasAdminTestJSON:setUpClass): 201 POST http://10.180.1.21/identity/v3/auth/tokens 0.778s
2025-03-06 04:48:59.073 68418 WARNING tempest.lib.common.rest_client [-] Deprecated: "tenant_id" property is deprecated for removal, use "project_id" instead
2025-03-06 04:48:59.136 68422 INFO tempest.lib.common.rest_client [req-b0749e6b-8333-48ab-a2e0-325b2b0d2473 req-b0749e6b-8333-48ab-a2e0-325b2b0d2473 ] Request (ServersAdmin275Test:setUpClass): 201 POST http://10.180.1.21/identity/v3/auth/tokens 0.783s
2025-03-06 04:48:59.152 68442 INFO tempest.lib.common.rest_client [req-a75fdd21-87e6-48af-bc6c-e84da4b023a0 req-a75fdd21-87e6-48af-bc6c-e84da4b023a0 ] Request (InstanceUsageAuditLogNegativeTestJSON:setUpClass): 201 POST http://10.180.1.21/identity/v3/auth/tokens 0.722s
2025-03-06 04:48:59.196 68450 INFO tempest.lib.common.rest_client [req-51edc97c-e324-47bd-a29a-6885cf991664 req-51edc97c-e324-47bd-a29a-6885cf991664 ] Request (ServersTestManualDisk:setUpClass): 201 POST http://10.180.1.21/identity/v3/auth/tokens 0.764s
2025-03-06 04:48:59.218 68428 INFO tempest.lib.common.rest_client [req-45053925-77fe-4ce4-9e43-5ab09c7c2ed3 req-45053925-77fe-4ce4-9e43-5ab09c7c2ed3 ] Request (QuotaClassesAdmin257Test:setUpClass): 201 POST http://10.180.1.21/identity/v3/auth/tokens 0.727s
2025-03-06 04:48:59.255 68420 INFO tempest.lib.common.rest_client [req-10f6a88e-6be3-48e9-b74d-907296886d7d req-10f6a88e-6be3-48e9-b74d-907296886d7d ] Request (FlavorsAccessNegativeTestJSON:setUpClass): 201 POST http://10.180.1.21/identity/v3/users 0.737s
2025-03-06 04:48:59.276 68424 INFO tempest.lib.common.rest_client [req-d2a119f6-7c70-48a5-b448-5cb8a058edaf req-d2a119f6-7c70-48a5-b448-5cb8a058edaf ] Request (DeleteServersTestJSON:setUpClass): 200 PUT http://10.180.1.21:9696/networking/v2.0/routers/32df03d5-655f-4c1d-871e-f9b623f3538c/add_router_interface 0.903s
2025-03-06 04:48:59.276 68424 INFO tempest.lib.common.dynamic_creds [-] Created isolated network resources for: credentials: Credentials: {'domain_id': 'default', 'domain_name': 'Default', 'username': 'tempest-DeleteServersTestJSON-2063667557-project-member', 'project_domain_id': 'default', 'project_domain_name': 'Default', 'project_id': 'c1f04159fb734bc3831c6060c86873cf', 'project_name': 'tempest-DeleteServersTestJSON-2063667557', 'tenant_id': 'c1f04159fb734bc3831c6060c86873cf', 'tenant_name': 'tempest-DeleteServersTestJSON-2063667557', 'user_domain_id': 'default', 'user_domain_name': 'Default', 'user_id': '62c62512214d4a4eae522e939f105152', 'system': None}, Network: {'id': '2327f659-f23f-4c2e-8e73-f83f955c1172', 'name': 'tempest-DeleteServersTestJSON-2006039102-network', 'tenant_id': 'c1f04159fb734bc3831c6060c86873cf', 'admin_state_up': True, 'mtu': 8950, 'status': 'ACTIVE', 'subnets': [], 'shared': False, 'project_id': 'c1f04159fb734bc3831c6060c86873cf', 'port_security_enabled': True, 'router:external': False, 'provider:network_type': 'vlan', 'provider:physical_network': 'default', 'provider:segmentation_id': 505, 'availability_zone_hints': [], 'availability_zones': [], 'ipv4_address_scope': None, 'ipv6_address_scope': None, 'description': '', 'tags': [], 'created_at': '2025-03-06T04:48:55Z', 'updated_at': '2025-03-06T04:48:55Z', 'revision_number': 1}, Subnet: {'id': '99ef6027-5af9-4b30-a995-31e3fde5982d', 'name': 'tempest-DeleteServersTestJSON-2006039102-subnet', 'tenant_id': 'c1f04159fb734bc3831c6060c86873cf', 'network_id': '2327f659-f23f-4c2e-8e73-f83f955c1172', 'ip_version': 4, 'subnetpool_id': None, 'enable_dhcp': True, 'ipv6_ra_mode': None, 'ipv6_address_mode': None, 'gateway_ip': '192.168.128.1', 'cidr': '192.168.128.0/28', 'allocation_pools': [{'start': '192.168.128.2', 'end': '192.168.128.14'}], 'host_routes': [], 'dns_nameservers': [], 'description': '', 'router:external': False, 'service_types': [], 'tags': [], 'created_at': '2025-03-06T04:48:56Z', 'updated_at': '2025-03-06T04:48:56Z', 'revision_number': 0, 'project_id': 'c1f04159fb734bc3831c6060c86873cf'}, Router: {'id': '32df03d5-655f-4c1d-871e-f9b623f3538c', 'name': 'tempest-DeleteServersTestJSON-2006039102-router', 'tenant_id': 'c1f04159fb734bc3831c6060c86873cf', 'admin_state_up': True, 'status': 'ACTIVE', 'external_gateway_info': {'network_id': '775865c6-8cae-44de-9a00-372a10999bdd', 'external_fixed_ips': [{'subnet_id': '0046b619-28e5-4d41-bd3a-4d0d69d75654', 'ip_address': '10.180.180.218'}], 'enable_snat': True}, 'description': '', 'availability_zones': [], 'distributed': False, 'ha': False, 'availability_zone_hints': [], 'routes': [], 'flavor_id': None, 'tags': [], 'created_at': '2025-03-06T04:48:56Z', 'updated_at': '2025-03-06T04:48:57Z', 'revision_number': 2, 'project_id': 'c1f04159fb734bc3831c6060c86873cf'}
2025-03-06 04:48:59.290 68434 INFO tempest.lib.common.rest_client [req-b926035f-8da7-4de4-afab-7519140e3cdd req-b926035f-8da7-4de4-afab-7519140e3cdd ] Request (FlavorsAccessTestJSON:setUpClass): 201 POST http://10.180.1.21/identity/v3/auth/tokens 0.714s
2025-03-06 04:48:59.291 68434 WARNING tempest.lib.common.rest_client [-] Deprecated: "tenant_id" property is deprecated for removal, use "project_id" instead
2025-03-06 04:48:59.316 68436 INFO tempest.lib.common.rest_client [req-d4581f38-4028-4bfe-99f1-750df5f45ebe req-d4581f38-4028-4bfe-99f1-750df5f45ebe ] Request (NetworksTest:test_get_network): 200 GET http://10.180.1.21/compute/v2.1/os-networks 1.133s
2025-03-06 04:48:59.333 68426 INFO tempest.lib.common.rest_client [req-28367bc7-a13f-4148-ac32-f497d2c25e7e req-28367bc7-a13f-4148-ac32-f497d2c25e7e ] Request (FlavorsExtraSpecsNegativeTestJSON:setUpClass): 201 POST http://10.180.1.21/identity/v3/auth/tokens 0.713s
2025-03-06 04:48:59.340 68430 INFO tempest.lib.common.rest_client [req-865766b8-91b0-4555-be1b-de8adb95b7c0 req-865766b8-91b0-4555-be1b-de8adb95b7c0 ] Request (ServerExternalEventsTest:setUpClass): 201 POST http://10.180.1.21/identity/v3/projects 0.708s
2025-03-06 04:48:59.347 68412 INFO tempest.lib.common.rest_client [req-decafc6c-abaf-4c7e-ac4b-a80317cce58c req-decafc6c-abaf-4c7e-ac4b-a80317cce58c ] Request (FlavorsAdminTestJSON:test_is_public_string_variations): 200 GET http://10.180.1.21/compute/v2.1/flavors/detail?is_public=f 1.137s
2025-03-06 04:48:59.391 68406 INFO tempest.lib.common.rest_client [req-3ee258d3-24f9-4b27-8788-fd7c4e33c61f req-3ee258d3-24f9-4b27-8788-fd7c4e33c61f ] Request (QuotasAdminNegativeTest:setUpClass): 201 POST http://10.180.1.21/identity/v3/auth/tokens 0.551s
2025-03-06 04:48:59.421 68452 INFO tempest.lib.common.rest_client [req-e59519ea-3acf-4caa-a24c-1b25234ea072 req-e59519ea-3acf-4caa-a24c-1b25234ea072 ] Request (SecurityGroupsNegativeTestJSON:setUpClass): 201 POST http://10.180.1.21/identity/v3/auth/tokens 0.741s
2025-03-06 04:48:59.460 68438 INFO tempest.lib.common.rest_client [req-29ba0a20-23a8-4a72-b145-972ac19e8519 req-29ba0a20-23a8-4a72-b145-972ac19e8519 ] Request (HypervisorAdminNegativeUnderV252Test:tearDownClass): 204 DELETE http://10.180.1.21/identity/v3/users/a2cbfa227ad34bf5b9544db3539c1756 0.613s
2025-03-06 04:48:59.460 68438 INFO tempest.lib.common.dynamic_creds [-] Deleting project and security group for project: 4383aab592c74f7fa27aacc047dfedcf
2025-03-06 04:48:59.521 68414 INFO tempest.lib.common.rest_client [req-2b8cb7d9-2051-477d-9774-5b5d99fa2ea1 req-2b8cb7d9-2051-477d-9774-5b5d99fa2ea1 ] Request (HypervisorAdminTestJSON:tearDownClass): 204 DELETE http://10.180.1.21/identity/v3/users/367f88e79a4c4799b3f2e7c7c2bad46f 0.515s
2025-03-06 04:48:59.521 68414 INFO tempest.lib.common.dynamic_creds [-] Deleting project and security group for project: 9c7af9de63a540dfa5b0c429df30e149
2025-03-06 04:48:59.576 68422 INFO tempest.lib.common.rest_client [req-f980f5bb-48e6-4e6d-88a9-967146906a65 req-f980f5bb-48e6-4e6d-88a9-967146906a65 ] Request (ServersAdmin275Test:test_rebuild_update_server_275): 201 POST http://10.180.1.21/identity/v3/auth/tokens 0.434s
2025-03-06 04:48:59.577 68422 INFO tempest.lib.common.fixed_network [-] (ServersAdmin275Test:test_rebuild_update_server_275) Found network None available for tenant
2025-03-06 04:48:59.593 68420 INFO tempest.lib.common.rest_client [req-aeac8b8c-5ed6-459d-a11e-ccecc92e5da9 req-aeac8b8c-5ed6-459d-a11e-ccecc92e5da9 ] Request (FlavorsAccessNegativeTestJSON:setUpClass): 200 GET http://10.180.1.21/identity/v3/roles 0.337s
2025-03-06 04:48:59.621 68430 INFO tempest.lib.common.rest_client [req-464a5cf8-e244-42a2-91c4-c8a2eef7cd7c req-464a5cf8-e244-42a2-91c4-c8a2eef7cd7c ] Request (ServerExternalEventsTest:setUpClass): 201 POST http://10.180.1.21/identity/v3/users 0.280s
2025-03-06 04:48:59.645 68424 INFO tempest.lib.common.rest_client [req-8fe84949-cdc0-4912-8ee8-8557f748f046 req-8fe84949-cdc0-4912-8ee8-8557f748f046 ] Request (DeleteServersTestJSON:setUpClass): 201 POST http://10.180.1.21/identity/v3/auth/tokens 0.315s
2025-03-06 04:48:59.674 68406 INFO tempest.lib.common.rest_client [req-e7c0e20f-75dc-46ff-bc16-66077f9594ca req-e7c0e20f-75dc-46ff-bc16-66077f9594ca ] Request (QuotasAdminNegativeTest:setUpClass): 201 POST http://10.180.1.21/identity/v3/auth/tokens 0.280s
2025-03-06 04:48:59.700 68438 INFO tempest.lib.common.rest_client [req-48e502e3-b73c-479c-b9fa-11e7c3d09d9c req-48e502e3-b73c-479c-b9fa-11e7c3d09d9c ] Request (HypervisorAdminNegativeUnderV252Test:tearDownClass): 201 POST http://10.180.1.21/identity/v3/auth/tokens 0.239s
2025-03-06 04:48:59.724 68414 INFO tempest.lib.common.rest_client [req-6f60e5ae-2183-4ab0-bc2e-5effe92528e0 req-6f60e5ae-2183-4ab0-bc2e-5effe92528e0 ] Request (HypervisorAdminTestJSON:tearDownClass): 201 POST http://10.180.1.21/identity/v3/auth/tokens 0.203s
2025-03-06 04:48:59.752 68400 INFO tempest.lib.common.rest_client [req-ea873e90-e84a-4db4-926d-ec051a48a66d req-ea873e90-e84a-4db4-926d-ec051a48a66d ] Request (ServicesAdminTestJSON:test_get_service_by_host_name): 200 GET http://10.180.1.21/compute/v2.1/os-services 1.541s
2025-03-06 04:48:59.755 68420 INFO tempest.lib.common.rest_client [req-472c3cc1-7188-4892-9e82-517ed177175f req-472c3cc1-7188-4892-9e82-517ed177175f ] Request (FlavorsAccessNegativeTestJSON:setUpClass): 204 PUT http://10.180.1.21/identity/v3/projects/6a6f2f6527624f83b92225b1974f72a3/users/dfbd8e5ebfc243d6b5fd6f3b3aad3a57/roles/7b7b2e055b2442ae91bd236ef270b811 0.161s
2025-03-06 04:48:59.755 68420 INFO tempest.lib.common.dynamic_creds [-] Dynamic test user dfbd8e5ebfc243d6b5fd6f3b3aad3a57 is created with scope project and roles: ['member']
2025-03-06 04:48:59.756 68420 INFO tempest.lib.common.dynamic_creds [-] Acquired dynamic creds: credentials: Credentials: {'domain_id': 'default', 'domain_name': 'Default', 'username': 'tempest-FlavorsAccessNegativeTestJSON-1206249615-project-member', 'project_domain_id': 'default', 'project_domain_name': 'Default', 'project_id': '6a6f2f6527624f83b92225b1974f72a3', 'project_name': 'tempest-FlavorsAccessNegativeTestJSON-1206249615', 'tenant_id': '6a6f2f6527624f83b92225b1974f72a3', 'tenant_name': 'tempest-FlavorsAccessNegativeTestJSON-1206249615', 'user_domain_id': 'default', 'user_domain_name': 'Default', 'user_id': 'dfbd8e5ebfc243d6b5fd6f3b3aad3a57', 'system': None}, Network: None, Subnet: None, Router: None
2025-03-06 04:48:59.756 68420 INFO tempest.lib.common.dynamic_creds [-] Created isolated network resources for: credentials: Credentials: {'domain_id': 'default', 'domain_name': 'Default', 'username': 'tempest-FlavorsAccessNegativeTestJSON-1206249615-project-member', 'project_domain_id': 'default', 'project_domain_name': 'Default', 'project_id': '6a6f2f6527624f83b92225b1974f72a3', 'project_name': 'tempest-FlavorsAccessNegativeTestJSON-1206249615', 'tenant_id': '6a6f2f6527624f83b92225b1974f72a3', 'tenant_name': 'tempest-FlavorsAccessNegativeTestJSON-1206249615', 'user_domain_id': 'default', 'user_domain_name': 'Default', 'user_id': 'dfbd8e5ebfc243d6b5fd6f3b3aad3a57', 'system': None}, Network: None, Subnet: None, Router: None
2025-03-06 04:48:59.804 68430 INFO tempest.lib.common.rest_client [req-014722d3-c219-4485-83d0-778213146de0 req-014722d3-c219-4485-83d0-778213146de0 ] Request (ServerExternalEventsTest:setUpClass): 200 GET http://10.180.1.21/identity/v3/roles 0.182s
2025-03-06 04:48:59.824 68406 INFO tempest.lib.common.rest_client [req-37a721ac-ae1f-4aea-98bc-6f8c85dd3ec6 req-37a721ac-ae1f-4aea-98bc-6f8c85dd3ec6 ] Request (QuotasAdminNegativeTest:setUpClass): 200 GET http://10.180.1.21/identity/v3/domains?name=Default 0.150s
2025-03-06 04:48:59.847 68424 INFO tempest.lib.common.rest_client [req-562978c6-9310-4286-a2ce-69e018ac0c74 req-562978c6-9310-4286-a2ce-69e018ac0c74 ] Request (DeleteServersTestJSON:test_delete_active_server): 201 POST http://10.180.1.21/identity/v3/auth/tokens 0.195s
2025-03-06 04:48:59.847 68424 INFO tempest.lib.common.fixed_network [-] (DeleteServersTestJSON:test_delete_active_server) Found network {'id': '2327f659-f23f-4c2e-8e73-f83f955c1172', 'name': 'tempest-DeleteServersTestJSON-2006039102-network', 'tenant_id': 'c1f04159fb734bc3831c6060c86873cf', 'admin_state_up': True, 'mtu': 8950, 'status': 'ACTIVE', 'subnets': [], 'shared': False, 'project_id': 'c1f04159fb734bc3831c6060c86873cf', 'port_security_enabled': True, 'router:external': False, 'provider:network_type': 'vlan', 'provider:physical_network': 'default', 'provider:segmentation_id': 505, 'availability_zone_hints': [], 'availability_zones': [], 'ipv4_address_scope': None, 'ipv6_address_scope': None, 'description': '', 'tags': [], 'created_at': '2025-03-06T04:48:55Z', 'updated_at': '2025-03-06T04:48:55Z', 'revision_number': 1} available for tenant
2025-03-06 04:48:59.991 68420 INFO tempest.lib.common.rest_client [req-4f169f07-af3e-453d-8e8a-a0d9c70e711d req-4f169f07-af3e-453d-8e8a-a0d9c70e711d ] Request (FlavorsAccessNegativeTestJSON:setUpClass): 201 POST http://10.180.1.21/identity/v3/auth/tokens 0.232s
2025-03-06 04:48:59.992 68420 WARNING tempest.lib.common.rest_client [-] Deprecated: "tenant_id" property is deprecated for removal, use "project_id" instead
2025-03-06 04:49:00.001 68433 INFO tempest.lib.common.rest_client [req-254ad9f9-5b33-4c2c-8e3a-bc65b4d61f15 req-254ad9f9-5b33-4c2c-8e3a-bc65b4d61f15 ] Request (QuotaClassesAdminTestJSON:test_update_default_quotas): 200 GET http://10.180.1.21/compute/v2.1/os-quota-class-sets/default 1.751s
2025-03-06 04:49:00.004 68430 INFO tempest.lib.common.rest_client [req-9dc7b523-23db-4a6a-832a-babc9bf54b47 req-9dc7b523-23db-4a6a-832a-babc9bf54b47 ] Request (ServerExternalEventsTest:setUpClass): 204 PUT http://10.180.1.21/identity/v3/projects/32cfda64570a4fdd880102361a3c9895/users/f5eba485333f49ff9ef77c71f16ffce3/roles/72140a1b82034de9873ee1b9496e9aa7 0.200s
2025-03-06 04:49:00.004 68404 INFO tempest.lib.common.rest_client [req-295667e6-cd54-4236-b175-639e9448e90b req-295667e6-cd54-4236-b175-639e9448e90b ] Request (FlavorsV2NegativeTest:test_boot_with_low_ram): 204 PUT http://10.180.1.21/image/v2/images/005bbee5-f79e-46bd-a83f-0d9d94404014/file 4.663s
2025-03-06 04:49:00.024 68406 INFO tempest.lib.common.rest_client [req-0690d671-c3e7-4b3e-a136-f3f755ed368e req-0690d671-c3e7-4b3e-a136-f3f755ed368e ] Request (QuotasAdminNegativeTest:setUpClass): 201 POST http://10.180.1.21/identity/v3/projects 0.199s
2025-03-06 04:49:00.093 68414 INFO tempest.lib.common.rest_client [req-ae6437f1-5b97-4713-af16-218a150b62ea req-ae6437f1-5b97-4713-af16-218a150b62ea ] Request (HypervisorAdminTestJSON:tearDownClass): 200 GET http://10.180.1.21:9696/networking/v2.0/security-groups?tenant_id=9c7af9de63a540dfa5b0c429df30e149&name=default 0.368s
2025-03-06 04:49:00.113 68408 INFO tempest.lib.common.rest_client [req-051e78f9-3bb3-422c-8951-9790a4b8c0ff req-051e78f9-3bb3-422c-8951-9790a4b8c0ff ] Request (AZAdminNegativeTestJSON:test_get_availability_zone_list_detail_with_non_admin_user): 403 GET http://10.180.1.21/compute/v2.1/os-availability-zone/detail 1.759s
2025-03-06 04:49:00.135 68438 INFO tempest.lib.common.rest_client [req-5bf0bee7-38e6-445f-a837-8f39ebd95f6b req-5bf0bee7-38e6-445f-a837-8f39ebd95f6b ] Request (HypervisorAdminNegativeUnderV252Test:tearDownClass): 200 GET http://10.180.1.21:9696/networking/v2.0/security-groups?tenant_id=4383aab592c74f7fa27aacc047dfedcf&name=default 0.435s
2025-03-06 04:49:00.163 68404 INFO tempest.lib.common.rest_client [req-b45c3444-cc24-4c6e-92d2-424ae5a1b73f req-b45c3444-cc24-4c6e-92d2-424ae5a1b73f ] Request (FlavorsV2NegativeTest:test_boot_with_low_ram): 201 POST http://10.180.1.21/identity/v3/auth/tokens 0.156s
2025-03-06 04:49:00.164 68404 INFO tempest.lib.common.fixed_network [-] (FlavorsV2NegativeTest:test_boot_with_low_ram) Found network None available for tenant
2025-03-06 04:49:00.165 68430 INFO tempest.lib.common.rest_client [req-10d111b4-f9f3-499e-94b0-4206bbff72e3 req-10d111b4-f9f3-499e-94b0-4206bbff72e3 ] Request (ServerExternalEventsTest:setUpClass): 200 GET http://10.180.1.21/identity/v3/roles 0.161s
2025-03-06 04:49:00.191 68406 INFO tempest.lib.common.rest_client [req-960edd26-72ad-4d6a-a3d5-e2d0667dc20b req-960edd26-72ad-4d6a-a3d5-e2d0667dc20b ] Request (QuotasAdminNegativeTest:setUpClass): 201 POST http://10.180.1.21/identity/v3/users 0.166s
2025-03-06 04:49:00.239 68408 INFO tempest.lib.common.rest_client [req-e136d0f7-945d-47e9-80d3-fc839e55444c req-e136d0f7-945d-47e9-80d3-fc839e55444c ] Request (AZAdminNegativeTestJSON:tearDownClass): 204 DELETE http://10.180.1.21/identity/v3/users/78fd12214e8d4beba779b41c7c557f3f 0.119s
2025-03-06 04:49:00.247 68414 INFO tempest.lib.common.rest_client [req-ac70d4a4-5203-4c78-9d17-88b8947aeb05 req-ac70d4a4-5203-4c78-9d17-88b8947aeb05 ] Request (HypervisorAdminTestJSON:tearDownClass): 204 DELETE http://10.180.1.21:9696/networking/v2.0/security-groups/f8808415-e11d-48f3-a9da-1ffaf537bfd0 0.153s
2025-03-06 04:49:00.257 68438 INFO tempest.lib.common.rest_client [req-3cb5db3d-93be-410b-8fba-6794869b7d7f req-3cb5db3d-93be-410b-8fba-6794869b7d7f ] Request (HypervisorAdminNegativeUnderV252Test:tearDownClass): 204 DELETE http://10.180.1.21:9696/networking/v2.0/security-groups/5770050a-cdf3-4c29-a694-5dc020ebc0b1 0.122s
2025-03-06 04:49:00.265 68444 INFO tempest.lib.common.rest_client [req-0a77d6f0-1db5-4d24-b514-30450bdcab76 req-0a77d6f0-1db5-4d24-b514-30450bdcab76 ] Request (FlavorsExtraSpecsTestJSON:setUpClass): 200 POST http://10.180.1.21/compute/v2.1/flavors 1.825s
2025-03-06 04:49:00.292 68406 INFO tempest.lib.common.rest_client [req-92fe2367-5f6c-4450-8623-de9d49c687a5 req-92fe2367-5f6c-4450-8623-de9d49c687a5 ] Request (QuotasAdminNegativeTest:setUpClass): 200 GET http://10.180.1.21/identity/v3/roles 0.100s
2025-03-06 04:49:00.308 68430 INFO tempest.lib.common.rest_client [req-a91a9a57-bd4f-4360-bf6b-30f7261e53f4 req-a91a9a57-bd4f-4360-bf6b-30f7261e53f4 ] Request (ServerExternalEventsTest:setUpClass): 204 PUT http://10.180.1.21/identity/v3/projects/32cfda64570a4fdd880102361a3c9895/users/f5eba485333f49ff9ef77c71f16ffce3/roles/269ecdc8d6654886a7938bfd510bedbc 0.141s
2025-03-06 04:49:00.308 68430 INFO tempest.lib.common.dynamic_creds [-] Dynamic test user f5eba485333f49ff9ef77c71f16ffce3 is created with scope project and roles: ['admin', 'service']
2025-03-06 04:49:00.308 68430 INFO tempest.lib.common.dynamic_creds [-] Acquired dynamic creds: credentials: Credentials: {'domain_id': 'default', 'domain_name': 'Default', 'username': 'tempest-ServerExternalEventsTest-1695569717-project', 'project_domain_id': 'default', 'project_domain_name': 'Default', 'project_id': '32cfda64570a4fdd880102361a3c9895', 'project_name': 'tempest-ServerExternalEventsTest-1695569717', 'tenant_id': '32cfda64570a4fdd880102361a3c9895', 'tenant_name': 'tempest-ServerExternalEventsTest-1695569717', 'user_domain_id': 'default', 'user_domain_name': 'Default', 'user_id': 'f5eba485333f49ff9ef77c71f16ffce3', 'system': None}, Network: None, Subnet: None, Router: None
2025-03-06 04:49:00.309 68430 INFO tempest.lib.common.dynamic_creds [-] Created isolated network resources for: credentials: Credentials: {'domain_id': 'default', 'domain_name': 'Default', 'username': 'tempest-ServerExternalEventsTest-1695569717-project', 'project_domain_id': 'default', 'project_domain_name': 'Default', 'project_id': '32cfda64570a4fdd880102361a3c9895', 'project_name': 'tempest-ServerExternalEventsTest-1695569717', 'tenant_id': '32cfda64570a4fdd880102361a3c9895', 'tenant_name': 'tempest-ServerExternalEventsTest-1695569717', 'user_domain_id': 'default', 'user_domain_name': 'Default', 'user_id': 'f5eba485333f49ff9ef77c71f16ffce3', 'system': None}, Network: None, Subnet: None, Router: None
2025-03-06 04:49:00.355 68408 INFO tempest.lib.common.rest_client [req-982f4c95-7dcb-41a6-b828-2f8387b497b2 req-982f4c95-7dcb-41a6-b828-2f8387b497b2 ] Request (AZAdminNegativeTestJSON:tearDownClass): 204 DELETE http://10.180.1.21/identity/v3/users/08e7ee6f84564d639e1419f579bd2209 0.116s
2025-03-06 04:49:00.355 68408 INFO tempest.lib.common.dynamic_creds [-] Deleting project and security group for project: 449df34f9e694afcbca33ccf679138d5
2025-03-06 04:49:00.367 68448 INFO tempest.lib.common.rest_client [req-13929a60-d2af-4350-81c4-0679d1f38e29 req-13929a60-d2af-4350-81c4-0679d1f38e29 ] Request (FloatingIPDetailsNegativeTestJSON:setUpClass): 200 PUT http://10.180.1.21:9696/networking/v2.0/routers/523e1a29-79a7-4a04-9576-a16873a712f1/add_router_interface 2.320s
