2025-03-06 04:49:00.367 68448 INFO tempest.lib.common.dynamic_creds [-] Created isolated network resources for: credentials: Credentials: {'domain_id': 'default', 'domain_name': 'Default', 'username': 'tempest-FloatingIPDetailsNegativeTestJSON-1036943963-project-member', 'project_domain_id': 'default', 'project_domain_name': 'Default', 'project_id': '8e7fa2d330c64c9ab2ff0d13eaccd98c', 'project_name': 'tempest-FloatingIPDetailsNegativeTestJSON-1036943963', 'tenant_id': '8e7fa2d330c64c9ab2ff0d13eaccd98c', 'tenant_name': 'tempest-FloatingIPDetailsNegativeTestJSON-1036943963', 'user_domain_id': 'default', 'user_domain_name': 'Default', 'user_id': '972515cdb8d24d3897a14c058fef8d43', 'system': None}, Network: {'id': '3ee213ca-16fe-43d5-b27d-c0f3bef0b032', 'name': 'tempest-FloatingIPDetailsNegativeTestJSON-1251379419-network', 'tenant_id': '8e7fa2d330c64c9ab2ff0d13eaccd98c', 'admin_state_up': True, 'mtu': 8950, 'status': 'ACTIVE', 'subnets': [], 'shared': False, 'project_id': '8e7fa2d330c64c9ab2ff0d13eaccd98c', 'port_security_enabled': True, 'router:external': False, 'provider:network_type': 'vlan', 'provider:physical_network': 'default', 'provider:segmentation_id': 721, 'availability_zone_hints': [], 'availability_zones': [], 'ipv4_address_scope': None, 'ipv6_address_scope': None, 'description': '', 'tags': [], 'created_at': '2025-03-06T04:48:55Z', 'updated_at': '2025-03-06T04:48:55Z', 'revision_number': 1}, Subnet: {'id': 'f0d46bcb-d2e7-4e2f-8f7d-432fa1761c9c', 'name': 'tempest-FloatingIPDetailsNegativeTestJSON-1251379419-subnet', 'tenant_id': '8e7fa2d330c64c9ab2ff0d13eaccd98c', 'network_id': '3ee213ca-16fe-43d5-b27d-c0f3bef0b032', 'ip_version': 4, 'subnetpool_id': None, 'enable_dhcp': True, 'ipv6_ra_mode': None, 'ipv6_address_mode': None, 'gateway_ip': '192.168.128.1', 'cidr': '192.168.128.0/28', 'allocation_pools': [{'start': '192.168.128.2', 'end': '192.168.128.14'}], 'host_routes': [], 'dns_nameservers': [], 'description': '', 'router:external': False, 'service_types': [], 'tags': [], 'created_at': '2025-03-06T04:48:56Z', 'updated_at': '2025-03-06T04:48:56Z', 'revision_number': 0, 'project_id': '8e7fa2d330c64c9ab2ff0d13eaccd98c'}, Router: {'id': '523e1a29-79a7-4a04-9576-a16873a712f1', 'name': 'tempest-FloatingIPDetailsNegativeTestJSON-1251379419-router', 'tenant_id': '8e7fa2d330c64c9ab2ff0d13eaccd98c', 'admin_state_up': True, 'status': 'ACTIVE', 'external_gateway_info': {'network_id': '775865c6-8cae-44de-9a00-372a10999bdd', 'external_fixed_ips': [{'subnet_id': '0046b619-28e5-4d41-bd3a-4d0d69d75654', 'ip_address': '10.180.180.196'}], 'enable_snat': True}, 'description': '', 'availability_zones': [], 'distributed': False, 'ha': False, 'availability_zone_hints': [], 'routes': [], 'flavor_id': None, 'tags': [], 'created_at': '2025-03-06T04:48:56Z', 'updated_at': '2025-03-06T04:48:57Z', 'revision_number': 2, 'project_id': '8e7fa2d330c64c9ab2ff0d13eaccd98c'}
2025-03-06 04:49:00.422 68396 INFO tempest.lib.common.rest_client [req-48157405-c233-4a57-8d84-f07e95424a24 req-48157405-c233-4a57-8d84-f07e95424a24 ] Request (ImagesOneServerTestJSON:setUpClass): 202 POST http://10.180.1.21/compute/v2.1/servers 4.097s
2025-03-06 04:49:00.471 68438 INFO tempest.lib.common.rest_client [req-f341f7e1-6564-4d92-8279-a9c5e14fb686 req-f341f7e1-6564-4d92-8279-a9c5e14fb686 ] Request (HypervisorAdminNegativeUnderV252Test:tearDownClass): 204 DELETE http://10.180.1.21/identity/v3/projects/4383aab592c74f7fa27aacc047dfedcf 0.214s
2025-03-06 04:49:00.472 68438 INFO tempest.lib.common.dynamic_creds [-] Deleting project and security group for project: 9b7980f8b98f412f82f4876d37d9d97b
2025-03-06 04:49:00.476 68414 INFO tempest.lib.common.rest_client [req-851f9218-c754-4996-83c9-95529f5a612b req-851f9218-c754-4996-83c9-95529f5a612b ] Request (HypervisorAdminTestJSON:tearDownClass): 204 DELETE http://10.180.1.21/identity/v3/projects/9c7af9de63a540dfa5b0c429df30e149 0.228s
2025-03-06 04:49:00.476 68414 INFO tempest.lib.common.dynamic_creds [-] Deleting project and security group for project: 38d3d17aef674939a0fff8f70928e7b2
2025-03-06 04:49:00.582 68406 INFO tempest.lib.common.rest_client [req-b4adbb3c-ec9e-4b65-ad1e-b881fad6d3fd req-b4adbb3c-ec9e-4b65-ad1e-b881fad6d3fd ] Request (QuotasAdminNegativeTest:setUpClass): 204 PUT http://10.180.1.21/identity/v3/projects/9b4308a420134cbeb5046078fc27fb8b/users/4d0c6d874b78452fa0eb48c6d51e1cdc/roles/7b7b2e055b2442ae91bd236ef270b811 0.289s
2025-03-06 04:49:00.582 68406 INFO tempest.lib.common.dynamic_creds [-] Dynamic test user 4d0c6d874b78452fa0eb48c6d51e1cdc is created with scope project and roles: ['member']
2025-03-06 04:49:00.582 68406 INFO tempest.lib.common.dynamic_creds [-] Acquired dynamic creds: credentials: Credentials: {'domain_id': 'default', 'domain_name': 'Default', 'username': 'tempest-QuotasAdminNegativeTest-334445965-project-member', 'project_domain_id': 'default', 'project_domain_name': 'Default', 'project_id': '9b4308a420134cbeb5046078fc27fb8b', 'project_name': 'tempest-QuotasAdminNegativeTest-334445965', 'tenant_id': '9b4308a420134cbeb5046078fc27fb8b', 'tenant_name': 'tempest-QuotasAdminNegativeTest-334445965', 'user_domain_id': 'default', 'user_domain_name': 'Default', 'user_id': '4d0c6d874b78452fa0eb48c6d51e1cdc', 'system': None}, Network: None, Subnet: None, Router: None
2025-03-06 04:49:00.582 68406 INFO tempest.lib.common.dynamic_creds [-] Created isolated network resources for: credentials: Credentials: {'domain_id': 'default', 'domain_name': 'Default', 'username': 'tempest-QuotasAdminNegativeTest-334445965-project-member', 'project_domain_id': 'default', 'project_domain_name': 'Default', 'project_id': '9b4308a420134cbeb5046078fc27fb8b', 'project_name': 'tempest-QuotasAdminNegativeTest-334445965', 'tenant_id': '9b4308a420134cbeb5046078fc27fb8b', 'tenant_name': 'tempest-QuotasAdminNegativeTest-334445965', 'user_domain_id': 'default', 'user_domain_name': 'Default', 'user_id': '4d0c6d874b78452fa0eb48c6d51e1cdc', 'system': None}, Network: None, Subnet: None, Router: None
2025-03-06 04:49:00.629 68392 INFO tempest.lib.common.rest_client [req-ea04feef-57f3-4619-b329-b16475631b8c req-ea04feef-57f3-4619-b329-b16475631b8c ] Request (HypervisorAdminNegativeTestJSON:test_get_hypervisor_list_details_with_non_admin_user): 403 GET http://10.180.1.21/compute/v2.1/os-hypervisors/detail 1.949s
2025-03-06 04:49:00.633 68438 INFO tempest.lib.common.rest_client [req-8fc71d77-dddf-4363-9425-3537976de7b8 req-8fc71d77-dddf-4363-9425-3537976de7b8 ] Request (HypervisorAdminNegativeUnderV252Test:tearDownClass): 200 GET http://10.180.1.21:9696/networking/v2.0/security-groups?tenant_id=9b7980f8b98f412f82f4876d37d9d97b&name=default 0.161s
2025-03-06 04:49:00.668 68430 INFO tempest.lib.common.rest_client [req-dd823785-35c4-4ce7-ac8f-4b095f74d18c req-dd823785-35c4-4ce7-ac8f-4b095f74d18c ] Request (ServerExternalEventsTest:setUpClass): 201 POST http://10.180.1.21/identity/v3/auth/tokens 0.357s
2025-03-06 04:49:00.702 68408 INFO tempest.lib.common.rest_client [req-d2fc5b2d-e095-4b28-bd5a-695599c58378 req-d2fc5b2d-e095-4b28-bd5a-695599c58378 ] Request (AZAdminNegativeTestJSON:tearDownClass): 201 POST http://10.180.1.21/identity/v3/auth/tokens 0.346s
2025-03-06 04:49:00.733 68414 INFO tempest.lib.common.rest_client [req-cac7878c-303b-4149-a9fb-c6ec0949b07a req-cac7878c-303b-4149-a9fb-c6ec0949b07a ] Request (HypervisorAdminTestJSON:tearDownClass): 200 GET http://10.180.1.21:9696/networking/v2.0/security-groups?tenant_id=38d3d17aef674939a0fff8f70928e7b2&name=default 0.257s
2025-03-06 04:49:00.770 68448 INFO tempest.lib.common.rest_client [req-9b1ccf61-a31e-4868-a03f-7675727ec680 req-9b1ccf61-a31e-4868-a03f-7675727ec680 ] Request (FloatingIPDetailsNegativeTestJSON:setUpClass): 201 POST http://10.180.1.21/identity/v3/auth/tokens 0.328s
2025-03-06 04:49:00.781 68416 INFO tempest.lib.common.rest_client [req-4ed9d2fb-fcf9-4e41-9d40-d524ddc886fd req-4ed9d2fb-fcf9-4e41-9d40-d524ddc886fd ] Request (AggregatesAdminNegativeTestJSON:setUpClass): 200 GET http://10.180.1.21/compute/v2.1/os-services?binary=nova-compute 2.089s
2025-03-06 04:49:00.793 68438 INFO tempest.lib.common.rest_client [req-54ce7350-f2e6-42d7-b424-41375fbb8787 req-54ce7350-f2e6-42d7-b424-41375fbb8787 ] Request (HypervisorAdminNegativeUnderV252Test:tearDownClass): 204 DELETE http://10.180.1.21:9696/networking/v2.0/security-groups/3ce5cff4-3c81-49ed-90bc-1688944940ad 0.159s
2025-03-06 04:49:00.842 68406 INFO tempest.lib.common.rest_client [req-6ba03f91-1f6f-4815-aea3-19ef6255c229 req-6ba03f91-1f6f-4815-aea3-19ef6255c229 ] Request (QuotasAdminNegativeTest:setUpClass): 201 POST http://10.180.1.21/identity/v3/auth/tokens 0.254s
2025-03-06 04:49:00.860 68414 INFO tempest.lib.common.rest_client [req-5b2929d9-1e93-4b3b-843d-b1cd46fe9340 req-5b2929d9-1e93-4b3b-843d-b1cd46fe9340 ] Request (HypervisorAdminTestJSON:tearDownClass): 204 DELETE http://10.180.1.21:9696/networking/v2.0/security-groups/d843d892-51dd-40b3-99a4-d9f315189b46 0.126s
2025-03-06 04:49:00.864 68398 INFO tempest.lib.common.rest_client [req-6b728c61-a1e0-48c0-87ac-ae055a9384bd req-6b728c61-a1e0-48c0-87ac-ae055a9384bd ] Request (FlavorMetadataValidation:test_flavor_update_with_custom_namespace): 200 POST http://10.180.1.21/compute/v2.1/flavors 2.118s
2025-03-06 04:49:00.887 68430 INFO tempest.lib.common.rest_client [req-de9cc567-c4ed-4ecd-a1d3-373edb3996e1 req-de9cc567-c4ed-4ecd-a1d3-373edb3996e1 ] Request (ServerExternalEventsTest:test_create_server_external_events): 201 POST http://10.180.1.21/identity/v3/auth/tokens 0.207s
2025-03-06 04:49:00.888 68430 INFO tempest.lib.common.fixed_network [-] (ServerExternalEventsTest:test_create_server_external_events) Found network None available for tenant
2025-03-06 04:49:00.965 68406 INFO tempest.lib.common.rest_client [req-220ee8c3-b61d-45e1-b2c4-8972dda81994 req-220ee8c3-b61d-45e1-b2c4-8972dda81994 ] Request (QuotasAdminNegativeTest:setUpClass): 201 POST http://10.180.1.21/identity/v3/projects 0.123s
2025-03-06 04:49:00.977 68394 INFO tempest.lib.common.rest_client [req-f5ccc1a8-af44-44d3-ae2c-844ff2627a2a req-f5ccc1a8-af44-44d3-ae2c-844ff2627a2a ] Request (DeleteServersAdminTestJSON:test_admin_delete_servers_of_others): 200 GET http://10.180.1.21/compute/v2.1/servers/618a5bf4-5f52-4831-adba-dcb1a61bb6ce 2.108s
2025-03-06 04:49:00.988 68394 INFO tempest.common.waiters [-] State transition "BUILD/scheduling" ==> "BUILD/None" after 3 second wait
2025-03-06 04:49:00.991 68410 INFO tempest.lib.common.rest_client [req-0587babd-bfd5-4339-8f06-7e705aee5739 req-0587babd-bfd5-4339-8f06-7e705aee5739 ] Request (KeyPairsV210TestJSON:test_admin_manage_keypairs_for_other_users): 201 POST http://10.180.1.21/compute/v2.1/os-keypairs 2.235s
2025-03-06 04:49:01.019 68438 INFO tempest.lib.common.rest_client [req-d4c8f806-8298-42b5-b83c-720b1a2a0cd1 req-d4c8f806-8298-42b5-b83c-720b1a2a0cd1 ] Request (HypervisorAdminNegativeUnderV252Test:tearDownClass): 204 DELETE http://10.180.1.21/identity/v3/projects/9b7980f8b98f412f82f4876d37d9d97b 0.226s
2025-03-06 04:49:01.020 68438 INFO tempest.test [-] raised in TestMultiAttachVolumeSwap.setUpClass. Invoking tearDownClass.
2025-03-06 04:49:01.033 68440 INFO tempest.lib.common.rest_client [req-b28ec998-b494-4579-b20e-7e394fb07d0b req-b28ec998-b494-4579-b20e-7e394fb07d0b ] Request (VolumesAssistedSnapshotsTest:setUpClass): 200 PUT http://10.180.1.21:9696/networking/v2.0/routers/6d462730-35c2-4368-8cd3-afbdf542a13b/add_router_interface 2.483s
2025-03-06 04:49:01.034 68440 INFO tempest.lib.common.dynamic_creds [-] Created isolated network resources for: credentials: Credentials: {'domain_id': 'default', 'domain_name': 'Default', 'username': 'tempest-VolumesAssistedSnapshotsTest-142452177-project-member', 'project_domain_id': 'default', 'project_domain_name': 'Default', 'project_id': 'fb38e4a696ba45e2bbdb5de1500a8296', 'project_name': 'tempest-VolumesAssistedSnapshotsTest-142452177', 'tenant_id': 'fb38e4a696ba45e2bbdb5de1500a8296', 'tenant_name': 'tempest-VolumesAssistedSnapshotsTest-142452177', 'user_domain_id': 'default', 'user_domain_name': 'Default', 'user_id': 'c9210c3549754146adb1472975a18097', 'system': None}, Network: {'id': '2e10bbfc-4169-4eaf-87db-905b3927d42c', 'name': 'tempest-VolumesAssistedSnapshotsTest-1619877578-network', 'tenant_id': 'fb38e4a696ba45e2bbdb5de1500a8296', 'admin_state_up': True, 'mtu': 8950, 'status': 'ACTIVE', 'subnets': [], 'shared': False, 'project_id': 'fb38e4a696ba45e2bbdb5de1500a8296', 'port_security_enabled': True, 'router:external': False, 'provider:network_type': 'vlan', 'provider:physical_network': 'default', 'provider:segmentation_id': 916, 'availability_zone_hints': [], 'availability_zones': [], 'ipv4_address_scope': None, 'ipv6_address_scope': None, 'description': '', 'tags': [], 'created_at': '2025-03-06T04:48:55Z', 'updated_at': '2025-03-06T04:48:55Z', 'revision_number': 1}, Subnet: {'id': '3686ab20-3e41-43f2-9b82-76ba54789889', 'name': 'tempest-VolumesAssistedSnapshotsTest-1619877578-subnet', 'tenant_id': 'fb38e4a696ba45e2bbdb5de1500a8296', 'network_id': '2e10bbfc-4169-4eaf-87db-905b3927d42c', 'ip_version': 4, 'subnetpool_id': None, 'enable_dhcp': True, 'ipv6_ra_mode': None, 'ipv6_address_mode': None, 'gateway_ip': '192.168.128.1', 'cidr': '192.168.128.0/28', 'allocation_pools': [{'start': '192.168.128.2', 'end': '192.168.128.14'}], 'host_routes': [], 'dns_nameservers': [], 'description': '', 'router:external': False, 'service_types': [], 'tags': [], 'created_at': '2025-03-06T04:48:55Z', 'updated_at': '2025-03-06T04:48:55Z', 'revision_number': 0, 'project_id': 'fb38e4a696ba45e2bbdb5de1500a8296'}, Router: {'id': '6d462730-35c2-4368-8cd3-afbdf542a13b', 'name': 'tempest-VolumesAssistedSnapshotsTest-1619877578-router', 'tenant_id': 'fb38e4a696ba45e2bbdb5de1500a8296', 'admin_state_up': True, 'status': 'ACTIVE', 'external_gateway_info': {'network_id': '775865c6-8cae-44de-9a00-372a10999bdd', 'external_fixed_ips': [{'subnet_id': '0046b619-28e5-4d41-bd3a-4d0d69d75654', 'ip_address': '10.180.180.212'}], 'enable_snat': True}, 'description': '', 'availability_zones': [], 'distributed': False, 'ha': False, 'availability_zone_hints': [], 'routes': [], 'flavor_id': None, 'tags': [], 'created_at': '2025-03-06T04:48:56Z', 'updated_at': '2025-03-06T04:48:57Z', 'revision_number': 2, 'project_id': 'fb38e4a696ba45e2bbdb5de1500a8296'}
2025-03-06 04:49:01.063 68408 INFO tempest.lib.common.rest_client [req-7785d31a-86f5-4455-ab09-ecc0c7c19372 req-7785d31a-86f5-4455-ab09-ecc0c7c19372 ] Request (AZAdminNegativeTestJSON:tearDownClass): 200 GET http://10.180.1.21:9696/networking/v2.0/security-groups?tenant_id=449df34f9e694afcbca33ccf679138d5&name=default 0.359s
2025-03-06 04:49:01.122 68414 INFO tempest.lib.common.rest_client [req-3a1fc2e9-1837-4d50-af50-ce3f7a0265e4 req-3a1fc2e9-1837-4d50-af50-ce3f7a0265e4 ] Request (HypervisorAdminTestJSON:tearDownClass): 204 DELETE http://10.180.1.21/identity/v3/projects/38d3d17aef674939a0fff8f70928e7b2 0.261s
2025-03-06 04:49:01.122 68414 INFO tempest.test [-] raised in LiveMigrationNegativeTest.setUpClass. Invoking tearDownClass.
2025-03-06 04:49:01.171 68406 INFO tempest.lib.common.rest_client [req-112e342d-3b12-45f1-aea7-bb1e114eb009 req-112e342d-3b12-45f1-aea7-bb1e114eb009 ] Request (QuotasAdminNegativeTest:setUpClass): 201 POST http://10.180.1.21/identity/v3/users 0.205s
2025-03-06 04:49:01.242 68408 INFO tempest.lib.common.rest_client [req-70f2909f-efff-431b-aa0b-0657e1c20ade req-70f2909f-efff-431b-aa0b-0657e1c20ade ] Request (AZAdminNegativeTestJSON:tearDownClass): 204 DELETE http://10.180.1.21:9696/networking/v2.0/security-groups/51df10ce-d07d-4a84-94d0-a09f364d9929 0.179s
2025-03-06 04:49:01.252 68446 INFO tempest.lib.common.rest_client [req-a24171b4-bd99-44b1-9092-30e86f6cabf9 req-a24171b4-bd99-44b1-9092-30e86f6cabf9 ] Request (ServersWithSpecificFlavorTestJSON:setUpClass): 200 PUT http://10.180.1.21:9696/networking/v2.0/routers/e6fc7d73-fd70-4f5f-b0ef-331ff97263bf/add_router_interface 2.476s
2025-03-06 04:49:01.252 68446 INFO tempest.lib.common.dynamic_creds [-] Created isolated network resources for: credentials: Credentials: {'domain_id': 'default', 'domain_name': 'Default', 'username': 'tempest-ServersWithSpecificFlavorTestJSON-306442882-project-member', 'project_domain_id': 'default', 'project_domain_name': 'Default', 'project_id': 'ea44e64418624f1cb523b3503d3c6358', 'project_name': 'tempest-ServersWithSpecificFlavorTestJSON-306442882', 'tenant_id': 'ea44e64418624f1cb523b3503d3c6358', 'tenant_name': 'tempest-ServersWithSpecificFlavorTestJSON-306442882', 'user_domain_id': 'default', 'user_domain_name': 'Default', 'user_id': '66dddebb21d2493490f25161b32ebd0a', 'system': None}, Network: {'id': 'f20fab81-bf47-443e-bf5e-99ffb451023f', 'name': 'tempest-ServersWithSpecificFlavorTestJSON-802316473-network', 'tenant_id': 'ea44e64418624f1cb523b3503d3c6358', 'admin_state_up': True, 'mtu': 8950, 'status': 'ACTIVE', 'subnets': [], 'shared': False, 'project_id': 'ea44e64418624f1cb523b3503d3c6358', 'port_security_enabled': True, 'router:external': False, 'provider:network_type': 'vlan', 'provider:physical_network': 'default', 'provider:segmentation_id': 61, 'availability_zone_hints': [], 'availability_zones': [], 'ipv4_address_scope': None, 'ipv6_address_scope': None, 'description': '', 'tags': [], 'created_at': '2025-03-06T04:48:55Z', 'updated_at': '2025-03-06T04:48:55Z', 'revision_number': 1}, Subnet: {'id': '25a056a3-b528-4577-9471-f74cf55badb2', 'name': 'tempest-ServersWithSpecificFlavorTestJSON-802316473-subnet', 'tenant_id': 'ea44e64418624f1cb523b3503d3c6358', 'network_id': 'f20fab81-bf47-443e-bf5e-99ffb451023f', 'ip_version': 4, 'subnetpool_id': None, 'enable_dhcp': True, 'ipv6_ra_mode': None, 'ipv6_address_mode': None, 'gateway_ip': '192.168.128.1', 'cidr': '192.168.128.0/28', 'allocation_pools': [{'start': '192.168.128.2', 'end': '192.168.128.14'}], 'host_routes': [], 'dns_nameservers': [], 'description': '', 'router:external': False, 'service_types': [], 'tags': [], 'created_at': '2025-03-06T04:48:56Z', 'updated_at': '2025-03-06T04:48:56Z', 'revision_number': 0, 'project_id': 'ea44e64418624f1cb523b3503d3c6358'}, Router: {'id': 'e6fc7d73-fd70-4f5f-b0ef-331ff97263bf', 'name': 'tempest-ServersWithSpecificFlavorTestJSON-802316473-router', 'tenant_id': 'ea44e64418624f1cb523b3503d3c6358', 'admin_state_up': True, 'status': 'ACTIVE', 'external_gateway_info': {'network_id': '775865c6-8cae-44de-9a00-372a10999bdd', 'external_fixed_ips': [{'subnet_id': '0046b619-28e5-4d41-bd3a-4d0d69d75654', 'ip_address': '10.180.180.190'}], 'enable_snat': True}, 'description': '', 'availability_zones': [], 'distributed': False, 'ha': False, 'availability_zone_hints': [], 'routes': [], 'flavor_id': None, 'tags': [], 'created_at': '2025-03-06T04:48:57Z', 'updated_at': '2025-03-06T04:48:57Z', 'revision_number': 2, 'project_id': 'ea44e64418624f1cb523b3503d3c6358'}
2025-03-06 04:49:01.269 68402 INFO tempest.lib.common.rest_client [req-f5df82be-c8ba-4cb6-a12a-98c6042f14d8 req-f5df82be-c8ba-4cb6-a12a-98c6042f14d8 ] Request (InstanceUsageAuditLogTestJSON:test_get_instance_usage_audit_log): 200 GET http://10.180.1.21/compute/v2.1/os-instance_usage_audit_log/2025-03-06%2004%3A48%3A58 2.354s
2025-03-06 04:49:01.291 68438 INFO tempest.lib.common.rest_client [req-cc0b4775-b001-4be3-95d1-21eacaa7ad83 req-cc0b4775-b001-4be3-95d1-21eacaa7ad83 ] Request (SecurityGroupRulesTestJSON:setUpClass): 201 POST http://10.180.1.21/identity/v3/auth/tokens 0.269s
2025-03-06 04:49:01.313 68442 INFO tempest.lib.common.rest_client [req-de97085f-0e65-466b-872a-35cf28602998 req-de97085f-0e65-466b-872a-35cf28602998 ] Request (InstanceUsageAuditLogNegativeTestJSON:test_get_instance_usage_audit_logs_with_invalid_time): 400 GET http://10.180.1.21/compute/v2.1/os-instance_usage_audit_log/invalid_time 2.160s
2025-03-06 04:49:01.331 68414 INFO tempest.lib.common.rest_client [req-b54c925f-f6c4-473a-8b9e-f770a79c7032 req-b54c925f-f6c4-473a-8b9e-f770a79c7032 ] Request (ServerDiagnosticsNegativeTest:setUpClass): 201 POST http://10.180.1.21/identity/v3/auth/tokens 0.205s
2025-03-06 04:49:01.355 68406 INFO tempest.lib.common.rest_client [req-5044bc9e-849c-48fa-aa65-17af909717c9 req-5044bc9e-849c-48fa-aa65-17af909717c9 ] Request (QuotasAdminNegativeTest:setUpClass): 200 GET http://10.180.1.21/identity/v3/roles 0.180s
2025-03-06 04:49:01.367 68440 INFO tempest.lib.common.rest_client [req-dd998852-52a7-485e-96c8-22bf84354e57 req-dd998852-52a7-485e-96c8-22bf84354e57 ] Request (VolumesAssistedSnapshotsTest:setUpClass): 201 POST http://10.180.1.21/identity/v3/auth/tokens 0.258s
2025-03-06 04:49:01.443 68408 INFO tempest.lib.common.rest_client [req-b21bbf19-9566-450e-ac7e-5d9b1c9e7a64 req-b21bbf19-9566-450e-ac7e-5d9b1c9e7a64 ] Request (AZAdminNegativeTestJSON:tearDownClass): 204 DELETE http://10.180.1.21/identity/v3/projects/449df34f9e694afcbca33ccf679138d5 0.200s
2025-03-06 04:49:01.443 68408 INFO tempest.lib.common.dynamic_creds [-] Deleting project and security group for project: 6ae78121c43d413f95691302df8d16f7
2025-03-06 04:49:01.484 68438 INFO tempest.lib.common.rest_client [req-04cc3814-d3c8-437e-b631-1d2154dfc0b1 req-04cc3814-d3c8-437e-b631-1d2154dfc0b1 ] Request (SecurityGroupRulesTestJSON:setUpClass): 201 POST http://10.180.1.21/identity/v3/auth/tokens 0.191s
2025-03-06 04:49:01.490 68450 INFO tempest.lib.common.rest_client [req-14f8b9b9-58ec-432f-a95a-15b576cc08db req-14f8b9b9-58ec-432f-a95a-15b576cc08db ] Request (ServersTestManualDisk:setUpClass): 200 POST http://10.180.1.21/compute/v2.1/os-keypairs 2.291s
2025-03-06 04:49:01.543 68446 INFO tempest.lib.common.rest_client [req-eaa85a07-f16e-423c-b754-e9aa2096f57e req-eaa85a07-f16e-423c-b754-e9aa2096f57e ] Request (ServersWithSpecificFlavorTestJSON:setUpClass): 201 POST http://10.180.1.21/identity/v3/auth/tokens 0.237s
2025-03-06 04:49:01.593 68436 INFO tempest.lib.common.rest_client [req-a9e39268-a0d7-4df3-984d-b0ee2ffccab3 req-a9e39268-a0d7-4df3-984d-b0ee2ffccab3 ] Request (NetworksTest:test_get_network): 200 GET http://10.180.1.21/compute/v2.1/os-networks/775865c6-8cae-44de-9a00-372a10999bdd 2.266s
2025-03-06 04:49:01.596 68414 INFO tempest.lib.common.rest_client [req-f569d674-608c-493e-8c49-a539a8b8c042 req-f569d674-608c-493e-8c49-a539a8b8c042 ] Request (ServerDiagnosticsNegativeTest:setUpClass): 201 POST http://10.180.1.21/identity/v3/auth/tokens 0.261s
2025-03-06 04:49:01.612 68408 INFO tempest.lib.common.rest_client [req-1ed86570-eec6-4f55-b75d-50524357c549 req-1ed86570-eec6-4f55-b75d-50524357c549 ] Request (AZAdminNegativeTestJSON:tearDownClass): 200 GET http://10.180.1.21:9696/networking/v2.0/security-groups?tenant_id=6ae78121c43d413f95691302df8d16f7&name=default 0.167s
2025-03-06 04:49:01.635 68434 INFO tempest.lib.common.rest_client [req-d1891f43-6011-4721-aa77-323cfb09d225 req-d1891f43-6011-4721-aa77-323cfb09d225 ] Request (FlavorsAccessTestJSON:test_flavor_access_add_remove): 200 POST http://10.180.1.21/compute/v2.1/flavors 2.343s
2025-03-06 04:49:01.654 68440 INFO tempest.lib.common.rest_client [req-fcb58f98-644f-4cae-a613-19b4e4031472 req-fcb58f98-644f-4cae-a613-19b4e4031472 ] Request (VolumesAssistedSnapshotsTest:setUpClass): 201 POST http://10.180.1.21/identity/v3/projects 0.287s
2025-03-06 04:49:01.656 68406 INFO tempest.lib.common.rest_client [req-2f967467-7ad7-4693-8942-2e22dd39e27d req-2f967467-7ad7-4693-8942-2e22dd39e27d ] Request (QuotasAdminNegativeTest:setUpClass): 204 PUT http://10.180.1.21/identity/v3/projects/512ba165c265406db51fed6ccffc7e9c/users/e3373c9b895b4f3a8a88c62ea81fbc6e/roles/72140a1b82034de9873ee1b9496e9aa7 0.300s
2025-03-06 04:49:01.688 68450 INFO tempest.lib.common.rest_client [req-1040ad35-16c1-447c-a4f9-28a3569aee97 req-1040ad35-16c1-447c-a4f9-28a3569aee97 ] Request (ServersTestManualDisk:setUpClass): 201 POST http://10.180.1.21:9696/networking/v2.0/security-groups 0.196s
2025-03-06 04:49:01.715 68438 INFO tempest.lib.common.rest_client [req-d7a43328-3b06-4919-ac8e-482337dc9d1f req-d7a43328-3b06-4919-ac8e-482337dc9d1f ] Request (SecurityGroupRulesTestJSON:setUpClass): 200 GET http://10.180.1.21/identity/v3/domains?name=Default 0.230s
2025-03-06 04:49:01.736 68414 INFO tempest.lib.common.rest_client [req-0202fa68-0b3c-498a-ad1a-7723bd22964c req-0202fa68-0b3c-498a-ad1a-7723bd22964c ] Request (ServerDiagnosticsNegativeTest:setUpClass): 200 GET http://10.180.1.21/identity/v3/domains?name=Default 0.140s
2025-03-06 04:49:01.735 68408 INFO tempest.lib.common.rest_client [req-e1e764c6-35a4-49b6-af4d-31876643ff81 req-e1e764c6-35a4-49b6-af4d-31876643ff81 ] Request (AZAdminNegativeTestJSON:tearDownClass): 204 DELETE http://10.180.1.21:9696/networking/v2.0/security-groups/be5b6e2c-8e20-4492-ab7c-1d864f7cf0c1 0.122s
2025-03-06 04:49:01.760 68446 INFO tempest.lib.common.rest_client [req-22d41d21-ab13-4a19-a7f9-b630fa6f04f4 req-22d41d21-ab13-4a19-a7f9-b630fa6f04f4 ] Request (ServersWithSpecificFlavorTestJSON:setUpClass): 201 POST http://10.180.1.21/identity/v3/projects 0.216s
2025-03-06 04:49:01.808 68450 INFO tempest.lib.common.rest_client [req-cebf981b-ec13-4cdd-bc88-566269dc4024 req-cebf981b-ec13-4cdd-bc88-566269dc4024 ] Request (ServersTestManualDisk:setUpClass): 201 POST http://10.180.1.21:9696/networking/v2.0/security-group-rules 0.120s
2025-03-06 04:49:01.825 68412 INFO tempest.lib.common.rest_client [req-89dc4957-5517-496f-950d-706621ccde2f req-89dc4957-5517-496f-950d-706621ccde2f ] Request (FlavorsAdminTestJSON:test_is_public_string_variations): 200 GET http://10.180.1.21/compute/v2.1/flavors/detail?is_public=false 2.473s
2025-03-06 04:49:01.841 68440 INFO tempest.lib.common.rest_client [req-e00c945b-34c6-4b74-9b1e-1620e3cbd2f2 req-e00c945b-34c6-4b74-9b1e-1620e3cbd2f2 ] Request (VolumesAssistedSnapshotsTest:setUpClass): 201 POST http://10.180.1.21/identity/v3/users 0.186s
2025-03-06 04:49:01.866 68406 INFO tempest.lib.common.rest_client [req-f1d5816b-7fe4-4e24-be41-1be897863e79 req-f1d5816b-7fe4-4e24-be41-1be897863e79 ] Request (QuotasAdminNegativeTest:setUpClass): 200 GET http://10.180.1.21/identity/v3/roles 0.210s
2025-03-06 04:49:01.898 68438 INFO tempest.lib.common.rest_client [req-934d8d01-0633-4601-be57-54f0b4876570 req-934d8d01-0633-4601-be57-54f0b4876570 ] Request (SecurityGroupRulesTestJSON:setUpClass): 201 POST http://10.180.1.21/identity/v3/projects 0.181s
2025-03-06 04:49:01.901 68426 INFO tempest.lib.common.rest_client [req-9dc8a460-0c31-46c1-a181-4e41aa6d5d07 req-9dc8a460-0c31-46c1-a181-4e41aa6d5d07 ] Request (FlavorsExtraSpecsNegativeTestJSON:setUpClass): 200 POST http://10.180.1.21/compute/v2.1/flavors 2.568s
2025-03-06 04:49:01.909 68414 INFO tempest.lib.common.rest_client [req-660c95e9-f526-4b9c-99f6-6235339b9697 req-660c95e9-f526-4b9c-99f6-6235339b9697 ] Request (ServerDiagnosticsNegativeTest:setUpClass): 201 POST http://10.180.1.21/identity/v3/projects 0.172s
2025-03-06 04:49:01.919 68450 INFO tempest.lib.common.rest_client [req-9b134fce-2cd7-4dd1-8364-3eeb7dde9e5b req-9b134fce-2cd7-4dd1-8364-3eeb7dde9e5b ] Request (ServersTestManualDisk:setUpClass): 201 POST http://10.180.1.21:9696/networking/v2.0/security-group-rules 0.110s
2025-03-06 04:49:01.988 68446 INFO tempest.lib.common.rest_client [req-79569d74-bf8f-4a67-a798-ed8d69f67ac0 req-79569d74-bf8f-4a67-a798-ed8d69f67ac0 ] Request (ServersWithSpecificFlavorTestJSON:setUpClass): 201 POST http://10.180.1.21/identity/v3/users 0.227s
2025-03-06 04:49:02.024 68408 INFO tempest.lib.common.rest_client [req-8fc78852-b892-4bcc-9d17-9c170197a029 req-8fc78852-b892-4bcc-9d17-9c170197a029 ] Request (AZAdminNegativeTestJSON:tearDownClass): 204 DELETE http://10.180.1.21/identity/v3/projects/6ae78121c43d413f95691302df8d16f7 0.287s
2025-03-06 04:49:02.087 68440 INFO tempest.lib.common.rest_client [req-64929fa9-0654-44cd-b370-b287f5b0f0ad req-64929fa9-0654-44cd-b370-b287f5b0f0ad ] Request (VolumesAssistedSnapshotsTest:setUpClass): 200 GET http://10.180.1.21/identity/v3/roles 0.246s
2025-03-06 04:49:02.112 68406 INFO tempest.lib.common.rest_client [req-ace14146-d22c-4066-9811-1df5f37ad344 req-ace14146-d22c-4066-9811-1df5f37ad344 ] Request (QuotasAdminNegativeTest:setUpClass): 204 PUT http://10.180.1.21/identity/v3/projects/512ba165c265406db51fed6ccffc7e9c/users/e3373c9b895b4f3a8a88c62ea81fbc6e/roles/72140a1b82034de9873ee1b9496e9aa7 0.245s
2025-03-06 04:49:02.113 68406 INFO tempest.lib.common.dynamic_creds [-] Dynamic test user e3373c9b895b4f3a8a88c62ea81fbc6e is created with scope project and roles: ['admin']
2025-03-06 04:49:02.113 68406 INFO tempest.lib.common.dynamic_creds [-] Acquired dynamic creds: credentials: Credentials: {'domain_id': 'default', 'domain_name': 'Default', 'username': 'tempest-QuotasAdminNegativeTest-1851391563-project-admin', 'project_domain_id': 'default', 'project_domain_name': 'Default', 'project_id': '512ba165c265406db51fed6ccffc7e9c', 'project_name': 'tempest-QuotasAdminNegativeTest-1851391563', 'tenant_id': '512ba165c265406db51fed6ccffc7e9c', 'tenant_name': 'tempest-QuotasAdminNegativeTest-1851391563', 'user_domain_id': 'default', 'user_domain_name': 'Default', 'user_id': 'e3373c9b895b4f3a8a88c62ea81fbc6e', 'system': None}, Network: None, Subnet: None, Router: None
2025-03-06 04:49:02.113 68406 INFO tempest.lib.common.dynamic_creds [-] Created isolated network resources for: credentials: Credentials: {'domain_id': 'default', 'domain_name': 'Default', 'username': 'tempest-QuotasAdminNegativeTest-1851391563-project-admin', 'project_domain_id': 'default', 'project_domain_name': 'Default', 'project_id': '512ba165c265406db51fed6ccffc7e9c', 'project_name': 'tempest-QuotasAdminNegativeTest-1851391563', 'tenant_id': '512ba165c265406db51fed6ccffc7e9c', 'tenant_name': 'tempest-QuotasAdminNegativeTest-1851391563', 'user_domain_id': 'default', 'user_domain_name': 'Default', 'user_id': 'e3373c9b895b4f3a8a88c62ea81fbc6e', 'system': None}, Network: None, Subnet: None, Router: None
2025-03-06 04:49:02.127 68452 INFO tempest.lib.common.rest_client [req-ab7b963d-8411-4442-86f8-44f9ddbbd13b req-ab7b963d-8411-4442-86f8-44f9ddbbd13b ] Request (SecurityGroupsNegativeTestJSON:test_delete_nonexistent_security_group): 404 DELETE http://10.180.1.21/compute/v2.1/os-security-groups/79aaf91a-dca3-4cef-8459-0aa400f9feaa 2.703s
2025-03-06 04:49:02.151 68400 INFO tempest.lib.common.rest_client [req-8fc702fe-46b4-4ddd-8f9f-52ab5fa2a3df req-8fc702fe-46b4-4ddd-8f9f-52ab5fa2a3df ] Request (ServicesAdminTestJSON:test_get_service_by_host_name): 200 GET http://10.180.1.21/compute/v2.1/os-services?host=devstack 2.396s
2025-03-06 04:49:02.168 68438 INFO tempest.lib.common.rest_client [req-aa3e55ca-72b3-4587-81e3-f9bcd7268e15 req-aa3e55ca-72b3-4587-81e3-f9bcd7268e15 ] Request (SecurityGroupRulesTestJSON:setUpClass): 201 POST http://10.180.1.21/identity/v3/users 0.269s
2025-03-06 04:49:02.193 68414 INFO tempest.lib.common.rest_client [req-940eef3f-5bfb-41e9-9cc6-862e79071f58 req-940eef3f-5bfb-41e9-9cc6-862e79071f58 ] Request (ServerDiagnosticsNegativeTest:setUpClass): 201 POST http://10.180.1.21/identity/v3/users 0.284s
2025-03-06 04:49:02.216 68446 INFO tempest.lib.common.rest_client [req-7c15bf47-6ec2-4f53-9489-5fb5a8dbaaff req-7c15bf47-6ec2-4f53-9489-5fb5a8dbaaff ] Request (ServersWithSpecificFlavorTestJSON:setUpClass): 200 GET http://10.180.1.21/identity/v3/roles 0.227s
2025-03-06 04:49:02.225 68408 INFO tempest.lib.common.rest_client [req-b8cc06e0-5031-460b-8684-b14de3bba2eb req-b8cc06e0-5031-460b-8684-b14de3bba2eb ] Request (HypervisorAdminV228Test:setUpClass): 201 POST http://10.180.1.21/identity/v3/auth/tokens 0.197s
2025-03-06 04:49:02.269 68440 INFO tempest.lib.common.rest_client [req-746f98c4-be39-43e1-8650-4d8d1e922a43 req-746f98c4-be39-43e1-8650-4d8d1e922a43 ] Request (VolumesAssistedSnapshotsTest:setUpClass): 204 PUT http://10.180.1.21/identity/v3/projects/f6259511fd1740868d523d851c1b2222/users/2fe9f65f8beb49ce87460d3e1e4c5369/roles/72140a1b82034de9873ee1b9496e9aa7 0.181s
2025-03-06 04:49:02.301 68406 INFO tempest.lib.common.rest_client [req-023286a6-950f-4052-88e7-37f457cbb210 req-023286a6-950f-4052-88e7-37f457cbb210 ] Request (QuotasAdminNegativeTest:setUpClass): 201 POST http://10.180.1.21/identity/v3/auth/tokens 0.184s
2025-03-06 04:49:02.303 68406 WARNING tempest.lib.common.rest_client [-] Deprecated: "tenant_id" property is deprecated for removal, use "project_id" instead
2025-03-06 04:49:02.327 68422 INFO tempest.lib.common.rest_client [req-eaf9cf36-6f89-4732-81a5-01435b94c35f req-eaf9cf36-6f89-4732-81a5-01435b94c35f ] Request (ServersAdmin275Test:test_rebuild_update_server_275): 202 POST http://10.180.1.21/compute/v2.1/servers 2.749s
2025-03-06 04:49:02.332 68450 INFO tempest.lib.common.rest_client [req-b88681e9-3ded-4876-9d12-9a8962c30a51 req-b88681e9-3ded-4876-9d12-9a8962c30a51 ] Request (ServersTestManualDisk:setUpClass): 201 POST http://10.180.1.21:9696/networking/v2.0/floatingips 0.413s
2025-03-06 04:49:02.375 68438 INFO tempest.lib.common.rest_client [req-511edbd3-4dec-477a-ae25-be24c38cbafd req-511edbd3-4dec-477a-ae25-be24c38cbafd ] Request (SecurityGroupRulesTestJSON:setUpClass): 200 GET http://10.180.1.21/identity/v3/roles 0.207s
2025-03-06 04:49:02.392 68414 INFO tempest.lib.common.rest_client [req-79304d77-4b26-472e-9b38-08e9a60089a8 req-79304d77-4b26-472e-9b38-08e9a60089a8 ] Request (ServerDiagnosticsNegativeTest:setUpClass): 200 GET http://10.180.1.21/identity/v3/roles 0.198s
2025-03-06 04:49:02.417 68446 INFO tempest.lib.common.rest_client [req-93348428-8a18-4aa0-bc32-4e5b7673e848 req-93348428-8a18-4aa0-bc32-4e5b7673e848 ] Request (ServersWithSpecificFlavorTestJSON:setUpClass): 204 PUT http://10.180.1.21/identity/v3/projects/a927dc4676754eefa7445a1166b7a784/users/3d802478ee8f46e49c6938e8d42db45b/roles/72140a1b82034de9873ee1b9496e9aa7 0.201s
2025-03-06 04:49:02.474 68408 INFO tempest.lib.common.rest_client [req-fa67530f-d28a-4fd2-8620-afb8d7cff3db req-fa67530f-d28a-4fd2-8620-afb8d7cff3db ] Request (HypervisorAdminV228Test:setUpClass): 201 POST http://10.180.1.21/identity/v3/auth/tokens 0.247s
2025-03-06 04:49:02.496 68440 INFO tempest.lib.common.rest_client [req-7adfc0a2-162b-4be7-8f7e-4fb847011687 req-7adfc0a2-162b-4be7-8f7e-4fb847011687 ] Request (VolumesAssistedSnapshotsTest:setUpClass): 200 GET http://10.180.1.21/identity/v3/roles 0.226s
2025-03-06 04:49:02.543 68450 INFO tempest.lib.common.rest_client [req-3f171d3e-7c21-47b1-be19-a5f979b050d1 req-3f171d3e-7c21-47b1-be19-a5f979b050d1 ] Request (ServersTestManualDisk:setUpClass): 201 POST http://10.180.1.21/identity/v3/auth/tokens 0.207s
2025-03-06 04:49:02.544 68450 INFO tempest.lib.common.fixed_network [-] (ServersTestManualDisk:setUpClass) Found network {'id': 'cacfa567-4f66-4402-b683-533022b94d95', 'name': 'tempest-ServersTestManualDisk-848066327-network', 'tenant_id': '58f5500800214828bcc38f5acbea48bc', 'admin_state_up': True, 'mtu': 8950, 'status': 'ACTIVE', 'subnets': [], 'shared': False, 'project_id': '58f5500800214828bcc38f5acbea48bc', 'port_security_enabled': True, 'router:external': False, 'provider:network_type': 'vlan', 'provider:physical_network': 'default', 'provider:segmentation_id': 985, 'availability_zone_hints': [], 'availability_zones': [], 'ipv4_address_scope': None, 'ipv6_address_scope': None, 'description': '', 'tags': [], 'created_at': '2025-03-06T04:48:54Z', 'updated_at': '2025-03-06T04:48:54Z', 'revision_number': 1} available for tenant
2025-03-06 04:49:02.555 68420 INFO tempest.lib.common.rest_client [req-beebba0c-c856-49f2-b437-2305a12f896d req-beebba0c-c856-49f2-b437-2305a12f896d ] Request (FlavorsAccessNegativeTestJSON:test_add_flavor_access_duplicate): 200 POST http://10.180.1.21/compute/v2.1/flavors 2.563s
2025-03-06 04:49:02.560 68438 INFO tempest.lib.common.rest_client [req-9c3f1f43-2447-4576-86be-0570e5d3c462 req-9c3f1f43-2447-4576-86be-0570e5d3c462 ] Request (SecurityGroupRulesTestJSON:setUpClass): 204 PUT http://10.180.1.21/identity/v3/projects/604d8664cd434c1db457301ad09cf064/users/e17417ca26444f278991be2a102d19a8/roles/7b7b2e055b2442ae91bd236ef270b811 0.184s
2025-03-06 04:49:02.560 68438 INFO tempest.lib.common.dynamic_creds [-] Dynamic test user e17417ca26444f278991be2a102d19a8 is created with scope project and roles: ['member']
2025-03-06 04:49:02.560 68438 INFO tempest.lib.common.dynamic_creds [-] Acquired dynamic creds: credentials: Credentials: {'domain_id': 'default', 'domain_name': 'Default', 'username': 'tempest-SecurityGroupRulesTestJSON-1543358915-project-member', 'project_domain_id': 'default', 'project_domain_name': 'Default', 'project_id': '604d8664cd434c1db457301ad09cf064', 'project_name': 'tempest-SecurityGroupRulesTestJSON-1543358915', 'tenant_id': '604d8664cd434c1db457301ad09cf064', 'tenant_name': 'tempest-SecurityGroupRulesTestJSON-1543358915', 'user_domain_id': 'default', 'user_domain_name': 'Default', 'user_id': 'e17417ca26444f278991be2a102d19a8', 'system': None}, Network: None, Subnet: None, Router: None
2025-03-06 04:49:02.579 68414 INFO tempest.lib.common.rest_client [req-1dc36388-07f4-49c9-9911-631d4a130f8d req-1dc36388-07f4-49c9-9911-631d4a130f8d ] Request (ServerDiagnosticsNegativeTest:setUpClass): 204 PUT http://10.180.1.21/identity/v3/projects/2acc6bf1582145a7b1fc336994ccb7bb/users/48a1c2c5a0434d10a3fe86e61fec07fd/roles/7b7b2e055b2442ae91bd236ef270b811 0.185s
2025-03-06 04:49:02.580 68414 INFO tempest.lib.common.dynamic_creds [-] Dynamic test user 48a1c2c5a0434d10a3fe86e61fec07fd is created with scope project and roles: ['member']
2025-03-06 04:49:02.580 68414 INFO tempest.lib.common.dynamic_creds [-] Acquired dynamic creds: credentials: Credentials: {'domain_id': 'default', 'domain_name': 'Default', 'username': 'tempest-ServerDiagnosticsNegativeTest-305206900-project-member', 'project_domain_id': 'default', 'project_domain_name': 'Default', 'project_id': '2acc6bf1582145a7b1fc336994ccb7bb', 'project_name': 'tempest-ServerDiagnosticsNegativeTest-305206900', 'tenant_id': '2acc6bf1582145a7b1fc336994ccb7bb', 'tenant_name': 'tempest-ServerDiagnosticsNegativeTest-305206900', 'user_domain_id': 'default', 'user_domain_name': 'Default', 'user_id': '48a1c2c5a0434d10a3fe86e61fec07fd', 'system': None}, Network: None, Subnet: None, Router: None
2025-03-06 04:49:02.581 68414 INFO tempest.lib.common.dynamic_creds [-] Created isolated network resources for: credentials: Credentials: {'domain_id': 'default', 'domain_name': 'Default', 'username': 'tempest-ServerDiagnosticsNegativeTest-305206900-project-member', 'project_domain_id': 'default', 'project_domain_name': 'Default', 'project_id': '2acc6bf1582145a7b1fc336994ccb7bb', 'project_name': 'tempest-ServerDiagnosticsNegativeTest-305206900', 'tenant_id': '2acc6bf1582145a7b1fc336994ccb7bb', 'tenant_name': 'tempest-ServerDiagnosticsNegativeTest-305206900', 'user_domain_id': 'default', 'user_domain_name': 'Default', 'user_id': '48a1c2c5a0434d10a3fe86e61fec07fd', 'system': None}, Network: None, Subnet: None, Router: None
2025-03-06 04:49:02.646 68446 INFO tempest.lib.common.rest_client [req-fbb17852-080a-4386-8c22-dfe81b005b7b req-fbb17852-080a-4386-8c22-dfe81b005b7b ] Request (ServersWithSpecificFlavorTestJSON:setUpClass): 200 GET http://10.180.1.21/identity/v3/roles 0.228s
2025-03-06 04:49:02.668 68408 INFO tempest.lib.common.rest_client [req-c40ead33-85aa-46e7-ac4a-f3b95fe1b155 req-c40ead33-85aa-46e7-ac4a-f3b95fe1b155 ] Request (HypervisorAdminV228Test:setUpClass): 200 GET http://10.180.1.21/identity/v3/domains?name=Default 0.193s
2025-03-06 04:49:02.669 68424 INFO tempest.lib.common.rest_client [req-eab33d88-d70a-4e17-8620-97fcb96488b2 req-eab33d88-d70a-4e17-8620-97fcb96488b2 ] Request (DeleteServersTestJSON:test_delete_active_server): 202 POST http://10.180.1.21/compute/v2.1/servers 2.820s
2025-03-06 04:49:02.687 68440 INFO tempest.lib.common.rest_client [req-b094d581-20a6-444a-9506-9e6245eb448f req-b094d581-20a6-444a-9506-9e6245eb448f ] Request (VolumesAssistedSnapshotsTest:setUpClass): 204 PUT http://10.180.1.21/identity/v3/projects/f6259511fd1740868d523d851c1b2222/users/2fe9f65f8beb49ce87460d3e1e4c5369/roles/72140a1b82034de9873ee1b9496e9aa7 0.191s
2025-03-06 04:49:02.687 68440 INFO tempest.lib.common.dynamic_creds [-] Dynamic test user 2fe9f65f8beb49ce87460d3e1e4c5369 is created with scope project and roles: ['admin']
2025-03-06 04:49:02.687 68440 INFO tempest.lib.common.dynamic_creds [-] Acquired dynamic creds: credentials: Credentials: {'domain_id': 'default', 'domain_name': 'Default', 'username': 'tempest-VolumesAssistedSnapshotsTest-1402310219-project-admin', 'project_domain_id': 'default', 'project_domain_name': 'Default', 'project_id': 'f6259511fd1740868d523d851c1b2222', 'project_name': 'tempest-VolumesAssistedSnapshotsTest-1402310219', 'tenant_id': 'f6259511fd1740868d523d851c1b2222', 'tenant_name': 'tempest-VolumesAssistedSnapshotsTest-1402310219', 'user_domain_id': 'default', 'user_domain_name': 'Default', 'user_id': '2fe9f65f8beb49ce87460d3e1e4c5369', 'system': None}, Network: None, Subnet: None, Router: None
2025-03-06 04:49:02.727 68438 INFO tempest.lib.common.rest_client [req-eda40332-1f55-49fe-b24a-81669020b3b1 req-eda40332-1f55-49fe-b24a-81669020b3b1 ] Request (SecurityGroupRulesTestJSON:setUpClass): 201 POST http://10.180.1.21/identity/v3/auth/tokens 0.167s
2025-03-06 04:49:02.739 68446 INFO tempest.lib.common.rest_client [req-62ff66ac-a5e5-46b5-983c-767307297758 req-62ff66ac-a5e5-46b5-983c-767307297758 ] Request (ServersWithSpecificFlavorTestJSON:setUpClass): 204 PUT http://10.180.1.21/identity/v3/projects/a927dc4676754eefa7445a1166b7a784/users/3d802478ee8f46e49c6938e8d42db45b/roles/72140a1b82034de9873ee1b9496e9aa7 0.092s
2025-03-06 04:49:02.740 68446 INFO tempest.lib.common.dynamic_creds [-] Dynamic test user 3d802478ee8f46e49c6938e8d42db45b is created with scope project and roles: ['admin']
2025-03-06 04:49:02.740 68446 INFO tempest.lib.common.dynamic_creds [-] Acquired dynamic creds: credentials: Credentials: {'domain_id': 'default', 'domain_name': 'Default', 'username': 'tempest-ServersWithSpecificFlavorTestJSON-964084982-project-admin', 'project_domain_id': 'default', 'project_domain_name': 'Default', 'project_id': 'a927dc4676754eefa7445a1166b7a784', 'project_name': 'tempest-ServersWithSpecificFlavorTestJSON-964084982', 'tenant_id': 'a927dc4676754eefa7445a1166b7a784', 'tenant_name': 'tempest-ServersWithSpecificFlavorTestJSON-964084982', 'user_domain_id': 'default', 'user_domain_name': 'Default', 'user_id': '3d802478ee8f46e49c6938e8d42db45b', 'system': None}, Network: None, Subnet: None, Router: None
2025-03-06 04:49:02.747 68433 INFO tempest.lib.common.rest_client [req-06374926-7691-4283-96c4-cf60da29616b req-06374926-7691-4283-96c4-cf60da29616b ] Request (QuotaClassesAdminTestJSON:test_update_default_quotas): 200 PUT http://10.180.1.21/compute/v2.1/os-quota-class-sets/default 2.744s
2025-03-06 04:49:02.776 68444 INFO tempest.lib.common.rest_client [req-c4063386-699f-42b4-b69a-df1425d9f8cd req-c4063386-699f-42b4-b69a-df1425d9f8cd ] Request (FlavorsExtraSpecsTestJSON:test_flavor_non_admin_get_all_keys): 200 POST http://10.180.1.21/compute/v2.1/flavors/1015858293/os-extra_specs 2.505s
2025-03-06 04:49:02.784 68414 INFO tempest.lib.common.rest_client [req-6a1c86ff-9559-46cf-b4b3-e0e4ec10ac22 req-6a1c86ff-9559-46cf-b4b3-e0e4ec10ac22 ] Request (ServerDiagnosticsNegativeTest:setUpClass): 201 POST http://10.180.1.21/identity/v3/auth/tokens 0.200s
2025-03-06 04:49:02.796 68408 INFO tempest.lib.common.rest_client [req-c34bd0a9-8543-4606-b813-952abe20237c req-c34bd0a9-8543-4606-b813-952abe20237c ] Request (HypervisorAdminV228Test:setUpClass): 201 POST http://10.180.1.21/identity/v3/projects 0.127s
2025-03-06 04:49:02.820 68404 INFO tempest.lib.common.rest_client [req-02d08742-5f94-4a54-9d80-b945fb33dbc5 req-02d08742-5f94-4a54-9d80-b945fb33dbc5 ] Request (FlavorsV2NegativeTest:test_boot_with_low_ram): 400 POST http://10.180.1.21/compute/v2.1/servers 2.655s
2025-03-06 04:49:02.827 68392 INFO tempest.lib.common.rest_client [req-f24a7342-7748-4a83-b3a7-b3fcc99f5998 req-f24a7342-7748-4a83-b3a7-b3fcc99f5998 ] Request (HypervisorAdminNegativeTestJSON:test_get_hypervisor_list_with_non_admin_user): 403 GET http://10.180.1.21/compute/v2.1/os-hypervisors 2.192s
2025-03-06 04:49:02.831 68396 INFO tempest.lib.common.rest_client [req-6d683673-689e-498e-9e76-95c6f011e9da req-6d683673-689e-498e-9e76-95c6f011e9da ] Request (ImagesOneServerTestJSON:setUpClass): 200 GET http://10.180.1.21/compute/v2.1/servers/0c770674-5d97-4171-8fd3-48f7f8b93488 2.405s
2025-03-06 04:49:02.848 68414 INFO tempest.lib.common.rest_client [req-c21f3f52-a050-4e7c-a77d-ce243570e959 req-c21f3f52-a050-4e7c-a77d-ce243570e959 ] Request (ServerDiagnosticsNegativeTest:setUpClass): 201 POST http://10.180.1.21/identity/v3/projects 0.063s
2025-03-06 04:49:02.858 68416 INFO tempest.lib.common.rest_client [req-d0b641f7-6870-48d0-a6bb-b09ac7caf0e7 req-d0b641f7-6870-48d0-a6bb-b09ac7caf0e7 ] Request (AggregatesAdminNegativeTestJSON:test_aggregate_add_existent_host): 200 POST http://10.180.1.21/compute/v2.1/os-aggregates 2.072s
2025-03-06 04:49:02.898 68404 INFO tempest.lib.common.rest_client [req-766e2ea4-e6bd-43f7-9667-d529e894ad71 req-766e2ea4-e6bd-43f7-9667-d529e894ad71 ] Request (FlavorsV2NegativeTest:_run_cleanups): 204 DELETE http://10.180.1.21/image/v2/images/005bbee5-f79e-46bd-a83f-0d9d94404014 0.078s
2025-03-06 04:49:02.907 68408 INFO tempest.lib.common.rest_client [req-5af53b43-d26b-47e6-9e62-6d540787afa2 req-5af53b43-d26b-47e6-9e62-6d540787afa2 ] Request (HypervisorAdminV228Test:setUpClass): 201 POST http://10.180.1.21/identity/v3/users 0.110s
2025-03-06 04:49:02.932 68414 INFO tempest.lib.common.rest_client [req-e9f44e0c-3f51-4537-8e73-512e9ad721df req-e9f44e0c-3f51-4537-8e73-512e9ad721df ] Request (ServerDiagnosticsNegativeTest:setUpClass): 201 POST http://10.180.1.21/identity/v3/users 0.083s
2025-03-06 04:49:02.966 68398 INFO tempest.lib.common.rest_client [req-a1c4f459-97e5-462b-9573-d97a9100799b req-a1c4f459-97e5-462b-9573-d97a9100799b ] Request (FlavorMetadataValidation:test_flavor_update_with_custom_namespace): 200 POST http://10.180.1.21/compute/v2.1/flavors/1124891732/os-extra_specs 2.098s
2025-03-06 04:49:02.990 68404 INFO tempest.lib.common.rest_client [req-304a50fb-f03a-426e-9d1e-e18db77c21e3 req-304a50fb-f03a-426e-9d1e-e18db77c21e3 ] Request (FlavorsV2NegativeTest:tearDownClass): 204 DELETE http://10.180.1.21/identity/v3/users/46bb3a87b9ea4d99a44ca891f842738e 0.084s
2025-03-06 04:49:02.990 68404 INFO tempest.lib.common.dynamic_creds [-] Deleting project and security group for project: 1a864ff88478413b870b356e46e0e394
2025-03-06 04:49:03.037 68414 INFO tempest.lib.common.rest_client [req-f346f211-1396-4b34-81fb-b5c4a6b9e402 req-f346f211-1396-4b34-81fb-b5c4a6b9e402 ] Request (ServerDiagnosticsNegativeTest:setUpClass): 200 GET http://10.180.1.21/identity/v3/roles 0.104s
2025-03-06 04:49:03.039 68408 INFO tempest.lib.common.rest_client [req-6f6f2330-a12c-412f-970f-001ff13a44b8 req-6f6f2330-a12c-412f-970f-001ff13a44b8 ] Request (HypervisorAdminV228Test:setUpClass): 200 GET http://10.180.1.21/identity/v3/roles 0.132s
2025-03-06 04:49:03.044 68448 INFO tempest.lib.common.rest_client [req-d33cd209-4f67-4f44-a335-0333f16a799d req-d33cd209-4f67-4f44-a335-0333f16a799d ] Request (FloatingIPDetailsNegativeTestJSON:test_get_nonexistent_floating_ip_details): 404 GET http://10.180.1.21/compute/v2.1/os-floating-ips/2e86cfb0-bbe7-44a1-82a7-cdcafdd4e199 2.273s
2025-03-06 04:49:03.059 68404 INFO tempest.lib.common.rest_client [req-23622d23-1985-416f-aee4-6aadc99cded4 req-23622d23-1985-416f-aee4-6aadc99cded4 ] Request (FlavorsV2NegativeTest:tearDownClass): 201 POST http://10.180.1.21/identity/v3/auth/tokens 0.069s
2025-03-06 04:49:03.088 68410 INFO tempest.lib.common.rest_client [req-f8ff5bb0-bdfb-4101-9ccb-72bf78834b1d req-f8ff5bb0-bdfb-4101-9ccb-72bf78834b1d ] Request (KeyPairsV210TestJSON:test_admin_manage_keypairs_for_other_users): 201 POST http://10.180.1.21/compute/v2.1/os-keypairs 2.093s
2025-03-06 04:49:03.093 68414 INFO tempest.lib.common.rest_client [req-4622e8d3-dae9-42ca-8be0-9f2603c3c1f2 req-4622e8d3-dae9-42ca-8be0-9f2603c3c1f2 ] Request (ServerDiagnosticsNegativeTest:setUpClass): 204 PUT http://10.180.1.21/identity/v3/projects/da8e77a20e2e4450af7474b7adcf53bd/users/f12aeadf161f41a58bf329d6145743f2/roles/72140a1b82034de9873ee1b9496e9aa7 0.056s
2025-03-06 04:49:03.100 68438 INFO tempest.lib.common.rest_client [req-edd131b7-7196-4bd3-b456-40620dbaa25e req-edd131b7-7196-4bd3-b456-40620dbaa25e ] Request (SecurityGroupRulesTestJSON:setUpClass): 201 POST http://10.180.1.21:9696/networking/v2.0/networks 0.372s
2025-03-06 04:49:03.109 68402 INFO tempest.lib.common.rest_client [req-4469ac1d-8d61-4771-b262-e7710b8e919f req-4469ac1d-8d61-4771-b262-e7710b8e919f ] Request (InstanceUsageAuditLogTestJSON:test_list_instance_usage_audit_logs): 200 GET http://10.180.1.21/compute/v2.1/os-instance_usage_audit_log 1.828s
2025-03-06 04:49:03.149 68408 INFO tempest.lib.common.rest_client [req-6e0e33e4-a724-421b-9edb-24b6a71cb5b9 req-6e0e33e4-a724-421b-9edb-24b6a71cb5b9 ] Request (HypervisorAdminV228Test:setUpClass): 204 PUT http://10.180.1.21/identity/v3/projects/d31e6e1b297b48bba769e62b3396d1d2/users/a0240a6a4dc7406f873e4dc305e9ba40/roles/7b7b2e055b2442ae91bd236ef270b811 0.109s
2025-03-06 04:49:03.149 68408 INFO tempest.lib.common.dynamic_creds [-] Dynamic test user a0240a6a4dc7406f873e4dc305e9ba40 is created with scope project and roles: ['member']
2025-03-06 04:49:03.150 68408 INFO tempest.lib.common.dynamic_creds [-] Acquired dynamic creds: credentials: Credentials: {'domain_id': 'default', 'domain_name': 'Default', 'username': 'tempest-HypervisorAdminV228Test-112813348-project-member', 'project_domain_id': 'default', 'project_domain_name': 'Default', 'project_id': 'd31e6e1b297b48bba769e62b3396d1d2', 'project_name': 'tempest-HypervisorAdminV228Test-112813348', 'tenant_id': 'd31e6e1b297b48bba769e62b3396d1d2', 'tenant_name': 'tempest-HypervisorAdminV228Test-112813348', 'user_domain_id': 'default', 'user_domain_name': 'Default', 'user_id': 'a0240a6a4dc7406f873e4dc305e9ba40', 'system': None}, Network: None, Subnet: None, Router: None
