2025-03-06 04:51:34.373 68424 INFO tempest.lib.common.rest_client [req-caed5316-19fb-46bc-bfc6-ca1008eabd0d req-caed5316-19fb-46bc-bfc6-ca1008eabd0d ] Request (DeleteServersTestJSON:test_delete_server_while_in_shelved_state): 200 GET http://10.180.1.21/compute/v2.1/servers/0e7b0dc2-abc5-4ad1-bc44-f6bd3c86d311 0.066s
2025-03-06 04:51:34.469 68434 INFO tempest.lib.common.rest_client [req-b4eeac54-d7f5-48ea-b380-171f5467bd40 req-b4eeac54-d7f5-48ea-b380-171f5467bd40 ] Request (ServersAdminNegativeTestJSON:tearDownClass): 200 GET http://10.180.1.21/compute/v2.1/servers/9510e99c-c0ac-4360-a263-cac731f70720 0.099s
2025-03-06 04:51:34.485 68434 INFO tempest.common.waiters [-] State transition "ACTIVE/deleting" ==> "DELETED/None" after 4 second wait
2025-03-06 04:51:34.488 68420 INFO tempest.lib.common.rest_client [req-602dc2e5-271d-46f5-a661-83e0e36a0bca req-602dc2e5-271d-46f5-a661-83e0e36a0bca ] Request (ServersTestBootFromVolume:setUpClass): 200 GET http://10.180.1.21/compute/v2.1/servers/0f6b596f-f7f0-4919-9301-feeda6237423 0.162s
2025-03-06 04:51:34.497 68420 INFO tempest.common.waiters [-] State transition "BUILD/networking" ==> "BUILD/block_device_mapping" after 75 second wait
2025-03-06 04:51:34.561 68400 INFO tempest.lib.common.rest_client [req-ff753e2a-2d7a-47fa-bede-0047457518de req-ff753e2a-2d7a-47fa-bede-0047457518de ] Request (ServerMetadataNegativeTestJSON:tearDownClass): 200 GET http://10.180.1.21/compute/v2.1/servers/18d74c0d-db17-4378-95c8-571986364854 0.161s
2025-03-06 04:51:34.567 68430 INFO tempest.lib.common.rest_client [req-da280f30-1b8c-4920-b195-277e526ce7a8 req-da280f30-1b8c-4920-b195-277e526ce7a8 ] Request (ImagesNegativeTestJSON:test_create_image_from_deleted_server): 200 GET http://10.180.1.21/compute/v2.1/servers/5b1c861f-ac1f-4d72-9d33-5a8f975ca6fe 0.144s
2025-03-06 04:51:34.613 68396 INFO tempest.lib.common.rest_client [req-5344b7de-4c32-48e8-b9a3-65bc2818eaa7 req-5344b7de-4c32-48e8-b9a3-65bc2818eaa7 ] Request (ListServerFiltersTestJSON:setUpClass): 200 GET http://10.180.1.21/compute/v2.1/servers/10436fc4-3f5c-4fbf-b316-1986fce6eeeb 0.146s
2025-03-06 04:51:34.631 68422 INFO tempest.lib.common.rest_client [req-343fa460-98dc-4161-81b6-6dbcb5f7ee51 req-343fa460-98dc-4161-81b6-6dbcb5f7ee51 ] Request (ServerActionsV293TestJSON:setUpClass): 200 GET http://10.180.1.21/compute/v2.1/servers/aefae9af-653e-4eff-b8cd-0fe5548725c6 0.119s
2025-03-06 04:51:34.755 68428 INFO tempest.lib.common.rest_client [req-9e804ed7-8fe7-4dff-af23-f0eeeeb5820c req-9e804ed7-8fe7-4dff-af23-f0eeeeb5820c ] Request (FloatingIPsAssociationNegativeTestJSON:setUpClass): 200 PUT http://10.180.1.21:9696/networking/v2.0/routers/95ccb5d7-123d-4a85-8259-e88edf6696d6/add_router_interface 1.150s
2025-03-06 04:51:34.755 68428 INFO tempest.lib.common.dynamic_creds [-] Created isolated network resources for: credentials: Credentials: {'domain_id': 'default', 'domain_name': 'Default', 'username': 'tempest-FloatingIPsAssociationNegativeTestJSON-1329941591-project-member', 'project_domain_id': 'default', 'project_domain_name': 'Default', 'project_id': '621cbd4292ab4462a71ea44c53af4183', 'project_name': 'tempest-FloatingIPsAssociationNegativeTestJSON-1329941591', 'tenant_id': '621cbd4292ab4462a71ea44c53af4183', 'tenant_name': 'tempest-FloatingIPsAssociationNegativeTestJSON-1329941591', 'user_domain_id': 'default', 'user_domain_name': 'Default', 'user_id': '7a358ebb6b304f708157076930217077', 'system': None}, Network: {'id': '623fe066-9fa1-4992-8bb8-00b74199a8ee', 'name': 'tempest-FloatingIPsAssociationNegativeTestJSON-231855720-network', 'tenant_id': '621cbd4292ab4462a71ea44c53af4183', 'admin_state_up': True, 'mtu': 8950, 'status': 'ACTIVE', 'subnets': [], 'shared': False, 'project_id': '621cbd4292ab4462a71ea44c53af4183', 'port_security_enabled': True, 'router:external': False, 'provider:network_type': 'vlan', 'provider:physical_network': 'default', 'provider:segmentation_id': 139, 'availability_zone_hints': [], 'availability_zones': [], 'ipv4_address_scope': None, 'ipv6_address_scope': None, 'description': '', 'tags': [], 'created_at': '2025-03-06T04:51:32Z', 'updated_at': '2025-03-06T04:51:32Z', 'revision_number': 1}, Subnet: {'id': '6db5b1ef-83a2-4bfe-9974-0a6f4bc7b1e3', 'name': 'tempest-FloatingIPsAssociationNegativeTestJSON-231855720-subnet', 'tenant_id': '621cbd4292ab4462a71ea44c53af4183', 'network_id': '623fe066-9fa1-4992-8bb8-00b74199a8ee', 'ip_version': 4, 'subnetpool_id': None, 'enable_dhcp': True, 'ipv6_ra_mode': None, 'ipv6_address_mode': None, 'gateway_ip': '192.168.128.1', 'cidr': '192.168.128.0/28', 'allocation_pools': [{'start': '192.168.128.2', 'end': '192.168.128.14'}], 'host_routes': [], 'dns_nameservers': [], 'description': '', 'router:external': False, 'service_types': [], 'tags': [], 'created_at': '2025-03-06T04:51:32Z', 'updated_at': '2025-03-06T04:51:32Z', 'revision_number': 0, 'project_id': '621cbd4292ab4462a71ea44c53af4183'}, Router: {'id': '95ccb5d7-123d-4a85-8259-e88edf6696d6', 'name': 'tempest-FloatingIPsAssociationNegativeTestJSON-231855720-router', 'tenant_id': '621cbd4292ab4462a71ea44c53af4183', 'admin_state_up': True, 'status': 'ACTIVE', 'external_gateway_info': {'network_id': '775865c6-8cae-44de-9a00-372a10999bdd', 'external_fixed_ips': [{'subnet_id': '0046b619-28e5-4d41-bd3a-4d0d69d75654', 'ip_address': '10.180.180.211'}], 'enable_snat': True}, 'description': '', 'availability_zones': [], 'distributed': False, 'ha': False, 'availability_zone_hints': [], 'routes': [], 'flavor_id': None, 'tags': [], 'created_at': '2025-03-06T04:51:32Z', 'updated_at': '2025-03-06T04:51:33Z', 'revision_number': 2, 'project_id': '621cbd4292ab4462a71ea44c53af4183'}
2025-03-06 04:51:34.833 68428 INFO tempest.lib.common.rest_client [req-fe5133cd-5135-4a7d-b818-b027957ec747 req-fe5133cd-5135-4a7d-b818-b027957ec747 ] Request (FloatingIPsAssociationNegativeTestJSON:setUpClass): 201 POST http://10.180.1.21/identity/v3/auth/tokens 0.074s
2025-03-06 04:51:34.863 68428 INFO tempest.lib.common.rest_client [req-b708929c-919e-4e5f-b3c1-5426a8ef1bca req-b708929c-919e-4e5f-b3c1-5426a8ef1bca ] Request (FloatingIPsAssociationNegativeTestJSON:setUpClass): 201 POST http://10.180.1.21/identity/v3/auth/tokens 0.027s
2025-03-06 04:51:34.864 68428 INFO tempest.lib.common.fixed_network [-] (FloatingIPsAssociationNegativeTestJSON:setUpClass) Found network {'id': '623fe066-9fa1-4992-8bb8-00b74199a8ee', 'name': 'tempest-FloatingIPsAssociationNegativeTestJSON-231855720-network', 'tenant_id': '621cbd4292ab4462a71ea44c53af4183', 'admin_state_up': True, 'mtu': 8950, 'status': 'ACTIVE', 'subnets': [], 'shared': False, 'project_id': '621cbd4292ab4462a71ea44c53af4183', 'port_security_enabled': True, 'router:external': False, 'provider:network_type': 'vlan', 'provider:physical_network': 'default', 'provider:segmentation_id': 139, 'availability_zone_hints': [], 'availability_zones': [], 'ipv4_address_scope': None, 'ipv6_address_scope': None, 'description': '', 'tags': [], 'created_at': '2025-03-06T04:51:32Z', 'updated_at': '2025-03-06T04:51:32Z', 'revision_number': 1} available for tenant
2025-03-06 04:51:34.872 68412 INFO tempest.lib.common.rest_client [req-1ddb57c9-beef-44f0-8af9-3e7c5a597849 req-1ddb57c9-beef-44f0-8af9-3e7c5a597849 ] Request (MigrationsAdminTest:test_list_migrations_in_flavor_resize_situation): 200 GET http://10.180.1.21/compute/v2.1/servers/55307952-d3d8-4c1c-8183-cd73338705cf 0.119s
2025-03-06 04:51:34.971 68416 INFO tempest.lib.common.rest_client [req-007e2e0e-5710-4dd3-ad11-4a95bc88abbc req-007e2e0e-5710-4dd3-ad11-4a95bc88abbc ] Request (AttachInterfacesV270Test:test_create_get_list_interfaces): 200 GET http://10.180.1.21/compute/v2.1/servers/77f3a691-e382-4f35-abdc-eba5d791c76a 0.101s
2025-03-06 04:51:35.058 68426 INFO tempest.lib.common.rest_client [req-5c79c812-3740-4c3e-88d8-4d03349dc2db req-5c79c812-3740-4c3e-88d8-4d03349dc2db ] Request (ListServersNegativeTestJSON:setUpClass): 200 GET http://10.180.1.21/compute/v2.1/servers/22b5827f-a1fc-430d-9932-aa8c4e9f69d3 0.079s
2025-03-06 04:51:35.127 68414 INFO tempest.lib.common.rest_client [req-4792ae41-88d2-425f-91a8-8ab43c27d434 req-4792ae41-88d2-425f-91a8-8ab43c27d434 ] Request (ServerGroupTestJSON:test_create_server_with_scheduler_hint_group): 200 GET http://10.180.1.21/compute/v2.1/servers/c535e82c-bd6f-430b-904a-c0f42cddf43b 0.114s
2025-03-06 04:51:35.197 68402 INFO tempest.lib.common.rest_client [req-535c9644-1edc-45b7-9602-47a99b9b8aba req-535c9644-1edc-45b7-9602-47a99b9b8aba ] Request (ServerAddressesNegativeTestJSON:tearDownClass): 200 GET http://10.180.1.21/compute/v2.1/servers/8a2960ee-4850-4bad-8152-1050d930a1fc 0.123s
2025-03-06 04:51:35.231 68418 INFO tempest.lib.common.rest_client [req-a247850a-0407-4cee-8733-7b163f51b9a7 req-a247850a-0407-4cee-8733-7b163f51b9a7 ] Request (ImagesTestJSON:test_create_image_from_stopped_server): 200 GET http://10.180.1.21/compute/v2.1/images/3d6d4a84-0f25-47af-9cf1-559b92021aac 0.119s
2025-03-06 04:51:35.312 68392 INFO tempest.lib.common.rest_client [req-71ea026b-dbd0-49b5-b076-5c209bd35127 req-71ea026b-dbd0-49b5-b076-5c209bd35127 ] Request (SecurityGroupsTestJSON:test_server_security_groups): 200 GET http://10.180.1.21/compute/v2.1/servers/37b39a21-4d4d-432d-a3f9-88f20d00ed86 0.174s
2025-03-06 04:51:35.368 68436 WARNING tempest.lib.common.ssh [-] Failed to establish authenticated ssh connection to cirros@10.180.180.164 ([Errno None] Unable to connect to port 22 on 10.180.180.164). Number attempts: 9. Retry after 10 seconds.: paramiko.ssh_exception.NoValidConnectionsError: [Errno None] Unable to connect to port 22 on 10.180.180.164
2025-03-06 04:51:35.388 68410 INFO tempest.lib.common.rest_client [req-93932805-3476-44f4-a974-3d689321ad96 req-93932805-3476-44f4-a974-3d689321ad96 ] Request (ServerDiskConfigTestJSON:test_resize_server_from_auto_to_manual): 200 GET http://10.180.1.21/compute/v2.1/servers/6a5e8baa-30b1-426f-8e85-7a59f50a45f9 0.193s
2025-03-06 04:51:35.454 68428 INFO tempest.lib.common.rest_client [req-23310771-103c-4a8c-9731-d5e6769ec0ac req-23310771-103c-4a8c-9731-d5e6769ec0ac ] Request (FloatingIPsAssociationNegativeTestJSON:setUpClass): 202 POST http://10.180.1.21/compute/v2.1/servers 0.590s
2025-03-06 04:51:35.476 68404 INFO tempest.lib.common.rest_client [req-63f58469-d58a-4c2e-a22e-3e2e952047d2 req-63f58469-d58a-4c2e-a22e-3e2e952047d2 ] Request (FloatingIPsAssociationTestJSON:tearDownClass): 200 GET http://10.180.1.21/compute/v2.1/servers/8115ca18-6617-4b2a-9648-b4161f572703 0.242s
2025-03-06 04:51:35.539 68394 INFO tempest.lib.common.rest_client [req-3de6850c-171c-4a50-8066-fe50a54280cb req-3de6850c-171c-4a50-8066-fe50a54280cb ] Request (InstanceActionsV221TestJSON:test_get_list_deleted_instance_actions): 200 GET http://10.180.1.21/compute/v2.1/servers/a74713b1-37d2-477a-8e70-6d1b5916156a 0.268s
2025-03-06 04:51:35.547 68438 INFO tempest.lib.common.rest_client [req-8d8ee5fd-b0bf-4591-bdf3-d2fdf88cf24c req-8d8ee5fd-b0bf-4591-bdf3-d2fdf88cf24c ] Request (ServerAddressesTestJSON:tearDownClass): 200 GET http://10.180.1.21/compute/v2.1/servers/6c4e914e-ff8d-428f-bd25-c0133fe9d4de 0.241s
2025-03-06 04:51:35.608 68398 INFO tempest.lib.common.rest_client [req-5b933401-27ee-4304-965f-170476331c9b req-5b933401-27ee-4304-965f-170476331c9b ] Request (ServerRescueNegativeTestJSON:test_rescued_vm_detach_volume): 200 GET http://10.180.1.21/compute/v2.1/servers/cb077499-1dce-4793-9551-adad48f1a4c5 0.275s
2025-03-06 04:51:35.614 68406 INFO tempest.lib.common.rest_client [req-42ff593c-97ca-4b54-84a3-7228ba4062b6 req-42ff593c-97ca-4b54-84a3-7228ba4062b6 ] Request (MultipleCreateTestJSON:test_multiple_create): 200 GET http://10.180.1.21/compute/v2.1/servers/9913340c-ab70-49fc-b116-906a6bdcc208 0.259s
2025-03-06 04:51:35.672 68428 INFO tempest.lib.common.rest_client [req-2f46a569-75aa-4ee6-a4d1-5c86043d2f94 req-2f46a569-75aa-4ee6-a4d1-5c86043d2f94 ] Request (FloatingIPsAssociationNegativeTestJSON:setUpClass): 200 GET http://10.180.1.21/compute/v2.1/servers/eb1002fb-fdb3-44c1-a32a-022eff6acc66 0.215s
2025-03-06 04:51:35.684 68424 INFO tempest.lib.common.rest_client [req-609400b3-30f7-42ce-ab3a-a2490e3ee36f req-609400b3-30f7-42ce-ab3a-a2490e3ee36f ] Request (DeleteServersTestJSON:test_delete_server_while_in_shelved_state): 200 GET http://10.180.1.21/compute/v2.1/servers/0e7b0dc2-abc5-4ad1-bc44-f6bd3c86d311 0.297s
2025-03-06 04:51:35.754 68434 INFO tempest.lib.common.rest_client [req-f6b538bd-96b3-4cec-8dee-2b9ab7f8504f req-f6b538bd-96b3-4cec-8dee-2b9ab7f8504f ] Request (ServersAdminNegativeTestJSON:tearDownClass): 200 GET http://10.180.1.21/compute/v2.1/servers/9510e99c-c0ac-4360-a263-cac731f70720 0.267s
2025-03-06 04:51:35.803 68420 INFO tempest.lib.common.rest_client [req-81b193d0-7cf9-4cf4-bcc8-ba7fa0302461 req-81b193d0-7cf9-4cf4-bcc8-ba7fa0302461 ] Request (ServersTestBootFromVolume:setUpClass): 200 GET http://10.180.1.21/compute/v2.1/servers/0f6b596f-f7f0-4919-9301-feeda6237423 0.304s
2025-03-06 04:51:35.817 68400 INFO tempest.lib.common.rest_client [req-0db728d5-b13b-4d85-a6dc-ad5b8eecf38c req-0db728d5-b13b-4d85-a6dc-ad5b8eecf38c ] Request (ServerMetadataNegativeTestJSON:tearDownClass): 200 GET http://10.180.1.21/compute/v2.1/servers/18d74c0d-db17-4378-95c8-571986364854 0.247s
2025-03-06 04:51:35.864 68430 INFO tempest.lib.common.rest_client [req-f28cbdfb-07ef-4450-ae58-8f9689a8715a req-f28cbdfb-07ef-4450-ae58-8f9689a8715a ] Request (ImagesNegativeTestJSON:test_create_image_from_deleted_server): 200 GET http://10.180.1.21/compute/v2.1/servers/5b1c861f-ac1f-4d72-9d33-5a8f975ca6fe 0.289s
2025-03-06 04:51:35.872 68396 INFO tempest.lib.common.rest_client [req-200d357a-5591-4f70-9763-d6fdc184601b req-200d357a-5591-4f70-9763-d6fdc184601b ] Request (ListServerFiltersTestJSON:setUpClass): 200 GET http://10.180.1.21/compute/v2.1/servers/10436fc4-3f5c-4fbf-b316-1986fce6eeeb 0.247s
2025-03-06 04:51:35.922 68422 INFO tempest.lib.common.rest_client [req-8b7d639b-4cf8-42e5-af85-9670cc72e3e3 req-8b7d639b-4cf8-42e5-af85-9670cc72e3e3 ] Request (ServerActionsV293TestJSON:setUpClass): 200 GET http://10.180.1.21/compute/v2.1/servers/aefae9af-653e-4eff-b8cd-0fe5548725c6 0.276s
2025-03-06 04:51:36.010 68412 INFO tempest.lib.common.rest_client [req-95bbcf86-323c-4a39-a2ef-71f46dbce8fd req-95bbcf86-323c-4a39-a2ef-71f46dbce8fd ] Request (MigrationsAdminTest:test_list_migrations_in_flavor_resize_situation): 200 GET http://10.180.1.21/compute/v2.1/servers/55307952-d3d8-4c1c-8183-cd73338705cf 0.130s
2025-03-06 04:51:36.089 68416 INFO tempest.lib.common.rest_client [req-2e1875a4-d7b3-4157-b48e-0b9f9857473e req-2e1875a4-d7b3-4157-b48e-0b9f9857473e ] Request (AttachInterfacesV270Test:test_create_get_list_interfaces): 200 GET http://10.180.1.21/compute/v2.1/servers/77f3a691-e382-4f35-abdc-eba5d791c76a 0.108s
2025-03-06 04:51:36.140 68426 INFO tempest.lib.common.rest_client [req-0630463b-fc02-453a-9424-2ee30fe83c2b req-0630463b-fc02-453a-9424-2ee30fe83c2b ] Request (ListServersNegativeTestJSON:setUpClass): 200 GET http://10.180.1.21/compute/v2.1/servers/22b5827f-a1fc-430d-9932-aa8c4e9f69d3 0.066s
2025-03-06 04:51:36.208 68414 INFO tempest.lib.common.rest_client [req-fa0891c0-0cb8-419d-8f4e-e1ec153a940e req-fa0891c0-0cb8-419d-8f4e-e1ec153a940e ] Request (ServerGroupTestJSON:test_create_server_with_scheduler_hint_group): 200 GET http://10.180.1.21/compute/v2.1/servers/c535e82c-bd6f-430b-904a-c0f42cddf43b 0.068s
2025-03-06 04:51:36.219 68414 INFO tempest.common.waiters [-] State transition "BUILD/None" ==> "BUILD/networking" after 77 second wait
2025-03-06 04:51:36.287 68418 INFO tempest.lib.common.rest_client [req-c4fce513-f80b-4dbb-9b9d-d5bc83330901 req-c4fce513-f80b-4dbb-9b9d-d5bc83330901 ] Request (ImagesTestJSON:test_create_image_from_stopped_server): 200 GET http://10.180.1.21/compute/v2.1/images/3d6d4a84-0f25-47af-9cf1-559b92021aac 0.046s
2025-03-06 04:51:36.294 68402 INFO tempest.lib.common.rest_client [req-e452438f-e2e7-441c-a70f-b145a0b29ef1 req-e452438f-e2e7-441c-a70f-b145a0b29ef1 ] Request (ServerAddressesNegativeTestJSON:tearDownClass): 200 GET http://10.180.1.21/compute/v2.1/servers/8a2960ee-4850-4bad-8152-1050d930a1fc 0.081s
2025-03-06 04:51:36.391 68392 INFO tempest.lib.common.rest_client [req-861cf72c-e048-45a3-868c-171d7b2cb062 req-861cf72c-e048-45a3-868c-171d7b2cb062 ] Request (SecurityGroupsTestJSON:test_server_security_groups): 200 GET http://10.180.1.21/compute/v2.1/servers/37b39a21-4d4d-432d-a3f9-88f20d00ed86 0.066s
2025-03-06 04:51:36.472 68410 INFO tempest.lib.common.rest_client [req-e6abbd93-9354-49ee-a80b-21979234da00 req-e6abbd93-9354-49ee-a80b-21979234da00 ] Request (ServerDiskConfigTestJSON:test_resize_server_from_auto_to_manual): 200 GET http://10.180.1.21/compute/v2.1/servers/6a5e8baa-30b1-426f-8e85-7a59f50a45f9 0.070s
2025-03-06 04:51:36.587 68404 INFO tempest.lib.common.rest_client [req-ab15bf4c-cc81-46ca-8d0a-81d29d48f5b2 req-ab15bf4c-cc81-46ca-8d0a-81d29d48f5b2 ] Request (FloatingIPsAssociationTestJSON:tearDownClass): 200 GET http://10.180.1.21/compute/v2.1/servers/8115ca18-6617-4b2a-9648-b4161f572703 0.102s
2025-03-06 04:51:36.636 68394 INFO tempest.lib.common.rest_client [req-22b4b606-3160-4b2e-a5bd-6d598a46a0dc req-22b4b606-3160-4b2e-a5bd-6d598a46a0dc ] Request (InstanceActionsV221TestJSON:test_get_list_deleted_instance_actions): 200 GET http://10.180.1.21/compute/v2.1/servers/a74713b1-37d2-477a-8e70-6d1b5916156a 0.089s
2025-03-06 04:51:36.684 68438 INFO tempest.lib.common.rest_client [req-d07cd4a5-ea7f-4006-bb9e-61a44f1bb7d1 req-d07cd4a5-ea7f-4006-bb9e-61a44f1bb7d1 ] Request (ServerAddressesTestJSON:tearDownClass): 200 GET http://10.180.1.21/compute/v2.1/servers/6c4e914e-ff8d-428f-bd25-c0133fe9d4de 0.125s
2025-03-06 04:51:36.707 68398 INFO tempest.lib.common.rest_client [req-4e73ca4b-f721-4918-ae3c-d1cd0f1f7fe9 req-4e73ca4b-f721-4918-ae3c-d1cd0f1f7fe9 ] Request (ServerRescueNegativeTestJSON:test_rescued_vm_detach_volume): 200 GET http://10.180.1.21/compute/v2.1/servers/cb077499-1dce-4793-9551-adad48f1a4c5 0.090s
2025-03-06 04:51:36.759 68406 INFO tempest.lib.common.rest_client [req-02d8483b-9fcb-49a7-b12d-cc7acb99d1f5 req-02d8483b-9fcb-49a7-b12d-cc7acb99d1f5 ] Request (MultipleCreateTestJSON:test_multiple_create): 200 GET http://10.180.1.21/compute/v2.1/servers/9913340c-ab70-49fc-b116-906a6bdcc208 0.126s
2025-03-06 04:51:36.808 68428 INFO tempest.lib.common.rest_client [req-e531fb16-6b74-4733-be54-81e95d7dc8b3 req-e531fb16-6b74-4733-be54-81e95d7dc8b3 ] Request (FloatingIPsAssociationNegativeTestJSON:setUpClass): 200 GET http://10.180.1.21/compute/v2.1/servers/eb1002fb-fdb3-44c1-a32a-022eff6acc66 0.127s
2025-03-06 04:51:36.826 68424 INFO tempest.lib.common.rest_client [req-24be4e5c-4d75-482d-ac7e-697a5367cb15 req-24be4e5c-4d75-482d-ac7e-697a5367cb15 ] Request (DeleteServersTestJSON:test_delete_server_while_in_shelved_state): 200 GET http://10.180.1.21/compute/v2.1/servers/0e7b0dc2-abc5-4ad1-bc44-f6bd3c86d311 0.126s
2025-03-06 04:51:36.880 68434 INFO tempest.lib.common.rest_client [req-4ac06d9f-f9b5-4847-914c-0b39096ac359 req-4ac06d9f-f9b5-4847-914c-0b39096ac359 ] Request (ServersAdminNegativeTestJSON:tearDownClass): 200 GET http://10.180.1.21/compute/v2.1/servers/9510e99c-c0ac-4360-a263-cac731f70720 0.114s
2025-03-06 04:51:36.953 68400 INFO tempest.lib.common.rest_client [req-2a32c660-0124-4f95-b1ff-acd743fbe104 req-2a32c660-0124-4f95-b1ff-acd743fbe104 ] Request (ServerMetadataNegativeTestJSON:tearDownClass): 200 GET http://10.180.1.21/compute/v2.1/servers/18d74c0d-db17-4378-95c8-571986364854 0.127s
2025-03-06 04:51:36.963 68420 INFO tempest.lib.common.rest_client [req-d40b34c3-2f56-4338-b26b-368e4471cae1 req-d40b34c3-2f56-4338-b26b-368e4471cae1 ] Request (ServersTestBootFromVolume:setUpClass): 200 GET http://10.180.1.21/compute/v2.1/servers/0f6b596f-f7f0-4919-9301-feeda6237423 0.150s
2025-03-06 04:51:36.970 68420 INFO tempest.common.waiters [-] State transition "BUILD/block_device_mapping" ==> "BUILD/spawning" after 77 second wait
2025-03-06 04:51:37.017 68430 INFO tempest.lib.common.rest_client [req-01f2d24a-24df-45fd-828e-667eda534728 req-01f2d24a-24df-45fd-828e-667eda534728 ] Request (ImagesNegativeTestJSON:test_create_image_from_deleted_server): 200 GET http://10.180.1.21/compute/v2.1/servers/5b1c861f-ac1f-4d72-9d33-5a8f975ca6fe 0.143s
2025-03-06 04:51:37.030 68396 INFO tempest.lib.common.rest_client [req-ab6a5bd9-30c4-42a7-bffb-9abdf79308e0 req-ab6a5bd9-30c4-42a7-bffb-9abdf79308e0 ] Request (ListServerFiltersTestJSON:setUpClass): 200 GET http://10.180.1.21/compute/v2.1/servers/10436fc4-3f5c-4fbf-b316-1986fce6eeeb 0.149s
2025-03-06 04:51:37.082 68422 INFO tempest.lib.common.rest_client [req-dee1d107-76c6-4013-bc76-3b0a5c5428fb req-dee1d107-76c6-4013-bc76-3b0a5c5428fb ] Request (ServerActionsV293TestJSON:setUpClass): 200 GET http://10.180.1.21/compute/v2.1/servers/aefae9af-653e-4eff-b8cd-0fe5548725c6 0.147s
2025-03-06 04:51:37.164 68412 INFO tempest.lib.common.rest_client [req-31cb7d07-2e44-4d58-9e12-8cf1956ee83b req-31cb7d07-2e44-4d58-9e12-8cf1956ee83b ] Request (MigrationsAdminTest:test_list_migrations_in_flavor_resize_situation): 200 GET http://10.180.1.21/compute/v2.1/servers/55307952-d3d8-4c1c-8183-cd73338705cf 0.144s
2025-03-06 04:51:37.227 68426 INFO tempest.lib.common.rest_client [req-1a077acb-fad2-4cc8-afa7-83180d333294 req-1a077acb-fad2-4cc8-afa7-83180d333294 ] Request (ListServersNegativeTestJSON:setUpClass): 200 GET http://10.180.1.21/compute/v2.1/servers/22b5827f-a1fc-430d-9932-aa8c4e9f69d3 0.078s
2025-03-06 04:51:37.310 68416 INFO tempest.lib.common.rest_client [req-b9b482e3-b75b-4942-803f-d8208df0a527 req-b9b482e3-b75b-4942-803f-d8208df0a527 ] Request (AttachInterfacesV270Test:test_create_get_list_interfaces): 200 GET http://10.180.1.21/compute/v2.1/servers/77f3a691-e382-4f35-abdc-eba5d791c76a 0.207s
2025-03-06 04:51:37.344 68418 INFO tempest.lib.common.rest_client [req-cf04f4a3-6221-4254-b6f5-485b62d4c6c0 req-cf04f4a3-6221-4254-b6f5-485b62d4c6c0 ] Request (ImagesTestJSON:test_create_image_from_stopped_server): 200 GET http://10.180.1.21/compute/v2.1/images/3d6d4a84-0f25-47af-9cf1-559b92021aac 0.051s
2025-03-06 04:51:37.355 68414 INFO tempest.lib.common.rest_client [req-95c7a930-7886-4ea8-ad2b-46568fb98696 req-95c7a930-7886-4ea8-ad2b-46568fb98696 ] Request (ServerGroupTestJSON:test_create_server_with_scheduler_hint_group): 200 GET http://10.180.1.21/compute/v2.1/servers/c535e82c-bd6f-430b-904a-c0f42cddf43b 0.134s
2025-03-06 04:51:37.365 68414 INFO tempest.common.waiters [-] State transition "BUILD/networking" ==> "BUILD/block_device_mapping" after 78 second wait
2025-03-06 04:51:37.399 68402 INFO tempest.lib.common.rest_client [req-3eed07c4-144b-4634-b21d-24e29ebe7de8 req-3eed07c4-144b-4634-b21d-24e29ebe7de8 ] Request (ServerAddressesNegativeTestJSON:tearDownClass): 200 GET http://10.180.1.21/compute/v2.1/servers/8a2960ee-4850-4bad-8152-1050d930a1fc 0.094s
2025-03-06 04:51:37.457 68392 INFO tempest.lib.common.rest_client [req-b2249d33-5c23-48b2-8349-e17cb531a5b7 req-b2249d33-5c23-48b2-8349-e17cb531a5b7 ] Request (SecurityGroupsTestJSON:test_server_security_groups): 200 GET http://10.180.1.21/compute/v2.1/servers/37b39a21-4d4d-432d-a3f9-88f20d00ed86 0.056s
2025-03-06 04:51:37.546 68410 INFO tempest.lib.common.rest_client [req-573eb7cf-ce2a-42b0-87a6-5d3b6b25e532 req-573eb7cf-ce2a-42b0-87a6-5d3b6b25e532 ] Request (ServerDiskConfigTestJSON:test_resize_server_from_auto_to_manual): 200 GET http://10.180.1.21/compute/v2.1/servers/6a5e8baa-30b1-426f-8e85-7a59f50a45f9 0.062s
2025-03-06 04:51:37.663 68404 INFO tempest.lib.common.rest_client [req-787a501f-3a5a-48a0-99a0-f9bc6057cfe2 req-787a501f-3a5a-48a0-99a0-f9bc6057cfe2 ] Request (FloatingIPsAssociationTestJSON:tearDownClass): 200 GET http://10.180.1.21/compute/v2.1/servers/8115ca18-6617-4b2a-9648-b4161f572703 0.066s
2025-03-06 04:51:37.706 68394 INFO tempest.lib.common.rest_client [req-4b19ec4f-15b4-4f4e-bcf3-d94ac936f1a1 req-4b19ec4f-15b4-4f4e-bcf3-d94ac936f1a1 ] Request (InstanceActionsV221TestJSON:test_get_list_deleted_instance_actions): 200 GET http://10.180.1.21/compute/v2.1/servers/a74713b1-37d2-477a-8e70-6d1b5916156a 0.057s
2025-03-06 04:51:37.757 68438 INFO tempest.lib.common.rest_client [req-67794ba3-af59-4ea9-b991-06a8108994e5 req-67794ba3-af59-4ea9-b991-06a8108994e5 ] Request (ServerAddressesTestJSON:tearDownClass): 200 GET http://10.180.1.21/compute/v2.1/servers/6c4e914e-ff8d-428f-bd25-c0133fe9d4de 0.064s
2025-03-06 04:51:37.769 68398 INFO tempest.lib.common.rest_client [req-174ebb9d-f974-445c-990e-a39c1c4e418d req-174ebb9d-f974-445c-990e-a39c1c4e418d ] Request (ServerRescueNegativeTestJSON:test_rescued_vm_detach_volume): 200 GET http://10.180.1.21/compute/v2.1/servers/cb077499-1dce-4793-9551-adad48f1a4c5 0.052s
2025-03-06 04:51:37.818 68406 INFO tempest.lib.common.rest_client [req-39fe3cb9-a648-440b-ae4f-92fcb5056cb2 req-39fe3cb9-a648-440b-ae4f-92fcb5056cb2 ] Request (MultipleCreateTestJSON:test_multiple_create): 200 GET http://10.180.1.21/compute/v2.1/servers/9913340c-ab70-49fc-b116-906a6bdcc208 0.050s
2025-03-06 04:51:37.883 68428 INFO tempest.lib.common.rest_client [req-773150a7-4e73-4d72-9e8c-88ba6ee80bf6 req-773150a7-4e73-4d72-9e8c-88ba6ee80bf6 ] Request (FloatingIPsAssociationNegativeTestJSON:setUpClass): 200 GET http://10.180.1.21/compute/v2.1/servers/eb1002fb-fdb3-44c1-a32a-022eff6acc66 0.053s
2025-03-06 04:51:37.890 68424 INFO tempest.lib.common.rest_client [req-58fe6619-1259-4e5e-97c9-d64ebf6d302e req-58fe6619-1259-4e5e-97c9-d64ebf6d302e ] Request (DeleteServersTestJSON:test_delete_server_while_in_shelved_state): 200 GET http://10.180.1.21/compute/v2.1/servers/0e7b0dc2-abc5-4ad1-bc44-f6bd3c86d311 0.052s
2025-03-06 04:51:37.943 68434 INFO tempest.lib.common.rest_client [req-a1444f7a-bb57-4b4e-8ae9-d1fcd1a7b0d7 req-a1444f7a-bb57-4b4e-8ae9-d1fcd1a7b0d7 ] Request (ServersAdminNegativeTestJSON:tearDownClass): 200 GET http://10.180.1.21/compute/v2.1/servers/9510e99c-c0ac-4360-a263-cac731f70720 0.054s
2025-03-06 04:51:38.028 68400 INFO tempest.lib.common.rest_client [req-c3d681f8-8e74-4e21-8dfb-b98e098d91db req-c3d681f8-8e74-4e21-8dfb-b98e098d91db ] Request (ServerMetadataNegativeTestJSON:tearDownClass): 200 GET http://10.180.1.21/compute/v2.1/servers/18d74c0d-db17-4378-95c8-571986364854 0.067s
2025-03-06 04:51:38.083 68430 INFO tempest.lib.common.rest_client [req-742743fc-3fef-44ac-93b0-3a4aef8b57bc req-742743fc-3fef-44ac-93b0-3a4aef8b57bc ] Request (ImagesNegativeTestJSON:test_create_image_from_deleted_server): 200 GET http://10.180.1.21/compute/v2.1/servers/5b1c861f-ac1f-4d72-9d33-5a8f975ca6fe 0.056s
2025-03-06 04:51:38.088 68420 INFO tempest.lib.common.rest_client [req-82f55a81-34fc-47a3-87b9-3839452cbb0b req-82f55a81-34fc-47a3-87b9-3839452cbb0b ] Request (ServersTestBootFromVolume:setUpClass): 200 GET http://10.180.1.21/compute/v2.1/servers/0f6b596f-f7f0-4919-9301-feeda6237423 0.116s
2025-03-06 04:51:38.092 68430 INFO tempest.common.waiters [-] State transition "BUILD/None" ==> "BUILD/networking" after 74 second wait
2025-03-06 04:51:38.135 68396 INFO tempest.lib.common.rest_client [req-04463f4a-ca8d-41f5-8c20-c24fde0c3a98 req-04463f4a-ca8d-41f5-8c20-c24fde0c3a98 ] Request (ListServerFiltersTestJSON:setUpClass): 200 GET http://10.180.1.21/compute/v2.1/servers/10436fc4-3f5c-4fbf-b316-1986fce6eeeb 0.097s
2025-03-06 04:51:38.155 68422 INFO tempest.lib.common.rest_client [req-8f3a8a19-831d-4187-85bf-94e293c3f82e req-8f3a8a19-831d-4187-85bf-94e293c3f82e ] Request (ServerActionsV293TestJSON:setUpClass): 200 GET http://10.180.1.21/compute/v2.1/servers/aefae9af-653e-4eff-b8cd-0fe5548725c6 0.063s
2025-03-06 04:51:38.267 68412 INFO tempest.lib.common.rest_client [req-e21e695b-8d97-4ad0-a4b1-20d8b4ff12b2 req-e21e695b-8d97-4ad0-a4b1-20d8b4ff12b2 ] Request (MigrationsAdminTest:test_list_migrations_in_flavor_resize_situation): 200 GET http://10.180.1.21/compute/v2.1/servers/55307952-d3d8-4c1c-8183-cd73338705cf 0.090s
2025-03-06 04:51:38.297 68426 INFO tempest.lib.common.rest_client [req-726479e8-8154-47c2-964e-9ba0e69d511a req-726479e8-8154-47c2-964e-9ba0e69d511a ] Request (ListServersNegativeTestJSON:setUpClass): 200 GET http://10.180.1.21/compute/v2.1/servers/22b5827f-a1fc-430d-9932-aa8c4e9f69d3 0.062s
2025-03-06 04:51:38.382 68418 INFO tempest.lib.common.rest_client [req-934c1ee8-3ea4-490d-8c08-8c01760384dd req-934c1ee8-3ea4-490d-8c08-8c01760384dd ] Request (ImagesTestJSON:test_create_image_from_stopped_server): 200 GET http://10.180.1.21/compute/v2.1/images/3d6d4a84-0f25-47af-9cf1-559b92021aac 0.032s
2025-03-06 04:51:38.435 68416 INFO tempest.lib.common.rest_client [req-7017aa83-a358-40d1-a9f5-88b138c3157e req-7017aa83-a358-40d1-a9f5-88b138c3157e ] Request (AttachInterfacesV270Test:test_create_get_list_interfaces): 200 GET http://10.180.1.21/compute/v2.1/servers/77f3a691-e382-4f35-abdc-eba5d791c76a 0.112s
2025-03-06 04:51:38.505 68414 INFO tempest.lib.common.rest_client [req-9c23b985-9f01-4739-8174-9b622d931202 req-9c23b985-9f01-4739-8174-9b622d931202 ] Request (ServerGroupTestJSON:test_create_server_with_scheduler_hint_group): 200 GET http://10.180.1.21/compute/v2.1/servers/c535e82c-bd6f-430b-904a-c0f42cddf43b 0.140s
2025-03-06 04:51:38.509 68402 INFO tempest.lib.common.rest_client [req-ea42199e-7cea-48d5-a9fc-87b2253c4fbf req-ea42199e-7cea-48d5-a9fc-87b2253c4fbf ] Request (ServerAddressesNegativeTestJSON:tearDownClass): 200 GET http://10.180.1.21/compute/v2.1/servers/8a2960ee-4850-4bad-8152-1050d930a1fc 0.101s
2025-03-06 04:51:38.513 68414 INFO tempest.common.waiters [-] State transition "BUILD/block_device_mapping" ==> "BUILD/spawning" after 79 second wait
2025-03-06 04:51:38.713 68448 WARNING tempest.lib.common.ssh [-] Failed to establish authenticated ssh connection to cirros@10.180.180.241 ([Errno None] Unable to connect to port 22 on 10.180.180.241). Number attempts: 10. Retry after 11 seconds.: paramiko.ssh_exception.NoValidConnectionsError: [Errno None] Unable to connect to port 22 on 10.180.180.241
2025-03-06 04:51:38.805 68410 INFO tempest.lib.common.rest_client [req-06e31231-7983-4b03-a3c6-4a48b9862e46 req-06e31231-7983-4b03-a3c6-4a48b9862e46 ] Request (ServerDiskConfigTestJSON:test_resize_server_from_auto_to_manual): 200 GET http://10.180.1.21/compute/v2.1/servers/6a5e8baa-30b1-426f-8e85-7a59f50a45f9 0.252s
2025-03-06 04:51:38.806 68392 INFO tempest.lib.common.rest_client [req-205e2e8a-aa40-4496-8008-32e94a805e23 req-205e2e8a-aa40-4496-8008-32e94a805e23 ] Request (SecurityGroupsTestJSON:test_server_security_groups): 200 GET http://10.180.1.21/compute/v2.1/servers/37b39a21-4d4d-432d-a3f9-88f20d00ed86 0.340s
2025-03-06 04:51:38.881 68394 INFO tempest.lib.common.rest_client [req-4491cf1d-cc24-4dfe-a748-8bc94653a1d6 req-4491cf1d-cc24-4dfe-a748-8bc94653a1d6 ] Request (InstanceActionsV221TestJSON:test_get_list_deleted_instance_actions): 200 GET http://10.180.1.21/compute/v2.1/servers/a74713b1-37d2-477a-8e70-6d1b5916156a 0.167s
2025-03-06 04:51:38.881 68404 INFO tempest.lib.common.rest_client [req-29d3f802-71e5-4b8e-93ec-d4b7891a1b1e req-29d3f802-71e5-4b8e-93ec-d4b7891a1b1e ] Request (FloatingIPsAssociationTestJSON:tearDownClass): 200 GET http://10.180.1.21/compute/v2.1/servers/8115ca18-6617-4b2a-9648-b4161f572703 0.205s
2025-03-06 04:51:38.954 68398 INFO tempest.lib.common.rest_client [req-1c56d9e0-8165-47b9-93bf-9af8f6b0475c req-1c56d9e0-8165-47b9-93bf-9af8f6b0475c ] Request (ServerRescueNegativeTestJSON:test_rescued_vm_detach_volume): 200 GET http://10.180.1.21/compute/v2.1/servers/cb077499-1dce-4793-9551-adad48f1a4c5 0.172s
2025-03-06 04:51:38.956 68438 INFO tempest.lib.common.rest_client [req-fd1b10d7-51a9-4138-a747-41d61764231d req-fd1b10d7-51a9-4138-a747-41d61764231d ] Request (ServerAddressesTestJSON:tearDownClass): 200 GET http://10.180.1.21/compute/v2.1/servers/6c4e914e-ff8d-428f-bd25-c0133fe9d4de 0.192s
2025-03-06 04:51:39.027 68406 INFO tempest.lib.common.rest_client [req-cb1525c0-4c6f-4607-968e-b539f8c4189c req-cb1525c0-4c6f-4607-968e-b539f8c4189c ] Request (MultipleCreateTestJSON:test_multiple_create): 200 GET http://10.180.1.21/compute/v2.1/servers/9913340c-ab70-49fc-b116-906a6bdcc208 0.202s
2025-03-06 04:51:39.029 68428 INFO tempest.lib.common.rest_client [req-655a8b24-5594-414f-af74-da7922045507 req-655a8b24-5594-414f-af74-da7922045507 ] Request (FloatingIPsAssociationNegativeTestJSON:setUpClass): 200 GET http://10.180.1.21/compute/v2.1/servers/eb1002fb-fdb3-44c1-a32a-022eff6acc66 0.137s
2025-03-06 04:51:39.086 68424 INFO tempest.lib.common.rest_client [req-1e31486e-c9af-4db0-a85d-b82234d40640 req-1e31486e-c9af-4db0-a85d-b82234d40640 ] Request (DeleteServersTestJSON:test_delete_server_while_in_shelved_state): 200 GET http://10.180.1.21/compute/v2.1/servers/0e7b0dc2-abc5-4ad1-bc44-f6bd3c86d311 0.188s
2025-03-06 04:51:39.143 68434 INFO tempest.lib.common.rest_client [req-6ec03729-170c-4b1d-8de4-4436be536c67 req-6ec03729-170c-4b1d-8de4-4436be536c67 ] Request (ServersAdminNegativeTestJSON:tearDownClass): 200 GET http://10.180.1.21/compute/v2.1/servers/9510e99c-c0ac-4360-a263-cac731f70720 0.191s
2025-03-06 04:51:39.159 68400 INFO tempest.lib.common.rest_client [req-1e70e7bf-a28d-4fc8-b6a6-1ac10134d0a9 req-1e70e7bf-a28d-4fc8-b6a6-1ac10134d0a9 ] Request (ServerMetadataNegativeTestJSON:tearDownClass): 200 GET http://10.180.1.21/compute/v2.1/servers/18d74c0d-db17-4378-95c8-571986364854 0.123s
2025-03-06 04:51:39.270 68420 INFO tempest.lib.common.rest_client [req-c737307b-ca2c-4fe9-b3db-e584f3e74fbf req-c737307b-ca2c-4fe9-b3db-e584f3e74fbf ] Request (ServersTestBootFromVolume:setUpClass): 200 GET http://10.180.1.21/compute/v2.1/servers/0f6b596f-f7f0-4919-9301-feeda6237423 0.175s
2025-03-06 04:51:39.328 68396 INFO tempest.lib.common.rest_client [req-502e627f-e864-4127-a2ab-db18701fa9d4 req-502e627f-e864-4127-a2ab-db18701fa9d4 ] Request (ListServerFiltersTestJSON:setUpClass): 200 GET http://10.180.1.21/compute/v2.1/servers/10436fc4-3f5c-4fbf-b316-1986fce6eeeb 0.184s
2025-03-06 04:51:39.334 68430 INFO tempest.lib.common.rest_client [req-11ab569b-7972-4bca-be06-846287e95a80 req-11ab569b-7972-4bca-be06-846287e95a80 ] Request (ImagesNegativeTestJSON:test_create_image_from_deleted_server): 200 GET http://10.180.1.21/compute/v2.1/servers/5b1c861f-ac1f-4d72-9d33-5a8f975ca6fe 0.233s
2025-03-06 04:51:39.341 68430 INFO tempest.common.waiters [-] State transition "BUILD/networking" ==> "BUILD/block_device_mapping" after 75 second wait
2025-03-06 04:51:39.396 68422 INFO tempest.lib.common.rest_client [req-73c221ef-11d8-47c8-8531-37ec196c21cd req-73c221ef-11d8-47c8-8531-37ec196c21cd ] Request (ServerActionsV293TestJSON:setUpClass): 200 GET http://10.180.1.21/compute/v2.1/servers/aefae9af-653e-4eff-b8cd-0fe5548725c6 0.230s
2025-03-06 04:51:39.439 68412 INFO tempest.lib.common.rest_client [req-8649f3e9-cd22-4395-8066-5ddd83fca900 req-8649f3e9-cd22-4395-8066-5ddd83fca900 ] Request (MigrationsAdminTest:test_list_migrations_in_flavor_resize_situation): 200 GET http://10.180.1.21/compute/v2.1/servers/55307952-d3d8-4c1c-8183-cd73338705cf 0.161s
2025-03-06 04:51:39.454 68426 INFO tempest.lib.common.rest_client [req-cdd65ed1-d0e0-4d97-b5c4-8dda27416524 req-cdd65ed1-d0e0-4d97-b5c4-8dda27416524 ] Request (ListServersNegativeTestJSON:setUpClass): 200 GET http://10.180.1.21/compute/v2.1/servers/22b5827f-a1fc-430d-9932-aa8c4e9f69d3 0.149s
2025-03-06 04:51:39.473 68418 INFO tempest.lib.common.rest_client [req-318c1374-8331-4132-9a98-0056bd8b5032 req-318c1374-8331-4132-9a98-0056bd8b5032 ] Request (ImagesTestJSON:test_create_image_from_stopped_server): 200 GET http://10.180.1.21/compute/v2.1/images/3d6d4a84-0f25-47af-9cf1-559b92021aac 0.087s
2025-03-06 04:51:39.553 68416 INFO tempest.lib.common.rest_client [req-5d626ff8-b8e8-437b-b169-9c84189ba749 req-5d626ff8-b8e8-437b-b169-9c84189ba749 ] Request (AttachInterfacesV270Test:test_create_get_list_interfaces): 200 GET http://10.180.1.21/compute/v2.1/servers/77f3a691-e382-4f35-abdc-eba5d791c76a 0.107s
2025-03-06 04:51:39.617 68402 INFO tempest.lib.common.rest_client [req-b6356957-c4f4-49a6-abf3-a84ee4182f24 req-b6356957-c4f4-49a6-abf3-a84ee4182f24 ] Request (ServerAddressesNegativeTestJSON:tearDownClass): 200 GET http://10.180.1.21/compute/v2.1/servers/8a2960ee-4850-4bad-8152-1050d930a1fc 0.097s
2025-03-06 04:51:39.624 68414 INFO tempest.lib.common.rest_client [req-6273d878-8f9a-4ed4-acc6-de4b845c14ff req-6273d878-8f9a-4ed4-acc6-de4b845c14ff ] Request (ServerGroupTestJSON:test_create_server_with_scheduler_hint_group): 200 GET http://10.180.1.21/compute/v2.1/servers/c535e82c-bd6f-430b-904a-c0f42cddf43b 0.110s
2025-03-06 04:51:39.873 68410 INFO tempest.lib.common.rest_client [req-fa5bff6c-6deb-4a62-965e-d37b9bb6f9c1 req-fa5bff6c-6deb-4a62-965e-d37b9bb6f9c1 ] Request (ServerDiskConfigTestJSON:test_resize_server_from_auto_to_manual): 200 GET http://10.180.1.21/compute/v2.1/servers/6a5e8baa-30b1-426f-8e85-7a59f50a45f9 0.057s
2025-03-06 04:51:39.882 68392 INFO tempest.lib.common.rest_client [req-f356f252-a37c-42d2-9585-c53260e4a3c5 req-f356f252-a37c-42d2-9585-c53260e4a3c5 ] Request (SecurityGroupsTestJSON:test_server_security_groups): 200 GET http://10.180.1.21/compute/v2.1/servers/37b39a21-4d4d-432d-a3f9-88f20d00ed86 0.057s
2025-03-06 04:51:39.961 68394 INFO tempest.lib.common.rest_client [req-be582b78-1474-479f-ad82-7f41941c83e2 req-be582b78-1474-479f-ad82-7f41941c83e2 ] Request (InstanceActionsV221TestJSON:test_get_list_deleted_instance_actions): 200 GET http://10.180.1.21/compute/v2.1/servers/a74713b1-37d2-477a-8e70-6d1b5916156a 0.068s
2025-03-06 04:51:39.965 68404 INFO tempest.lib.common.rest_client [req-6a9d0773-fab4-40d2-a104-9eb03c12985b req-6a9d0773-fab4-40d2-a104-9eb03c12985b ] Request (FloatingIPsAssociationTestJSON:tearDownClass): 200 GET http://10.180.1.21/compute/v2.1/servers/8115ca18-6617-4b2a-9648-b4161f572703 0.069s
2025-03-06 04:51:40.033 68438 INFO tempest.lib.common.rest_client [req-40bb6060-f2e3-4b66-8d1a-154430e1dafb req-40bb6060-f2e3-4b66-8d1a-154430e1dafb ] Request (ServerAddressesTestJSON:tearDownClass): 200 GET http://10.180.1.21/compute/v2.1/servers/6c4e914e-ff8d-428f-bd25-c0133fe9d4de 0.068s
2025-03-06 04:51:40.051 68398 INFO tempest.lib.common.rest_client [req-579ee90e-bc24-4940-825a-70ae8adacac8 req-579ee90e-bc24-4940-825a-70ae8adacac8 ] Request (ServerRescueNegativeTestJSON:test_rescued_vm_detach_volume): 200 GET http://10.180.1.21/compute/v2.1/servers/cb077499-1dce-4793-9551-adad48f1a4c5 0.085s
2025-03-06 04:51:40.102 68428 INFO tempest.lib.common.rest_client [req-dd89f8bb-25b4-474a-af8c-15e5597db45d req-dd89f8bb-25b4-474a-af8c-15e5597db45d ] Request (FloatingIPsAssociationNegativeTestJSON:setUpClass): 200 GET http://10.180.1.21/compute/v2.1/servers/eb1002fb-fdb3-44c1-a32a-022eff6acc66 0.064s
2025-03-06 04:51:40.109 68406 INFO tempest.lib.common.rest_client [req-f51ebf56-395e-457c-8c3a-9ec3143a7481 req-f51ebf56-395e-457c-8c3a-9ec3143a7481 ] Request (MultipleCreateTestJSON:test_multiple_create): 200 GET http://10.180.1.21/compute/v2.1/servers/9913340c-ab70-49fc-b116-906a6bdcc208 0.069s
2025-03-06 04:51:40.151 68424 INFO tempest.lib.common.rest_client [req-12335c64-d216-414e-bc66-494306d7bc52 req-12335c64-d216-414e-bc66-494306d7bc52 ] Request (DeleteServersTestJSON:test_delete_server_while_in_shelved_state): 200 GET http://10.180.1.21/compute/v2.1/servers/0e7b0dc2-abc5-4ad1-bc44-f6bd3c86d311 0.048s
2025-03-06 04:51:40.213 68434 INFO tempest.lib.common.rest_client [req-179a4d04-1eca-4082-8106-efdfb3fcb1ad req-179a4d04-1eca-4082-8106-efdfb3fcb1ad ] Request (ServersAdminNegativeTestJSON:tearDownClass): 200 GET http://10.180.1.21/compute/v2.1/servers/9510e99c-c0ac-4360-a263-cac731f70720 0.058s
2025-03-06 04:51:40.230 68400 INFO tempest.lib.common.rest_client [req-d2395088-ee99-4907-83c9-a72b33f6d319 req-d2395088-ee99-4907-83c9-a72b33f6d319 ] Request (ServerMetadataNegativeTestJSON:tearDownClass): 200 GET http://10.180.1.21/compute/v2.1/servers/18d74c0d-db17-4378-95c8-571986364854 0.059s
2025-03-06 04:51:40.405 68396 INFO tempest.lib.common.rest_client [req-8c013f7d-fd15-4f9c-bd78-cbc6aedb00a1 req-8c013f7d-fd15-4f9c-bd78-cbc6aedb00a1 ] Request (ListServerFiltersTestJSON:setUpClass): 200 GET http://10.180.1.21/compute/v2.1/servers/10436fc4-3f5c-4fbf-b316-1986fce6eeeb 0.068s
2025-03-06 04:51:40.410 68420 INFO tempest.lib.common.rest_client [req-99459f7d-79d9-48de-b12b-ec246199b5ad req-99459f7d-79d9-48de-b12b-ec246199b5ad ] Request (ServersTestBootFromVolume:setUpClass): 200 GET http://10.180.1.21/compute/v2.1/servers/0f6b596f-f7f0-4919-9301-feeda6237423 0.129s
2025-03-06 04:51:40.473 68422 INFO tempest.lib.common.rest_client [req-b55bdb38-df4f-4c8a-af5d-77306f4583af req-b55bdb38-df4f-4c8a-af5d-77306f4583af ] Request (ServerActionsV293TestJSON:setUpClass): 200 GET http://10.180.1.21/compute/v2.1/servers/aefae9af-653e-4eff-b8cd-0fe5548725c6 0.064s
2025-03-06 04:51:40.519 68430 INFO tempest.lib.common.rest_client [req-e25351ec-9b04-4b1a-9e8d-66a89fe22218 req-e25351ec-9b04-4b1a-9e8d-66a89fe22218 ] Request (ImagesNegativeTestJSON:test_create_image_from_deleted_server): 200 GET http://10.180.1.21/compute/v2.1/servers/5b1c861f-ac1f-4d72-9d33-5a8f975ca6fe 0.176s
2025-03-06 04:51:40.534 68430 INFO tempest.common.waiters [-] State transition "BUILD/block_device_mapping" ==> "BUILD/spawning" after 76 second wait
2025-03-06 04:51:40.601 68426 INFO tempest.lib.common.rest_client [req-c8fb08d2-e628-4caf-9357-b0397070b08c req-c8fb08d2-e628-4caf-9357-b0397070b08c ] Request (ListServersNegativeTestJSON:setUpClass): 200 GET http://10.180.1.21/compute/v2.1/servers/22b5827f-a1fc-430d-9932-aa8c4e9f69d3 0.137s
2025-03-06 04:51:40.641 68418 INFO tempest.lib.common.rest_client [req-0c326d82-916d-4f09-881c-859ca07d97e7 req-0c326d82-916d-4f09-881c-859ca07d97e7 ] Request (ImagesTestJSON:test_create_image_from_stopped_server): 200 GET http://10.180.1.21/compute/v2.1/images/3d6d4a84-0f25-47af-9cf1-559b92021aac 0.160s
2025-03-06 04:51:40.642 68412 INFO tempest.lib.common.rest_client [req-1c398586-357e-4ea3-8412-1b99a71bb460 req-1c398586-357e-4ea3-8412-1b99a71bb460 ] Request (MigrationsAdminTest:test_list_migrations_in_flavor_resize_situation): 200 GET http://10.180.1.21/compute/v2.1/servers/55307952-d3d8-4c1c-8183-cd73338705cf 0.192s
2025-03-06 04:51:40.662 68402 INFO tempest.lib.common.rest_client [req-c40bab21-34d5-44c3-848e-4fb68da74e45 req-c40bab21-34d5-44c3-848e-4fb68da74e45 ] Request (ServerAddressesNegativeTestJSON:tearDownClass): 404 GET http://10.180.1.21/compute/v2.1/servers/8a2960ee-4850-4bad-8152-1050d930a1fc 0.037s
2025-03-06 04:51:40.828 68416 INFO tempest.lib.common.rest_client [req-2dc06f88-ea26-4ae2-bfef-e4fb7d900278 req-2dc06f88-ea26-4ae2-bfef-e4fb7d900278 ] Request (AttachInterfacesV270Test:test_create_get_list_interfaces): 200 GET http://10.180.1.21/compute/v2.1/servers/77f3a691-e382-4f35-abdc-eba5d791c76a 0.264s
2025-03-06 04:51:40.830 68414 INFO tempest.lib.common.rest_client [req-5c5a540c-f80b-4992-9824-702c50a9ade6 req-5c5a540c-f80b-4992-9824-702c50a9ade6 ] Request (ServerGroupTestJSON:test_create_server_with_scheduler_hint_group): 200 GET http://10.180.1.21/compute/v2.1/servers/c535e82c-bd6f-430b-904a-c0f42cddf43b 0.197s
2025-03-06 04:51:40.838 68416 INFO tempest.common.waiters [-] State transition "BUILD/spawning" ==> "ACTIVE/None" after 82 second wait
2025-03-06 04:51:40.945 68410 INFO tempest.lib.common.rest_client [req-505d318e-4354-4655-9232-96012975a76f req-505d318e-4354-4655-9232-96012975a76f ] Request (ServerDiskConfigTestJSON:test_resize_server_from_auto_to_manual): 200 GET http://10.180.1.21/compute/v2.1/servers/6a5e8baa-30b1-426f-8e85-7a59f50a45f9 0.064s
2025-03-06 04:51:40.959 68433 WARNING tempest.lib.common.ssh [-] Failed to establish authenticated ssh connection to cirros@10.180.180.244 ([Errno None] Unable to connect to port 22 on 10.180.180.244). Number attempts: 8. Retry after 9 seconds.: paramiko.ssh_exception.NoValidConnectionsError: [Errno None] Unable to connect to port 22 on 10.180.180.244
2025-03-06 04:51:41.012 68392 INFO tempest.lib.common.rest_client [req-8c7ada9b-f72c-4eac-8da1-f7d67b7f080a req-8c7ada9b-f72c-4eac-8da1-f7d67b7f080a ] Request (SecurityGroupsTestJSON:test_server_security_groups): 200 GET http://10.180.1.21/compute/v2.1/servers/37b39a21-4d4d-432d-a3f9-88f20d00ed86 0.117s
2025-03-06 04:51:41.040 68404 INFO tempest.lib.common.rest_client [req-5cf71e13-ec5d-4873-b605-47e05a73a8e8 req-5cf71e13-ec5d-4873-b605-47e05a73a8e8 ] Request (FloatingIPsAssociationTestJSON:tearDownClass): 404 GET http://10.180.1.21/compute/v2.1/servers/8115ca18-6617-4b2a-9648-b4161f572703 0.065s
2025-03-06 04:51:41.127 68394 INFO tempest.lib.common.rest_client [req-f6d1bc5b-13e8-47c2-8859-24ac0b0e3fb8 req-f6d1bc5b-13e8-47c2-8859-24ac0b0e3fb8 ] Request (InstanceActionsV221TestJSON:test_get_list_deleted_instance_actions): 200 GET http://10.180.1.21/compute/v2.1/servers/a74713b1-37d2-477a-8e70-6d1b5916156a 0.152s
2025-03-06 04:51:41.215 68438 INFO tempest.lib.common.rest_client [req-b6111549-c4f5-4f33-bc11-e5f34ca08343 req-b6111549-c4f5-4f33-bc11-e5f34ca08343 ] Request (ServerAddressesTestJSON:tearDownClass): 200 GET http://10.180.1.21/compute/v2.1/servers/6c4e914e-ff8d-428f-bd25-c0133fe9d4de 0.171s
2025-03-06 04:51:41.285 68398 INFO tempest.lib.common.rest_client [req-8d0720a9-1e5d-4848-83a7-1bf72b0664ad req-8d0720a9-1e5d-4848-83a7-1bf72b0664ad ] Request (ServerRescueNegativeTestJSON:test_rescued_vm_detach_volume): 200 GET http://10.180.1.21/compute/v2.1/servers/cb077499-1dce-4793-9551-adad48f1a4c5 0.225s
2025-03-06 04:51:41.383 68428 INFO tempest.lib.common.rest_client [req-0fea1000-ca58-4d1f-b5b2-d39fc86e14d2 req-0fea1000-ca58-4d1f-b5b2-d39fc86e14d2 ] Request (FloatingIPsAssociationNegativeTestJSON:setUpClass): 200 GET http://10.180.1.21/compute/v2.1/servers/eb1002fb-fdb3-44c1-a32a-022eff6acc66 0.274s
2025-03-06 04:51:41.465 68406 INFO tempest.lib.common.rest_client [req-ea5d58bc-3fe6-4fea-912b-af4db35f7b12 req-ea5d58bc-3fe6-4fea-912b-af4db35f7b12 ] Request (MultipleCreateTestJSON:test_multiple_create): 200 GET http://10.180.1.21/compute/v2.1/servers/9913340c-ab70-49fc-b116-906a6bdcc208 0.349s
2025-03-06 04:51:41.538 68446 WARNING tempest.lib.common.ssh [-] Failed to establish authenticated ssh connection to cirros@10.180.180.253 ([Errno None] Unable to connect to port 22 on 10.180.180.253). Number attempts: 11. Retry after 12 seconds.: paramiko.ssh_exception.NoValidConnectionsError: [Errno None] Unable to connect to port 22 on 10.180.180.253
2025-03-06 04:51:41.559 68424 INFO tempest.lib.common.rest_client [req-4408ed7a-dbd2-4d69-a37f-94fe75f41eef req-4408ed7a-dbd2-4d69-a37f-94fe75f41eef ] Request (DeleteServersTestJSON:test_delete_server_while_in_shelved_state): 200 GET http://10.180.1.21/compute/v2.1/servers/0e7b0dc2-abc5-4ad1-bc44-f6bd3c86d311 0.400s
2025-03-06 04:51:41.641 68434 INFO tempest.lib.common.rest_client [req-36ac2975-ccad-4d23-ab3c-f7ec4fee4427 req-36ac2975-ccad-4d23-ab3c-f7ec4fee4427 ] Request (ServersAdminNegativeTestJSON:tearDownClass): 200 GET http://10.180.1.21/compute/v2.1/servers/9510e99c-c0ac-4360-a263-cac731f70720 0.421s
2025-03-06 04:51:41.666 68400 INFO tempest.lib.common.rest_client [req-129538e4-a047-4954-b428-2989af8bd01e req-129538e4-a047-4954-b428-2989af8bd01e ] Request (ServerMetadataNegativeTestJSON:tearDownClass): 404 GET http://10.180.1.21/compute/v2.1/servers/18d74c0d-db17-4378-95c8-571986364854 0.428s
2025-03-06 04:51:41.728 68396 INFO tempest.lib.common.rest_client [req-d91ede72-119c-467c-9240-2f05e5bff3f2 req-d91ede72-119c-467c-9240-2f05e5bff3f2 ] Request (ListServerFiltersTestJSON:setUpClass): 200 GET http://10.180.1.21/compute/v2.1/servers/10436fc4-3f5c-4fbf-b316-1986fce6eeeb 0.315s
2025-03-06 04:51:41.914 68420 INFO tempest.lib.common.rest_client [req-ef4a654c-1cc6-4758-8d31-49576cade00d req-ef4a654c-1cc6-4758-8d31-49576cade00d ] Request (ServersTestBootFromVolume:setUpClass): 200 GET http://10.180.1.21/compute/v2.1/servers/0f6b596f-f7f0-4919-9301-feeda6237423 0.495s
2025-03-06 04:51:41.927 68420 INFO tempest.common.waiters [-] State transition "BUILD/spawning" ==> "ACTIVE/None" after 82 second wait
2025-03-06 04:51:42.076 68402 INFO tempest.lib.common.rest_client [req-7567607d-6083-41f8-9aa8-4d8bfc9742c4 req-7567607d-6083-41f8-9aa8-4d8bfc9742c4 ] Request (ServerAddressesNegativeTestJSON:tearDownClass): 200 PUT http://10.180.1.21:9696/networking/v2.0/routers/d7f902ac-2842-4710-abdf-2bb026f544ee/remove_router_interface 1.413s
2025-03-06 04:51:42.214 68422 INFO tempest.lib.common.rest_client [req-39d75aff-91fd-4809-95ff-ea09ef8ab6e0 req-39d75aff-91fd-4809-95ff-ea09ef8ab6e0 ] Request (ServerActionsV293TestJSON:setUpClass): 200 GET http://10.180.1.21/compute/v2.1/servers/aefae9af-653e-4eff-b8cd-0fe5548725c6 0.730s
2025-03-06 04:51:42.231 68422 INFO tempest.common.waiters [-] State transition "BUILD/None" ==> "BUILD/block_device_mapping" after 56 second wait
2025-03-06 04:51:42.335 68400 INFO tempest.lib.common.rest_client [req-2b7beca5-bf1b-45bb-b39e-f46cbd230dae req-2b7beca5-bf1b-45bb-b39e-f46cbd230dae ] Request (ServerMetadataNegativeTestJSON:tearDownClass): 200 PUT http://10.180.1.21:9696/networking/v2.0/routers/36dff008-c0ab-458c-9d85-d7a5624d5c93/remove_router_interface 0.668s
2025-03-06 04:51:42.654 68430 INFO tempest.lib.common.rest_client [req-52fc983b-4d81-4fb5-9143-3c01f6813082 req-52fc983b-4d81-4fb5-9143-3c01f6813082 ] Request (ImagesNegativeTestJSON:test_create_image_from_deleted_server): 200 GET http://10.180.1.21/compute/v2.1/servers/5b1c861f-ac1f-4d72-9d33-5a8f975ca6fe 1.119s
2025-03-06 04:51:42.737 68426 INFO tempest.lib.common.rest_client [req-25774a41-6762-4c64-a453-06d57a892483 req-25774a41-6762-4c64-a453-06d57a892483 ] Request (ListServersNegativeTestJSON:setUpClass): 200 GET http://10.180.1.21/compute/v2.1/servers/22b5827f-a1fc-430d-9932-aa8c4e9f69d3 1.125s
2025-03-06 04:51:42.779 68418 INFO tempest.lib.common.rest_client [req-e5d784c2-8ceb-4772-8d67-1e848dd9394e req-e5d784c2-8ceb-4772-8d67-1e848dd9394e ] Request (ImagesTestJSON:test_create_image_from_stopped_server): 200 GET http://10.180.1.21/compute/v2.1/images/3d6d4a84-0f25-47af-9cf1-559b92021aac 1.134s
