2025-03-06 04:51:54.394 68406 INFO tempest.common.waiters [-] State transition "BUILD/networking" ==> "BUILD/spawning" after 65 second wait
2025-03-06 04:51:54.435 68404 INFO tempest.lib.common.rest_client [req-ef0f8d0c-d2c0-403a-af94-601c7a7f8455 req-ef0f8d0c-d2c0-403a-af94-601c7a7f8455 ] Request (VolumesNegativeTest:setUpClass): 201 POST http://10.180.1.21/identity/v3/auth/tokens 0.076s
2025-03-06 04:51:54.454 68418 INFO tempest.lib.common.rest_client [req-3a6520e8-b825-4f5f-8441-13153823321d req-3a6520e8-b825-4f5f-8441-13153823321d ] Request (ImagesTestJSON:test_create_image_from_suspended_server): 200 GET http://10.180.1.21/compute/v2.1/servers/06daaad2-1e1a-4144-afb5-6e244d4c557a 0.428s
2025-03-06 04:51:54.455 68434 INFO tempest.lib.common.rest_client [req-18d6c69f-17c9-4c18-ab9e-fa1adc376d90 req-18d6c69f-17c9-4c18-ab9e-fa1adc376d90 ] Request (ServersAdminNegativeTestJSON:tearDownClass): 200 GET http://10.180.1.21/compute/v2.1/servers/9510e99c-c0ac-4360-a263-cac731f70720 0.459s
2025-03-06 04:51:54.537 68426 INFO tempest.lib.common.rest_client [req-edef8c10-1448-4b40-b7be-4e00013ded31 req-edef8c10-1448-4b40-b7be-4e00013ded31 ] Request (ListServersNegativeTestJSON:setUpClass): 200 GET http://10.180.1.21/compute/v2.1/servers/22b5827f-a1fc-430d-9932-aa8c4e9f69d3 0.237s
2025-03-06 04:51:54.538 68412 INFO tempest.lib.common.rest_client [req-750c4cb1-13f7-4491-9f69-8a01f607c20c req-750c4cb1-13f7-4491-9f69-8a01f607c20c ] Request (MigrationsAdminTest:test_resize_server_revert_deleted_flavor): 200 GET http://10.180.1.21/compute/v2.1/servers/ea04be24-b290-43d8-b456-06f53e26079c 0.403s
2025-03-06 04:51:54.612 68404 INFO tempest.lib.common.rest_client [req-bab4e211-6951-44ea-886a-b346681b03bc req-bab4e211-6951-44ea-886a-b346681b03bc ] Request (VolumesNegativeTest:test_create_volume_with_invalid_size): 400 POST http://10.180.1.21/compute/v2.1/os-volumes 0.176s
2025-03-06 04:51:54.628 68400 INFO tempest.lib.common.rest_client [req-3f43a375-4b18-4c77-983e-f041ac36f68a req-3f43a375-4b18-4c77-983e-f041ac36f68a ] Request (ServerTagsTestJSON:setUpClass): 200 GET http://10.180.1.21/compute/v2.1/servers/eaff0def-33a7-4d43-b42f-831309b1ab40 0.117s
2025-03-06 04:51:54.633 68404 INFO tempest.lib.common.rest_client [req-d1e9f147-5c78-432b-8395-9c49fa74c2f5 req-d1e9f147-5c78-432b-8395-9c49fa74c2f5 ] Request (VolumesNegativeTest:test_create_volume_with_size_zero): 400 POST http://10.180.1.21/compute/v2.1/os-volumes 0.019s
2025-03-06 04:51:54.642 68422 INFO tempest.lib.common.rest_client [req-e093d453-2486-490f-b071-d4c07fc42a01 req-e093d453-2486-490f-b071-d4c07fc42a01 ] Request (ServerActionsV293TestJSON:setUpClass): 200 PUT http://10.180.1.21:9696/networking/v2.0/floatingips/bc78e975-2142-4376-bcf0-366352fdeb03 0.933s
2025-03-06 04:51:54.644 68404 INFO tempest.lib.common.rest_client [req-7e82c5c5-191f-47b2-aa5e-dfde0e3bc18c req-7e82c5c5-191f-47b2-aa5e-dfde0e3bc18c ] Request (VolumesNegativeTest:test_create_volume_without_passing_size): 400 POST http://10.180.1.21/compute/v2.1/os-volumes 0.009s
2025-03-06 04:51:54.691 68414 INFO tempest.lib.common.rest_client [req-6bc6edea-9ba4-4856-b4d2-ae05d854db58 req-6bc6edea-9ba4-4856-b4d2-ae05d854db58 ] Request (ServerGroupTestJSON:_run_cleanups): 200 GET http://10.180.1.21/compute/v2.1/servers/c535e82c-bd6f-430b-904a-c0f42cddf43b 0.107s
2025-03-06 04:51:54.753 68392 INFO tempest.lib.common.rest_client [req-a21e35f4-29e3-4201-8d48-7a75764c42a0 req-a21e35f4-29e3-4201-8d48-7a75764c42a0 ] Request (SecurityGroupsTestJSON:test_server_security_groups): 200 GET http://10.180.1.21/compute/v2.1/servers/37b39a21-4d4d-432d-a3f9-88f20d00ed86 0.110s
2025-03-06 04:51:54.774 68404 INFO tempest.lib.common.rest_client [req-eda877fc-7ca9-4f97-b17b-468e1ec73270 req-eda877fc-7ca9-4f97-b17b-468e1ec73270 ] Request (VolumesNegativeTest:test_delete_invalid_volume_id): 404 DELETE http://10.180.1.21/compute/v2.1/os-volumes/tempest-invalid-87827040 0.129s
2025-03-06 04:51:54.779 68422 INFO tempest.lib.common.rest_client [req-2ba0f7d4-8880-4663-8b17-2679097b56e4 req-2ba0f7d4-8880-4663-8b17-2679097b56e4 ] Request (ServerActionsV293TestJSON:test_rebuild_volume_backed_server): 200 GET http://10.180.1.21/compute/v2.1/servers/aefae9af-653e-4eff-b8cd-0fe5548725c6 0.137s
2025-03-06 04:51:54.784 68420 WARNING tempest.lib.common.ssh [-] Failed to establish authenticated ssh connection to cirros@10.180.180.133 ([Errno None] Unable to connect to port 22 on 10.180.180.133). Number attempts: 2. Retry after 3 seconds.: paramiko.ssh_exception.NoValidConnectionsError: [Errno None] Unable to connect to port 22 on 10.180.180.133
2025-03-06 04:51:54.821 68422 INFO tempest.lib.common.rest_client [req-6c730dcd-bbbb-40b9-aca8-f74fa8c4ac78 req-6c730dcd-bbbb-40b9-aca8-f74fa8c4ac78 ] Request (ServerActionsV293TestJSON:test_rebuild_volume_backed_server): 200 GET http://10.180.1.21/volume/v3/volumes/187c2b34-620a-4b17-a393-1363152421ee 0.030s
2025-03-06 04:51:54.830 68422 INFO tempest.lib.common.ssh [-] Creating ssh connection to '10.180.180.179:22' as 'cirros' with public key authentication
2025-03-06 04:51:54.833 68410 INFO tempest.lib.common.rest_client [req-de4f28b8-97c2-4e2e-aff6-ddd537a819ea req-de4f28b8-97c2-4e2e-aff6-ddd537a819ea ] Request (ServerDiskConfigTestJSON:test_resize_server_from_auto_to_manual): 200 GET http://10.180.1.21/compute/v2.1/servers/6a5e8baa-30b1-426f-8e85-7a59f50a45f9 0.135s
2025-03-06 04:51:54.838 68404 INFO tempest.lib.common.rest_client [req-289460dc-6817-4840-8957-751bfcf3c1c7 req-289460dc-6817-4840-8957-751bfcf3c1c7 ] Request (VolumesNegativeTest:test_delete_volume_without_passing_volume_id): 404 DELETE http://10.180.1.21/compute/v2.1/os-volumes/ 0.062s
2025-03-06 04:51:54.846 68394 INFO tempest.lib.common.rest_client [req-330369c6-8f85-4012-b8d0-2a4b09c52ec7 req-330369c6-8f85-4012-b8d0-2a4b09c52ec7 ] Request (InstanceActionsV221TestJSON:test_get_list_deleted_instance_actions): 200 GET http://10.180.1.21/compute/v2.1/servers/a74713b1-37d2-477a-8e70-6d1b5916156a 0.080s
2025-03-06 04:51:54.849 68404 INFO tempest.lib.common.rest_client [req-4d173105-352c-49ed-961d-b25969b0a7de req-4d173105-352c-49ed-961d-b25969b0a7de ] Request (VolumesNegativeTest:test_get_volume_without_passing_volume_id): 404 GET http://10.180.1.21/compute/v2.1/os-volumes/ 0.009s
2025-03-06 04:51:54.915 68398 INFO tempest.lib.common.rest_client [req-e95eb468-4b4c-47b0-a605-fd4bb7366131 req-e95eb468-4b4c-47b0-a605-fd4bb7366131 ] Request (ServerRescueNegativeTestJSON:test_rescued_vm_detach_volume): 200 GET http://10.180.1.21/compute/v2.1/servers/cb077499-1dce-4793-9551-adad48f1a4c5 0.072s
2025-03-06 04:51:54.918 68416 INFO tempest.lib.common.rest_client [req-a559df8a-f5d6-4e18-ab0a-c50e5e3623c0 req-a559df8a-f5d6-4e18-ab0a-c50e5e3623c0 ] Request (AttachInterfacesV270Test:tearDownClass): 200 GET http://10.180.1.21/compute/v2.1/servers/77f3a691-e382-4f35-abdc-eba5d791c76a 0.130s
2025-03-06 04:51:54.941 68404 INFO tempest.lib.common.rest_client [req-bb1b1e61-c4b3-4241-9426-78a39772dfe8 req-bb1b1e61-c4b3-4241-9426-78a39772dfe8 ] Request (VolumesNegativeTest:test_volume_delete_nonexistent_volume_id): 404 DELETE http://10.180.1.21/compute/v2.1/os-volumes/0809a06a-214f-4673-b7c0-a02541075c18 0.091s
2025-03-06 04:51:55.006 68430 INFO tempest.lib.common.rest_client [req-189142d6-5e2d-4c00-ac86-bb83997e5994 req-189142d6-5e2d-4c00-ac86-bb83997e5994 ] Request (ImagesNegativeTestJSON:test_create_image_from_deleted_server): 200 GET http://10.180.1.21/compute/v2.1/servers/5b1c861f-ac1f-4d72-9d33-5a8f975ca6fe 0.080s
2025-03-06 04:51:55.037 68404 INFO tempest.lib.common.rest_client [req-143f2965-b7a7-424e-8205-002b1a834961 req-143f2965-b7a7-424e-8205-002b1a834961 ] Request (VolumesNegativeTest:test_volume_get_nonexistent_volume_id): 404 GET http://10.180.1.21/compute/v2.1/os-volumes/e40aa442-bfff-4094-b16b-d719cd9bd206 0.093s
2025-03-06 04:51:55.055 68448 INFO tempest.lib.common.rest_client [req-3830fdac-3cf7-43a7-9088-5a425166aec9 req-3830fdac-3cf7-43a7-9088-5a425166aec9 ] Request (AttachVolumeShelveTestJSON:test_attach_volume_shelved_or_offload_server): 200 GET http://10.180.1.21/compute/v2.1/servers/294aee46-b0d1-484e-bcee-9ad9dc2f483a 0.113s
2025-03-06 04:51:55.064 68448 INFO tempest.common.waiters [-] State transition "ACTIVE/shelving" ==> "ACTIVE/shelving_image_pending_upload" after 3 second wait
2025-03-06 04:51:55.130 68404 INFO tempest.lib.common.rest_client [req-b909efeb-a0bc-4b84-a983-c39b5ff321c9 req-b909efeb-a0bc-4b84-a983-c39b5ff321c9 ] Request (VolumesNegativeTest:tearDownClass): 204 DELETE http://10.180.1.21/identity/v3/users/5abfb023452d4d32915eb53e19d57d3a 0.088s
2025-03-06 04:51:55.130 68404 INFO tempest.lib.common.dynamic_creds [-] Deleting project and security group for project: df6ae099bd8346c1bfbcd96bb4c8d37a
2025-03-06 04:51:55.190 68404 INFO tempest.lib.common.rest_client [req-a7ee1da0-6c51-4618-9c58-31d874f142a8 req-a7ee1da0-6c51-4618-9c58-31d874f142a8 ] Request (VolumesNegativeTest:tearDownClass): 201 POST http://10.180.1.21/identity/v3/auth/tokens 0.059s
2025-03-06 04:51:55.302 68428 INFO tempest.lib.common.rest_client [req-06dfd6f8-38cd-4a9c-af02-3e19494400bd req-06dfd6f8-38cd-4a9c-af02-3e19494400bd ] Request (FloatingIPsAssociationNegativeTestJSON:setUpClass): 200 GET http://10.180.1.21/compute/v2.1/servers/eb1002fb-fdb3-44c1-a32a-022eff6acc66 0.057s
2025-03-06 04:51:55.366 68424 INFO tempest.lib.common.rest_client [req-acc33132-18c3-401c-b1d2-53036a952afd req-acc33132-18c3-401c-b1d2-53036a952afd ] Request (DeleteServersTestJSON:test_delete_server_while_in_shelved_state): 200 GET http://10.180.1.21/compute/v2.1/servers/0e7b0dc2-abc5-4ad1-bc44-f6bd3c86d311 0.047s
2025-03-06 04:51:55.404 68404 INFO tempest.lib.common.rest_client [req-43c73b13-be3e-4274-9fcb-38227ae88edc req-43c73b13-be3e-4274-9fcb-38227ae88edc ] Request (VolumesNegativeTest:tearDownClass): 200 GET http://10.180.1.21:9696/networking/v2.0/security-groups?tenant_id=df6ae099bd8346c1bfbcd96bb4c8d37a&name=default 0.214s
2025-03-06 04:51:55.450 68396 INFO tempest.lib.common.rest_client [req-6560cb11-541b-410c-9a3c-8cb920c1989a req-6560cb11-541b-410c-9a3c-8cb920c1989a ] Request (ListServerFiltersTestJSON:setUpClass): 200 GET http://10.180.1.21/compute/v2.1/servers/10436fc4-3f5c-4fbf-b316-1986fce6eeeb 0.062s
2025-03-06 04:51:55.547 68418 INFO tempest.lib.common.rest_client [req-ea71fd53-9b3f-4cf2-af74-9c7786e03a90 req-ea71fd53-9b3f-4cf2-af74-9c7786e03a90 ] Request (ImagesTestJSON:test_create_image_from_suspended_server): 200 GET http://10.180.1.21/compute/v2.1/servers/06daaad2-1e1a-4144-afb5-6e244d4c557a 0.083s
2025-03-06 04:51:55.562 68406 INFO tempest.lib.common.rest_client [req-c48f00d2-af71-4fba-b2f8-af927856973f req-c48f00d2-af71-4fba-b2f8-af927856973f ] Request (MultipleCreateTestJSON:test_multiple_create): 200 GET http://10.180.1.21/compute/v2.1/servers/9913340c-ab70-49fc-b116-906a6bdcc208 0.167s
2025-03-06 04:51:55.582 68404 INFO tempest.lib.common.rest_client [req-ba44f8bc-8e79-483a-ab9f-1941569ba5a3 req-ba44f8bc-8e79-483a-ab9f-1941569ba5a3 ] Request (VolumesNegativeTest:tearDownClass): 204 DELETE http://10.180.1.21:9696/networking/v2.0/security-groups/5ee0d546-d9b3-4b1a-8174-6be01f7b380b 0.178s
2025-03-06 04:51:55.619 68434 INFO tempest.lib.common.rest_client [req-3fe45b89-cea4-4466-a93a-fdf304107149 req-3fe45b89-cea4-4466-a93a-fdf304107149 ] Request (ServersAdminNegativeTestJSON:tearDownClass): 200 GET http://10.180.1.21/compute/v2.1/servers/9510e99c-c0ac-4360-a263-cac731f70720 0.153s
2025-03-06 04:51:55.644 68426 INFO tempest.lib.common.rest_client [req-1fc24d39-6cca-4195-a4e5-f022386f613b req-1fc24d39-6cca-4195-a4e5-f022386f613b ] Request (ListServersNegativeTestJSON:setUpClass): 200 GET http://10.180.1.21/compute/v2.1/servers/22b5827f-a1fc-430d-9932-aa8c4e9f69d3 0.098s
2025-03-06 04:51:55.655 68404 INFO tempest.lib.common.rest_client [req-b2a8efb0-84fa-4634-a35d-f807b68ec0d6 req-b2a8efb0-84fa-4634-a35d-f807b68ec0d6 ] Request (VolumesNegativeTest:tearDownClass): 204 DELETE http://10.180.1.21/identity/v3/projects/df6ae099bd8346c1bfbcd96bb4c8d37a 0.072s
2025-03-06 04:51:55.675 68412 INFO tempest.lib.common.rest_client [req-07cec7ec-1fc1-4cf3-9d59-46a4d7c2d4aa req-07cec7ec-1fc1-4cf3-9d59-46a4d7c2d4aa ] Request (MigrationsAdminTest:test_resize_server_revert_deleted_flavor): 200 GET http://10.180.1.21/compute/v2.1/servers/ea04be24-b290-43d8-b456-06f53e26079c 0.129s
2025-03-06 04:51:55.702 68400 INFO tempest.lib.common.rest_client [req-b96279df-9266-4470-8f2b-97ec40e38d1f req-b96279df-9266-4470-8f2b-97ec40e38d1f ] Request (ServerTagsTestJSON:setUpClass): 200 GET http://10.180.1.21/compute/v2.1/servers/eaff0def-33a7-4d43-b42f-831309b1ab40 0.063s
2025-03-06 04:51:55.778 68414 INFO tempest.lib.common.rest_client [req-0ac4cb90-7c35-43ad-8c0d-a25e87ba8135 req-0ac4cb90-7c35-43ad-8c0d-a25e87ba8135 ] Request (ServerGroupTestJSON:_run_cleanups): 200 GET http://10.180.1.21/compute/v2.1/servers/c535e82c-bd6f-430b-904a-c0f42cddf43b 0.076s
2025-03-06 04:51:55.827 68392 INFO tempest.lib.common.rest_client [req-5f163308-dda6-4c51-9ff9-c53e051d6ca1 req-5f163308-dda6-4c51-9ff9-c53e051d6ca1 ] Request (SecurityGroupsTestJSON:test_server_security_groups): 200 GET http://10.180.1.21/compute/v2.1/servers/37b39a21-4d4d-432d-a3f9-88f20d00ed86 0.063s
2025-03-06 04:51:55.919 68394 INFO tempest.lib.common.rest_client [req-1fc6d4a9-37a3-4624-9a3b-62a815b3e494 req-1fc6d4a9-37a3-4624-9a3b-62a815b3e494 ] Request (InstanceActionsV221TestJSON:test_get_list_deleted_instance_actions): 200 GET http://10.180.1.21/compute/v2.1/servers/a74713b1-37d2-477a-8e70-6d1b5916156a 0.063s
2025-03-06 04:51:55.919 68410 INFO tempest.lib.common.rest_client [req-4855fbc5-29b4-4aee-bb37-4e31ef330985 req-4855fbc5-29b4-4aee-bb37-4e31ef330985 ] Request (ServerDiskConfigTestJSON:test_resize_server_from_auto_to_manual): 200 GET http://10.180.1.21/compute/v2.1/servers/6a5e8baa-30b1-426f-8e85-7a59f50a45f9 0.076s
2025-03-06 04:51:55.981 68398 INFO tempest.lib.common.rest_client [req-ab1edb86-9351-4d24-b0bc-5a79fe13ee6e req-ab1edb86-9351-4d24-b0bc-5a79fe13ee6e ] Request (ServerRescueNegativeTestJSON:test_rescued_vm_detach_volume): 200 GET http://10.180.1.21/compute/v2.1/servers/cb077499-1dce-4793-9551-adad48f1a4c5 0.052s
2025-03-06 04:51:56.006 68416 INFO tempest.lib.common.rest_client [req-2de5464d-d574-43e8-b77d-0c7cdfa61fa1 req-2de5464d-d574-43e8-b77d-0c7cdfa61fa1 ] Request (AttachInterfacesV270Test:tearDownClass): 200 GET http://10.180.1.21/compute/v2.1/servers/77f3a691-e382-4f35-abdc-eba5d791c76a 0.069s
2025-03-06 04:51:56.080 68430 INFO tempest.lib.common.rest_client [req-bdcd4ab3-f79c-4869-aa81-7534d95abc50 req-bdcd4ab3-f79c-4869-aa81-7534d95abc50 ] Request (ImagesNegativeTestJSON:test_create_image_from_deleted_server): 200 GET http://10.180.1.21/compute/v2.1/servers/5b1c861f-ac1f-4d72-9d33-5a8f975ca6fe 0.064s
2025-03-06 04:51:56.163 68448 INFO tempest.lib.common.rest_client [req-1b93de36-cfda-4895-ac9a-3ddeb0a6cb1b req-1b93de36-cfda-4895-ac9a-3ddeb0a6cb1b ] Request (AttachVolumeShelveTestJSON:test_attach_volume_shelved_or_offload_server): 200 GET http://10.180.1.21/compute/v2.1/servers/294aee46-b0d1-484e-bcee-9ad9dc2f483a 0.098s
2025-03-06 04:51:56.358 68428 INFO tempest.lib.common.rest_client [req-91fc257c-63e9-4451-bccb-def5753a1fda req-91fc257c-63e9-4451-bccb-def5753a1fda ] Request (FloatingIPsAssociationNegativeTestJSON:setUpClass): 200 GET http://10.180.1.21/compute/v2.1/servers/eb1002fb-fdb3-44c1-a32a-022eff6acc66 0.048s
2025-03-06 04:51:56.422 68424 INFO tempest.lib.common.rest_client [req-74c82746-d2f8-49b0-a91f-e5264c0f986e req-74c82746-d2f8-49b0-a91f-e5264c0f986e ] Request (DeleteServersTestJSON:test_delete_server_while_in_shelved_state): 200 GET http://10.180.1.21/compute/v2.1/servers/0e7b0dc2-abc5-4ad1-bc44-f6bd3c86d311 0.045s
2025-03-06 04:51:56.511 68396 INFO tempest.lib.common.rest_client [req-43eb09bc-9496-4432-9173-7addeca228e4 req-43eb09bc-9496-4432-9173-7addeca228e4 ] Request (ListServerFiltersTestJSON:setUpClass): 200 GET http://10.180.1.21/compute/v2.1/servers/10436fc4-3f5c-4fbf-b316-1986fce6eeeb 0.052s
2025-03-06 04:51:56.528 68452 INFO paramiko.transport [-] Connected (version 2.0, client dropbear_2020.81)
2025-03-06 04:51:56.600 68418 INFO tempest.lib.common.rest_client [req-32e4d60d-0637-42f4-a06e-59b4260d4cf4 req-32e4d60d-0637-42f4-a06e-59b4260d4cf4 ] Request (ImagesTestJSON:test_create_image_from_suspended_server): 200 GET http://10.180.1.21/compute/v2.1/servers/06daaad2-1e1a-4144-afb5-6e244d4c557a 0.045s
2025-03-06 04:51:56.632 68452 INFO paramiko.transport [-] Authentication (publickey) successful!
2025-03-06 04:51:56.632 68452 INFO tempest.lib.common.ssh [-] ssh connection to cirros@10.180.180.227 successfully created
2025-03-06 04:51:56.663 68406 INFO tempest.lib.common.rest_client [req-34227659-59f3-49b8-b915-6a77a6350b3e req-34227659-59f3-49b8-b915-6a77a6350b3e ] Request (MultipleCreateTestJSON:test_multiple_create): 200 GET http://10.180.1.21/compute/v2.1/servers/9913340c-ab70-49fc-b116-906a6bdcc208 0.092s
2025-03-06 04:51:56.698 68434 INFO tempest.lib.common.rest_client [req-58d65249-810e-426b-a57e-64ea42ca09d6 req-58d65249-810e-426b-a57e-64ea42ca09d6 ] Request (ServersAdminNegativeTestJSON:tearDownClass): 200 GET http://10.180.1.21/compute/v2.1/servers/9510e99c-c0ac-4360-a263-cac731f70720 0.065s
2025-03-06 04:51:56.749 68452 INFO tempest.lib.common.rest_client [req-1962a355-a66b-4435-808f-f2db460f6824 req-1962a355-a66b-4435-808f-f2db460f6824 ] Request (ServersTestJSON:test_list_servers): 200 GET http://10.180.1.21/compute/v2.1/servers 0.110s
2025-03-06 04:51:56.762 68426 INFO tempest.lib.common.rest_client [req-eb4080b5-a5b1-474a-b510-df73ded72ba5 req-eb4080b5-a5b1-474a-b510-df73ded72ba5 ] Request (ListServersNegativeTestJSON:setUpClass): 200 GET http://10.180.1.21/compute/v2.1/servers/22b5827f-a1fc-430d-9932-aa8c4e9f69d3 0.108s
2025-03-06 04:51:56.801 68412 INFO tempest.lib.common.rest_client [req-d6f256af-5b49-4dbf-bfb4-c57c3913e94b req-d6f256af-5b49-4dbf-bfb4-c57c3913e94b ] Request (MigrationsAdminTest:test_resize_server_revert_deleted_flavor): 200 GET http://10.180.1.21/compute/v2.1/servers/ea04be24-b290-43d8-b456-06f53e26079c 0.117s
2025-03-06 04:51:56.815 68400 INFO tempest.lib.common.rest_client [req-88d919c0-f22a-4909-9c8c-53af53fe31e2 req-88d919c0-f22a-4909-9c8c-53af53fe31e2 ] Request (ServerTagsTestJSON:setUpClass): 200 GET http://10.180.1.21/compute/v2.1/servers/eaff0def-33a7-4d43-b42f-831309b1ab40 0.092s
2025-03-06 04:51:56.874 68414 INFO tempest.lib.common.rest_client [req-96585aec-1eb9-4b85-9d90-a2c75bcfbf38 req-96585aec-1eb9-4b85-9d90-a2c75bcfbf38 ] Request (ServerGroupTestJSON:_run_cleanups): 200 GET http://10.180.1.21/compute/v2.1/servers/c535e82c-bd6f-430b-904a-c0f42cddf43b 0.086s
2025-03-06 04:51:56.923 68392 INFO tempest.lib.common.rest_client [req-3b5436c2-5db1-4dab-92b2-a7722e8e331f req-3b5436c2-5db1-4dab-92b2-a7722e8e331f ] Request (SecurityGroupsTestJSON:test_server_security_groups): 200 GET http://10.180.1.21/compute/v2.1/servers/37b39a21-4d4d-432d-a3f9-88f20d00ed86 0.087s
2025-03-06 04:51:56.983 68410 INFO tempest.lib.common.rest_client [req-2f4d85f5-4f93-4321-977e-0d2e88d6d6d0 req-2f4d85f5-4f93-4321-977e-0d2e88d6d6d0 ] Request (ServerDiskConfigTestJSON:test_resize_server_from_auto_to_manual): 200 GET http://10.180.1.21/compute/v2.1/servers/6a5e8baa-30b1-426f-8e85-7a59f50a45f9 0.054s
2025-03-06 04:51:56.995 68452 INFO tempest.lib.common.rest_client [req-9b4a6358-663b-4867-9eac-b140bc707bfd req-9b4a6358-663b-4867-9eac-b140bc707bfd ] Request (ServersTestJSON:test_list_servers_with_detail): 200 GET http://10.180.1.21/compute/v2.1/servers/detail 0.242s
2025-03-06 04:51:57.033 68394 INFO tempest.lib.common.rest_client [req-f5597c76-30ea-49d6-95c1-043ba9188623 req-f5597c76-30ea-49d6-95c1-043ba9188623 ] Request (InstanceActionsV221TestJSON:test_get_list_deleted_instance_actions): 200 GET http://10.180.1.21/compute/v2.1/servers/a74713b1-37d2-477a-8e70-6d1b5916156a 0.100s
2025-03-06 04:51:57.047 68398 INFO tempest.lib.common.rest_client [req-96a7dc6f-0fcd-46d2-a03d-b90472560930 req-96a7dc6f-0fcd-46d2-a03d-b90472560930 ] Request (ServerRescueNegativeTestJSON:test_rescued_vm_detach_volume): 200 GET http://10.180.1.21/compute/v2.1/servers/cb077499-1dce-4793-9551-adad48f1a4c5 0.056s
2025-03-06 04:51:57.048 68452 INFO tempest.lib.common.rest_client [req-380f1a51-3e6a-4532-9375-747ed37b84da req-380f1a51-3e6a-4532-9375-747ed37b84da ] Request (ServersTestJSON:test_verify_created_server_vcpus): 200 GET http://10.180.1.21/compute/v2.1/flavors/42 0.044s
2025-03-06 04:51:57.051 68452 INFO tempest.lib.common.ssh [-] Creating ssh connection to '10.180.180.227:22' as 'cirros' with public key authentication
2025-03-06 04:51:57.054 68452 INFO paramiko.transport [-] Connected (version 2.0, client dropbear_2020.81)
2025-03-06 04:51:57.101 68416 INFO tempest.lib.common.rest_client [req-5e920254-412d-4949-b1e2-865ad17bef8c req-5e920254-412d-4949-b1e2-865ad17bef8c ] Request (AttachInterfacesV270Test:tearDownClass): 200 GET http://10.180.1.21/compute/v2.1/servers/77f3a691-e382-4f35-abdc-eba5d791c76a 0.084s
2025-03-06 04:51:57.111 68452 INFO paramiko.transport [-] Authentication (publickey) successful!
2025-03-06 04:51:57.111 68452 INFO tempest.lib.common.ssh [-] ssh connection to cirros@10.180.180.227 successfully created
2025-03-06 04:51:57.146 68430 INFO tempest.lib.common.rest_client [req-b1a66741-78b3-4c92-98e2-96badf9b366f req-b1a66741-78b3-4c92-98e2-96badf9b366f ] Request (ImagesNegativeTestJSON:test_create_image_from_deleted_server): 200 GET http://10.180.1.21/compute/v2.1/servers/5b1c861f-ac1f-4d72-9d33-5a8f975ca6fe 0.057s
2025-03-06 04:51:57.152 68446 WARNING tempest.lib.common.ssh [-] Failed to establish authenticated ssh connection to cirros@10.180.180.253 ([Errno None] Unable to connect to port 22 on 10.180.180.253). Number attempts: 12. Retry after 13 seconds.: paramiko.ssh_exception.NoValidConnectionsError: [Errno None] Unable to connect to port 22 on 10.180.180.253
2025-03-06 04:51:57.192 68452 INFO tempest.lib.common.rest_client [req-87a70eff-5556-404c-99ae-35634b978890 req-87a70eff-5556-404c-99ae-35634b978890 ] Request (ServersTestJSON:tearDownClass): 204 DELETE http://10.180.1.21/compute/v2.1/servers/1d33aa70-15e6-45ba-a5a7-94dac046b079 0.074s
2025-03-06 04:51:57.293 68448 INFO tempest.lib.common.rest_client [req-1e2d8745-0541-46ac-a67a-28f65aa3a3f3 req-1e2d8745-0541-46ac-a67a-28f65aa3a3f3 ] Request (AttachVolumeShelveTestJSON:test_attach_volume_shelved_or_offload_server): 200 GET http://10.180.1.21/compute/v2.1/servers/294aee46-b0d1-484e-bcee-9ad9dc2f483a 0.121s
2025-03-06 04:51:57.303 68448 INFO tempest.common.waiters [-] State transition "ACTIVE/shelving_image_pending_upload" ==> "ACTIVE/shelving_image_uploading" after 5 second wait
2025-03-06 04:51:57.307 68452 INFO tempest.lib.common.rest_client [req-8b3aba1a-f1b2-4c90-93d0-4b3589facd78 req-8b3aba1a-f1b2-4c90-93d0-4b3589facd78 ] Request (ServersTestJSON:tearDownClass): 200 GET http://10.180.1.21/compute/v2.1/servers/1d33aa70-15e6-45ba-a5a7-94dac046b079 0.114s
2025-03-06 04:51:57.393 68436 WARNING tempest.lib.common.ssh [-] Failed to establish authenticated ssh connection to cirros@10.180.180.164 ([Errno None] Unable to connect to port 22 on 10.180.180.164). Number attempts: 11. Retry after 12 seconds.: paramiko.ssh_exception.NoValidConnectionsError: [Errno None] Unable to connect to port 22 on 10.180.180.164
2025-03-06 04:51:57.422 68428 INFO tempest.lib.common.rest_client [req-67b14bc5-66e6-4cae-9374-673508ececd7 req-67b14bc5-66e6-4cae-9374-673508ececd7 ] Request (FloatingIPsAssociationNegativeTestJSON:setUpClass): 200 GET http://10.180.1.21/compute/v2.1/servers/eb1002fb-fdb3-44c1-a32a-022eff6acc66 0.055s
2025-03-06 04:51:57.432 68428 INFO tempest.common.waiters [-] State transition "BUILD/scheduling" ==> "BUILD/None" after 22 second wait
2025-03-06 04:51:57.487 68424 INFO tempest.lib.common.rest_client [req-80681b3d-3742-4197-9c9c-863c910df8e7 req-80681b3d-3742-4197-9c9c-863c910df8e7 ] Request (DeleteServersTestJSON:test_delete_server_while_in_shelved_state): 200 GET http://10.180.1.21/compute/v2.1/servers/0e7b0dc2-abc5-4ad1-bc44-f6bd3c86d311 0.057s
2025-03-06 04:51:57.577 68396 INFO tempest.lib.common.rest_client [req-3e97726a-f6e1-4cfc-8d9f-f726e54f255c req-3e97726a-f6e1-4cfc-8d9f-f726e54f255c ] Request (ListServerFiltersTestJSON:setUpClass): 200 GET http://10.180.1.21/compute/v2.1/servers/10436fc4-3f5c-4fbf-b316-1986fce6eeeb 0.058s
2025-03-06 04:51:57.660 68418 INFO tempest.lib.common.rest_client [req-5bfc09b8-8b16-4cce-b075-231af44fffaa req-5bfc09b8-8b16-4cce-b075-231af44fffaa ] Request (ImagesTestJSON:test_create_image_from_suspended_server): 200 GET http://10.180.1.21/compute/v2.1/servers/06daaad2-1e1a-4144-afb5-6e244d4c557a 0.053s
2025-03-06 04:51:57.777 68434 INFO tempest.lib.common.rest_client [req-6dcd7514-cdfb-4245-b59e-49235782739d req-6dcd7514-cdfb-4245-b59e-49235782739d ] Request (ServersAdminNegativeTestJSON:tearDownClass): 200 GET http://10.180.1.21/compute/v2.1/servers/9510e99c-c0ac-4360-a263-cac731f70720 0.070s
2025-03-06 04:51:57.788 68406 INFO tempest.lib.common.rest_client [req-535610db-f08e-4af9-a2d9-16280f1f37e0 req-535610db-f08e-4af9-a2d9-16280f1f37e0 ] Request (MultipleCreateTestJSON:test_multiple_create): 200 GET http://10.180.1.21/compute/v2.1/servers/9913340c-ab70-49fc-b116-906a6bdcc208 0.116s
2025-03-06 04:51:57.836 68426 INFO tempest.lib.common.rest_client [req-735db42b-0918-4c0f-8c95-16b15656c293 req-735db42b-0918-4c0f-8c95-16b15656c293 ] Request (ListServersNegativeTestJSON:setUpClass): 200 GET http://10.180.1.21/compute/v2.1/servers/22b5827f-a1fc-430d-9932-aa8c4e9f69d3 0.066s
2025-03-06 04:51:57.860 68412 INFO tempest.lib.common.rest_client [req-fb31516f-c673-4f67-9588-a24c62f980e8 req-fb31516f-c673-4f67-9588-a24c62f980e8 ] Request (MigrationsAdminTest:test_resize_server_revert_deleted_flavor): 200 GET http://10.180.1.21/compute/v2.1/servers/ea04be24-b290-43d8-b456-06f53e26079c 0.050s
2025-03-06 04:51:57.885 68400 INFO tempest.lib.common.rest_client [req-eb881e3b-d786-4b06-9d18-3b06bc89f8ed req-eb881e3b-d786-4b06-9d18-3b06bc89f8ed ] Request (ServerTagsTestJSON:setUpClass): 200 GET http://10.180.1.21/compute/v2.1/servers/eaff0def-33a7-4d43-b42f-831309b1ab40 0.062s
2025-03-06 04:51:57.944 68414 INFO tempest.lib.common.rest_client [req-275800a2-ca83-48db-8a6a-449ce4284f06 req-275800a2-ca83-48db-8a6a-449ce4284f06 ] Request (ServerGroupTestJSON:_run_cleanups): 200 GET http://10.180.1.21/compute/v2.1/servers/c535e82c-bd6f-430b-904a-c0f42cddf43b 0.061s
2025-03-06 04:51:57.987 68392 INFO tempest.lib.common.rest_client [req-079d3378-4182-4933-9a21-72003eb62c44 req-079d3378-4182-4933-9a21-72003eb62c44 ] Request (SecurityGroupsTestJSON:test_server_security_groups): 200 GET http://10.180.1.21/compute/v2.1/servers/37b39a21-4d4d-432d-a3f9-88f20d00ed86 0.055s
2025-03-06 04:51:58.048 68410 INFO tempest.lib.common.rest_client [req-b7f84cfe-80bd-4166-a305-8d03676401ca req-b7f84cfe-80bd-4166-a305-8d03676401ca ] Request (ServerDiskConfigTestJSON:test_resize_server_from_auto_to_manual): 200 GET http://10.180.1.21/compute/v2.1/servers/6a5e8baa-30b1-426f-8e85-7a59f50a45f9 0.058s
2025-03-06 04:51:58.106 68394 INFO tempest.lib.common.rest_client [req-a1a3bb25-d1a0-45a6-9ac5-321b8e8c50f1 req-a1a3bb25-d1a0-45a6-9ac5-321b8e8c50f1 ] Request (InstanceActionsV221TestJSON:test_get_list_deleted_instance_actions): 200 GET http://10.180.1.21/compute/v2.1/servers/a74713b1-37d2-477a-8e70-6d1b5916156a 0.063s
2025-03-06 04:51:58.117 68398 INFO tempest.lib.common.rest_client [req-2161c657-356f-4758-9b72-aa78278757f3 req-2161c657-356f-4758-9b72-aa78278757f3 ] Request (ServerRescueNegativeTestJSON:test_rescued_vm_detach_volume): 200 GET http://10.180.1.21/compute/v2.1/servers/cb077499-1dce-4793-9551-adad48f1a4c5 0.061s
2025-03-06 04:51:58.166 68416 INFO tempest.lib.common.rest_client [req-08780116-e508-4ea6-991a-06376b778676 req-08780116-e508-4ea6-991a-06376b778676 ] Request (AttachInterfacesV270Test:tearDownClass): 200 GET http://10.180.1.21/compute/v2.1/servers/77f3a691-e382-4f35-abdc-eba5d791c76a 0.054s
2025-03-06 04:51:58.208 68430 INFO tempest.lib.common.rest_client [req-1df34c9b-4b90-4143-ae96-9e7b5d7f04a5 req-1df34c9b-4b90-4143-ae96-9e7b5d7f04a5 ] Request (ImagesNegativeTestJSON:test_create_image_from_deleted_server): 200 GET http://10.180.1.21/compute/v2.1/servers/5b1c861f-ac1f-4d72-9d33-5a8f975ca6fe 0.054s
2025-03-06 04:51:58.424 68452 INFO tempest.lib.common.rest_client [req-1ee5bf31-1093-4a01-b481-e6be9ed59df1 req-1ee5bf31-1093-4a01-b481-e6be9ed59df1 ] Request (ServersTestJSON:tearDownClass): 200 GET http://10.180.1.21/compute/v2.1/servers/1d33aa70-15e6-45ba-a5a7-94dac046b079 0.108s
2025-03-06 04:51:58.454 68448 INFO tempest.lib.common.rest_client [req-2b141c9a-2a10-434c-b76d-f32824ce63e8 req-2b141c9a-2a10-434c-b76d-f32824ce63e8 ] Request (AttachVolumeShelveTestJSON:test_attach_volume_shelved_or_offload_server): 200 GET http://10.180.1.21/compute/v2.1/servers/294aee46-b0d1-484e-bcee-9ad9dc2f483a 0.150s
2025-03-06 04:51:58.480 68428 INFO tempest.lib.common.rest_client [req-cf2de582-0e1c-4687-afd2-9eece4c10936 req-cf2de582-0e1c-4687-afd2-9eece4c10936 ] Request (FloatingIPsAssociationNegativeTestJSON:setUpClass): 200 GET http://10.180.1.21/compute/v2.1/servers/eb1002fb-fdb3-44c1-a32a-022eff6acc66 0.047s
2025-03-06 04:51:58.563 68424 INFO tempest.lib.common.rest_client [req-60616de4-0db9-41b3-9928-d890b44a1dc3 req-60616de4-0db9-41b3-9928-d890b44a1dc3 ] Request (DeleteServersTestJSON:test_delete_server_while_in_shelved_state): 200 GET http://10.180.1.21/compute/v2.1/servers/0e7b0dc2-abc5-4ad1-bc44-f6bd3c86d311 0.064s
2025-03-06 04:51:58.632 68396 INFO tempest.lib.common.rest_client [req-13370c9f-eea7-4b40-bb45-bb119c833559 req-13370c9f-eea7-4b40-bb45-bb119c833559 ] Request (ListServerFiltersTestJSON:setUpClass): 200 GET http://10.180.1.21/compute/v2.1/servers/10436fc4-3f5c-4fbf-b316-1986fce6eeeb 0.047s
2025-03-06 04:51:58.715 68418 INFO tempest.lib.common.rest_client [req-5d1019fb-f4a4-41f9-8466-908e89fd7c22 req-5d1019fb-f4a4-41f9-8466-908e89fd7c22 ] Request (ImagesTestJSON:test_create_image_from_suspended_server): 200 GET http://10.180.1.21/compute/v2.1/servers/06daaad2-1e1a-4144-afb5-6e244d4c557a 0.047s
2025-03-06 04:51:58.856 68434 INFO tempest.lib.common.rest_client [req-43c5bc3d-38c7-4f66-9d9c-0681008e2d69 req-43c5bc3d-38c7-4f66-9d9c-0681008e2d69 ] Request (ServersAdminNegativeTestJSON:tearDownClass): 200 GET http://10.180.1.21/compute/v2.1/servers/9510e99c-c0ac-4360-a263-cac731f70720 0.071s
2025-03-06 04:51:58.900 68406 INFO tempest.lib.common.rest_client [req-983a4081-416d-44fc-b9c4-9f85043c8e55 req-983a4081-416d-44fc-b9c4-9f85043c8e55 ] Request (MultipleCreateTestJSON:test_multiple_create): 200 GET http://10.180.1.21/compute/v2.1/servers/9913340c-ab70-49fc-b116-906a6bdcc208 0.104s
2025-03-06 04:51:58.912 68426 INFO tempest.lib.common.rest_client [req-cf4f59a6-dd86-4a4d-927f-385a666b69a3 req-cf4f59a6-dd86-4a4d-927f-385a666b69a3 ] Request (ListServersNegativeTestJSON:setUpClass): 200 GET http://10.180.1.21/compute/v2.1/servers/22b5827f-a1fc-430d-9932-aa8c4e9f69d3 0.069s
2025-03-06 04:51:58.944 68422 WARNING tempest.lib.common.ssh [-] Failed to establish authenticated ssh connection to cirros@10.180.180.179 ([Errno None] Unable to connect to port 22 on 10.180.180.179). Number attempts: 1. Retry after 2 seconds.: paramiko.ssh_exception.NoValidConnectionsError: [Errno None] Unable to connect to port 22 on 10.180.180.179
2025-03-06 04:51:58.947 68412 INFO tempest.lib.common.rest_client [req-2260874f-4058-4ed7-bc38-11e4ca0f8c36 req-2260874f-4058-4ed7-bc38-11e4ca0f8c36 ] Request (MigrationsAdminTest:test_resize_server_revert_deleted_flavor): 200 GET http://10.180.1.21/compute/v2.1/servers/ea04be24-b290-43d8-b456-06f53e26079c 0.080s
2025-03-06 04:51:58.959 68400 INFO tempest.lib.common.rest_client [req-cd263acd-a2fe-4d02-ab2e-c216ed6158a2 req-cd263acd-a2fe-4d02-ab2e-c216ed6158a2 ] Request (ServerTagsTestJSON:setUpClass): 200 GET http://10.180.1.21/compute/v2.1/servers/eaff0def-33a7-4d43-b42f-831309b1ab40 0.065s
2025-03-06 04:51:59.005 68414 INFO tempest.lib.common.rest_client [req-a9ff6116-ddc8-4018-8b5c-196c8a3413f3 req-a9ff6116-ddc8-4018-8b5c-196c8a3413f3 ] Request (ServerGroupTestJSON:_run_cleanups): 200 GET http://10.180.1.21/compute/v2.1/servers/c535e82c-bd6f-430b-904a-c0f42cddf43b 0.051s
2025-03-06 04:51:59.046 68392 INFO tempest.lib.common.rest_client [req-1e87cce5-aec3-4e67-beb5-5f0660135069 req-1e87cce5-aec3-4e67-beb5-5f0660135069 ] Request (SecurityGroupsTestJSON:test_server_security_groups): 200 GET http://10.180.1.21/compute/v2.1/servers/37b39a21-4d4d-432d-a3f9-88f20d00ed86 0.049s
2025-03-06 04:51:59.106 68410 INFO tempest.lib.common.rest_client [req-ce83ce68-b6b2-40cb-8633-f024dafd051c req-ce83ce68-b6b2-40cb-8633-f024dafd051c ] Request (ServerDiskConfigTestJSON:test_resize_server_from_auto_to_manual): 200 GET http://10.180.1.21/compute/v2.1/servers/6a5e8baa-30b1-426f-8e85-7a59f50a45f9 0.051s
2025-03-06 04:51:59.173 68394 INFO tempest.lib.common.rest_client [req-17255b15-7518-4998-bed3-a7b781733a0e req-17255b15-7518-4998-bed3-a7b781733a0e ] Request (InstanceActionsV221TestJSON:test_get_list_deleted_instance_actions): 200 GET http://10.180.1.21/compute/v2.1/servers/a74713b1-37d2-477a-8e70-6d1b5916156a 0.058s
2025-03-06 04:51:59.181 68398 INFO tempest.lib.common.rest_client [req-cfae359d-6ec7-4695-b493-ef0bb22a8ebb req-cfae359d-6ec7-4695-b493-ef0bb22a8ebb ] Request (ServerRescueNegativeTestJSON:test_rescued_vm_detach_volume): 200 GET http://10.180.1.21/compute/v2.1/servers/cb077499-1dce-4793-9551-adad48f1a4c5 0.056s
2025-03-06 04:51:59.239 68416 INFO tempest.lib.common.rest_client [req-e7f7e3f7-6088-48db-9668-c7fc6a2364bd req-e7f7e3f7-6088-48db-9668-c7fc6a2364bd ] Request (AttachInterfacesV270Test:tearDownClass): 200 GET http://10.180.1.21/compute/v2.1/servers/77f3a691-e382-4f35-abdc-eba5d791c76a 0.063s
2025-03-06 04:51:59.279 68430 INFO tempest.lib.common.rest_client [req-b307f1fd-700b-4358-9b29-d52546693d8d req-b307f1fd-700b-4358-9b29-d52546693d8d ] Request (ImagesNegativeTestJSON:test_create_image_from_deleted_server): 200 GET http://10.180.1.21/compute/v2.1/servers/5b1c861f-ac1f-4d72-9d33-5a8f975ca6fe 0.063s
2025-03-06 04:51:59.619 68452 INFO tempest.lib.common.rest_client [req-1b1df275-bff6-4f13-9c5d-40be64a6359a req-1b1df275-bff6-4f13-9c5d-40be64a6359a ] Request (ServersTestJSON:tearDownClass): 200 GET http://10.180.1.21/compute/v2.1/servers/1d33aa70-15e6-45ba-a5a7-94dac046b079 0.184s
2025-03-06 04:51:59.623 68450 WARNING tempest.lib.common.ssh [-] Failed to establish authenticated ssh connection to cirros@10.180.180.182 ([Errno None] Unable to connect to port 22 on 10.180.180.182). Number attempts: 14. Retry after 15 seconds.: paramiko.ssh_exception.NoValidConnectionsError: [Errno None] Unable to connect to port 22 on 10.180.180.182
2025-03-06 04:51:59.636 68448 INFO tempest.lib.common.rest_client [req-0c15bbd3-9937-45f4-acca-3b7802c6be2e req-0c15bbd3-9937-45f4-acca-3b7802c6be2e ] Request (AttachVolumeShelveTestJSON:test_attach_volume_shelved_or_offload_server): 200 GET http://10.180.1.21/compute/v2.1/servers/294aee46-b0d1-484e-bcee-9ad9dc2f483a 0.174s
2025-03-06 04:51:59.710 68428 INFO tempest.lib.common.rest_client [req-213c8f13-0ca6-47f7-89cd-341932ed2f67 req-213c8f13-0ca6-47f7-89cd-341932ed2f67 ] Request (FloatingIPsAssociationNegativeTestJSON:setUpClass): 200 GET http://10.180.1.21/compute/v2.1/servers/eb1002fb-fdb3-44c1-a32a-022eff6acc66 0.221s
2025-03-06 04:51:59.712 68424 INFO tempest.lib.common.rest_client [req-22d3d2b5-9cd2-43a9-b71c-a6b565be1f2e req-22d3d2b5-9cd2-43a9-b71c-a6b565be1f2e ] Request (DeleteServersTestJSON:test_delete_server_while_in_shelved_state): 200 GET http://10.180.1.21/compute/v2.1/servers/0e7b0dc2-abc5-4ad1-bc44-f6bd3c86d311 0.141s
2025-03-06 04:51:59.776 68396 INFO tempest.lib.common.rest_client [req-ed465286-c0c0-4ed8-8faf-a02e3b1abf35 req-ed465286-c0c0-4ed8-8faf-a02e3b1abf35 ] Request (ListServerFiltersTestJSON:setUpClass): 200 GET http://10.180.1.21/compute/v2.1/servers/10436fc4-3f5c-4fbf-b316-1986fce6eeeb 0.135s
2025-03-06 04:51:59.791 68418 INFO tempest.lib.common.rest_client [req-2952e927-a9fd-43eb-a83b-c152e5a0027b req-2952e927-a9fd-43eb-a83b-c152e5a0027b ] Request (ImagesTestJSON:test_create_image_from_suspended_server): 200 GET http://10.180.1.21/compute/v2.1/servers/06daaad2-1e1a-4144-afb5-6e244d4c557a 0.067s
2025-03-06 04:51:59.949 68434 INFO tempest.lib.common.rest_client [req-18b2bc16-1560-40e1-86dc-0258da557d42 req-18b2bc16-1560-40e1-86dc-0258da557d42 ] Request (ServersAdminNegativeTestJSON:tearDownClass): 200 GET http://10.180.1.21/compute/v2.1/servers/9510e99c-c0ac-4360-a263-cac731f70720 0.084s
2025-03-06 04:52:00.018 68426 INFO tempest.lib.common.rest_client [req-38419f49-d271-4065-92d6-3d57014f69bc req-38419f49-d271-4065-92d6-3d57014f69bc ] Request (ListServersNegativeTestJSON:setUpClass): 200 GET http://10.180.1.21/compute/v2.1/servers/22b5827f-a1fc-430d-9932-aa8c4e9f69d3 0.098s
2025-03-06 04:52:00.066 68406 INFO tempest.lib.common.rest_client [req-18d1dc07-04e9-4cba-aae0-c64745888580 req-18d1dc07-04e9-4cba-aae0-c64745888580 ] Request (MultipleCreateTestJSON:test_multiple_create): 200 GET http://10.180.1.21/compute/v2.1/servers/9913340c-ab70-49fc-b116-906a6bdcc208 0.157s
2025-03-06 04:52:00.072 68412 INFO tempest.lib.common.rest_client [req-f6e044be-a414-4ac4-ab2b-14ab022cc8b3 req-f6e044be-a414-4ac4-ab2b-14ab022cc8b3 ] Request (MigrationsAdminTest:test_resize_server_revert_deleted_flavor): 200 GET http://10.180.1.21/compute/v2.1/servers/ea04be24-b290-43d8-b456-06f53e26079c 0.118s
2025-03-06 04:52:00.129 68400 INFO tempest.lib.common.rest_client [req-303ff443-b862-4f87-9cb9-1ac36bec280d req-303ff443-b862-4f87-9cb9-1ac36bec280d ] Request (ServerTagsTestJSON:setUpClass): 200 GET http://10.180.1.21/compute/v2.1/servers/eaff0def-33a7-4d43-b42f-831309b1ab40 0.160s
2025-03-06 04:52:00.133 68414 INFO tempest.lib.common.rest_client [req-8aeb6f99-611f-4dd8-8452-f563a97e4e52 req-8aeb6f99-611f-4dd8-8452-f563a97e4e52 ] Request (ServerGroupTestJSON:_run_cleanups): 200 GET http://10.180.1.21/compute/v2.1/servers/c535e82c-bd6f-430b-904a-c0f42cddf43b 0.118s
2025-03-06 04:52:00.179 68392 INFO tempest.lib.common.rest_client [req-46c112b9-bbd9-49c3-ac88-2cbd5f5afe3e req-46c112b9-bbd9-49c3-ac88-2cbd5f5afe3e ] Request (SecurityGroupsTestJSON:test_server_security_groups): 200 GET http://10.180.1.21/compute/v2.1/servers/37b39a21-4d4d-432d-a3f9-88f20d00ed86 0.124s
2025-03-06 04:52:00.192 68410 INFO tempest.lib.common.rest_client [req-a8d6f1d7-5506-48d3-abee-e5251cd1a4ac req-a8d6f1d7-5506-48d3-abee-e5251cd1a4ac ] Request (ServerDiskConfigTestJSON:test_resize_server_from_auto_to_manual): 200 GET http://10.180.1.21/compute/v2.1/servers/6a5e8baa-30b1-426f-8e85-7a59f50a45f9 0.078s
2025-03-06 04:52:00.236 68394 INFO tempest.lib.common.rest_client [req-f695897d-455f-4344-b4e5-d77738465ca8 req-f695897d-455f-4344-b4e5-d77738465ca8 ] Request (InstanceActionsV221TestJSON:test_get_list_deleted_instance_actions): 200 GET http://10.180.1.21/compute/v2.1/servers/a74713b1-37d2-477a-8e70-6d1b5916156a 0.054s
2025-03-06 04:52:00.247 68398 INFO tempest.lib.common.rest_client [req-df20b2fb-d15f-465c-bbdb-fceccc470856 req-df20b2fb-d15f-465c-bbdb-fceccc470856 ] Request (ServerRescueNegativeTestJSON:test_rescued_vm_detach_volume): 200 GET http://10.180.1.21/compute/v2.1/servers/cb077499-1dce-4793-9551-adad48f1a4c5 0.058s
2025-03-06 04:52:00.313 68416 INFO tempest.lib.common.rest_client [req-2db29e6a-56fd-43a3-a91f-32ad3dbc522a req-2db29e6a-56fd-43a3-a91f-32ad3dbc522a ] Request (AttachInterfacesV270Test:tearDownClass): 200 GET http://10.180.1.21/compute/v2.1/servers/77f3a691-e382-4f35-abdc-eba5d791c76a 0.064s
2025-03-06 04:52:00.350 68430 INFO tempest.lib.common.rest_client [req-b102bb31-e296-4ef0-922c-9827460aa152 req-b102bb31-e296-4ef0-922c-9827460aa152 ] Request (ImagesNegativeTestJSON:test_create_image_from_deleted_server): 200 GET http://10.180.1.21/compute/v2.1/servers/5b1c861f-ac1f-4d72-9d33-5a8f975ca6fe 0.064s
2025-03-06 04:52:00.353 68454 WARNING tempest.lib.common.ssh [-] Failed to establish authenticated ssh connection to cirros@10.180.180.183 ([Errno None] Unable to connect to port 22 on 10.180.180.183). Number attempts: 12. Retry after 13 seconds.: paramiko.ssh_exception.NoValidConnectionsError: [Errno None] Unable to connect to port 22 on 10.180.180.183
2025-03-06 04:52:00.705 68452 INFO tempest.lib.common.rest_client [req-6a013e8d-b4a3-4b4e-ad85-f0dc191a1e54 req-6a013e8d-b4a3-4b4e-ad85-f0dc191a1e54 ] Request (ServersTestJSON:tearDownClass): 200 GET http://10.180.1.21/compute/v2.1/servers/1d33aa70-15e6-45ba-a5a7-94dac046b079 0.070s
2025-03-06 04:52:00.773 68448 INFO tempest.lib.common.rest_client [req-3fd26c1e-0abd-46f3-bfdd-27aebb2ee555 req-3fd26c1e-0abd-46f3-bfdd-27aebb2ee555 ] Request (AttachVolumeShelveTestJSON:test_attach_volume_shelved_or_offload_server): 200 GET http://10.180.1.21/compute/v2.1/servers/294aee46-b0d1-484e-bcee-9ad9dc2f483a 0.123s
2025-03-06 04:52:00.788 68428 INFO tempest.lib.common.rest_client [req-894547e2-95f1-4022-94db-3027bac29913 req-894547e2-95f1-4022-94db-3027bac29913 ] Request (FloatingIPsAssociationNegativeTestJSON:setUpClass): 200 GET http://10.180.1.21/compute/v2.1/servers/eb1002fb-fdb3-44c1-a32a-022eff6acc66 0.065s
2025-03-06 04:52:00.833 68424 INFO tempest.lib.common.rest_client [req-f1e5d007-67ef-450f-a5d3-d3c72cdb84dc req-f1e5d007-67ef-450f-a5d3-d3c72cdb84dc ] Request (DeleteServersTestJSON:test_delete_server_while_in_shelved_state): 200 GET http://10.180.1.21/compute/v2.1/servers/0e7b0dc2-abc5-4ad1-bc44-f6bd3c86d311 0.106s
2025-03-06 04:52:00.852 68396 INFO tempest.lib.common.rest_client [req-b7267f3b-6e1c-4bdd-b0c1-b980be958fbd req-b7267f3b-6e1c-4bdd-b0c1-b980be958fbd ] Request (ListServerFiltersTestJSON:setUpClass): 200 GET http://10.180.1.21/compute/v2.1/servers/10436fc4-3f5c-4fbf-b316-1986fce6eeeb 0.060s
2025-03-06 04:52:00.888 68418 INFO tempest.lib.common.rest_client [req-69836fb1-0c11-4923-b9bb-d45466ae54e7 req-69836fb1-0c11-4923-b9bb-d45466ae54e7 ] Request (ImagesTestJSON:test_create_image_from_suspended_server): 200 GET http://10.180.1.21/compute/v2.1/servers/06daaad2-1e1a-4144-afb5-6e244d4c557a 0.089s
2025-03-06 04:52:01.018 68434 INFO tempest.lib.common.rest_client [req-860beb02-c62e-4da4-9441-77767fd22e03 req-860beb02-c62e-4da4-9441-77767fd22e03 ] Request (ServersAdminNegativeTestJSON:tearDownClass): 200 GET http://10.180.1.21/compute/v2.1/servers/9510e99c-c0ac-4360-a263-cac731f70720 0.060s
2025-03-06 04:52:01.088 68426 INFO tempest.lib.common.rest_client [req-2f8e3f7c-305c-4b43-ba86-658b90e811fe req-2f8e3f7c-305c-4b43-ba86-658b90e811fe ] Request (ListServersNegativeTestJSON:setUpClass): 200 GET http://10.180.1.21/compute/v2.1/servers/22b5827f-a1fc-430d-9932-aa8c4e9f69d3 0.058s
2025-03-06 04:52:01.169 68412 INFO tempest.lib.common.rest_client [req-54e65d0a-340b-4f9b-a5d4-0ebae2adf8a2 req-54e65d0a-340b-4f9b-a5d4-0ebae2adf8a2 ] Request (MigrationsAdminTest:test_resize_server_revert_deleted_flavor): 200 GET http://10.180.1.21/compute/v2.1/servers/ea04be24-b290-43d8-b456-06f53e26079c 0.086s
2025-03-06 04:52:01.191 68406 INFO tempest.lib.common.rest_client [req-36d333cb-a5e2-42d1-a54f-ae1a10161d7a req-36d333cb-a5e2-42d1-a54f-ae1a10161d7a ] Request (MultipleCreateTestJSON:test_multiple_create): 200 GET http://10.180.1.21/compute/v2.1/servers/9913340c-ab70-49fc-b116-906a6bdcc208 0.118s
2025-03-06 04:52:01.224 68400 INFO tempest.lib.common.rest_client [req-dc0b68fe-e549-44ea-beed-4af373af5740 req-dc0b68fe-e549-44ea-beed-4af373af5740 ] Request (ServerTagsTestJSON:setUpClass): 200 GET http://10.180.1.21/compute/v2.1/servers/eaff0def-33a7-4d43-b42f-831309b1ab40 0.085s
2025-03-06 04:52:01.248 68414 INFO tempest.lib.common.rest_client [req-ec947e6b-005b-4603-a5e5-d4bdee0bf270 req-ec947e6b-005b-4603-a5e5-d4bdee0bf270 ] Request (ServerGroupTestJSON:_run_cleanups): 200 GET http://10.180.1.21/compute/v2.1/servers/c535e82c-bd6f-430b-904a-c0f42cddf43b 0.107s
2025-03-06 04:52:01.280 68392 INFO tempest.lib.common.rest_client [req-775e9f77-8e1f-47f4-b41d-37d9fa963eb3 req-775e9f77-8e1f-47f4-b41d-37d9fa963eb3 ] Request (SecurityGroupsTestJSON:test_server_security_groups): 200 GET http://10.180.1.21/compute/v2.1/servers/37b39a21-4d4d-432d-a3f9-88f20d00ed86 0.093s
2025-03-06 04:52:01.297 68410 INFO tempest.lib.common.rest_client [req-5047aac9-b263-4299-a0aa-58ab5e340fbd req-5047aac9-b263-4299-a0aa-58ab5e340fbd ] Request (ServerDiskConfigTestJSON:test_resize_server_from_auto_to_manual): 200 GET http://10.180.1.21/compute/v2.1/servers/6a5e8baa-30b1-426f-8e85-7a59f50a45f9 0.096s
2025-03-06 04:52:01.330 68394 INFO tempest.lib.common.rest_client [req-1b671248-8abf-4c1d-bdca-a3792f317b49 req-1b671248-8abf-4c1d-bdca-a3792f317b49 ] Request (InstanceActionsV221TestJSON:test_get_list_deleted_instance_actions): 200 GET http://10.180.1.21/compute/v2.1/servers/a74713b1-37d2-477a-8e70-6d1b5916156a 0.083s
2025-03-06 04:52:01.343 68398 INFO tempest.lib.common.rest_client [req-e4850349-e6f5-4570-939b-4d9566d6537d req-e4850349-e6f5-4570-939b-4d9566d6537d ] Request (ServerRescueNegativeTestJSON:test_rescued_vm_detach_volume): 200 GET http://10.180.1.21/compute/v2.1/servers/cb077499-1dce-4793-9551-adad48f1a4c5 0.087s
2025-03-06 04:52:01.376 68420 WARNING tempest.lib.common.ssh [-] Failed to establish authenticated ssh connection to cirros@10.180.180.133 ([Errno None] Unable to connect to port 22 on 10.180.180.133). Number attempts: 3. Retry after 4 seconds.: paramiko.ssh_exception.NoValidConnectionsError: [Errno None] Unable to connect to port 22 on 10.180.180.133
2025-03-06 04:52:01.397 68416 INFO tempest.lib.common.rest_client [req-366dd602-b8cd-4052-8d69-6d9cc465d8df req-366dd602-b8cd-4052-8d69-6d9cc465d8df ] Request (AttachInterfacesV270Test:tearDownClass): 200 GET http://10.180.1.21/compute/v2.1/servers/77f3a691-e382-4f35-abdc-eba5d791c76a 0.071s
2025-03-06 04:52:01.420 68430 INFO tempest.lib.common.rest_client [req-ad20d474-f0bf-4371-8fbc-a31273a90cc1 req-ad20d474-f0bf-4371-8fbc-a31273a90cc1 ] Request (ImagesNegativeTestJSON:test_create_image_from_deleted_server): 200 GET http://10.180.1.21/compute/v2.1/servers/5b1c861f-ac1f-4d72-9d33-5a8f975ca6fe 0.057s
2025-03-06 04:52:01.784 68452 INFO tempest.lib.common.rest_client [req-74455b48-7cd2-46c8-aef2-8570d6706333 req-74455b48-7cd2-46c8-aef2-8570d6706333 ] Request (ServersTestJSON:tearDownClass): 200 GET http://10.180.1.21/compute/v2.1/servers/1d33aa70-15e6-45ba-a5a7-94dac046b079 0.068s
2025-03-06 04:52:01.791 68452 INFO tempest.common.waiters [-] State transition "ACTIVE/deleting" ==> "DELETED/None" after 4 second wait
2025-03-06 04:52:01.857 68428 INFO tempest.lib.common.rest_client [req-104ab682-4f8f-4927-b646-8c651b7ee8e1 req-104ab682-4f8f-4927-b646-8c651b7ee8e1 ] Request (FloatingIPsAssociationNegativeTestJSON:setUpClass): 200 GET http://10.180.1.21/compute/v2.1/servers/eb1002fb-fdb3-44c1-a32a-022eff6acc66 0.060s
2025-03-06 04:52:01.898 68448 INFO tempest.lib.common.rest_client [req-0bb163ad-9efc-4883-8bb3-fb024c4add5b req-0bb163ad-9efc-4883-8bb3-fb024c4add5b ] Request (AttachVolumeShelveTestJSON:test_attach_volume_shelved_or_offload_server): 200 GET http://10.180.1.21/compute/v2.1/servers/294aee46-b0d1-484e-bcee-9ad9dc2f483a 0.112s
2025-03-06 04:52:01.910 68424 INFO tempest.lib.common.rest_client [req-1daefcea-8030-41c4-9f3c-89227cd5b1f0 req-1daefcea-8030-41c4-9f3c-89227cd5b1f0 ] Request (DeleteServersTestJSON:test_delete_server_while_in_shelved_state): 200 GET http://10.180.1.21/compute/v2.1/servers/0e7b0dc2-abc5-4ad1-bc44-f6bd3c86d311 0.066s
2025-03-06 04:52:01.955 68396 INFO tempest.lib.common.rest_client [req-9eebe00d-ae82-4b7b-8896-b089ef8a5835 req-9eebe00d-ae82-4b7b-8896-b089ef8a5835 ] Request (ListServerFiltersTestJSON:setUpClass): 200 GET http://10.180.1.21/compute/v2.1/servers/10436fc4-3f5c-4fbf-b316-1986fce6eeeb 0.094s
2025-03-06 04:52:01.962 68433 WARNING tempest.lib.common.ssh [-] Failed to establish authenticated ssh connection to cirros@10.180.180.244 ([Errno None] Unable to connect to port 22 on 10.180.180.244). Number attempts: 10. Retry after 11 seconds.: paramiko.ssh_exception.NoValidConnectionsError: [Errno None] Unable to connect to port 22 on 10.180.180.244
2025-03-06 04:52:01.967 68418 INFO tempest.lib.common.rest_client [req-a58a80d6-4606-4661-b34c-2c14f02eb37b req-a58a80d6-4606-4661-b34c-2c14f02eb37b ] Request (ImagesTestJSON:test_create_image_from_suspended_server): 200 GET http://10.180.1.21/compute/v2.1/servers/06daaad2-1e1a-4144-afb5-6e244d4c557a 0.069s
2025-03-06 04:52:02.015 68422 WARNING tempest.lib.common.ssh [-] Failed to establish authenticated ssh connection to cirros@10.180.180.179 ([Errno None] Unable to connect to port 22 on 10.180.180.179). Number attempts: 2. Retry after 3 seconds.: paramiko.ssh_exception.NoValidConnectionsError: [Errno None] Unable to connect to port 22 on 10.180.180.179
2025-03-06 04:52:02.088 68434 INFO tempest.lib.common.rest_client [req-d49b614e-055d-4784-8e40-eba92cd905cd req-d49b614e-055d-4784-8e40-eba92cd905cd ] Request (ServersAdminNegativeTestJSON:tearDownClass): 200 GET http://10.180.1.21/compute/v2.1/servers/9510e99c-c0ac-4360-a263-cac731f70720 0.061s
2025-03-06 04:52:02.165 68426 INFO tempest.lib.common.rest_client [req-bbb43747-215e-4827-9c94-d21dabf3394f req-bbb43747-215e-4827-9c94-d21dabf3394f ] Request (ListServersNegativeTestJSON:setUpClass): 200 GET http://10.180.1.21/compute/v2.1/servers/22b5827f-a1fc-430d-9932-aa8c4e9f69d3 0.068s
2025-03-06 04:52:02.229 68412 INFO tempest.lib.common.rest_client [req-6a2b4a00-d6b7-4df5-a4e2-3cfd4f4eaba3 req-6a2b4a00-d6b7-4df5-a4e2-3cfd4f4eaba3 ] Request (MigrationsAdminTest:test_resize_server_revert_deleted_flavor): 200 GET http://10.180.1.21/compute/v2.1/servers/ea04be24-b290-43d8-b456-06f53e26079c 0.052s
