2025-03-06 03:51:24.234 68595 INFO tempest.lib.common.rest_client [req-432c80d1-3dbe-440e-9bea-05be40fad722 req-432c80d1-3dbe-440e-9bea-05be40fad722 ] Request (ServerPasswordTestJSON:setUpClass): 200 GET http://10.180.1.21/compute/v2.1/servers/a5468df9-c54d-4014-8002-ef82f111a7a4 0.120s
2025-03-06 03:51:24.261 68565 INFO tempest.lib.common.rest_client [req-8fef0c6d-5e92-408b-b362-0a9f879746ae req-8fef0c6d-5e92-408b-b362-0a9f879746ae ] Request (ServersTestJSON:setUpClass): 200 GET http://10.180.1.21/compute/v2.1/servers/876d428d-d5c9-422a-aba2-2d6c61b092db 0.116s
2025-03-06 03:51:24.284 68607 INFO tempest.lib.common.rest_client [req-f07ef451-9a54-4be6-9e1a-02ba697695c9 req-f07ef451-9a54-4be6-9e1a-02ba697695c9 ] Request (ServersTestJSON:test_create_server_with_ipv6_addr_only): 200 GET http://10.180.1.21/compute/v2.1/servers/5ed44950-8e9b-4f42-9611-d5bff01dc905 0.126s
2025-03-06 03:51:24.313 68571 INFO tempest.lib.common.rest_client [req-caa0e569-91ed-4a9f-a12b-989f43a70b67 req-caa0e569-91ed-4a9f-a12b-989f43a70b67 ] Request (SecurityGroupsTestJSON:test_list_security_groups_by_server): 200 GET http://10.180.1.21/compute/v2.1/servers/f2af60e6-496c-4edb-9e99-4b45fa94bfeb 0.113s
2025-03-06 03:51:24.348 68555 INFO tempest.lib.common.rest_client [req-a6fe982a-2adf-496c-854a-16322c584432 req-a6fe982a-2adf-496c-854a-16322c584432 ] Request (ServerActionsTestOtherA:setUpClass): 200 GET http://10.180.1.21/compute/v2.1/servers/dd59cab5-3f9a-42cc-93f1-75cea940acdd 0.091s
2025-03-06 03:51:24.373 68606 INFO tempest.lib.common.rest_client [req-17e634c6-f536-4bce-b772-3f7bbd40ea31 req-17e634c6-f536-4bce-b772-3f7bbd40ea31 ] Request (FloatingIPsAssociationTestJSON:test_associate_already_associated_floating_ip): 200 GET http://10.180.1.21/compute/v2.1/servers/86528c8b-b51e-480d-a7bf-013d990d51ca 0.055s
2025-03-06 03:51:24.379 68577 INFO tempest.lib.common.rest_client [req-02b4b3af-daa4-41b8-a40c-971472ec1a01 req-02b4b3af-daa4-41b8-a40c-971472ec1a01 ] Request (ServerExternalEventsTest:tearDownClass): 200 GET http://10.180.1.21:9696/networking/v2.0/security-groups?tenant_id=7e319ed4872c4a8c916afbaba7e5d3d5&name=default 0.166s
2025-03-06 03:51:24.440 68591 INFO tempest.lib.common.rest_client [req-9516ca55-117d-4995-a53c-36a684cf71e8 req-9516ca55-117d-4995-a53c-36a684cf71e8 ] Request (AttachInterfacesV270Test:test_create_get_list_interfaces): 200 GET http://10.180.1.21/compute/v2.1/servers/c8fd5539-8add-45fe-a0ac-8767bf8a330e 0.058s
2025-03-06 03:51:24.456 68577 INFO tempest.lib.common.rest_client [req-a4d8bac0-0619-4e5e-a8c9-f1591dd00f6c req-a4d8bac0-0619-4e5e-a8c9-f1591dd00f6c ] Request (ServerExternalEventsTest:tearDownClass): 204 DELETE http://10.180.1.21:9696/networking/v2.0/security-groups/a54a565d-d13c-4571-8058-70a6bc761f33 0.076s
2025-03-06 03:51:24.489 68573 INFO tempest.lib.common.rest_client [req-c43c05a7-c6b6-49a8-97b7-8586a95dd82e req-c43c05a7-c6b6-49a8-97b7-8586a95dd82e ] Request (MigrationsAdminTest:test_list_migrations_in_flavor_resize_situation): 200 GET http://10.180.1.21/compute/v2.1/servers/2f797cb5-19d8-4b4d-a78d-ace0a3d1f37f 0.100s
2025-03-06 03:51:24.526 68577 INFO tempest.lib.common.rest_client [req-c5721639-0cc0-4774-a952-5397380f612c req-c5721639-0cc0-4774-a952-5397380f612c ] Request (ServerExternalEventsTest:tearDownClass): 204 DELETE http://10.180.1.21/identity/v3/projects/7e319ed4872c4a8c916afbaba7e5d3d5 0.070s
2025-03-06 03:51:24.526 68577 INFO tempest.lib.common.dynamic_creds [-] Deleting project and security group for project: bcd7509de3bd45dab686bb255425af24
2025-03-06 03:51:24.613 68577 INFO tempest.lib.common.rest_client [req-6648d703-d9d2-4b79-adb1-a828024f5041 req-6648d703-d9d2-4b79-adb1-a828024f5041 ] Request (ServerExternalEventsTest:tearDownClass): 200 GET http://10.180.1.21:9696/networking/v2.0/security-groups?tenant_id=bcd7509de3bd45dab686bb255425af24&name=default 0.086s
2025-03-06 03:51:24.696 68577 INFO tempest.lib.common.rest_client [req-5af4399c-4379-4e2a-97a7-0fb3a20fc5c0 req-5af4399c-4379-4e2a-97a7-0fb3a20fc5c0 ] Request (ServerExternalEventsTest:tearDownClass): 204 DELETE http://10.180.1.21:9696/networking/v2.0/security-groups/900341e5-018f-4ea3-b1ca-9bb014070d8e 0.083s
2025-03-06 03:51:24.792 68577 INFO tempest.lib.common.rest_client [req-bcdeed0f-f394-4036-956d-e8b3cf8b9689 req-bcdeed0f-f394-4036-956d-e8b3cf8b9689 ] Request (ServerExternalEventsTest:tearDownClass): 204 DELETE http://10.180.1.21/identity/v3/projects/bcd7509de3bd45dab686bb255425af24 0.095s
2025-03-06 03:51:24.793 68577 INFO tempest.lib.common.dynamic_creds [-] Deleting project and security group for project: f6e239df56cc40a0a4df5756613f31be
2025-03-06 03:51:24.816 68577 INFO tempest.lib.common.rest_client [req-2cc1a880-16e8-4f85-84d8-05885ce35192 req-2cc1a880-16e8-4f85-84d8-05885ce35192 ] Request (ServerExternalEventsTest:tearDownClass): 200 GET http://10.180.1.21:9696/networking/v2.0/security-groups?tenant_id=f6e239df56cc40a0a4df5756613f31be&name=default 0.023s
2025-03-06 03:51:24.917 68577 INFO tempest.lib.common.rest_client [req-37c764df-9427-49eb-9af8-2457b8f422f5 req-37c764df-9427-49eb-9af8-2457b8f422f5 ] Request (ServerExternalEventsTest:tearDownClass): 204 DELETE http://10.180.1.21:9696/networking/v2.0/security-groups/30768474-d15a-4e9e-88c8-16403e9d11c5 0.100s
2025-03-06 03:51:25.036 68577 INFO tempest.lib.common.rest_client [req-0b8aa12d-e55e-45f0-98a4-f565c7f5f9df req-0b8aa12d-e55e-45f0-98a4-f565c7f5f9df ] Request (ServerExternalEventsTest:tearDownClass): 204 DELETE http://10.180.1.21/identity/v3/projects/f6e239df56cc40a0a4df5756613f31be 0.118s
2025-03-06 03:51:25.098 68577 INFO tempest.lib.common.rest_client [req-282bab07-4d8b-440c-8495-4c764f805137 req-282bab07-4d8b-440c-8495-4c764f805137 ] Request (ServersTestFqdnHostnames:setUpClass): 201 POST http://10.180.1.21/identity/v3/auth/tokens 0.058s
2025-03-06 03:51:25.102 68575 INFO tempest.lib.common.rest_client [req-92a707e3-912c-42b9-b8c7-990639b7ff36 req-92a707e3-912c-42b9-b8c7-990639b7ff36 ] Request (InstanceActionsTestJSON:test_list_instance_actions): 200 GET http://10.180.1.21/compute/v2.1/servers/0f7d80d2-5c34-42f7-a14a-97f9625675a8 0.370s
2025-03-06 03:51:25.103 68561 INFO tempest.lib.common.rest_client [req-046ea34e-7a54-4fe1-8b95-8b114a0fdb70 req-046ea34e-7a54-4fe1-8b95-8b114a0fdb70 ] Request (ServerDiagnosticsNegativeTest:test_get_server_diagnostics_by_non_admin): 200 GET http://10.180.1.21/compute/v2.1/servers/636b6b36-3ab5-4851-a232-d27b54895595 0.376s
2025-03-06 03:51:25.132 68577 INFO tempest.lib.common.rest_client [req-991763d0-8f8e-44c1-9ba9-0c1bff0e8df8 req-991763d0-8f8e-44c1-9ba9-0c1bff0e8df8 ] Request (ServersTestFqdnHostnames:setUpClass): 201 POST http://10.180.1.21/identity/v3/auth/tokens 0.032s
2025-03-06 03:51:25.159 68577 INFO tempest.lib.common.rest_client [req-02221ee3-b12d-451a-b13c-c39faa7fbc29 req-02221ee3-b12d-451a-b13c-c39faa7fbc29 ] Request (ServersTestFqdnHostnames:setUpClass): 200 GET http://10.180.1.21/identity/v3/domains?name=Default 0.026s
2025-03-06 03:51:25.167 68582 INFO tempest.lib.common.rest_client [req-7884de39-183d-418d-b60b-71598df063ed req-7884de39-183d-418d-b60b-71598df063ed ] Request (ImagesOneServerNegativeTestJSON:_run_cleanups): 200 GET http://10.180.1.21/compute/v2.1/servers/dcd8cca2-b62c-44a6-9e77-f336d2d39c09 0.382s
2025-03-06 03:51:25.170 68569 INFO tempest.lib.common.rest_client [req-2d5304f2-8ece-4d57-a0a2-83eb07ae4f11 req-2d5304f2-8ece-4d57-a0a2-83eb07ae4f11 ] Request (ServersAdminNegativeTestJSON:setUpClass): 200 GET http://10.180.1.21/compute/v2.1/servers/f7a1bfc5-7141-4764-b3fe-08d06020209a 0.319s
2025-03-06 03:51:25.178 68569 INFO tempest.common.waiters [-] State transition "BUILD/scheduling" ==> "BUILD/None" after 43 second wait
2025-03-06 03:51:25.188 68577 INFO tempest.lib.common.rest_client [req-1bff0d03-2c64-4faa-bfa5-a42ec0d3776f req-1bff0d03-2c64-4faa-bfa5-a42ec0d3776f ] Request (ServersTestFqdnHostnames:setUpClass): 201 POST http://10.180.1.21/identity/v3/projects 0.029s
2025-03-06 03:51:25.252 68579 INFO tempest.lib.common.rest_client [req-42986768-15cc-4888-b020-7110845cf231 req-42986768-15cc-4888-b020-7110845cf231 ] Request (ServersAdminTestJSON:test_create_server_with_scheduling_hint): 200 GET http://10.180.1.21/compute/v2.1/servers/abdf9de2-8563-4a31-91a3-0c18b0387533 0.347s
2025-03-06 03:51:25.267 68583 INFO tempest.lib.common.rest_client [req-65195658-d102-474e-ab2c-bef816d5daaf req-65195658-d102-474e-ab2c-bef816d5daaf ] Request (InstanceActionsNegativeTestJSON:setUpClass): 200 GET http://10.180.1.21/compute/v2.1/servers/88d67405-b8c6-484a-b178-68a8babb3708 0.399s
2025-03-06 03:51:25.269 68577 INFO tempest.lib.common.rest_client [req-ab1a46a1-14b0-446c-9a9d-a467a9abda7d req-ab1a46a1-14b0-446c-9a9d-a467a9abda7d ] Request (ServersTestFqdnHostnames:setUpClass): 201 POST http://10.180.1.21/identity/v3/users 0.080s
2025-03-06 03:51:25.275 68583 INFO tempest.common.waiters [-] State transition "BUILD/spawning" ==> "ACTIVE/None" after 60 second wait
2025-03-06 03:51:25.294 68577 INFO tempest.lib.common.rest_client [req-6705f9ea-d06b-4b08-9370-1bc66e46ae26 req-6705f9ea-d06b-4b08-9370-1bc66e46ae26 ] Request (ServersTestFqdnHostnames:setUpClass): 200 GET http://10.180.1.21/identity/v3/roles 0.024s
2025-03-06 03:51:25.301 68601 INFO tempest.lib.common.rest_client [req-d8213ab4-f36d-4401-8659-4c7d859178db req-d8213ab4-f36d-4401-8659-4c7d859178db ] Request (ServerRescueNegativeTestJSON:test_rescued_vm_detach_volume): 200 GET http://10.180.1.21/compute/v2.1/servers/13972b73-8bae-4a2a-a987-b6177381e7c8 0.357s
2025-03-06 03:51:25.314 68613 INFO tempest.lib.common.rest_client [req-fac32b28-f506-4e04-a430-0254f9fad450 req-fac32b28-f506-4e04-a430-0254f9fad450 ] Request (ServersTestManualDisk:setUpClass): 200 GET http://10.180.1.21/compute/v2.1/servers/9203ac1f-3d3f-4d1b-959b-5f15b09fd5bb 0.351s
2025-03-06 03:51:25.325 68577 INFO tempest.lib.common.rest_client [req-58837eaa-d4fd-4e7f-abfb-f8a72a40a58c req-58837eaa-d4fd-4e7f-abfb-f8a72a40a58c ] Request (ServersTestFqdnHostnames:setUpClass): 204 PUT http://10.180.1.21/identity/v3/projects/ca8b913b2dc64be09fd2419ef97f0694/users/9f038423be614371a095101a860e15c8/roles/47325c72d09e4bf39f28d888e708707d 0.031s
2025-03-06 03:51:25.325 68577 INFO tempest.lib.common.dynamic_creds [-] Dynamic test user 9f038423be614371a095101a860e15c8 is created with scope project and roles: ['member']
2025-03-06 03:51:25.325 68577 INFO tempest.lib.common.dynamic_creds [-] Acquired dynamic creds: credentials: Credentials: {'domain_id': 'default', 'domain_name': 'Default', 'username': 'tempest-ServersTestFqdnHostnames-1308639321-project-member', 'project_domain_id': 'default', 'project_domain_name': 'Default', 'project_id': 'ca8b913b2dc64be09fd2419ef97f0694', 'project_name': 'tempest-ServersTestFqdnHostnames-1308639321', 'tenant_id': 'ca8b913b2dc64be09fd2419ef97f0694', 'tenant_name': 'tempest-ServersTestFqdnHostnames-1308639321', 'user_domain_id': 'default', 'user_domain_name': 'Default', 'user_id': '9f038423be614371a095101a860e15c8', 'system': None}, Network: None, Subnet: None, Router: None
2025-03-06 03:51:25.351 68589 INFO tempest.lib.common.rest_client [req-2777812b-d918-40c1-a9fa-6f4bededd438 req-2777812b-d918-40c1-a9fa-6f4bededd438 ] Request (DeleteServersAdminTestJSON:test_delete_server_while_in_error_state): 200 GET http://10.180.1.21/compute/v2.1/servers/b056fbf4-4873-4ec9-905a-ad973c8fb27a 0.354s
2025-03-06 03:51:25.364 68585 INFO tempest.lib.common.rest_client [req-2830381a-c197-4287-b7f1-e59bd625ef7e req-2830381a-c197-4287-b7f1-e59bd625ef7e ] Request (ServersTestMultiNic:test_verify_duplicate_network_nics): 200 GET http://10.180.1.21/compute/v2.1/servers/080ab438-269b-427a-9ee9-71c59d9c2a91 0.348s
2025-03-06 03:51:25.388 68551 INFO tempest.lib.common.rest_client [req-fefdb5c0-4910-4e4d-901a-26592008eeff req-fefdb5c0-4910-4e4d-901a-26592008eeff ] Request (ImagesOneServerTestJSON:test_create_delete_image): 200 GET http://10.180.1.21/compute/v2.1/images/ad54b4da-5373-4eb1-bcc7-b5685fe04812 0.351s
2025-03-06 03:51:25.397 68577 INFO tempest.lib.common.rest_client [req-72e99ecf-3422-49d7-b40a-ea4ad5120e4a req-72e99ecf-3422-49d7-b40a-ea4ad5120e4a ] Request (ServersTestFqdnHostnames:setUpClass): 201 POST http://10.180.1.21/identity/v3/auth/tokens 0.071s
2025-03-06 03:51:25.418 68559 INFO tempest.lib.common.rest_client [req-af1ab81d-2850-4da9-81cb-5bf2ec7eefa5 req-af1ab81d-2850-4da9-81cb-5bf2ec7eefa5 ] Request (FloatingIPsAssociationNegativeTestJSON:setUpClass): 200 GET http://10.180.1.21/compute/v2.1/servers/6c34d7ce-7bf1-4f88-812f-adc1eb5353dd 0.322s
2025-03-06 03:51:25.473 68563 INFO tempest.lib.common.rest_client [req-44770a80-5f52-48a5-b566-a38894e2b452 req-44770a80-5f52-48a5-b566-a38894e2b452 ] Request (ImagesTestJSON:test_create_image_from_suspended_server): 200 GET http://10.180.1.21/compute/v2.1/servers/2a88648c-f00d-4d7b-905d-e70c327e248a 0.315s
2025-03-06 03:51:25.492 68567 INFO tempest.lib.common.rest_client [req-1d173efd-5cdb-48ea-a888-b02b1060176f req-1d173efd-5cdb-48ea-a888-b02b1060176f ] Request (ServersTestBootFromVolume:setUpClass): 200 GET http://10.180.1.21/compute/v2.1/servers/3c9b701e-6461-45e3-8654-3291c5a487b9 0.369s
2025-03-06 03:51:25.527 68553 INFO tempest.lib.common.rest_client [req-358ffca0-0716-4edc-be0a-09c1594915b1 req-358ffca0-0716-4edc-be0a-09c1594915b1 ] Request (ListServerFiltersTestJSON:tearDownClass): 200 GET http://10.180.1.21/compute/v2.1/servers/a340c66c-74eb-43e5-8e72-54d9c8b07a26 0.333s
2025-03-06 03:51:25.547 68587 INFO tempest.lib.common.rest_client [req-6295dc1a-9171-44cf-9c78-c1866f600c8c req-6295dc1a-9171-44cf-9c78-c1866f600c8c ] Request (ServerGroupTestJSON:_run_cleanups): 200 GET http://10.180.1.21/compute/v2.1/servers/6ae76b0f-7df2-4652-b4c3-92c16ed487a1 0.331s
2025-03-06 03:51:25.570 68595 INFO tempest.lib.common.rest_client [req-70d94cf2-5803-4b94-b3d0-0226464edaac req-70d94cf2-5803-4b94-b3d0-0226464edaac ] Request (ServerPasswordTestJSON:setUpClass): 200 GET http://10.180.1.21/compute/v2.1/servers/a5468df9-c54d-4014-8002-ef82f111a7a4 0.328s
2025-03-06 03:51:25.595 68565 INFO tempest.lib.common.rest_client [req-f6e72c53-31c5-4362-9bf8-d0f430bbb97d req-f6e72c53-31c5-4362-9bf8-d0f430bbb97d ] Request (ServersTestJSON:setUpClass): 200 GET http://10.180.1.21/compute/v2.1/servers/876d428d-d5c9-422a-aba2-2d6c61b092db 0.327s
2025-03-06 03:51:25.599 68583 INFO tempest.lib.common.rest_client [req-1acb894c-4fad-410d-ae4b-2179077eab30 req-1acb894c-4fad-410d-ae4b-2179077eab30 ] Request (InstanceActionsNegativeTestJSON:test_get_instance_action_invalid_request): 404 GET http://10.180.1.21/compute/v2.1/servers/88d67405-b8c6-484a-b178-68a8babb3708/os-instance-actions/999 0.322s
2025-03-06 03:51:25.612 68597 WARNING tempest.lib.common.ssh [-] Failed to establish authenticated ssh connection to cirros@10.180.180.198 ([Errno None] Unable to connect to port 22 on 10.180.180.198). Number attempts: 8. Retry after 9 seconds.: paramiko.ssh_exception.NoValidConnectionsError: [Errno None] Unable to connect to port 22 on 10.180.180.198
2025-03-06 03:51:25.612 68611 WARNING tempest.lib.common.ssh [-] Failed to establish authenticated ssh connection to cirros@10.180.180.144 ([Errno None] Unable to connect to port 22 on 10.180.180.144). Number attempts: 4. Retry after 5 seconds.: paramiko.ssh_exception.NoValidConnectionsError: [Errno None] Unable to connect to port 22 on 10.180.180.144
2025-03-06 03:51:25.635 68577 INFO tempest.lib.common.rest_client [req-028db4ad-77a0-497c-8b83-08be71279fef req-028db4ad-77a0-497c-8b83-08be71279fef ] Request (ServersTestFqdnHostnames:setUpClass): 201 POST http://10.180.1.21:9696/networking/v2.0/networks 0.237s
2025-03-06 03:51:25.648 68607 INFO tempest.lib.common.rest_client [req-e04fb7c3-36b8-4df6-b5fe-ee670878971c req-e04fb7c3-36b8-4df6-b5fe-ee670878971c ] Request (ServersTestJSON:test_create_server_with_ipv6_addr_only): 200 GET http://10.180.1.21/compute/v2.1/servers/5ed44950-8e9b-4f42-9611-d5bff01dc905 0.356s
2025-03-06 03:51:25.654 68571 INFO tempest.lib.common.rest_client [req-011c7540-1a9c-41df-a235-4bb1e1e91df5 req-011c7540-1a9c-41df-a235-4bb1e1e91df5 ] Request (SecurityGroupsTestJSON:test_list_security_groups_by_server): 200 GET http://10.180.1.21/compute/v2.1/servers/f2af60e6-496c-4edb-9e99-4b45fa94bfeb 0.334s
2025-03-06 03:51:25.701 68555 INFO tempest.lib.common.rest_client [req-9f4c26a4-ad52-46e9-858e-4209c81d7d82 req-9f4c26a4-ad52-46e9-858e-4209c81d7d82 ] Request (ServerActionsTestOtherA:setUpClass): 200 GET http://10.180.1.21/compute/v2.1/servers/dd59cab5-3f9a-42cc-93f1-75cea940acdd 0.345s
2025-03-06 03:51:25.707 68606 INFO tempest.lib.common.rest_client [req-6f17da83-2c62-4330-beee-62efc318093f req-6f17da83-2c62-4330-beee-62efc318093f ] Request (FloatingIPsAssociationTestJSON:test_associate_already_associated_floating_ip): 200 GET http://10.180.1.21/compute/v2.1/servers/86528c8b-b51e-480d-a7bf-013d990d51ca 0.326s
2025-03-06 03:51:25.730 68551 INFO tempest.lib.common.rest_client [req-182e6bf0-8ff1-454e-81a4-b907af379e8e req-182e6bf0-8ff1-454e-81a4-b907af379e8e ] Request (ImagesOneServerTestJSON:test_create_delete_image): 200 GET http://10.180.1.21/compute/v2.1/images/ad54b4da-5373-4eb1-bcc7-b5685fe04812 0.337s
2025-03-06 03:51:25.753 68591 INFO tempest.lib.common.rest_client [req-81eb8712-2055-409e-b1c9-7bf0d3e0aeb0 req-81eb8712-2055-409e-b1c9-7bf0d3e0aeb0 ] Request (AttachInterfacesV270Test:test_create_get_list_interfaces): 200 GET http://10.180.1.21/compute/v2.1/servers/c8fd5539-8add-45fe-a0ac-8767bf8a330e 0.303s
2025-03-06 03:51:25.761 68583 INFO tempest.lib.common.rest_client [req-ff79a090-2e6f-43af-9536-6ed94828b5f2 req-ff79a090-2e6f-43af-9536-6ed94828b5f2 ] Request (InstanceActionsNegativeTestJSON:test_list_instance_actions_non_existent_server): 404 GET http://10.180.1.21/compute/v2.1/servers/f812ba3c-02c1-45c2-9123-d5abf8ef3c86/os-instance-actions 0.161s
2025-03-06 03:51:25.838 68573 INFO tempest.lib.common.rest_client [req-2ccb8d79-b7aa-4f24-a28b-95f184f32808 req-2ccb8d79-b7aa-4f24-a28b-95f184f32808 ] Request (MigrationsAdminTest:test_list_migrations_in_flavor_resize_situation): 200 GET http://10.180.1.21/compute/v2.1/servers/2f797cb5-19d8-4b4d-a78d-ace0a3d1f37f 0.340s
2025-03-06 03:51:25.846 68573 INFO tempest.common.waiters [-] State transition "VERIFY_RESIZE/None" ==> "ACTIVE/None" after 39 second wait
2025-03-06 03:51:25.899 68577 INFO tempest.lib.common.rest_client [req-d224e8bc-261f-4b03-abc0-0c7991f02544 req-d224e8bc-261f-4b03-abc0-0c7991f02544 ] Request (ServersTestFqdnHostnames:setUpClass): 201 POST http://10.180.1.21:9696/networking/v2.0/subnets 0.264s
2025-03-06 03:51:25.910 68551 INFO tempest.lib.common.rest_client [req-a93fab60-083a-43cc-9aa2-01806f4f64a3 req-a93fab60-083a-43cc-9aa2-01806f4f64a3 ] Request (ImagesOneServerTestJSON:test_create_delete_image): 200 GET http://10.180.1.21/compute/v2.1/servers/769956c6-7824-41db-9779-fc1b5f53dd94 0.177s
2025-03-06 03:51:25.947 68583 INFO tempest.lib.common.rest_client [req-d69c1eeb-f795-4492-a59a-5a81ef525645 req-d69c1eeb-f795-4492-a59a-5a81ef525645 ] Request (InstanceActionsNegativeTestJSON:tearDownClass): 204 DELETE http://10.180.1.21/compute/v2.1/servers/88d67405-b8c6-484a-b178-68a8babb3708 0.184s
2025-03-06 03:51:26.029 68573 INFO tempest.lib.common.rest_client [req-c524760b-e278-4e66-b3da-81d442ab96c7 req-c524760b-e278-4e66-b3da-81d442ab96c7 ] Request (MigrationsAdminTest:test_list_migrations_in_flavor_resize_situation): 200 GET http://10.180.1.21/compute/v2.1/servers/2f797cb5-19d8-4b4d-a78d-ace0a3d1f37f 0.182s
2025-03-06 03:51:26.076 68573 INFO tempest.lib.common.rest_client [req-76ddaf46-a1b9-4dfc-8f08-c153e729ff9f req-76ddaf46-a1b9-4dfc-8f08-c153e729ff9f ] Request (MigrationsAdminTest:test_list_migrations_in_flavor_resize_situation): 200 POST http://10.180.1.21/compute/v2.1/os-keypairs 0.039s
2025-03-06 03:51:26.217 68573 INFO tempest.lib.common.rest_client [req-3260151f-99d1-4a6b-b5a1-6589091753e0 req-3260151f-99d1-4a6b-b5a1-6589091753e0 ] Request (MigrationsAdminTest:test_list_migrations_in_flavor_resize_situation): 201 POST http://10.180.1.21:9696/networking/v2.0/security-groups 0.138s
2025-03-06 03:51:26.350 68583 INFO tempest.lib.common.rest_client [req-09bc7815-3eb7-45d1-a6a7-aeb7ca5825c9 req-09bc7815-3eb7-45d1-a6a7-aeb7ca5825c9 ] Request (InstanceActionsNegativeTestJSON:tearDownClass): 200 GET http://10.180.1.21/compute/v2.1/servers/88d67405-b8c6-484a-b178-68a8babb3708 0.403s
2025-03-06 03:51:26.365 68575 INFO tempest.lib.common.rest_client [req-e3edfa2a-484f-41c7-baa8-7e236cb92f56 req-e3edfa2a-484f-41c7-baa8-7e236cb92f56 ] Request (InstanceActionsTestJSON:test_list_instance_actions): 200 GET http://10.180.1.21/compute/v2.1/servers/0f7d80d2-5c34-42f7-a14a-97f9625675a8 0.255s
2025-03-06 03:51:26.384 68573 INFO tempest.lib.common.rest_client [req-bad17849-a94e-4e76-908e-1d7e43c655b2 req-bad17849-a94e-4e76-908e-1d7e43c655b2 ] Request (MigrationsAdminTest:test_list_migrations_in_flavor_resize_situation): 201 POST http://10.180.1.21:9696/networking/v2.0/security-group-rules 0.166s
2025-03-06 03:51:26.446 68582 INFO tempest.lib.common.rest_client [req-5d32b61d-9d9e-4b4a-b56f-d1f78593644a req-5d32b61d-9d9e-4b4a-b56f-d1f78593644a ] Request (ImagesOneServerNegativeTestJSON:_run_cleanups): 200 GET http://10.180.1.21/compute/v2.1/servers/dcd8cca2-b62c-44a6-9e77-f336d2d39c09 0.269s
2025-03-06 03:51:26.466 68561 INFO tempest.lib.common.rest_client [req-77108e9a-17fa-43c2-a680-71ab6d168810 req-77108e9a-17fa-43c2-a680-71ab6d168810 ] Request (ServerDiagnosticsNegativeTest:test_get_server_diagnostics_by_non_admin): 200 GET http://10.180.1.21/compute/v2.1/servers/636b6b36-3ab5-4851-a232-d27b54895595 0.350s
2025-03-06 03:51:26.475 68561 INFO tempest.common.waiters [-] State transition "BUILD/spawning" ==> "ACTIVE/None" after 61 second wait
2025-03-06 03:51:26.497 68569 INFO tempest.lib.common.rest_client [req-6db8fb2d-c969-44ee-8cdb-79fb2bce0a4a req-6db8fb2d-c969-44ee-8cdb-79fb2bce0a4a ] Request (ServersAdminNegativeTestJSON:setUpClass): 200 GET http://10.180.1.21/compute/v2.1/servers/f7a1bfc5-7141-4764-b3fe-08d06020209a 0.318s
2025-03-06 03:51:26.507 68573 INFO tempest.lib.common.rest_client [req-137d31c0-d9c7-4f91-bd3e-2c99f998fd2a req-137d31c0-d9c7-4f91-bd3e-2c99f998fd2a ] Request (MigrationsAdminTest:test_list_migrations_in_flavor_resize_situation): 201 POST http://10.180.1.21:9696/networking/v2.0/security-group-rules 0.122s
2025-03-06 03:51:26.516 68579 INFO tempest.lib.common.rest_client [req-908f04e7-0c49-4761-ae72-90d8a0ef3ae1 req-908f04e7-0c49-4761-ae72-90d8a0ef3ae1 ] Request (ServersAdminTestJSON:test_create_server_with_scheduling_hint): 200 GET http://10.180.1.21/compute/v2.1/servers/abdf9de2-8563-4a31-91a3-0c18b0387533 0.253s
2025-03-06 03:51:26.568 68601 INFO tempest.lib.common.rest_client [req-259ac6a5-5dfb-4b24-8594-bbda9559cf0e req-259ac6a5-5dfb-4b24-8594-bbda9559cf0e ] Request (ServerRescueNegativeTestJSON:test_rescued_vm_detach_volume): 200 GET http://10.180.1.21/compute/v2.1/servers/13972b73-8bae-4a2a-a987-b6177381e7c8 0.257s
2025-03-06 03:51:26.579 68613 INFO tempest.lib.common.rest_client [req-714da69b-86ed-4e23-907d-79b3bc1600ea req-714da69b-86ed-4e23-907d-79b3bc1600ea ] Request (ServersTestManualDisk:setUpClass): 200 GET http://10.180.1.21/compute/v2.1/servers/9203ac1f-3d3f-4d1b-959b-5f15b09fd5bb 0.257s
2025-03-06 03:51:26.620 68589 INFO tempest.lib.common.rest_client [req-34295821-8484-4b08-850b-2f73ac3641e0 req-34295821-8484-4b08-850b-2f73ac3641e0 ] Request (DeleteServersAdminTestJSON:test_delete_server_while_in_error_state): 200 GET http://10.180.1.21/compute/v2.1/servers/b056fbf4-4873-4ec9-905a-ad973c8fb27a 0.253s
2025-03-06 03:51:26.641 68585 INFO tempest.lib.common.rest_client [req-af35d7dc-e812-4297-b513-1019a63a315d req-af35d7dc-e812-4297-b513-1019a63a315d ] Request (ServersTestMultiNic:test_verify_duplicate_network_nics): 200 GET http://10.180.1.21/compute/v2.1/servers/080ab438-269b-427a-9ee9-71c59d9c2a91 0.268s
2025-03-06 03:51:26.666 68561 INFO tempest.lib.common.rest_client [req-015bc33c-ec2f-43dc-ae70-649d464ddb4a req-015bc33c-ec2f-43dc-ae70-649d464ddb4a ] Request (ServerDiagnosticsNegativeTest:test_get_server_diagnostics_by_non_admin): 403 GET http://10.180.1.21/compute/v2.1/servers/636b6b36-3ab5-4851-a232-d27b54895595/diagnostics 0.191s
2025-03-06 03:51:26.680 68559 INFO tempest.lib.common.rest_client [req-466cfd98-dbc7-4c45-a623-5e8b532065cf req-466cfd98-dbc7-4c45-a623-5e8b532065cf ] Request (FloatingIPsAssociationNegativeTestJSON:setUpClass): 200 GET http://10.180.1.21/compute/v2.1/servers/6c34d7ce-7bf1-4f88-812f-adc1eb5353dd 0.253s
2025-03-06 03:51:26.688 68559 INFO tempest.common.waiters [-] State transition "BUILD/scheduling" ==> "BUILD/None" after 35 second wait
2025-03-06 03:51:26.726 68563 INFO tempest.lib.common.rest_client [req-49ddfcc0-406d-4ff0-89c0-213cc072ef5b req-49ddfcc0-406d-4ff0-89c0-213cc072ef5b ] Request (ImagesTestJSON:test_create_image_from_suspended_server): 200 GET http://10.180.1.21/compute/v2.1/servers/2a88648c-f00d-4d7b-905d-e70c327e248a 0.242s
2025-03-06 03:51:26.796 68553 INFO tempest.lib.common.rest_client [req-2d58f599-a6b2-4500-ae88-d6b622eeac52 req-2d58f599-a6b2-4500-ae88-d6b622eeac52 ] Request (ListServerFiltersTestJSON:tearDownClass): 200 GET http://10.180.1.21/compute/v2.1/servers/a340c66c-74eb-43e5-8e72-54d9c8b07a26 0.259s
2025-03-06 03:51:26.816 68567 INFO tempest.lib.common.rest_client [req-e828d03b-2a4f-4798-9ac2-b9a50213a07a req-e828d03b-2a4f-4798-9ac2-b9a50213a07a ] Request (ServersTestBootFromVolume:setUpClass): 200 GET http://10.180.1.21/compute/v2.1/servers/3c9b701e-6461-45e3-8654-3291c5a487b9 0.312s
2025-03-06 03:51:26.870 68587 INFO tempest.lib.common.rest_client [req-30c6af69-2b93-4f2e-b03a-c54d82962d4f req-30c6af69-2b93-4f2e-b03a-c54d82962d4f ] Request (ServerGroupTestJSON:_run_cleanups): 200 GET http://10.180.1.21/compute/v2.1/servers/6ae76b0f-7df2-4652-b4c3-92c16ed487a1 0.314s
2025-03-06 03:51:26.872 68577 INFO tempest.lib.common.rest_client [req-e566ac18-096d-46be-92f9-8516df15a045 req-e566ac18-096d-46be-92f9-8516df15a045 ] Request (ServersTestFqdnHostnames:setUpClass): 201 POST http://10.180.1.21:9696/networking/v2.0/routers 0.972s
2025-03-06 03:51:26.901 68595 INFO tempest.lib.common.rest_client [req-3c50028d-f2bb-4be9-a11f-8d6ed86b544b req-3c50028d-f2bb-4be9-a11f-8d6ed86b544b ] Request (ServerPasswordTestJSON:setUpClass): 200 GET http://10.180.1.21/compute/v2.1/servers/a5468df9-c54d-4014-8002-ef82f111a7a4 0.323s
2025-03-06 03:51:26.939 68565 INFO tempest.lib.common.rest_client [req-72ee6ca6-7b02-4d58-aa3a-db28dcae3e85 req-72ee6ca6-7b02-4d58-aa3a-db28dcae3e85 ] Request (ServersTestJSON:setUpClass): 200 GET http://10.180.1.21/compute/v2.1/servers/876d428d-d5c9-422a-aba2-2d6c61b092db 0.335s
2025-03-06 03:51:26.968 68607 INFO tempest.lib.common.rest_client [req-3544dabd-dcd8-4550-863d-98e055753c47 req-3544dabd-dcd8-4550-863d-98e055753c47 ] Request (ServersTestJSON:test_create_server_with_ipv6_addr_only): 200 GET http://10.180.1.21/compute/v2.1/servers/5ed44950-8e9b-4f42-9611-d5bff01dc905 0.311s
2025-03-06 03:51:27.006 68571 INFO tempest.lib.common.rest_client [req-bb1787d0-0790-465f-9f4c-e51cb7bacbb5 req-bb1787d0-0790-465f-9f4c-e51cb7bacbb5 ] Request (SecurityGroupsTestJSON:test_list_security_groups_by_server): 200 GET http://10.180.1.21/compute/v2.1/servers/f2af60e6-496c-4edb-9e99-4b45fa94bfeb 0.343s
2025-03-06 03:51:27.060 68561 INFO tempest.lib.common.rest_client [req-14ced1ee-c807-4afd-9d52-609724d9f2f9 req-14ced1ee-c807-4afd-9d52-609724d9f2f9 ] Request (ServerDiagnosticsNegativeTest:tearDownClass): 204 DELETE http://10.180.1.21/compute/v2.1/servers/636b6b36-3ab5-4851-a232-d27b54895595 0.391s
2025-03-06 03:51:27.074 68555 INFO tempest.lib.common.rest_client [req-f600bfab-5636-4ebd-8b42-1a493928c96a req-f600bfab-5636-4ebd-8b42-1a493928c96a ] Request (ServerActionsTestOtherA:setUpClass): 200 GET http://10.180.1.21/compute/v2.1/servers/dd59cab5-3f9a-42cc-93f1-75cea940acdd 0.366s
2025-03-06 03:51:27.132 68606 INFO tempest.lib.common.rest_client [req-6f38299d-7fa8-4296-a64c-174c47915954 req-6f38299d-7fa8-4296-a64c-174c47915954 ] Request (FloatingIPsAssociationTestJSON:test_associate_already_associated_floating_ip): 200 GET http://10.180.1.21/compute/v2.1/servers/86528c8b-b51e-480d-a7bf-013d990d51ca 0.414s
2025-03-06 03:51:27.137 68573 INFO tempest.lib.common.rest_client [req-d4d202f1-1100-4d7b-b222-cb778e2a7f01 req-d4d202f1-1100-4d7b-b222-cb778e2a7f01 ] Request (MigrationsAdminTest:test_list_migrations_in_flavor_resize_situation): 201 POST http://10.180.1.21:9696/networking/v2.0/floatingips 0.629s
2025-03-06 03:51:27.143 68606 INFO tempest.common.waiters [-] State transition "BUILD/scheduling" ==> "BUILD/None" after 38 second wait
2025-03-06 03:51:27.152 68591 INFO tempest.lib.common.rest_client [req-e7cc72d1-bae2-461f-b49c-2deccdff9520 req-e7cc72d1-bae2-461f-b49c-2deccdff9520 ] Request (AttachInterfacesV270Test:test_create_get_list_interfaces): 200 GET http://10.180.1.21/compute/v2.1/servers/c8fd5539-8add-45fe-a0ac-8767bf8a330e 0.388s
2025-03-06 03:51:27.269 68561 INFO tempest.lib.common.rest_client [req-35c9e0db-d389-4900-9f38-3e10193aad01 req-35c9e0db-d389-4900-9f38-3e10193aad01 ] Request (ServerDiagnosticsNegativeTest:tearDownClass): 200 GET http://10.180.1.21/compute/v2.1/servers/636b6b36-3ab5-4851-a232-d27b54895595 0.208s
2025-03-06 03:51:27.269 68551 INFO tempest.lib.common.rest_client [req-b6e46794-a702-4c04-b002-61700e2738cb req-b6e46794-a702-4c04-b002-61700e2738cb ] Request (ImagesOneServerTestJSON:test_create_delete_image): 200 GET http://10.180.1.21/compute/v2.1/servers/769956c6-7824-41db-9779-fc1b5f53dd94 0.352s
2025-03-06 03:51:27.280 68551 INFO tempest.common.waiters [-] State transition "ACTIVE/image_uploading" ==> "ACTIVE/None" after 2 second wait
2025-03-06 03:51:27.281 68573 INFO tempest.lib.common.rest_client [req-616817b5-bdde-4660-a070-f22d4531e685 req-616817b5-bdde-4660-a070-f22d4531e685 ] Request (MigrationsAdminTest:test_list_migrations_in_flavor_resize_situation): 200 GET http://10.180.1.21/compute/v2.1/os-migrations 0.144s
2025-03-06 03:51:27.299 68573 INFO tempest.lib.common.rest_client [req-d8816c1e-511d-418e-84d4-4826f425a637 req-d8816c1e-511d-418e-84d4-4826f425a637 ] Request (MigrationsAdminTest:test_resize_server_revert_deleted_flavor): 200 GET http://10.180.1.21/compute/v2.1/flavors/42 0.014s
2025-03-06 03:51:27.317 68551 INFO tempest.lib.common.rest_client [req-afa45d1f-ea2d-4ded-a067-c743aeac30d2 req-afa45d1f-ea2d-4ded-a067-c743aeac30d2 ] Request (ImagesOneServerTestJSON:test_create_delete_image): 200 GET http://10.180.1.21/compute/v2.1/images/da133fda-e1e2-42a1-a7e0-b8b1426a8490 0.036s
2025-03-06 03:51:27.320 68573 INFO tempest.lib.common.rest_client [req-a8d2e7a1-7acd-411a-a831-d9c1b3b42165 req-a8d2e7a1-7acd-411a-a831-d9c1b3b42165 ] Request (MigrationsAdminTest:test_resize_server_revert_deleted_flavor): 200 POST http://10.180.1.21/compute/v2.1/flavors 0.019s
2025-03-06 03:51:27.335 68551 INFO tempest.lib.common.rest_client [req-386a23c4-4ff7-486f-b5c8-0319943878fe req-386a23c4-4ff7-486f-b5c8-0319943878fe ] Request (ImagesOneServerTestJSON:test_create_delete_image): 200 GET http://10.180.1.21/compute/v2.1/flavors/42 0.014s
2025-03-06 03:51:27.335 68573 INFO tempest.lib.common.rest_client [req-b6ca6900-57a9-41d1-9477-c194a4e53dd8 req-b6ca6900-57a9-41d1-9477-c194a4e53dd8 ] Request (MigrationsAdminTest:test_resize_server_revert_deleted_flavor): 200 GET http://10.180.1.21/compute/v2.1/flavors/42/os-extra_specs 0.012s
2025-03-06 03:51:27.360 68573 INFO tempest.lib.common.rest_client [req-7b43ce15-8781-4424-abe2-fffc9414c254 req-7b43ce15-8781-4424-abe2-fffc9414c254 ] Request (MigrationsAdminTest:test_resize_server_revert_deleted_flavor): 200 POST http://10.180.1.21/compute/v2.1/flavors/508f22af-e037-4878-8980-ab644bbabaa4/os-extra_specs 0.024s
2025-03-06 03:51:27.428 68573 INFO tempest.lib.common.rest_client [req-c42805fc-179d-4a8f-bc1c-5e6b5b6a8e38 req-c42805fc-179d-4a8f-bc1c-5e6b5b6a8e38 ] Request (MigrationsAdminTest:test_resize_server_revert_deleted_flavor): 201 POST http://10.180.1.21/identity/v3/auth/tokens 0.062s
2025-03-06 03:51:27.428 68573 INFO tempest.lib.common.fixed_network [-] (MigrationsAdminTest:test_resize_server_revert_deleted_flavor) Found network None available for tenant
2025-03-06 03:51:27.463 68551 INFO tempest.lib.common.rest_client [req-29134867-108e-4f20-b972-85edbcd3c284 req-29134867-108e-4f20-b972-85edbcd3c284 ] Request (ImagesOneServerTestJSON:test_create_delete_image): 204 DELETE http://10.180.1.21/compute/v2.1/images/ad54b4da-5373-4eb1-bcc7-b5685fe04812 0.126s
2025-03-06 03:51:27.465 68583 INFO tempest.lib.common.rest_client [req-ca41eca6-8fb9-4a64-9d38-87f859e765d6 req-ca41eca6-8fb9-4a64-9d38-87f859e765d6 ] Request (InstanceActionsNegativeTestJSON:tearDownClass): 200 GET http://10.180.1.21/compute/v2.1/servers/88d67405-b8c6-484a-b178-68a8babb3708 0.105s
2025-03-06 03:51:27.599 68575 INFO tempest.lib.common.rest_client [req-49884fac-c411-4010-bf57-ea40567a85cd req-49884fac-c411-4010-bf57-ea40567a85cd ] Request (InstanceActionsTestJSON:test_list_instance_actions): 200 GET http://10.180.1.21/compute/v2.1/servers/0f7d80d2-5c34-42f7-a14a-97f9625675a8 0.221s
2025-03-06 03:51:27.606 68575 INFO tempest.common.waiters [-] State transition "HARD_REBOOT/rebooting_hard" ==> "HARD_REBOOT/reboot_started_hard" after 4 second wait
2025-03-06 03:51:27.653 68582 INFO tempest.lib.common.rest_client [req-9235b794-5377-4f34-be14-8fc5e81f2fca req-9235b794-5377-4f34-be14-8fc5e81f2fca ] Request (ImagesOneServerNegativeTestJSON:_run_cleanups): 200 GET http://10.180.1.21/compute/v2.1/servers/dcd8cca2-b62c-44a6-9e77-f336d2d39c09 0.199s
2025-03-06 03:51:27.675 68577 INFO tempest.lib.common.rest_client [req-5a6c0297-ec53-4d34-b79a-664fb87a0f81 req-5a6c0297-ec53-4d34-b79a-664fb87a0f81 ] Request (ServersTestFqdnHostnames:setUpClass): 200 PUT http://10.180.1.21:9696/networking/v2.0/routers/7b0a335a-2309-48b7-a9fb-b0c5cc880999/add_router_interface 0.801s
2025-03-06 03:51:27.675 68577 INFO tempest.lib.common.dynamic_creds [-] Created isolated network resources for: credentials: Credentials: {'domain_id': 'default', 'domain_name': 'Default', 'username': 'tempest-ServersTestFqdnHostnames-1308639321-project-member', 'project_domain_id': 'default', 'project_domain_name': 'Default', 'project_id': 'ca8b913b2dc64be09fd2419ef97f0694', 'project_name': 'tempest-ServersTestFqdnHostnames-1308639321', 'tenant_id': 'ca8b913b2dc64be09fd2419ef97f0694', 'tenant_name': 'tempest-ServersTestFqdnHostnames-1308639321', 'user_domain_id': 'default', 'user_domain_name': 'Default', 'user_id': '9f038423be614371a095101a860e15c8', 'system': None}, Network: {'id': 'cd33f971-61f7-45a7-a4be-c2314a8db06c', 'name': 'tempest-ServersTestFqdnHostnames-2045724500-network', 'tenant_id': 'ca8b913b2dc64be09fd2419ef97f0694', 'admin_state_up': True, 'mtu': 8950, 'status': 'ACTIVE', 'subnets': [], 'shared': False, 'project_id': 'ca8b913b2dc64be09fd2419ef97f0694', 'port_security_enabled': True, 'router:external': False, 'provider:network_type': 'vlan', 'provider:physical_network': 'default', 'provider:segmentation_id': 834, 'availability_zone_hints': [], 'availability_zones': [], 'ipv4_address_scope': None, 'ipv6_address_scope': None, 'description': '', 'tags': [], 'created_at': '2025-03-06T03:51:25Z', 'updated_at': '2025-03-06T03:51:25Z', 'revision_number': 1}, Subnet: {'id': 'c7e1e7f9-d835-4a3e-b5d0-0db0ce60c160', 'name': 'tempest-ServersTestFqdnHostnames-2045724500-subnet', 'tenant_id': 'ca8b913b2dc64be09fd2419ef97f0694', 'network_id': 'cd33f971-61f7-45a7-a4be-c2314a8db06c', 'ip_version': 4, 'subnetpool_id': None, 'enable_dhcp': True, 'ipv6_ra_mode': None, 'ipv6_address_mode': None, 'gateway_ip': '192.168.128.1', 'cidr': '192.168.128.0/28', 'allocation_pools': [{'start': '192.168.128.2', 'end': '192.168.128.14'}], 'host_routes': [], 'dns_nameservers': [], 'description': '', 'router:external': False, 'service_types': [], 'tags': [], 'created_at': '2025-03-06T03:51:25Z', 'updated_at': '2025-03-06T03:51:25Z', 'revision_number': 0, 'project_id': 'ca8b913b2dc64be09fd2419ef97f0694'}, Router: {'id': '7b0a335a-2309-48b7-a9fb-b0c5cc880999', 'name': 'tempest-ServersTestFqdnHostnames-2045724500-router', 'tenant_id': 'ca8b913b2dc64be09fd2419ef97f0694', 'admin_state_up': True, 'status': 'ACTIVE', 'external_gateway_info': {'network_id': 'c381d054-8064-4145-bd05-3b44b333a03d', 'external_fixed_ips': [{'subnet_id': '59766f6e-7b02-459f-948a-73fc77ef4101', 'ip_address': '10.180.180.213'}], 'enable_snat': True}, 'description': '', 'availability_zones': [], 'distributed': False, 'ha': False, 'availability_zone_hints': [], 'routes': [], 'flavor_id': None, 'tags': [], 'created_at': '2025-03-06T03:51:25Z', 'updated_at': '2025-03-06T03:51:26Z', 'revision_number': 2, 'project_id': 'ca8b913b2dc64be09fd2419ef97f0694'}
2025-03-06 03:51:27.679 68551 INFO tempest.lib.common.rest_client [req-63d1c070-926a-4629-96f5-94df522a3499 req-63d1c070-926a-4629-96f5-94df522a3499 ] Request (ImagesOneServerTestJSON:test_create_delete_image): 404 GET http://10.180.1.21/compute/v2.1/images/ad54b4da-5373-4eb1-bcc7-b5685fe04812 0.216s
2025-03-06 03:51:27.733 68569 INFO tempest.lib.common.rest_client [req-2dacd38a-80f7-4f74-b31e-71f68a1cdff0 req-2dacd38a-80f7-4f74-b31e-71f68a1cdff0 ] Request (ServersAdminNegativeTestJSON:setUpClass): 200 GET http://10.180.1.21/compute/v2.1/servers/f7a1bfc5-7141-4764-b3fe-08d06020209a 0.228s
2025-03-06 03:51:27.744 68573 INFO tempest.lib.common.rest_client [req-56db3ca0-ca9c-429f-b0f5-886a26d5070d req-56db3ca0-ca9c-429f-b0f5-886a26d5070d ] Request (MigrationsAdminTest:test_resize_server_revert_deleted_flavor): 202 POST http://10.180.1.21/compute/v2.1/servers 0.315s
2025-03-06 03:51:27.756 68577 INFO tempest.lib.common.rest_client [req-1a0223ae-77e9-4e4b-b2e8-db37fe90a65a req-1a0223ae-77e9-4e4b-b2e8-db37fe90a65a ] Request (ServersTestFqdnHostnames:setUpClass): 201 POST http://10.180.1.21/identity/v3/auth/tokens 0.074s
2025-03-06 03:51:27.788 68579 INFO tempest.lib.common.rest_client [req-f733393b-e936-447e-996b-355f6d4c50b7 req-f733393b-e936-447e-996b-355f6d4c50b7 ] Request (ServersAdminTestJSON:test_create_server_with_scheduling_hint): 200 GET http://10.180.1.21/compute/v2.1/servers/abdf9de2-8563-4a31-91a3-0c18b0387533 0.262s
2025-03-06 03:51:27.802 68601 INFO tempest.lib.common.rest_client [req-871d3b9d-f06f-430c-be83-9725c87676fb req-871d3b9d-f06f-430c-be83-9725c87676fb ] Request (ServerRescueNegativeTestJSON:test_rescued_vm_detach_volume): 200 GET http://10.180.1.21/compute/v2.1/servers/13972b73-8bae-4a2a-a987-b6177381e7c8 0.224s
2025-03-06 03:51:27.866 68613 INFO tempest.lib.common.rest_client [req-129d7482-0772-47d3-bcbe-e82bb54e1fa8 req-129d7482-0772-47d3-bcbe-e82bb54e1fa8 ] Request (ServersTestManualDisk:setUpClass): 200 GET http://10.180.1.21/compute/v2.1/servers/9203ac1f-3d3f-4d1b-959b-5f15b09fd5bb 0.278s
2025-03-06 03:51:27.870 68589 INFO tempest.lib.common.rest_client [req-79c6a78b-9f41-40fd-957a-d8e807a12d18 req-79c6a78b-9f41-40fd-957a-d8e807a12d18 ] Request (DeleteServersAdminTestJSON:test_delete_server_while_in_error_state): 200 GET http://10.180.1.21/compute/v2.1/servers/b056fbf4-4873-4ec9-905a-ad973c8fb27a 0.241s
2025-03-06 03:51:27.930 68585 INFO tempest.lib.common.rest_client [req-490cab69-cd5d-467f-bee4-ae9acbd8cbaf req-490cab69-cd5d-467f-bee4-ae9acbd8cbaf ] Request (ServersTestMultiNic:test_verify_duplicate_network_nics): 200 GET http://10.180.1.21/compute/v2.1/servers/080ab438-269b-427a-9ee9-71c59d9c2a91 0.277s
2025-03-06 03:51:27.977 68559 INFO tempest.lib.common.rest_client [req-deaff866-78cb-4643-9b2e-5dcfacf5771d req-deaff866-78cb-4643-9b2e-5dcfacf5771d ] Request (FloatingIPsAssociationNegativeTestJSON:setUpClass): 200 GET http://10.180.1.21/compute/v2.1/servers/6c34d7ce-7bf1-4f88-812f-adc1eb5353dd 0.287s
2025-03-06 03:51:28.027 68563 INFO tempest.lib.common.rest_client [req-a8db6f04-4673-4eb5-84a2-41ac02c39817 req-a8db6f04-4673-4eb5-84a2-41ac02c39817 ] Request (ImagesTestJSON:test_create_image_from_suspended_server): 200 GET http://10.180.1.21/compute/v2.1/servers/2a88648c-f00d-4d7b-905d-e70c327e248a 0.292s
2025-03-06 03:51:28.072 68573 INFO tempest.lib.common.rest_client [req-68733512-9d0e-4c8a-a98d-82800ad7ff4a req-68733512-9d0e-4c8a-a98d-82800ad7ff4a ] Request (MigrationsAdminTest:test_resize_server_revert_deleted_flavor): 200 GET http://10.180.1.21/compute/v2.1/servers/72467d49-6fa8-42db-871e-4e50e77eedf7 0.326s
2025-03-06 03:51:28.137 68577 INFO tempest.lib.common.rest_client [req-a97488bb-1553-4905-8f82-f942cd1db37a req-a97488bb-1553-4905-8f82-f942cd1db37a ] Request (ServersTestFqdnHostnames:test_create_server_with_fqdn_name): 200 POST http://10.180.1.21/compute/v2.1/os-keypairs 0.379s
2025-03-06 03:51:28.201 68553 INFO tempest.lib.common.rest_client [req-c7356a6c-81ba-4717-ab00-069a44732c0a req-c7356a6c-81ba-4717-ab00-069a44732c0a ] Request (ListServerFiltersTestJSON:tearDownClass): 200 GET http://10.180.1.21/compute/v2.1/servers/a340c66c-74eb-43e5-8e72-54d9c8b07a26 0.395s
2025-03-06 03:51:28.346 68551 INFO tempest.lib.common.rest_client [req-7ca6f2dd-430f-4cff-a631-ea2054666058 req-7ca6f2dd-430f-4cff-a631-ea2054666058 ] Request (ImagesOneServerTestJSON:test_create_image_specify_multibyte_character_image_name): 202 POST http://10.180.1.21/compute/v2.1/servers/769956c6-7824-41db-9779-fc1b5f53dd94/action 0.666s
2025-03-06 03:51:28.359 68567 INFO tempest.lib.common.rest_client [req-61389d50-c365-4438-b328-893b44d7174f req-61389d50-c365-4438-b328-893b44d7174f ] Request (ServersTestBootFromVolume:setUpClass): 200 GET http://10.180.1.21/compute/v2.1/servers/3c9b701e-6461-45e3-8654-3291c5a487b9 0.533s
2025-03-06 03:51:28.429 68595 INFO tempest.lib.common.rest_client [req-7e841f02-f2a0-4d99-9e92-7e0de4d51417 req-7e841f02-f2a0-4d99-9e92-7e0de4d51417 ] Request (ServerPasswordTestJSON:setUpClass): 200 GET http://10.180.1.21/compute/v2.1/servers/a5468df9-c54d-4014-8002-ef82f111a7a4 0.516s
2025-03-06 03:51:28.438 68577 INFO tempest.lib.common.rest_client [req-61d00685-1ffb-4849-8e7e-7c28c089a18a req-61d00685-1ffb-4849-8e7e-7c28c089a18a ] Request (ServersTestFqdnHostnames:test_create_server_with_fqdn_name): 201 POST http://10.180.1.21:9696/networking/v2.0/security-groups 0.299s
2025-03-06 03:51:28.441 68587 INFO tempest.lib.common.rest_client [req-b44580f3-0d08-4311-be22-fc3fb1808216 req-b44580f3-0d08-4311-be22-fc3fb1808216 ] Request (ServerGroupTestJSON:_run_cleanups): 200 GET http://10.180.1.21/compute/v2.1/servers/6ae76b0f-7df2-4652-b4c3-92c16ed487a1 0.559s
2025-03-06 03:51:28.488 68565 INFO tempest.lib.common.rest_client [req-6f75a36b-5b8e-422e-8d6f-623b93468abe req-6f75a36b-5b8e-422e-8d6f-623b93468abe ] Request (ServersTestJSON:setUpClass): 200 GET http://10.180.1.21/compute/v2.1/servers/876d428d-d5c9-422a-aba2-2d6c61b092db 0.540s
2025-03-06 03:51:28.496 68607 INFO tempest.lib.common.rest_client [req-1c0693b1-d422-488d-a202-ac1512049d1d req-1c0693b1-d422-488d-a202-ac1512049d1d ] Request (ServersTestJSON:test_create_server_with_ipv6_addr_only): 200 GET http://10.180.1.21/compute/v2.1/servers/5ed44950-8e9b-4f42-9611-d5bff01dc905 0.515s
2025-03-06 03:51:28.545 68571 INFO tempest.lib.common.rest_client [req-cc20687b-5aff-4364-822d-9a5bbcbb6ce1 req-cc20687b-5aff-4364-822d-9a5bbcbb6ce1 ] Request (SecurityGroupsTestJSON:test_list_security_groups_by_server): 200 GET http://10.180.1.21/compute/v2.1/servers/f2af60e6-496c-4edb-9e99-4b45fa94bfeb 0.525s
2025-03-06 03:51:28.566 68555 INFO tempest.lib.common.rest_client [req-0bd7825c-d2ec-4255-8049-718ec996e37a req-0bd7825c-d2ec-4255-8049-718ec996e37a ] Request (ServerActionsTestOtherA:setUpClass): 200 GET http://10.180.1.21/compute/v2.1/servers/dd59cab5-3f9a-42cc-93f1-75cea940acdd 0.481s
2025-03-06 03:51:28.593 68577 INFO tempest.lib.common.rest_client [req-f663bd8a-4484-4bd6-8d15-40f3c6295148 req-f663bd8a-4484-4bd6-8d15-40f3c6295148 ] Request (ServersTestFqdnHostnames:test_create_server_with_fqdn_name): 201 POST http://10.180.1.21:9696/networking/v2.0/security-group-rules 0.154s
2025-03-06 03:51:28.605 68606 INFO tempest.lib.common.rest_client [req-e2241692-ec0d-42c1-89ec-ca10f33c49f3 req-e2241692-ec0d-42c1-89ec-ca10f33c49f3 ] Request (FloatingIPsAssociationTestJSON:test_associate_already_associated_floating_ip): 200 GET http://10.180.1.21/compute/v2.1/servers/86528c8b-b51e-480d-a7bf-013d990d51ca 0.462s
2025-03-06 03:51:28.632 68591 INFO tempest.lib.common.rest_client [req-cfd59534-64ff-4187-84ce-920214a6b4fe req-cfd59534-64ff-4187-84ce-920214a6b4fe ] Request (AttachInterfacesV270Test:test_create_get_list_interfaces): 200 GET http://10.180.1.21/compute/v2.1/servers/c8fd5539-8add-45fe-a0ac-8767bf8a330e 0.470s
2025-03-06 03:51:28.688 68551 INFO tempest.lib.common.rest_client [req-712b9c0b-7f70-4e4f-b067-e72023f66c52 req-712b9c0b-7f70-4e4f-b067-e72023f66c52 ] Request (ImagesOneServerTestJSON:test_create_image_specify_multibyte_character_image_name): 200 GET http://10.180.1.21/compute/v2.1/images/d029961d-9502-4d1e-9613-6dbc997a01cb 0.340s
2025-03-06 03:51:28.721 68577 INFO tempest.lib.common.rest_client [req-893f3afd-3f7e-45db-a282-7b29f412c577 req-893f3afd-3f7e-45db-a282-7b29f412c577 ] Request (ServersTestFqdnHostnames:test_create_server_with_fqdn_name): 201 POST http://10.180.1.21:9696/networking/v2.0/security-group-rules 0.128s
2025-03-06 03:51:28.775 68583 INFO tempest.lib.common.rest_client [req-18bdfa97-f983-403c-b4de-25e2826ff9e7 req-18bdfa97-f983-403c-b4de-25e2826ff9e7 ] Request (InstanceActionsNegativeTestJSON:tearDownClass): 200 GET http://10.180.1.21/compute/v2.1/servers/88d67405-b8c6-484a-b178-68a8babb3708 0.300s
2025-03-06 03:51:28.785 68561 INFO tempest.lib.common.rest_client [req-dc7a730b-7af4-4408-94e0-e24309baf75f req-dc7a730b-7af4-4408-94e0-e24309baf75f ] Request (ServerDiagnosticsNegativeTest:tearDownClass): 200 GET http://10.180.1.21/compute/v2.1/servers/636b6b36-3ab5-4851-a232-d27b54895595 0.508s
2025-03-06 03:51:28.892 68582 INFO tempest.lib.common.rest_client [req-fe14aeee-7a20-49e2-b4b1-0060bc52cb66 req-fe14aeee-7a20-49e2-b4b1-0060bc52cb66 ] Request (ImagesOneServerNegativeTestJSON:_run_cleanups): 200 GET http://10.180.1.21/compute/v2.1/servers/dcd8cca2-b62c-44a6-9e77-f336d2d39c09 0.231s
2025-03-06 03:51:28.919 68575 INFO tempest.lib.common.rest_client [req-4749519f-c9d2-4c45-9f3c-6841f09c0664 req-4749519f-c9d2-4c45-9f3c-6841f09c0664 ] Request (InstanceActionsTestJSON:test_list_instance_actions): 200 GET http://10.180.1.21/compute/v2.1/servers/0f7d80d2-5c34-42f7-a14a-97f9625675a8 0.313s
2025-03-06 03:51:28.928 68575 INFO tempest.common.waiters [-] State transition "HARD_REBOOT/reboot_started_hard" ==> "ACTIVE/None" after 5 second wait
2025-03-06 03:51:28.958 68569 INFO tempest.lib.common.rest_client [req-8ea7e003-b881-42a0-be06-2d514c0aa2c7 req-8ea7e003-b881-42a0-be06-2d514c0aa2c7 ] Request (ServersAdminNegativeTestJSON:setUpClass): 200 GET http://10.180.1.21/compute/v2.1/servers/f7a1bfc5-7141-4764-b3fe-08d06020209a 0.217s
2025-03-06 03:51:28.979 68579 INFO tempest.lib.common.rest_client [req-c89bc9a2-1a7b-40b2-98d9-3f7c50320aa6 req-c89bc9a2-1a7b-40b2-98d9-3f7c50320aa6 ] Request (ServersAdminTestJSON:test_create_server_with_scheduling_hint): 200 GET http://10.180.1.21/compute/v2.1/servers/abdf9de2-8563-4a31-91a3-0c18b0387533 0.182s
2025-03-06 03:51:29.016 68601 INFO tempest.lib.common.rest_client [req-c32f9a3e-614a-4e63-9948-2da98d426d4e req-c32f9a3e-614a-4e63-9948-2da98d426d4e ] Request (ServerRescueNegativeTestJSON:test_rescued_vm_detach_volume): 200 GET http://10.180.1.21/compute/v2.1/servers/13972b73-8bae-4a2a-a987-b6177381e7c8 0.200s
2025-03-06 03:51:29.034 68613 INFO tempest.lib.common.rest_client [req-25aaa2e8-7200-49b1-96e6-7914da12a01a req-25aaa2e8-7200-49b1-96e6-7914da12a01a ] Request (ServersTestManualDisk:setUpClass): 200 GET http://10.180.1.21/compute/v2.1/servers/9203ac1f-3d3f-4d1b-959b-5f15b09fd5bb 0.159s
2025-03-06 03:51:29.062 68589 INFO tempest.lib.common.rest_client [req-7cbebe5b-4cb8-43fa-a912-ff8cc8c9e6bf req-7cbebe5b-4cb8-43fa-a912-ff8cc8c9e6bf ] Request (DeleteServersAdminTestJSON:test_delete_server_while_in_error_state): 200 GET http://10.180.1.21/compute/v2.1/servers/b056fbf4-4873-4ec9-905a-ad973c8fb27a 0.178s
2025-03-06 03:51:29.067 68575 INFO tempest.lib.common.rest_client [req-9a512fd7-c472-418e-991f-e07b2bd6fe80 req-9a512fd7-c472-418e-991f-e07b2bd6fe80 ] Request (InstanceActionsTestJSON:test_list_instance_actions): 200 GET http://10.180.1.21/compute/v2.1/servers/0f7d80d2-5c34-42f7-a14a-97f9625675a8/os-instance-actions 0.138s
2025-03-06 03:51:29.128 68585 INFO tempest.lib.common.rest_client [req-1cfb42be-9ef9-4434-8e99-af1b9a323f04 req-1cfb42be-9ef9-4434-8e99-af1b9a323f04 ] Request (ServersTestMultiNic:test_verify_duplicate_network_nics): 200 GET http://10.180.1.21/compute/v2.1/servers/080ab438-269b-427a-9ee9-71c59d9c2a91 0.184s
2025-03-06 03:51:29.136 68559 INFO tempest.lib.common.rest_client [req-18dad82f-e325-4f51-9b64-4c26433d22f3 req-18dad82f-e325-4f51-9b64-4c26433d22f3 ] Request (FloatingIPsAssociationNegativeTestJSON:setUpClass): 200 GET http://10.180.1.21/compute/v2.1/servers/6c34d7ce-7bf1-4f88-812f-adc1eb5353dd 0.148s
2025-03-06 03:51:29.183 68563 INFO tempest.lib.common.rest_client [req-03554c27-5810-4a32-95cf-50fad3981e9d req-03554c27-5810-4a32-95cf-50fad3981e9d ] Request (ImagesTestJSON:test_create_image_from_suspended_server): 200 GET http://10.180.1.21/compute/v2.1/servers/2a88648c-f00d-4d7b-905d-e70c327e248a 0.147s
2025-03-06 03:51:29.185 68577 INFO tempest.lib.common.rest_client [req-abee8c0f-afae-413c-b61c-77839a414c1a req-abee8c0f-afae-413c-b61c-77839a414c1a ] Request (ServersTestFqdnHostnames:test_create_server_with_fqdn_name): 201 POST http://10.180.1.21:9696/networking/v2.0/floatingips 0.463s
2025-03-06 03:51:29.223 68577 INFO tempest.lib.common.rest_client [req-2574aabf-28a1-4d1c-95cd-307b12640f00 req-2574aabf-28a1-4d1c-95cd-307b12640f00 ] Request (ServersTestFqdnHostnames:test_create_server_with_fqdn_name): 201 POST http://10.180.1.21/identity/v3/auth/tokens 0.035s
