2025-03-06 03:50:09.510 68579 INFO tempest.lib.common.rest_client [req-4d2eaf94-ae81-4654-afb5-94f598690d23 req-4d2eaf94-ae81-4654-afb5-94f598690d23 ] Request (ServersAdminTestJSON:setUpClass): 200 GET http://10.180.1.21/compute/v2.1/servers/6ceb7d2d-143a-464a-aca5-6b6838630bb8 1.054s
2025-03-06 03:50:09.546 68595 INFO tempest.lib.common.rest_client [req-1cedb347-b1c2-414c-981b-f3a809aa1ee2 req-1cedb347-b1c2-414c-981b-f3a809aa1ee2 ] Request (QuotasAdminNegativeTest:tearDownClass): 204 DELETE http://10.180.1.21/identity/v3/projects/bb4c582bb3244552899cc2aa318c5bfe 0.069s
2025-03-06 03:50:09.592 68575 INFO tempest.lib.common.rest_client [req-42b6c707-8836-4659-9954-de2b330a0ba9 req-42b6c707-8836-4659-9954-de2b330a0ba9 ] Request (FlavorsAccessNegativeTestJSON:tearDownClass): 200 GET http://10.180.1.21:9696/networking/v2.0/security-groups?tenant_id=7daa076b32244589803be28793fa39c3&name=default 0.384s
2025-03-06 03:50:09.594 68571 INFO tempest.lib.common.rest_client [req-6b92a455-80db-41dd-a496-07af227d0f7a req-6b92a455-80db-41dd-a496-07af227d0f7a ] Request (FloatingIPDetailsTestJSON:tearDownClass): 202 DELETE http://10.180.1.21/compute/v2.1/os-floating-ips/6dbee433-cfa9-497c-89e9-031c48d05e37 1.405s
2025-03-06 03:50:09.603 68561 INFO tempest.lib.common.rest_client [req-1480b3f2-b04d-4bc7-928d-037b5701aff7 req-1480b3f2-b04d-4bc7-928d-037b5701aff7 ] Request (AggregatesAdminNegativeTestJSON:test_aggregate_list_as_user): 403 GET http://10.180.1.21/compute/v2.1/os-aggregates 1.009s
2025-03-06 03:50:09.610 68595 INFO tempest.lib.common.rest_client [req-13268d11-9279-4e45-9fde-0a8e1ff6bd62 req-13268d11-9279-4e45-9fde-0a8e1ff6bd62 ] Request (SecurityGroupsTestAdminJSON:setUpClass): 201 POST http://10.180.1.21/identity/v3/auth/tokens 0.063s
2025-03-06 03:50:09.632 68565 INFO tempest.lib.common.rest_client [req-d8bbc65d-e805-42b7-ad35-91db485130c3 req-d8bbc65d-e805-42b7-ad35-91db485130c3 ] Request (FlavorsAdminTestJSON:test_is_public_string_variations): 200 GET http://10.180.1.21/compute/v2.1/flavors/detail?is_public=f 1.008s
2025-03-06 03:50:09.651 68595 INFO tempest.lib.common.rest_client [req-74acaf05-c4c5-49fd-88ff-5c7e8da21bae req-74acaf05-c4c5-49fd-88ff-5c7e8da21bae ] Request (SecurityGroupsTestAdminJSON:setUpClass): 201 POST http://10.180.1.21/identity/v3/auth/tokens 0.034s
2025-03-06 03:50:09.684 68582 INFO tempest.lib.common.rest_client [req-012e9915-dbff-4bc3-8d95-4fb90bc4eb6b req-012e9915-dbff-4bc3-8d95-4fb90bc4eb6b ] Request (ImagesOneServerNegativeTestJSON:tearDown): 200 GET http://10.180.1.21/compute/v2.1/servers/38c86c2b-9b2b-482e-b26d-066208467202 1.100s
2025-03-06 03:50:09.690 68595 INFO tempest.lib.common.rest_client [req-cdd4660d-16aa-40d5-b376-f7ff6c610fd6 req-cdd4660d-16aa-40d5-b376-f7ff6c610fd6 ] Request (SecurityGroupsTestAdminJSON:setUpClass): 200 GET http://10.180.1.21/identity/v3/domains?name=Default 0.039s
2025-03-06 03:50:09.721 68595 INFO tempest.lib.common.rest_client [req-48c741f5-3e58-4c3a-9486-ec804ad16841 req-48c741f5-3e58-4c3a-9486-ec804ad16841 ] Request (SecurityGroupsTestAdminJSON:setUpClass): 201 POST http://10.180.1.21/identity/v3/projects 0.030s
2025-03-06 03:50:09.727 68569 INFO tempest.lib.common.rest_client [req-bf4a14f4-1f5d-4276-91de-d4cf2a07513b req-bf4a14f4-1f5d-4276-91de-d4cf2a07513b ] Request (ServerDiagnosticsV248Test:tearDownClass): 200 GET http://10.180.1.21/compute/v2.1/servers/6105602a-b8eb-4128-a492-b60a9468018f 0.997s
2025-03-06 03:50:09.750 68575 INFO tempest.lib.common.rest_client [req-780cf3be-283d-46de-9ba9-4800b9756cf6 req-780cf3be-283d-46de-9ba9-4800b9756cf6 ] Request (FlavorsAccessNegativeTestJSON:tearDownClass): 204 DELETE http://10.180.1.21:9696/networking/v2.0/security-groups/706ce1d1-df4b-4381-9990-d7ae0b207a04 0.157s
2025-03-06 03:50:09.752 68559 INFO tempest.lib.common.rest_client [req-517f6ea6-7417-46ae-be6a-f0d62718baf6 req-517f6ea6-7417-46ae-be6a-f0d62718baf6 ] Request (ServersAdmin275Test:_run_cleanups): 200 GET http://10.180.1.21/compute/v2.1/servers/e8ed7cfc-7ef1-4bc7-bebe-624f1ba69f67 0.989s
2025-03-06 03:50:09.767 68559 INFO tempest.common.waiters [-] State transition "REBUILD/rebuild_spawning" ==> "ACTIVE/None" after 7 second wait
2025-03-06 03:50:09.769 68551 INFO tempest.lib.common.rest_client [req-ce90342c-8a1f-4b84-a5d8-ff9b06ff3d64 req-ce90342c-8a1f-4b84-a5d8-ff9b06ff3d64 ] Request (ImagesOneServerTestJSON:setUpClass): 201 POST http://10.180.1.21:9696/networking/v2.0/routers 1.542s
2025-03-06 03:50:09.794 68595 INFO tempest.lib.common.rest_client [req-b87f80b6-2b95-4de0-8f69-a7c6ca6d3d4e req-b87f80b6-2b95-4de0-8f69-a7c6ca6d3d4e ] Request (SecurityGroupsTestAdminJSON:setUpClass): 201 POST http://10.180.1.21/identity/v3/users 0.073s
2025-03-06 03:50:09.798 68609 INFO tempest.lib.common.rest_client [req-973f04ee-752c-4513-b0a0-191f0e86851d req-973f04ee-752c-4513-b0a0-191f0e86851d ] Request (KeyPairsV210TestJSON:test_admin_manage_keypairs_for_other_users): 201 POST http://10.180.1.21/compute/v2.1/os-keypairs 0.999s
2025-03-06 03:50:09.804 68607 INFO tempest.lib.common.rest_client [req-e0546553-cdc9-42cc-8a30-c2d1c2849683 req-e0546553-cdc9-42cc-8a30-c2d1c2849683 ] Request (ServersTestJSON:test_create_server_specify_multibyte_character_name): 200 GET http://10.180.1.21/compute/v2.1/servers/11ec9800-fa7e-4dbd-bdc1-63d0b496589f 1.026s
2025-03-06 03:50:09.837 68595 INFO tempest.lib.common.rest_client [req-7fcb6570-4de9-46a4-813a-7a36aee9eb42 req-7fcb6570-4de9-46a4-813a-7a36aee9eb42 ] Request (SecurityGroupsTestAdminJSON:setUpClass): 200 GET http://10.180.1.21/identity/v3/roles 0.042s
2025-03-06 03:50:09.882 68595 INFO tempest.lib.common.rest_client [req-961206ce-aa60-4555-a58a-d3b951859101 req-961206ce-aa60-4555-a58a-d3b951859101 ] Request (SecurityGroupsTestAdminJSON:setUpClass): 204 PUT http://10.180.1.21/identity/v3/projects/e9fb0de9ec0f47a481acde4d74964a66/users/78b6f2434ae44fe580682f197ac2faa8/roles/47325c72d09e4bf39f28d888e708707d 0.045s
2025-03-06 03:50:09.883 68595 INFO tempest.lib.common.dynamic_creds [-] Dynamic test user 78b6f2434ae44fe580682f197ac2faa8 is created with scope project and roles: ['member']
2025-03-06 03:50:09.883 68595 INFO tempest.lib.common.dynamic_creds [-] Acquired dynamic creds: credentials: Credentials: {'domain_id': 'default', 'domain_name': 'Default', 'username': 'tempest-SecurityGroupsTestAdminJSON-892212584-project-member', 'project_domain_id': 'default', 'project_domain_name': 'Default', 'project_id': 'e9fb0de9ec0f47a481acde4d74964a66', 'project_name': 'tempest-SecurityGroupsTestAdminJSON-892212584', 'tenant_id': 'e9fb0de9ec0f47a481acde4d74964a66', 'tenant_name': 'tempest-SecurityGroupsTestAdminJSON-892212584', 'user_domain_id': 'default', 'user_domain_name': 'Default', 'user_id': '78b6f2434ae44fe580682f197ac2faa8', 'system': None}, Network: None, Subnet: None, Router: None
2025-03-06 03:50:09.883 68595 INFO tempest.lib.common.dynamic_creds [-] Created isolated network resources for: credentials: Credentials: {'domain_id': 'default', 'domain_name': 'Default', 'username': 'tempest-SecurityGroupsTestAdminJSON-892212584-project-member', 'project_domain_id': 'default', 'project_domain_name': 'Default', 'project_id': 'e9fb0de9ec0f47a481acde4d74964a66', 'project_name': 'tempest-SecurityGroupsTestAdminJSON-892212584', 'tenant_id': 'e9fb0de9ec0f47a481acde4d74964a66', 'tenant_name': 'tempest-SecurityGroupsTestAdminJSON-892212584', 'user_domain_id': 'default', 'user_domain_name': 'Default', 'user_id': '78b6f2434ae44fe580682f197ac2faa8', 'system': None}, Network: None, Subnet: None, Router: None
2025-03-06 03:50:09.903 68575 INFO tempest.lib.common.rest_client [req-1f95e321-a1b1-4393-9af4-128ff979180e req-1f95e321-a1b1-4393-9af4-128ff979180e ] Request (FlavorsAccessNegativeTestJSON:tearDownClass): 204 DELETE http://10.180.1.21/identity/v3/projects/7daa076b32244589803be28793fa39c3 0.152s
2025-03-06 03:50:09.903 68575 INFO tempest.lib.common.dynamic_creds [-] Deleting project and security group for project: ab5f886b57824935becbf229af71285a
2025-03-06 03:50:09.904 68563 INFO tempest.lib.common.rest_client [req-d33bbc7f-1230-4e78-8711-4f6b7fb0c183 req-d33bbc7f-1230-4e78-8711-4f6b7fb0c183 ] Request (ImagesTestJSON:test_create_image_from_stopped_server): 200 GET http://10.180.1.21/compute/v2.1/servers/19a1441d-9621-4e6e-ac38-8ad08206facf 1.069s
2025-03-06 03:50:09.908 68567 INFO tempest.lib.common.rest_client [req-a89d0518-8491-421b-bfea-c48aaf96de1b req-a89d0518-8491-421b-bfea-c48aaf96de1b ] Request (ServersTestBootFromVolume:setUpClass): 200 GET http://10.180.1.21/volume/v3/volumes/9bb63a6b-3e52-4693-a250-876762d38f26 0.044s
2025-03-06 03:50:09.922 68591 INFO tempest.lib.common.rest_client [req-d6809220-35f8-48c3-aadb-e94dc442e94f req-d6809220-35f8-48c3-aadb-e94dc442e94f ] Request (TenantUsagesTestJSON:tearDownClass): 200 GET http://10.180.1.21/compute/v2.1/servers/34889575-95ea-451c-aa59-49a5f30d4e4c 0.997s
2025-03-06 03:50:09.971 68595 INFO tempest.lib.common.rest_client [req-62bee3ae-8163-4cd5-8902-6c74dd2b9b9f req-62bee3ae-8163-4cd5-8902-6c74dd2b9b9f ] Request (SecurityGroupsTestAdminJSON:setUpClass): 201 POST http://10.180.1.21/identity/v3/auth/tokens 0.083s
2025-03-06 03:50:09.980 68553 INFO tempest.lib.common.rest_client [req-2e013a54-5bac-42b1-a0b7-f5933080cebd req-2e013a54-5bac-42b1-a0b7-f5933080cebd ] Request (ListServerFiltersTestJSON:setUpClass): 200 GET http://10.180.1.21/compute/v2.1/servers/90d88fcb-6141-499c-b049-ddfc9e210d5c 0.842s
2025-03-06 03:50:10.033 68611 INFO tempest.lib.common.rest_client [req-a279960f-a8dc-4860-8d5f-cf53ad3554b0 req-a279960f-a8dc-4860-8d5f-cf53ad3554b0 ] Request (AttachInterfacesUnderV243Test:test_add_remove_fixed_ip): 200 GET http://10.180.1.21/compute/v2.1/servers/75f58a50-7891-42df-8820-c997300a3159 0.801s
2025-03-06 03:50:10.059 68585 INFO tempest.lib.common.rest_client [req-5087149b-9f6a-4284-bec3-4ff4f8ce7c4e req-5087149b-9f6a-4284-bec3-4ff4f8ce7c4e ] Request (SecurityGroupRulesTestJSON:tearDownClass): 202 DELETE http://10.180.1.21/compute/v2.1/os-security-groups/45ba5b95-29c4-4e6d-9389-9645dcbe677a 0.863s
2025-03-06 03:50:10.068 68595 INFO tempest.lib.common.rest_client [req-73c10e41-0d3e-485b-aa25-ee641cdd0a14 req-73c10e41-0d3e-485b-aa25-ee641cdd0a14 ] Request (SecurityGroupsTestAdminJSON:setUpClass): 201 POST http://10.180.1.21/identity/v3/projects 0.097s
2025-03-06 03:50:10.094 68613 INFO tempest.lib.common.rest_client [req-a4c28f04-0524-4a28-a030-e9b4f8c21722 req-a4c28f04-0524-4a28-a030-e9b4f8c21722 ] Request (ServerDiagnosticsTest:tearDownClass): 200 GET http://10.180.1.21/compute/v2.1/servers/eb5dc742-fa8f-4bac-89cb-afa57b5abe12 0.776s
2025-03-06 03:50:10.111 68583 INFO tempest.lib.common.rest_client [req-d809613d-6575-4786-959a-891529772aba req-d809613d-6575-4786-959a-891529772aba ] Request (KeyPairsV2TestJSON:_run_cleanups): 202 DELETE http://10.180.1.21/compute/v2.1/os-keypairs/tempest-keypair-748707391 0.748s
2025-03-06 03:50:10.136 68587 INFO tempest.lib.common.rest_client [req-8e53cae4-ea84-4d95-b9f6-64ab9f6bf7df req-8e53cae4-ea84-4d95-b9f6-64ab9f6bf7df ] Request (ServerGroupTestJSON:test_create_delete_server_group_with_anti_affinity_policy): 200 POST http://10.180.1.21/compute/v2.1/os-server-groups 0.811s
2025-03-06 03:50:10.144 68557 INFO tempest.lib.common.rest_client [req-e3a16ca7-ac95-443b-ba17-ca53632b4865 req-e3a16ca7-ac95-443b-ba17-ca53632b4865 ] Request (ServersWithSpecificFlavorTestJSON:test_verify_created_server_ephemeral_disk): 200 PUT http://10.180.1.21:9696/networking/v2.0/floatingips/1c83d511-70c6-4d01-8b67-5f0ed164904e 1.190s
2025-03-06 03:50:10.146 68595 INFO tempest.lib.common.rest_client [req-f7d8bf21-7129-4402-8f79-0673b12f27cf req-f7d8bf21-7129-4402-8f79-0673b12f27cf ] Request (SecurityGroupsTestAdminJSON:setUpClass): 201 POST http://10.180.1.21/identity/v3/users 0.078s
2025-03-06 03:50:10.150 68575 INFO tempest.lib.common.rest_client [req-91a335e8-5f78-4570-ad04-0ad5ef32ecda req-91a335e8-5f78-4570-ad04-0ad5ef32ecda ] Request (FlavorsAccessNegativeTestJSON:tearDownClass): 200 GET http://10.180.1.21:9696/networking/v2.0/security-groups?tenant_id=ab5f886b57824935becbf229af71285a&name=default 0.247s
2025-03-06 03:50:10.165 68577 INFO tempest.lib.common.rest_client [req-a95ea7bc-19b7-4f0e-ae41-4e9826809a97 req-a95ea7bc-19b7-4f0e-ae41-4e9826809a97 ] Request (ServerExternalEventsTest:test_create_server_external_events): 200 GET http://10.180.1.21/compute/v2.1/servers/d1577f70-4fb6-4b0b-9d41-8d245c26c90c 0.768s
2025-03-06 03:50:10.174 68595 INFO tempest.lib.common.rest_client [req-d1f26f12-45cb-45e5-b002-e3fdd32bf42a req-d1f26f12-45cb-45e5-b002-e3fdd32bf42a ] Request (SecurityGroupsTestAdminJSON:setUpClass): 200 GET http://10.180.1.21/identity/v3/roles 0.027s
2025-03-06 03:50:10.204 68595 INFO tempest.lib.common.rest_client [req-6738972d-f3c1-4442-84f6-f5294e7eef81 req-6738972d-f3c1-4442-84f6-f5294e7eef81 ] Request (SecurityGroupsTestAdminJSON:setUpClass): 204 PUT http://10.180.1.21/identity/v3/projects/6f84a286b3d24dd6a708a0c907ad18e0/users/1e8aa71319e04dfbb877617923dbd9a3/roles/70a64c3240f74218b1eed1ee3002ca74 0.029s
2025-03-06 03:50:10.209 68589 INFO tempest.lib.common.rest_client [req-a31affd1-4004-4cf4-aee2-4049421dece6 req-a31affd1-4004-4cf4-aee2-4049421dece6 ] Request (DeleteServersAdminTestJSON:test_admin_delete_servers_of_others): 200 GET http://10.180.1.21/compute/v2.1/servers/102187bd-0cb2-4496-8dd0-9101b24ee4fa 0.746s
2025-03-06 03:50:10.257 68595 INFO tempest.lib.common.rest_client [req-029749c6-9960-424c-8dc8-11d50a4fa200 req-029749c6-9960-424c-8dc8-11d50a4fa200 ] Request (SecurityGroupsTestAdminJSON:setUpClass): 200 GET http://10.180.1.21/identity/v3/roles 0.053s
2025-03-06 03:50:10.273 68575 INFO tempest.lib.common.rest_client [req-2f927f79-0bf9-4bc1-82bb-89d051afc3d5 req-2f927f79-0bf9-4bc1-82bb-89d051afc3d5 ] Request (FlavorsAccessNegativeTestJSON:tearDownClass): 204 DELETE http://10.180.1.21:9696/networking/v2.0/security-groups/6183feeb-68e3-471d-817c-db6b98e5c075 0.122s
2025-03-06 03:50:10.282 68595 INFO tempest.lib.common.rest_client [req-37ae5159-f40b-4c1e-b4f1-69c080a6b212 req-37ae5159-f40b-4c1e-b4f1-69c080a6b212 ] Request (SecurityGroupsTestAdminJSON:setUpClass): 204 PUT http://10.180.1.21/identity/v3/projects/6f84a286b3d24dd6a708a0c907ad18e0/users/1e8aa71319e04dfbb877617923dbd9a3/roles/70a64c3240f74218b1eed1ee3002ca74 0.024s
2025-03-06 03:50:10.282 68595 INFO tempest.lib.common.dynamic_creds [-] Dynamic test user 1e8aa71319e04dfbb877617923dbd9a3 is created with scope project and roles: ['admin']
2025-03-06 03:50:10.283 68595 INFO tempest.lib.common.dynamic_creds [-] Acquired dynamic creds: credentials: Credentials: {'domain_id': 'default', 'domain_name': 'Default', 'username': 'tempest-SecurityGroupsTestAdminJSON-1061537311-project-admin', 'project_domain_id': 'default', 'project_domain_name': 'Default', 'project_id': '6f84a286b3d24dd6a708a0c907ad18e0', 'project_name': 'tempest-SecurityGroupsTestAdminJSON-1061537311', 'tenant_id': '6f84a286b3d24dd6a708a0c907ad18e0', 'tenant_name': 'tempest-SecurityGroupsTestAdminJSON-1061537311', 'user_domain_id': 'default', 'user_domain_name': 'Default', 'user_id': '1e8aa71319e04dfbb877617923dbd9a3', 'system': None}, Network: None, Subnet: None, Router: None
2025-03-06 03:50:10.283 68595 INFO tempest.lib.common.dynamic_creds [-] Created isolated network resources for: credentials: Credentials: {'domain_id': 'default', 'domain_name': 'Default', 'username': 'tempest-SecurityGroupsTestAdminJSON-1061537311-project-admin', 'project_domain_id': 'default', 'project_domain_name': 'Default', 'project_id': '6f84a286b3d24dd6a708a0c907ad18e0', 'project_name': 'tempest-SecurityGroupsTestAdminJSON-1061537311', 'tenant_id': '6f84a286b3d24dd6a708a0c907ad18e0', 'tenant_name': 'tempest-SecurityGroupsTestAdminJSON-1061537311', 'user_domain_id': 'default', 'user_domain_name': 'Default', 'user_id': '1e8aa71319e04dfbb877617923dbd9a3', 'system': None}, Network: None, Subnet: None, Router: None
2025-03-06 03:50:10.312 68573 INFO tempest.lib.common.rest_client [req-53957b38-4046-4cd9-ab2f-f99088722538 req-53957b38-4046-4cd9-ab2f-f99088722538 ] Request (MigrationsAdminTest:test_list_migrations_in_flavor_resize_situation): 200 GET http://10.180.1.21/compute/v2.1/servers/2f797cb5-19d8-4b4d-a78d-ace0a3d1f37f 0.773s
2025-03-06 03:50:10.371 68595 INFO tempest.lib.common.rest_client [req-baa9baa7-e1ea-4d06-b8a0-0a32985229e1 req-baa9baa7-e1ea-4d06-b8a0-0a32985229e1 ] Request (SecurityGroupsTestAdminJSON:setUpClass): 201 POST http://10.180.1.21/identity/v3/auth/tokens 0.084s
2025-03-06 03:50:10.386 68575 INFO tempest.lib.common.rest_client [req-6e53682a-bf67-4d3e-9831-91e39d128cfd req-6e53682a-bf67-4d3e-9831-91e39d128cfd ] Request (FlavorsAccessNegativeTestJSON:tearDownClass): 204 DELETE http://10.180.1.21/identity/v3/projects/ab5f886b57824935becbf229af71285a 0.113s
2025-03-06 03:50:10.387 68575 INFO tempest.lib.common.dynamic_creds [-] Deleting project and security group for project: 3f668fa2b12f474dbc254c2a30dd01aa
2025-03-06 03:50:10.403 68597 INFO tempest.lib.common.rest_client [req-843b91c9-9383-49ad-8f57-1f4d61d0e11f req-843b91c9-9383-49ad-8f57-1f4d61d0e11f ] Request (ServerActionsTestJSON:setUpClass): 200 GET http://10.180.1.21/compute/v2.1/servers/4a388705-7e00-45dc-8891-c6e587b1cdb8 0.816s
2025-03-06 03:50:10.467 68606 INFO tempest.lib.common.rest_client [req-2493e3aa-ab71-4d65-bdcc-c932a065a6ed req-2493e3aa-ab71-4d65-bdcc-c932a065a6ed ] Request (FloatingIPsAssociationTestJSON:setUpClass): 200 GET http://10.180.1.21/compute/v2.1/servers/ba4ad2f8-fad1-45be-b2b1-68c3a58f3750 0.868s
2025-03-06 03:50:10.493 68561 INFO tempest.lib.common.rest_client [req-a6a74da8-8c7e-464a-9f2b-27446889e8c3 req-a6a74da8-8c7e-464a-9f2b-27446889e8c3 ] Request (AggregatesAdminNegativeTestJSON:test_aggregate_remove_host_as_user): 200 POST http://10.180.1.21/compute/v2.1/os-aggregates 0.889s
2025-03-06 03:50:10.506 68565 INFO tempest.lib.common.rest_client [req-c7edd8e7-2b09-4400-b06a-c49382911a47 req-c7edd8e7-2b09-4400-b06a-c49382911a47 ] Request (FlavorsAdminTestJSON:test_is_public_string_variations): 200 GET http://10.180.1.21/compute/v2.1/flavors/detail?is_public=false 0.872s
2025-03-06 03:50:10.544 68575 INFO tempest.lib.common.rest_client [req-8b2750b3-367f-487b-8eef-15364170cbd7 req-8b2750b3-367f-487b-8eef-15364170cbd7 ] Request (FlavorsAccessNegativeTestJSON:tearDownClass): 200 GET http://10.180.1.21:9696/networking/v2.0/security-groups?tenant_id=3f668fa2b12f474dbc254c2a30dd01aa&name=default 0.157s
2025-03-06 03:50:10.571 68555 INFO tempest.lib.common.rest_client [req-1503ad44-819b-49d1-a384-8d7de44c4d2a req-1503ad44-819b-49d1-a384-8d7de44c4d2a ] Request (ImagesNegativeTestJSON:test_create_image_from_deleted_server): 200 GET http://10.180.1.21/compute/v2.1/servers/d19421ad-88d5-4479-a6e4-c6d59e863b31 0.911s
2025-03-06 03:50:10.666 68575 INFO tempest.lib.common.rest_client [req-64a6bb6c-cfcd-4e8f-a081-b80ae0f6a52e req-64a6bb6c-cfcd-4e8f-a081-b80ae0f6a52e ] Request (FlavorsAccessNegativeTestJSON:tearDownClass): 204 DELETE http://10.180.1.21:9696/networking/v2.0/security-groups/1cfe42a8-55e1-4a67-af36-bcc6e2ecde4f 0.122s
2025-03-06 03:50:10.760 68575 INFO tempest.lib.common.rest_client [req-11c57ada-838e-47a0-bf10-2f4ac6438a99 req-11c57ada-838e-47a0-bf10-2f4ac6438a99 ] Request (FlavorsAccessNegativeTestJSON:tearDownClass): 204 DELETE http://10.180.1.21/identity/v3/projects/3f668fa2b12f474dbc254c2a30dd01aa 0.094s
2025-03-06 03:50:10.814 68582 INFO tempest.lib.common.rest_client [req-4590d901-032c-49fb-be07-0b1b264d4a23 req-4590d901-032c-49fb-be07-0b1b264d4a23 ] Request (ImagesOneServerNegativeTestJSON:setUp): 200 GET http://10.180.1.21/compute/v2.1/servers/38c86c2b-9b2b-482e-b26d-066208467202 1.122s
2025-03-06 03:50:10.890 68575 INFO tempest.lib.common.rest_client [req-57f5c823-58f9-48ee-a583-6254fb6c97e4 req-57f5c823-58f9-48ee-a583-6254fb6c97e4 ] Request (AZV2TestJSON:setUpClass): 201 POST http://10.180.1.21/identity/v3/auth/tokens 0.128s
2025-03-06 03:50:10.925 68571 INFO tempest.lib.common.rest_client [req-82cf7594-f282-4ec8-b764-43021d42bee9 req-82cf7594-f282-4ec8-b764-43021d42bee9 ] Request (FloatingIPDetailsTestJSON:tearDownClass): 202 DELETE http://10.180.1.21/compute/v2.1/os-floating-ips/f881603c-6dd7-42af-ba0c-5ec346d079a3 1.330s
2025-03-06 03:50:10.953 68559 INFO tempest.lib.common.rest_client [req-d642c59f-4996-4e20-9d9a-37941afda09b req-d642c59f-4996-4e20-9d9a-37941afda09b ] Request (ServersAdmin275Test:tearDownClass): 204 DELETE http://10.180.1.21/compute/v2.1/servers/e8ed7cfc-7ef1-4bc7-bebe-624f1ba69f67 1.178s
2025-03-06 03:50:10.963 68575 INFO tempest.lib.common.rest_client [req-666ed6e4-bad8-4082-9a62-f9493a9b1604 req-666ed6e4-bad8-4082-9a62-f9493a9b1604 ] Request (AZV2TestJSON:setUpClass): 201 POST http://10.180.1.21/identity/v3/auth/tokens 0.070s
2025-03-06 03:50:10.968 68609 INFO tempest.lib.common.rest_client [req-9972e178-44e7-45f8-b9db-d0bb900e91ca req-9972e178-44e7-45f8-b9db-d0bb900e91ca ] Request (KeyPairsV210TestJSON:test_admin_manage_keypairs_for_other_users): 200 GET http://10.180.1.21/compute/v2.1/os-keypairs/tempest-keypair-564484333?user_id=2d1e54503dd5456f9633e7eb28d0095a 1.166s
2025-03-06 03:50:10.980 68567 INFO tempest.lib.common.rest_client [req-727e1513-2ebc-450e-af04-3e1d0b9a9326 req-727e1513-2ebc-450e-af04-3e1d0b9a9326 ] Request (ServersTestBootFromVolume:setUpClass): 200 GET http://10.180.1.21/volume/v3/volumes/9bb63a6b-3e52-4693-a250-876762d38f26 0.056s
2025-03-06 03:50:11.010 68575 INFO tempest.lib.common.rest_client [req-7806d08e-6993-4fb6-84f2-ce76fd085a45 req-7806d08e-6993-4fb6-84f2-ce76fd085a45 ] Request (AZV2TestJSON:setUpClass): 200 GET http://10.180.1.21/identity/v3/domains?name=Default 0.046s
2025-03-06 03:50:11.018 68583 INFO tempest.lib.common.rest_client [req-60b155bd-516c-45cd-bd21-aacb3c687e26 req-60b155bd-516c-45cd-bd21-aacb3c687e26 ] Request (KeyPairsV2TestJSON:test_keypairs_create_list_delete): 200 POST http://10.180.1.21/compute/v2.1/os-keypairs 0.904s
2025-03-06 03:50:11.045 68587 INFO tempest.lib.common.rest_client [req-1741e1b8-693e-4ad5-b454-51270ba673de req-1741e1b8-693e-4ad5-b454-51270ba673de ] Request (ServerGroupTestJSON:test_create_delete_server_group_with_anti_affinity_policy): 204 DELETE http://10.180.1.21/compute/v2.1/os-server-groups/427d58fe-3243-4b7a-8ee8-fbc34278baad 0.907s
2025-03-06 03:50:11.058 68575 INFO tempest.lib.common.rest_client [req-3a2f004c-1d99-497b-a8e0-84ba30b6bd92 req-3a2f004c-1d99-497b-a8e0-84ba30b6bd92 ] Request (AZV2TestJSON:setUpClass): 201 POST http://10.180.1.21/identity/v3/projects 0.047s
2025-03-06 03:50:11.153 68575 INFO tempest.lib.common.rest_client [req-ee901026-bf09-4035-bae7-7e459b0c2571 req-ee901026-bf09-4035-bae7-7e459b0c2571 ] Request (AZV2TestJSON:setUpClass): 201 POST http://10.180.1.21/identity/v3/users 0.094s
2025-03-06 03:50:11.175 68575 INFO tempest.lib.common.rest_client [req-81fbbbb4-5738-4ec4-865b-3b8f21a75942 req-81fbbbb4-5738-4ec4-865b-3b8f21a75942 ] Request (AZV2TestJSON:setUpClass): 200 GET http://10.180.1.21/identity/v3/roles 0.022s
2025-03-06 03:50:11.206 68575 INFO tempest.lib.common.rest_client [req-c567590a-e6bd-4296-9813-5e01f41e0d71 req-c567590a-e6bd-4296-9813-5e01f41e0d71 ] Request (AZV2TestJSON:setUpClass): 204 PUT http://10.180.1.21/identity/v3/projects/ccf82ab8e775479f94507aa082f54fb4/users/37ebcbe9ab054a7f8d7f02bd8f88ac21/roles/47325c72d09e4bf39f28d888e708707d 0.031s
2025-03-06 03:50:11.207 68575 INFO tempest.lib.common.dynamic_creds [-] Dynamic test user 37ebcbe9ab054a7f8d7f02bd8f88ac21 is created with scope project and roles: ['member']
2025-03-06 03:50:11.207 68575 INFO tempest.lib.common.dynamic_creds [-] Acquired dynamic creds: credentials: Credentials: {'domain_id': 'default', 'domain_name': 'Default', 'username': 'tempest-AZV2TestJSON-999614869-project-member', 'project_domain_id': 'default', 'project_domain_name': 'Default', 'project_id': 'ccf82ab8e775479f94507aa082f54fb4', 'project_name': 'tempest-AZV2TestJSON-999614869', 'tenant_id': 'ccf82ab8e775479f94507aa082f54fb4', 'tenant_name': 'tempest-AZV2TestJSON-999614869', 'user_domain_id': 'default', 'user_domain_name': 'Default', 'user_id': '37ebcbe9ab054a7f8d7f02bd8f88ac21', 'system': None}, Network: None, Subnet: None, Router: None
2025-03-06 03:50:11.207 68575 INFO tempest.lib.common.dynamic_creds [-] Created isolated network resources for: credentials: Credentials: {'domain_id': 'default', 'domain_name': 'Default', 'username': 'tempest-AZV2TestJSON-999614869-project-member', 'project_domain_id': 'default', 'project_domain_name': 'Default', 'project_id': 'ccf82ab8e775479f94507aa082f54fb4', 'project_name': 'tempest-AZV2TestJSON-999614869', 'tenant_id': 'ccf82ab8e775479f94507aa082f54fb4', 'tenant_name': 'tempest-AZV2TestJSON-999614869', 'user_domain_id': 'default', 'user_domain_name': 'Default', 'user_id': '37ebcbe9ab054a7f8d7f02bd8f88ac21', 'system': None}, Network: None, Subnet: None, Router: None
2025-03-06 03:50:11.221 68585 INFO tempest.lib.common.rest_client [req-747e7dff-e42a-4123-9efa-138c15160b4b req-747e7dff-e42a-4123-9efa-138c15160b4b ] Request (SecurityGroupRulesTestJSON:tearDownClass): 202 DELETE http://10.180.1.21/compute/v2.1/os-security-groups/76ceb509-649f-4c4b-be08-a6d4f0977c98 1.161s
2025-03-06 03:50:11.249 68551 INFO tempest.lib.common.rest_client [req-f50c4939-a4c2-410c-95aa-2b6521d01e69 req-f50c4939-a4c2-410c-95aa-2b6521d01e69 ] Request (ImagesOneServerTestJSON:setUpClass): 200 PUT http://10.180.1.21:9696/networking/v2.0/routers/00b98909-7750-43b3-bcb6-3a752988fd0c/add_router_interface 1.479s
2025-03-06 03:50:11.249 68551 INFO tempest.lib.common.dynamic_creds [-] Created isolated network resources for: credentials: Credentials: {'domain_id': 'default', 'domain_name': 'Default', 'username': 'tempest-ImagesOneServerTestJSON-1988231464-project-member', 'project_domain_id': 'default', 'project_domain_name': 'Default', 'project_id': 'f92048d34e7c4863bbfbaec1273c122f', 'project_name': 'tempest-ImagesOneServerTestJSON-1988231464', 'tenant_id': 'f92048d34e7c4863bbfbaec1273c122f', 'tenant_name': 'tempest-ImagesOneServerTestJSON-1988231464', 'user_domain_id': 'default', 'user_domain_name': 'Default', 'user_id': '84b53e3749ad4eeda9caf91f835539bb', 'system': None}, Network: {'id': 'c7a128c0-259c-4e80-9d28-8fff739fad3d', 'name': 'tempest-ImagesOneServerTestJSON-1251487550-network', 'tenant_id': 'f92048d34e7c4863bbfbaec1273c122f', 'admin_state_up': True, 'mtu': 8950, 'status': 'ACTIVE', 'subnets': [], 'shared': False, 'project_id': 'f92048d34e7c4863bbfbaec1273c122f', 'port_security_enabled': True, 'router:external': False, 'provider:network_type': 'vlan', 'provider:physical_network': 'default', 'provider:segmentation_id': 278, 'availability_zone_hints': [], 'availability_zones': [], 'ipv4_address_scope': None, 'ipv6_address_scope': None, 'description': '', 'tags': [], 'created_at': '2025-03-06T03:50:07Z', 'updated_at': '2025-03-06T03:50:07Z', 'revision_number': 1}, Subnet: {'id': '4f0d30b3-e131-4bbc-b087-d5d50387bfcb', 'name': 'tempest-ImagesOneServerTestJSON-1251487550-subnet', 'tenant_id': 'f92048d34e7c4863bbfbaec1273c122f', 'network_id': 'c7a128c0-259c-4e80-9d28-8fff739fad3d', 'ip_version': 4, 'subnetpool_id': None, 'enable_dhcp': True, 'ipv6_ra_mode': None, 'ipv6_address_mode': None, 'gateway_ip': '192.168.128.1', 'cidr': '192.168.128.0/28', 'allocation_pools': [{'start': '192.168.128.2', 'end': '192.168.128.14'}], 'host_routes': [], 'dns_nameservers': [], 'description': '', 'router:external': False, 'service_types': [], 'tags': [], 'created_at': '2025-03-06T03:50:08Z', 'updated_at': '2025-03-06T03:50:08Z', 'revision_number': 0, 'project_id': 'f92048d34e7c4863bbfbaec1273c122f'}, Router: {'id': '00b98909-7750-43b3-bcb6-3a752988fd0c', 'name': 'tempest-ImagesOneServerTestJSON-1251487550-router', 'tenant_id': 'f92048d34e7c4863bbfbaec1273c122f', 'admin_state_up': True, 'status': 'ACTIVE', 'external_gateway_info': {'network_id': 'c381d054-8064-4145-bd05-3b44b333a03d', 'external_fixed_ips': [{'subnet_id': '59766f6e-7b02-459f-948a-73fc77ef4101', 'ip_address': '10.180.180.140'}], 'enable_snat': True}, 'description': '', 'availability_zones': [], 'distributed': False, 'ha': False, 'availability_zone_hints': [], 'routes': [], 'flavor_id': None, 'tags': [], 'created_at': '2025-03-06T03:50:08Z', 'updated_at': '2025-03-06T03:50:08Z', 'revision_number': 2, 'project_id': 'f92048d34e7c4863bbfbaec1273c122f'}
2025-03-06 03:50:11.297 68575 INFO tempest.lib.common.rest_client [req-e9d242b1-56d4-4994-b574-cd08a63ca7a8 req-e9d242b1-56d4-4994-b574-cd08a63ca7a8 ] Request (AZV2TestJSON:setUpClass): 201 POST http://10.180.1.21/identity/v3/auth/tokens 0.086s
2025-03-06 03:50:11.309 68557 INFO tempest.lib.common.rest_client [req-5db57bb2-97b3-40c4-988c-56725da677d0 req-5db57bb2-97b3-40c4-988c-56725da677d0 ] Request (ServersWithSpecificFlavorTestJSON:test_verify_created_server_ephemeral_disk): 200 GET http://10.180.1.21/compute/v2.1/servers/35cbc15b-48d8-4acd-a957-eec3421df1ce 1.164s
2025-03-06 03:50:11.319 68557 INFO tempest.lib.common.ssh [-] Creating ssh connection to '10.180.180.199:22' as 'cirros' with public key authentication
2025-03-06 03:50:11.320 68604 INFO tempest.lib.common.rest_client [req-beb8164b-314f-4f12-93de-189b8f7822ba req-beb8164b-314f-4f12-93de-189b8f7822ba ] Request (ServersListShow298Test:test_list_show_update_rebuild_server_298): 200 GET http://10.180.1.21/compute/v2.1/servers/68a4e635-381d-4dc2-879c-5581cd5e189a 1.004s
2025-03-06 03:50:11.354 68551 INFO tempest.lib.common.rest_client [req-1743b781-d34c-4599-a33a-464ca8cd5c78 req-1743b781-d34c-4599-a33a-464ca8cd5c78 ] Request (ImagesOneServerTestJSON:setUpClass): 201 POST http://10.180.1.21/identity/v3/auth/tokens 0.097s
2025-03-06 03:50:11.393 68551 INFO tempest.lib.common.rest_client [req-63cca4fb-7532-4c92-983d-52a00e405fcd req-63cca4fb-7532-4c92-983d-52a00e405fcd ] Request (ImagesOneServerTestJSON:setUpClass): 201 POST http://10.180.1.21/identity/v3/auth/tokens 0.033s
2025-03-06 03:50:11.393 68551 INFO tempest.lib.common.fixed_network [-] (ImagesOneServerTestJSON:setUpClass) Found network {'id': 'c7a128c0-259c-4e80-9d28-8fff739fad3d', 'name': 'tempest-ImagesOneServerTestJSON-1251487550-network', 'tenant_id': 'f92048d34e7c4863bbfbaec1273c122f', 'admin_state_up': True, 'mtu': 8950, 'status': 'ACTIVE', 'subnets': [], 'shared': False, 'project_id': 'f92048d34e7c4863bbfbaec1273c122f', 'port_security_enabled': True, 'router:external': False, 'provider:network_type': 'vlan', 'provider:physical_network': 'default', 'provider:segmentation_id': 278, 'availability_zone_hints': [], 'availability_zones': [], 'ipv4_address_scope': None, 'ipv6_address_scope': None, 'description': '', 'tags': [], 'created_at': '2025-03-06T03:50:07Z', 'updated_at': '2025-03-06T03:50:07Z', 'revision_number': 1} available for tenant
2025-03-06 03:50:11.411 68601 INFO tempest.lib.common.rest_client [req-7c215087-5c23-42cb-bb2c-61e34eaa7772 req-7c215087-5c23-42cb-bb2c-61e34eaa7772 ] Request (ServerRescueNegativeTestJSON:setUpClass): 200 GET http://10.180.1.21/compute/v2.1/servers/2812bf7c-5117-4fd9-9330-0cc94277bf5d 0.960s
2025-03-06 03:50:11.687 68561 INFO tempest.lib.common.rest_client [req-502c0260-75ce-4b6d-ba3c-1049730fc88d req-502c0260-75ce-4b6d-ba3c-1049730fc88d ] Request (AggregatesAdminNegativeTestJSON:test_aggregate_remove_host_as_user): 200 POST http://10.180.1.21/compute/v2.1/os-aggregates/7/action 1.192s
2025-03-06 03:50:11.706 68565 INFO tempest.lib.common.rest_client [req-41bd2209-54db-456b-b9ae-6e634d0cadf6 req-41bd2209-54db-456b-b9ae-6e634d0cadf6 ] Request (FlavorsAdminTestJSON:test_is_public_string_variations): 200 GET http://10.180.1.21/compute/v2.1/flavors/detail?is_public=no 1.197s
2025-03-06 03:50:11.782 68579 INFO tempest.lib.common.rest_client [req-1a9f938a-e092-436a-885d-b2d4eb7a9c14 req-1a9f938a-e092-436a-885d-b2d4eb7a9c14 ] Request (ServersAdminTestJSON:setUpClass): 200 GET http://10.180.1.21/compute/v2.1/servers/6ceb7d2d-143a-464a-aca5-6b6838630bb8 1.264s
2025-03-06 03:50:11.867 68569 INFO tempest.lib.common.rest_client [req-5f62138b-0716-4f47-9435-277d6e1188ac req-5f62138b-0716-4f47-9435-277d6e1188ac ] Request (ServerDiagnosticsV248Test:tearDownClass): 200 GET http://10.180.1.21/compute/v2.1/servers/6105602a-b8eb-4128-a492-b60a9468018f 1.126s
2025-03-06 03:50:11.888 68595 INFO tempest.lib.common.rest_client [req-e8ad8d22-94d4-4bf2-a1ed-abde6affbb70 req-e8ad8d22-94d4-4bf2-a1ed-abde6affbb70 ] Request (SecurityGroupsTestAdminJSON:test_list_security_groups_list_all_tenants_filter): 200 POST http://10.180.1.21/compute/v2.1/os-security-groups 1.515s
2025-03-06 03:50:11.899 68582 INFO tempest.lib.common.rest_client [req-438072d5-b17e-4744-89a2-4ff834832198 req-438072d5-b17e-4744-89a2-4ff834832198 ] Request (ImagesOneServerNegativeTestJSON:test_create_image_specify_name_over_character_limit): 400 POST http://10.180.1.21/compute/v2.1/servers/38c86c2b-9b2b-482e-b26d-066208467202/action 1.068s
2025-03-06 03:50:11.965 68563 INFO tempest.lib.common.rest_client [req-7d0c582d-6ba3-4371-8726-457a15149262 req-7d0c582d-6ba3-4371-8726-457a15149262 ] Request (ImagesTestJSON:test_create_image_from_stopped_server): 200 GET http://10.180.1.21/compute/v2.1/servers/19a1441d-9621-4e6e-ac38-8ad08206facf 1.051s
2025-03-06 03:50:11.983 68607 INFO tempest.lib.common.rest_client [req-81624f99-09ee-4ad5-bf47-2c2f3fc7b4ff req-81624f99-09ee-4ad5-bf47-2c2f3fc7b4ff ] Request (ServersTestJSON:test_create_server_specify_multibyte_character_name): 200 GET http://10.180.1.21/compute/v2.1/servers/11ec9800-fa7e-4dbd-bdc1-63d0b496589f 1.168s
2025-03-06 03:50:11.993 68607 INFO tempest.common.waiters [-] State transition "BUILD/None" ==> "BUILD/spawning" after 17 second wait
2025-03-06 03:50:12.011 68599 WARNING tempest.lib.common.ssh [-] Failed to establish authenticated ssh connection to cirros@10.180.180.244 ([Errno None] Unable to connect to port 22 on 10.180.180.244). Number attempts: 2. Retry after 3 seconds.: paramiko.ssh_exception.NoValidConnectionsError: [Errno None] Unable to connect to port 22 on 10.180.180.244
2025-03-06 03:50:12.031 68567 INFO tempest.lib.common.rest_client [req-b2426a8d-050f-4aaa-9e82-145b842aa8a3 req-b2426a8d-050f-4aaa-9e82-145b842aa8a3 ] Request (ServersTestBootFromVolume:setUpClass): 200 GET http://10.180.1.21/volume/v3/volumes/9bb63a6b-3e52-4693-a250-876762d38f26 0.041s
2025-03-06 03:50:12.049 68559 INFO tempest.lib.common.rest_client [req-08c29c0e-4f32-4344-b239-10152701e346 req-08c29c0e-4f32-4344-b239-10152701e346 ] Request (ServersAdmin275Test:tearDownClass): 200 GET http://10.180.1.21/compute/v2.1/servers/e8ed7cfc-7ef1-4bc7-bebe-624f1ba69f67 1.096s
2025-03-06 03:50:12.055 68591 INFO tempest.lib.common.rest_client [req-8e956ff8-6507-41a8-8b7d-ea77b939fa37 req-8e956ff8-6507-41a8-8b7d-ea77b939fa37 ] Request (TenantUsagesTestJSON:tearDownClass): 200 GET http://10.180.1.21/compute/v2.1/servers/34889575-95ea-451c-aa59-49a5f30d4e4c 1.124s
2025-03-06 03:50:12.094 68609 INFO tempest.lib.common.rest_client [req-91037564-dad3-4a25-b8f6-7c4bad68ca0d req-91037564-dad3-4a25-b8f6-7c4bad68ca0d ] Request (KeyPairsV210TestJSON:test_admin_manage_keypairs_for_other_users): 201 POST http://10.180.1.21/compute/v2.1/os-keypairs 1.123s
2025-03-06 03:50:12.116 68553 INFO tempest.lib.common.rest_client [req-b87aaa4a-ac0c-41fa-b2c1-1ac35b326eba req-b87aaa4a-ac0c-41fa-b2c1-1ac35b326eba ] Request (ListServerFiltersTestJSON:setUpClass): 200 GET http://10.180.1.21/compute/v2.1/servers/90d88fcb-6141-499c-b049-ddfc9e210d5c 1.128s
2025-03-06 03:50:12.132 68583 INFO tempest.lib.common.rest_client [req-ccf6f3ab-560e-41b7-9634-c19328cb839d req-ccf6f3ab-560e-41b7-9634-c19328cb839d ] Request (KeyPairsV2TestJSON:test_keypairs_create_list_delete): 200 POST http://10.180.1.21/compute/v2.1/os-keypairs 1.112s
2025-03-06 03:50:12.142 68587 INFO tempest.lib.common.rest_client [req-5f3e89e5-9276-4919-ac2e-5d651f5219c1 req-5f3e89e5-9276-4919-ac2e-5d651f5219c1 ] Request (ServerGroupTestJSON:test_create_delete_server_group_with_anti_affinity_policy): 200 GET http://10.180.1.21/compute/v2.1/os-server-groups 1.097s
2025-03-06 03:50:12.179 68571 INFO tempest.lib.common.rest_client [req-d7659860-d264-4664-ae3f-b4f3bf21086e req-d7659860-d264-4664-ae3f-b4f3bf21086e ] Request (FloatingIPDetailsTestJSON:tearDownClass): 200 PUT http://10.180.1.21:9696/networking/v2.0/routers/ef179d31-ca2b-4ef4-ad81-84678d72c1b9/remove_router_interface 1.253s
2025-03-06 03:50:12.182 68611 INFO tempest.lib.common.rest_client [req-88ed7db8-a553-4b35-a3dc-58d7b4b11d2c req-88ed7db8-a553-4b35-a3dc-58d7b4b11d2c ] Request (AttachInterfacesUnderV243Test:test_add_remove_fixed_ip): 200 GET http://10.180.1.21/compute/v2.1/servers/75f58a50-7891-42df-8820-c997300a3159 1.138s
2025-03-06 03:50:12.202 68613 INFO tempest.lib.common.rest_client [req-86fff789-12b9-43da-8f73-7138cb86aec6 req-86fff789-12b9-43da-8f73-7138cb86aec6 ] Request (ServerDiagnosticsTest:tearDownClass): 200 GET http://10.180.1.21/compute/v2.1/servers/eb5dc742-fa8f-4bac-89cb-afa57b5abe12 1.097s
2025-03-06 03:50:12.232 68587 INFO tempest.lib.common.rest_client [req-7a2fe7f3-53d2-4950-bdca-addf74340894 req-7a2fe7f3-53d2-4950-bdca-addf74340894 ] Request (ServerGroupTestJSON:test_create_server_with_scheduler_hint_group): 201 POST http://10.180.1.21/identity/v3/auth/tokens 0.081s
2025-03-06 03:50:12.233 68587 INFO tempest.lib.common.fixed_network [-] (ServerGroupTestJSON:test_create_server_with_scheduler_hint_group) Found network {'id': 'bdac9594-bd2c-4e15-9447-7ba27e417630', 'name': 'tempest-ServerGroupTestJSON-315423907-network', 'tenant_id': '514e26678c904a209c56a7d55b093df9', 'admin_state_up': True, 'mtu': 8950, 'status': 'ACTIVE', 'subnets': [], 'shared': False, 'project_id': '514e26678c904a209c56a7d55b093df9', 'port_security_enabled': True, 'router:external': False, 'provider:network_type': 'vlan', 'provider:physical_network': 'default', 'provider:segmentation_id': 27, 'availability_zone_hints': [], 'availability_zones': [], 'ipv4_address_scope': None, 'ipv6_address_scope': None, 'description': '', 'tags': [], 'created_at': '2025-03-06T03:49:52Z', 'updated_at': '2025-03-06T03:49:52Z', 'revision_number': 1} available for tenant
2025-03-06 03:50:12.243 68577 INFO tempest.lib.common.rest_client [req-abf1a3aa-c6c2-4168-94a7-1a83441912a7 req-abf1a3aa-c6c2-4168-94a7-1a83441912a7 ] Request (ServerExternalEventsTest:test_create_server_external_events): 200 GET http://10.180.1.21/compute/v2.1/servers/d1577f70-4fb6-4b0b-9d41-8d245c26c90c 1.065s
2025-03-06 03:50:12.268 68589 INFO tempest.lib.common.rest_client [req-02218bdf-a4e7-403a-935a-23ecb4c0a1e1 req-02218bdf-a4e7-403a-935a-23ecb4c0a1e1 ] Request (DeleteServersAdminTestJSON:test_admin_delete_servers_of_others): 200 GET http://10.180.1.21/compute/v2.1/servers/102187bd-0cb2-4496-8dd0-9101b24ee4fa 1.047s
2025-03-06 03:50:12.328 68575 INFO tempest.lib.common.rest_client [req-58470c28-7477-4434-8627-8147bb378efb req-58470c28-7477-4434-8627-8147bb378efb ] Request (AZV2TestJSON:test_get_availability_zone_list_with_non_admin_user): 200 GET http://10.180.1.21/compute/v2.1/os-availability-zone 1.029s
2025-03-06 03:50:12.370 68585 INFO tempest.lib.common.rest_client [req-d3042415-1e0a-4897-98ad-d3f139c8a408 req-d3042415-1e0a-4897-98ad-d3f139c8a408 ] Request (SecurityGroupRulesTestJSON:tearDownClass): 202 DELETE http://10.180.1.21/compute/v2.1/os-security-groups/e790fa7e-ea80-4a80-a948-c0cdcaa44283 1.148s
2025-03-06 03:50:12.423 68573 INFO tempest.lib.common.rest_client [req-4c49c72c-fccc-47ca-9dba-bf871156b829 req-4c49c72c-fccc-47ca-9dba-bf871156b829 ] Request (MigrationsAdminTest:test_list_migrations_in_flavor_resize_situation): 200 GET http://10.180.1.21/compute/v2.1/servers/2f797cb5-19d8-4b4d-a78d-ace0a3d1f37f 1.098s
2025-03-06 03:50:12.445 68575 INFO tempest.lib.common.rest_client [req-6dc649ea-6fbd-45d3-9e8a-96ce821fd5a9 req-6dc649ea-6fbd-45d3-9e8a-96ce821fd5a9 ] Request (AZV2TestJSON:tearDownClass): 204 DELETE http://10.180.1.21/identity/v3/users/37ebcbe9ab054a7f8d7f02bd8f88ac21 0.111s
2025-03-06 03:50:12.446 68575 INFO tempest.lib.common.dynamic_creds [-] Deleting project and security group for project: ccf82ab8e775479f94507aa082f54fb4
2025-03-06 03:50:12.515 68575 INFO tempest.lib.common.rest_client [req-f255a918-644e-4f26-952b-dd564a34fcc3 req-f255a918-644e-4f26-952b-dd564a34fcc3 ] Request (AZV2TestJSON:tearDownClass): 201 POST http://10.180.1.21/identity/v3/auth/tokens 0.069s
2025-03-06 03:50:12.564 68597 INFO tempest.lib.common.rest_client [req-ff7dc24f-6613-4bf9-81af-64544d8c2114 req-ff7dc24f-6613-4bf9-81af-64544d8c2114 ] Request (ServerActionsTestJSON:setUpClass): 200 GET http://10.180.1.21/compute/v2.1/servers/4a388705-7e00-45dc-8891-c6e587b1cdb8 1.151s
2025-03-06 03:50:12.624 68606 INFO tempest.lib.common.rest_client [req-bc96195e-d07c-41b4-acd3-3362947ee74f req-bc96195e-d07c-41b4-acd3-3362947ee74f ] Request (FloatingIPsAssociationTestJSON:setUpClass): 200 GET http://10.180.1.21/compute/v2.1/servers/ba4ad2f8-fad1-45be-b2b1-68c3a58f3750 1.147s
2025-03-06 03:50:12.691 68555 INFO tempest.lib.common.rest_client [req-efa20b8a-de96-47c6-9740-70561a3e3366 req-efa20b8a-de96-47c6-9740-70561a3e3366 ] Request (ImagesNegativeTestJSON:test_create_image_from_deleted_server): 200 GET http://10.180.1.21/compute/v2.1/servers/d19421ad-88d5-4479-a6e4-c6d59e863b31 1.110s
2025-03-06 03:50:12.698 68561 INFO tempest.lib.common.rest_client [req-42db7943-74f1-4f80-bb2d-68be98fb064a req-42db7943-74f1-4f80-bb2d-68be98fb064a ] Request (AggregatesAdminNegativeTestJSON:test_aggregate_remove_host_as_user): 403 POST http://10.180.1.21/compute/v2.1/os-aggregates/7/action 1.008s
2025-03-06 03:50:12.711 68565 INFO tempest.lib.common.rest_client [req-a7514083-d404-4ac3-b9cc-2527a1310e64 req-a7514083-d404-4ac3-b9cc-2527a1310e64 ] Request (FlavorsAdminTestJSON:test_is_public_string_variations): 200 GET http://10.180.1.21/compute/v2.1/flavors/detail?is_public=0 0.996s
2025-03-06 03:50:12.845 68551 INFO tempest.lib.common.rest_client [req-766ae357-2a39-40a6-8eb9-27ef4769c059 req-766ae357-2a39-40a6-8eb9-27ef4769c059 ] Request (ImagesOneServerTestJSON:setUpClass): 202 POST http://10.180.1.21/compute/v2.1/servers 1.451s
2025-03-06 03:50:12.943 68595 INFO tempest.lib.common.rest_client [req-9c786b82-56ff-453c-88c6-9adb17329d76 req-9c786b82-56ff-453c-88c6-9adb17329d76 ] Request (SecurityGroupsTestAdminJSON:test_list_security_groups_list_all_tenants_filter): 200 POST http://10.180.1.21/compute/v2.1/os-security-groups 1.052s
2025-03-06 03:50:12.956 68609 INFO tempest.lib.common.rest_client [req-0abf3833-1710-4df6-81f2-29d8f1315bdf req-0abf3833-1710-4df6-81f2-29d8f1315bdf ] Request (KeyPairsV210TestJSON:test_admin_manage_keypairs_for_other_users): 200 GET http://10.180.1.21/compute/v2.1/os-keypairs?user_id=2d1e54503dd5456f9633e7eb28d0095a 0.860s
2025-03-06 03:50:12.977 68571 INFO tempest.lib.common.rest_client [req-07bc0a02-990e-443f-b092-2c10aba9f97a req-07bc0a02-990e-443f-b092-2c10aba9f97a ] Request (FloatingIPDetailsTestJSON:tearDownClass): 204 DELETE http://10.180.1.21:9696/networking/v2.0/routers/ef179d31-ca2b-4ef4-ad81-84678d72c1b9 0.797s
2025-03-06 03:50:12.988 68575 INFO tempest.lib.common.rest_client [req-101e3cc4-0a64-41f6-835a-74afd3af5696 req-101e3cc4-0a64-41f6-835a-74afd3af5696 ] Request (AZV2TestJSON:tearDownClass): 200 GET http://10.180.1.21:9696/networking/v2.0/security-groups?tenant_id=ccf82ab8e775479f94507aa082f54fb4&name=default 0.472s
2025-03-06 03:50:13.002 68583 INFO tempest.lib.common.rest_client [req-fa8ce37b-16e2-4b89-8e09-a7caaa93e8b3 req-fa8ce37b-16e2-4b89-8e09-a7caaa93e8b3 ] Request (KeyPairsV2TestJSON:test_keypairs_create_list_delete): 200 POST http://10.180.1.21/compute/v2.1/os-keypairs 0.868s
2025-03-06 03:50:13.003 68582 INFO tempest.lib.common.rest_client [req-d47af4a5-818c-45f5-b058-62d12b0bee4b req-d47af4a5-818c-45f5-b058-62d12b0bee4b ] Request (ImagesOneServerNegativeTestJSON:tearDown): 200 GET http://10.180.1.21/compute/v2.1/servers/38c86c2b-9b2b-482e-b26d-066208467202 1.103s
2025-03-06 03:50:13.076 68567 INFO tempest.lib.common.rest_client [req-4486693c-d316-4f5a-941f-f0987a999ca4 req-4486693c-d316-4f5a-941f-f0987a999ca4 ] Request (ServersTestBootFromVolume:setUpClass): 200 GET http://10.180.1.21/volume/v3/volumes/9bb63a6b-3e52-4693-a250-876762d38f26 0.036s
2025-03-06 03:50:13.099 68604 INFO tempest.lib.common.rest_client [req-6948fb7a-ab0d-401f-a1a0-ff5c2a18b7b4 req-6948fb7a-ab0d-401f-a1a0-ff5c2a18b7b4 ] Request (ServersListShow298Test:test_list_show_update_rebuild_server_298): 200 GET http://10.180.1.21/compute/v2.1/servers/68a4e635-381d-4dc2-879c-5581cd5e189a 0.759s
2025-03-06 03:50:13.138 68575 INFO tempest.lib.common.rest_client [req-ce45c579-5936-49da-9aa9-d11ed998061a req-ce45c579-5936-49da-9aa9-d11ed998061a ] Request (AZV2TestJSON:tearDownClass): 204 DELETE http://10.180.1.21:9696/networking/v2.0/security-groups/23282f7e-d3b9-4791-9f53-80fbde289590 0.149s
2025-03-06 03:50:13.191 68571 INFO tempest.lib.common.rest_client [req-155748d9-55e8-45f3-a3e4-3fea5ce1d914 req-155748d9-55e8-45f3-a3e4-3fea5ce1d914 ] Request (FloatingIPDetailsTestJSON:tearDownClass): 204 DELETE http://10.180.1.21:9696/networking/v2.0/subnets/dadacd43-f204-4027-9683-6464c98be298 0.214s
2025-03-06 03:50:13.217 68575 INFO tempest.lib.common.rest_client [req-f9371a0e-8644-4d0d-b231-96a5512dcc31 req-f9371a0e-8644-4d0d-b231-96a5512dcc31 ] Request (AZV2TestJSON:tearDownClass): 204 DELETE http://10.180.1.21/identity/v3/projects/ccf82ab8e775479f94507aa082f54fb4 0.079s
2025-03-06 03:50:13.260 68585 INFO tempest.lib.common.rest_client [req-065b31e9-1733-4b6f-8573-d7eba8f93851 req-065b31e9-1733-4b6f-8573-d7eba8f93851 ] Request (SecurityGroupRulesTestJSON:tearDownClass): 202 DELETE http://10.180.1.21/compute/v2.1/os-security-groups/95a38c7c-dd8d-4dbe-958e-ee8192d26bbd 0.890s
2025-03-06 03:50:13.297 68575 INFO tempest.lib.common.rest_client [req-bdad6c97-9e47-414a-bfb6-b568f4a0d286 req-bdad6c97-9e47-414a-bfb6-b568f4a0d286 ] Request (InstanceActionsTestJSON:setUpClass): 201 POST http://10.180.1.21/identity/v3/auth/tokens 0.078s
2025-03-06 03:50:13.332 68601 INFO tempest.lib.common.rest_client [req-80f77dd8-fc98-45f8-b575-ffeedb6cd3a5 req-80f77dd8-fc98-45f8-b575-ffeedb6cd3a5 ] Request (ServerRescueNegativeTestJSON:setUpClass): 200 GET http://10.180.1.21/compute/v2.1/servers/2812bf7c-5117-4fd9-9330-0cc94277bf5d 0.911s
2025-03-06 03:50:13.343 68575 INFO tempest.lib.common.rest_client [req-3bae8217-7efb-4221-8e07-8c0a68a7ffd6 req-3bae8217-7efb-4221-8e07-8c0a68a7ffd6 ] Request (InstanceActionsTestJSON:setUpClass): 201 POST http://10.180.1.21/identity/v3/auth/tokens 0.043s
2025-03-06 03:50:13.378 68575 INFO tempest.lib.common.rest_client [req-e0c61e0f-054f-48f6-a5bb-effa9f85a7e4 req-e0c61e0f-054f-48f6-a5bb-effa9f85a7e4 ] Request (InstanceActionsTestJSON:setUpClass): 200 GET http://10.180.1.21/identity/v3/domains?name=Default 0.034s
2025-03-06 03:50:13.412 68575 INFO tempest.lib.common.rest_client [req-3b763cac-7934-4280-9e11-bcccc78bd4bf req-3b763cac-7934-4280-9e11-bcccc78bd4bf ] Request (InstanceActionsTestJSON:setUpClass): 201 POST http://10.180.1.21/identity/v3/projects 0.033s
2025-03-06 03:50:13.493 68575 INFO tempest.lib.common.rest_client [req-5aff63a3-4937-47ef-8e48-43952d418b7f req-5aff63a3-4937-47ef-8e48-43952d418b7f ] Request (InstanceActionsTestJSON:setUpClass): 201 POST http://10.180.1.21/identity/v3/users 0.080s
2025-03-06 03:50:13.527 68575 INFO tempest.lib.common.rest_client [req-ec07bbfc-90d1-427b-9f8e-0110a1d46cb0 req-ec07bbfc-90d1-427b-9f8e-0110a1d46cb0 ] Request (InstanceActionsTestJSON:setUpClass): 200 GET http://10.180.1.21/identity/v3/roles 0.033s
2025-03-06 03:50:13.560 68575 INFO tempest.lib.common.rest_client [req-af4ceddc-73ae-4d99-a162-42f479b9eacc req-af4ceddc-73ae-4d99-a162-42f479b9eacc ] Request (InstanceActionsTestJSON:setUpClass): 204 PUT http://10.180.1.21/identity/v3/projects/c98b110be96f495ab5ef126a45b8328e/users/3ff2dd2bd88e454495b02259b5728894/roles/47325c72d09e4bf39f28d888e708707d 0.032s
2025-03-06 03:50:13.560 68575 INFO tempest.lib.common.dynamic_creds [-] Dynamic test user 3ff2dd2bd88e454495b02259b5728894 is created with scope project and roles: ['member']
2025-03-06 03:50:13.560 68575 INFO tempest.lib.common.dynamic_creds [-] Acquired dynamic creds: credentials: Credentials: {'domain_id': 'default', 'domain_name': 'Default', 'username': 'tempest-InstanceActionsTestJSON-1758791882-project-member', 'project_domain_id': 'default', 'project_domain_name': 'Default', 'project_id': 'c98b110be96f495ab5ef126a45b8328e', 'project_name': 'tempest-InstanceActionsTestJSON-1758791882', 'tenant_id': 'c98b110be96f495ab5ef126a45b8328e', 'tenant_name': 'tempest-InstanceActionsTestJSON-1758791882', 'user_domain_id': 'default', 'user_domain_name': 'Default', 'user_id': '3ff2dd2bd88e454495b02259b5728894', 'system': None}, Network: None, Subnet: None, Router: None
2025-03-06 03:50:13.569 68571 INFO tempest.lib.common.rest_client [req-b892531c-d917-4d4e-89d8-3423ac04ea5c req-b892531c-d917-4d4e-89d8-3423ac04ea5c ] Request (FloatingIPDetailsTestJSON:tearDownClass): 204 DELETE http://10.180.1.21:9696/networking/v2.0/networks/6720cbf8-50b5-4191-984e-32e6c77336df 0.377s
2025-03-06 03:50:13.595 68587 INFO tempest.lib.common.rest_client [req-95d80a37-5b6f-4057-b3df-ceafd1f35ffc req-95d80a37-5b6f-4057-b3df-ceafd1f35ffc ] Request (ServerGroupTestJSON:test_create_server_with_scheduler_hint_group): 202 POST http://10.180.1.21/compute/v2.1/servers 1.362s
2025-03-06 03:50:13.627 68575 INFO tempest.lib.common.rest_client [req-82fb3b2e-1be1-414e-b8e9-8b2c478da1ed req-82fb3b2e-1be1-414e-b8e9-8b2c478da1ed ] Request (InstanceActionsTestJSON:setUpClass): 201 POST http://10.180.1.21/identity/v3/auth/tokens 0.066s
2025-03-06 03:50:13.635 68565 INFO tempest.lib.common.rest_client [req-423a520f-58e3-49e3-98a3-104c572eeccd req-423a520f-58e3-49e3-98a3-104c572eeccd ] Request (FlavorsAdminTestJSON:test_is_public_string_variations): 200 GET http://10.180.1.21/compute/v2.1/flavors/detail?is_public=t 0.921s
