2025-03-06 03:49:44.338 68611 INFO tempest.lib.common.dynamic_creds [-] Acquired dynamic creds: credentials: Credentials: {'domain_id': 'default', 'domain_name': 'Default', 'username': 'tempest-AttachInterfacesUnderV243Test-1967494767-project-member', 'project_domain_id': 'default', 'project_domain_name': 'Default', 'project_id': '91c6b7158b6c4082876f94b32495a113', 'project_name': 'tempest-AttachInterfacesUnderV243Test-1967494767', 'tenant_id': '91c6b7158b6c4082876f94b32495a113', 'tenant_name': 'tempest-AttachInterfacesUnderV243Test-1967494767', 'user_domain_id': 'default', 'user_domain_name': 'Default', 'user_id': '93a6beddad844c838bf1fb0707dcbc64', 'system': None}, Network: None, Subnet: None, Router: None
2025-03-06 03:49:44.349 68555 INFO tempest.lib.common.rest_client [req-f0a5bc5e-b566-4aeb-bf0c-2b7207f30425 req-f0a5bc5e-b566-4aeb-bf0c-2b7207f30425 ] Request (ImagesNegativeTestJSON:setUpClass): 201 POST http://10.180.1.21:9696/networking/v2.0/routers 3.937s
2025-03-06 03:49:44.402 68593 INFO tempest.lib.common.rest_client [req-f185dec1-0db5-418a-aa9f-a7c6373089b9 req-f185dec1-0db5-418a-aa9f-a7c6373089b9 ] Request (FlavorsV2NegativeTest:setUpClass): 200 GET http://10.180.1.21/identity/v3/domains?name=Default 0.077s
2025-03-06 03:49:44.428 68611 INFO tempest.lib.common.rest_client [req-50acc7b7-4e14-470b-9c91-071385b9adad req-50acc7b7-4e14-470b-9c91-071385b9adad ] Request (AttachInterfacesUnderV243Test:setUpClass): 201 POST http://10.180.1.21/identity/v3/auth/tokens 0.090s
2025-03-06 03:49:44.471 68579 INFO tempest.lib.common.rest_client [req-eaa7a8ea-0d60-4e4e-ae40-a77d2e6888f0 req-eaa7a8ea-0d60-4e4e-ae40-a77d2e6888f0 ] Request (QuotasAdminTestV236:test_get_updated_quotas): 200 GET http://10.180.1.21/compute/v2.1/os-quota-sets/1532d07fdaae4d29943fb321847e8123?user_id=fd56fd161c6e4240994406eacc3dadac 2.712s
2025-03-06 03:49:44.482 68593 INFO tempest.lib.common.rest_client [req-0e94a08f-ec3f-45e5-9195-ad59ebdd7836 req-0e94a08f-ec3f-45e5-9195-ad59ebdd7836 ] Request (FlavorsV2NegativeTest:setUpClass): 201 POST http://10.180.1.21/identity/v3/projects 0.079s
2025-03-06 03:49:44.588 68579 INFO tempest.lib.common.rest_client [req-544b6256-4dad-44fa-9268-3e2ffb112646 req-544b6256-4dad-44fa-9268-3e2ffb112646 ] Request (QuotasAdminTestV236:_run_cleanups): 204 DELETE http://10.180.1.21/identity/v3/users/fd56fd161c6e4240994406eacc3dadac 0.114s
2025-03-06 03:49:44.648 68593 INFO tempest.lib.common.rest_client [req-2c1ea986-39e3-4149-a8ab-29a8c02eed04 req-2c1ea986-39e3-4149-a8ab-29a8c02eed04 ] Request (FlavorsV2NegativeTest:setUpClass): 201 POST http://10.180.1.21/identity/v3/users 0.165s
2025-03-06 03:49:44.684 68593 INFO tempest.lib.common.rest_client [req-dae0729f-38d3-4953-8348-90b56fbd6056 req-dae0729f-38d3-4953-8348-90b56fbd6056 ] Request (FlavorsV2NegativeTest:setUpClass): 200 GET http://10.180.1.21/identity/v3/roles 0.036s
2025-03-06 03:49:44.721 68593 INFO tempest.lib.common.rest_client [req-506b9355-ac44-46cd-8228-9b16fdb8d551 req-506b9355-ac44-46cd-8228-9b16fdb8d551 ] Request (FlavorsV2NegativeTest:setUpClass): 204 PUT http://10.180.1.21/identity/v3/projects/b320632c9dac404f8af6987dc450317d/users/f5444f0a997b4f7f958172eb66f72b9f/roles/47325c72d09e4bf39f28d888e708707d 0.036s
2025-03-06 03:49:44.721 68593 INFO tempest.lib.common.dynamic_creds [-] Dynamic test user f5444f0a997b4f7f958172eb66f72b9f is created with scope project and roles: ['member']
2025-03-06 03:49:44.721 68593 INFO tempest.lib.common.dynamic_creds [-] Acquired dynamic creds: credentials: Credentials: {'domain_id': 'default', 'domain_name': 'Default', 'username': 'tempest-FlavorsV2NegativeTest-307790917-project-member', 'project_domain_id': 'default', 'project_domain_name': 'Default', 'project_id': 'b320632c9dac404f8af6987dc450317d', 'project_name': 'tempest-FlavorsV2NegativeTest-307790917', 'tenant_id': 'b320632c9dac404f8af6987dc450317d', 'tenant_name': 'tempest-FlavorsV2NegativeTest-307790917', 'user_domain_id': 'default', 'user_domain_name': 'Default', 'user_id': 'f5444f0a997b4f7f958172eb66f72b9f', 'system': None}, Network: None, Subnet: None, Router: None
2025-03-06 03:49:44.721 68593 INFO tempest.lib.common.dynamic_creds [-] Created isolated network resources for: credentials: Credentials: {'domain_id': 'default', 'domain_name': 'Default', 'username': 'tempest-FlavorsV2NegativeTest-307790917-project-member', 'project_domain_id': 'default', 'project_domain_name': 'Default', 'project_id': 'b320632c9dac404f8af6987dc450317d', 'project_name': 'tempest-FlavorsV2NegativeTest-307790917', 'tenant_id': 'b320632c9dac404f8af6987dc450317d', 'tenant_name': 'tempest-FlavorsV2NegativeTest-307790917', 'user_domain_id': 'default', 'user_domain_name': 'Default', 'user_id': 'f5444f0a997b4f7f958172eb66f72b9f', 'system': None}, Network: None, Subnet: None, Router: None
2025-03-06 03:49:44.760 68609 INFO tempest.lib.common.rest_client [req-722c78eb-e280-4c0f-bf7a-e47acfed76e9 req-722c78eb-e280-4c0f-bf7a-e47acfed76e9 ] Request (FlavorsExtraSpecsNegativeTestJSON:tearDownClass): 200 GET http://10.180.1.21:9696/networking/v2.0/security-groups?tenant_id=295ce1b43463427293126cda0ba22c1e&name=default 0.630s
2025-03-06 03:49:44.764 68579 INFO tempest.lib.common.rest_client [req-ba5b70a3-9f67-4506-a526-494bfd08842e req-ba5b70a3-9f67-4506-a526-494bfd08842e ] Request (QuotasAdminTestV236:_run_cleanups): 204 DELETE http://10.180.1.21/identity/v3/projects/1532d07fdaae4d29943fb321847e8123 0.176s
2025-03-06 03:49:44.798 68593 INFO tempest.lib.common.rest_client [req-32e8058b-441f-4f89-b38d-6f429ba55d81 req-32e8058b-441f-4f89-b38d-6f429ba55d81 ] Request (FlavorsV2NegativeTest:setUpClass): 201 POST http://10.180.1.21/identity/v3/auth/tokens 0.073s
2025-03-06 03:49:44.884 68579 INFO tempest.lib.common.rest_client [req-e3742fa3-21a4-4f89-9471-27ec512f2aff req-e3742fa3-21a4-4f89-9471-27ec512f2aff ] Request (QuotasAdminTestV236:tearDownClass): 204 DELETE http://10.180.1.21/identity/v3/users/950fdade08eb4a829de83041698b2de4 0.117s
2025-03-06 03:49:44.984 68609 INFO tempest.lib.common.rest_client [req-0c7d53d1-60af-4f79-9cd0-3d79fbeecf96 req-0c7d53d1-60af-4f79-9cd0-3d79fbeecf96 ] Request (FlavorsExtraSpecsNegativeTestJSON:tearDownClass): 204 DELETE http://10.180.1.21:9696/networking/v2.0/security-groups/c4ec3c62-0748-45b7-8c8c-521e7c440fc7 0.223s
2025-03-06 03:49:44.988 68579 INFO tempest.lib.common.rest_client [req-7e27fca3-c25e-48e0-b0b7-993383be0ea3 req-7e27fca3-c25e-48e0-b0b7-993383be0ea3 ] Request (QuotasAdminTestV236:tearDownClass): 204 DELETE http://10.180.1.21/identity/v3/users/c786b6ef3d8447e897e43423a7d700bc 0.103s
2025-03-06 03:49:44.988 68579 INFO tempest.lib.common.dynamic_creds [-] Deleting project and security group for project: 7c02a4d09ded459bb321945f96fe215b
2025-03-06 03:49:45.061 68579 INFO tempest.lib.common.rest_client [req-65a0faa5-42ce-4d04-ae74-afaff105e8b8 req-65a0faa5-42ce-4d04-ae74-afaff105e8b8 ] Request (QuotasAdminTestV236:tearDownClass): 201 POST http://10.180.1.21/identity/v3/auth/tokens 0.072s
2025-03-06 03:49:45.077 68611 INFO tempest.lib.common.rest_client [req-d05bcdc0-1826-4ad8-afd9-9975aad3186d req-d05bcdc0-1826-4ad8-afd9-9975aad3186d ] Request (AttachInterfacesUnderV243Test:setUpClass): 201 POST http://10.180.1.21:9696/networking/v2.0/networks 0.648s
2025-03-06 03:49:45.098 68609 INFO tempest.lib.common.rest_client [req-bf9b3eff-ee46-4f94-a9bd-09b392ebc19d req-bf9b3eff-ee46-4f94-a9bd-09b392ebc19d ] Request (FlavorsExtraSpecsNegativeTestJSON:tearDownClass): 204 DELETE http://10.180.1.21/identity/v3/projects/295ce1b43463427293126cda0ba22c1e 0.113s
2025-03-06 03:49:45.098 68609 INFO tempest.lib.common.dynamic_creds [-] Deleting project and security group for project: b25fc8ae03514064beb4632e29e699e3
2025-03-06 03:49:45.182 68606 INFO tempest.lib.common.rest_client [req-e5ed1064-88e2-4b62-a006-0115332882bf req-e5ed1064-88e2-4b62-a006-0115332882bf ] Request (TenantUsagesNegativeTestJSON:tearDownClass): 200 GET http://10.180.1.21:9696/networking/v2.0/security-groups?tenant_id=9a3be33477514c2d8dc49b462a4af94a&name=default 0.874s
2025-03-06 03:49:45.264 68557 INFO tempest.lib.common.rest_client [req-150caf99-17f8-4d3a-a288-87aff394bc37 req-150caf99-17f8-4d3a-a288-87aff394bc37 ] Request (ServersWithSpecificFlavorTestJSON:test_verify_created_server_ephemeral_disk): 202 POST http://10.180.1.21/compute/v2.1/servers 4.092s
2025-03-06 03:49:45.294 68601 INFO tempest.lib.common.rest_client [req-05b7b6c6-f3cc-406c-a257-d8ee740f8849 req-05b7b6c6-f3cc-406c-a257-d8ee740f8849 ] Request (ServerRescueNegativeTestJSON:setUpClass): 200 PUT http://10.180.1.21:9696/networking/v2.0/routers/6b2ba432-05be-4731-9a90-09659a3c1db0/add_router_interface 4.940s
2025-03-06 03:49:45.294 68601 INFO tempest.lib.common.dynamic_creds [-] Created isolated network resources for: credentials: Credentials: {'domain_id': 'default', 'domain_name': 'Default', 'username': 'tempest-ServerRescueNegativeTestJSON-1058840264-project-member', 'project_domain_id': 'default', 'project_domain_name': 'Default', 'project_id': '963898fb1cae4e6e9438ace9dd437f9e', 'project_name': 'tempest-ServerRescueNegativeTestJSON-1058840264', 'tenant_id': '963898fb1cae4e6e9438ace9dd437f9e', 'tenant_name': 'tempest-ServerRescueNegativeTestJSON-1058840264', 'user_domain_id': 'default', 'user_domain_name': 'Default', 'user_id': 'bc3bd33b2e2143f8be165a10e4665c7c', 'system': None}, Network: {'id': '776cc66b-482e-4bd5-9d6f-271e5ae6e382', 'name': 'tempest-ServerRescueNegativeTestJSON-327461711-network', 'tenant_id': '963898fb1cae4e6e9438ace9dd437f9e', 'admin_state_up': True, 'mtu': 8950, 'status': 'ACTIVE', 'subnets': [], 'shared': False, 'project_id': '963898fb1cae4e6e9438ace9dd437f9e', 'port_security_enabled': True, 'router:external': False, 'provider:network_type': 'vlan', 'provider:physical_network': 'default', 'provider:segmentation_id': 24, 'availability_zone_hints': [], 'availability_zones': [], 'ipv4_address_scope': None, 'ipv6_address_scope': None, 'description': '', 'tags': [], 'created_at': '2025-03-06T03:49:36Z', 'updated_at': '2025-03-06T03:49:36Z', 'revision_number': 1}, Subnet: {'id': '40c99fa5-bd35-4052-834e-d1fa9af46777', 'name': 'tempest-ServerRescueNegativeTestJSON-327461711-subnet', 'tenant_id': '963898fb1cae4e6e9438ace9dd437f9e', 'network_id': '776cc66b-482e-4bd5-9d6f-271e5ae6e382', 'ip_version': 4, 'subnetpool_id': None, 'enable_dhcp': True, 'ipv6_ra_mode': None, 'ipv6_address_mode': None, 'gateway_ip': '192.168.128.1', 'cidr': '192.168.128.0/28', 'allocation_pools': [{'start': '192.168.128.2', 'end': '192.168.128.14'}], 'host_routes': [], 'dns_nameservers': [], 'description': '', 'router:external': False, 'service_types': [], 'tags': [], 'created_at': '2025-03-06T03:49:37Z', 'updated_at': '2025-03-06T03:49:37Z', 'revision_number': 0, 'project_id': '963898fb1cae4e6e9438ace9dd437f9e'}, Router: {'id': '6b2ba432-05be-4731-9a90-09659a3c1db0', 'name': 'tempest-ServerRescueNegativeTestJSON-327461711-router', 'tenant_id': '963898fb1cae4e6e9438ace9dd437f9e', 'admin_state_up': True, 'status': 'ACTIVE', 'external_gateway_info': {'network_id': 'c381d054-8064-4145-bd05-3b44b333a03d', 'external_fixed_ips': [{'subnet_id': '59766f6e-7b02-459f-948a-73fc77ef4101', 'ip_address': '10.180.180.222'}], 'enable_snat': True}, 'description': '', 'availability_zones': [], 'distributed': False, 'ha': False, 'availability_zone_hints': [], 'routes': [], 'flavor_id': None, 'tags': [], 'created_at': '2025-03-06T03:49:37Z', 'updated_at': '2025-03-06T03:49:38Z', 'revision_number': 2, 'project_id': '963898fb1cae4e6e9438ace9dd437f9e'}
2025-03-06 03:49:45.385 68609 INFO tempest.lib.common.rest_client [req-2ff4da91-e7af-40c9-ba51-8f7bb12eee07 req-2ff4da91-e7af-40c9-ba51-8f7bb12eee07 ] Request (FlavorsExtraSpecsNegativeTestJSON:tearDownClass): 200 GET http://10.180.1.21:9696/networking/v2.0/security-groups?tenant_id=b25fc8ae03514064beb4632e29e699e3&name=default 0.286s
2025-03-06 03:49:45.394 68601 INFO tempest.lib.common.rest_client [req-fc42a24d-2b75-4fd6-8d09-f03f90459acc req-fc42a24d-2b75-4fd6-8d09-f03f90459acc ] Request (ServerRescueNegativeTestJSON:setUpClass): 201 POST http://10.180.1.21/identity/v3/auth/tokens 0.091s
2025-03-06 03:49:45.404 68582 INFO tempest.lib.common.rest_client [req-f1a6f6cb-9871-467e-9cbf-2dd9e513cfae req-f1a6f6cb-9871-467e-9cbf-2dd9e513cfae ] Request (ImagesOneServerNegativeTestJSON:setUpClass): 200 GET http://10.180.1.21/compute/v2.1/servers/38c86c2b-9b2b-482e-b26d-066208467202 3.294s
2025-03-06 03:49:45.446 68601 INFO tempest.lib.common.rest_client [req-82ac396b-353a-4f7c-ba06-634cff56e94b req-82ac396b-353a-4f7c-ba06-634cff56e94b ] Request (ServerRescueNegativeTestJSON:setUpClass): 201 POST http://10.180.1.21/identity/v3/auth/tokens 0.049s
2025-03-06 03:49:45.447 68601 INFO tempest.lib.common.fixed_network [-] (ServerRescueNegativeTestJSON:setUpClass) Found network {'id': '776cc66b-482e-4bd5-9d6f-271e5ae6e382', 'name': 'tempest-ServerRescueNegativeTestJSON-327461711-network', 'tenant_id': '963898fb1cae4e6e9438ace9dd437f9e', 'admin_state_up': True, 'mtu': 8950, 'status': 'ACTIVE', 'subnets': [], 'shared': False, 'project_id': '963898fb1cae4e6e9438ace9dd437f9e', 'port_security_enabled': True, 'router:external': False, 'provider:network_type': 'vlan', 'provider:physical_network': 'default', 'provider:segmentation_id': 24, 'availability_zone_hints': [], 'availability_zones': [], 'ipv4_address_scope': None, 'ipv6_address_scope': None, 'description': '', 'tags': [], 'created_at': '2025-03-06T03:49:36Z', 'updated_at': '2025-03-06T03:49:36Z', 'revision_number': 1} available for tenant
2025-03-06 03:49:45.457 68587 INFO tempest.lib.common.rest_client [req-78c4e933-325a-403f-8243-bcd15ceca69a req-78c4e933-325a-403f-8243-bcd15ceca69a ] Request (HypervisorAdminV253TestBase:test_list_show_detail_hypervisors): 200 GET http://10.180.1.21/compute/v2.1/os-hypervisors?with_servers=True 3.142s
2025-03-06 03:49:45.527 68607 INFO tempest.lib.common.rest_client [req-f5a8e1ae-1783-4182-8ee8-d3c840d01229 req-f5a8e1ae-1783-4182-8ee8-d3c840d01229 ] Request (ServersTestJSON:setUpClass): 200 PUT http://10.180.1.21:9696/networking/v2.0/routers/580682aa-a2c1-462d-83f8-a901c81d5b37/add_router_interface 1.834s
2025-03-06 03:49:45.527 68607 INFO tempest.lib.common.dynamic_creds [-] Created isolated network resources for: credentials: Credentials: {'domain_id': 'default', 'domain_name': 'Default', 'username': 'tempest-ServersTestJSON-367674289-project-member', 'project_domain_id': 'default', 'project_domain_name': 'Default', 'project_id': '3636e6c8e70e4996ac83a672732a1ff6', 'project_name': 'tempest-ServersTestJSON-367674289', 'tenant_id': '3636e6c8e70e4996ac83a672732a1ff6', 'tenant_name': 'tempest-ServersTestJSON-367674289', 'user_domain_id': 'default', 'user_domain_name': 'Default', 'user_id': 'af2bbbfcc44f4432987807f8b20c6776', 'system': None}, Network: {'id': '5ac85be5-912a-40f7-ab75-c8f92fd03aea', 'name': 'tempest-ServersTestJSON-1005153090-network', 'tenant_id': '3636e6c8e70e4996ac83a672732a1ff6', 'admin_state_up': True, 'mtu': 8950, 'status': 'ACTIVE', 'subnets': [], 'shared': False, 'project_id': '3636e6c8e70e4996ac83a672732a1ff6', 'port_security_enabled': True, 'router:external': False, 'provider:network_type': 'vlan', 'provider:physical_network': 'default', 'provider:segmentation_id': 81, 'availability_zone_hints': [], 'availability_zones': [], 'ipv4_address_scope': None, 'ipv6_address_scope': None, 'description': '', 'tags': [], 'created_at': '2025-03-06T03:49:41Z', 'updated_at': '2025-03-06T03:49:41Z', 'revision_number': 1}, Subnet: {'id': '3ea78304-89ae-4c3f-9724-801d19c7151c', 'name': 'tempest-ServersTestJSON-1005153090-subnet', 'tenant_id': '3636e6c8e70e4996ac83a672732a1ff6', 'network_id': '5ac85be5-912a-40f7-ab75-c8f92fd03aea', 'ip_version': 4, 'subnetpool_id': None, 'enable_dhcp': True, 'ipv6_ra_mode': None, 'ipv6_address_mode': None, 'gateway_ip': '192.168.128.1', 'cidr': '192.168.128.0/28', 'allocation_pools': [{'start': '192.168.128.2', 'end': '192.168.128.14'}], 'host_routes': [], 'dns_nameservers': [], 'description': '', 'router:external': False, 'service_types': [], 'tags': [], 'created_at': '2025-03-06T03:49:41Z', 'updated_at': '2025-03-06T03:49:41Z', 'revision_number': 0, 'project_id': '3636e6c8e70e4996ac83a672732a1ff6'}, Router: {'id': '580682aa-a2c1-462d-83f8-a901c81d5b37', 'name': 'tempest-ServersTestJSON-1005153090-router', 'tenant_id': '3636e6c8e70e4996ac83a672732a1ff6', 'admin_state_up': True, 'status': 'ACTIVE', 'external_gateway_info': {'network_id': 'c381d054-8064-4145-bd05-3b44b333a03d', 'external_fixed_ips': [{'subnet_id': '59766f6e-7b02-459f-948a-73fc77ef4101', 'ip_address': '10.180.180.145'}], 'enable_snat': True}, 'description': '', 'availability_zones': [], 'distributed': False, 'ha': False, 'availability_zone_hints': [], 'routes': [], 'flavor_id': None, 'tags': [], 'created_at': '2025-03-06T03:49:42Z', 'updated_at': '2025-03-06T03:49:43Z', 'revision_number': 2, 'project_id': '3636e6c8e70e4996ac83a672732a1ff6'}
2025-03-06 03:49:45.540 68579 INFO tempest.lib.common.rest_client [req-f113fd40-d61e-4aec-ae52-8fd3cc0a2aed req-f113fd40-d61e-4aec-ae52-8fd3cc0a2aed ] Request (QuotasAdminTestV236:tearDownClass): 200 GET http://10.180.1.21:9696/networking/v2.0/security-groups?tenant_id=7c02a4d09ded459bb321945f96fe215b&name=default 0.479s
2025-03-06 03:49:45.583 68559 INFO tempest.lib.common.rest_client [req-0dfaef2b-b723-412d-9d9d-3b3b122816e8 req-0dfaef2b-b723-412d-9d9d-3b3b122816e8 ] Request (ServersAdmin275Test:test_rebuild_update_server_275): 200 GET http://10.180.1.21/compute/v2.1/servers/e8ed7cfc-7ef1-4bc7-bebe-624f1ba69f67 3.105s
2025-03-06 03:49:45.632 68607 INFO tempest.lib.common.rest_client [req-9d323e55-e282-4d62-95fb-4cfab18e3a96 req-9d323e55-e282-4d62-95fb-4cfab18e3a96 ] Request (ServersTestJSON:setUpClass): 201 POST http://10.180.1.21/identity/v3/auth/tokens 0.098s
2025-03-06 03:49:45.634 68609 INFO tempest.lib.common.rest_client [req-e959c063-3717-4eba-9946-a816d37b40e3 req-e959c063-3717-4eba-9946-a816d37b40e3 ] Request (FlavorsExtraSpecsNegativeTestJSON:tearDownClass): 204 DELETE http://10.180.1.21:9696/networking/v2.0/security-groups/dce0833e-fc03-4ac1-9a13-2b5c8c28d68f 0.249s
2025-03-06 03:49:45.639 68611 INFO tempest.lib.common.rest_client [req-5fbd66da-73ce-493f-9b41-deb1028bc580 req-5fbd66da-73ce-493f-9b41-deb1028bc580 ] Request (AttachInterfacesUnderV243Test:setUpClass): 201 POST http://10.180.1.21:9696/networking/v2.0/subnets 0.561s
2025-03-06 03:49:45.659 68607 INFO tempest.lib.common.rest_client [req-40ee1887-1b20-4482-a12d-4a192607011e req-40ee1887-1b20-4482-a12d-4a192607011e ] Request (ServersTestJSON:setUpClass): 200 GET http://10.180.1.21/identity/v3/projects/3636e6c8e70e4996ac83a672732a1ff6 0.025s
2025-03-06 03:49:45.659 68607 INFO tempest.lib.common.dynamic_creds [-] Using the existing project 3636e6c8e70e4996ac83a672732a1ff6 for scope project and roles: ['reader']
2025-03-06 03:49:45.689 68607 INFO tempest.lib.common.rest_client [req-c77863ab-63a7-4e8a-8cfb-0d868abb14b5 req-c77863ab-63a7-4e8a-8cfb-0d868abb14b5 ] Request (ServersTestJSON:setUpClass): 201 POST http://10.180.1.21/identity/v3/users 0.030s
2025-03-06 03:49:45.732 68607 INFO tempest.lib.common.rest_client [req-ac1b8162-1542-495f-9153-05d06fdcbbc3 req-ac1b8162-1542-495f-9153-05d06fdcbbc3 ] Request (ServersTestJSON:setUpClass): 200 GET http://10.180.1.21/identity/v3/roles 0.042s
2025-03-06 03:49:45.735 68606 INFO tempest.lib.common.rest_client [req-35f579fa-5007-4d45-8709-9c93807a9f34 req-35f579fa-5007-4d45-8709-9c93807a9f34 ] Request (TenantUsagesNegativeTestJSON:tearDownClass): 204 DELETE http://10.180.1.21:9696/networking/v2.0/security-groups/481e1a53-2dd3-4885-a463-da8f3d4e3c15 0.553s
2025-03-06 03:49:45.743 68609 INFO tempest.lib.common.rest_client [req-96afc5f0-16a5-46a3-bb8d-15b230a170bd req-96afc5f0-16a5-46a3-bb8d-15b230a170bd ] Request (FlavorsExtraSpecsNegativeTestJSON:tearDownClass): 204 DELETE http://10.180.1.21/identity/v3/projects/b25fc8ae03514064beb4632e29e699e3 0.108s
2025-03-06 03:49:45.768 68579 INFO tempest.lib.common.rest_client [req-3438da6d-368f-4335-a7aa-8aa33c7df9b8 req-3438da6d-368f-4335-a7aa-8aa33c7df9b8 ] Request (QuotasAdminTestV236:tearDownClass): 204 DELETE http://10.180.1.21:9696/networking/v2.0/security-groups/36a857d8-e116-45c0-bced-950091978848 0.226s
2025-03-06 03:49:45.831 68607 INFO tempest.lib.common.rest_client [req-228bf2de-10b6-4b6b-a04f-9cbe1161ce81 req-228bf2de-10b6-4b6b-a04f-9cbe1161ce81 ] Request (ServersTestJSON:setUpClass): 204 PUT http://10.180.1.21/identity/v3/projects/3636e6c8e70e4996ac83a672732a1ff6/users/505ce7289aca459faeedc1be65fceab8/roles/fa00a131b5e84dc98bce322bf15b141c 0.098s
2025-03-06 03:49:45.831 68607 INFO tempest.lib.common.dynamic_creds [-] Dynamic test user 505ce7289aca459faeedc1be65fceab8 is created with scope project and roles: ['reader']
2025-03-06 03:49:45.831 68607 INFO tempest.lib.common.dynamic_creds [-] Acquired dynamic creds: credentials: Credentials: {'domain_id': 'default', 'domain_name': 'Default', 'username': 'tempest-ServersTestJSON-367674289-project-reader', 'project_domain_id': 'default', 'project_domain_name': 'Default', 'project_id': '3636e6c8e70e4996ac83a672732a1ff6', 'project_name': 'tempest-ServersTestJSON-367674289', 'tenant_id': '3636e6c8e70e4996ac83a672732a1ff6', 'tenant_name': 'tempest-ServersTestJSON-367674289', 'user_domain_id': 'default', 'user_domain_name': 'Default', 'user_id': '505ce7289aca459faeedc1be65fceab8', 'system': None}, Network: None, Subnet: None, Router: None
2025-03-06 03:49:45.831 68607 INFO tempest.lib.common.dynamic_creds [-] Network resources are not created for requested scope: project and credentials: Credentials: {'domain_id': 'default', 'domain_name': 'Default', 'username': 'tempest-ServersTestJSON-367674289-project-reader', 'project_domain_id': 'default', 'project_domain_name': 'Default', 'project_id': '3636e6c8e70e4996ac83a672732a1ff6', 'project_name': 'tempest-ServersTestJSON-367674289', 'tenant_id': '3636e6c8e70e4996ac83a672732a1ff6', 'tenant_name': 'tempest-ServersTestJSON-367674289', 'user_domain_id': 'default', 'user_domain_name': 'Default', 'user_id': '505ce7289aca459faeedc1be65fceab8', 'system': None}, Network: None, Subnet: None, Router: None
2025-03-06 03:49:45.895 68606 INFO tempest.lib.common.rest_client [req-4b2ba683-544b-4187-b517-2003548cb60a req-4b2ba683-544b-4187-b517-2003548cb60a ] Request (TenantUsagesNegativeTestJSON:tearDownClass): 204 DELETE http://10.180.1.21/identity/v3/projects/9a3be33477514c2d8dc49b462a4af94a 0.159s
2025-03-06 03:49:45.896 68606 INFO tempest.lib.common.dynamic_creds [-] Deleting project and security group for project: 40757a62be9c48f291c70d76b3707627
2025-03-06 03:49:45.922 68609 INFO tempest.lib.common.rest_client [req-e48e0bd5-9014-498a-a500-b5e43d4e483e req-e48e0bd5-9014-498a-a500-b5e43d4e483e ] Request (HypervisorAdminNegativeTestJSON:setUpClass): 201 POST http://10.180.1.21/identity/v3/auth/tokens 0.178s
2025-03-06 03:49:46.025 68591 INFO tempest.lib.common.rest_client [req-c5ce235a-5301-402e-ab81-89e9cc5c5094 req-c5ce235a-5301-402e-ab81-89e9cc5c5094 ] Request (TenantUsagesTestJSON:setUpClass): 200 GET http://10.180.1.21/compute/v2.1/servers/34889575-95ea-451c-aa59-49a5f30d4e4c 3.450s
2025-03-06 03:49:46.032 68579 INFO tempest.lib.common.rest_client [req-b4dcc782-7841-4db2-9d2b-595219c0cab6 req-b4dcc782-7841-4db2-9d2b-595219c0cab6 ] Request (QuotasAdminTestV236:tearDownClass): 204 DELETE http://10.180.1.21/identity/v3/projects/7c02a4d09ded459bb321945f96fe215b 0.264s
2025-03-06 03:49:46.032 68579 INFO tempest.lib.common.dynamic_creds [-] Deleting project and security group for project: c276c8c172c14e208225daa499e74243
2025-03-06 03:49:46.037 68607 INFO tempest.lib.common.rest_client [req-74f4728d-7f3a-4071-833f-8be29136527a req-74f4728d-7f3a-4071-833f-8be29136527a ] Request (ServersTestJSON:setUpClass): 201 POST http://10.180.1.21/identity/v3/auth/tokens 0.199s
2025-03-06 03:49:46.058 68553 INFO tempest.lib.common.rest_client [req-0e87d7fe-0825-4629-9cb0-3d2fd6484ca2 req-0e87d7fe-0825-4629-9cb0-3d2fd6484ca2 ] Request (ListServerFiltersTestJSON:setUpClass): 202 POST http://10.180.1.21/compute/v2.1/servers 4.063s
2025-03-06 03:49:46.167 68609 INFO tempest.lib.common.rest_client [req-db4bc9c6-4d1f-40d4-be47-062a86f92fc1 req-db4bc9c6-4d1f-40d4-be47-062a86f92fc1 ] Request (HypervisorAdminNegativeTestJSON:setUpClass): 201 POST http://10.180.1.21/identity/v3/auth/tokens 0.238s
2025-03-06 03:49:46.269 68606 INFO tempest.lib.common.rest_client [req-4f01891a-545b-40b7-b2bd-00a16324432c req-4f01891a-545b-40b7-b2bd-00a16324432c ] Request (TenantUsagesNegativeTestJSON:tearDownClass): 200 GET http://10.180.1.21:9696/networking/v2.0/security-groups?tenant_id=40757a62be9c48f291c70d76b3707627&name=default 0.373s
2025-03-06 03:49:46.296 68607 INFO tempest.lib.common.rest_client [req-2cec1f59-fca1-4686-946e-79a6eb379be1 req-2cec1f59-fca1-4686-946e-79a6eb379be1 ] Request (ServersTestJSON:test_create_server_specify_multibyte_character_name): 201 POST http://10.180.1.21/identity/v3/auth/tokens 0.251s
2025-03-06 03:49:46.296 68607 INFO tempest.lib.common.fixed_network [-] (ServersTestJSON:test_create_server_specify_multibyte_character_name) Found network {'id': '5ac85be5-912a-40f7-ab75-c8f92fd03aea', 'name': 'tempest-ServersTestJSON-1005153090-network', 'tenant_id': '3636e6c8e70e4996ac83a672732a1ff6', 'admin_state_up': True, 'mtu': 8950, 'status': 'ACTIVE', 'subnets': [], 'shared': False, 'project_id': '3636e6c8e70e4996ac83a672732a1ff6', 'port_security_enabled': True, 'router:external': False, 'provider:network_type': 'vlan', 'provider:physical_network': 'default', 'provider:segmentation_id': 81, 'availability_zone_hints': [], 'availability_zones': [], 'ipv4_address_scope': None, 'ipv6_address_scope': None, 'description': '', 'tags': [], 'created_at': '2025-03-06T03:49:41Z', 'updated_at': '2025-03-06T03:49:41Z', 'revision_number': 1} available for tenant
2025-03-06 03:49:46.309 68553 INFO tempest.lib.common.rest_client [req-36142846-94ed-4a32-956a-384bc5e83511 req-36142846-94ed-4a32-956a-384bc5e83511 ] Request (ListServerFiltersTestJSON:setUpClass): 201 POST http://10.180.1.21/identity/v3/auth/tokens 0.243s
2025-03-06 03:49:46.310 68553 INFO tempest.lib.common.fixed_network [-] (ListServerFiltersTestJSON:setUpClass) Found network {'id': '9a0919c0-3110-4f87-aa64-3a2632e6c0cf', 'name': 'tempest-ListServerFiltersTestJSON-1132455188-network', 'tenant_id': 'e90f2c4afe61469fa4a081e470058fc7', 'admin_state_up': True, 'mtu': 8950, 'status': 'ACTIVE', 'subnets': [], 'shared': False, 'project_id': 'e90f2c4afe61469fa4a081e470058fc7', 'port_security_enabled': True, 'router:external': False, 'provider:network_type': 'vlan', 'provider:physical_network': 'default', 'provider:segmentation_id': 415, 'availability_zone_hints': [], 'availability_zones': [], 'ipv4_address_scope': None, 'ipv6_address_scope': None, 'description': '', 'tags': [], 'created_at': '2025-03-06T03:49:39Z', 'updated_at': '2025-03-06T03:49:40Z', 'revision_number': 1} available for tenant
2025-03-06 03:49:46.333 68609 INFO tempest.lib.common.rest_client [req-dafd9354-39ff-4335-9688-7c64121fa6cd req-dafd9354-39ff-4335-9688-7c64121fa6cd ] Request (HypervisorAdminNegativeTestJSON:setUpClass): 200 GET http://10.180.1.21/identity/v3/domains?name=Default 0.166s
2025-03-06 03:49:46.381 68609 INFO tempest.lib.common.rest_client [req-5cb7296c-e942-48f6-b6e3-44c59cbe042e req-5cb7296c-e942-48f6-b6e3-44c59cbe042e ] Request (HypervisorAdminNegativeTestJSON:setUpClass): 201 POST http://10.180.1.21/identity/v3/projects 0.048s
2025-03-06 03:49:46.445 68579 INFO tempest.lib.common.rest_client [req-458808ea-02c1-4d45-bb3f-032d713de278 req-458808ea-02c1-4d45-bb3f-032d713de278 ] Request (QuotasAdminTestV236:tearDownClass): 200 GET http://10.180.1.21:9696/networking/v2.0/security-groups?tenant_id=c276c8c172c14e208225daa499e74243&name=default 0.412s
2025-03-06 03:49:46.469 68609 INFO tempest.lib.common.rest_client [req-5dd43065-3ffa-46a1-80f0-7d1d9815260e req-5dd43065-3ffa-46a1-80f0-7d1d9815260e ] Request (HypervisorAdminNegativeTestJSON:setUpClass): 201 POST http://10.180.1.21/identity/v3/users 0.087s
2025-03-06 03:49:46.509 68609 INFO tempest.lib.common.rest_client [req-270f5661-d44a-434b-95d3-ed8aa57a1da7 req-270f5661-d44a-434b-95d3-ed8aa57a1da7 ] Request (HypervisorAdminNegativeTestJSON:setUpClass): 200 GET http://10.180.1.21/identity/v3/roles 0.040s
2025-03-06 03:49:46.536 68606 INFO tempest.lib.common.rest_client [req-c7176d97-988d-4c9f-91ce-9f0c496b8551 req-c7176d97-988d-4c9f-91ce-9f0c496b8551 ] Request (TenantUsagesNegativeTestJSON:tearDownClass): 204 DELETE http://10.180.1.21:9696/networking/v2.0/security-groups/b539435e-2335-484f-bd84-b1300283a5dd 0.267s
2025-03-06 03:49:46.548 68609 INFO tempest.lib.common.rest_client [req-ca60dea5-57d1-424e-ab1f-93822d31548c req-ca60dea5-57d1-424e-ab1f-93822d31548c ] Request (HypervisorAdminNegativeTestJSON:setUpClass): 204 PUT http://10.180.1.21/identity/v3/projects/e3566792b175432cbfa6cca1006e5b2b/users/46520a1e4c8342c1b050a8ff3e5abadf/roles/47325c72d09e4bf39f28d888e708707d 0.038s
2025-03-06 03:49:46.548 68609 INFO tempest.lib.common.dynamic_creds [-] Dynamic test user 46520a1e4c8342c1b050a8ff3e5abadf is created with scope project and roles: ['member']
2025-03-06 03:49:46.549 68609 INFO tempest.lib.common.dynamic_creds [-] Acquired dynamic creds: credentials: Credentials: {'domain_id': 'default', 'domain_name': 'Default', 'username': 'tempest-HypervisorAdminNegativeTestJSON-1209141498-project-member', 'project_domain_id': 'default', 'project_domain_name': 'Default', 'project_id': 'e3566792b175432cbfa6cca1006e5b2b', 'project_name': 'tempest-HypervisorAdminNegativeTestJSON-1209141498', 'tenant_id': 'e3566792b175432cbfa6cca1006e5b2b', 'tenant_name': 'tempest-HypervisorAdminNegativeTestJSON-1209141498', 'user_domain_id': 'default', 'user_domain_name': 'Default', 'user_id': '46520a1e4c8342c1b050a8ff3e5abadf', 'system': None}, Network: None, Subnet: None, Router: None
2025-03-06 03:49:46.549 68609 INFO tempest.lib.common.dynamic_creds [-] Created isolated network resources for: credentials: Credentials: {'domain_id': 'default', 'domain_name': 'Default', 'username': 'tempest-HypervisorAdminNegativeTestJSON-1209141498-project-member', 'project_domain_id': 'default', 'project_domain_name': 'Default', 'project_id': 'e3566792b175432cbfa6cca1006e5b2b', 'project_name': 'tempest-HypervisorAdminNegativeTestJSON-1209141498', 'tenant_id': 'e3566792b175432cbfa6cca1006e5b2b', 'tenant_name': 'tempest-HypervisorAdminNegativeTestJSON-1209141498', 'user_domain_id': 'default', 'user_domain_name': 'Default', 'user_id': '46520a1e4c8342c1b050a8ff3e5abadf', 'system': None}, Network: None, Subnet: None, Router: None
2025-03-06 03:49:46.663 68609 INFO tempest.lib.common.rest_client [req-4c4a0033-929b-4cb9-b827-9236a5079082 req-4c4a0033-929b-4cb9-b827-9236a5079082 ] Request (HypervisorAdminNegativeTestJSON:setUpClass): 201 POST http://10.180.1.21/identity/v3/auth/tokens 0.109s
2025-03-06 03:49:46.667 68606 INFO tempest.lib.common.rest_client [req-20156511-0bf2-4775-8e97-8c2ea4f09734 req-20156511-0bf2-4775-8e97-8c2ea4f09734 ] Request (TenantUsagesNegativeTestJSON:tearDownClass): 204 DELETE http://10.180.1.21/identity/v3/projects/40757a62be9c48f291c70d76b3707627 0.130s
2025-03-06 03:49:46.725 68606 INFO tempest.lib.common.rest_client [req-1db9252d-ca77-4b91-958a-c3ea558459e1 req-1db9252d-ca77-4b91-958a-c3ea558459e1 ] Request (FloatingIPsAssociationTestJSON:setUpClass): 201 POST http://10.180.1.21/identity/v3/auth/tokens 0.057s
2025-03-06 03:49:46.741 68609 INFO tempest.lib.common.rest_client [req-c0a7af9e-457f-48db-a433-79d45f0f4fee req-c0a7af9e-457f-48db-a433-79d45f0f4fee ] Request (HypervisorAdminNegativeTestJSON:setUpClass): 201 POST http://10.180.1.21/identity/v3/projects 0.078s
2025-03-06 03:49:46.793 68606 INFO tempest.lib.common.rest_client [req-89e363c6-7b70-470d-9b9a-11a6e0c90e3f req-89e363c6-7b70-470d-9b9a-11a6e0c90e3f ] Request (FloatingIPsAssociationTestJSON:setUpClass): 201 POST http://10.180.1.21/identity/v3/auth/tokens 0.065s
2025-03-06 03:49:46.814 68613 INFO tempest.lib.common.rest_client [req-3597acc0-f09c-47c2-831d-de9a7e89b743 req-3597acc0-f09c-47c2-831d-de9a7e89b743 ] Request (ServerDiagnosticsTest:test_get_server_diagnostics): 200 GET http://10.180.1.21/compute/v2.1/servers/eb5dc742-fa8f-4bac-89cb-afa57b5abe12/diagnostics 4.190s
2025-03-06 03:49:46.822 68551 INFO tempest.lib.common.rest_client [req-803156dd-0dc6-4e04-8cee-974619b3399e req-803156dd-0dc6-4e04-8cee-974619b3399e ] Request (HostsAdminNegativeTestJSON:test_update_host_with_non_admin_user): 403 PUT http://10.180.1.21/compute/v2.1/os-hosts/devstack 4.083s
2025-03-06 03:49:46.830 68606 INFO tempest.lib.common.rest_client [req-fc4e9eb9-d453-4cab-82b2-28a7ef662f66 req-fc4e9eb9-d453-4cab-82b2-28a7ef662f66 ] Request (FloatingIPsAssociationTestJSON:setUpClass): 200 GET http://10.180.1.21/identity/v3/domains?name=Default 0.037s
2025-03-06 03:49:46.842 68609 INFO tempest.lib.common.rest_client [req-c331d322-4bc4-45e5-9736-d315160ed170 req-c331d322-4bc4-45e5-9736-d315160ed170 ] Request (HypervisorAdminNegativeTestJSON:setUpClass): 201 POST http://10.180.1.21/identity/v3/users 0.101s
2025-03-06 03:49:46.879 68606 INFO tempest.lib.common.rest_client [req-89b8697b-f7d2-477e-8878-fb9b023f5e57 req-89b8697b-f7d2-477e-8878-fb9b023f5e57 ] Request (FloatingIPsAssociationTestJSON:setUpClass): 201 POST http://10.180.1.21/identity/v3/projects 0.048s
2025-03-06 03:49:46.886 68579 INFO tempest.lib.common.rest_client [req-9d87e03e-d32c-417a-b0c9-0d3ff9e03042 req-9d87e03e-d32c-417a-b0c9-0d3ff9e03042 ] Request (QuotasAdminTestV236:tearDownClass): 204 DELETE http://10.180.1.21:9696/networking/v2.0/security-groups/09387fba-cb58-411e-8894-cef331ef52d0 0.441s
2025-03-06 03:49:46.938 68611 INFO tempest.lib.common.rest_client [req-10802778-8a1a-4dd0-a295-975855803bc5 req-10802778-8a1a-4dd0-a295-975855803bc5 ] Request (AttachInterfacesUnderV243Test:setUpClass): 201 POST http://10.180.1.21:9696/networking/v2.0/routers 1.298s
2025-03-06 03:49:46.945 68609 INFO tempest.lib.common.rest_client [req-16b84bdb-1a48-4350-8c42-9374d28d49a8 req-16b84bdb-1a48-4350-8c42-9374d28d49a8 ] Request (HypervisorAdminNegativeTestJSON:setUpClass): 200 GET http://10.180.1.21/identity/v3/roles 0.102s
2025-03-06 03:49:46.972 68606 INFO tempest.lib.common.rest_client [req-75e3f289-323c-4570-8c4a-a81192556734 req-75e3f289-323c-4570-8c4a-a81192556734 ] Request (FloatingIPsAssociationTestJSON:setUpClass): 201 POST http://10.180.1.21/identity/v3/users 0.092s
2025-03-06 03:49:46.996 68575 INFO tempest.lib.common.rest_client [req-ab03b644-8318-4678-b1d4-f390fb4fadfa req-ab03b644-8318-4678-b1d4-f390fb4fadfa ] Request (FlavorsAccessNegativeTestJSON:test_flavor_non_admin_add): 403 POST http://10.180.1.21/compute/v2.1/flavors/142099886/action 4.226s
2025-03-06 03:49:47.020 68609 INFO tempest.lib.common.rest_client [req-00168ba6-9aed-4491-8b5b-0c5a2b840f59 req-00168ba6-9aed-4491-8b5b-0c5a2b840f59 ] Request (HypervisorAdminNegativeTestJSON:setUpClass): 204 PUT http://10.180.1.21/identity/v3/projects/19524efe33794f9f9b2ec603f47ebc5b/users/3f663f5d1ae24bcabfde0824d6b605b8/roles/70a64c3240f74218b1eed1ee3002ca74 0.074s
2025-03-06 03:49:47.069 68579 INFO tempest.lib.common.rest_client [req-b096d51f-c659-4951-9635-3b75c400e370 req-b096d51f-c659-4951-9635-3b75c400e370 ] Request (QuotasAdminTestV236:tearDownClass): 204 DELETE http://10.180.1.21/identity/v3/projects/c276c8c172c14e208225daa499e74243 0.183s
2025-03-06 03:49:47.104 68606 INFO tempest.lib.common.rest_client [req-8fcbc529-c5fb-46cb-9e1c-a9867b47f465 req-8fcbc529-c5fb-46cb-9e1c-a9867b47f465 ] Request (FloatingIPsAssociationTestJSON:setUpClass): 200 GET http://10.180.1.21/identity/v3/roles 0.131s
2025-03-06 03:49:47.135 68609 INFO tempest.lib.common.rest_client [req-d168d6d0-d96d-421b-ae08-00979e11b09f req-d168d6d0-d96d-421b-ae08-00979e11b09f ] Request (HypervisorAdminNegativeTestJSON:setUpClass): 200 GET http://10.180.1.21/identity/v3/roles 0.114s
2025-03-06 03:49:47.164 68579 INFO tempest.lib.common.rest_client [req-36531950-1a8e-414b-ad60-8282a9eb4683 req-36531950-1a8e-414b-ad60-8282a9eb4683 ] Request (ServersAdminTestJSON:setUpClass): 201 POST http://10.180.1.21/identity/v3/auth/tokens 0.094s
2025-03-06 03:49:47.182 68609 INFO tempest.lib.common.rest_client [req-facb5c25-ca7b-44d3-9f72-e1e22774993d req-facb5c25-ca7b-44d3-9f72-e1e22774993d ] Request (HypervisorAdminNegativeTestJSON:setUpClass): 204 PUT http://10.180.1.21/identity/v3/projects/19524efe33794f9f9b2ec603f47ebc5b/users/3f663f5d1ae24bcabfde0824d6b605b8/roles/70a64c3240f74218b1eed1ee3002ca74 0.047s
2025-03-06 03:49:47.183 68609 INFO tempest.lib.common.dynamic_creds [-] Dynamic test user 3f663f5d1ae24bcabfde0824d6b605b8 is created with scope project and roles: ['admin']
2025-03-06 03:49:47.183 68609 INFO tempest.lib.common.dynamic_creds [-] Acquired dynamic creds: credentials: Credentials: {'domain_id': 'default', 'domain_name': 'Default', 'username': 'tempest-HypervisorAdminNegativeTestJSON-1431172033-project-admin', 'project_domain_id': 'default', 'project_domain_name': 'Default', 'project_id': '19524efe33794f9f9b2ec603f47ebc5b', 'project_name': 'tempest-HypervisorAdminNegativeTestJSON-1431172033', 'tenant_id': '19524efe33794f9f9b2ec603f47ebc5b', 'tenant_name': 'tempest-HypervisorAdminNegativeTestJSON-1431172033', 'user_domain_id': 'default', 'user_domain_name': 'Default', 'user_id': '3f663f5d1ae24bcabfde0824d6b605b8', 'system': None}, Network: None, Subnet: None, Router: None
2025-03-06 03:49:47.183 68609 INFO tempest.lib.common.dynamic_creds [-] Created isolated network resources for: credentials: Credentials: {'domain_id': 'default', 'domain_name': 'Default', 'username': 'tempest-HypervisorAdminNegativeTestJSON-1431172033-project-admin', 'project_domain_id': 'default', 'project_domain_name': 'Default', 'project_id': '19524efe33794f9f9b2ec603f47ebc5b', 'project_name': 'tempest-HypervisorAdminNegativeTestJSON-1431172033', 'tenant_id': '19524efe33794f9f9b2ec603f47ebc5b', 'tenant_name': 'tempest-HypervisorAdminNegativeTestJSON-1431172033', 'user_domain_id': 'default', 'user_domain_name': 'Default', 'user_id': '3f663f5d1ae24bcabfde0824d6b605b8', 'system': None}, Network: None, Subnet: None, Router: None
2025-03-06 03:49:47.200 68606 INFO tempest.lib.common.rest_client [req-b73e4262-bf2d-43b4-ac2c-a3ccaefc4ae9 req-b73e4262-bf2d-43b4-ac2c-a3ccaefc4ae9 ] Request (FloatingIPsAssociationTestJSON:setUpClass): 204 PUT http://10.180.1.21/identity/v3/projects/d53bb0dba91d48ccb92d5fa899086f66/users/47750dd9b4cd4900a2e10596d267bbf4/roles/47325c72d09e4bf39f28d888e708707d 0.096s
2025-03-06 03:49:47.200 68606 INFO tempest.lib.common.dynamic_creds [-] Dynamic test user 47750dd9b4cd4900a2e10596d267bbf4 is created with scope project and roles: ['member']
2025-03-06 03:49:47.201 68606 INFO tempest.lib.common.dynamic_creds [-] Acquired dynamic creds: credentials: Credentials: {'domain_id': 'default', 'domain_name': 'Default', 'username': 'tempest-FloatingIPsAssociationTestJSON-480767673-project-member', 'project_domain_id': 'default', 'project_domain_name': 'Default', 'project_id': 'd53bb0dba91d48ccb92d5fa899086f66', 'project_name': 'tempest-FloatingIPsAssociationTestJSON-480767673', 'tenant_id': 'd53bb0dba91d48ccb92d5fa899086f66', 'tenant_name': 'tempest-FloatingIPsAssociationTestJSON-480767673', 'user_domain_id': 'default', 'user_domain_name': 'Default', 'user_id': '47750dd9b4cd4900a2e10596d267bbf4', 'system': None}, Network: None, Subnet: None, Router: None
2025-03-06 03:49:47.220 68583 INFO tempest.lib.common.rest_client [req-01725808-8816-4dd4-95e0-312cce814b54 req-01725808-8816-4dd4-95e0-312cce814b54 ] Request (FlavorsExtraSpecsTestJSON:tearDownClass): 200 GET http://10.180.1.21/compute/v2.1/flavors/detail 3.671s
2025-03-06 03:49:47.248 68565 INFO tempest.lib.common.rest_client [req-8fcd9800-ffd7-496f-8a99-f94f5d5dbe43 req-8fcd9800-ffd7-496f-8a99-f94f5d5dbe43 ] Request (FlavorsAdminTestJSON:_run_cleanups): 202 DELETE http://10.180.1.21/compute/v2.1/flavors/16974fcb-7416-4090-b1e9-e7ec21cb966a 3.676s
2025-03-06 03:49:47.259 68579 INFO tempest.lib.common.rest_client [req-553e1e53-f3bb-457f-aa50-953bd3fd07ed req-553e1e53-f3bb-457f-aa50-953bd3fd07ed ] Request (ServersAdminTestJSON:setUpClass): 201 POST http://10.180.1.21/identity/v3/auth/tokens 0.093s
2025-03-06 03:49:47.293 68606 INFO tempest.lib.common.rest_client [req-7199c0be-5942-47c1-bd34-04f54bf1bbce req-7199c0be-5942-47c1-bd34-04f54bf1bbce ] Request (FloatingIPsAssociationTestJSON:setUpClass): 201 POST http://10.180.1.21/identity/v3/auth/tokens 0.092s
2025-03-06 03:49:47.308 68609 INFO tempest.lib.common.rest_client [req-27e8a25f-6ae7-4130-91d2-5871a4c0bc0c req-27e8a25f-6ae7-4130-91d2-5871a4c0bc0c ] Request (HypervisorAdminNegativeTestJSON:setUpClass): 201 POST http://10.180.1.21/identity/v3/auth/tokens 0.120s
2025-03-06 03:49:47.329 68579 INFO tempest.lib.common.rest_client [req-68c3d86c-63d6-4be2-82ba-5fd10dabf218 req-68c3d86c-63d6-4be2-82ba-5fd10dabf218 ] Request (ServersAdminTestJSON:setUpClass): 200 GET http://10.180.1.21/identity/v3/domains?name=Default 0.069s
2025-03-06 03:49:47.360 68583 INFO tempest.lib.common.rest_client [req-311c2c80-c25f-43db-97f5-5680911f917d req-311c2c80-c25f-43db-97f5-5680911f917d ] Request (FlavorsExtraSpecsTestJSON:tearDownClass): 204 DELETE http://10.180.1.21/identity/v3/users/7a02e5e95b994a8da5a84e6222be303b 0.130s
2025-03-06 03:49:47.424 68579 INFO tempest.lib.common.rest_client [req-c0c67355-e552-4c94-915a-ee3d15ace2c6 req-c0c67355-e552-4c94-915a-ee3d15ace2c6 ] Request (ServersAdminTestJSON:setUpClass): 201 POST http://10.180.1.21/identity/v3/projects 0.094s
2025-03-06 03:49:47.488 68579 INFO tempest.lib.common.rest_client [req-8225ec16-7652-448f-99c1-96a8ff9ee941 req-8225ec16-7652-448f-99c1-96a8ff9ee941 ] Request (ServersAdminTestJSON:setUpClass): 201 POST http://10.180.1.21/identity/v3/users 0.064s
2025-03-06 03:49:47.517 68583 INFO tempest.lib.common.rest_client [req-e3231577-bd24-4422-9a26-838b38c6f019 req-e3231577-bd24-4422-9a26-838b38c6f019 ] Request (FlavorsExtraSpecsTestJSON:tearDownClass): 204 DELETE http://10.180.1.21/identity/v3/users/11f53efb371349cda35229e0ce7ae248 0.157s
2025-03-06 03:49:47.517 68583 INFO tempest.lib.common.dynamic_creds [-] Deleting project and security group for project: f2f92ec049ac4685883b37d862a64ae6
2025-03-06 03:49:47.545 68579 INFO tempest.lib.common.rest_client [req-6ca173d4-a5a3-48e9-b32e-d759c7bd61b3 req-6ca173d4-a5a3-48e9-b32e-d759c7bd61b3 ] Request (ServersAdminTestJSON:setUpClass): 200 GET http://10.180.1.21/identity/v3/roles 0.056s
2025-03-06 03:49:47.575 68583 INFO tempest.lib.common.rest_client [req-193cb540-31a6-41fb-8e5b-2e1b1844691d req-193cb540-31a6-41fb-8e5b-2e1b1844691d ] Request (FlavorsExtraSpecsTestJSON:tearDownClass): 201 POST http://10.180.1.21/identity/v3/auth/tokens 0.058s
2025-03-06 03:49:47.601 68606 INFO tempest.lib.common.rest_client [req-05b84cd4-b8c5-4b6a-a596-4b722eef0d95 req-05b84cd4-b8c5-4b6a-a596-4b722eef0d95 ] Request (FloatingIPsAssociationTestJSON:setUpClass): 201 POST http://10.180.1.21:9696/networking/v2.0/networks 0.307s
2025-03-06 03:49:47.608 68579 INFO tempest.lib.common.rest_client [req-9a2a521e-f121-47f5-b32b-d5762f6ad6cc req-9a2a521e-f121-47f5-b32b-d5762f6ad6cc ] Request (ServersAdminTestJSON:setUpClass): 204 PUT http://10.180.1.21/identity/v3/projects/baab6817c97645bcae2e08502b7f96db/users/43c48242abf540fe99d95f3d2df541ac/roles/47325c72d09e4bf39f28d888e708707d 0.063s
2025-03-06 03:49:47.608 68579 INFO tempest.lib.common.dynamic_creds [-] Dynamic test user 43c48242abf540fe99d95f3d2df541ac is created with scope project and roles: ['member']
2025-03-06 03:49:47.609 68579 INFO tempest.lib.common.dynamic_creds [-] Acquired dynamic creds: credentials: Credentials: {'domain_id': 'default', 'domain_name': 'Default', 'username': 'tempest-ServersAdminTestJSON-123061877-project-member', 'project_domain_id': 'default', 'project_domain_name': 'Default', 'project_id': 'baab6817c97645bcae2e08502b7f96db', 'project_name': 'tempest-ServersAdminTestJSON-123061877', 'tenant_id': 'baab6817c97645bcae2e08502b7f96db', 'tenant_name': 'tempest-ServersAdminTestJSON-123061877', 'user_domain_id': 'default', 'user_domain_name': 'Default', 'user_id': '43c48242abf540fe99d95f3d2df541ac', 'system': None}, Network: None, Subnet: None, Router: None
2025-03-06 03:49:47.675 68579 INFO tempest.lib.common.rest_client [req-bd971ae4-e33f-4156-aad9-7e58fac38eef req-bd971ae4-e33f-4156-aad9-7e58fac38eef ] Request (ServersAdminTestJSON:setUpClass): 201 POST http://10.180.1.21/identity/v3/auth/tokens 0.066s
2025-03-06 03:49:47.776 68597 INFO tempest.lib.common.rest_client [req-ff614522-1d2d-4edb-b7a4-a3f4cac20f0c req-ff614522-1d2d-4edb-b7a4-a3f4cac20f0c ] Request (ServerActionsTestJSON:setUpClass): 202 POST http://10.180.1.21/compute/v2.1/servers 5.134s
2025-03-06 03:49:47.783 68561 INFO tempest.lib.common.rest_client [req-e9757f6c-0faf-40aa-9ed3-a1e06227180c req-e9757f6c-0faf-40aa-9ed3-a1e06227180c ] Request (AggregatesAdminNegativeTestJSON:test_aggregate_create_aggregate_name_length_less_than_1): 400 POST http://10.180.1.21/compute/v2.1/os-aggregates 4.190s
2025-03-06 03:49:47.798 68585 INFO tempest.lib.common.rest_client [req-c6137b76-a002-42b3-83ad-ccde1467a35a req-c6137b76-a002-42b3-83ad-ccde1467a35a ] Request (SecurityGroupRulesTestJSON:test_security_group_rules_delete_when_peer_group_deleted): 200 POST http://10.180.1.21/compute/v2.1/os-security-groups 4.210s
2025-03-06 03:49:47.890 68599 INFO tempest.lib.common.rest_client [req-08caee3d-6ab6-4af4-966c-cb77bc4878d2 req-08caee3d-6ab6-4af4-966c-cb77bc4878d2 ] Request (VolumesAssistedSnapshotsTest:test_volume_assisted_snapshot_create_delete): 200 GET http://10.180.1.21/compute/v2.1/servers/9eeb90c6-6ac2-43cb-887a-b69a28dc43a6 4.153s
2025-03-06 03:49:47.898 68599 INFO tempest.common.waiters [-] State transition "BUILD/None" ==> "BUILD/networking" after 5 second wait
2025-03-06 03:49:47.907 68577 INFO tempest.lib.common.rest_client [req-a0060d90-ee3e-4cf5-9dda-4b1cb9f29ac8 req-a0060d90-ee3e-4cf5-9dda-4b1cb9f29ac8 ] Request (InstanceUsageAuditLogTestJSON:test_list_instance_usage_audit_logs): 200 GET http://10.180.1.21/compute/v2.1/os-instance_usage_audit_log 3.818s
2025-03-06 03:49:47.910 68563 INFO tempest.lib.common.rest_client [req-d86740ca-d91a-4bdf-b04b-6d3517bc2d1f req-d86740ca-d91a-4bdf-b04b-6d3517bc2d1f ] Request (ImagesTestJSON:setUpClass): 201 POST http://10.180.1.21:9696/networking/v2.0/routers 4.036s
2025-03-06 03:49:48.011 68577 INFO tempest.lib.common.rest_client [req-25ce34ea-6857-427f-943a-d9c0475d0591 req-25ce34ea-6857-427f-943a-d9c0475d0591 ] Request (InstanceUsageAuditLogTestJSON:tearDownClass): 204 DELETE http://10.180.1.21/identity/v3/users/5fe3bb17894141abb966abeb1b4f1c49 0.100s
2025-03-06 03:49:48.120 68583 INFO tempest.lib.common.rest_client [req-066a782b-da81-440a-a102-c3f5e5a698d7 req-066a782b-da81-440a-a102-c3f5e5a698d7 ] Request (FlavorsExtraSpecsTestJSON:tearDownClass): 200 GET http://10.180.1.21:9696/networking/v2.0/security-groups?tenant_id=f2f92ec049ac4685883b37d862a64ae6&name=default 0.544s
2025-03-06 03:49:48.123 68606 INFO tempest.lib.common.rest_client [req-76b6b796-1e73-4310-80ea-5ea1bf95756b req-76b6b796-1e73-4310-80ea-5ea1bf95756b ] Request (FloatingIPsAssociationTestJSON:setUpClass): 201 POST http://10.180.1.21:9696/networking/v2.0/subnets 0.522s
2025-03-06 03:49:48.133 68577 INFO tempest.lib.common.rest_client [req-fd2bfb0f-c875-42ae-8ce2-af883b8101b3 req-fd2bfb0f-c875-42ae-8ce2-af883b8101b3 ] Request (InstanceUsageAuditLogTestJSON:tearDownClass): 204 DELETE http://10.180.1.21/identity/v3/users/da2abd843e1b48aebaba881dab2175ef 0.121s
2025-03-06 03:49:48.133 68577 INFO tempest.lib.common.dynamic_creds [-] Deleting project and security group for project: d190373992e5496fa5f4889608b7ddc6
2025-03-06 03:49:48.222 68577 INFO tempest.lib.common.rest_client [req-e1a306d9-a0fc-41a6-a95e-ee75ebe21e59 req-e1a306d9-a0fc-41a6-a95e-ee75ebe21e59 ] Request (InstanceUsageAuditLogTestJSON:tearDownClass): 201 POST http://10.180.1.21/identity/v3/auth/tokens 0.088s
2025-03-06 03:49:48.348 68589 INFO tempest.lib.common.rest_client [req-737211fe-d9ef-49d9-b820-2837081de49d req-737211fe-d9ef-49d9-b820-2837081de49d ] Request (DeleteServersAdminTestJSON:test_admin_delete_servers_of_others): 200 GET http://10.180.1.21/compute/v2.1/servers/102187bd-0cb2-4496-8dd0-9101b24ee4fa 4.543s
2025-03-06 03:49:48.591 68579 INFO tempest.lib.common.rest_client [req-4dc91b0a-b7ea-499e-a442-2b33efd2fea9 req-4dc91b0a-b7ea-499e-a442-2b33efd2fea9 ] Request (ServersAdminTestJSON:setUpClass): 201 POST http://10.180.1.21:9696/networking/v2.0/networks 0.916s
2025-03-06 03:49:48.627 68595 INFO tempest.lib.common.rest_client [req-d14fc9cc-06dd-46ab-bd2a-b1e512dcc111 req-d14fc9cc-06dd-46ab-bd2a-b1e512dcc111 ] Request (QuotasAdminNegativeTest:test_create_server_when_cpu_quota_is_full): 403 POST http://10.180.1.21/compute/v2.1/servers 4.430s
2025-03-06 03:49:48.671 68583 INFO tempest.lib.common.rest_client [req-baaab141-812f-44e9-accd-c61a03f8ddba req-baaab141-812f-44e9-accd-c61a03f8ddba ] Request (FlavorsExtraSpecsTestJSON:tearDownClass): 204 DELETE http://10.180.1.21:9696/networking/v2.0/security-groups/6d6a7311-3a63-46e7-b060-b2bc847335b8 0.551s
2025-03-06 03:49:48.765 68583 INFO tempest.lib.common.rest_client [req-58e5bf0f-1999-4740-8c45-b47e8f6cc43b req-58e5bf0f-1999-4740-8c45-b47e8f6cc43b ] Request (FlavorsExtraSpecsTestJSON:tearDownClass): 204 DELETE http://10.180.1.21/identity/v3/projects/f2f92ec049ac4685883b37d862a64ae6 0.093s
2025-03-06 03:49:48.765 68583 INFO tempest.lib.common.dynamic_creds [-] Deleting project and security group for project: 5000335527574c7b866206daa34b3042
