2025-03-06 03:49:31.539 68579 INFO tempest.lib.common.rest_client [req-cf423178-2266-4e66-b836-4f30e1679cb1 req-cf423178-2266-4e66-b836-4f30e1679cb1 ] Request (QuotasAdminTestV236:setUpClass): 201 POST http://10.180.1.21/identity/v3/auth/tokens 0.246s
2025-03-06 03:49:31.554 68613 INFO tempest.lib.common.rest_client [req-c10f5664-a1e3-4c0e-9835-5afcbcd69b90 req-c10f5664-a1e3-4c0e-9835-5afcbcd69b90 ] Request (ServerDiagnosticsTest:test_get_server_diagnostics): 200 GET http://10.180.1.21/compute/v2.1/servers/eb5dc742-fa8f-4bac-89cb-afa57b5abe12 1.244s
2025-03-06 03:49:31.594 68587 INFO tempest.lib.common.rest_client [req-cb1995a2-f176-43d6-a792-92e795c85f39 req-cb1995a2-f176-43d6-a792-92e795c85f39 ] Request (FlavorsV261TestJSON:test_crud_flavor): 200 GET http://10.180.1.21/compute/v2.1/flavors 1.154s
2025-03-06 03:49:31.631 68567 INFO tempest.lib.common.rest_client [req-014ea069-f6c5-4534-9a46-ff459a295fb4 req-014ea069-f6c5-4534-9a46-ff459a295fb4 ] Request (FlavorsV255TestJSON:tearDownClass): 204 DELETE http://10.180.1.21/identity/v3/users/2606e85d1f41421f86232566e506febe 0.293s
2025-03-06 03:49:31.632 68571 INFO tempest.lib.common.rest_client [req-3d701591-6e77-483d-8593-efe084238fb4 req-3d701591-6e77-483d-8593-efe084238fb4 ] Request (QuotaClassesAdminTestJSON:test_update_default_quotas): 200 PUT http://10.180.1.21/compute/v2.1/os-quota-class-sets/default 1.232s
2025-03-06 03:49:31.653 68607 INFO tempest.lib.common.rest_client [req-f3138dfc-1421-4ad4-b2c4-6679d9c5ccc3 req-f3138dfc-1421-4ad4-b2c4-6679d9c5ccc3 ] Request (ServicesAdminNegativeV253TestJSON:test_get_service_by_invalid_params): 200 GET http://10.180.1.21/compute/v2.1/os-services?xxx=nova-compute 1.193s
2025-03-06 03:49:31.666 68589 INFO tempest.lib.common.rest_client [req-424ced13-c114-4ea0-8e43-28bdca141db1 req-424ced13-c114-4ea0-8e43-28bdca141db1 ] Request (DeleteServersAdminTestJSON:test_admin_delete_servers_of_others): 200 GET http://10.180.1.21/compute/v2.1/servers/102187bd-0cb2-4496-8dd0-9101b24ee4fa 1.219s
2025-03-06 03:49:31.667 68593 INFO tempest.lib.common.rest_client [req-af178bc0-2181-4719-b33f-e573c063cb50 req-af178bc0-2181-4719-b33f-e573c063cb50 ] Request (InstanceUsageAuditLogNegativeTestJSON:tearDownClass): 200 GET http://10.180.1.21:9696/networking/v2.0/security-groups?tenant_id=b9dc57555e9f4f21ad1f8d9741e3d8c7&name=default 0.250s
2025-03-06 03:49:31.671 68565 INFO tempest.lib.common.rest_client [req-b208d8d5-29e0-45e2-ae87-3f5b557dca88 req-b208d8d5-29e0-45e2-ae87-3f5b557dca88 ] Request (FlavorsAdminTestJSON:_run_cleanups): 202 DELETE http://10.180.1.21/compute/v2.1/flavors/828264274 1.185s
2025-03-06 03:49:31.689 68597 INFO tempest.lib.common.rest_client [req-915d7b5d-f839-4ece-8c64-dfde6bcf2bbd req-915d7b5d-f839-4ece-8c64-dfde6bcf2bbd ] Request (ServerActionsTestJSON:setUpClass): 201 POST http://10.180.1.21/identity/v3/auth/tokens 0.213s
2025-03-06 03:49:31.693 68582 INFO tempest.lib.common.rest_client [req-4365eb4a-91f1-4fe8-870e-ea146893e15b req-4365eb4a-91f1-4fe8-870e-ea146893e15b ] Request (ImagesOneServerNegativeTestJSON:setUpClass): 201 POST http://10.180.1.21/identity/v3/auth/tokens 0.292s
2025-03-06 03:49:31.723 68579 INFO tempest.lib.common.rest_client [req-f61efca5-7b79-4dd7-b08f-b2b4a9ed59a5 req-f61efca5-7b79-4dd7-b08f-b2b4a9ed59a5 ] Request (QuotasAdminTestV236:setUpClass): 201 POST http://10.180.1.21/identity/v3/projects 0.183s
2025-03-06 03:49:31.743 68604 INFO tempest.lib.common.rest_client [req-a2a3355a-c74f-4f0c-928b-9c9a6d78746d req-a2a3355a-c74f-4f0c-928b-9c9a6d78746d ] Request (ServicesAdminTestJSON:tearDownClass): 204 DELETE http://10.180.1.21/identity/v3/users/d8b5a1c493724832b99cd8e30c620e9a 0.211s
2025-03-06 03:49:31.743 68604 INFO tempest.lib.common.dynamic_creds [-] Deleting project and security group for project: a6b41fb2114a4784bcb71445f102ada0
2025-03-06 03:49:31.776 68593 INFO tempest.lib.common.rest_client [req-627f011e-53c1-4c65-af52-a36521e9de69 req-627f011e-53c1-4c65-af52-a36521e9de69 ] Request (InstanceUsageAuditLogNegativeTestJSON:tearDownClass): 204 DELETE http://10.180.1.21:9696/networking/v2.0/security-groups/e57fe0fa-e270-43d4-964a-8d022d12b852 0.108s
2025-03-06 03:49:31.807 68606 INFO tempest.lib.common.rest_client [req-48257fe4-cabb-45e5-abba-2dcea33fd1d0 req-48257fe4-cabb-45e5-abba-2dcea33fd1d0 ] Request (HypervisorAdminUnderV252Test:tearDownClass): 200 GET http://10.180.1.21:9696/networking/v2.0/security-groups?tenant_id=3901410ac84f45898c4dcab50325d0ba&name=default 0.462s
2025-03-06 03:49:31.876 68567 INFO tempest.lib.common.rest_client [req-cb4e8f10-5aaa-4a2c-bd9a-31cbb1fdc60e req-cb4e8f10-5aaa-4a2c-bd9a-31cbb1fdc60e ] Request (FlavorsV255TestJSON:tearDownClass): 204 DELETE http://10.180.1.21/identity/v3/users/451314e3bd924a68bd0e30b2ba3189ea 0.244s
2025-03-06 03:49:31.877 68567 INFO tempest.lib.common.dynamic_creds [-] Deleting project and security group for project: 7cb9eaa77d58465fb6717a3ed9a977e6
2025-03-06 03:49:31.897 68582 INFO tempest.lib.common.rest_client [req-059e19cc-1fb0-4c4e-91a9-8ed7c6b9ce5b req-059e19cc-1fb0-4c4e-91a9-8ed7c6b9ce5b ] Request (ImagesOneServerNegativeTestJSON:setUpClass): 201 POST http://10.180.1.21/identity/v3/auth/tokens 0.201s
2025-03-06 03:49:31.912 68599 INFO tempest.lib.common.rest_client [req-0de26aeb-6ee2-4ca9-a7da-3ff186246bd5 req-0de26aeb-6ee2-4ca9-a7da-3ff186246bd5 ] Request (VolumesAssistedSnapshotsTest:setUpClass): 200 PUT http://10.180.1.21:9696/networking/v2.0/routers/530883c6-d150-4c84-b6a8-dc774e5d6d1c/add_router_interface 1.162s
2025-03-06 03:49:31.912 68599 INFO tempest.lib.common.dynamic_creds [-] Created isolated network resources for: credentials: Credentials: {'domain_id': 'default', 'domain_name': 'Default', 'username': 'tempest-VolumesAssistedSnapshotsTest-2115892553-project', 'project_domain_id': 'default', 'project_domain_name': 'Default', 'project_id': '978f15f48b3e49479c593d25590777ce', 'project_name': 'tempest-VolumesAssistedSnapshotsTest-2115892553', 'tenant_id': '978f15f48b3e49479c593d25590777ce', 'tenant_name': 'tempest-VolumesAssistedSnapshotsTest-2115892553', 'user_domain_id': 'default', 'user_domain_name': 'Default', 'user_id': 'c6b6cc43d8944cfea7e7cd68d47902e5', 'system': None}, Network: {'id': '850f7971-3027-493f-bd1c-982084e3fc8e', 'name': 'tempest-VolumesAssistedSnapshotsTest-167014488-network', 'tenant_id': '978f15f48b3e49479c593d25590777ce', 'admin_state_up': True, 'mtu': 8950, 'status': 'ACTIVE', 'subnets': [], 'shared': False, 'project_id': '978f15f48b3e49479c593d25590777ce', 'port_security_enabled': True, 'router:external': False, 'provider:network_type': 'vlan', 'provider:physical_network': 'default', 'provider:segmentation_id': 40, 'availability_zone_hints': [], 'availability_zones': [], 'ipv4_address_scope': None, 'ipv6_address_scope': None, 'description': '', 'tags': [], 'created_at': '2025-03-06T03:49:29Z', 'updated_at': '2025-03-06T03:49:29Z', 'revision_number': 1}, Subnet: {'id': '023b94ba-671b-40d1-9264-be749af7cff4', 'name': 'tempest-VolumesAssistedSnapshotsTest-167014488-subnet', 'tenant_id': '978f15f48b3e49479c593d25590777ce', 'network_id': '850f7971-3027-493f-bd1c-982084e3fc8e', 'ip_version': 4, 'subnetpool_id': None, 'enable_dhcp': True, 'ipv6_ra_mode': None, 'ipv6_address_mode': None, 'gateway_ip': '192.168.128.1', 'cidr': '192.168.128.0/28', 'allocation_pools': [{'start': '192.168.128.2', 'end': '192.168.128.14'}], 'host_routes': [], 'dns_nameservers': [], 'description': '', 'router:external': False, 'service_types': [], 'tags': [], 'created_at': '2025-03-06T03:49:29Z', 'updated_at': '2025-03-06T03:49:29Z', 'revision_number': 0, 'project_id': '978f15f48b3e49479c593d25590777ce'}, Router: {'id': '530883c6-d150-4c84-b6a8-dc774e5d6d1c', 'name': 'tempest-VolumesAssistedSnapshotsTest-167014488-router', 'tenant_id': '978f15f48b3e49479c593d25590777ce', 'admin_state_up': True, 'status': 'ACTIVE', 'external_gateway_info': {'network_id': 'c381d054-8064-4145-bd05-3b44b333a03d', 'external_fixed_ips': [{'subnet_id': '59766f6e-7b02-459f-948a-73fc77ef4101', 'ip_address': '10.180.180.204'}], 'enable_snat': True}, 'description': '', 'availability_zones': [], 'distributed': False, 'ha': False, 'availability_zone_hints': [], 'routes': [], 'flavor_id': None, 'tags': [], 'created_at': '2025-03-06T03:49:29Z', 'updated_at': '2025-03-06T03:49:30Z', 'revision_number': 2, 'project_id': '978f15f48b3e49479c593d25590777ce'}
2025-03-06 03:49:31.926 68606 INFO tempest.lib.common.rest_client [req-7152508b-ac74-4b7a-8e88-eebdf68fb134 req-7152508b-ac74-4b7a-8e88-eebdf68fb134 ] Request (HypervisorAdminUnderV252Test:tearDownClass): 204 DELETE http://10.180.1.21:9696/networking/v2.0/security-groups/b0dc4b3a-00c6-4610-be41-d306b7af1408 0.118s
2025-03-06 03:49:31.950 68585 INFO tempest.lib.common.rest_client [req-550a586c-b775-474f-b442-b576effa00dc req-550a586c-b775-474f-b442-b576effa00dc ] Request (SecurityGroupRulesTestJSON:test_security_group_rules_create): 200 POST http://10.180.1.21/compute/v2.1/os-security-groups 1.459s
2025-03-06 03:49:31.959 68579 INFO tempest.lib.common.rest_client [req-968c4d72-f406-4b6c-86ea-349cbebe2e64 req-968c4d72-f406-4b6c-86ea-349cbebe2e64 ] Request (QuotasAdminTestV236:setUpClass): 201 POST http://10.180.1.21/identity/v3/users 0.235s
2025-03-06 03:49:31.981 68604 INFO tempest.lib.common.rest_client [req-6c1a36c3-7bc5-4a18-9dec-1279216c0f1d req-6c1a36c3-7bc5-4a18-9dec-1279216c0f1d ] Request (ServicesAdminTestJSON:tearDownClass): 201 POST http://10.180.1.21/identity/v3/auth/tokens 0.237s
2025-03-06 03:49:32.008 68573 INFO tempest.lib.common.rest_client [req-a2ef5292-7814-4a38-8355-615719aeed68 req-a2ef5292-7814-4a38-8355-615719aeed68 ] Request (MigrationsAdminTest:test_list_migrations_in_flavor_resize_situation): 200 GET http://10.180.1.21/compute/v2.1/servers/2f797cb5-19d8-4b4d-a78d-ace0a3d1f37f 1.286s
2025-03-06 03:49:32.019 68593 INFO tempest.lib.common.rest_client [req-863b633d-0ac4-4023-b5cd-ff008c466bf5 req-863b633d-0ac4-4023-b5cd-ff008c466bf5 ] Request (InstanceUsageAuditLogNegativeTestJSON:tearDownClass): 204 DELETE http://10.180.1.21/identity/v3/projects/b9dc57555e9f4f21ad1f8d9741e3d8c7 0.243s
2025-03-06 03:49:32.036 68561 INFO tempest.lib.common.rest_client [req-c26de16f-6373-4b76-ad31-c871853d2433 req-c26de16f-6373-4b76-ad31-c871853d2433 ] Request (AggregatesAdminNegativeTestJSON:_run_cleanups): 200 DELETE http://10.180.1.21/compute/v2.1/os-aggregates/1 1.280s
2025-03-06 03:49:32.055 68555 INFO tempest.lib.common.rest_client [req-eabffe2b-0e0a-4177-ac74-b8bd12066f6f req-eabffe2b-0e0a-4177-ac74-b8bd12066f6f ] Request (HypervisorAdminNegativeUnderV252Test:test_show_servers_with_non_admin_user): 200 GET http://10.180.1.21/compute/v2.1/os-hypervisors 1.167s
2025-03-06 03:49:32.064 68601 INFO tempest.lib.common.rest_client [req-ff42db23-3b85-4612-8ea9-aaf361ea2b8d req-ff42db23-3b85-4612-8ea9-aaf361ea2b8d ] Request (MultipleCreateNegativeTestJSON:test_min_count_less_than_one): 400 POST http://10.180.1.21/compute/v2.1/servers 1.149s
2025-03-06 03:49:32.076 68567 INFO tempest.lib.common.rest_client [req-6a4b44b9-d02f-40c2-92ac-e3ebac9b7ad0 req-6a4b44b9-d02f-40c2-92ac-e3ebac9b7ad0 ] Request (FlavorsV255TestJSON:tearDownClass): 201 POST http://10.180.1.21/identity/v3/auth/tokens 0.198s
2025-03-06 03:49:32.099 68582 INFO tempest.lib.common.rest_client [req-4df51d34-a35a-496d-b4f2-57eddad2e556 req-4df51d34-a35a-496d-b4f2-57eddad2e556 ] Request (ImagesOneServerNegativeTestJSON:setUpClass): 200 GET http://10.180.1.21/identity/v3/domains?name=Default 0.202s
2025-03-06 03:49:32.112 68575 INFO tempest.lib.common.rest_client [req-44fdd403-00b6-4d77-944b-c6eeef8d4092 req-44fdd403-00b6-4d77-944b-c6eeef8d4092 ] Request (FlavorsAccessNegativeTestJSON:_run_cleanups): 200 POST http://10.180.1.21/compute/v2.1/flavors/1932370524/action 1.490s
2025-03-06 03:49:32.119 68551 INFO tempest.lib.common.rest_client [req-62b3aca6-6546-4f9e-873c-888760bc309f req-62b3aca6-6546-4f9e-873c-888760bc309f ] Request (HostsAdminNegativeTestJSON:test_show_host_detail_with_non_admin_user): 403 GET http://10.180.1.21/compute/v2.1/os-hosts/devstack 1.098s
2025-03-06 03:49:32.131 68557 INFO tempest.lib.common.rest_client [req-5134c3f1-0986-4b0e-b78c-e97fcc843b04 req-5134c3f1-0986-4b0e-b78c-e97fcc843b04 ] Request (ServersWithSpecificFlavorTestJSON:test_verify_created_server_ephemeral_disk): 200 GET http://10.180.1.21/compute/v2.1/flavors/42/os-extra_specs 0.923s
2025-03-06 03:49:32.160 68606 INFO tempest.lib.common.rest_client [req-852c2a66-fb27-40c7-b18b-495ca6162480 req-852c2a66-fb27-40c7-b18b-495ca6162480 ] Request (HypervisorAdminUnderV252Test:tearDownClass): 204 DELETE http://10.180.1.21/identity/v3/projects/3901410ac84f45898c4dcab50325d0ba 0.233s
2025-03-06 03:49:32.160 68606 INFO tempest.lib.common.dynamic_creds [-] Deleting project and security group for project: 51ec555c51304a898eab8d899588e2a3
2025-03-06 03:49:32.165 68599 INFO tempest.lib.common.rest_client [req-897e0911-03c5-4aab-b091-0f0c9f4074e1 req-897e0911-03c5-4aab-b091-0f0c9f4074e1 ] Request (VolumesAssistedSnapshotsTest:setUpClass): 201 POST http://10.180.1.21/identity/v3/auth/tokens 0.250s
2025-03-06 03:49:32.198 68597 INFO tempest.lib.common.rest_client [req-7b567e11-6b6e-4395-83a5-4997e020ca1a req-7b567e11-6b6e-4395-83a5-4997e020ca1a ] Request (ServerActionsTestJSON:setUpClass): 201 POST http://10.180.1.21:9696/networking/v2.0/networks 0.509s
2025-03-06 03:49:32.207 68559 INFO tempest.lib.common.rest_client [req-72c194e1-6e5a-4fe4-94f3-5b6343daf10d req-72c194e1-6e5a-4fe4-94f3-5b6343daf10d ] Request (ServersAdmin275Test:test_rebuild_update_server_275): 200 GET http://10.180.1.21/compute/v2.1/servers/e8ed7cfc-7ef1-4bc7-bebe-624f1ba69f67 0.994s
2025-03-06 03:49:32.221 68559 INFO tempest.common.waiters [-] State transition "BUILD/None" ==> "BUILD/spawning" after 2 second wait
2025-03-06 03:49:32.222 68579 INFO tempest.lib.common.rest_client [req-2f79299b-4d03-4493-8af7-93ec86ef330a req-2f79299b-4d03-4493-8af7-93ec86ef330a ] Request (QuotasAdminTestV236:setUpClass): 200 GET http://10.180.1.21/identity/v3/roles 0.263s
2025-03-06 03:49:32.229 68553 INFO tempest.lib.common.rest_client [req-2c1c534f-59b4-4c95-a362-2f3678dfd5a1 req-2c1c534f-59b4-4c95-a362-2f3678dfd5a1 ] Request (FlavorsAccessTestJSON:test_flavor_access_list_with_private_flavor): 200 POST http://10.180.1.21/compute/v2.1/flavors 0.945s
2025-03-06 03:49:32.234 68609 INFO tempest.lib.common.rest_client [req-cde0f667-3fe2-4684-99b5-e26792eb4d5d req-cde0f667-3fe2-4684-99b5-e26792eb4d5d ] Request (FlavorsExtraSpecsNegativeTestJSON:test_flavor_non_admin_unset_keys): 403 DELETE http://10.180.1.21/compute/v2.1/flavors/1156217398/os-extra_specs/hw:numa_nodes 0.941s
2025-03-06 03:49:32.255 68593 INFO tempest.lib.common.rest_client [req-95649aec-fe0a-4539-a20b-5713704bbaa1 req-95649aec-fe0a-4539-a20b-5713704bbaa1 ] Request (NetworksTest:setUpClass): 201 POST http://10.180.1.21/identity/v3/auth/tokens 0.234s
2025-03-06 03:49:32.257 68606 INFO tempest.lib.common.rest_client [req-fb6660bd-f612-42aa-8d70-96d6adab00c1 req-fb6660bd-f612-42aa-8d70-96d6adab00c1 ] Request (HypervisorAdminUnderV252Test:tearDownClass): 200 GET http://10.180.1.21:9696/networking/v2.0/security-groups?tenant_id=51ec555c51304a898eab8d899588e2a3&name=default 0.096s
2025-03-06 03:49:32.259 68563 INFO tempest.lib.common.rest_client [req-f08b6122-3d3b-46ad-bb65-4d6aa9ef5c0f req-f08b6122-3d3b-46ad-bb65-4d6aa9ef5c0f ] Request (ServicesAdminNegativeTestJSON:test_get_service_by_invalid_params): 200 GET http://10.180.1.21/compute/v2.1/os-services?xxx=nova-compute 0.959s
2025-03-06 03:49:32.274 68595 INFO tempest.lib.common.rest_client [req-ac49a0dd-4f08-44a7-8656-6c97c8b46f27 req-ac49a0dd-4f08-44a7-8656-6c97c8b46f27 ] Request (HypervisorAdminTestJSON:test_get_hypervisor_stats): 200 GET http://10.180.1.21/compute/v2.1/os-hypervisors/statistics 0.945s
2025-03-06 03:49:32.297 68583 INFO tempest.lib.common.rest_client [req-4c22da4a-9003-454f-a85e-0613fe971a1e req-4c22da4a-9003-454f-a85e-0613fe971a1e ] Request (FlavorsExtraSpecsTestJSON:test_flavor_set_get_update_show_unset_keys): 200 POST http://10.180.1.21/compute/v2.1/flavors/948107755/os-extra_specs 0.958s
2025-03-06 03:49:32.304 68601 INFO tempest.lib.common.rest_client [req-b1f623de-9f05-41c0-989b-757f73e01701 req-b1f623de-9f05-41c0-989b-757f73e01701 ] Request (MultipleCreateNegativeTestJSON:test_min_count_non_integer): 201 POST http://10.180.1.21/identity/v3/auth/tokens 0.235s
2025-03-06 03:49:32.304 68601 INFO tempest.lib.common.fixed_network [-] (MultipleCreateNegativeTestJSON:test_min_count_non_integer) Found network None available for tenant
2025-03-06 03:49:32.315 68587 INFO tempest.lib.common.rest_client [req-b0d6bded-1fa9-4e68-8e10-4cbd34ec9054 req-b0d6bded-1fa9-4e68-8e10-4cbd34ec9054 ] Request (FlavorsV261TestJSON:_run_cleanups): 202 DELETE http://10.180.1.21/compute/v2.1/flavors/460160666 0.717s
2025-03-06 03:49:32.319 68582 INFO tempest.lib.common.rest_client [req-e642f97a-7195-4ba0-9e51-a50d669dd318 req-e642f97a-7195-4ba0-9e51-a50d669dd318 ] Request (ImagesOneServerNegativeTestJSON:setUpClass): 201 POST http://10.180.1.21/identity/v3/projects 0.219s
2025-03-06 03:49:32.337 68571 INFO tempest.lib.common.rest_client [req-ee4b3e39-3d94-4a72-a070-31ace63ae7dc req-ee4b3e39-3d94-4a72-a070-31ace63ae7dc ] Request (QuotaClassesAdminTestJSON:test_update_default_quotas): 200 GET http://10.180.1.21/compute/v2.1/os-quota-class-sets/default 0.702s
2025-03-06 03:49:32.358 68607 INFO tempest.lib.common.rest_client [req-7b82a651-4f8c-4131-8730-441d5a950767 req-7b82a651-4f8c-4131-8730-441d5a950767 ] Request (ServicesAdminNegativeV253TestJSON:test_get_service_by_invalid_service_and_valid_host): 200 GET http://10.180.1.21/compute/v2.1/os-services 0.699s
2025-03-06 03:49:32.382 68565 INFO tempest.lib.common.rest_client [req-6ea5c502-9883-4c0e-b348-af6d7e71db31 req-6ea5c502-9883-4c0e-b348-af6d7e71db31 ] Request (FlavorsAdminTestJSON:_run_cleanups): 200 GET http://10.180.1.21/compute/v2.1/flavors/detail 0.711s
2025-03-06 03:49:32.400 68579 INFO tempest.lib.common.rest_client [req-53066483-3a9d-45fd-acb8-918c7094dc7c req-53066483-3a9d-45fd-acb8-918c7094dc7c ] Request (QuotasAdminTestV236:setUpClass): 204 PUT http://10.180.1.21/identity/v3/projects/c276c8c172c14e208225daa499e74243/users/c786b6ef3d8447e897e43423a7d700bc/roles/70a64c3240f74218b1eed1ee3002ca74 0.177s
2025-03-06 03:49:32.406 68567 INFO tempest.lib.common.rest_client [req-26dca33a-742f-467f-b612-0a1fe1cadb0d req-26dca33a-742f-467f-b612-0a1fe1cadb0d ] Request (FlavorsV255TestJSON:tearDownClass): 200 GET http://10.180.1.21:9696/networking/v2.0/security-groups?tenant_id=7cb9eaa77d58465fb6717a3ed9a977e6&name=default 0.330s
2025-03-06 03:49:32.472 68593 INFO tempest.lib.common.rest_client [req-23006685-76b9-474b-a76d-402aa6989e71 req-23006685-76b9-474b-a76d-402aa6989e71 ] Request (NetworksTest:setUpClass): 201 POST http://10.180.1.21/identity/v3/auth/tokens 0.211s
2025-03-06 03:49:32.515 68595 INFO tempest.lib.common.rest_client [req-cea89e16-4690-48f5-bbb5-103ae5de477b req-cea89e16-4690-48f5-bbb5-103ae5de477b ] Request (HypervisorAdminTestJSON:tearDownClass): 204 DELETE http://10.180.1.21/identity/v3/users/5ed4cadb44a241a7b62493816fc2f4fb 0.232s
2025-03-06 03:49:32.526 68606 INFO tempest.lib.common.rest_client [req-cd5b9c14-9e9b-49a5-9231-ec9cb974029a req-cd5b9c14-9e9b-49a5-9231-ec9cb974029a ] Request (HypervisorAdminUnderV252Test:tearDownClass): 204 DELETE http://10.180.1.21:9696/networking/v2.0/security-groups/dce9a12b-8370-4d1e-9c4d-d788e2b3a384 0.269s
2025-03-06 03:49:32.532 68604 INFO tempest.lib.common.rest_client [req-f60e9ff4-11f3-4335-8004-3ba5be119f90 req-f60e9ff4-11f3-4335-8004-3ba5be119f90 ] Request (ServicesAdminTestJSON:tearDownClass): 200 GET http://10.180.1.21:9696/networking/v2.0/security-groups?tenant_id=a6b41fb2114a4784bcb71445f102ada0&name=default 0.549s
2025-03-06 03:49:32.534 68582 INFO tempest.lib.common.rest_client [req-9771a9fa-8120-4607-9689-7c6b33fe2b09 req-9771a9fa-8120-4607-9689-7c6b33fe2b09 ] Request (ImagesOneServerNegativeTestJSON:setUpClass): 201 POST http://10.180.1.21/identity/v3/users 0.214s
2025-03-06 03:49:32.569 68579 INFO tempest.lib.common.rest_client [req-d5528efd-2749-4791-9f6b-0684eba38183 req-d5528efd-2749-4791-9f6b-0684eba38183 ] Request (QuotasAdminTestV236:setUpClass): 200 GET http://10.180.1.21/identity/v3/roles 0.169s
2025-03-06 03:49:32.591 68593 INFO tempest.lib.common.rest_client [req-67c7a7a8-600d-437e-b7f3-e2d484a79ba7 req-67c7a7a8-600d-437e-b7f3-e2d484a79ba7 ] Request (NetworksTest:setUpClass): 200 GET http://10.180.1.21/identity/v3/domains?name=Default 0.119s
2025-03-06 03:49:32.603 68604 INFO tempest.lib.common.rest_client [req-aa28f464-d628-4da5-9a71-a673cf58ad15 req-aa28f464-d628-4da5-9a71-a673cf58ad15 ] Request (ServicesAdminTestJSON:tearDownClass): 204 DELETE http://10.180.1.21:9696/networking/v2.0/security-groups/b81d23ae-c2ef-49d7-9be1-40d618140f91 0.070s
2025-03-06 03:49:32.632 68595 INFO tempest.lib.common.rest_client [req-ade88191-2a38-4a6b-9561-05bb447317cc req-ade88191-2a38-4a6b-9561-05bb447317cc ] Request (HypervisorAdminTestJSON:tearDownClass): 204 DELETE http://10.180.1.21/identity/v3/users/43c6123ca2a74e308d4245f90c5ae9b2 0.117s
2025-03-06 03:49:32.632 68595 INFO tempest.lib.common.dynamic_creds [-] Deleting project and security group for project: 59622d8917a14f97ba9a0a90813b1d39
2025-03-06 03:49:32.655 68567 INFO tempest.lib.common.rest_client [req-f14dfd25-c11e-4b41-9a45-beb36677c146 req-f14dfd25-c11e-4b41-9a45-beb36677c146 ] Request (FlavorsV255TestJSON:tearDownClass): 204 DELETE http://10.180.1.21:9696/networking/v2.0/security-groups/2d1c2aad-af74-4551-8b26-4071b6c64ec1 0.248s
2025-03-06 03:49:32.655 68606 INFO tempest.lib.common.rest_client [req-d3e89842-9fe2-4597-a7fe-867c19becd0e req-d3e89842-9fe2-4597-a7fe-867c19becd0e ] Request (HypervisorAdminUnderV252Test:tearDownClass): 204 DELETE http://10.180.1.21/identity/v3/projects/51ec555c51304a898eab8d899588e2a3 0.129s
2025-03-06 03:49:32.656 68606 INFO tempest.test [-] raised in ServersOnMultiNodesTest.setUpClass. Invoking tearDownClass.
2025-03-06 03:49:32.674 68599 INFO tempest.lib.common.rest_client [req-768ca189-ff07-4cbb-97b3-96eefd6b52b5 req-768ca189-ff07-4cbb-97b3-96eefd6b52b5 ] Request (VolumesAssistedSnapshotsTest:test_volume_assisted_snapshot_create_delete): 202 POST http://10.180.1.21/volume/v3/volumes 0.507s
2025-03-06 03:49:32.679 68585 INFO tempest.lib.common.rest_client [req-af9e7fc0-2e19-4a09-bb67-15412f1f596e req-af9e7fc0-2e19-4a09-bb67-15412f1f596e ] Request (SecurityGroupRulesTestJSON:test_security_group_rules_create): 200 POST http://10.180.1.21/compute/v2.1/os-security-group-rules 0.725s
2025-03-06 03:49:32.683 68597 INFO tempest.lib.common.rest_client [req-e4df414a-f17c-4d7c-97e4-7c89890c6904 req-e4df414a-f17c-4d7c-97e4-7c89890c6904 ] Request (ServerActionsTestJSON:setUpClass): 201 POST http://10.180.1.21:9696/networking/v2.0/subnets 0.484s
2025-03-06 03:49:32.698 68582 INFO tempest.lib.common.rest_client [req-a4fceffc-01c8-4016-b1fa-2cf661c838ab req-a4fceffc-01c8-4016-b1fa-2cf661c838ab ] Request (ImagesOneServerNegativeTestJSON:setUpClass): 200 GET http://10.180.1.21/identity/v3/roles 0.164s
2025-03-06 03:49:32.728 68579 INFO tempest.lib.common.rest_client [req-e7542fcd-f657-4d4b-a8e8-3d64f53fa414 req-e7542fcd-f657-4d4b-a8e8-3d64f53fa414 ] Request (QuotasAdminTestV236:setUpClass): 204 PUT http://10.180.1.21/identity/v3/projects/c276c8c172c14e208225daa499e74243/users/c786b6ef3d8447e897e43423a7d700bc/roles/70a64c3240f74218b1eed1ee3002ca74 0.158s
2025-03-06 03:49:32.729 68579 INFO tempest.lib.common.dynamic_creds [-] Dynamic test user c786b6ef3d8447e897e43423a7d700bc is created with scope project and roles: ['admin']
2025-03-06 03:49:32.729 68579 INFO tempest.lib.common.dynamic_creds [-] Acquired dynamic creds: credentials: Credentials: {'domain_id': 'default', 'domain_name': 'Default', 'username': 'tempest-QuotasAdminTestV236-1416605833-project-admin', 'project_domain_id': 'default', 'project_domain_name': 'Default', 'project_id': 'c276c8c172c14e208225daa499e74243', 'project_name': 'tempest-QuotasAdminTestV236-1416605833', 'tenant_id': 'c276c8c172c14e208225daa499e74243', 'tenant_name': 'tempest-QuotasAdminTestV236-1416605833', 'user_domain_id': 'default', 'user_domain_name': 'Default', 'user_id': 'c786b6ef3d8447e897e43423a7d700bc', 'system': None}, Network: None, Subnet: None, Router: None
2025-03-06 03:49:32.729 68579 INFO tempest.lib.common.dynamic_creds [-] Created isolated network resources for: credentials: Credentials: {'domain_id': 'default', 'domain_name': 'Default', 'username': 'tempest-QuotasAdminTestV236-1416605833-project-admin', 'project_domain_id': 'default', 'project_domain_name': 'Default', 'project_id': 'c276c8c172c14e208225daa499e74243', 'project_name': 'tempest-QuotasAdminTestV236-1416605833', 'tenant_id': 'c276c8c172c14e208225daa499e74243', 'tenant_name': 'tempest-QuotasAdminTestV236-1416605833', 'user_domain_id': 'default', 'user_domain_name': 'Default', 'user_id': 'c786b6ef3d8447e897e43423a7d700bc', 'system': None}, Network: None, Subnet: None, Router: None
2025-03-06 03:49:32.734 68593 INFO tempest.lib.common.rest_client [req-c1825bfc-94f2-47ee-86ce-9f5384247c67 req-c1825bfc-94f2-47ee-86ce-9f5384247c67 ] Request (NetworksTest:setUpClass): 201 POST http://10.180.1.21/identity/v3/projects 0.142s
2025-03-06 03:49:32.758 68599 INFO tempest.lib.common.rest_client [req-8e0bfc3c-7eb0-47c6-ac4b-f92ab96ba77b req-8e0bfc3c-7eb0-47c6-ac4b-f92ab96ba77b ] Request (VolumesAssistedSnapshotsTest:test_volume_assisted_snapshot_create_delete): 200 GET http://10.180.1.21/volume/v3/volumes/f22d7265-641d-4b7f-a599-c9b2ea2a5768 0.075s
2025-03-06 03:49:32.790 68569 INFO tempest.lib.common.rest_client [req-5b92a014-70b8-495c-85e6-7b77b7ae1c37 req-5b92a014-70b8-495c-85e6-7b77b7ae1c37 ] Request (ServerDiagnosticsV248Test:test_get_server_diagnostics): 200 GET http://10.180.1.21/compute/v2.1/servers/6105602a-b8eb-4128-a492-b60a9468018f 0.805s
2025-03-06 03:49:32.793 68595 INFO tempest.lib.common.rest_client [req-e49b09d4-17bd-4ec9-8535-7fc5c53ca3e0 req-e49b09d4-17bd-4ec9-8535-7fc5c53ca3e0 ] Request (HypervisorAdminTestJSON:tearDownClass): 201 POST http://10.180.1.21/identity/v3/auth/tokens 0.161s
2025-03-06 03:49:32.832 68561 INFO tempest.lib.common.rest_client [req-e88b5141-4546-4048-a960-7306fb7598e1 req-e88b5141-4546-4048-a960-7306fb7598e1 ] Request (AggregatesAdminNegativeTestJSON:test_aggregate_add_host_as_user): 200 POST http://10.180.1.21/compute/v2.1/os-aggregates 0.790s
2025-03-06 03:49:32.838 68555 INFO tempest.lib.common.rest_client [req-571e29aa-1576-499e-b94c-7e1cf050aadc req-571e29aa-1576-499e-b94c-7e1cf050aadc ] Request (HypervisorAdminNegativeUnderV252Test:test_show_servers_with_non_admin_user): 403 GET http://10.180.1.21/compute/v2.1/os-hypervisors/1/servers 0.782s
2025-03-06 03:49:32.861 68577 INFO tempest.lib.common.rest_client [req-bf5a7b9e-6351-41d9-b05a-da9bfc1b4777 req-bf5a7b9e-6351-41d9-b05a-da9bfc1b4777 ] Request (HostsAdminTestJSON:test_list_hosts_with_zone): 200 GET http://10.180.1.21/compute/v2.1/os-hosts 0.782s
2025-03-06 03:49:32.878 68575 INFO tempest.lib.common.rest_client [req-18fc2596-d1a2-4460-bbdb-544341a421ff req-18fc2596-d1a2-4460-bbdb-544341a421ff ] Request (FlavorsAccessNegativeTestJSON:_run_cleanups): 202 DELETE http://10.180.1.21/compute/v2.1/flavors/1932370524 0.765s
2025-03-06 03:49:32.881 68567 INFO tempest.lib.common.rest_client [req-98c257ab-7f38-4386-81ab-270b4d205a02 req-98c257ab-7f38-4386-81ab-270b4d205a02 ] Request (FlavorsV255TestJSON:tearDownClass): 204 DELETE http://10.180.1.21/identity/v3/projects/7cb9eaa77d58465fb6717a3ed9a977e6 0.226s
2025-03-06 03:49:32.881 68567 INFO tempest.lib.common.dynamic_creds [-] Deleting project and security group for project: 18dc2fa0c1674c0ca0aa015a5d1cfd5e
2025-03-06 03:49:32.885 68604 INFO tempest.lib.common.rest_client [req-48cdd810-79b9-48fe-93a9-3f7d06d874a9 req-48cdd810-79b9-48fe-93a9-3f7d06d874a9 ] Request (ServicesAdminTestJSON:tearDownClass): 204 DELETE http://10.180.1.21/identity/v3/projects/a6b41fb2114a4784bcb71445f102ada0 0.281s
2025-03-06 03:49:32.885 68604 INFO tempest.lib.common.dynamic_creds [-] Deleting project and security group for project: 76e93283336f4d29860714c5db364c77
2025-03-06 03:49:32.889 68551 INFO tempest.lib.common.rest_client [req-804de377-8631-4bc8-8902-296a8bc05244 req-804de377-8631-4bc8-8902-296a8bc05244 ] Request (HostsAdminNegativeTestJSON:test_show_host_detail_with_nonexistent_hostname): 404 GET http://10.180.1.21/compute/v2.1/os-hosts/nonexistent_hostname 0.768s
2025-03-06 03:49:32.910 68557 INFO tempest.lib.common.rest_client [req-cf348888-4781-4744-9053-45b20c1c0e90 req-cf348888-4781-4744-9053-45b20c1c0e90 ] Request (ServersWithSpecificFlavorTestJSON:test_verify_created_server_ephemeral_disk): 200 POST http://10.180.1.21/compute/v2.1/flavors/2051801385/os-extra_specs 0.776s
2025-03-06 03:49:32.923 68553 INFO tempest.lib.common.rest_client [req-d3f3f994-a56c-4bfe-900c-54f7289546e0 req-d3f3f994-a56c-4bfe-900c-54f7289546e0 ] Request (FlavorsAccessTestJSON:test_flavor_access_list_with_private_flavor): 200 GET http://10.180.1.21/compute/v2.1/flavors/1558275866/os-flavor-access 0.690s
2025-03-06 03:49:32.941 68609 INFO tempest.lib.common.rest_client [req-77a84609-d03d-4f38-961f-bc033f234cc0 req-77a84609-d03d-4f38-961f-bc033f234cc0 ] Request (FlavorsExtraSpecsNegativeTestJSON:test_flavor_non_admin_update_specific_key): 200 POST http://10.180.1.21/compute/v2.1/flavors/1156217398/os-extra_specs 0.705s
2025-03-06 03:49:32.942 68582 INFO tempest.lib.common.rest_client [req-39127aa4-8f66-4423-a463-4df3972b435a req-39127aa4-8f66-4423-a463-4df3972b435a ] Request (ImagesOneServerNegativeTestJSON:setUpClass): 204 PUT http://10.180.1.21/identity/v3/projects/d921fe0876de499dbc86529a00b2c6f3/users/434654c75b9b4ddaaf3714b355c2a5bb/roles/47325c72d09e4bf39f28d888e708707d 0.243s
2025-03-06 03:49:32.942 68582 INFO tempest.lib.common.dynamic_creds [-] Dynamic test user 434654c75b9b4ddaaf3714b355c2a5bb is created with scope project and roles: ['member']
2025-03-06 03:49:32.942 68582 INFO tempest.lib.common.dynamic_creds [-] Acquired dynamic creds: credentials: Credentials: {'domain_id': 'default', 'domain_name': 'Default', 'username': 'tempest-ImagesOneServerNegativeTestJSON-673958444-project-member', 'project_domain_id': 'default', 'project_domain_name': 'Default', 'project_id': 'd921fe0876de499dbc86529a00b2c6f3', 'project_name': 'tempest-ImagesOneServerNegativeTestJSON-673958444', 'tenant_id': 'd921fe0876de499dbc86529a00b2c6f3', 'tenant_name': 'tempest-ImagesOneServerNegativeTestJSON-673958444', 'user_domain_id': 'default', 'user_domain_name': 'Default', 'user_id': '434654c75b9b4ddaaf3714b355c2a5bb', 'system': None}, Network: None, Subnet: None, Router: None
2025-03-06 03:49:32.949 68606 INFO tempest.lib.common.rest_client [req-3fea6a3b-58b2-4cd3-b3d6-0f4e009fd074 req-3fea6a3b-58b2-4cd3-b3d6-0f4e009fd074 ] Request (TenantUsagesNegativeTestJSON:setUpClass): 201 POST http://10.180.1.21/identity/v3/auth/tokens 0.291s
2025-03-06 03:49:32.958 68563 INFO tempest.lib.common.rest_client [req-85a97ee0-1dfc-48d6-98e8-a63ff8c2d311 req-85a97ee0-1dfc-48d6-98e8-a63ff8c2d311 ] Request (ServicesAdminNegativeTestJSON:test_get_service_by_invalid_service_and_valid_host): 200 GET http://10.180.1.21/compute/v2.1/os-services 0.695s
2025-03-06 03:49:32.968 68583 INFO tempest.lib.common.rest_client [req-fec9e2da-25b3-44eb-af5b-a5383bcb8956 req-fec9e2da-25b3-44eb-af5b-a5383bcb8956 ] Request (FlavorsExtraSpecsTestJSON:test_flavor_set_get_update_show_unset_keys): 200 GET http://10.180.1.21/compute/v2.1/flavors/948107755/os-extra_specs 0.670s
2025-03-06 03:49:32.973 68601 INFO tempest.lib.common.rest_client [req-ec2e11af-9237-4a3f-9631-24d1bc86e70c req-ec2e11af-9237-4a3f-9631-24d1bc86e70c ] Request (MultipleCreateNegativeTestJSON:test_min_count_non_integer): 400 POST http://10.180.1.21/compute/v2.1/servers 0.668s
2025-03-06 03:49:32.997 68587 INFO tempest.lib.common.rest_client [req-5b99b207-61fe-440c-937f-b0cbc7c4d327 req-5b99b207-61fe-440c-937f-b0cbc7c4d327 ] Request (FlavorsV261TestJSON:_run_cleanups): 200 GET http://10.180.1.21/compute/v2.1/flavors/detail 0.681s
2025-03-06 03:49:33.017 68604 INFO tempest.lib.common.rest_client [req-c9a371ca-f263-46bf-97f6-ae466297e394 req-c9a371ca-f263-46bf-97f6-ae466297e394 ] Request (ServicesAdminTestJSON:tearDownClass): 200 GET http://10.180.1.21:9696/networking/v2.0/security-groups?tenant_id=76e93283336f4d29860714c5db364c77&name=default 0.131s
2025-03-06 03:49:33.017 68579 INFO tempest.lib.common.rest_client [req-fb62a9fb-9184-4a16-8c08-6bf0e15d8afe req-fb62a9fb-9184-4a16-8c08-6bf0e15d8afe ] Request (QuotasAdminTestV236:setUpClass): 201 POST http://10.180.1.21/identity/v3/auth/tokens 0.282s
2025-03-06 03:49:33.018 68579 WARNING tempest.lib.common.rest_client [-] Deprecated: "tenant_id" property is deprecated for removal, use "project_id" instead
2025-03-06 03:49:33.023 68593 INFO tempest.lib.common.rest_client [req-415b9819-e11c-4850-bd2d-fc983bfdd707 req-415b9819-e11c-4850-bd2d-fc983bfdd707 ] Request (NetworksTest:setUpClass): 201 POST http://10.180.1.21/identity/v3/users 0.288s
2025-03-06 03:49:33.046 68582 INFO tempest.lib.common.rest_client [req-7f084379-5d48-40f8-b814-5725e48c6328 req-7f084379-5d48-40f8-b814-5725e48c6328 ] Request (ImagesOneServerNegativeTestJSON:setUpClass): 201 POST http://10.180.1.21/identity/v3/auth/tokens 0.104s
2025-03-06 03:49:33.055 68571 INFO tempest.lib.common.rest_client [req-d3221613-137a-4fb0-a6a5-7bbe84b66f19 req-d3221613-137a-4fb0-a6a5-7bbe84b66f19 ] Request (QuotaClassesAdminTestJSON:_run_cleanups): 200 PUT http://10.180.1.21/compute/v2.1/os-quota-class-sets/default 0.716s
2025-03-06 03:49:33.075 68606 INFO tempest.lib.common.rest_client [req-9c752319-7fcb-40aa-8651-10eb406ba8f7 req-9c752319-7fcb-40aa-8651-10eb406ba8f7 ] Request (TenantUsagesNegativeTestJSON:setUpClass): 201 POST http://10.180.1.21/identity/v3/auth/tokens 0.122s
2025-03-06 03:49:33.080 68607 INFO tempest.lib.common.rest_client [req-87dd359b-be92-4d5c-8258-3d9bed42e053 req-87dd359b-be92-4d5c-8258-3d9bed42e053 ] Request (ServicesAdminNegativeV253TestJSON:test_get_service_by_invalid_service_and_valid_host): 200 GET http://10.180.1.21/compute/v2.1/os-services?host=devstack&binary=xxx 0.719s
2025-03-06 03:49:33.091 68567 INFO tempest.lib.common.rest_client [req-a903a4bd-7312-4fe8-abd7-fc239d118fec req-a903a4bd-7312-4fe8-abd7-fc239d118fec ] Request (FlavorsV255TestJSON:tearDownClass): 200 GET http://10.180.1.21:9696/networking/v2.0/security-groups?tenant_id=18dc2fa0c1674c0ca0aa015a5d1cfd5e&name=default 0.209s
2025-03-06 03:49:33.098 68565 INFO tempest.lib.common.rest_client [req-0c92b01c-f444-456e-b233-217031961dcb req-0c92b01c-f444-456e-b233-217031961dcb ] Request (FlavorsAdminTestJSON:test_create_flavor_with_int_id): 200 POST http://10.180.1.21/compute/v2.1/flavors 0.710s
2025-03-06 03:49:33.127 68601 INFO tempest.lib.common.rest_client [req-ebe46d46-bc11-401d-8d31-8b6ac6bc5ccb req-ebe46d46-bc11-401d-8d31-8b6ac6bc5ccb ] Request (MultipleCreateNegativeTestJSON:tearDownClass): 204 DELETE http://10.180.1.21/identity/v3/users/6375a4e6045e4886b503c853e5871352 0.152s
2025-03-06 03:49:33.127 68601 INFO tempest.lib.common.dynamic_creds [-] Deleting project and security group for project: d562640373fa42b89091e6c53b28c62a
2025-03-06 03:49:33.139 68587 INFO tempest.lib.common.rest_client [req-c7c1e742-fee5-478a-9f4a-79b0769a536c req-c7c1e742-fee5-478a-9f4a-79b0769a536c ] Request (FlavorsV261TestJSON:tearDownClass): 204 DELETE http://10.180.1.21/identity/v3/users/902fc10d19c94a2fbc07e45e84cf1fc1 0.126s
2025-03-06 03:49:33.172 68604 INFO tempest.lib.common.rest_client [req-8a0c85f0-b562-4875-a971-abfc76e5b253 req-8a0c85f0-b562-4875-a971-abfc76e5b253 ] Request (ServicesAdminTestJSON:tearDownClass): 204 DELETE http://10.180.1.21:9696/networking/v2.0/security-groups/f890fcd6-15b9-4d04-90ec-e1bb91eae1c2 0.155s
2025-03-06 03:49:33.176 68591 INFO tempest.lib.common.rest_client [req-16f48c8c-1a7b-43be-ad72-f106ba489a11 req-16f48c8c-1a7b-43be-ad72-f106ba489a11 ] Request (TenantUsagesTestJSON:setUpClass): 200 GET http://10.180.1.21/compute/v2.1/servers/34889575-95ea-451c-aa59-49a5f30d4e4c 0.742s
2025-03-06 03:49:33.208 68593 INFO tempest.lib.common.rest_client [req-c5da5c86-1286-411f-9334-3d5f9021887f req-c5da5c86-1286-411f-9334-3d5f9021887f ] Request (NetworksTest:setUpClass): 200 GET http://10.180.1.21/identity/v3/roles 0.184s
2025-03-06 03:49:33.228 68567 INFO tempest.lib.common.rest_client [req-d057a3a7-241d-4bdd-8ea5-9e0adeb1ca37 req-d057a3a7-241d-4bdd-8ea5-9e0adeb1ca37 ] Request (FlavorsV255TestJSON:tearDownClass): 204 DELETE http://10.180.1.21:9696/networking/v2.0/security-groups/e20a5d50-cd9a-4fc7-a490-072cbb474a16 0.137s
2025-03-06 03:49:33.239 68595 INFO tempest.lib.common.rest_client [req-07bd2804-1149-4b1e-9dfd-69937e06d5a5 req-07bd2804-1149-4b1e-9dfd-69937e06d5a5 ] Request (HypervisorAdminTestJSON:tearDownClass): 200 GET http://10.180.1.21:9696/networking/v2.0/security-groups?tenant_id=59622d8917a14f97ba9a0a90813b1d39&name=default 0.445s
2025-03-06 03:49:33.243 68606 INFO tempest.lib.common.rest_client [req-f1ccd5c4-5c29-4a6b-a8d9-8f57bdfc8b9e req-f1ccd5c4-5c29-4a6b-a8d9-8f57bdfc8b9e ] Request (TenantUsagesNegativeTestJSON:setUpClass): 200 GET http://10.180.1.21/identity/v3/domains?name=Default 0.167s
2025-03-06 03:49:33.262 68571 INFO tempest.lib.common.rest_client [req-401f6396-9e27-4241-b063-55bb52dcd2ac req-401f6396-9e27-4241-b063-55bb52dcd2ac ] Request (QuotaClassesAdminTestJSON:tearDownClass): 204 DELETE http://10.180.1.21/identity/v3/users/883f89e458d441ac8c27a9d59d55f2fe 0.190s
2025-03-06 03:49:33.312 68601 INFO tempest.lib.common.rest_client [req-fc68ed91-b2f1-4c8e-940e-9ffcd1f56c83 req-fc68ed91-b2f1-4c8e-940e-9ffcd1f56c83 ] Request (MultipleCreateNegativeTestJSON:tearDownClass): 201 POST http://10.180.1.21/identity/v3/auth/tokens 0.185s
2025-03-06 03:49:33.316 68595 INFO tempest.lib.common.rest_client [req-91768b2c-9cdc-4713-83b3-7a613fb0af0c req-91768b2c-9cdc-4713-83b3-7a613fb0af0c ] Request (HypervisorAdminTestJSON:tearDownClass): 204 DELETE http://10.180.1.21:9696/networking/v2.0/security-groups/31da5f59-cd48-44cf-8faf-5b80139fe0ae 0.076s
2025-03-06 03:49:33.319 68579 INFO tempest.lib.common.rest_client [req-0f4a740a-a6e5-405a-901a-ba81d1844b81 req-0f4a740a-a6e5-405a-901a-ba81d1844b81 ] Request (QuotasAdminTestV236:test_get_updated_quotas): 200 GET http://10.180.1.21/identity/v3/domains?name=Default 0.238s
2025-03-06 03:49:33.360 68613 INFO tempest.lib.common.rest_client [req-246d0d1c-4cd4-4f64-bb63-e8a50d07bede req-246d0d1c-4cd4-4f64-bb63-e8a50d07bede ] Request (ServerDiagnosticsTest:test_get_server_diagnostics): 200 GET http://10.180.1.21/compute/v2.1/servers/eb5dc742-fa8f-4bac-89cb-afa57b5abe12 0.795s
2025-03-06 03:49:33.374 68587 INFO tempest.lib.common.rest_client [req-da66753b-54c5-42a9-b92b-b93cee1dcbfe req-da66753b-54c5-42a9-b92b-b93cee1dcbfe ] Request (FlavorsV261TestJSON:tearDownClass): 204 DELETE http://10.180.1.21/identity/v3/users/6ded1bd6e7984a90a5428dcfdfae971e 0.235s
2025-03-06 03:49:33.375 68587 INFO tempest.lib.common.dynamic_creds [-] Deleting project and security group for project: 1255fe0837e1429c97ed4590e29d29fb
2025-03-06 03:49:33.378 68604 INFO tempest.lib.common.rest_client [req-825c35a2-4bb7-46f7-bdc3-2d1662556bfd req-825c35a2-4bb7-46f7-bdc3-2d1662556bfd ] Request (ServicesAdminTestJSON:tearDownClass): 204 DELETE http://10.180.1.21/identity/v3/projects/76e93283336f4d29860714c5db364c77 0.205s
2025-03-06 03:49:33.433 68593 INFO tempest.lib.common.rest_client [req-bbb5773f-fbc4-40a0-ba4c-dec05e38c55b req-bbb5773f-fbc4-40a0-ba4c-dec05e38c55b ] Request (NetworksTest:setUpClass): 204 PUT http://10.180.1.21/identity/v3/projects/1dffcd3720a244b2aea2905edeb648d4/users/410ece97a427439996999fa62e928412/roles/47325c72d09e4bf39f28d888e708707d 0.224s
2025-03-06 03:49:33.433 68593 INFO tempest.lib.common.dynamic_creds [-] Dynamic test user 410ece97a427439996999fa62e928412 is created with scope project and roles: ['member']
2025-03-06 03:49:33.433 68593 INFO tempest.lib.common.dynamic_creds [-] Acquired dynamic creds: credentials: Credentials: {'domain_id': 'default', 'domain_name': 'Default', 'username': 'tempest-NetworksTest-1142571142-project-member', 'project_domain_id': 'default', 'project_domain_name': 'Default', 'project_id': '1dffcd3720a244b2aea2905edeb648d4', 'project_name': 'tempest-NetworksTest-1142571142', 'tenant_id': '1dffcd3720a244b2aea2905edeb648d4', 'tenant_name': 'tempest-NetworksTest-1142571142', 'user_domain_id': 'default', 'user_domain_name': 'Default', 'user_id': '410ece97a427439996999fa62e928412', 'system': None}, Network: None, Subnet: None, Router: None
2025-03-06 03:49:33.433 68593 INFO tempest.lib.common.dynamic_creds [-] Created isolated network resources for: credentials: Credentials: {'domain_id': 'default', 'domain_name': 'Default', 'username': 'tempest-NetworksTest-1142571142-project-member', 'project_domain_id': 'default', 'project_domain_name': 'Default', 'project_id': '1dffcd3720a244b2aea2905edeb648d4', 'project_name': 'tempest-NetworksTest-1142571142', 'tenant_id': '1dffcd3720a244b2aea2905edeb648d4', 'tenant_name': 'tempest-NetworksTest-1142571142', 'user_domain_id': 'default', 'user_domain_name': 'Default', 'user_id': '410ece97a427439996999fa62e928412', 'system': None}, Network: None, Subnet: None, Router: None
2025-03-06 03:49:33.455 68589 INFO tempest.lib.common.rest_client [req-8f3b8f37-f0ba-4164-bbbe-8e6f65157a80 req-8f3b8f37-f0ba-4164-bbbe-8e6f65157a80 ] Request (DeleteServersAdminTestJSON:test_admin_delete_servers_of_others): 200 GET http://10.180.1.21/compute/v2.1/servers/102187bd-0cb2-4496-8dd0-9101b24ee4fa 0.776s
2025-03-06 03:49:33.474 68567 INFO tempest.lib.common.rest_client [req-73e01cc9-0bb0-4b27-93a7-37c2507618ee req-73e01cc9-0bb0-4b27-93a7-37c2507618ee ] Request (FlavorsV255TestJSON:tearDownClass): 204 DELETE http://10.180.1.21/identity/v3/projects/18dc2fa0c1674c0ca0aa015a5d1cfd5e 0.246s
2025-03-06 03:49:33.511 68611 INFO tempest.lib.common.rest_client [req-97a792b6-aafa-4226-9add-0a5ef4121972 req-97a792b6-aafa-4226-9add-0a5ef4121972 ] Request (FloatingIPsTestJSON:test_delete_floating_ip): 200 POST http://10.180.1.21/compute/v2.1/os-floating-ips 2.522s
2025-03-06 03:49:33.523 68606 INFO tempest.lib.common.rest_client [req-74e33053-dcfa-43de-839c-d94470c637cf req-74e33053-dcfa-43de-839c-d94470c637cf ] Request (TenantUsagesNegativeTestJSON:setUpClass): 201 POST http://10.180.1.21/identity/v3/projects 0.280s
2025-03-06 03:49:33.563 68571 INFO tempest.lib.common.rest_client [req-f9f06862-8d41-4af7-859c-0887468bafb4 req-f9f06862-8d41-4af7-859c-0887468bafb4 ] Request (QuotaClassesAdminTestJSON:tearDownClass): 204 DELETE http://10.180.1.21/identity/v3/users/d851ace50c9948dabeb154620bbef998 0.300s
2025-03-06 03:49:33.563 68571 INFO tempest.lib.common.dynamic_creds [-] Deleting project and security group for project: 93baf0586412460b8290f383706c9a15
2025-03-06 03:49:33.650 68595 INFO tempest.lib.common.rest_client [req-8f33ed56-077e-40a6-a928-2f21330b2a9f req-8f33ed56-077e-40a6-a928-2f21330b2a9f ] Request (HypervisorAdminTestJSON:tearDownClass): 204 DELETE http://10.180.1.21/identity/v3/projects/59622d8917a14f97ba9a0a90813b1d39 0.333s
2025-03-06 03:49:33.650 68595 INFO tempest.lib.common.dynamic_creds [-] Deleting project and security group for project: d62ba5e9ed854660be220ab6311ef531
2025-03-06 03:49:33.704 68587 INFO tempest.lib.common.rest_client [req-6f83de39-00e6-4a09-bb12-2213df5b78af req-6f83de39-00e6-4a09-bb12-2213df5b78af ] Request (FlavorsV261TestJSON:tearDownClass): 201 POST http://10.180.1.21/identity/v3/auth/tokens 0.329s
2025-03-06 03:49:33.707 68582 INFO tempest.lib.common.rest_client [req-29c222cc-028a-45a4-bbba-cc6ba74dc05c req-29c222cc-028a-45a4-bbba-cc6ba74dc05c ] Request (ImagesOneServerNegativeTestJSON:setUpClass): 201 POST http://10.180.1.21:9696/networking/v2.0/networks 0.660s
2025-03-06 03:49:33.711 68585 INFO tempest.lib.common.rest_client [req-81ecc818-0ecf-4794-8ddc-6a6fe96db8e6 req-81ecc818-0ecf-4794-8ddc-6a6fe96db8e6 ] Request (SecurityGroupRulesTestJSON:test_security_group_rules_create_with_optional_cidr): 200 POST http://10.180.1.21/compute/v2.1/os-security-groups 1.028s
2025-03-06 03:49:33.731 68604 INFO tempest.lib.common.rest_client [req-f3a2d59a-8a82-43d1-b102-2d29bba73e4a req-f3a2d59a-8a82-43d1-b102-2d29bba73e4a ] Request (ServersListShow298Test:setUpClass): 201 POST http://10.180.1.21/identity/v3/auth/tokens 0.351s
2025-03-06 03:49:33.732 68555 INFO tempest.lib.common.rest_client [req-1425ae6f-4946-4de7-baf7-a4a795a52749 req-1425ae6f-4946-4de7-baf7-a4a795a52749 ] Request (HypervisorAdminNegativeUnderV252Test:test_show_servers_with_nonexistent_hypervisor): 404 GET http://10.180.1.21/compute/v2.1/os-hypervisors/fb8f3816-dab1-4c28-a714-bdd3f46e677c/servers 0.892s
2025-03-06 03:49:33.735 68579 INFO tempest.lib.common.rest_client [req-4cf59266-f460-4093-bc89-e6c324df0d4b req-4cf59266-f460-4093-bc89-e6c324df0d4b ] Request (QuotasAdminTestV236:test_get_updated_quotas): 201 POST http://10.180.1.21/identity/v3/projects 0.415s
2025-03-06 03:49:33.739 68601 INFO tempest.lib.common.rest_client [req-6085286a-bab0-4fb6-bde6-fe827b0ebcb6 req-6085286a-bab0-4fb6-bde6-fe827b0ebcb6 ] Request (MultipleCreateNegativeTestJSON:tearDownClass): 200 GET http://10.180.1.21:9696/networking/v2.0/security-groups?tenant_id=d562640373fa42b89091e6c53b28c62a&name=default 0.426s
2025-03-06 03:49:33.758 68577 INFO tempest.lib.common.rest_client [req-7c407f9e-a160-42ab-bd94-3d34a681fa62 req-7c407f9e-a160-42ab-bd94-3d34a681fa62 ] Request (HostsAdminTestJSON:test_list_hosts_with_zone): 200 GET http://10.180.1.21/compute/v2.1/os-hosts?zone=internal 0.895s
2025-03-06 03:49:33.794 68575 INFO tempest.lib.common.rest_client [req-a6b5ccc1-2c56-4c88-b597-a32d90b19dbe req-a6b5ccc1-2c56-4c88-b597-a32d90b19dbe ] Request (FlavorsAccessNegativeTestJSON:_run_cleanups): 200 GET http://10.180.1.21/compute/v2.1/flavors/detail 0.915s
2025-03-06 03:49:33.803 68551 INFO tempest.lib.common.rest_client [req-b77a8530-0de2-4ae6-a2cb-5acc767a55ff req-b77a8530-0de2-4ae6-a2cb-5acc767a55ff ] Request (HostsAdminNegativeTestJSON:test_shutdown_host_with_non_admin_user): 403 GET http://10.180.1.21/compute/v2.1/os-hosts/devstack/shutdown 0.912s
2025-03-06 03:49:33.816 68593 INFO tempest.lib.common.rest_client [req-96ae0398-0d75-4fc7-a30b-4a0bf9257874 req-96ae0398-0d75-4fc7-a30b-4a0bf9257874 ] Request (NetworksTest:setUpClass): 201 POST http://10.180.1.21/identity/v3/auth/tokens 0.378s
2025-03-06 03:49:33.823 68567 INFO tempest.lib.common.rest_client [req-93f2c4f7-f0fe-40e2-af5f-a7a983c7b5c0 req-93f2c4f7-f0fe-40e2-af5f-a7a983c7b5c0 ] Request (ListImageFiltersNegativeTestJSON:setUpClass): 201 POST http://10.180.1.21/identity/v3/auth/tokens 0.347s
2025-03-06 03:49:33.828 68599 INFO tempest.lib.common.rest_client [req-2a1b187f-962d-43fc-bfbe-ed1099f290b6 req-2a1b187f-962d-43fc-bfbe-ed1099f290b6 ] Request (VolumesAssistedSnapshotsTest:test_volume_assisted_snapshot_create_delete): 200 GET http://10.180.1.21/volume/v3/volumes/f22d7265-641d-4b7f-a599-c9b2ea2a5768 0.057s
2025-03-06 03:49:33.831 68557 INFO tempest.lib.common.rest_client [req-b50c0419-4006-4d7b-ac61-cc3adf731a01 req-b50c0419-4006-4d7b-ac61-cc3adf731a01 ] Request (ServersWithSpecificFlavorTestJSON:test_verify_created_server_ephemeral_disk): 200 POST http://10.180.1.21/compute/v2.1/flavors 0.920s
2025-03-06 03:49:33.841 68599 INFO tempest.common.waiters [-] volume f22d7265-641d-4b7f-a599-c9b2ea2a5768 reached available after waiting for 1.841936 seconds
2025-03-06 03:49:33.858 68553 INFO tempest.lib.common.rest_client [req-fc2e9f30-0e0e-4617-8e2c-b70237f33a02 req-fc2e9f30-0e0e-4617-8e2c-b70237f33a02 ] Request (FlavorsAccessTestJSON:_run_cleanups): 202 DELETE http://10.180.1.21/compute/v2.1/flavors/1558275866 0.934s
2025-03-06 03:49:33.869 68606 INFO tempest.lib.common.rest_client [req-ab67d886-4533-462c-b676-2f8c38f5b2d7 req-ab67d886-4533-462c-b676-2f8c38f5b2d7 ] Request (TenantUsagesNegativeTestJSON:setUpClass): 201 POST http://10.180.1.21/identity/v3/users 0.345s
2025-03-06 03:49:33.874 68609 INFO tempest.lib.common.rest_client [req-15782d51-b201-434c-a67a-91e77dabd99d req-15782d51-b201-434c-a67a-91e77dabd99d ] Request (FlavorsExtraSpecsNegativeTestJSON:test_flavor_non_admin_update_specific_key): 403 PUT http://10.180.1.21/compute/v2.1/flavors/1156217398/os-extra_specs/hw:numa_nodes 0.930s
2025-03-06 03:49:33.888 68601 INFO tempest.lib.common.rest_client [req-bddba144-a043-4679-8010-060e42a34162 req-bddba144-a043-4679-8010-060e42a34162 ] Request (MultipleCreateNegativeTestJSON:tearDownClass): 204 DELETE http://10.180.1.21:9696/networking/v2.0/security-groups/2c4a517c-f4c7-4732-8c66-b40cfeec11e8 0.149s
2025-03-06 03:49:33.899 68563 INFO tempest.lib.common.rest_client [req-37406f07-16a3-44a7-a377-5ac7c1ea7e41 req-37406f07-16a3-44a7-a377-5ac7c1ea7e41 ] Request (ServicesAdminNegativeTestJSON:test_get_service_by_invalid_service_and_valid_host): 200 GET http://10.180.1.21/compute/v2.1/os-services?host=devstack&binary=xxx 0.939s
2025-03-06 03:49:33.910 68571 INFO tempest.lib.common.rest_client [req-b4bfd91e-84e4-462d-89b5-70785796e890 req-b4bfd91e-84e4-462d-89b5-70785796e890 ] Request (QuotaClassesAdminTestJSON:tearDownClass): 201 POST http://10.180.1.21/identity/v3/auth/tokens 0.346s
2025-03-06 03:49:33.933 68583 INFO tempest.lib.common.rest_client [req-52111d5e-1f00-4af3-af2a-e54502192989 req-52111d5e-1f00-4af3-af2a-e54502192989 ] Request (FlavorsExtraSpecsTestJSON:test_flavor_set_get_update_show_unset_keys): 200 PUT http://10.180.1.21/compute/v2.1/flavors/948107755/os-extra_specs/hw:numa_nodes 0.963s
2025-03-06 03:49:33.938 68561 INFO tempest.lib.common.rest_client [req-548af4bf-6d00-4e99-aebe-b6620d8c0b10 req-548af4bf-6d00-4e99-aebe-b6620d8c0b10 ] Request (AggregatesAdminNegativeTestJSON:test_aggregate_add_host_as_user): 403 POST http://10.180.1.21/compute/v2.1/os-aggregates/2/action 1.104s
