2025-03-06 03:51:35.801 68573 INFO tempest.lib.common.rest_client [req-2727097a-0829-4192-ab89-7c4e16ad837a req-2727097a-0829-4192-ab89-7c4e16ad837a ] Request (MigrationsAdminTest:test_resize_server_revert_deleted_flavor): 200 GET http://10.180.1.21/compute/v2.1/servers/72467d49-6fa8-42db-871e-4e50e77eedf7 0.082s
2025-03-06 03:51:36.042 68553 INFO tempest.lib.common.rest_client [req-fe3c0d2a-4a35-4df3-92a1-86b700ad8fbb req-fe3c0d2a-4a35-4df3-92a1-86b700ad8fbb ] Request (ListServerFiltersTestJSON:tearDownClass): 200 GET http://10.180.1.21/compute/v2.1/servers/a340c66c-74eb-43e5-8e72-54d9c8b07a26 0.084s
2025-03-06 03:51:36.120 68575 INFO tempest.lib.common.rest_client [req-698f2304-74e1-471c-b257-9d24fef9c117 req-698f2304-74e1-471c-b257-9d24fef9c117 ] Request (InstanceActionsTestJSON:tearDownClass): 200 GET http://10.180.1.21/compute/v2.1/servers/0f7d80d2-5c34-42f7-a14a-97f9625675a8 0.060s
2025-03-06 03:51:36.170 68595 INFO tempest.lib.common.rest_client [req-478061eb-8797-4268-94ce-3df1c12e5990 req-478061eb-8797-4268-94ce-3df1c12e5990 ] Request (ServerPasswordTestJSON:setUpClass): 200 GET http://10.180.1.21/compute/v2.1/servers/a5468df9-c54d-4014-8002-ef82f111a7a4 0.056s
2025-03-06 03:51:36.246 68565 INFO tempest.lib.common.rest_client [req-592a7e3b-797b-4681-8d1d-93789a0d398c req-592a7e3b-797b-4681-8d1d-93789a0d398c ] Request (ServersTestJSON:setUpClass): 200 GET http://10.180.1.21/compute/v2.1/servers/876d428d-d5c9-422a-aba2-2d6c61b092db 0.062s
2025-03-06 03:51:36.250 68585 INFO tempest.lib.common.rest_client [req-58278c0b-c7f7-4b87-b81a-ba51d5f350f7 req-58278c0b-c7f7-4b87-b81a-ba51d5f350f7 ] Request (ServersTestMultiNic:test_verify_duplicate_network_nics): 200 GET http://10.180.1.21/compute/v2.1/servers/080ab438-269b-427a-9ee9-71c59d9c2a91 0.130s
2025-03-06 03:51:36.306 68607 INFO tempest.lib.common.rest_client [req-b19cc2f9-7d2e-41d2-9f1d-d517ac16e224 req-b19cc2f9-7d2e-41d2-9f1d-d517ac16e224 ] Request (ServersTestJSON:test_create_server_with_ipv6_addr_only): 200 GET http://10.180.1.21/compute/v2.1/servers/5ed44950-8e9b-4f42-9611-d5bff01dc905 0.061s
2025-03-06 03:51:36.310 68587 INFO tempest.lib.common.rest_client [req-98493b9e-7bfb-413b-83b8-31d4bbd689d3 req-98493b9e-7bfb-413b-83b8-31d4bbd689d3 ] Request (ServerGroupTestJSON:_run_cleanups): 200 GET http://10.180.1.21/compute/v2.1/servers/6ae76b0f-7df2-4652-b4c3-92c16ed487a1 0.119s
2025-03-06 03:51:36.365 68555 INFO tempest.lib.common.rest_client [req-b94a651f-7ad7-4753-b301-5b9cc1c9b4ff req-b94a651f-7ad7-4753-b301-5b9cc1c9b4ff ] Request (ServerActionsTestOtherA:setUpClass): 200 GET http://10.180.1.21/compute/v2.1/servers/dd59cab5-3f9a-42cc-93f1-75cea940acdd 0.059s
2025-03-06 03:51:36.382 68571 INFO tempest.lib.common.rest_client [req-e7935437-c851-404b-94be-9a2f5a0737fb req-e7935437-c851-404b-94be-9a2f5a0737fb ] Request (SecurityGroupsTestJSON:test_list_security_groups_by_server): 200 GET http://10.180.1.21/compute/v2.1/servers/f2af60e6-496c-4edb-9e99-4b45fa94bfeb 0.053s
2025-03-06 03:51:36.394 68551 INFO tempest.lib.common.rest_client [req-85d00649-e368-44b9-a5d8-96799ddfd8a9 req-85d00649-e368-44b9-a5d8-96799ddfd8a9 ] Request (ImagesOneServerTestJSON:test_create_image_specify_multibyte_character_image_name): 200 GET http://10.180.1.21/compute/v2.1/images/d029961d-9502-4d1e-9613-6dbc997a01cb 0.058s
2025-03-06 03:51:36.431 68606 INFO tempest.lib.common.rest_client [req-66601558-d512-4acc-abef-ba55b582ee22 req-66601558-d512-4acc-abef-ba55b582ee22 ] Request (FloatingIPsAssociationTestJSON:test_associate_already_associated_floating_ip): 200 GET http://10.180.1.21/compute/v2.1/servers/86528c8b-b51e-480d-a7bf-013d990d51ca 0.061s
2025-03-06 03:51:36.463 68577 INFO tempest.lib.common.rest_client [req-f7c0628c-864d-411f-8141-3ae0d4e0c832 req-f7c0628c-864d-411f-8141-3ae0d4e0c832 ] Request (ServersTestFqdnHostnames:test_create_server_with_fqdn_name): 200 GET http://10.180.1.21/compute/v2.1/servers/990e1a66-f2ab-4925-b1da-58cdc41a6315 0.051s
2025-03-06 03:51:36.481 68591 INFO tempest.lib.common.rest_client [req-5d44e0d6-47c6-46e8-8957-17eac6471251 req-5d44e0d6-47c6-46e8-8957-17eac6471251 ] Request (AttachInterfacesV270Test:test_create_get_list_interfaces): 200 GET http://10.180.1.21/compute/v2.1/servers/c8fd5539-8add-45fe-a0ac-8767bf8a330e 0.052s
2025-03-06 03:51:36.562 68583 INFO tempest.lib.common.rest_client [req-beb08855-a0b4-4351-8d5e-ec7b24d1313a req-beb08855-a0b4-4351-8d5e-ec7b24d1313a ] Request (InstanceActionsNegativeTestJSON:tearDownClass): 200 GET http://10.180.1.21/compute/v2.1/servers/88d67405-b8c6-484a-b178-68a8babb3708 0.057s
2025-03-06 03:51:36.580 68561 INFO tempest.lib.common.rest_client [req-384a3a90-b33b-417a-ae44-ed0c4632a0d0 req-384a3a90-b33b-417a-ae44-ed0c4632a0d0 ] Request (ServerDiagnosticsNegativeTest:tearDownClass): 200 GET http://10.180.1.21/compute/v2.1/servers/636b6b36-3ab5-4851-a232-d27b54895595 0.070s
2025-03-06 03:51:36.631 68582 INFO tempest.lib.common.rest_client [req-a902ca19-61f6-413d-a5d1-4c4b28b779e0 req-a902ca19-61f6-413d-a5d1-4c4b28b779e0 ] Request (ImagesOneServerNegativeTestJSON:_run_cleanups): 200 GET http://10.180.1.21/compute/v2.1/servers/dcd8cca2-b62c-44a6-9e77-f336d2d39c09 0.064s
2025-03-06 03:51:36.643 68579 INFO tempest.lib.common.rest_client [req-994f147d-3d30-467d-bb64-d58fb431be54 req-994f147d-3d30-467d-bb64-d58fb431be54 ] Request (ServersAdminTestJSON:test_create_server_with_scheduling_hint): 200 GET http://10.180.1.21/compute/v2.1/servers/abdf9de2-8563-4a31-91a3-0c18b0387533 0.067s
2025-03-06 03:51:36.686 68601 INFO tempest.lib.common.rest_client [req-1c78b27d-6ccc-4480-afd3-18e9da1a96a1 req-1c78b27d-6ccc-4480-afd3-18e9da1a96a1 ] Request (ServerRescueNegativeTestJSON:test_rescued_vm_detach_volume): 200 GET http://10.180.1.21/compute/v2.1/servers/13972b73-8bae-4a2a-a987-b6177381e7c8 0.059s
2025-03-06 03:51:36.694 68569 INFO tempest.lib.common.rest_client [req-2b47b40c-64c7-460c-a3bb-aa17843fa662 req-2b47b40c-64c7-460c-a3bb-aa17843fa662 ] Request (ServersAdminNegativeTestJSON:setUpClass): 200 GET http://10.180.1.21/compute/v2.1/servers/f7a1bfc5-7141-4764-b3fe-08d06020209a 0.059s
2025-03-06 03:51:36.734 68589 INFO tempest.lib.common.rest_client [req-ab43e221-f3ec-4428-8778-509f4eb16115 req-ab43e221-f3ec-4428-8778-509f4eb16115 ] Request (DeleteServersAdminTestJSON:test_delete_server_while_in_error_state): 200 GET http://10.180.1.21/compute/v2.1/servers/b056fbf4-4873-4ec9-905a-ad973c8fb27a 0.053s
2025-03-06 03:51:36.745 68613 INFO tempest.lib.common.rest_client [req-e2d3f411-37f5-46c6-a5a4-49b42ab28318 req-e2d3f411-37f5-46c6-a5a4-49b42ab28318 ] Request (ServersTestManualDisk:setUpClass): 200 GET http://10.180.1.21/compute/v2.1/servers/9203ac1f-3d3f-4d1b-959b-5f15b09fd5bb 0.051s
2025-03-06 03:51:36.797 68559 INFO tempest.lib.common.rest_client [req-648cc501-7be0-4c89-8afc-1b5bf7a73a7e req-648cc501-7be0-4c89-8afc-1b5bf7a73a7e ] Request (FloatingIPsAssociationNegativeTestJSON:setUpClass): 200 GET http://10.180.1.21/compute/v2.1/servers/6c34d7ce-7bf1-4f88-812f-adc1eb5353dd 0.050s
2025-03-06 03:51:36.814 68563 INFO tempest.lib.common.rest_client [req-1ab0134b-5058-4ccd-a59f-d7742c985c12 req-1ab0134b-5058-4ccd-a59f-d7742c985c12 ] Request (ImagesTestJSON:test_create_image_from_suspended_server): 200 GET http://10.180.1.21/compute/v2.1/servers/2a88648c-f00d-4d7b-905d-e70c327e248a 0.052s
2025-03-06 03:51:36.871 68573 INFO tempest.lib.common.rest_client [req-9f693a2c-74a8-4ea0-a785-f80fa755d7d6 req-9f693a2c-74a8-4ea0-a785-f80fa755d7d6 ] Request (MigrationsAdminTest:test_resize_server_revert_deleted_flavor): 200 GET http://10.180.1.21/compute/v2.1/servers/72467d49-6fa8-42db-871e-4e50e77eedf7 0.060s
2025-03-06 03:51:37.108 68553 INFO tempest.lib.common.rest_client [req-1183d974-2f69-4174-b3ef-93e133ab4bef req-1183d974-2f69-4174-b3ef-93e133ab4bef ] Request (ListServerFiltersTestJSON:tearDownClass): 200 GET http://10.180.1.21/compute/v2.1/servers/a340c66c-74eb-43e5-8e72-54d9c8b07a26 0.058s
2025-03-06 03:51:37.204 68575 INFO tempest.lib.common.rest_client [req-12462d8b-d092-4b31-8894-256657698afc req-12462d8b-d092-4b31-8894-256657698afc ] Request (InstanceActionsTestJSON:tearDownClass): 200 GET http://10.180.1.21/compute/v2.1/servers/0f7d80d2-5c34-42f7-a14a-97f9625675a8 0.076s
2025-03-06 03:51:37.237 68595 INFO tempest.lib.common.rest_client [req-8e4da3dc-2327-4c22-b30c-08b5e8663a67 req-8e4da3dc-2327-4c22-b30c-08b5e8663a67 ] Request (ServerPasswordTestJSON:setUpClass): 200 GET http://10.180.1.21/compute/v2.1/servers/a5468df9-c54d-4014-8002-ef82f111a7a4 0.060s
2025-03-06 03:51:37.317 68565 INFO tempest.lib.common.rest_client [req-0395ca75-5f92-49a9-af98-dc360b92c210 req-0395ca75-5f92-49a9-af98-dc360b92c210 ] Request (ServersTestJSON:setUpClass): 200 GET http://10.180.1.21/compute/v2.1/servers/876d428d-d5c9-422a-aba2-2d6c61b092db 0.064s
2025-03-06 03:51:37.377 68607 INFO tempest.lib.common.rest_client [req-d2fdc89f-80fd-422d-bc5a-55aad14c2517 req-d2fdc89f-80fd-422d-bc5a-55aad14c2517 ] Request (ServersTestJSON:test_create_server_with_ipv6_addr_only): 200 GET http://10.180.1.21/compute/v2.1/servers/5ed44950-8e9b-4f42-9611-d5bff01dc905 0.063s
2025-03-06 03:51:37.385 68585 INFO tempest.lib.common.rest_client [req-3d70824a-b000-474a-acde-2b34ea1a29b6 req-3d70824a-b000-474a-acde-2b34ea1a29b6 ] Request (ServersTestMultiNic:test_verify_duplicate_network_nics): 200 GET http://10.180.1.21/compute/v2.1/servers/080ab438-269b-427a-9ee9-71c59d9c2a91 0.126s
2025-03-06 03:51:37.441 68587 INFO tempest.lib.common.rest_client [req-e97ef95d-52ed-4517-a0f5-5d031d71a81a req-e97ef95d-52ed-4517-a0f5-5d031d71a81a ] Request (ServerGroupTestJSON:_run_cleanups): 200 GET http://10.180.1.21/compute/v2.1/servers/6ae76b0f-7df2-4652-b4c3-92c16ed487a1 0.123s
2025-03-06 03:51:37.444 68555 INFO tempest.lib.common.rest_client [req-3c1b4f80-7104-4bfe-b0ed-c1cf126f4eec req-3c1b4f80-7104-4bfe-b0ed-c1cf126f4eec ] Request (ServerActionsTestOtherA:setUpClass): 200 GET http://10.180.1.21/compute/v2.1/servers/dd59cab5-3f9a-42cc-93f1-75cea940acdd 0.067s
2025-03-06 03:51:37.479 68551 INFO tempest.lib.common.rest_client [req-3d898f83-14e2-4caf-b05f-cbf1b1c4466e req-3d898f83-14e2-4caf-b05f-cbf1b1c4466e ] Request (ImagesOneServerTestJSON:test_create_image_specify_multibyte_character_image_name): 200 GET http://10.180.1.21/compute/v2.1/images/d029961d-9502-4d1e-9613-6dbc997a01cb 0.079s
2025-03-06 03:51:37.514 68571 INFO tempest.lib.common.rest_client [req-11acfa27-60d1-4220-9d08-6d76d6131c91 req-11acfa27-60d1-4220-9d08-6d76d6131c91 ] Request (SecurityGroupsTestJSON:test_list_security_groups_by_server): 200 GET http://10.180.1.21/compute/v2.1/servers/f2af60e6-496c-4edb-9e99-4b45fa94bfeb 0.123s
2025-03-06 03:51:37.524 68571 INFO tempest.common.waiters [-] State transition "BUILD/None" ==> "BUILD/networking" after 71 second wait
2025-03-06 03:51:37.545 68606 INFO tempest.lib.common.rest_client [req-e8d6c5b6-feaf-4313-9609-7117ee890ecc req-e8d6c5b6-feaf-4313-9609-7117ee890ecc ] Request (FloatingIPsAssociationTestJSON:test_associate_already_associated_floating_ip): 200 GET http://10.180.1.21/compute/v2.1/servers/86528c8b-b51e-480d-a7bf-013d990d51ca 0.098s
2025-03-06 03:51:37.569 68577 INFO tempest.lib.common.rest_client [req-0ba948c3-a107-4df1-bb5b-bf7c9e951df1 req-0ba948c3-a107-4df1-bb5b-bf7c9e951df1 ] Request (ServersTestFqdnHostnames:test_create_server_with_fqdn_name): 200 GET http://10.180.1.21/compute/v2.1/servers/990e1a66-f2ab-4925-b1da-58cdc41a6315 0.098s
2025-03-06 03:51:37.607 68591 INFO tempest.lib.common.rest_client [req-3fb9a167-4042-4d5d-993a-c9744692828d req-3fb9a167-4042-4d5d-993a-c9744692828d ] Request (AttachInterfacesV270Test:test_create_get_list_interfaces): 200 GET http://10.180.1.21/compute/v2.1/servers/c8fd5539-8add-45fe-a0ac-8767bf8a330e 0.115s
2025-03-06 03:51:37.644 68583 INFO tempest.lib.common.rest_client [req-8c8fc7fd-e2d7-4c02-8e7f-f451b34ee1ee req-8c8fc7fd-e2d7-4c02-8e7f-f451b34ee1ee ] Request (InstanceActionsNegativeTestJSON:tearDownClass): 200 GET http://10.180.1.21/compute/v2.1/servers/88d67405-b8c6-484a-b178-68a8babb3708 0.074s
2025-03-06 03:51:37.674 68561 INFO tempest.lib.common.rest_client [req-c8e1ae1e-5770-41f7-8ecd-2abdebcc2a57 req-c8e1ae1e-5770-41f7-8ecd-2abdebcc2a57 ] Request (ServerDiagnosticsNegativeTest:tearDownClass): 200 GET http://10.180.1.21/compute/v2.1/servers/636b6b36-3ab5-4851-a232-d27b54895595 0.085s
2025-03-06 03:51:37.708 68582 INFO tempest.lib.common.rest_client [req-b4d2cc54-0292-41fb-a6cf-cdf2b95954fc req-b4d2cc54-0292-41fb-a6cf-cdf2b95954fc ] Request (ImagesOneServerNegativeTestJSON:_run_cleanups): 200 GET http://10.180.1.21/compute/v2.1/servers/dcd8cca2-b62c-44a6-9e77-f336d2d39c09 0.068s
2025-03-06 03:51:37.729 68579 INFO tempest.lib.common.rest_client [req-670d39c5-32e1-40d1-8ae9-54ba97956b45 req-670d39c5-32e1-40d1-8ae9-54ba97956b45 ] Request (ServersAdminTestJSON:test_create_server_with_scheduling_hint): 200 GET http://10.180.1.21/compute/v2.1/servers/abdf9de2-8563-4a31-91a3-0c18b0387533 0.078s
2025-03-06 03:51:37.782 68601 INFO tempest.lib.common.rest_client [req-73df65c5-c26f-45fd-b59d-c1b0cd24adb0 req-73df65c5-c26f-45fd-b59d-c1b0cd24adb0 ] Request (ServerRescueNegativeTestJSON:test_rescued_vm_detach_volume): 200 GET http://10.180.1.21/compute/v2.1/servers/13972b73-8bae-4a2a-a987-b6177381e7c8 0.087s
2025-03-06 03:51:37.783 68569 INFO tempest.lib.common.rest_client [req-b590d263-ca72-4e45-a66f-7d8cadd3619d req-b590d263-ca72-4e45-a66f-7d8cadd3619d ] Request (ServersAdminNegativeTestJSON:setUpClass): 200 GET http://10.180.1.21/compute/v2.1/servers/f7a1bfc5-7141-4764-b3fe-08d06020209a 0.082s
2025-03-06 03:51:37.860 68613 INFO tempest.lib.common.rest_client [req-0efa1749-f6fa-43a4-9aef-3bdf798ac047 req-0efa1749-f6fa-43a4-9aef-3bdf798ac047 ] Request (ServersTestManualDisk:setUpClass): 200 GET http://10.180.1.21/compute/v2.1/servers/9203ac1f-3d3f-4d1b-959b-5f15b09fd5bb 0.107s
2025-03-06 03:51:37.863 68589 INFO tempest.lib.common.rest_client [req-ce17e58f-ced3-44ac-a218-60adec007ef9 req-ce17e58f-ced3-44ac-a218-60adec007ef9 ] Request (DeleteServersAdminTestJSON:test_delete_server_while_in_error_state): 200 GET http://10.180.1.21/compute/v2.1/servers/b056fbf4-4873-4ec9-905a-ad973c8fb27a 0.121s
2025-03-06 03:51:37.941 68559 INFO tempest.lib.common.rest_client [req-18e453f7-3b4c-421c-baeb-d9f940363b21 req-18e453f7-3b4c-421c-baeb-d9f940363b21 ] Request (FloatingIPsAssociationNegativeTestJSON:setUpClass): 200 GET http://10.180.1.21/compute/v2.1/servers/6c34d7ce-7bf1-4f88-812f-adc1eb5353dd 0.135s
2025-03-06 03:51:37.943 68563 INFO tempest.lib.common.rest_client [req-5b6d3024-13ec-4bc4-a92e-d7a4a54e5981 req-5b6d3024-13ec-4bc4-a92e-d7a4a54e5981 ] Request (ImagesTestJSON:test_create_image_from_suspended_server): 200 GET http://10.180.1.21/compute/v2.1/servers/2a88648c-f00d-4d7b-905d-e70c327e248a 0.122s
2025-03-06 03:51:37.997 68573 INFO tempest.lib.common.rest_client [req-c77254d8-0a73-4fbb-9169-28a2fe594916 req-c77254d8-0a73-4fbb-9169-28a2fe594916 ] Request (MigrationsAdminTest:test_resize_server_revert_deleted_flavor): 200 GET http://10.180.1.21/compute/v2.1/servers/72467d49-6fa8-42db-871e-4e50e77eedf7 0.119s
2025-03-06 03:51:38.177 68553 INFO tempest.lib.common.rest_client [req-ea60faed-6992-4428-9d86-a0cb015afc5e req-ea60faed-6992-4428-9d86-a0cb015afc5e ] Request (ListServerFiltersTestJSON:tearDownClass): 200 GET http://10.180.1.21/compute/v2.1/servers/a340c66c-74eb-43e5-8e72-54d9c8b07a26 0.061s
2025-03-06 03:51:38.268 68575 INFO tempest.lib.common.rest_client [req-ec7bf7b6-3eeb-4983-94d5-bb8d35922c0d req-ec7bf7b6-3eeb-4983-94d5-bb8d35922c0d ] Request (InstanceActionsTestJSON:tearDownClass): 200 GET http://10.180.1.21/compute/v2.1/servers/0f7d80d2-5c34-42f7-a14a-97f9625675a8 0.055s
2025-03-06 03:51:38.296 68595 INFO tempest.lib.common.rest_client [req-d0051a0e-addd-49b6-b938-8eceff18b666 req-d0051a0e-addd-49b6-b938-8eceff18b666 ] Request (ServerPasswordTestJSON:setUpClass): 200 GET http://10.180.1.21/compute/v2.1/servers/a5468df9-c54d-4014-8002-ef82f111a7a4 0.050s
2025-03-06 03:51:38.381 68565 INFO tempest.lib.common.rest_client [req-4dfd7232-30a1-4908-9231-57c4f05e3487 req-4dfd7232-30a1-4908-9231-57c4f05e3487 ] Request (ServersTestJSON:setUpClass): 200 GET http://10.180.1.21/compute/v2.1/servers/876d428d-d5c9-422a-aba2-2d6c61b092db 0.055s
2025-03-06 03:51:38.443 68607 INFO tempest.lib.common.rest_client [req-2fa1622d-3654-42f2-a971-47b35a7dc6d4 req-2fa1622d-3654-42f2-a971-47b35a7dc6d4 ] Request (ServersTestJSON:test_create_server_with_ipv6_addr_only): 200 GET http://10.180.1.21/compute/v2.1/servers/5ed44950-8e9b-4f42-9611-d5bff01dc905 0.058s
2025-03-06 03:51:38.511 68587 INFO tempest.lib.common.rest_client [req-984be6f6-4ba4-47bf-806b-bcf7d48f6643 req-984be6f6-4ba4-47bf-806b-bcf7d48f6643 ] Request (ServerGroupTestJSON:_run_cleanups): 200 GET http://10.180.1.21/compute/v2.1/servers/6ae76b0f-7df2-4652-b4c3-92c16ed487a1 0.062s
2025-03-06 03:51:38.515 68585 INFO tempest.lib.common.rest_client [req-c387bd85-782a-4c7a-90af-2bbb239f6020 req-c387bd85-782a-4c7a-90af-2bbb239f6020 ] Request (ServersTestMultiNic:test_verify_duplicate_network_nics): 200 GET http://10.180.1.21/compute/v2.1/servers/080ab438-269b-427a-9ee9-71c59d9c2a91 0.120s
2025-03-06 03:51:38.548 68551 INFO tempest.lib.common.rest_client [req-1196f318-f94c-43b7-8711-3e12cf97c02b req-1196f318-f94c-43b7-8711-3e12cf97c02b ] Request (ImagesOneServerTestJSON:test_create_image_specify_multibyte_character_image_name): 200 GET http://10.180.1.21/compute/v2.1/images/d029961d-9502-4d1e-9613-6dbc997a01cb 0.063s
2025-03-06 03:51:38.558 68555 INFO tempest.lib.common.rest_client [req-a187b938-d066-46cc-afe8-3d98d502df28 req-a187b938-d066-46cc-afe8-3d98d502df28 ] Request (ServerActionsTestOtherA:setUpClass): 200 GET http://10.180.1.21/compute/v2.1/servers/dd59cab5-3f9a-42cc-93f1-75cea940acdd 0.102s
2025-03-06 03:51:38.619 68606 INFO tempest.lib.common.rest_client [req-f4f3e312-317f-4f34-a840-f800cc6359bb req-f4f3e312-317f-4f34-a840-f800cc6359bb ] Request (FloatingIPsAssociationTestJSON:test_associate_already_associated_floating_ip): 200 GET http://10.180.1.21/compute/v2.1/servers/86528c8b-b51e-480d-a7bf-013d990d51ca 0.065s
2025-03-06 03:51:38.679 68577 INFO tempest.lib.common.rest_client [req-99878b91-f2ee-4bc3-a8e2-ef5e81238399 req-99878b91-f2ee-4bc3-a8e2-ef5e81238399 ] Request (ServersTestFqdnHostnames:test_create_server_with_fqdn_name): 200 GET http://10.180.1.21/compute/v2.1/servers/990e1a66-f2ab-4925-b1da-58cdc41a6315 0.101s
2025-03-06 03:51:38.691 68571 INFO tempest.lib.common.rest_client [req-c14e2210-9e1c-4fbd-8ace-994371f717ec req-c14e2210-9e1c-4fbd-8ace-994371f717ec ] Request (SecurityGroupsTestJSON:test_list_security_groups_by_server): 200 GET http://10.180.1.21/compute/v2.1/servers/f2af60e6-496c-4edb-9e99-4b45fa94bfeb 0.166s
2025-03-06 03:51:38.699 68571 INFO tempest.common.waiters [-] State transition "BUILD/networking" ==> "BUILD/spawning" after 72 second wait
2025-03-06 03:51:38.729 68591 INFO tempest.lib.common.rest_client [req-47b79c4a-f946-4880-b12e-471ecd4cc724 req-47b79c4a-f946-4880-b12e-471ecd4cc724 ] Request (AttachInterfacesV270Test:test_create_get_list_interfaces): 200 GET http://10.180.1.21/compute/v2.1/servers/c8fd5539-8add-45fe-a0ac-8767bf8a330e 0.113s
2025-03-06 03:51:38.748 68583 INFO tempest.lib.common.rest_client [req-09b20f38-f365-4def-ae12-40310f0e751d req-09b20f38-f365-4def-ae12-40310f0e751d ] Request (InstanceActionsNegativeTestJSON:tearDownClass): 200 GET http://10.180.1.21/compute/v2.1/servers/88d67405-b8c6-484a-b178-68a8babb3708 0.096s
2025-03-06 03:51:38.785 68561 INFO tempest.lib.common.rest_client [req-cffd0552-cc74-45c3-9b32-01d4ed1ed117 req-cffd0552-cc74-45c3-9b32-01d4ed1ed117 ] Request (ServerDiagnosticsNegativeTest:tearDownClass): 200 GET http://10.180.1.21/compute/v2.1/servers/636b6b36-3ab5-4851-a232-d27b54895595 0.102s
2025-03-06 03:51:38.796 68582 INFO tempest.lib.common.rest_client [req-188d3208-9f14-4fab-b7fd-987433faff24 req-188d3208-9f14-4fab-b7fd-987433faff24 ] Request (ImagesOneServerNegativeTestJSON:_run_cleanups): 200 GET http://10.180.1.21/compute/v2.1/servers/dcd8cca2-b62c-44a6-9e77-f336d2d39c09 0.080s
2025-03-06 03:51:38.837 68579 INFO tempest.lib.common.rest_client [req-4e233bf5-98a5-43cb-8971-b3903e11c32c req-4e233bf5-98a5-43cb-8971-b3903e11c32c ] Request (ServersAdminTestJSON:test_create_server_with_scheduling_hint): 200 GET http://10.180.1.21/compute/v2.1/servers/abdf9de2-8563-4a31-91a3-0c18b0387533 0.100s
2025-03-06 03:51:38.848 68601 INFO tempest.lib.common.rest_client [req-67f0c6a5-8038-4427-bd18-916fdf302ee4 req-67f0c6a5-8038-4427-bd18-916fdf302ee4 ] Request (ServerRescueNegativeTestJSON:test_rescued_vm_detach_volume): 200 GET http://10.180.1.21/compute/v2.1/servers/13972b73-8bae-4a2a-a987-b6177381e7c8 0.057s
2025-03-06 03:51:38.892 68569 INFO tempest.lib.common.rest_client [req-30a7ea8f-0f6f-4c7f-8967-0b5113aa4706 req-30a7ea8f-0f6f-4c7f-8967-0b5113aa4706 ] Request (ServersAdminNegativeTestJSON:setUpClass): 200 GET http://10.180.1.21/compute/v2.1/servers/f7a1bfc5-7141-4764-b3fe-08d06020209a 0.099s
2025-03-06 03:51:38.924 68613 INFO tempest.lib.common.rest_client [req-365c1e7b-10f0-4f77-9d69-8a5d8ff157bb req-365c1e7b-10f0-4f77-9d69-8a5d8ff157bb ] Request (ServersTestManualDisk:setUpClass): 200 GET http://10.180.1.21/compute/v2.1/servers/9203ac1f-3d3f-4d1b-959b-5f15b09fd5bb 0.056s
2025-03-06 03:51:38.940 68589 INFO tempest.lib.common.rest_client [req-baedce66-2059-464e-b130-d1085c18e68f req-baedce66-2059-464e-b130-d1085c18e68f ] Request (DeleteServersAdminTestJSON:test_delete_server_while_in_error_state): 200 GET http://10.180.1.21/compute/v2.1/servers/b056fbf4-4873-4ec9-905a-ad973c8fb27a 0.068s
2025-03-06 03:51:39.012 68563 INFO tempest.lib.common.rest_client [req-561e8766-1fb2-4d34-b679-905997fd63fd req-561e8766-1fb2-4d34-b679-905997fd63fd ] Request (ImagesTestJSON:test_create_image_from_suspended_server): 200 GET http://10.180.1.21/compute/v2.1/servers/2a88648c-f00d-4d7b-905d-e70c327e248a 0.061s
2025-03-06 03:51:39.014 68559 INFO tempest.lib.common.rest_client [req-7e688200-62f2-43fc-b4ea-e6fe300721a4 req-7e688200-62f2-43fc-b4ea-e6fe300721a4 ] Request (FloatingIPsAssociationNegativeTestJSON:setUpClass): 200 GET http://10.180.1.21/compute/v2.1/servers/6c34d7ce-7bf1-4f88-812f-adc1eb5353dd 0.065s
2025-03-06 03:51:39.066 68573 INFO tempest.lib.common.rest_client [req-ef4c9f0a-bdfb-4e4e-a8ac-ec6d490488e2 req-ef4c9f0a-bdfb-4e4e-a8ac-ec6d490488e2 ] Request (MigrationsAdminTest:test_resize_server_revert_deleted_flavor): 200 GET http://10.180.1.21/compute/v2.1/servers/72467d49-6fa8-42db-871e-4e50e77eedf7 0.060s
2025-03-06 03:51:39.265 68553 INFO tempest.lib.common.rest_client [req-5a9c32d8-c3e7-4a19-97ad-6c8cc937970d req-5a9c32d8-c3e7-4a19-97ad-6c8cc937970d ] Request (ListServerFiltersTestJSON:tearDownClass): 200 GET http://10.180.1.21/compute/v2.1/servers/a340c66c-74eb-43e5-8e72-54d9c8b07a26 0.080s
2025-03-06 03:51:39.309 68567 WARNING tempest.lib.common.ssh [-] Failed to establish authenticated ssh connection to cirros@10.180.180.166 ([Errno None] Unable to connect to port 22 on 10.180.180.166). Number attempts: 1. Retry after 2 seconds.: paramiko.ssh_exception.NoValidConnectionsError: [Errno None] Unable to connect to port 22 on 10.180.180.166
2025-03-06 03:51:39.345 68575 INFO tempest.lib.common.rest_client [req-38e231ed-1c69-4897-a62e-f5ec7efe7d4f req-38e231ed-1c69-4897-a62e-f5ec7efe7d4f ] Request (InstanceActionsTestJSON:tearDownClass): 200 GET http://10.180.1.21/compute/v2.1/servers/0f7d80d2-5c34-42f7-a14a-97f9625675a8 0.070s
2025-03-06 03:51:39.359 68595 INFO tempest.lib.common.rest_client [req-2e7b45e8-3668-4d13-b3ac-5ce19a5282bc req-2e7b45e8-3668-4d13-b3ac-5ce19a5282bc ] Request (ServerPasswordTestJSON:setUpClass): 200 GET http://10.180.1.21/compute/v2.1/servers/a5468df9-c54d-4014-8002-ef82f111a7a4 0.055s
2025-03-06 03:51:39.443 68565 INFO tempest.lib.common.rest_client [req-c398c7d5-009f-479e-9ecd-5d32ccc5b456 req-c398c7d5-009f-479e-9ecd-5d32ccc5b456 ] Request (ServersTestJSON:setUpClass): 200 GET http://10.180.1.21/compute/v2.1/servers/876d428d-d5c9-422a-aba2-2d6c61b092db 0.053s
2025-03-06 03:51:39.501 68607 INFO tempest.lib.common.rest_client [req-04f16634-cc27-4b67-b175-97394d3402bf req-04f16634-cc27-4b67-b175-97394d3402bf ] Request (ServersTestJSON:test_create_server_with_ipv6_addr_only): 200 GET http://10.180.1.21/compute/v2.1/servers/5ed44950-8e9b-4f42-9611-d5bff01dc905 0.050s
2025-03-06 03:51:39.595 68587 INFO tempest.lib.common.rest_client [req-4a7f71ee-4481-4945-bd2c-50c824d3f185 req-4a7f71ee-4481-4945-bd2c-50c824d3f185 ] Request (ServerGroupTestJSON:_run_cleanups): 200 GET http://10.180.1.21/compute/v2.1/servers/6ae76b0f-7df2-4652-b4c3-92c16ed487a1 0.075s
2025-03-06 03:51:39.631 68551 INFO tempest.lib.common.rest_client [req-b83049cc-ffc0-4105-b11a-733a946af6cc req-b83049cc-ffc0-4105-b11a-733a946af6cc ] Request (ImagesOneServerTestJSON:test_create_image_specify_multibyte_character_image_name): 200 GET http://10.180.1.21/compute/v2.1/images/d029961d-9502-4d1e-9613-6dbc997a01cb 0.079s
2025-03-06 03:51:39.691 68555 INFO tempest.lib.common.rest_client [req-0369e39b-2810-454b-8c11-d41890b0d736 req-0369e39b-2810-454b-8c11-d41890b0d736 ] Request (ServerActionsTestOtherA:setUpClass): 200 GET http://10.180.1.21/compute/v2.1/servers/dd59cab5-3f9a-42cc-93f1-75cea940acdd 0.123s
2025-03-06 03:51:39.705 68585 INFO tempest.lib.common.rest_client [req-9140633a-3303-4e6b-8f4a-06662632e52b req-9140633a-3303-4e6b-8f4a-06662632e52b ] Request (ServersTestMultiNic:test_verify_duplicate_network_nics): 200 GET http://10.180.1.21/compute/v2.1/servers/080ab438-269b-427a-9ee9-71c59d9c2a91 0.181s
2025-03-06 03:51:39.750 68606 INFO tempest.lib.common.rest_client [req-793c3b2d-f74d-4722-aa0d-82a4d0dec8a8 req-793c3b2d-f74d-4722-aa0d-82a4d0dec8a8 ] Request (FloatingIPsAssociationTestJSON:test_associate_already_associated_floating_ip): 200 GET http://10.180.1.21/compute/v2.1/servers/86528c8b-b51e-480d-a7bf-013d990d51ca 0.121s
2025-03-06 03:51:39.755 68577 INFO tempest.lib.common.rest_client [req-0174642d-b8f4-4028-89d7-3ecb7ecd0e4e req-0174642d-b8f4-4028-89d7-3ecb7ecd0e4e ] Request (ServersTestFqdnHostnames:test_create_server_with_fqdn_name): 200 GET http://10.180.1.21/compute/v2.1/servers/990e1a66-f2ab-4925-b1da-58cdc41a6315 0.069s
2025-03-06 03:51:39.819 68591 INFO tempest.lib.common.rest_client [req-12d33cfb-176f-4cd0-8a95-2a315f588712 req-12d33cfb-176f-4cd0-8a95-2a315f588712 ] Request (AttachInterfacesV270Test:test_create_get_list_interfaces): 200 GET http://10.180.1.21/compute/v2.1/servers/c8fd5539-8add-45fe-a0ac-8767bf8a330e 0.079s
2025-03-06 03:51:39.859 68571 INFO tempest.lib.common.rest_client [req-3b928f65-c5ed-47af-baea-0dd3b1f8b316 req-3b928f65-c5ed-47af-baea-0dd3b1f8b316 ] Request (SecurityGroupsTestJSON:test_list_security_groups_by_server): 200 GET http://10.180.1.21/compute/v2.1/servers/f2af60e6-496c-4edb-9e99-4b45fa94bfeb 0.158s
2025-03-06 03:51:39.880 68583 INFO tempest.lib.common.rest_client [req-e371afd1-7d65-42b2-8d92-9a05487a4fc2 req-e371afd1-7d65-42b2-8d92-9a05487a4fc2 ] Request (InstanceActionsNegativeTestJSON:tearDownClass): 200 GET http://10.180.1.21/compute/v2.1/servers/88d67405-b8c6-484a-b178-68a8babb3708 0.124s
2025-03-06 03:51:39.919 68561 INFO tempest.lib.common.rest_client [req-867f5b3f-edbb-4d1d-bd09-174d6cf22459 req-867f5b3f-edbb-4d1d-bd09-174d6cf22459 ] Request (ServerDiagnosticsNegativeTest:tearDownClass): 200 GET http://10.180.1.21/compute/v2.1/servers/636b6b36-3ab5-4851-a232-d27b54895595 0.120s
2025-03-06 03:51:39.934 68582 INFO tempest.lib.common.rest_client [req-f5e9f87d-d9f4-4df7-8d68-f582b6c0ab46 req-f5e9f87d-d9f4-4df7-8d68-f582b6c0ab46 ] Request (ImagesOneServerNegativeTestJSON:_run_cleanups): 200 GET http://10.180.1.21/compute/v2.1/servers/dcd8cca2-b62c-44a6-9e77-f336d2d39c09 0.130s
2025-03-06 03:51:39.973 68579 INFO tempest.lib.common.rest_client [req-59af378d-2eeb-4d63-84fd-f837c6c5be8f req-59af378d-2eeb-4d63-84fd-f837c6c5be8f ] Request (ServersAdminTestJSON:test_create_server_with_scheduling_hint): 200 GET http://10.180.1.21/compute/v2.1/servers/abdf9de2-8563-4a31-91a3-0c18b0387533 0.128s
2025-03-06 03:51:39.984 68601 INFO tempest.lib.common.rest_client [req-7c415588-c74e-4364-932a-c73c53a3b5cc req-7c415588-c74e-4364-932a-c73c53a3b5cc ] Request (ServerRescueNegativeTestJSON:test_rescued_vm_detach_volume): 200 GET http://10.180.1.21/compute/v2.1/servers/13972b73-8bae-4a2a-a987-b6177381e7c8 0.128s
2025-03-06 03:51:40.037 68569 INFO tempest.lib.common.rest_client [req-1fb9fdab-68ba-4ea2-9232-a76d0b77177a req-1fb9fdab-68ba-4ea2-9232-a76d0b77177a ] Request (ServersAdminNegativeTestJSON:setUpClass): 200 GET http://10.180.1.21/compute/v2.1/servers/f7a1bfc5-7141-4764-b3fe-08d06020209a 0.137s
2025-03-06 03:51:40.039 68613 INFO tempest.lib.common.rest_client [req-5566020e-2b9e-4062-b01e-9ca750876587 req-5566020e-2b9e-4062-b01e-9ca750876587 ] Request (ServersTestManualDisk:setUpClass): 200 GET http://10.180.1.21/compute/v2.1/servers/9203ac1f-3d3f-4d1b-959b-5f15b09fd5bb 0.107s
2025-03-06 03:51:40.101 68589 INFO tempest.lib.common.rest_client [req-eda92972-3891-44a9-8c82-7c32f997f3eb req-eda92972-3891-44a9-8c82-7c32f997f3eb ] Request (DeleteServersAdminTestJSON:test_delete_server_while_in_error_state): 200 GET http://10.180.1.21/compute/v2.1/servers/b056fbf4-4873-4ec9-905a-ad973c8fb27a 0.152s
2025-03-06 03:51:40.101 68563 INFO tempest.lib.common.rest_client [req-34fca54b-63bf-428c-8904-0e2886cb4e4b req-34fca54b-63bf-428c-8904-0e2886cb4e4b ] Request (ImagesTestJSON:test_create_image_from_suspended_server): 200 GET http://10.180.1.21/compute/v2.1/servers/2a88648c-f00d-4d7b-905d-e70c327e248a 0.082s
2025-03-06 03:51:40.108 68589 INFO tempest.common.waiters [-] State transition "BUILD/None" ==> "BUILD/networking" after 72 second wait
2025-03-06 03:51:40.160 68559 INFO tempest.lib.common.rest_client [req-17609353-ff85-4470-b67e-2db70c6b64dc req-17609353-ff85-4470-b67e-2db70c6b64dc ] Request (FloatingIPsAssociationNegativeTestJSON:setUpClass): 200 GET http://10.180.1.21/compute/v2.1/servers/6c34d7ce-7bf1-4f88-812f-adc1eb5353dd 0.139s
2025-03-06 03:51:40.162 68573 INFO tempest.lib.common.rest_client [req-5c0833d3-74de-4334-bdea-ac31cd5c84b0 req-5c0833d3-74de-4334-bdea-ac31cd5c84b0 ] Request (MigrationsAdminTest:test_resize_server_revert_deleted_flavor): 200 GET http://10.180.1.21/compute/v2.1/servers/72467d49-6fa8-42db-871e-4e50e77eedf7 0.087s
2025-03-06 03:51:40.350 68553 INFO tempest.lib.common.rest_client [req-bf4c169a-8608-4c98-96b1-99cabad3ce4b req-bf4c169a-8608-4c98-96b1-99cabad3ce4b ] Request (ListServerFiltersTestJSON:tearDownClass): 200 GET http://10.180.1.21/compute/v2.1/servers/a340c66c-74eb-43e5-8e72-54d9c8b07a26 0.076s
2025-03-06 03:51:40.422 68575 INFO tempest.lib.common.rest_client [req-e91e6cb6-fc46-4a6d-9aee-7046e92748a3 req-e91e6cb6-fc46-4a6d-9aee-7046e92748a3 ] Request (InstanceActionsTestJSON:tearDownClass): 200 GET http://10.180.1.21/compute/v2.1/servers/0f7d80d2-5c34-42f7-a14a-97f9625675a8 0.065s
2025-03-06 03:51:40.433 68595 INFO tempest.lib.common.rest_client [req-6722d885-59f4-4076-9701-1a5ad1ba8c16 req-6722d885-59f4-4076-9701-1a5ad1ba8c16 ] Request (ServerPasswordTestJSON:setUpClass): 200 GET http://10.180.1.21/compute/v2.1/servers/a5468df9-c54d-4014-8002-ef82f111a7a4 0.063s
2025-03-06 03:51:40.505 68565 INFO tempest.lib.common.rest_client [req-02a852de-45f0-43fe-b046-3ad5ee604872 req-02a852de-45f0-43fe-b046-3ad5ee604872 ] Request (ServersTestJSON:setUpClass): 200 GET http://10.180.1.21/compute/v2.1/servers/876d428d-d5c9-422a-aba2-2d6c61b092db 0.054s
2025-03-06 03:51:40.565 68607 INFO tempest.lib.common.rest_client [req-2be3fafc-4fe6-4b75-b13a-ab0731603875 req-2be3fafc-4fe6-4b75-b13a-ab0731603875 ] Request (ServersTestJSON:test_create_server_with_ipv6_addr_only): 200 GET http://10.180.1.21/compute/v2.1/servers/5ed44950-8e9b-4f42-9611-d5bff01dc905 0.057s
2025-03-06 03:51:40.662 68587 INFO tempest.lib.common.rest_client [req-eddb61c9-11a2-4070-8b96-2a35853b80dd req-eddb61c9-11a2-4070-8b96-2a35853b80dd ] Request (ServerGroupTestJSON:_run_cleanups): 200 GET http://10.180.1.21/compute/v2.1/servers/6ae76b0f-7df2-4652-b4c3-92c16ed487a1 0.059s
2025-03-06 03:51:40.671 68551 INFO tempest.lib.common.rest_client [req-ec0da818-2603-4393-a730-e85c204aaaae req-ec0da818-2603-4393-a730-e85c204aaaae ] Request (ImagesOneServerTestJSON:test_create_image_specify_multibyte_character_image_name): 200 GET http://10.180.1.21/compute/v2.1/images/d029961d-9502-4d1e-9613-6dbc997a01cb 0.036s
2025-03-06 03:51:40.774 68555 INFO tempest.lib.common.rest_client [req-1e5df6fc-c484-4583-81e2-96654f560999 req-1e5df6fc-c484-4583-81e2-96654f560999 ] Request (ServerActionsTestOtherA:setUpClass): 200 GET http://10.180.1.21/compute/v2.1/servers/dd59cab5-3f9a-42cc-93f1-75cea940acdd 0.069s
2025-03-06 03:51:40.856 68606 INFO tempest.lib.common.rest_client [req-f694f555-26e1-46dc-941a-a65a2c187166 req-f694f555-26e1-46dc-941a-a65a2c187166 ] Request (FloatingIPsAssociationTestJSON:test_associate_already_associated_floating_ip): 200 GET http://10.180.1.21/compute/v2.1/servers/86528c8b-b51e-480d-a7bf-013d990d51ca 0.098s
2025-03-06 03:51:40.886 68585 INFO tempest.lib.common.rest_client [req-abfc54bc-838d-4e46-ac32-9d4b4f6f08c4 req-abfc54bc-838d-4e46-ac32-9d4b4f6f08c4 ] Request (ServersTestMultiNic:test_verify_duplicate_network_nics): 200 GET http://10.180.1.21/compute/v2.1/servers/080ab438-269b-427a-9ee9-71c59d9c2a91 0.173s
2025-03-06 03:51:40.922 68577 INFO tempest.lib.common.rest_client [req-9c4d1129-7c00-420c-80f2-b8c59618a17d req-9c4d1129-7c00-420c-80f2-b8c59618a17d ] Request (ServersTestFqdnHostnames:test_create_server_with_fqdn_name): 200 GET http://10.180.1.21/compute/v2.1/servers/990e1a66-f2ab-4925-b1da-58cdc41a6315 0.157s
2025-03-06 03:51:40.943 68591 INFO tempest.lib.common.rest_client [req-76050f0e-ecab-4161-a2d7-8c586cb117e1 req-76050f0e-ecab-4161-a2d7-8c586cb117e1 ] Request (AttachInterfacesV270Test:test_create_get_list_interfaces): 200 GET http://10.180.1.21/compute/v2.1/servers/c8fd5539-8add-45fe-a0ac-8767bf8a330e 0.112s
2025-03-06 03:51:41.023 68583 INFO tempest.lib.common.rest_client [req-59adb4c1-014c-42f4-8ffd-a7eef308dbce req-59adb4c1-014c-42f4-8ffd-a7eef308dbce ] Request (InstanceActionsNegativeTestJSON:tearDownClass): 200 GET http://10.180.1.21/compute/v2.1/servers/88d67405-b8c6-484a-b178-68a8babb3708 0.134s
2025-03-06 03:51:41.064 68571 INFO tempest.lib.common.rest_client [req-1dcfba86-3a10-4db3-ae9a-bf30fc5872bf req-1dcfba86-3a10-4db3-ae9a-bf30fc5872bf ] Request (SecurityGroupsTestJSON:test_list_security_groups_by_server): 200 GET http://10.180.1.21/compute/v2.1/servers/f2af60e6-496c-4edb-9e99-4b45fa94bfeb 0.196s
2025-03-06 03:51:41.088 68561 INFO tempest.lib.common.rest_client [req-4b875fb2-0121-43c4-8f8f-52ba86892e68 req-4b875fb2-0121-43c4-8f8f-52ba86892e68 ] Request (ServerDiagnosticsNegativeTest:tearDownClass): 200 GET http://10.180.1.21/compute/v2.1/servers/636b6b36-3ab5-4851-a232-d27b54895595 0.161s
2025-03-06 03:51:41.117 68582 INFO tempest.lib.common.rest_client [req-c612f77f-0fb8-4aea-8e13-ba2beca1ada1 req-c612f77f-0fb8-4aea-8e13-ba2beca1ada1 ] Request (ImagesOneServerNegativeTestJSON:_run_cleanups): 200 GET http://10.180.1.21/compute/v2.1/servers/dcd8cca2-b62c-44a6-9e77-f336d2d39c09 0.172s
2025-03-06 03:51:41.138 68579 INFO tempest.lib.common.rest_client [req-2b27b112-af7b-4db1-9a12-8d1a1e1a6eed req-2b27b112-af7b-4db1-9a12-8d1a1e1a6eed ] Request (ServersAdminTestJSON:test_create_server_with_scheduling_hint): 200 GET http://10.180.1.21/compute/v2.1/servers/abdf9de2-8563-4a31-91a3-0c18b0387533 0.158s
2025-03-06 03:51:41.182 68601 INFO tempest.lib.common.rest_client [req-3cfdd49c-ca0b-44f0-b644-49d201093ae4 req-3cfdd49c-ca0b-44f0-b644-49d201093ae4 ] Request (ServerRescueNegativeTestJSON:test_rescued_vm_detach_volume): 200 GET http://10.180.1.21/compute/v2.1/servers/13972b73-8bae-4a2a-a987-b6177381e7c8 0.189s
2025-03-06 03:51:41.213 68613 INFO tempest.lib.common.rest_client [req-dd7bce10-e6cf-4953-8297-25631ddc2c04 req-dd7bce10-e6cf-4953-8297-25631ddc2c04 ] Request (ServersTestManualDisk:setUpClass): 200 GET http://10.180.1.21/compute/v2.1/servers/9203ac1f-3d3f-4d1b-959b-5f15b09fd5bb 0.166s
2025-03-06 03:51:41.256 68569 INFO tempest.lib.common.rest_client [req-118cbd26-103e-455c-a896-51fcf11279bf req-118cbd26-103e-455c-a896-51fcf11279bf ] Request (ServersAdminNegativeTestJSON:setUpClass): 200 GET http://10.180.1.21/compute/v2.1/servers/f7a1bfc5-7141-4764-b3fe-08d06020209a 0.210s
2025-03-06 03:51:41.268 68563 INFO tempest.lib.common.rest_client [req-b6f28896-66ff-4c3b-b4ee-c1416968f2eb req-b6f28896-66ff-4c3b-b4ee-c1416968f2eb ] Request (ImagesTestJSON:test_create_image_from_suspended_server): 200 GET http://10.180.1.21/compute/v2.1/servers/2a88648c-f00d-4d7b-905d-e70c327e248a 0.158s
2025-03-06 03:51:41.357 68559 INFO tempest.lib.common.rest_client [req-68930b8d-5ba8-43da-a3b5-3c6bc647b934 req-68930b8d-5ba8-43da-a3b5-3c6bc647b934 ] Request (FloatingIPsAssociationNegativeTestJSON:setUpClass): 200 GET http://10.180.1.21/compute/v2.1/servers/6c34d7ce-7bf1-4f88-812f-adc1eb5353dd 0.189s
2025-03-06 03:51:41.418 68573 INFO tempest.lib.common.rest_client [req-4051f231-bd54-44c4-8e73-08c06f2143da req-4051f231-bd54-44c4-8e73-08c06f2143da ] Request (MigrationsAdminTest:test_resize_server_revert_deleted_flavor): 200 GET http://10.180.1.21/compute/v2.1/servers/72467d49-6fa8-42db-871e-4e50e77eedf7 0.247s
2025-03-06 03:51:41.482 68589 INFO tempest.lib.common.rest_client [req-f6c65382-d982-46f9-90f5-348d9733f7a6 req-f6c65382-d982-46f9-90f5-348d9733f7a6 ] Request (DeleteServersAdminTestJSON:test_delete_server_while_in_error_state): 200 GET http://10.180.1.21/compute/v2.1/servers/b056fbf4-4873-4ec9-905a-ad973c8fb27a 0.372s
2025-03-06 03:51:41.492 68589 INFO tempest.common.waiters [-] State transition "BUILD/networking" ==> "BUILD/spawning" after 73 second wait
2025-03-06 03:51:41.493 68553 INFO tempest.lib.common.rest_client [req-a4eefe10-9e58-45bf-a2b0-d6f7f6d0ed82 req-a4eefe10-9e58-45bf-a2b0-d6f7f6d0ed82 ] Request (ListServerFiltersTestJSON:tearDownClass): 200 GET http://10.180.1.21/compute/v2.1/servers/a340c66c-74eb-43e5-8e72-54d9c8b07a26 0.134s
2025-03-06 03:51:41.554 68575 INFO tempest.lib.common.rest_client [req-51668bb9-18ce-4dce-be42-e9fff6752d07 req-51668bb9-18ce-4dce-be42-e9fff6752d07 ] Request (InstanceActionsTestJSON:tearDownClass): 200 GET http://10.180.1.21/compute/v2.1/servers/0f7d80d2-5c34-42f7-a14a-97f9625675a8 0.121s
2025-03-06 03:51:41.555 68595 INFO tempest.lib.common.rest_client [req-fd0b4af2-f6eb-4584-bca3-608af425582d req-fd0b4af2-f6eb-4584-bca3-608af425582d ] Request (ServerPasswordTestJSON:setUpClass): 200 GET http://10.180.1.21/compute/v2.1/servers/a5468df9-c54d-4014-8002-ef82f111a7a4 0.110s
2025-03-06 03:51:41.604 68565 INFO tempest.lib.common.rest_client [req-b5768db3-bb3c-48b7-8a2b-827652d178bc req-b5768db3-bb3c-48b7-8a2b-827652d178bc ] Request (ServersTestJSON:setUpClass): 200 GET http://10.180.1.21/compute/v2.1/servers/876d428d-d5c9-422a-aba2-2d6c61b092db 0.092s
2025-03-06 03:51:41.621 68607 INFO tempest.lib.common.rest_client [req-9937fa0e-9c6c-4af6-bd71-88bdfa980d35 req-9937fa0e-9c6c-4af6-bd71-88bdfa980d35 ] Request (ServersTestJSON:test_create_server_with_ipv6_addr_only): 200 GET http://10.180.1.21/compute/v2.1/servers/5ed44950-8e9b-4f42-9611-d5bff01dc905 0.048s
2025-03-06 03:51:41.709 68551 INFO tempest.lib.common.rest_client [req-fa3eb7b9-d179-4642-8e41-4586a70b2aec req-fa3eb7b9-d179-4642-8e41-4586a70b2aec ] Request (ImagesOneServerTestJSON:test_create_image_specify_multibyte_character_image_name): 200 GET http://10.180.1.21/compute/v2.1/images/d029961d-9502-4d1e-9613-6dbc997a01cb 0.033s
2025-03-06 03:51:41.733 68587 INFO tempest.lib.common.rest_client [req-62837064-6b09-4c1b-bd35-6dd1ec36147c req-62837064-6b09-4c1b-bd35-6dd1ec36147c ] Request (ServerGroupTestJSON:_run_cleanups): 200 GET http://10.180.1.21/compute/v2.1/servers/6ae76b0f-7df2-4652-b4c3-92c16ed487a1 0.061s
2025-03-06 03:51:41.835 68555 INFO tempest.lib.common.rest_client [req-ac956069-31a0-472d-918c-fbaef8b98871 req-ac956069-31a0-472d-918c-fbaef8b98871 ] Request (ServerActionsTestOtherA:setUpClass): 200 GET http://10.180.1.21/compute/v2.1/servers/dd59cab5-3f9a-42cc-93f1-75cea940acdd 0.053s
2025-03-06 03:51:41.920 68606 INFO tempest.lib.common.rest_client [req-dab2e58a-2473-447f-b901-52c627670b37 req-dab2e58a-2473-447f-b901-52c627670b37 ] Request (FloatingIPsAssociationTestJSON:test_associate_already_associated_floating_ip): 200 GET http://10.180.1.21/compute/v2.1/servers/86528c8b-b51e-480d-a7bf-013d990d51ca 0.055s
2025-03-06 03:51:41.999 68577 INFO tempest.lib.common.rest_client [req-e88f3cf8-f3fd-462c-9731-000a7fe14a45 req-e88f3cf8-f3fd-462c-9731-000a7fe14a45 ] Request (ServersTestFqdnHostnames:test_create_server_with_fqdn_name): 200 GET http://10.180.1.21/compute/v2.1/servers/990e1a66-f2ab-4925-b1da-58cdc41a6315 0.068s
2025-03-06 03:51:42.016 68585 INFO tempest.lib.common.rest_client [req-0cf7477d-476a-47aa-ab10-671e4ec85bb8 req-0cf7477d-476a-47aa-ab10-671e4ec85bb8 ] Request (ServersTestMultiNic:test_verify_duplicate_network_nics): 200 GET http://10.180.1.21/compute/v2.1/servers/080ab438-269b-427a-9ee9-71c59d9c2a91 0.122s
2025-03-06 03:51:42.057 68591 INFO tempest.lib.common.rest_client [req-bde12c93-6b52-4b2d-8efa-72f235d880bb req-bde12c93-6b52-4b2d-8efa-72f235d880bb ] Request (AttachInterfacesV270Test:test_create_get_list_interfaces): 200 GET http://10.180.1.21/compute/v2.1/servers/c8fd5539-8add-45fe-a0ac-8767bf8a330e 0.104s
2025-03-06 03:51:42.093 68583 INFO tempest.lib.common.rest_client [req-68b416f7-1622-429f-827f-df1747eb7a7c req-68b416f7-1622-429f-827f-df1747eb7a7c ] Request (InstanceActionsNegativeTestJSON:tearDownClass): 200 GET http://10.180.1.21/compute/v2.1/servers/88d67405-b8c6-484a-b178-68a8babb3708 0.062s
2025-03-06 03:51:42.176 68561 INFO tempest.lib.common.rest_client [req-c91e47b3-945a-4246-b65f-357aba76dfe3 req-c91e47b3-945a-4246-b65f-357aba76dfe3 ] Request (ServerDiagnosticsNegativeTest:tearDownClass): 200 GET http://10.180.1.21/compute/v2.1/servers/636b6b36-3ab5-4851-a232-d27b54895595 0.081s
2025-03-06 03:51:42.230 68571 INFO tempest.lib.common.rest_client [req-a01151ed-6643-4b28-9efe-081500d73ba2 req-a01151ed-6643-4b28-9efe-081500d73ba2 ] Request (SecurityGroupsTestJSON:test_list_security_groups_by_server): 200 GET http://10.180.1.21/compute/v2.1/servers/f2af60e6-496c-4edb-9e99-4b45fa94bfeb 0.156s
2025-03-06 03:51:42.242 68582 INFO tempest.lib.common.rest_client [req-3478d91d-4cb3-4304-8d8d-4c78909d6d3c req-3478d91d-4cb3-4304-8d8d-4c78909d6d3c ] Request (ImagesOneServerNegativeTestJSON:_run_cleanups): 200 GET http://10.180.1.21/compute/v2.1/servers/dcd8cca2-b62c-44a6-9e77-f336d2d39c09 0.117s
2025-03-06 03:51:42.298 68579 INFO tempest.lib.common.rest_client [req-b3b42bef-a7d0-4621-a08a-e90406b86146 req-b3b42bef-a7d0-4621-a08a-e90406b86146 ] Request (ServersAdminTestJSON:test_create_server_with_scheduling_hint): 200 GET http://10.180.1.21/compute/v2.1/servers/abdf9de2-8563-4a31-91a3-0c18b0387533 0.145s
2025-03-06 03:51:42.300 68601 INFO tempest.lib.common.rest_client [req-549c46fd-fdd5-44db-8673-b86688a16c86 req-549c46fd-fdd5-44db-8673-b86688a16c86 ] Request (ServerRescueNegativeTestJSON:test_rescued_vm_detach_volume): 200 GET http://10.180.1.21/compute/v2.1/servers/13972b73-8bae-4a2a-a987-b6177381e7c8 0.101s
2025-03-06 03:51:42.359 68613 INFO tempest.lib.common.rest_client [req-5d28eed9-df64-4ba8-82f7-4445003b8bbe req-5d28eed9-df64-4ba8-82f7-4445003b8bbe ] Request (ServersTestManualDisk:setUpClass): 200 GET http://10.180.1.21/compute/v2.1/servers/9203ac1f-3d3f-4d1b-959b-5f15b09fd5bb 0.137s
2025-03-06 03:51:42.361 68569 INFO tempest.lib.common.rest_client [req-627a0c22-5d13-4764-a641-ef6b4a67e53f req-627a0c22-5d13-4764-a641-ef6b4a67e53f ] Request (ServersAdminNegativeTestJSON:setUpClass): 200 GET http://10.180.1.21/compute/v2.1/servers/f7a1bfc5-7141-4764-b3fe-08d06020209a 0.093s
2025-03-06 03:51:42.380 68567 WARNING tempest.lib.common.ssh [-] Failed to establish authenticated ssh connection to cirros@10.180.180.166 ([Errno None] Unable to connect to port 22 on 10.180.180.166). Number attempts: 2. Retry after 3 seconds.: paramiko.ssh_exception.NoValidConnectionsError: [Errno None] Unable to connect to port 22 on 10.180.180.166
2025-03-06 03:51:42.405 68563 INFO tempest.lib.common.rest_client [req-f814ef48-71e1-40d5-824d-3ba487e091ba req-f814ef48-71e1-40d5-824d-3ba487e091ba ] Request (ImagesTestJSON:test_create_image_from_suspended_server): 200 GET http://10.180.1.21/compute/v2.1/servers/2a88648c-f00d-4d7b-905d-e70c327e248a 0.128s
2025-03-06 03:51:42.418 68559 INFO tempest.lib.common.rest_client [req-524388bd-b10b-47f9-8855-e12905548877 req-524388bd-b10b-47f9-8855-e12905548877 ] Request (FloatingIPsAssociationNegativeTestJSON:setUpClass): 200 GET http://10.180.1.21/compute/v2.1/servers/6c34d7ce-7bf1-4f88-812f-adc1eb5353dd 0.051s
2025-03-06 03:51:42.476 68573 INFO tempest.lib.common.rest_client [req-5978d97c-1aec-4480-b007-97656bf81cdb req-5978d97c-1aec-4480-b007-97656bf81cdb ] Request (MigrationsAdminTest:test_resize_server_revert_deleted_flavor): 200 GET http://10.180.1.21/compute/v2.1/servers/72467d49-6fa8-42db-871e-4e50e77eedf7 0.050s
2025-03-06 03:51:42.570 68553 INFO tempest.lib.common.rest_client [req-91c00ec5-3069-4eb1-9aa8-fbae9683d345 req-91c00ec5-3069-4eb1-9aa8-fbae9683d345 ] Request (ListServerFiltersTestJSON:tearDownClass): 200 GET http://10.180.1.21/compute/v2.1/servers/a340c66c-74eb-43e5-8e72-54d9c8b07a26 0.069s
2025-03-06 03:51:42.614 68589 INFO tempest.lib.common.rest_client [req-f59640ad-65d7-4966-8cf0-a67e44807202 req-f59640ad-65d7-4966-8cf0-a67e44807202 ] Request (DeleteServersAdminTestJSON:test_delete_server_while_in_error_state): 200 GET http://10.180.1.21/compute/v2.1/servers/b056fbf4-4873-4ec9-905a-ad973c8fb27a 0.120s
2025-03-06 03:51:42.630 68575 INFO tempest.lib.common.rest_client [req-2c7b197e-3c02-4678-b1c4-0f26c835a9b9 req-2c7b197e-3c02-4678-b1c4-0f26c835a9b9 ] Request (InstanceActionsTestJSON:tearDownClass): 200 GET http://10.180.1.21/compute/v2.1/servers/0f7d80d2-5c34-42f7-a14a-97f9625675a8 0.069s
2025-03-06 03:51:42.669 68595 INFO tempest.lib.common.rest_client [req-0a02f9ea-712c-4ba0-acac-c6dbd3ba3957 req-0a02f9ea-712c-4ba0-acac-c6dbd3ba3957 ] Request (ServerPasswordTestJSON:setUpClass): 200 GET http://10.180.1.21/compute/v2.1/servers/a5468df9-c54d-4014-8002-ef82f111a7a4 0.106s
2025-03-06 03:51:42.691 68565 INFO tempest.lib.common.rest_client [req-8720675f-4786-4511-9969-eb19c145a04b req-8720675f-4786-4511-9969-eb19c145a04b ] Request (ServersTestJSON:setUpClass): 200 GET http://10.180.1.21/compute/v2.1/servers/876d428d-d5c9-422a-aba2-2d6c61b092db 0.074s
2025-03-06 03:51:42.725 68607 INFO tempest.lib.common.rest_client [req-260033c3-ce47-4e7e-8027-0c3b2c5733c3 req-260033c3-ce47-4e7e-8027-0c3b2c5733c3 ] Request (ServersTestJSON:test_create_server_with_ipv6_addr_only): 200 GET http://10.180.1.21/compute/v2.1/servers/5ed44950-8e9b-4f42-9611-d5bff01dc905 0.095s
2025-03-06 03:51:42.732 68607 INFO tempest.common.waiters [-] State transition "BUILD/None" ==> "BUILD/networking" after 72 second wait
2025-03-06 03:51:42.748 68551 INFO tempest.lib.common.rest_client [req-cf535096-a933-4921-a127-d3af376a29a9 req-cf535096-a933-4921-a127-d3af376a29a9 ] Request (ImagesOneServerTestJSON:test_create_image_specify_multibyte_character_image_name): 200 GET http://10.180.1.21/compute/v2.1/images/d029961d-9502-4d1e-9613-6dbc997a01cb 0.036s
2025-03-06 03:51:42.784 68551 INFO tempest.lib.common.rest_client [req-0dc94a9b-3ed7-41e6-8d75-fb66969ad802 req-0dc94a9b-3ed7-41e6-8d75-fb66969ad802 ] Request (ImagesOneServerTestJSON:test_create_image_specify_multibyte_character_image_name): 200 GET http://10.180.1.21/compute/v2.1/images/d029961d-9502-4d1e-9613-6dbc997a01cb 0.032s
2025-03-06 03:51:42.799 68587 INFO tempest.lib.common.rest_client [req-13a96f8d-2cd9-4ab9-ac40-09e8f99cc03b req-13a96f8d-2cd9-4ab9-ac40-09e8f99cc03b ] Request (ServerGroupTestJSON:_run_cleanups): 200 GET http://10.180.1.21/compute/v2.1/servers/6ae76b0f-7df2-4652-b4c3-92c16ed487a1 0.059s
2025-03-06 03:51:42.916 68555 INFO tempest.lib.common.rest_client [req-48f37f56-f730-42dd-9f07-717669c2f9a7 req-48f37f56-f730-42dd-9f07-717669c2f9a7 ] Request (ServerActionsTestOtherA:setUpClass): 200 GET http://10.180.1.21/compute/v2.1/servers/dd59cab5-3f9a-42cc-93f1-75cea940acdd 0.073s
2025-03-06 03:51:42.978 68551 INFO tempest.lib.common.rest_client [req-380aabb6-e59c-43b3-8b3f-9cef34691eb1 req-380aabb6-e59c-43b3-8b3f-9cef34691eb1 ] Request (ImagesOneServerTestJSON:test_create_image_specify_multibyte_character_image_name): 200 GET http://10.180.1.21/compute/v2.1/servers/769956c6-7824-41db-9779-fc1b5f53dd94 0.191s
2025-03-06 03:51:42.978 68606 INFO tempest.lib.common.rest_client [req-f8128940-791b-4466-999d-b8ad1e7b374e req-f8128940-791b-4466-999d-b8ad1e7b374e ] Request (FloatingIPsAssociationTestJSON:test_associate_already_associated_floating_ip): 200 GET http://10.180.1.21/compute/v2.1/servers/86528c8b-b51e-480d-a7bf-013d990d51ca 0.050s
2025-03-06 03:51:43.067 68577 INFO tempest.lib.common.rest_client [req-e65f1929-3d73-4569-923f-7f006004bfb7 req-e65f1929-3d73-4569-923f-7f006004bfb7 ] Request (ServersTestFqdnHostnames:test_create_server_with_fqdn_name): 200 GET http://10.180.1.21/compute/v2.1/servers/990e1a66-f2ab-4925-b1da-58cdc41a6315 0.059s
2025-03-06 03:51:43.141 68591 INFO tempest.lib.common.rest_client [req-3a0542a2-2b16-482b-957e-04e8e8de983b req-3a0542a2-2b16-482b-957e-04e8e8de983b ] Request (AttachInterfacesV270Test:test_create_get_list_interfaces): 200 GET http://10.180.1.21/compute/v2.1/servers/c8fd5539-8add-45fe-a0ac-8767bf8a330e 0.070s
2025-03-06 03:51:43.395 68583 INFO tempest.lib.common.rest_client [req-678bc752-9b7e-453a-99ea-b9e1f2f1a8a8 req-678bc752-9b7e-453a-99ea-b9e1f2f1a8a8 ] Request (InstanceActionsNegativeTestJSON:tearDownClass): 200 GET http://10.180.1.21/compute/v2.1/servers/88d67405-b8c6-484a-b178-68a8babb3708 0.294s
