2025-03-26 20:30:27.988 69634 INFO tempest.lib.common.dynamic_creds [-] Created isolated network resources for: credentials: Credentials: {'domain_id': 'default', 'domain_name': 'Default', 'username': 'tempest-QuotasAdminTestJSON-907132900-project-admin', 'project_domain_id': 'default', 'project_domain_name': 'Default', 'project_id': '11f2a7c9e93f439db85b7e116e3c8b6e', 'project_name': 'tempest-QuotasAdminTestJSON-907132900', 'tenant_id': '11f2a7c9e93f439db85b7e116e3c8b6e', 'tenant_name': 'tempest-QuotasAdminTestJSON-907132900', 'user_domain_id': 'default', 'user_domain_name': 'Default', 'user_id': '71602c5f88644c34a112ee69a6a41411', 'system': None}, Network: None, Subnet: None, Router: None
2025-03-26 20:30:27.991 69650 INFO tempest.lib.common.rest_client [req-b85733f0-4e2a-4f5e-8274-ed661e0e8c67 req-b85733f0-4e2a-4f5e-8274-ed661e0e8c67 ] Request (ListImageFiltersTestJSON:setUpClass): 201 POST http://10.180.1.21/identity/v3/auth/tokens 0.278s
2025-03-26 20:30:28.006 69628 INFO tempest.lib.common.rest_client [req-1bf1df60-5bc3-4142-b627-4027fdc8b95c req-1bf1df60-5bc3-4142-b627-4027fdc8b95c ] Request (ServersAdmin275Test:test_rebuild_update_server_275): 202 POST http://10.180.1.21/compute/v2.1/servers 2.791s
2025-03-26 20:30:28.091 69638 INFO tempest.lib.common.rest_client [req-d35e5c44-6d58-4cbf-8637-9203bc21f9da req-d35e5c44-6d58-4cbf-8637-9203bc21f9da ] Request (ServerDiskConfigTestJSON:setUpClass): 201 POST http://10.180.1.21/identity/v3/users 0.154s
2025-03-26 20:30:28.111 69668 INFO tempest.lib.common.rest_client [req-3fdcced3-3fdc-4506-98fd-1c977b0561b2 req-3fdcced3-3fdc-4506-98fd-1c977b0561b2 ] Request (ServerGroup264TestJSON:tearDownClass): 204 DELETE http://10.180.1.21:9696/networking/v2.0/routers/84254c31-58ac-45d3-b0a6-28f5b1179ac5 1.361s
2025-03-26 20:30:28.187 69634 INFO tempest.lib.common.rest_client [req-7bf14324-cee5-4bda-9705-4bb3c89efaf7 req-7bf14324-cee5-4bda-9705-4bb3c89efaf7 ] Request (QuotasAdminTestJSON:setUpClass): 201 POST http://10.180.1.21/identity/v3/auth/tokens 0.195s
2025-03-26 20:30:28.188 69634 WARNING tempest.lib.common.rest_client [-] Deprecated: "tenant_id" property is deprecated for removal, use "project_id" instead
2025-03-26 20:30:28.207 69638 INFO tempest.lib.common.rest_client [req-cd71741d-15ea-472d-8c6e-defedb9d9782 req-cd71741d-15ea-472d-8c6e-defedb9d9782 ] Request (ServerDiskConfigTestJSON:setUpClass): 200 GET http://10.180.1.21/identity/v3/roles 0.115s
2025-03-26 20:30:28.210 69646 INFO tempest.lib.common.rest_client [req-76728612-8a7d-41d5-afc9-08e3d05327d1 req-76728612-8a7d-41d5-afc9-08e3d05327d1 ] Request (ServerDiagnosticsTest:test_get_server_diagnostics): 200 GET http://10.180.1.21/compute/v2.1/servers/e23100e6-9f59-4d0e-aff6-362854304d90 2.823s
2025-03-26 20:30:28.245 69624 INFO tempest.lib.common.rest_client [req-bcf2704e-d2e5-4f0c-95a2-37f7a1ee88e1 req-bcf2704e-d2e5-4f0c-95a2-37f7a1ee88e1 ] Request (FlavorsAdminTestJSON:_run_cleanups): 200 GET http://10.180.1.21/compute/v2.1/flavors/detail 2.687s
2025-03-26 20:30:28.271 69660 INFO tempest.lib.common.rest_client [req-74ecb728-6243-4ed1-890b-cd97310d73a9 req-74ecb728-6243-4ed1-890b-cd97310d73a9 ] Request (FlavorsV2TestJSON:test_list_flavors_using_marker): 200 GET http://10.180.1.21/compute/v2.1/flavors/42 2.695s
2025-03-26 20:30:28.299 69634 INFO tempest.lib.common.rest_client [req-74d75d37-8d7b-4f12-9faa-900d6316e075 req-74d75d37-8d7b-4f12-9faa-900d6316e075 ] Request (QuotasAdminTestJSON:test_delete_quota): 200 GET http://10.180.1.21/identity/v3/domains?name=Default 0.110s
2025-03-26 20:30:28.314 69638 INFO tempest.lib.common.rest_client [req-bf4e8a25-c8ef-4520-bfa3-8b57bc0c5237 req-bf4e8a25-c8ef-4520-bfa3-8b57bc0c5237 ] Request (ServerDiskConfigTestJSON:setUpClass): 204 PUT http://10.180.1.21/identity/v3/projects/396ddfc6152a432095254d856afdecc4/users/ef946e017a4b473488d45be6e900ff55/roles/d9eafddd036c431788225d00bb4edab3 0.106s
2025-03-26 20:30:28.314 69638 INFO tempest.lib.common.dynamic_creds [-] Dynamic test user ef946e017a4b473488d45be6e900ff55 is created with scope project and roles: ['member']
2025-03-26 20:30:28.314 69638 INFO tempest.lib.common.dynamic_creds [-] Acquired dynamic creds: credentials: Credentials: {'domain_id': 'default', 'domain_name': 'Default', 'username': 'tempest-ServerDiskConfigTestJSON-2137040265-project-member', 'project_domain_id': 'default', 'project_domain_name': 'Default', 'project_id': '396ddfc6152a432095254d856afdecc4', 'project_name': 'tempest-ServerDiskConfigTestJSON-2137040265', 'tenant_id': '396ddfc6152a432095254d856afdecc4', 'tenant_name': 'tempest-ServerDiskConfigTestJSON-2137040265', 'user_domain_id': 'default', 'user_domain_name': 'Default', 'user_id': 'ef946e017a4b473488d45be6e900ff55', 'system': None}, Network: None, Subnet: None, Router: None
2025-03-26 20:30:28.415 69634 INFO tempest.lib.common.rest_client [req-8b50b0b2-b2b9-4f62-9c0f-1fe2ab1bae41 req-8b50b0b2-b2b9-4f62-9c0f-1fe2ab1bae41 ] Request (QuotasAdminTestJSON:test_delete_quota): 201 POST http://10.180.1.21/identity/v3/projects 0.115s
2025-03-26 20:30:28.480 69622 INFO tempest.lib.common.rest_client [req-1516f2e0-a3f7-4c3f-a415-e114acef99d2 req-1516f2e0-a3f7-4c3f-a415-e114acef99d2 ] Request (DeleteServersAdminTestJSON:test_admin_delete_servers_of_others): 204 DELETE http://10.180.1.21/compute/v2.1/servers/cc35e13c-a1f9-4392-b15a-acd5375b2895 2.941s
2025-03-26 20:30:28.498 69654 INFO tempest.lib.common.rest_client [req-037eb61c-9ba3-4c7f-9fc2-0aa8cefe2793 req-037eb61c-9ba3-4c7f-9fc2-0aa8cefe2793 ] Request (KeyPairsNegativeTestJSON:test_create_keypair_with_duplicate_name): 202 DELETE http://10.180.1.21/compute/v2.1/os-keypairs/tempest-keypair-98687621 2.679s
2025-03-26 20:30:28.523 69638 INFO tempest.lib.common.rest_client [req-c1afd934-a297-4147-a4cb-f91e45ff0cca req-c1afd934-a297-4147-a4cb-f91e45ff0cca ] Request (ServerDiskConfigTestJSON:setUpClass): 201 POST http://10.180.1.21/identity/v3/auth/tokens 0.208s
2025-03-26 20:30:28.529 69634 INFO tempest.lib.common.rest_client [req-1ab831f2-a4bb-4352-97a0-f6d29bff3e6a req-1ab831f2-a4bb-4352-97a0-f6d29bff3e6a ] Request (QuotasAdminTestJSON:test_delete_quota): 200 GET http://10.180.1.21/identity/v3/domains?name=Default 0.114s
2025-03-26 20:30:28.554 69644 INFO tempest.lib.common.rest_client [req-ec312fff-e26e-4e1e-8e94-a771f8bfaa7e req-ec312fff-e26e-4e1e-8e94-a771f8bfaa7e ] Request (KeyPairsV22TestJSON:test_keypair_create_with_pub_key): 201 POST http://10.180.1.21/compute/v2.1/os-keypairs 2.715s
2025-03-26 20:30:28.689 69663 INFO tempest.lib.common.rest_client [req-7c7c54f3-b48a-4286-9d45-05cf1eeabdb9 req-7c7c54f3-b48a-4286-9d45-05cf1eeabdb9 ] Request (MultipleCreateTestJSON:test_multiple_create): 200 GET http://10.180.1.21/compute/v2.1/servers/19dd952a-38f4-40d3-b69b-8723d5bc6a32 2.608s
2025-03-26 20:30:28.697 69663 INFO tempest.common.waiters [-] State transition "BUILD/None" ==> "BUILD/block_device_mapping" after 10 second wait
2025-03-26 20:30:28.729 69632 INFO tempest.lib.common.rest_client [req-faa1b8b4-8895-413b-8aa0-3a35d9c9563e req-faa1b8b4-8895-413b-8aa0-3a35d9c9563e ] Request (ServersTestJSON:setUpClass): 200 GET http://10.180.1.21/compute/v2.1/servers/b631bcce-e3d1-402d-83c6-80e7054fee6e 3.121s
2025-03-26 20:30:28.737 69632 INFO tempest.common.waiters [-] State transition "BUILD/spawning" ==> "ACTIVE/None" after 17 second wait
2025-03-26 20:30:28.746 69668 INFO tempest.lib.common.rest_client [req-32588db3-034e-458e-b7b9-8bdedc2d8fce req-32588db3-034e-458e-b7b9-8bdedc2d8fce ] Request (ServerGroup264TestJSON:tearDownClass): 204 DELETE http://10.180.1.21:9696/networking/v2.0/subnets/63321254-bbcf-4bb0-a262-74a9010f1e2f 0.635s
2025-03-26 20:30:28.789 69652 INFO tempest.lib.common.rest_client [req-ba54a472-1be9-4241-90a4-edbde806c4bf req-ba54a472-1be9-4241-90a4-edbde806c4bf ] Request (SecurityGroupsTestJSON:setUpClass): 201 POST http://10.180.1.21:9696/networking/v2.0/routers 1.915s
2025-03-26 20:30:28.828 69648 INFO tempest.lib.common.rest_client [req-d442508e-4ba1-4c29-95b1-a3054e8237ff req-d442508e-4ba1-4c29-95b1-a3054e8237ff ] Request (VolumesAssistedSnapshotsTest:test_volume_assisted_snapshot_create_delete): 200 GET http://10.180.1.21/compute/v2.1/servers/dd64bebb-7c5b-48cb-b670-52983ffe6ba5 2.582s
2025-03-26 20:30:28.839 69648 INFO tempest.common.waiters [-] State transition "BUILD/scheduling" ==> "BUILD/None" after 3 second wait
2025-03-26 20:30:28.889 69682 INFO tempest.lib.common.rest_client [req-a4afadb2-7968-4dcf-93d9-8e52db60f9a9 req-a4afadb2-7968-4dcf-93d9-8e52db60f9a9 ] Request (SecurityGroupRulesNegativeTestJSON:setUpClass): 201 POST http://10.180.1.21:9696/networking/v2.0/networks 1.226s
2025-03-26 20:30:28.903 69650 INFO tempest.lib.common.rest_client [req-492f764a-4cc4-425d-a984-ebb4c7e1bd46 req-492f764a-4cc4-425d-a984-ebb4c7e1bd46 ] Request (ListImageFiltersTestJSON:setUpClass): 201 POST http://10.180.1.21/image/v2/images 0.911s
2025-03-26 20:30:28.930 69672 INFO tempest.lib.common.rest_client [req-9268fb0e-265a-4d00-98eb-835e3c893082 req-9268fb0e-265a-4d00-98eb-835e3c893082 ] Request (TenantUsagesTestJSON:setUpClass): 200 GET http://10.180.1.21/compute/v2.1/servers/1c952e24-4c6b-4dbc-9976-fcf5510e30c2 2.658s
2025-03-26 20:30:28.957 69630 INFO tempest.lib.common.rest_client [req-83370659-0076-4749-a3b9-aa27e3ae99e9 req-83370659-0076-4749-a3b9-aa27e3ae99e9 ] Request (ServerActionsTestJSON:setUpClass): 201 POST http://10.180.1.21:9696/networking/v2.0/networks 1.070s
2025-03-26 20:30:29.060 69666 INFO tempest.lib.common.rest_client [req-6aba9503-9317-4d50-8f82-491bf2ecd3d2 req-6aba9503-9317-4d50-8f82-491bf2ecd3d2 ] Request (ServerDiagnosticsNegativeTest:test_get_server_diagnostics_by_non_admin): 200 GET http://10.180.1.21/compute/v2.1/servers/3ea11bb2-8f70-41b9-a1de-93329a648fb9 2.905s
2025-03-26 20:30:29.182 69664 INFO tempest.lib.common.rest_client [req-a31713ec-4487-4df1-a1a9-0eaaa4a42fdf req-a31713ec-4487-4df1-a1a9-0eaaa4a42fdf ] Request (MigrationsAdminTest:test_list_migrations_in_flavor_resize_situation): 200 GET http://10.180.1.21/compute/v2.1/servers/feb83f01-3afd-4831-8db9-e37ba30939ad 2.406s
2025-03-26 20:30:29.341 69620 INFO tempest.lib.common.rest_client [req-b9915e07-da40-4172-aeb2-ca6ca1bea763 req-b9915e07-da40-4172-aeb2-ca6ca1bea763 ] Request (ServerExternalEventsTest:test_create_server_external_events): 200 GET http://10.180.1.21/compute/v2.1/servers/42f0a6b6-116c-4453-84a6-cac9f8750541 2.430s
2025-03-26 20:30:29.443 69681 INFO tempest.lib.common.rest_client [req-aa2db32e-21eb-4538-820c-fe7c617b3301 req-aa2db32e-21eb-4538-820c-fe7c617b3301 ] Request (ServersTestMultiNic:test_verify_duplicate_network_nics): 200 GET http://10.180.1.21/compute/v2.1/servers/dd81649a-43aa-42f9-bb5b-8450a93258a3 2.302s
2025-03-26 20:30:29.569 69658 INFO tempest.lib.common.rest_client [req-ee77d319-9ed9-41cc-98d3-9fe8b25bc609 req-ee77d319-9ed9-41cc-98d3-9fe8b25bc609 ] Request (FlavorsAccessNegativeTestJSON:test_flavor_non_admin_add): 403 POST http://10.180.1.21/compute/v2.1/flavors/1117668854/action 2.407s
2025-03-26 20:30:29.576 69682 INFO tempest.lib.common.rest_client [req-dcd1f0c4-43ce-4e49-9aa3-b5b59f65ab12 req-dcd1f0c4-43ce-4e49-9aa3-b5b59f65ab12 ] Request (SecurityGroupRulesNegativeTestJSON:setUpClass): 201 POST http://10.180.1.21:9696/networking/v2.0/subnets 0.687s
2025-03-26 20:30:29.643 69630 INFO tempest.lib.common.rest_client [req-ae5fdc29-d4de-4659-9b9c-e548ee85b56b req-ae5fdc29-d4de-4659-9b9c-e548ee85b56b ] Request (ServerActionsTestJSON:setUpClass): 201 POST http://10.180.1.21:9696/networking/v2.0/subnets 0.686s
2025-03-26 20:30:29.648 69638 INFO tempest.lib.common.rest_client [req-a2f8a740-feaf-421d-9d02-af6593d66f65 req-a2f8a740-feaf-421d-9d02-af6593d66f65 ] Request (ServerDiskConfigTestJSON:setUpClass): 201 POST http://10.180.1.21:9696/networking/v2.0/networks 1.124s
2025-03-26 20:30:29.709 69674 INFO tempest.lib.common.rest_client [req-4a725a2b-c645-4bf6-ad2d-a2cddbe9b838 req-4a725a2b-c645-4bf6-ad2d-a2cddbe9b838 ] Request (QuotasAdminNegativeTest:_run_cleanups): 200 PUT http://10.180.1.21/compute/v2.1/os-quota-sets/7a850b9abe9d484984ee3028cc3b93e8 2.264s
2025-03-26 20:30:30.041 69668 INFO tempest.lib.common.rest_client [req-ba4700b8-429a-4215-86b3-ca8a0f13852b req-ba4700b8-429a-4215-86b3-ca8a0f13852b ] Request (ServerGroup264TestJSON:tearDownClass): 204 DELETE http://10.180.1.21:9696/networking/v2.0/networks/33b148f6-541f-407f-87e3-9e35d0c8f7cc 1.295s
2025-03-26 20:30:30.146 69668 INFO tempest.lib.common.rest_client [req-602fb86b-53cd-43e7-8dda-9fbe4dd7ee1b req-602fb86b-53cd-43e7-8dda-9fbe4dd7ee1b ] Request (ServerGroup264TestJSON:tearDownClass): 204 DELETE http://10.180.1.21/identity/v3/users/0605b88e891845ff9408dc762703ac1f 0.104s
2025-03-26 20:30:30.147 69668 INFO tempest.lib.common.dynamic_creds [-] Deleting project and security group for project: 8a50c17116724f09beb992f7408bcbd4
2025-03-26 20:30:30.292 69668 INFO tempest.lib.common.rest_client [req-f546f7d3-5c50-4116-b718-45d6ed5373cc req-f546f7d3-5c50-4116-b718-45d6ed5373cc ] Request (ServerGroup264TestJSON:tearDownClass): 200 GET http://10.180.1.21:9696/networking/v2.0/security-groups?tenant_id=8a50c17116724f09beb992f7408bcbd4&name=default 0.145s
2025-03-26 20:30:30.425 69670 INFO tempest.lib.common.rest_client [req-df775f5b-9451-423d-ad8f-dd65cce25a45 req-df775f5b-9451-423d-ad8f-dd65cce25a45 ] Request (ServersWithSpecificFlavorTestJSON:test_verify_created_server_ephemeral_disk): 202 POST http://10.180.1.21/compute/v2.1/servers 3.490s
2025-03-26 20:30:30.444 69642 INFO tempest.lib.common.rest_client [req-f059626b-82ca-45d0-b559-61e754f47bfc req-f059626b-82ca-45d0-b559-61e754f47bfc ] Request (FlavorsExtraSpecsTestJSON:tearDownClass): 202 DELETE http://10.180.1.21/compute/v2.1/flavors/1852674576 2.754s
2025-03-26 20:30:30.448 69636 INFO tempest.lib.common.rest_client [req-9552b44e-7fec-469f-a968-1f30729ca85e req-9552b44e-7fec-469f-a968-1f30729ca85e ] Request (HostsAdminNegativeTestJSON:test_update_host_without_param): 400 PUT http://10.180.1.21/compute/v2.1/os-hosts/devstack 2.748s
2025-03-26 20:30:30.452 69626 INFO tempest.lib.common.rest_client [req-8e2c9b30-3d20-4a1b-a49c-83ebf9885938 req-8e2c9b30-3d20-4a1b-a49c-83ebf9885938 ] Request (AggregatesAdminNegativeTestJSON:test_aggregate_create_aggregate_name_length_exceeds_255): 400 POST http://10.180.1.21/compute/v2.1/os-aggregates 2.717s
2025-03-26 20:30:30.499 69678 INFO tempest.lib.common.rest_client [req-f5a094f2-273b-4d7d-9413-ad4d886f3a5d req-f5a094f2-273b-4d7d-9413-ad4d886f3a5d ] Request (VolumesAdminNegativeTest:setUpClass): 200 PUT http://10.180.1.21:9696/networking/v2.0/routers/421f809b-f987-4b3a-a1b5-b3a677250ee1/add_router_interface 3.759s
2025-03-26 20:30:30.499 69678 INFO tempest.lib.common.dynamic_creds [-] Created isolated network resources for: credentials: Credentials: {'domain_id': 'default', 'domain_name': 'Default', 'username': 'tempest-VolumesAdminNegativeTest-2051585188-project-member', 'project_domain_id': 'default', 'project_domain_name': 'Default', 'project_id': 'f2d39aa93f504f8e95a4adc6ec756489', 'project_name': 'tempest-VolumesAdminNegativeTest-2051585188', 'tenant_id': 'f2d39aa93f504f8e95a4adc6ec756489', 'tenant_name': 'tempest-VolumesAdminNegativeTest-2051585188', 'user_domain_id': 'default', 'user_domain_name': 'Default', 'user_id': '8307e05eeeff4fdd87118b90ea90dcd3', 'system': None}, Network: {'id': '7f9f8141-5e54-4f20-9ac3-b9c5f1d1a938', 'name': 'tempest-VolumesAdminNegativeTest-317716125-network', 'tenant_id': 'f2d39aa93f504f8e95a4adc6ec756489', 'admin_state_up': True, 'mtu': 8950, 'status': 'ACTIVE', 'subnets': [], 'shared': False, 'project_id': 'f2d39aa93f504f8e95a4adc6ec756489', 'port_security_enabled': True, 'router:external': False, 'provider:network_type': 'vlan', 'provider:physical_network': 'default', 'provider:segmentation_id': 882, 'availability_zone_hints': [], 'availability_zones': [], 'ipv4_address_scope': None, 'ipv6_address_scope': None, 'description': '', 'tags': [], 'created_at': '2025-03-26T20:30:23Z', 'updated_at': '2025-03-26T20:30:23Z', 'revision_number': 1}, Subnet: {'id': 'fb5afa03-c7a2-4f61-b501-d84bea413ab5', 'name': 'tempest-VolumesAdminNegativeTest-317716125-subnet', 'tenant_id': 'f2d39aa93f504f8e95a4adc6ec756489', 'network_id': '7f9f8141-5e54-4f20-9ac3-b9c5f1d1a938', 'ip_version': 4, 'subnetpool_id': None, 'enable_dhcp': True, 'ipv6_ra_mode': None, 'ipv6_address_mode': None, 'gateway_ip': '192.168.128.1', 'cidr': '192.168.128.0/28', 'allocation_pools': [{'start': '192.168.128.2', 'end': '192.168.128.14'}], 'host_routes': [], 'dns_nameservers': [], 'description': '', 'router:external': False, 'service_types': [], 'tags': [], 'created_at': '2025-03-26T20:30:23Z', 'updated_at': '2025-03-26T20:30:23Z', 'revision_number': 0, 'project_id': 'f2d39aa93f504f8e95a4adc6ec756489'}, Router: {'id': '421f809b-f987-4b3a-a1b5-b3a677250ee1', 'name': 'tempest-VolumesAdminNegativeTest-317716125-router', 'tenant_id': 'f2d39aa93f504f8e95a4adc6ec756489', 'admin_state_up': True, 'status': 'ACTIVE', 'external_gateway_info': {'network_id': '796828e9-00a1-4f26-b7ad-e5da8a246237', 'external_fixed_ips': [{'subnet_id': '7430d42f-cf6e-4ef3-a43a-f3b7a53afaad', 'ip_address': '10.180.180.207'}], 'enable_snat': True}, 'description': '', 'availability_zones': [], 'distributed': False, 'ha': False, 'availability_zone_hints': [], 'routes': [], 'flavor_id': None, 'tags': [], 'created_at': '2025-03-26T20:30:24Z', 'updated_at': '2025-03-26T20:30:25Z', 'revision_number': 2, 'project_id': 'f2d39aa93f504f8e95a4adc6ec756489'}
2025-03-26 20:30:30.602 69628 INFO tempest.lib.common.rest_client [req-2f1010ea-9a31-4b3d-be38-fb1456652bd5 req-2f1010ea-9a31-4b3d-be38-fb1456652bd5 ] Request (ServersAdmin275Test:test_rebuild_update_server_275): 200 PUT http://10.180.1.21/compute/v2.1/servers/bb170d5c-9e61-4041-b16e-6c8051e46f8a 2.593s
2025-03-26 20:30:30.626 69678 INFO tempest.lib.common.rest_client [req-3916e531-0c4e-4349-8e1d-94d81f7a5b41 req-3916e531-0c4e-4349-8e1d-94d81f7a5b41 ] Request (VolumesAdminNegativeTest:setUpClass): 201 POST http://10.180.1.21/identity/v3/auth/tokens 0.123s
2025-03-26 20:30:30.627 69624 INFO tempest.lib.common.rest_client [req-1a6b380b-f27e-4b45-8950-0cc872ba42d1 req-1a6b380b-f27e-4b45-8950-0cc872ba42d1 ] Request (FlavorsAdminTestJSON:test_create_flavor_with_uuid_id): 200 POST http://10.180.1.21/compute/v2.1/flavors 2.374s
2025-03-26 20:30:30.637 69638 INFO tempest.lib.common.rest_client [req-599c5899-db7d-4cb0-bd97-a1ad1e391b59 req-599c5899-db7d-4cb0-bd97-a1ad1e391b59 ] Request (ServerDiskConfigTestJSON:setUpClass): 201 POST http://10.180.1.21:9696/networking/v2.0/subnets 0.989s
2025-03-26 20:30:30.653 69660 INFO tempest.lib.common.rest_client [req-75d932a2-71a4-47a7-9ebc-a0b9dfb73a38 req-75d932a2-71a4-47a7-9ebc-a0b9dfb73a38 ] Request (FlavorsV2TestJSON:test_list_flavors_using_marker): 200 GET http://10.180.1.21/compute/v2.1/flavors?marker=42 2.375s
2025-03-26 20:30:30.653 69650 INFO tempest.lib.common.rest_client [req-d44abef7-6555-4477-81e1-1088fadba57f req-d44abef7-6555-4477-81e1-1088fadba57f ] Request (ListImageFiltersTestJSON:setUpClass): 204 PUT http://10.180.1.21/image/v2/images/9d6373cf-5157-4dde-b118-357729b6b7ac/file 0.749s
2025-03-26 20:30:30.689 69668 INFO tempest.lib.common.rest_client [req-c02fe5e3-c4a8-414a-b9ba-48d96c66da6c req-c02fe5e3-c4a8-414a-b9ba-48d96c66da6c ] Request (ServerGroup264TestJSON:tearDownClass): 204 DELETE http://10.180.1.21:9696/networking/v2.0/security-groups/75a649c6-986d-4546-b0b7-b58c83b7fa86 0.396s
2025-03-26 20:30:30.709 69678 INFO tempest.lib.common.rest_client [req-24a23211-222e-4c8a-84b9-5b649a672794 req-24a23211-222e-4c8a-84b9-5b649a672794 ] Request (VolumesAdminNegativeTest:setUpClass): 201 POST http://10.180.1.21/identity/v3/projects 0.080s
2025-03-26 20:30:30.766 69668 INFO tempest.lib.common.rest_client [req-d1979dc9-08f7-4434-97cd-9a3504f1286e req-d1979dc9-08f7-4434-97cd-9a3504f1286e ] Request (ServerGroup264TestJSON:tearDownClass): 204 DELETE http://10.180.1.21/identity/v3/projects/8a50c17116724f09beb992f7408bcbd4 0.074s
2025-03-26 20:30:30.795 69668 INFO tempest.lib.common.rest_client [req-9c3db98b-70b4-4e48-9483-7d056ca3844d req-9c3db98b-70b4-4e48-9483-7d056ca3844d ] Request (VolumesNegativeTest:setUpClass): 201 POST http://10.180.1.21/identity/v3/auth/tokens 0.027s
2025-03-26 20:30:30.796 69678 INFO tempest.lib.common.rest_client [req-84bf42ba-404c-42b3-b80c-a219604553dd req-84bf42ba-404c-42b3-b80c-a219604553dd ] Request (VolumesAdminNegativeTest:setUpClass): 201 POST http://10.180.1.21/identity/v3/users 0.087s
2025-03-26 20:30:30.830 69678 INFO tempest.lib.common.rest_client [req-80d47f3f-8626-408e-ba51-f3242389d0bb req-80d47f3f-8626-408e-ba51-f3242389d0bb ] Request (VolumesAdminNegativeTest:setUpClass): 200 GET http://10.180.1.21/identity/v3/roles 0.033s
2025-03-26 20:30:30.842 69668 INFO tempest.lib.common.rest_client [req-8cb26849-6858-42aa-88fe-0223eff0975e req-8cb26849-6858-42aa-88fe-0223eff0975e ] Request (VolumesNegativeTest:setUpClass): 201 POST http://10.180.1.21/identity/v3/auth/tokens 0.041s
2025-03-26 20:30:30.858 69678 INFO tempest.lib.common.rest_client [req-1021449e-3b7e-4098-b862-3a0199edb729 req-1021449e-3b7e-4098-b862-3a0199edb729 ] Request (VolumesAdminNegativeTest:setUpClass): 204 PUT http://10.180.1.21/identity/v3/projects/6e63ac0b5dbc4fd1be6ac1c76232290e/users/91f615345fab44a2a449e8b8fbb7d836/roles/ef814a0577af4839b5a526939bd47d84 0.028s
2025-03-26 20:30:30.872 69668 INFO tempest.lib.common.rest_client [req-73449d54-74bf-4755-ad96-892fb29a715b req-73449d54-74bf-4755-ad96-892fb29a715b ] Request (VolumesNegativeTest:setUpClass): 200 GET http://10.180.1.21/identity/v3/domains?name=Default 0.030s
2025-03-26 20:30:30.888 69622 INFO tempest.lib.common.rest_client [req-d91601f6-33e6-4ed3-9c08-e3765d72443b req-d91601f6-33e6-4ed3-9c08-e3765d72443b ] Request (DeleteServersAdminTestJSON:test_admin_delete_servers_of_others): 200 GET http://10.180.1.21/compute/v2.1/servers/cc35e13c-a1f9-4392-b15a-acd5375b2895 2.407s
2025-03-26 20:30:30.895 69654 INFO tempest.lib.common.rest_client [req-a501b39c-9beb-4811-9283-813113e73645 req-a501b39c-9beb-4811-9283-813113e73645 ] Request (KeyPairsNegativeTestJSON:test_create_keypair_with_empty_name_string): 400 POST http://10.180.1.21/compute/v2.1/os-keypairs 2.395s
2025-03-26 20:30:30.913 69656 INFO tempest.lib.common.rest_client [req-930519f5-6094-4e7d-af39-eb945ed64cfd req-930519f5-6094-4e7d-af39-eb945ed64cfd ] Request (FloatingIPsNegativeTestJSON:tearDownClass): 200 PUT http://10.180.1.21:9696/networking/v2.0/routers/816264d7-8084-4bb1-abc4-7c13c8fbd3ee/remove_router_interface 3.292s
2025-03-26 20:30:30.913 69678 INFO tempest.lib.common.rest_client [req-5edb80c1-a4c5-4514-9087-ac564f1ed13b req-5edb80c1-a4c5-4514-9087-ac564f1ed13b ] Request (VolumesAdminNegativeTest:setUpClass): 200 GET http://10.180.1.21/identity/v3/roles 0.054s
2025-03-26 20:30:30.945 69668 INFO tempest.lib.common.rest_client [req-19d5b99f-2bb8-457f-9fe8-58fba60d4789 req-19d5b99f-2bb8-457f-9fe8-58fba60d4789 ] Request (VolumesNegativeTest:setUpClass): 201 POST http://10.180.1.21/identity/v3/projects 0.072s
2025-03-26 20:30:31.014 69678 INFO tempest.lib.common.rest_client [req-b82c61cb-1d89-40ba-a032-b8f2f6be1a74 req-b82c61cb-1d89-40ba-a032-b8f2f6be1a74 ] Request (VolumesAdminNegativeTest:setUpClass): 204 PUT http://10.180.1.21/identity/v3/projects/6e63ac0b5dbc4fd1be6ac1c76232290e/users/91f615345fab44a2a449e8b8fbb7d836/roles/ef814a0577af4839b5a526939bd47d84 0.101s
2025-03-26 20:30:31.017 69678 INFO tempest.lib.common.dynamic_creds [-] Dynamic test user 91f615345fab44a2a449e8b8fbb7d836 is created with scope project and roles: ['admin']
2025-03-26 20:30:31.018 69678 INFO tempest.lib.common.dynamic_creds [-] Acquired dynamic creds: credentials: Credentials: {'domain_id': 'default', 'domain_name': 'Default', 'username': 'tempest-VolumesAdminNegativeTest-305204056-project-admin', 'project_domain_id': 'default', 'project_domain_name': 'Default', 'project_id': '6e63ac0b5dbc4fd1be6ac1c76232290e', 'project_name': 'tempest-VolumesAdminNegativeTest-305204056', 'tenant_id': '6e63ac0b5dbc4fd1be6ac1c76232290e', 'tenant_name': 'tempest-VolumesAdminNegativeTest-305204056', 'user_domain_id': 'default', 'user_domain_name': 'Default', 'user_id': '91f615345fab44a2a449e8b8fbb7d836', 'system': None}, Network: None, Subnet: None, Router: None
2025-03-26 20:30:31.073 69668 INFO tempest.lib.common.rest_client [req-f50b6b6e-f08c-4fcd-8534-e1c0590c66ed req-f50b6b6e-f08c-4fcd-8534-e1c0590c66ed ] Request (VolumesNegativeTest:setUpClass): 201 POST http://10.180.1.21/identity/v3/users 0.127s
2025-03-26 20:30:31.107 69668 INFO tempest.lib.common.rest_client [req-a00494af-7137-481b-80ff-7e2c90579bd3 req-a00494af-7137-481b-80ff-7e2c90579bd3 ] Request (VolumesNegativeTest:setUpClass): 200 GET http://10.180.1.21/identity/v3/roles 0.033s
2025-03-26 20:30:31.138 69668 INFO tempest.lib.common.rest_client [req-e92b889c-b0d0-4840-9175-d3e3235100dc req-e92b889c-b0d0-4840-9175-d3e3235100dc ] Request (VolumesNegativeTest:setUpClass): 204 PUT http://10.180.1.21/identity/v3/projects/6a3e54786d064000934a854462a94319/users/e33c6b50e76340458262e4fc93941593/roles/d9eafddd036c431788225d00bb4edab3 0.031s
2025-03-26 20:30:31.138 69668 INFO tempest.lib.common.dynamic_creds [-] Dynamic test user e33c6b50e76340458262e4fc93941593 is created with scope project and roles: ['member']
2025-03-26 20:30:31.138 69668 INFO tempest.lib.common.dynamic_creds [-] Acquired dynamic creds: credentials: Credentials: {'domain_id': 'default', 'domain_name': 'Default', 'username': 'tempest-VolumesNegativeTest-1350062531-project-member', 'project_domain_id': 'default', 'project_domain_name': 'Default', 'project_id': '6a3e54786d064000934a854462a94319', 'project_name': 'tempest-VolumesNegativeTest-1350062531', 'tenant_id': '6a3e54786d064000934a854462a94319', 'tenant_name': 'tempest-VolumesNegativeTest-1350062531', 'user_domain_id': 'default', 'user_domain_name': 'Default', 'user_id': 'e33c6b50e76340458262e4fc93941593', 'system': None}, Network: None, Subnet: None, Router: None
2025-03-26 20:30:31.138 69668 INFO tempest.lib.common.dynamic_creds [-] Created isolated network resources for: credentials: Credentials: {'domain_id': 'default', 'domain_name': 'Default', 'username': 'tempest-VolumesNegativeTest-1350062531-project-member', 'project_domain_id': 'default', 'project_domain_name': 'Default', 'project_id': '6a3e54786d064000934a854462a94319', 'project_name': 'tempest-VolumesNegativeTest-1350062531', 'tenant_id': '6a3e54786d064000934a854462a94319', 'tenant_name': 'tempest-VolumesNegativeTest-1350062531', 'user_domain_id': 'default', 'user_domain_name': 'Default', 'user_id': 'e33c6b50e76340458262e4fc93941593', 'system': None}, Network: None, Subnet: None, Router: None
2025-03-26 20:30:31.212 69634 INFO tempest.lib.common.rest_client [req-7e7a647b-8ddd-47e3-b924-ac97cda813a9 req-7e7a647b-8ddd-47e3-b924-ac97cda813a9 ] Request (QuotasAdminTestJSON:test_delete_quota): 200 GET http://10.180.1.21/compute/v2.1/os-quota-sets/155fc6f875c244b2b105c47080d75a39 2.683s
2025-03-26 20:30:31.223 69668 INFO tempest.lib.common.rest_client [req-d4a9fbb2-0321-44cc-bb61-7b57e877a338 req-d4a9fbb2-0321-44cc-bb61-7b57e877a338 ] Request (VolumesNegativeTest:setUpClass): 201 POST http://10.180.1.21/identity/v3/auth/tokens 0.081s
2025-03-26 20:30:31.232 69644 INFO tempest.lib.common.rest_client [req-9a7395b3-979b-49e0-8449-567f560ae2b7 req-9a7395b3-979b-49e0-8449-567f560ae2b7 ] Request (KeyPairsV22TestJSON:_run_cleanups): 204 DELETE http://10.180.1.21/compute/v2.1/os-keypairs/tempest-keypair-646340525 2.676s
2025-03-26 20:30:31.263 69676 INFO tempest.lib.common.rest_client [req-bde1e9a2-964a-4220-8df6-85185cd38d07 req-bde1e9a2-964a-4220-8df6-85185cd38d07 ] Request (FloatingIPsTestJSON:test_delete_floating_ip): 202 DELETE http://10.180.1.21/compute/v2.1/os-floating-ips/7bdb280f-822d-4b27-a502-64f7f2606529 3.588s
2025-03-26 20:30:31.485 69640 INFO tempest.lib.common.rest_client [req-e65f1d83-ca1c-4f4b-93b8-077e3b0c4e73 req-e65f1d83-ca1c-4f4b-93b8-077e3b0c4e73 ] Request (ServerDiagnosticsV248Test:test_get_server_diagnostics): 200 GET http://10.180.1.21/compute/v2.1/servers/d5f48c32-267d-4702-b9f2-11cc5588a84e 2.916s
2025-03-26 20:30:31.705 69646 INFO tempest.lib.common.rest_client [req-6e1eff0a-2511-41c1-8499-74d3662bbe9f req-6e1eff0a-2511-41c1-8499-74d3662bbe9f ] Request (ServerDiagnosticsTest:test_get_server_diagnostics): 200 GET http://10.180.1.21/compute/v2.1/servers/e23100e6-9f59-4d0e-aff6-362854304d90 2.481s
2025-03-26 20:30:31.717 69646 INFO tempest.common.waiters [-] State transition "BUILD/spawning" ==> "ACTIVE/None" after 20 second wait
2025-03-26 20:30:31.728 69658 INFO tempest.lib.common.rest_client [req-be0f3efd-ea52-4492-a4c8-f6b0ad6ad9d0 req-be0f3efd-ea52-4492-a4c8-f6b0ad6ad9d0 ] Request (FlavorsAccessNegativeTestJSON:_run_cleanups): 202 DELETE http://10.180.1.21/compute/v2.1/flavors/1117668854 2.158s
2025-03-26 20:30:31.739 69632 INFO tempest.lib.common.rest_client [req-b8157a33-976c-4a42-bf84-317eac912ed9 req-b8157a33-976c-4a42-bf84-317eac912ed9 ] Request (ServersTestJSON:setUpClass): 200 GET http://10.180.1.21/compute/v2.1/servers/b631bcce-e3d1-402d-83c6-80e7054fee6e/os-interface 3.002s
2025-03-26 20:30:31.749 69674 INFO tempest.lib.common.rest_client [req-f9ce5bfc-d7a6-4a60-9fb1-df3a57e05c7f req-f9ce5bfc-d7a6-4a60-9fb1-df3a57e05c7f ] Request (QuotasAdminNegativeTest:test_update_quota_normal_user): 403 PUT http://10.180.1.21/compute/v2.1/os-quota-sets/7a850b9abe9d484984ee3028cc3b93e8 2.036s
2025-03-26 20:30:31.891 69674 INFO tempest.lib.common.rest_client [req-3c0bed8e-f460-4395-9766-86844be02e43 req-3c0bed8e-f460-4395-9766-86844be02e43 ] Request (QuotasAdminNegativeTest:tearDownClass): 204 DELETE http://10.180.1.21/identity/v3/users/09e46ed54d1d48388c2df073debb727e 0.139s
2025-03-26 20:30:31.986 69674 INFO tempest.lib.common.rest_client [req-76b60c45-4a04-403d-97f6-a650c355f7ec req-76b60c45-4a04-403d-97f6-a650c355f7ec ] Request (QuotasAdminNegativeTest:tearDownClass): 204 DELETE http://10.180.1.21/identity/v3/users/6c15344cdf8b4db48317c41e9c7539d7 0.094s
2025-03-26 20:30:31.986 69674 INFO tempest.lib.common.dynamic_creds [-] Deleting project and security group for project: 7a850b9abe9d484984ee3028cc3b93e8
2025-03-26 20:30:31.986 69678 INFO tempest.lib.common.rest_client [req-163faac4-979f-44c2-8052-ffcc308221db req-163faac4-979f-44c2-8052-ffcc308221db ] Request (VolumesAdminNegativeTest:setUpClass): 201 POST http://10.180.1.21:9696/networking/v2.0/networks 0.968s
2025-03-26 20:30:32.035 69663 INFO tempest.lib.common.rest_client [req-7d0eb398-42ff-4fb1-a893-a10c6cc4162a req-7d0eb398-42ff-4fb1-a893-a10c6cc4162a ] Request (MultipleCreateTestJSON:test_multiple_create): 200 GET http://10.180.1.21/compute/v2.1/servers/19dd952a-38f4-40d3-b69b-8723d5bc6a32 2.335s
2025-03-26 20:30:32.047 69663 INFO tempest.common.waiters [-] State transition "BUILD/block_device_mapping" ==> "BUILD/spawning" after 14 second wait
2025-03-26 20:30:32.056 69648 INFO tempest.lib.common.rest_client [req-9686e2cf-b513-4ecd-a4b1-e9a8950083fe req-9686e2cf-b513-4ecd-a4b1-e9a8950083fe ] Request (VolumesAssistedSnapshotsTest:test_volume_assisted_snapshot_create_delete): 200 GET http://10.180.1.21/compute/v2.1/servers/dd64bebb-7c5b-48cb-b670-52983ffe6ba5 2.215s
2025-03-26 20:30:32.063 69674 INFO tempest.lib.common.rest_client [req-754b6888-099d-4338-9eb6-a8beca5d0a1b req-754b6888-099d-4338-9eb6-a8beca5d0a1b ] Request (QuotasAdminNegativeTest:tearDownClass): 201 POST http://10.180.1.21/identity/v3/auth/tokens 0.076s
2025-03-26 20:30:32.151 69672 INFO tempest.lib.common.rest_client [req-d5693a5b-218f-4a65-88cf-a0dbec241801 req-d5693a5b-218f-4a65-88cf-a0dbec241801 ] Request (TenantUsagesTestJSON:setUpClass): 200 GET http://10.180.1.21/compute/v2.1/servers/1c952e24-4c6b-4dbc-9976-fcf5510e30c2 2.212s
2025-03-26 20:30:32.315 69666 INFO tempest.lib.common.rest_client [req-cf0e154c-492d-4baf-9d9d-e452ef32855a req-cf0e154c-492d-4baf-9d9d-e452ef32855a ] Request (ServerDiagnosticsNegativeTest:test_get_server_diagnostics_by_non_admin): 200 GET http://10.180.1.21/compute/v2.1/servers/3ea11bb2-8f70-41b9-a1de-93329a648fb9 2.245s
2025-03-26 20:30:32.322 69666 INFO tempest.common.waiters [-] State transition "BUILD/spawning" ==> "ACTIVE/None" after 21 second wait
2025-03-26 20:30:32.536 69656 INFO tempest.lib.common.rest_client [req-0acfc0a9-74a7-4358-8a57-0de593494070 req-0acfc0a9-74a7-4358-8a57-0de593494070 ] Request (FloatingIPsNegativeTestJSON:tearDownClass): 204 DELETE http://10.180.1.21:9696/networking/v2.0/routers/816264d7-8084-4bb1-abc4-7c13c8fbd3ee 1.623s
2025-03-26 20:30:32.545 69620 INFO tempest.lib.common.rest_client [req-49bcf3f3-66fe-4f94-b8e9-92ce1b7ecde0 req-49bcf3f3-66fe-4f94-b8e9-92ce1b7ecde0 ] Request (ServerExternalEventsTest:test_create_server_external_events): 200 GET http://10.180.1.21/compute/v2.1/servers/42f0a6b6-116c-4453-84a6-cac9f8750541 2.194s
2025-03-26 20:30:32.581 69652 INFO tempest.lib.common.rest_client [req-5dcc2257-24a4-4be8-a6ca-bafdb53597c4 req-5dcc2257-24a4-4be8-a6ca-bafdb53597c4 ] Request (SecurityGroupsTestJSON:setUpClass): 200 PUT http://10.180.1.21:9696/networking/v2.0/routers/b1129f8f-f898-46d3-a45e-28fa4100b041/add_router_interface 3.791s
2025-03-26 20:30:32.581 69652 INFO tempest.lib.common.dynamic_creds [-] Created isolated network resources for: credentials: Credentials: {'domain_id': 'default', 'domain_name': 'Default', 'username': 'tempest-SecurityGroupsTestJSON-738855875-project-member', 'project_domain_id': 'default', 'project_domain_name': 'Default', 'project_id': '5bd4a64d657f4ba7afa8e938c7d39606', 'project_name': 'tempest-SecurityGroupsTestJSON-738855875', 'tenant_id': '5bd4a64d657f4ba7afa8e938c7d39606', 'tenant_name': 'tempest-SecurityGroupsTestJSON-738855875', 'user_domain_id': 'default', 'user_domain_name': 'Default', 'user_id': '154c1b4dbb3a4b5d836e8697cf80336a', 'system': None}, Network: {'id': 'b1561971-fd5e-4d24-8f0b-da8556652022', 'name': 'tempest-SecurityGroupsTestJSON-589363433-network', 'tenant_id': '5bd4a64d657f4ba7afa8e938c7d39606', 'admin_state_up': True, 'mtu': 8950, 'status': 'ACTIVE', 'subnets': [], 'shared': False, 'project_id': '5bd4a64d657f4ba7afa8e938c7d39606', 'port_security_enabled': True, 'router:external': False, 'provider:network_type': 'vlan', 'provider:physical_network': 'default', 'provider:segmentation_id': 329, 'availability_zone_hints': [], 'availability_zones': [], 'ipv4_address_scope': None, 'ipv6_address_scope': None, 'description': '', 'tags': [], 'created_at': '2025-03-26T20:30:25Z', 'updated_at': '2025-03-26T20:30:25Z', 'revision_number': 1}, Subnet: {'id': 'c54f583b-a139-40ea-88ef-137fee966dcc', 'name': 'tempest-SecurityGroupsTestJSON-589363433-subnet', 'tenant_id': '5bd4a64d657f4ba7afa8e938c7d39606', 'network_id': 'b1561971-fd5e-4d24-8f0b-da8556652022', 'ip_version': 4, 'subnetpool_id': None, 'enable_dhcp': True, 'ipv6_ra_mode': None, 'ipv6_address_mode': None, 'gateway_ip': '192.168.128.1', 'cidr': '192.168.128.0/28', 'allocation_pools': [{'start': '192.168.128.2', 'end': '192.168.128.14'}], 'host_routes': [], 'dns_nameservers': [], 'description': '', 'router:external': False, 'service_types': [], 'tags': [], 'created_at': '2025-03-26T20:30:26Z', 'updated_at': '2025-03-26T20:30:26Z', 'revision_number': 0, 'project_id': '5bd4a64d657f4ba7afa8e938c7d39606'}, Router: {'id': 'b1129f8f-f898-46d3-a45e-28fa4100b041', 'name': 'tempest-SecurityGroupsTestJSON-589363433-router', 'tenant_id': '5bd4a64d657f4ba7afa8e938c7d39606', 'admin_state_up': True, 'status': 'ACTIVE', 'external_gateway_info': {'network_id': '796828e9-00a1-4f26-b7ad-e5da8a246237', 'external_fixed_ips': [{'subnet_id': '7430d42f-cf6e-4ef3-a43a-f3b7a53afaad', 'ip_address': '10.180.180.243'}], 'enable_snat': True}, 'description': '', 'availability_zones': [], 'distributed': False, 'ha': False, 'availability_zone_hints': [], 'routes': [], 'flavor_id': None, 'tags': [], 'created_at': '2025-03-26T20:30:26Z', 'updated_at': '2025-03-26T20:30:27Z', 'revision_number': 2, 'project_id': '5bd4a64d657f4ba7afa8e938c7d39606'}
2025-03-26 20:30:32.638 69670 INFO tempest.lib.common.rest_client [req-438acec5-fe00-4f42-94b2-67ee2a7bceed req-438acec5-fe00-4f42-94b2-67ee2a7bceed ] Request (ServersWithSpecificFlavorTestJSON:test_verify_created_server_ephemeral_disk): 200 GET http://10.180.1.21/compute/v2.1/servers/d684c74f-d058-47b5-8dcc-fc9287843569 2.210s
2025-03-26 20:30:32.669 69642 INFO tempest.lib.common.rest_client [req-3c5c826b-bc99-4a4d-a882-189ca579364d req-3c5c826b-bc99-4a4d-a882-189ca579364d ] Request (FlavorsExtraSpecsTestJSON:tearDownClass): 200 GET http://10.180.1.21/compute/v2.1/flavors/detail 2.224s
2025-03-26 20:30:32.676 69678 INFO tempest.lib.common.rest_client [req-9fd9b76b-4989-42e9-b842-82fef5d6e464 req-9fd9b76b-4989-42e9-b842-82fef5d6e464 ] Request (VolumesAdminNegativeTest:setUpClass): 201 POST http://10.180.1.21:9696/networking/v2.0/subnets 0.688s
2025-03-26 20:30:32.688 69636 INFO tempest.lib.common.rest_client [req-4952a3e3-19ab-4495-9c22-e11c6a882ab3 req-4952a3e3-19ab-4495-9c22-e11c6a882ab3 ] Request (HostsAdminNegativeTestJSON:test_update_nonexistent_host): 404 PUT http://10.180.1.21/compute/v2.1/os-hosts/nonexistent_hostname 2.238s
2025-03-26 20:30:32.696 69626 INFO tempest.lib.common.rest_client [req-ddd90069-b4b4-4015-95ae-6aa878c1abdb req-ddd90069-b4b4-4015-95ae-6aa878c1abdb ] Request (AggregatesAdminNegativeTestJSON:test_aggregate_create_aggregate_name_length_less_than_1): 400 POST http://10.180.1.21/compute/v2.1/os-aggregates 2.242s
2025-03-26 20:30:32.705 69682 INFO tempest.lib.common.rest_client [req-a4d8788f-edc4-4846-9a34-e5497bf88222 req-a4d8788f-edc4-4846-9a34-e5497bf88222 ] Request (SecurityGroupRulesNegativeTestJSON:setUpClass): 201 POST http://10.180.1.21:9696/networking/v2.0/routers 3.128s
2025-03-26 20:30:32.728 69652 INFO tempest.lib.common.rest_client [req-7f5316d0-c424-4b90-a1e5-4a8762c13e5c req-7f5316d0-c424-4b90-a1e5-4a8762c13e5c ] Request (SecurityGroupsTestJSON:setUpClass): 201 POST http://10.180.1.21/identity/v3/auth/tokens 0.142s
2025-03-26 20:30:32.744 69630 INFO tempest.lib.common.rest_client [req-b4ce7b21-bec4-417d-8677-21d08e502f13 req-b4ce7b21-bec4-417d-8677-21d08e502f13 ] Request (ServerActionsTestJSON:setUpClass): 201 POST http://10.180.1.21:9696/networking/v2.0/routers 3.100s
2025-03-26 20:30:32.777 69642 INFO tempest.lib.common.rest_client [req-88c9aacd-fc2f-4567-969e-9febea2557eb req-88c9aacd-fc2f-4567-969e-9febea2557eb ] Request (FlavorsExtraSpecsTestJSON:tearDownClass): 204 DELETE http://10.180.1.21/identity/v3/users/dfc6245ca0b546d883a0f9af835d4aa1 0.098s
2025-03-26 20:30:32.798 69636 INFO tempest.lib.common.rest_client [req-c5e80dd4-604f-4710-98c0-8d316d1f469b req-c5e80dd4-604f-4710-98c0-8d316d1f469b ] Request (HostsAdminNegativeTestJSON:tearDownClass): 204 DELETE http://10.180.1.21/identity/v3/users/834658c1bdb041fa9b4b8daa34cedcdf 0.108s
2025-03-26 20:30:32.827 69681 INFO tempest.lib.common.rest_client [req-675ab491-12ff-45d5-bb91-3405e5c84d56 req-675ab491-12ff-45d5-bb91-3405e5c84d56 ] Request (ServersTestMultiNic:test_verify_duplicate_network_nics): 200 GET http://10.180.1.21/compute/v2.1/servers/dd81649a-43aa-42f9-bb5b-8450a93258a3 2.368s
2025-03-26 20:30:32.827 69664 INFO tempest.lib.common.rest_client [req-fe0c136b-5d5d-4594-ba2a-70db9f140ad3 req-fe0c136b-5d5d-4594-ba2a-70db9f140ad3 ] Request (MigrationsAdminTest:test_list_migrations_in_flavor_resize_situation): 200 GET http://10.180.1.21/compute/v2.1/servers/feb83f01-3afd-4831-8db9-e37ba30939ad 2.634s
2025-03-26 20:30:32.860 69624 INFO tempest.lib.common.rest_client [req-276daa09-124f-4486-8483-122b54bc9a18 req-276daa09-124f-4486-8483-122b54bc9a18 ] Request (FlavorsAdminTestJSON:_run_cleanups): 202 DELETE http://10.180.1.21/compute/v2.1/flavors/2efe60d3-c5a4-41e2-b294-3ba4433d273e 2.226s
2025-03-26 20:30:32.908 69650 INFO tempest.lib.common.rest_client [req-4d12c6de-c315-4482-82a9-b67e96561819 req-4d12c6de-c315-4482-82a9-b67e96561819 ] Request (ListImageFiltersTestJSON:setUpClass): 200 GET http://10.180.1.21/compute/v2.1/images/9d6373cf-5157-4dde-b118-357729b6b7ac 2.255s
2025-03-26 20:30:32.921 69674 INFO tempest.lib.common.rest_client [req-0df9198d-6121-43e5-9152-e0378ae4a53b req-0df9198d-6121-43e5-9152-e0378ae4a53b ] Request (QuotasAdminNegativeTest:tearDownClass): 200 GET http://10.180.1.21:9696/networking/v2.0/security-groups?tenant_id=7a850b9abe9d484984ee3028cc3b93e8&name=default 0.857s
2025-03-26 20:30:32.923 69642 INFO tempest.lib.common.rest_client [req-b94497e9-2380-4398-aee7-c1ab1f2a497a req-b94497e9-2380-4398-aee7-c1ab1f2a497a ] Request (FlavorsExtraSpecsTestJSON:tearDownClass): 204 DELETE http://10.180.1.21/identity/v3/users/e957302c6e654b23b14d22b7e73317a7 0.145s
2025-03-26 20:30:32.923 69642 INFO tempest.lib.common.dynamic_creds [-] Deleting project and security group for project: c07e89108f9e4db686d08ae181ea7b3d
2025-03-26 20:30:32.934 69660 INFO tempest.lib.common.rest_client [req-bdf342df-9b23-44d9-838f-598d0e123f55 req-bdf342df-9b23-44d9-838f-598d0e123f55 ] Request (FlavorsV2TestJSON:test_list_flavors_with_detail): 200 GET http://10.180.1.21/compute/v2.1/flavors/detail 2.277s
2025-03-26 20:30:32.943 69636 INFO tempest.lib.common.rest_client [req-6485f0c2-f145-4358-9ada-7e8f4be19714 req-6485f0c2-f145-4358-9ada-7e8f4be19714 ] Request (HostsAdminNegativeTestJSON:tearDownClass): 204 DELETE http://10.180.1.21/identity/v3/users/15bfb0b2c761462ab6caa18541373669 0.144s
2025-03-26 20:30:32.943 69636 INFO tempest.lib.common.dynamic_creds [-] Deleting project and security group for project: 42eb78b12fcc4897b3ec306ada691257
2025-03-26 20:30:32.971 69654 INFO tempest.lib.common.rest_client [req-d67697dc-bf11-40b1-a50c-d591ec09bd57 req-d67697dc-bf11-40b1-a50c-d591ec09bd57 ] Request (KeyPairsNegativeTestJSON:test_create_keypair_with_empty_public_key): 400 POST http://10.180.1.21/compute/v2.1/os-keypairs 2.075s
2025-03-26 20:30:32.986 69642 INFO tempest.lib.common.rest_client [req-0ebbffb2-d809-41c5-b0e5-741dad09865e req-0ebbffb2-d809-41c5-b0e5-741dad09865e ] Request (FlavorsExtraSpecsTestJSON:tearDownClass): 201 POST http://10.180.1.21/identity/v3/auth/tokens 0.063s
2025-03-26 20:30:32.998 69628 INFO tempest.lib.common.rest_client [req-eb9f0870-1e74-40b0-bcd7-e797c728baf3 req-eb9f0870-1e74-40b0-bcd7-e797c728baf3 ] Request (ServersAdmin275Test:test_rebuild_update_server_275): 200 GET http://10.180.1.21/compute/v2.1/servers/bb170d5c-9e61-4041-b16e-6c8051e46f8a 2.384s
2025-03-26 20:30:33.001 69636 INFO tempest.lib.common.rest_client [req-048b762a-3b54-4ebc-bf25-062b42920013 req-048b762a-3b54-4ebc-bf25-062b42920013 ] Request (HostsAdminNegativeTestJSON:tearDownClass): 201 POST http://10.180.1.21/identity/v3/auth/tokens 0.057s
2025-03-26 20:30:33.089 69656 INFO tempest.lib.common.rest_client [req-40ad94cf-df38-498a-a120-a62e7b27694b req-40ad94cf-df38-498a-a120-a62e7b27694b ] Request (FloatingIPsNegativeTestJSON:tearDownClass): 204 DELETE http://10.180.1.21:9696/networking/v2.0/subnets/a38e96e4-3761-4bab-91a6-aa56e94a3cbe 0.552s
2025-03-26 20:30:33.098 69668 INFO tempest.lib.common.rest_client [req-2829aa5a-d41c-4b86-b0c6-e00f1f640310 req-2829aa5a-d41c-4b86-b0c6-e00f1f640310 ] Request (VolumesNegativeTest:test_create_volume_with_invalid_size): 400 POST http://10.180.1.21/compute/v2.1/os-volumes 1.872s
2025-03-26 20:30:33.133 69634 INFO tempest.lib.common.rest_client [req-d5217da0-eca5-46ad-8ed7-af5f02b2d35d req-d5217da0-eca5-46ad-8ed7-af5f02b2d35d ] Request (QuotasAdminTestJSON:test_delete_quota): 200 PUT http://10.180.1.21/compute/v2.1/os-quota-sets/155fc6f875c244b2b105c47080d75a39 1.919s
2025-03-26 20:30:33.138 69644 INFO tempest.lib.common.rest_client [req-4e6f7bb5-1b44-4f97-8b22-67f452eadc50 req-4e6f7bb5-1b44-4f97-8b22-67f452eadc50 ] Request (KeyPairsV22TestJSON:test_keypairs_create_list_delete): 201 POST http://10.180.1.21/compute/v2.1/os-keypairs 1.904s
2025-03-26 20:30:33.190 69676 INFO tempest.lib.common.rest_client [req-bba19ad1-bd8d-4f0c-a1eb-0f03427468ea req-bba19ad1-bd8d-4f0c-a1eb-0f03427468ea ] Request (FloatingIPsTestJSON:test_delete_floating_ip): 404 GET http://10.180.1.21/compute/v2.1/os-floating-ips/7bdb280f-822d-4b27-a502-64f7f2606529 1.927s
2025-03-26 20:30:33.235 69658 INFO tempest.lib.common.rest_client [req-3650c3aa-b128-463d-9fba-cf2bf76ffa4b req-3650c3aa-b128-463d-9fba-cf2bf76ffa4b ] Request (FlavorsAccessNegativeTestJSON:_run_cleanups): 200 GET http://10.180.1.21/compute/v2.1/flavors/detail 1.506s
2025-03-26 20:30:33.238 69674 INFO tempest.lib.common.rest_client [req-a7ade69f-71d2-4ae6-8218-a0e301a12e96 req-a7ade69f-71d2-4ae6-8218-a0e301a12e96 ] Request (QuotasAdminNegativeTest:tearDownClass): 204 DELETE http://10.180.1.21:9696/networking/v2.0/security-groups/f01996e9-edcf-4501-b614-33fe7a43ccb1 0.317s
2025-03-26 20:30:33.341 69674 INFO tempest.lib.common.rest_client [req-ff473275-43d2-45ed-b579-3732ec4d6db5 req-ff473275-43d2-45ed-b579-3732ec4d6db5 ] Request (QuotasAdminNegativeTest:tearDownClass): 204 DELETE http://10.180.1.21/identity/v3/projects/7a850b9abe9d484984ee3028cc3b93e8 0.102s
2025-03-26 20:30:33.341 69674 INFO tempest.lib.common.dynamic_creds [-] Deleting project and security group for project: 21ea2d991b444e58871793fdc07df124
2025-03-26 20:30:33.400 69622 INFO tempest.lib.common.rest_client [req-2f2b18f5-fc68-4e03-aa9c-ebb31d5da16a req-2f2b18f5-fc68-4e03-aa9c-ebb31d5da16a ] Request (DeleteServersAdminTestJSON:test_admin_delete_servers_of_others): 200 GET http://10.180.1.21/compute/v2.1/servers/cc35e13c-a1f9-4392-b15a-acd5375b2895 1.501s
2025-03-26 20:30:33.411 69622 INFO tempest.common.waiters [-] State transition "ACTIVE/deleting" ==> "DELETED/None" after 3 second wait
2025-03-26 20:30:33.464 69666 INFO tempest.lib.common.rest_client [req-e8ef8807-c8ce-4612-a545-d17ba5b37f05 req-e8ef8807-c8ce-4612-a545-d17ba5b37f05 ] Request (ServerDiagnosticsNegativeTest:test_get_server_diagnostics_by_non_admin): 403 GET http://10.180.1.21/compute/v2.1/servers/3ea11bb2-8f70-41b9-a1de-93329a648fb9/diagnostics 1.142s
2025-03-26 20:30:33.517 69636 INFO tempest.lib.common.rest_client [req-7de75203-3fba-4908-b750-daf9849b41ed req-7de75203-3fba-4908-b750-daf9849b41ed ] Request (HostsAdminNegativeTestJSON:tearDownClass): 200 GET http://10.180.1.21:9696/networking/v2.0/security-groups?tenant_id=42eb78b12fcc4897b3ec306ada691257&name=default 0.516s
2025-03-26 20:30:33.551 69638 INFO tempest.lib.common.rest_client [req-16091ec0-df4d-4671-b257-4b15b1fe36aa req-16091ec0-df4d-4671-b257-4b15b1fe36aa ] Request (ServerDiskConfigTestJSON:setUpClass): 201 POST http://10.180.1.21:9696/networking/v2.0/routers 2.913s
2025-03-26 20:30:33.570 69640 INFO tempest.lib.common.rest_client [req-5af2898a-01a1-4b4a-8a94-51f231be34a5 req-5af2898a-01a1-4b4a-8a94-51f231be34a5 ] Request (ServerDiagnosticsV248Test:test_get_server_diagnostics): 200 GET http://10.180.1.21/compute/v2.1/servers/d5f48c32-267d-4702-b9f2-11cc5588a84e 1.076s
2025-03-26 20:30:33.577 69626 INFO tempest.lib.common.rest_client [req-6e338158-7fdc-43cf-932a-a52e2f445d73 req-6e338158-7fdc-43cf-932a-a52e2f445d73 ] Request (AggregatesAdminNegativeTestJSON:test_aggregate_create_as_user): 403 POST http://10.180.1.21/compute/v2.1/os-aggregates 0.880s
2025-03-26 20:30:33.675 69632 INFO tempest.lib.common.rest_client [req-11953e16-e2f3-41b4-9fc3-6f63c6f99565 req-11953e16-e2f3-41b4-9fc3-6f63c6f99565 ] Request (ServersTestJSON:setUpClass): 200 PUT http://10.180.1.21:9696/networking/v2.0/floatingips/ab73b9f8-c84d-41f0-9071-aa14d9706268 1.933s
2025-03-26 20:30:33.681 69674 INFO tempest.lib.common.rest_client [req-3948274a-f123-4d5b-9b40-33b54bd7d177 req-3948274a-f123-4d5b-9b40-33b54bd7d177 ] Request (QuotasAdminNegativeTest:tearDownClass): 200 GET http://10.180.1.21:9696/networking/v2.0/security-groups?tenant_id=21ea2d991b444e58871793fdc07df124&name=default 0.339s
2025-03-26 20:30:33.775 69646 INFO tempest.lib.common.rest_client [req-5709335a-1469-4e88-bee3-309f73c3dade req-5709335a-1469-4e88-bee3-309f73c3dade ] Request (ServerDiagnosticsTest:test_get_server_diagnostics): 200 GET http://10.180.1.21/compute/v2.1/servers/e23100e6-9f59-4d0e-aff6-362854304d90/diagnostics 2.057s
2025-03-26 20:30:33.799 69674 INFO tempest.lib.common.rest_client [req-91d7db37-7cfb-42f3-8899-44ba41350f87 req-91d7db37-7cfb-42f3-8899-44ba41350f87 ] Request (QuotasAdminNegativeTest:tearDownClass): 204 DELETE http://10.180.1.21:9696/networking/v2.0/security-groups/6f119f38-7466-43a0-b17d-9566f18fdcee 0.118s
2025-03-26 20:30:33.819 69624 INFO tempest.lib.common.rest_client [req-6278a9c2-5523-43ff-9030-0a30acb7003c req-6278a9c2-5523-43ff-9030-0a30acb7003c ] Request (FlavorsAdminTestJSON:_run_cleanups): 200 GET http://10.180.1.21/compute/v2.1/flavors/detail 0.959s
2025-03-26 20:30:33.861 69650 INFO tempest.lib.common.rest_client [req-45fa5913-369e-46aa-bdf2-8bf0a9db1ec7 req-45fa5913-369e-46aa-bdf2-8bf0a9db1ec7 ] Request (ListImageFiltersTestJSON:setUpClass): 200 GET http://10.180.1.21/compute/v2.1/images/9d6373cf-5157-4dde-b118-357729b6b7ac 0.950s
2025-03-26 20:30:33.877 69660 INFO tempest.lib.common.rest_client [req-6e5e719e-f3a1-483f-81ac-57a1b67af883 req-6e5e719e-f3a1-483f-81ac-57a1b67af883 ] Request (FlavorsV2TestJSON:test_list_flavors_with_detail): 200 GET http://10.180.1.21/compute/v2.1/flavors/42 0.938s
2025-03-26 20:30:33.883 69652 INFO tempest.lib.common.rest_client [req-16155880-16cf-4a08-9ff3-757ada12d558 req-16155880-16cf-4a08-9ff3-757ada12d558 ] Request (SecurityGroupsTestJSON:test_list_security_groups_by_server): 200 POST http://10.180.1.21/compute/v2.1/os-security-groups 1.153s
2025-03-26 20:30:33.884 69654 INFO tempest.lib.common.rest_client [req-f6f5a978-1d26-4c79-a110-e78e4e079fc8 req-f6f5a978-1d26-4c79-a110-e78e4e079fc8 ] Request (KeyPairsNegativeTestJSON:test_create_keypair_with_long_keynames): 400 POST http://10.180.1.21/compute/v2.1/os-keypairs 0.910s
