2025-03-26 20:31:44.793 69638 INFO tempest.lib.common.rest_client [req-d303792e-9cc3-4a86-ab75-950a6a8eb586 req-d303792e-9cc3-4a86-ab75-950a6a8eb586 ] Request (ServerDiskConfigTestJSON:test_rebuild_server_with_manual_disk_config): 200 GET http://10.180.1.21/compute/v2.1/servers/b9f03655-3359-4901-a28a-08abe82ee49f 0.081s
2025-03-26 20:31:44.846 69654 INFO tempest.lib.common.rest_client [req-cf2cc11e-b1a8-4b5e-8629-e26bbe3cfced req-cf2cc11e-b1a8-4b5e-8629-e26bbe3cfced ] Request (ServerShowV257Test:tearDownClass): 200 GET http://10.180.1.21/compute/v2.1/servers/389cef4c-9efd-4850-bd8e-d5dbaa30ede9 0.068s
2025-03-26 20:31:44.897 69652 INFO tempest.lib.common.rest_client [req-7ded0742-7f70-4b71-a179-3d91a310d27c req-7ded0742-7f70-4b71-a179-3d91a310d27c ] Request (SecurityGroupsTestJSON:test_server_security_groups): 200 GET http://10.180.1.21/compute/v2.1/servers/b7997ffc-bbfd-48e9-bced-d8224ce6e908 0.052s
2025-03-26 20:31:44.938 69681 INFO tempest.lib.common.rest_client [req-48bfa907-7c9d-45ed-95bf-9c252d0dfd84 req-48bfa907-7c9d-45ed-95bf-9c252d0dfd84 ] Request (ServersTestMultiNic:test_verify_multiple_nics_order): 200 GET http://10.180.1.21/compute/v2.1/servers/920276bd-e963-42f7-8509-aa0dc104fe6d 0.049s
2025-03-26 20:31:44.998 69663 INFO tempest.lib.common.rest_client [req-4af25c4a-8e19-4d4d-925b-3413a5523ca8 req-4af25c4a-8e19-4d4d-925b-3413a5523ca8 ] Request (MultipleCreateTestJSON:test_multiple_create_with_reservation_return): 200 GET http://10.180.1.21/compute/v2.1/servers/2eed39cd-ca0f-4055-a8b6-f215ff9b3e49 0.056s
2025-03-26 20:31:45.020 69630 WARNING tempest.lib.common.ssh [-] Failed to establish authenticated ssh connection to cirros@10.180.180.253 ([Errno None] Unable to connect to port 22 on 10.180.180.253). Number attempts: 4. Retry after 5 seconds.: paramiko.ssh_exception.NoValidConnectionsError: [Errno None] Unable to connect to port 22 on 10.180.180.253
2025-03-26 20:31:45.057 69682 INFO tempest.lib.common.rest_client [req-cac9532b-1a3f-4735-9a6e-04b2e0bfb1cc req-cac9532b-1a3f-4735-9a6e-04b2e0bfb1cc ] Request (ServerAddressesNegativeTestJSON:setUpClass): 200 GET http://10.180.1.21/compute/v2.1/servers/29559c63-43a4-48ac-b902-d8c20252d8ae 0.062s
2025-03-26 20:31:45.082 69646 INFO tempest.lib.common.rest_client [req-81422fd7-1dce-447e-b591-c10be17ce06f req-81422fd7-1dce-447e-b591-c10be17ce06f ] Request (ServersAdminNegativeTestJSON:setUpClass): 200 GET http://10.180.1.21/compute/v2.1/servers/81ac6050-d6fc-4479-a8b8-2e54078b8437 0.110s
2025-03-26 20:31:45.125 69674 INFO tempest.lib.common.rest_client [req-a21af648-dce9-4b77-99e2-c99c3713a735 req-a21af648-dce9-4b77-99e2-c99c3713a735 ] Request (FloatingIPsAssociationNegativeTestJSON:tearDownClass): 200 GET http://10.180.1.21/compute/v2.1/servers/44884e11-f74e-4b24-9176-ff739acb1143 0.070s
2025-03-26 20:31:45.150 69676 INFO tempest.lib.common.rest_client [req-1856d260-4e9f-41df-8b21-b1691cde01d9 req-1856d260-4e9f-41df-8b21-b1691cde01d9 ] Request (ServerActionsV293TestJSON:setUpClass): 200 GET http://10.180.1.21/compute/v2.1/servers/64c6e2db-aaf3-4fff-9792-f8a0b589e74d 0.094s
2025-03-26 20:31:45.192 69658 INFO tempest.lib.common.rest_client [req-b6bb6fae-10ed-4ada-92e2-da23f49e6838 req-b6bb6fae-10ed-4ada-92e2-da23f49e6838 ] Request (AttachInterfacesTestJSON:test_create_list_show_delete_interfaces_by_fixed_ip): 200 GET http://10.180.1.21/compute/v2.1/servers/ff7f7de3-16d2-4052-a3cc-dfdd1e17f647 0.059s
2025-03-26 20:31:45.281 69650 INFO tempest.lib.common.rest_client [req-a2b0b456-4711-47b6-8f65-42a837c415ba req-a2b0b456-4711-47b6-8f65-42a837c415ba ] Request (ListImageFiltersTestJSON:setUpClass): 200 GET http://10.180.1.21/compute/v2.1/images/3aa257b9-8042-431e-b42d-8a43915c99e7 0.039s
2025-03-26 20:31:45.282 69628 INFO tempest.lib.common.rest_client [req-c1525722-827d-4291-b43b-16a5c2e11924 req-c1525722-827d-4291-b43b-16a5c2e11924 ] Request (ServersAdmin275Test:tearDownClass): 200 GET http://10.180.1.21/compute/v2.1/servers/bb170d5c-9e61-4041-b16e-6c8051e46f8a 0.069s
2025-03-26 20:31:45.361 69622 INFO tempest.lib.common.rest_client [req-b8074b11-1f73-43b2-b294-706f673e3453 req-b8074b11-1f73-43b2-b294-706f673e3453 ] Request (DeleteServersAdminTestJSON:test_delete_server_while_in_error_state): 200 GET http://10.180.1.21/compute/v2.1/servers/70505d2f-ad77-42e3-b0e7-a691d0552c50 0.059s
2025-03-26 20:31:45.381 69664 INFO tempest.lib.common.rest_client [req-246aa7b3-5062-40c4-bd57-fff00198eac8 req-246aa7b3-5062-40c4-bd57-fff00198eac8 ] Request (MigrationsAdminTest:test_list_migrations_in_flavor_resize_situation): 200 GET http://10.180.1.21/compute/v2.1/servers/feb83f01-3afd-4831-8db9-e37ba30939ad 0.092s
2025-03-26 20:31:45.388 69664 INFO tempest.common.waiters [-] State transition "VERIFY_RESIZE/None" ==> "ACTIVE/None" after 31 second wait
2025-03-26 20:31:45.413 69656 INFO tempest.lib.common.rest_client [req-38115690-3b47-408e-b61e-9a0c8ea7e131 req-38115690-3b47-408e-b61e-9a0c8ea7e131 ] Request (DeleteServersTestJSON:test_delete_active_server): 200 GET http://10.180.1.21/compute/v2.1/servers/2519898f-43dc-40a6-aec0-bd4363f03171 0.058s
2025-03-26 20:31:45.467 69640 INFO tempest.lib.common.rest_client [req-5cd69c9a-5f10-42d0-aa4e-8e970ab6859d req-5cd69c9a-5f10-42d0-aa4e-8e970ab6859d ] Request (FloatingIPsAssociationTestJSON:setUpClass): 200 GET http://10.180.1.21/compute/v2.1/servers/5521f7d1-b8ac-4856-8722-4fd67133da37 0.076s
2025-03-26 20:31:45.516 69666 INFO tempest.lib.common.rest_client [req-1d3b170e-86a6-4981-b9e9-fd2834eb5501 req-1d3b170e-86a6-4981-b9e9-fd2834eb5501 ] Request (ServersTestBootFromVolume:setUpClass): 200 GET http://10.180.1.21/compute/v2.1/servers/65c0d4f0-aa25-47b7-90ce-c5a4b42a0e61 0.107s
2025-03-26 20:31:45.536 69664 INFO tempest.lib.common.rest_client [req-5b85a3f8-f49a-4d9d-b825-0ce2d2e0f413 req-5b85a3f8-f49a-4d9d-b825-0ce2d2e0f413 ] Request (MigrationsAdminTest:test_list_migrations_in_flavor_resize_situation): 200 GET http://10.180.1.21/compute/v2.1/servers/feb83f01-3afd-4831-8db9-e37ba30939ad 0.147s
2025-03-26 20:31:45.584 69664 INFO tempest.lib.common.rest_client [req-7e55611c-d6d8-4569-b1c9-cab69bc55d57 req-7e55611c-d6d8-4569-b1c9-cab69bc55d57 ] Request (MigrationsAdminTest:test_list_migrations_in_flavor_resize_situation): 200 POST http://10.180.1.21/compute/v2.1/os-keypairs 0.040s
2025-03-26 20:31:45.597 69642 INFO tempest.lib.common.rest_client [req-bc72a482-6ea7-47f6-8f74-13ff5576eb7a req-bc72a482-6ea7-47f6-8f74-13ff5576eb7a ] Request (ImagesNegativeTestJSON:test_create_image_from_deleted_server): 200 GET http://10.180.1.21/compute/v2.1/servers/3d41d0c9-f036-4ea1-9316-13e5220f0f72 0.052s
2025-03-26 20:31:45.640 69672 INFO tempest.lib.common.rest_client [req-99c96d27-5e7c-40e7-86db-a0c2bdf86d21 req-99c96d27-5e7c-40e7-86db-a0c2bdf86d21 ] Request (VolumesSnapshotsTestJSON:_run_cleanups): 404 GET http://10.180.1.21/compute/v2.1/os-snapshots/8501a6d0-fe06-4fd8-9ce7-9621d5fd1af9 0.025s
2025-03-26 20:31:45.696 69620 INFO tempest.lib.common.rest_client [req-755e2be2-e73b-4e35-8dcd-3a1787185012 req-755e2be2-e73b-4e35-8dcd-3a1787185012 ] Request (AttachVolumeNegativeTest:test_attach_attached_volume_to_different_server): 200 GET http://10.180.1.21/compute/v2.1/servers/848596ef-6ff7-40f4-b28d-3986692e5ce5 0.071s
2025-03-26 20:31:45.698 69636 INFO tempest.lib.common.rest_client [req-7af6893a-c466-4139-80f7-a7cde3431033 req-7af6893a-c466-4139-80f7-a7cde3431033 ] Request (AttachInterfacesV270Test:test_create_get_list_interfaces): 200 GET http://10.180.1.21/compute/v2.1/servers/befcb11c-d6e0-4353-90a1-fadd093233ed 0.124s
2025-03-26 20:31:45.722 69664 INFO tempest.lib.common.rest_client [req-45a11dfb-9666-492b-aceb-53c13a411e3c req-45a11dfb-9666-492b-aceb-53c13a411e3c ] Request (MigrationsAdminTest:test_list_migrations_in_flavor_resize_situation): 201 POST http://10.180.1.21:9696/networking/v2.0/security-groups 0.136s
2025-03-26 20:31:45.748 69672 INFO tempest.lib.common.rest_client [req-3db0d1f9-e15b-441b-871e-64b476a6024c req-3db0d1f9-e15b-441b-871e-64b476a6024c ] Request (VolumesSnapshotsTestJSON:_run_cleanups): 202 DELETE http://10.180.1.21/compute/v2.1/os-volumes/f4b6bb2d-c0c3-49ec-a838-507e8e02df0f 0.107s
2025-03-26 20:31:45.786 69672 INFO tempest.lib.common.rest_client [req-e71077f9-069a-4ec0-8af9-6fce9605772c req-e71077f9-069a-4ec0-8af9-6fce9605772c ] Request (VolumesSnapshotsTestJSON:_run_cleanups): 200 GET http://10.180.1.21/compute/v2.1/os-volumes/f4b6bb2d-c0c3-49ec-a838-507e8e02df0f 0.038s
2025-03-26 20:31:45.836 69664 INFO tempest.lib.common.rest_client [req-685557b3-4d47-4755-9c2c-9bbfb290621e req-685557b3-4d47-4755-9c2c-9bbfb290621e ] Request (MigrationsAdminTest:test_list_migrations_in_flavor_resize_situation): 201 POST http://10.180.1.21:9696/networking/v2.0/security-group-rules 0.113s
2025-03-26 20:31:45.851 69624 INFO tempest.lib.common.rest_client [req-a265ed75-a66e-4d87-ad64-def24593675d req-a265ed75-a66e-4d87-ad64-def24593675d ] Request (ServersV294TestFqdnHostnames:setUpClass): 200 GET http://10.180.1.21/compute/v2.1/servers/40edaa33-9955-4ea7-bdc7-3276ac7c63c7 0.097s
2025-03-26 20:31:45.854 69644 INFO tempest.lib.common.rest_client [req-94ba230c-9bd6-4199-aec7-7c69034790bf req-94ba230c-9bd6-4199-aec7-7c69034790bf ] Request (InstanceActionsTestJSON:setUpClass): 200 GET http://10.180.1.21/compute/v2.1/servers/8f0de8f5-8746-48b4-a7ab-7db84d0c2e3f 0.104s
2025-03-26 20:31:45.910 69638 INFO tempest.lib.common.rest_client [req-84416a14-4b86-45ed-af0c-551c055133a5 req-84416a14-4b86-45ed-af0c-551c055133a5 ] Request (ServerDiskConfigTestJSON:test_rebuild_server_with_manual_disk_config): 200 GET http://10.180.1.21/compute/v2.1/servers/b9f03655-3359-4901-a28a-08abe82ee49f 0.106s
2025-03-26 20:31:45.923 69654 INFO tempest.lib.common.rest_client [req-bd5f6f96-eedb-4480-b578-58971267529e req-bd5f6f96-eedb-4480-b578-58971267529e ] Request (ServerShowV257Test:tearDownClass): 200 GET http://10.180.1.21/compute/v2.1/servers/389cef4c-9efd-4850-bd8e-d5dbaa30ede9 0.067s
2025-03-26 20:31:45.967 69652 INFO tempest.lib.common.rest_client [req-ad3802fe-026e-4bf3-a37e-e29c113b59de req-ad3802fe-026e-4bf3-a37e-e29c113b59de ] Request (SecurityGroupsTestJSON:test_server_security_groups): 200 GET http://10.180.1.21/compute/v2.1/servers/b7997ffc-bbfd-48e9-bced-d8224ce6e908 0.063s
2025-03-26 20:31:46.001 69681 INFO tempest.lib.common.rest_client [req-4ea090e6-2d99-44de-9ff6-1728ec2adc04 req-4ea090e6-2d99-44de-9ff6-1728ec2adc04 ] Request (ServersTestMultiNic:test_verify_multiple_nics_order): 200 GET http://10.180.1.21/compute/v2.1/servers/920276bd-e963-42f7-8509-aa0dc104fe6d 0.054s
2025-03-26 20:31:46.005 69664 INFO tempest.lib.common.rest_client [req-97ebe435-b30c-4dde-a579-19c19372297c req-97ebe435-b30c-4dde-a579-19c19372297c ] Request (MigrationsAdminTest:test_list_migrations_in_flavor_resize_situation): 201 POST http://10.180.1.21:9696/networking/v2.0/security-group-rules 0.168s
2025-03-26 20:31:46.061 69663 INFO tempest.lib.common.rest_client [req-646874e5-8b6a-40f5-ab5d-b2efca6461f1 req-646874e5-8b6a-40f5-ab5d-b2efca6461f1 ] Request (MultipleCreateTestJSON:test_multiple_create_with_reservation_return): 200 GET http://10.180.1.21/compute/v2.1/servers/2eed39cd-ca0f-4055-a8b6-f215ff9b3e49 0.054s
2025-03-26 20:31:46.123 69682 INFO tempest.lib.common.rest_client [req-022b9e2f-b723-4872-a4bd-9d4d4e386069 req-022b9e2f-b723-4872-a4bd-9d4d4e386069 ] Request (ServerAddressesNegativeTestJSON:setUpClass): 200 GET http://10.180.1.21/compute/v2.1/servers/29559c63-43a4-48ac-b902-d8c20252d8ae 0.056s
2025-03-26 20:31:46.191 69646 INFO tempest.lib.common.rest_client [req-7e288e9b-0533-4989-a266-d834aabc9e1e req-7e288e9b-0533-4989-a266-d834aabc9e1e ] Request (ServersAdminNegativeTestJSON:setUpClass): 200 GET http://10.180.1.21/compute/v2.1/servers/81ac6050-d6fc-4479-a8b8-2e54078b8437 0.101s
2025-03-26 20:31:46.197 69674 INFO tempest.lib.common.rest_client [req-cd40977b-40e7-4297-ad8c-e982c0fb3807 req-cd40977b-40e7-4297-ad8c-e982c0fb3807 ] Request (FloatingIPsAssociationNegativeTestJSON:tearDownClass): 200 GET http://10.180.1.21/compute/v2.1/servers/44884e11-f74e-4b24-9176-ff739acb1143 0.063s
2025-03-26 20:31:46.202 69646 INFO tempest.common.waiters [-] State transition "BUILD/spawning" ==> "ACTIVE/None" after 50 second wait
2025-03-26 20:31:46.257 69676 INFO tempest.lib.common.rest_client [req-a7a5b909-0e86-4727-9a7c-e6da99f44d88 req-a7a5b909-0e86-4727-9a7c-e6da99f44d88 ] Request (ServerActionsV293TestJSON:setUpClass): 200 GET http://10.180.1.21/compute/v2.1/servers/64c6e2db-aaf3-4fff-9792-f8a0b589e74d 0.098s
2025-03-26 20:31:46.270 69658 INFO tempest.lib.common.rest_client [req-efb09262-b823-4e4d-af76-9760948d5e0c req-efb09262-b823-4e4d-af76-9760948d5e0c ] Request (AttachInterfacesTestJSON:test_create_list_show_delete_interfaces_by_fixed_ip): 200 GET http://10.180.1.21/compute/v2.1/servers/ff7f7de3-16d2-4052-a3cc-dfdd1e17f647 0.071s
2025-03-26 20:31:46.350 69650 INFO tempest.lib.common.rest_client [req-14dede5d-ff37-42d9-bc61-5645f267c064 req-14dede5d-ff37-42d9-bc61-5645f267c064 ] Request (ListImageFiltersTestJSON:setUpClass): 200 GET http://10.180.1.21/compute/v2.1/images/3aa257b9-8042-431e-b42d-8a43915c99e7 0.066s
2025-03-26 20:31:46.428 69646 INFO tempest.lib.common.rest_client [req-8fc4549c-3436-4337-acfb-b3c291d4a58b req-8fc4549c-3436-4337-acfb-b3c291d4a58b ] Request (ServersAdminNegativeTestJSON:test_migrate_non_existent_server): 404 POST http://10.180.1.21/compute/v2.1/servers/0e10dd64-851b-413b-978f-3235e5ccb79b/action 0.224s
2025-03-26 20:31:46.468 69628 INFO tempest.lib.common.rest_client [req-2ed700eb-53d7-4b87-8f77-f4349efde5be req-2ed700eb-53d7-4b87-8f77-f4349efde5be ] Request (ServersAdmin275Test:tearDownClass): 200 GET http://10.180.1.21/compute/v2.1/servers/bb170d5c-9e61-4041-b16e-6c8051e46f8a 0.177s
2025-03-26 20:31:46.512 69622 INFO tempest.lib.common.rest_client [req-e85f2605-6c6e-4c84-92cd-d1976b949998 req-e85f2605-6c6e-4c84-92cd-d1976b949998 ] Request (DeleteServersAdminTestJSON:test_delete_server_while_in_error_state): 200 GET http://10.180.1.21/compute/v2.1/servers/70505d2f-ad77-42e3-b0e7-a691d0552c50 0.143s
2025-03-26 20:31:46.522 69646 INFO tempest.lib.common.rest_client [req-9f436680-c646-49e7-831c-30ca2c428d11 req-9f436680-c646-49e7-831c-30ca2c428d11 ] Request (ServersAdminNegativeTestJSON:test_migrate_server_invalid_state): 201 POST http://10.180.1.21/identity/v3/auth/tokens 0.090s
2025-03-26 20:31:46.523 69646 INFO tempest.lib.common.fixed_network [-] (ServersAdminNegativeTestJSON:test_migrate_server_invalid_state) Found network None available for tenant
2025-03-26 20:31:46.524 69664 INFO tempest.lib.common.rest_client [req-f78c366a-787d-4a49-850b-53f2c6f7405f req-f78c366a-787d-4a49-850b-53f2c6f7405f ] Request (MigrationsAdminTest:test_list_migrations_in_flavor_resize_situation): 201 POST http://10.180.1.21:9696/networking/v2.0/floatingips 0.518s
2025-03-26 20:31:46.536 69656 INFO tempest.lib.common.rest_client [req-7b261bbe-1f32-4cf1-93d6-f645c55cc260 req-7b261bbe-1f32-4cf1-93d6-f645c55cc260 ] Request (DeleteServersTestJSON:test_delete_active_server): 200 GET http://10.180.1.21/compute/v2.1/servers/2519898f-43dc-40a6-aec0-bd4363f03171 0.115s
2025-03-26 20:31:46.564 69640 INFO tempest.lib.common.rest_client [req-0a3c68b2-1e86-4302-a34e-c77fb8ba655d req-0a3c68b2-1e86-4302-a34e-c77fb8ba655d ] Request (FloatingIPsAssociationTestJSON:setUpClass): 200 GET http://10.180.1.21/compute/v2.1/servers/5521f7d1-b8ac-4856-8722-4fd67133da37 0.089s
2025-03-26 20:31:46.583 69666 INFO tempest.lib.common.rest_client [req-50494a6a-2b2c-46cf-9a0f-2ff0db2aa6b5 req-50494a6a-2b2c-46cf-9a0f-2ff0db2aa6b5 ] Request (ServersTestBootFromVolume:setUpClass): 200 GET http://10.180.1.21/compute/v2.1/servers/65c0d4f0-aa25-47b7-90ce-c5a4b42a0e61 0.059s
2025-03-26 20:31:46.597 69664 INFO tempest.lib.common.rest_client [req-93a334c1-a81c-4668-bce2-fb865a20baca req-93a334c1-a81c-4668-bce2-fb865a20baca ] Request (MigrationsAdminTest:test_list_migrations_in_flavor_resize_situation): 200 GET http://10.180.1.21/compute/v2.1/os-migrations 0.073s
2025-03-26 20:31:46.615 69664 INFO tempest.lib.common.rest_client [req-d7213b65-fb08-4cec-bc7f-44f905603dd9 req-d7213b65-fb08-4cec-bc7f-44f905603dd9 ] Request (MigrationsAdminTest:test_resize_server_revert_deleted_flavor): 200 GET http://10.180.1.21/compute/v2.1/flavors/42 0.013s
2025-03-26 20:31:46.667 69642 INFO tempest.lib.common.rest_client [req-25c8ad9b-d821-44c0-af39-cd38be1c8d12 req-25c8ad9b-d821-44c0-af39-cd38be1c8d12 ] Request (ImagesNegativeTestJSON:test_create_image_from_deleted_server): 200 GET http://10.180.1.21/compute/v2.1/servers/3d41d0c9-f036-4ea1-9316-13e5220f0f72 0.061s
2025-03-26 20:31:46.683 69664 INFO tempest.lib.common.rest_client [req-a1407963-42f4-4728-97a7-02fb17b446b6 req-a1407963-42f4-4728-97a7-02fb17b446b6 ] Request (MigrationsAdminTest:test_resize_server_revert_deleted_flavor): 200 POST http://10.180.1.21/compute/v2.1/flavors 0.066s
2025-03-26 20:31:46.720 69664 INFO tempest.lib.common.rest_client [req-a5cee6d9-679d-44bf-a85c-00baee6d2f34 req-a5cee6d9-679d-44bf-a85c-00baee6d2f34 ] Request (MigrationsAdminTest:test_resize_server_revert_deleted_flavor): 200 GET http://10.180.1.21/compute/v2.1/flavors/42/os-extra_specs 0.035s
2025-03-26 20:31:46.772 69620 INFO tempest.lib.common.rest_client [req-34c77565-e537-4b25-9cfb-2942b8d646e2 req-34c77565-e537-4b25-9cfb-2942b8d646e2 ] Request (AttachVolumeNegativeTest:test_attach_attached_volume_to_different_server): 200 GET http://10.180.1.21/compute/v2.1/servers/848596ef-6ff7-40f4-b28d-3986692e5ce5 0.066s
2025-03-26 20:31:46.820 69646 INFO tempest.lib.common.rest_client [req-9e380b74-664c-488e-9940-2076efb75dc9 req-9e380b74-664c-488e-9940-2076efb75dc9 ] Request (ServersAdminNegativeTestJSON:test_migrate_server_invalid_state): 202 POST http://10.180.1.21/compute/v2.1/servers 0.296s
2025-03-26 20:31:46.844 69664 INFO tempest.lib.common.rest_client [req-61668588-8bac-4d23-a865-52b74609cc3c req-61668588-8bac-4d23-a865-52b74609cc3c ] Request (MigrationsAdminTest:test_resize_server_revert_deleted_flavor): 200 POST http://10.180.1.21/compute/v2.1/flavors/f53433c3-5e67-42f4-baaf-cd20c8d5044d/os-extra_specs 0.122s
2025-03-26 20:31:46.867 69672 INFO tempest.lib.common.rest_client [req-d1bbae44-3ca7-42a9-afb8-a4970f4f73b1 req-d1bbae44-3ca7-42a9-afb8-a4970f4f73b1 ] Request (VolumesSnapshotsTestJSON:_run_cleanups): 404 GET http://10.180.1.21/compute/v2.1/os-volumes/f4b6bb2d-c0c3-49ec-a838-507e8e02df0f 0.078s
2025-03-26 20:31:46.901 69636 INFO tempest.lib.common.rest_client [req-0b338173-c32f-453c-981a-c594fe7699ba req-0b338173-c32f-453c-981a-c594fe7699ba ] Request (AttachInterfacesV270Test:test_create_get_list_interfaces): 200 GET http://10.180.1.21/compute/v2.1/servers/befcb11c-d6e0-4353-90a1-fadd093233ed 0.193s
2025-03-26 20:31:46.904 69646 INFO tempest.lib.common.rest_client [req-9caeac97-8624-40ef-8feb-2c8dd1fb7ef2 req-9caeac97-8624-40ef-8feb-2c8dd1fb7ef2 ] Request (ServersAdminNegativeTestJSON:test_migrate_server_invalid_state): 200 GET http://10.180.1.21/compute/v2.1/servers/a77ed464-9d0a-4415-ae63-283495910c76 0.080s
2025-03-26 20:31:46.908 69664 INFO tempest.lib.common.rest_client [req-c7d1a6da-658c-4d03-a3a8-6d39a43965d7 req-c7d1a6da-658c-4d03-a3a8-6d39a43965d7 ] Request (MigrationsAdminTest:test_resize_server_revert_deleted_flavor): 201 POST http://10.180.1.21/identity/v3/auth/tokens 0.061s
2025-03-26 20:31:46.908 69664 INFO tempest.lib.common.fixed_network [-] (MigrationsAdminTest:test_resize_server_revert_deleted_flavor) Found network None available for tenant
2025-03-26 20:31:46.955 69624 INFO tempest.lib.common.rest_client [req-d5f2e4ee-88e1-4e45-b1b2-4e442d86929f req-d5f2e4ee-88e1-4e45-b1b2-4e442d86929f ] Request (ServersV294TestFqdnHostnames:setUpClass): 200 GET http://10.180.1.21/compute/v2.1/servers/40edaa33-9955-4ea7-bdc7-3276ac7c63c7 0.092s
2025-03-26 20:31:46.977 69672 INFO tempest.lib.common.rest_client [req-3f7b4a09-14cc-4d2f-bddc-595c28f3935a req-3f7b4a09-14cc-4d2f-bddc-595c28f3935a ] Request (VolumesSnapshotsTestJSON:tearDownClass): 404 DELETE http://10.180.1.21/compute/v2.1/os-volumes/f4b6bb2d-c0c3-49ec-a838-507e8e02df0f 0.104s
2025-03-26 20:31:47.029 69644 INFO tempest.lib.common.rest_client [req-0c0221ee-1376-4422-81e4-0f63e449883e req-0c0221ee-1376-4422-81e4-0f63e449883e ] Request (InstanceActionsTestJSON:setUpClass): 200 GET http://10.180.1.21/compute/v2.1/servers/8f0de8f5-8746-48b4-a7ab-7db84d0c2e3f 0.167s
2025-03-26 20:31:47.077 69638 INFO tempest.lib.common.rest_client [req-635adec0-6030-44e0-8904-94a76f14714a req-635adec0-6030-44e0-8904-94a76f14714a ] Request (ServerDiskConfigTestJSON:test_rebuild_server_with_manual_disk_config): 200 GET http://10.180.1.21/compute/v2.1/servers/b9f03655-3359-4901-a28a-08abe82ee49f 0.159s
2025-03-26 20:31:47.136 69654 INFO tempest.lib.common.rest_client [req-85332924-c70d-4899-888f-e20caee5675c req-85332924-c70d-4899-888f-e20caee5675c ] Request (ServerShowV257Test:tearDownClass): 200 GET http://10.180.1.21/compute/v2.1/servers/389cef4c-9efd-4850-bd8e-d5dbaa30ede9 0.203s
2025-03-26 20:31:47.187 69664 INFO tempest.lib.common.rest_client [req-6fc3b6e8-4b7a-41bb-81bc-a157000968df req-6fc3b6e8-4b7a-41bb-81bc-a157000968df ] Request (MigrationsAdminTest:test_resize_server_revert_deleted_flavor): 202 POST http://10.180.1.21/compute/v2.1/servers 0.278s
2025-03-26 20:31:47.189 69652 INFO tempest.lib.common.rest_client [req-e444532b-6c1c-4008-93fa-a9740a238201 req-e444532b-6c1c-4008-93fa-a9740a238201 ] Request (SecurityGroupsTestJSON:test_server_security_groups): 200 GET http://10.180.1.21/compute/v2.1/servers/b7997ffc-bbfd-48e9-bced-d8224ce6e908 0.213s
2025-03-26 20:31:47.216 69672 INFO tempest.lib.common.rest_client [req-12ccaa62-765e-4604-9fef-2e9570ac9bb1 req-12ccaa62-765e-4604-9fef-2e9570ac9bb1 ] Request (VolumesSnapshotsTestJSON:tearDownClass): 404 GET http://10.180.1.21/compute/v2.1/os-volumes/f4b6bb2d-c0c3-49ec-a838-507e8e02df0f 0.239s
2025-03-26 20:31:47.259 69681 INFO tempest.lib.common.rest_client [req-2e9a080d-75f5-4012-aacc-476454bf664e req-2e9a080d-75f5-4012-aacc-476454bf664e ] Request (ServersTestMultiNic:test_verify_multiple_nics_order): 200 GET http://10.180.1.21/compute/v2.1/servers/920276bd-e963-42f7-8509-aa0dc104fe6d 0.249s
2025-03-26 20:31:47.271 69663 INFO tempest.lib.common.rest_client [req-c7057ebc-73a0-4b9d-9d5a-b4a30e639268 req-c7057ebc-73a0-4b9d-9d5a-b4a30e639268 ] Request (MultipleCreateTestJSON:test_multiple_create_with_reservation_return): 200 GET http://10.180.1.21/compute/v2.1/servers/2eed39cd-ca0f-4055-a8b6-f215ff9b3e49 0.202s
2025-03-26 20:31:47.316 69664 INFO tempest.lib.common.rest_client [req-46ad4f4b-cf76-4e53-8900-85296eb0bda0 req-46ad4f4b-cf76-4e53-8900-85296eb0bda0 ] Request (MigrationsAdminTest:test_resize_server_revert_deleted_flavor): 200 GET http://10.180.1.21/compute/v2.1/servers/58bc7378-cf42-446a-a5dc-bd89aa59e7bd 0.127s
2025-03-26 20:31:47.333 69682 INFO tempest.lib.common.rest_client [req-cfcab29b-9980-4a57-bf72-ebbddf2fa49e req-cfcab29b-9980-4a57-bf72-ebbddf2fa49e ] Request (ServerAddressesNegativeTestJSON:setUpClass): 200 GET http://10.180.1.21/compute/v2.1/servers/29559c63-43a4-48ac-b902-d8c20252d8ae 0.194s
2025-03-26 20:31:47.339 69672 INFO tempest.lib.common.rest_client [req-8d87fb05-872d-457f-94a7-19f7e49c7d72 req-8d87fb05-872d-457f-94a7-19f7e49c7d72 ] Request (VolumesSnapshotsTestJSON:tearDownClass): 204 DELETE http://10.180.1.21/identity/v3/users/0ac64514170f40d7a1aad1901ef9eedc 0.122s
2025-03-26 20:31:47.339 69672 INFO tempest.lib.common.dynamic_creds [-] Deleting project and security group for project: f401d238ab624c76a4cfb64fef7752f2
2025-03-26 20:31:47.385 69674 INFO tempest.lib.common.rest_client [req-67dcce27-0473-46b0-b901-30cd4019a8e6 req-67dcce27-0473-46b0-b901-30cd4019a8e6 ] Request (FloatingIPsAssociationNegativeTestJSON:tearDownClass): 200 GET http://10.180.1.21/compute/v2.1/servers/44884e11-f74e-4b24-9176-ff739acb1143 0.173s
2025-03-26 20:31:47.393 69676 INFO tempest.lib.common.rest_client [req-49ebbb65-fdcb-43cc-bc82-3c6882fc5f6b req-49ebbb65-fdcb-43cc-bc82-3c6882fc5f6b ] Request (ServerActionsV293TestJSON:setUpClass): 200 GET http://10.180.1.21/compute/v2.1/servers/64c6e2db-aaf3-4fff-9792-f8a0b589e74d 0.117s
2025-03-26 20:31:47.426 69672 INFO tempest.lib.common.rest_client [req-acd23440-505c-422f-9cac-d825a86c6aa7 req-acd23440-505c-422f-9cac-d825a86c6aa7 ] Request (VolumesSnapshotsTestJSON:tearDownClass): 201 POST http://10.180.1.21/identity/v3/auth/tokens 0.087s
2025-03-26 20:31:47.438 69650 INFO tempest.lib.common.rest_client [req-143adda3-2911-4166-a953-79c14d08bfbe req-143adda3-2911-4166-a953-79c14d08bfbe ] Request (ListImageFiltersTestJSON:setUpClass): 200 GET http://10.180.1.21/compute/v2.1/images/3aa257b9-8042-431e-b42d-8a43915c99e7 0.077s
2025-03-26 20:31:47.445 69658 INFO tempest.lib.common.rest_client [req-1f89fbd7-5daa-459e-94e4-3b9557cfa44f req-1f89fbd7-5daa-459e-94e4-3b9557cfa44f ] Request (AttachInterfacesTestJSON:test_create_list_show_delete_interfaces_by_fixed_ip): 200 GET http://10.180.1.21/compute/v2.1/servers/ff7f7de3-16d2-4052-a3cc-dfdd1e17f647 0.165s
2025-03-26 20:31:47.559 69628 INFO tempest.lib.common.rest_client [req-d920dd7d-7143-4442-a490-965435b2feb8 req-d920dd7d-7143-4442-a490-965435b2feb8 ] Request (ServersAdmin275Test:tearDownClass): 200 GET http://10.180.1.21/compute/v2.1/servers/bb170d5c-9e61-4041-b16e-6c8051e46f8a 0.078s
2025-03-26 20:31:47.587 69622 INFO tempest.lib.common.rest_client [req-cbef0480-95ba-4f89-89e6-8557802ade2b req-cbef0480-95ba-4f89-89e6-8557802ade2b ] Request (DeleteServersAdminTestJSON:test_delete_server_while_in_error_state): 200 GET http://10.180.1.21/compute/v2.1/servers/70505d2f-ad77-42e3-b0e7-a691d0552c50 0.066s
2025-03-26 20:31:47.610 69656 INFO tempest.lib.common.rest_client [req-9a02a987-9539-41d2-a4da-1ca58ec2eabb req-9a02a987-9539-41d2-a4da-1ca58ec2eabb ] Request (DeleteServersTestJSON:test_delete_active_server): 200 GET http://10.180.1.21/compute/v2.1/servers/2519898f-43dc-40a6-aec0-bd4363f03171 0.063s
2025-03-26 20:31:47.629 69672 INFO tempest.lib.common.rest_client [req-e0ffd5bf-cd9a-4f8b-ac68-9e12b5027c62 req-e0ffd5bf-cd9a-4f8b-ac68-9e12b5027c62 ] Request (VolumesSnapshotsTestJSON:tearDownClass): 200 GET http://10.180.1.21:9696/networking/v2.0/security-groups?tenant_id=f401d238ab624c76a4cfb64fef7752f2&name=default 0.202s
2025-03-26 20:31:47.634 69640 INFO tempest.lib.common.rest_client [req-49eecf27-1854-4001-86d6-393dc3f67bf8 req-49eecf27-1854-4001-86d6-393dc3f67bf8 ] Request (FloatingIPsAssociationTestJSON:setUpClass): 200 GET http://10.180.1.21/compute/v2.1/servers/5521f7d1-b8ac-4856-8722-4fd67133da37 0.057s
2025-03-26 20:31:47.666 69666 INFO tempest.lib.common.rest_client [req-2e8f8c8b-c36b-4246-9295-8923a5bd6d5a req-2e8f8c8b-c36b-4246-9295-8923a5bd6d5a ] Request (ServersTestBootFromVolume:setUpClass): 200 GET http://10.180.1.21/compute/v2.1/servers/65c0d4f0-aa25-47b7-90ce-c5a4b42a0e61 0.070s
2025-03-26 20:31:47.673 69666 INFO tempest.common.waiters [-] State transition "BUILD/scheduling" ==> "BUILD/None" after 23 second wait
2025-03-26 20:31:47.708 69660 WARNING tempest.lib.common.ssh [-] Failed to establish authenticated ssh connection to cirros@10.180.180.182 ([Errno None] Unable to connect to port 22 on 10.180.180.182). Number attempts: 1. Retry after 2 seconds.: paramiko.ssh_exception.NoValidConnectionsError: [Errno None] Unable to connect to port 22 on 10.180.180.182
2025-03-26 20:31:47.712 69672 INFO tempest.lib.common.rest_client [req-6818c968-528b-4ac5-b3cb-219cdf2446c5 req-6818c968-528b-4ac5-b3cb-219cdf2446c5 ] Request (VolumesSnapshotsTestJSON:tearDownClass): 204 DELETE http://10.180.1.21:9696/networking/v2.0/security-groups/3aa8aa9c-1b43-4dee-b39a-4a1dd3edfae3 0.082s
2025-03-26 20:31:47.729 69642 INFO tempest.lib.common.rest_client [req-e18a0f3d-8c01-40fa-a085-ab434f03c731 req-e18a0f3d-8c01-40fa-a085-ab434f03c731 ] Request (ImagesNegativeTestJSON:test_create_image_from_deleted_server): 200 GET http://10.180.1.21/compute/v2.1/servers/3d41d0c9-f036-4ea1-9316-13e5220f0f72 0.054s
2025-03-26 20:31:47.779 69672 INFO tempest.lib.common.rest_client [req-41da177f-b7d1-40f2-8731-7553471e169b req-41da177f-b7d1-40f2-8731-7553471e169b ] Request (VolumesSnapshotsTestJSON:tearDownClass): 204 DELETE http://10.180.1.21/identity/v3/projects/f401d238ab624c76a4cfb64fef7752f2 0.067s
2025-03-26 20:31:47.837 69620 INFO tempest.lib.common.rest_client [req-c258a6db-c602-414b-a2f0-de7a85f5a076 req-c258a6db-c602-414b-a2f0-de7a85f5a076 ] Request (AttachVolumeNegativeTest:test_attach_attached_volume_to_different_server): 200 GET http://10.180.1.21/compute/v2.1/servers/848596ef-6ff7-40f4-b28d-3986692e5ce5 0.057s
2025-03-26 20:31:47.970 69646 INFO tempest.lib.common.rest_client [req-7e796865-f299-4a57-8ceb-fd0a5a1b80bd req-7e796865-f299-4a57-8ceb-fd0a5a1b80bd ] Request (ServersAdminNegativeTestJSON:test_migrate_server_invalid_state): 200 GET http://10.180.1.21/compute/v2.1/servers/a77ed464-9d0a-4415-ae63-283495910c76 0.057s
2025-03-26 20:31:48.019 69636 INFO tempest.lib.common.rest_client [req-4fdbe514-5a9e-48db-80d7-257f8770edbc req-4fdbe514-5a9e-48db-80d7-257f8770edbc ] Request (AttachInterfacesV270Test:test_create_get_list_interfaces): 200 GET http://10.180.1.21/compute/v2.1/servers/befcb11c-d6e0-4353-90a1-fadd093233ed 0.107s
2025-03-26 20:31:48.020 69624 INFO tempest.lib.common.rest_client [req-942efac9-d84a-4a1f-95bf-703a6edbcabd req-942efac9-d84a-4a1f-95bf-703a6edbcabd ] Request (ServersV294TestFqdnHostnames:setUpClass): 200 GET http://10.180.1.21/compute/v2.1/servers/40edaa33-9955-4ea7-bdc7-3276ac7c63c7 0.054s
2025-03-26 20:31:48.134 69644 INFO tempest.lib.common.rest_client [req-abedf927-9113-4785-a300-8e1871828bea req-abedf927-9113-4785-a300-8e1871828bea ] Request (InstanceActionsTestJSON:setUpClass): 200 GET http://10.180.1.21/compute/v2.1/servers/8f0de8f5-8746-48b4-a7ab-7db84d0c2e3f 0.096s
2025-03-26 20:31:48.138 69638 INFO tempest.lib.common.rest_client [req-4701d381-5bab-42b4-b96a-ce6ad09c501e req-4701d381-5bab-42b4-b96a-ce6ad09c501e ] Request (ServerDiskConfigTestJSON:test_rebuild_server_with_manual_disk_config): 200 GET http://10.180.1.21/compute/v2.1/servers/b9f03655-3359-4901-a28a-08abe82ee49f 0.053s
2025-03-26 20:31:48.213 69654 INFO tempest.lib.common.rest_client [req-277ea282-a1a5-4489-9462-24f9e94dd1a9 req-277ea282-a1a5-4489-9462-24f9e94dd1a9 ] Request (ServerShowV257Test:tearDownClass): 200 GET http://10.180.1.21/compute/v2.1/servers/389cef4c-9efd-4850-bd8e-d5dbaa30ede9 0.062s
2025-03-26 20:31:48.255 69652 INFO tempest.lib.common.rest_client [req-55a2f267-e5d0-4d12-86ba-b5360fd519a6 req-55a2f267-e5d0-4d12-86ba-b5360fd519a6 ] Request (SecurityGroupsTestJSON:test_server_security_groups): 200 GET http://10.180.1.21/compute/v2.1/servers/b7997ffc-bbfd-48e9-bced-d8224ce6e908 0.052s
2025-03-26 20:31:48.325 69681 INFO tempest.lib.common.rest_client [req-5aa70709-d930-45b3-bb89-e6df05945265 req-5aa70709-d930-45b3-bb89-e6df05945265 ] Request (ServersTestMultiNic:test_verify_multiple_nics_order): 200 GET http://10.180.1.21/compute/v2.1/servers/920276bd-e963-42f7-8509-aa0dc104fe6d 0.057s
2025-03-26 20:31:48.340 69663 INFO tempest.lib.common.rest_client [req-80a8dc64-2123-4a0a-a4ba-3ef560e17202 req-80a8dc64-2123-4a0a-a4ba-3ef560e17202 ] Request (MultipleCreateTestJSON:test_multiple_create_with_reservation_return): 200 GET http://10.180.1.21/compute/v2.1/servers/2eed39cd-ca0f-4055-a8b6-f215ff9b3e49 0.060s
2025-03-26 20:31:48.378 69664 INFO tempest.lib.common.rest_client [req-318d7a04-438d-4a78-9dcc-b1bbe802813c req-318d7a04-438d-4a78-9dcc-b1bbe802813c ] Request (MigrationsAdminTest:test_resize_server_revert_deleted_flavor): 200 GET http://10.180.1.21/compute/v2.1/servers/58bc7378-cf42-446a-a5dc-bd89aa59e7bd 0.051s
2025-03-26 20:31:48.395 69682 INFO tempest.lib.common.rest_client [req-457abce3-b083-4975-9997-fb50e9bbfe92 req-457abce3-b083-4975-9997-fb50e9bbfe92 ] Request (ServerAddressesNegativeTestJSON:setUpClass): 200 GET http://10.180.1.21/compute/v2.1/servers/29559c63-43a4-48ac-b902-d8c20252d8ae 0.051s
2025-03-26 20:31:48.470 69674 INFO tempest.lib.common.rest_client [req-aa907c51-84e3-4c4d-934e-8f9edbdb2282 req-aa907c51-84e3-4c4d-934e-8f9edbdb2282 ] Request (FloatingIPsAssociationNegativeTestJSON:tearDownClass): 200 GET http://10.180.1.21/compute/v2.1/servers/44884e11-f74e-4b24-9176-ff739acb1143 0.073s
2025-03-26 20:31:48.475 69676 INFO tempest.lib.common.rest_client [req-5b192bab-ac62-4c9b-b23d-e46a784cb2a2 req-5b192bab-ac62-4c9b-b23d-e46a784cb2a2 ] Request (ServerActionsV293TestJSON:setUpClass): 200 GET http://10.180.1.21/compute/v2.1/servers/64c6e2db-aaf3-4fff-9792-f8a0b589e74d 0.068s
2025-03-26 20:31:48.505 69650 INFO tempest.lib.common.rest_client [req-de299516-fd21-4ec3-9d6d-6310c67140fd req-de299516-fd21-4ec3-9d6d-6310c67140fd ] Request (ListImageFiltersTestJSON:setUpClass): 200 GET http://10.180.1.21/compute/v2.1/images/3aa257b9-8042-431e-b42d-8a43915c99e7 0.061s
2025-03-26 20:31:48.521 69658 INFO tempest.lib.common.rest_client [req-7bed15f2-5708-49e3-b2d3-8b9c5b0ef6f5 req-7bed15f2-5708-49e3-b2d3-8b9c5b0ef6f5 ] Request (AttachInterfacesTestJSON:test_create_list_show_delete_interfaces_by_fixed_ip): 200 GET http://10.180.1.21/compute/v2.1/servers/ff7f7de3-16d2-4052-a3cc-dfdd1e17f647 0.069s
2025-03-26 20:31:48.635 69628 INFO tempest.lib.common.rest_client [req-c327c81b-d99e-40de-9a8c-aaf6297e3b49 req-c327c81b-d99e-40de-9a8c-aaf6297e3b49 ] Request (ServersAdmin275Test:tearDownClass): 200 GET http://10.180.1.21/compute/v2.1/servers/bb170d5c-9e61-4041-b16e-6c8051e46f8a 0.066s
2025-03-26 20:31:48.660 69622 INFO tempest.lib.common.rest_client [req-94b0db6f-cb88-4174-aeff-cfe33ec325c8 req-94b0db6f-cb88-4174-aeff-cfe33ec325c8 ] Request (DeleteServersAdminTestJSON:test_delete_server_while_in_error_state): 200 GET http://10.180.1.21/compute/v2.1/servers/70505d2f-ad77-42e3-b0e7-a691d0552c50 0.065s
2025-03-26 20:31:48.682 69656 INFO tempest.lib.common.rest_client [req-f7c80be0-ff62-4544-b1f9-8802f1225dd1 req-f7c80be0-ff62-4544-b1f9-8802f1225dd1 ] Request (DeleteServersTestJSON:test_delete_active_server): 200 GET http://10.180.1.21/compute/v2.1/servers/2519898f-43dc-40a6-aec0-bd4363f03171 0.063s
2025-03-26 20:31:48.715 69640 INFO tempest.lib.common.rest_client [req-63f0d74b-d73b-45a5-ac19-f4a634f40fce req-63f0d74b-d73b-45a5-ac19-f4a634f40fce ] Request (FloatingIPsAssociationTestJSON:setUpClass): 200 GET http://10.180.1.21/compute/v2.1/servers/5521f7d1-b8ac-4856-8722-4fd67133da37 0.074s
2025-03-26 20:31:48.731 69666 INFO tempest.lib.common.rest_client [req-1e269960-926c-49d7-bb16-984cb1078b53 req-1e269960-926c-49d7-bb16-984cb1078b53 ] Request (ServersTestBootFromVolume:setUpClass): 200 GET http://10.180.1.21/compute/v2.1/servers/65c0d4f0-aa25-47b7-90ce-c5a4b42a0e61 0.056s
2025-03-26 20:31:48.793 69642 INFO tempest.lib.common.rest_client [req-292eb812-44e0-416e-832d-937e6237f340 req-292eb812-44e0-416e-832d-937e6237f340 ] Request (ImagesNegativeTestJSON:test_create_image_from_deleted_server): 200 GET http://10.180.1.21/compute/v2.1/servers/3d41d0c9-f036-4ea1-9316-13e5220f0f72 0.055s
2025-03-26 20:31:48.799 69642 INFO tempest.common.waiters [-] State transition "BUILD/None" ==> "BUILD/networking" after 43 second wait
2025-03-26 20:31:48.903 69620 INFO tempest.lib.common.rest_client [req-10cbb047-65d0-4699-9dcd-d468a1a58c6a req-10cbb047-65d0-4699-9dcd-d468a1a58c6a ] Request (AttachVolumeNegativeTest:test_attach_attached_volume_to_different_server): 200 GET http://10.180.1.21/compute/v2.1/servers/848596ef-6ff7-40f4-b28d-3986692e5ce5 0.058s
2025-03-26 20:31:49.047 69646 INFO tempest.lib.common.rest_client [req-cd3fe5ab-196e-4106-85f5-aa88705d87f2 req-cd3fe5ab-196e-4106-85f5-aa88705d87f2 ] Request (ServersAdminNegativeTestJSON:test_migrate_server_invalid_state): 200 GET http://10.180.1.21/compute/v2.1/servers/a77ed464-9d0a-4415-ae63-283495910c76 0.067s
2025-03-26 20:31:49.109 69624 INFO tempest.lib.common.rest_client [req-7fe10498-4c41-4285-95f0-52cdd45ebd7a req-7fe10498-4c41-4285-95f0-52cdd45ebd7a ] Request (ServersV294TestFqdnHostnames:setUpClass): 200 GET http://10.180.1.21/compute/v2.1/servers/40edaa33-9955-4ea7-bdc7-3276ac7c63c7 0.079s
2025-03-26 20:31:49.143 69636 INFO tempest.lib.common.rest_client [req-5bb1291d-6e3c-4737-a79a-dcc0832cf655 req-5bb1291d-6e3c-4737-a79a-dcc0832cf655 ] Request (AttachInterfacesV270Test:test_create_get_list_interfaces): 200 GET http://10.180.1.21/compute/v2.1/servers/befcb11c-d6e0-4353-90a1-fadd093233ed 0.114s
2025-03-26 20:31:49.195 69638 INFO tempest.lib.common.rest_client [req-ac951713-14e9-4d71-8e0e-7fc48232524a req-ac951713-14e9-4d71-8e0e-7fc48232524a ] Request (ServerDiskConfigTestJSON:test_rebuild_server_with_manual_disk_config): 200 GET http://10.180.1.21/compute/v2.1/servers/b9f03655-3359-4901-a28a-08abe82ee49f 0.051s
2025-03-26 20:31:49.239 69644 INFO tempest.lib.common.rest_client [req-178ce63a-0be6-4c29-aad5-49408ace2fbd req-178ce63a-0be6-4c29-aad5-49408ace2fbd ] Request (InstanceActionsTestJSON:setUpClass): 200 GET http://10.180.1.21/compute/v2.1/servers/8f0de8f5-8746-48b4-a7ab-7db84d0c2e3f 0.095s
2025-03-26 20:31:49.246 69644 INFO tempest.common.waiters [-] State transition "BUILD/spawning" ==> "ACTIVE/None" after 47 second wait
2025-03-26 20:31:49.282 69644 INFO tempest.lib.common.rest_client [req-b1e44091-8e8f-4f17-8912-5cc448bdfcc2 req-b1e44091-8e8f-4f17-8912-5cc448bdfcc2 ] Request (InstanceActionsTestJSON:test_get_instance_action): 200 GET http://10.180.1.21/compute/v2.1/servers/8f0de8f5-8746-48b4-a7ab-7db84d0c2e3f/os-instance-actions/req-42e87072-dd30-4447-bd73-290b3b7ae504 0.034s
2025-03-26 20:31:49.285 69654 INFO tempest.lib.common.rest_client [req-1c2f0fc2-d4b1-49bf-8ffb-6f69f708ea42 req-1c2f0fc2-d4b1-49bf-8ffb-6f69f708ea42 ] Request (ServerShowV257Test:tearDownClass): 200 GET http://10.180.1.21/compute/v2.1/servers/389cef4c-9efd-4850-bd8e-d5dbaa30ede9 0.062s
2025-03-26 20:31:49.330 69652 INFO tempest.lib.common.rest_client [req-c4732874-0407-4d23-bbc1-ef100d9c58c4 req-c4732874-0407-4d23-bbc1-ef100d9c58c4 ] Request (SecurityGroupsTestJSON:test_server_security_groups): 200 GET http://10.180.1.21/compute/v2.1/servers/b7997ffc-bbfd-48e9-bced-d8224ce6e908 0.064s
2025-03-26 20:31:49.360 69644 INFO tempest.lib.common.rest_client [req-878d2fa2-6486-460b-a202-416154e9bb95 req-878d2fa2-6486-460b-a202-416154e9bb95 ] Request (InstanceActionsTestJSON:test_list_instance_actions): 202 POST http://10.180.1.21/compute/v2.1/servers/8f0de8f5-8746-48b4-a7ab-7db84d0c2e3f/action 0.074s
2025-03-26 20:31:49.391 69681 INFO tempest.lib.common.rest_client [req-a0b21525-b999-4650-aca7-0a7dd0ea45bc req-a0b21525-b999-4650-aca7-0a7dd0ea45bc ] Request (ServersTestMultiNic:test_verify_multiple_nics_order): 200 GET http://10.180.1.21/compute/v2.1/servers/920276bd-e963-42f7-8509-aa0dc104fe6d 0.059s
2025-03-26 20:31:49.418 69663 INFO tempest.lib.common.rest_client [req-9163770f-6c8b-4068-bada-ad37786a5cb2 req-9163770f-6c8b-4068-bada-ad37786a5cb2 ] Request (MultipleCreateTestJSON:test_multiple_create_with_reservation_return): 200 GET http://10.180.1.21/compute/v2.1/servers/2eed39cd-ca0f-4055-a8b6-f215ff9b3e49 0.069s
2025-03-26 20:31:49.492 69664 INFO tempest.lib.common.rest_client [req-e4d53c1c-5d28-442e-b494-9a03e37b2428 req-e4d53c1c-5d28-442e-b494-9a03e37b2428 ] Request (MigrationsAdminTest:test_resize_server_revert_deleted_flavor): 200 GET http://10.180.1.21/compute/v2.1/servers/58bc7378-cf42-446a-a5dc-bd89aa59e7bd 0.106s
2025-03-26 20:31:49.499 69632 WARNING tempest.lib.common.ssh [-] Failed to establish authenticated ssh connection to cirros@10.180.180.179 ([Errno None] Unable to connect to port 22 on 10.180.180.179). Number attempts: 9. Retry after 10 seconds.: paramiko.ssh_exception.NoValidConnectionsError: [Errno None] Unable to connect to port 22 on 10.180.180.179
2025-03-26 20:31:49.506 69644 INFO tempest.lib.common.rest_client [req-bf2dff56-37b1-4e80-8043-e5513d8d3ba3 req-bf2dff56-37b1-4e80-8043-e5513d8d3ba3 ] Request (InstanceActionsTestJSON:test_list_instance_actions): 200 GET http://10.180.1.21/compute/v2.1/servers/8f0de8f5-8746-48b4-a7ab-7db84d0c2e3f 0.145s
2025-03-26 20:31:49.546 69682 INFO tempest.lib.common.rest_client [req-81505daf-cc75-4ad7-b4e5-cfa95a760707 req-81505daf-cc75-4ad7-b4e5-cfa95a760707 ] Request (ServerAddressesNegativeTestJSON:setUpClass): 200 GET http://10.180.1.21/compute/v2.1/servers/29559c63-43a4-48ac-b902-d8c20252d8ae 0.143s
2025-03-26 20:31:49.574 69674 INFO tempest.lib.common.rest_client [req-520a0049-1bc4-4739-bed6-420b5000f52c req-520a0049-1bc4-4739-bed6-420b5000f52c ] Request (FloatingIPsAssociationNegativeTestJSON:tearDownClass): 200 GET http://10.180.1.21/compute/v2.1/servers/44884e11-f74e-4b24-9176-ff739acb1143 0.096s
2025-03-26 20:31:49.611 69676 INFO tempest.lib.common.rest_client [req-84a1328b-8c7c-45a8-a2ff-96e4f50e3d17 req-84a1328b-8c7c-45a8-a2ff-96e4f50e3d17 ] Request (ServerActionsV293TestJSON:setUpClass): 200 GET http://10.180.1.21/compute/v2.1/servers/64c6e2db-aaf3-4fff-9792-f8a0b589e74d 0.125s
2025-03-26 20:31:49.612 69650 INFO tempest.lib.common.rest_client [req-f1c2dc18-41f2-4e48-9b8f-6bb7d4ed341c req-f1c2dc18-41f2-4e48-9b8f-6bb7d4ed341c ] Request (ListImageFiltersTestJSON:setUpClass): 200 GET http://10.180.1.21/compute/v2.1/images/3aa257b9-8042-431e-b42d-8a43915c99e7 0.102s
2025-03-26 20:31:49.664 69658 INFO tempest.lib.common.rest_client [req-d54c8e53-c200-40ca-84ed-f431dac66a44 req-d54c8e53-c200-40ca-84ed-f431dac66a44 ] Request (AttachInterfacesTestJSON:test_create_list_show_delete_interfaces_by_fixed_ip): 200 GET http://10.180.1.21/compute/v2.1/servers/ff7f7de3-16d2-4052-a3cc-dfdd1e17f647 0.135s
2025-03-26 20:31:49.722 69628 INFO tempest.lib.common.rest_client [req-0f7c870a-b678-4f7b-a2ae-e86169652633 req-0f7c870a-b678-4f7b-a2ae-e86169652633 ] Request (ServersAdmin275Test:tearDownClass): 200 GET http://10.180.1.21/compute/v2.1/servers/bb170d5c-9e61-4041-b16e-6c8051e46f8a 0.077s
2025-03-26 20:31:49.730 69622 INFO tempest.lib.common.rest_client [req-0aee2cbb-9a57-4394-8dc4-94ff843d555a req-0aee2cbb-9a57-4394-8dc4-94ff843d555a ] Request (DeleteServersAdminTestJSON:test_delete_server_while_in_error_state): 200 GET http://10.180.1.21/compute/v2.1/servers/70505d2f-ad77-42e3-b0e7-a691d0552c50 0.062s
2025-03-26 20:31:49.774 69656 INFO tempest.lib.common.rest_client [req-c4cc4e9b-4601-40ae-aa50-1210def6de49 req-c4cc4e9b-4601-40ae-aa50-1210def6de49 ] Request (DeleteServersTestJSON:test_delete_active_server): 200 GET http://10.180.1.21/compute/v2.1/servers/2519898f-43dc-40a6-aec0-bd4363f03171 0.083s
2025-03-26 20:31:49.788 69640 INFO tempest.lib.common.rest_client [req-27d139ac-7e85-4d89-a9ac-0e2304b6b27a req-27d139ac-7e85-4d89-a9ac-0e2304b6b27a ] Request (FloatingIPsAssociationTestJSON:setUpClass): 200 GET http://10.180.1.21/compute/v2.1/servers/5521f7d1-b8ac-4856-8722-4fd67133da37 0.062s
2025-03-26 20:31:49.832 69666 INFO tempest.lib.common.rest_client [req-b283a4ba-4867-4741-bb51-5155d1d4b774 req-b283a4ba-4867-4741-bb51-5155d1d4b774 ] Request (ServersTestBootFromVolume:setUpClass): 200 GET http://10.180.1.21/compute/v2.1/servers/65c0d4f0-aa25-47b7-90ce-c5a4b42a0e61 0.093s
2025-03-26 20:31:49.896 69642 INFO tempest.lib.common.rest_client [req-f3f86056-0219-43e8-ab0f-05985c89cd65 req-f3f86056-0219-43e8-ab0f-05985c89cd65 ] Request (ImagesNegativeTestJSON:test_create_image_from_deleted_server): 200 GET http://10.180.1.21/compute/v2.1/servers/3d41d0c9-f036-4ea1-9316-13e5220f0f72 0.096s
2025-03-26 20:31:49.906 69642 INFO tempest.common.waiters [-] State transition "BUILD/networking" ==> "BUILD/spawning" after 44 second wait
2025-03-26 20:31:49.947 69678 WARNING tempest.lib.common.ssh [-] Failed to establish authenticated ssh connection to cirros@10.180.180.244 ([Errno None] Unable to connect to port 22 on 10.180.180.244). Number attempts: 4. Retry after 5 seconds.: paramiko.ssh_exception.NoValidConnectionsError: [Errno None] Unable to connect to port 22 on 10.180.180.244
2025-03-26 20:31:49.963 69620 INFO tempest.lib.common.rest_client [req-11e2c896-18db-45f1-ac7a-cce44678895e req-11e2c896-18db-45f1-ac7a-cce44678895e ] Request (AttachVolumeNegativeTest:test_attach_attached_volume_to_different_server): 200 GET http://10.180.1.21/compute/v2.1/servers/848596ef-6ff7-40f4-b28d-3986692e5ce5 0.052s
2025-03-26 20:31:50.102 69646 INFO tempest.lib.common.rest_client [req-3fd52364-9799-4bc5-ad24-6d7219c67075 req-3fd52364-9799-4bc5-ad24-6d7219c67075 ] Request (ServersAdminNegativeTestJSON:test_migrate_server_invalid_state): 200 GET http://10.180.1.21/compute/v2.1/servers/a77ed464-9d0a-4415-ae63-283495910c76 0.046s
2025-03-26 20:31:50.182 69624 INFO tempest.lib.common.rest_client [req-c7a09f13-c512-48cf-93e1-8a271d7326e9 req-c7a09f13-c512-48cf-93e1-8a271d7326e9 ] Request (ServersV294TestFqdnHostnames:setUpClass): 200 GET http://10.180.1.21/compute/v2.1/servers/40edaa33-9955-4ea7-bdc7-3276ac7c63c7 0.062s
2025-03-26 20:31:50.261 69638 INFO tempest.lib.common.rest_client [req-b503998e-2b86-4aa5-b942-2753c777b35c req-b503998e-2b86-4aa5-b942-2753c777b35c ] Request (ServerDiskConfigTestJSON:test_rebuild_server_with_manual_disk_config): 200 GET http://10.180.1.21/compute/v2.1/servers/b9f03655-3359-4901-a28a-08abe82ee49f 0.059s
2025-03-26 20:31:50.359 69636 INFO tempest.lib.common.rest_client [req-41bb9931-63c5-46a7-a622-4e28d6247640 req-41bb9931-63c5-46a7-a622-4e28d6247640 ] Request (AttachInterfacesV270Test:test_create_get_list_interfaces): 200 GET http://10.180.1.21/compute/v2.1/servers/befcb11c-d6e0-4353-90a1-fadd093233ed 0.205s
2025-03-26 20:31:50.376 69654 INFO tempest.lib.common.rest_client [req-9dbae589-b54b-42d7-8aa1-73786ebe45de req-9dbae589-b54b-42d7-8aa1-73786ebe45de ] Request (ServerShowV257Test:tearDownClass): 200 GET http://10.180.1.21/compute/v2.1/servers/389cef4c-9efd-4850-bd8e-d5dbaa30ede9 0.077s
2025-03-26 20:31:50.420 69652 INFO tempest.lib.common.rest_client [req-f3418f73-8186-42fd-8bf0-f06d8b4f7f0f req-f3418f73-8186-42fd-8bf0-f06d8b4f7f0f ] Request (SecurityGroupsTestJSON:test_server_security_groups): 200 GET http://10.180.1.21/compute/v2.1/servers/b7997ffc-bbfd-48e9-bced-d8224ce6e908 0.082s
2025-03-26 20:31:50.427 69652 INFO tempest.common.waiters [-] State transition "BUILD/scheduling" ==> "BUILD/None" after 25 second wait
2025-03-26 20:31:50.465 69681 INFO tempest.lib.common.rest_client [req-b6ae8744-dfed-474e-949f-8d5b3f58103e req-b6ae8744-dfed-474e-949f-8d5b3f58103e ] Request (ServersTestMultiNic:test_verify_multiple_nics_order): 200 GET http://10.180.1.21/compute/v2.1/servers/920276bd-e963-42f7-8509-aa0dc104fe6d 0.065s
2025-03-26 20:31:50.481 69663 INFO tempest.lib.common.rest_client [req-f3c0f74b-a116-417b-9bb4-695ecc551b18 req-f3c0f74b-a116-417b-9bb4-695ecc551b18 ] Request (MultipleCreateTestJSON:test_multiple_create_with_reservation_return): 200 GET http://10.180.1.21/compute/v2.1/servers/2eed39cd-ca0f-4055-a8b6-f215ff9b3e49 0.054s
2025-03-26 20:31:50.560 69664 INFO tempest.lib.common.rest_client [req-005339b5-dd62-46bc-8a15-3af74dc99807 req-005339b5-dd62-46bc-8a15-3af74dc99807 ] Request (MigrationsAdminTest:test_resize_server_revert_deleted_flavor): 200 GET http://10.180.1.21/compute/v2.1/servers/58bc7378-cf42-446a-a5dc-bd89aa59e7bd 0.057s
2025-03-26 20:31:50.615 69682 INFO tempest.lib.common.rest_client [req-0343e7d3-b801-487d-8e3d-e45e5426c4c2 req-0343e7d3-b801-487d-8e3d-e45e5426c4c2 ] Request (ServerAddressesNegativeTestJSON:setUpClass): 200 GET http://10.180.1.21/compute/v2.1/servers/29559c63-43a4-48ac-b902-d8c20252d8ae 0.061s
2025-03-26 20:31:50.644 69644 INFO tempest.lib.common.rest_client [req-ee5b4271-4a9e-4d8c-8278-d02e82f0ed2d req-ee5b4271-4a9e-4d8c-8278-d02e82f0ed2d ] Request (InstanceActionsTestJSON:test_list_instance_actions): 200 GET http://10.180.1.21/compute/v2.1/servers/8f0de8f5-8746-48b4-a7ab-7db84d0c2e3f 0.131s
2025-03-26 20:31:50.670 69674 INFO tempest.lib.common.rest_client [req-e75385f5-9b86-4471-8810-4b76b7dce2be req-e75385f5-9b86-4471-8810-4b76b7dce2be ] Request (FloatingIPsAssociationNegativeTestJSON:tearDownClass): 200 GET http://10.180.1.21/compute/v2.1/servers/44884e11-f74e-4b24-9176-ff739acb1143 0.088s
2025-03-26 20:31:50.678 69650 INFO tempest.lib.common.rest_client [req-306dbb20-38fc-4dc3-a544-898c0ddd8262 req-306dbb20-38fc-4dc3-a544-898c0ddd8262 ] Request (ListImageFiltersTestJSON:setUpClass): 200 GET http://10.180.1.21/compute/v2.1/images/3aa257b9-8042-431e-b42d-8a43915c99e7 0.060s
2025-03-26 20:31:50.720 69676 INFO tempest.lib.common.rest_client [req-cea3d5d8-ccf2-4762-a7c1-17640df68b7b req-cea3d5d8-ccf2-4762-a7c1-17640df68b7b ] Request (ServerActionsV293TestJSON:setUpClass): 200 GET http://10.180.1.21/compute/v2.1/servers/64c6e2db-aaf3-4fff-9792-f8a0b589e74d 0.093s
2025-03-26 20:31:50.724 69658 INFO tempest.lib.common.rest_client [req-e4fc7f7d-c099-49b8-a06f-aa9db6177a0a req-e4fc7f7d-c099-49b8-a06f-aa9db6177a0a ] Request (AttachInterfacesTestJSON:test_create_list_show_delete_interfaces_by_fixed_ip): 200 GET http://10.180.1.21/compute/v2.1/servers/ff7f7de3-16d2-4052-a3cc-dfdd1e17f647 0.052s
2025-03-26 20:31:50.779 69660 WARNING tempest.lib.common.ssh [-] Failed to establish authenticated ssh connection to cirros@10.180.180.182 ([Errno None] Unable to connect to port 22 on 10.180.180.182). Number attempts: 2. Retry after 3 seconds.: paramiko.ssh_exception.NoValidConnectionsError: [Errno None] Unable to connect to port 22 on 10.180.180.182
2025-03-26 20:31:50.791 69622 INFO tempest.lib.common.rest_client [req-7cb4a96b-cd4a-4ca9-a7dd-3aabd2e4313a req-7cb4a96b-cd4a-4ca9-a7dd-3aabd2e4313a ] Request (DeleteServersAdminTestJSON:test_delete_server_while_in_error_state): 200 GET http://10.180.1.21/compute/v2.1/servers/70505d2f-ad77-42e3-b0e7-a691d0552c50 0.053s
2025-03-26 20:31:50.796 69628 INFO tempest.lib.common.rest_client [req-89dffdc0-8a26-4da9-aa4b-7167bf95c40b req-89dffdc0-8a26-4da9-aa4b-7167bf95c40b ] Request (ServersAdmin275Test:tearDownClass): 200 GET http://10.180.1.21/compute/v2.1/servers/bb170d5c-9e61-4041-b16e-6c8051e46f8a 0.062s
