2025-03-26 20:30:11.305 69663 INFO tempest.lib.common.dynamic_creds [-] Created isolated network resources for: credentials: Credentials: {'domain_id': 'default', 'domain_name': 'Default', 'username': 'tempest-MultipleCreateTestJSON-719968646-project-member', 'project_domain_id': 'default', 'project_domain_name': 'Default', 'project_id': 'd221d393d5c54bccb45e2c8095efccb8', 'project_name': 'tempest-MultipleCreateTestJSON-719968646', 'tenant_id': 'd221d393d5c54bccb45e2c8095efccb8', 'tenant_name': 'tempest-MultipleCreateTestJSON-719968646', 'user_domain_id': 'default', 'user_domain_name': 'Default', 'user_id': 'f7dc65b871a4427db6927b8078db42e4', 'system': None}, Network: {'id': 'f67d0bf0-7b11-4af9-8136-9748a80c3e67', 'name': 'tempest-MultipleCreateTestJSON-1271212065-network', 'tenant_id': 'd221d393d5c54bccb45e2c8095efccb8', 'admin_state_up': True, 'mtu': 8950, 'status': 'ACTIVE', 'subnets': [], 'shared': False, 'project_id': 'd221d393d5c54bccb45e2c8095efccb8', 'port_security_enabled': True, 'router:external': False, 'provider:network_type': 'vlan', 'provider:physical_network': 'default', 'provider:segmentation_id': 357, 'availability_zone_hints': [], 'availability_zones': [], 'ipv4_address_scope': None, 'ipv6_address_scope': None, 'description': '', 'tags': [], 'created_at': '2025-03-26T20:30:08Z', 'updated_at': '2025-03-26T20:30:08Z', 'revision_number': 1}, Subnet: {'id': 'a9760af0-f0d5-4a65-94e5-f279abd3eda4', 'name': 'tempest-MultipleCreateTestJSON-1271212065-subnet', 'tenant_id': 'd221d393d5c54bccb45e2c8095efccb8', 'network_id': 'f67d0bf0-7b11-4af9-8136-9748a80c3e67', 'ip_version': 4, 'subnetpool_id': None, 'enable_dhcp': True, 'ipv6_ra_mode': None, 'ipv6_address_mode': None, 'gateway_ip': '192.168.128.1', 'cidr': '192.168.128.0/28', 'allocation_pools': [{'start': '192.168.128.2', 'end': '192.168.128.14'}], 'host_routes': [], 'dns_nameservers': [], 'description': '', 'router:external': False, 'service_types': [], 'tags': [], 'created_at': '2025-03-26T20:30:08Z', 'updated_at': '2025-03-26T20:30:08Z', 'revision_number': 0, 'project_id': 'd221d393d5c54bccb45e2c8095efccb8'}, Router: {'id': '92687cff-7ed2-42a9-9691-d5994fab4075', 'name': 'tempest-MultipleCreateTestJSON-1271212065-router', 'tenant_id': 'd221d393d5c54bccb45e2c8095efccb8', 'admin_state_up': True, 'status': 'ACTIVE', 'external_gateway_info': {'network_id': '796828e9-00a1-4f26-b7ad-e5da8a246237', 'external_fixed_ips': [{'subnet_id': '7430d42f-cf6e-4ef3-a43a-f3b7a53afaad', 'ip_address': '10.180.180.239'}], 'enable_snat': True}, 'description': '', 'availability_zones': [], 'distributed': False, 'ha': False, 'availability_zone_hints': [], 'routes': [], 'flavor_id': None, 'tags': [], 'created_at': '2025-03-26T20:30:09Z', 'updated_at': '2025-03-26T20:30:09Z', 'revision_number': 2, 'project_id': 'd221d393d5c54bccb45e2c8095efccb8'}
2025-03-26 20:30:11.334 69652 INFO tempest.lib.common.rest_client [req-d4ad8ec7-72f6-4a51-8f61-8390caefbf95 req-d4ad8ec7-72f6-4a51-8f61-8390caefbf95 ] Request (AZAdminV2TestJSON:tearDownClass): 204 DELETE http://10.180.1.21/identity/v3/projects/8f598250b77c4d86872507dc9305dfc0 0.322s
2025-03-26 20:30:11.335 69652 INFO tempest.lib.common.dynamic_creds [-] Deleting project and security group for project: 2219521ac7db45319fcbc1062f591579
2025-03-26 20:30:11.384 69668 INFO tempest.lib.common.rest_client [req-0cfb139d-274b-42da-9c9b-b36ffe4cec9e req-0cfb139d-274b-42da-9c9b-b36ffe4cec9e ] Request (ServerGroup264TestJSON:setUpClass): 200 GET http://10.180.1.21/identity/v3/domains?name=Default 0.212s
2025-03-26 20:30:11.386 69656 INFO tempest.lib.common.rest_client [req-753001ae-d3f7-45bb-9d88-4190c9742724 req-753001ae-d3f7-45bb-9d88-4190c9742724 ] Request (NetworksTest:test_get_network): 200 GET http://10.180.1.21/compute/v2.1/os-networks/796828e9-00a1-4f26-b7ad-e5da8a246237 3.094s
2025-03-26 20:30:11.405 69676 INFO tempest.lib.common.rest_client [req-493da9d1-498b-48bd-886d-a8e7399a6f64 req-493da9d1-498b-48bd-886d-a8e7399a6f64 ] Request (FloatingIPsTestJSON:setUpClass): 201 POST http://10.180.1.21/identity/v3/auth/tokens 0.204s
2025-03-26 20:30:11.420 69678 INFO tempest.lib.common.rest_client [req-7fc2e2db-2cd6-4dc3-9320-f9ca86957fa8 req-7fc2e2db-2cd6-4dc3-9320-f9ca86957fa8 ] Request (ServicesAdminNegativeTestJSON:test_get_service_by_invalid_params): 200 GET http://10.180.1.21/compute/v2.1/os-services?xxx=nova-compute 2.995s
2025-03-26 20:30:11.422 69620 INFO tempest.lib.common.rest_client [req-bbb395ac-3eef-4322-bbaf-6bc25e0ad240 req-bbb395ac-3eef-4322-bbaf-6bc25e0ad240 ] Request (ServerExternalEventsTest:test_create_server_external_events): 202 POST http://10.180.1.21/compute/v2.1/servers 3.352s
2025-03-26 20:30:11.456 69682 INFO tempest.lib.common.rest_client [req-799dc3ec-0e5a-4303-ac0f-2369301aca8e req-799dc3ec-0e5a-4303-ac0f-2369301aca8e ] Request (ServicesAdminNegativeV253TestJSON:test_disable_service_with_invalid_service_id): 404 PUT http://10.180.1.21/compute/v2.1/os-services/41b6ac73-4f3c-45de-9e65-dc57d59b258c 2.913s
2025-03-26 20:30:11.457 69672 INFO tempest.lib.common.rest_client [req-0d0e75cf-7a64-462c-ad6b-1c5cf75fa7a8 req-0d0e75cf-7a64-462c-ad6b-1c5cf75fa7a8 ] Request (ServicesAdminTestJSON:tearDownClass): 204 DELETE http://10.180.1.21/identity/v3/projects/6a061add195d488398d7fafb1b6c0d62 0.268s
2025-03-26 20:30:11.458 69672 INFO tempest.lib.common.dynamic_creds [-] Deleting project and security group for project: 3a5d2b3250414835bcf09a3024dd9c5c
2025-03-26 20:30:11.469 69674 INFO tempest.lib.common.rest_client [req-28f63bb6-2c02-4641-ba6b-442d24fd7f13 req-28f63bb6-2c02-4641-ba6b-442d24fd7f13 ] Request (QuotasAdminNegativeTest:test_create_server_when_cpu_quota_is_full): 201 POST http://10.180.1.21/identity/v3/auth/tokens 0.187s
2025-03-26 20:30:11.470 69674 INFO tempest.lib.common.fixed_network [-] (QuotasAdminNegativeTest:test_create_server_when_cpu_quota_is_full) Found network None available for tenant
2025-03-26 20:30:11.484 69624 INFO tempest.lib.common.rest_client [req-508256f7-62c4-45ab-9fa7-43857db359fe req-508256f7-62c4-45ab-9fa7-43857db359fe ] Request (FlavorsAdminTestJSON:_run_cleanups): 200 GET http://10.180.1.21/compute/v2.1/flavors/detail 2.726s
2025-03-26 20:30:11.522 69652 INFO tempest.lib.common.rest_client [req-a7f4eeb2-1d62-472f-ae17-ea14eaa2dadf req-a7f4eeb2-1d62-472f-ae17-ea14eaa2dadf ] Request (AZAdminV2TestJSON:tearDownClass): 200 GET http://10.180.1.21:9696/networking/v2.0/security-groups?tenant_id=2219521ac7db45319fcbc1062f591579&name=default 0.187s
2025-03-26 20:30:11.529 69648 INFO tempest.lib.common.rest_client [req-7ba7bd10-7cec-4575-940c-cf9bdb9d9afc req-7ba7bd10-7cec-4575-940c-cf9bdb9d9afc ] Request (VolumesAssistedSnapshotsTest:setUpClass): 204 PUT http://10.180.1.21/identity/v3/projects/075a57649cc14232b3ad28767cbfc17e/users/552eceb10d1b4601aadd3d959136b5a0/roles/ef814a0577af4839b5a526939bd47d84 0.235s
2025-03-26 20:30:11.530 69648 INFO tempest.lib.common.dynamic_creds [-] Dynamic test user 552eceb10d1b4601aadd3d959136b5a0 is created with scope project and roles: ['service', 'admin']
2025-03-26 20:30:11.530 69648 INFO tempest.lib.common.dynamic_creds [-] Acquired dynamic creds: credentials: Credentials: {'domain_id': 'default', 'domain_name': 'Default', 'username': 'tempest-VolumesAssistedSnapshotsTest-2026022149-project', 'project_domain_id': 'default', 'project_domain_name': 'Default', 'project_id': '075a57649cc14232b3ad28767cbfc17e', 'project_name': 'tempest-VolumesAssistedSnapshotsTest-2026022149', 'tenant_id': '075a57649cc14232b3ad28767cbfc17e', 'tenant_name': 'tempest-VolumesAssistedSnapshotsTest-2026022149', 'user_domain_id': 'default', 'user_domain_name': 'Default', 'user_id': '552eceb10d1b4601aadd3d959136b5a0', 'system': None}, Network: None, Subnet: None, Router: None
2025-03-26 20:30:11.582 69663 INFO tempest.lib.common.rest_client [req-0f10b986-1066-4b98-ade6-627565ff85e1 req-0f10b986-1066-4b98-ade6-627565ff85e1 ] Request (MultipleCreateTestJSON:setUpClass): 201 POST http://10.180.1.21/identity/v3/auth/tokens 0.272s
2025-03-26 20:30:11.606 69668 INFO tempest.lib.common.rest_client [req-9cbf6e4a-14c2-4183-bbf0-c56e7684c22a req-9cbf6e4a-14c2-4183-bbf0-c56e7684c22a ] Request (ServerGroup264TestJSON:setUpClass): 201 POST http://10.180.1.21/identity/v3/projects 0.220s
2025-03-26 20:30:11.631 69672 INFO tempest.lib.common.rest_client [req-5b303f52-ae2d-4717-8840-4b818cffdc4c req-5b303f52-ae2d-4717-8840-4b818cffdc4c ] Request (ServicesAdminTestJSON:tearDownClass): 200 GET http://10.180.1.21:9696/networking/v2.0/security-groups?tenant_id=3a5d2b3250414835bcf09a3024dd9c5c&name=default 0.173s
2025-03-26 20:30:11.659 69632 INFO tempest.lib.common.rest_client [req-7067e001-6d8b-4d82-8309-94968a75483a req-7067e001-6d8b-4d82-8309-94968a75483a ] Request (ServersTestJSON:setUpClass): 200 GET http://10.180.1.21/compute/v2.1/servers/b631bcce-e3d1-402d-83c6-80e7054fee6e 2.660s
2025-03-26 20:30:11.669 69650 INFO tempest.lib.common.rest_client [req-f31996d0-5419-4e91-8ded-1f1c4f72638b req-f31996d0-5419-4e91-8ded-1f1c4f72638b ] Request (InstanceUsageAuditLogNegativeTestJSON:test_instance_usage_audit_logs_with_nonadmin_user): 403 GET http://10.180.1.21/compute/v2.1/os-instance_usage_audit_log/2025-03-26%2020%3A30%3A09 2.556s
2025-03-26 20:30:11.728 69646 INFO tempest.lib.common.rest_client [req-d3448fc2-7ad8-4efd-ae69-6a8efa2ef2e8 req-d3448fc2-7ad8-4efd-ae69-6a8efa2ef2e8 ] Request (ServerDiagnosticsTest:test_get_server_diagnostics): 200 GET http://10.180.1.21/compute/v2.1/servers/e23100e6-9f59-4d0e-aff6-362854304d90 2.589s
2025-03-26 20:30:11.733 69652 INFO tempest.lib.common.rest_client [req-78da8bb0-8916-44f1-94c7-a3722d8a4069 req-78da8bb0-8916-44f1-94c7-a3722d8a4069 ] Request (AZAdminV2TestJSON:tearDownClass): 204 DELETE http://10.180.1.21:9696/networking/v2.0/security-groups/7f941d71-881b-4772-8796-afd7aa05ba49 0.210s
2025-03-26 20:30:11.776 69663 INFO tempest.lib.common.rest_client [req-1e69ef7c-9f4b-4ba9-9b6b-ccab84794689 req-1e69ef7c-9f4b-4ba9-9b6b-ccab84794689 ] Request (MultipleCreateTestJSON:test_multiple_create): 201 POST http://10.180.1.21/identity/v3/auth/tokens 0.188s
2025-03-26 20:30:11.776 69663 INFO tempest.lib.common.fixed_network [-] (MultipleCreateTestJSON:test_multiple_create) Found network {'id': 'f67d0bf0-7b11-4af9-8136-9748a80c3e67', 'name': 'tempest-MultipleCreateTestJSON-1271212065-network', 'tenant_id': 'd221d393d5c54bccb45e2c8095efccb8', 'admin_state_up': True, 'mtu': 8950, 'status': 'ACTIVE', 'subnets': [], 'shared': False, 'project_id': 'd221d393d5c54bccb45e2c8095efccb8', 'port_security_enabled': True, 'router:external': False, 'provider:network_type': 'vlan', 'provider:physical_network': 'default', 'provider:segmentation_id': 357, 'availability_zone_hints': [], 'availability_zones': [], 'ipv4_address_scope': None, 'ipv6_address_scope': None, 'description': '', 'tags': [], 'created_at': '2025-03-26T20:30:08Z', 'updated_at': '2025-03-26T20:30:08Z', 'revision_number': 1} available for tenant
2025-03-26 20:30:11.778 69668 INFO tempest.lib.common.rest_client [req-4c7f2a89-7105-4ffc-be48-722cfc741f86 req-4c7f2a89-7105-4ffc-be48-722cfc741f86 ] Request (ServerGroup264TestJSON:setUpClass): 201 POST http://10.180.1.21/identity/v3/users 0.172s
2025-03-26 20:30:11.790 69666 INFO tempest.lib.common.rest_client [req-e75b1822-4b41-4924-97b4-8d03038bafca req-e75b1822-4b41-4924-97b4-8d03038bafca ] Request (ServerDiagnosticsNegativeTest:test_get_server_diagnostics_by_non_admin): 200 GET http://10.180.1.21/compute/v2.1/servers/3ea11bb2-8f70-41b9-a1de-93329a648fb9 2.170s
2025-03-26 20:30:11.840 69672 INFO tempest.lib.common.rest_client [req-4a8657b1-3c24-47b2-bb29-81207ea95f91 req-4a8657b1-3c24-47b2-bb29-81207ea95f91 ] Request (ServicesAdminTestJSON:tearDownClass): 204 DELETE http://10.180.1.21:9696/networking/v2.0/security-groups/7d78a9d9-d05c-4e73-b0da-3d670c9aa5c2 0.208s
2025-03-26 20:30:11.875 69650 INFO tempest.lib.common.rest_client [req-11aa8cc9-f67e-46c8-9558-804cfd050225 req-11aa8cc9-f67e-46c8-9558-804cfd050225 ] Request (InstanceUsageAuditLogNegativeTestJSON:tearDownClass): 204 DELETE http://10.180.1.21/identity/v3/users/5f91b7d4c327476892aea7c5fbfdca5d 0.205s
2025-03-26 20:30:11.879 69652 INFO tempest.lib.common.rest_client [req-4a449d26-54ac-4c15-9213-029dc90caa2c req-4a449d26-54ac-4c15-9213-029dc90caa2c ] Request (AZAdminV2TestJSON:tearDownClass): 204 DELETE http://10.180.1.21/identity/v3/projects/2219521ac7db45319fcbc1062f591579 0.146s
2025-03-26 20:30:11.892 69640 INFO tempest.lib.common.rest_client [req-4af13485-0fcf-4b96-baeb-02cd87b5548e req-4af13485-0fcf-4b96-baeb-02cd87b5548e ] Request (ServerDiagnosticsV248Test:test_get_server_diagnostics): 202 POST http://10.180.1.21/compute/v2.1/servers 3.133s
2025-03-26 20:30:11.957 69668 INFO tempest.lib.common.rest_client [req-1554f522-bb5a-46f7-889a-f4f5b4854014 req-1554f522-bb5a-46f7-889a-f4f5b4854014 ] Request (ServerGroup264TestJSON:setUpClass): 200 GET http://10.180.1.21/identity/v3/roles 0.178s
2025-03-26 20:30:11.964 69648 INFO tempest.lib.common.rest_client [req-018d893e-a39f-4343-a983-30bdce21de28 req-018d893e-a39f-4343-a983-30bdce21de28 ] Request (VolumesAssistedSnapshotsTest:setUpClass): 201 POST http://10.180.1.21:9696/networking/v2.0/networks 0.434s
2025-03-26 20:30:12.048 69672 INFO tempest.lib.common.rest_client [req-edd14eef-bb42-404c-a7da-cb8372916ef8 req-edd14eef-bb42-404c-a7da-cb8372916ef8 ] Request (ServicesAdminTestJSON:tearDownClass): 204 DELETE http://10.180.1.21/identity/v3/projects/3a5d2b3250414835bcf09a3024dd9c5c 0.208s
2025-03-26 20:30:12.071 69622 INFO tempest.lib.common.rest_client [req-78f1598b-0204-42da-8ce1-304ffc2d7464 req-78f1598b-0204-42da-8ce1-304ffc2d7464 ] Request (DeleteServersAdminTestJSON:test_admin_delete_servers_of_others): 200 GET http://10.180.1.21/compute/v2.1/servers/cc35e13c-a1f9-4392-b15a-acd5375b2895 2.324s
2025-03-26 20:30:12.075 69650 INFO tempest.lib.common.rest_client [req-13319419-218f-48b8-a0fd-fd1b7310d253 req-13319419-218f-48b8-a0fd-fd1b7310d253 ] Request (InstanceUsageAuditLogNegativeTestJSON:tearDownClass): 204 DELETE http://10.180.1.21/identity/v3/users/c275070c969044b681530b25e718c234 0.199s
2025-03-26 20:30:12.075 69650 INFO tempest.lib.common.dynamic_creds [-] Deleting project and security group for project: 2776d2684f3844af9eecd3b0a4af8c42
2025-03-26 20:30:12.077 69636 INFO tempest.lib.common.rest_client [req-28ff96ec-a5bf-40b2-8386-689c696e554b req-28ff96ec-a5bf-40b2-8386-689c696e554b ] Request (HostsAdminNegativeTestJSON:test_reboot_host_with_non_admin_user): 403 GET http://10.180.1.21/compute/v2.1/os-hosts/devstack/reboot 2.183s
2025-03-26 20:30:12.089 69622 INFO tempest.common.waiters [-] State transition "BUILD/networking" ==> "BUILD/spawning" after 7 second wait
2025-03-26 20:30:12.115 69630 INFO tempest.lib.common.rest_client [req-6536b58a-e48b-448d-ba59-799f407bf765 req-6536b58a-e48b-448d-ba59-799f407bf765 ] Request (FlavorsExtraSpecsNegativeTestJSON:test_flavor_non_admin_unset_keys): 200 POST http://10.180.1.21/compute/v2.1/flavors/1901858032/os-extra_specs 2.175s
2025-03-26 20:30:12.132 69660 INFO tempest.lib.common.rest_client [req-69f12fc4-b994-4eaa-bd40-956fb5b11966 req-69f12fc4-b994-4eaa-bd40-956fb5b11966 ] Request (FlavorsV2TestJSON:test_list_flavors_detailed_filter_by_min_ram): 200 GET http://10.180.1.21/compute/v2.1/flavors/42 2.191s
2025-03-26 20:30:12.181 69652 INFO tempest.lib.common.rest_client [req-d88a1ea9-3fda-4e2c-932a-16978889cdb5 req-d88a1ea9-3fda-4e2c-932a-16978889cdb5 ] Request (QuotaClassesAdmin257Test:setUpClass): 201 POST http://10.180.1.21/identity/v3/auth/tokens 0.299s
2025-03-26 20:30:12.182 69676 INFO tempest.lib.common.rest_client [req-09a0dec0-2159-45ec-8538-7cb68425c01c req-09a0dec0-2159-45ec-8538-7cb68425c01c ] Request (FloatingIPsTestJSON:setUpClass): 201 POST http://10.180.1.21:9696/networking/v2.0/networks 0.776s
2025-03-26 20:30:12.192 69668 INFO tempest.lib.common.rest_client [req-199fed36-3180-43c4-be6f-e56aaf257790 req-199fed36-3180-43c4-be6f-e56aaf257790 ] Request (ServerGroup264TestJSON:setUpClass): 204 PUT http://10.180.1.21/identity/v3/projects/8a50c17116724f09beb992f7408bcbd4/users/0605b88e891845ff9408dc762703ac1f/roles/d9eafddd036c431788225d00bb4edab3 0.232s
2025-03-26 20:30:12.192 69668 INFO tempest.lib.common.dynamic_creds [-] Dynamic test user 0605b88e891845ff9408dc762703ac1f is created with scope project and roles: ['member']
2025-03-26 20:30:12.192 69668 INFO tempest.lib.common.dynamic_creds [-] Acquired dynamic creds: credentials: Credentials: {'domain_id': 'default', 'domain_name': 'Default', 'username': 'tempest-ServerGroup264TestJSON-802480815-project-member', 'project_domain_id': 'default', 'project_domain_name': 'Default', 'project_id': '8a50c17116724f09beb992f7408bcbd4', 'project_name': 'tempest-ServerGroup264TestJSON-802480815', 'tenant_id': '8a50c17116724f09beb992f7408bcbd4', 'tenant_name': 'tempest-ServerGroup264TestJSON-802480815', 'user_domain_id': 'default', 'user_domain_name': 'Default', 'user_id': '0605b88e891845ff9408dc762703ac1f', 'system': None}, Network: None, Subnet: None, Router: None
2025-03-26 20:30:12.268 69648 INFO tempest.lib.common.rest_client [req-09ae4f42-51e3-4af7-ab5a-d577f3daec3d req-09ae4f42-51e3-4af7-ab5a-d577f3daec3d ] Request (VolumesAssistedSnapshotsTest:setUpClass): 201 POST http://10.180.1.21:9696/networking/v2.0/subnets 0.304s
2025-03-26 20:30:12.270 69650 INFO tempest.lib.common.rest_client [req-c1371672-d80e-40f8-94bc-8d029e4dcc98 req-c1371672-d80e-40f8-94bc-8d029e4dcc98 ] Request (InstanceUsageAuditLogNegativeTestJSON:tearDownClass): 201 POST http://10.180.1.21/identity/v3/auth/tokens 0.194s
2025-03-26 20:30:12.276 69672 INFO tempest.lib.common.rest_client [req-7ae2cdf6-c294-4ba4-b011-083c3959a621 req-7ae2cdf6-c294-4ba4-b011-083c3959a621 ] Request (TenantUsagesTestJSON:setUpClass): 201 POST http://10.180.1.21/identity/v3/auth/tokens 0.226s
2025-03-26 20:30:12.310 69652 INFO tempest.lib.common.rest_client [req-e1ff7a51-8cf9-4abd-8f8c-d78d2b37241b req-e1ff7a51-8cf9-4abd-8f8c-d78d2b37241b ] Request (QuotaClassesAdmin257Test:setUpClass): 201 POST http://10.180.1.21/identity/v3/auth/tokens 0.124s
2025-03-26 20:30:12.340 69668 INFO tempest.lib.common.rest_client [req-3d2a06ef-0afc-4fda-a00d-00d611b4c259 req-3d2a06ef-0afc-4fda-a00d-00d611b4c259 ] Request (ServerGroup264TestJSON:setUpClass): 201 POST http://10.180.1.21/identity/v3/auth/tokens 0.147s
2025-03-26 20:30:12.418 69672 INFO tempest.lib.common.rest_client [req-a73f70de-7342-4949-8f99-f346f21f12fc req-a73f70de-7342-4949-8f99-f346f21f12fc ] Request (TenantUsagesTestJSON:setUpClass): 201 POST http://10.180.1.21/identity/v3/auth/tokens 0.137s
2025-03-26 20:30:12.448 69652 INFO tempest.lib.common.rest_client [req-01703fa4-003b-4807-b071-7e20e94b15f0 req-01703fa4-003b-4807-b071-7e20e94b15f0 ] Request (QuotaClassesAdmin257Test:setUpClass): 200 GET http://10.180.1.21/identity/v3/domains?name=Default 0.137s
2025-03-26 20:30:12.472 69644 INFO tempest.lib.common.rest_client [req-58eae07a-457d-4967-a412-16579c88c038 req-58eae07a-457d-4967-a412-16579c88c038 ] Request (QuotasAdminTestV257:test_get_updated_quotas): 200 GET http://10.180.1.21/compute/v2.1/os-quota-sets/143cba2d46da4c339ddee21b7e4f4178/detail 2.344s
2025-03-26 20:30:12.497 69672 INFO tempest.lib.common.rest_client [req-b6e27524-62ab-40bb-8f27-f676fea191fd req-b6e27524-62ab-40bb-8f27-f676fea191fd ] Request (TenantUsagesTestJSON:setUpClass): 200 GET http://10.180.1.21/identity/v3/domains?name=Default 0.078s
2025-03-26 20:30:12.503 69654 INFO tempest.lib.common.rest_client [req-3280d647-05ca-41e1-9242-eb7f56e20580 req-3280d647-05ca-41e1-9242-eb7f56e20580 ] Request (ImagesDeleteNegativeTestJSON:test_delete_image_with_invalid_image_id): 404 DELETE http://10.180.1.21/compute/v2.1/images/tempest-invalid-943672210 2.352s
2025-03-26 20:30:12.530 69652 INFO tempest.lib.common.rest_client [req-ab435369-37cc-4bc3-852b-5a7eee52a3a5 req-ab435369-37cc-4bc3-852b-5a7eee52a3a5 ] Request (QuotaClassesAdmin257Test:setUpClass): 201 POST http://10.180.1.21/identity/v3/projects 0.080s
2025-03-26 20:30:12.547 69638 INFO tempest.lib.common.rest_client [req-71507ef8-731d-4fa4-be32-c36e2e41873a req-71507ef8-731d-4fa4-be32-c36e2e41873a ] Request (FlavorsV261TestJSON:test_crud_flavor): 200 PUT http://10.180.1.21/compute/v2.1/flavors/662220906 2.319s
2025-03-26 20:30:12.606 69650 INFO tempest.lib.common.rest_client [req-317424a4-bd74-4c00-8901-5197760c1b59 req-317424a4-bd74-4c00-8901-5197760c1b59 ] Request (InstanceUsageAuditLogNegativeTestJSON:tearDownClass): 200 GET http://10.180.1.21:9696/networking/v2.0/security-groups?tenant_id=2776d2684f3844af9eecd3b0a4af8c42&name=default 0.336s
2025-03-26 20:30:12.611 69644 INFO tempest.lib.common.rest_client [req-d07372c4-4f6c-4b60-aaf8-fb923d22e2f9 req-d07372c4-4f6c-4b60-aaf8-fb923d22e2f9 ] Request (QuotasAdminTestV257:test_get_updated_quotas): 200 GET http://10.180.1.21/identity/v3/domains?name=Default 0.132s
2025-03-26 20:30:12.676 69672 INFO tempest.lib.common.rest_client [req-cb34703b-7bac-421b-afa6-bc37aef45369 req-cb34703b-7bac-421b-afa6-bc37aef45369 ] Request (TenantUsagesTestJSON:setUpClass): 201 POST http://10.180.1.21/identity/v3/projects 0.175s
2025-03-26 20:30:12.723 69652 INFO tempest.lib.common.rest_client [req-6e27df2f-e878-4233-9a1d-8057d94ec29d req-6e27df2f-e878-4233-9a1d-8057d94ec29d ] Request (QuotaClassesAdmin257Test:setUpClass): 201 POST http://10.180.1.21/identity/v3/users 0.193s
2025-03-26 20:30:12.745 69676 INFO tempest.lib.common.rest_client [req-5dadc8f4-a726-47ca-96b9-dba9017291c4 req-5dadc8f4-a726-47ca-96b9-dba9017291c4 ] Request (FloatingIPsTestJSON:setUpClass): 201 POST http://10.180.1.21:9696/networking/v2.0/subnets 0.562s
2025-03-26 20:30:12.779 69644 INFO tempest.lib.common.rest_client [req-4b60a9aa-fc90-487c-93ae-74f69778e24f req-4b60a9aa-fc90-487c-93ae-74f69778e24f ] Request (QuotasAdminTestV257:test_get_updated_quotas): 201 POST http://10.180.1.21/identity/v3/users 0.167s
2025-03-26 20:30:12.801 69650 INFO tempest.lib.common.rest_client [req-7babdf28-28a3-441a-81a1-78d86edab3e2 req-7babdf28-28a3-441a-81a1-78d86edab3e2 ] Request (InstanceUsageAuditLogNegativeTestJSON:tearDownClass): 204 DELETE http://10.180.1.21:9696/networking/v2.0/security-groups/ba924500-3b24-4d2e-b5d0-768e9886b000 0.194s
2025-03-26 20:30:12.809 69672 INFO tempest.lib.common.rest_client [req-65d71b4a-c1c4-4e30-b6b5-4d96ad793c50 req-65d71b4a-c1c4-4e30-b6b5-4d96ad793c50 ] Request (TenantUsagesTestJSON:setUpClass): 201 POST http://10.180.1.21/identity/v3/users 0.132s
2025-03-26 20:30:12.842 69652 INFO tempest.lib.common.rest_client [req-ecc45d03-d337-406e-a4a5-9c8eed1ebd86 req-ecc45d03-d337-406e-a4a5-9c8eed1ebd86 ] Request (QuotaClassesAdmin257Test:setUpClass): 200 GET http://10.180.1.21/identity/v3/roles 0.119s
2025-03-26 20:30:12.866 69644 INFO tempest.lib.common.rest_client [req-ebfad552-c8b5-4ae5-92c5-b534e6d28cf3 req-ebfad552-c8b5-4ae5-92c5-b534e6d28cf3 ] Request (QuotasAdminTestV257:test_get_updated_quotas): 200 GET http://10.180.1.21/identity/v3/domains?name=Default 0.086s
2025-03-26 20:30:12.868 69626 INFO tempest.lib.common.rest_client [req-abd96556-100e-4a9b-ab3d-876de5769cf2 req-abd96556-100e-4a9b-ab3d-876de5769cf2 ] Request (AggregatesAdminNegativeTestJSON:test_aggregate_add_existent_host): 200 POST http://10.180.1.21/compute/v2.1/os-aggregates/1/action 3.193s
2025-03-26 20:30:12.886 69672 INFO tempest.lib.common.rest_client [req-c0d8c65d-7da2-4b2f-b374-44af837277d3 req-c0d8c65d-7da2-4b2f-b374-44af837277d3 ] Request (TenantUsagesTestJSON:setUpClass): 200 GET http://10.180.1.21/identity/v3/roles 0.077s
2025-03-26 20:30:12.892 69658 INFO tempest.lib.common.rest_client [req-6a273a21-199a-4c00-99eb-bd5896b3f831 req-6a273a21-199a-4c00-99eb-bd5896b3f831 ] Request (FlavorsAccessNegativeTestJSON:test_add_flavor_access_duplicate): 200 POST http://10.180.1.21/compute/v2.1/flavors/1543752814/action 2.476s
2025-03-26 20:30:12.901 69681 INFO tempest.lib.common.rest_client [req-2de3bc8c-6068-4f26-98a9-846711a68985 req-2de3bc8c-6068-4f26-98a9-846711a68985 ] Request (HypervisorAdminV253TestBase:test_list_show_detail_hypervisors): 200 GET http://10.180.1.21/compute/v2.1/os-hypervisors/b6b65752-3a4e-4f91-aec6-ee6ecc3102ca 2.430s
2025-03-26 20:30:12.915 69652 INFO tempest.lib.common.rest_client [req-1c7427ce-d4ac-4aff-b8dd-15e913924ff2 req-1c7427ce-d4ac-4aff-b8dd-15e913924ff2 ] Request (QuotaClassesAdmin257Test:setUpClass): 204 PUT http://10.180.1.21/identity/v3/projects/cb2413a4389e4a859a2127f4d14af213/users/403ceb768c1543028022e877764ab806/roles/d9eafddd036c431788225d00bb4edab3 0.072s
2025-03-26 20:30:12.915 69652 INFO tempest.lib.common.dynamic_creds [-] Dynamic test user 403ceb768c1543028022e877764ab806 is created with scope project and roles: ['member']
2025-03-26 20:30:12.916 69652 INFO tempest.lib.common.dynamic_creds [-] Acquired dynamic creds: credentials: Credentials: {'domain_id': 'default', 'domain_name': 'Default', 'username': 'tempest-QuotaClassesAdmin257Test-888401780-project-member', 'project_domain_id': 'default', 'project_domain_name': 'Default', 'project_id': 'cb2413a4389e4a859a2127f4d14af213', 'project_name': 'tempest-QuotaClassesAdmin257Test-888401780', 'tenant_id': 'cb2413a4389e4a859a2127f4d14af213', 'tenant_name': 'tempest-QuotaClassesAdmin257Test-888401780', 'user_domain_id': 'default', 'user_domain_name': 'Default', 'user_id': '403ceb768c1543028022e877764ab806', 'system': None}, Network: None, Subnet: None, Router: None
2025-03-26 20:30:12.916 69652 INFO tempest.lib.common.dynamic_creds [-] Created isolated network resources for: credentials: Credentials: {'domain_id': 'default', 'domain_name': 'Default', 'username': 'tempest-QuotaClassesAdmin257Test-888401780-project-member', 'project_domain_id': 'default', 'project_domain_name': 'Default', 'project_id': 'cb2413a4389e4a859a2127f4d14af213', 'project_name': 'tempest-QuotaClassesAdmin257Test-888401780', 'tenant_id': 'cb2413a4389e4a859a2127f4d14af213', 'tenant_name': 'tempest-QuotaClassesAdmin257Test-888401780', 'user_domain_id': 'default', 'user_domain_name': 'Default', 'user_id': '403ceb768c1543028022e877764ab806', 'system': None}, Network: None, Subnet: None, Router: None
2025-03-26 20:30:12.924 69668 INFO tempest.lib.common.rest_client [req-21fbfc6c-cef7-43f6-8482-a8d75d70ab10 req-21fbfc6c-cef7-43f6-8482-a8d75d70ab10 ] Request (ServerGroup264TestJSON:setUpClass): 201 POST http://10.180.1.21:9696/networking/v2.0/networks 0.584s
2025-03-26 20:30:12.932 69634 INFO tempest.lib.common.rest_client [req-8e29adce-5326-4293-a940-91b5ae0da699 req-8e29adce-5326-4293-a940-91b5ae0da699 ] Request (HostsAdminTestJSON:test_list_hosts_with_a_blank_zone): 200 GET http://10.180.1.21/compute/v2.1/os-hosts?zone= 2.173s
2025-03-26 20:30:12.958 69628 INFO tempest.lib.common.rest_client [req-8d2904b6-dba5-409d-85f8-a9f0af8f87cb req-8d2904b6-dba5-409d-85f8-a9f0af8f87cb ] Request (HypervisorAdminUnderV252Test:test_search_hypervisor): 200 GET http://10.180.1.21/compute/v2.1/os-hypervisors 2.126s
2025-03-26 20:30:12.976 69650 INFO tempest.lib.common.rest_client [req-8034fdff-f52a-4d42-a6b1-925999643a68 req-8034fdff-f52a-4d42-a6b1-925999643a68 ] Request (InstanceUsageAuditLogNegativeTestJSON:tearDownClass): 204 DELETE http://10.180.1.21/identity/v3/projects/2776d2684f3844af9eecd3b0a4af8c42 0.174s
2025-03-26 20:30:12.976 69650 INFO tempest.lib.common.dynamic_creds [-] Deleting project and security group for project: 6318dd500b7f45949726f0148c3ebe78
2025-03-26 20:30:13.022 69672 INFO tempest.lib.common.rest_client [req-679991f9-9157-4ee2-b506-b18bff6ec649 req-679991f9-9157-4ee2-b506-b18bff6ec649 ] Request (TenantUsagesTestJSON:setUpClass): 204 PUT http://10.180.1.21/identity/v3/projects/7b5a9fafc9a846b88b70c3982d6655ef/users/137a77422e274c57a27996c2cd28a19d/roles/d9eafddd036c431788225d00bb4edab3 0.135s
2025-03-26 20:30:13.023 69672 INFO tempest.lib.common.dynamic_creds [-] Dynamic test user 137a77422e274c57a27996c2cd28a19d is created with scope project and roles: ['member']
2025-03-26 20:30:13.023 69672 INFO tempest.lib.common.dynamic_creds [-] Acquired dynamic creds: credentials: Credentials: {'domain_id': 'default', 'domain_name': 'Default', 'username': 'tempest-TenantUsagesTestJSON-1877316683-project-member', 'project_domain_id': 'default', 'project_domain_name': 'Default', 'project_id': '7b5a9fafc9a846b88b70c3982d6655ef', 'project_name': 'tempest-TenantUsagesTestJSON-1877316683', 'tenant_id': '7b5a9fafc9a846b88b70c3982d6655ef', 'tenant_name': 'tempest-TenantUsagesTestJSON-1877316683', 'user_domain_id': 'default', 'user_domain_name': 'Default', 'user_id': '137a77422e274c57a27996c2cd28a19d', 'system': None}, Network: None, Subnet: None, Router: None
2025-03-26 20:30:13.023 69672 INFO tempest.lib.common.dynamic_creds [-] Created isolated network resources for: credentials: Credentials: {'domain_id': 'default', 'domain_name': 'Default', 'username': 'tempest-TenantUsagesTestJSON-1877316683-project-member', 'project_domain_id': 'default', 'project_domain_name': 'Default', 'project_id': '7b5a9fafc9a846b88b70c3982d6655ef', 'project_name': 'tempest-TenantUsagesTestJSON-1877316683', 'tenant_id': '7b5a9fafc9a846b88b70c3982d6655ef', 'tenant_name': 'tempest-TenantUsagesTestJSON-1877316683', 'user_domain_id': 'default', 'user_domain_name': 'Default', 'user_id': '137a77422e274c57a27996c2cd28a19d', 'system': None}, Network: None, Subnet: None, Router: None
2025-03-26 20:30:13.045 69664 INFO tempest.lib.common.rest_client [req-c161d5bd-338b-48a3-aaf6-78dfedde222a req-c161d5bd-338b-48a3-aaf6-78dfedde222a ] Request (MigrationsAdminTest:test_list_migrations_in_flavor_resize_situation): 200 GET http://10.180.1.21/compute/v2.1/servers/feb83f01-3afd-4831-8db9-e37ba30939ad 2.177s
2025-03-26 20:30:13.129 69642 INFO tempest.lib.common.rest_client [req-aa0302ba-61b7-491b-932f-52e4c9c40a0d req-aa0302ba-61b7-491b-932f-52e4c9c40a0d ] Request (FlavorsExtraSpecsTestJSON:test_flavor_non_admin_get_all_keys): 200 GET http://10.180.1.21/compute/v2.1/flavors/1852674576/os-extra_specs 2.627s
2025-03-26 20:30:13.173 69652 INFO tempest.lib.common.rest_client [req-3aec4192-d091-418c-93c4-e138329e7674 req-3aec4192-d091-418c-93c4-e138329e7674 ] Request (QuotaClassesAdmin257Test:setUpClass): 201 POST http://10.180.1.21/identity/v3/auth/tokens 0.253s
2025-03-26 20:30:13.209 69650 INFO tempest.lib.common.rest_client [req-2446d28c-2550-4d6d-bb4a-f11ebf8b8c7c req-2446d28c-2550-4d6d-bb4a-f11ebf8b8c7c ] Request (InstanceUsageAuditLogNegativeTestJSON:tearDownClass): 200 GET http://10.180.1.21:9696/networking/v2.0/security-groups?tenant_id=6318dd500b7f45949726f0148c3ebe78&name=default 0.232s
2025-03-26 20:30:13.218 69681 INFO tempest.lib.common.rest_client [req-e2551950-51a1-496f-8dc6-92b86908601b req-e2551950-51a1-496f-8dc6-92b86908601b ] Request (HypervisorAdminV253TestBase:tearDownClass): 204 DELETE http://10.180.1.21/identity/v3/users/46ed20fc10e8415caea419af6c557007 0.300s
2025-03-26 20:30:13.265 69672 INFO tempest.lib.common.rest_client [req-f19956b9-06fa-4000-acd7-b3ca1db6c12a req-f19956b9-06fa-4000-acd7-b3ca1db6c12a ] Request (TenantUsagesTestJSON:setUpClass): 201 POST http://10.180.1.21/identity/v3/auth/tokens 0.238s
2025-03-26 20:30:13.307 69656 INFO tempest.lib.common.rest_client [req-031db42c-510a-42ca-a102-65bdb2ad1942 req-031db42c-510a-42ca-a102-65bdb2ad1942 ] Request (NetworksTest:test_list_all_networks): 200 GET http://10.180.1.21/compute/v2.1/os-networks 1.914s
2025-03-26 20:30:13.341 69670 INFO tempest.lib.common.rest_client [req-46831608-e46e-4874-9d38-aca8fbe0db7b req-46831608-e46e-4874-9d38-aca8fbe0db7b ] Request (ServersWithSpecificFlavorTestJSON:test_verify_created_server_ephemeral_disk): 200 GET http://10.180.1.21/compute/v2.1/flavors/42 2.264s
2025-03-26 20:30:13.376 69678 INFO tempest.lib.common.rest_client [req-29310f87-b587-4593-8ecc-60163e0ab988 req-29310f87-b587-4593-8ecc-60163e0ab988 ] Request (ServicesAdminNegativeTestJSON:test_get_service_by_invalid_service_and_valid_host): 200 GET http://10.180.1.21/compute/v2.1/os-services 1.942s
2025-03-26 20:30:13.387 69652 INFO tempest.lib.common.rest_client [req-d3da9790-b38c-455d-b43e-d07104a10ec7 req-d3da9790-b38c-455d-b43e-d07104a10ec7 ] Request (QuotaClassesAdmin257Test:setUpClass): 201 POST http://10.180.1.21/identity/v3/projects 0.213s
2025-03-26 20:30:13.393 69682 INFO tempest.lib.common.rest_client [req-68d0384c-cd3a-4244-9fe1-fddb987024c1 req-68d0384c-cd3a-4244-9fe1-fddb987024c1 ] Request (ServicesAdminNegativeV253TestJSON:test_enable_service_with_invalid_service_id): 404 PUT http://10.180.1.21/compute/v2.1/os-services/41b6ac73-4f3c-45de-9e65-dc57d59b258c 1.936s
2025-03-26 20:30:13.403 69650 INFO tempest.lib.common.rest_client [req-ff69ffed-1387-4f46-8b04-d12f2357464d req-ff69ffed-1387-4f46-8b04-d12f2357464d ] Request (InstanceUsageAuditLogNegativeTestJSON:tearDownClass): 204 DELETE http://10.180.1.21:9696/networking/v2.0/security-groups/76f8d20a-bc24-4f4b-a8f7-98d2f1c594d7 0.193s
2025-03-26 20:30:13.438 69681 INFO tempest.lib.common.rest_client [req-c0fb5da4-9ea4-42d6-ba12-2b1f5b217383 req-c0fb5da4-9ea4-42d6-ba12-2b1f5b217383 ] Request (HypervisorAdminV253TestBase:tearDownClass): 204 DELETE http://10.180.1.21/identity/v3/users/ea30368c6fd4484d893fe784113efbec 0.219s
2025-03-26 20:30:13.438 69681 INFO tempest.lib.common.dynamic_creds [-] Deleting project and security group for project: 74dc62bb7bdf495b874468552a154971
2025-03-26 20:30:13.491 69672 INFO tempest.lib.common.rest_client [req-ac17aead-bdcb-4507-9ee0-997f0fbf293d req-ac17aead-bdcb-4507-9ee0-997f0fbf293d ] Request (TenantUsagesTestJSON:setUpClass): 201 POST http://10.180.1.21/identity/v3/projects 0.224s
2025-03-26 20:30:13.533 69656 INFO tempest.lib.common.rest_client [req-c5e2ca02-3a15-4f13-a4b0-dcac7c6b68fb req-c5e2ca02-3a15-4f13-a4b0-dcac7c6b68fb ] Request (NetworksTest:tearDownClass): 204 DELETE http://10.180.1.21/identity/v3/users/1a2d4ba744684a52a635cfda57b28e8c 0.225s
2025-03-26 20:30:13.543 69668 INFO tempest.lib.common.rest_client [req-6376e62d-a428-49b6-b22c-8ba1a80df9f1 req-6376e62d-a428-49b6-b22c-8ba1a80df9f1 ] Request (ServerGroup264TestJSON:setUpClass): 201 POST http://10.180.1.21:9696/networking/v2.0/subnets 0.618s
2025-03-26 20:30:13.549 69620 INFO tempest.lib.common.rest_client [req-0c3c6bc4-6de4-4796-8a35-caa4adfdaec9 req-0c3c6bc4-6de4-4796-8a35-caa4adfdaec9 ] Request (ServerExternalEventsTest:test_create_server_external_events): 200 GET http://10.180.1.21/compute/v2.1/servers/42f0a6b6-116c-4453-84a6-cac9f8750541 2.125s
2025-03-26 20:30:13.574 69624 INFO tempest.lib.common.rest_client [req-68dd1b45-eb4e-427c-9e56-350441e2cc1e req-68dd1b45-eb4e-427c-9e56-350441e2cc1e ] Request (FlavorsAdminTestJSON:test_create_flavor_verify_entry_in_list_details): 200 POST http://10.180.1.21/compute/v2.1/flavors 2.058s
2025-03-26 20:30:13.582 69652 INFO tempest.lib.common.rest_client [req-ca8ddfd0-bc03-47c6-9dfe-b7993e88b073 req-ca8ddfd0-bc03-47c6-9dfe-b7993e88b073 ] Request (QuotaClassesAdmin257Test:setUpClass): 201 POST http://10.180.1.21/identity/v3/users 0.194s
2025-03-26 20:30:13.647 69681 INFO tempest.lib.common.rest_client [req-c92be1eb-f0da-4c57-9fc0-b08e90219dc6 req-c92be1eb-f0da-4c57-9fc0-b08e90219dc6 ] Request (HypervisorAdminV253TestBase:tearDownClass): 201 POST http://10.180.1.21/identity/v3/auth/tokens 0.208s
2025-03-26 20:30:13.674 69650 INFO tempest.lib.common.rest_client [req-ed6c8bc0-d9c0-4aa7-8427-d5fd8ab64d45 req-ed6c8bc0-d9c0-4aa7-8427-d5fd8ab64d45 ] Request (InstanceUsageAuditLogNegativeTestJSON:tearDownClass): 204 DELETE http://10.180.1.21/identity/v3/projects/6318dd500b7f45949726f0148c3ebe78 0.271s
2025-03-26 20:30:13.712 69672 INFO tempest.lib.common.rest_client [req-67fdad49-d03b-4056-8aca-ff70507ad208 req-67fdad49-d03b-4056-8aca-ff70507ad208 ] Request (TenantUsagesTestJSON:setUpClass): 201 POST http://10.180.1.21/identity/v3/users 0.221s
2025-03-26 20:30:13.757 69656 INFO tempest.lib.common.rest_client [req-e525c8eb-7df9-473f-b6fd-de7bfdad5230 req-e525c8eb-7df9-473f-b6fd-de7bfdad5230 ] Request (NetworksTest:tearDownClass): 204 DELETE http://10.180.1.21/identity/v3/users/4676f558cb374cf7ac724bac9477e23e 0.223s
2025-03-26 20:30:13.757 69656 INFO tempest.lib.common.dynamic_creds [-] Deleting project and security group for project: 2737b6bbc0fe4e96be0ddb862e296c60
2025-03-26 20:30:13.779 69676 INFO tempest.lib.common.rest_client [req-7910cabe-7f31-404c-8db4-f873dd7562ee req-7910cabe-7f31-404c-8db4-f873dd7562ee ] Request (FloatingIPsTestJSON:setUpClass): 201 POST http://10.180.1.21:9696/networking/v2.0/routers 1.034s
2025-03-26 20:30:13.807 69652 INFO tempest.lib.common.rest_client [req-49cf398f-de24-4391-a63b-ca677e2a74ba req-49cf398f-de24-4391-a63b-ca677e2a74ba ] Request (QuotaClassesAdmin257Test:setUpClass): 200 GET http://10.180.1.21/identity/v3/roles 0.225s
2025-03-26 20:30:13.832 69650 INFO tempest.lib.common.rest_client [req-ef248383-4a58-4493-b46d-eeef901ed21c req-ef248383-4a58-4493-b46d-eeef901ed21c ] Request (QuotasSecurityGroupAdminNegativeTest:setUpClass): 201 POST http://10.180.1.21/identity/v3/auth/tokens 0.155s
2025-03-26 20:30:13.899 69672 INFO tempest.lib.common.rest_client [req-4c1f30bf-c889-4061-b80b-73d616499559 req-4c1f30bf-c889-4061-b80b-73d616499559 ] Request (TenantUsagesTestJSON:setUpClass): 200 GET http://10.180.1.21/identity/v3/roles 0.187s
2025-03-26 20:30:13.926 69656 INFO tempest.lib.common.rest_client [req-94fc8ace-26f7-4d70-bdde-1321a564de13 req-94fc8ace-26f7-4d70-bdde-1321a564de13 ] Request (NetworksTest:tearDownClass): 201 POST http://10.180.1.21/identity/v3/auth/tokens 0.168s
2025-03-26 20:30:13.927 69652 INFO tempest.lib.common.rest_client [req-d83b4fbb-ce17-41ac-9c59-24a4f5c8635d req-d83b4fbb-ce17-41ac-9c59-24a4f5c8635d ] Request (QuotaClassesAdmin257Test:setUpClass): 204 PUT http://10.180.1.21/identity/v3/projects/c4dbc98498dc4612a5009d8b81b95187/users/bc8897f6e426410880dfc6a6350cc787/roles/ef814a0577af4839b5a526939bd47d84 0.119s
2025-03-26 20:30:13.973 69674 INFO tempest.lib.common.rest_client [req-342c582a-b359-45e1-8de8-04874913305f req-342c582a-b359-45e1-8de8-04874913305f ] Request (QuotasAdminNegativeTest:test_create_server_when_cpu_quota_is_full): 403 POST http://10.180.1.21/compute/v2.1/servers 2.499s
2025-03-26 20:30:13.992 69672 INFO tempest.lib.common.rest_client [req-1956903a-3a8a-4f29-8bbd-9c54da4e2bd7 req-1956903a-3a8a-4f29-8bbd-9c54da4e2bd7 ] Request (TenantUsagesTestJSON:setUpClass): 204 PUT http://10.180.1.21/identity/v3/projects/6db7812f24924ef2aca3952cec484ee6/users/4cc40b82f0474a9481edc2d651c66d1a/roles/ef814a0577af4839b5a526939bd47d84 0.092s
2025-03-26 20:30:13.993 69650 INFO tempest.lib.common.rest_client [req-50943797-e35a-45a1-ab63-c1fef8286bfb req-50943797-e35a-45a1-ab63-c1fef8286bfb ] Request (QuotasSecurityGroupAdminNegativeTest:setUpClass): 201 POST http://10.180.1.21/identity/v3/auth/tokens 0.159s
2025-03-26 20:30:14.033 69652 INFO tempest.lib.common.rest_client [req-5a537b42-4c24-4033-8f62-cffe0ffe7676 req-5a537b42-4c24-4033-8f62-cffe0ffe7676 ] Request (QuotaClassesAdmin257Test:setUpClass): 200 GET http://10.180.1.21/identity/v3/roles 0.106s
2025-03-26 20:30:14.050 69672 INFO tempest.lib.common.rest_client [req-b3ba7417-33a4-44dd-b50c-f092a6406950 req-b3ba7417-33a4-44dd-b50c-f092a6406950 ] Request (TenantUsagesTestJSON:setUpClass): 200 GET http://10.180.1.21/identity/v3/roles 0.058s
2025-03-26 20:30:14.073 69650 INFO tempest.lib.common.rest_client [req-7575d507-2809-47ce-83b0-cd51a4e251bd req-7575d507-2809-47ce-83b0-cd51a4e251bd ] Request (QuotasSecurityGroupAdminNegativeTest:setUpClass): 200 GET http://10.180.1.21/identity/v3/domains?name=Default 0.079s
2025-03-26 20:30:14.088 69652 INFO tempest.lib.common.rest_client [req-38f7efa7-3329-4c6d-b2bb-6543738dad12 req-38f7efa7-3329-4c6d-b2bb-6543738dad12 ] Request (QuotaClassesAdmin257Test:setUpClass): 204 PUT http://10.180.1.21/identity/v3/projects/c4dbc98498dc4612a5009d8b81b95187/users/bc8897f6e426410880dfc6a6350cc787/roles/ef814a0577af4839b5a526939bd47d84 0.055s
2025-03-26 20:30:14.089 69652 INFO tempest.lib.common.dynamic_creds [-] Dynamic test user bc8897f6e426410880dfc6a6350cc787 is created with scope project and roles: ['admin']
2025-03-26 20:30:14.089 69652 INFO tempest.lib.common.dynamic_creds [-] Acquired dynamic creds: credentials: Credentials: {'domain_id': 'default', 'domain_name': 'Default', 'username': 'tempest-QuotaClassesAdmin257Test-398088147-project-admin', 'project_domain_id': 'default', 'project_domain_name': 'Default', 'project_id': 'c4dbc98498dc4612a5009d8b81b95187', 'project_name': 'tempest-QuotaClassesAdmin257Test-398088147', 'tenant_id': 'c4dbc98498dc4612a5009d8b81b95187', 'tenant_name': 'tempest-QuotaClassesAdmin257Test-398088147', 'user_domain_id': 'default', 'user_domain_name': 'Default', 'user_id': 'bc8897f6e426410880dfc6a6350cc787', 'system': None}, Network: None, Subnet: None, Router: None
2025-03-26 20:30:14.089 69652 INFO tempest.lib.common.dynamic_creds [-] Created isolated network resources for: credentials: Credentials: {'domain_id': 'default', 'domain_name': 'Default', 'username': 'tempest-QuotaClassesAdmin257Test-398088147-project-admin', 'project_domain_id': 'default', 'project_domain_name': 'Default', 'project_id': 'c4dbc98498dc4612a5009d8b81b95187', 'project_name': 'tempest-QuotaClassesAdmin257Test-398088147', 'tenant_id': 'c4dbc98498dc4612a5009d8b81b95187', 'tenant_name': 'tempest-QuotaClassesAdmin257Test-398088147', 'user_domain_id': 'default', 'user_domain_name': 'Default', 'user_id': 'bc8897f6e426410880dfc6a6350cc787', 'system': None}, Network: None, Subnet: None, Router: None
2025-03-26 20:30:14.094 69681 INFO tempest.lib.common.rest_client [req-2d2a22eb-3995-44c5-8e69-e11c905c3fe3 req-2d2a22eb-3995-44c5-8e69-e11c905c3fe3 ] Request (HypervisorAdminV253TestBase:tearDownClass): 200 GET http://10.180.1.21:9696/networking/v2.0/security-groups?tenant_id=74dc62bb7bdf495b874468552a154971&name=default 0.447s
2025-03-26 20:30:14.108 69640 INFO tempest.lib.common.rest_client [req-8da3fb8e-53d0-475a-b8b7-e0b4270d5039 req-8da3fb8e-53d0-475a-b8b7-e0b4270d5039 ] Request (ServerDiagnosticsV248Test:test_get_server_diagnostics): 200 GET http://10.180.1.21/compute/v2.1/servers/d5f48c32-267d-4702-b9f2-11cc5588a84e 2.214s
2025-03-26 20:30:14.130 69636 INFO tempest.lib.common.rest_client [req-4a8afdb0-0166-420d-b7be-65c64c88bd5e req-4a8afdb0-0166-420d-b7be-65c64c88bd5e ] Request (HostsAdminNegativeTestJSON:test_reboot_nonexistent_host): 404 GET http://10.180.1.21/compute/v2.1/os-hosts/nonexistent_hostname/reboot 2.052s
2025-03-26 20:30:14.136 69630 INFO tempest.lib.common.rest_client [req-41b40ff7-a7f0-46be-9e43-333ff7e475cc req-41b40ff7-a7f0-46be-9e43-333ff7e475cc ] Request (FlavorsExtraSpecsNegativeTestJSON:test_flavor_non_admin_unset_keys): 403 DELETE http://10.180.1.21/compute/v2.1/flavors/1901858032/os-extra_specs/hw:numa_nodes 2.019s
2025-03-26 20:30:14.136 69672 INFO tempest.lib.common.rest_client [req-b38ebf3a-55f8-481c-924a-f45a6f8d95f1 req-b38ebf3a-55f8-481c-924a-f45a6f8d95f1 ] Request (TenantUsagesTestJSON:setUpClass): 204 PUT http://10.180.1.21/identity/v3/projects/6db7812f24924ef2aca3952cec484ee6/users/4cc40b82f0474a9481edc2d651c66d1a/roles/ef814a0577af4839b5a526939bd47d84 0.085s
2025-03-26 20:30:14.136 69672 INFO tempest.lib.common.dynamic_creds [-] Dynamic test user 4cc40b82f0474a9481edc2d651c66d1a is created with scope project and roles: ['admin']
2025-03-26 20:30:14.136 69672 INFO tempest.lib.common.dynamic_creds [-] Acquired dynamic creds: credentials: Credentials: {'domain_id': 'default', 'domain_name': 'Default', 'username': 'tempest-TenantUsagesTestJSON-64820162-project-admin', 'project_domain_id': 'default', 'project_domain_name': 'Default', 'project_id': '6db7812f24924ef2aca3952cec484ee6', 'project_name': 'tempest-TenantUsagesTestJSON-64820162', 'tenant_id': '6db7812f24924ef2aca3952cec484ee6', 'tenant_name': 'tempest-TenantUsagesTestJSON-64820162', 'user_domain_id': 'default', 'user_domain_name': 'Default', 'user_id': '4cc40b82f0474a9481edc2d651c66d1a', 'system': None}, Network: None, Subnet: None, Router: None
2025-03-26 20:30:14.136 69672 INFO tempest.lib.common.dynamic_creds [-] Created isolated network resources for: credentials: Credentials: {'domain_id': 'default', 'domain_name': 'Default', 'username': 'tempest-TenantUsagesTestJSON-64820162-project-admin', 'project_domain_id': 'default', 'project_domain_name': 'Default', 'project_id': '6db7812f24924ef2aca3952cec484ee6', 'project_name': 'tempest-TenantUsagesTestJSON-64820162', 'tenant_id': '6db7812f24924ef2aca3952cec484ee6', 'tenant_name': 'tempest-TenantUsagesTestJSON-64820162', 'user_domain_id': 'default', 'user_domain_name': 'Default', 'user_id': '4cc40b82f0474a9481edc2d651c66d1a', 'system': None}, Network: None, Subnet: None, Router: None
2025-03-26 20:30:14.154 69648 INFO tempest.lib.common.rest_client [req-6ca13ce7-70e2-439c-9a56-6d55d4ba0237 req-6ca13ce7-70e2-439c-9a56-6d55d4ba0237 ] Request (VolumesAssistedSnapshotsTest:setUpClass): 201 POST http://10.180.1.21:9696/networking/v2.0/routers 1.885s
2025-03-26 20:30:14.159 69650 INFO tempest.lib.common.rest_client [req-6a8019e7-d6ce-4636-bbec-535c1301ec54 req-6a8019e7-d6ce-4636-bbec-535c1301ec54 ] Request (QuotasSecurityGroupAdminNegativeTest:setUpClass): 201 POST http://10.180.1.21/identity/v3/projects 0.086s
2025-03-26 20:30:14.171 69660 INFO tempest.lib.common.rest_client [req-ecbac214-8ff4-4dcb-99d4-80e752fdd288 req-ecbac214-8ff4-4dcb-99d4-80e752fdd288 ] Request (FlavorsV2TestJSON:test_list_flavors_detailed_filter_by_min_ram): 200 GET http://10.180.1.21/compute/v2.1/flavors/detail?minRam=193 2.033s
2025-03-26 20:30:14.189 69654 INFO tempest.lib.common.rest_client [req-a668c42c-8c3e-4936-b3f3-2bd0b8759647 req-a668c42c-8c3e-4936-b3f3-2bd0b8759647 ] Request (ImagesDeleteNegativeTestJSON:test_delete_non_existent_image): 404 DELETE http://10.180.1.21/compute/v2.1/images/95a4febf-51c2-4a0b-bae5-aa7ab573b686 1.683s
2025-03-26 20:30:14.206 69652 INFO tempest.lib.common.rest_client [req-e5632267-bc61-4e7f-b339-a8eb61e3bfeb req-e5632267-bc61-4e7f-b339-a8eb61e3bfeb ] Request (QuotaClassesAdmin257Test:setUpClass): 201 POST http://10.180.1.21/identity/v3/auth/tokens 0.114s
2025-03-26 20:30:14.219 69638 INFO tempest.lib.common.rest_client [req-32e9046e-1650-4e8b-9750-cfb1786453d1 req-32e9046e-1650-4e8b-9750-cfb1786453d1 ] Request (FlavorsV261TestJSON:test_crud_flavor): 200 GET http://10.180.1.21/compute/v2.1/flavors/detail 1.668s
2025-03-26 20:30:14.249 69672 INFO tempest.lib.common.rest_client [req-349dff3a-042e-42c6-8455-3d664436a3d4 req-349dff3a-042e-42c6-8455-3d664436a3d4 ] Request (TenantUsagesTestJSON:setUpClass): 201 POST http://10.180.1.21/identity/v3/auth/tokens 0.108s
2025-03-26 20:30:14.250 69672 WARNING tempest.lib.common.rest_client [-] Deprecated: "tenant_id" property is deprecated for removal, use "project_id" instead
2025-03-26 20:30:14.252 69656 INFO tempest.lib.common.rest_client [req-c59946d0-62e3-46a9-a762-2d2fb604a5f8 req-c59946d0-62e3-46a9-a762-2d2fb604a5f8 ] Request (NetworksTest:tearDownClass): 200 GET http://10.180.1.21:9696/networking/v2.0/security-groups?tenant_id=2737b6bbc0fe4e96be0ddb862e296c60&name=default 0.326s
2025-03-26 20:30:14.257 69650 INFO tempest.lib.common.rest_client [req-b0d10208-af67-4a85-b50d-63bd4e92cb37 req-b0d10208-af67-4a85-b50d-63bd4e92cb37 ] Request (QuotasSecurityGroupAdminNegativeTest:setUpClass): 201 POST http://10.180.1.21/identity/v3/users 0.095s
2025-03-26 20:30:14.276 69650 INFO tempest.lib.common.rest_client [req-414067a8-e082-44c5-a675-304321da8843 req-414067a8-e082-44c5-a675-304321da8843 ] Request (QuotasSecurityGroupAdminNegativeTest:setUpClass): 200 GET http://10.180.1.21/identity/v3/roles 0.019s
2025-03-26 20:30:14.320 69654 INFO tempest.lib.common.rest_client [req-99986319-3280-435c-b077-f88ea96aa14b req-99986319-3280-435c-b077-f88ea96aa14b ] Request (ImagesDeleteNegativeTestJSON:tearDownClass): 204 DELETE http://10.180.1.21/identity/v3/users/8f58b61285c1454f924b3d9597038671 0.129s
2025-03-26 20:30:14.320 69654 INFO tempest.lib.common.dynamic_creds [-] Deleting project and security group for project: f39ad652779642418822ddb05b2c0093
2025-03-26 20:30:14.340 69672 INFO tempest.lib.common.rest_client [req-00b01f39-6116-4d5b-a0ab-f4d6e37236d9 req-00b01f39-6116-4d5b-a0ab-f4d6e37236d9 ] Request (TenantUsagesTestJSON:setUpClass): 201 POST http://10.180.1.21/identity/v3/auth/tokens 0.081s
2025-03-26 20:30:14.341 69672 INFO tempest.lib.common.fixed_network [-] (TenantUsagesTestJSON:setUpClass) Found network None available for tenant
2025-03-26 20:30:14.361 69632 INFO tempest.lib.common.rest_client [req-2266ea5e-4449-405b-9183-cae506eb8db5 req-2266ea5e-4449-405b-9183-cae506eb8db5 ] Request (ServersTestJSON:setUpClass): 200 GET http://10.180.1.21/compute/v2.1/servers/b631bcce-e3d1-402d-83c6-80e7054fee6e 1.684s
2025-03-26 20:30:14.366 69654 INFO tempest.lib.common.rest_client [req-1b1498b4-c15d-4708-86b6-ca916e168050 req-1b1498b4-c15d-4708-86b6-ca916e168050 ] Request (ImagesDeleteNegativeTestJSON:tearDownClass): 201 POST http://10.180.1.21/identity/v3/auth/tokens 0.045s
2025-03-26 20:30:14.379 69632 INFO tempest.common.waiters [-] State transition "BUILD/None" ==> "BUILD/networking" after 3 second wait
2025-03-26 20:30:14.380 69650 INFO tempest.lib.common.rest_client [req-84546c20-1a6e-47ea-9a94-ff636078a97d req-84546c20-1a6e-47ea-9a94-ff636078a97d ] Request (QuotasSecurityGroupAdminNegativeTest:setUpClass): 204 PUT http://10.180.1.21/identity/v3/projects/8f66a7e20ee74aa0a11e7559609de358/users/6855faf7f236422281615833605112b6/roles/d9eafddd036c431788225d00bb4edab3 0.103s
2025-03-26 20:30:14.380 69650 INFO tempest.lib.common.dynamic_creds [-] Dynamic test user 6855faf7f236422281615833605112b6 is created with scope project and roles: ['member']
