2025-03-26 20:32:25.416 69636 INFO tempest.lib.common.rest_client [req-fd776523-2825-4ed5-8a78-baea7516819f req-fd776523-2825-4ed5-8a78-baea7516819f ] Request (AttachInterfacesV270Test:tearDownClass): 200 GET http://10.180.1.21/compute/v2.1/servers/befcb11c-d6e0-4353-90a1-fadd093233ed 0.063s
2025-03-26 20:32:25.469 69646 INFO tempest.lib.common.rest_client [req-25f3a1cb-0e7e-4de2-98fa-7e6449b39d3c req-25f3a1cb-0e7e-4de2-98fa-7e6449b39d3c ] Request (ServersAdminNegativeTestJSON:test_migrate_server_invalid_state): 200 GET http://10.180.1.21/compute/v2.1/servers/a77ed464-9d0a-4415-ae63-283495910c76 0.069s
2025-03-26 20:32:25.522 69674 INFO tempest.lib.common.rest_client [req-79629e3e-da64-4342-afcc-cb0887e94341 req-79629e3e-da64-4342-afcc-cb0887e94341 ] Request (InstanceActionsNegativeTestJSON:setUpClass): 200 GET http://10.180.1.21/compute/v2.1/servers/791ac5be-123d-4525-92fc-cfd6ec43c0c1 0.092s
2025-03-26 20:32:25.551 69666 INFO tempest.lib.common.rest_client [req-ec754f65-ef31-4cd6-ab19-d2a8b755a17d req-ec754f65-ef31-4cd6-ab19-d2a8b755a17d ] Request (ServersTestBootFromVolume:setUpClass): 200 GET http://10.180.1.21/compute/v2.1/servers/65c0d4f0-aa25-47b7-90ce-c5a4b42a0e61 0.172s
2025-03-26 20:32:25.571 69640 INFO tempest.lib.common.rest_client [req-2e72cd64-76d6-4c0c-bb30-86f0c39e95e1 req-2e72cd64-76d6-4c0c-bb30-86f0c39e95e1 ] Request (FloatingIPsAssociationTestJSON:setUpClass): 200 GET http://10.180.1.21/compute/v2.1/servers/5521f7d1-b8ac-4856-8722-4fd67133da37 0.089s
2025-03-26 20:32:25.629 69624 INFO tempest.lib.common.rest_client [req-1d3fef2c-7cbc-4aa6-8e77-795b16bfa943 req-1d3fef2c-7cbc-4aa6-8e77-795b16bfa943 ] Request (ServersV294TestFqdnHostnames:setUpClass): 200 GET http://10.180.1.21/compute/v2.1/servers/40edaa33-9955-4ea7-bdc7-3276ac7c63c7 0.083s
2025-03-26 20:32:25.685 69638 INFO tempest.lib.common.rest_client [req-b7847d77-e2d6-4c5e-929c-9dbb02bf558f req-b7847d77-e2d6-4c5e-929c-9dbb02bf558f ] Request (ServerDiskConfigTestJSON:test_rebuild_server_with_manual_disk_config): 200 GET http://10.180.1.21/compute/v2.1/servers/b9f03655-3359-4901-a28a-08abe82ee49f 0.128s
2025-03-26 20:32:25.715 69663 INFO tempest.lib.common.rest_client [req-bd994158-bd1d-4cfa-9752-c28a6a6fc7ea req-bd994158-bd1d-4cfa-9752-c28a6a6fc7ea ] Request (MultipleCreateTestJSON:test_multiple_create_with_reservation_return): 200 GET http://10.180.1.21/compute/v2.1/servers/a0079d1d-6c08-4567-9749-13625c373993 0.218s
2025-03-26 20:32:25.735 69681 INFO tempest.lib.common.rest_client [req-5c93f35c-8f92-4030-9e84-0319536549f7 req-5c93f35c-8f92-4030-9e84-0319536549f7 ] Request (ServersTestMultiNic:test_verify_multiple_nics_order): 200 GET http://10.180.1.21/compute/v2.1/servers/920276bd-e963-42f7-8509-aa0dc104fe6d 0.138s
2025-03-26 20:32:25.753 69650 INFO tempest.lib.common.rest_client [req-96b29405-e39d-4112-be9c-eb3b0b45c045 req-96b29405-e39d-4112-be9c-eb3b0b45c045 ] Request (ListImageFiltersTestJSON:setUpClass): 200 GET http://10.180.1.21/compute/v2.1/images/19c0d7c1-e599-4f1a-86b5-fca4e71ea113 0.123s
2025-03-26 20:32:25.812 69656 INFO tempest.lib.common.rest_client [req-7897944e-ed46-4cbb-a8a9-84076ed32161 req-7897944e-ed46-4cbb-a8a9-84076ed32161 ] Request (DeleteServersTestJSON:test_delete_active_server): 200 GET http://10.180.1.21/compute/v2.1/servers/2519898f-43dc-40a6-aec0-bd4363f03171 0.114s
2025-03-26 20:32:25.834 69652 INFO tempest.lib.common.rest_client [req-98e4cbe6-c574-4cad-91eb-0780e89e16ca req-98e4cbe6-c574-4cad-91eb-0780e89e16ca ] Request (SecurityGroupsTestJSON:test_server_security_groups): 200 GET http://10.180.1.21/compute/v2.1/servers/b7997ffc-bbfd-48e9-bced-d8224ce6e908 0.181s
2025-03-26 20:32:25.880 69644 INFO tempest.lib.common.rest_client [req-23a8df43-788e-4592-9cf8-f073c158c453 req-23a8df43-788e-4592-9cf8-f073c158c453 ] Request (InstanceActionsTestJSON:tearDownClass): 200 GET http://10.180.1.21/compute/v2.1/servers/8f0de8f5-8746-48b4-a7ab-7db84d0c2e3f 0.164s
2025-03-26 20:32:25.892 69664 INFO tempest.lib.common.rest_client [req-ce206621-4e6c-4f91-af8d-bab9f34aa833 req-ce206621-4e6c-4f91-af8d-bab9f34aa833 ] Request (MigrationsAdminTest:test_resize_server_revert_deleted_flavor): 200 GET http://10.180.1.21/compute/v2.1/servers/58bc7378-cf42-446a-a5dc-bd89aa59e7bd 0.130s
2025-03-26 20:32:25.980 69642 INFO tempest.lib.common.rest_client [req-bcb1936c-72f9-47d7-bbf7-a9f789868dbc req-bcb1936c-72f9-47d7-bbf7-a9f789868dbc ] Request (ImagesNegativeTestJSON:test_create_image_from_deleted_server): 200 GET http://10.180.1.21/compute/v2.1/servers/3d41d0c9-f036-4ea1-9316-13e5220f0f72 0.067s
2025-03-26 20:32:26.157 69622 INFO tempest.lib.common.rest_client [req-fdb4d8b3-df94-4ba4-b657-b8126ef4b469 req-fdb4d8b3-df94-4ba4-b657-b8126ef4b469 ] Request (ImagesOneServerTestJSON:setUpClass): 200 GET http://10.180.1.21/compute/v2.1/servers/f9577dc2-a6f8-450d-8bac-6963a5dc18e7 0.061s
2025-03-26 20:32:26.171 69620 WARNING tempest.lib.common.ssh [-] Failed to establish authenticated ssh connection to cirros@10.180.180.161 ([Errno None] Unable to connect to port 22 on 10.180.180.161). Number attempts: 2. Retry after 3 seconds.: paramiko.ssh_exception.NoValidConnectionsError: [Errno None] Unable to connect to port 22 on 10.180.180.161
2025-03-26 20:32:26.225 69682 INFO tempest.lib.common.rest_client [req-ce7dffd6-935f-408a-92da-c5107e5e7eea req-ce7dffd6-935f-408a-92da-c5107e5e7eea ] Request (ServerAddressesNegativeTestJSON:tearDownClass): 200 GET http://10.180.1.21/compute/v2.1/servers/29559c63-43a4-48ac-b902-d8c20252d8ae 0.068s
2025-03-26 20:32:26.276 69628 INFO tempest.lib.common.rest_client [req-8a4a82f6-4d4c-4fe1-bab9-9c514fa04036 req-8a4a82f6-4d4c-4fe1-bab9-9c514fa04036 ] Request (ServersAaction247Test:test_create_backup): 200 GET http://10.180.1.21/compute/v2.1/servers/2f9250a9-9579-4d2d-9dbb-fe9e551a85a0 0.060s
2025-03-26 20:32:26.462 69676 INFO tempest.lib.common.rest_client [req-ffc249a3-3ea2-476d-95e1-44f4815e24f1 req-ffc249a3-3ea2-476d-95e1-44f4815e24f1 ] Request (ServerActionsV293TestJSON:setUpClass): 200 GET http://10.180.1.21/compute/v2.1/servers/64c6e2db-aaf3-4fff-9792-f8a0b589e74d 0.102s
2025-03-26 20:32:26.473 69676 INFO tempest.common.waiters [-] State transition "BUILD/networking" ==> "BUILD/block_device_mapping" after 61 second wait
2025-03-26 20:32:26.498 69636 INFO tempest.lib.common.rest_client [req-77291b01-4630-4255-8e36-36ae4469a4a7 req-77291b01-4630-4255-8e36-36ae4469a4a7 ] Request (AttachInterfacesV270Test:tearDownClass): 200 GET http://10.180.1.21/compute/v2.1/servers/befcb11c-d6e0-4353-90a1-fadd093233ed 0.072s
2025-03-26 20:32:26.530 69646 INFO tempest.lib.common.rest_client [req-e37f8c00-b253-4129-bcc5-66102fbb02c9 req-e37f8c00-b253-4129-bcc5-66102fbb02c9 ] Request (ServersAdminNegativeTestJSON:test_migrate_server_invalid_state): 200 GET http://10.180.1.21/compute/v2.1/servers/a77ed464-9d0a-4415-ae63-283495910c76 0.053s
2025-03-26 20:32:26.592 69674 INFO tempest.lib.common.rest_client [req-58e355ce-8d4c-453c-957a-75032920621c req-58e355ce-8d4c-453c-957a-75032920621c ] Request (InstanceActionsNegativeTestJSON:setUpClass): 200 GET http://10.180.1.21/compute/v2.1/servers/791ac5be-123d-4525-92fc-cfd6ec43c0c1 0.061s
2025-03-26 20:32:26.646 69640 INFO tempest.lib.common.rest_client [req-918abcc0-1e9a-4f18-9702-b39e03b9cc60 req-918abcc0-1e9a-4f18-9702-b39e03b9cc60 ] Request (FloatingIPsAssociationTestJSON:setUpClass): 200 GET http://10.180.1.21/compute/v2.1/servers/5521f7d1-b8ac-4856-8722-4fd67133da37 0.065s
2025-03-26 20:32:26.669 69666 INFO tempest.lib.common.rest_client [req-56cf32c2-e34c-4d95-a34b-2d7dd3b00465 req-56cf32c2-e34c-4d95-a34b-2d7dd3b00465 ] Request (ServersTestBootFromVolume:setUpClass): 200 GET http://10.180.1.21/compute/v2.1/servers/65c0d4f0-aa25-47b7-90ce-c5a4b42a0e61 0.111s
2025-03-26 20:32:26.709 69624 INFO tempest.lib.common.rest_client [req-83770e5b-87a6-4a8b-a064-2a2b9868674d req-83770e5b-87a6-4a8b-a064-2a2b9868674d ] Request (ServersV294TestFqdnHostnames:setUpClass): 200 GET http://10.180.1.21/compute/v2.1/servers/40edaa33-9955-4ea7-bdc7-3276ac7c63c7 0.066s
2025-03-26 20:32:26.752 69638 INFO tempest.lib.common.rest_client [req-32f7c694-97d2-407e-bb0d-0bbba4fb1a20 req-32f7c694-97d2-407e-bb0d-0bbba4fb1a20 ] Request (ServerDiskConfigTestJSON:test_rebuild_server_with_manual_disk_config): 200 GET http://10.180.1.21/compute/v2.1/servers/b9f03655-3359-4901-a28a-08abe82ee49f 0.060s
2025-03-26 20:32:26.816 69681 INFO tempest.lib.common.rest_client [req-78ae34ca-c733-4b8b-b5b1-5f73e53262a7 req-78ae34ca-c733-4b8b-b5b1-5f73e53262a7 ] Request (ServersTestMultiNic:test_verify_multiple_nics_order): 200 GET http://10.180.1.21/compute/v2.1/servers/920276bd-e963-42f7-8509-aa0dc104fe6d 0.072s
2025-03-26 20:32:26.851 69650 INFO tempest.lib.common.rest_client [req-ffe3d56a-9c65-4b02-a56a-97937e19aba2 req-ffe3d56a-9c65-4b02-a56a-97937e19aba2 ] Request (ListImageFiltersTestJSON:setUpClass): 200 GET http://10.180.1.21/compute/v2.1/images/19c0d7c1-e599-4f1a-86b5-fca4e71ea113 0.090s
2025-03-26 20:32:26.858 69663 INFO tempest.lib.common.rest_client [req-2f43a769-75d6-4804-86ed-039c72b4fa17 req-2f43a769-75d6-4804-86ed-039c72b4fa17 ] Request (MultipleCreateTestJSON:test_multiple_create_with_reservation_return): 200 GET http://10.180.1.21/compute/v2.1/servers/a0079d1d-6c08-4567-9749-13625c373993 0.133s
2025-03-26 20:32:26.923 69656 INFO tempest.lib.common.rest_client [req-836e0d35-a293-4eb7-a6d8-f9b45480da34 req-836e0d35-a293-4eb7-a6d8-f9b45480da34 ] Request (DeleteServersTestJSON:test_delete_active_server): 200 GET http://10.180.1.21/compute/v2.1/servers/2519898f-43dc-40a6-aec0-bd4363f03171 0.100s
2025-03-26 20:32:26.962 69652 INFO tempest.lib.common.rest_client [req-920b6c4c-1ffc-445c-8a35-6572a105a8c3 req-920b6c4c-1ffc-445c-8a35-6572a105a8c3 ] Request (SecurityGroupsTestJSON:test_server_security_groups): 200 GET http://10.180.1.21/compute/v2.1/servers/b7997ffc-bbfd-48e9-bced-d8224ce6e908 0.116s
2025-03-26 20:32:26.969 69644 INFO tempest.lib.common.rest_client [req-f2a7db98-fbb0-42aa-af15-8126b408371b req-f2a7db98-fbb0-42aa-af15-8126b408371b ] Request (InstanceActionsTestJSON:tearDownClass): 404 GET http://10.180.1.21/compute/v2.1/servers/8f0de8f5-8746-48b4-a7ab-7db84d0c2e3f 0.080s
2025-03-26 20:32:27.012 69664 INFO tempest.lib.common.rest_client [req-6f853842-a579-4f12-b54c-2c077d2a32a6 req-6f853842-a579-4f12-b54c-2c077d2a32a6 ] Request (MigrationsAdminTest:test_resize_server_revert_deleted_flavor): 200 GET http://10.180.1.21/compute/v2.1/servers/58bc7378-cf42-446a-a5dc-bd89aa59e7bd 0.112s
2025-03-26 20:32:27.055 69642 INFO tempest.lib.common.rest_client [req-e1ec0d96-6f98-453f-80db-f5fd2e5bfa90 req-e1ec0d96-6f98-453f-80db-f5fd2e5bfa90 ] Request (ImagesNegativeTestJSON:test_create_image_from_deleted_server): 200 GET http://10.180.1.21/compute/v2.1/servers/3d41d0c9-f036-4ea1-9316-13e5220f0f72 0.066s
2025-03-26 20:32:27.293 69682 INFO tempest.lib.common.rest_client [req-db17bede-d5be-448c-bf6f-fc3ef1a5700b req-db17bede-d5be-448c-bf6f-fc3ef1a5700b ] Request (ServerAddressesNegativeTestJSON:tearDownClass): 200 GET http://10.180.1.21/compute/v2.1/servers/29559c63-43a4-48ac-b902-d8c20252d8ae 0.057s
2025-03-26 20:32:27.294 69622 INFO tempest.lib.common.rest_client [req-0d3331ad-7e47-4d37-9bb3-ed20a0bf41a1 req-0d3331ad-7e47-4d37-9bb3-ed20a0bf41a1 ] Request (ImagesOneServerTestJSON:setUpClass): 200 GET http://10.180.1.21/compute/v2.1/servers/f9577dc2-a6f8-450d-8bac-6963a5dc18e7 0.128s
2025-03-26 20:32:27.345 69628 INFO tempest.lib.common.rest_client [req-c341b27c-1bc8-40d3-b842-2197adb582d6 req-c341b27c-1bc8-40d3-b842-2197adb582d6 ] Request (ServersAaction247Test:test_create_backup): 200 GET http://10.180.1.21/compute/v2.1/servers/2f9250a9-9579-4d2d-9dbb-fe9e551a85a0 0.059s
2025-03-26 20:32:27.575 69636 INFO tempest.lib.common.rest_client [req-5fd5aed7-31ca-41f4-babd-9af203ce36f5 req-5fd5aed7-31ca-41f4-babd-9af203ce36f5 ] Request (AttachInterfacesV270Test:tearDownClass): 200 GET http://10.180.1.21/compute/v2.1/servers/befcb11c-d6e0-4353-90a1-fadd093233ed 0.067s
2025-03-26 20:32:27.628 69646 INFO tempest.lib.common.rest_client [req-bdc304ab-9858-4439-9d1c-e96e675cb721 req-bdc304ab-9858-4439-9d1c-e96e675cb721 ] Request (ServersAdminNegativeTestJSON:test_migrate_server_invalid_state): 200 GET http://10.180.1.21/compute/v2.1/servers/a77ed464-9d0a-4415-ae63-283495910c76 0.088s
2025-03-26 20:32:27.648 69676 INFO tempest.lib.common.rest_client [req-4ececc6f-a115-4a6a-b90f-2b4939c0f811 req-4ececc6f-a115-4a6a-b90f-2b4939c0f811 ] Request (ServerActionsV293TestJSON:setUpClass): 200 GET http://10.180.1.21/compute/v2.1/servers/64c6e2db-aaf3-4fff-9792-f8a0b589e74d 0.173s
2025-03-26 20:32:27.689 69674 INFO tempest.lib.common.rest_client [req-dbce3271-8a3c-498b-8b4e-b583edc5e0f0 req-dbce3271-8a3c-498b-8b4e-b583edc5e0f0 ] Request (InstanceActionsNegativeTestJSON:setUpClass): 200 GET http://10.180.1.21/compute/v2.1/servers/791ac5be-123d-4525-92fc-cfd6ec43c0c1 0.088s
2025-03-26 20:32:27.717 69640 INFO tempest.lib.common.rest_client [req-248414ae-6bc3-43b6-b5d8-108390a8313f req-248414ae-6bc3-43b6-b5d8-108390a8313f ] Request (FloatingIPsAssociationTestJSON:setUpClass): 200 GET http://10.180.1.21/compute/v2.1/servers/5521f7d1-b8ac-4856-8722-4fd67133da37 0.062s
2025-03-26 20:32:27.785 69624 INFO tempest.lib.common.rest_client [req-57ec8a64-173a-4f5c-99e0-9db3b0c2cf19 req-57ec8a64-173a-4f5c-99e0-9db3b0c2cf19 ] Request (ServersV294TestFqdnHostnames:setUpClass): 200 GET http://10.180.1.21/compute/v2.1/servers/40edaa33-9955-4ea7-bdc7-3276ac7c63c7 0.064s
2025-03-26 20:32:27.788 69666 INFO tempest.lib.common.rest_client [req-d88ed47d-0a0f-4781-96cf-32dd5fe17bba req-d88ed47d-0a0f-4781-96cf-32dd5fe17bba ] Request (ServersTestBootFromVolume:setUpClass): 200 GET http://10.180.1.21/compute/v2.1/servers/65c0d4f0-aa25-47b7-90ce-c5a4b42a0e61 0.110s
2025-03-26 20:32:27.839 69638 INFO tempest.lib.common.rest_client [req-1dc45f21-9186-4d23-8148-ebfcab681eeb req-1dc45f21-9186-4d23-8148-ebfcab681eeb ] Request (ServerDiskConfigTestJSON:test_rebuild_server_with_manual_disk_config): 200 GET http://10.180.1.21/compute/v2.1/servers/b9f03655-3359-4901-a28a-08abe82ee49f 0.075s
2025-03-26 20:32:27.874 69681 INFO tempest.lib.common.rest_client [req-5204e0fb-fcec-4b9e-8b46-ab68dd31bcd2 req-5204e0fb-fcec-4b9e-8b46-ab68dd31bcd2 ] Request (ServersTestMultiNic:test_verify_multiple_nics_order): 200 GET http://10.180.1.21/compute/v2.1/servers/920276bd-e963-42f7-8509-aa0dc104fe6d 0.049s
2025-03-26 20:32:27.892 69650 INFO tempest.lib.common.rest_client [req-1907c586-e986-42d4-a416-5a5c615f7394 req-1907c586-e986-42d4-a416-5a5c615f7394 ] Request (ListImageFiltersTestJSON:setUpClass): 200 GET http://10.180.1.21/compute/v2.1/images/19c0d7c1-e599-4f1a-86b5-fca4e71ea113 0.038s
2025-03-26 20:32:27.913 69644 INFO tempest.lib.common.rest_client [req-2f0197e6-8312-4514-a974-4d5f7dcd25e6 req-2f0197e6-8312-4514-a974-4d5f7dcd25e6 ] Request (InstanceActionsTestJSON:tearDownClass): 200 PUT http://10.180.1.21:9696/networking/v2.0/routers/73c624de-5ecb-452d-a201-da17a1ec6500/remove_router_interface 0.942s
2025-03-26 20:32:27.965 69663 INFO tempest.lib.common.rest_client [req-d77bf598-4322-4ed7-89d7-d08418a9ee52 req-d77bf598-4322-4ed7-89d7-d08418a9ee52 ] Request (MultipleCreateTestJSON:test_multiple_create_with_reservation_return): 200 GET http://10.180.1.21/compute/v2.1/servers/a0079d1d-6c08-4567-9749-13625c373993 0.100s
2025-03-26 20:32:28.010 69656 INFO tempest.lib.common.rest_client [req-70ab61de-d858-4dea-b515-2347d9f1af3d req-70ab61de-d858-4dea-b515-2347d9f1af3d ] Request (DeleteServersTestJSON:test_delete_active_server): 200 GET http://10.180.1.21/compute/v2.1/servers/2519898f-43dc-40a6-aec0-bd4363f03171 0.071s
2025-03-26 20:32:28.084 69664 INFO tempest.lib.common.rest_client [req-9f4bb2d0-b74b-4e67-9ea4-c92597da8369 req-9f4bb2d0-b74b-4e67-9ea4-c92597da8369 ] Request (MigrationsAdminTest:test_resize_server_revert_deleted_flavor): 200 GET http://10.180.1.21/compute/v2.1/servers/58bc7378-cf42-446a-a5dc-bd89aa59e7bd 0.064s
2025-03-26 20:32:28.156 69642 INFO tempest.lib.common.rest_client [req-5173cae3-085b-45bb-ba73-e827eba91363 req-5173cae3-085b-45bb-ba73-e827eba91363 ] Request (ImagesNegativeTestJSON:test_create_image_from_deleted_server): 200 GET http://10.180.1.21/compute/v2.1/servers/3d41d0c9-f036-4ea1-9316-13e5220f0f72 0.093s
2025-03-26 20:32:28.191 69652 INFO tempest.lib.common.rest_client [req-8d236a84-3a78-40a6-8c64-4462374043da req-8d236a84-3a78-40a6-8c64-4462374043da ] Request (SecurityGroupsTestJSON:test_server_security_groups): 200 GET http://10.180.1.21/compute/v2.1/servers/b7997ffc-bbfd-48e9-bced-d8224ce6e908 0.214s
2025-03-26 20:32:28.313 69644 INFO tempest.lib.common.rest_client [req-2bd0301e-b272-4708-a1ed-87299341db76 req-2bd0301e-b272-4708-a1ed-87299341db76 ] Request (InstanceActionsTestJSON:tearDownClass): 204 DELETE http://10.180.1.21:9696/networking/v2.0/routers/73c624de-5ecb-452d-a201-da17a1ec6500 0.400s
2025-03-26 20:32:28.373 69622 INFO tempest.lib.common.rest_client [req-7392fc9d-35ea-4644-b322-f027e620e893 req-7392fc9d-35ea-4644-b322-f027e620e893 ] Request (ImagesOneServerTestJSON:setUpClass): 200 GET http://10.180.1.21/compute/v2.1/servers/f9577dc2-a6f8-450d-8bac-6963a5dc18e7 0.071s
2025-03-26 20:32:28.379 69682 INFO tempest.lib.common.rest_client [req-d6e6f638-f909-41cb-9fbe-b143c87b0bdb req-d6e6f638-f909-41cb-9fbe-b143c87b0bdb ] Request (ServerAddressesNegativeTestJSON:tearDownClass): 200 GET http://10.180.1.21/compute/v2.1/servers/29559c63-43a4-48ac-b902-d8c20252d8ae 0.078s
2025-03-26 20:32:28.439 69628 INFO tempest.lib.common.rest_client [req-c462fa01-f2e5-4832-8911-d168061cd67b req-c462fa01-f2e5-4832-8911-d168061cd67b ] Request (ServersAaction247Test:test_create_backup): 200 GET http://10.180.1.21/compute/v2.1/servers/2f9250a9-9579-4d2d-9dbb-fe9e551a85a0 0.084s
2025-03-26 20:32:28.479 69644 INFO tempest.lib.common.rest_client [req-77ccb06b-ab06-45d9-9fda-46c8909d4f4c req-77ccb06b-ab06-45d9-9fda-46c8909d4f4c ] Request (InstanceActionsTestJSON:tearDownClass): 204 DELETE http://10.180.1.21:9696/networking/v2.0/subnets/be0023a5-8a3f-4dcc-9ed9-626b26906dae 0.165s
2025-03-26 20:32:28.619 69636 INFO tempest.lib.common.rest_client [req-4ed3254e-dea1-4254-99a6-6b7dca626ce5 req-4ed3254e-dea1-4254-99a6-6b7dca626ce5 ] Request (AttachInterfacesV270Test:tearDownClass): 404 GET http://10.180.1.21/compute/v2.1/servers/befcb11c-d6e0-4353-90a1-fadd093233ed 0.028s
2025-03-26 20:32:28.742 69646 INFO tempest.lib.common.rest_client [req-e5255e75-2023-4261-8423-43787d83026c req-e5255e75-2023-4261-8423-43787d83026c ] Request (ServersAdminNegativeTestJSON:test_migrate_server_invalid_state): 200 GET http://10.180.1.21/compute/v2.1/servers/a77ed464-9d0a-4415-ae63-283495910c76 0.101s
2025-03-26 20:32:28.786 69676 INFO tempest.lib.common.rest_client [req-5cac8477-57ab-4044-8944-2cfc9fec5490 req-5cac8477-57ab-4044-8944-2cfc9fec5490 ] Request (ServerActionsV293TestJSON:setUpClass): 200 GET http://10.180.1.21/compute/v2.1/servers/64c6e2db-aaf3-4fff-9792-f8a0b589e74d 0.123s
2025-03-26 20:32:28.798 69644 INFO tempest.lib.common.rest_client [req-73bd2490-2e96-40ef-8435-882fad544587 req-73bd2490-2e96-40ef-8435-882fad544587 ] Request (InstanceActionsTestJSON:tearDownClass): 204 DELETE http://10.180.1.21:9696/networking/v2.0/networks/ab1cfa98-2594-4470-b33a-1e68c05a409b 0.318s
2025-03-26 20:32:28.799 69676 INFO tempest.common.waiters [-] State transition "BUILD/block_device_mapping" ==> "BUILD/spawning" after 63 second wait
2025-03-26 20:32:28.800 69674 INFO tempest.lib.common.rest_client [req-4c843fc4-067a-41b5-a99a-6b5e128ebb02 req-4c843fc4-067a-41b5-a99a-6b5e128ebb02 ] Request (InstanceActionsNegativeTestJSON:setUpClass): 200 GET http://10.180.1.21/compute/v2.1/servers/791ac5be-123d-4525-92fc-cfd6ec43c0c1 0.104s
2025-03-26 20:32:28.845 69640 INFO tempest.lib.common.rest_client [req-a985106e-03d7-4050-b9ab-7328f7948264 req-a985106e-03d7-4050-b9ab-7328f7948264 ] Request (FloatingIPsAssociationTestJSON:setUpClass): 200 GET http://10.180.1.21/compute/v2.1/servers/5521f7d1-b8ac-4856-8722-4fd67133da37 0.113s
2025-03-26 20:32:28.859 69624 INFO tempest.lib.common.rest_client [req-78469fe5-ab6b-4e3e-b43d-6a1f193f4f55 req-78469fe5-ab6b-4e3e-b43d-6a1f193f4f55 ] Request (ServersV294TestFqdnHostnames:setUpClass): 200 GET http://10.180.1.21/compute/v2.1/servers/40edaa33-9955-4ea7-bdc7-3276ac7c63c7 0.064s
2025-03-26 20:32:28.892 69644 INFO tempest.lib.common.rest_client [req-a37e2348-5b77-4d14-89cf-c657efafec7a req-a37e2348-5b77-4d14-89cf-c657efafec7a ] Request (InstanceActionsTestJSON:tearDownClass): 204 DELETE http://10.180.1.21/identity/v3/users/217f343608b544c0b8fac31442335a09 0.094s
2025-03-26 20:32:28.892 69644 INFO tempest.lib.common.dynamic_creds [-] Deleting project and security group for project: d427690d1e744282832cdb2961c5ee5d
2025-03-26 20:32:28.925 69638 INFO tempest.lib.common.rest_client [req-f5b0c77e-d07b-4829-a3cf-799f76746f91 req-f5b0c77e-d07b-4829-a3cf-799f76746f91 ] Request (ServerDiskConfigTestJSON:test_rebuild_server_with_manual_disk_config): 200 GET http://10.180.1.21/compute/v2.1/servers/b9f03655-3359-4901-a28a-08abe82ee49f 0.077s
2025-03-26 20:32:28.949 69644 INFO tempest.lib.common.rest_client [req-622939c8-0d73-47a0-9b99-3b1e668d1f0b req-622939c8-0d73-47a0-9b99-3b1e668d1f0b ] Request (InstanceActionsTestJSON:tearDownClass): 200 GET http://10.180.1.21:9696/networking/v2.0/security-groups?tenant_id=d427690d1e744282832cdb2961c5ee5d&name=default 0.056s
2025-03-26 20:32:28.970 69666 INFO tempest.lib.common.rest_client [req-e9714412-c1f5-418d-82a4-84d85af7ba26 req-e9714412-c1f5-418d-82a4-84d85af7ba26 ] Request (ServersTestBootFromVolume:setUpClass): 200 GET http://10.180.1.21/compute/v2.1/servers/65c0d4f0-aa25-47b7-90ce-c5a4b42a0e61 0.173s
2025-03-26 20:32:28.990 69681 INFO tempest.lib.common.rest_client [req-d1fd70cd-47ca-41b9-b2c3-bfb784226aee req-d1fd70cd-47ca-41b9-b2c3-bfb784226aee ] Request (ServersTestMultiNic:test_verify_multiple_nics_order): 200 GET http://10.180.1.21/compute/v2.1/servers/920276bd-e963-42f7-8509-aa0dc104fe6d 0.107s
2025-03-26 20:32:29.013 69650 INFO tempest.lib.common.rest_client [req-230129ee-bc1b-413f-9643-7b631b4e0c01 req-230129ee-bc1b-413f-9643-7b631b4e0c01 ] Request (ListImageFiltersTestJSON:setUpClass): 200 GET http://10.180.1.21/compute/v2.1/images/19c0d7c1-e599-4f1a-86b5-fca4e71ea113 0.116s
2025-03-26 20:32:29.036 69644 INFO tempest.lib.common.rest_client [req-649ecccf-374a-4cf9-84c9-f56618ff866c req-649ecccf-374a-4cf9-84c9-f56618ff866c ] Request (InstanceActionsTestJSON:tearDownClass): 204 DELETE http://10.180.1.21:9696/networking/v2.0/security-groups/73e9b04b-97f4-4c2c-bda6-3b6c48b549f4 0.086s
2025-03-26 20:32:29.102 69656 INFO tempest.lib.common.rest_client [req-be6cc973-1984-4459-90dc-f24699ad11c6 req-be6cc973-1984-4459-90dc-f24699ad11c6 ] Request (DeleteServersTestJSON:test_delete_active_server): 200 GET http://10.180.1.21/compute/v2.1/servers/2519898f-43dc-40a6-aec0-bd4363f03171 0.084s
2025-03-26 20:32:29.126 69663 INFO tempest.lib.common.rest_client [req-a28c49f6-5997-410a-951c-c7b1165e118f req-a28c49f6-5997-410a-951c-c7b1165e118f ] Request (MultipleCreateTestJSON:test_multiple_create_with_reservation_return): 200 GET http://10.180.1.21/compute/v2.1/servers/a0079d1d-6c08-4567-9749-13625c373993 0.153s
2025-03-26 20:32:29.135 69663 INFO tempest.common.waiters [-] State transition "BUILD/spawning" ==> "ACTIVE/None" after 7 second wait
2025-03-26 20:32:29.151 69644 INFO tempest.lib.common.rest_client [req-471f9d66-9eb4-4792-9e8c-5b02f2615ad3 req-471f9d66-9eb4-4792-9e8c-5b02f2615ad3 ] Request (InstanceActionsTestJSON:tearDownClass): 204 DELETE http://10.180.1.21/identity/v3/projects/d427690d1e744282832cdb2961c5ee5d 0.114s
2025-03-26 20:32:29.165 69664 INFO tempest.lib.common.rest_client [req-ecc52603-feb9-4876-b698-f1e83fa8e053 req-ecc52603-feb9-4876-b698-f1e83fa8e053 ] Request (MigrationsAdminTest:test_resize_server_revert_deleted_flavor): 200 GET http://10.180.1.21/compute/v2.1/servers/58bc7378-cf42-446a-a5dc-bd89aa59e7bd 0.067s
2025-03-26 20:32:29.217 69644 INFO tempest.lib.common.rest_client [req-2edb982d-712c-46ee-a0d8-3b5225fdf486 req-2edb982d-712c-46ee-a0d8-3b5225fdf486 ] Request (InstanceActionsV221TestJSON:setUpClass): 201 POST http://10.180.1.21/identity/v3/auth/tokens 0.064s
2025-03-26 20:32:29.235 69642 INFO tempest.lib.common.rest_client [req-8bf6e9eb-a548-4f5b-94ca-4c90a3055226 req-8bf6e9eb-a548-4f5b-94ca-4c90a3055226 ] Request (ImagesNegativeTestJSON:test_create_image_from_deleted_server): 200 GET http://10.180.1.21/compute/v2.1/servers/3d41d0c9-f036-4ea1-9316-13e5220f0f72 0.071s
2025-03-26 20:32:29.238 69663 INFO tempest.lib.common.rest_client [req-dcdd7732-adac-4344-b88a-39a790768592 req-dcdd7732-adac-4344-b88a-39a790768592 ] Request (MultipleCreateTestJSON:tearDownClass): 204 DELETE http://10.180.1.21/compute/v2.1/servers/a0079d1d-6c08-4567-9749-13625c373993 0.101s
2025-03-26 20:32:29.257 69644 INFO tempest.lib.common.rest_client [req-15e799f9-ec8b-4078-a090-9a5d11e8392c req-15e799f9-ec8b-4078-a090-9a5d11e8392c ] Request (InstanceActionsV221TestJSON:setUpClass): 201 POST http://10.180.1.21/identity/v3/auth/tokens 0.038s
2025-03-26 20:32:29.284 69644 INFO tempest.lib.common.rest_client [req-d4e62227-2f49-47e6-a5b3-43c158b2508d req-d4e62227-2f49-47e6-a5b3-43c158b2508d ] Request (InstanceActionsV221TestJSON:setUpClass): 200 GET http://10.180.1.21/identity/v3/domains?name=Default 0.026s
2025-03-26 20:32:29.315 69644 INFO tempest.lib.common.rest_client [req-ba73f1a1-0391-453f-a7c5-f879f9856ae4 req-ba73f1a1-0391-453f-a7c5-f879f9856ae4 ] Request (InstanceActionsV221TestJSON:setUpClass): 201 POST http://10.180.1.21/identity/v3/projects 0.030s
2025-03-26 20:32:29.319 69663 INFO tempest.lib.common.rest_client [req-8b26e042-47b1-4dce-865d-c59496bec63e req-8b26e042-47b1-4dce-865d-c59496bec63e ] Request (MultipleCreateTestJSON:tearDownClass): 204 DELETE http://10.180.1.21/compute/v2.1/servers/2eed39cd-ca0f-4055-a8b6-f215ff9b3e49 0.080s
2025-03-26 20:32:29.367 69652 INFO tempest.lib.common.rest_client [req-a6ef9b97-f054-450b-955a-819033abee2e req-a6ef9b97-f054-450b-955a-819033abee2e ] Request (SecurityGroupsTestJSON:test_server_security_groups): 200 GET http://10.180.1.21/compute/v2.1/servers/b7997ffc-bbfd-48e9-bced-d8224ce6e908 0.167s
2025-03-26 20:32:29.400 69644 INFO tempest.lib.common.rest_client [req-9036ba89-c077-46e5-b4d7-0070a1362893 req-9036ba89-c077-46e5-b4d7-0070a1362893 ] Request (InstanceActionsV221TestJSON:setUpClass): 201 POST http://10.180.1.21/identity/v3/users 0.085s
2025-03-26 20:32:29.425 69644 INFO tempest.lib.common.rest_client [req-a8ca44a3-e6a2-4125-bb1a-0d50b0bcaf8b req-a8ca44a3-e6a2-4125-bb1a-0d50b0bcaf8b ] Request (InstanceActionsV221TestJSON:setUpClass): 200 GET http://10.180.1.21/identity/v3/roles 0.024s
2025-03-26 20:32:29.441 69663 INFO tempest.lib.common.rest_client [req-b80c0baf-9f03-45d6-af1a-4edb442007cd req-b80c0baf-9f03-45d6-af1a-4edb442007cd ] Request (MultipleCreateTestJSON:tearDownClass): 200 GET http://10.180.1.21/compute/v2.1/servers/a0079d1d-6c08-4567-9749-13625c373993 0.122s
2025-03-26 20:32:29.446 69622 INFO tempest.lib.common.rest_client [req-0a9d8fd6-a093-42c3-a580-eb44002d4284 req-0a9d8fd6-a093-42c3-a580-eb44002d4284 ] Request (ImagesOneServerTestJSON:setUpClass): 200 GET http://10.180.1.21/compute/v2.1/servers/f9577dc2-a6f8-450d-8bac-6963a5dc18e7 0.063s
2025-03-26 20:32:29.467 69644 INFO tempest.lib.common.rest_client [req-e53b29b3-74d8-4794-92cc-ddb6038a92d0 req-e53b29b3-74d8-4794-92cc-ddb6038a92d0 ] Request (InstanceActionsV221TestJSON:setUpClass): 204 PUT http://10.180.1.21/identity/v3/projects/67a2a429eeb44fd6a022738ecf6c958d/users/10f8c01a6e8847ca8d5dbfa28f1edc22/roles/d9eafddd036c431788225d00bb4edab3 0.042s
2025-03-26 20:32:29.467 69636 INFO tempest.lib.common.rest_client [req-348f583f-2e5f-4886-a5d0-921c5197ae6e req-348f583f-2e5f-4886-a5d0-921c5197ae6e ] Request (AttachInterfacesV270Test:tearDownClass): 200 PUT http://10.180.1.21:9696/networking/v2.0/routers/75a26197-6a4e-4a46-91dd-9a3c577e1700/remove_router_interface 0.848s
2025-03-26 20:32:29.468 69644 INFO tempest.lib.common.dynamic_creds [-] Dynamic test user 10f8c01a6e8847ca8d5dbfa28f1edc22 is created with scope project and roles: ['member']
2025-03-26 20:32:29.468 69644 INFO tempest.lib.common.dynamic_creds [-] Acquired dynamic creds: credentials: Credentials: {'domain_id': 'default', 'domain_name': 'Default', 'username': 'tempest-InstanceActionsV221TestJSON-362929559-project-member', 'project_domain_id': 'default', 'project_domain_name': 'Default', 'project_id': '67a2a429eeb44fd6a022738ecf6c958d', 'project_name': 'tempest-InstanceActionsV221TestJSON-362929559', 'tenant_id': '67a2a429eeb44fd6a022738ecf6c958d', 'tenant_name': 'tempest-InstanceActionsV221TestJSON-362929559', 'user_domain_id': 'default', 'user_domain_name': 'Default', 'user_id': '10f8c01a6e8847ca8d5dbfa28f1edc22', 'system': None}, Network: None, Subnet: None, Router: None
2025-03-26 20:32:29.521 69628 INFO tempest.lib.common.rest_client [req-2560357c-f281-42e8-92fd-a094178c8213 req-2560357c-f281-42e8-92fd-a094178c8213 ] Request (ServersAaction247Test:test_create_backup): 200 GET http://10.180.1.21/compute/v2.1/servers/2f9250a9-9579-4d2d-9dbb-fe9e551a85a0 0.069s
2025-03-26 20:32:29.539 69682 INFO tempest.lib.common.rest_client [req-07149ac8-23e0-4c73-906d-88e9bfea1534 req-07149ac8-23e0-4c73-906d-88e9bfea1534 ] Request (ServerAddressesNegativeTestJSON:tearDownClass): 200 GET http://10.180.1.21/compute/v2.1/servers/29559c63-43a4-48ac-b902-d8c20252d8ae 0.152s
2025-03-26 20:32:29.546 69644 INFO tempest.lib.common.rest_client [req-7f99575d-4003-4bdb-a86b-9b9bd15e2048 req-7f99575d-4003-4bdb-a86b-9b9bd15e2048 ] Request (InstanceActionsV221TestJSON:setUpClass): 201 POST http://10.180.1.21/identity/v3/auth/tokens 0.078s
2025-03-26 20:32:29.819 69658 WARNING tempest.lib.common.ssh [-] Failed to establish authenticated ssh connection to cirros@10.180.180.153 ([Errno None] Unable to connect to port 22 on 10.180.180.153). Number attempts: 4. Retry after 5 seconds.: paramiko.ssh_exception.NoValidConnectionsError: [Errno None] Unable to connect to port 22 on 10.180.180.153
2025-03-26 20:32:29.826 69646 INFO tempest.lib.common.rest_client [req-864fc595-56ab-4d2e-834d-9f7bc1d8e3bd req-864fc595-56ab-4d2e-834d-9f7bc1d8e3bd ] Request (ServersAdminNegativeTestJSON:test_migrate_server_invalid_state): 200 GET http://10.180.1.21/compute/v2.1/servers/a77ed464-9d0a-4415-ae63-283495910c76 0.076s
2025-03-26 20:32:29.836 69644 INFO tempest.lib.common.rest_client [req-9f7b4c6e-d622-4b99-9884-2f8b0e5e5fe3 req-9f7b4c6e-d622-4b99-9884-2f8b0e5e5fe3 ] Request (InstanceActionsV221TestJSON:setUpClass): 201 POST http://10.180.1.21:9696/networking/v2.0/networks 0.289s
2025-03-26 20:32:29.885 69674 INFO tempest.lib.common.rest_client [req-1f0694fd-4d08-4957-acb2-e13943f2ec23 req-1f0694fd-4d08-4957-acb2-e13943f2ec23 ] Request (InstanceActionsNegativeTestJSON:setUpClass): 200 GET http://10.180.1.21/compute/v2.1/servers/791ac5be-123d-4525-92fc-cfd6ec43c0c1 0.077s
2025-03-26 20:32:29.948 69640 INFO tempest.lib.common.rest_client [req-f49de101-ac67-4ff0-ac1c-6d8f8ea6113b req-f49de101-ac67-4ff0-ac1c-6d8f8ea6113b ] Request (FloatingIPsAssociationTestJSON:setUpClass): 200 GET http://10.180.1.21/compute/v2.1/servers/5521f7d1-b8ac-4856-8722-4fd67133da37 0.095s
2025-03-26 20:32:29.990 69676 INFO tempest.lib.common.rest_client [req-364a5016-0140-4650-a601-2e5ce80ad5a6 req-364a5016-0140-4650-a601-2e5ce80ad5a6 ] Request (ServerActionsV293TestJSON:setUpClass): 200 GET http://10.180.1.21/compute/v2.1/servers/64c6e2db-aaf3-4fff-9792-f8a0b589e74d 0.190s
2025-03-26 20:32:30.013 69624 INFO tempest.lib.common.rest_client [req-d58b2483-f6a1-4565-8078-01db3c2c1794 req-d58b2483-f6a1-4565-8078-01db3c2c1794 ] Request (ServersV294TestFqdnHostnames:setUpClass): 200 GET http://10.180.1.21/compute/v2.1/servers/40edaa33-9955-4ea7-bdc7-3276ac7c63c7 0.142s
2025-03-26 20:32:30.049 69644 INFO tempest.lib.common.rest_client [req-a95fc8e7-2265-48eb-9440-c3504c7f7578 req-a95fc8e7-2265-48eb-9440-c3504c7f7578 ] Request (InstanceActionsV221TestJSON:setUpClass): 201 POST http://10.180.1.21:9696/networking/v2.0/subnets 0.213s
2025-03-26 20:32:30.085 69638 INFO tempest.lib.common.rest_client [req-f8fe76ab-85f3-49ba-a635-d131993e5da0 req-f8fe76ab-85f3-49ba-a635-d131993e5da0 ] Request (ServerDiskConfigTestJSON:test_rebuild_server_with_manual_disk_config): 200 GET http://10.180.1.21/compute/v2.1/servers/b9f03655-3359-4901-a28a-08abe82ee49f 0.149s
2025-03-26 20:32:30.147 69666 INFO tempest.lib.common.rest_client [req-6f2ba841-bf70-4a17-a655-8b6438a07373 req-6f2ba841-bf70-4a17-a655-8b6438a07373 ] Request (ServersTestBootFromVolume:setUpClass): 200 GET http://10.180.1.21/compute/v2.1/servers/65c0d4f0-aa25-47b7-90ce-c5a4b42a0e61 0.165s
2025-03-26 20:32:30.155 69681 INFO tempest.lib.common.rest_client [req-d0059bb6-5798-47f3-9fde-49a4e31e3832 req-d0059bb6-5798-47f3-9fde-49a4e31e3832 ] Request (ServersTestMultiNic:test_verify_multiple_nics_order): 200 GET http://10.180.1.21/compute/v2.1/servers/920276bd-e963-42f7-8509-aa0dc104fe6d 0.156s
2025-03-26 20:32:30.159 69636 INFO tempest.lib.common.rest_client [req-ae9a2200-92ba-4950-b8af-8f0eafb1e985 req-ae9a2200-92ba-4950-b8af-8f0eafb1e985 ] Request (AttachInterfacesV270Test:tearDownClass): 204 DELETE http://10.180.1.21:9696/networking/v2.0/routers/75a26197-6a4e-4a46-91dd-9a3c577e1700 0.691s
2025-03-26 20:32:30.198 69650 INFO tempest.lib.common.rest_client [req-3ebd43b8-ef1f-43d4-8dad-464bd522e6cb req-3ebd43b8-ef1f-43d4-8dad-464bd522e6cb ] Request (ListImageFiltersTestJSON:setUpClass): 200 GET http://10.180.1.21/compute/v2.1/images/19c0d7c1-e599-4f1a-86b5-fca4e71ea113 0.178s
2025-03-26 20:32:30.226 69656 INFO tempest.lib.common.rest_client [req-f689094f-2bc0-47b4-99c1-ddba03cc4dbe req-f689094f-2bc0-47b4-99c1-ddba03cc4dbe ] Request (DeleteServersTestJSON:test_delete_active_server): 200 GET http://10.180.1.21/compute/v2.1/servers/2519898f-43dc-40a6-aec0-bd4363f03171 0.111s
2025-03-26 20:32:30.266 69678 WARNING tempest.lib.common.ssh [-] Failed to establish authenticated ssh connection to cirros@10.180.180.244 ([Errno None] Unable to connect to port 22 on 10.180.180.244). Number attempts: 8. Retry after 9 seconds.: paramiko.ssh_exception.NoValidConnectionsError: [Errno None] Unable to connect to port 22 on 10.180.180.244
2025-03-26 20:32:30.279 69664 INFO tempest.lib.common.rest_client [req-2d9b6bbd-5b07-461b-a464-887cd4bf65bf req-2d9b6bbd-5b07-461b-a464-887cd4bf65bf ] Request (MigrationsAdminTest:test_resize_server_revert_deleted_flavor): 200 GET http://10.180.1.21/compute/v2.1/servers/58bc7378-cf42-446a-a5dc-bd89aa59e7bd 0.105s
2025-03-26 20:32:30.322 69642 INFO tempest.lib.common.rest_client [req-e3a08a28-3ba9-4aef-9491-756b9dc79302 req-e3a08a28-3ba9-4aef-9491-756b9dc79302 ] Request (ImagesNegativeTestJSON:test_create_image_from_deleted_server): 200 GET http://10.180.1.21/compute/v2.1/servers/3d41d0c9-f036-4ea1-9316-13e5220f0f72 0.074s
2025-03-26 20:32:30.435 69636 INFO tempest.lib.common.rest_client [req-0603905a-cbc0-427f-824b-959a1079eb27 req-0603905a-cbc0-427f-824b-959a1079eb27 ] Request (AttachInterfacesV270Test:tearDownClass): 204 DELETE http://10.180.1.21:9696/networking/v2.0/subnets/e9a8ec21-744e-43f4-b026-85d27ca31bcb 0.274s
2025-03-26 20:32:30.522 69652 INFO tempest.lib.common.rest_client [req-bd4dbd48-5214-4dd0-90c9-06cd7f82c8a4 req-bd4dbd48-5214-4dd0-90c9-06cd7f82c8a4 ] Request (SecurityGroupsTestJSON:test_server_security_groups): 200 GET http://10.180.1.21/compute/v2.1/servers/b7997ffc-bbfd-48e9-bced-d8224ce6e908 0.147s
2025-03-26 20:32:30.583 69622 INFO tempest.lib.common.rest_client [req-28163434-5f7f-40a8-b333-5ba3dcd1f456 req-28163434-5f7f-40a8-b333-5ba3dcd1f456 ] Request (ImagesOneServerTestJSON:setUpClass): 200 GET http://10.180.1.21/compute/v2.1/servers/f9577dc2-a6f8-450d-8bac-6963a5dc18e7 0.125s
2025-03-26 20:32:30.604 69663 INFO tempest.lib.common.rest_client [req-813c433c-8355-4af9-bda8-577d414ef240 req-813c433c-8355-4af9-bda8-577d414ef240 ] Request (MultipleCreateTestJSON:tearDownClass): 200 GET http://10.180.1.21/compute/v2.1/servers/a0079d1d-6c08-4567-9749-13625c373993 0.154s
2025-03-26 20:32:30.655 69628 INFO tempest.lib.common.rest_client [req-aeb98933-8bd3-4b58-9894-e783bfb8aeae req-aeb98933-8bd3-4b58-9894-e783bfb8aeae ] Request (ServersAaction247Test:test_create_backup): 200 GET http://10.180.1.21/compute/v2.1/servers/2f9250a9-9579-4d2d-9dbb-fe9e551a85a0 0.119s
2025-03-26 20:32:30.667 69628 INFO tempest.common.waiters [-] State transition "BUILD/scheduling" ==> "BUILD/None" after 30 second wait
2025-03-26 20:32:30.702 69682 INFO tempest.lib.common.rest_client [req-9fa5e0cc-4b4b-4c38-a677-2d97021f78fc req-9fa5e0cc-4b4b-4c38-a677-2d97021f78fc ] Request (ServerAddressesNegativeTestJSON:tearDownClass): 200 GET http://10.180.1.21/compute/v2.1/servers/29559c63-43a4-48ac-b902-d8c20252d8ae 0.152s
2025-03-26 20:32:30.742 69636 INFO tempest.lib.common.rest_client [req-59e33628-9016-44a3-ac6c-027540e2da78 req-59e33628-9016-44a3-ac6c-027540e2da78 ] Request (AttachInterfacesV270Test:tearDownClass): 204 DELETE http://10.180.1.21:9696/networking/v2.0/networks/65df3a23-2a2f-447a-89ef-2514d849d438 0.307s
2025-03-26 20:32:30.827 69636 INFO tempest.lib.common.rest_client [req-94544014-2a2d-4118-b0df-6eca9f4fd7fa req-94544014-2a2d-4118-b0df-6eca9f4fd7fa ] Request (AttachInterfacesV270Test:tearDownClass): 204 DELETE http://10.180.1.21/identity/v3/users/e8f58274252d493ca2815f14336334e7 0.085s
2025-03-26 20:32:30.828 69636 INFO tempest.lib.common.dynamic_creds [-] Deleting project and security group for project: e2f7e7fca8024a709f1ca1f15c47b75f
2025-03-26 20:32:30.887 69636 INFO tempest.lib.common.rest_client [req-547a66cd-5270-4c68-b613-412a5278e7c5 req-547a66cd-5270-4c68-b613-412a5278e7c5 ] Request (AttachInterfacesV270Test:tearDownClass): 200 GET http://10.180.1.21:9696/networking/v2.0/security-groups?tenant_id=e2f7e7fca8024a709f1ca1f15c47b75f&name=default 0.059s
2025-03-26 20:32:30.959 69646 INFO tempest.lib.common.rest_client [req-38c8d84c-7d54-460a-9fe0-12312253c98b req-38c8d84c-7d54-460a-9fe0-12312253c98b ] Request (ServersAdminNegativeTestJSON:test_migrate_server_invalid_state): 200 GET http://10.180.1.21/compute/v2.1/servers/a77ed464-9d0a-4415-ae63-283495910c76 0.116s
2025-03-26 20:32:30.964 69674 INFO tempest.lib.common.rest_client [req-bd35778c-4baa-4e22-b3b6-5b6bfd6cb653 req-bd35778c-4baa-4e22-b3b6-5b6bfd6cb653 ] Request (InstanceActionsNegativeTestJSON:setUpClass): 200 GET http://10.180.1.21/compute/v2.1/servers/791ac5be-123d-4525-92fc-cfd6ec43c0c1 0.064s
2025-03-26 20:32:31.035 69640 INFO tempest.lib.common.rest_client [req-c38bab5a-0df3-4a7d-8675-addad83dc85d req-c38bab5a-0df3-4a7d-8675-addad83dc85d ] Request (FloatingIPsAssociationTestJSON:setUpClass): 200 GET http://10.180.1.21/compute/v2.1/servers/5521f7d1-b8ac-4856-8722-4fd67133da37 0.077s
2025-03-26 20:32:31.052 69636 INFO tempest.lib.common.rest_client [req-97c79e28-9d3f-41ad-84e3-a13e4eaa87e1 req-97c79e28-9d3f-41ad-84e3-a13e4eaa87e1 ] Request (AttachInterfacesV270Test:tearDownClass): 204 DELETE http://10.180.1.21:9696/networking/v2.0/security-groups/7d6714c8-bca5-4b68-96c9-950b73861470 0.164s
2025-03-26 20:32:31.070 69644 INFO tempest.lib.common.rest_client [req-4e2aba41-d66f-48f6-a433-a6bd1771a93c req-4e2aba41-d66f-48f6-a433-a6bd1771a93c ] Request (InstanceActionsV221TestJSON:setUpClass): 201 POST http://10.180.1.21:9696/networking/v2.0/routers 1.020s
2025-03-26 20:32:31.104 69624 INFO tempest.lib.common.rest_client [req-b2d7df73-fb2b-4805-b8c2-904a029fc27e req-b2d7df73-fb2b-4805-b8c2-904a029fc27e ] Request (ServersV294TestFqdnHostnames:setUpClass): 200 GET http://10.180.1.21/compute/v2.1/servers/40edaa33-9955-4ea7-bdc7-3276ac7c63c7 0.076s
2025-03-26 20:32:31.170 69638 INFO tempest.lib.common.rest_client [req-cc1abdbc-9315-4a5b-abe2-654cdacf4c08 req-cc1abdbc-9315-4a5b-abe2-654cdacf4c08 ] Request (ServerDiskConfigTestJSON:test_rebuild_server_with_manual_disk_config): 200 GET http://10.180.1.21/compute/v2.1/servers/b9f03655-3359-4901-a28a-08abe82ee49f 0.074s
2025-03-26 20:32:31.215 69636 INFO tempest.lib.common.rest_client [req-52a9c216-dd9f-4802-8f62-610a23f2b212 req-52a9c216-dd9f-4802-8f62-610a23f2b212 ] Request (AttachInterfacesV270Test:tearDownClass): 204 DELETE http://10.180.1.21/identity/v3/projects/e2f7e7fca8024a709f1ca1f15c47b75f 0.163s
2025-03-26 20:32:31.231 69676 INFO tempest.lib.common.rest_client [req-8165b156-f280-4074-ba4b-15b6286292e2 req-8165b156-f280-4074-ba4b-15b6286292e2 ] Request (ServerActionsV293TestJSON:setUpClass): 200 GET http://10.180.1.21/compute/v2.1/servers/64c6e2db-aaf3-4fff-9792-f8a0b589e74d 0.228s
2025-03-26 20:32:31.290 69666 INFO tempest.lib.common.rest_client [req-07b442b8-95ab-4cf6-83ce-d64b57df0613 req-07b442b8-95ab-4cf6-83ce-d64b57df0613 ] Request (ServersTestBootFromVolume:setUpClass): 200 GET http://10.180.1.21/compute/v2.1/servers/65c0d4f0-aa25-47b7-90ce-c5a4b42a0e61 0.130s
2025-03-26 20:32:31.297 69681 INFO tempest.lib.common.rest_client [req-cf3657fe-7896-45a8-b520-f502048f3778 req-cf3657fe-7896-45a8-b520-f502048f3778 ] Request (ServersTestMultiNic:test_verify_multiple_nics_order): 200 GET http://10.180.1.21/compute/v2.1/servers/920276bd-e963-42f7-8509-aa0dc104fe6d 0.134s
2025-03-26 20:32:31.306 69666 INFO tempest.common.waiters [-] State transition "BUILD/spawning" ==> "ACTIVE/None" after 67 second wait
2025-03-26 20:32:31.328 69650 INFO tempest.lib.common.rest_client [req-75970b1d-f9b5-46f8-a997-85cbfb7b4ee9 req-75970b1d-f9b5-46f8-a997-85cbfb7b4ee9 ] Request (ListImageFiltersTestJSON:setUpClass): 200 GET http://10.180.1.21/compute/v2.1/images/19c0d7c1-e599-4f1a-86b5-fca4e71ea113 0.122s
2025-03-26 20:32:31.376 69656 INFO tempest.lib.common.rest_client [req-19af4fac-07f3-4451-9b5b-31f0231e0c40 req-19af4fac-07f3-4451-9b5b-31f0231e0c40 ] Request (DeleteServersTestJSON:test_delete_active_server): 200 GET http://10.180.1.21/compute/v2.1/servers/2519898f-43dc-40a6-aec0-bd4363f03171 0.141s
2025-03-26 20:32:31.385 69664 INFO tempest.lib.common.rest_client [req-53f95f45-9f32-4497-b2b9-062f575d741c req-53f95f45-9f32-4497-b2b9-062f575d741c ] Request (MigrationsAdminTest:test_resize_server_revert_deleted_flavor): 200 GET http://10.180.1.21/compute/v2.1/servers/58bc7378-cf42-446a-a5dc-bd89aa59e7bd 0.097s
2025-03-26 20:32:31.422 69650 INFO tempest.lib.common.rest_client [req-c2f3ce9d-da28-436e-84e6-fc11aae57829 req-c2f3ce9d-da28-436e-84e6-fc11aae57829 ] Request (ListImageFiltersTestJSON:setUpClass): 200 GET http://10.180.1.21/compute/v2.1/images/19c0d7c1-e599-4f1a-86b5-fca4e71ea113 0.089s
2025-03-26 20:32:31.485 69642 INFO tempest.lib.common.rest_client [req-05aab61c-5f3d-442a-847a-ae97f9d0da39 req-05aab61c-5f3d-442a-847a-ae97f9d0da39 ] Request (ImagesNegativeTestJSON:test_create_image_from_deleted_server): 200 GET http://10.180.1.21/compute/v2.1/servers/3d41d0c9-f036-4ea1-9316-13e5220f0f72 0.147s
2025-03-26 20:32:31.555 69666 INFO tempest.lib.common.rest_client [req-074246c5-c5b2-4c1b-8ee2-6eaea26e2f4b req-074246c5-c5b2-4c1b-8ee2-6eaea26e2f4b ] Request (ServersTestBootFromVolume:setUpClass): 200 GET http://10.180.1.21/compute/v2.1/servers/65c0d4f0-aa25-47b7-90ce-c5a4b42a0e61/os-interface 0.249s
2025-03-26 20:32:31.681 69650 INFO tempest.lib.common.rest_client [req-5f39f677-d616-49d8-911a-526e714fcd5c req-5f39f677-d616-49d8-911a-526e714fcd5c ] Request (ListImageFiltersTestJSON:setUpClass): 200 GET http://10.180.1.21/compute/v2.1/servers/dbfb2707-26a3-45d7-88d6-ebf26fc51817 0.256s
2025-03-26 20:32:31.735 69622 INFO tempest.lib.common.rest_client [req-50974227-9570-40e0-bd3b-20f332936379 req-50974227-9570-40e0-bd3b-20f332936379 ] Request (ImagesOneServerTestJSON:setUpClass): 200 GET http://10.180.1.21/compute/v2.1/servers/f9577dc2-a6f8-450d-8bac-6963a5dc18e7 0.140s
2025-03-26 20:32:31.788 69652 INFO tempest.lib.common.rest_client [req-cd545197-a5fd-4f84-9f25-caa065187292 req-cd545197-a5fd-4f84-9f25-caa065187292 ] Request (SecurityGroupsTestJSON:test_server_security_groups): 200 GET http://10.180.1.21/compute/v2.1/servers/b7997ffc-bbfd-48e9-bced-d8224ce6e908 0.258s
2025-03-26 20:32:31.796 69652 INFO tempest.common.waiters [-] State transition "BUILD/spawning" ==> "ACTIVE/None" after 66 second wait
2025-03-26 20:32:31.845 69663 INFO tempest.lib.common.rest_client [req-7954c2c0-41f7-490c-850d-a5ffbf8c380d req-7954c2c0-41f7-490c-850d-a5ffbf8c380d ] Request (MultipleCreateTestJSON:tearDownClass): 200 GET http://10.180.1.21/compute/v2.1/servers/a0079d1d-6c08-4567-9749-13625c373993 0.230s
2025-03-26 20:32:31.893 69628 INFO tempest.lib.common.rest_client [req-bba8c5b2-9f47-466f-ad38-6c96ebd74933 req-bba8c5b2-9f47-466f-ad38-6c96ebd74933 ] Request (ServersAaction247Test:test_create_backup): 200 GET http://10.180.1.21/compute/v2.1/servers/2f9250a9-9579-4d2d-9dbb-fe9e551a85a0 0.224s
2025-03-26 20:32:31.913 69682 INFO tempest.lib.common.rest_client [req-7c344101-ee6f-4f40-9fd8-089ea22cc72b req-7c344101-ee6f-4f40-9fd8-089ea22cc72b ] Request (ServerAddressesNegativeTestJSON:tearDownClass): 200 GET http://10.180.1.21/compute/v2.1/servers/29559c63-43a4-48ac-b902-d8c20252d8ae 0.203s
2025-03-26 20:32:32.024 69646 INFO tempest.lib.common.rest_client [req-c28a64af-d34e-472a-97b4-41e3303902c9 req-c28a64af-d34e-472a-97b4-41e3303902c9 ] Request (ServersAdminNegativeTestJSON:test_migrate_server_invalid_state): 200 GET http://10.180.1.21/compute/v2.1/servers/a77ed464-9d0a-4415-ae63-283495910c76 0.054s
2025-03-26 20:32:32.068 69674 INFO tempest.lib.common.rest_client [req-4e08a8d2-cd2b-4ea0-8495-3534a2c7b0bf req-4e08a8d2-cd2b-4ea0-8495-3534a2c7b0bf ] Request (InstanceActionsNegativeTestJSON:setUpClass): 200 GET http://10.180.1.21/compute/v2.1/servers/791ac5be-123d-4525-92fc-cfd6ec43c0c1 0.096s
2025-03-26 20:32:32.076 69674 INFO tempest.common.waiters [-] State transition "BUILD/scheduling" ==> "BUILD/None" after 17 second wait
2025-03-26 20:32:32.122 69640 INFO tempest.lib.common.rest_client [req-105675c3-486b-4cba-8f03-eff04c9e6d43 req-105675c3-486b-4cba-8f03-eff04c9e6d43 ] Request (FloatingIPsAssociationTestJSON:setUpClass): 200 GET http://10.180.1.21/compute/v2.1/servers/5521f7d1-b8ac-4856-8722-4fd67133da37 0.079s
2025-03-26 20:32:32.181 69624 INFO tempest.lib.common.rest_client [req-686fe90b-9c9c-434b-b423-da93ab8bd39a req-686fe90b-9c9c-434b-b423-da93ab8bd39a ] Request (ServersV294TestFqdnHostnames:setUpClass): 200 GET http://10.180.1.21/compute/v2.1/servers/40edaa33-9955-4ea7-bdc7-3276ac7c63c7 0.061s
2025-03-26 20:32:32.245 69638 INFO tempest.lib.common.rest_client [req-e94f9b3a-56d0-422b-ac2a-8471a66ac466 req-e94f9b3a-56d0-422b-ac2a-8471a66ac466 ] Request (ServerDiskConfigTestJSON:test_rebuild_server_with_manual_disk_config): 200 GET http://10.180.1.21/compute/v2.1/servers/b9f03655-3359-4901-a28a-08abe82ee49f 0.062s
2025-03-26 20:32:32.368 69676 INFO tempest.lib.common.rest_client [req-f501856b-1f9a-4f15-bf94-5fbb71f7629f req-f501856b-1f9a-4f15-bf94-5fbb71f7629f ] Request (ServerActionsV293TestJSON:setUpClass): 200 GET http://10.180.1.21/compute/v2.1/servers/64c6e2db-aaf3-4fff-9792-f8a0b589e74d 0.118s
2025-03-26 20:32:32.432 69681 INFO tempest.lib.common.rest_client [req-2af9ff0e-f9b8-452c-bc9e-6304174ad4d2 req-2af9ff0e-f9b8-452c-bc9e-6304174ad4d2 ] Request (ServersTestMultiNic:test_verify_multiple_nics_order): 200 GET http://10.180.1.21/compute/v2.1/servers/920276bd-e963-42f7-8509-aa0dc104fe6d 0.123s
2025-03-26 20:32:32.521 69656 INFO tempest.lib.common.rest_client [req-6999d9d4-5abe-4058-9a9f-6ef6e3f885be req-6999d9d4-5abe-4058-9a9f-6ef6e3f885be ] Request (DeleteServersTestJSON:test_delete_active_server): 200 GET http://10.180.1.21/compute/v2.1/servers/2519898f-43dc-40a6-aec0-bd4363f03171 0.134s
2025-03-26 20:32:32.571 69664 INFO tempest.lib.common.rest_client [req-38e56ab6-cfa8-4bd0-ac3e-2203804ae108 req-38e56ab6-cfa8-4bd0-ac3e-2203804ae108 ] Request (MigrationsAdminTest:test_resize_server_revert_deleted_flavor): 200 GET http://10.180.1.21/compute/v2.1/servers/58bc7378-cf42-446a-a5dc-bd89aa59e7bd 0.173s
2025-03-26 20:32:32.640 69642 INFO tempest.lib.common.rest_client [req-450b3871-dae8-4ae3-a01e-d9868b4020a9 req-450b3871-dae8-4ae3-a01e-d9868b4020a9 ] Request (ImagesNegativeTestJSON:test_create_image_from_deleted_server): 200 GET http://10.180.1.21/compute/v2.1/servers/3d41d0c9-f036-4ea1-9316-13e5220f0f72 0.137s
2025-03-26 20:32:32.763 69620 WARNING tempest.lib.common.ssh [-] Failed to establish authenticated ssh connection to cirros@10.180.180.161 ([Errno None] Unable to connect to port 22 on 10.180.180.161). Number attempts: 3. Retry after 4 seconds.: paramiko.ssh_exception.NoValidConnectionsError: [Errno None] Unable to connect to port 22 on 10.180.180.161
2025-03-26 20:32:32.802 69650 INFO tempest.lib.common.rest_client [req-db222b40-a466-4c08-9379-0fb4f30c04d8 req-db222b40-a466-4c08-9379-0fb4f30c04d8 ] Request (ListImageFiltersTestJSON:setUpClass): 200 GET http://10.180.1.21/compute/v2.1/servers/dbfb2707-26a3-45d7-88d6-ebf26fc51817 0.110s
2025-03-26 20:32:32.856 69622 INFO tempest.lib.common.rest_client [req-8a3fcdc5-6237-46b1-b83e-e964097f7d8a req-8a3fcdc5-6237-46b1-b83e-e964097f7d8a ] Request (ImagesOneServerTestJSON:setUpClass): 200 GET http://10.180.1.21/compute/v2.1/servers/f9577dc2-a6f8-450d-8bac-6963a5dc18e7 0.109s
2025-03-26 20:32:32.873 69666 INFO tempest.lib.common.rest_client [req-e8d70733-36e2-4f87-990f-4c09432962be req-e8d70733-36e2-4f87-990f-4c09432962be ] Request (ServersTestBootFromVolume:setUpClass): 200 PUT http://10.180.1.21:9696/networking/v2.0/floatingips/d85c65a4-fff3-47c6-8269-671e8369ffe4 1.315s
2025-03-26 20:32:32.873 69652 INFO tempest.lib.common.rest_client [req-198e6ee4-834c-439b-a3c1-b13a87f43996 req-198e6ee4-834c-439b-a3c1-b13a87f43996 ] Request (SecurityGroupsTestJSON:test_server_security_groups): 202 POST http://10.180.1.21/compute/v2.1/servers/b7997ffc-bbfd-48e9-bced-d8224ce6e908/action 1.076s
