2025-03-06 03:22:38.358 68611 INFO tempest.lib.common.rest_client [req-dbd36cfc-3692-4f93-b85c-44467afb9759 req-dbd36cfc-3692-4f93-b85c-44467afb9759 ] Request (InstanceActionsTestJSON:setUpClass): 200 GET http://10.180.1.21/compute/v2.1/servers/b0090ea8-98fe-42a0-97cc-40d7578851a9 0.573s
2025-03-06 03:22:38.429 68617 INFO tempest.lib.common.rest_client [req-974d9ba0-4dcd-4ead-9948-e0c2f4ee872e req-974d9ba0-4dcd-4ead-9948-e0c2f4ee872e ] Request (ServersListShow296Test:test_list_show_update_rebuild_server_296): 200 GET http://10.180.1.21/compute/v2.1/servers/f113bb6c-f05a-4253-98af-ca827fcbb723 0.552s
2025-03-06 03:22:38.440 68617 INFO tempest.common.waiters [-] State transition "BUILD/scheduling" ==> "BUILD/None" after 38 second wait
2025-03-06 03:22:38.804 68626 INFO tempest.lib.common.rest_client [req-38e9535d-d41b-489e-af8b-3a5e3e4c7340 req-38e9535d-d41b-489e-af8b-3a5e3e4c7340 ] Request (MigrationsAdminTest:test_list_migrations_in_flavor_resize_situation): 200 GET http://10.180.1.21/compute/v2.1/servers/10957648-8618-4f2c-8b08-5468bca20cfc 0.644s
2025-03-06 03:22:38.857 68613 INFO tempest.lib.common.rest_client [req-a581ffbd-dbb3-4f3d-a18f-eb1aff31ae39 req-a581ffbd-dbb3-4f3d-a18f-eb1aff31ae39 ] Request (ServerAddressesTestJSON:setUpClass): 200 GET http://10.180.1.21/compute/v2.1/servers/340aa1e7-dc0a-4cba-8979-0c591830e9db 0.613s
2025-03-06 03:22:38.918 68603 INFO tempest.lib.common.rest_client [req-2bba6bdd-9450-4e51-b53c-fb1e2dd57ccb req-2bba6bdd-9450-4e51-b53c-fb1e2dd57ccb ] Request (ServerMetadataNegativeTestJSON:setUpClass): 200 GET http://10.180.1.21/compute/v2.1/servers/d1fb6fff-b1b7-4c1b-8995-41628cadf7d5 0.589s
2025-03-06 03:22:38.980 68567 INFO tempest.lib.common.rest_client [req-d0ea59ac-de3a-4be5-94ab-50d82af88a56 req-d0ea59ac-de3a-4be5-94ab-50d82af88a56 ] Request (ServersAdminTestJSON:setUpClass): 200 GET http://10.180.1.21/compute/v2.1/servers/f579141b-1fac-4541-99c3-07644a0a358c 0.564s
2025-03-06 03:22:39.044 68565 INFO tempest.lib.common.rest_client [req-0163b63b-69f8-49aa-a05a-6b55808344b9 req-0163b63b-69f8-49aa-a05a-6b55808344b9 ] Request (DeleteServersAdminTestJSON:test_delete_server_while_in_error_state): 200 GET http://10.180.1.21/compute/v2.1/servers/f270caad-1b02-4d5b-a435-37b77c05c4e7 0.530s
2025-03-06 03:22:39.163 68583 INFO tempest.lib.common.rest_client [req-e0074a1f-fbb8-4cb9-a0a0-3b6c9b60f1c2 req-e0074a1f-fbb8-4cb9-a0a0-3b6c9b60f1c2 ] Request (ServersAdminNegativeTestJSON:test_migrate_server_invalid_state): 200 GET http://10.180.1.21/compute/v2.1/servers/09ab8712-0f7a-4122-9d61-19da3e65d22b 0.579s
2025-03-06 03:22:39.171 68583 INFO tempest.common.waiters [-] State transition "BUILD/networking" ==> "BUILD/spawning" after 52 second wait
2025-03-06 03:22:39.232 68585 INFO tempest.lib.common.rest_client [req-f06346a7-b7ff-4b0e-8564-e4dbcdd9f4f2 req-f06346a7-b7ff-4b0e-8564-e4dbcdd9f4f2 ] Request (ServersTestBootFromVolume:setUpClass): 200 GET http://10.180.1.21/compute/v2.1/servers/828865d7-d06a-4683-9149-987e6d9efbd9 0.587s
2025-03-06 03:22:39.298 68601 INFO tempest.lib.common.rest_client [req-4c898a35-1099-4c92-9741-c70b14d2be88 req-4c898a35-1099-4c92-9741-c70b14d2be88 ] Request (MultipleCreateTestJSON:_run_cleanups): 200 GET http://10.180.1.21/compute/v2.1/servers/fe873e92-1481-4c5f-b4ca-90e052bd10c0 0.563s
2025-03-06 03:22:39.364 68569 INFO tempest.lib.common.rest_client [req-9bcff18c-ecd0-49c5-8446-acca5d3c6aea req-9bcff18c-ecd0-49c5-8446-acca5d3c6aea ] Request (ServersTestMultiNic:_run_cleanups): 200 GET http://10.180.1.21/compute/v2.1/servers/fd4d5494-042b-457e-a826-dee4d87c0032 0.544s
2025-03-06 03:22:39.426 68606 INFO tempest.lib.common.rest_client [req-7219ec70-925c-46a1-a141-cc58852db1e2 req-7219ec70-925c-46a1-a141-cc58852db1e2 ] Request (ServerDiskConfigTestJSON:test_rebuild_server_with_manual_disk_config): 200 GET http://10.180.1.21/compute/v2.1/servers/c9f5fbeb-28b6-4b41-9156-5b90bc19977c 0.580s
2025-03-06 03:22:39.480 68593 INFO tempest.lib.common.rest_client [req-acf4b000-3f67-47d5-a9a1-32429a6606fe req-acf4b000-3f67-47d5-a9a1-32429a6606fe ] Request (ImagesOneServerNegativeTestJSON:_run_cleanups): 200 GET http://10.180.1.21/compute/v2.1/servers/2d9dbf75-992d-4932-bd5d-84462494ebe8 0.606s
2025-03-06 03:22:39.502 68571 INFO tempest.lib.common.rest_client [req-3017493b-688b-418d-8ca6-e7b89df3e469 req-3017493b-688b-418d-8ca6-e7b89df3e469 ] Request (FloatingIPsAssociationNegativeTestJSON:test_associate_ip_to_server_with_floating_ip): 202 POST http://10.180.1.21/compute/v2.1/servers/bbc08614-926e-4209-abec-4808f223943a/action 1.730s
2025-03-06 03:22:39.548 68607 INFO tempest.lib.common.rest_client [req-4529cf4c-3bff-4c99-aa07-a2f68f382f2c req-4529cf4c-3bff-4c99-aa07-a2f68f382f2c ] Request (ImagesTestJSON:test_create_image_from_suspended_server): 200 GET http://10.180.1.21/compute/v2.1/servers/100ec1f9-6776-4832-a4c2-e9a4def0d350 0.625s
2025-03-06 03:22:39.556 68581 INFO tempest.lib.common.rest_client [req-54327088-da4a-49ae-9a6d-c4e86c52f6a5 req-54327088-da4a-49ae-9a6d-c4e86c52f6a5 ] Request (FloatingIPsAssociationTestJSON:test_associate_already_associated_floating_ip): 200 GET http://10.180.1.21/compute/v2.1/servers/f5724973-2349-481c-b2ba-d1287f09c1db 0.609s
2025-03-06 03:22:39.611 68589 INFO tempest.lib.common.rest_client [req-619f7163-59af-424d-83d8-322f3587f991 req-619f7163-59af-424d-83d8-322f3587f991 ] Request (ServerRescueNegativeTestJSON:setUpClass): 200 GET http://10.180.1.21/compute/v2.1/servers/7778c027-d4af-436c-a545-aa513c0b1127 0.600s
2025-03-06 03:22:39.615 68575 INFO tempest.lib.common.rest_client [req-bb05e5ec-91f2-401b-89e6-a42687c53a06 req-bb05e5ec-91f2-401b-89e6-a42687c53a06 ] Request (ListServerFiltersTestJSON:setUpClass): 200 GET http://10.180.1.21/compute/v2.1/servers/6915d271-8346-41b5-a75b-2188fd3b57d1 0.582s
2025-03-06 03:22:39.653 68587 INFO tempest.lib.common.rest_client [req-b05ef23a-75a4-4fea-b480-5c84a94f7fc6 req-b05ef23a-75a4-4fea-b480-5c84a94f7fc6 ] Request (ImagesOneServerTestJSON:test_create_image_specify_multibyte_character_image_name): 200 GET http://10.180.1.21/compute/v2.1/images/0428e551-b5ef-4ca7-9b75-5cb0cdbb76f1 0.596s
2025-03-06 03:22:39.697 68591 INFO tempest.lib.common.rest_client [req-bc006471-0f3d-43ef-8a8d-9d9a2eb5c2dc req-bc006471-0f3d-43ef-8a8d-9d9a2eb5c2dc ] Request (ListServersNegativeTestJSON:setUpClass): 200 GET http://10.180.1.21/compute/v2.1/servers/4c394e1d-8fef-4b7a-ac9f-550f263c1d7f 0.626s
2025-03-06 03:22:39.713 68597 INFO tempest.lib.common.rest_client [req-8b6ed22c-72ec-450d-8c4f-4a4f4a298cfe req-8b6ed22c-72ec-450d-8c4f-4a4f4a298cfe ] Request (ServersTestJSON:test_create_server_with_ipv6_addr_only): 200 GET http://10.180.1.21/compute/v2.1/servers/8c00240d-5124-4ada-bd4d-4acd39a345c8 0.594s
2025-03-06 03:22:39.772 68579 INFO tempest.lib.common.rest_client [req-11581d22-dd8c-4e03-9b83-020956cea41e req-11581d22-dd8c-4e03-9b83-020956cea41e ] Request (SecurityGroupsTestJSON:test_server_security_groups): 200 GET http://10.180.1.21/compute/v2.1/servers/774ce6f8-6273-4f2b-b398-ee8c44d79520 0.620s
2025-03-06 03:22:39.841 68617 INFO tempest.lib.common.rest_client [req-fb0d1c97-aaf0-4311-8bd0-b35e760c525d req-fb0d1c97-aaf0-4311-8bd0-b35e760c525d ] Request (ServersListShow296Test:test_list_show_update_rebuild_server_296): 200 GET http://10.180.1.21/compute/v2.1/servers/f113bb6c-f05a-4253-98af-ca827fcbb723 0.400s
2025-03-06 03:22:39.892 68611 INFO tempest.lib.common.rest_client [req-edb9ef3f-3928-4691-8f8b-f0022cab3d59 req-edb9ef3f-3928-4691-8f8b-f0022cab3d59 ] Request (InstanceActionsTestJSON:setUpClass): 200 GET http://10.180.1.21/compute/v2.1/servers/b0090ea8-98fe-42a0-97cc-40d7578851a9 0.526s
2025-03-06 03:22:39.934 68587 INFO tempest.lib.common.rest_client [req-055c4f1d-ab24-456c-aa4a-fa5526062356 req-055c4f1d-ab24-456c-aa4a-fa5526062356 ] Request (ImagesOneServerTestJSON:test_create_image_specify_multibyte_character_image_name): 200 GET http://10.180.1.21/compute/v2.1/images/0428e551-b5ef-4ca7-9b75-5cb0cdbb76f1 0.277s
2025-03-06 03:22:40.093 68626 INFO tempest.lib.common.rest_client [req-7f93c3a2-0970-4bc3-8996-c2c56a7081b4 req-7f93c3a2-0970-4bc3-8996-c2c56a7081b4 ] Request (MigrationsAdminTest:test_list_migrations_in_flavor_resize_situation): 200 GET http://10.180.1.21/compute/v2.1/servers/10957648-8618-4f2c-8b08-5468bca20cfc 0.280s
2025-03-06 03:22:40.144 68613 INFO tempest.lib.common.rest_client [req-3d29b7c1-01d4-43c0-b631-50105d491935 req-3d29b7c1-01d4-43c0-b631-50105d491935 ] Request (ServerAddressesTestJSON:setUpClass): 200 GET http://10.180.1.21/compute/v2.1/servers/340aa1e7-dc0a-4cba-8979-0c591830e9db 0.273s
2025-03-06 03:22:40.194 68603 INFO tempest.lib.common.rest_client [req-889df887-fd25-4db9-b503-f8df4999b487 req-889df887-fd25-4db9-b503-f8df4999b487 ] Request (ServerMetadataNegativeTestJSON:setUpClass): 200 GET http://10.180.1.21/compute/v2.1/servers/d1fb6fff-b1b7-4c1b-8995-41628cadf7d5 0.263s
2025-03-06 03:22:40.352 68587 INFO tempest.lib.common.rest_client [req-86e77ab2-a96f-44d6-a4fd-771df8462603 req-86e77ab2-a96f-44d6-a4fd-771df8462603 ] Request (ImagesOneServerTestJSON:test_create_image_specify_multibyte_character_image_name): 200 GET http://10.180.1.21/compute/v2.1/servers/59b0dd89-0093-4e50-9428-8db5c7fd429d 0.413s
2025-03-06 03:22:40.403 68567 INFO tempest.lib.common.rest_client [req-aa2add4a-489b-456c-b890-49d4f5c96787 req-aa2add4a-489b-456c-b890-49d4f5c96787 ] Request (ServersAdminTestJSON:setUpClass): 200 GET http://10.180.1.21/compute/v2.1/servers/f579141b-1fac-4541-99c3-07644a0a358c 0.414s
2025-03-06 03:22:40.467 68565 INFO tempest.lib.common.rest_client [req-8b282c86-7024-410c-a379-87385e7e4355 req-8b282c86-7024-410c-a379-87385e7e4355 ] Request (DeleteServersAdminTestJSON:test_delete_server_while_in_error_state): 200 GET http://10.180.1.21/compute/v2.1/servers/f270caad-1b02-4d5b-a435-37b77c05c4e7 0.415s
2025-03-06 03:22:40.475 68571 INFO tempest.lib.common.rest_client [req-7bd1efe1-cd86-409a-aad4-ea439b5b8587 req-7bd1efe1-cd86-409a-aad4-ea439b5b8587 ] Request (FloatingIPsAssociationNegativeTestJSON:test_associate_ip_to_server_with_floating_ip): 200 POST http://10.180.1.21/compute/v2.1/os-floating-ips 0.973s
2025-03-06 03:22:40.538 68585 INFO tempest.lib.common.rest_client [req-0d715259-83b0-4ddb-8fcc-3f7546d58376 req-0d715259-83b0-4ddb-8fcc-3f7546d58376 ] Request (ServersTestBootFromVolume:setUpClass): 200 GET http://10.180.1.21/compute/v2.1/servers/828865d7-d06a-4683-9149-987e6d9efbd9 0.296s
2025-03-06 03:22:40.576 68583 INFO tempest.lib.common.rest_client [req-905031ff-0418-4d07-ba1d-4aca5bd9a1f7 req-905031ff-0418-4d07-ba1d-4aca5bd9a1f7 ] Request (ServersAdminNegativeTestJSON:test_migrate_server_invalid_state): 200 GET http://10.180.1.21/compute/v2.1/servers/09ab8712-0f7a-4122-9d61-19da3e65d22b 0.404s
2025-03-06 03:22:40.598 68601 INFO tempest.lib.common.rest_client [req-0dcbf412-2dc0-4eac-b735-420f41891fad req-0dcbf412-2dc0-4eac-b735-420f41891fad ] Request (MultipleCreateTestJSON:_run_cleanups): 200 GET http://10.180.1.21/compute/v2.1/servers/fe873e92-1481-4c5f-b4ca-90e052bd10c0 0.291s
2025-03-06 03:22:40.636 68569 INFO tempest.lib.common.rest_client [req-4005549c-7155-40ca-af9d-63920e52ec4a req-4005549c-7155-40ca-af9d-63920e52ec4a ] Request (ServersTestMultiNic:_run_cleanups): 200 GET http://10.180.1.21/compute/v2.1/servers/fd4d5494-042b-457e-a826-dee4d87c0032 0.263s
2025-03-06 03:22:40.648 68606 INFO tempest.lib.common.rest_client [req-928a73f8-d376-47f6-aeaa-b6568db18479 req-928a73f8-d376-47f6-aeaa-b6568db18479 ] Request (ServerDiskConfigTestJSON:test_rebuild_server_with_manual_disk_config): 200 GET http://10.180.1.21/compute/v2.1/servers/c9f5fbeb-28b6-4b41-9156-5b90bc19977c 0.209s
2025-03-06 03:22:40.718 68593 INFO tempest.lib.common.rest_client [req-7a73ea20-81d9-4f54-9a98-2f2b6f26205a req-7a73ea20-81d9-4f54-9a98-2f2b6f26205a ] Request (ImagesOneServerNegativeTestJSON:_run_cleanups): 200 GET http://10.180.1.21/compute/v2.1/servers/2d9dbf75-992d-4932-bd5d-84462494ebe8 0.227s
2025-03-06 03:22:40.773 68607 INFO tempest.lib.common.rest_client [req-d55f4743-fdb2-4ada-a1e6-669bb5be5e37 req-d55f4743-fdb2-4ada-a1e6-669bb5be5e37 ] Request (ImagesTestJSON:test_create_image_from_suspended_server): 200 GET http://10.180.1.21/compute/v2.1/servers/100ec1f9-6776-4832-a4c2-e9a4def0d350 0.217s
2025-03-06 03:22:40.823 68581 INFO tempest.lib.common.rest_client [req-ed6129e6-2840-46b0-9275-c068a94bcd84 req-ed6129e6-2840-46b0-9275-c068a94bcd84 ] Request (FloatingIPsAssociationTestJSON:test_associate_already_associated_floating_ip): 200 GET http://10.180.1.21/compute/v2.1/servers/f5724973-2349-481c-b2ba-d1287f09c1db 0.257s
2025-03-06 03:22:40.874 68575 INFO tempest.lib.common.rest_client [req-b6d39f6a-a8b2-47fe-ba59-3f71023ba403 req-b6d39f6a-a8b2-47fe-ba59-3f71023ba403 ] Request (ListServerFiltersTestJSON:setUpClass): 200 GET http://10.180.1.21/compute/v2.1/servers/6915d271-8346-41b5-a75b-2188fd3b57d1 0.251s
2025-03-06 03:22:40.919 68571 INFO tempest.lib.common.rest_client [req-6f2d0fbb-e334-4648-8804-e59e1d264d88 req-6f2d0fbb-e334-4648-8804-e59e1d264d88 ] Request (FloatingIPsAssociationNegativeTestJSON:test_associate_ip_to_server_with_floating_ip): 400 POST http://10.180.1.21/compute/v2.1/servers/bbc08614-926e-4209-abec-4808f223943a/action 0.441s
2025-03-06 03:22:40.934 68589 INFO tempest.lib.common.rest_client [req-90b2f4b2-f9d1-460b-b84b-5d134ce097b5 req-90b2f4b2-f9d1-460b-b84b-5d134ce097b5 ] Request (ServerRescueNegativeTestJSON:setUpClass): 200 GET http://10.180.1.21/compute/v2.1/servers/7778c027-d4af-436c-a545-aa513c0b1127 0.309s
2025-03-06 03:22:40.989 68591 INFO tempest.lib.common.rest_client [req-b2bd6989-2487-4ef4-86c1-0aedd93145e9 req-b2bd6989-2487-4ef4-86c1-0aedd93145e9 ] Request (ListServersNegativeTestJSON:setUpClass): 200 GET http://10.180.1.21/compute/v2.1/servers/4c394e1d-8fef-4b7a-ac9f-550f263c1d7f 0.280s
2025-03-06 03:22:40.991 68597 INFO tempest.lib.common.rest_client [req-b1b75f0e-925d-443b-82f6-6a689d3b66f9 req-b1b75f0e-925d-443b-82f6-6a689d3b66f9 ] Request (ServersTestJSON:test_create_server_with_ipv6_addr_only): 200 GET http://10.180.1.21/compute/v2.1/servers/8c00240d-5124-4ada-bd4d-4acd39a345c8 0.265s
2025-03-06 03:22:41.040 68579 INFO tempest.lib.common.rest_client [req-dcaef858-2943-4358-9b69-c3bbd1d6aeff req-dcaef858-2943-4358-9b69-c3bbd1d6aeff ] Request (SecurityGroupsTestJSON:test_server_security_groups): 200 GET http://10.180.1.21/compute/v2.1/servers/774ce6f8-6273-4f2b-b398-ee8c44d79520 0.255s
2025-03-06 03:22:41.055 68617 INFO tempest.lib.common.rest_client [req-44a26c67-8322-45b9-82c2-06e8ca346c54 req-44a26c67-8322-45b9-82c2-06e8ca346c54 ] Request (ServersListShow296Test:test_list_show_update_rebuild_server_296): 200 GET http://10.180.1.21/compute/v2.1/servers/f113bb6c-f05a-4253-98af-ca827fcbb723 0.204s
2025-03-06 03:22:41.181 68611 INFO tempest.lib.common.rest_client [req-e1f5e50d-2906-4405-89f1-dc834aa4baa6 req-e1f5e50d-2906-4405-89f1-dc834aa4baa6 ] Request (InstanceActionsTestJSON:setUpClass): 200 GET http://10.180.1.21/compute/v2.1/servers/b0090ea8-98fe-42a0-97cc-40d7578851a9 0.278s
2025-03-06 03:22:41.347 68626 INFO tempest.lib.common.rest_client [req-f03c3a1a-54c2-4d2f-9131-903d5d1cb9e0 req-f03c3a1a-54c2-4d2f-9131-903d5d1cb9e0 ] Request (MigrationsAdminTest:test_list_migrations_in_flavor_resize_situation): 200 GET http://10.180.1.21/compute/v2.1/servers/10957648-8618-4f2c-8b08-5468bca20cfc 0.243s
2025-03-06 03:22:41.355 68626 INFO tempest.common.waiters [-] State transition "RESIZE/resize_migrating" ==> "RESIZE/resize_migrated" after 47 second wait
2025-03-06 03:22:41.412 68613 INFO tempest.lib.common.rest_client [req-8eeb1f64-f1c9-4dec-b03a-dfab723fa8db req-8eeb1f64-f1c9-4dec-b03a-dfab723fa8db ] Request (ServerAddressesTestJSON:setUpClass): 200 GET http://10.180.1.21/compute/v2.1/servers/340aa1e7-dc0a-4cba-8979-0c591830e9db 0.259s
2025-03-06 03:22:41.464 68603 INFO tempest.lib.common.rest_client [req-e9c90b6d-a074-43b6-87cb-ec4c9b46d486 req-e9c90b6d-a074-43b6-87cb-ec4c9b46d486 ] Request (ServerMetadataNegativeTestJSON:setUpClass): 200 GET http://10.180.1.21/compute/v2.1/servers/d1fb6fff-b1b7-4c1b-8995-41628cadf7d5 0.263s
2025-03-06 03:22:41.505 68615 WARNING tempest.lib.common.ssh [-] Failed to establish authenticated ssh connection to cirros@10.180.180.220 ([Errno None] Unable to connect to port 22 on 10.180.180.220). Number attempts: 9. Retry after 10 seconds.: paramiko.ssh_exception.NoValidConnectionsError: [Errno None] Unable to connect to port 22 on 10.180.180.220
2025-03-06 03:22:41.535 68571 INFO tempest.lib.common.rest_client [req-f34f90e8-4d2b-45a1-ac31-dcdc7f5bb8d0 req-f34f90e8-4d2b-45a1-ac31-dcdc7f5bb8d0 ] Request (FloatingIPsAssociationNegativeTestJSON:_run_cleanups): 202 DELETE http://10.180.1.21/compute/v2.1/os-floating-ips/fd335f63-d750-405b-8551-a94359f00b90 0.615s
2025-03-06 03:22:41.597 68587 INFO tempest.lib.common.rest_client [req-3f5c5c2f-73f5-4aa8-9298-c9af36082441 req-3f5c5c2f-73f5-4aa8-9298-c9af36082441 ] Request (ImagesOneServerTestJSON:test_create_image_specify_multibyte_character_image_name): 200 GET http://10.180.1.21/compute/v2.1/servers/59b0dd89-0093-4e50-9428-8db5c7fd429d 0.235s
2025-03-06 03:22:41.600 68567 INFO tempest.lib.common.rest_client [req-0c799bd3-28f5-4164-a237-7ace6c3823b7 req-0c799bd3-28f5-4164-a237-7ace6c3823b7 ] Request (ServersAdminTestJSON:setUpClass): 200 GET http://10.180.1.21/compute/v2.1/servers/f579141b-1fac-4541-99c3-07644a0a358c 0.187s
2025-03-06 03:22:41.605 68587 INFO tempest.common.waiters [-] State transition "ACTIVE/image_uploading" ==> "ACTIVE/None" after 1 second wait
2025-03-06 03:22:41.669 68565 INFO tempest.lib.common.rest_client [req-a6b9a8eb-b8e4-47bc-b874-5bd15876beea req-a6b9a8eb-b8e4-47bc-b874-5bd15876beea ] Request (DeleteServersAdminTestJSON:test_delete_server_while_in_error_state): 200 GET http://10.180.1.21/compute/v2.1/servers/f270caad-1b02-4d5b-a435-37b77c05c4e7 0.191s
2025-03-06 03:22:41.723 68585 INFO tempest.lib.common.rest_client [req-43cbf471-f4fb-4ac7-9bd9-db1497e139f7 req-43cbf471-f4fb-4ac7-9bd9-db1497e139f7 ] Request (ServersTestBootFromVolume:setUpClass): 200 GET http://10.180.1.21/compute/v2.1/servers/828865d7-d06a-4683-9149-987e6d9efbd9 0.177s
2025-03-06 03:22:41.829 68583 INFO tempest.lib.common.rest_client [req-034a010e-2e98-4e61-9ed3-762666856ac4 req-034a010e-2e98-4e61-9ed3-762666856ac4 ] Request (ServersAdminNegativeTestJSON:test_migrate_server_invalid_state): 200 GET http://10.180.1.21/compute/v2.1/servers/09ab8712-0f7a-4122-9d61-19da3e65d22b 0.244s
2025-03-06 03:22:41.888 68601 INFO tempest.lib.common.rest_client [req-017541aa-6fff-4966-a2c4-7af12905b217 req-017541aa-6fff-4966-a2c4-7af12905b217 ] Request (MultipleCreateTestJSON:_run_cleanups): 200 GET http://10.180.1.21/compute/v2.1/servers/fe873e92-1481-4c5f-b4ca-90e052bd10c0 0.280s
2025-03-06 03:22:42.010 68587 INFO tempest.lib.common.rest_client [req-5a9c3297-b67b-44d8-bef3-44bfce44ff45 req-5a9c3297-b67b-44d8-bef3-44bfce44ff45 ] Request (ImagesOneServerTestJSON:tearDownClass): 204 DELETE http://10.180.1.21/compute/v2.1/images/0428e551-b5ef-4ca7-9b75-5cb0cdbb76f1 0.402s
2025-03-06 03:22:42.084 68569 INFO tempest.lib.common.rest_client [req-c65ef90c-5b67-4f17-a197-637337c32915 req-c65ef90c-5b67-4f17-a197-637337c32915 ] Request (ServersTestMultiNic:_run_cleanups): 200 GET http://10.180.1.21/compute/v2.1/servers/fd4d5494-042b-457e-a826-dee4d87c0032 0.440s
2025-03-06 03:22:42.131 68606 INFO tempest.lib.common.rest_client [req-d1428b97-1ee3-44b0-9b48-f6c29d315a61 req-d1428b97-1ee3-44b0-9b48-f6c29d315a61 ] Request (ServerDiskConfigTestJSON:test_rebuild_server_with_manual_disk_config): 200 GET http://10.180.1.21/compute/v2.1/servers/c9f5fbeb-28b6-4b41-9156-5b90bc19977c 0.475s
2025-03-06 03:22:42.221 68593 INFO tempest.lib.common.rest_client [req-41cbe757-0c37-43f4-80ec-a0e9a5df1a37 req-41cbe757-0c37-43f4-80ec-a0e9a5df1a37 ] Request (ImagesOneServerNegativeTestJSON:_run_cleanups): 200 GET http://10.180.1.21/compute/v2.1/servers/2d9dbf75-992d-4932-bd5d-84462494ebe8 0.495s
2025-03-06 03:22:42.493 68607 INFO tempest.lib.common.rest_client [req-80e58397-9da1-4030-aade-f139f0fb1d37 req-80e58397-9da1-4030-aade-f139f0fb1d37 ] Request (ImagesTestJSON:test_create_image_from_suspended_server): 200 GET http://10.180.1.21/compute/v2.1/servers/100ec1f9-6776-4832-a4c2-e9a4def0d350 0.708s
2025-03-06 03:22:42.552 68581 INFO tempest.lib.common.rest_client [req-fe902f34-3492-40c9-9dbc-6e0858806a29 req-fe902f34-3492-40c9-9dbc-6e0858806a29 ] Request (FloatingIPsAssociationTestJSON:test_associate_already_associated_floating_ip): 200 GET http://10.180.1.21/compute/v2.1/servers/f5724973-2349-481c-b2ba-d1287f09c1db 0.718s
2025-03-06 03:22:42.603 68575 INFO tempest.lib.common.rest_client [req-3032a534-7bbb-4180-a0b4-755634118b5c req-3032a534-7bbb-4180-a0b4-755634118b5c ] Request (ListServerFiltersTestJSON:setUpClass): 200 GET http://10.180.1.21/compute/v2.1/servers/6915d271-8346-41b5-a75b-2188fd3b57d1 0.719s
2025-03-06 03:22:42.649 68589 INFO tempest.lib.common.rest_client [req-bf703c22-47e4-40b6-8b96-a2aef9b534ec req-bf703c22-47e4-40b6-8b96-a2aef9b534ec ] Request (ServerRescueNegativeTestJSON:setUpClass): 200 GET http://10.180.1.21/compute/v2.1/servers/7778c027-d4af-436c-a545-aa513c0b1127 0.707s
2025-03-06 03:22:42.699 68597 INFO tempest.lib.common.rest_client [req-8e0d771a-98f2-41c9-89b4-044bdc85feb0 req-8e0d771a-98f2-41c9-89b4-044bdc85feb0 ] Request (ServersTestJSON:test_create_server_with_ipv6_addr_only): 200 GET http://10.180.1.21/compute/v2.1/servers/8c00240d-5124-4ada-bd4d-4acd39a345c8 0.700s
2025-03-06 03:22:42.772 68591 INFO tempest.lib.common.rest_client [req-61d0b6da-2627-46ae-b896-b3cd9e6fa280 req-61d0b6da-2627-46ae-b896-b3cd9e6fa280 ] Request (ListServersNegativeTestJSON:setUpClass): 200 GET http://10.180.1.21/compute/v2.1/servers/4c394e1d-8fef-4b7a-ac9f-550f263c1d7f 0.773s
2025-03-06 03:22:42.786 68587 INFO tempest.lib.common.rest_client [req-cab0aa48-d3a5-4bf9-94c6-dbb768e25885 req-cab0aa48-d3a5-4bf9-94c6-dbb768e25885 ] Request (ImagesOneServerTestJSON:tearDownClass): 404 DELETE http://10.180.1.21/compute/v2.1/images/22ed5a66-013d-474d-a5cd-af82cf79cd42 0.776s
2025-03-06 03:22:42.847 68579 INFO tempest.lib.common.rest_client [req-78b035e4-5e14-487e-96f6-1c0e8060bbf4 req-78b035e4-5e14-487e-96f6-1c0e8060bbf4 ] Request (SecurityGroupsTestJSON:test_server_security_groups): 200 GET http://10.180.1.21/compute/v2.1/servers/774ce6f8-6273-4f2b-b398-ee8c44d79520 0.798s
2025-03-06 03:22:42.917 68617 INFO tempest.lib.common.rest_client [req-a4727e52-1fe3-417e-957c-3dd19103860d req-a4727e52-1fe3-417e-957c-3dd19103860d ] Request (ServersListShow296Test:test_list_show_update_rebuild_server_296): 200 GET http://10.180.1.21/compute/v2.1/servers/f113bb6c-f05a-4253-98af-ca827fcbb723 0.842s
2025-03-06 03:22:42.937 68571 INFO tempest.lib.common.rest_client [req-acb65f43-e15a-4cd4-96aa-ae075a70658a req-acb65f43-e15a-4cd4-96aa-ae075a70658a ] Request (FloatingIPsAssociationNegativeTestJSON:_run_cleanups): 202 POST http://10.180.1.21/compute/v2.1/servers/bbc08614-926e-4209-abec-4808f223943a/action 1.401s
2025-03-06 03:22:43.083 68611 INFO tempest.lib.common.rest_client [req-7acd71cc-3489-4cdd-bc02-f27182cd45b1 req-7acd71cc-3489-4cdd-bc02-f27182cd45b1 ] Request (InstanceActionsTestJSON:setUpClass): 200 GET http://10.180.1.21/compute/v2.1/servers/b0090ea8-98fe-42a0-97cc-40d7578851a9 0.887s
2025-03-06 03:22:43.146 68613 INFO tempest.lib.common.rest_client [req-562d04d8-573b-4243-b84e-7bfaf3067901 req-562d04d8-573b-4243-b84e-7bfaf3067901 ] Request (ServerAddressesTestJSON:setUpClass): 200 GET http://10.180.1.21/compute/v2.1/servers/340aa1e7-dc0a-4cba-8979-0c591830e9db 0.720s
2025-03-06 03:22:43.164 68626 INFO tempest.lib.common.rest_client [req-e8585982-e405-44d6-a12d-ed1780b3d701 req-e8585982-e405-44d6-a12d-ed1780b3d701 ] Request (MigrationsAdminTest:test_list_migrations_in_flavor_resize_situation): 200 GET http://10.180.1.21/compute/v2.1/servers/10957648-8618-4f2c-8b08-5468bca20cfc 0.808s
2025-03-06 03:22:43.200 68603 INFO tempest.lib.common.rest_client [req-2312a8c1-b06e-4619-a834-bf7ff2db048e req-2312a8c1-b06e-4619-a834-bf7ff2db048e ] Request (ServerMetadataNegativeTestJSON:setUpClass): 200 GET http://10.180.1.21/compute/v2.1/servers/d1fb6fff-b1b7-4c1b-8995-41628cadf7d5 0.725s
2025-03-06 03:22:43.237 68567 INFO tempest.lib.common.rest_client [req-728020a1-f5df-4ad5-8d67-81302615c698 req-728020a1-f5df-4ad5-8d67-81302615c698 ] Request (ServersAdminTestJSON:setUpClass): 200 GET http://10.180.1.21/compute/v2.1/servers/f579141b-1fac-4541-99c3-07644a0a358c 0.620s
2025-03-06 03:22:43.284 68585 INFO tempest.lib.common.rest_client [req-d256be95-e42f-4391-a2aa-f3bc024cf474 req-d256be95-e42f-4391-a2aa-f3bc024cf474 ] Request (ServersTestBootFromVolume:setUpClass): 200 GET http://10.180.1.21/compute/v2.1/servers/828865d7-d06a-4683-9149-987e6d9efbd9 0.554s
2025-03-06 03:22:43.300 68565 INFO tempest.lib.common.rest_client [req-b743c2ab-f877-408a-a9bc-1176ff41dd9a req-b743c2ab-f877-408a-a9bc-1176ff41dd9a ] Request (DeleteServersAdminTestJSON:test_delete_server_while_in_error_state): 200 GET http://10.180.1.21/compute/v2.1/servers/f270caad-1b02-4d5b-a435-37b77c05c4e7 0.622s
2025-03-06 03:22:43.357 68587 INFO tempest.lib.common.rest_client [req-82a77a3f-1206-4175-83fc-90562860f873 req-82a77a3f-1206-4175-83fc-90562860f873 ] Request (ImagesOneServerTestJSON:tearDownClass): 204 DELETE http://10.180.1.21/compute/v2.1/servers/59b0dd89-0093-4e50-9428-8db5c7fd429d 0.571s
2025-03-06 03:22:43.402 68583 INFO tempest.lib.common.rest_client [req-fdaff0f9-ebd0-4b88-99d1-fd5f589a0718 req-fdaff0f9-ebd0-4b88-99d1-fd5f589a0718 ] Request (ServersAdminNegativeTestJSON:test_migrate_server_invalid_state): 200 GET http://10.180.1.21/compute/v2.1/servers/09ab8712-0f7a-4122-9d61-19da3e65d22b 0.560s
2025-03-06 03:22:43.411 68601 INFO tempest.lib.common.rest_client [req-c70c7ce1-fefe-4e21-bc52-f409f36094aa req-c70c7ce1-fefe-4e21-bc52-f409f36094aa ] Request (MultipleCreateTestJSON:_run_cleanups): 200 GET http://10.180.1.21/compute/v2.1/servers/fe873e92-1481-4c5f-b4ca-90e052bd10c0 0.509s
2025-03-06 03:22:43.465 68569 INFO tempest.lib.common.rest_client [req-b1cac2b6-6f9b-4a00-b9f2-de6549efad23 req-b1cac2b6-6f9b-4a00-b9f2-de6549efad23 ] Request (ServersTestMultiNic:_run_cleanups): 200 GET http://10.180.1.21/compute/v2.1/servers/fd4d5494-042b-457e-a826-dee4d87c0032 0.371s
2025-03-06 03:22:43.512 68606 INFO tempest.lib.common.rest_client [req-b11471b9-57ef-4abe-bc5a-52ee2b97f92b req-b11471b9-57ef-4abe-bc5a-52ee2b97f92b ] Request (ServerDiskConfigTestJSON:test_rebuild_server_with_manual_disk_config): 200 GET http://10.180.1.21/compute/v2.1/servers/c9f5fbeb-28b6-4b41-9156-5b90bc19977c 0.372s
2025-03-06 03:22:43.574 68593 INFO tempest.lib.common.rest_client [req-e0ebabf4-2737-4cae-8745-03497aa1d84f req-e0ebabf4-2737-4cae-8745-03497aa1d84f ] Request (ImagesOneServerNegativeTestJSON:_run_cleanups): 200 GET http://10.180.1.21/compute/v2.1/servers/2d9dbf75-992d-4932-bd5d-84462494ebe8 0.343s
2025-03-06 03:22:43.696 68587 INFO tempest.lib.common.rest_client [req-75fe7eff-eee8-45ae-9d55-cac91967fdd1 req-75fe7eff-eee8-45ae-9d55-cac91967fdd1 ] Request (ImagesOneServerTestJSON:tearDownClass): 200 GET http://10.180.1.21/compute/v2.1/servers/59b0dd89-0093-4e50-9428-8db5c7fd429d 0.338s
2025-03-06 03:22:43.755 68607 INFO tempest.lib.common.rest_client [req-cccb2236-308b-4971-b179-8af9b7cbc239 req-cccb2236-308b-4971-b179-8af9b7cbc239 ] Request (ImagesTestJSON:test_create_image_from_suspended_server): 200 GET http://10.180.1.21/compute/v2.1/servers/100ec1f9-6776-4832-a4c2-e9a4def0d350 0.254s
2025-03-06 03:22:43.779 68571 INFO tempest.lib.common.rest_client [req-e1b7822b-8b76-4ba3-8c04-8ed17add009a req-e1b7822b-8b76-4ba3-8c04-8ed17add009a ] Request (FloatingIPsAssociationNegativeTestJSON:_run_cleanups): 202 DELETE http://10.180.1.21/compute/v2.1/os-floating-ips/27b6d9d4-a80c-4fa9-9104-8e7dfcb41b84 0.842s
2025-03-06 03:22:43.812 68581 INFO tempest.lib.common.rest_client [req-1a39abe2-efe5-4e25-a764-035fe834e50d req-1a39abe2-efe5-4e25-a764-035fe834e50d ] Request (FloatingIPsAssociationTestJSON:test_associate_already_associated_floating_ip): 200 GET http://10.180.1.21/compute/v2.1/servers/f5724973-2349-481c-b2ba-d1287f09c1db 0.252s
2025-03-06 03:22:43.839 68575 INFO tempest.lib.common.rest_client [req-028e5b7d-f7c1-4e1a-b9eb-b7e6d0760470 req-028e5b7d-f7c1-4e1a-b9eb-b7e6d0760470 ] Request (ListServerFiltersTestJSON:setUpClass): 200 GET http://10.180.1.21/compute/v2.1/servers/6915d271-8346-41b5-a75b-2188fd3b57d1 0.228s
2025-03-06 03:22:43.865 68589 INFO tempest.lib.common.rest_client [req-05d8279f-a9da-4e8d-8dbc-0a20ec16baa9 req-05d8279f-a9da-4e8d-8dbc-0a20ec16baa9 ] Request (ServerRescueNegativeTestJSON:setUpClass): 200 GET http://10.180.1.21/compute/v2.1/servers/7778c027-d4af-436c-a545-aa513c0b1127 0.206s
2025-03-06 03:22:43.873 68571 INFO tempest.lib.common.rest_client [req-f14e9161-c5d7-4e08-9858-9881cd8a13d8 req-f14e9161-c5d7-4e08-9858-9881cd8a13d8 ] Request (FloatingIPsAssociationNegativeTestJSON:test_associate_ip_to_server_without_passing_floating_ip): 400 POST http://10.180.1.21/compute/v2.1/servers/bbc08614-926e-4209-abec-4808f223943a/action 0.092s
2025-03-06 03:22:43.896 68597 INFO tempest.lib.common.rest_client [req-48474a99-0fc5-4ef6-bba3-6cc709bde418 req-48474a99-0fc5-4ef6-bba3-6cc709bde418 ] Request (ServersTestJSON:test_create_server_with_ipv6_addr_only): 200 GET http://10.180.1.21/compute/v2.1/servers/8c00240d-5124-4ada-bd4d-4acd39a345c8 0.184s
2025-03-06 03:22:43.936 68591 INFO tempest.lib.common.rest_client [req-d24614a3-8246-4acb-8bd3-992e82f8350d req-d24614a3-8246-4acb-8bd3-992e82f8350d ] Request (ListServersNegativeTestJSON:setUpClass): 200 GET http://10.180.1.21/compute/v2.1/servers/4c394e1d-8fef-4b7a-ac9f-550f263c1d7f 0.153s
2025-03-06 03:22:43.970 68579 INFO tempest.lib.common.rest_client [req-6df973f4-abe9-4a2c-a5b5-5f8fb4fe9033 req-6df973f4-abe9-4a2c-a5b5-5f8fb4fe9033 ] Request (SecurityGroupsTestJSON:test_server_security_groups): 200 GET http://10.180.1.21/compute/v2.1/servers/774ce6f8-6273-4f2b-b398-ee8c44d79520 0.114s
2025-03-06 03:22:44.036 68617 INFO tempest.lib.common.rest_client [req-42315085-5d6f-4e34-aed2-87f99ca26f85 req-42315085-5d6f-4e34-aed2-87f99ca26f85 ] Request (ServersListShow296Test:test_list_show_update_rebuild_server_296): 200 GET http://10.180.1.21/compute/v2.1/servers/f113bb6c-f05a-4253-98af-ca827fcbb723 0.106s
2025-03-06 03:22:44.061 68571 INFO tempest.lib.common.rest_client [req-bb7c797e-086d-4d22-a640-520a3c39b306 req-bb7c797e-086d-4d22-a640-520a3c39b306 ] Request (FloatingIPsAssociationNegativeTestJSON:test_associate_nonexistent_floating_ip): 404 POST http://10.180.1.21/compute/v2.1/servers/bbc08614-926e-4209-abec-4808f223943a/action 0.187s
2025-03-06 03:22:44.092 68571 INFO tempest.lib.common.rest_client [req-01c12fb8-d9d8-4f96-ae6c-d7614e56799f req-01c12fb8-d9d8-4f96-ae6c-d7614e56799f ] Request (FloatingIPsAssociationNegativeTestJSON:test_dissociate_nonexistent_floating_ip): 404 POST http://10.180.1.21/compute/v2.1/servers/bbc08614-926e-4209-abec-4808f223943a/action 0.030s
2025-03-06 03:22:44.162 68571 INFO tempest.lib.common.rest_client [req-3943ea15-36cd-4324-a333-8cbe1e954b68 req-3943ea15-36cd-4324-a333-8cbe1e954b68 ] Request (FloatingIPsAssociationNegativeTestJSON:tearDownClass): 204 DELETE http://10.180.1.21/compute/v2.1/servers/bbc08614-926e-4209-abec-4808f223943a 0.064s
2025-03-06 03:22:44.179 68611 INFO tempest.lib.common.rest_client [req-a3e1dd27-6604-4484-9a71-5839bc9f57fa req-a3e1dd27-6604-4484-9a71-5839bc9f57fa ] Request (InstanceActionsTestJSON:setUpClass): 200 GET http://10.180.1.21/compute/v2.1/servers/b0090ea8-98fe-42a0-97cc-40d7578851a9 0.087s
2025-03-06 03:22:44.186 68611 INFO tempest.common.waiters [-] State transition "BUILD/spawning" ==> "ACTIVE/None" after 57 second wait
2025-03-06 03:22:44.206 68613 INFO tempest.lib.common.rest_client [req-d81894c6-81b6-4fbf-b49e-36fdb233ab24 req-d81894c6-81b6-4fbf-b49e-36fdb233ab24 ] Request (ServerAddressesTestJSON:setUpClass): 200 GET http://10.180.1.21/compute/v2.1/servers/340aa1e7-dc0a-4cba-8979-0c591830e9db 0.049s
2025-03-06 03:22:44.279 68571 INFO tempest.lib.common.rest_client [req-a741529f-283b-48b9-88c3-3a88b3e252a1 req-a741529f-283b-48b9-88c3-3a88b3e252a1 ] Request (FloatingIPsAssociationNegativeTestJSON:tearDownClass): 200 GET http://10.180.1.21/compute/v2.1/servers/bbc08614-926e-4209-abec-4808f223943a 0.116s
2025-03-06 03:22:44.295 68626 INFO tempest.lib.common.rest_client [req-2aa1abba-5337-4981-a326-8ad6d5777501 req-2aa1abba-5337-4981-a326-8ad6d5777501 ] Request (MigrationsAdminTest:test_list_migrations_in_flavor_resize_situation): 200 GET http://10.180.1.21/compute/v2.1/servers/10957648-8618-4f2c-8b08-5468bca20cfc 0.122s
2025-03-06 03:22:44.301 68626 INFO tempest.common.waiters [-] State transition "RESIZE/resize_migrated" ==> "RESIZE/resize_finish" after 50 second wait
2025-03-06 03:22:44.305 68611 INFO tempest.lib.common.rest_client [req-48fe3b71-e0b7-4f33-acfb-fe5553c04a59 req-48fe3b71-e0b7-4f33-acfb-fe5553c04a59 ] Request (InstanceActionsTestJSON:test_get_instance_action): 200 GET http://10.180.1.21/compute/v2.1/servers/b0090ea8-98fe-42a0-97cc-40d7578851a9/os-instance-actions/req-46faaab1-911c-43d8-b375-ec544b98bd9f 0.118s
2025-03-06 03:22:44.338 68603 INFO tempest.lib.common.rest_client [req-30e9230d-3d1e-4039-b0a8-13c4db0e1a48 req-30e9230d-3d1e-4039-b0a8-13c4db0e1a48 ] Request (ServerMetadataNegativeTestJSON:setUpClass): 200 GET http://10.180.1.21/compute/v2.1/servers/d1fb6fff-b1b7-4c1b-8995-41628cadf7d5 0.130s
2025-03-06 03:22:44.349 68567 INFO tempest.lib.common.rest_client [req-1deaf8f8-2473-4cb0-a568-fe216f669096 req-1deaf8f8-2473-4cb0-a568-fe216f669096 ] Request (ServersAdminTestJSON:setUpClass): 200 GET http://10.180.1.21/compute/v2.1/servers/f579141b-1fac-4541-99c3-07644a0a358c 0.104s
2025-03-06 03:22:44.383 68585 INFO tempest.lib.common.rest_client [req-344b1041-33f9-4a43-a6f7-20f25569af37 req-344b1041-33f9-4a43-a6f7-20f25569af37 ] Request (ServersTestBootFromVolume:setUpClass): 200 GET http://10.180.1.21/compute/v2.1/servers/828865d7-d06a-4683-9149-987e6d9efbd9 0.090s
2025-03-06 03:22:44.398 68565 INFO tempest.lib.common.rest_client [req-3b3389f3-59e4-4f88-a660-037eadc74a04 req-3b3389f3-59e4-4f88-a660-037eadc74a04 ] Request (DeleteServersAdminTestJSON:test_delete_server_while_in_error_state): 200 GET http://10.180.1.21/compute/v2.1/servers/f270caad-1b02-4d5b-a435-37b77c05c4e7 0.091s
2025-03-06 03:22:44.440 68611 INFO tempest.lib.common.rest_client [req-f354a69c-4010-48e6-8f15-5f1c6ac0bb18 req-f354a69c-4010-48e6-8f15-5f1c6ac0bb18 ] Request (InstanceActionsTestJSON:test_list_instance_actions): 202 POST http://10.180.1.21/compute/v2.1/servers/b0090ea8-98fe-42a0-97cc-40d7578851a9/action 0.130s
2025-03-06 03:22:44.505 68601 INFO tempest.lib.common.rest_client [req-76bce38a-6856-49f7-b7b7-08fc5e485bbb req-76bce38a-6856-49f7-b7b7-08fc5e485bbb ] Request (MultipleCreateTestJSON:_run_cleanups): 200 GET http://10.180.1.21/compute/v2.1/servers/fe873e92-1481-4c5f-b4ca-90e052bd10c0 0.086s
2025-03-06 03:22:44.513 68620 WARNING tempest.lib.common.ssh [-] Failed to establish authenticated ssh connection to cirros@10.180.180.174 ([Errno None] Unable to connect to port 22 on 10.180.180.174). Number attempts: 9. Retry after 10 seconds.: paramiko.ssh_exception.NoValidConnectionsError: [Errno None] Unable to connect to port 22 on 10.180.180.174
2025-03-06 03:22:44.545 68583 INFO tempest.lib.common.rest_client [req-fd24ec5c-d93d-469c-9d89-6d7304cbb11b req-fd24ec5c-d93d-469c-9d89-6d7304cbb11b ] Request (ServersAdminNegativeTestJSON:test_migrate_server_invalid_state): 200 GET http://10.180.1.21/compute/v2.1/servers/09ab8712-0f7a-4122-9d61-19da3e65d22b 0.135s
2025-03-06 03:22:44.620 68611 INFO tempest.lib.common.rest_client [req-b84e271e-ccd0-4af1-b6a8-564387a918f4 req-b84e271e-ccd0-4af1-b6a8-564387a918f4 ] Request (InstanceActionsTestJSON:test_list_instance_actions): 200 GET http://10.180.1.21/compute/v2.1/servers/b0090ea8-98fe-42a0-97cc-40d7578851a9 0.180s
2025-03-06 03:22:44.672 68606 INFO tempest.lib.common.rest_client [req-7878367b-7e22-4810-8370-750675c1fe90 req-7878367b-7e22-4810-8370-750675c1fe90 ] Request (ServerDiskConfigTestJSON:test_rebuild_server_with_manual_disk_config): 200 GET http://10.180.1.21/compute/v2.1/servers/c9f5fbeb-28b6-4b41-9156-5b90bc19977c 0.150s
2025-03-06 03:22:44.729 68593 INFO tempest.lib.common.rest_client [req-25c00163-61fd-4692-b4fb-b7e5c48c8d3b req-25c00163-61fd-4692-b4fb-b7e5c48c8d3b ] Request (ImagesOneServerNegativeTestJSON:_run_cleanups): 200 GET http://10.180.1.21/compute/v2.1/servers/2d9dbf75-992d-4932-bd5d-84462494ebe8 0.148s
2025-03-06 03:22:44.847 68569 INFO tempest.lib.common.rest_client [req-14c08874-dbc7-4980-ac6c-4d8d04f7cdc5 req-14c08874-dbc7-4980-ac6c-4d8d04f7cdc5 ] Request (ServersTestMultiNic:_run_cleanups): 200 GET http://10.180.1.21/compute/v2.1/servers/fd4d5494-042b-457e-a826-dee4d87c0032 0.374s
2025-03-06 03:22:44.865 68587 INFO tempest.lib.common.rest_client [req-1dc2555e-6768-4487-8414-2c4e35e5a2d4 req-1dc2555e-6768-4487-8414-2c4e35e5a2d4 ] Request (ImagesOneServerTestJSON:tearDownClass): 200 GET http://10.180.1.21/compute/v2.1/servers/59b0dd89-0093-4e50-9428-8db5c7fd429d 0.160s
2025-03-06 03:22:44.894 68607 INFO tempest.lib.common.rest_client [req-467e60ab-fe21-48ef-8f50-c9531a60cc76 req-467e60ab-fe21-48ef-8f50-c9531a60cc76 ] Request (ImagesTestJSON:test_create_image_from_suspended_server): 200 GET http://10.180.1.21/compute/v2.1/servers/100ec1f9-6776-4832-a4c2-e9a4def0d350 0.127s
2025-03-06 03:22:44.925 68581 INFO tempest.lib.common.rest_client [req-3f12d71a-3856-4d78-aed9-7be5528b588d req-3f12d71a-3856-4d78-aed9-7be5528b588d ] Request (FloatingIPsAssociationTestJSON:test_associate_already_associated_floating_ip): 200 GET http://10.180.1.21/compute/v2.1/servers/f5724973-2349-481c-b2ba-d1287f09c1db 0.101s
2025-03-06 03:22:44.951 68575 INFO tempest.lib.common.rest_client [req-f8b25518-99e0-4f3e-8dfd-830371d1b2ef req-f8b25518-99e0-4f3e-8dfd-830371d1b2ef ] Request (ListServerFiltersTestJSON:setUpClass): 200 GET http://10.180.1.21/compute/v2.1/servers/6915d271-8346-41b5-a75b-2188fd3b57d1 0.104s
2025-03-06 03:22:45.013 68597 INFO tempest.lib.common.rest_client [req-e7d1d94c-9053-4879-ad2a-f1d2e4aed1cd req-e7d1d94c-9053-4879-ad2a-f1d2e4aed1cd ] Request (ServersTestJSON:test_create_server_with_ipv6_addr_only): 200 GET http://10.180.1.21/compute/v2.1/servers/8c00240d-5124-4ada-bd4d-4acd39a345c8 0.097s
2025-03-06 03:22:45.074 68591 INFO tempest.lib.common.rest_client [req-f465340e-d7f1-4f89-be6e-301f3f4e1eb9 req-f465340e-d7f1-4f89-be6e-301f3f4e1eb9 ] Request (ListServersNegativeTestJSON:setUpClass): 200 GET http://10.180.1.21/compute/v2.1/servers/4c394e1d-8fef-4b7a-ac9f-550f263c1d7f 0.122s
2025-03-06 03:22:45.079 68589 INFO tempest.lib.common.rest_client [req-59e5a681-7a5e-4828-b561-b2e1d7bcdf4f req-59e5a681-7a5e-4828-b561-b2e1d7bcdf4f ] Request (ServerRescueNegativeTestJSON:setUpClass): 200 GET http://10.180.1.21/compute/v2.1/servers/7778c027-d4af-436c-a545-aa513c0b1127 0.197s
2025-03-06 03:22:45.088 68589 INFO tempest.common.waiters [-] State transition "BUILD/None" ==> "BUILD/networking" after 57 second wait
2025-03-06 03:22:45.133 68579 INFO tempest.lib.common.rest_client [req-1eeb014a-53f9-4d12-b02d-0919ac0daeab req-1eeb014a-53f9-4d12-b02d-0919ac0daeab ] Request (SecurityGroupsTestJSON:test_server_security_groups): 200 GET http://10.180.1.21/compute/v2.1/servers/774ce6f8-6273-4f2b-b398-ee8c44d79520 0.152s
2025-03-06 03:22:45.154 68617 INFO tempest.lib.common.rest_client [req-d3b9a155-c814-412c-8643-ff8e47b52e02 req-d3b9a155-c814-412c-8643-ff8e47b52e02 ] Request (ServersListShow296Test:test_list_show_update_rebuild_server_296): 200 GET http://10.180.1.21/compute/v2.1/servers/f113bb6c-f05a-4253-98af-ca827fcbb723 0.107s
2025-03-06 03:22:45.263 68613 INFO tempest.lib.common.rest_client [req-489f417d-2d24-454b-b553-b02d1447f10b req-489f417d-2d24-454b-b553-b02d1447f10b ] Request (ServerAddressesTestJSON:setUpClass): 200 GET http://10.180.1.21/compute/v2.1/servers/340aa1e7-dc0a-4cba-8979-0c591830e9db 0.050s
2025-03-06 03:22:45.346 68573 WARNING tempest.lib.common.ssh [-] Failed to establish authenticated ssh connection to cirros@10.180.180.192 ([Errno None] Unable to connect to port 22 on 10.180.180.192). Number attempts: 9. Retry after 10 seconds.: paramiko.ssh_exception.NoValidConnectionsError: [Errno None] Unable to connect to port 22 on 10.180.180.192
2025-03-06 03:22:45.422 68571 INFO tempest.lib.common.rest_client [req-058998d7-a094-49ef-befb-d2238dc0740a req-058998d7-a094-49ef-befb-d2238dc0740a ] Request (FloatingIPsAssociationNegativeTestJSON:tearDownClass): 200 GET http://10.180.1.21/compute/v2.1/servers/bbc08614-926e-4209-abec-4808f223943a 0.135s
2025-03-06 03:22:45.432 68626 INFO tempest.lib.common.rest_client [req-9b9052f6-179f-44d0-bc79-9787243dbe72 req-9b9052f6-179f-44d0-bc79-9787243dbe72 ] Request (MigrationsAdminTest:test_list_migrations_in_flavor_resize_situation): 200 GET http://10.180.1.21/compute/v2.1/servers/10957648-8618-4f2c-8b08-5468bca20cfc 0.129s
2025-03-06 03:22:45.482 68603 INFO tempest.lib.common.rest_client [req-dbfcfaa3-9f10-4288-a17f-62dced69c8e6 req-dbfcfaa3-9f10-4288-a17f-62dced69c8e6 ] Request (ServerMetadataNegativeTestJSON:setUpClass): 200 GET http://10.180.1.21/compute/v2.1/servers/d1fb6fff-b1b7-4c1b-8995-41628cadf7d5 0.137s
2025-03-06 03:22:45.489 68567 INFO tempest.lib.common.rest_client [req-4441fa86-2df7-4757-9f67-0fe9964d416d req-4441fa86-2df7-4757-9f67-0fe9964d416d ] Request (ServersAdminTestJSON:setUpClass): 200 GET http://10.180.1.21/compute/v2.1/servers/f579141b-1fac-4541-99c3-07644a0a358c 0.132s
2025-03-06 03:22:45.534 68585 INFO tempest.lib.common.rest_client [req-e070dd81-36f6-4ced-be37-e07b9d7b6d94 req-e070dd81-36f6-4ced-be37-e07b9d7b6d94 ] Request (ServersTestBootFromVolume:setUpClass): 200 GET http://10.180.1.21/compute/v2.1/servers/828865d7-d06a-4683-9149-987e6d9efbd9 0.144s
2025-03-06 03:22:45.564 68565 INFO tempest.lib.common.rest_client [req-d06c1530-6009-49c9-965b-2ab0cda49ca7 req-d06c1530-6009-49c9-965b-2ab0cda49ca7 ] Request (DeleteServersAdminTestJSON:test_delete_server_while_in_error_state): 200 GET http://10.180.1.21/compute/v2.1/servers/f270caad-1b02-4d5b-a435-37b77c05c4e7 0.157s
2025-03-06 03:22:45.598 68601 INFO tempest.lib.common.rest_client [req-83e8349b-3ac7-4727-9164-47e0f1872e88 req-83e8349b-3ac7-4727-9164-47e0f1872e88 ] Request (MultipleCreateTestJSON:_run_cleanups): 200 GET http://10.180.1.21/compute/v2.1/servers/fe873e92-1481-4c5f-b4ca-90e052bd10c0 0.085s
2025-03-06 03:22:45.692 68583 INFO tempest.lib.common.rest_client [req-b9636159-8bf7-4132-b121-67522b855494 req-b9636159-8bf7-4132-b121-67522b855494 ] Request (ServersAdminNegativeTestJSON:test_migrate_server_invalid_state): 200 GET http://10.180.1.21/compute/v2.1/servers/09ab8712-0f7a-4122-9d61-19da3e65d22b 0.139s
2025-03-06 03:22:45.749 68606 INFO tempest.lib.common.rest_client [req-5e129373-c12d-4e8e-bd3d-2d714afdf54e req-5e129373-c12d-4e8e-bd3d-2d714afdf54e ] Request (ServerDiskConfigTestJSON:test_rebuild_server_with_manual_disk_config): 200 GET http://10.180.1.21/compute/v2.1/servers/c9f5fbeb-28b6-4b41-9156-5b90bc19977c 0.069s
2025-03-06 03:22:45.816 68593 INFO tempest.lib.common.rest_client [req-c389d87f-2dcc-4cba-8024-f573029512c8 req-c389d87f-2dcc-4cba-8024-f573029512c8 ] Request (ImagesOneServerNegativeTestJSON:_run_cleanups): 200 GET http://10.180.1.21/compute/v2.1/servers/2d9dbf75-992d-4932-bd5d-84462494ebe8 0.078s
2025-03-06 03:22:45.822 68611 INFO tempest.lib.common.rest_client [req-1024779f-f73d-43a4-b9f9-19f8f449d22d req-1024779f-f73d-43a4-b9f9-19f8f449d22d ] Request (InstanceActionsTestJSON:test_list_instance_actions): 200 GET http://10.180.1.21/compute/v2.1/servers/b0090ea8-98fe-42a0-97cc-40d7578851a9 0.194s
2025-03-06 03:22:45.935 68569 INFO tempest.lib.common.rest_client [req-658dfd02-d9a9-499b-b11a-cc5ed5a8daaa req-658dfd02-d9a9-499b-b11a-cc5ed5a8daaa ] Request (ServersTestMultiNic:_run_cleanups): 200 GET http://10.180.1.21/compute/v2.1/servers/fd4d5494-042b-457e-a826-dee4d87c0032 0.078s
2025-03-06 03:22:45.942 68587 INFO tempest.lib.common.rest_client [req-9827789b-314c-4c56-af62-ca0f6ff116ed req-9827789b-314c-4c56-af62-ca0f6ff116ed ] Request (ImagesOneServerTestJSON:tearDownClass): 200 GET http://10.180.1.21/compute/v2.1/servers/59b0dd89-0093-4e50-9428-8db5c7fd429d 0.069s
2025-03-06 03:22:45.996 68607 INFO tempest.lib.common.rest_client [req-a1b85df8-cde6-4efb-9863-542b8fda195e req-a1b85df8-cde6-4efb-9863-542b8fda195e ] Request (ImagesTestJSON:test_create_image_from_suspended_server): 200 GET http://10.180.1.21/compute/v2.1/servers/100ec1f9-6776-4832-a4c2-e9a4def0d350 0.092s
2025-03-06 03:22:46.008 68581 INFO tempest.lib.common.rest_client [req-9709bfd4-d5d4-4be9-b76f-ca99407e0b09 req-9709bfd4-d5d4-4be9-b76f-ca99407e0b09 ] Request (FloatingIPsAssociationTestJSON:test_associate_already_associated_floating_ip): 200 GET http://10.180.1.21/compute/v2.1/servers/f5724973-2349-481c-b2ba-d1287f09c1db 0.070s
2025-03-06 03:22:46.043 68575 INFO tempest.lib.common.rest_client [req-448bddcc-956c-49e3-b7c2-344bd41b2d33 req-448bddcc-956c-49e3-b7c2-344bd41b2d33 ] Request (ListServerFiltersTestJSON:setUpClass): 200 GET http://10.180.1.21/compute/v2.1/servers/6915d271-8346-41b5-a75b-2188fd3b57d1 0.082s
2025-03-06 03:22:46.074 68597 INFO tempest.lib.common.rest_client [req-e2a7e361-4802-48ad-a67a-24c9b8f537cc req-e2a7e361-4802-48ad-a67a-24c9b8f537cc ] Request (ServersTestJSON:test_create_server_with_ipv6_addr_only): 200 GET http://10.180.1.21/compute/v2.1/servers/8c00240d-5124-4ada-bd4d-4acd39a345c8 0.050s
2025-03-06 03:22:46.141 68591 INFO tempest.lib.common.rest_client [req-133f78d3-fe92-44e4-b9d8-33fa9891b500 req-133f78d3-fe92-44e4-b9d8-33fa9891b500 ] Request (ListServersNegativeTestJSON:setUpClass): 200 GET http://10.180.1.21/compute/v2.1/servers/4c394e1d-8fef-4b7a-ac9f-550f263c1d7f 0.058s
2025-03-06 03:22:46.190 68579 INFO tempest.lib.common.rest_client [req-7a3b2108-9524-4298-a7b5-7f53ce83708b req-7a3b2108-9524-4298-a7b5-7f53ce83708b ] Request (SecurityGroupsTestJSON:test_server_security_groups): 200 GET http://10.180.1.21/compute/v2.1/servers/774ce6f8-6273-4f2b-b398-ee8c44d79520 0.049s
2025-03-06 03:22:46.192 68589 INFO tempest.lib.common.rest_client [req-d6165754-4d55-4d15-877b-7e724cb6bf46 req-d6165754-4d55-4d15-877b-7e724cb6bf46 ] Request (ServerRescueNegativeTestJSON:setUpClass): 200 GET http://10.180.1.21/compute/v2.1/servers/7778c027-d4af-436c-a545-aa513c0b1127 0.103s
2025-03-06 03:22:46.199 68589 INFO tempest.common.waiters [-] State transition "BUILD/networking" ==> "BUILD/spawning" after 58 second wait
2025-03-06 03:22:46.241 68577 WARNING tempest.lib.common.ssh [-] Failed to establish authenticated ssh connection to cirros@10.180.180.233 ([Errno None] Unable to connect to port 22 on 10.180.180.233). Number attempts: 9. Retry after 10 seconds.: paramiko.ssh_exception.NoValidConnectionsError: [Errno None] Unable to connect to port 22 on 10.180.180.233
2025-03-06 03:22:46.247 68617 INFO tempest.lib.common.rest_client [req-56ce4beb-2b88-419c-aa5f-73f47d8fd7d4 req-56ce4beb-2b88-419c-aa5f-73f47d8fd7d4 ] Request (ServersListShow296Test:test_list_show_update_rebuild_server_296): 200 GET http://10.180.1.21/compute/v2.1/servers/f113bb6c-f05a-4253-98af-ca827fcbb723 0.083s
2025-03-06 03:22:46.328 68613 INFO tempest.lib.common.rest_client [req-08d2df30-40b5-45ac-8394-b212cdaebaf0 req-08d2df30-40b5-45ac-8394-b212cdaebaf0 ] Request (ServerAddressesTestJSON:setUpClass): 200 GET http://10.180.1.21/compute/v2.1/servers/340aa1e7-dc0a-4cba-8979-0c591830e9db 0.057s
2025-03-06 03:22:46.609 68626 INFO tempest.lib.common.rest_client [req-5461e8a2-84e7-49a4-b051-6a32f2aa3aad req-5461e8a2-84e7-49a4-b051-6a32f2aa3aad ] Request (MigrationsAdminTest:test_list_migrations_in_flavor_resize_situation): 200 GET http://10.180.1.21/compute/v2.1/servers/10957648-8618-4f2c-8b08-5468bca20cfc 0.168s
2025-03-06 03:22:46.612 68571 INFO tempest.lib.common.rest_client [req-bec1f104-e1f8-4f0b-993e-c63d3920e174 req-bec1f104-e1f8-4f0b-993e-c63d3920e174 ] Request (FloatingIPsAssociationNegativeTestJSON:tearDownClass): 200 GET http://10.180.1.21/compute/v2.1/servers/bbc08614-926e-4209-abec-4808f223943a 0.182s
2025-03-06 03:22:46.668 68603 INFO tempest.lib.common.rest_client [req-65c30116-8e16-4377-838b-4b42dfbbd8b4 req-65c30116-8e16-4377-838b-4b42dfbbd8b4 ] Request (ServerMetadataNegativeTestJSON:setUpClass): 200 GET http://10.180.1.21/compute/v2.1/servers/d1fb6fff-b1b7-4c1b-8995-41628cadf7d5 0.177s
2025-03-06 03:22:46.679 68567 INFO tempest.lib.common.rest_client [req-732f8e9d-b58c-457a-a76f-20d522493a8d req-732f8e9d-b58c-457a-a76f-20d522493a8d ] Request (ServersAdminTestJSON:setUpClass): 200 GET http://10.180.1.21/compute/v2.1/servers/f579141b-1fac-4541-99c3-07644a0a358c 0.181s
2025-03-06 03:22:46.687 68567 INFO tempest.common.waiters [-] State transition "BUILD/scheduling" ==> "BUILD/None" after 40 second wait
2025-03-06 03:22:46.736 68585 INFO tempest.lib.common.rest_client [req-4514a344-9efd-45a5-9090-0010b276fd69 req-4514a344-9efd-45a5-9090-0010b276fd69 ] Request (ServersTestBootFromVolume:setUpClass): 200 GET http://10.180.1.21/compute/v2.1/servers/828865d7-d06a-4683-9149-987e6d9efbd9 0.190s
2025-03-06 03:22:46.761 68565 INFO tempest.lib.common.rest_client [req-b549d172-0656-4d48-9fed-70909b3624c3 req-b549d172-0656-4d48-9fed-70909b3624c3 ] Request (DeleteServersAdminTestJSON:test_delete_server_while_in_error_state): 200 GET http://10.180.1.21/compute/v2.1/servers/f270caad-1b02-4d5b-a435-37b77c05c4e7 0.189s
2025-03-06 03:22:46.800 68601 INFO tempest.lib.common.rest_client [req-354279fb-0e72-465c-8219-16f99bfc6cc2 req-354279fb-0e72-465c-8219-16f99bfc6cc2 ] Request (MultipleCreateTestJSON:_run_cleanups): 200 GET http://10.180.1.21/compute/v2.1/servers/fe873e92-1481-4c5f-b4ca-90e052bd10c0 0.194s
