2025-03-06 03:21:52.211 68567 INFO tempest.lib.common.rest_client [req-67ed8366-0dd0-4c2b-8579-de86ae9f1d1a req-67ed8366-0dd0-4c2b-8579-de86ae9f1d1a ] Request (QuotaClassesAdmin257Test:setUpClass): 200 GET http://10.180.1.21/identity/v3/roles 0.047s
2025-03-06 03:21:52.262 68599 INFO tempest.lib.common.rest_client [req-855928e1-a9c8-45b3-9675-67236e704639 req-855928e1-a9c8-45b3-9675-67236e704639 ] Request (VolumesNegativeTest:tearDownClass): 204 DELETE http://10.180.1.21/identity/v3/users/0e2103391f954748aa81818fc8706bf9 0.194s
2025-03-06 03:21:52.262 68599 INFO tempest.lib.common.dynamic_creds [-] Deleting project and security group for project: 6f6e6221c67d4b16b87118d16d008910
2025-03-06 03:21:52.297 68567 INFO tempest.lib.common.rest_client [req-97f6e675-6e43-458b-91f9-65c466300869 req-97f6e675-6e43-458b-91f9-65c466300869 ] Request (QuotaClassesAdmin257Test:setUpClass): 204 PUT http://10.180.1.21/identity/v3/projects/c51ce817be584a79a5dce725db202f28/users/f030b6b611bf4f578bb23b5784e373fd/roles/15b887308d3e409da06d227d68bc7fbf 0.086s
2025-03-06 03:21:52.297 68567 INFO tempest.lib.common.dynamic_creds [-] Dynamic test user f030b6b611bf4f578bb23b5784e373fd is created with scope project and roles: ['member']
2025-03-06 03:21:52.298 68567 INFO tempest.lib.common.dynamic_creds [-] Acquired dynamic creds: credentials: Credentials: {'domain_id': 'default', 'domain_name': 'Default', 'username': 'tempest-QuotaClassesAdmin257Test-1242351597-project-member', 'project_domain_id': 'default', 'project_domain_name': 'Default', 'project_id': 'c51ce817be584a79a5dce725db202f28', 'project_name': 'tempest-QuotaClassesAdmin257Test-1242351597', 'tenant_id': 'c51ce817be584a79a5dce725db202f28', 'tenant_name': 'tempest-QuotaClassesAdmin257Test-1242351597', 'user_domain_id': 'default', 'user_domain_name': 'Default', 'user_id': 'f030b6b611bf4f578bb23b5784e373fd', 'system': None}, Network: None, Subnet: None, Router: None
2025-03-06 03:21:52.298 68567 INFO tempest.lib.common.dynamic_creds [-] Created isolated network resources for: credentials: Credentials: {'domain_id': 'default', 'domain_name': 'Default', 'username': 'tempest-QuotaClassesAdmin257Test-1242351597-project-member', 'project_domain_id': 'default', 'project_domain_name': 'Default', 'project_id': 'c51ce817be584a79a5dce725db202f28', 'project_name': 'tempest-QuotaClassesAdmin257Test-1242351597', 'tenant_id': 'c51ce817be584a79a5dce725db202f28', 'tenant_name': 'tempest-QuotaClassesAdmin257Test-1242351597', 'user_domain_id': 'default', 'user_domain_name': 'Default', 'user_id': 'f030b6b611bf4f578bb23b5784e373fd', 'system': None}, Network: None, Subnet: None, Router: None
2025-03-06 03:21:52.334 68599 INFO tempest.lib.common.rest_client [req-67bae419-9ada-458a-9371-6c1342a39572 req-67bae419-9ada-458a-9371-6c1342a39572 ] Request (VolumesNegativeTest:tearDownClass): 201 POST http://10.180.1.21/identity/v3/auth/tokens 0.071s
2025-03-06 03:21:52.344 68606 INFO tempest.lib.common.rest_client [req-e27cb58e-35c8-407a-8f32-d17bb651420e req-e27cb58e-35c8-407a-8f32-d17bb651420e ] Request (ServerDiskConfigTestJSON:test_rebuild_server_with_auto_disk_config): 200 GET http://10.180.1.21/compute/v2.1/servers/d73f87d2-41b3-4396-b5b5-932f8c6bf626 0.514s
2025-03-06 03:21:52.399 68567 INFO tempest.lib.common.rest_client [req-c72078ac-c856-4c0e-8cab-5d501b346cd5 req-c72078ac-c856-4c0e-8cab-5d501b346cd5 ] Request (QuotaClassesAdmin257Test:setUpClass): 201 POST http://10.180.1.21/identity/v3/auth/tokens 0.097s
2025-03-06 03:21:52.419 68565 INFO tempest.lib.common.rest_client [req-e0fe9a8f-fe6b-4312-92c6-0d161083530d req-e0fe9a8f-fe6b-4312-92c6-0d161083530d ] Request (DeleteServersAdminTestJSON:test_delete_server_while_in_error_state): 200 GET http://10.180.1.21/compute/v2.1/servers/f270caad-1b02-4d5b-a435-37b77c05c4e7 0.504s
2025-03-06 03:21:52.422 68626 INFO tempest.lib.common.rest_client [req-06dece6d-511e-4643-82a5-a7ae3eab692e req-06dece6d-511e-4643-82a5-a7ae3eab692e ] Request (MigrationsAdminTest:test_list_migrations_in_flavor_resize_situation): 200 GET http://10.180.1.21/compute/v2.1/servers/10957648-8618-4f2c-8b08-5468bca20cfc 0.592s
2025-03-06 03:21:52.456 68567 INFO tempest.lib.common.rest_client [req-4194794e-2cfd-448f-ba5a-fefff1616029 req-4194794e-2cfd-448f-ba5a-fefff1616029 ] Request (QuotaClassesAdmin257Test:setUpClass): 201 POST http://10.180.1.21/identity/v3/projects 0.056s
2025-03-06 03:21:52.489 68585 INFO tempest.lib.common.rest_client [req-dde847fd-4630-4230-b5f3-21f4a29b91b8 req-dde847fd-4630-4230-b5f3-21f4a29b91b8 ] Request (ServersTestBootFromVolume:setUpClass): 200 GET http://10.180.1.21/volume/v3/volumes/fbca3648-be41-4048-bbb7-c27ab5f4f106 0.034s
2025-03-06 03:21:52.496 68583 INFO tempest.lib.common.rest_client [req-4df3ae29-0d36-47bf-bd5d-35df99f29f04 req-4df3ae29-0d36-47bf-bd5d-35df99f29f04 ] Request (ServersAdminNegativeTestJSON:test_migrate_server_invalid_state): 200 GET http://10.180.1.21/compute/v2.1/servers/09ab8712-0f7a-4122-9d61-19da3e65d22b 0.564s
2025-03-06 03:21:52.497 68569 INFO tempest.lib.common.rest_client [req-4d0bf39d-087f-4564-9b9c-c4131b48e9fa req-4d0bf39d-087f-4564-9b9c-c4131b48e9fa ] Request (ServersTestMultiNic:test_verify_duplicate_network_nics): 200 GET http://10.180.1.21/compute/v2.1/servers/fd4d5494-042b-457e-a826-dee4d87c0032 0.487s
2025-03-06 03:21:52.526 68567 INFO tempest.lib.common.rest_client [req-f12752d4-523c-4c9a-9720-c1b22d0ab9d6 req-f12752d4-523c-4c9a-9720-c1b22d0ab9d6 ] Request (QuotaClassesAdmin257Test:setUpClass): 201 POST http://10.180.1.21/identity/v3/users 0.069s
2025-03-06 03:21:52.556 68567 INFO tempest.lib.common.rest_client [req-3cadbc0f-4319-46bd-a943-d7ef2ea1e843 req-3cadbc0f-4319-46bd-a943-d7ef2ea1e843 ] Request (QuotaClassesAdmin257Test:setUpClass): 200 GET http://10.180.1.21/identity/v3/roles 0.029s
2025-03-06 03:21:52.574 68591 INFO tempest.lib.common.rest_client [req-d2edcf21-a66c-474a-9c5f-c44d53a5330c req-d2edcf21-a66c-474a-9c5f-c44d53a5330c ] Request (ListServersNegativeTestJSON:setUpClass): 200 GET http://10.180.1.21/compute/v2.1/servers 0.537s
2025-03-06 03:21:52.593 68595 INFO tempest.lib.common.rest_client [req-77d8b0c0-9a19-40d4-a781-77a5b17f3e51 req-77d8b0c0-9a19-40d4-a781-77a5b17f3e51 ] Request (KeyPairsV2TestJSON:_run_cleanups): 202 DELETE http://10.180.1.21/compute/v2.1/os-keypairs/tempest-keypair-1144400136 0.477s
2025-03-06 03:21:52.594 68567 INFO tempest.lib.common.rest_client [req-0a85c394-8745-48b8-9e2e-7f6400235244 req-0a85c394-8745-48b8-9e2e-7f6400235244 ] Request (QuotaClassesAdmin257Test:setUpClass): 204 PUT http://10.180.1.21/identity/v3/projects/5754433791a740c7952300833f40df35/users/9d4ee54e07be454698299897928741d0/roles/000e343d832744d28b082095c67e412e 0.037s
2025-03-06 03:21:52.603 68621 INFO tempest.lib.common.rest_client [req-6b61b0c2-c230-495b-9913-fa36caeeb0b3 req-6b61b0c2-c230-495b-9913-fa36caeeb0b3 ] Request (ServersAdmin275Test:tearDownClass): 200 GET http://10.180.1.21/compute/v2.1/servers/c662b964-abc9-41af-85fd-ea1a540e1e23 0.489s
2025-03-06 03:21:52.634 68599 INFO tempest.lib.common.rest_client [req-84a4b467-2aa7-460d-a5d8-e6fd9f11d414 req-84a4b467-2aa7-460d-a5d8-e6fd9f11d414 ] Request (VolumesNegativeTest:tearDownClass): 200 GET http://10.180.1.21:9696/networking/v2.0/security-groups?tenant_id=6f6e6221c67d4b16b87118d16d008910&name=default 0.299s
2025-03-06 03:21:52.684 68597 INFO tempest.lib.common.rest_client [req-d6b0f991-6d93-4923-85de-dfed6500b18c req-d6b0f991-6d93-4923-85de-dfed6500b18c ] Request (ServersTestJSON:test_create_server_specify_multibyte_character_name): 200 GET http://10.180.1.21/compute/v2.1/servers/2aacd21f-d664-4267-8331-d3862f43d35b 0.510s
2025-03-06 03:21:52.688 68567 INFO tempest.lib.common.rest_client [req-6e019726-1e52-4417-a6ab-f223d412d126 req-6e019726-1e52-4417-a6ab-f223d412d126 ] Request (QuotaClassesAdmin257Test:setUpClass): 200 GET http://10.180.1.21/identity/v3/roles 0.094s
2025-03-06 03:21:52.723 68567 INFO tempest.lib.common.rest_client [req-86bd1fed-c9ed-42b6-9eca-eea5f2bac5bf req-86bd1fed-c9ed-42b6-9eca-eea5f2bac5bf ] Request (QuotaClassesAdmin257Test:setUpClass): 204 PUT http://10.180.1.21/identity/v3/projects/5754433791a740c7952300833f40df35/users/9d4ee54e07be454698299897928741d0/roles/000e343d832744d28b082095c67e412e 0.034s
2025-03-06 03:21:52.723 68567 INFO tempest.lib.common.dynamic_creds [-] Dynamic test user 9d4ee54e07be454698299897928741d0 is created with scope project and roles: ['admin']
2025-03-06 03:21:52.723 68567 INFO tempest.lib.common.dynamic_creds [-] Acquired dynamic creds: credentials: Credentials: {'domain_id': 'default', 'domain_name': 'Default', 'username': 'tempest-QuotaClassesAdmin257Test-461379469-project-admin', 'project_domain_id': 'default', 'project_domain_name': 'Default', 'project_id': '5754433791a740c7952300833f40df35', 'project_name': 'tempest-QuotaClassesAdmin257Test-461379469', 'tenant_id': '5754433791a740c7952300833f40df35', 'tenant_name': 'tempest-QuotaClassesAdmin257Test-461379469', 'user_domain_id': 'default', 'user_domain_name': 'Default', 'user_id': '9d4ee54e07be454698299897928741d0', 'system': None}, Network: None, Subnet: None, Router: None
2025-03-06 03:21:52.724 68567 INFO tempest.lib.common.dynamic_creds [-] Created isolated network resources for: credentials: Credentials: {'domain_id': 'default', 'domain_name': 'Default', 'username': 'tempest-QuotaClassesAdmin257Test-461379469-project-admin', 'project_domain_id': 'default', 'project_domain_name': 'Default', 'project_id': '5754433791a740c7952300833f40df35', 'project_name': 'tempest-QuotaClassesAdmin257Test-461379469', 'tenant_id': '5754433791a740c7952300833f40df35', 'tenant_name': 'tempest-QuotaClassesAdmin257Test-461379469', 'user_domain_id': 'default', 'user_domain_name': 'Default', 'user_id': '9d4ee54e07be454698299897928741d0', 'system': None}, Network: None, Subnet: None, Router: None
2025-03-06 03:21:52.732 68607 INFO tempest.lib.common.rest_client [req-47bc38c6-edc5-48c4-b9f8-d819e40d7351 req-47bc38c6-edc5-48c4-b9f8-d819e40d7351 ] Request (ImagesTestJSON:test_create_image_from_stopped_server): 200 GET http://10.180.1.21/compute/v2.1/images/a31395b3-1f47-46e6-9150-8a7f532927d5 0.529s
2025-03-06 03:21:52.836 68571 INFO tempest.lib.common.rest_client [req-b249b36b-d1a7-4416-b801-a8830e7a747b req-b249b36b-d1a7-4416-b801-a8830e7a747b ] Request (FloatingIPsAssociationNegativeTestJSON:setUpClass): 200 GET http://10.180.1.21/compute/v2.1/servers/bbc08614-926e-4209-abec-4808f223943a 0.624s
2025-03-06 03:21:52.852 68567 INFO tempest.lib.common.rest_client [req-d180afe5-d86a-4223-93ab-1f754545e785 req-d180afe5-d86a-4223-93ab-1f754545e785 ] Request (QuotaClassesAdmin257Test:setUpClass): 201 POST http://10.180.1.21/identity/v3/auth/tokens 0.125s
2025-03-06 03:21:52.886 68603 INFO tempest.lib.common.rest_client [req-4bdf681b-3a4e-4331-b3da-1fa84243e05b req-4bdf681b-3a4e-4331-b3da-1fa84243e05b ] Request (FloatingIPsNegativeTestJSON:tearDownClass): 204 DELETE http://10.180.1.21:9696/networking/v2.0/routers/fcfc488d-01f5-4bcf-8621-91c589ede354 0.793s
2025-03-06 03:21:52.904 68599 INFO tempest.lib.common.rest_client [req-ba1da857-b46d-464b-a37c-f3400348b429 req-ba1da857-b46d-464b-a37c-f3400348b429 ] Request (VolumesNegativeTest:tearDownClass): 204 DELETE http://10.180.1.21:9696/networking/v2.0/security-groups/dcda8e48-af60-40bc-9881-a041a40abbce 0.269s
2025-03-06 03:21:52.934 68587 INFO tempest.lib.common.rest_client [req-7094a146-f89f-44d1-a2fb-29d4ad8b7d17 req-7094a146-f89f-44d1-a2fb-29d4ad8b7d17 ] Request (ImagesOneServerTestJSON:setUpClass): 200 GET http://10.180.1.21/compute/v2.1/servers/59b0dd89-0093-4e50-9428-8db5c7fd429d 0.812s
2025-03-06 03:21:53.021 68603 INFO tempest.lib.common.rest_client [req-7a5327bb-706b-4126-bb78-7bab6258b6ba req-7a5327bb-706b-4126-bb78-7bab6258b6ba ] Request (FloatingIPsNegativeTestJSON:tearDownClass): 204 DELETE http://10.180.1.21:9696/networking/v2.0/subnets/e0172493-7b4b-43e8-9096-7ddef343d4f8 0.134s
2025-03-06 03:21:53.029 68575 INFO tempest.lib.common.rest_client [req-a32acdb3-faec-4b9d-8039-4aa9a8e71aa8 req-a32acdb3-faec-4b9d-8039-4aa9a8e71aa8 ] Request (ServerDiagnosticsV248Test:tearDownClass): 200 GET http://10.180.1.21/compute/v2.1/servers/ffee3ad0-2fca-4c2c-9fa4-9218ef2e1207 0.655s
2025-03-06 03:21:53.036 68581 INFO tempest.lib.common.rest_client [req-eeab0f6f-c9d7-44c9-9a08-68eaf56c63ae req-eeab0f6f-c9d7-44c9-9a08-68eaf56c63ae ] Request (FloatingIPsAssociationTestJSON:setUpClass): 200 GET http://10.180.1.21/compute/v2.1/servers/aa7c6967-cd55-47fc-a2f5-db6e8d2e0307 0.762s
2025-03-06 03:21:53.040 68599 INFO tempest.lib.common.rest_client [req-d1ed2eed-4489-485c-b07b-51800626eea5 req-d1ed2eed-4489-485c-b07b-51800626eea5 ] Request (VolumesNegativeTest:tearDownClass): 204 DELETE http://10.180.1.21/identity/v3/projects/6f6e6221c67d4b16b87118d16d008910 0.135s
2025-03-06 03:21:53.043 68581 INFO tempest.common.waiters [-] State transition "BUILD/networking" ==> "BUILD/spawning" after 34 second wait
2025-03-06 03:21:53.110 68593 INFO tempest.lib.common.rest_client [req-5baefd3b-4ddf-4cac-a4db-165a04e87691 req-5baefd3b-4ddf-4cac-a4db-165a04e87691 ] Request (ImagesOneServerNegativeTestJSON:_run_cleanups): 200 GET http://10.180.1.21/compute/v2.1/servers/57504eac-0d7f-4fbe-b08c-6864713cca94 0.652s
2025-03-06 03:21:53.113 68601 INFO tempest.lib.common.rest_client [req-e28e0b96-8ba8-4f47-91a6-e6638c735a65 req-e28e0b96-8ba8-4f47-91a6-e6638c735a65 ] Request (MultipleCreateTestJSON:test_multiple_create): 200 GET http://10.180.1.21/compute/v2.1/servers/cb607c5e-797d-4e52-9ba4-66113718dacc 0.544s
2025-03-06 03:21:53.170 68603 INFO tempest.lib.common.rest_client [req-0771b3c5-5fdb-4280-9a06-71d3e203c07e req-0771b3c5-5fdb-4280-9a06-71d3e203c07e ] Request (FloatingIPsNegativeTestJSON:tearDownClass): 204 DELETE http://10.180.1.21:9696/networking/v2.0/networks/3f807d7b-4d91-4e6f-b8bd-e7b09d6145d1 0.149s
2025-03-06 03:21:53.171 68595 INFO tempest.lib.common.rest_client [req-c25b6f57-cf88-4f2a-957a-af29a23ca1b4 req-c25b6f57-cf88-4f2a-957a-af29a23ca1b4 ] Request (KeyPairsV2TestJSON:test_keypairs_create_list_delete): 200 POST http://10.180.1.21/compute/v2.1/os-keypairs 0.573s
2025-03-06 03:21:53.184 68591 INFO tempest.lib.common.rest_client [req-5c17cf80-fefd-4900-9068-5b2ab6dd4db6 req-5c17cf80-fefd-4900-9068-5b2ab6dd4db6 ] Request (ListServersNegativeTestJSON:setUpClass): 200 GET http://10.180.1.21/compute/v2.1/servers/4c394e1d-8fef-4b7a-ac9f-550f263c1d7f 0.608s
2025-03-06 03:21:53.243 68579 INFO tempest.lib.common.rest_client [req-6e54b225-7216-4adc-ad88-ad2826208712 req-6e54b225-7216-4adc-ad88-ad2826208712 ] Request (SecurityGroupsTestJSON:test_list_security_groups_by_server): 200 GET http://10.180.1.21/compute/v2.1/servers/8f0e60c8-7029-4dd5-b615-aa2b5d115aa1 0.570s
2025-03-06 03:21:53.258 68617 INFO tempest.lib.common.rest_client [req-02e5838f-eef8-4eb5-8e17-a8fe6ac2dccf req-02e5838f-eef8-4eb5-8e17-a8fe6ac2dccf ] Request (ServerExternalEventsTest:tearDownClass): 200 GET http://10.180.1.21/compute/v2.1/servers/23f2ad6c-ea98-4a32-a79a-75cec6fc925e 0.441s
2025-03-06 03:21:53.304 68603 INFO tempest.lib.common.rest_client [req-96d87e8c-cc38-4714-9196-63c476731151 req-96d87e8c-cc38-4714-9196-63c476731151 ] Request (FloatingIPsNegativeTestJSON:tearDownClass): 204 DELETE http://10.180.1.21/identity/v3/users/f5211884f17d49e7856822f07921d1dc 0.134s
2025-03-06 03:21:53.305 68603 INFO tempest.lib.common.dynamic_creds [-] Deleting project and security group for project: bb2ef1fad63f4084a6350940b290ce8a
2025-03-06 03:21:53.314 68577 WARNING tempest.lib.common.ssh [-] Failed to establish authenticated ssh connection to cirros@10.180.180.233 ([Errno None] Unable to connect to port 22 on 10.180.180.233). Number attempts: 4. Retry after 5 seconds.: paramiko.ssh_exception.NoValidConnectionsError: [Errno None] Unable to connect to port 22 on 10.180.180.233
2025-03-06 03:21:53.321 68611 INFO tempest.lib.common.rest_client [req-f12cfb7c-3d93-418e-ac0c-7dc7fed6a4e7 req-f12cfb7c-3d93-418e-ac0c-7dc7fed6a4e7 ] Request (InstanceActionsTestJSON:setUpClass): 200 GET http://10.180.1.21/compute/v2.1/servers/b0090ea8-98fe-42a0-97cc-40d7578851a9 0.420s
2025-03-06 03:21:53.340 68603 INFO tempest.lib.common.rest_client [req-6dbc4646-00ef-43ef-be62-c1f984993529 req-6dbc4646-00ef-43ef-be62-c1f984993529 ] Request (FloatingIPsNegativeTestJSON:tearDownClass): 200 GET http://10.180.1.21:9696/networking/v2.0/security-groups?tenant_id=bb2ef1fad63f4084a6350940b290ce8a&name=default 0.035s
2025-03-06 03:21:53.384 68613 INFO tempest.lib.common.rest_client [req-b1ed3bd5-549e-4685-8250-fb58f155379f req-b1ed3bd5-549e-4685-8250-fb58f155379f ] Request (ServerDiagnosticsTest:tearDownClass): 200 GET http://10.180.1.21/compute/v2.1/servers/aebd1200-ae52-4537-a677-24b57b581517 0.391s
2025-03-06 03:21:53.401 68567 INFO tempest.lib.common.rest_client [req-c52002a9-0f32-453f-bce7-1ebfdfb46117 req-c52002a9-0f32-453f-bce7-1ebfdfb46117 ] Request (QuotaClassesAdmin257Test:test_update_default_quotas): 200 GET http://10.180.1.21/compute/v2.1/os-quota-class-sets/default 0.547s
2025-03-06 03:21:53.426 68603 INFO tempest.lib.common.rest_client [req-b7186d88-ebf4-4b03-b842-747ac1d2ce36 req-b7186d88-ebf4-4b03-b842-747ac1d2ce36 ] Request (FloatingIPsNegativeTestJSON:tearDownClass): 204 DELETE http://10.180.1.21:9696/networking/v2.0/security-groups/8ac1d464-71c9-41c5-8d2c-5e0984099398 0.085s
2025-03-06 03:21:53.440 68595 INFO tempest.lib.common.rest_client [req-561a68e2-68cb-4ed1-9b95-354d43dca96e req-561a68e2-68cb-4ed1-9b95-354d43dca96e ] Request (KeyPairsV2TestJSON:test_keypairs_create_list_delete): 200 POST http://10.180.1.21/compute/v2.1/os-keypairs 0.266s
2025-03-06 03:21:53.443 68589 INFO tempest.lib.common.rest_client [req-3b268ecb-ebb9-42fa-8d58-8396b226b027 req-3b268ecb-ebb9-42fa-8d58-8396b226b027 ] Request (ServerRescueNegativeTestJSON:setUpClass): 200 GET http://10.180.1.21/compute/v2.1/servers/7778c027-d4af-436c-a545-aa513c0b1127 0.343s
2025-03-06 03:21:53.527 68606 INFO tempest.lib.common.rest_client [req-276ca590-ada7-4354-a36f-29a5812856b8 req-276ca590-ada7-4354-a36f-29a5812856b8 ] Request (ServerDiskConfigTestJSON:test_rebuild_server_with_auto_disk_config): 200 GET http://10.180.1.21/compute/v2.1/servers/d73f87d2-41b3-4396-b5b5-932f8c6bf626 0.171s
2025-03-06 03:21:53.533 68585 INFO tempest.lib.common.rest_client [req-4ba96ae7-a69d-4662-954a-448e98850287 req-4ba96ae7-a69d-4662-954a-448e98850287 ] Request (ServersTestBootFromVolume:setUpClass): 200 GET http://10.180.1.21/volume/v3/volumes/fbca3648-be41-4048-bbb7-c27ab5f4f106 0.034s
2025-03-06 03:21:53.535 68606 INFO tempest.common.waiters [-] State transition "REBUILD/rebuilding" ==> "REBUILD/rebuild_spawning" after 4 second wait
2025-03-06 03:21:53.538 68603 INFO tempest.lib.common.rest_client [req-f3becb94-6cb5-43b4-817a-b62d2752be5b req-f3becb94-6cb5-43b4-817a-b62d2752be5b ] Request (FloatingIPsNegativeTestJSON:tearDownClass): 204 DELETE http://10.180.1.21/identity/v3/projects/bb2ef1fad63f4084a6350940b290ce8a 0.111s
2025-03-06 03:21:53.546 68567 INFO tempest.lib.common.rest_client [req-aff89126-9b22-41e5-a859-5b643cf373e1 req-aff89126-9b22-41e5-a859-5b643cf373e1 ] Request (QuotaClassesAdmin257Test:test_update_default_quotas): 200 PUT http://10.180.1.21/compute/v2.1/os-quota-class-sets/default 0.142s
2025-03-06 03:21:53.590 68565 INFO tempest.lib.common.rest_client [req-37419fea-39c7-4cae-baa3-d394a9aa8288 req-37419fea-39c7-4cae-baa3-d394a9aa8288 ] Request (DeleteServersAdminTestJSON:test_delete_server_while_in_error_state): 200 GET http://10.180.1.21/compute/v2.1/servers/f270caad-1b02-4d5b-a435-37b77c05c4e7 0.160s
2025-03-06 03:21:53.609 68603 INFO tempest.lib.common.rest_client [req-51264ed8-0875-46a5-8363-898bc6ad8c29 req-51264ed8-0875-46a5-8363-898bc6ad8c29 ] Request (AZV2TestJSON:setUpClass): 201 POST http://10.180.1.21/identity/v3/auth/tokens 0.069s
2025-03-06 03:21:53.624 68595 INFO tempest.lib.common.rest_client [req-5468402a-0e68-4386-b1d6-7e9e10129733 req-5468402a-0e68-4386-b1d6-7e9e10129733 ] Request (KeyPairsV2TestJSON:test_keypairs_create_list_delete): 200 POST http://10.180.1.21/compute/v2.1/os-keypairs 0.183s
2025-03-06 03:21:53.649 68603 INFO tempest.lib.common.rest_client [req-9c39e411-21e5-47b4-ae7c-f3d604cd3ab4 req-9c39e411-21e5-47b4-ae7c-f3d604cd3ab4 ] Request (AZV2TestJSON:setUpClass): 201 POST http://10.180.1.21/identity/v3/auth/tokens 0.038s
2025-03-06 03:21:53.653 68626 INFO tempest.lib.common.rest_client [req-0319552d-7124-40ff-98db-77e12bf713a5 req-0319552d-7124-40ff-98db-77e12bf713a5 ] Request (MigrationsAdminTest:test_list_migrations_in_flavor_resize_situation): 200 GET http://10.180.1.21/compute/v2.1/servers/10957648-8618-4f2c-8b08-5468bca20cfc 0.221s
2025-03-06 03:21:53.664 68626 INFO tempest.common.waiters [-] State transition "BUILD/spawning" ==> "ACTIVE/None" after 36 second wait
2025-03-06 03:21:53.676 68603 INFO tempest.lib.common.rest_client [req-383e2370-4591-49c5-a583-9a06a236e109 req-383e2370-4591-49c5-a583-9a06a236e109 ] Request (AZV2TestJSON:setUpClass): 200 GET http://10.180.1.21/identity/v3/domains?name=Default 0.027s
2025-03-06 03:21:53.677 68569 INFO tempest.lib.common.rest_client [req-abca2f9f-a570-492e-9348-9999ea8c4b1e req-abca2f9f-a570-492e-9348-9999ea8c4b1e ] Request (ServersTestMultiNic:test_verify_duplicate_network_nics): 200 GET http://10.180.1.21/compute/v2.1/servers/fd4d5494-042b-457e-a826-dee4d87c0032 0.170s
2025-03-06 03:21:53.693 68567 INFO tempest.lib.common.rest_client [req-1d20ec95-c76b-4113-9397-12c8c0f18bdf req-1d20ec95-c76b-4113-9397-12c8c0f18bdf ] Request (QuotaClassesAdmin257Test:test_update_default_quotas): 200 GET http://10.180.1.21/compute/v2.1/os-quota-class-sets/default 0.145s
2025-03-06 03:21:53.716 68603 INFO tempest.lib.common.rest_client [req-aba3fc69-d202-4bb6-a86e-8562c2b7142a req-aba3fc69-d202-4bb6-a86e-8562c2b7142a ] Request (AZV2TestJSON:setUpClass): 201 POST http://10.180.1.21/identity/v3/projects 0.039s
2025-03-06 03:21:53.719 68583 INFO tempest.lib.common.rest_client [req-821ada88-e04a-4e2d-a3f2-8bc00d60a052 req-821ada88-e04a-4e2d-a3f2-8bc00d60a052 ] Request (ServersAdminNegativeTestJSON:test_migrate_server_invalid_state): 200 GET http://10.180.1.21/compute/v2.1/servers/09ab8712-0f7a-4122-9d61-19da3e65d22b 0.211s
2025-03-06 03:21:53.731 68595 INFO tempest.lib.common.rest_client [req-e661200d-0142-496f-a384-5400a0453174 req-e661200d-0142-496f-a384-5400a0453174 ] Request (KeyPairsV2TestJSON:test_keypairs_create_list_delete): 200 GET http://10.180.1.21/compute/v2.1/os-keypairs 0.105s
2025-03-06 03:21:53.786 68621 INFO tempest.lib.common.rest_client [req-1fbcaa8c-2465-4584-b923-b59074f9652a req-1fbcaa8c-2465-4584-b923-b59074f9652a ] Request (ServersAdmin275Test:tearDownClass): 200 GET http://10.180.1.21/compute/v2.1/servers/c662b964-abc9-41af-85fd-ea1a540e1e23 0.169s
2025-03-06 03:21:53.800 68603 INFO tempest.lib.common.rest_client [req-d1cada9c-f72e-4e1e-ad47-022968273d20 req-d1cada9c-f72e-4e1e-ad47-022968273d20 ] Request (AZV2TestJSON:setUpClass): 201 POST http://10.180.1.21/identity/v3/users 0.080s
2025-03-06 03:21:53.822 68567 INFO tempest.lib.common.rest_client [req-7d56dda5-4251-44c1-91af-e3ff81069075 req-7d56dda5-4251-44c1-91af-e3ff81069075 ] Request (QuotaClassesAdmin257Test:_run_cleanups): 200 PUT http://10.180.1.21/compute/v2.1/os-quota-class-sets/default 0.126s
2025-03-06 03:21:53.826 68603 INFO tempest.lib.common.rest_client [req-a9a34ea9-22fd-499c-ace7-19f18e395f63 req-a9a34ea9-22fd-499c-ace7-19f18e395f63 ] Request (AZV2TestJSON:setUpClass): 200 GET http://10.180.1.21/identity/v3/roles 0.024s
2025-03-06 03:21:53.863 68603 INFO tempest.lib.common.rest_client [req-ed9446d0-5281-4c97-a259-bd01b0485e5c req-ed9446d0-5281-4c97-a259-bd01b0485e5c ] Request (AZV2TestJSON:setUpClass): 204 PUT http://10.180.1.21/identity/v3/projects/0786e2601acc4ba6b839eb818a0b0351/users/32fd5b16d0c14f08b96ebd585dd053c6/roles/15b887308d3e409da06d227d68bc7fbf 0.036s
2025-03-06 03:21:53.863 68603 INFO tempest.lib.common.dynamic_creds [-] Dynamic test user 32fd5b16d0c14f08b96ebd585dd053c6 is created with scope project and roles: ['member']
2025-03-06 03:21:53.863 68603 INFO tempest.lib.common.dynamic_creds [-] Acquired dynamic creds: credentials: Credentials: {'domain_id': 'default', 'domain_name': 'Default', 'username': 'tempest-AZV2TestJSON-1958313718-project-member', 'project_domain_id': 'default', 'project_domain_name': 'Default', 'project_id': '0786e2601acc4ba6b839eb818a0b0351', 'project_name': 'tempest-AZV2TestJSON-1958313718', 'tenant_id': '0786e2601acc4ba6b839eb818a0b0351', 'tenant_name': 'tempest-AZV2TestJSON-1958313718', 'user_domain_id': 'default', 'user_domain_name': 'Default', 'user_id': '32fd5b16d0c14f08b96ebd585dd053c6', 'system': None}, Network: None, Subnet: None, Router: None
2025-03-06 03:21:53.865 68603 INFO tempest.lib.common.dynamic_creds [-] Created isolated network resources for: credentials: Credentials: {'domain_id': 'default', 'domain_name': 'Default', 'username': 'tempest-AZV2TestJSON-1958313718-project-member', 'project_domain_id': 'default', 'project_domain_name': 'Default', 'project_id': '0786e2601acc4ba6b839eb818a0b0351', 'project_name': 'tempest-AZV2TestJSON-1958313718', 'tenant_id': '0786e2601acc4ba6b839eb818a0b0351', 'tenant_name': 'tempest-AZV2TestJSON-1958313718', 'user_domain_id': 'default', 'user_domain_name': 'Default', 'user_id': '32fd5b16d0c14f08b96ebd585dd053c6', 'system': None}, Network: None, Subnet: None, Router: None
2025-03-06 03:21:53.881 68597 INFO tempest.lib.common.rest_client [req-4deaca1f-3851-4878-b139-b63506d6b3d2 req-4deaca1f-3851-4878-b139-b63506d6b3d2 ] Request (ServersTestJSON:test_create_server_specify_multibyte_character_name): 200 GET http://10.180.1.21/compute/v2.1/servers/2aacd21f-d664-4267-8331-d3862f43d35b 0.185s
2025-03-06 03:21:53.901 68595 INFO tempest.lib.common.rest_client [req-df87d16b-8aaa-44f3-bfc9-00c8f132da72 req-df87d16b-8aaa-44f3-bfc9-00c8f132da72 ] Request (KeyPairsV2TestJSON:_run_cleanups): 202 DELETE http://10.180.1.21/compute/v2.1/os-keypairs/tempest-KeyPairsV2TestJSON-keypair-1702147003 0.168s
2025-03-06 03:21:53.908 68567 INFO tempest.lib.common.rest_client [req-49694768-e50d-42f5-b2bf-34e6d1b9085e req-49694768-e50d-42f5-b2bf-34e6d1b9085e ] Request (QuotaClassesAdmin257Test:tearDownClass): 204 DELETE http://10.180.1.21/identity/v3/users/f030b6b611bf4f578bb23b5784e373fd 0.084s
2025-03-06 03:21:53.942 68607 INFO tempest.lib.common.rest_client [req-7150d381-8a06-4b2f-8046-415d38a03c13 req-7150d381-8a06-4b2f-8046-415d38a03c13 ] Request (ImagesTestJSON:test_create_image_from_stopped_server): 200 GET http://10.180.1.21/compute/v2.1/images/a31395b3-1f47-46e6-9150-8a7f532927d5 0.202s
2025-03-06 03:21:53.950 68603 INFO tempest.lib.common.rest_client [req-54d484ae-8ffe-4dc6-8d9e-e0b60f09b739 req-54d484ae-8ffe-4dc6-8d9e-e0b60f09b739 ] Request (AZV2TestJSON:setUpClass): 201 POST http://10.180.1.21/identity/v3/auth/tokens 0.080s
2025-03-06 03:21:54.003 68567 INFO tempest.lib.common.rest_client [req-8191a7e8-6688-467a-a9d1-b710780bf5a2 req-8191a7e8-6688-467a-a9d1-b710780bf5a2 ] Request (QuotaClassesAdmin257Test:tearDownClass): 204 DELETE http://10.180.1.21/identity/v3/users/9d4ee54e07be454698299897928741d0 0.095s
2025-03-06 03:21:54.003 68567 INFO tempest.lib.common.dynamic_creds [-] Deleting project and security group for project: c51ce817be584a79a5dce725db202f28
2025-03-06 03:21:54.014 68571 INFO tempest.lib.common.rest_client [req-3adaf10b-0e20-4610-b64c-87e5eeef1ac1 req-3adaf10b-0e20-4610-b64c-87e5eeef1ac1 ] Request (FloatingIPsAssociationNegativeTestJSON:setUpClass): 200 GET http://10.180.1.21/compute/v2.1/servers/bbc08614-926e-4209-abec-4808f223943a 0.167s
2025-03-06 03:21:54.021 68609 WARNING tempest.lib.common.ssh [-] Failed to establish authenticated ssh connection to cirros@10.180.180.164 ([Errno None] Unable to connect to port 22 on 10.180.180.164). Number attempts: 2. Retry after 3 seconds.: paramiko.ssh_exception.NoValidConnectionsError: [Errno None] Unable to connect to port 22 on 10.180.180.164
2025-03-06 03:21:54.028 68595 INFO tempest.lib.common.rest_client [req-43d29aa3-8420-468c-8385-cdc58d089cfd req-43d29aa3-8420-468c-8385-cdc58d089cfd ] Request (KeyPairsV2TestJSON:_run_cleanups): 202 DELETE http://10.180.1.21/compute/v2.1/os-keypairs/tempest-KeyPairsV2TestJSON-keypair-2109807437 0.124s
2025-03-06 03:21:54.074 68567 INFO tempest.lib.common.rest_client [req-eb0b9a49-b940-4eb1-b5ed-fb1d3f6f21aa req-eb0b9a49-b940-4eb1-b5ed-fb1d3f6f21aa ] Request (QuotaClassesAdmin257Test:tearDownClass): 201 POST http://10.180.1.21/identity/v3/auth/tokens 0.070s
2025-03-06 03:21:54.155 68587 INFO tempest.lib.common.rest_client [req-8fd09b27-839b-440e-91a4-d59912a8b20b req-8fd09b27-839b-440e-91a4-d59912a8b20b ] Request (ImagesOneServerTestJSON:setUpClass): 200 GET http://10.180.1.21/compute/v2.1/servers/59b0dd89-0093-4e50-9428-8db5c7fd429d 0.211s
2025-03-06 03:21:54.155 68626 INFO tempest.lib.common.rest_client [req-f62b3647-da14-4ca7-83b8-9fac7a8b24f0 req-f62b3647-da14-4ca7-83b8-9fac7a8b24f0 ] Request (MigrationsAdminTest:test_list_migrations_in_flavor_resize_situation): 202 POST http://10.180.1.21/compute/v2.1/servers/10957648-8618-4f2c-8b08-5468bca20cfc/action 0.491s
2025-03-06 03:21:54.182 68595 INFO tempest.lib.common.rest_client [req-7fdc0efd-c981-4568-9c16-2dd5e75df907 req-7fdc0efd-c981-4568-9c16-2dd5e75df907 ] Request (KeyPairsV2TestJSON:_run_cleanups): 202 DELETE http://10.180.1.21/compute/v2.1/os-keypairs/tempest-KeyPairsV2TestJSON-keypair-347603460 0.154s
2025-03-06 03:21:54.273 68575 INFO tempest.lib.common.rest_client [req-f34b4966-ad32-4e52-b391-d3885419d803 req-f34b4966-ad32-4e52-b391-d3885419d803 ] Request (ServerDiagnosticsV248Test:tearDownClass): 200 GET http://10.180.1.21/compute/v2.1/servers/ffee3ad0-2fca-4c2c-9fa4-9218ef2e1207 0.232s
2025-03-06 03:21:54.299 68603 INFO tempest.lib.common.rest_client [req-7e63f3f4-2969-44b2-9185-8c49e6dcf27d req-7e63f3f4-2969-44b2-9185-8c49e6dcf27d ] Request (AZV2TestJSON:test_get_availability_zone_list_with_non_admin_user): 200 GET http://10.180.1.21/compute/v2.1/os-availability-zone 0.346s
2025-03-06 03:21:54.302 68595 INFO tempest.lib.common.rest_client [req-66d436b9-1943-4201-9bca-2d3aa5977f0a req-66d436b9-1943-4201-9bca-2d3aa5977f0a ] Request (KeyPairsV2TestJSON:tearDownClass): 204 DELETE http://10.180.1.21/identity/v3/users/c1d542f1e64c4569aeb371e5b69d63a9 0.118s
2025-03-06 03:21:54.302 68595 INFO tempest.lib.common.dynamic_creds [-] Deleting project and security group for project: dc3082a7fe3b47138115a7bb5612d903
2025-03-06 03:21:54.367 68595 INFO tempest.lib.common.rest_client [req-7ebf33eb-3fe5-4519-bfdb-9bae0ac23001 req-7ebf33eb-3fe5-4519-bfdb-9bae0ac23001 ] Request (KeyPairsV2TestJSON:tearDownClass): 201 POST http://10.180.1.21/identity/v3/auth/tokens 0.064s
2025-03-06 03:21:54.376 68593 INFO tempest.lib.common.rest_client [req-920b76a5-7c1c-4307-875b-b58ccf64bebc req-920b76a5-7c1c-4307-875b-b58ccf64bebc ] Request (ImagesOneServerNegativeTestJSON:_run_cleanups): 200 GET http://10.180.1.21/compute/v2.1/servers/57504eac-0d7f-4fbe-b08c-6864713cca94 0.254s
2025-03-06 03:21:54.381 68567 INFO tempest.lib.common.rest_client [req-56e65a4a-959f-4ae7-8f56-5acd232c5d67 req-56e65a4a-959f-4ae7-8f56-5acd232c5d67 ] Request (QuotaClassesAdmin257Test:tearDownClass): 200 GET http://10.180.1.21:9696/networking/v2.0/security-groups?tenant_id=c51ce817be584a79a5dce725db202f28&name=default 0.306s
2025-03-06 03:21:54.416 68581 INFO tempest.lib.common.rest_client [req-d1aeb048-c8da-4e84-b751-36740e9eeadc req-d1aeb048-c8da-4e84-b751-36740e9eeadc ] Request (FloatingIPsAssociationTestJSON:setUpClass): 200 GET http://10.180.1.21/compute/v2.1/servers/aa7c6967-cd55-47fc-a2f5-db6e8d2e0307 0.371s
2025-03-06 03:21:54.430 68601 INFO tempest.lib.common.rest_client [req-f778d8aa-8a7c-431b-9d69-b4d04d670e77 req-f778d8aa-8a7c-431b-9d69-b4d04d670e77 ] Request (MultipleCreateTestJSON:test_multiple_create): 200 GET http://10.180.1.21/compute/v2.1/servers/cb607c5e-797d-4e52-9ba4-66113718dacc 0.308s
2025-03-06 03:21:54.446 68603 INFO tempest.lib.common.rest_client [req-96faacce-21a6-4d8b-a324-25c126c9f516 req-96faacce-21a6-4d8b-a324-25c126c9f516 ] Request (AZV2TestJSON:tearDownClass): 204 DELETE http://10.180.1.21/identity/v3/users/32fd5b16d0c14f08b96ebd585dd053c6 0.140s
2025-03-06 03:21:54.447 68603 INFO tempest.lib.common.dynamic_creds [-] Deleting project and security group for project: 0786e2601acc4ba6b839eb818a0b0351
2025-03-06 03:21:54.466 68573 WARNING tempest.lib.common.ssh [-] Failed to establish authenticated ssh connection to cirros@10.180.180.192 ([Errno None] Unable to connect to port 22 on 10.180.180.192). Number attempts: 4. Retry after 5 seconds.: paramiko.ssh_exception.NoValidConnectionsError: [Errno None] Unable to connect to port 22 on 10.180.180.192
2025-03-06 03:21:54.485 68567 INFO tempest.lib.common.rest_client [req-11c77aad-e519-46bd-9493-49811b9e0db7 req-11c77aad-e519-46bd-9493-49811b9e0db7 ] Request (QuotaClassesAdmin257Test:tearDownClass): 204 DELETE http://10.180.1.21:9696/networking/v2.0/security-groups/7e1c3cff-f972-4650-ab60-7a42a17c23ca 0.104s
2025-03-06 03:21:54.488 68591 INFO tempest.lib.common.rest_client [req-a5a85e41-fa4e-4640-ba89-47bb41ea8322 req-a5a85e41-fa4e-4640-ba89-47bb41ea8322 ] Request (ListServersNegativeTestJSON:setUpClass): 200 GET http://10.180.1.21/compute/v2.1/servers/4c394e1d-8fef-4b7a-ac9f-550f263c1d7f 0.294s
2025-03-06 03:21:54.523 68626 INFO tempest.lib.common.rest_client [req-17dfeb80-c7a4-482f-b603-564f9b5e052a req-17dfeb80-c7a4-482f-b603-564f9b5e052a ] Request (MigrationsAdminTest:test_list_migrations_in_flavor_resize_situation): 200 GET http://10.180.1.21/compute/v2.1/servers/10957648-8618-4f2c-8b08-5468bca20cfc 0.367s
2025-03-06 03:21:54.538 68579 INFO tempest.lib.common.rest_client [req-c2065b5e-0170-46f5-ad4c-148fde8eef7d req-c2065b5e-0170-46f5-ad4c-148fde8eef7d ] Request (SecurityGroupsTestJSON:test_list_security_groups_by_server): 200 GET http://10.180.1.21/compute/v2.1/servers/8f0e60c8-7029-4dd5-b615-aa2b5d115aa1 0.287s
2025-03-06 03:21:54.566 68603 INFO tempest.lib.common.rest_client [req-a2eb1a38-7829-4d64-970f-747c66f063c8 req-a2eb1a38-7829-4d64-970f-747c66f063c8 ] Request (AZV2TestJSON:tearDownClass): 201 POST http://10.180.1.21/identity/v3/auth/tokens 0.119s
2025-03-06 03:21:54.573 68585 INFO tempest.lib.common.rest_client [req-3bf7eda0-e567-4e66-850c-2d9344a54d4d req-3bf7eda0-e567-4e66-850c-2d9344a54d4d ] Request (ServersTestBootFromVolume:setUpClass): 200 GET http://10.180.1.21/volume/v3/volumes/fbca3648-be41-4048-bbb7-c27ab5f4f106 0.029s
2025-03-06 03:21:54.596 68617 INFO tempest.lib.common.rest_client [req-5d0b3a4c-3314-4c3e-b96e-f2642764ebd4 req-5d0b3a4c-3314-4c3e-b96e-f2642764ebd4 ] Request (ServerExternalEventsTest:tearDownClass): 200 GET http://10.180.1.21/compute/v2.1/servers/23f2ad6c-ea98-4a32-a79a-75cec6fc925e 0.328s
2025-03-06 03:21:54.597 68611 INFO tempest.lib.common.rest_client [req-8c006026-cd27-4c8e-b737-545a43f733cd req-8c006026-cd27-4c8e-b737-545a43f733cd ] Request (InstanceActionsTestJSON:setUpClass): 200 GET http://10.180.1.21/compute/v2.1/servers/b0090ea8-98fe-42a0-97cc-40d7578851a9 0.269s
2025-03-06 03:21:54.631 68567 INFO tempest.lib.common.rest_client [req-afef79b4-c7eb-4d04-a1dd-568744e641af req-afef79b4-c7eb-4d04-a1dd-568744e641af ] Request (QuotaClassesAdmin257Test:tearDownClass): 204 DELETE http://10.180.1.21/identity/v3/projects/c51ce817be584a79a5dce725db202f28 0.145s
2025-03-06 03:21:54.631 68567 INFO tempest.lib.common.dynamic_creds [-] Deleting project and security group for project: 5754433791a740c7952300833f40df35
2025-03-06 03:21:54.672 68595 INFO tempest.lib.common.rest_client [req-37378ae8-d1ad-4663-8ad3-77c671b4f386 req-37378ae8-d1ad-4663-8ad3-77c671b4f386 ] Request (KeyPairsV2TestJSON:tearDownClass): 200 GET http://10.180.1.21:9696/networking/v2.0/security-groups?tenant_id=dc3082a7fe3b47138115a7bb5612d903&name=default 0.305s
2025-03-06 03:21:54.692 68589 INFO tempest.lib.common.rest_client [req-7ce4c9a1-122d-45d0-ba23-243082178b5d req-7ce4c9a1-122d-45d0-ba23-243082178b5d ] Request (ServerRescueNegativeTestJSON:setUpClass): 200 GET http://10.180.1.21/compute/v2.1/servers/7778c027-d4af-436c-a545-aa513c0b1127 0.242s
2025-03-06 03:21:54.698 68613 INFO tempest.lib.common.rest_client [req-08eb58bf-771c-4dbf-a563-f133058dff4e req-08eb58bf-771c-4dbf-a563-f133058dff4e ] Request (ServerDiagnosticsTest:tearDownClass): 200 GET http://10.180.1.21/compute/v2.1/servers/aebd1200-ae52-4537-a677-24b57b581517 0.306s
2025-03-06 03:21:54.775 68603 INFO tempest.lib.common.rest_client [req-38147fd9-4326-4002-8f51-8c7ffb1f4937 req-38147fd9-4326-4002-8f51-8c7ffb1f4937 ] Request (AZV2TestJSON:tearDownClass): 200 GET http://10.180.1.21:9696/networking/v2.0/security-groups?tenant_id=0786e2601acc4ba6b839eb818a0b0351&name=default 0.208s
2025-03-06 03:21:54.819 68565 INFO tempest.lib.common.rest_client [req-a7db8df6-c817-4bd5-ab2e-149fc9a292e5 req-a7db8df6-c817-4bd5-ab2e-149fc9a292e5 ] Request (DeleteServersAdminTestJSON:test_delete_server_while_in_error_state): 200 GET http://10.180.1.21/compute/v2.1/servers/f270caad-1b02-4d5b-a435-37b77c05c4e7 0.210s
2025-03-06 03:21:54.872 68603 INFO tempest.lib.common.rest_client [req-a577d347-c4d7-41c6-bc60-7e1fa26945bd req-a577d347-c4d7-41c6-bc60-7e1fa26945bd ] Request (AZV2TestJSON:tearDownClass): 204 DELETE http://10.180.1.21:9696/networking/v2.0/security-groups/003ff345-6e54-42a9-ba6f-07ade1d5b293 0.096s
2025-03-06 03:21:54.903 68569 INFO tempest.lib.common.rest_client [req-ac2aadab-da17-4d10-9f5e-c5b8a1dee507 req-ac2aadab-da17-4d10-9f5e-c5b8a1dee507 ] Request (ServersTestMultiNic:test_verify_duplicate_network_nics): 200 GET http://10.180.1.21/compute/v2.1/servers/fd4d5494-042b-457e-a826-dee4d87c0032 0.216s
2025-03-06 03:21:54.970 68567 INFO tempest.lib.common.rest_client [req-45a5a26a-a10b-4815-b813-a5e25d095e57 req-45a5a26a-a10b-4815-b813-a5e25d095e57 ] Request (QuotaClassesAdmin257Test:tearDownClass): 200 GET http://10.180.1.21:9696/networking/v2.0/security-groups?tenant_id=5754433791a740c7952300833f40df35&name=default 0.339s
2025-03-06 03:21:54.973 68595 INFO tempest.lib.common.rest_client [req-8700232e-dffa-4c76-98dd-e0a029e05120 req-8700232e-dffa-4c76-98dd-e0a029e05120 ] Request (KeyPairsV2TestJSON:tearDownClass): 204 DELETE http://10.180.1.21:9696/networking/v2.0/security-groups/1aa3a357-e5fc-4f3a-ad08-39d3f7f0f8da 0.300s
2025-03-06 03:21:54.986 68583 INFO tempest.lib.common.rest_client [req-19c617d6-1f86-47fa-a61a-d373fb36601d req-19c617d6-1f86-47fa-a61a-d373fb36601d ] Request (ServersAdminNegativeTestJSON:test_migrate_server_invalid_state): 200 GET http://10.180.1.21/compute/v2.1/servers/09ab8712-0f7a-4122-9d61-19da3e65d22b 0.256s
2025-03-06 03:21:55.008 68606 INFO tempest.lib.common.rest_client [req-ea5fe9c0-541b-4719-ab92-433ca69d26a4 req-ea5fe9c0-541b-4719-ab92-433ca69d26a4 ] Request (ServerDiskConfigTestJSON:test_rebuild_server_with_auto_disk_config): 200 GET http://10.180.1.21/compute/v2.1/servers/d73f87d2-41b3-4396-b5b5-932f8c6bf626 0.472s
2025-03-06 03:21:55.012 68603 INFO tempest.lib.common.rest_client [req-30a83c0a-8d97-43a4-8856-fb9a8a9d3b0e req-30a83c0a-8d97-43a4-8856-fb9a8a9d3b0e ] Request (AZV2TestJSON:tearDownClass): 204 DELETE http://10.180.1.21/identity/v3/projects/0786e2601acc4ba6b839eb818a0b0351 0.140s
2025-03-06 03:21:55.042 68603 INFO tempest.lib.common.rest_client [req-85af04f7-9751-4e6e-9d6d-6e466c3644eb req-85af04f7-9751-4e6e-9d6d-6e466c3644eb ] Request (ServerMetadataNegativeTestJSON:setUpClass): 201 POST http://10.180.1.21/identity/v3/auth/tokens 0.028s
2025-03-06 03:21:55.062 68567 INFO tempest.lib.common.rest_client [req-03646e8b-3744-4cd6-ac8c-dcf42e3188a9 req-03646e8b-3744-4cd6-ac8c-dcf42e3188a9 ] Request (QuotaClassesAdmin257Test:tearDownClass): 204 DELETE http://10.180.1.21:9696/networking/v2.0/security-groups/408cc0b0-14ea-4d6d-aef9-ea916698f407 0.092s
2025-03-06 03:21:55.067 68597 INFO tempest.lib.common.rest_client [req-20137bb5-7c83-4dcc-9773-6060dd4a0431 req-20137bb5-7c83-4dcc-9773-6060dd4a0431 ] Request (ServersTestJSON:test_create_server_specify_multibyte_character_name): 200 GET http://10.180.1.21/compute/v2.1/servers/2aacd21f-d664-4267-8331-d3862f43d35b 0.174s
2025-03-06 03:21:55.083 68595 INFO tempest.lib.common.rest_client [req-48160227-4170-4b90-9c69-c8356e2b3a8a req-48160227-4170-4b90-9c69-c8356e2b3a8a ] Request (KeyPairsV2TestJSON:tearDownClass): 204 DELETE http://10.180.1.21/identity/v3/projects/dc3082a7fe3b47138115a7bb5612d903 0.109s
2025-03-06 03:21:55.083 68621 INFO tempest.lib.common.rest_client [req-6699ea90-affe-4b20-a096-7dea1b63dbcc req-6699ea90-affe-4b20-a096-7dea1b63dbcc ] Request (ServersAdmin275Test:tearDownClass): 200 GET http://10.180.1.21/compute/v2.1/servers/c662b964-abc9-41af-85fd-ea1a540e1e23 0.285s
2025-03-06 03:21:55.084 68595 INFO tempest.test [-] raised in NoVNCConsoleTestJSON.setUpClass. Invoking tearDownClass.
2025-03-06 03:21:55.105 68603 INFO tempest.lib.common.rest_client [req-713da3f5-3d07-4b32-8597-552364ed4187 req-713da3f5-3d07-4b32-8597-552364ed4187 ] Request (ServerMetadataNegativeTestJSON:setUpClass): 201 POST http://10.180.1.21/identity/v3/auth/tokens 0.061s
2025-03-06 03:21:55.114 68607 INFO tempest.lib.common.rest_client [req-3e829e92-642e-4d74-9e79-d16315ce1b78 req-3e829e92-642e-4d74-9e79-d16315ce1b78 ] Request (ImagesTestJSON:test_create_image_from_stopped_server): 200 GET http://10.180.1.21/compute/v2.1/images/a31395b3-1f47-46e6-9150-8a7f532927d5 0.167s
2025-03-06 03:21:55.141 68571 INFO tempest.lib.common.rest_client [req-d5710def-b56e-4755-bce4-7984f5734095 req-d5710def-b56e-4755-bce4-7984f5734095 ] Request (FloatingIPsAssociationNegativeTestJSON:setUpClass): 200 GET http://10.180.1.21/compute/v2.1/servers/bbc08614-926e-4209-abec-4808f223943a 0.110s
2025-03-06 03:21:55.190 68567 INFO tempest.lib.common.rest_client [req-efcf546e-3dbc-4d3c-bc1e-136da1fcfb96 req-efcf546e-3dbc-4d3c-bc1e-136da1fcfb96 ] Request (QuotaClassesAdmin257Test:tearDownClass): 204 DELETE http://10.180.1.21/identity/v3/projects/5754433791a740c7952300833f40df35 0.127s
2025-03-06 03:21:55.234 68603 INFO tempest.lib.common.rest_client [req-5629f4fb-ff4b-49ed-a041-43b0a55115b3 req-5629f4fb-ff4b-49ed-a041-43b0a55115b3 ] Request (ServerMetadataNegativeTestJSON:setUpClass): 200 GET http://10.180.1.21/identity/v3/domains?name=Default 0.129s
2025-03-06 03:21:55.260 68567 INFO tempest.lib.common.rest_client [req-69b4ead8-2811-4085-8f1d-9fcadd816293 req-69b4ead8-2811-4085-8f1d-9fcadd816293 ] Request (ServersAdminTestJSON:setUpClass): 201 POST http://10.180.1.21/identity/v3/auth/tokens 0.068s
2025-03-06 03:21:55.301 68587 INFO tempest.lib.common.rest_client [req-de1a8f1e-420a-4e6e-9de3-a646f8ea6400 req-de1a8f1e-420a-4e6e-9de3-a646f8ea6400 ] Request (ImagesOneServerTestJSON:setUpClass): 200 GET http://10.180.1.21/compute/v2.1/servers/59b0dd89-0093-4e50-9428-8db5c7fd429d 0.135s
2025-03-06 03:21:55.303 68603 INFO tempest.lib.common.rest_client [req-a785ed16-21a1-4ed9-bc10-9793db0fb40d req-a785ed16-21a1-4ed9-bc10-9793db0fb40d ] Request (ServerMetadataNegativeTestJSON:setUpClass): 201 POST http://10.180.1.21/identity/v3/projects 0.068s
2025-03-06 03:21:55.356 68575 INFO tempest.lib.common.rest_client [req-a56d6a31-7dcf-4a76-a576-86cf2b835e0f req-a56d6a31-7dcf-4a76-a576-86cf2b835e0f ] Request (ServerDiagnosticsV248Test:tearDownClass): 200 GET http://10.180.1.21/compute/v2.1/servers/ffee3ad0-2fca-4c2c-9fa4-9218ef2e1207 0.065s
2025-03-06 03:21:55.356 68567 INFO tempest.lib.common.rest_client [req-0dafa9a2-b577-4970-b625-42d6c902140e req-0dafa9a2-b577-4970-b625-42d6c902140e ] Request (ServersAdminTestJSON:setUpClass): 201 POST http://10.180.1.21/identity/v3/auth/tokens 0.088s
2025-03-06 03:21:55.381 68567 INFO tempest.lib.common.rest_client [req-e3f801a6-6734-4a83-9aa0-7066b37a3b1f req-e3f801a6-6734-4a83-9aa0-7066b37a3b1f ] Request (ServersAdminTestJSON:setUpClass): 200 GET http://10.180.1.21/identity/v3/domains?name=Default 0.024s
2025-03-06 03:21:55.411 68567 INFO tempest.lib.common.rest_client [req-3a5c63dd-c8db-42a8-b4dc-05993e11d76c req-3a5c63dd-c8db-42a8-b4dc-05993e11d76c ] Request (ServersAdminTestJSON:setUpClass): 201 POST http://10.180.1.21/identity/v3/projects 0.029s
2025-03-06 03:21:55.471 68593 INFO tempest.lib.common.rest_client [req-c5e115ba-ea18-43eb-9173-5cbf6e928b05 req-c5e115ba-ea18-43eb-9173-5cbf6e928b05 ] Request (ImagesOneServerNegativeTestJSON:_run_cleanups): 200 GET http://10.180.1.21/compute/v2.1/servers/57504eac-0d7f-4fbe-b08c-6864713cca94 0.087s
2025-03-06 03:21:55.485 68567 INFO tempest.lib.common.rest_client [req-6c554c31-2ed1-46b5-bd6f-fd818a3a53be req-6c554c31-2ed1-46b5-bd6f-fd818a3a53be ] Request (ServersAdminTestJSON:setUpClass): 201 POST http://10.180.1.21/identity/v3/users 0.073s
2025-03-06 03:21:55.515 68567 INFO tempest.lib.common.rest_client [req-afdf0a9a-0d77-405c-95c0-3777fb45d23d req-afdf0a9a-0d77-405c-95c0-3777fb45d23d ] Request (ServersAdminTestJSON:setUpClass): 200 GET http://10.180.1.21/identity/v3/roles 0.029s
2025-03-06 03:21:55.517 68603 INFO tempest.lib.common.rest_client [req-fab5e6d6-0d50-474c-8a41-f4ab31a2c977 req-fab5e6d6-0d50-474c-8a41-f4ab31a2c977 ] Request (ServerMetadataNegativeTestJSON:setUpClass): 201 POST http://10.180.1.21/identity/v3/users 0.213s
2025-03-06 03:21:55.536 68601 INFO tempest.lib.common.rest_client [req-5c9dee54-e126-4adb-a15f-d8a6965965c9 req-5c9dee54-e126-4adb-a15f-d8a6965965c9 ] Request (MultipleCreateTestJSON:test_multiple_create): 200 GET http://10.180.1.21/compute/v2.1/servers/cb607c5e-797d-4e52-9ba4-66113718dacc 0.098s
2025-03-06 03:21:55.537 68603 INFO tempest.lib.common.rest_client [req-e2f734de-3ac3-4ce9-9d84-deaca59572db req-e2f734de-3ac3-4ce9-9d84-deaca59572db ] Request (ServerMetadataNegativeTestJSON:setUpClass): 200 GET http://10.180.1.21/identity/v3/roles 0.019s
2025-03-06 03:21:55.549 68567 INFO tempest.lib.common.rest_client [req-d1487d33-7454-4b95-9011-f01ef3603730 req-d1487d33-7454-4b95-9011-f01ef3603730 ] Request (ServersAdminTestJSON:setUpClass): 204 PUT http://10.180.1.21/identity/v3/projects/15f251056bf64f719c7094479b569f0d/users/fcb360676a0b4898a283980e7839c68a/roles/15b887308d3e409da06d227d68bc7fbf 0.033s
2025-03-06 03:21:55.549 68567 INFO tempest.lib.common.dynamic_creds [-] Dynamic test user fcb360676a0b4898a283980e7839c68a is created with scope project and roles: ['member']
2025-03-06 03:21:55.549 68567 INFO tempest.lib.common.dynamic_creds [-] Acquired dynamic creds: credentials: Credentials: {'domain_id': 'default', 'domain_name': 'Default', 'username': 'tempest-ServersAdminTestJSON-150758922-project-member', 'project_domain_id': 'default', 'project_domain_name': 'Default', 'project_id': '15f251056bf64f719c7094479b569f0d', 'project_name': 'tempest-ServersAdminTestJSON-150758922', 'tenant_id': '15f251056bf64f719c7094479b569f0d', 'tenant_name': 'tempest-ServersAdminTestJSON-150758922', 'user_domain_id': 'default', 'user_domain_name': 'Default', 'user_id': 'fcb360676a0b4898a283980e7839c68a', 'system': None}, Network: None, Subnet: None, Router: None
2025-03-06 03:21:55.569 68603 INFO tempest.lib.common.rest_client [req-8653aa02-7e73-4a4a-ab2b-c2262503ca22 req-8653aa02-7e73-4a4a-ab2b-c2262503ca22 ] Request (ServerMetadataNegativeTestJSON:setUpClass): 204 PUT http://10.180.1.21/identity/v3/projects/aee7371df22443b6865a8934ea27c685/users/139b09aa798646eb84621ae2ec19fa42/roles/15b887308d3e409da06d227d68bc7fbf 0.031s
2025-03-06 03:21:55.569 68603 INFO tempest.lib.common.dynamic_creds [-] Dynamic test user 139b09aa798646eb84621ae2ec19fa42 is created with scope project and roles: ['member']
2025-03-06 03:21:55.569 68603 INFO tempest.lib.common.dynamic_creds [-] Acquired dynamic creds: credentials: Credentials: {'domain_id': 'default', 'domain_name': 'Default', 'username': 'tempest-ServerMetadataNegativeTestJSON-875894540-project-member', 'project_domain_id': 'default', 'project_domain_name': 'Default', 'project_id': 'aee7371df22443b6865a8934ea27c685', 'project_name': 'tempest-ServerMetadataNegativeTestJSON-875894540', 'tenant_id': 'aee7371df22443b6865a8934ea27c685', 'tenant_name': 'tempest-ServerMetadataNegativeTestJSON-875894540', 'user_domain_id': 'default', 'user_domain_name': 'Default', 'user_id': '139b09aa798646eb84621ae2ec19fa42', 'system': None}, Network: None, Subnet: None, Router: None
2025-03-06 03:21:55.575 68581 INFO tempest.lib.common.rest_client [req-cf25e296-79e5-407c-863b-1dde1ebe3d2d req-cf25e296-79e5-407c-863b-1dde1ebe3d2d ] Request (FloatingIPsAssociationTestJSON:setUpClass): 200 GET http://10.180.1.21/compute/v2.1/servers/aa7c6967-cd55-47fc-a2f5-db6e8d2e0307 0.150s
2025-03-06 03:21:55.598 68591 INFO tempest.lib.common.rest_client [req-ed95e906-0ffe-4927-b636-e877cb357221 req-ed95e906-0ffe-4927-b636-e877cb357221 ] Request (ListServersNegativeTestJSON:setUpClass): 200 GET http://10.180.1.21/compute/v2.1/servers/4c394e1d-8fef-4b7a-ac9f-550f263c1d7f 0.100s
2025-03-06 03:21:55.623 68585 INFO tempest.lib.common.rest_client [req-f51cc556-e804-4a56-9280-421236f691cd req-f51cc556-e804-4a56-9280-421236f691cd ] Request (ServersTestBootFromVolume:setUpClass): 200 GET http://10.180.1.21/volume/v3/volumes/fbca3648-be41-4048-bbb7-c27ab5f4f106 0.040s
2025-03-06 03:21:55.648 68567 INFO tempest.lib.common.rest_client [req-2582c198-bf05-440b-80b2-77b92d651aab req-2582c198-bf05-440b-80b2-77b92d651aab ] Request (ServersAdminTestJSON:setUpClass): 201 POST http://10.180.1.21/identity/v3/auth/tokens 0.098s
2025-03-06 03:21:55.661 68603 INFO tempest.lib.common.rest_client [req-669b2416-2f3e-4daa-b27f-0a25af4af84a req-669b2416-2f3e-4daa-b27f-0a25af4af84a ] Request (ServerMetadataNegativeTestJSON:setUpClass): 201 POST http://10.180.1.21/identity/v3/auth/tokens 0.090s
2025-03-06 03:21:55.670 68579 INFO tempest.lib.common.rest_client [req-e53c3b34-32c2-436b-ab9b-0e642e2dceaa req-e53c3b34-32c2-436b-ab9b-0e642e2dceaa ] Request (SecurityGroupsTestJSON:test_list_security_groups_by_server): 200 GET http://10.180.1.21/compute/v2.1/servers/8f0e60c8-7029-4dd5-b615-aa2b5d115aa1 0.120s
