2025-03-06 03:21:55.703 68626 INFO tempest.lib.common.rest_client [req-cc842ded-6588-4cda-87ba-d02f7a76ea72 req-cc842ded-6588-4cda-87ba-d02f7a76ea72 ] Request (MigrationsAdminTest:test_list_migrations_in_flavor_resize_situation): 200 GET http://10.180.1.21/compute/v2.1/servers/10957648-8618-4f2c-8b08-5468bca20cfc 0.168s
2025-03-06 03:21:55.738 68617 INFO tempest.lib.common.rest_client [req-74ce0322-82c0-4d7d-afdc-be0fba0d8c37 req-74ce0322-82c0-4d7d-afdc-be0fba0d8c37 ] Request (ServerExternalEventsTest:tearDownClass): 200 GET http://10.180.1.21/compute/v2.1/servers/23f2ad6c-ea98-4a32-a79a-75cec6fc925e 0.132s
2025-03-06 03:21:55.777 68611 INFO tempest.lib.common.rest_client [req-4c737c35-dea1-46e1-9c2c-61e25e74afc5 req-4c737c35-dea1-46e1-9c2c-61e25e74afc5 ] Request (InstanceActionsTestJSON:setUpClass): 200 GET http://10.180.1.21/compute/v2.1/servers/b0090ea8-98fe-42a0-97cc-40d7578851a9 0.169s
2025-03-06 03:21:55.796 68589 INFO tempest.lib.common.rest_client [req-1462458d-4b43-4b61-99fd-c8483d94283b req-1462458d-4b43-4b61-99fd-c8483d94283b ] Request (ServerRescueNegativeTestJSON:setUpClass): 200 GET http://10.180.1.21/compute/v2.1/servers/7778c027-d4af-436c-a545-aa513c0b1127 0.088s
2025-03-06 03:21:55.805 68613 INFO tempest.lib.common.rest_client [req-9cec53ff-617f-4107-9c75-e407863aed20 req-9cec53ff-617f-4107-9c75-e407863aed20 ] Request (ServerDiagnosticsTest:tearDownClass): 404 GET http://10.180.1.21/compute/v2.1/servers/aebd1200-ae52-4537-a677-24b57b581517 0.091s
2025-03-06 03:21:55.894 68565 INFO tempest.lib.common.rest_client [req-64dad952-e1fe-4a7c-9079-997caabbf29a req-64dad952-e1fe-4a7c-9079-997caabbf29a ] Request (DeleteServersAdminTestJSON:test_delete_server_while_in_error_state): 200 GET http://10.180.1.21/compute/v2.1/servers/f270caad-1b02-4d5b-a435-37b77c05c4e7 0.065s
2025-03-06 03:21:55.895 68613 INFO tempest.lib.common.rest_client [req-60b07673-1016-4f14-a1dd-27dd4d56c7e3 req-60b07673-1016-4f14-a1dd-27dd4d56c7e3 ] Request (ServerDiagnosticsTest:tearDownClass): 204 DELETE http://10.180.1.21/identity/v3/users/7397bc613018446db09235839b732ce1 0.090s
2025-03-06 03:21:55.963 68603 INFO tempest.lib.common.rest_client [req-939030f9-adb0-4af2-9ad7-af7fbf5a0e27 req-939030f9-adb0-4af2-9ad7-af7fbf5a0e27 ] Request (ServerMetadataNegativeTestJSON:setUpClass): 201 POST http://10.180.1.21:9696/networking/v2.0/networks 0.301s
2025-03-06 03:21:55.968 68569 INFO tempest.lib.common.rest_client [req-6b3399c5-9120-42fb-9678-d61075201dcd req-6b3399c5-9120-42fb-9678-d61075201dcd ] Request (ServersTestMultiNic:test_verify_duplicate_network_nics): 200 GET http://10.180.1.21/compute/v2.1/servers/fd4d5494-042b-457e-a826-dee4d87c0032 0.056s
2025-03-06 03:21:55.980 68567 INFO tempest.lib.common.rest_client [req-d8d4f937-2bd5-4576-987d-87b6dc20783f req-d8d4f937-2bd5-4576-987d-87b6dc20783f ] Request (ServersAdminTestJSON:setUpClass): 201 POST http://10.180.1.21:9696/networking/v2.0/networks 0.330s
2025-03-06 03:21:55.987 68613 INFO tempest.lib.common.rest_client [req-c03ca623-9994-4697-a24d-ef6e0a2530be req-c03ca623-9994-4697-a24d-ef6e0a2530be ] Request (ServerDiagnosticsTest:tearDownClass): 204 DELETE http://10.180.1.21/identity/v3/users/6affe3ae176c46a1aadc53eb2b9d9553 0.092s
2025-03-06 03:21:55.987 68613 INFO tempest.lib.common.dynamic_creds [-] Deleting project and security group for project: 33a0f03cb85b47faa42e10e0bf7afec9
2025-03-06 03:21:56.063 68583 INFO tempest.lib.common.rest_client [req-1aca5368-1259-4d40-9509-462876ace6c3 req-1aca5368-1259-4d40-9509-462876ace6c3 ] Request (ServersAdminNegativeTestJSON:test_migrate_server_invalid_state): 200 GET http://10.180.1.21/compute/v2.1/servers/09ab8712-0f7a-4122-9d61-19da3e65d22b 0.069s
2025-03-06 03:21:56.072 68613 INFO tempest.lib.common.rest_client [req-a7fe3a90-2da9-490a-a3f0-f9a12e0b28ba req-a7fe3a90-2da9-490a-a3f0-f9a12e0b28ba ] Request (ServerDiagnosticsTest:tearDownClass): 201 POST http://10.180.1.21/identity/v3/auth/tokens 0.084s
2025-03-06 03:21:56.123 68603 INFO tempest.lib.common.rest_client [req-3e0c9ed3-ff02-417a-923b-89f4f2bb4dad req-3e0c9ed3-ff02-417a-923b-89f4f2bb4dad ] Request (ServerMetadataNegativeTestJSON:setUpClass): 201 POST http://10.180.1.21:9696/networking/v2.0/subnets 0.159s
2025-03-06 03:21:56.154 68597 INFO tempest.lib.common.rest_client [req-98c8c5bf-f948-4d30-bee2-8e36934fc3f9 req-98c8c5bf-f948-4d30-bee2-8e36934fc3f9 ] Request (ServersTestJSON:test_create_server_specify_multibyte_character_name): 200 GET http://10.180.1.21/compute/v2.1/servers/2aacd21f-d664-4267-8331-d3862f43d35b 0.075s
2025-03-06 03:21:56.178 68606 INFO tempest.lib.common.rest_client [req-44648e26-cb88-497a-b616-7e081da72ebb req-44648e26-cb88-497a-b616-7e081da72ebb ] Request (ServerDiskConfigTestJSON:test_rebuild_server_with_auto_disk_config): 200 GET http://10.180.1.21/compute/v2.1/servers/d73f87d2-41b3-4396-b5b5-932f8c6bf626 0.160s
2025-03-06 03:21:56.212 68607 INFO tempest.lib.common.rest_client [req-44a1e470-eb72-4cba-9fe8-bdd9b152a1ee req-44a1e470-eb72-4cba-9fe8-bdd9b152a1ee ] Request (ImagesTestJSON:test_create_image_from_stopped_server): 200 GET http://10.180.1.21/compute/v2.1/images/a31395b3-1f47-46e6-9150-8a7f532927d5 0.091s
2025-03-06 03:21:56.244 68621 INFO tempest.lib.common.rest_client [req-15a34eec-d0b5-4bab-be71-dec54823c1e1 req-15a34eec-d0b5-4bab-be71-dec54823c1e1 ] Request (ServersAdmin275Test:tearDownClass): 200 GET http://10.180.1.21/compute/v2.1/servers/c662b964-abc9-41af-85fd-ea1a540e1e23 0.145s
2025-03-06 03:21:56.274 68567 INFO tempest.lib.common.rest_client [req-87c6e290-f31c-4d5d-924a-bce4fb66704e req-87c6e290-f31c-4d5d-924a-bce4fb66704e ] Request (ServersAdminTestJSON:setUpClass): 201 POST http://10.180.1.21:9696/networking/v2.0/subnets 0.293s
2025-03-06 03:21:56.279 68571 INFO tempest.lib.common.rest_client [req-84639b4b-2455-4e38-80b4-ff75049d635d req-84639b4b-2455-4e38-80b4-ff75049d635d ] Request (FloatingIPsAssociationNegativeTestJSON:setUpClass): 200 GET http://10.180.1.21/compute/v2.1/servers/bbc08614-926e-4209-abec-4808f223943a 0.122s
2025-03-06 03:21:56.311 68613 INFO tempest.lib.common.rest_client [req-c237862e-857e-4abf-8974-697ff34d1268 req-c237862e-857e-4abf-8974-697ff34d1268 ] Request (ServerDiagnosticsTest:tearDownClass): 200 GET http://10.180.1.21:9696/networking/v2.0/security-groups?tenant_id=33a0f03cb85b47faa42e10e0bf7afec9&name=default 0.239s
2025-03-06 03:21:56.497 68575 INFO tempest.lib.common.rest_client [req-e15ad787-c47b-43cb-b731-553265acf0f2 req-e15ad787-c47b-43cb-b731-553265acf0f2 ] Request (ServerDiagnosticsV248Test:tearDownClass): 200 GET http://10.180.1.21/compute/v2.1/servers/ffee3ad0-2fca-4c2c-9fa4-9218ef2e1207 0.127s
2025-03-06 03:21:56.528 68587 INFO tempest.lib.common.rest_client [req-1f6150b0-f26b-4f61-875b-4873e0ef3e40 req-1f6150b0-f26b-4f61-875b-4873e0ef3e40 ] Request (ImagesOneServerTestJSON:setUpClass): 200 GET http://10.180.1.21/compute/v2.1/servers/59b0dd89-0093-4e50-9428-8db5c7fd429d 0.219s
2025-03-06 03:21:56.539 68587 INFO tempest.common.waiters [-] State transition "BUILD/spawning" ==> "ACTIVE/None" after 38 second wait
2025-03-06 03:21:56.555 68613 INFO tempest.lib.common.rest_client [req-861cd13a-1165-492d-a5db-5cab3d36e233 req-861cd13a-1165-492d-a5db-5cab3d36e233 ] Request (ServerDiagnosticsTest:tearDownClass): 204 DELETE http://10.180.1.21:9696/networking/v2.0/security-groups/ac4a7101-38a1-471f-8e5a-c57d4e71c6dc 0.244s
2025-03-06 03:21:56.631 68613 INFO tempest.lib.common.rest_client [req-9bfff646-b466-412c-af06-1d8bf9e068a5 req-9bfff646-b466-412c-af06-1d8bf9e068a5 ] Request (ServerDiagnosticsTest:tearDownClass): 204 DELETE http://10.180.1.21/identity/v3/projects/33a0f03cb85b47faa42e10e0bf7afec9 0.075s
2025-03-06 03:21:56.631 68613 INFO tempest.lib.common.dynamic_creds [-] Deleting project and security group for project: 561ba494fc6a4870895269ee5c203dd4
2025-03-06 03:21:56.664 68585 INFO tempest.lib.common.rest_client [req-db833ff9-82fd-4c63-bd89-457903900de2 req-db833ff9-82fd-4c63-bd89-457903900de2 ] Request (ServersTestBootFromVolume:setUpClass): 200 GET http://10.180.1.21/volume/v3/volumes/fbca3648-be41-4048-bbb7-c27ab5f4f106 0.033s
2025-03-06 03:21:56.711 68613 INFO tempest.lib.common.rest_client [req-e4d05b4a-68b8-4ac6-8cbd-bf56b9cbb96f req-e4d05b4a-68b8-4ac6-8cbd-bf56b9cbb96f ] Request (ServerDiagnosticsTest:tearDownClass): 200 GET http://10.180.1.21:9696/networking/v2.0/security-groups?tenant_id=561ba494fc6a4870895269ee5c203dd4&name=default 0.080s
2025-03-06 03:21:56.841 68593 INFO tempest.lib.common.rest_client [req-513905b4-af2d-4c08-a1ad-40c6f7f28f31 req-513905b4-af2d-4c08-a1ad-40c6f7f28f31 ] Request (ImagesOneServerNegativeTestJSON:_run_cleanups): 200 GET http://10.180.1.21/compute/v2.1/servers/57504eac-0d7f-4fbe-b08c-6864713cca94 0.356s
2025-03-06 03:21:56.903 68613 INFO tempest.lib.common.rest_client [req-5f48a3c9-387b-4e8a-9ef9-c7189144074f req-5f48a3c9-387b-4e8a-9ef9-c7189144074f ] Request (ServerDiagnosticsTest:tearDownClass): 204 DELETE http://10.180.1.21:9696/networking/v2.0/security-groups/3045d823-6363-42f2-b02b-600ab288f1bc 0.192s
2025-03-06 03:21:56.914 68601 INFO tempest.lib.common.rest_client [req-e4237b6f-63bb-4c34-b35d-0927a24f847c req-e4237b6f-63bb-4c34-b35d-0927a24f847c ] Request (MultipleCreateTestJSON:test_multiple_create): 200 GET http://10.180.1.21/compute/v2.1/servers/cb607c5e-797d-4e52-9ba4-66113718dacc 0.366s
2025-03-06 03:21:57.017 68613 INFO tempest.lib.common.rest_client [req-361a4e59-f4a3-4ec7-a892-6abe048730eb req-361a4e59-f4a3-4ec7-a892-6abe048730eb ] Request (ServerDiagnosticsTest:tearDownClass): 204 DELETE http://10.180.1.21/identity/v3/projects/561ba494fc6a4870895269ee5c203dd4 0.113s
2025-03-06 03:21:57.062 68581 INFO tempest.lib.common.rest_client [req-0d5ca5a8-c298-4412-b7b1-bcc1fee98820 req-0d5ca5a8-c298-4412-b7b1-bcc1fee98820 ] Request (FloatingIPsAssociationTestJSON:setUpClass): 200 GET http://10.180.1.21/compute/v2.1/servers/aa7c6967-cd55-47fc-a2f5-db6e8d2e0307 0.478s
2025-03-06 03:21:57.083 68603 INFO tempest.lib.common.rest_client [req-c7c44801-1422-4f24-94ad-c67cd4b90f5b req-c7c44801-1422-4f24-94ad-c67cd4b90f5b ] Request (ServerMetadataNegativeTestJSON:setUpClass): 201 POST http://10.180.1.21:9696/networking/v2.0/routers 0.960s
2025-03-06 03:21:57.085 68587 INFO tempest.lib.common.rest_client [req-92996dd9-937f-4d57-ab32-9379c6264a54 req-92996dd9-937f-4d57-ab32-9379c6264a54 ] Request (ImagesOneServerTestJSON:test_create_delete_image): 202 POST http://10.180.1.21/compute/v2.1/servers/59b0dd89-0093-4e50-9428-8db5c7fd429d/action 0.545s
2025-03-06 03:21:57.104 68613 INFO tempest.lib.common.rest_client [req-3cd461c0-5d8f-4472-9e9c-ddcaf4b06302 req-3cd461c0-5d8f-4472-9e9c-ddcaf4b06302 ] Request (SecurityGroupRulesNegativeTestJSON:setUpClass): 201 POST http://10.180.1.21/identity/v3/auth/tokens 0.085s
2025-03-06 03:21:57.143 68613 INFO tempest.lib.common.rest_client [req-3fe01334-ed2c-4dd1-92ef-b58ad377cac5 req-3fe01334-ed2c-4dd1-92ef-b58ad377cac5 ] Request (SecurityGroupRulesNegativeTestJSON:setUpClass): 201 POST http://10.180.1.21/identity/v3/auth/tokens 0.034s
2025-03-06 03:21:57.153 68615 WARNING tempest.lib.common.ssh [-] Failed to establish authenticated ssh connection to cirros@10.180.180.220 ([Errno None] Unable to connect to port 22 on 10.180.180.220). Number attempts: 5. Retry after 6 seconds.: paramiko.ssh_exception.NoValidConnectionsError: [Errno None] Unable to connect to port 22 on 10.180.180.220
2025-03-06 03:21:57.171 68591 INFO tempest.lib.common.rest_client [req-2d4744e0-ee00-4ba3-8364-75db9a0c0e1e req-2d4744e0-ee00-4ba3-8364-75db9a0c0e1e ] Request (ListServersNegativeTestJSON:setUpClass): 200 GET http://10.180.1.21/compute/v2.1/servers/4c394e1d-8fef-4b7a-ac9f-550f263c1d7f 0.558s
2025-03-06 03:21:57.171 68613 INFO tempest.lib.common.rest_client [req-008cdd67-b9bb-421a-93e3-23eb308337ba req-008cdd67-b9bb-421a-93e3-23eb308337ba ] Request (SecurityGroupRulesNegativeTestJSON:setUpClass): 200 GET http://10.180.1.21/identity/v3/domains?name=Default 0.027s
2025-03-06 03:21:57.181 68579 INFO tempest.lib.common.rest_client [req-4195bc2c-d32d-4c78-b661-f66d5537e377 req-4195bc2c-d32d-4c78-b661-f66d5537e377 ] Request (SecurityGroupsTestJSON:test_list_security_groups_by_server): 200 GET http://10.180.1.21/compute/v2.1/servers/8f0e60c8-7029-4dd5-b615-aa2b5d115aa1 0.499s
2025-03-06 03:21:57.204 68613 INFO tempest.lib.common.rest_client [req-1b1c84b0-b672-4415-b8a4-63a254a07dc7 req-1b1c84b0-b672-4415-b8a4-63a254a07dc7 ] Request (SecurityGroupRulesNegativeTestJSON:setUpClass): 201 POST http://10.180.1.21/identity/v3/projects 0.033s
2025-03-06 03:21:57.213 68617 INFO tempest.lib.common.rest_client [req-808c1cd3-5ac4-4156-9407-478fd7dc262b req-808c1cd3-5ac4-4156-9407-478fd7dc262b ] Request (ServerExternalEventsTest:tearDownClass): 404 GET http://10.180.1.21/compute/v2.1/servers/23f2ad6c-ea98-4a32-a79a-75cec6fc925e 0.466s
2025-03-06 03:21:57.268 68613 INFO tempest.lib.common.rest_client [req-64d3d673-465d-4c93-a031-ef6bc8726af5 req-64d3d673-465d-4c93-a031-ef6bc8726af5 ] Request (SecurityGroupRulesNegativeTestJSON:setUpClass): 201 POST http://10.180.1.21/identity/v3/users 0.062s
2025-03-06 03:21:57.290 68613 INFO tempest.lib.common.rest_client [req-51cdee65-b6ca-430f-af2f-4a339b8edc02 req-51cdee65-b6ca-430f-af2f-4a339b8edc02 ] Request (SecurityGroupRulesNegativeTestJSON:setUpClass): 200 GET http://10.180.1.21/identity/v3/roles 0.022s
2025-03-06 03:21:57.294 68611 INFO tempest.lib.common.rest_client [req-1a387a1b-6782-410c-9fa8-9c71f46e04b6 req-1a387a1b-6782-410c-9fa8-9c71f46e04b6 ] Request (InstanceActionsTestJSON:setUpClass): 200 GET http://10.180.1.21/compute/v2.1/servers/b0090ea8-98fe-42a0-97cc-40d7578851a9 0.509s
2025-03-06 03:21:57.332 68613 INFO tempest.lib.common.rest_client [req-c583c266-7c46-4038-977a-599f854cec8f req-c583c266-7c46-4038-977a-599f854cec8f ] Request (SecurityGroupRulesNegativeTestJSON:setUpClass): 204 PUT http://10.180.1.21/identity/v3/projects/ded3066c6ac5495f9279e4622478119d/users/dd18b40298804443872b8b7b49b80b52/roles/15b887308d3e409da06d227d68bc7fbf 0.041s
2025-03-06 03:21:57.332 68613 INFO tempest.lib.common.dynamic_creds [-] Dynamic test user dd18b40298804443872b8b7b49b80b52 is created with scope project and roles: ['member']
2025-03-06 03:21:57.332 68613 INFO tempest.lib.common.dynamic_creds [-] Acquired dynamic creds: credentials: Credentials: {'domain_id': 'default', 'domain_name': 'Default', 'username': 'tempest-SecurityGroupRulesNegativeTestJSON-1891799654-project-member', 'project_domain_id': 'default', 'project_domain_name': 'Default', 'project_id': 'ded3066c6ac5495f9279e4622478119d', 'project_name': 'tempest-SecurityGroupRulesNegativeTestJSON-1891799654', 'tenant_id': 'ded3066c6ac5495f9279e4622478119d', 'tenant_name': 'tempest-SecurityGroupRulesNegativeTestJSON-1891799654', 'user_domain_id': 'default', 'user_domain_name': 'Default', 'user_id': 'dd18b40298804443872b8b7b49b80b52', 'system': None}, Network: None, Subnet: None, Router: None
2025-03-06 03:21:57.350 68626 INFO tempest.lib.common.rest_client [req-4cb1ffcf-76f9-47ab-89f8-7dcdaaca6c14 req-4cb1ffcf-76f9-47ab-89f8-7dcdaaca6c14 ] Request (MigrationsAdminTest:test_list_migrations_in_flavor_resize_situation): 200 GET http://10.180.1.21/compute/v2.1/servers/10957648-8618-4f2c-8b08-5468bca20cfc 0.633s
2025-03-06 03:21:57.365 68617 INFO tempest.lib.common.rest_client [req-53a5180c-2a87-4817-ab01-03af305a1b53 req-53a5180c-2a87-4817-ab01-03af305a1b53 ] Request (ServerExternalEventsTest:tearDownClass): 204 DELETE http://10.180.1.21/identity/v3/users/cce564ad53b4488da4da70bfbdb62fd0 0.151s
2025-03-06 03:21:57.373 68589 INFO tempest.lib.common.rest_client [req-83f2488e-beb8-47e9-9afb-aa680e05e5ab req-83f2488e-beb8-47e9-9afb-aa680e05e5ab ] Request (ServerRescueNegativeTestJSON:setUpClass): 200 GET http://10.180.1.21/compute/v2.1/servers/7778c027-d4af-436c-a545-aa513c0b1127 0.567s
2025-03-06 03:21:57.401 68613 INFO tempest.lib.common.rest_client [req-981a716a-9b1f-4b1e-a89b-794750c66be5 req-981a716a-9b1f-4b1e-a89b-794750c66be5 ] Request (SecurityGroupRulesNegativeTestJSON:setUpClass): 201 POST http://10.180.1.21/identity/v3/auth/tokens 0.069s
2025-03-06 03:21:57.426 68565 INFO tempest.lib.common.rest_client [req-6a4fa8ad-bc3e-40d5-9711-1d111b59194f req-6a4fa8ad-bc3e-40d5-9711-1d111b59194f ] Request (DeleteServersAdminTestJSON:test_delete_server_while_in_error_state): 200 GET http://10.180.1.21/compute/v2.1/servers/f270caad-1b02-4d5b-a435-37b77c05c4e7 0.522s
2025-03-06 03:21:57.443 68569 INFO tempest.lib.common.rest_client [req-02686d67-941b-4bae-8b11-a968af80a70c req-02686d67-941b-4bae-8b11-a968af80a70c ] Request (ServersTestMultiNic:test_verify_duplicate_network_nics): 200 GET http://10.180.1.21/compute/v2.1/servers/fd4d5494-042b-457e-a826-dee4d87c0032 0.466s
2025-03-06 03:21:57.486 68587 INFO tempest.lib.common.rest_client [req-b80561e6-0009-4210-9698-29527c8fb26e req-b80561e6-0009-4210-9698-29527c8fb26e ] Request (ImagesOneServerTestJSON:test_create_delete_image): 200 GET http://10.180.1.21/compute/v2.1/images/22ed5a66-013d-474d-a5cd-af82cf79cd42 0.399s
2025-03-06 03:21:57.489 68583 INFO tempest.lib.common.rest_client [req-9c22e65b-690e-49db-9c02-d0284cefb2ab req-9c22e65b-690e-49db-9c02-d0284cefb2ab ] Request (ServersAdminNegativeTestJSON:test_migrate_server_invalid_state): 200 GET http://10.180.1.21/compute/v2.1/servers/09ab8712-0f7a-4122-9d61-19da3e65d22b 0.416s
2025-03-06 03:21:57.501 68617 INFO tempest.lib.common.rest_client [req-d979ffa7-bdc4-42c4-9e92-5332f70a14e5 req-d979ffa7-bdc4-42c4-9e92-5332f70a14e5 ] Request (ServerExternalEventsTest:tearDownClass): 204 DELETE http://10.180.1.21/identity/v3/users/9983e43543ba429480749926f38110ef 0.135s
2025-03-06 03:21:57.557 68597 INFO tempest.lib.common.rest_client [req-904cde4e-31de-4c42-bbc3-caf2ebf4d445 req-904cde4e-31de-4c42-bbc3-caf2ebf4d445 ] Request (ServersTestJSON:test_create_server_specify_multibyte_character_name): 200 GET http://10.180.1.21/compute/v2.1/servers/2aacd21f-d664-4267-8331-d3862f43d35b 0.393s
2025-03-06 03:21:57.604 68607 INFO tempest.lib.common.rest_client [req-a990bf65-f990-4971-b14c-eac2eef29050 req-a990bf65-f990-4971-b14c-eac2eef29050 ] Request (ImagesTestJSON:test_create_image_from_stopped_server): 200 GET http://10.180.1.21/compute/v2.1/images/a31395b3-1f47-46e6-9150-8a7f532927d5 0.386s
2025-03-06 03:21:57.610 68617 INFO tempest.lib.common.rest_client [req-9a476199-ab2f-461a-803b-d65f13f75bfa req-9a476199-ab2f-461a-803b-d65f13f75bfa ] Request (ServerExternalEventsTest:tearDownClass): 204 DELETE http://10.180.1.21/identity/v3/users/0b7608f9b70c4502b52753b4def50822 0.109s
2025-03-06 03:21:57.611 68617 INFO tempest.lib.common.dynamic_creds [-] Deleting project and security group for project: 5d115692d9c34cce89c12222fa6d1478
2025-03-06 03:21:57.612 68567 INFO tempest.lib.common.rest_client [req-f3748f57-d5af-41ff-8baf-1cd9a278ecf8 req-f3748f57-d5af-41ff-8baf-1cd9a278ecf8 ] Request (ServersAdminTestJSON:setUpClass): 201 POST http://10.180.1.21:9696/networking/v2.0/routers 1.338s
2025-03-06 03:21:57.649 68606 INFO tempest.lib.common.rest_client [req-0f9622d9-8741-4b93-aaff-7f9017e5bf27 req-0f9622d9-8741-4b93-aaff-7f9017e5bf27 ] Request (ServerDiskConfigTestJSON:test_rebuild_server_with_auto_disk_config): 200 GET http://10.180.1.21/compute/v2.1/servers/d73f87d2-41b3-4396-b5b5-932f8c6bf626 0.460s
2025-03-06 03:21:57.689 68617 INFO tempest.lib.common.rest_client [req-cd76a596-4a1b-4fbb-b59c-0d7631d51ada req-cd76a596-4a1b-4fbb-b59c-0d7631d51ada ] Request (ServerExternalEventsTest:tearDownClass): 201 POST http://10.180.1.21/identity/v3/auth/tokens 0.076s
2025-03-06 03:21:57.694 68621 INFO tempest.lib.common.rest_client [req-81bca5d3-ca91-4859-84b5-7ff36af55083 req-81bca5d3-ca91-4859-84b5-7ff36af55083 ] Request (ServersAdmin275Test:tearDownClass): 200 GET http://10.180.1.21/compute/v2.1/servers/c662b964-abc9-41af-85fd-ea1a540e1e23 0.438s
2025-03-06 03:21:57.715 68571 INFO tempest.lib.common.rest_client [req-af76e42d-b60a-4f20-b6de-aa717766c7c5 req-af76e42d-b60a-4f20-b6de-aa717766c7c5 ] Request (FloatingIPsAssociationNegativeTestJSON:setUpClass): 200 GET http://10.180.1.21/compute/v2.1/servers/bbc08614-926e-4209-abec-4808f223943a 0.417s
2025-03-06 03:21:57.723 68585 INFO tempest.lib.common.rest_client [req-2a531cac-ef40-424a-9b2f-b1a85eceeb1c req-2a531cac-ef40-424a-9b2f-b1a85eceeb1c ] Request (ServersTestBootFromVolume:setUpClass): 200 GET http://10.180.1.21/volume/v3/volumes/fbca3648-be41-4048-bbb7-c27ab5f4f106 0.050s
2025-03-06 03:21:57.775 68575 INFO tempest.lib.common.rest_client [req-ac8ab99d-6995-4d2e-92c2-c4c1cede79c3 req-ac8ab99d-6995-4d2e-92c2-c4c1cede79c3 ] Request (ServerDiagnosticsV248Test:tearDownClass): 200 GET http://10.180.1.21/compute/v2.1/servers/ffee3ad0-2fca-4c2c-9fa4-9218ef2e1207 0.264s
2025-03-06 03:21:57.932 68593 INFO tempest.lib.common.rest_client [req-6ec1d236-cbae-44e5-a9a8-744a1485016f req-6ec1d236-cbae-44e5-a9a8-744a1485016f ] Request (ImagesOneServerNegativeTestJSON:_run_cleanups): 200 GET http://10.180.1.21/compute/v2.1/servers/57504eac-0d7f-4fbe-b08c-6864713cca94 0.079s
2025-03-06 03:21:57.994 68601 INFO tempest.lib.common.rest_client [req-8088f108-52e9-4bba-99b6-1798982c175e req-8088f108-52e9-4bba-99b6-1798982c175e ] Request (MultipleCreateTestJSON:test_multiple_create): 200 GET http://10.180.1.21/compute/v2.1/servers/cb607c5e-797d-4e52-9ba4-66113718dacc 0.070s
2025-03-06 03:21:58.098 68613 INFO tempest.lib.common.rest_client [req-f8e1499a-a18c-4849-a34d-ccbbb314c0ea req-f8e1499a-a18c-4849-a34d-ccbbb314c0ea ] Request (SecurityGroupRulesNegativeTestJSON:setUpClass): 201 POST http://10.180.1.21:9696/networking/v2.0/networks 0.696s
2025-03-06 03:21:58.111 68617 INFO tempest.lib.common.rest_client [req-2ed89a1c-0563-4023-8f44-3489261ab05a req-2ed89a1c-0563-4023-8f44-3489261ab05a ] Request (ServerExternalEventsTest:tearDownClass): 200 GET http://10.180.1.21:9696/networking/v2.0/security-groups?tenant_id=5d115692d9c34cce89c12222fa6d1478&name=default 0.422s
2025-03-06 03:21:58.273 68591 INFO tempest.lib.common.rest_client [req-46575cef-1d36-4631-be5b-435dc77b8b63 req-46575cef-1d36-4631-be5b-435dc77b8b63 ] Request (ListServersNegativeTestJSON:setUpClass): 200 GET http://10.180.1.21/compute/v2.1/servers/4c394e1d-8fef-4b7a-ac9f-550f263c1d7f 0.088s
2025-03-06 03:21:58.316 68617 INFO tempest.lib.common.rest_client [req-91c9e9d3-849a-4914-8668-e1bec3f84c16 req-91c9e9d3-849a-4914-8668-e1bec3f84c16 ] Request (ServerExternalEventsTest:tearDownClass): 204 DELETE http://10.180.1.21:9696/networking/v2.0/security-groups/c68d4bef-a1b3-4685-8d16-ef9b4fe8282b 0.204s
2025-03-06 03:21:58.350 68579 INFO tempest.lib.common.rest_client [req-92d0d62b-f8a3-49ef-b447-fb14c22bed1d req-92d0d62b-f8a3-49ef-b447-fb14c22bed1d ] Request (SecurityGroupsTestJSON:test_list_security_groups_by_server): 200 GET http://10.180.1.21/compute/v2.1/servers/8f0e60c8-7029-4dd5-b615-aa2b5d115aa1 0.153s
2025-03-06 03:21:58.355 68581 INFO tempest.lib.common.rest_client [req-172c2005-cb03-4791-ab6f-60ff7acc169b req-172c2005-cb03-4791-ab6f-60ff7acc169b ] Request (FloatingIPsAssociationTestJSON:setUpClass): 200 GET http://10.180.1.21/compute/v2.1/servers/aa7c6967-cd55-47fc-a2f5-db6e8d2e0307 0.280s
2025-03-06 03:21:58.415 68617 INFO tempest.lib.common.rest_client [req-caeba3c0-167f-4921-b33e-1d9cf73d034f req-caeba3c0-167f-4921-b33e-1d9cf73d034f ] Request (ServerExternalEventsTest:tearDownClass): 204 DELETE http://10.180.1.21/identity/v3/projects/5d115692d9c34cce89c12222fa6d1478 0.098s
2025-03-06 03:21:58.415 68617 INFO tempest.lib.common.dynamic_creds [-] Deleting project and security group for project: 63ebcb3e29c64da8949dbb5c719fee8c
2025-03-06 03:21:58.422 68611 INFO tempest.lib.common.rest_client [req-fd8aff22-d601-4bd2-8126-2ffe3c744eca req-fd8aff22-d601-4bd2-8126-2ffe3c744eca ] Request (InstanceActionsTestJSON:setUpClass): 200 GET http://10.180.1.21/compute/v2.1/servers/b0090ea8-98fe-42a0-97cc-40d7578851a9 0.114s
2025-03-06 03:21:58.430 68611 INFO tempest.common.waiters [-] State transition "BUILD/scheduling" ==> "BUILD/None" after 11 second wait
2025-03-06 03:21:58.475 68613 INFO tempest.lib.common.rest_client [req-afcd1a59-750a-4bcb-aed4-4d3b25186103 req-afcd1a59-750a-4bcb-aed4-4d3b25186103 ] Request (SecurityGroupRulesNegativeTestJSON:setUpClass): 201 POST http://10.180.1.21:9696/networking/v2.0/subnets 0.376s
2025-03-06 03:21:58.486 68589 INFO tempest.lib.common.rest_client [req-aaa64965-7b9b-424d-81f0-82da60d6443f req-aaa64965-7b9b-424d-81f0-82da60d6443f ] Request (ServerRescueNegativeTestJSON:setUpClass): 200 GET http://10.180.1.21/compute/v2.1/servers/7778c027-d4af-436c-a545-aa513c0b1127 0.101s
2025-03-06 03:21:58.561 68565 INFO tempest.lib.common.rest_client [req-451f18eb-2e34-48e6-ab9c-d1a81f4dc52d req-451f18eb-2e34-48e6-ab9c-d1a81f4dc52d ] Request (DeleteServersAdminTestJSON:test_delete_server_while_in_error_state): 200 GET http://10.180.1.21/compute/v2.1/servers/f270caad-1b02-4d5b-a435-37b77c05c4e7 0.122s
2025-03-06 03:21:58.601 68626 INFO tempest.lib.common.rest_client [req-81bd81bf-6b8f-47f4-b073-9d2444e9c978 req-81bd81bf-6b8f-47f4-b073-9d2444e9c978 ] Request (MigrationsAdminTest:test_list_migrations_in_flavor_resize_situation): 200 GET http://10.180.1.21/compute/v2.1/servers/10957648-8618-4f2c-8b08-5468bca20cfc 0.243s
2025-03-06 03:21:58.627 68569 INFO tempest.lib.common.rest_client [req-f2ee85a5-eed6-41e2-98d2-f1d262a5db22 req-f2ee85a5-eed6-41e2-98d2-f1d262a5db22 ] Request (ServersTestMultiNic:test_verify_duplicate_network_nics): 200 GET http://10.180.1.21/compute/v2.1/servers/fd4d5494-042b-457e-a826-dee4d87c0032 0.169s
2025-03-06 03:21:58.632 68617 INFO tempest.lib.common.rest_client [req-6387ca9b-8011-4157-b06a-83fc9904f5fe req-6387ca9b-8011-4157-b06a-83fc9904f5fe ] Request (ServerExternalEventsTest:tearDownClass): 200 GET http://10.180.1.21:9696/networking/v2.0/security-groups?tenant_id=63ebcb3e29c64da8949dbb5c719fee8c&name=default 0.216s
2025-03-06 03:21:58.640 68603 INFO tempest.lib.common.rest_client [req-7c998530-0d6d-4f0b-b6fc-b2319d17241d req-7c998530-0d6d-4f0b-b6fc-b2319d17241d ] Request (ServerMetadataNegativeTestJSON:setUpClass): 200 PUT http://10.180.1.21:9696/networking/v2.0/routers/73447962-3828-45e6-af1c-814d71c671da/add_router_interface 1.556s
2025-03-06 03:21:58.640 68603 INFO tempest.lib.common.dynamic_creds [-] Created isolated network resources for: credentials: Credentials: {'domain_id': 'default', 'domain_name': 'Default', 'username': 'tempest-ServerMetadataNegativeTestJSON-875894540-project-member', 'project_domain_id': 'default', 'project_domain_name': 'Default', 'project_id': 'aee7371df22443b6865a8934ea27c685', 'project_name': 'tempest-ServerMetadataNegativeTestJSON-875894540', 'tenant_id': 'aee7371df22443b6865a8934ea27c685', 'tenant_name': 'tempest-ServerMetadataNegativeTestJSON-875894540', 'user_domain_id': 'default', 'user_domain_name': 'Default', 'user_id': '139b09aa798646eb84621ae2ec19fa42', 'system': None}, Network: {'id': '1b8ffe42-6475-47eb-8ce0-80be82adaa12', 'name': 'tempest-ServerMetadataNegativeTestJSON-168449421-network', 'tenant_id': 'aee7371df22443b6865a8934ea27c685', 'admin_state_up': True, 'mtu': 8950, 'status': 'ACTIVE', 'subnets': [], 'shared': False, 'project_id': 'aee7371df22443b6865a8934ea27c685', 'port_security_enabled': True, 'router:external': False, 'provider:network_type': 'vlan', 'provider:physical_network': 'default', 'provider:segmentation_id': 321, 'availability_zone_hints': [], 'availability_zones': [], 'ipv4_address_scope': None, 'ipv6_address_scope': None, 'description': '', 'tags': [], 'created_at': '2025-03-06T03:21:55Z', 'updated_at': '2025-03-06T03:21:55Z', 'revision_number': 1}, Subnet: {'id': '220a3ebb-60cf-4e84-a831-d0f0caccd1a6', 'name': 'tempest-ServerMetadataNegativeTestJSON-168449421-subnet', 'tenant_id': 'aee7371df22443b6865a8934ea27c685', 'network_id': '1b8ffe42-6475-47eb-8ce0-80be82adaa12', 'ip_version': 4, 'subnetpool_id': None, 'enable_dhcp': True, 'ipv6_ra_mode': None, 'ipv6_address_mode': None, 'gateway_ip': '192.168.128.1', 'cidr': '192.168.128.0/28', 'allocation_pools': [{'start': '192.168.128.2', 'end': '192.168.128.14'}], 'host_routes': [], 'dns_nameservers': [], 'description': '', 'router:external': False, 'service_types': [], 'tags': [], 'created_at': '2025-03-06T03:21:56Z', 'updated_at': '2025-03-06T03:21:56Z', 'revision_number': 0, 'project_id': 'aee7371df22443b6865a8934ea27c685'}, Router: {'id': '73447962-3828-45e6-af1c-814d71c671da', 'name': 'tempest-ServerMetadataNegativeTestJSON-168449421-router', 'tenant_id': 'aee7371df22443b6865a8934ea27c685', 'admin_state_up': True, 'status': 'ACTIVE', 'external_gateway_info': {'network_id': '81b22f1b-0b92-49ac-be8c-ff40bdb65a4e', 'external_fixed_ips': [{'subnet_id': 'c3d56f4e-4de3-4a96-81c5-bdf3e05a3a11', 'ip_address': '10.180.180.135'}], 'enable_snat': True}, 'description': '', 'availability_zones': [], 'distributed': False, 'ha': False, 'availability_zone_hints': [], 'routes': [], 'flavor_id': None, 'tags': [], 'created_at': '2025-03-06T03:21:56Z', 'updated_at': '2025-03-06T03:21:56Z', 'revision_number': 2, 'project_id': 'aee7371df22443b6865a8934ea27c685'}
2025-03-06 03:21:58.671 68587 INFO tempest.lib.common.rest_client [req-97d77a0e-dbab-4bd7-a152-44a1a208b83a req-97d77a0e-dbab-4bd7-a152-44a1a208b83a ] Request (ImagesOneServerTestJSON:test_create_delete_image): 200 GET http://10.180.1.21/compute/v2.1/images/22ed5a66-013d-474d-a5cd-af82cf79cd42 0.180s
2025-03-06 03:21:58.732 68583 INFO tempest.lib.common.rest_client [req-2216d838-cdb4-4839-8b7f-47293e02582b req-2216d838-cdb4-4839-8b7f-47293e02582b ] Request (ServersAdminNegativeTestJSON:test_migrate_server_invalid_state): 200 GET http://10.180.1.21/compute/v2.1/servers/09ab8712-0f7a-4122-9d61-19da3e65d22b 0.235s
2025-03-06 03:21:58.768 68597 INFO tempest.lib.common.rest_client [req-34996d65-88b1-40ee-8417-39ce6e5c879f req-34996d65-88b1-40ee-8417-39ce6e5c879f ] Request (ServersTestJSON:test_create_server_specify_multibyte_character_name): 200 GET http://10.180.1.21/compute/v2.1/servers/2aacd21f-d664-4267-8331-d3862f43d35b 0.196s
2025-03-06 03:21:58.787 68585 INFO tempest.lib.common.rest_client [req-d6ec67b2-f342-4e1c-bd9b-2471290957e4 req-d6ec67b2-f342-4e1c-bd9b-2471290957e4 ] Request (ServersTestBootFromVolume:setUpClass): 200 GET http://10.180.1.21/volume/v3/volumes/fbca3648-be41-4048-bbb7-c27ab5f4f106 0.053s
2025-03-06 03:21:58.788 68603 INFO tempest.lib.common.rest_client [req-b8198b0d-1c8f-467c-825c-32a7f04364fc req-b8198b0d-1c8f-467c-825c-32a7f04364fc ] Request (ServerMetadataNegativeTestJSON:setUpClass): 201 POST http://10.180.1.21/identity/v3/auth/tokens 0.143s
2025-03-06 03:21:58.798 68607 INFO tempest.lib.common.rest_client [req-9cc269de-206b-44b4-8698-fb6739a519a3 req-9cc269de-206b-44b4-8698-fb6739a519a3 ] Request (ImagesTestJSON:test_create_image_from_stopped_server): 200 GET http://10.180.1.21/compute/v2.1/images/a31395b3-1f47-46e6-9150-8a7f532927d5 0.190s
2025-03-06 03:21:58.809 68617 INFO tempest.lib.common.rest_client [req-0773d59e-1c04-4d6f-b0d5-025fcb4c0bb3 req-0773d59e-1c04-4d6f-b0d5-025fcb4c0bb3 ] Request (ServerExternalEventsTest:tearDownClass): 204 DELETE http://10.180.1.21:9696/networking/v2.0/security-groups/f96c6744-e9d8-4d95-aa7c-f1b65d2619db 0.176s
2025-03-06 03:21:58.841 68603 INFO tempest.lib.common.rest_client [req-f65a4fc2-b2d1-4fa0-980c-6253b5b317ec req-f65a4fc2-b2d1-4fa0-980c-6253b5b317ec ] Request (ServerMetadataNegativeTestJSON:setUpClass): 201 POST http://10.180.1.21/identity/v3/auth/tokens 0.047s
2025-03-06 03:21:58.842 68603 INFO tempest.lib.common.fixed_network [-] (ServerMetadataNegativeTestJSON:setUpClass) Found network {'id': '1b8ffe42-6475-47eb-8ce0-80be82adaa12', 'name': 'tempest-ServerMetadataNegativeTestJSON-168449421-network', 'tenant_id': 'aee7371df22443b6865a8934ea27c685', 'admin_state_up': True, 'mtu': 8950, 'status': 'ACTIVE', 'subnets': [], 'shared': False, 'project_id': 'aee7371df22443b6865a8934ea27c685', 'port_security_enabled': True, 'router:external': False, 'provider:network_type': 'vlan', 'provider:physical_network': 'default', 'provider:segmentation_id': 321, 'availability_zone_hints': [], 'availability_zones': [], 'ipv4_address_scope': None, 'ipv6_address_scope': None, 'description': '', 'tags': [], 'created_at': '2025-03-06T03:21:55Z', 'updated_at': '2025-03-06T03:21:55Z', 'revision_number': 1} available for tenant
2025-03-06 03:21:58.890 68621 INFO tempest.lib.common.rest_client [req-4a6b28b2-a225-4ef7-a49a-d7d60a234465 req-4a6b28b2-a225-4ef7-a49a-d7d60a234465 ] Request (ServersAdmin275Test:tearDownClass): 200 GET http://10.180.1.21/compute/v2.1/servers/c662b964-abc9-41af-85fd-ea1a540e1e23 0.182s
2025-03-06 03:21:58.925 68617 INFO tempest.lib.common.rest_client [req-ce68548b-74e1-4336-ac7c-7b18d5017498 req-ce68548b-74e1-4336-ac7c-7b18d5017498 ] Request (ServerExternalEventsTest:tearDownClass): 204 DELETE http://10.180.1.21/identity/v3/projects/63ebcb3e29c64da8949dbb5c719fee8c 0.115s
2025-03-06 03:21:58.925 68617 INFO tempest.lib.common.dynamic_creds [-] Deleting project and security group for project: db652bbe2171493cbdd04d3139682698
2025-03-06 03:21:58.956 68606 INFO tempest.lib.common.rest_client [req-aa41490a-916a-41a9-b830-163a2ae37a72 req-aa41490a-916a-41a9-b830-163a2ae37a72 ] Request (ServerDiskConfigTestJSON:test_rebuild_server_with_auto_disk_config): 200 GET http://10.180.1.21/compute/v2.1/servers/d73f87d2-41b3-4396-b5b5-932f8c6bf626 0.293s
2025-03-06 03:21:58.960 68571 INFO tempest.lib.common.rest_client [req-a6fe227d-b23b-4fd7-aeda-129c97f937bf req-a6fe227d-b23b-4fd7-aeda-129c97f937bf ] Request (FloatingIPsAssociationNegativeTestJSON:setUpClass): 200 GET http://10.180.1.21/compute/v2.1/servers/bbc08614-926e-4209-abec-4808f223943a 0.233s
2025-03-06 03:21:58.969 68606 INFO tempest.common.waiters [-] State transition "REBUILD/rebuild_spawning" ==> "ACTIVE/None" after 9 second wait
2025-03-06 03:21:58.993 68617 INFO tempest.lib.common.rest_client [req-794c785f-3c0e-4ad4-bb5b-353f654e5730 req-794c785f-3c0e-4ad4-bb5b-353f654e5730 ] Request (ServerExternalEventsTest:tearDownClass): 200 GET http://10.180.1.21:9696/networking/v2.0/security-groups?tenant_id=db652bbe2171493cbdd04d3139682698&name=default 0.068s
2025-03-06 03:21:59.034 68575 INFO tempest.lib.common.rest_client [req-acf862fb-2dc0-417b-8af6-cdc425d34ea4 req-acf862fb-2dc0-417b-8af6-cdc425d34ea4 ] Request (ServerDiagnosticsV248Test:tearDownClass): 200 GET http://10.180.1.21/compute/v2.1/servers/ffee3ad0-2fca-4c2c-9fa4-9218ef2e1207 0.245s
2025-03-06 03:21:59.108 68617 INFO tempest.lib.common.rest_client [req-1ed92fb1-9c0b-4c00-b309-d34f78b0ae7b req-1ed92fb1-9c0b-4c00-b309-d34f78b0ae7b ] Request (ServerExternalEventsTest:tearDownClass): 204 DELETE http://10.180.1.21:9696/networking/v2.0/security-groups/d05bdd0d-8164-45d4-96a8-36b40f7331b1 0.114s
2025-03-06 03:21:59.109 68593 INFO tempest.lib.common.rest_client [req-ba0d2b77-8bcd-42af-9252-2715428be7c5 req-ba0d2b77-8bcd-42af-9252-2715428be7c5 ] Request (ImagesOneServerNegativeTestJSON:_run_cleanups): 200 GET http://10.180.1.21/compute/v2.1/servers/57504eac-0d7f-4fbe-b08c-6864713cca94 0.163s
2025-03-06 03:21:59.248 68617 INFO tempest.lib.common.rest_client [req-50604818-dbbe-484e-8125-e8808f544c89 req-50604818-dbbe-484e-8125-e8808f544c89 ] Request (ServerExternalEventsTest:tearDownClass): 204 DELETE http://10.180.1.21/identity/v3/projects/db652bbe2171493cbdd04d3139682698 0.140s
2025-03-06 03:21:59.249 68617 INFO tempest.test [-] raised in ServerStableDeviceRescueTest.setUpClass. Invoking tearDownClass.
2025-03-06 03:21:59.255 68606 INFO tempest.lib.common.rest_client [req-41f56c2a-adc1-4691-b04c-08f025988fed req-41f56c2a-adc1-4691-b04c-08f025988fed ] Request (ServerDiskConfigTestJSON:test_rebuild_server_with_auto_disk_config): 200 GET http://10.180.1.21/compute/v2.1/servers/d73f87d2-41b3-4396-b5b5-932f8c6bf626 0.285s
2025-03-06 03:21:59.329 68601 INFO tempest.lib.common.rest_client [req-58505f67-0f7e-4e49-9fe6-0952087c8bf5 req-58505f67-0f7e-4e49-9fe6-0952087c8bf5 ] Request (MultipleCreateTestJSON:test_multiple_create): 200 GET http://10.180.1.21/compute/v2.1/servers/cb607c5e-797d-4e52-9ba4-66113718dacc 0.321s
2025-03-06 03:21:59.335 68617 INFO tempest.lib.common.rest_client [req-56c5bd5a-fa77-46a8-b08e-e36543cebd50 req-56c5bd5a-fa77-46a8-b08e-e36543cebd50 ] Request (ServersListShow296Test:setUpClass): 201 POST http://10.180.1.21/identity/v3/auth/tokens 0.084s
2025-03-06 03:21:59.375 68617 INFO tempest.lib.common.rest_client [req-0c5997fa-a726-451b-aa89-2e64ec258553 req-0c5997fa-a726-451b-aa89-2e64ec258553 ] Request (ServersListShow296Test:setUpClass): 201 POST http://10.180.1.21/identity/v3/auth/tokens 0.037s
2025-03-06 03:21:59.409 68617 INFO tempest.lib.common.rest_client [req-96945c49-03c4-417d-999e-fd074912968e req-96945c49-03c4-417d-999e-fd074912968e ] Request (ServersListShow296Test:setUpClass): 200 GET http://10.180.1.21/identity/v3/domains?name=Default 0.034s
2025-03-06 03:21:59.444 68606 INFO tempest.lib.common.rest_client [req-c23f0f4c-a74b-45b0-974e-6ab37fc32961 req-c23f0f4c-a74b-45b0-974e-6ab37fc32961 ] Request (ServerDiskConfigTestJSON:_run_cleanups): 204 DELETE http://10.180.1.21/compute/v2.1/servers/d73f87d2-41b3-4396-b5b5-932f8c6bf626 0.181s
2025-03-06 03:21:59.457 68617 INFO tempest.lib.common.rest_client [req-09ec81d8-ff35-4964-af82-763f58462107 req-09ec81d8-ff35-4964-af82-763f58462107 ] Request (ServersListShow296Test:setUpClass): 201 POST http://10.180.1.21/identity/v3/projects 0.048s
2025-03-06 03:21:59.512 68606 INFO tempest.lib.common.rest_client [req-9c377e21-4b12-4104-8c2b-f0835bcaae00 req-9c377e21-4b12-4104-8c2b-f0835bcaae00 ] Request (ServerDiskConfigTestJSON:test_rebuild_server_with_manual_disk_config): 201 POST http://10.180.1.21/identity/v3/auth/tokens 0.063s
2025-03-06 03:21:59.513 68606 INFO tempest.lib.common.fixed_network [-] (ServerDiskConfigTestJSON:test_rebuild_server_with_manual_disk_config) Found network {'id': '01833773-b06b-46ac-aed8-bfb5221e23fd', 'name': 'tempest-ServerDiskConfigTestJSON-946078979-network', 'tenant_id': 'aaf55a7bfa5948d1837855650c1c960b', 'admin_state_up': True, 'mtu': 8950, 'status': 'ACTIVE', 'subnets': [], 'shared': False, 'project_id': 'aaf55a7bfa5948d1837855650c1c960b', 'port_security_enabled': True, 'router:external': False, 'provider:network_type': 'vlan', 'provider:physical_network': 'default', 'provider:segmentation_id': 916, 'availability_zone_hints': [], 'availability_zones': [], 'ipv4_address_scope': None, 'ipv6_address_scope': None, 'description': '', 'tags': [], 'created_at': '2025-03-06T03:21:05Z', 'updated_at': '2025-03-06T03:21:05Z', 'revision_number': 1} available for tenant
2025-03-06 03:21:59.519 68591 INFO tempest.lib.common.rest_client [req-7a0a622d-9341-4a26-a2de-95df0ab6e3de req-7a0a622d-9341-4a26-a2de-95df0ab6e3de ] Request (ListServersNegativeTestJSON:setUpClass): 200 GET http://10.180.1.21/compute/v2.1/servers/4c394e1d-8fef-4b7a-ac9f-550f263c1d7f 0.232s
2025-03-06 03:21:59.530 68617 INFO tempest.lib.common.rest_client [req-6222cf69-595b-4c04-b230-003a081a932f req-6222cf69-595b-4c04-b230-003a081a932f ] Request (ServersListShow296Test:setUpClass): 201 POST http://10.180.1.21/identity/v3/users 0.072s
2025-03-06 03:21:59.557 68603 INFO tempest.lib.common.rest_client [req-225b23c2-1c78-4ea9-9af6-a57ce71bc622 req-225b23c2-1c78-4ea9-9af6-a57ce71bc622 ] Request (ServerMetadataNegativeTestJSON:setUpClass): 202 POST http://10.180.1.21/compute/v2.1/servers 0.714s
2025-03-06 03:21:59.564 68617 INFO tempest.lib.common.rest_client [req-3fbb3d95-c0dc-4421-a9d1-4bcfbfd1ec69 req-3fbb3d95-c0dc-4421-a9d1-4bcfbfd1ec69 ] Request (ServersListShow296Test:setUpClass): 200 GET http://10.180.1.21/identity/v3/roles 0.033s
2025-03-06 03:21:59.593 68579 INFO tempest.lib.common.rest_client [req-bd0075ba-c160-429c-8eab-642b46f66b09 req-bd0075ba-c160-429c-8eab-642b46f66b09 ] Request (SecurityGroupsTestJSON:test_list_security_groups_by_server): 200 GET http://10.180.1.21/compute/v2.1/servers/8f0e60c8-7029-4dd5-b615-aa2b5d115aa1 0.231s
2025-03-06 03:21:59.602 68617 INFO tempest.lib.common.rest_client [req-2d825aa8-09ef-44da-b52e-3f55b962eb9a req-2d825aa8-09ef-44da-b52e-3f55b962eb9a ] Request (ServersListShow296Test:setUpClass): 204 PUT http://10.180.1.21/identity/v3/projects/6d423708a9ea4720b8f27faa9f67b0c5/users/8759e05fef2b4af1acb0ddb7eca656ab/roles/15b887308d3e409da06d227d68bc7fbf 0.038s
2025-03-06 03:21:59.602 68617 INFO tempest.lib.common.dynamic_creds [-] Dynamic test user 8759e05fef2b4af1acb0ddb7eca656ab is created with scope project and roles: ['member']
2025-03-06 03:21:59.603 68617 INFO tempest.lib.common.dynamic_creds [-] Acquired dynamic creds: credentials: Credentials: {'domain_id': 'default', 'domain_name': 'Default', 'username': 'tempest-ServersListShow296Test-2031851567-project-member', 'project_domain_id': 'default', 'project_domain_name': 'Default', 'project_id': '6d423708a9ea4720b8f27faa9f67b0c5', 'project_name': 'tempest-ServersListShow296Test-2031851567', 'tenant_id': '6d423708a9ea4720b8f27faa9f67b0c5', 'tenant_name': 'tempest-ServersListShow296Test-2031851567', 'user_domain_id': 'default', 'user_domain_name': 'Default', 'user_id': '8759e05fef2b4af1acb0ddb7eca656ab', 'system': None}, Network: None, Subnet: None, Router: None
2025-03-06 03:21:59.603 68617 INFO tempest.lib.common.dynamic_creds [-] Created isolated network resources for: credentials: Credentials: {'domain_id': 'default', 'domain_name': 'Default', 'username': 'tempest-ServersListShow296Test-2031851567-project-member', 'project_domain_id': 'default', 'project_domain_name': 'Default', 'project_id': '6d423708a9ea4720b8f27faa9f67b0c5', 'project_name': 'tempest-ServersListShow296Test-2031851567', 'tenant_id': '6d423708a9ea4720b8f27faa9f67b0c5', 'tenant_name': 'tempest-ServersListShow296Test-2031851567', 'user_domain_id': 'default', 'user_domain_name': 'Default', 'user_id': '8759e05fef2b4af1acb0ddb7eca656ab', 'system': None}, Network: None, Subnet: None, Router: None
2025-03-06 03:21:59.685 68611 INFO tempest.lib.common.rest_client [req-27a7fb33-bdfa-483c-9256-5bb7945d0df9 req-27a7fb33-bdfa-483c-9256-5bb7945d0df9 ] Request (InstanceActionsTestJSON:setUpClass): 200 GET http://10.180.1.21/compute/v2.1/servers/b0090ea8-98fe-42a0-97cc-40d7578851a9 0.254s
2025-03-06 03:21:59.700 68617 INFO tempest.lib.common.rest_client [req-3094e3fc-eebe-401f-b20c-b36fbab5704b req-3094e3fc-eebe-401f-b20c-b36fbab5704b ] Request (ServersListShow296Test:setUpClass): 201 POST http://10.180.1.21/identity/v3/auth/tokens 0.093s
2025-03-06 03:21:59.728 68581 INFO tempest.lib.common.rest_client [req-f3248040-e5d1-4486-8fc3-a24194522394 req-f3248040-e5d1-4486-8fc3-a24194522394 ] Request (FloatingIPsAssociationTestJSON:setUpClass): 200 GET http://10.180.1.21/compute/v2.1/servers/aa7c6967-cd55-47fc-a2f5-db6e8d2e0307 0.361s
2025-03-06 03:21:59.738 68617 INFO tempest.lib.common.rest_client [req-cf9f6d41-69fc-4dac-9ab7-0373d70977be req-cf9f6d41-69fc-4dac-9ab7-0373d70977be ] Request (ServersListShow296Test:test_list_show_update_rebuild_server_296): 201 POST http://10.180.1.21/identity/v3/auth/tokens 0.033s
2025-03-06 03:21:59.738 68617 INFO tempest.lib.common.fixed_network [-] (ServersListShow296Test:test_list_show_update_rebuild_server_296) Found network None available for tenant
2025-03-06 03:21:59.758 68589 INFO tempest.lib.common.rest_client [req-724350fe-fcc2-4dcf-b375-cea2159efeae req-724350fe-fcc2-4dcf-b375-cea2159efeae ] Request (ServerRescueNegativeTestJSON:setUpClass): 200 GET http://10.180.1.21/compute/v2.1/servers/7778c027-d4af-436c-a545-aa513c0b1127 0.261s
2025-03-06 03:21:59.827 68567 INFO tempest.lib.common.rest_client [req-a418c650-a7e3-4419-b634-70870d0c6945 req-a418c650-a7e3-4419-b634-70870d0c6945 ] Request (ServersAdminTestJSON:setUpClass): 200 PUT http://10.180.1.21:9696/networking/v2.0/routers/6d3cb59a-2347-4b05-9dc9-eb23858f1636/add_router_interface 2.212s
2025-03-06 03:21:59.828 68567 INFO tempest.lib.common.dynamic_creds [-] Created isolated network resources for: credentials: Credentials: {'domain_id': 'default', 'domain_name': 'Default', 'username': 'tempest-ServersAdminTestJSON-150758922-project-member', 'project_domain_id': 'default', 'project_domain_name': 'Default', 'project_id': '15f251056bf64f719c7094479b569f0d', 'project_name': 'tempest-ServersAdminTestJSON-150758922', 'tenant_id': '15f251056bf64f719c7094479b569f0d', 'tenant_name': 'tempest-ServersAdminTestJSON-150758922', 'user_domain_id': 'default', 'user_domain_name': 'Default', 'user_id': 'fcb360676a0b4898a283980e7839c68a', 'system': None}, Network: {'id': '072e6a9b-6d5d-411a-85d6-10d1e30d911e', 'name': 'tempest-ServersAdminTestJSON-1734151782-network', 'tenant_id': '15f251056bf64f719c7094479b569f0d', 'admin_state_up': True, 'mtu': 8950, 'status': 'ACTIVE', 'subnets': [], 'shared': False, 'project_id': '15f251056bf64f719c7094479b569f0d', 'port_security_enabled': True, 'router:external': False, 'provider:network_type': 'vlan', 'provider:physical_network': 'default', 'provider:segmentation_id': 769, 'availability_zone_hints': [], 'availability_zones': [], 'ipv4_address_scope': None, 'ipv6_address_scope': None, 'description': '', 'tags': [], 'created_at': '2025-03-06T03:21:55Z', 'updated_at': '2025-03-06T03:21:55Z', 'revision_number': 1}, Subnet: {'id': '22a8e13b-f4d8-4adc-8f92-b4d523e03b25', 'name': 'tempest-ServersAdminTestJSON-1734151782-subnet', 'tenant_id': '15f251056bf64f719c7094479b569f0d', 'network_id': '072e6a9b-6d5d-411a-85d6-10d1e30d911e', 'ip_version': 4, 'subnetpool_id': None, 'enable_dhcp': True, 'ipv6_ra_mode': None, 'ipv6_address_mode': None, 'gateway_ip': '192.168.128.1', 'cidr': '192.168.128.0/28', 'allocation_pools': [{'start': '192.168.128.2', 'end': '192.168.128.14'}], 'host_routes': [], 'dns_nameservers': [], 'description': '', 'router:external': False, 'service_types': [], 'tags': [], 'created_at': '2025-03-06T03:21:56Z', 'updated_at': '2025-03-06T03:21:56Z', 'revision_number': 0, 'project_id': '15f251056bf64f719c7094479b569f0d'}, Router: {'id': '6d3cb59a-2347-4b05-9dc9-eb23858f1636', 'name': 'tempest-ServersAdminTestJSON-1734151782-router', 'tenant_id': '15f251056bf64f719c7094479b569f0d', 'admin_state_up': True, 'status': 'ACTIVE', 'external_gateway_info': {'network_id': '81b22f1b-0b92-49ac-be8c-ff40bdb65a4e', 'external_fixed_ips': [{'subnet_id': 'c3d56f4e-4de3-4a96-81c5-bdf3e05a3a11', 'ip_address': '10.180.180.234'}], 'enable_snat': True}, 'description': '', 'availability_zones': [], 'distributed': False, 'ha': False, 'availability_zone_hints': [], 'routes': [], 'flavor_id': None, 'tags': [], 'created_at': '2025-03-06T03:21:56Z', 'updated_at': '2025-03-06T03:21:57Z', 'revision_number': 2, 'project_id': '15f251056bf64f719c7094479b569f0d'}
2025-03-06 03:21:59.827 68603 INFO tempest.lib.common.rest_client [req-43e4cc6e-3b57-4f74-89cc-74f6986ffb81 req-43e4cc6e-3b57-4f74-89cc-74f6986ffb81 ] Request (ServerMetadataNegativeTestJSON:setUpClass): 200 GET http://10.180.1.21/compute/v2.1/servers/d1fb6fff-b1b7-4c1b-8995-41628cadf7d5 0.268s
2025-03-06 03:21:59.842 68585 INFO tempest.lib.common.rest_client [req-c8d8e293-f9b9-4542-96ea-0c1dd8478fd2 req-c8d8e293-f9b9-4542-96ea-0c1dd8478fd2 ] Request (ServersTestBootFromVolume:setUpClass): 200 GET http://10.180.1.21/volume/v3/volumes/fbca3648-be41-4048-bbb7-c27ab5f4f106 0.037s
2025-03-06 03:21:59.911 68565 INFO tempest.lib.common.rest_client [req-716f18b4-098c-4e21-b359-b7a416ce82f3 req-716f18b4-098c-4e21-b359-b7a416ce82f3 ] Request (DeleteServersAdminTestJSON:test_delete_server_while_in_error_state): 200 GET http://10.180.1.21/compute/v2.1/servers/f270caad-1b02-4d5b-a435-37b77c05c4e7 0.338s
2025-03-06 03:21:59.924 68567 INFO tempest.lib.common.rest_client [req-65e2630f-2b2c-4b83-ab2a-ed982eab1a8d req-65e2630f-2b2c-4b83-ab2a-ed982eab1a8d ] Request (ServersAdminTestJSON:setUpClass): 201 POST http://10.180.1.21/identity/v3/auth/tokens 0.091s
2025-03-06 03:21:59.940 68613 INFO tempest.lib.common.rest_client [req-c1f41468-6de9-4284-8503-e39d67fb5fe9 req-c1f41468-6de9-4284-8503-e39d67fb5fe9 ] Request (SecurityGroupRulesNegativeTestJSON:setUpClass): 201 POST http://10.180.1.21:9696/networking/v2.0/routers 1.464s
2025-03-06 03:22:00.005 68567 INFO tempest.lib.common.rest_client [req-039e277b-c71a-4916-840d-ef353984aded req-039e277b-c71a-4916-840d-ef353984aded ] Request (ServersAdminTestJSON:setUpClass): 201 POST http://10.180.1.21/identity/v3/projects 0.080s
2025-03-06 03:22:00.072 68567 INFO tempest.lib.common.rest_client [req-42c4ccd4-24bc-4b18-be13-8e94edd112ce req-42c4ccd4-24bc-4b18-be13-8e94edd112ce ] Request (ServersAdminTestJSON:setUpClass): 201 POST http://10.180.1.21/identity/v3/users 0.067s
2025-03-06 03:22:00.098 68567 INFO tempest.lib.common.rest_client [req-8d6503e5-37c2-4c75-891a-c12a9b7d9b74 req-8d6503e5-37c2-4c75-891a-c12a9b7d9b74 ] Request (ServersAdminTestJSON:setUpClass): 200 GET http://10.180.1.21/identity/v3/roles 0.025s
2025-03-06 03:22:00.103 68626 INFO tempest.lib.common.rest_client [req-51ddedf4-517d-4ed3-984b-c2144e41ec93 req-51ddedf4-517d-4ed3-984b-c2144e41ec93 ] Request (MigrationsAdminTest:test_list_migrations_in_flavor_resize_situation): 200 GET http://10.180.1.21/compute/v2.1/servers/10957648-8618-4f2c-8b08-5468bca20cfc 0.491s
2025-03-06 03:22:00.141 68567 INFO tempest.lib.common.rest_client [req-4b8ca134-81a2-4d25-beae-0bfbd5e10203 req-4b8ca134-81a2-4d25-beae-0bfbd5e10203 ] Request (ServersAdminTestJSON:setUpClass): 204 PUT http://10.180.1.21/identity/v3/projects/301868b64f0a4c93a2c992d3860c159d/users/4b9dd3d8ae154cfdb15514042dab163d/roles/000e343d832744d28b082095c67e412e 0.043s
2025-03-06 03:22:00.161 68620 WARNING tempest.lib.common.ssh [-] Failed to establish authenticated ssh connection to cirros@10.180.180.174 ([Errno None] Unable to connect to port 22 on 10.180.180.174). Number attempts: 5. Retry after 6 seconds.: paramiko.ssh_exception.NoValidConnectionsError: [Errno None] Unable to connect to port 22 on 10.180.180.174
