2025-03-06 03:22:06.577 68607 INFO tempest.lib.common.rest_client [req-142e7c0e-0979-4ee4-8fc7-e1b3177e7db9 req-142e7c0e-0979-4ee4-8fc7-e1b3177e7db9 ] Request (ImagesTestJSON:test_create_image_from_stopped_server): 200 GET http://10.180.1.21/compute/v2.1/images/a31395b3-1f47-46e6-9150-8a7f532927d5 0.252s
2025-03-06 03:22:06.603 68613 INFO tempest.lib.common.rest_client [req-0d2fc7c8-9ffa-47d3-960f-8fddfd44501e req-0d2fc7c8-9ffa-47d3-960f-8fddfd44501e ] Request (SecurityGroupRulesNegativeTestJSON:test_delete_security_group_rule_with_non_existent_id): 404 DELETE http://10.180.1.21/compute/v2.1/os-security-group-rules/c79ad0e6-7943-4c6b-9dee-be5bddc53b26 0.163s
2025-03-06 03:22:06.609 68607 INFO tempest.lib.common.rest_client [req-b39fe680-cc6b-4e0b-8584-40815eabd109 req-b39fe680-cc6b-4e0b-8584-40815eabd109 ] Request (ImagesTestJSON:test_create_image_from_stopped_server): 200 GET http://10.180.1.21/image/v2/images/a31395b3-1f47-46e6-9150-8a7f532927d5/tasks 0.028s
2025-03-06 03:22:06.642 68601 INFO tempest.lib.common.rest_client [req-1d9288e7-85ee-483f-8164-876e660fce8a req-1d9288e7-85ee-483f-8164-876e660fce8a ] Request (MultipleCreateTestJSON:test_multiple_create): 200 GET http://10.180.1.21/compute/v2.1/servers/cb607c5e-797d-4e52-9ba4-66113718dacc 0.276s
2025-03-06 03:22:06.662 68617 INFO tempest.lib.common.rest_client [req-dbeb00e4-275c-4abb-80e4-d794e3d43061 req-dbeb00e4-275c-4abb-80e4-d794e3d43061 ] Request (ServersListShow296Test:test_list_show_update_rebuild_server_296): 200 GET http://10.180.1.21/compute/v2.1/servers/f113bb6c-f05a-4253-98af-ca827fcbb723 0.218s
2025-03-06 03:22:06.693 68591 INFO tempest.lib.common.rest_client [req-058a1e95-3d02-42d5-9f88-be8f2f356879 req-058a1e95-3d02-42d5-9f88-be8f2f356879 ] Request (ListServersNegativeTestJSON:setUpClass): 200 GET http://10.180.1.21/compute/v2.1/servers/4c394e1d-8fef-4b7a-ac9f-550f263c1d7f 0.180s
2025-03-06 03:22:06.716 68579 INFO tempest.lib.common.rest_client [req-091950aa-dd9d-4a53-975c-dc8ddfebf169 req-091950aa-dd9d-4a53-975c-dc8ddfebf169 ] Request (SecurityGroupsTestJSON:test_list_security_groups_by_server): 200 GET http://10.180.1.21/compute/v2.1/servers/8f0e60c8-7029-4dd5-b615-aa2b5d115aa1 0.137s
2025-03-06 03:22:06.754 68615 WARNING tempest.lib.common.ssh [-] Failed to establish authenticated ssh connection to cirros@10.180.180.220 ([Errno None] Unable to connect to port 22 on 10.180.180.220). Number attempts: 6. Retry after 7 seconds.: paramiko.ssh_exception.NoValidConnectionsError: [Errno None] Unable to connect to port 22 on 10.180.180.220
2025-03-06 03:22:06.759 68611 INFO tempest.lib.common.rest_client [req-ba7aa315-0a56-48bd-a8af-8722a955a0f2 req-ba7aa315-0a56-48bd-a8af-8722a955a0f2 ] Request (InstanceActionsTestJSON:setUpClass): 200 GET http://10.180.1.21/compute/v2.1/servers/b0090ea8-98fe-42a0-97cc-40d7578851a9 0.157s
2025-03-06 03:22:06.853 68613 INFO tempest.lib.common.rest_client [req-63ccea15-af64-4dc7-abea-e23c38530655 req-63ccea15-af64-4dc7-abea-e23c38530655 ] Request (SecurityGroupRulesNegativeTestJSON:tearDownClass): 202 DELETE http://10.180.1.21/compute/v2.1/os-security-groups/c00b17d4-4da4-4834-8f54-cb69bef693fe 0.248s
2025-03-06 03:22:06.880 68607 INFO tempest.lib.common.rest_client [req-80e4e1a3-c6d7-43fe-bd1d-fed7f2b7b7c8 req-80e4e1a3-c6d7-43fe-bd1d-fed7f2b7b7c8 ] Request (ImagesTestJSON:_run_cleanups): 204 DELETE http://10.180.1.21/compute/v2.1/images/a31395b3-1f47-46e6-9150-8a7f532927d5 0.270s
2025-03-06 03:22:06.908 68589 INFO tempest.lib.common.rest_client [req-1a4218f7-ccee-427c-9dce-cc3cd3dd2904 req-1a4218f7-ccee-427c-9dce-cc3cd3dd2904 ] Request (ServerRescueNegativeTestJSON:setUpClass): 200 GET http://10.180.1.21/compute/v2.1/servers/7778c027-d4af-436c-a545-aa513c0b1127 0.249s
2025-03-06 03:22:06.923 68603 INFO tempest.lib.common.rest_client [req-7ec51f6b-5c61-40e7-9888-692176f9ae2d req-7ec51f6b-5c61-40e7-9888-692176f9ae2d ] Request (ServerMetadataNegativeTestJSON:setUpClass): 200 GET http://10.180.1.21/compute/v2.1/servers/d1fb6fff-b1b7-4c1b-8995-41628cadf7d5 0.212s
2025-03-06 03:22:06.965 68565 INFO tempest.lib.common.rest_client [req-f77ca6f8-5652-4f9a-a9de-237add294ff7 req-f77ca6f8-5652-4f9a-a9de-237add294ff7 ] Request (DeleteServersAdminTestJSON:test_delete_server_while_in_error_state): 200 GET http://10.180.1.21/compute/v2.1/servers/f270caad-1b02-4d5b-a435-37b77c05c4e7 0.131s
2025-03-06 03:22:07.024 68613 INFO tempest.lib.common.rest_client [req-cbc8d7a8-8fd0-403c-8d78-1a64653f5d0c req-cbc8d7a8-8fd0-403c-8d78-1a64653f5d0c ] Request (SecurityGroupRulesNegativeTestJSON:tearDownClass): 202 DELETE http://10.180.1.21/compute/v2.1/os-security-groups/27cf98a3-e98f-44bf-b834-872b8869373b 0.170s
2025-03-06 03:22:07.033 68607 INFO tempest.lib.common.rest_client [req-3231db8a-f1c6-4947-ab09-69407133b7f3 req-3231db8a-f1c6-4947-ab09-69407133b7f3 ] Request (ImagesTestJSON:_run_cleanups): 204 DELETE http://10.180.1.21/compute/v2.1/servers/03af8758-fba3-4173-b998-d9e6b3113f8c 0.153s
2025-03-06 03:22:07.106 68607 INFO tempest.lib.common.rest_client [req-80b756a3-21f1-4b9d-9df3-129251036627 req-80b756a3-21f1-4b9d-9df3-129251036627 ] Request (ImagesTestJSON:test_create_image_from_suspended_server): 201 POST http://10.180.1.21/identity/v3/auth/tokens 0.068s
2025-03-06 03:22:07.106 68607 INFO tempest.lib.common.fixed_network [-] (ImagesTestJSON:test_create_image_from_suspended_server) Found network {'id': '27468ef8-a577-4f34-97d6-d2287a51c33f', 'name': 'tempest-ImagesTestJSON-464670138-network', 'tenant_id': '821b99c053aa45b4b6b8fb09eb63aa73', 'admin_state_up': True, 'mtu': 8950, 'status': 'ACTIVE', 'subnets': [], 'shared': False, 'project_id': '821b99c053aa45b4b6b8fb09eb63aa73', 'port_security_enabled': True, 'router:external': False, 'provider:network_type': 'vlan', 'provider:physical_network': 'default', 'provider:segmentation_id': 735, 'availability_zone_hints': [], 'availability_zones': [], 'ipv4_address_scope': None, 'ipv6_address_scope': None, 'description': '', 'tags': [], 'created_at': '2025-03-06T03:21:03Z', 'updated_at': '2025-03-06T03:21:03Z', 'revision_number': 1} available for tenant
2025-03-06 03:22:07.142 68613 INFO tempest.lib.common.rest_client [req-b8502ea1-26e0-452c-950a-3f2dcfac155e req-b8502ea1-26e0-452c-950a-3f2dcfac155e ] Request (SecurityGroupRulesNegativeTestJSON:tearDownClass): 202 DELETE http://10.180.1.21/compute/v2.1/os-security-groups/65568c21-6070-4677-8b05-d8756220cd4e 0.118s
2025-03-06 03:22:07.170 68585 INFO tempest.lib.common.rest_client [req-1ad6244e-80c4-4610-aae5-c2dffcb7f2f5 req-1ad6244e-80c4-4610-aae5-c2dffcb7f2f5 ] Request (ServersTestBootFromVolume:setUpClass): 200 GET http://10.180.1.21/volume/v3/volumes/fbca3648-be41-4048-bbb7-c27ab5f4f106 0.030s
2025-03-06 03:22:07.365 68569 INFO tempest.lib.common.rest_client [req-5059811e-e615-43d8-8136-e14b34147367 req-5059811e-e615-43d8-8136-e14b34147367 ] Request (ServersTestMultiNic:test_verify_duplicate_network_nics): 200 GET http://10.180.1.21/compute/v2.1/servers/fd4d5494-042b-457e-a826-dee4d87c0032 0.226s
2025-03-06 03:22:07.372 68569 INFO tempest.common.waiters [-] State transition "BUILD/networking" ==> "BUILD/spawning" after 44 second wait
2025-03-06 03:22:07.506 68613 INFO tempest.lib.common.rest_client [req-d4bf63c0-2be2-4a26-a3ff-8c6ff37635b2 req-d4bf63c0-2be2-4a26-a3ff-8c6ff37635b2 ] Request (SecurityGroupRulesNegativeTestJSON:tearDownClass): 202 DELETE http://10.180.1.21/compute/v2.1/os-security-groups/84e5ec2a-2b21-4446-a706-f1094c9d27ba 0.363s
2025-03-06 03:22:07.544 68587 INFO tempest.lib.common.rest_client [req-f38c6a21-a19a-4461-a965-cc9de8d56108 req-f38c6a21-a19a-4461-a965-cc9de8d56108 ] Request (ImagesOneServerTestJSON:test_create_delete_image): 200 GET http://10.180.1.21/compute/v2.1/images/22ed5a66-013d-474d-a5cd-af82cf79cd42 0.371s
2025-03-06 03:22:07.554 68607 INFO tempest.lib.common.rest_client [req-778e9ac9-1ae6-40d6-97a5-d0f3ee961a6c req-778e9ac9-1ae6-40d6-97a5-d0f3ee961a6c ] Request (ImagesTestJSON:test_create_image_from_suspended_server): 202 POST http://10.180.1.21/compute/v2.1/servers 0.447s
2025-03-06 03:22:07.606 68597 INFO tempest.lib.common.rest_client [req-0b418545-9296-4fd8-bab6-c2aa347d1372 req-0b418545-9296-4fd8-bab6-c2aa347d1372 ] Request (ServersTestJSON:test_create_server_specify_multibyte_character_name): 200 GET http://10.180.1.21/compute/v2.1/servers/2aacd21f-d664-4267-8331-d3862f43d35b 0.314s
2025-03-06 03:22:07.711 68626 INFO tempest.lib.common.rest_client [req-7f556e0c-121c-44d3-8ebf-371087f3caca req-7f556e0c-121c-44d3-8ebf-371087f3caca ] Request (MigrationsAdminTest:test_list_migrations_in_flavor_resize_situation): 200 GET http://10.180.1.21/compute/v2.1/servers/10957648-8618-4f2c-8b08-5468bca20cfc 0.359s
2025-03-06 03:22:07.771 68567 INFO tempest.lib.common.rest_client [req-7af1524c-92b9-4146-a483-9ecd0f4cf72c req-7af1524c-92b9-4146-a483-9ecd0f4cf72c ] Request (ServersAdminTestJSON:setUpClass): 200 GET http://10.180.1.21/compute/v2.1/servers/f579141b-1fac-4541-99c3-07644a0a358c 0.395s
2025-03-06 03:22:07.841 68583 INFO tempest.lib.common.rest_client [req-e7a7aeec-1ac9-4f1a-86bf-681bd396a254 req-e7a7aeec-1ac9-4f1a-86bf-681bd396a254 ] Request (ServersAdminNegativeTestJSON:test_migrate_server_invalid_state): 200 GET http://10.180.1.21/compute/v2.1/servers/09ab8712-0f7a-4122-9d61-19da3e65d22b 0.603s
2025-03-06 03:22:07.841 68571 INFO tempest.lib.common.rest_client [req-f5b8c994-b1ac-4aa3-b76d-46c5c4c51ca2 req-f5b8c994-b1ac-4aa3-b76d-46c5c4c51ca2 ] Request (FloatingIPsAssociationNegativeTestJSON:setUpClass): 200 GET http://10.180.1.21/compute/v2.1/servers/bbc08614-926e-4209-abec-4808f223943a 0.414s
2025-03-06 03:22:07.861 68575 INFO tempest.lib.common.rest_client [req-9b524d17-e3d3-437e-a5d7-922d11d414af req-9b524d17-e3d3-437e-a5d7-922d11d414af ] Request (ServerDiagnosticsV248Test:tearDownClass): 404 GET http://10.180.1.21/compute/v2.1/servers/ffee3ad0-2fca-4c2c-9fa4-9218ef2e1207 0.371s
2025-03-06 03:22:07.918 68621 INFO tempest.lib.common.rest_client [req-eef33dd1-fef2-4efa-b476-e3cda7628fa5 req-eef33dd1-fef2-4efa-b476-e3cda7628fa5 ] Request (ServersAdmin275Test:tearDownClass): 200 GET http://10.180.1.21/compute/v2.1/servers/c662b964-abc9-41af-85fd-ea1a540e1e23 0.485s
2025-03-06 03:22:07.922 68606 INFO tempest.lib.common.rest_client [req-78258fce-7fdd-4420-9c58-9953ef23ae34 req-78258fce-7fdd-4420-9c58-9953ef23ae34 ] Request (ServerDiskConfigTestJSON:test_rebuild_server_with_manual_disk_config): 200 GET http://10.180.1.21/compute/v2.1/servers/c9f5fbeb-28b6-4b41-9156-5b90bc19977c 0.423s
2025-03-06 03:22:07.983 68581 INFO tempest.lib.common.rest_client [req-4d3fc668-a8fb-41d0-ade1-16499d2ea496 req-4d3fc668-a8fb-41d0-ade1-16499d2ea496 ] Request (FloatingIPsAssociationTestJSON:test_associate_already_associated_floating_ip): 200 GET http://10.180.1.21/compute/v2.1/servers/f5724973-2349-481c-b2ba-d1287f09c1db 0.437s
2025-03-06 03:22:07.989 68575 INFO tempest.lib.common.rest_client [req-b352ca1c-2380-4b99-aaf1-223981db4a70 req-b352ca1c-2380-4b99-aaf1-223981db4a70 ] Request (ServerDiagnosticsV248Test:tearDownClass): 204 DELETE http://10.180.1.21/identity/v3/users/e9ad31ee21ac441ba1ac3e2d4ce81920 0.127s
2025-03-06 03:22:08.045 68613 INFO tempest.lib.common.rest_client [req-ddccd658-0158-40c0-8995-2689492fba1c req-ddccd658-0158-40c0-8995-2689492fba1c ] Request (SecurityGroupRulesNegativeTestJSON:tearDownClass): 202 DELETE http://10.180.1.21/compute/v2.1/os-security-groups/462bc8e9-dbeb-4b84-bfc7-0f22e9095068 0.539s
2025-03-06 03:22:08.067 68593 INFO tempest.lib.common.rest_client [req-6a237faf-f043-4c4a-a7ee-2d03af3f1e61 req-6a237faf-f043-4c4a-a7ee-2d03af3f1e61 ] Request (ImagesOneServerNegativeTestJSON:_run_cleanups): 200 GET http://10.180.1.21/compute/v2.1/servers/57504eac-0d7f-4fbe-b08c-6864713cca94 0.520s
2025-03-06 03:22:08.102 68575 INFO tempest.lib.common.rest_client [req-422bd880-8643-4984-8c49-b76aeafd0e76 req-422bd880-8643-4984-8c49-b76aeafd0e76 ] Request (ServerDiagnosticsV248Test:tearDownClass): 204 DELETE http://10.180.1.21/identity/v3/users/11827bfc4c0c410abd266bc5bd51866c 0.112s
2025-03-06 03:22:08.102 68575 INFO tempest.lib.common.dynamic_creds [-] Deleting project and security group for project: 0f86e682d3094417a1e1083bb1006fdf
2025-03-06 03:22:08.127 68607 INFO tempest.lib.common.rest_client [req-dbc07eeb-5f38-447d-9795-a14fe6fa5841 req-dbc07eeb-5f38-447d-9795-a14fe6fa5841 ] Request (ImagesTestJSON:test_create_image_from_suspended_server): 200 GET http://10.180.1.21/compute/v2.1/servers/100ec1f9-6776-4832-a4c2-e9a4def0d350 0.572s
2025-03-06 03:22:08.179 68575 INFO tempest.lib.common.rest_client [req-911710d1-a4de-4399-85cf-d78f16580439 req-911710d1-a4de-4399-85cf-d78f16580439 ] Request (ServerDiagnosticsV248Test:tearDownClass): 201 POST http://10.180.1.21/identity/v3/auth/tokens 0.077s
2025-03-06 03:22:08.209 68585 INFO tempest.lib.common.rest_client [req-c41ade97-fe80-41f0-9398-7469534d0dfd req-c41ade97-fe80-41f0-9398-7469534d0dfd ] Request (ServersTestBootFromVolume:setUpClass): 200 GET http://10.180.1.21/volume/v3/volumes/fbca3648-be41-4048-bbb7-c27ab5f4f106 0.030s
2025-03-06 03:22:08.216 68617 INFO tempest.lib.common.rest_client [req-c7258c89-1031-42be-acce-b84ad256e48f req-c7258c89-1031-42be-acce-b84ad256e48f ] Request (ServersListShow296Test:test_list_show_update_rebuild_server_296): 200 GET http://10.180.1.21/compute/v2.1/servers/f113bb6c-f05a-4253-98af-ca827fcbb723 0.543s
2025-03-06 03:22:08.225 68609 WARNING tempest.lib.common.ssh [-] Failed to establish authenticated ssh connection to cirros@10.180.180.164 ([Errno None] Unable to connect to port 22 on 10.180.180.164). Number attempts: 4. Retry after 5 seconds.: paramiko.ssh_exception.NoValidConnectionsError: [Errno None] Unable to connect to port 22 on 10.180.180.164
2025-03-06 03:22:08.231 68601 INFO tempest.lib.common.rest_client [req-541ab771-d96d-47dd-b818-8ea3f637bd4c req-541ab771-d96d-47dd-b818-8ea3f637bd4c ] Request (MultipleCreateTestJSON:test_multiple_create): 200 GET http://10.180.1.21/compute/v2.1/servers/cb607c5e-797d-4e52-9ba4-66113718dacc 0.580s
2025-03-06 03:22:08.298 68591 INFO tempest.lib.common.rest_client [req-da450246-8bfb-4b41-a316-cd016e36e3fa req-da450246-8bfb-4b41-a316-cd016e36e3fa ] Request (ListServersNegativeTestJSON:setUpClass): 200 GET http://10.180.1.21/compute/v2.1/servers/4c394e1d-8fef-4b7a-ac9f-550f263c1d7f 0.598s
2025-03-06 03:22:08.320 68579 INFO tempest.lib.common.rest_client [req-1983d55d-ca9d-48ba-8710-66d185366936 req-1983d55d-ca9d-48ba-8710-66d185366936 ] Request (SecurityGroupsTestJSON:test_list_security_groups_by_server): 200 GET http://10.180.1.21/compute/v2.1/servers/8f0e60c8-7029-4dd5-b615-aa2b5d115aa1 0.594s
2025-03-06 03:22:08.368 68611 INFO tempest.lib.common.rest_client [req-2faa196f-7345-44e1-9dbb-856f75801cea req-2faa196f-7345-44e1-9dbb-856f75801cea ] Request (InstanceActionsTestJSON:setUpClass): 200 GET http://10.180.1.21/compute/v2.1/servers/b0090ea8-98fe-42a0-97cc-40d7578851a9 0.600s
2025-03-06 03:22:08.395 68589 INFO tempest.lib.common.rest_client [req-f57a0183-644c-497a-96cc-993547aae971 req-f57a0183-644c-497a-96cc-993547aae971 ] Request (ServerRescueNegativeTestJSON:setUpClass): 200 GET http://10.180.1.21/compute/v2.1/servers/7778c027-d4af-436c-a545-aa513c0b1127 0.478s
2025-03-06 03:22:08.435 68603 INFO tempest.lib.common.rest_client [req-cede03d7-80e3-4a4b-9451-b264dfb0a415 req-cede03d7-80e3-4a4b-9451-b264dfb0a415 ] Request (ServerMetadataNegativeTestJSON:setUpClass): 200 GET http://10.180.1.21/compute/v2.1/servers/d1fb6fff-b1b7-4c1b-8995-41628cadf7d5 0.504s
2025-03-06 03:22:08.461 68565 INFO tempest.lib.common.rest_client [req-3ed6eb8f-2796-4b97-9734-cd642a471ad3 req-3ed6eb8f-2796-4b97-9734-cd642a471ad3 ] Request (DeleteServersAdminTestJSON:test_delete_server_while_in_error_state): 200 GET http://10.180.1.21/compute/v2.1/servers/f270caad-1b02-4d5b-a435-37b77c05c4e7 0.488s
2025-03-06 03:22:08.506 68575 INFO tempest.lib.common.rest_client [req-4279e54d-141f-4ce3-9fc8-10fabb6ad0ef req-4279e54d-141f-4ce3-9fc8-10fabb6ad0ef ] Request (ServerDiagnosticsV248Test:tearDownClass): 200 GET http://10.180.1.21:9696/networking/v2.0/security-groups?tenant_id=0f86e682d3094417a1e1083bb1006fdf&name=default 0.326s
2025-03-06 03:22:08.579 68569 INFO tempest.lib.common.rest_client [req-1931d278-f40a-4e50-9020-db99ee35fa43 req-1931d278-f40a-4e50-9020-db99ee35fa43 ] Request (ServersTestMultiNic:test_verify_duplicate_network_nics): 200 GET http://10.180.1.21/compute/v2.1/servers/fd4d5494-042b-457e-a826-dee4d87c0032 0.205s
2025-03-06 03:22:08.582 68575 INFO tempest.lib.common.rest_client [req-9b56ef19-645c-4397-b377-9be7e5975d77 req-9b56ef19-645c-4397-b377-9be7e5975d77 ] Request (ServerDiagnosticsV248Test:tearDownClass): 204 DELETE http://10.180.1.21:9696/networking/v2.0/security-groups/dd0d4ee5-3942-4007-969c-58b70f643077 0.075s
2025-03-06 03:22:08.601 68587 INFO tempest.lib.common.rest_client [req-bb7babb7-a939-4857-930e-1a7a31bbffa2 req-bb7babb7-a939-4857-930e-1a7a31bbffa2 ] Request (ImagesOneServerTestJSON:test_create_delete_image): 200 GET http://10.180.1.21/compute/v2.1/images/22ed5a66-013d-474d-a5cd-af82cf79cd42 0.053s
2025-03-06 03:22:08.664 68575 INFO tempest.lib.common.rest_client [req-0bc4bfcd-97e8-4ff3-8a0c-3a146b643cad req-0bc4bfcd-97e8-4ff3-8a0c-3a146b643cad ] Request (ServerDiagnosticsV248Test:tearDownClass): 204 DELETE http://10.180.1.21/identity/v3/projects/0f86e682d3094417a1e1083bb1006fdf 0.082s
2025-03-06 03:22:08.664 68575 INFO tempest.lib.common.dynamic_creds [-] Deleting project and security group for project: 30b18e0fe24c42c590e3212907464577
2025-03-06 03:22:08.686 68597 INFO tempest.lib.common.rest_client [req-ada55d2b-0208-4bcf-aabc-6312cf19dc0c req-ada55d2b-0208-4bcf-aabc-6312cf19dc0c ] Request (ServersTestJSON:test_create_server_specify_multibyte_character_name): 200 GET http://10.180.1.21/compute/v2.1/servers/2aacd21f-d664-4267-8331-d3862f43d35b 0.072s
2025-03-06 03:22:08.873 68567 INFO tempest.lib.common.rest_client [req-bb691bef-9c92-4110-8dc7-ebc6cc666d72 req-bb691bef-9c92-4110-8dc7-ebc6cc666d72 ] Request (ServersAdminTestJSON:setUpClass): 200 GET http://10.180.1.21/compute/v2.1/servers/f579141b-1fac-4541-99c3-07644a0a358c 0.090s
2025-03-06 03:22:08.902 68575 INFO tempest.lib.common.rest_client [req-6545488b-82d5-4db3-aeda-6b1cb9ff7bc3 req-6545488b-82d5-4db3-aeda-6b1cb9ff7bc3 ] Request (ServerDiagnosticsV248Test:tearDownClass): 200 GET http://10.180.1.21:9696/networking/v2.0/security-groups?tenant_id=30b18e0fe24c42c590e3212907464577&name=default 0.238s
2025-03-06 03:22:08.943 68583 INFO tempest.lib.common.rest_client [req-a8bab20c-b65b-4daf-bc64-63c28a687ee2 req-a8bab20c-b65b-4daf-bc64-63c28a687ee2 ] Request (ServersAdminNegativeTestJSON:test_migrate_server_invalid_state): 200 GET http://10.180.1.21/compute/v2.1/servers/09ab8712-0f7a-4122-9d61-19da3e65d22b 0.092s
2025-03-06 03:22:08.944 68626 INFO tempest.lib.common.rest_client [req-cbcdcf85-b63b-427a-a487-2c2a78adf3c8 req-cbcdcf85-b63b-427a-a487-2c2a78adf3c8 ] Request (MigrationsAdminTest:test_list_migrations_in_flavor_resize_situation): 200 GET http://10.180.1.21/compute/v2.1/servers/10957648-8618-4f2c-8b08-5468bca20cfc 0.218s
2025-03-06 03:22:09.026 68571 INFO tempest.lib.common.rest_client [req-cfc1232c-0f05-4c83-9148-386e93f343f9 req-cfc1232c-0f05-4c83-9148-386e93f343f9 ] Request (FloatingIPsAssociationNegativeTestJSON:setUpClass): 200 GET http://10.180.1.21/compute/v2.1/servers/bbc08614-926e-4209-abec-4808f223943a 0.174s
2025-03-06 03:22:09.032 68606 INFO tempest.lib.common.rest_client [req-055c4d7f-8be1-426b-8a17-d47ac6895369 req-055c4d7f-8be1-426b-8a17-d47ac6895369 ] Request (ServerDiskConfigTestJSON:test_rebuild_server_with_manual_disk_config): 200 GET http://10.180.1.21/compute/v2.1/servers/c9f5fbeb-28b6-4b41-9156-5b90bc19977c 0.102s
2025-03-06 03:22:09.102 68575 INFO tempest.lib.common.rest_client [req-b3bafc50-0256-483e-9604-01719d8e5ca2 req-b3bafc50-0256-483e-9604-01719d8e5ca2 ] Request (ServerDiagnosticsV248Test:tearDownClass): 204 DELETE http://10.180.1.21:9696/networking/v2.0/security-groups/2dad71c5-9aec-42e5-9ea5-291c0191eb78 0.199s
2025-03-06 03:22:09.106 68581 INFO tempest.lib.common.rest_client [req-644bd9bf-0553-4b11-84ef-c5df18e98688 req-644bd9bf-0553-4b11-84ef-c5df18e98688 ] Request (FloatingIPsAssociationTestJSON:test_associate_already_associated_floating_ip): 200 GET http://10.180.1.21/compute/v2.1/servers/f5724973-2349-481c-b2ba-d1287f09c1db 0.112s
2025-03-06 03:22:09.127 68621 INFO tempest.lib.common.rest_client [req-9ba53dc7-3bfb-4c0e-b963-c585c4dbdff9 req-9ba53dc7-3bfb-4c0e-b963-c585c4dbdff9 ] Request (ServersAdmin275Test:tearDownClass): 200 GET http://10.180.1.21/compute/v2.1/servers/c662b964-abc9-41af-85fd-ea1a540e1e23 0.197s
2025-03-06 03:22:09.203 68593 INFO tempest.lib.common.rest_client [req-e98c5123-8d5c-4139-a690-19f8e0329f78 req-e98c5123-8d5c-4139-a690-19f8e0329f78 ] Request (ImagesOneServerNegativeTestJSON:_run_cleanups): 200 GET http://10.180.1.21/compute/v2.1/servers/57504eac-0d7f-4fbe-b08c-6864713cca94 0.125s
2025-03-06 03:22:09.220 68607 INFO tempest.lib.common.rest_client [req-d0469d3b-ceea-4dfe-9ba4-4b39b49597f4 req-d0469d3b-ceea-4dfe-9ba4-4b39b49597f4 ] Request (ImagesTestJSON:test_create_image_from_suspended_server): 200 GET http://10.180.1.21/compute/v2.1/servers/100ec1f9-6776-4832-a4c2-e9a4def0d350 0.083s
2025-03-06 03:22:09.243 68575 INFO tempest.lib.common.rest_client [req-2daf32b4-ccaa-45be-9b77-6d3c13943719 req-2daf32b4-ccaa-45be-9b77-6d3c13943719 ] Request (ServerDiagnosticsV248Test:tearDownClass): 204 DELETE http://10.180.1.21/identity/v3/projects/30b18e0fe24c42c590e3212907464577 0.141s
2025-03-06 03:22:09.244 68575 INFO tempest.test [-] raised in SpiceDirectConsoleTestJSON.setUpClass. Invoking tearDownClass.
2025-03-06 03:22:09.257 68585 INFO tempest.lib.common.rest_client [req-fa833ae8-4f93-45d6-9a82-cf3ac4a281c0 req-fa833ae8-4f93-45d6-9a82-cf3ac4a281c0 ] Request (ServersTestBootFromVolume:setUpClass): 200 GET http://10.180.1.21/volume/v3/volumes/fbca3648-be41-4048-bbb7-c27ab5f4f106 0.036s
2025-03-06 03:22:09.326 68575 INFO tempest.lib.common.rest_client [req-a3821f4f-d88f-48ba-8412-b9450b36daee req-a3821f4f-d88f-48ba-8412-b9450b36daee ] Request (KeyPairsV22TestJSON:setUpClass): 201 POST http://10.180.1.21/identity/v3/auth/tokens 0.080s
2025-03-06 03:22:09.339 68617 INFO tempest.lib.common.rest_client [req-eaed5540-4fb1-44c6-a530-5673c3625aa6 req-eaed5540-4fb1-44c6-a530-5673c3625aa6 ] Request (ServersListShow296Test:test_list_show_update_rebuild_server_296): 200 GET http://10.180.1.21/compute/v2.1/servers/f113bb6c-f05a-4253-98af-ca827fcbb723 0.112s
2025-03-06 03:22:09.362 68575 INFO tempest.lib.common.rest_client [req-0245e0c1-c4a0-43af-b471-d1c49d7765f6 req-0245e0c1-c4a0-43af-b471-d1c49d7765f6 ] Request (KeyPairsV22TestJSON:setUpClass): 201 POST http://10.180.1.21/identity/v3/auth/tokens 0.033s
2025-03-06 03:22:09.394 68575 INFO tempest.lib.common.rest_client [req-36adb8bb-d942-414b-89c0-758a8dad0991 req-36adb8bb-d942-414b-89c0-758a8dad0991 ] Request (KeyPairsV22TestJSON:setUpClass): 200 GET http://10.180.1.21/identity/v3/domains?name=Default 0.032s
2025-03-06 03:22:09.426 68575 INFO tempest.lib.common.rest_client [req-bce5ce77-4d31-4ff1-b8aa-2672dcc75d08 req-bce5ce77-4d31-4ff1-b8aa-2672dcc75d08 ] Request (KeyPairsV22TestJSON:setUpClass): 201 POST http://10.180.1.21/identity/v3/projects 0.032s
2025-03-06 03:22:09.429 68591 INFO tempest.lib.common.rest_client [req-baef2835-07b5-409d-bc14-3a015ff2ac63 req-baef2835-07b5-409d-bc14-3a015ff2ac63 ] Request (ListServersNegativeTestJSON:setUpClass): 200 GET http://10.180.1.21/compute/v2.1/servers/4c394e1d-8fef-4b7a-ac9f-550f263c1d7f 0.121s
2025-03-06 03:22:09.460 68601 INFO tempest.lib.common.rest_client [req-04e5a1d3-b880-4384-807c-3d9a15ed88e1 req-04e5a1d3-b880-4384-807c-3d9a15ed88e1 ] Request (MultipleCreateTestJSON:test_multiple_create): 200 GET http://10.180.1.21/compute/v2.1/servers/cb607c5e-797d-4e52-9ba4-66113718dacc 0.216s
2025-03-06 03:22:09.486 68575 INFO tempest.lib.common.rest_client [req-af2d0048-90ad-4a82-9250-65dff549d371 req-af2d0048-90ad-4a82-9250-65dff549d371 ] Request (KeyPairsV22TestJSON:setUpClass): 201 POST http://10.180.1.21/identity/v3/users 0.059s
2025-03-06 03:22:09.503 68579 INFO tempest.lib.common.rest_client [req-03f1176e-0dc7-43b5-a5a4-cfec6474ab82 req-03f1176e-0dc7-43b5-a5a4-cfec6474ab82 ] Request (SecurityGroupsTestJSON:test_list_security_groups_by_server): 200 GET http://10.180.1.21/compute/v2.1/servers/8f0e60c8-7029-4dd5-b615-aa2b5d115aa1 0.173s
2025-03-06 03:22:09.508 68575 INFO tempest.lib.common.rest_client [req-f60576a5-8af0-47d3-a0e7-d0d1cbd699e9 req-f60576a5-8af0-47d3-a0e7-d0d1cbd699e9 ] Request (KeyPairsV22TestJSON:setUpClass): 200 GET http://10.180.1.21/identity/v3/roles 0.021s
2025-03-06 03:22:09.524 68613 INFO tempest.lib.common.rest_client [req-3296bc45-723b-4d31-95a4-5f10f889859d req-3296bc45-723b-4d31-95a4-5f10f889859d ] Request (SecurityGroupRulesNegativeTestJSON:tearDownClass): 200 PUT http://10.180.1.21:9696/networking/v2.0/routers/1a7b83e9-80fb-49d9-83b2-38ace41b5df0/remove_router_interface 1.478s
2025-03-06 03:22:09.535 68575 INFO tempest.lib.common.rest_client [req-11b5134f-c38c-46dc-9651-2377ff09bf2d req-11b5134f-c38c-46dc-9651-2377ff09bf2d ] Request (KeyPairsV22TestJSON:setUpClass): 204 PUT http://10.180.1.21/identity/v3/projects/773bd207b81b49f6b882371563bcb967/users/ca9c1d676132479f8788f8f3f305e80d/roles/15b887308d3e409da06d227d68bc7fbf 0.027s
2025-03-06 03:22:09.535 68575 INFO tempest.lib.common.dynamic_creds [-] Dynamic test user ca9c1d676132479f8788f8f3f305e80d is created with scope project and roles: ['member']
2025-03-06 03:22:09.536 68575 INFO tempest.lib.common.dynamic_creds [-] Acquired dynamic creds: credentials: Credentials: {'domain_id': 'default', 'domain_name': 'Default', 'username': 'tempest-KeyPairsV22TestJSON-19734177-project-member', 'project_domain_id': 'default', 'project_domain_name': 'Default', 'project_id': '773bd207b81b49f6b882371563bcb967', 'project_name': 'tempest-KeyPairsV22TestJSON-19734177', 'tenant_id': '773bd207b81b49f6b882371563bcb967', 'tenant_name': 'tempest-KeyPairsV22TestJSON-19734177', 'user_domain_id': 'default', 'user_domain_name': 'Default', 'user_id': 'ca9c1d676132479f8788f8f3f305e80d', 'system': None}, Network: None, Subnet: None, Router: None
2025-03-06 03:22:09.536 68575 INFO tempest.lib.common.dynamic_creds [-] Created isolated network resources for: credentials: Credentials: {'domain_id': 'default', 'domain_name': 'Default', 'username': 'tempest-KeyPairsV22TestJSON-19734177-project-member', 'project_domain_id': 'default', 'project_domain_name': 'Default', 'project_id': '773bd207b81b49f6b882371563bcb967', 'project_name': 'tempest-KeyPairsV22TestJSON-19734177', 'tenant_id': '773bd207b81b49f6b882371563bcb967', 'tenant_name': 'tempest-KeyPairsV22TestJSON-19734177', 'user_domain_id': 'default', 'user_domain_name': 'Default', 'user_id': 'ca9c1d676132479f8788f8f3f305e80d', 'system': None}, Network: None, Subnet: None, Router: None
2025-03-06 03:22:09.536 68611 INFO tempest.lib.common.rest_client [req-40e7b339-0e8d-42ed-8ee5-2b989f45747b req-40e7b339-0e8d-42ed-8ee5-2b989f45747b ] Request (InstanceActionsTestJSON:setUpClass): 200 GET http://10.180.1.21/compute/v2.1/servers/b0090ea8-98fe-42a0-97cc-40d7578851a9 0.158s
2025-03-06 03:22:09.564 68589 INFO tempest.lib.common.rest_client [req-bd025814-3ec9-49fe-bb7f-95fbb32966ac req-bd025814-3ec9-49fe-bb7f-95fbb32966ac ] Request (ServerRescueNegativeTestJSON:setUpClass): 200 GET http://10.180.1.21/compute/v2.1/servers/7778c027-d4af-436c-a545-aa513c0b1127 0.160s
2025-03-06 03:22:09.598 68603 INFO tempest.lib.common.rest_client [req-c52c57c4-7b43-45f5-b6a9-a3c9b54580f7 req-c52c57c4-7b43-45f5-b6a9-a3c9b54580f7 ] Request (ServerMetadataNegativeTestJSON:setUpClass): 200 GET http://10.180.1.21/compute/v2.1/servers/d1fb6fff-b1b7-4c1b-8995-41628cadf7d5 0.151s
2025-03-06 03:22:09.623 68565 INFO tempest.lib.common.rest_client [req-fd3f2a35-e859-47ee-9bc5-04ef198434cf req-fd3f2a35-e859-47ee-9bc5-04ef198434cf ] Request (DeleteServersAdminTestJSON:test_delete_server_while_in_error_state): 200 GET http://10.180.1.21/compute/v2.1/servers/f270caad-1b02-4d5b-a435-37b77c05c4e7 0.154s
2025-03-06 03:22:09.640 68575 INFO tempest.lib.common.rest_client [req-c38b21dd-44b7-4d2a-ad9a-c5cb5be20b04 req-c38b21dd-44b7-4d2a-ad9a-c5cb5be20b04 ] Request (KeyPairsV22TestJSON:setUpClass): 201 POST http://10.180.1.21/identity/v3/auth/tokens 0.101s
2025-03-06 03:22:09.665 68587 INFO tempest.lib.common.rest_client [req-995d78d5-8b8c-467d-9591-1a94f377a0d1 req-995d78d5-8b8c-467d-9591-1a94f377a0d1 ] Request (ImagesOneServerTestJSON:test_create_delete_image): 200 GET http://10.180.1.21/compute/v2.1/images/22ed5a66-013d-474d-a5cd-af82cf79cd42 0.059s
2025-03-06 03:22:09.714 68569 INFO tempest.lib.common.rest_client [req-db0e0de1-a101-4f67-8b88-332a55befe50 req-db0e0de1-a101-4f67-8b88-332a55befe50 ] Request (ServersTestMultiNic:test_verify_duplicate_network_nics): 200 GET http://10.180.1.21/compute/v2.1/servers/fd4d5494-042b-457e-a826-dee4d87c0032 0.120s
2025-03-06 03:22:09.761 68620 WARNING tempest.lib.common.ssh [-] Failed to establish authenticated ssh connection to cirros@10.180.180.174 ([Errno None] Unable to connect to port 22 on 10.180.180.174). Number attempts: 6. Retry after 7 seconds.: paramiko.ssh_exception.NoValidConnectionsError: [Errno None] Unable to connect to port 22 on 10.180.180.174
2025-03-06 03:22:09.797 68597 INFO tempest.lib.common.rest_client [req-35b200dc-1e22-45d2-9459-a3376ff4f14a req-35b200dc-1e22-45d2-9459-a3376ff4f14a ] Request (ServersTestJSON:test_create_server_specify_multibyte_character_name): 200 GET http://10.180.1.21/compute/v2.1/servers/2aacd21f-d664-4267-8331-d3862f43d35b 0.097s
2025-03-06 03:22:09.799 68575 INFO tempest.lib.common.rest_client [req-ac95c7b5-5a95-4d0d-bd1b-a4bd86ca773e req-ac95c7b5-5a95-4d0d-bd1b-a4bd86ca773e ] Request (KeyPairsV22TestJSON:test_get_keypair_detail): 201 POST http://10.180.1.21/compute/v2.1/os-keypairs 0.157s
2025-03-06 03:22:09.813 68575 INFO tempest.lib.common.rest_client [req-b822fda3-3da9-4476-b007-357094dc5a00 req-b822fda3-3da9-4476-b007-357094dc5a00 ] Request (KeyPairsV22TestJSON:test_get_keypair_detail): 200 GET http://10.180.1.21/compute/v2.1/os-keypairs/tempest-keypair-1409413937 0.012s
2025-03-06 03:22:09.835 68575 INFO tempest.lib.common.rest_client [req-32217819-93c1-4a04-9b87-3b0ec67d790a req-32217819-93c1-4a04-9b87-3b0ec67d790a ] Request (KeyPairsV22TestJSON:_run_cleanups): 204 DELETE http://10.180.1.21/compute/v2.1/os-keypairs/tempest-keypair-1409413937 0.019s
2025-03-06 03:22:09.874 68575 INFO tempest.lib.common.rest_client [req-62b32521-c2a7-4472-9cf2-351c898fac55 req-62b32521-c2a7-4472-9cf2-351c898fac55 ] Request (KeyPairsV22TestJSON:test_keypair_create_delete): 201 POST http://10.180.1.21/compute/v2.1/os-keypairs 0.037s
2025-03-06 03:22:09.898 68575 INFO tempest.lib.common.rest_client [req-4eee3efb-c654-4309-b640-9507eadae884 req-4eee3efb-c654-4309-b640-9507eadae884 ] Request (KeyPairsV22TestJSON:_run_cleanups): 204 DELETE http://10.180.1.21/compute/v2.1/os-keypairs/tempest-keypair-105767107 0.022s
2025-03-06 03:22:09.931 68575 INFO tempest.lib.common.rest_client [req-667b9a7f-2b2b-41b1-971e-2da4e804668f req-667b9a7f-2b2b-41b1-971e-2da4e804668f ] Request (KeyPairsV22TestJSON:test_keypair_create_with_pub_key): 201 POST http://10.180.1.21/compute/v2.1/os-keypairs 0.032s
2025-03-06 03:22:09.936 68613 INFO tempest.lib.common.rest_client [req-a91af0fb-7201-41b0-b038-c0764df7cfd3 req-a91af0fb-7201-41b0-b038-c0764df7cfd3 ] Request (SecurityGroupRulesNegativeTestJSON:tearDownClass): 204 DELETE http://10.180.1.21:9696/networking/v2.0/routers/1a7b83e9-80fb-49d9-83b2-38ace41b5df0 0.412s
2025-03-06 03:22:09.943 68567 INFO tempest.lib.common.rest_client [req-19746c9d-2b0b-4092-8bb8-870bec2e2441 req-19746c9d-2b0b-4092-8bb8-870bec2e2441 ] Request (ServersAdminTestJSON:setUpClass): 200 GET http://10.180.1.21/compute/v2.1/servers/f579141b-1fac-4541-99c3-07644a0a358c 0.062s
2025-03-06 03:22:09.954 68575 INFO tempest.lib.common.rest_client [req-46a5ee51-003f-4825-a6b0-357d852d2b20 req-46a5ee51-003f-4825-a6b0-357d852d2b20 ] Request (KeyPairsV22TestJSON:_run_cleanups): 204 DELETE http://10.180.1.21/compute/v2.1/os-keypairs/tempest-keypair-895592912 0.020s
2025-03-06 03:22:09.994 68575 INFO tempest.lib.common.rest_client [req-dec5a207-363e-484f-bba5-0e0f931f0abb req-dec5a207-363e-484f-bba5-0e0f931f0abb ] Request (KeyPairsV22TestJSON:test_keypairs_create_list_delete): 201 POST http://10.180.1.21/compute/v2.1/os-keypairs 0.039s
2025-03-06 03:22:10.051 68583 INFO tempest.lib.common.rest_client [req-393b0f70-7ece-403b-837f-85e5915f5930 req-393b0f70-7ece-403b-837f-85e5915f5930 ] Request (ServersAdminNegativeTestJSON:test_migrate_server_invalid_state): 200 GET http://10.180.1.21/compute/v2.1/servers/09ab8712-0f7a-4122-9d61-19da3e65d22b 0.094s
2025-03-06 03:22:10.061 68613 INFO tempest.lib.common.rest_client [req-41154b83-b3f2-48c4-ac66-166cd1de32a0 req-41154b83-b3f2-48c4-ac66-166cd1de32a0 ] Request (SecurityGroupRulesNegativeTestJSON:tearDownClass): 204 DELETE http://10.180.1.21:9696/networking/v2.0/subnets/1b19ca95-d36d-4c18-acbe-77e63ff67888 0.124s
2025-03-06 03:22:10.088 68575 INFO tempest.lib.common.rest_client [req-98af7191-43a6-4dde-8107-d38b1035222a req-98af7191-43a6-4dde-8107-d38b1035222a ] Request (KeyPairsV22TestJSON:test_keypairs_create_list_delete): 201 POST http://10.180.1.21/compute/v2.1/os-keypairs 0.092s
2025-03-06 03:22:10.121 68626 INFO tempest.lib.common.rest_client [req-92267c1c-2ae3-460d-91e1-7b318b56d85c req-92267c1c-2ae3-460d-91e1-7b318b56d85c ] Request (MigrationsAdminTest:test_list_migrations_in_flavor_resize_situation): 200 GET http://10.180.1.21/compute/v2.1/servers/10957648-8618-4f2c-8b08-5468bca20cfc 0.169s
2025-03-06 03:22:10.139 68571 INFO tempest.lib.common.rest_client [req-f90ca1dd-2d4e-4579-8974-167d04167780 req-f90ca1dd-2d4e-4579-8974-167d04167780 ] Request (FloatingIPsAssociationNegativeTestJSON:setUpClass): 200 GET http://10.180.1.21/compute/v2.1/servers/bbc08614-926e-4209-abec-4808f223943a 0.102s
2025-03-06 03:22:10.172 68575 INFO tempest.lib.common.rest_client [req-4422b16e-7512-40e0-ba31-e0a3cf73cb96 req-4422b16e-7512-40e0-ba31-e0a3cf73cb96 ] Request (KeyPairsV22TestJSON:test_keypairs_create_list_delete): 201 POST http://10.180.1.21/compute/v2.1/os-keypairs 0.082s
2025-03-06 03:22:10.177 68606 INFO tempest.lib.common.rest_client [req-f15ed6c5-23a9-45be-81ad-fff4c3096b19 req-f15ed6c5-23a9-45be-81ad-fff4c3096b19 ] Request (ServerDiskConfigTestJSON:test_rebuild_server_with_manual_disk_config): 200 GET http://10.180.1.21/compute/v2.1/servers/c9f5fbeb-28b6-4b41-9156-5b90bc19977c 0.136s
2025-03-06 03:22:10.192 68613 INFO tempest.lib.common.rest_client [req-6852b617-4d83-4418-a25f-578030ab90de req-6852b617-4d83-4418-a25f-578030ab90de ] Request (SecurityGroupRulesNegativeTestJSON:tearDownClass): 204 DELETE http://10.180.1.21:9696/networking/v2.0/networks/73dfc3c4-cd47-40dc-82d2-92bd88d17d25 0.130s
2025-03-06 03:22:10.230 68581 INFO tempest.lib.common.rest_client [req-4100fb9e-7802-4da9-8d06-3278592c999f req-4100fb9e-7802-4da9-8d06-3278592c999f ] Request (FloatingIPsAssociationTestJSON:test_associate_already_associated_floating_ip): 200 GET http://10.180.1.21/compute/v2.1/servers/f5724973-2349-481c-b2ba-d1287f09c1db 0.113s
2025-03-06 03:22:10.244 68575 INFO tempest.lib.common.rest_client [req-fe4e010a-e89a-4422-bd73-645e25036815 req-fe4e010a-e89a-4422-bd73-645e25036815 ] Request (KeyPairsV22TestJSON:test_keypairs_create_list_delete): 200 GET http://10.180.1.21/compute/v2.1/os-keypairs 0.070s
2025-03-06 03:22:10.250 68621 INFO tempest.lib.common.rest_client [req-66a63b29-838b-42ce-95e9-4793266ade19 req-66a63b29-838b-42ce-95e9-4793266ade19 ] Request (ServersAdmin275Test:tearDownClass): 200 GET http://10.180.1.21/compute/v2.1/servers/c662b964-abc9-41af-85fd-ea1a540e1e23 0.109s
2025-03-06 03:22:10.293 68585 INFO tempest.lib.common.rest_client [req-d0c55b0c-273f-4e60-9688-f69d1bc2fffa req-d0c55b0c-273f-4e60-9688-f69d1bc2fffa ] Request (ServersTestBootFromVolume:setUpClass): 200 GET http://10.180.1.21/volume/v3/volumes/fbca3648-be41-4048-bbb7-c27ab5f4f106 0.028s
2025-03-06 03:22:10.299 68613 INFO tempest.lib.common.rest_client [req-547c2670-b4ad-411a-8d78-d09e7e7730d2 req-547c2670-b4ad-411a-8d78-d09e7e7730d2 ] Request (SecurityGroupRulesNegativeTestJSON:tearDownClass): 204 DELETE http://10.180.1.21/identity/v3/users/dd18b40298804443872b8b7b49b80b52 0.106s
2025-03-06 03:22:10.299 68613 INFO tempest.lib.common.dynamic_creds [-] Deleting project and security group for project: ded3066c6ac5495f9279e4622478119d
2025-03-06 03:22:10.301 68585 INFO tempest.common.waiters [-] volume fbca3648-be41-4048-bbb7-c27ab5f4f106 reached available after waiting for 19.301106 seconds
2025-03-06 03:22:10.306 68593 INFO tempest.lib.common.rest_client [req-abdfbe29-1c32-4ac9-933f-370f61113e77 req-abdfbe29-1c32-4ac9-933f-370f61113e77 ] Request (ImagesOneServerNegativeTestJSON:_run_cleanups): 200 GET http://10.180.1.21/compute/v2.1/servers/57504eac-0d7f-4fbe-b08c-6864713cca94 0.094s
2025-03-06 03:22:10.315 68607 INFO tempest.lib.common.rest_client [req-226ef476-b618-43d1-b3a2-699fb7ea0a7a req-226ef476-b618-43d1-b3a2-699fb7ea0a7a ] Request (ImagesTestJSON:test_create_image_from_suspended_server): 200 GET http://10.180.1.21/compute/v2.1/servers/100ec1f9-6776-4832-a4c2-e9a4def0d350 0.085s
2025-03-06 03:22:10.320 68575 INFO tempest.lib.common.rest_client [req-a4f67939-12d2-4f60-9ada-571064c9ae61 req-a4f67939-12d2-4f60-9ada-571064c9ae61 ] Request (KeyPairsV22TestJSON:_run_cleanups): 204 DELETE http://10.180.1.21/compute/v2.1/os-keypairs/tempest-KeyPairsV22TestJSON-keypair-1031190285 0.074s
2025-03-06 03:22:10.327 68613 INFO tempest.lib.common.rest_client [req-9f0bf2ec-f1f8-480a-b6c4-84fcee02d578 req-9f0bf2ec-f1f8-480a-b6c4-84fcee02d578 ] Request (SecurityGroupRulesNegativeTestJSON:tearDownClass): 200 GET http://10.180.1.21:9696/networking/v2.0/security-groups?tenant_id=ded3066c6ac5495f9279e4622478119d&name=default 0.027s
2025-03-06 03:22:10.355 68575 INFO tempest.lib.common.rest_client [req-a8fc0a1e-00ca-4855-80f5-cc9dce4e8297 req-a8fc0a1e-00ca-4855-80f5-cc9dce4e8297 ] Request (KeyPairsV22TestJSON:_run_cleanups): 204 DELETE http://10.180.1.21/compute/v2.1/os-keypairs/tempest-KeyPairsV22TestJSON-keypair-1497681264 0.034s
2025-03-06 03:22:10.416 68613 INFO tempest.lib.common.rest_client [req-2fafcb09-845a-44c2-820d-c02af444b93e req-2fafcb09-845a-44c2-820d-c02af444b93e ] Request (SecurityGroupRulesNegativeTestJSON:tearDownClass): 204 DELETE http://10.180.1.21:9696/networking/v2.0/security-groups/51dd8325-098d-4d6c-839c-29f83e60761d 0.088s
2025-03-06 03:22:10.422 68617 INFO tempest.lib.common.rest_client [req-5e54fb6e-848a-4c12-814a-754833bb68f4 req-5e54fb6e-848a-4c12-814a-754833bb68f4 ] Request (ServersListShow296Test:test_list_show_update_rebuild_server_296): 200 GET http://10.180.1.21/compute/v2.1/servers/f113bb6c-f05a-4253-98af-ca827fcbb723 0.072s
2025-03-06 03:22:10.436 68575 INFO tempest.lib.common.rest_client [req-8abb6601-aece-4591-ad1c-f16990f719ec req-8abb6601-aece-4591-ad1c-f16990f719ec ] Request (KeyPairsV22TestJSON:_run_cleanups): 204 DELETE http://10.180.1.21/compute/v2.1/os-keypairs/tempest-KeyPairsV22TestJSON-keypair-800871045 0.080s
2025-03-06 03:22:10.469 68575 INFO tempest.lib.common.rest_client [req-081ea56a-e513-461b-bc38-efcaac7de2b6 req-081ea56a-e513-461b-bc38-efcaac7de2b6 ] Request (KeyPairsV22TestJSON:test_keypairsv22_create_list_show): 201 POST http://10.180.1.21/compute/v2.1/os-keypairs 0.032s
2025-03-06 03:22:10.508 68613 INFO tempest.lib.common.rest_client [req-a5834bc1-e898-429e-b60f-a5b8e679de27 req-a5834bc1-e898-429e-b60f-a5b8e679de27 ] Request (SecurityGroupRulesNegativeTestJSON:tearDownClass): 204 DELETE http://10.180.1.21/identity/v3/projects/ded3066c6ac5495f9279e4622478119d 0.092s
2025-03-06 03:22:10.524 68591 INFO tempest.lib.common.rest_client [req-aeff979d-46f3-4e8c-8be5-594d5afc0f06 req-aeff979d-46f3-4e8c-8be5-594d5afc0f06 ] Request (ListServersNegativeTestJSON:setUpClass): 200 GET http://10.180.1.21/compute/v2.1/servers/4c394e1d-8fef-4b7a-ac9f-550f263c1d7f 0.083s
2025-03-06 03:22:10.579 68613 INFO tempest.lib.common.rest_client [req-5e310dce-1158-42a8-9f9c-c7827d34fab8 req-5e310dce-1158-42a8-9f9c-c7827d34fab8 ] Request (ServerAddressesTestJSON:setUpClass): 201 POST http://10.180.1.21/identity/v3/auth/tokens 0.069s
2025-03-06 03:22:10.611 68613 INFO tempest.lib.common.rest_client [req-21f41f12-028f-4b70-b81c-a6b2b9c02bf0 req-21f41f12-028f-4b70-b81c-a6b2b9c02bf0 ] Request (ServerAddressesTestJSON:setUpClass): 201 POST http://10.180.1.21/identity/v3/auth/tokens 0.028s
2025-03-06 03:22:10.635 68613 INFO tempest.lib.common.rest_client [req-28e01686-346f-4431-92a8-3b5f56579f8f req-28e01686-346f-4431-92a8-3b5f56579f8f ] Request (ServerAddressesTestJSON:setUpClass): 200 GET http://10.180.1.21/identity/v3/domains?name=Default 0.024s
2025-03-06 03:22:10.663 68613 INFO tempest.lib.common.rest_client [req-8f8ad763-9e8e-46f8-a6ae-8ba306b0c72f req-8f8ad763-9e8e-46f8-a6ae-8ba306b0c72f ] Request (ServerAddressesTestJSON:setUpClass): 201 POST http://10.180.1.21/identity/v3/projects 0.026s
2025-03-06 03:22:10.729 68613 INFO tempest.lib.common.rest_client [req-29950b2d-bae9-4b5f-9699-857edcfaf618 req-29950b2d-bae9-4b5f-9699-857edcfaf618 ] Request (ServerAddressesTestJSON:setUpClass): 201 POST http://10.180.1.21/identity/v3/users 0.066s
2025-03-06 03:22:10.752 68613 INFO tempest.lib.common.rest_client [req-d18309a5-ea71-4ac3-9c3b-a1467afd7c0c req-d18309a5-ea71-4ac3-9c3b-a1467afd7c0c ] Request (ServerAddressesTestJSON:setUpClass): 200 GET http://10.180.1.21/identity/v3/roles 0.023s
2025-03-06 03:22:10.779 68613 INFO tempest.lib.common.rest_client [req-08b7fda4-a3fb-41c5-a0fa-fa48ef97a082 req-08b7fda4-a3fb-41c5-a0fa-fa48ef97a082 ] Request (ServerAddressesTestJSON:setUpClass): 204 PUT http://10.180.1.21/identity/v3/projects/eb00e6745be3453c87b69a7638c20bb8/users/675f446d4ee84a3f83ba0e211cbb9f16/roles/15b887308d3e409da06d227d68bc7fbf 0.026s
2025-03-06 03:22:10.780 68613 INFO tempest.lib.common.dynamic_creds [-] Dynamic test user 675f446d4ee84a3f83ba0e211cbb9f16 is created with scope project and roles: ['member']
2025-03-06 03:22:10.780 68613 INFO tempest.lib.common.dynamic_creds [-] Acquired dynamic creds: credentials: Credentials: {'domain_id': 'default', 'domain_name': 'Default', 'username': 'tempest-ServerAddressesTestJSON-568627508-project-member', 'project_domain_id': 'default', 'project_domain_name': 'Default', 'project_id': 'eb00e6745be3453c87b69a7638c20bb8', 'project_name': 'tempest-ServerAddressesTestJSON-568627508', 'tenant_id': 'eb00e6745be3453c87b69a7638c20bb8', 'tenant_name': 'tempest-ServerAddressesTestJSON-568627508', 'user_domain_id': 'default', 'user_domain_name': 'Default', 'user_id': '675f446d4ee84a3f83ba0e211cbb9f16', 'system': None}, Network: None, Subnet: None, Router: None
2025-03-06 03:22:10.859 68613 INFO tempest.lib.common.rest_client [req-d1f26f46-5a71-4295-ba30-5f3516922b3b req-d1f26f46-5a71-4295-ba30-5f3516922b3b ] Request (ServerAddressesTestJSON:setUpClass): 201 POST http://10.180.1.21/identity/v3/auth/tokens 0.079s
2025-03-06 03:22:10.990 68601 INFO tempest.lib.common.rest_client [req-f3f53f31-2689-4e5f-9a24-b0b02d6cabef req-f3f53f31-2689-4e5f-9a24-b0b02d6cabef ] Request (MultipleCreateTestJSON:test_multiple_create): 200 GET http://10.180.1.21/compute/v2.1/servers/cb607c5e-797d-4e52-9ba4-66113718dacc 0.522s
2025-03-06 03:22:11.001 68575 INFO tempest.lib.common.rest_client [req-37113ed4-a4e1-4422-9e0e-b3aaa4022156 req-37113ed4-a4e1-4422-9e0e-b3aaa4022156 ] Request (KeyPairsV22TestJSON:test_keypairsv22_create_list_show): 200 GET http://10.180.1.21/compute/v2.1/os-keypairs/tempest-keypair-1784772470 0.530s
2025-03-06 03:22:11.092 68579 INFO tempest.lib.common.rest_client [req-fdeaee29-6dca-480f-922f-817086864dee req-fdeaee29-6dca-480f-922f-817086864dee ] Request (SecurityGroupsTestJSON:test_list_security_groups_by_server): 200 GET http://10.180.1.21/compute/v2.1/servers/8f0e60c8-7029-4dd5-b615-aa2b5d115aa1 0.578s
2025-03-06 03:22:11.136 68585 INFO tempest.lib.common.rest_client [req-f5f38d2f-6872-41a7-8cc5-09753439e8fa req-f5f38d2f-6872-41a7-8cc5-09753439e8fa ] Request (ServersTestBootFromVolume:setUpClass): 202 POST http://10.180.1.21/compute/v2.1/servers 0.834s
2025-03-06 03:22:11.162 68611 INFO tempest.lib.common.rest_client [req-7e790850-57ff-4b52-92cd-7de0685a4e00 req-7e790850-57ff-4b52-92cd-7de0685a4e00 ] Request (InstanceActionsTestJSON:setUpClass): 200 GET http://10.180.1.21/compute/v2.1/servers/b0090ea8-98fe-42a0-97cc-40d7578851a9 0.618s
2025-03-06 03:22:11.195 68589 INFO tempest.lib.common.rest_client [req-98560171-b0be-43fd-be0d-d5bf12382cec req-98560171-b0be-43fd-be0d-d5bf12382cec ] Request (ServerRescueNegativeTestJSON:setUpClass): 200 GET http://10.180.1.21/compute/v2.1/servers/7778c027-d4af-436c-a545-aa513c0b1127 0.623s
2025-03-06 03:22:11.241 68603 INFO tempest.lib.common.rest_client [req-b4c91849-a647-4bc9-80b8-5f1b7e0e09b7 req-b4c91849-a647-4bc9-80b8-5f1b7e0e09b7 ] Request (ServerMetadataNegativeTestJSON:setUpClass): 200 GET http://10.180.1.21/compute/v2.1/servers/d1fb6fff-b1b7-4c1b-8995-41628cadf7d5 0.633s
2025-03-06 03:22:11.257 68565 INFO tempest.lib.common.rest_client [req-dddce995-c91f-4a27-8371-4bf3e05c58a9 req-dddce995-c91f-4a27-8371-4bf3e05c58a9 ] Request (DeleteServersAdminTestJSON:test_delete_server_while_in_error_state): 200 GET http://10.180.1.21/compute/v2.1/servers/f270caad-1b02-4d5b-a435-37b77c05c4e7 0.623s
2025-03-06 03:22:11.283 68613 INFO tempest.lib.common.rest_client [req-3de24db1-d01d-4637-9ad6-7837a01760ba req-3de24db1-d01d-4637-9ad6-7837a01760ba ] Request (ServerAddressesTestJSON:setUpClass): 201 POST http://10.180.1.21:9696/networking/v2.0/networks 0.424s
2025-03-06 03:22:11.286 68587 INFO tempest.lib.common.rest_client [req-b136fea9-5dc4-4622-a874-6264016bba5b req-b136fea9-5dc4-4622-a874-6264016bba5b ] Request (ImagesOneServerTestJSON:test_create_delete_image): 200 GET http://10.180.1.21/compute/v2.1/images/22ed5a66-013d-474d-a5cd-af82cf79cd42 0.616s
2025-03-06 03:22:11.362 68597 INFO tempest.lib.common.rest_client [req-0f2cd906-012f-4550-b007-fb2abfc6c936 req-0f2cd906-012f-4550-b007-fb2abfc6c936 ] Request (ServersTestJSON:test_create_server_specify_multibyte_character_name): 200 GET http://10.180.1.21/compute/v2.1/servers/2aacd21f-d664-4267-8331-d3862f43d35b 0.550s
2025-03-06 03:22:11.449 68567 INFO tempest.lib.common.rest_client [req-474bab44-a06f-4d2c-a7e7-1bf5a9f0038b req-474bab44-a06f-4d2c-a7e7-1bf5a9f0038b ] Request (ServersAdminTestJSON:setUpClass): 200 GET http://10.180.1.21/compute/v2.1/servers/f579141b-1fac-4541-99c3-07644a0a358c 0.497s
2025-03-06 03:22:11.459 68575 INFO tempest.lib.common.rest_client [req-17a7f960-c3df-4529-b06e-453e4b8b887f req-17a7f960-c3df-4529-b06e-453e4b8b887f ] Request (KeyPairsV22TestJSON:test_keypairsv22_create_list_show): 200 GET http://10.180.1.21/compute/v2.1/os-keypairs 0.453s
2025-03-06 03:22:11.489 68577 WARNING tempest.lib.common.ssh [-] Failed to establish authenticated ssh connection to cirros@10.180.180.233 ([Errno None] Unable to connect to port 22 on 10.180.180.233). Number attempts: 6. Retry after 7 seconds.: paramiko.ssh_exception.NoValidConnectionsError: [Errno None] Unable to connect to port 22 on 10.180.180.233
2025-03-06 03:22:11.538 68569 INFO tempest.lib.common.rest_client [req-682aae7f-6767-4563-b9a9-aaf4004ee53e req-682aae7f-6767-4563-b9a9-aaf4004ee53e ] Request (ServersTestMultiNic:test_verify_duplicate_network_nics): 200 GET http://10.180.1.21/compute/v2.1/servers/fd4d5494-042b-457e-a826-dee4d87c0032 0.815s
2025-03-06 03:22:11.549 68583 INFO tempest.lib.common.rest_client [req-0afc3588-99e3-4994-b2ed-c8f70cfb7f85 req-0afc3588-99e3-4994-b2ed-c8f70cfb7f85 ] Request (ServersAdminNegativeTestJSON:test_migrate_server_invalid_state): 200 GET http://10.180.1.21/compute/v2.1/servers/09ab8712-0f7a-4122-9d61-19da3e65d22b 0.490s
2025-03-06 03:22:11.641 68585 INFO tempest.lib.common.rest_client [req-65b97187-fab4-4c29-bea4-47f7da376716 req-65b97187-fab4-4c29-bea4-47f7da376716 ] Request (ServersTestBootFromVolume:setUpClass): 200 GET http://10.180.1.21/compute/v2.1/servers/828865d7-d06a-4683-9149-987e6d9efbd9 0.504s
2025-03-06 03:22:11.716 68571 INFO tempest.lib.common.rest_client [req-e28cb027-7df4-41a8-a473-841fa92b2930 req-e28cb027-7df4-41a8-a473-841fa92b2930 ] Request (FloatingIPsAssociationNegativeTestJSON:setUpClass): 200 GET http://10.180.1.21/compute/v2.1/servers/bbc08614-926e-4209-abec-4808f223943a 0.568s
2025-03-06 03:22:11.744 68626 INFO tempest.lib.common.rest_client [req-7f5b8c6d-8470-4878-bb26-b3a27eb942bb req-7f5b8c6d-8470-4878-bb26-b3a27eb942bb ] Request (MigrationsAdminTest:test_list_migrations_in_flavor_resize_situation): 200 GET http://10.180.1.21/compute/v2.1/servers/10957648-8618-4f2c-8b08-5468bca20cfc 0.615s
2025-03-06 03:22:11.784 68606 INFO tempest.lib.common.rest_client [req-e1272abc-5a7c-422d-b246-a0d6161dced9 req-e1272abc-5a7c-422d-b246-a0d6161dced9 ] Request (ServerDiskConfigTestJSON:test_rebuild_server_with_manual_disk_config): 200 GET http://10.180.1.21/compute/v2.1/servers/c9f5fbeb-28b6-4b41-9156-5b90bc19977c 0.598s
2025-03-06 03:22:11.815 68613 INFO tempest.lib.common.rest_client [req-2abf8d47-85a2-47e9-9c6f-1359d1f2d5ab req-2abf8d47-85a2-47e9-9c6f-1359d1f2d5ab ] Request (ServerAddressesTestJSON:setUpClass): 201 POST http://10.180.1.21:9696/networking/v2.0/subnets 0.529s
2025-03-06 03:22:11.818 68581 INFO tempest.lib.common.rest_client [req-1aa41bd0-60dc-4db4-aafa-70f242430507 req-1aa41bd0-60dc-4db4-aafa-70f242430507 ] Request (FloatingIPsAssociationTestJSON:test_associate_already_associated_floating_ip): 200 GET http://10.180.1.21/compute/v2.1/servers/f5724973-2349-481c-b2ba-d1287f09c1db 0.579s
