2025-03-06 03:23:24.205 68581 INFO tempest.lib.common.rest_client [req-1e677e63-3d51-46e6-b21b-8ff40531a73d req-1e677e63-3d51-46e6-b21b-8ff40531a73d ] Request (FloatingIPsAssociationTestJSON:test_associate_already_associated_floating_ip): 200 GET http://10.180.1.21/compute/v2.1/servers/f5724973-2349-481c-b2ba-d1287f09c1db 0.345s
2025-03-06 03:23:24.226 68591 INFO tempest.lib.common.rest_client [req-5040fdda-8b28-4c07-8470-70f02e834791 req-5040fdda-8b28-4c07-8470-70f02e834791 ] Request (ListServersNegativeTestJSON:setUpClass): 200 GET http://10.180.1.21/compute/v2.1/servers/6abb889a-2e96-4aba-8e36-c4c8997dd4e2 0.359s
2025-03-06 03:23:24.230 68571 INFO tempest.lib.common.rest_client [req-00b47456-d761-4e7c-895a-53f13a04da48 req-00b47456-d761-4e7c-895a-53f13a04da48 ] Request (FloatingIPsAssociationNegativeTestJSON:tearDownClass): 200 PUT http://10.180.1.21:9696/networking/v2.0/routers/a92fee51-2fe5-4559-b336-f892056e8370/remove_router_interface 1.122s
2025-03-06 03:23:24.270 68573 INFO tempest.lib.common.rest_client [req-282fb9e4-9e11-4398-ab71-25cd03260efc req-282fb9e4-9e11-4398-ab71-25cd03260efc ] Request (VolumesAssistedSnapshotsTest:_run_cleanups): 404 GET http://10.180.1.21/volume/v3/volumes/4939cc0c-6de3-43bd-8978-3d724056d408 0.024s
2025-03-06 03:23:24.278 68575 INFO tempest.lib.common.rest_client [req-8e9a27d5-36e6-43f3-a756-ac58f0c6a743 req-8e9a27d5-36e6-43f3-a756-ac58f0c6a743 ] Request (ListServerFiltersTestJSON:setUpClass): 200 GET http://10.180.1.21/compute/v2.1/servers/6915d271-8346-41b5-a75b-2188fd3b57d1 0.342s
2025-03-06 03:23:24.295 68579 INFO tempest.lib.common.rest_client [req-d76cb472-a849-453c-b32f-5fed85a92eb1 req-d76cb472-a849-453c-b32f-5fed85a92eb1 ] Request (SecurityGroupsTestJSON:test_server_security_groups): 200 GET http://10.180.1.21/compute/v2.1/servers/774ce6f8-6273-4f2b-b398-ee8c44d79520 0.268s
2025-03-06 03:23:24.374 68613 INFO tempest.lib.common.rest_client [req-3bf9d296-8632-4b3b-9087-74a3eb3451ba req-3bf9d296-8632-4b3b-9087-74a3eb3451ba ] Request (ServerAddressesTestJSON:setUpClass): 200 GET http://10.180.1.21/compute/v2.1/servers/340aa1e7-dc0a-4cba-8979-0c591830e9db 0.283s
2025-03-06 03:23:24.438 68601 INFO tempest.lib.common.rest_client [req-14d067d1-3afd-4943-9f1b-76b62ebf2040 req-14d067d1-3afd-4943-9f1b-76b62ebf2040 ] Request (MultipleCreateTestJSON:test_multiple_create_with_reservation_return): 200 GET http://10.180.1.21/compute/v2.1/servers/874d6895-0f3d-4a99-b27a-cad627ddeecd 0.273s
2025-03-06 03:23:24.467 68589 INFO tempest.lib.common.rest_client [req-3e30d7fd-4cb5-4196-a424-564e15d72c3f req-3e30d7fd-4cb5-4196-a424-564e15d72c3f ] Request (ServerRescueNegativeTestJSON:_run_cleanups): 200 GET http://10.180.1.21/compute/v2.1/servers/e2099d6d-5ab7-4a3e-8034-a3b4fc422749 0.394s
2025-03-06 03:23:24.477 68589 INFO tempest.common.waiters [-] State transition "RESCUE/unrescuing" ==> "ACTIVE/None" after 5 second wait
2025-03-06 03:23:24.517 68585 INFO tempest.lib.common.rest_client [req-03784a47-348f-4efe-a07a-f5d2658fe6e3 req-03784a47-348f-4efe-a07a-f5d2658fe6e3 ] Request (ServersTestBootFromVolume:setUpClass): 200 GET http://10.180.1.21/compute/v2.1/servers/828865d7-d06a-4683-9149-987e6d9efbd9 0.327s
2025-03-06 03:23:24.572 68573 INFO tempest.lib.common.rest_client [req-bcf47a03-0577-4f38-b02c-59a0e2e7b594 req-bcf47a03-0577-4f38-b02c-59a0e2e7b594 ] Request (VolumesAssistedSnapshotsTest:tearDownClass): 204 DELETE http://10.180.1.21/compute/v2.1/servers/8b02c3c1-b5e9-41c1-a594-c2b0f0aa4a9c 0.295s
2025-03-06 03:23:24.584 68593 INFO tempest.lib.common.rest_client [req-3ebb4fb6-ffd7-41f5-83be-6faa09fbbeaf req-3ebb4fb6-ffd7-41f5-83be-6faa09fbbeaf ] Request (ImagesOneServerNegativeTestJSON:_run_cleanups): 200 GET http://10.180.1.21/compute/v2.1/servers/2d9dbf75-992d-4932-bd5d-84462494ebe8 0.302s
2025-03-06 03:23:24.623 68587 INFO tempest.lib.common.rest_client [req-eb3f7e4f-0f34-42d2-85b3-1ea1f27c5d88 req-eb3f7e4f-0f34-42d2-85b3-1ea1f27c5d88 ] Request (InstanceActionsV221TestJSON:setUpClass): 200 PUT http://10.180.1.21:9696/networking/v2.0/routers/eb596b06-f4c2-43c9-83a6-31d2728ab720/add_router_interface 1.235s
2025-03-06 03:23:24.623 68587 INFO tempest.lib.common.dynamic_creds [-] Created isolated network resources for: credentials: Credentials: {'domain_id': 'default', 'domain_name': 'Default', 'username': 'tempest-InstanceActionsV221TestJSON-1336723613-project-member', 'project_domain_id': 'default', 'project_domain_name': 'Default', 'project_id': '3e4f3ac0127744e4b6d8507c46bce1bc', 'project_name': 'tempest-InstanceActionsV221TestJSON-1336723613', 'tenant_id': '3e4f3ac0127744e4b6d8507c46bce1bc', 'tenant_name': 'tempest-InstanceActionsV221TestJSON-1336723613', 'user_domain_id': 'default', 'user_domain_name': 'Default', 'user_id': '13034ebaf2c648ee9b35087ece8fe225', 'system': None}, Network: {'id': 'b44577f3-a481-45d1-9d8a-22ab788e1d4c', 'name': 'tempest-InstanceActionsV221TestJSON-1053393449-network', 'tenant_id': '3e4f3ac0127744e4b6d8507c46bce1bc', 'admin_state_up': True, 'mtu': 8950, 'status': 'ACTIVE', 'subnets': [], 'shared': False, 'project_id': '3e4f3ac0127744e4b6d8507c46bce1bc', 'port_security_enabled': True, 'router:external': False, 'provider:network_type': 'vlan', 'provider:physical_network': 'default', 'provider:segmentation_id': 430, 'availability_zone_hints': [], 'availability_zones': [], 'ipv4_address_scope': None, 'ipv6_address_scope': None, 'description': '', 'tags': [], 'created_at': '2025-03-06T03:23:21Z', 'updated_at': '2025-03-06T03:23:21Z', 'revision_number': 1}, Subnet: {'id': '38142df1-8967-4e55-9563-8fb36f334304', 'name': 'tempest-InstanceActionsV221TestJSON-1053393449-subnet', 'tenant_id': '3e4f3ac0127744e4b6d8507c46bce1bc', 'network_id': 'b44577f3-a481-45d1-9d8a-22ab788e1d4c', 'ip_version': 4, 'subnetpool_id': None, 'enable_dhcp': True, 'ipv6_ra_mode': None, 'ipv6_address_mode': None, 'gateway_ip': '192.168.128.1', 'cidr': '192.168.128.0/28', 'allocation_pools': [{'start': '192.168.128.2', 'end': '192.168.128.14'}], 'host_routes': [], 'dns_nameservers': [], 'description': '', 'router:external': False, 'service_types': [], 'tags': [], 'created_at': '2025-03-06T03:23:21Z', 'updated_at': '2025-03-06T03:23:21Z', 'revision_number': 0, 'project_id': '3e4f3ac0127744e4b6d8507c46bce1bc'}, Router: {'id': 'eb596b06-f4c2-43c9-83a6-31d2728ab720', 'name': 'tempest-InstanceActionsV221TestJSON-1053393449-router', 'tenant_id': '3e4f3ac0127744e4b6d8507c46bce1bc', 'admin_state_up': True, 'status': 'ACTIVE', 'external_gateway_info': {'network_id': '81b22f1b-0b92-49ac-be8c-ff40bdb65a4e', 'external_fixed_ips': [{'subnet_id': 'c3d56f4e-4de3-4a96-81c5-bdf3e05a3a11', 'ip_address': '10.180.180.145'}], 'enable_snat': True}, 'description': '', 'availability_zones': [], 'distributed': False, 'ha': False, 'availability_zone_hints': [], 'routes': [], 'flavor_id': None, 'tags': [], 'created_at': '2025-03-06T03:23:22Z', 'updated_at': '2025-03-06T03:23:22Z', 'revision_number': 2, 'project_id': '3e4f3ac0127744e4b6d8507c46bce1bc'}
2025-03-06 03:23:24.655 68589 INFO tempest.lib.common.rest_client [req-e157f1fd-2871-4930-81dd-60d067334647 req-e157f1fd-2871-4930-81dd-60d067334647 ] Request (ServerRescueNegativeTestJSON:test_rescued_vm_detach_volume): 202 POST http://10.180.1.21/volume/v3/volumes 0.176s
2025-03-06 03:23:24.679 68611 INFO tempest.lib.common.rest_client [req-17b8d722-1d73-4347-a5fb-d22c1896c1d9 req-17b8d722-1d73-4347-a5fb-d22c1896c1d9 ] Request (InstanceActionsTestJSON:tearDownClass): 200 GET http://10.180.1.21/compute/v2.1/servers/b0090ea8-98fe-42a0-97cc-40d7578851a9 0.187s
2025-03-06 03:23:24.692 68589 INFO tempest.lib.common.rest_client [req-6d191af4-3440-4348-9553-4e477d1d8ed0 req-6d191af4-3440-4348-9553-4e477d1d8ed0 ] Request (ServerRescueNegativeTestJSON:test_rescued_vm_detach_volume): 200 GET http://10.180.1.21/volume/v3/volumes/26161298-d0e0-46f2-a061-361dc4332cca 0.026s
2025-03-06 03:23:24.728 68587 INFO tempest.lib.common.rest_client [req-e8d85992-1595-4409-840f-4a993ae93ef4 req-e8d85992-1595-4409-840f-4a993ae93ef4 ] Request (InstanceActionsV221TestJSON:setUpClass): 201 POST http://10.180.1.21/identity/v3/auth/tokens 0.100s
2025-03-06 03:23:24.787 68587 INFO tempest.lib.common.rest_client [req-0c21dacf-600e-4d3a-a54c-bcfbc8081f4b req-0c21dacf-600e-4d3a-a54c-bcfbc8081f4b ] Request (InstanceActionsV221TestJSON:test_get_list_deleted_instance_actions): 201 POST http://10.180.1.21/identity/v3/auth/tokens 0.053s
2025-03-06 03:23:24.788 68587 INFO tempest.lib.common.fixed_network [-] (InstanceActionsV221TestJSON:test_get_list_deleted_instance_actions) Found network {'id': 'b44577f3-a481-45d1-9d8a-22ab788e1d4c', 'name': 'tempest-InstanceActionsV221TestJSON-1053393449-network', 'tenant_id': '3e4f3ac0127744e4b6d8507c46bce1bc', 'admin_state_up': True, 'mtu': 8950, 'status': 'ACTIVE', 'subnets': [], 'shared': False, 'project_id': '3e4f3ac0127744e4b6d8507c46bce1bc', 'port_security_enabled': True, 'router:external': False, 'provider:network_type': 'vlan', 'provider:physical_network': 'default', 'provider:segmentation_id': 430, 'availability_zone_hints': [], 'availability_zones': [], 'ipv4_address_scope': None, 'ipv6_address_scope': None, 'description': '', 'tags': [], 'created_at': '2025-03-06T03:23:21Z', 'updated_at': '2025-03-06T03:23:21Z', 'revision_number': 1} available for tenant
2025-03-06 03:23:24.837 68567 INFO tempest.lib.common.rest_client [req-5d506db8-6d43-4d5a-a108-d12c30e6dd89 req-5d506db8-6d43-4d5a-a108-d12c30e6dd89 ] Request (ServersAdminTestJSON:setUpClass): 200 GET http://10.180.1.21/compute/v2.1/servers/f579141b-1fac-4541-99c3-07644a0a358c 0.447s
2025-03-06 03:23:24.846 68606 INFO tempest.lib.common.rest_client [req-1d6aaa33-019b-44c6-84d8-cb8720b1076a req-1d6aaa33-019b-44c6-84d8-cb8720b1076a ] Request (ServerDiskConfigTestJSON:test_rebuild_server_with_manual_disk_config): 200 GET http://10.180.1.21/compute/v2.1/servers/c9f5fbeb-28b6-4b41-9156-5b90bc19977c 0.322s
2025-03-06 03:23:24.847 68567 INFO tempest.common.waiters [-] State transition "BUILD/spawning" ==> "ACTIVE/None" after 78 second wait
2025-03-06 03:23:24.940 68565 INFO tempest.lib.common.rest_client [req-c5000808-2a77-4873-9f11-1289afc44343 req-c5000808-2a77-4873-9f11-1289afc44343 ] Request (AttachVolumeShelveTestJSON:test_attach_volume_shelved_or_offload_server): 200 GET http://10.180.1.21/compute/v2.1/servers/d46f6695-7a96-4e0b-b43a-236bcb4ec519 0.373s
2025-03-06 03:23:25.014 68571 INFO tempest.lib.common.rest_client [req-3a890a1a-1acc-4521-ba29-7ba81c73f697 req-3a890a1a-1acc-4521-ba29-7ba81c73f697 ] Request (FloatingIPsAssociationNegativeTestJSON:tearDownClass): 204 DELETE http://10.180.1.21:9696/networking/v2.0/routers/a92fee51-2fe5-4559-b336-f892056e8370 0.783s
2025-03-06 03:23:25.088 68573 INFO tempest.lib.common.rest_client [req-df045f9d-e003-4f25-bb9e-79f5e080a77c req-df045f9d-e003-4f25-bb9e-79f5e080a77c ] Request (VolumesAssistedSnapshotsTest:tearDownClass): 200 GET http://10.180.1.21/compute/v2.1/servers/8b02c3c1-b5e9-41c1-a594-c2b0f0aa4a9c 0.515s
2025-03-06 03:23:25.153 68607 INFO tempest.lib.common.rest_client [req-05012e97-b17b-4531-920c-c775bc60c8d5 req-05012e97-b17b-4531-920c-c775bc60c8d5 ] Request (ImagesTestJSON:test_create_image_from_suspended_server): 200 GET http://10.180.1.21/compute/v2.1/servers/100ec1f9-6776-4832-a4c2-e9a4def0d350 0.316s
2025-03-06 03:23:25.191 68571 INFO tempest.lib.common.rest_client [req-3bfef33d-9c75-4c64-97b8-edd6f4ba880f req-3bfef33d-9c75-4c64-97b8-edd6f4ba880f ] Request (FloatingIPsAssociationNegativeTestJSON:tearDownClass): 204 DELETE http://10.180.1.21:9696/networking/v2.0/subnets/43261ce1-2768-4f18-872f-975803e20721 0.176s
2025-03-06 03:23:25.281 68615 WARNING tempest.lib.common.ssh [-] Failed to establish authenticated ssh connection to cirros@10.180.180.220 ([Errno None] Unable to connect to port 22 on 10.180.180.220). Number attempts: 12. Retry after 13 seconds.: paramiko.ssh_exception.NoValidConnectionsError: [Errno None] Unable to connect to port 22 on 10.180.180.220
2025-03-06 03:23:25.298 68567 INFO tempest.lib.common.rest_client [req-9864cd7f-cd10-46db-8b02-8e175fd7e5e8 req-9864cd7f-cd10-46db-8b02-8e175fd7e5e8 ] Request (ServersAdminTestJSON:setUpClass): 200 GET http://10.180.1.21/compute/v2.1/servers/cf869add-e829-4fbe-a0bf-7a4fbc0bcb4b 0.450s
2025-03-06 03:23:25.363 68569 INFO tempest.lib.common.rest_client [req-fec1a69f-2756-4aa5-8ec3-e3395ae6a1b7 req-fec1a69f-2756-4aa5-8ec3-e3395ae6a1b7 ] Request (ServersTestMultiNic:test_verify_multiple_nics_order): 200 GET http://10.180.1.21/compute/v2.1/servers/b9ab66d7-2f94-438a-a2fc-f4b45ad1ee56 0.508s
2025-03-06 03:23:25.396 68567 INFO tempest.lib.common.rest_client [req-76c64d43-2f52-4c73-80e1-03f53bc3c1ee req-76c64d43-2f52-4c73-80e1-03f53bc3c1ee ] Request (ServersAdminTestJSON:test_create_server_with_scheduling_hint): 201 POST http://10.180.1.21/identity/v3/auth/tokens 0.080s
2025-03-06 03:23:25.396 68567 INFO tempest.lib.common.fixed_network [-] (ServersAdminTestJSON:test_create_server_with_scheduling_hint) Found network {'id': '072e6a9b-6d5d-411a-85d6-10d1e30d911e', 'name': 'tempest-ServersAdminTestJSON-1734151782-network', 'tenant_id': '15f251056bf64f719c7094479b569f0d', 'admin_state_up': True, 'mtu': 8950, 'status': 'ACTIVE', 'subnets': [], 'shared': False, 'project_id': '15f251056bf64f719c7094479b569f0d', 'port_security_enabled': True, 'router:external': False, 'provider:network_type': 'vlan', 'provider:physical_network': 'default', 'provider:segmentation_id': 769, 'availability_zone_hints': [], 'availability_zones': [], 'ipv4_address_scope': None, 'ipv6_address_scope': None, 'description': '', 'tags': [], 'created_at': '2025-03-06T03:21:55Z', 'updated_at': '2025-03-06T03:21:55Z', 'revision_number': 1} available for tenant
2025-03-06 03:23:25.433 68571 INFO tempest.lib.common.rest_client [req-955a1197-fa51-4807-8539-d5432048200e req-955a1197-fa51-4807-8539-d5432048200e ] Request (FloatingIPsAssociationNegativeTestJSON:tearDownClass): 204 DELETE http://10.180.1.21:9696/networking/v2.0/networks/684a2004-5112-4bec-8575-c61b6101134d 0.241s
2025-03-06 03:23:25.440 68603 INFO tempest.lib.common.rest_client [req-065eef27-4225-42e5-8a37-ab0573ab6cd8 req-065eef27-4225-42e5-8a37-ab0573ab6cd8 ] Request (ServerMetadataNegativeTestJSON:tearDownClass): 200 GET http://10.180.1.21/compute/v2.1/servers/d1fb6fff-b1b7-4c1b-8995-41628cadf7d5 0.491s
2025-03-06 03:23:25.468 68587 INFO tempest.lib.common.rest_client [req-8a0ad322-f334-4139-9328-cf0d6cce7b96 req-8a0ad322-f334-4139-9328-cf0d6cce7b96 ] Request (InstanceActionsV221TestJSON:test_get_list_deleted_instance_actions): 202 POST http://10.180.1.21/compute/v2.1/servers 0.680s
2025-03-06 03:23:25.511 68583 INFO tempest.lib.common.rest_client [req-9e8be3d9-ca0f-4e32-86ac-a47a8c4f042a req-9e8be3d9-ca0f-4e32-86ac-a47a8c4f042a ] Request (ServersAdminNegativeTestJSON:tearDownClass): 200 GET http://10.180.1.21/compute/v2.1/servers/09ab8712-0f7a-4122-9d61-19da3e65d22b 0.560s
2025-03-06 03:23:25.526 68609 INFO tempest.lib.common.rest_client [req-2ab1e381-a6fa-4772-8199-8a12fef3b234 req-2ab1e381-a6fa-4772-8199-8a12fef3b234 ] Request (ServersWithSpecificFlavorTestJSON:test_verify_created_server_ephemeral_disk): 200 GET http://10.180.1.21/compute/v2.1/servers/ffa17045-fadf-47d7-9c3b-19d0d54de3fc 0.509s
2025-03-06 03:23:25.541 68571 INFO tempest.lib.common.rest_client [req-5e17676f-ca9d-4ed9-af8b-fe97feba02af req-5e17676f-ca9d-4ed9-af8b-fe97feba02af ] Request (FloatingIPsAssociationNegativeTestJSON:tearDownClass): 204 DELETE http://10.180.1.21/identity/v3/users/583aa5a96f694eb0af400771180c0e3e 0.108s
2025-03-06 03:23:25.542 68571 INFO tempest.lib.common.dynamic_creds [-] Deleting project and security group for project: ef5fff09e8174d0c8c09e5efc2164ab2
2025-03-06 03:23:25.591 68597 INFO tempest.lib.common.rest_client [req-73e1067e-ce5b-4feb-8c0a-2fac49003653 req-73e1067e-ce5b-4feb-8c0a-2fac49003653 ] Request (ServersTestJSON:test_create_server_with_ipv6_addr_only): 200 GET http://10.180.1.21/compute/v2.1/servers/8c00240d-5124-4ada-bd4d-4acd39a345c8 0.500s
2025-03-06 03:23:25.606 68571 INFO tempest.lib.common.rest_client [req-e9f73160-0d1c-4fdd-978f-910c02da24a0 req-e9f73160-0d1c-4fdd-978f-910c02da24a0 ] Request (FloatingIPsAssociationNegativeTestJSON:tearDownClass): 200 GET http://10.180.1.21:9696/networking/v2.0/security-groups?tenant_id=ef5fff09e8174d0c8c09e5efc2164ab2&name=default 0.063s
2025-03-06 03:23:25.687 68617 INFO tempest.lib.common.rest_client [req-19b53a4c-c07e-434c-93f2-0624ad60f181 req-19b53a4c-c07e-434c-93f2-0624ad60f181 ] Request (ServersListShow296Test:test_list_show_update_rebuild_server_296): 200 GET http://10.180.1.21/compute/v2.1/servers/f113bb6c-f05a-4253-98af-ca827fcbb723 0.518s
2025-03-06 03:23:25.700 68626 INFO tempest.lib.common.rest_client [req-9b876336-bc74-4796-9df7-150f7368c4f4 req-9b876336-bc74-4796-9df7-150f7368c4f4 ] Request (MigrationsAdminTest:test_list_migrations_in_flavor_resize_situation): 200 GET http://10.180.1.21/compute/v2.1/servers/10957648-8618-4f2c-8b08-5468bca20cfc 0.606s
2025-03-06 03:23:25.706 68617 INFO tempest.common.waiters [-] State transition "REBUILD/rebuilding" ==> "REBUILD/rebuild_block_device_mapping" after 3 second wait
2025-03-06 03:23:25.735 68589 INFO tempest.lib.common.rest_client [req-cb4f7645-8c7e-42c2-8c47-5787c994d9a7 req-cb4f7645-8c7e-42c2-8c47-5787c994d9a7 ] Request (ServerRescueNegativeTestJSON:test_rescued_vm_detach_volume): 200 GET http://10.180.1.21/volume/v3/volumes/26161298-d0e0-46f2-a061-361dc4332cca 0.034s
2025-03-06 03:23:25.744 68589 INFO tempest.common.waiters [-] volume 26161298-d0e0-46f2-a061-361dc4332cca reached available after waiting for 1.744123 seconds
2025-03-06 03:23:25.780 68591 INFO tempest.lib.common.rest_client [req-2fe84ca1-9c9f-49a0-b9ad-f2dce3c242d7 req-2fe84ca1-9c9f-49a0-b9ad-f2dce3c242d7 ] Request (ListServersNegativeTestJSON:setUpClass): 200 GET http://10.180.1.21/compute/v2.1/servers/6abb889a-2e96-4aba-8e36-c4c8997dd4e2 0.541s
2025-03-06 03:23:25.786 68571 INFO tempest.lib.common.rest_client [req-1954b0bb-e970-4747-be9c-bb920237d9f1 req-1954b0bb-e970-4747-be9c-bb920237d9f1 ] Request (FloatingIPsAssociationNegativeTestJSON:tearDownClass): 204 DELETE http://10.180.1.21:9696/networking/v2.0/security-groups/a91df8a5-220f-4a7e-862b-a7fd377e5f73 0.180s
2025-03-06 03:23:25.805 68581 INFO tempest.lib.common.rest_client [req-efeab977-50e6-4274-aa16-974567940624 req-efeab977-50e6-4274-aa16-974567940624 ] Request (FloatingIPsAssociationTestJSON:test_associate_already_associated_floating_ip): 200 GET http://10.180.1.21/compute/v2.1/servers/f5724973-2349-481c-b2ba-d1287f09c1db 0.591s
2025-03-06 03:23:25.837 68575 INFO tempest.lib.common.rest_client [req-08f76700-f4ee-4478-bd4b-4454e1f99a81 req-08f76700-f4ee-4478-bd4b-4454e1f99a81 ] Request (ListServerFiltersTestJSON:setUpClass): 200 GET http://10.180.1.21/compute/v2.1/servers/6915d271-8346-41b5-a75b-2188fd3b57d1 0.546s
2025-03-06 03:23:25.868 68579 INFO tempest.lib.common.rest_client [req-c8caf34c-65b3-4c5b-87a6-806390c6332f req-c8caf34c-65b3-4c5b-87a6-806390c6332f ] Request (SecurityGroupsTestJSON:test_server_security_groups): 200 GET http://10.180.1.21/compute/v2.1/servers/774ce6f8-6273-4f2b-b398-ee8c44d79520 0.560s
2025-03-06 03:23:25.875 68579 INFO tempest.common.waiters [-] State transition "BUILD/scheduling" ==> "BUILD/None" after 52 second wait
2025-03-06 03:23:25.888 68613 INFO tempest.lib.common.rest_client [req-bfc424f4-7410-4508-ab6b-f1860ad43b11 req-bfc424f4-7410-4508-ab6b-f1860ad43b11 ] Request (ServerAddressesTestJSON:setUpClass): 200 GET http://10.180.1.21/compute/v2.1/servers/340aa1e7-dc0a-4cba-8979-0c591830e9db 0.502s
2025-03-06 03:23:25.942 68571 INFO tempest.lib.common.rest_client [req-2478709e-dc54-4c65-8793-a9a369b2fdcc req-2478709e-dc54-4c65-8793-a9a369b2fdcc ] Request (FloatingIPsAssociationNegativeTestJSON:tearDownClass): 204 DELETE http://10.180.1.21/identity/v3/projects/ef5fff09e8174d0c8c09e5efc2164ab2 0.155s
2025-03-06 03:23:25.960 68601 INFO tempest.lib.common.rest_client [req-ddd40007-91f9-475a-a04e-bb7161e72e5f req-ddd40007-91f9-475a-a04e-bb7161e72e5f ] Request (MultipleCreateTestJSON:test_multiple_create_with_reservation_return): 200 GET http://10.180.1.21/compute/v2.1/servers/874d6895-0f3d-4a99-b27a-cad627ddeecd 0.512s
2025-03-06 03:23:26.028 68587 INFO tempest.lib.common.rest_client [req-d3421c6f-0508-404f-976c-74e0ff7c4cb7 req-d3421c6f-0508-404f-976c-74e0ff7c4cb7 ] Request (InstanceActionsV221TestJSON:test_get_list_deleted_instance_actions): 200 GET http://10.180.1.21/compute/v2.1/servers/df4674a2-87de-4507-950a-5941fae93aab 0.557s
2025-03-06 03:23:26.095 68585 INFO tempest.lib.common.rest_client [req-b7ce8e00-5988-4840-a835-1bf4f945daf0 req-b7ce8e00-5988-4840-a835-1bf4f945daf0 ] Request (ServersTestBootFromVolume:setUpClass): 200 GET http://10.180.1.21/compute/v2.1/servers/828865d7-d06a-4683-9149-987e6d9efbd9 0.564s
2025-03-06 03:23:26.161 68593 INFO tempest.lib.common.rest_client [req-9b5b856e-daaf-4b68-8ff3-cc61d28e186c req-9b5b856e-daaf-4b68-8ff3-cc61d28e186c ] Request (ImagesOneServerNegativeTestJSON:_run_cleanups): 200 GET http://10.180.1.21/compute/v2.1/servers/2d9dbf75-992d-4932-bd5d-84462494ebe8 0.566s
2025-03-06 03:23:26.241 68611 INFO tempest.lib.common.rest_client [req-c5277f6b-3216-461e-9878-e139982d81f2 req-c5277f6b-3216-461e-9878-e139982d81f2 ] Request (InstanceActionsTestJSON:tearDownClass): 200 GET http://10.180.1.21/compute/v2.1/servers/b0090ea8-98fe-42a0-97cc-40d7578851a9 0.550s
2025-03-06 03:23:26.257 68567 INFO tempest.lib.common.rest_client [req-196ee1e6-64fe-4d37-9db6-ffb3f8448e33 req-196ee1e6-64fe-4d37-9db6-ffb3f8448e33 ] Request (ServersAdminTestJSON:test_create_server_with_scheduling_hint): 202 POST http://10.180.1.21/compute/v2.1/servers 0.860s
2025-03-06 03:23:26.279 68589 INFO tempest.lib.common.rest_client [req-ae3e981c-847c-400f-89a7-38c5e6031bc1 req-ae3e981c-847c-400f-89a7-38c5e6031bc1 ] Request (ServerRescueNegativeTestJSON:test_rescued_vm_detach_volume): 200 POST http://10.180.1.21/compute/v2.1/os-keypairs 0.533s
2025-03-06 03:23:26.368 68565 INFO tempest.lib.common.rest_client [req-86c4e6dc-cb2a-4af8-b7bc-31db78dac337 req-86c4e6dc-cb2a-4af8-b7bc-31db78dac337 ] Request (AttachVolumeShelveTestJSON:test_attach_volume_shelved_or_offload_server): 200 GET http://10.180.1.21/compute/v2.1/servers/d46f6695-7a96-4e0b-b43a-236bcb4ec519 0.418s
2025-03-06 03:23:26.384 68606 INFO tempest.lib.common.rest_client [req-43aa9f7a-4c31-4835-ae10-a409d3011cb4 req-43aa9f7a-4c31-4835-ae10-a409d3011cb4 ] Request (ServerDiskConfigTestJSON:test_rebuild_server_with_manual_disk_config): 200 GET http://10.180.1.21/compute/v2.1/servers/c9f5fbeb-28b6-4b41-9156-5b90bc19977c 0.528s
2025-03-06 03:23:26.403 68589 INFO tempest.lib.common.rest_client [req-bd3dfcf8-51d3-439e-998d-c3dbb797b1de req-bd3dfcf8-51d3-439e-998d-c3dbb797b1de ] Request (ServerRescueNegativeTestJSON:test_rescued_vm_detach_volume): 201 POST http://10.180.1.21:9696/networking/v2.0/security-groups 0.122s
2025-03-06 03:23:26.443 68607 INFO tempest.lib.common.rest_client [req-1feda4e0-273f-4416-b78a-6716acc08b7d req-1feda4e0-273f-4416-b78a-6716acc08b7d ] Request (ImagesTestJSON:test_create_image_from_suspended_server): 200 GET http://10.180.1.21/compute/v2.1/servers/100ec1f9-6776-4832-a4c2-e9a4def0d350 0.277s
2025-03-06 03:23:26.485 68589 INFO tempest.lib.common.rest_client [req-0c1eaec8-89f7-4880-991c-7068a24ac2cd req-0c1eaec8-89f7-4880-991c-7068a24ac2cd ] Request (ServerRescueNegativeTestJSON:test_rescued_vm_detach_volume): 201 POST http://10.180.1.21:9696/networking/v2.0/security-group-rules 0.082s
2025-03-06 03:23:26.498 68567 INFO tempest.lib.common.rest_client [req-468ac941-8e6e-49da-9e55-8526155beeed req-468ac941-8e6e-49da-9e55-8526155beeed ] Request (ServersAdminTestJSON:test_create_server_with_scheduling_hint): 200 GET http://10.180.1.21/compute/v2.1/servers/45ec526b-e9d8-4ea3-b0c8-af6da39b0158 0.238s
2025-03-06 03:23:26.503 68573 INFO tempest.lib.common.rest_client [req-26264b1f-2449-4243-8196-e516a47c251e req-26264b1f-2449-4243-8196-e516a47c251e ] Request (VolumesAssistedSnapshotsTest:tearDownClass): 200 GET http://10.180.1.21/compute/v2.1/servers/8b02c3c1-b5e9-41c1-a594-c2b0f0aa4a9c 0.405s
2025-03-06 03:23:26.555 68569 INFO tempest.lib.common.rest_client [req-d62ac636-68a5-4c9d-b321-b08953a73918 req-d62ac636-68a5-4c9d-b321-b08953a73918 ] Request (ServersTestMultiNic:test_verify_multiple_nics_order): 200 GET http://10.180.1.21/compute/v2.1/servers/b9ab66d7-2f94-438a-a2fc-f4b45ad1ee56 0.174s
2025-03-06 03:23:26.569 68603 INFO tempest.lib.common.rest_client [req-ad54cec1-bcb4-4ca0-a458-5c2c22d8c823 req-ad54cec1-bcb4-4ca0-a458-5c2c22d8c823 ] Request (ServerMetadataNegativeTestJSON:tearDownClass): 200 GET http://10.180.1.21/compute/v2.1/servers/d1fb6fff-b1b7-4c1b-8995-41628cadf7d5 0.122s
2025-03-06 03:23:26.575 68589 INFO tempest.lib.common.rest_client [req-ba723377-55f0-483f-ab52-c3f29caf618e req-ba723377-55f0-483f-ab52-c3f29caf618e ] Request (ServerRescueNegativeTestJSON:test_rescued_vm_detach_volume): 201 POST http://10.180.1.21:9696/networking/v2.0/security-group-rules 0.090s
2025-03-06 03:23:26.622 68583 INFO tempest.lib.common.rest_client [req-43f82e1a-07b0-41d3-a03e-15aca0477a30 req-43f82e1a-07b0-41d3-a03e-15aca0477a30 ] Request (ServersAdminNegativeTestJSON:tearDownClass): 200 GET http://10.180.1.21/compute/v2.1/servers/09ab8712-0f7a-4122-9d61-19da3e65d22b 0.101s
2025-03-06 03:23:26.629 68609 INFO tempest.lib.common.rest_client [req-ab56f574-3310-4223-b2a7-8fa104881c74 req-ab56f574-3310-4223-b2a7-8fa104881c74 ] Request (ServersWithSpecificFlavorTestJSON:test_verify_created_server_ephemeral_disk): 200 GET http://10.180.1.21/compute/v2.1/servers/ffa17045-fadf-47d7-9c3b-19d0d54de3fc 0.092s
2025-03-06 03:23:26.677 68597 INFO tempest.lib.common.rest_client [req-928a664c-73fa-444b-b8c1-c7477cdec465 req-928a664c-73fa-444b-b8c1-c7477cdec465 ] Request (ServersTestJSON:test_create_server_with_ipv6_addr_only): 200 GET http://10.180.1.21/compute/v2.1/servers/8c00240d-5124-4ada-bd4d-4acd39a345c8 0.075s
2025-03-06 03:23:26.684 68597 INFO tempest.common.waiters [-] State transition "BUILD/scheduling" ==> "BUILD/None" after 52 second wait
2025-03-06 03:23:26.803 68617 INFO tempest.lib.common.rest_client [req-4aca348f-10c8-4486-8735-76141f28d2e4 req-4aca348f-10c8-4486-8735-76141f28d2e4 ] Request (ServersListShow296Test:test_list_show_update_rebuild_server_296): 200 GET http://10.180.1.21/compute/v2.1/servers/f113bb6c-f05a-4253-98af-ca827fcbb723 0.096s
2025-03-06 03:23:26.814 68617 INFO tempest.common.waiters [-] State transition "REBUILD/rebuild_block_device_mapping" ==> "REBUILD/rebuild_spawning" after 4 second wait
2025-03-06 03:23:26.895 68591 INFO tempest.lib.common.rest_client [req-05507ac3-0c37-43c3-8dcc-fb2f9e922acd req-05507ac3-0c37-43c3-8dcc-fb2f9e922acd ] Request (ListServersNegativeTestJSON:setUpClass): 200 GET http://10.180.1.21/compute/v2.1/servers/6abb889a-2e96-4aba-8e36-c4c8997dd4e2 0.105s
2025-03-06 03:23:26.914 68626 INFO tempest.lib.common.rest_client [req-bb564f3d-7ff0-4f1c-a788-e81f1677e13c req-bb564f3d-7ff0-4f1c-a788-e81f1677e13c ] Request (MigrationsAdminTest:test_list_migrations_in_flavor_resize_situation): 200 GET http://10.180.1.21/compute/v2.1/servers/10957648-8618-4f2c-8b08-5468bca20cfc 0.205s
2025-03-06 03:23:27.007 68575 INFO tempest.lib.common.rest_client [req-1d35d213-4e89-466c-9303-e4796612718d req-1d35d213-4e89-466c-9303-e4796612718d ] Request (ListServerFiltersTestJSON:setUpClass): 200 GET http://10.180.1.21/compute/v2.1/servers/6915d271-8346-41b5-a75b-2188fd3b57d1 0.158s
2025-03-06 03:23:27.108 68579 INFO tempest.lib.common.rest_client [req-42624817-0bfd-4c8d-9344-d8d035d24c35 req-42624817-0bfd-4c8d-9344-d8d035d24c35 ] Request (SecurityGroupsTestJSON:test_server_security_groups): 200 GET http://10.180.1.21/compute/v2.1/servers/774ce6f8-6273-4f2b-b398-ee8c44d79520 0.231s
2025-03-06 03:23:27.193 68613 INFO tempest.lib.common.rest_client [req-2bfbaa88-be5b-45ec-b8db-9c0874d36705 req-2bfbaa88-be5b-45ec-b8db-9c0874d36705 ] Request (ServerAddressesTestJSON:setUpClass): 200 GET http://10.180.1.21/compute/v2.1/servers/340aa1e7-dc0a-4cba-8979-0c591830e9db 0.288s
2025-03-06 03:23:27.270 68601 INFO tempest.lib.common.rest_client [req-882b86fe-8c6c-4502-a0d8-177dd78b6f5b req-882b86fe-8c6c-4502-a0d8-177dd78b6f5b ] Request (MultipleCreateTestJSON:test_multiple_create_with_reservation_return): 200 GET http://10.180.1.21/compute/v2.1/servers/874d6895-0f3d-4a99-b27a-cad627ddeecd 0.300s
2025-03-06 03:23:27.282 68581 INFO tempest.lib.common.rest_client [req-e51f0fa6-7c68-4173-bcdd-fe63a2bab1cc req-e51f0fa6-7c68-4173-bcdd-fe63a2bab1cc ] Request (FloatingIPsAssociationTestJSON:test_associate_already_associated_floating_ip): 200 GET http://10.180.1.21/compute/v2.1/servers/f5724973-2349-481c-b2ba-d1287f09c1db 0.469s
2025-03-06 03:23:27.350 68587 INFO tempest.lib.common.rest_client [req-37c237ae-cf31-4160-8118-f7ea662075d9 req-37c237ae-cf31-4160-8118-f7ea662075d9 ] Request (InstanceActionsV221TestJSON:test_get_list_deleted_instance_actions): 200 GET http://10.180.1.21/compute/v2.1/servers/df4674a2-87de-4507-950a-5941fae93aab 0.306s
2025-03-06 03:23:27.368 68585 INFO tempest.lib.common.rest_client [req-43134c7e-30dc-4f5d-b2e6-30cf58a4dd27 req-43134c7e-30dc-4f5d-b2e6-30cf58a4dd27 ] Request (ServersTestBootFromVolume:setUpClass): 200 GET http://10.180.1.21/compute/v2.1/servers/828865d7-d06a-4683-9149-987e6d9efbd9 0.261s
2025-03-06 03:23:27.405 68593 INFO tempest.lib.common.rest_client [req-c3db6b92-8e9d-4b2d-8d1f-1d152f6e6b30 req-c3db6b92-8e9d-4b2d-8d1f-1d152f6e6b30 ] Request (ImagesOneServerNegativeTestJSON:_run_cleanups): 200 GET http://10.180.1.21/compute/v2.1/servers/2d9dbf75-992d-4932-bd5d-84462494ebe8 0.234s
2025-03-06 03:23:27.435 68611 INFO tempest.lib.common.rest_client [req-d469ab98-c293-4cad-96fa-105c4aad767c req-d469ab98-c293-4cad-96fa-105c4aad767c ] Request (InstanceActionsTestJSON:tearDownClass): 200 GET http://10.180.1.21/compute/v2.1/servers/b0090ea8-98fe-42a0-97cc-40d7578851a9 0.185s
2025-03-06 03:23:27.463 68565 INFO tempest.lib.common.rest_client [req-1bf8843d-5688-4875-8329-e5b1c546620c req-1bf8843d-5688-4875-8329-e5b1c546620c ] Request (AttachVolumeShelveTestJSON:test_attach_volume_shelved_or_offload_server): 200 GET http://10.180.1.21/compute/v2.1/servers/d46f6695-7a96-4e0b-b43a-236bcb4ec519 0.077s
2025-03-06 03:23:27.530 68607 INFO tempest.lib.common.rest_client [req-b5167b89-d030-4704-b72a-d54a86238d69 req-b5167b89-d030-4704-b72a-d54a86238d69 ] Request (ImagesTestJSON:test_create_image_from_suspended_server): 200 GET http://10.180.1.21/compute/v2.1/servers/100ec1f9-6776-4832-a4c2-e9a4def0d350 0.075s
2025-03-06 03:23:27.571 68589 INFO tempest.lib.common.rest_client [req-dfc40522-957c-454a-96bb-695155dd7550 req-dfc40522-957c-454a-96bb-695155dd7550 ] Request (ServerRescueNegativeTestJSON:test_rescued_vm_detach_volume): 201 POST http://10.180.1.21:9696/networking/v2.0/floatingips 0.994s
2025-03-06 03:23:27.608 68567 INFO tempest.lib.common.rest_client [req-449f8138-6d62-4907-b207-d1180f7b40d9 req-449f8138-6d62-4907-b207-d1180f7b40d9 ] Request (ServersAdminTestJSON:test_create_server_with_scheduling_hint): 200 GET http://10.180.1.21/compute/v2.1/servers/45ec526b-e9d8-4ea3-b0c8-af6da39b0158 0.099s
2025-03-06 03:23:27.620 68606 INFO tempest.lib.common.rest_client [req-d3ec88ce-bc5b-48aa-980e-334b52503fce req-d3ec88ce-bc5b-48aa-980e-334b52503fce ] Request (ServerDiskConfigTestJSON:test_rebuild_server_with_manual_disk_config): 200 GET http://10.180.1.21/compute/v2.1/servers/c9f5fbeb-28b6-4b41-9156-5b90bc19977c 0.226s
2025-03-06 03:23:27.651 68589 INFO tempest.lib.common.rest_client [req-aba7b5b6-28b2-4932-aad9-5a1877ea8dbc req-aba7b5b6-28b2-4932-aad9-5a1877ea8dbc ] Request (ServerRescueNegativeTestJSON:test_rescued_vm_detach_volume): 201 POST http://10.180.1.21/identity/v3/auth/tokens 0.077s
2025-03-06 03:23:27.651 68589 INFO tempest.lib.common.fixed_network [-] (ServerRescueNegativeTestJSON:test_rescued_vm_detach_volume) Found network {'id': 'a85c9923-eb79-431b-b6d8-577d9242be09', 'name': 'tempest-ServerRescueNegativeTestJSON-2053122981-network', 'tenant_id': '87c0473d09c04fb8a80d27a43c07bef4', 'admin_state_up': True, 'mtu': 8950, 'status': 'ACTIVE', 'subnets': [], 'shared': False, 'project_id': '87c0473d09c04fb8a80d27a43c07bef4', 'port_security_enabled': True, 'router:external': False, 'provider:network_type': 'vlan', 'provider:physical_network': 'default', 'provider:segmentation_id': 564, 'availability_zone_hints': [], 'availability_zones': [], 'ipv4_address_scope': None, 'ipv6_address_scope': None, 'description': '', 'tags': [], 'created_at': '2025-03-06T03:21:35Z', 'updated_at': '2025-03-06T03:21:35Z', 'revision_number': 1} available for tenant
2025-03-06 03:23:27.679 68573 INFO tempest.lib.common.rest_client [req-2e6b1954-94bb-43c1-888b-cc8458e2ab19 req-2e6b1954-94bb-43c1-888b-cc8458e2ab19 ] Request (VolumesAssistedSnapshotsTest:tearDownClass): 200 GET http://10.180.1.21/compute/v2.1/servers/8b02c3c1-b5e9-41c1-a594-c2b0f0aa4a9c 0.165s
2025-03-06 03:23:27.697 68569 INFO tempest.lib.common.rest_client [req-84c504a5-8b3a-4970-ac9b-4b654255a8e2 req-84c504a5-8b3a-4970-ac9b-4b654255a8e2 ] Request (ServersTestMultiNic:test_verify_multiple_nics_order): 200 GET http://10.180.1.21/compute/v2.1/servers/b9ab66d7-2f94-438a-a2fc-f4b45ad1ee56 0.133s
2025-03-06 03:23:27.753 68603 INFO tempest.lib.common.rest_client [req-28f99a0f-7a1b-4fd0-8573-c4fcca11af86 req-28f99a0f-7a1b-4fd0-8573-c4fcca11af86 ] Request (ServerMetadataNegativeTestJSON:tearDownClass): 200 GET http://10.180.1.21/compute/v2.1/servers/d1fb6fff-b1b7-4c1b-8995-41628cadf7d5 0.175s
2025-03-06 03:23:27.767 68583 INFO tempest.lib.common.rest_client [req-2731ebb2-664d-47ba-90cd-b850681c14a0 req-2731ebb2-664d-47ba-90cd-b850681c14a0 ] Request (ServersAdminNegativeTestJSON:tearDownClass): 200 GET http://10.180.1.21/compute/v2.1/servers/09ab8712-0f7a-4122-9d61-19da3e65d22b 0.137s
2025-03-06 03:23:27.803 68609 INFO tempest.lib.common.rest_client [req-dc48711b-60dd-4c93-bd9b-04b77aec3295 req-dc48711b-60dd-4c93-bd9b-04b77aec3295 ] Request (ServersWithSpecificFlavorTestJSON:test_verify_created_server_ephemeral_disk): 200 GET http://10.180.1.21/compute/v2.1/servers/ffa17045-fadf-47d7-9c3b-19d0d54de3fc 0.166s
2025-03-06 03:23:27.851 68597 INFO tempest.lib.common.rest_client [req-8d70bce4-c9b3-4c79-b219-c14147c29c5c req-8d70bce4-c9b3-4c79-b219-c14147c29c5c ] Request (ServersTestJSON:test_create_server_with_ipv6_addr_only): 200 GET http://10.180.1.21/compute/v2.1/servers/8c00240d-5124-4ada-bd4d-4acd39a345c8 0.164s
2025-03-06 03:23:27.919 68617 INFO tempest.lib.common.rest_client [req-628148e3-8e2c-43f6-a5c8-0c2f166e126a req-628148e3-8e2c-43f6-a5c8-0c2f166e126a ] Request (ServersListShow296Test:test_list_show_update_rebuild_server_296): 200 GET http://10.180.1.21/compute/v2.1/servers/f113bb6c-f05a-4253-98af-ca827fcbb723 0.103s
2025-03-06 03:23:27.991 68591 INFO tempest.lib.common.rest_client [req-f1c0e6e3-cdbc-4d5f-8567-c4eeb2398d9f req-f1c0e6e3-cdbc-4d5f-8567-c4eeb2398d9f ] Request (ListServersNegativeTestJSON:setUpClass): 200 GET http://10.180.1.21/compute/v2.1/servers/6abb889a-2e96-4aba-8e36-c4c8997dd4e2 0.085s
2025-03-06 03:23:28.121 68626 INFO tempest.lib.common.rest_client [req-e941ac44-0d8e-485c-9dbc-469fc64253d6 req-e941ac44-0d8e-485c-9dbc-469fc64253d6 ] Request (MigrationsAdminTest:test_list_migrations_in_flavor_resize_situation): 200 GET http://10.180.1.21/compute/v2.1/servers/10957648-8618-4f2c-8b08-5468bca20cfc 0.189s
2025-03-06 03:23:28.139 68589 INFO tempest.lib.common.rest_client [req-120a9835-4802-4197-b8cf-8e2bbf6859f6 req-120a9835-4802-4197-b8cf-8e2bbf6859f6 ] Request (ServerRescueNegativeTestJSON:test_rescued_vm_detach_volume): 202 POST http://10.180.1.21/compute/v2.1/servers 0.487s
2025-03-06 03:23:28.181 68575 INFO tempest.lib.common.rest_client [req-1a11cb83-9d43-4a7b-a556-65ae6de6f35d req-1a11cb83-9d43-4a7b-a556-65ae6de6f35d ] Request (ListServerFiltersTestJSON:setUpClass): 200 GET http://10.180.1.21/compute/v2.1/servers/6915d271-8346-41b5-a75b-2188fd3b57d1 0.162s
2025-03-06 03:23:28.189 68579 INFO tempest.lib.common.rest_client [req-ad3fdc24-311f-4ef6-851e-d30742c9ab2c req-ad3fdc24-311f-4ef6-851e-d30742c9ab2c ] Request (SecurityGroupsTestJSON:test_server_security_groups): 200 GET http://10.180.1.21/compute/v2.1/servers/774ce6f8-6273-4f2b-b398-ee8c44d79520 0.072s
2025-03-06 03:23:28.219 68589 INFO tempest.lib.common.rest_client [req-82d3ffff-cf3b-422d-b507-f854c0a54d89 req-82d3ffff-cf3b-422d-b507-f854c0a54d89 ] Request (ServerRescueNegativeTestJSON:test_rescued_vm_detach_volume): 200 GET http://10.180.1.21/compute/v2.1/servers/cedcff81-0010-4fa6-95bf-72a4dcac5427 0.077s
2025-03-06 03:23:28.259 68613 INFO tempest.lib.common.rest_client [req-440af537-2c7e-4aea-b9d9-fae58792f68a req-440af537-2c7e-4aea-b9d9-fae58792f68a ] Request (ServerAddressesTestJSON:setUpClass): 200 GET http://10.180.1.21/compute/v2.1/servers/340aa1e7-dc0a-4cba-8979-0c591830e9db 0.057s
2025-03-06 03:23:28.290 68620 WARNING tempest.lib.common.ssh [-] Failed to establish authenticated ssh connection to cirros@10.180.180.174 ([Errno None] Unable to connect to port 22 on 10.180.180.174). Number attempts: 12. Retry after 13 seconds.: paramiko.ssh_exception.NoValidConnectionsError: [Errno None] Unable to connect to port 22 on 10.180.180.174
2025-03-06 03:23:28.627 68601 INFO tempest.lib.common.rest_client [req-8fbe4770-1e8f-43da-849a-a956468fe5d6 req-8fbe4770-1e8f-43da-849a-a956468fe5d6 ] Request (MultipleCreateTestJSON:test_multiple_create_with_reservation_return): 200 GET http://10.180.1.21/compute/v2.1/servers/874d6895-0f3d-4a99-b27a-cad627ddeecd 0.340s
2025-03-06 03:23:28.671 68581 INFO tempest.lib.common.rest_client [req-e847566f-6a67-4f21-8026-f9f3df0f8c40 req-e847566f-6a67-4f21-8026-f9f3df0f8c40 ] Request (FloatingIPsAssociationTestJSON:test_associate_already_associated_floating_ip): 200 GET http://10.180.1.21/compute/v2.1/servers/f5724973-2349-481c-b2ba-d1287f09c1db 0.377s
2025-03-06 03:23:28.717 68587 INFO tempest.lib.common.rest_client [req-55629deb-332e-4e56-8f16-12c0a95fdbab req-55629deb-332e-4e56-8f16-12c0a95fdbab ] Request (InstanceActionsV221TestJSON:test_get_list_deleted_instance_actions): 200 GET http://10.180.1.21/compute/v2.1/servers/df4674a2-87de-4507-950a-5941fae93aab 0.354s
2025-03-06 03:23:28.729 68585 INFO tempest.lib.common.rest_client [req-fd0db43c-ae52-4a9a-b377-06685bfb3c2d req-fd0db43c-ae52-4a9a-b377-06685bfb3c2d ] Request (ServersTestBootFromVolume:setUpClass): 200 GET http://10.180.1.21/compute/v2.1/servers/828865d7-d06a-4683-9149-987e6d9efbd9 0.352s
2025-03-06 03:23:28.762 68593 INFO tempest.lib.common.rest_client [req-292d63a3-44e6-4df6-8dbb-aa08ef1085c0 req-292d63a3-44e6-4df6-8dbb-aa08ef1085c0 ] Request (ImagesOneServerNegativeTestJSON:_run_cleanups): 200 GET http://10.180.1.21/compute/v2.1/servers/2d9dbf75-992d-4932-bd5d-84462494ebe8 0.346s
2025-03-06 03:23:28.787 68611 INFO tempest.lib.common.rest_client [req-87f096cc-c39d-44e6-9067-50b2ea0d42df req-87f096cc-c39d-44e6-9067-50b2ea0d42df ] Request (InstanceActionsTestJSON:tearDownClass): 200 GET http://10.180.1.21/compute/v2.1/servers/b0090ea8-98fe-42a0-97cc-40d7578851a9 0.341s
2025-03-06 03:23:28.817 68565 INFO tempest.lib.common.rest_client [req-d88ccb11-47d5-4da7-9808-fb86cc278179 req-d88ccb11-47d5-4da7-9808-fb86cc278179 ] Request (AttachVolumeShelveTestJSON:test_attach_volume_shelved_or_offload_server): 200 GET http://10.180.1.21/compute/v2.1/servers/d46f6695-7a96-4e0b-b43a-236bcb4ec519 0.342s
2025-03-06 03:23:28.840 68607 INFO tempest.lib.common.rest_client [req-e1ddb21b-65b5-40d0-bb21-9e6574ad21e0 req-e1ddb21b-65b5-40d0-bb21-9e6574ad21e0 ] Request (ImagesTestJSON:test_create_image_from_suspended_server): 200 GET http://10.180.1.21/compute/v2.1/servers/100ec1f9-6776-4832-a4c2-e9a4def0d350 0.294s
2025-03-06 03:23:28.860 68567 INFO tempest.lib.common.rest_client [req-545d4c4a-eabf-445e-9417-df33640de35c req-545d4c4a-eabf-445e-9417-df33640de35c ] Request (ServersAdminTestJSON:test_create_server_with_scheduling_hint): 200 GET http://10.180.1.21/compute/v2.1/servers/45ec526b-e9d8-4ea3-b0c8-af6da39b0158 0.244s
2025-03-06 03:23:28.911 68573 INFO tempest.lib.common.rest_client [req-b6cad4df-c1c8-45d5-b978-04bd8a00c412 req-b6cad4df-c1c8-45d5-b978-04bd8a00c412 ] Request (VolumesAssistedSnapshotsTest:tearDownClass): 200 GET http://10.180.1.21/compute/v2.1/servers/8b02c3c1-b5e9-41c1-a594-c2b0f0aa4a9c 0.219s
2025-03-06 03:23:28.920 68573 INFO tempest.common.waiters [-] State transition "ACTIVE/deleting" ==> "DELETED/None" after 3 second wait
2025-03-06 03:23:28.968 68569 INFO tempest.lib.common.rest_client [req-2c846e32-133b-4dcd-8876-40217a8f9586 req-2c846e32-133b-4dcd-8876-40217a8f9586 ] Request (ServersTestMultiNic:test_verify_multiple_nics_order): 200 GET http://10.180.1.21/compute/v2.1/servers/b9ab66d7-2f94-438a-a2fc-f4b45ad1ee56 0.262s
2025-03-06 03:23:28.980 68606 INFO tempest.lib.common.rest_client [req-2224cc83-ef57-4858-a144-6a3ac327c0c4 req-2224cc83-ef57-4858-a144-6a3ac327c0c4 ] Request (ServerDiskConfigTestJSON:test_rebuild_server_with_manual_disk_config): 200 GET http://10.180.1.21/compute/v2.1/servers/c9f5fbeb-28b6-4b41-9156-5b90bc19977c 0.352s
2025-03-06 03:23:29.034 68603 INFO tempest.lib.common.rest_client [req-e338c895-e7f2-4c49-bc1b-0fdba356cbd8 req-e338c895-e7f2-4c49-bc1b-0fdba356cbd8 ] Request (ServerMetadataNegativeTestJSON:tearDownClass): 200 GET http://10.180.1.21/compute/v2.1/servers/d1fb6fff-b1b7-4c1b-8995-41628cadf7d5 0.273s
2025-03-06 03:23:29.039 68583 INFO tempest.lib.common.rest_client [req-dcba5a76-8cde-4303-b216-b79222f0c04e req-dcba5a76-8cde-4303-b216-b79222f0c04e ] Request (ServersAdminNegativeTestJSON:tearDownClass): 200 GET http://10.180.1.21/compute/v2.1/servers/09ab8712-0f7a-4122-9d61-19da3e65d22b 0.260s
2025-03-06 03:23:29.085 68609 INFO tempest.lib.common.rest_client [req-aa7a29e4-7dab-400c-bfaa-c42ea8dcc65c req-aa7a29e4-7dab-400c-bfaa-c42ea8dcc65c ] Request (ServersWithSpecificFlavorTestJSON:test_verify_created_server_ephemeral_disk): 200 GET http://10.180.1.21/compute/v2.1/servers/ffa17045-fadf-47d7-9c3b-19d0d54de3fc 0.271s
2025-03-06 03:23:29.093 68597 INFO tempest.lib.common.rest_client [req-125ca358-e65e-47e3-86e5-276d1cb52814 req-125ca358-e65e-47e3-86e5-276d1cb52814 ] Request (ServersTestJSON:test_create_server_with_ipv6_addr_only): 200 GET http://10.180.1.21/compute/v2.1/servers/8c00240d-5124-4ada-bd4d-4acd39a345c8 0.232s
2025-03-06 03:23:29.158 68617 INFO tempest.lib.common.rest_client [req-7bce192f-bd32-40a0-990a-92c1e36df546 req-7bce192f-bd32-40a0-990a-92c1e36df546 ] Request (ServersListShow296Test:test_list_show_update_rebuild_server_296): 200 GET http://10.180.1.21/compute/v2.1/servers/f113bb6c-f05a-4253-98af-ca827fcbb723 0.226s
2025-03-06 03:23:29.162 68591 INFO tempest.lib.common.rest_client [req-aa500c68-6891-4ed9-93c2-6966c475303f req-aa500c68-6891-4ed9-93c2-6966c475303f ] Request (ListServersNegativeTestJSON:setUpClass): 200 GET http://10.180.1.21/compute/v2.1/servers/6abb889a-2e96-4aba-8e36-c4c8997dd4e2 0.162s
2025-03-06 03:23:29.247 68575 INFO tempest.lib.common.rest_client [req-5b88f20a-1d6c-49c1-b783-3bc5f6f9415d req-5b88f20a-1d6c-49c1-b783-3bc5f6f9415d ] Request (ListServerFiltersTestJSON:setUpClass): 200 GET http://10.180.1.21/compute/v2.1/servers/6915d271-8346-41b5-a75b-2188fd3b57d1 0.057s
2025-03-06 03:23:29.256 68626 INFO tempest.lib.common.rest_client [req-e4afb641-86c9-409b-9241-be157e7e0736 req-e4afb641-86c9-409b-9241-be157e7e0736 ] Request (MigrationsAdminTest:test_list_migrations_in_flavor_resize_situation): 200 GET http://10.180.1.21/compute/v2.1/servers/10957648-8618-4f2c-8b08-5468bca20cfc 0.127s
2025-03-06 03:23:29.299 68579 INFO tempest.lib.common.rest_client [req-17b1c088-4d41-49d9-b8b4-018cfbd5c5d1 req-17b1c088-4d41-49d9-b8b4-018cfbd5c5d1 ] Request (SecurityGroupsTestJSON:test_server_security_groups): 200 GET http://10.180.1.21/compute/v2.1/servers/774ce6f8-6273-4f2b-b398-ee8c44d79520 0.101s
2025-03-06 03:23:29.305 68589 INFO tempest.lib.common.rest_client [req-3fbc9a96-962d-4132-a1db-dc08b908b3cc req-3fbc9a96-962d-4132-a1db-dc08b908b3cc ] Request (ServerRescueNegativeTestJSON:test_rescued_vm_detach_volume): 200 GET http://10.180.1.21/compute/v2.1/servers/cedcff81-0010-4fa6-95bf-72a4dcac5427 0.077s
2025-03-06 03:23:29.343 68613 INFO tempest.lib.common.rest_client [req-144be99a-478e-4717-bdce-9fbbec174670 req-144be99a-478e-4717-bdce-9fbbec174670 ] Request (ServerAddressesTestJSON:setUpClass): 200 GET http://10.180.1.21/compute/v2.1/servers/340aa1e7-dc0a-4cba-8979-0c591830e9db 0.076s
2025-03-06 03:23:29.691 68601 INFO tempest.lib.common.rest_client [req-7a16d28e-0355-4185-93ef-1e83c249c161 req-7a16d28e-0355-4185-93ef-1e83c249c161 ] Request (MultipleCreateTestJSON:test_multiple_create_with_reservation_return): 200 GET http://10.180.1.21/compute/v2.1/servers/874d6895-0f3d-4a99-b27a-cad627ddeecd 0.051s
2025-03-06 03:23:29.782 68581 INFO tempest.lib.common.rest_client [req-fba70508-80c4-4b33-b23e-6ea72bbc052b req-fba70508-80c4-4b33-b23e-6ea72bbc052b ] Request (FloatingIPsAssociationTestJSON:test_associate_already_associated_floating_ip): 200 GET http://10.180.1.21/compute/v2.1/servers/f5724973-2349-481c-b2ba-d1287f09c1db 0.101s
2025-03-06 03:23:29.791 68587 INFO tempest.lib.common.rest_client [req-8942f75d-c445-4ffa-8145-a8119b23d9d9 req-8942f75d-c445-4ffa-8145-a8119b23d9d9 ] Request (InstanceActionsV221TestJSON:test_get_list_deleted_instance_actions): 200 GET http://10.180.1.21/compute/v2.1/servers/df4674a2-87de-4507-950a-5941fae93aab 0.063s
2025-03-06 03:23:29.829 68585 INFO tempest.lib.common.rest_client [req-ca9f81c7-da80-411c-9f1e-660bf6e11cc9 req-ca9f81c7-da80-411c-9f1e-660bf6e11cc9 ] Request (ServersTestBootFromVolume:setUpClass): 200 GET http://10.180.1.21/compute/v2.1/servers/828865d7-d06a-4683-9149-987e6d9efbd9 0.090s
2025-03-06 03:23:29.841 68593 INFO tempest.lib.common.rest_client [req-589e755d-b299-42eb-94df-6982f97e663f req-589e755d-b299-42eb-94df-6982f97e663f ] Request (ImagesOneServerNegativeTestJSON:_run_cleanups): 200 GET http://10.180.1.21/compute/v2.1/servers/2d9dbf75-992d-4932-bd5d-84462494ebe8 0.072s
2025-03-06 03:23:29.888 68611 INFO tempest.lib.common.rest_client [req-5cfbfd96-df0c-433a-b512-9a0a88369d02 req-5cfbfd96-df0c-433a-b512-9a0a88369d02 ] Request (InstanceActionsTestJSON:tearDownClass): 200 GET http://10.180.1.21/compute/v2.1/servers/b0090ea8-98fe-42a0-97cc-40d7578851a9 0.093s
2025-03-06 03:23:29.898 68565 INFO tempest.lib.common.rest_client [req-09df6528-17e2-4741-a284-4fc621a564ff req-09df6528-17e2-4741-a284-4fc621a564ff ] Request (AttachVolumeShelveTestJSON:test_attach_volume_shelved_or_offload_server): 200 GET http://10.180.1.21/compute/v2.1/servers/d46f6695-7a96-4e0b-b43a-236bcb4ec519 0.069s
2025-03-06 03:23:29.942 68607 INFO tempest.lib.common.rest_client [req-3b496364-b70e-4193-ae14-73493c271117 req-3b496364-b70e-4193-ae14-73493c271117 ] Request (ImagesTestJSON:test_create_image_from_suspended_server): 200 GET http://10.180.1.21/compute/v2.1/servers/100ec1f9-6776-4832-a4c2-e9a4def0d350 0.093s
2025-03-06 03:23:29.955 68567 INFO tempest.lib.common.rest_client [req-92f2eda5-7617-4994-942d-50a6883416a2 req-92f2eda5-7617-4994-942d-50a6883416a2 ] Request (ServersAdminTestJSON:test_create_server_with_scheduling_hint): 200 GET http://10.180.1.21/compute/v2.1/servers/45ec526b-e9d8-4ea3-b0c8-af6da39b0158 0.085s
2025-03-06 03:23:30.007 68573 INFO tempest.lib.common.rest_client [req-a520afc6-a0ff-4b89-ad62-8f3fd44f7584 req-a520afc6-a0ff-4b89-ad62-8f3fd44f7584 ] Request (VolumesAssistedSnapshotsTest:tearDownClass): 200 GET http://10.180.1.21/compute/v2.1/servers/8b02c3c1-b5e9-41c1-a594-c2b0f0aa4a9c 0.087s
2025-03-06 03:23:30.017 68577 WARNING tempest.lib.common.ssh [-] Failed to establish authenticated ssh connection to cirros@10.180.180.233 ([Errno None] Unable to connect to port 22 on 10.180.180.233). Number attempts: 12. Retry after 13 seconds.: paramiko.ssh_exception.NoValidConnectionsError: [Errno None] Unable to connect to port 22 on 10.180.180.233
2025-03-06 03:23:30.028 68569 INFO tempest.lib.common.rest_client [req-ead14e42-0a0b-4cfa-b95d-d74ebf19bfbd req-ead14e42-0a0b-4cfa-b95d-d74ebf19bfbd ] Request (ServersTestMultiNic:test_verify_multiple_nics_order): 200 GET http://10.180.1.21/compute/v2.1/servers/b9ab66d7-2f94-438a-a2fc-f4b45ad1ee56 0.051s
2025-03-06 03:23:30.105 68603 INFO tempest.lib.common.rest_client [req-e098f375-1f77-48aa-a60b-976e6d93cd0c req-e098f375-1f77-48aa-a60b-976e6d93cd0c ] Request (ServerMetadataNegativeTestJSON:tearDownClass): 200 GET http://10.180.1.21/compute/v2.1/servers/d1fb6fff-b1b7-4c1b-8995-41628cadf7d5 0.064s
2025-03-06 03:23:30.116 68606 INFO tempest.lib.common.rest_client [req-6cc1571f-81f2-4f82-a656-849e6615542f req-6cc1571f-81f2-4f82-a656-849e6615542f ] Request (ServerDiskConfigTestJSON:test_rebuild_server_with_manual_disk_config): 200 GET http://10.180.1.21/compute/v2.1/servers/c9f5fbeb-28b6-4b41-9156-5b90bc19977c 0.129s
2025-03-06 03:23:30.126 68606 INFO tempest.common.waiters [-] State transition "REBUILD/rebuild_spawning" ==> "ACTIVE/None" after 11 second wait
2025-03-06 03:23:30.177 68583 INFO tempest.lib.common.rest_client [req-3b911263-26f0-46e1-b184-3ac8160778cd req-3b911263-26f0-46e1-b184-3ac8160778cd ] Request (ServersAdminNegativeTestJSON:tearDownClass): 200 GET http://10.180.1.21/compute/v2.1/servers/09ab8712-0f7a-4122-9d61-19da3e65d22b 0.129s
2025-03-06 03:23:30.181 68609 INFO tempest.lib.common.rest_client [req-169ee77a-699f-4917-a104-5d069762d1f5 req-169ee77a-699f-4917-a104-5d069762d1f5 ] Request (ServersWithSpecificFlavorTestJSON:test_verify_created_server_ephemeral_disk): 200 GET http://10.180.1.21/compute/v2.1/servers/ffa17045-fadf-47d7-9c3b-19d0d54de3fc 0.087s
2025-03-06 03:23:30.237 68597 INFO tempest.lib.common.rest_client [req-5c34c34b-6bca-434e-8545-8cbe1206964d req-5c34c34b-6bca-434e-8545-8cbe1206964d ] Request (ServersTestJSON:test_create_server_with_ipv6_addr_only): 200 GET http://10.180.1.21/compute/v2.1/servers/8c00240d-5124-4ada-bd4d-4acd39a345c8 0.135s
