2025-03-10 17:14:12.614 68736 INFO tempest.lib.common.dynamic_creds [-] Acquired dynamic creds: credentials: Credentials: {'domain_id': 'default', 'domain_name': 'Default', 'username': 'tempest-ImagesMetadataNegativeTestJSON-741419981-project-member', 'project_domain_id': 'default', 'project_domain_name': 'Default', 'project_id': '9b0e66d000684018a8ec6615d52dcced', 'project_name': 'tempest-ImagesMetadataNegativeTestJSON-741419981', 'tenant_id': '9b0e66d000684018a8ec6615d52dcced', 'tenant_name': 'tempest-ImagesMetadataNegativeTestJSON-741419981', 'user_domain_id': 'default', 'user_domain_name': 'Default', 'user_id': '2515eafa4ad444cead0fa7b63ebc6a75', 'system': None}, Network: None, Subnet: None, Router: None
2025-03-10 17:14:12.615 68736 INFO tempest.lib.common.dynamic_creds [-] Created isolated network resources for: credentials: Credentials: {'domain_id': 'default', 'domain_name': 'Default', 'username': 'tempest-ImagesMetadataNegativeTestJSON-741419981-project-member', 'project_domain_id': 'default', 'project_domain_name': 'Default', 'project_id': '9b0e66d000684018a8ec6615d52dcced', 'project_name': 'tempest-ImagesMetadataNegativeTestJSON-741419981', 'tenant_id': '9b0e66d000684018a8ec6615d52dcced', 'tenant_name': 'tempest-ImagesMetadataNegativeTestJSON-741419981', 'user_domain_id': 'default', 'user_domain_name': 'Default', 'user_id': '2515eafa4ad444cead0fa7b63ebc6a75', 'system': None}, Network: None, Subnet: None, Router: None
2025-03-10 17:14:12.673 68772 INFO tempest.lib.common.rest_client [req-c1c055bb-226f-4166-bdac-29dedbc1b417 req-c1c055bb-226f-4166-bdac-29dedbc1b417 ] Request (QuotaClassesAdminTestJSON:setUpClass): 201 POST http://10.180.1.21/identity/v3/users 0.122s
2025-03-10 17:14:12.731 68736 INFO tempest.lib.common.rest_client [req-433d3516-6ccb-405e-a389-869c81cafe40 req-433d3516-6ccb-405e-a389-869c81cafe40 ] Request (ImagesMetadataNegativeTestJSON:setUpClass): 201 POST http://10.180.1.21/identity/v3/auth/tokens 0.113s
2025-03-10 17:14:12.745 68772 INFO tempest.lib.common.rest_client [req-c93d186b-b61f-4625-8f83-8f97dd7ced19 req-c93d186b-b61f-4625-8f83-8f97dd7ced19 ] Request (QuotaClassesAdminTestJSON:setUpClass): 200 GET http://10.180.1.21/identity/v3/roles 0.071s
2025-03-10 17:14:12.776 68772 INFO tempest.lib.common.rest_client [req-b9e854c7-8833-4e46-8a23-40ada997d2e5 req-b9e854c7-8833-4e46-8a23-40ada997d2e5 ] Request (QuotaClassesAdminTestJSON:setUpClass): 204 PUT http://10.180.1.21/identity/v3/projects/35dd4915669d409e92ed9e3fa801d454/users/dac96954111742d6b109eaac6708b566/roles/78509c15e25243a594eda112b0e4ef9a 0.027s
2025-03-10 17:14:12.825 68772 INFO tempest.lib.common.rest_client [req-3ae3e17d-ff92-44af-99b4-7b6b134e4446 req-3ae3e17d-ff92-44af-99b4-7b6b134e4446 ] Request (QuotaClassesAdminTestJSON:setUpClass): 200 GET http://10.180.1.21/identity/v3/roles 0.049s
2025-03-10 17:14:12.832 68798 INFO tempest.lib.common.rest_client [req-fa539af3-8522-4270-b250-44cdf5472a61 req-fa539af3-8522-4270-b250-44cdf5472a61 ] Request (HypervisorAdminNegativeUnderV252Test:tearDownClass): 200 GET http://10.180.1.21:9696/networking/v2.0/security-groups?tenant_id=ec162a02f4394fa2973a5a99328576c4&name=default 0.640s
2025-03-10 17:14:12.836 68740 INFO tempest.lib.common.rest_client [req-4754c4b1-c33b-4f35-9de1-62c7b774873f req-4754c4b1-c33b-4f35-9de1-62c7b774873f ] Request (ListImageFiltersTestJSON:setUpClass): 204 PUT http://10.180.1.21/image/v2/images/8419eced-1ba1-4804-a21b-01d66ed5b010/file 1.442s
2025-03-10 17:14:12.846 68772 INFO tempest.lib.common.rest_client [req-653c9e1e-766b-45b6-982b-ead9457f2d40 req-653c9e1e-766b-45b6-982b-ead9457f2d40 ] Request (QuotaClassesAdminTestJSON:setUpClass): 204 PUT http://10.180.1.21/identity/v3/projects/35dd4915669d409e92ed9e3fa801d454/users/dac96954111742d6b109eaac6708b566/roles/78509c15e25243a594eda112b0e4ef9a 0.020s
2025-03-10 17:14:12.846 68772 INFO tempest.lib.common.dynamic_creds [-] Dynamic test user dac96954111742d6b109eaac6708b566 is created with scope project and roles: ['admin']
2025-03-10 17:14:12.846 68772 INFO tempest.lib.common.dynamic_creds [-] Acquired dynamic creds: credentials: Credentials: {'domain_id': 'default', 'domain_name': 'Default', 'username': 'tempest-QuotaClassesAdminTestJSON-1928567717-project-admin', 'project_domain_id': 'default', 'project_domain_name': 'Default', 'project_id': '35dd4915669d409e92ed9e3fa801d454', 'project_name': 'tempest-QuotaClassesAdminTestJSON-1928567717', 'tenant_id': '35dd4915669d409e92ed9e3fa801d454', 'tenant_name': 'tempest-QuotaClassesAdminTestJSON-1928567717', 'user_domain_id': 'default', 'user_domain_name': 'Default', 'user_id': 'dac96954111742d6b109eaac6708b566', 'system': None}, Network: None, Subnet: None, Router: None
2025-03-10 17:14:12.846 68772 INFO tempest.lib.common.dynamic_creds [-] Created isolated network resources for: credentials: Credentials: {'domain_id': 'default', 'domain_name': 'Default', 'username': 'tempest-QuotaClassesAdminTestJSON-1928567717-project-admin', 'project_domain_id': 'default', 'project_domain_name': 'Default', 'project_id': '35dd4915669d409e92ed9e3fa801d454', 'project_name': 'tempest-QuotaClassesAdminTestJSON-1928567717', 'tenant_id': '35dd4915669d409e92ed9e3fa801d454', 'tenant_name': 'tempest-QuotaClassesAdminTestJSON-1928567717', 'user_domain_id': 'default', 'user_domain_name': 'Default', 'user_id': 'dac96954111742d6b109eaac6708b566', 'system': None}, Network: None, Subnet: None, Router: None
2025-03-10 17:14:12.904 68756 INFO tempest.lib.common.rest_client [req-cfbb0c97-aa3e-4cfd-a6e7-da569dad1954 req-cfbb0c97-aa3e-4cfd-a6e7-da569dad1954 ] Request (FlavorsV255TestJSON:tearDownClass): 200 GET http://10.180.1.21:9696/networking/v2.0/security-groups?tenant_id=5ac4d170267a4e2f8725e026912f6899&name=default 0.633s
2025-03-10 17:14:12.919 68772 INFO tempest.lib.common.rest_client [req-2d9e9729-ae86-4d82-8060-74dfcf648533 req-2d9e9729-ae86-4d82-8060-74dfcf648533 ] Request (QuotaClassesAdminTestJSON:setUpClass): 201 POST http://10.180.1.21/identity/v3/auth/tokens 0.070s
2025-03-10 17:14:12.990 68798 INFO tempest.lib.common.rest_client [req-416c50bd-1dda-4a80-ac4a-dc8721f932ad req-416c50bd-1dda-4a80-ac4a-dc8721f932ad ] Request (HypervisorAdminNegativeUnderV252Test:tearDownClass): 204 DELETE http://10.180.1.21:9696/networking/v2.0/security-groups/1db9581c-3f94-4cbb-bdcf-7fca081f088c 0.158s
2025-03-10 17:14:13.052 68756 INFO tempest.lib.common.rest_client [req-0458d59a-dc01-4cdf-928e-fe338edad6ad req-0458d59a-dc01-4cdf-928e-fe338edad6ad ] Request (FlavorsV255TestJSON:tearDownClass): 204 DELETE http://10.180.1.21:9696/networking/v2.0/security-groups/20223de3-d85b-487d-8920-d18013ad79f9 0.148s
2025-03-10 17:14:13.096 68798 INFO tempest.lib.common.rest_client [req-e2d24e2b-636e-4a97-9c98-b3008594cea9 req-e2d24e2b-636e-4a97-9c98-b3008594cea9 ] Request (HypervisorAdminNegativeUnderV252Test:tearDownClass): 204 DELETE http://10.180.1.21/identity/v3/projects/ec162a02f4394fa2973a5a99328576c4 0.105s
2025-03-10 17:14:13.096 68798 INFO tempest.lib.common.dynamic_creds [-] Deleting project and security group for project: 5af48b9e301b4bbd8a0fb7b25f20d852
2025-03-10 17:14:13.115 68756 INFO tempest.lib.common.rest_client [req-0a56d7a7-8e72-486f-ad67-bd324f69ccd1 req-0a56d7a7-8e72-486f-ad67-bd324f69ccd1 ] Request (FlavorsV255TestJSON:tearDownClass): 204 DELETE http://10.180.1.21/identity/v3/projects/5ac4d170267a4e2f8725e026912f6899 0.062s
2025-03-10 17:14:13.115 68756 INFO tempest.lib.common.dynamic_creds [-] Deleting project and security group for project: 9c89750f4f3940b7ac54418eee3d518a
2025-03-10 17:14:13.207 68792 INFO tempest.lib.common.rest_client [req-1d2716f3-2348-42d9-b137-330401e5b2ef req-1d2716f3-2348-42d9-b137-330401e5b2ef ] Request (ServersTestBootFromVolume:setUpClass): 200 GET http://10.180.1.21/volume/v3/volumes/97587106-5407-4bd9-b247-646e7f1e856a 0.028s
2025-03-10 17:14:13.241 68744 INFO tempest.lib.common.rest_client [req-939c4381-da41-4d29-8ab5-ac9f4b8653e5 req-939c4381-da41-4d29-8ab5-ac9f4b8653e5 ] Request (ServersTestFqdnHostnames:setUpClass): 201 POST http://10.180.1.21:9696/networking/v2.0/routers 1.699s
2025-03-10 17:14:13.279 68798 INFO tempest.lib.common.rest_client [req-a4dc2b32-ab08-4899-b005-ca1b8fe56cf1 req-a4dc2b32-ab08-4899-b005-ca1b8fe56cf1 ] Request (HypervisorAdminNegativeUnderV252Test:tearDownClass): 200 GET http://10.180.1.21:9696/networking/v2.0/security-groups?tenant_id=5af48b9e301b4bbd8a0fb7b25f20d852&name=default 0.182s
2025-03-10 17:14:13.295 68752 INFO tempest.lib.common.rest_client [req-27eb379e-20d6-41dd-995a-765244f279df req-27eb379e-20d6-41dd-995a-765244f279df ] Request (ListServerFiltersTestJSON:setUpClass): 202 POST http://10.180.1.21/compute/v2.1/servers 1.902s
2025-03-10 17:14:13.315 68750 INFO tempest.lib.common.rest_client [req-eca3eb0c-6c9c-4fa4-9730-9ced2015dfc1 req-eca3eb0c-6c9c-4fa4-9730-9ced2015dfc1 ] Request (FlavorsAdminTestJSON:test_is_public_string_variations): 200 GET http://10.180.1.21/compute/v2.1/flavors/detail?is_public=no 1.892s
2025-03-10 17:14:13.334 68756 INFO tempest.lib.common.rest_client [req-222d1cbd-0167-47e8-9cc3-0f70c6c583c2 req-222d1cbd-0167-47e8-9cc3-0f70c6c583c2 ] Request (FlavorsV255TestJSON:tearDownClass): 200 GET http://10.180.1.21:9696/networking/v2.0/security-groups?tenant_id=9c89750f4f3940b7ac54418eee3d518a&name=default 0.218s
2025-03-10 17:14:13.340 68778 INFO tempest.lib.common.rest_client [req-e22ea836-ac2d-4229-9f6e-200a1aef2ce1 req-e22ea836-ac2d-4229-9f6e-200a1aef2ce1 ] Request (ServersTestManualDisk:setUpClass): 201 POST http://10.180.1.21:9696/networking/v2.0/routers 1.207s
2025-03-10 17:14:13.347 68746 INFO tempest.lib.common.rest_client [req-ee66a6c8-5414-4cf0-a48f-7830f95f58aa req-ee66a6c8-5414-4cf0-a48f-7830f95f58aa ] Request (AggregatesAdminNegativeTestJSON:test_aggregate_add_host_as_user): 200 POST http://10.180.1.21/compute/v2.1/os-aggregates 1.862s
2025-03-10 17:14:13.372 68786 INFO tempest.lib.common.rest_client [req-b46d19ed-7630-4d76-8dcd-cf5331ca3cb8 req-b46d19ed-7630-4d76-8dcd-cf5331ca3cb8 ] Request (FlavorsV261TestJSON:_run_cleanups): 202 DELETE http://10.180.1.21/compute/v2.1/flavors/889747031 1.865s
2025-03-10 17:14:13.373 68752 INFO tempest.lib.common.rest_client [req-479544eb-b2bb-453d-bc68-d6632e5d533d req-479544eb-b2bb-453d-bc68-d6632e5d533d ] Request (ListServerFiltersTestJSON:setUpClass): 201 POST http://10.180.1.21/identity/v3/auth/tokens 0.074s
2025-03-10 17:14:13.373 68752 INFO tempest.lib.common.fixed_network [-] (ListServerFiltersTestJSON:setUpClass) Found network {'id': '8c6be281-c519-48e8-89a9-32097ce31345', 'name': 'tempest-ListServerFiltersTestJSON-1169323629-network', 'tenant_id': '7f87ba5bed0e4036abd78c13d6bb7567', 'admin_state_up': True, 'mtu': 8950, 'status': 'ACTIVE', 'subnets': [], 'shared': False, 'project_id': '7f87ba5bed0e4036abd78c13d6bb7567', 'port_security_enabled': True, 'router:external': False, 'provider:network_type': 'vlan', 'provider:physical_network': 'default', 'provider:segmentation_id': 621, 'availability_zone_hints': [], 'availability_zones': [], 'ipv4_address_scope': None, 'ipv6_address_scope': None, 'description': '', 'tags': [], 'created_at': '2025-03-10T17:14:07Z', 'updated_at': '2025-03-10T17:14:08Z', 'revision_number': 1} available for tenant
2025-03-10 17:14:13.383 68766 INFO tempest.lib.common.rest_client [req-16cb8ff0-f71f-409f-b4ce-97a05469250e req-16cb8ff0-f71f-409f-b4ce-97a05469250e ] Request (HostsAdminNegativeTestJSON:test_show_host_detail_with_nonexistent_hostname): 404 GET http://10.180.1.21/compute/v2.1/os-hosts/nonexistent_hostname 1.868s
2025-03-10 17:14:13.396 68748 INFO tempest.lib.common.rest_client [req-2354aa6d-4ffc-45a1-ae13-d8ba9357e00d req-2354aa6d-4ffc-45a1-ae13-d8ba9357e00d ] Request (ServersWithSpecificFlavorTestJSON:test_verify_created_server_ephemeral_disk): 200 GET http://10.180.1.21/compute/v2.1/flavors/42/os-extra_specs 1.860s
2025-03-10 17:14:13.402 68790 INFO tempest.lib.common.rest_client [req-a94892a8-89ee-4588-8cab-93f910e018d3 req-a94892a8-89ee-4588-8cab-93f910e018d3 ] Request (VolumesAssistedSnapshotsTest:test_volume_assisted_snapshot_create_delete): 202 POST http://10.180.1.21/compute/v2.1/servers 2.081s
2025-03-10 17:14:13.408 68764 INFO tempest.lib.common.rest_client [req-84e9f53f-e036-4efe-8f3c-8c0a331bdd7b req-84e9f53f-e036-4efe-8f3c-8c0a331bdd7b ] Request (FlavorsExtraSpecsTestJSON:test_flavor_set_get_update_show_unset_keys): 200 GET http://10.180.1.21/compute/v2.1/flavors/1245200338/os-extra_specs 1.856s
2025-03-10 17:14:13.418 68758 INFO tempest.lib.common.rest_client [req-ca05a2d7-811e-4b04-80fb-e9865ebebbf2 req-ca05a2d7-811e-4b04-80fb-e9865ebebbf2 ] Request (FlavorsAccessNegativeTestJSON:_run_cleanups): 202 DELETE http://10.180.1.21/compute/v2.1/flavors/650030153 1.855s
2025-03-10 17:14:13.422 68780 INFO tempest.lib.common.rest_client [req-575c65c7-0cf4-4bc9-a006-097584c2ab48 req-575c65c7-0cf4-4bc9-a006-097584c2ab48 ] Request (FlavorsAccessTestJSON:_run_cleanups): 202 DELETE http://10.180.1.21/compute/v2.1/flavors/1784975882 1.834s
2025-03-10 17:14:13.488 68798 INFO tempest.lib.common.rest_client [req-dcceb730-c384-414e-b900-8c936ba94f70 req-dcceb730-c384-414e-b900-8c936ba94f70 ] Request (HypervisorAdminNegativeUnderV252Test:tearDownClass): 204 DELETE http://10.180.1.21:9696/networking/v2.0/security-groups/d926c884-71ba-4bbf-ac9d-f42b75ac5413 0.209s
2025-03-10 17:14:13.516 68768 INFO tempest.lib.common.rest_client [req-75e206ad-5368-4ee8-a1d8-8dc0b018c768 req-75e206ad-5368-4ee8-a1d8-8dc0b018c768 ] Request (ServerDiagnosticsNegativeTest:test_get_server_diagnostics_by_non_admin): 200 GET http://10.180.1.21/compute/v2.1/servers/8da50929-c46e-44e2-ac31-ee14af0055b8 1.617s
2025-03-10 17:14:13.551 68738 INFO tempest.lib.common.rest_client [req-48285f25-d08e-442f-93a3-a4ed8b4acdd3 req-48285f25-d08e-442f-93a3-a4ed8b4acdd3 ] Request (QuotasAdminNegativeTest:_run_cleanups): 200 PUT http://10.180.1.21/compute/v2.1/os-quota-sets/82da0d063d6949e6b15487ae908be3b3 1.716s
2025-03-10 17:14:13.562 68756 INFO tempest.lib.common.rest_client [req-66920069-c240-4693-8d79-f2279b4014c5 req-66920069-c240-4693-8d79-f2279b4014c5 ] Request (FlavorsV255TestJSON:tearDownClass): 204 DELETE http://10.180.1.21:9696/networking/v2.0/security-groups/0bb52df9-3e24-4927-845c-4a89b3419589 0.228s
2025-03-10 17:14:13.589 68788 INFO tempest.lib.common.rest_client [req-db069407-83d5-4aca-ba73-6304dc40a237 req-db069407-83d5-4aca-ba73-6304dc40a237 ] Request (InstanceUsageAuditLogNegativeTestJSON:test_instance_usage_audit_logs_with_nonadmin_user): 403 GET http://10.180.1.21/compute/v2.1/os-instance_usage_audit_log 1.687s
2025-03-10 17:14:13.640 68798 INFO tempest.lib.common.rest_client [req-68419a80-4e12-4539-8355-49dda0ce3d90 req-68419a80-4e12-4539-8355-49dda0ce3d90 ] Request (HypervisorAdminNegativeUnderV252Test:tearDownClass): 204 DELETE http://10.180.1.21/identity/v3/projects/5af48b9e301b4bbd8a0fb7b25f20d852 0.151s
2025-03-10 17:14:13.642 68756 INFO tempest.lib.common.rest_client [req-89c30420-f5ec-4f02-8178-017a25dce930 req-89c30420-f5ec-4f02-8178-017a25dce930 ] Request (FlavorsV255TestJSON:tearDownClass): 204 DELETE http://10.180.1.21/identity/v3/projects/9c89750f4f3940b7ac54418eee3d518a 0.079s
2025-03-10 17:14:13.695 68794 INFO tempest.lib.common.rest_client [req-0699fbb3-d2ae-499e-ac75-cb9459466488 req-0699fbb3-d2ae-499e-ac75-cb9459466488 ] Request (ServerExternalEventsTest:test_create_server_external_events): 200 GET http://10.180.1.21/compute/v2.1/servers/307d6715-7c12-4106-9384-5bb381fceb0d 1.366s
2025-03-10 17:14:13.704 68782 INFO tempest.lib.common.rest_client [req-b7d85e87-95db-426d-b2c0-74027d86462c req-b7d85e87-95db-426d-b2c0-74027d86462c ] Request (KeyPairsV2TestJSON:test_get_keypair_detail): 200 GET http://10.180.1.21/compute/v2.1/os-keypairs/tempest-keypair-106367422 1.371s
2025-03-10 17:14:13.705 68756 INFO tempest.lib.common.rest_client [req-25a07d7d-d75a-4b3c-9cc0-2cfa8e051d4c req-25a07d7d-d75a-4b3c-9cc0-2cfa8e051d4c ] Request (HypervisorAdminTestJSON:setUpClass): 201 POST http://10.180.1.21/identity/v3/auth/tokens 0.061s
2025-03-10 17:14:13.712 68798 INFO tempest.lib.common.rest_client [req-8c9d4937-99ef-47e7-bd0e-e6134b63fe33 req-8c9d4937-99ef-47e7-bd0e-e6134b63fe33 ] Request (KeyPairsV210TestJSON:setUpClass): 201 POST http://10.180.1.21/identity/v3/auth/tokens 0.070s
2025-03-10 17:14:13.746 68756 INFO tempest.lib.common.rest_client [req-04649f23-0937-4fb2-b5b6-da95749e1fba req-04649f23-0937-4fb2-b5b6-da95749e1fba ] Request (HypervisorAdminTestJSON:setUpClass): 201 POST http://10.180.1.21/identity/v3/auth/tokens 0.039s
2025-03-10 17:14:13.755 68798 INFO tempest.lib.common.rest_client [req-46c5f07c-0e55-4b75-8ccd-20624865c0ce req-46c5f07c-0e55-4b75-8ccd-20624865c0ce ] Request (KeyPairsV210TestJSON:setUpClass): 201 POST http://10.180.1.21/identity/v3/auth/tokens 0.038s
2025-03-10 17:14:13.794 68798 INFO tempest.lib.common.rest_client [req-7c0cda18-ef7d-45ef-9586-75249ea91987 req-7c0cda18-ef7d-45ef-9586-75249ea91987 ] Request (KeyPairsV210TestJSON:setUpClass): 200 GET http://10.180.1.21/identity/v3/domains?name=Default 0.038s
2025-03-10 17:14:13.796 68756 INFO tempest.lib.common.rest_client [req-a662da4b-a201-49a1-a031-c6e21cb7a534 req-a662da4b-a201-49a1-a031-c6e21cb7a534 ] Request (HypervisorAdminTestJSON:setUpClass): 200 GET http://10.180.1.21/identity/v3/domains?name=Default 0.049s
2025-03-10 17:14:13.812 68774 INFO tempest.lib.common.rest_client [req-718f66a1-74c9-4d6e-8b6c-d01949f08301 req-718f66a1-74c9-4d6e-8b6c-d01949f08301 ] Request (ImagesOneServerNegativeTestJSON:setUpClass): 200 GET http://10.180.1.21/compute/v2.1/servers/ffc98835-bb20-4213-ab2e-217858cd937b 1.419s
2025-03-10 17:14:14.012 68798 INFO tempest.lib.common.rest_client [req-eb234127-2696-4013-8caa-793d35b955a1 req-eb234127-2696-4013-8caa-793d35b955a1 ] Request (KeyPairsV210TestJSON:setUpClass): 201 POST http://10.180.1.21/identity/v3/projects 0.218s
2025-03-10 17:14:14.016 68756 INFO tempest.lib.common.rest_client [req-5ff1c1e1-072d-4efc-a31a-a7ab65b695eb req-5ff1c1e1-072d-4efc-a31a-a7ab65b695eb ] Request (HypervisorAdminTestJSON:setUpClass): 201 POST http://10.180.1.21/identity/v3/projects 0.219s
2025-03-10 17:14:14.023 68796 INFO tempest.lib.common.rest_client [req-41878d85-4578-4f55-b289-0617e162d2e0 req-41878d85-4578-4f55-b289-0617e162d2e0 ] Request (QuotasAdminTestJSON:test_delete_quota): 202 DELETE http://10.180.1.21/compute/v2.1/os-quota-sets/c8899678a2bb4bc3bbcb406f475ef54f 1.409s
2025-03-10 17:14:14.084 68756 INFO tempest.lib.common.rest_client [req-63d16c22-94f5-4e81-8430-3a9e05f57253 req-63d16c22-94f5-4e81-8430-3a9e05f57253 ] Request (HypervisorAdminTestJSON:setUpClass): 201 POST http://10.180.1.21/identity/v3/users 0.068s
2025-03-10 17:14:14.111 68798 INFO tempest.lib.common.rest_client [req-79dbc2a1-7b99-4fa5-8421-346df7ed27aa req-79dbc2a1-7b99-4fa5-8421-346df7ed27aa ] Request (KeyPairsV210TestJSON:setUpClass): 201 POST http://10.180.1.21/identity/v3/users 0.098s
2025-03-10 17:14:14.136 68756 INFO tempest.lib.common.rest_client [req-dc9d1a1a-1cd3-44a6-a816-f74e784af95c req-dc9d1a1a-1cd3-44a6-a816-f74e784af95c ] Request (HypervisorAdminTestJSON:setUpClass): 200 GET http://10.180.1.21/identity/v3/roles 0.051s
2025-03-10 17:14:14.163 68798 INFO tempest.lib.common.rest_client [req-f42434ee-f483-4ea5-9dac-a8bd574dfb1b req-f42434ee-f483-4ea5-9dac-a8bd574dfb1b ] Request (KeyPairsV210TestJSON:setUpClass): 200 GET http://10.180.1.21/identity/v3/roles 0.052s
2025-03-10 17:14:14.201 68756 INFO tempest.lib.common.rest_client [req-123b1b68-b87b-4705-aa3b-44aa5241bab8 req-123b1b68-b87b-4705-aa3b-44aa5241bab8 ] Request (HypervisorAdminTestJSON:setUpClass): 204 PUT http://10.180.1.21/identity/v3/projects/cf8a8f0cd719460eb6251a35ec70cabc/users/7f59ee150a9a40a583aa9fc63511d79e/roles/83c35c497cd041f9b0f621cfe096ecb1 0.064s
2025-03-10 17:14:14.201 68756 INFO tempest.lib.common.dynamic_creds [-] Dynamic test user 7f59ee150a9a40a583aa9fc63511d79e is created with scope project and roles: ['member']
2025-03-10 17:14:14.201 68756 INFO tempest.lib.common.dynamic_creds [-] Acquired dynamic creds: credentials: Credentials: {'domain_id': 'default', 'domain_name': 'Default', 'username': 'tempest-HypervisorAdminTestJSON-1340428385-project-member', 'project_domain_id': 'default', 'project_domain_name': 'Default', 'project_id': 'cf8a8f0cd719460eb6251a35ec70cabc', 'project_name': 'tempest-HypervisorAdminTestJSON-1340428385', 'tenant_id': 'cf8a8f0cd719460eb6251a35ec70cabc', 'tenant_name': 'tempest-HypervisorAdminTestJSON-1340428385', 'user_domain_id': 'default', 'user_domain_name': 'Default', 'user_id': '7f59ee150a9a40a583aa9fc63511d79e', 'system': None}, Network: None, Subnet: None, Router: None
2025-03-10 17:14:14.202 68756 INFO tempest.lib.common.dynamic_creds [-] Created isolated network resources for: credentials: Credentials: {'domain_id': 'default', 'domain_name': 'Default', 'username': 'tempest-HypervisorAdminTestJSON-1340428385-project-member', 'project_domain_id': 'default', 'project_domain_name': 'Default', 'project_id': 'cf8a8f0cd719460eb6251a35ec70cabc', 'project_name': 'tempest-HypervisorAdminTestJSON-1340428385', 'tenant_id': 'cf8a8f0cd719460eb6251a35ec70cabc', 'tenant_name': 'tempest-HypervisorAdminTestJSON-1340428385', 'user_domain_id': 'default', 'user_domain_name': 'Default', 'user_id': '7f59ee150a9a40a583aa9fc63511d79e', 'system': None}, Network: None, Subnet: None, Router: None
2025-03-10 17:14:14.230 68736 INFO tempest.lib.common.rest_client [req-ff52b86d-809e-45e7-b38d-bc4f1ce0aaa0 req-ff52b86d-809e-45e7-b38d-bc4f1ce0aaa0 ] Request (ImagesMetadataNegativeTestJSON:test_delete_nonexistent_image_metadata_item): 404 DELETE http://10.180.1.21/compute/v2.1/images/255eb965-ee07-41f0-a4ab-dcc339f2fda0/metadata/os_distro 1.497s
2025-03-10 17:14:14.250 68792 INFO tempest.lib.common.rest_client [req-aaa9d679-094f-487a-8a9f-6a14cc6f2622 req-aaa9d679-094f-487a-8a9f-6a14cc6f2622 ] Request (ServersTestBootFromVolume:setUpClass): 200 GET http://10.180.1.21/volume/v3/volumes/97587106-5407-4bd9-b247-646e7f1e856a 0.036s
2025-03-10 17:14:14.273 68740 INFO tempest.lib.common.rest_client [req-8bc4c21a-e832-4268-b214-5421414b4fc6 req-8bc4c21a-e832-4268-b214-5421414b4fc6 ] Request (ListImageFiltersTestJSON:setUpClass): 200 GET http://10.180.1.21/compute/v2.1/images/8419eced-1ba1-4804-a21b-01d66ed5b010 1.436s
2025-03-10 17:14:14.278 68798 INFO tempest.lib.common.rest_client [req-c564c484-1c27-46de-bb6d-bfd8cf8f651a req-c564c484-1c27-46de-bb6d-bfd8cf8f651a ] Request (KeyPairsV210TestJSON:setUpClass): 204 PUT http://10.180.1.21/identity/v3/projects/410753d4c4674f868577260e358245f3/users/3b957c864c3b43fbb55f694e337785cd/roles/83c35c497cd041f9b0f621cfe096ecb1 0.114s
2025-03-10 17:14:14.278 68798 INFO tempest.lib.common.dynamic_creds [-] Dynamic test user 3b957c864c3b43fbb55f694e337785cd is created with scope project and roles: ['member']
2025-03-10 17:14:14.278 68798 INFO tempest.lib.common.dynamic_creds [-] Acquired dynamic creds: credentials: Credentials: {'domain_id': 'default', 'domain_name': 'Default', 'username': 'tempest-KeyPairsV210TestJSON-387325223-project-member', 'project_domain_id': 'default', 'project_domain_name': 'Default', 'project_id': '410753d4c4674f868577260e358245f3', 'project_name': 'tempest-KeyPairsV210TestJSON-387325223', 'tenant_id': '410753d4c4674f868577260e358245f3', 'tenant_name': 'tempest-KeyPairsV210TestJSON-387325223', 'user_domain_id': 'default', 'user_domain_name': 'Default', 'user_id': '3b957c864c3b43fbb55f694e337785cd', 'system': None}, Network: None, Subnet: None, Router: None
2025-03-10 17:14:14.278 68798 INFO tempest.lib.common.dynamic_creds [-] Created isolated network resources for: credentials: Credentials: {'domain_id': 'default', 'domain_name': 'Default', 'username': 'tempest-KeyPairsV210TestJSON-387325223-project-member', 'project_domain_id': 'default', 'project_domain_name': 'Default', 'project_id': '410753d4c4674f868577260e358245f3', 'project_name': 'tempest-KeyPairsV210TestJSON-387325223', 'tenant_id': '410753d4c4674f868577260e358245f3', 'tenant_name': 'tempest-KeyPairsV210TestJSON-387325223', 'user_domain_id': 'default', 'user_domain_name': 'Default', 'user_id': '3b957c864c3b43fbb55f694e337785cd', 'system': None}, Network: None, Subnet: None, Router: None
2025-03-10 17:14:14.289 68756 INFO tempest.lib.common.rest_client [req-c9540b78-f590-4dae-9caa-d3b23bf6ad23 req-c9540b78-f590-4dae-9caa-d3b23bf6ad23 ] Request (HypervisorAdminTestJSON:setUpClass): 201 POST http://10.180.1.21/identity/v3/auth/tokens 0.083s
2025-03-10 17:14:14.379 68798 INFO tempest.lib.common.rest_client [req-d681ad56-9e04-4d37-be90-c621d39c3fdb req-d681ad56-9e04-4d37-be90-c621d39c3fdb ] Request (KeyPairsV210TestJSON:setUpClass): 201 POST http://10.180.1.21/identity/v3/auth/tokens 0.094s
2025-03-10 17:14:14.408 68756 INFO tempest.lib.common.rest_client [req-ebf395b7-ed49-4aac-8fc9-edba90c9b292 req-ebf395b7-ed49-4aac-8fc9-edba90c9b292 ] Request (HypervisorAdminTestJSON:setUpClass): 201 POST http://10.180.1.21/identity/v3/projects 0.119s
2025-03-10 17:14:14.424 68798 INFO tempest.lib.common.rest_client [req-c344b512-9359-4fee-872d-c102b1450a2a req-c344b512-9359-4fee-872d-c102b1450a2a ] Request (KeyPairsV210TestJSON:setUpClass): 201 POST http://10.180.1.21/identity/v3/projects 0.043s
2025-03-10 17:14:14.483 68798 INFO tempest.lib.common.rest_client [req-c9b9d671-c181-4077-938f-a6ffb2d8f4f1 req-c9b9d671-c181-4077-938f-a6ffb2d8f4f1 ] Request (KeyPairsV210TestJSON:setUpClass): 201 POST http://10.180.1.21/identity/v3/users 0.058s
2025-03-10 17:14:14.491 68770 INFO tempest.lib.common.rest_client [req-bbc9cead-a443-40de-b54e-505c52946e1e req-bbc9cead-a443-40de-b54e-505c52946e1e ] Request (ServerDiagnosticsTest:test_get_server_diagnostics): 200 GET http://10.180.1.21/compute/v2.1/servers/1d89390b-acab-4995-a3bd-006d6316fd6d 1.504s
2025-03-10 17:14:14.502 68798 INFO tempest.lib.common.rest_client [req-1b87cd64-01b6-48cd-ab21-52c355f3763f req-1b87cd64-01b6-48cd-ab21-52c355f3763f ] Request (KeyPairsV210TestJSON:setUpClass): 200 GET http://10.180.1.21/identity/v3/roles 0.018s
2025-03-10 17:14:14.503 68770 INFO tempest.common.waiters [-] State transition "BUILD/networking" ==> "BUILD/spawning" after 7 second wait
2025-03-10 17:14:14.503 68756 INFO tempest.lib.common.rest_client [req-42fe214d-694e-494e-82e9-cf7ae8eaefd1 req-42fe214d-694e-494e-82e9-cf7ae8eaefd1 ] Request (HypervisorAdminTestJSON:setUpClass): 201 POST http://10.180.1.21/identity/v3/users 0.094s
2025-03-10 17:14:14.529 68798 INFO tempest.lib.common.rest_client [req-fa3a04f7-197a-43a6-8346-c41c43c1af3e req-fa3a04f7-197a-43a6-8346-c41c43c1af3e ] Request (KeyPairsV210TestJSON:setUpClass): 204 PUT http://10.180.1.21/identity/v3/projects/de0ac3ea165f49a2bdb1640663f9a985/users/91443c1a63734b8db6428517ad518609/roles/78509c15e25243a594eda112b0e4ef9a 0.027s
2025-03-10 17:14:14.536 68756 INFO tempest.lib.common.rest_client [req-1e5c20eb-a6d8-43c8-9153-47cf29c492da req-1e5c20eb-a6d8-43c8-9153-47cf29c492da ] Request (HypervisorAdminTestJSON:setUpClass): 200 GET http://10.180.1.21/identity/v3/roles 0.033s
2025-03-10 17:14:14.593 68798 INFO tempest.lib.common.rest_client [req-2bcc97a4-267e-4baa-a2f0-6b78f3f388c3 req-2bcc97a4-267e-4baa-a2f0-6b78f3f388c3 ] Request (KeyPairsV210TestJSON:setUpClass): 200 GET http://10.180.1.21/identity/v3/roles 0.062s
2025-03-10 17:14:14.605 68756 INFO tempest.lib.common.rest_client [req-2d71097e-b37b-4fc2-9705-a5f96c09cbca req-2d71097e-b37b-4fc2-9705-a5f96c09cbca ] Request (HypervisorAdminTestJSON:setUpClass): 204 PUT http://10.180.1.21/identity/v3/projects/b03f66725b3a47eeb8cb179751ff2c16/users/f7fcffca42104a0284eaac2091e352c9/roles/78509c15e25243a594eda112b0e4ef9a 0.068s
2025-03-10 17:14:14.656 68798 INFO tempest.lib.common.rest_client [req-06844607-8821-4b86-9cfe-a2460deab4c3 req-06844607-8821-4b86-9cfe-a2460deab4c3 ] Request (KeyPairsV210TestJSON:setUpClass): 204 PUT http://10.180.1.21/identity/v3/projects/de0ac3ea165f49a2bdb1640663f9a985/users/91443c1a63734b8db6428517ad518609/roles/78509c15e25243a594eda112b0e4ef9a 0.063s
2025-03-10 17:14:14.657 68798 INFO tempest.lib.common.dynamic_creds [-] Dynamic test user 91443c1a63734b8db6428517ad518609 is created with scope project and roles: ['admin']
2025-03-10 17:14:14.657 68798 INFO tempest.lib.common.dynamic_creds [-] Acquired dynamic creds: credentials: Credentials: {'domain_id': 'default', 'domain_name': 'Default', 'username': 'tempest-KeyPairsV210TestJSON-419582661-project-admin', 'project_domain_id': 'default', 'project_domain_name': 'Default', 'project_id': 'de0ac3ea165f49a2bdb1640663f9a985', 'project_name': 'tempest-KeyPairsV210TestJSON-419582661', 'tenant_id': 'de0ac3ea165f49a2bdb1640663f9a985', 'tenant_name': 'tempest-KeyPairsV210TestJSON-419582661', 'user_domain_id': 'default', 'user_domain_name': 'Default', 'user_id': '91443c1a63734b8db6428517ad518609', 'system': None}, Network: None, Subnet: None, Router: None
2025-03-10 17:14:14.657 68798 INFO tempest.lib.common.dynamic_creds [-] Created isolated network resources for: credentials: Credentials: {'domain_id': 'default', 'domain_name': 'Default', 'username': 'tempest-KeyPairsV210TestJSON-419582661-project-admin', 'project_domain_id': 'default', 'project_domain_name': 'Default', 'project_id': 'de0ac3ea165f49a2bdb1640663f9a985', 'project_name': 'tempest-KeyPairsV210TestJSON-419582661', 'tenant_id': 'de0ac3ea165f49a2bdb1640663f9a985', 'tenant_name': 'tempest-KeyPairsV210TestJSON-419582661', 'user_domain_id': 'default', 'user_domain_name': 'Default', 'user_id': '91443c1a63734b8db6428517ad518609', 'system': None}, Network: None, Subnet: None, Router: None
2025-03-10 17:14:14.658 68756 INFO tempest.lib.common.rest_client [req-92aea7ae-6128-4b26-b1d0-4079e6f1cac7 req-92aea7ae-6128-4b26-b1d0-4079e6f1cac7 ] Request (HypervisorAdminTestJSON:setUpClass): 200 GET http://10.180.1.21/identity/v3/roles 0.053s
2025-03-10 17:14:14.701 68776 INFO tempest.lib.common.rest_client [req-884af96b-f814-4f36-9061-8aa3bc2f218b req-884af96b-f814-4f36-9061-8aa3bc2f218b ] Request (ServersAdminNegativeTestJSON:setUpClass): 200 GET http://10.180.1.21/compute/v2.1/servers/8701a32f-e784-418a-ae13-87b1330e8c27 1.658s
2025-03-10 17:14:14.711 68756 INFO tempest.lib.common.rest_client [req-bea5573e-e4e8-4b46-bab9-ce282bf95d67 req-bea5573e-e4e8-4b46-bab9-ce282bf95d67 ] Request (HypervisorAdminTestJSON:setUpClass): 204 PUT http://10.180.1.21/identity/v3/projects/b03f66725b3a47eeb8cb179751ff2c16/users/f7fcffca42104a0284eaac2091e352c9/roles/78509c15e25243a594eda112b0e4ef9a 0.053s
2025-03-10 17:14:14.712 68756 INFO tempest.lib.common.dynamic_creds [-] Dynamic test user f7fcffca42104a0284eaac2091e352c9 is created with scope project and roles: ['admin']
2025-03-10 17:14:14.712 68756 INFO tempest.lib.common.dynamic_creds [-] Acquired dynamic creds: credentials: Credentials: {'domain_id': 'default', 'domain_name': 'Default', 'username': 'tempest-HypervisorAdminTestJSON-1953085156-project-admin', 'project_domain_id': 'default', 'project_domain_name': 'Default', 'project_id': 'b03f66725b3a47eeb8cb179751ff2c16', 'project_name': 'tempest-HypervisorAdminTestJSON-1953085156', 'tenant_id': 'b03f66725b3a47eeb8cb179751ff2c16', 'tenant_name': 'tempest-HypervisorAdminTestJSON-1953085156', 'user_domain_id': 'default', 'user_domain_name': 'Default', 'user_id': 'f7fcffca42104a0284eaac2091e352c9', 'system': None}, Network: None, Subnet: None, Router: None
2025-03-10 17:14:14.712 68756 INFO tempest.lib.common.dynamic_creds [-] Created isolated network resources for: credentials: Credentials: {'domain_id': 'default', 'domain_name': 'Default', 'username': 'tempest-HypervisorAdminTestJSON-1953085156-project-admin', 'project_domain_id': 'default', 'project_domain_name': 'Default', 'project_id': 'b03f66725b3a47eeb8cb179751ff2c16', 'project_name': 'tempest-HypervisorAdminTestJSON-1953085156', 'tenant_id': 'b03f66725b3a47eeb8cb179751ff2c16', 'tenant_name': 'tempest-HypervisorAdminTestJSON-1953085156', 'user_domain_id': 'default', 'user_domain_name': 'Default', 'user_id': 'f7fcffca42104a0284eaac2091e352c9', 'system': None}, Network: None, Subnet: None, Router: None
2025-03-10 17:14:14.724 68798 INFO tempest.lib.common.rest_client [req-8abda136-8cd4-43ae-a0b7-6d1b77b398bc req-8abda136-8cd4-43ae-a0b7-6d1b77b398bc ] Request (KeyPairsV210TestJSON:setUpClass): 201 POST http://10.180.1.21/identity/v3/auth/tokens 0.065s
2025-03-10 17:14:14.786 68756 INFO tempest.lib.common.rest_client [req-11526e01-f779-4c9f-a80e-87d50e666054 req-11526e01-f779-4c9f-a80e-87d50e666054 ] Request (HypervisorAdminTestJSON:setUpClass): 201 POST http://10.180.1.21/identity/v3/auth/tokens 0.067s
2025-03-10 17:14:14.838 68750 INFO tempest.lib.common.rest_client [req-15de7a19-3356-495c-bca0-9b0b46ad97d2 req-15de7a19-3356-495c-bca0-9b0b46ad97d2 ] Request (FlavorsAdminTestJSON:test_is_public_string_variations): 200 GET http://10.180.1.21/compute/v2.1/flavors/detail?is_public=0 1.519s
2025-03-10 17:14:14.916 68742 INFO tempest.lib.common.rest_client [req-8472e8cb-b882-438b-bf7b-e656e317cf12 req-8472e8cb-b882-438b-bf7b-e656e317cf12 ] Request (DeleteServersAdminTestJSON:test_admin_delete_servers_of_others): 200 GET http://10.180.1.21/compute/v2.1/servers/3bba8c74-80c8-41d2-92af-3b619185197e 1.582s
2025-03-10 17:14:14.992 68746 INFO tempest.lib.common.rest_client [req-8180e3c5-7437-40e3-bafd-c6ee23b9a8ec req-8180e3c5-7437-40e3-bafd-c6ee23b9a8ec ] Request (AggregatesAdminNegativeTestJSON:test_aggregate_add_host_as_user): 403 POST http://10.180.1.21/compute/v2.1/os-aggregates/2/action 1.640s
2025-03-10 17:14:15.023 68786 INFO tempest.lib.common.rest_client [req-c336e484-d66d-4b19-ad56-ae1ae56d6c4d req-c336e484-d66d-4b19-ad56-ae1ae56d6c4d ] Request (FlavorsV261TestJSON:_run_cleanups): 200 GET http://10.180.1.21/compute/v2.1/flavors/detail 1.650s
2025-03-10 17:14:15.091 68778 INFO tempest.lib.common.rest_client [req-5a89f09b-c873-4a48-8a30-883d411d7f94 req-5a89f09b-c873-4a48-8a30-883d411d7f94 ] Request (ServersTestManualDisk:setUpClass): 200 PUT http://10.180.1.21:9696/networking/v2.0/routers/45e95eb7-6748-49f6-a24a-28f918cda329/add_router_interface 1.750s
2025-03-10 17:14:15.091 68778 INFO tempest.lib.common.dynamic_creds [-] Created isolated network resources for: credentials: Credentials: {'domain_id': 'default', 'domain_name': 'Default', 'username': 'tempest-ServersTestManualDisk-1176074466-project-member', 'project_domain_id': 'default', 'project_domain_name': 'Default', 'project_id': '57ebd65cebe24e8d8e698cc2cf042193', 'project_name': 'tempest-ServersTestManualDisk-1176074466', 'tenant_id': '57ebd65cebe24e8d8e698cc2cf042193', 'tenant_name': 'tempest-ServersTestManualDisk-1176074466', 'user_domain_id': 'default', 'user_domain_name': 'Default', 'user_id': '69cb40ec48c745de95d3506d54c4ea45', 'system': None}, Network: {'id': 'f45cf817-a5c4-41c4-b058-a2b3b1c4a3be', 'name': 'tempest-ServersTestManualDisk-953212579-network', 'tenant_id': '57ebd65cebe24e8d8e698cc2cf042193', 'admin_state_up': True, 'mtu': 8950, 'status': 'ACTIVE', 'subnets': [], 'shared': False, 'project_id': '57ebd65cebe24e8d8e698cc2cf042193', 'port_security_enabled': True, 'router:external': False, 'provider:network_type': 'vlan', 'provider:physical_network': 'default', 'provider:segmentation_id': 540, 'availability_zone_hints': [], 'availability_zones': [], 'ipv4_address_scope': None, 'ipv6_address_scope': None, 'description': '', 'tags': [], 'created_at': '2025-03-10T17:14:11Z', 'updated_at': '2025-03-10T17:14:11Z', 'revision_number': 1}, Subnet: {'id': '72eb49c5-ef5e-4a23-b94b-fc0d02f8bb30', 'name': 'tempest-ServersTestManualDisk-953212579-subnet', 'tenant_id': '57ebd65cebe24e8d8e698cc2cf042193', 'network_id': 'f45cf817-a5c4-41c4-b058-a2b3b1c4a3be', 'ip_version': 4, 'subnetpool_id': None, 'enable_dhcp': True, 'ipv6_ra_mode': None, 'ipv6_address_mode': None, 'gateway_ip': '192.168.128.1', 'cidr': '192.168.128.0/28', 'allocation_pools': [{'start': '192.168.128.2', 'end': '192.168.128.14'}], 'host_routes': [], 'dns_nameservers': [], 'description': '', 'router:external': False, 'service_types': [], 'tags': [], 'created_at': '2025-03-10T17:14:11Z', 'updated_at': '2025-03-10T17:14:11Z', 'revision_number': 0, 'project_id': '57ebd65cebe24e8d8e698cc2cf042193'}, Router: {'id': '45e95eb7-6748-49f6-a24a-28f918cda329', 'name': 'tempest-ServersTestManualDisk-953212579-router', 'tenant_id': '57ebd65cebe24e8d8e698cc2cf042193', 'admin_state_up': True, 'status': 'ACTIVE', 'external_gateway_info': {'network_id': 'b3b1f5a8-3f32-46f1-ada2-0de13853b9fb', 'external_fixed_ips': [{'subnet_id': '214e261d-b207-45a8-94c7-1cf457794752', 'ip_address': '10.180.180.219'}], 'enable_snat': True}, 'description': '', 'availability_zones': [], 'distributed': False, 'ha': False, 'availability_zone_hints': [], 'routes': [], 'flavor_id': None, 'tags': [], 'created_at': '2025-03-10T17:14:12Z', 'updated_at': '2025-03-10T17:14:12Z', 'revision_number': 2, 'project_id': '57ebd65cebe24e8d8e698cc2cf042193'}
2025-03-10 17:14:15.152 68786 INFO tempest.lib.common.rest_client [req-33039aa7-581d-40a1-9149-895d2448672a req-33039aa7-581d-40a1-9149-895d2448672a ] Request (FlavorsV261TestJSON:tearDownClass): 204 DELETE http://10.180.1.21/identity/v3/users/f2532cb805ed4f588b47153f8c9b2b80 0.113s
2025-03-10 17:14:15.173 68778 INFO tempest.lib.common.rest_client [req-1a522c09-6ee7-4e90-8fe2-f5da4533bac8 req-1a522c09-6ee7-4e90-8fe2-f5da4533bac8 ] Request (ServersTestManualDisk:setUpClass): 201 POST http://10.180.1.21/identity/v3/auth/tokens 0.074s
2025-03-10 17:14:15.258 68786 INFO tempest.lib.common.rest_client [req-06ae0a28-af08-4dc4-bdb5-f4bf318be0df req-06ae0a28-af08-4dc4-bdb5-f4bf318be0df ] Request (FlavorsV261TestJSON:tearDownClass): 204 DELETE http://10.180.1.21/identity/v3/users/ee3b57cedcbb432fa5e1242fdf830c81 0.105s
2025-03-10 17:14:15.258 68786 INFO tempest.lib.common.dynamic_creds [-] Deleting project and security group for project: e31e7e482d234d25a1ca9c6fd48cf36f
2025-03-10 17:14:15.294 68792 INFO tempest.lib.common.rest_client [req-2fb82446-7dbf-4c92-8486-e0e35b0417b1 req-2fb82446-7dbf-4c92-8486-e0e35b0417b1 ] Request (ServersTestBootFromVolume:setUpClass): 200 GET http://10.180.1.21/volume/v3/volumes/97587106-5407-4bd9-b247-646e7f1e856a 0.034s
2025-03-10 17:14:15.325 68786 INFO tempest.lib.common.rest_client [req-9c9e6090-318e-430b-ad31-6e468f2a264f req-9c9e6090-318e-430b-ad31-6e468f2a264f ] Request (FlavorsV261TestJSON:tearDownClass): 201 POST http://10.180.1.21/identity/v3/auth/tokens 0.066s
2025-03-10 17:14:15.554 68786 INFO tempest.lib.common.rest_client [req-c8d35ae8-676f-43a0-9c6f-b29dcb15c7ad req-c8d35ae8-676f-43a0-9c6f-b29dcb15c7ad ] Request (FlavorsV261TestJSON:tearDownClass): 200 GET http://10.180.1.21:9696/networking/v2.0/security-groups?tenant_id=e31e7e482d234d25a1ca9c6fd48cf36f&name=default 0.229s
2025-03-10 17:14:15.574 68752 INFO tempest.lib.common.rest_client [req-f71403c7-5543-476a-8f2e-1056f6495df1 req-f71403c7-5543-476a-8f2e-1056f6495df1 ] Request (ListServerFiltersTestJSON:setUpClass): 202 POST http://10.180.1.21/compute/v2.1/servers 2.196s
2025-03-10 17:14:15.583 68766 INFO tempest.lib.common.rest_client [req-c680e279-04ca-46f4-ae9e-4ae7956a59b4 req-c680e279-04ca-46f4-ae9e-4ae7956a59b4 ] Request (HostsAdminNegativeTestJSON:test_shutdown_host_with_non_admin_user): 403 GET http://10.180.1.21/compute/v2.1/os-hosts/devstack/shutdown 2.199s
2025-03-10 17:14:15.616 68748 INFO tempest.lib.common.rest_client [req-1d4958dd-7507-47db-adae-4963674710ee req-1d4958dd-7507-47db-adae-4963674710ee ] Request (ServersWithSpecificFlavorTestJSON:test_verify_created_server_ephemeral_disk): 200 POST http://10.180.1.21/compute/v2.1/flavors/1835733166/os-extra_specs 2.218s
2025-03-10 17:14:15.646 68744 INFO tempest.lib.common.rest_client [req-811766f4-4f0f-4bd6-ab6a-8d4453b2455a req-811766f4-4f0f-4bd6-ab6a-8d4453b2455a ] Request (ServersTestFqdnHostnames:setUpClass): 200 PUT http://10.180.1.21:9696/networking/v2.0/routers/d39f0e44-dd97-444c-bfdf-2d506bf986b5/add_router_interface 2.405s
2025-03-10 17:14:15.647 68744 INFO tempest.lib.common.dynamic_creds [-] Created isolated network resources for: credentials: Credentials: {'domain_id': 'default', 'domain_name': 'Default', 'username': 'tempest-ServersTestFqdnHostnames-1628656770-project-member', 'project_domain_id': 'default', 'project_domain_name': 'Default', 'project_id': 'd7964b924e594908bdd55d8df1ac5763', 'project_name': 'tempest-ServersTestFqdnHostnames-1628656770', 'tenant_id': 'd7964b924e594908bdd55d8df1ac5763', 'tenant_name': 'tempest-ServersTestFqdnHostnames-1628656770', 'user_domain_id': 'default', 'user_domain_name': 'Default', 'user_id': 'bd256a384b304f3ca3911d16f3ae26c6', 'system': None}, Network: {'id': 'c76951ec-2b7a-4a6c-88cf-b310e27ab633', 'name': 'tempest-ServersTestFqdnHostnames-1023731844-network', 'tenant_id': 'd7964b924e594908bdd55d8df1ac5763', 'admin_state_up': True, 'mtu': 8950, 'status': 'ACTIVE', 'subnets': [], 'shared': False, 'project_id': 'd7964b924e594908bdd55d8df1ac5763', 'port_security_enabled': True, 'router:external': False, 'provider:network_type': 'vlan', 'provider:physical_network': 'default', 'provider:segmentation_id': 492, 'availability_zone_hints': [], 'availability_zones': [], 'ipv4_address_scope': None, 'ipv6_address_scope': None, 'description': '', 'tags': [], 'created_at': '2025-03-10T17:14:11Z', 'updated_at': '2025-03-10T17:14:11Z', 'revision_number': 1}, Subnet: {'id': '6983b08c-e898-4b94-85a2-e92cb0e22eaa', 'name': 'tempest-ServersTestFqdnHostnames-1023731844-subnet', 'tenant_id': 'd7964b924e594908bdd55d8df1ac5763', 'network_id': 'c76951ec-2b7a-4a6c-88cf-b310e27ab633', 'ip_version': 4, 'subnetpool_id': None, 'enable_dhcp': True, 'ipv6_ra_mode': None, 'ipv6_address_mode': None, 'gateway_ip': '192.168.128.1', 'cidr': '192.168.128.0/28', 'allocation_pools': [{'start': '192.168.128.2', 'end': '192.168.128.14'}], 'host_routes': [], 'dns_nameservers': [], 'description': '', 'router:external': False, 'service_types': [], 'tags': [], 'created_at': '2025-03-10T17:14:11Z', 'updated_at': '2025-03-10T17:14:11Z', 'revision_number': 0, 'project_id': 'd7964b924e594908bdd55d8df1ac5763'}, Router: {'id': 'd39f0e44-dd97-444c-bfdf-2d506bf986b5', 'name': 'tempest-ServersTestFqdnHostnames-1023731844-router', 'tenant_id': 'd7964b924e594908bdd55d8df1ac5763', 'admin_state_up': True, 'status': 'ACTIVE', 'external_gateway_info': {'network_id': 'b3b1f5a8-3f32-46f1-ada2-0de13853b9fb', 'external_fixed_ips': [{'subnet_id': '214e261d-b207-45a8-94c7-1cf457794752', 'ip_address': '10.180.180.181'}], 'enable_snat': True}, 'description': '', 'availability_zones': [], 'distributed': False, 'ha': False, 'availability_zone_hints': [], 'routes': [], 'flavor_id': None, 'tags': [], 'created_at': '2025-03-10T17:14:11Z', 'updated_at': '2025-03-10T17:14:12Z', 'revision_number': 2, 'project_id': 'd7964b924e594908bdd55d8df1ac5763'}
2025-03-10 17:14:15.703 68786 INFO tempest.lib.common.rest_client [req-8cf49271-4e2f-43c1-bfe2-abf13c65ebce req-8cf49271-4e2f-43c1-bfe2-abf13c65ebce ] Request (FlavorsV261TestJSON:tearDownClass): 204 DELETE http://10.180.1.21:9696/networking/v2.0/security-groups/4585a816-67d2-447e-a9f2-5e6b3ed4eada 0.149s
2025-03-10 17:14:15.715 68790 INFO tempest.lib.common.rest_client [req-0e7e94ff-82f7-4ab1-b76f-ef9a9fe5fa98 req-0e7e94ff-82f7-4ab1-b76f-ef9a9fe5fa98 ] Request (VolumesAssistedSnapshotsTest:test_volume_assisted_snapshot_create_delete): 200 GET http://10.180.1.21/compute/v2.1/servers/53ea1e0b-8f00-4f0f-805e-05c81e06f05a 2.310s
2025-03-10 17:14:15.751 68764 INFO tempest.lib.common.rest_client [req-897e7212-7f30-4972-8325-b3213e12ed79 req-897e7212-7f30-4972-8325-b3213e12ed79 ] Request (FlavorsExtraSpecsTestJSON:test_flavor_set_get_update_show_unset_keys): 200 PUT http://10.180.1.21/compute/v2.1/flavors/1245200338/os-extra_specs/hw:numa_nodes 2.343s
2025-03-10 17:14:15.767 68744 INFO tempest.lib.common.rest_client [req-4570e4a2-ade0-4575-a2e3-7e34137fca2f req-4570e4a2-ade0-4575-a2e3-7e34137fca2f ] Request (ServersTestFqdnHostnames:setUpClass): 201 POST http://10.180.1.21/identity/v3/auth/tokens 0.113s
2025-03-10 17:14:15.779 68758 INFO tempest.lib.common.rest_client [req-c4d8427f-fdc6-4ae1-b1ba-431d7f71a49a req-c4d8427f-fdc6-4ae1-b1ba-431d7f71a49a ] Request (FlavorsAccessNegativeTestJSON:_run_cleanups): 200 GET http://10.180.1.21/compute/v2.1/flavors/detail 2.357s
2025-03-10 17:14:15.807 68786 INFO tempest.lib.common.rest_client [req-5c9de896-4edf-4e50-afdd-04b0a67418f0 req-5c9de896-4edf-4e50-afdd-04b0a67418f0 ] Request (FlavorsV261TestJSON:tearDownClass): 204 DELETE http://10.180.1.21/identity/v3/projects/e31e7e482d234d25a1ca9c6fd48cf36f 0.103s
2025-03-10 17:14:15.807 68786 INFO tempest.lib.common.dynamic_creds [-] Deleting project and security group for project: 459f7a768f0d4545876c7c8703d2d1c2
2025-03-10 17:14:15.809 68780 INFO tempest.lib.common.rest_client [req-33674b8c-22ad-46f2-af64-2843a14004b8 req-33674b8c-22ad-46f2-af64-2843a14004b8 ] Request (FlavorsAccessTestJSON:_run_cleanups): 200 GET http://10.180.1.21/compute/v2.1/flavors/detail 2.387s
2025-03-10 17:14:15.927 68786 INFO tempest.lib.common.rest_client [req-a6cae21e-913d-44a4-87b8-bd2f945be979 req-a6cae21e-913d-44a4-87b8-bd2f945be979 ] Request (FlavorsV261TestJSON:tearDownClass): 200 GET http://10.180.1.21:9696/networking/v2.0/security-groups?tenant_id=459f7a768f0d4545876c7c8703d2d1c2&name=default 0.119s
2025-03-10 17:14:15.935 68784 INFO tempest.lib.common.rest_client [req-212f1f54-7a53-4508-82bd-13b2f9ee312d req-212f1f54-7a53-4508-82bd-13b2f9ee312d ] Request (ServerRescueTestJSON:setUpClass): 200 GET http://10.180.1.21/compute/v2.1/servers/7a9f7ade-ad54-4517-acf8-70fced073c77 2.386s
2025-03-10 17:14:15.944 68784 INFO tempest.common.waiters [-] State transition "BUILD/None" ==> "BUILD/spawning" after 8 second wait
2025-03-10 17:14:16.062 68738 INFO tempest.lib.common.rest_client [req-c4cb54b6-4dd6-4913-9a3e-648ad87f6e27 req-c4cb54b6-4dd6-4913-9a3e-648ad87f6e27 ] Request (QuotasAdminNegativeTest:test_create_server_when_memory_quota_is_full): 200 GET http://10.180.1.21/compute/v2.1/os-quota-sets/82da0d063d6949e6b15487ae908be3b3 2.507s
2025-03-10 17:14:16.064 68786 INFO tempest.lib.common.rest_client [req-2b178531-daab-48d6-bf84-bff29684d8e2 req-2b178531-daab-48d6-bf84-bff29684d8e2 ] Request (FlavorsV261TestJSON:tearDownClass): 204 DELETE http://10.180.1.21:9696/networking/v2.0/security-groups/3e70341a-4653-4501-b4da-b26120752624 0.137s
2025-03-10 17:14:16.076 68788 INFO tempest.lib.common.rest_client [req-d1f3ff59-9ca9-452b-8fbc-d9942c8b72d4 req-d1f3ff59-9ca9-452b-8fbc-d9942c8b72d4 ] Request (InstanceUsageAuditLogNegativeTestJSON:test_instance_usage_audit_logs_with_nonadmin_user): 403 GET http://10.180.1.21/compute/v2.1/os-instance_usage_audit_log/2025-03-10%2017%3A14%3A13 2.486s
2025-03-10 17:14:16.102 68782 INFO tempest.lib.common.rest_client [req-467aea8d-80c1-4759-b50d-06eee40e0769 req-467aea8d-80c1-4759-b50d-06eee40e0769 ] Request (KeyPairsV2TestJSON:_run_cleanups): 202 DELETE http://10.180.1.21/compute/v2.1/os-keypairs/tempest-keypair-106367422 2.395s
2025-03-10 17:14:16.126 68762 INFO tempest.lib.common.rest_client [req-ab2e0270-4f5c-4690-8656-650abb8e76be req-ab2e0270-4f5c-4690-8656-650abb8e76be ] Request (SecurityGroupsTestAdminJSON:test_list_security_groups_list_all_tenants_filter): 200 GET http://10.180.1.21/compute/v2.1/os-security-groups?all_tenants=true 3.867s
2025-03-10 17:14:16.162 68736 INFO tempest.lib.common.rest_client [req-d236c830-c71b-4654-b1ce-83bd22ecbfc6 req-d236c830-c71b-4654-b1ce-83bd22ecbfc6 ] Request (ImagesMetadataNegativeTestJSON:test_get_nonexistent_image_metadata_item): 404 GET http://10.180.1.21/compute/v2.1/images/6b76451e-0553-4370-87be-6ebd533f0108/metadata/os_version 1.930s
2025-03-10 17:14:16.207 68740 INFO tempest.lib.common.rest_client [req-88f90678-0da8-4629-9583-3870470d82bc req-88f90678-0da8-4629-9583-3870470d82bc ] Request (ListImageFiltersTestJSON:setUpClass): 200 GET http://10.180.1.21/compute/v2.1/images/8419eced-1ba1-4804-a21b-01d66ed5b010 1.929s
2025-03-10 17:14:16.226 68786 INFO tempest.lib.common.rest_client [req-5715b867-e193-4dbd-8463-d5b451012204 req-5715b867-e193-4dbd-8463-d5b451012204 ] Request (FlavorsV261TestJSON:tearDownClass): 204 DELETE http://10.180.1.21/identity/v3/projects/459f7a768f0d4545876c7c8703d2d1c2 0.162s
2025-03-10 17:14:16.227 68786 INFO tempest.test [-] raised in LiveMigrationTest.setUpClass. Invoking tearDownClass.
2025-03-10 17:14:16.239 68788 INFO tempest.lib.common.rest_client [req-da59c91e-14ec-4391-b7ef-c83ed2c18680 req-da59c91e-14ec-4391-b7ef-c83ed2c18680 ] Request (InstanceUsageAuditLogNegativeTestJSON:tearDownClass): 204 DELETE http://10.180.1.21/identity/v3/users/17d994cec40a4e5a9504ed55b00914b9 0.162s
2025-03-10 17:14:16.340 68792 INFO tempest.lib.common.rest_client [req-c31a6d6d-390d-4217-8ebb-6eb98470e181 req-c31a6d6d-390d-4217-8ebb-6eb98470e181 ] Request (ServersTestBootFromVolume:setUpClass): 200 GET http://10.180.1.21/volume/v3/volumes/97587106-5407-4bd9-b247-646e7f1e856a 0.038s
2025-03-10 17:14:16.358 68796 INFO tempest.lib.common.rest_client [req-51e2da39-612e-408f-9ef6-67e89319e756 req-51e2da39-612e-408f-9ef6-67e89319e756 ] Request (QuotasAdminTestJSON:test_delete_quota): 200 GET http://10.180.1.21/compute/v2.1/os-quota-sets/c8899678a2bb4bc3bbcb406f475ef54f 2.334s
2025-03-10 17:14:16.360 68786 INFO tempest.lib.common.rest_client [req-5f454834-e949-4580-9ffe-88efae09dc5b req-5f454834-e949-4580-9ffe-88efae09dc5b ] Request (ServerActionsV293TestJSON:setUpClass): 201 POST http://10.180.1.21/identity/v3/auth/tokens 0.128s
2025-03-10 17:14:16.422 68794 INFO tempest.lib.common.rest_client [req-2e944a53-7054-4030-a6e4-f85d5364d3c4 req-2e944a53-7054-4030-a6e4-f85d5364d3c4 ] Request (ServerExternalEventsTest:test_create_server_external_events): 200 GET http://10.180.1.21/compute/v2.1/servers/307d6715-7c12-4106-9384-5bb381fceb0d 1.718s
