2025-03-10 17:15:54.115 68760 INFO tempest.lib.common.rest_client [req-ef9e6ba3-d54e-4982-b811-8008f07992f7 req-ef9e6ba3-d54e-4982-b811-8008f07992f7 ] Request (ServerActionsTestOtherA:setUpClass): 200 GET http://10.180.1.21/compute/v2.1/servers/1d581ed1-d175-46b9-bf25-83a6c4e4be0f 0.431s
2025-03-10 17:15:54.189 68752 INFO tempest.lib.common.rest_client [req-8ba10757-6201-4740-a0da-b49cf74e8332 req-8ba10757-6201-4740-a0da-b49cf74e8332 ] Request (ListServerFiltersTestJSON:tearDownClass): 204 DELETE http://10.180.1.21:9696/networking/v2.0/security-groups/26d71b13-92ea-495f-aa58-8adb3c127bde 0.207s
2025-03-10 17:15:54.309 68788 INFO tempest.lib.common.rest_client [req-ac988c01-4421-4f54-be52-731a2d5d551f req-ac988c01-4421-4f54-be52-731a2d5d551f ] Request (ImagesOneServerTestJSON:test_create_image_specify_multibyte_character_image_name): 200 GET http://10.180.1.21/compute/v2.1/servers/680a5bb1-ac39-481f-9986-f33d0661bf32 0.596s
2025-03-10 17:15:54.316 68752 INFO tempest.lib.common.rest_client [req-37e6e96b-f2e2-4f79-a617-efad50c39ca9 req-37e6e96b-f2e2-4f79-a617-efad50c39ca9 ] Request (ListServerFiltersTestJSON:tearDownClass): 204 DELETE http://10.180.1.21/identity/v3/projects/7f87ba5bed0e4036abd78c13d6bb7567 0.126s
2025-03-10 17:15:54.366 68796 INFO tempest.lib.common.rest_client [req-ab1b4ec9-acac-4e08-bde4-09a1d52b187e req-ab1b4ec9-acac-4e08-bde4-09a1d52b187e ] Request (AttachInterfacesUnderV243Test:test_add_remove_fixed_ip): 200 GET http://10.180.1.21/compute/v2.1/servers/82a6315d-1f3e-496f-abe5-0b6a3f8eaaed 0.617s
2025-03-10 17:15:54.379 68796 INFO tempest.common.waiters [-] State transition "BUILD/None" ==> "BUILD/block_device_mapping" after 60 second wait
2025-03-10 17:15:54.390 68752 INFO tempest.lib.common.rest_client [req-04620bce-3ac4-4e43-be50-ad40fe253aba req-04620bce-3ac4-4e43-be50-ad40fe253aba ] Request (ServerMetadataNegativeTestJSON:setUpClass): 201 POST http://10.180.1.21/identity/v3/auth/tokens 0.070s
2025-03-10 17:15:54.421 68752 INFO tempest.lib.common.rest_client [req-f078eeb1-26a9-4a12-90ee-675a58b72ea1 req-f078eeb1-26a9-4a12-90ee-675a58b72ea1 ] Request (ServerMetadataNegativeTestJSON:setUpClass): 201 POST http://10.180.1.21/identity/v3/auth/tokens 0.028s
2025-03-10 17:15:54.432 68746 INFO tempest.lib.common.rest_client [req-3c2c1bf1-b1d1-487c-8e7b-7f5de7e03e0a req-3c2c1bf1-b1d1-487c-8e7b-7f5de7e03e0a ] Request (FloatingIPsAssociationTestJSON:setUpClass): 200 GET http://10.180.1.21/compute/v2.1/servers/83abfaa7-1fc4-4dfb-8a33-7018c44d650c 0.608s
2025-03-10 17:15:54.446 68752 INFO tempest.lib.common.rest_client [req-0c4d3887-cb2d-4f4d-8f96-5d4bdfac4c78 req-0c4d3887-cb2d-4f4d-8f96-5d4bdfac4c78 ] Request (ServerMetadataNegativeTestJSON:setUpClass): 200 GET http://10.180.1.21/identity/v3/domains?name=Default 0.025s
2025-03-10 17:15:54.478 68740 INFO tempest.lib.common.rest_client [req-7affafc3-d76a-4d1f-b87f-2d044d588af6 req-7affafc3-d76a-4d1f-b87f-2d044d588af6 ] Request (ListImageFiltersTestJSON:setUpClass): 200 GET http://10.180.1.21/compute/v2.1/images/cb556c02-5cc0-49ba-9d58-54361d7ff8f3 0.612s
2025-03-10 17:15:54.486 68752 INFO tempest.lib.common.rest_client [req-b299deaf-3219-4651-b21b-8863a4dfd603 req-b299deaf-3219-4651-b21b-8863a4dfd603 ] Request (ServerMetadataNegativeTestJSON:setUpClass): 201 POST http://10.180.1.21/identity/v3/projects 0.039s
2025-03-10 17:15:54.486 68756 INFO tempest.lib.common.rest_client [req-37c6c222-5de8-4b55-80bb-8913bba63b56 req-37c6c222-5de8-4b55-80bb-8913bba63b56 ] Request (ServerActionsTestOtherB:setUpClass): 200 GET http://10.180.1.21/compute/v2.1/servers/e8e0b748-8d14-40a3-9702-504d0c0d679f 0.720s
2025-03-10 17:15:54.522 68782 INFO tempest.lib.common.rest_client [req-9c61bb6b-8ae8-4210-8f78-29e8d6a20777 req-9c61bb6b-8ae8-4210-8f78-29e8d6a20777 ] Request (AttachInterfacesTestJSON:test_create_list_show_delete_interfaces_by_fixed_ip): 200 PUT http://10.180.1.21:9696/networking/v2.0/floatingips/d030213a-8dd7-4f08-b1e1-db51be7a1587 0.694s
2025-03-10 17:15:54.563 68752 INFO tempest.lib.common.rest_client [req-5a5c8cce-ec99-4197-a0b8-d485401ae29f req-5a5c8cce-ec99-4197-a0b8-d485401ae29f ] Request (ServerMetadataNegativeTestJSON:setUpClass): 201 POST http://10.180.1.21/identity/v3/users 0.077s
2025-03-10 17:15:54.588 68752 INFO tempest.lib.common.rest_client [req-0716fe00-fc0b-4249-a3f2-e17ac82e3a79 req-0716fe00-fc0b-4249-a3f2-e17ac82e3a79 ] Request (ServerMetadataNegativeTestJSON:setUpClass): 200 GET http://10.180.1.21/identity/v3/roles 0.024s
2025-03-10 17:15:54.613 68752 INFO tempest.lib.common.rest_client [req-b559b60f-74b4-4982-bd60-f6493ea30575 req-b559b60f-74b4-4982-bd60-f6493ea30575 ] Request (ServerMetadataNegativeTestJSON:setUpClass): 204 PUT http://10.180.1.21/identity/v3/projects/6cfad883066d4e968fbb516e065b480e/users/fe9a7be387914cb0b9a0abbf2b08a88a/roles/83c35c497cd041f9b0f621cfe096ecb1 0.025s
2025-03-10 17:15:54.614 68752 INFO tempest.lib.common.dynamic_creds [-] Dynamic test user fe9a7be387914cb0b9a0abbf2b08a88a is created with scope project and roles: ['member']
2025-03-10 17:15:54.614 68752 INFO tempest.lib.common.dynamic_creds [-] Acquired dynamic creds: credentials: Credentials: {'domain_id': 'default', 'domain_name': 'Default', 'username': 'tempest-ServerMetadataNegativeTestJSON-30796748-project-member', 'project_domain_id': 'default', 'project_domain_name': 'Default', 'project_id': '6cfad883066d4e968fbb516e065b480e', 'project_name': 'tempest-ServerMetadataNegativeTestJSON-30796748', 'tenant_id': '6cfad883066d4e968fbb516e065b480e', 'tenant_name': 'tempest-ServerMetadataNegativeTestJSON-30796748', 'user_domain_id': 'default', 'user_domain_name': 'Default', 'user_id': 'fe9a7be387914cb0b9a0abbf2b08a88a', 'system': None}, Network: None, Subnet: None, Router: None
2025-03-10 17:15:54.686 68752 INFO tempest.lib.common.rest_client [req-2f0ee66e-0b12-42c3-8b94-e0375bf50426 req-2f0ee66e-0b12-42c3-8b94-e0375bf50426 ] Request (ServerMetadataNegativeTestJSON:setUpClass): 201 POST http://10.180.1.21/identity/v3/auth/tokens 0.072s
2025-03-10 17:15:54.695 68786 INFO tempest.lib.common.rest_client [req-fca4575e-6e05-43c9-b68d-9536ea77191c req-fca4575e-6e05-43c9-b68d-9536ea77191c ] Request (ServerActionsV293TestJSON:setUpClass): 200 GET http://10.180.1.21/compute/v2.1/servers/1ab7b688-47c1-4ea1-9ad4-cd729a09ec3f 0.743s
2025-03-10 17:15:54.717 68784 INFO tempest.lib.common.rest_client [req-668fdfcc-4ad2-414c-b3c5-bf2d660a9728 req-668fdfcc-4ad2-414c-b3c5-bf2d660a9728 ] Request (ServerRescueTestJSON:test_rescue_unrescue_instance): 200 GET http://10.180.1.21/compute/v2.1/servers/60d71f22-7779-4f3b-b56a-a8be6ce5ea68 0.740s
2025-03-10 17:15:54.818 68762 INFO tempest.lib.common.rest_client [req-5fe94c9b-be38-43b9-91c8-697fd5df2eb7 req-5fe94c9b-be38-43b9-91c8-697fd5df2eb7 ] Request (ServerDiagnosticsV248Test:tearDownClass): 200 GET http://10.180.1.21/compute/v2.1/servers/6b159e34-84a8-45c0-a5e2-9a9d1799b3fc 0.804s
2025-03-10 17:15:54.897 68758 INFO tempest.lib.common.rest_client [req-5edcb62e-a10a-4615-b55b-a74117074849 req-5edcb62e-a10a-4615-b55b-a74117074849 ] Request (ServersAdmin275Test:test_rebuild_update_server_275): 200 GET http://10.180.1.21/compute/v2.1/servers/7ddca307-cc43-46fb-863d-78762a26b0d0 0.840s
2025-03-10 17:15:54.921 68750 INFO tempest.lib.common.rest_client [req-3f4f503a-06e6-42c2-8f79-45d9b1b9d332 req-3f4f503a-06e6-42c2-8f79-45d9b1b9d332 ] Request (MigrationsAdminTest:test_list_migrations_in_flavor_resize_situation): 200 GET http://10.180.1.21/compute/v2.1/servers/0fae630c-c34d-4827-9557-2d3bdb3d7c50 0.876s
2025-03-10 17:15:54.984 68736 INFO tempest.lib.common.rest_client [req-7fcc994a-681f-4521-bfef-6bc7f2c7dd15 req-7fcc994a-681f-4521-bfef-6bc7f2c7dd15 ] Request (ImagesNegativeTestJSON:test_create_image_from_deleted_server): 200 GET http://10.180.1.21/compute/v2.1/servers/937e0562-8e2d-4207-a5d3-ba1f389ac873 0.919s
2025-03-10 17:15:55.012 68776 INFO tempest.lib.common.rest_client [req-c6343339-be1c-42b4-8281-5ffd86ff9b19 req-c6343339-be1c-42b4-8281-5ffd86ff9b19 ] Request (ServersAdminNegativeTestJSON:tearDownClass): 200 GET http://10.180.1.21/compute/v2.1/servers/cd31aad9-c1fe-4d8a-a294-c4d5a8265da0 0.875s
2025-03-10 17:15:55.049 68768 INFO tempest.lib.common.rest_client [req-5ebb3d14-5a86-42df-bf4d-9c28d0af8c0d req-5ebb3d14-5a86-42df-bf4d-9c28d0af8c0d ] Request (InstanceActionsTestJSON:setUpClass): 200 GET http://10.180.1.21/compute/v2.1/servers/cd6b3cc8-8b28-4b93-8922-6bb7aa6ec8e1 0.863s
2025-03-10 17:15:55.097 68738 INFO tempest.lib.common.rest_client [req-fa5c7c8a-4227-4695-8dab-c9267ddd60c4 req-fa5c7c8a-4227-4695-8dab-c9267ddd60c4 ] Request (ServersV294TestFqdnHostnames:setUpClass): 200 GET http://10.180.1.21/compute/v2.1/servers/b79c1f42-b7e0-4c2a-87eb-bb266e620058 0.771s
2025-03-10 17:15:55.122 68754 INFO tempest.lib.common.rest_client [req-0a27917a-33c4-4a12-b65c-25d618a33697 req-0a27917a-33c4-4a12-b65c-25d618a33697 ] Request (AttachInterfacesV270Test:test_create_get_list_interfaces): 200 GET http://10.180.1.21/compute/v2.1/servers/d96e8733-37f1-481e-b09d-b5491a4ae3f6 0.728s
2025-03-10 17:15:55.163 68774 INFO tempest.lib.common.rest_client [req-0f0a7bf8-3f00-48de-956c-d89548ad3272 req-0f0a7bf8-3f00-48de-956c-d89548ad3272 ] Request (ImagesOneServerNegativeTestJSON:_run_cleanups): 200 GET http://10.180.1.21/compute/v2.1/servers/dc2414d3-13dc-4588-91d1-6036e408505e 0.715s
2025-03-10 17:15:55.188 68766 INFO tempest.lib.common.rest_client [req-f235e327-26a7-47b6-9d36-0542da05e0cd req-f235e327-26a7-47b6-9d36-0542da05e0cd ] Request (ServersTestJSON:test_create_server_specify_multibyte_character_name): 200 GET http://10.180.1.21/compute/v2.1/servers/1988c9b2-1c26-4d2c-b0c3-ff946dc22b08 0.713s
2025-03-10 17:15:55.265 68764 INFO tempest.lib.common.rest_client [req-bc4149a9-8a6d-4dd8-a8d3-a4b18f80a38b req-bc4149a9-8a6d-4dd8-a8d3-a4b18f80a38b ] Request (TenantUsagesTestJSON:tearDownClass): 200 GET http://10.180.1.21/compute/v2.1/servers/aa08eea2-f042-4ba4-b229-3609ac22b47e 0.758s
2025-03-10 17:15:55.310 68752 INFO tempest.lib.common.rest_client [req-b80897bd-c00a-455a-94e4-d8fb90aeb846 req-b80897bd-c00a-455a-94e4-d8fb90aeb846 ] Request (ServerMetadataNegativeTestJSON:setUpClass): 201 POST http://10.180.1.21:9696/networking/v2.0/networks 0.624s
2025-03-10 17:15:55.313 68740 INFO tempest.lib.common.rest_client [req-e18eaa6f-706c-47dc-b895-c4d41d9eabbf req-e18eaa6f-706c-47dc-b895-c4d41d9eabbf ] Request (ListImageFiltersTestJSON:setUpClass): 200 GET http://10.180.1.21/compute/v2.1/servers/f6f23a19-fb3d-4c26-a0f0-9352e008b248 0.831s
2025-03-10 17:15:55.393 68770 INFO tempest.lib.common.rest_client [req-fc49278b-bf3d-48e6-b435-05fb99673294 req-fc49278b-bf3d-48e6-b435-05fb99673294 ] Request (ServerAddressesNegativeTestJSON:setUpClass): 200 GET http://10.180.1.21/compute/v2.1/servers/786cca41-91eb-4b77-b365-4c19525352f1 0.832s
2025-03-10 17:15:55.433 68782 INFO tempest.lib.common.rest_client [req-d1c9e85e-e0f4-4202-9e42-2b664fc7d0c7 req-d1c9e85e-e0f4-4202-9e42-2b664fc7d0c7 ] Request (AttachInterfacesTestJSON:test_create_list_show_delete_interfaces_by_fixed_ip): 200 GET http://10.180.1.21/compute/v2.1/servers/6db8dd54-71cf-4e4e-b984-cc43264df1ac 0.911s
2025-03-10 17:15:55.442 68782 INFO tempest.lib.common.ssh [-] Creating ssh connection to '10.180.180.159:22' as 'cirros' with public key authentication
2025-03-10 17:15:55.467 68794 INFO tempest.lib.common.rest_client [req-5f03d564-be1c-4643-8dfa-00c412141a50 req-5f03d564-be1c-4643-8dfa-00c412141a50 ] Request (ServersAdminTestJSON:setUpClass): 200 GET http://10.180.1.21/compute/v2.1/servers/4d4cad44-0cb0-4bf0-80c4-9299d9bbf3ca 0.881s
2025-03-10 17:15:55.491 68742 INFO tempest.lib.common.rest_client [req-f4f35662-4ded-490b-8a8b-08b95f517c71 req-f4f35662-4ded-490b-8a8b-08b95f517c71 ] Request (DeleteServersAdminTestJSON:test_delete_server_while_in_error_state): 200 GET http://10.180.1.21/compute/v2.1/servers/8e3abbd1-b483-450f-842b-811f51e18c19 0.816s
2025-03-10 17:15:55.552 68760 INFO tempest.lib.common.rest_client [req-0586b911-b527-4109-96a7-0f2bd67eaed9 req-0586b911-b527-4109-96a7-0f2bd67eaed9 ] Request (ServerActionsTestOtherA:setUpClass): 200 GET http://10.180.1.21/compute/v2.1/servers/1d581ed1-d175-46b9-bf25-83a6c4e4be0f 0.425s
2025-03-10 17:15:55.683 68752 INFO tempest.lib.common.rest_client [req-7f249885-4f1c-40a7-8af1-37d4bd1ba3b5 req-7f249885-4f1c-40a7-8af1-37d4bd1ba3b5 ] Request (ServerMetadataNegativeTestJSON:setUpClass): 201 POST http://10.180.1.21:9696/networking/v2.0/subnets 0.372s
2025-03-10 17:15:55.687 68788 INFO tempest.lib.common.rest_client [req-fcfda7e0-98c0-480b-9409-1f20774d4cdb req-fcfda7e0-98c0-480b-9409-1f20774d4cdb ] Request (ImagesOneServerTestJSON:test_create_image_specify_multibyte_character_image_name): 200 GET http://10.180.1.21/compute/v2.1/servers/680a5bb1-ac39-481f-9986-f33d0661bf32 0.368s
2025-03-10 17:15:55.695 68788 INFO tempest.common.waiters [-] State transition "ACTIVE/image_uploading" ==> "ACTIVE/None" after 1 second wait
2025-03-10 17:15:55.734 68780 INFO tempest.lib.common.rest_client [req-c3fe93db-eb7c-4f08-be20-7b53db1d6577 req-c3fe93db-eb7c-4f08-be20-7b53db1d6577 ] Request (ServersTestMultiNic:test_verify_duplicate_network_nics): 200 GET http://10.180.1.21/compute/v2.1/servers/98a605b2-4b2d-4f56-9ea2-344a660bec54 0.953s
2025-03-10 17:15:55.787 68746 INFO tempest.lib.common.rest_client [req-d175806b-8c37-416a-bf46-f31e20f8d4cb req-d175806b-8c37-416a-bf46-f31e20f8d4cb ] Request (FloatingIPsAssociationTestJSON:setUpClass): 200 GET http://10.180.1.21/compute/v2.1/servers/83abfaa7-1fc4-4dfb-8a33-7018c44d650c 0.347s
2025-03-10 17:15:55.807 68796 INFO tempest.lib.common.rest_client [req-1778e3b1-4580-419d-86df-2ba830594596 req-1778e3b1-4580-419d-86df-2ba830594596 ] Request (AttachInterfacesUnderV243Test:test_add_remove_fixed_ip): 200 GET http://10.180.1.21/compute/v2.1/servers/82a6315d-1f3e-496f-abe5-0b6a3f8eaaed 0.426s
2025-03-10 17:15:55.820 68796 INFO tempest.common.waiters [-] State transition "BUILD/block_device_mapping" ==> "BUILD/spawning" after 61 second wait
2025-03-10 17:15:55.921 68756 INFO tempest.lib.common.rest_client [req-d81eed1e-a357-4060-ad17-a48364115bca req-d81eed1e-a357-4060-ad17-a48364115bca ] Request (ServerActionsTestOtherB:setUpClass): 200 GET http://10.180.1.21/compute/v2.1/servers/e8e0b748-8d14-40a3-9702-504d0c0d679f 0.421s
2025-03-10 17:15:55.948 68788 INFO tempest.lib.common.rest_client [req-ee9d762b-cd39-4dcd-b8ea-6996998f8159 req-ee9d762b-cd39-4dcd-b8ea-6996998f8159 ] Request (ImagesOneServerTestJSON:tearDownClass): 204 DELETE http://10.180.1.21/compute/v2.1/images/0bf25e2e-f7e0-4639-ab47-72c91b96f9ff 0.250s
2025-03-10 17:15:56.121 68786 INFO tempest.lib.common.rest_client [req-ec301d2f-9fbf-42d0-a8a9-ce7f806473d8 req-ec301d2f-9fbf-42d0-a8a9-ce7f806473d8 ] Request (ServerActionsV293TestJSON:setUpClass): 200 GET http://10.180.1.21/compute/v2.1/servers/1ab7b688-47c1-4ea1-9ad4-cd729a09ec3f 0.412s
2025-03-10 17:15:56.124 68784 INFO tempest.lib.common.rest_client [req-fdbb722a-74ec-4830-912b-05eb73f3a16c req-fdbb722a-74ec-4830-912b-05eb73f3a16c ] Request (ServerRescueTestJSON:test_rescue_unrescue_instance): 200 GET http://10.180.1.21/compute/v2.1/servers/60d71f22-7779-4f3b-b56a-a8be6ce5ea68 0.393s
2025-03-10 17:15:56.197 68758 INFO tempest.lib.common.rest_client [req-b9c9fd50-447b-4c9a-9376-ffeedcfc08c8 req-b9c9fd50-447b-4c9a-9376-ffeedcfc08c8 ] Request (ServersAdmin275Test:test_rebuild_update_server_275): 200 GET http://10.180.1.21/compute/v2.1/servers/7ddca307-cc43-46fb-863d-78762a26b0d0 0.288s
2025-03-10 17:15:56.210 68762 INFO tempest.lib.common.rest_client [req-61edbef5-d21a-4945-bedc-5ac4f73a0435 req-61edbef5-d21a-4945-bedc-5ac4f73a0435 ] Request (ServerDiagnosticsV248Test:tearDownClass): 200 GET http://10.180.1.21/compute/v2.1/servers/6b159e34-84a8-45c0-a5e2-9a9d1799b3fc 0.378s
2025-03-10 17:15:56.236 68788 INFO tempest.lib.common.rest_client [req-404d29a5-a36d-4505-b28f-f1b373fa6845 req-404d29a5-a36d-4505-b28f-f1b373fa6845 ] Request (ImagesOneServerTestJSON:tearDownClass): 404 DELETE http://10.180.1.21/compute/v2.1/images/cac007f5-a1c9-4358-8efd-dc8bdb745ee7 0.288s
2025-03-10 17:15:56.316 68736 INFO tempest.lib.common.rest_client [req-930a5c93-f31a-4a2c-92dd-850b612e8884 req-930a5c93-f31a-4a2c-92dd-850b612e8884 ] Request (ImagesNegativeTestJSON:test_create_image_from_deleted_server): 200 GET http://10.180.1.21/compute/v2.1/servers/937e0562-8e2d-4207-a5d3-ba1f389ac873 0.323s
2025-03-10 17:15:56.326 68752 INFO tempest.lib.common.rest_client [req-9c9190b1-fc2f-4465-bfdd-bb7295b9693a req-9c9190b1-fc2f-4465-bfdd-bb7295b9693a ] Request (ServerMetadataNegativeTestJSON:setUpClass): 201 POST http://10.180.1.21:9696/networking/v2.0/routers 0.643s
2025-03-10 17:15:56.365 68750 INFO tempest.lib.common.rest_client [req-9b0c404f-e85b-40d4-acd5-d581303d14b7 req-9b0c404f-e85b-40d4-acd5-d581303d14b7 ] Request (MigrationsAdminTest:test_list_migrations_in_flavor_resize_situation): 200 GET http://10.180.1.21/compute/v2.1/servers/0fae630c-c34d-4827-9557-2d3bdb3d7c50 0.435s
2025-03-10 17:15:56.406 68776 INFO tempest.lib.common.rest_client [req-0d331b3d-04d8-4747-b0ac-ebfe9c6960ff req-0d331b3d-04d8-4747-b0ac-ebfe9c6960ff ] Request (ServersAdminNegativeTestJSON:tearDownClass): 200 GET http://10.180.1.21/compute/v2.1/servers/cd31aad9-c1fe-4d8a-a294-c4d5a8265da0 0.377s
2025-03-10 17:15:56.456 68768 INFO tempest.lib.common.rest_client [req-7fbb3fa3-6649-40db-88db-de54c22c93c4 req-7fbb3fa3-6649-40db-88db-de54c22c93c4 ] Request (InstanceActionsTestJSON:setUpClass): 200 GET http://10.180.1.21/compute/v2.1/servers/cd6b3cc8-8b28-4b93-8922-6bb7aa6ec8e1 0.394s
2025-03-10 17:15:56.499 68738 INFO tempest.lib.common.rest_client [req-078f876e-1082-465d-b0c3-3c28df6ffc7d req-078f876e-1082-465d-b0c3-3c28df6ffc7d ] Request (ServersV294TestFqdnHostnames:setUpClass): 200 GET http://10.180.1.21/compute/v2.1/servers/b79c1f42-b7e0-4c2a-87eb-bb266e620058 0.392s
2025-03-10 17:15:56.541 68754 INFO tempest.lib.common.rest_client [req-a59355ed-c1fe-4514-ab07-7fbf11aa1551 req-a59355ed-c1fe-4514-ab07-7fbf11aa1551 ] Request (AttachInterfacesV270Test:test_create_get_list_interfaces): 200 GET http://10.180.1.21/compute/v2.1/servers/d96e8733-37f1-481e-b09d-b5491a4ae3f6 0.408s
2025-03-10 17:15:56.554 68754 INFO tempest.common.waiters [-] State transition "BUILD/None" ==> "BUILD/networking" after 61 second wait
2025-03-10 17:15:56.591 68774 INFO tempest.lib.common.rest_client [req-c8c9f211-81f3-4f57-925f-4473563e2c88 req-c8c9f211-81f3-4f57-925f-4473563e2c88 ] Request (ImagesOneServerNegativeTestJSON:_run_cleanups): 200 GET http://10.180.1.21/compute/v2.1/servers/dc2414d3-13dc-4588-91d1-6036e408505e 0.419s
2025-03-10 17:15:56.679 68788 INFO tempest.lib.common.rest_client [req-1fecf64d-896e-454c-b11a-b7b2ecf628fa req-1fecf64d-896e-454c-b11a-b7b2ecf628fa ] Request (ImagesOneServerTestJSON:tearDownClass): 204 DELETE http://10.180.1.21/compute/v2.1/servers/680a5bb1-ac39-481f-9986-f33d0661bf32 0.442s
2025-03-10 17:15:56.864 68766 INFO tempest.lib.common.rest_client [req-5ce5157e-39ee-4ed1-b1f5-098e693b72e9 req-5ce5157e-39ee-4ed1-b1f5-098e693b72e9 ] Request (ServersTestJSON:test_create_server_specify_multibyte_character_name): 200 GET http://10.180.1.21/compute/v2.1/servers/1988c9b2-1c26-4d2c-b0c3-ff946dc22b08 0.666s
2025-03-10 17:15:56.880 68764 INFO tempest.lib.common.rest_client [req-97e926c9-dc26-447b-afb5-08635e479a40 req-97e926c9-dc26-447b-afb5-08635e479a40 ] Request (TenantUsagesTestJSON:tearDownClass): 200 GET http://10.180.1.21/compute/v2.1/servers/aa08eea2-f042-4ba4-b229-3609ac22b47e 0.606s
2025-03-10 17:15:56.966 68770 INFO tempest.lib.common.rest_client [req-ead769a5-76ae-4c19-b572-8a035edda41f req-ead769a5-76ae-4c19-b572-8a035edda41f ] Request (ServerAddressesNegativeTestJSON:setUpClass): 200 GET http://10.180.1.21/compute/v2.1/servers/786cca41-91eb-4b77-b365-4c19525352f1 0.562s
2025-03-10 17:15:57.060 68794 INFO tempest.lib.common.rest_client [req-fa9ff9e9-dd5e-4002-a0c4-4aad235cc153 req-fa9ff9e9-dd5e-4002-a0c4-4aad235cc153 ] Request (ServersAdminTestJSON:setUpClass): 200 GET http://10.180.1.21/compute/v2.1/servers/4d4cad44-0cb0-4bf0-80c4-9299d9bbf3ca 0.585s
2025-03-10 17:15:57.098 68740 INFO tempest.lib.common.rest_client [req-26355f06-3ea6-4c3a-a67d-786dd32171da req-26355f06-3ea6-4c3a-a67d-786dd32171da ] Request (ListImageFiltersTestJSON:setUpClass): 200 GET http://10.180.1.21/compute/v2.1/servers/f6f23a19-fb3d-4c26-a0f0-9352e008b248 0.773s
2025-03-10 17:15:57.106 68740 INFO tempest.common.waiters [-] State transition "ACTIVE/image_uploading" ==> "ACTIVE/None" after 2 second wait
2025-03-10 17:15:57.130 68742 INFO tempest.lib.common.rest_client [req-706fe2d8-374f-4487-8eb8-7b29a64ff982 req-706fe2d8-374f-4487-8eb8-7b29a64ff982 ] Request (DeleteServersAdminTestJSON:test_delete_server_while_in_error_state): 200 GET http://10.180.1.21/compute/v2.1/servers/8e3abbd1-b483-450f-842b-811f51e18c19 0.630s
2025-03-10 17:15:57.166 68760 INFO tempest.lib.common.rest_client [req-33e3fc79-0656-45b2-84e1-d52c975e0277 req-33e3fc79-0656-45b2-84e1-d52c975e0277 ] Request (ServerActionsTestOtherA:setUpClass): 200 GET http://10.180.1.21/compute/v2.1/servers/1d581ed1-d175-46b9-bf25-83a6c4e4be0f 0.605s
2025-03-10 17:15:57.292 68752 INFO tempest.lib.common.rest_client [req-8294a569-0cd1-4cf9-9b07-88ab84c3624e req-8294a569-0cd1-4cf9-9b07-88ab84c3624e ] Request (ServerMetadataNegativeTestJSON:setUpClass): 200 PUT http://10.180.1.21:9696/networking/v2.0/routers/c8109f9d-b47f-42e4-acbe-fa382bcde8a1/add_router_interface 0.965s
2025-03-10 17:15:57.292 68752 INFO tempest.lib.common.dynamic_creds [-] Created isolated network resources for: credentials: Credentials: {'domain_id': 'default', 'domain_name': 'Default', 'username': 'tempest-ServerMetadataNegativeTestJSON-30796748-project-member', 'project_domain_id': 'default', 'project_domain_name': 'Default', 'project_id': '6cfad883066d4e968fbb516e065b480e', 'project_name': 'tempest-ServerMetadataNegativeTestJSON-30796748', 'tenant_id': '6cfad883066d4e968fbb516e065b480e', 'tenant_name': 'tempest-ServerMetadataNegativeTestJSON-30796748', 'user_domain_id': 'default', 'user_domain_name': 'Default', 'user_id': 'fe9a7be387914cb0b9a0abbf2b08a88a', 'system': None}, Network: {'id': '359ce035-1aaf-4be0-aedb-a7ce337a54a5', 'name': 'tempest-ServerMetadataNegativeTestJSON-397906142-network', 'tenant_id': '6cfad883066d4e968fbb516e065b480e', 'admin_state_up': True, 'mtu': 8950, 'status': 'ACTIVE', 'subnets': [], 'shared': False, 'project_id': '6cfad883066d4e968fbb516e065b480e', 'port_security_enabled': True, 'router:external': False, 'provider:network_type': 'vlan', 'provider:physical_network': 'default', 'provider:segmentation_id': 127, 'availability_zone_hints': [], 'availability_zones': [], 'ipv4_address_scope': None, 'ipv6_address_scope': None, 'description': '', 'tags': [], 'created_at': '2025-03-10T17:15:55Z', 'updated_at': '2025-03-10T17:15:55Z', 'revision_number': 1}, Subnet: {'id': '5f020703-87d9-453f-8672-844631a626c6', 'name': 'tempest-ServerMetadataNegativeTestJSON-397906142-subnet', 'tenant_id': '6cfad883066d4e968fbb516e065b480e', 'network_id': '359ce035-1aaf-4be0-aedb-a7ce337a54a5', 'ip_version': 4, 'subnetpool_id': None, 'enable_dhcp': True, 'ipv6_ra_mode': None, 'ipv6_address_mode': None, 'gateway_ip': '192.168.128.1', 'cidr': '192.168.128.0/28', 'allocation_pools': [{'start': '192.168.128.2', 'end': '192.168.128.14'}], 'host_routes': [], 'dns_nameservers': [], 'description': '', 'router:external': False, 'service_types': [], 'tags': [], 'created_at': '2025-03-10T17:15:55Z', 'updated_at': '2025-03-10T17:15:55Z', 'revision_number': 0, 'project_id': '6cfad883066d4e968fbb516e065b480e'}, Router: {'id': 'c8109f9d-b47f-42e4-acbe-fa382bcde8a1', 'name': 'tempest-ServerMetadataNegativeTestJSON-397906142-router', 'tenant_id': '6cfad883066d4e968fbb516e065b480e', 'admin_state_up': True, 'status': 'ACTIVE', 'external_gateway_info': {'network_id': 'b3b1f5a8-3f32-46f1-ada2-0de13853b9fb', 'external_fixed_ips': [{'subnet_id': '214e261d-b207-45a8-94c7-1cf457794752', 'ip_address': '10.180.180.187'}], 'enable_snat': True}, 'description': '', 'availability_zones': [], 'distributed': False, 'ha': False, 'availability_zone_hints': [], 'routes': [], 'flavor_id': None, 'tags': [], 'created_at': '2025-03-10T17:15:55Z', 'updated_at': '2025-03-10T17:15:56Z', 'revision_number': 2, 'project_id': '6cfad883066d4e968fbb516e065b480e'}
2025-03-10 17:15:57.325 68788 INFO tempest.lib.common.rest_client [req-fd98775b-050e-46ba-a7ee-8f26bda45191 req-fd98775b-050e-46ba-a7ee-8f26bda45191 ] Request (ImagesOneServerTestJSON:tearDownClass): 200 GET http://10.180.1.21/compute/v2.1/servers/680a5bb1-ac39-481f-9986-f33d0661bf32 0.646s
2025-03-10 17:15:57.381 68752 INFO tempest.lib.common.rest_client [req-dab284b6-331c-4dd5-bfc4-9660f9e238cf req-dab284b6-331c-4dd5-bfc4-9660f9e238cf ] Request (ServerMetadataNegativeTestJSON:setUpClass): 201 POST http://10.180.1.21/identity/v3/auth/tokens 0.086s
2025-03-10 17:15:57.381 68780 INFO tempest.lib.common.rest_client [req-8a387ab1-4caa-4335-85a4-9bf06cdc1b62 req-8a387ab1-4caa-4335-85a4-9bf06cdc1b62 ] Request (ServersTestMultiNic:test_verify_duplicate_network_nics): 200 GET http://10.180.1.21/compute/v2.1/servers/98a605b2-4b2d-4f56-9ea2-344a660bec54 0.639s
2025-03-10 17:15:57.382 68752 WARNING tempest.lib.common.rest_client [-] Deprecated: "tenant_id" property is deprecated for removal, use "project_id" instead
2025-03-10 17:15:57.411 68746 INFO tempest.lib.common.rest_client [req-2b2f7cde-3a22-4015-8f03-be9e2f7de6ce req-2b2f7cde-3a22-4015-8f03-be9e2f7de6ce ] Request (FloatingIPsAssociationTestJSON:setUpClass): 200 GET http://10.180.1.21/compute/v2.1/servers/83abfaa7-1fc4-4dfb-8a33-7018c44d650c 0.614s
2025-03-10 17:15:57.421 68752 INFO tempest.lib.common.rest_client [req-629ded07-b30e-4a56-8588-52de87d600b4 req-629ded07-b30e-4a56-8588-52de87d600b4 ] Request (ServerMetadataNegativeTestJSON:setUpClass): 201 POST http://10.180.1.21/identity/v3/auth/tokens 0.036s
2025-03-10 17:15:57.421 68752 INFO tempest.lib.common.fixed_network [-] (ServerMetadataNegativeTestJSON:setUpClass) Found network {'id': '359ce035-1aaf-4be0-aedb-a7ce337a54a5', 'name': 'tempest-ServerMetadataNegativeTestJSON-397906142-network', 'tenant_id': '6cfad883066d4e968fbb516e065b480e', 'admin_state_up': True, 'mtu': 8950, 'status': 'ACTIVE', 'subnets': [], 'shared': False, 'project_id': '6cfad883066d4e968fbb516e065b480e', 'port_security_enabled': True, 'router:external': False, 'provider:network_type': 'vlan', 'provider:physical_network': 'default', 'provider:segmentation_id': 127, 'availability_zone_hints': [], 'availability_zones': [], 'ipv4_address_scope': None, 'ipv6_address_scope': None, 'description': '', 'tags': [], 'created_at': '2025-03-10T17:15:55Z', 'updated_at': '2025-03-10T17:15:55Z', 'revision_number': 1} available for tenant
2025-03-10 17:15:57.623 68796 INFO tempest.lib.common.rest_client [req-1239edf1-96bd-4af8-a9c6-5edd63d24bcb req-1239edf1-96bd-4af8-a9c6-5edd63d24bcb ] Request (AttachInterfacesUnderV243Test:test_add_remove_fixed_ip): 200 GET http://10.180.1.21/compute/v2.1/servers/82a6315d-1f3e-496f-abe5-0b6a3f8eaaed 0.803s
2025-03-10 17:15:57.656 68756 INFO tempest.lib.common.rest_client [req-e6da6191-b840-4469-9557-412397e8476e req-e6da6191-b840-4469-9557-412397e8476e ] Request (ServerActionsTestOtherB:setUpClass): 200 GET http://10.180.1.21/compute/v2.1/servers/e8e0b748-8d14-40a3-9702-504d0c0d679f 0.727s
2025-03-10 17:15:57.825 68784 INFO tempest.lib.common.rest_client [req-3a925bf9-3e5c-49e5-8e95-eb45b108f9f9 req-3a925bf9-3e5c-49e5-8e95-eb45b108f9f9 ] Request (ServerRescueTestJSON:test_rescue_unrescue_instance): 200 GET http://10.180.1.21/compute/v2.1/servers/60d71f22-7779-4f3b-b56a-a8be6ce5ea68 0.680s
2025-03-10 17:15:58.027 68786 INFO tempest.lib.common.rest_client [req-6cf007dd-1c26-4f45-9874-4c7863075890 req-6cf007dd-1c26-4f45-9874-4c7863075890 ] Request (ServerActionsV293TestJSON:setUpClass): 200 GET http://10.180.1.21/compute/v2.1/servers/1ab7b688-47c1-4ea1-9ad4-cd729a09ec3f 0.882s
2025-03-10 17:15:58.089 68758 INFO tempest.lib.common.rest_client [req-59d6c833-78fc-4659-bbf1-1ba27c972e54 req-59d6c833-78fc-4659-bbf1-1ba27c972e54 ] Request (ServersAdmin275Test:test_rebuild_update_server_275): 200 GET http://10.180.1.21/compute/v2.1/servers/7ddca307-cc43-46fb-863d-78762a26b0d0 0.881s
2025-03-10 17:15:58.099 68758 INFO tempest.common.waiters [-] State transition "REBUILD/rebuilding" ==> "REBUILD/rebuild_spawning" after 4 second wait
2025-03-10 17:15:58.143 68740 INFO tempest.lib.common.rest_client [req-2732385d-57da-4e09-921c-a1bfdca0a2d5 req-2732385d-57da-4e09-921c-a1bfdca0a2d5 ] Request (ListImageFiltersTestJSON:setUpClass): 202 POST http://10.180.1.21/compute/v2.1/servers/46b85b3f-5e89-4cf4-b45c-b628ffe6e056/action 1.037s
2025-03-10 17:15:58.184 68762 INFO tempest.lib.common.rest_client [req-d83e198c-3475-4cb8-974e-4a6d0d6c5d7f req-d83e198c-3475-4cb8-974e-4a6d0d6c5d7f ] Request (ServerDiagnosticsV248Test:tearDownClass): 200 GET http://10.180.1.21/compute/v2.1/servers/6b159e34-84a8-45c0-a5e2-9a9d1799b3fc 0.964s
2025-03-10 17:15:58.205 68736 INFO tempest.lib.common.rest_client [req-83e02ed6-2d38-4135-99f8-268847472c97 req-83e02ed6-2d38-4135-99f8-268847472c97 ] Request (ImagesNegativeTestJSON:test_create_image_from_deleted_server): 200 GET http://10.180.1.21/compute/v2.1/servers/937e0562-8e2d-4207-a5d3-ba1f389ac873 0.877s
2025-03-10 17:15:58.281 68776 INFO tempest.lib.common.rest_client [req-97d55533-7f7e-4df6-804e-f49cdf5b230e req-97d55533-7f7e-4df6-804e-f49cdf5b230e ] Request (ServersAdminNegativeTestJSON:tearDownClass): 200 GET http://10.180.1.21/compute/v2.1/servers/cd31aad9-c1fe-4d8a-a294-c4d5a8265da0 0.867s
2025-03-10 17:15:58.317 68750 INFO tempest.lib.common.rest_client [req-0dc80fdc-483f-49db-a8eb-6f2c6708eced req-0dc80fdc-483f-49db-a8eb-6f2c6708eced ] Request (MigrationsAdminTest:test_list_migrations_in_flavor_resize_situation): 200 GET http://10.180.1.21/compute/v2.1/servers/0fae630c-c34d-4827-9557-2d3bdb3d7c50 0.943s
2025-03-10 17:15:58.375 68768 INFO tempest.lib.common.rest_client [req-999af70f-b5ed-4458-9394-2b9e506bfe44 req-999af70f-b5ed-4458-9394-2b9e506bfe44 ] Request (InstanceActionsTestJSON:setUpClass): 200 GET http://10.180.1.21/compute/v2.1/servers/cd6b3cc8-8b28-4b93-8922-6bb7aa6ec8e1 0.903s
2025-03-10 17:15:58.432 68738 INFO tempest.lib.common.rest_client [req-c0a10d2d-8745-47fc-9c79-9391511ec83f req-c0a10d2d-8745-47fc-9c79-9391511ec83f ] Request (ServersV294TestFqdnHostnames:setUpClass): 200 GET http://10.180.1.21/compute/v2.1/servers/b79c1f42-b7e0-4c2a-87eb-bb266e620058 0.920s
2025-03-10 17:15:58.538 68782 WARNING tempest.lib.common.ssh [-] Failed to establish authenticated ssh connection to cirros@10.180.180.159 ([Errno None] Unable to connect to port 22 on 10.180.180.159). Number attempts: 1. Retry after 2 seconds.: paramiko.ssh_exception.NoValidConnectionsError: [Errno None] Unable to connect to port 22 on 10.180.180.159
2025-03-10 17:15:58.550 68754 INFO tempest.lib.common.rest_client [req-3acd7491-29c6-4f3a-b0de-ca00e1b2d0b5 req-3acd7491-29c6-4f3a-b0de-ca00e1b2d0b5 ] Request (AttachInterfacesV270Test:test_create_get_list_interfaces): 200 GET http://10.180.1.21/compute/v2.1/servers/d96e8733-37f1-481e-b09d-b5491a4ae3f6 0.994s
2025-03-10 17:15:58.563 68754 INFO tempest.common.waiters [-] State transition "BUILD/networking" ==> "BUILD/spawning" after 63 second wait
2025-03-10 17:15:58.602 68774 INFO tempest.lib.common.rest_client [req-a561b5de-6a4c-40fc-8058-52a8008e294f req-a561b5de-6a4c-40fc-8058-52a8008e294f ] Request (ImagesOneServerNegativeTestJSON:_run_cleanups): 200 GET http://10.180.1.21/compute/v2.1/servers/dc2414d3-13dc-4588-91d1-6036e408505e 1.000s
2025-03-10 17:15:58.692 68766 INFO tempest.lib.common.rest_client [req-c1b97cfd-e58c-423d-97ea-4fc895a65cd3 req-c1b97cfd-e58c-423d-97ea-4fc895a65cd3 ] Request (ServersTestJSON:test_create_server_specify_multibyte_character_name): 200 GET http://10.180.1.21/compute/v2.1/servers/1988c9b2-1c26-4d2c-b0c3-ff946dc22b08 0.816s
2025-03-10 17:15:58.725 68764 INFO tempest.lib.common.rest_client [req-1a788fc2-cbee-4bcc-aaf2-e375dc6822ef req-1a788fc2-cbee-4bcc-aaf2-e375dc6822ef ] Request (TenantUsagesTestJSON:tearDownClass): 404 GET http://10.180.1.21/compute/v2.1/servers/aa08eea2-f042-4ba4-b229-3609ac22b47e 0.833s
2025-03-10 17:15:58.776 68752 INFO tempest.lib.common.rest_client [req-1e29577a-0474-4c0c-8fc7-cfb264aaff15 req-1e29577a-0474-4c0c-8fc7-cfb264aaff15 ] Request (ServerMetadataNegativeTestJSON:setUpClass): 202 POST http://10.180.1.21/compute/v2.1/servers 1.353s
2025-03-10 17:15:58.797 68770 INFO tempest.lib.common.rest_client [req-6991a406-ad61-44b8-b10d-54163f667ad1 req-6991a406-ad61-44b8-b10d-54163f667ad1 ] Request (ServerAddressesNegativeTestJSON:setUpClass): 200 GET http://10.180.1.21/compute/v2.1/servers/786cca41-91eb-4b77-b365-4c19525352f1 0.822s
2025-03-10 17:15:58.829 68764 INFO tempest.lib.common.rest_client [req-287014b1-7cbe-4655-a9e6-b4081ab49490 req-287014b1-7cbe-4655-a9e6-b4081ab49490 ] Request (TenantUsagesTestJSON:tearDownClass): 204 DELETE http://10.180.1.21/identity/v3/users/0625ece19048441f9b8f6182ab06de1f 0.103s
2025-03-10 17:15:58.840 68794 INFO tempest.lib.common.rest_client [req-84a92640-99e7-458e-9b51-973f6b09c8db req-84a92640-99e7-458e-9b51-973f6b09c8db ] Request (ServersAdminTestJSON:setUpClass): 200 GET http://10.180.1.21/compute/v2.1/servers/4d4cad44-0cb0-4bf0-80c4-9299d9bbf3ca 0.768s
2025-03-10 17:15:58.856 68742 INFO tempest.lib.common.rest_client [req-9b2cdfc0-0ef0-4d22-afea-c8c62c187634 req-9b2cdfc0-0ef0-4d22-afea-c8c62c187634 ] Request (DeleteServersAdminTestJSON:test_delete_server_while_in_error_state): 200 GET http://10.180.1.21/compute/v2.1/servers/8e3abbd1-b483-450f-842b-811f51e18c19 0.717s
2025-03-10 17:15:58.870 68748 WARNING tempest.lib.common.ssh [-] Failed to establish authenticated ssh connection to cirros@10.180.180.196 ([Errno None] Unable to connect to port 22 on 10.180.180.196). Number attempts: 8. Retry after 9 seconds.: paramiko.ssh_exception.NoValidConnectionsError: [Errno None] Unable to connect to port 22 on 10.180.180.196
2025-03-10 17:15:58.872 68792 WARNING tempest.lib.common.ssh [-] Failed to establish authenticated ssh connection to cirros@10.180.180.138 ([Errno None] Unable to connect to port 22 on 10.180.180.138). Number attempts: 5. Retry after 6 seconds.: paramiko.ssh_exception.NoValidConnectionsError: [Errno None] Unable to connect to port 22 on 10.180.180.138
2025-03-10 17:15:58.886 68740 INFO tempest.lib.common.rest_client [req-fdd81d0e-77ed-451b-a0b8-056f0e974a37 req-fdd81d0e-77ed-451b-a0b8-056f0e974a37 ] Request (ListImageFiltersTestJSON:setUpClass): 200 GET http://10.180.1.21/compute/v2.1/images/2f19f49c-ba3b-4e88-b577-12ea2f6b89a8 0.741s
2025-03-10 17:15:58.924 68764 INFO tempest.lib.common.rest_client [req-8f8d5b87-6dd3-4c5b-bbc8-a608dd0cda18 req-8f8d5b87-6dd3-4c5b-bbc8-a608dd0cda18 ] Request (TenantUsagesTestJSON:tearDownClass): 204 DELETE http://10.180.1.21/identity/v3/users/88878402142c4418941ee9556e4b10e2 0.095s
2025-03-10 17:15:58.925 68764 INFO tempest.lib.common.dynamic_creds [-] Deleting project and security group for project: ed726d28b8ff4563a290c18aabfac94d
2025-03-10 17:15:58.929 68760 INFO tempest.lib.common.rest_client [req-40396a85-8ffc-4f11-98bd-a6b6b5efc7b9 req-40396a85-8ffc-4f11-98bd-a6b6b5efc7b9 ] Request (ServerActionsTestOtherA:setUpClass): 200 GET http://10.180.1.21/compute/v2.1/servers/1d581ed1-d175-46b9-bf25-83a6c4e4be0f 0.755s
2025-03-10 17:15:58.994 68764 INFO tempest.lib.common.rest_client [req-7077bac3-0c00-4579-a262-591fbdcccd46 req-7077bac3-0c00-4579-a262-591fbdcccd46 ] Request (TenantUsagesTestJSON:tearDownClass): 201 POST http://10.180.1.21/identity/v3/auth/tokens 0.069s
2025-03-10 17:15:59.050 68788 INFO tempest.lib.common.rest_client [req-4df3c11a-8302-47c0-ada9-e5a6b3dcf056 req-4df3c11a-8302-47c0-ada9-e5a6b3dcf056 ] Request (ImagesOneServerTestJSON:tearDownClass): 200 GET http://10.180.1.21/compute/v2.1/servers/680a5bb1-ac39-481f-9986-f33d0661bf32 0.716s
2025-03-10 17:15:59.073 68764 INFO tempest.lib.common.rest_client [req-25d40ad8-d02c-4ebb-8fa1-276945aa9c35 req-25d40ad8-d02c-4ebb-8fa1-276945aa9c35 ] Request (TenantUsagesTestJSON:tearDownClass): 200 GET http://10.180.1.21:9696/networking/v2.0/security-groups?tenant_id=ed726d28b8ff4563a290c18aabfac94d&name=default 0.078s
2025-03-10 17:15:59.080 68780 INFO tempest.lib.common.rest_client [req-88aa173a-a965-4e17-9449-c9d7c30c3325 req-88aa173a-a965-4e17-9449-c9d7c30c3325 ] Request (ServersTestMultiNic:test_verify_duplicate_network_nics): 200 GET http://10.180.1.21/compute/v2.1/servers/98a605b2-4b2d-4f56-9ea2-344a660bec54 0.690s
2025-03-10 17:15:59.114 68746 INFO tempest.lib.common.rest_client [req-0671baee-1118-42c8-8608-dd558fd6ae14 req-0671baee-1118-42c8-8608-dd558fd6ae14 ] Request (FloatingIPsAssociationTestJSON:setUpClass): 200 GET http://10.180.1.21/compute/v2.1/servers/83abfaa7-1fc4-4dfb-8a33-7018c44d650c 0.693s
2025-03-10 17:15:59.168 68764 INFO tempest.lib.common.rest_client [req-2ab83827-6cb4-4c59-a2b6-bbd3c249f0ad req-2ab83827-6cb4-4c59-a2b6-bbd3c249f0ad ] Request (TenantUsagesTestJSON:tearDownClass): 204 DELETE http://10.180.1.21:9696/networking/v2.0/security-groups/a11d1193-e95c-46c8-8cf1-d54d2b761837 0.094s
2025-03-10 17:15:59.436 68796 INFO tempest.lib.common.rest_client [req-d3208725-4053-493e-8e4b-f41bddec6e23 req-d3208725-4053-493e-8e4b-f41bddec6e23 ] Request (AttachInterfacesUnderV243Test:test_add_remove_fixed_ip): 200 GET http://10.180.1.21/compute/v2.1/servers/82a6315d-1f3e-496f-abe5-0b6a3f8eaaed 0.802s
2025-03-10 17:15:59.479 68764 INFO tempest.lib.common.rest_client [req-f612adef-642b-42dc-b978-ba96fa3c1f0a req-f612adef-642b-42dc-b978-ba96fa3c1f0a ] Request (TenantUsagesTestJSON:tearDownClass): 204 DELETE http://10.180.1.21/identity/v3/projects/ed726d28b8ff4563a290c18aabfac94d 0.311s
2025-03-10 17:15:59.480 68764 INFO tempest.lib.common.dynamic_creds [-] Deleting project and security group for project: 754a50e83746488297715a4fa37d5247
2025-03-10 17:15:59.495 68744 WARNING tempest.lib.common.ssh [-] Failed to establish authenticated ssh connection to cirros@10.180.180.184 ([Errno None] Unable to connect to port 22 on 10.180.180.184). Number attempts: 7. Retry after 8 seconds.: paramiko.ssh_exception.NoValidConnectionsError: [Errno None] Unable to connect to port 22 on 10.180.180.184
2025-03-10 17:15:59.520 68752 INFO tempest.lib.common.rest_client [req-a02a2355-fd7c-452f-ba74-4bc8ebaef627 req-a02a2355-fd7c-452f-ba74-4bc8ebaef627 ] Request (ServerMetadataNegativeTestJSON:setUpClass): 200 GET http://10.180.1.21/compute/v2.1/servers/e23b9fc0-7225-4734-9aa1-0c03bf494967 0.742s
2025-03-10 17:15:59.651 68764 INFO tempest.lib.common.rest_client [req-e9c53477-0954-48b7-8eed-8789f1a5868a req-e9c53477-0954-48b7-8eed-8789f1a5868a ] Request (TenantUsagesTestJSON:tearDownClass): 200 GET http://10.180.1.21:9696/networking/v2.0/security-groups?tenant_id=754a50e83746488297715a4fa37d5247&name=default 0.170s
2025-03-10 17:15:59.766 68756 INFO tempest.lib.common.rest_client [req-79152249-2a6d-4b21-9a03-0aa8aee4a11f req-79152249-2a6d-4b21-9a03-0aa8aee4a11f ] Request (ServerActionsTestOtherB:setUpClass): 200 GET http://10.180.1.21/compute/v2.1/servers/e8e0b748-8d14-40a3-9702-504d0c0d679f 1.101s
2025-03-10 17:15:59.952 68784 INFO tempest.lib.common.rest_client [req-4c8e24cd-8439-4547-b174-9f222c2f95d9 req-4c8e24cd-8439-4547-b174-9f222c2f95d9 ] Request (ServerRescueTestJSON:test_rescue_unrescue_instance): 200 GET http://10.180.1.21/compute/v2.1/servers/60d71f22-7779-4f3b-b56a-a8be6ce5ea68 1.108s
2025-03-10 17:16:00.027 68764 INFO tempest.lib.common.rest_client [req-ff776b30-1f7a-418e-b29a-9f85c307aed8 req-ff776b30-1f7a-418e-b29a-9f85c307aed8 ] Request (TenantUsagesTestJSON:tearDownClass): 204 DELETE http://10.180.1.21:9696/networking/v2.0/security-groups/e8d9244d-3581-4aa7-a304-e034d8864a95 0.376s
2025-03-10 17:16:00.051 68786 INFO tempest.lib.common.rest_client [req-845b6677-eaea-46ca-a412-9046b9b0652b req-845b6677-eaea-46ca-a412-9046b9b0652b ] Request (ServerActionsV293TestJSON:setUpClass): 200 GET http://10.180.1.21/compute/v2.1/servers/1ab7b688-47c1-4ea1-9ad4-cd729a09ec3f 1.011s
2025-03-10 17:16:00.067 68786 INFO tempest.common.waiters [-] State transition "BUILD/spawning" ==> "ACTIVE/None" after 71 second wait
2025-03-10 17:16:00.069 68758 INFO tempest.lib.common.rest_client [req-10fe2490-c855-40b9-baf4-a22ebc767493 req-10fe2490-c855-40b9-baf4-a22ebc767493 ] Request (ServersAdmin275Test:test_rebuild_update_server_275): 200 GET http://10.180.1.21/compute/v2.1/servers/7ddca307-cc43-46fb-863d-78762a26b0d0 0.969s
2025-03-10 17:16:00.133 68776 INFO tempest.lib.common.rest_client [req-9c66c505-e1da-4820-98a0-8262157ba77e req-9c66c505-e1da-4820-98a0-8262157ba77e ] Request (ServersAdminNegativeTestJSON:tearDownClass): 200 GET http://10.180.1.21/compute/v2.1/servers/cd31aad9-c1fe-4d8a-a294-c4d5a8265da0 0.841s
2025-03-10 17:16:00.134 68764 INFO tempest.lib.common.rest_client [req-9b8d7c66-f19d-4417-afed-f52b40b3e060 req-9b8d7c66-f19d-4417-afed-f52b40b3e060 ] Request (TenantUsagesTestJSON:tearDownClass): 204 DELETE http://10.180.1.21/identity/v3/projects/754a50e83746488297715a4fa37d5247 0.106s
2025-03-10 17:16:00.207 68768 INFO tempest.lib.common.rest_client [req-3ae74a3a-99f2-4a67-a583-fd30a9032184 req-3ae74a3a-99f2-4a67-a583-fd30a9032184 ] Request (InstanceActionsTestJSON:setUpClass): 200 GET http://10.180.1.21/compute/v2.1/servers/cd6b3cc8-8b28-4b93-8922-6bb7aa6ec8e1 0.784s
2025-03-10 17:16:00.218 68764 INFO tempest.lib.common.rest_client [req-7736827a-cff3-4b21-ba3d-5cfa88b18888 req-7736827a-cff3-4b21-ba3d-5cfa88b18888 ] Request (MultipleCreateTestJSON:setUpClass): 201 POST http://10.180.1.21/identity/v3/auth/tokens 0.081s
2025-03-10 17:16:00.264 68764 INFO tempest.lib.common.rest_client [req-e4652659-5bfb-47a4-89cc-a4e34c6d8502 req-e4652659-5bfb-47a4-89cc-a4e34c6d8502 ] Request (MultipleCreateTestJSON:setUpClass): 201 POST http://10.180.1.21/identity/v3/auth/tokens 0.043s
2025-03-10 17:16:00.296 68764 INFO tempest.lib.common.rest_client [req-8a9a1c44-2fba-44c0-b378-4cecabc7eb6a req-8a9a1c44-2fba-44c0-b378-4cecabc7eb6a ] Request (MultipleCreateTestJSON:setUpClass): 200 GET http://10.180.1.21/identity/v3/domains?name=Default 0.032s
2025-03-10 17:16:00.299 68762 INFO tempest.lib.common.rest_client [req-eb0d93ee-d668-4e60-87fe-cd7823121792 req-eb0d93ee-d668-4e60-87fe-cd7823121792 ] Request (ServerDiagnosticsV248Test:tearDownClass): 200 GET http://10.180.1.21/compute/v2.1/servers/6b159e34-84a8-45c0-a5e2-9a9d1799b3fc 0.875s
2025-03-10 17:16:00.306 68750 INFO tempest.lib.common.rest_client [req-c9b6df9d-17f1-47e4-8620-c3460e46f42c req-c9b6df9d-17f1-47e4-8620-c3460e46f42c ] Request (MigrationsAdminTest:test_list_migrations_in_flavor_resize_situation): 200 GET http://10.180.1.21/compute/v2.1/servers/0fae630c-c34d-4827-9557-2d3bdb3d7c50 0.982s
2025-03-10 17:16:00.337 68764 INFO tempest.lib.common.rest_client [req-98dde196-273b-4e57-acc9-256f51b754f6 req-98dde196-273b-4e57-acc9-256f51b754f6 ] Request (MultipleCreateTestJSON:setUpClass): 201 POST http://10.180.1.21/identity/v3/projects 0.040s
2025-03-10 17:16:00.378 68736 INFO tempest.lib.common.rest_client [req-d4679218-9506-4e10-997d-34b1ac0fa8a8 req-d4679218-9506-4e10-997d-34b1ac0fa8a8 ] Request (ImagesNegativeTestJSON:test_create_image_from_deleted_server): 200 GET http://10.180.1.21/compute/v2.1/servers/937e0562-8e2d-4207-a5d3-ba1f389ac873 0.953s
2025-03-10 17:16:00.385 68738 INFO tempest.lib.common.rest_client [req-db14ca88-2c20-4c4f-9394-01eee0a07929 req-db14ca88-2c20-4c4f-9394-01eee0a07929 ] Request (ServersV294TestFqdnHostnames:setUpClass): 200 GET http://10.180.1.21/compute/v2.1/servers/b79c1f42-b7e0-4c2a-87eb-bb266e620058 0.941s
2025-03-10 17:16:00.407 68764 INFO tempest.lib.common.rest_client [req-fd2e0712-444d-477b-9553-fd69d191637c req-fd2e0712-444d-477b-9553-fd69d191637c ] Request (MultipleCreateTestJSON:setUpClass): 201 POST http://10.180.1.21/identity/v3/users 0.069s
2025-03-10 17:16:00.427 68764 INFO tempest.lib.common.rest_client [req-75ae7f38-a009-4ef0-9348-db6dfb5255c1 req-75ae7f38-a009-4ef0-9348-db6dfb5255c1 ] Request (MultipleCreateTestJSON:setUpClass): 200 GET http://10.180.1.21/identity/v3/roles 0.020s
2025-03-10 17:16:00.442 68774 INFO tempest.lib.common.rest_client [req-1ce062e5-b4d4-4dee-9ff0-4e1fde2e9d60 req-1ce062e5-b4d4-4dee-9ff0-4e1fde2e9d60 ] Request (ImagesOneServerNegativeTestJSON:_run_cleanups): 200 GET http://10.180.1.21/compute/v2.1/servers/dc2414d3-13dc-4588-91d1-6036e408505e 0.824s
2025-03-10 17:16:00.460 68764 INFO tempest.lib.common.rest_client [req-2164e603-9978-42b8-a7e3-f282caa90fed req-2164e603-9978-42b8-a7e3-f282caa90fed ] Request (MultipleCreateTestJSON:setUpClass): 204 PUT http://10.180.1.21/identity/v3/projects/17b8a05c64a541fdbeacd5b05aae7c9a/users/630aa58a28e4426c928dfd49effd0c60/roles/83c35c497cd041f9b0f621cfe096ecb1 0.032s
2025-03-10 17:16:00.460 68764 INFO tempest.lib.common.dynamic_creds [-] Dynamic test user 630aa58a28e4426c928dfd49effd0c60 is created with scope project and roles: ['member']
2025-03-10 17:16:00.461 68764 INFO tempest.lib.common.dynamic_creds [-] Acquired dynamic creds: credentials: Credentials: {'domain_id': 'default', 'domain_name': 'Default', 'username': 'tempest-MultipleCreateTestJSON-660164562-project-member', 'project_domain_id': 'default', 'project_domain_name': 'Default', 'project_id': '17b8a05c64a541fdbeacd5b05aae7c9a', 'project_name': 'tempest-MultipleCreateTestJSON-660164562', 'tenant_id': '17b8a05c64a541fdbeacd5b05aae7c9a', 'tenant_name': 'tempest-MultipleCreateTestJSON-660164562', 'user_domain_id': 'default', 'user_domain_name': 'Default', 'user_id': '630aa58a28e4426c928dfd49effd0c60', 'system': None}, Network: None, Subnet: None, Router: None
2025-03-10 17:16:00.503 68766 INFO tempest.lib.common.rest_client [req-a19dfc23-f737-4809-a344-0aa62e18c0b6 req-a19dfc23-f737-4809-a344-0aa62e18c0b6 ] Request (ServersTestJSON:test_create_server_specify_multibyte_character_name): 200 GET http://10.180.1.21/compute/v2.1/servers/1988c9b2-1c26-4d2c-b0c3-ff946dc22b08 0.789s
2025-03-10 17:16:00.514 68754 INFO tempest.lib.common.rest_client [req-5ed26723-a5ec-4a5b-b79b-b99a3da23cd6 req-5ed26723-a5ec-4a5b-b79b-b99a3da23cd6 ] Request (AttachInterfacesV270Test:test_create_get_list_interfaces): 200 GET http://10.180.1.21/compute/v2.1/servers/d96e8733-37f1-481e-b09d-b5491a4ae3f6 0.951s
2025-03-10 17:16:00.519 68764 INFO tempest.lib.common.rest_client [req-b345aa87-3b70-4381-9df7-b6c0445e3cbc req-b345aa87-3b70-4381-9df7-b6c0445e3cbc ] Request (MultipleCreateTestJSON:setUpClass): 201 POST http://10.180.1.21/identity/v3/auth/tokens 0.058s
2025-03-10 17:16:00.562 68770 INFO tempest.lib.common.rest_client [req-16a520d6-8e40-460c-ba9a-7d74cd8fb47c req-16a520d6-8e40-460c-ba9a-7d74cd8fb47c ] Request (ServerAddressesNegativeTestJSON:setUpClass): 200 GET http://10.180.1.21/compute/v2.1/servers/786cca41-91eb-4b77-b365-4c19525352f1 0.750s
2025-03-10 17:16:00.570 68770 INFO tempest.common.waiters [-] State transition "BUILD/scheduling" ==> "BUILD/None" after 50 second wait
2025-03-10 17:16:00.587 68794 INFO tempest.lib.common.rest_client [req-da50f5a2-fb5f-470d-8a55-a9d0c0756c4c req-da50f5a2-fb5f-470d-8a55-a9d0c0756c4c ] Request (ServersAdminTestJSON:setUpClass): 200 GET http://10.180.1.21/compute/v2.1/servers/4d4cad44-0cb0-4bf0-80c4-9299d9bbf3ca 0.736s
2025-03-10 17:16:00.623 68740 INFO tempest.lib.common.rest_client [req-24b0a9eb-a3a6-4eb3-9bfc-27d81e6315a2 req-24b0a9eb-a3a6-4eb3-9bfc-27d81e6315a2 ] Request (ListImageFiltersTestJSON:setUpClass): 200 GET http://10.180.1.21/compute/v2.1/images/2f19f49c-ba3b-4e88-b577-12ea2f6b89a8 0.733s
2025-03-10 17:16:00.631 68742 INFO tempest.lib.common.rest_client [req-4b04f6b4-2c79-4fe4-9353-b6c221bbbfe5 req-4b04f6b4-2c79-4fe4-9353-b6c221bbbfe5 ] Request (DeleteServersAdminTestJSON:test_delete_server_while_in_error_state): 200 GET http://10.180.1.21/compute/v2.1/servers/8e3abbd1-b483-450f-842b-811f51e18c19 0.768s
2025-03-10 17:16:00.710 68760 INFO tempest.lib.common.rest_client [req-49793607-83bd-4295-b60a-153c218f1034 req-49793607-83bd-4295-b60a-153c218f1034 ] Request (ServerActionsTestOtherA:setUpClass): 200 GET http://10.180.1.21/compute/v2.1/servers/1d581ed1-d175-46b9-bf25-83a6c4e4be0f 0.768s
2025-03-10 17:16:00.710 68788 INFO tempest.lib.common.rest_client [req-36a1212c-81d5-4772-9c96-9f9cf9c286e3 req-36a1212c-81d5-4772-9c96-9f9cf9c286e3 ] Request (ImagesOneServerTestJSON:tearDownClass): 200 GET http://10.180.1.21/compute/v2.1/servers/680a5bb1-ac39-481f-9986-f33d0661bf32 0.652s
2025-03-10 17:16:00.838 68764 INFO tempest.lib.common.rest_client [req-b3a0f83a-5c62-4aa3-87ba-682adf9ac1f7 req-b3a0f83a-5c62-4aa3-87ba-682adf9ac1f7 ] Request (MultipleCreateTestJSON:setUpClass): 201 POST http://10.180.1.21:9696/networking/v2.0/networks 0.318s
2025-03-10 17:16:00.869 68786 INFO tempest.lib.common.rest_client [req-aac2cccc-4a36-4b52-ba97-890bfa105c0c req-aac2cccc-4a36-4b52-ba97-890bfa105c0c ] Request (ServerActionsV293TestJSON:setUpClass): 200 GET http://10.180.1.21/compute/v2.1/servers/1ab7b688-47c1-4ea1-9ad4-cd729a09ec3f/os-interface 0.802s
2025-03-10 17:16:01.208 68746 INFO tempest.lib.common.rest_client [req-4eb6bad7-fded-439c-ba46-07a96e09cf2b req-4eb6bad7-fded-439c-ba46-07a96e09cf2b ] Request (FloatingIPsAssociationTestJSON:setUpClass): 200 GET http://10.180.1.21/compute/v2.1/servers/83abfaa7-1fc4-4dfb-8a33-7018c44d650c 1.083s
2025-03-10 17:16:01.236 68764 INFO tempest.lib.common.rest_client [req-c8d2e00a-ee7b-4f06-a6c8-2d7f74e9d0a3 req-c8d2e00a-ee7b-4f06-a6c8-2d7f74e9d0a3 ] Request (MultipleCreateTestJSON:setUpClass): 201 POST http://10.180.1.21:9696/networking/v2.0/subnets 0.397s
2025-03-10 17:16:01.292 68780 INFO tempest.lib.common.rest_client [req-9df4b60b-09c7-4ac0-9d3b-280742d07c64 req-9df4b60b-09c7-4ac0-9d3b-280742d07c64 ] Request (ServersTestMultiNic:test_verify_duplicate_network_nics): 200 GET http://10.180.1.21/compute/v2.1/servers/98a605b2-4b2d-4f56-9ea2-344a660bec54 1.201s
