2025-03-10 17:16:51.996 68786 ERROR tempest.test testtools.runtest.MultipleExceptions: (, Resource %(resource_id)s failed to delete and is in ERROR status
2025-03-10 17:16:51.996 68786 ERROR tempest.test Details: Server 1ab7b688-47c1-4ea1-9ad4-cd729a09ec3f failed to delete and is in ERROR status. Fault: {'code': 500, 'created': '2025-03-10T17:16:42Z', 'message': 'Build of instance 1ab7b688-47c1-4ea1-9ad4-cd729a09ec3f aborted: Failed to rebuild volume backed instance.'}., )
2025-03-10 17:16:51.996 68786 ERROR tempest.test
2025-03-10 17:16:52.010 68742 INFO tempest.lib.common.rest_client [req-41030837-bcec-41aa-a8cf-a90976fadc53 req-41030837-bcec-41aa-a8cf-a90976fadc53 ] Request (DeleteServersAdminTestJSON:test_delete_server_while_in_error_state): 200 GET http://10.180.1.21/compute/v2.1/servers/8e3abbd1-b483-450f-842b-811f51e18c19 1.052s
2025-03-10 17:16:52.010 68766 INFO tempest.lib.common.rest_client [req-975b9d2a-3647-40a9-84d8-02675afa25c9 req-975b9d2a-3647-40a9-84d8-02675afa25c9 ] Request (ServersTestJSON:test_create_server_with_ipv6_addr_only): 200 GET http://10.180.1.21/compute/v2.1/servers/99c2a850-2aa5-49e1-a65f-50020b0d5a95 0.995s
2025-03-10 17:16:52.094 68764 INFO tempest.lib.common.rest_client [req-d93bb17f-c795-412f-b858-2b536c3502f2 req-d93bb17f-c795-412f-b858-2b536c3502f2 ] Request (MultipleCreateTestJSON:test_multiple_create): 200 GET http://10.180.1.21/compute/v2.1/servers/e93f14f8-8557-4828-ab17-2d613ee16984 1.028s
2025-03-10 17:16:52.106 68778 INFO tempest.lib.common.rest_client [req-31d8ee70-8d22-45a3-84d6-74111d776abb req-31d8ee70-8d22-45a3-84d6-74111d776abb ] Request (ServersTestManualDisk:tearDownClass): 204 DELETE http://10.180.1.21/compute/v2.1/servers/38fac1f3-9fe0-49c8-875e-d260db193c8a 0.939s
2025-03-10 17:16:52.132 68780 INFO tempest.lib.common.rest_client [req-eca0169c-e450-4079-b2f0-a28ce4090db6 req-eca0169c-e450-4079-b2f0-a28ce4090db6 ] Request (ServersTestMultiNic:test_verify_multiple_nics_order): 201 POST http://10.180.1.21:9696/networking/v2.0/subnets 0.733s
2025-03-10 17:16:52.219 68780 INFO tempest.lib.common.rest_client [req-e7900f70-874f-43a8-bf54-98fdf5b452de req-e7900f70-874f-43a8-bf54-98fdf5b452de ] Request (ServersTestMultiNic:test_verify_multiple_nics_order): 201 POST http://10.180.1.21/identity/v3/auth/tokens 0.083s
2025-03-10 17:16:52.219 68780 INFO tempest.lib.common.fixed_network [-] (ServersTestMultiNic:test_verify_multiple_nics_order) Found network {'id': 'f7534f84-e15c-440d-9360-a74380573a28', 'name': 'tempest-ServersTestMultiNic-211606257-network', 'tenant_id': '464d65d8569c4e75905ad7546c6ebea4', 'admin_state_up': True, 'mtu': 8950, 'status': 'ACTIVE', 'subnets': [], 'shared': False, 'project_id': '464d65d8569c4e75905ad7546c6ebea4', 'port_security_enabled': True, 'router:external': False, 'provider:network_type': 'vlan', 'provider:physical_network': 'default', 'provider:segmentation_id': 531, 'availability_zone_hints': [], 'availability_zones': [], 'ipv4_address_scope': None, 'ipv6_address_scope': None, 'description': '', 'tags': [], 'created_at': '2025-03-10T17:14:42Z', 'updated_at': '2025-03-10T17:14:42Z', 'revision_number': 1} available for tenant
2025-03-10 17:16:52.295 68758 INFO tempest.lib.common.rest_client [req-177cc409-309a-4a19-a182-357138bad191 req-177cc409-309a-4a19-a182-357138bad191 ] Request (ServersAdmin275Test:tearDownClass): 200 GET http://10.180.1.21:9696/networking/v2.0/security-groups?tenant_id=27ac859d96274b41963405cf0f997423&name=default 0.641s
2025-03-10 17:16:52.301 68752 INFO tempest.lib.common.rest_client [req-95e91054-24b6-421d-9481-2485dce1468c req-95e91054-24b6-421d-9481-2485dce1468c ] Request (ServerMetadataNegativeTestJSON:setUpClass): 200 GET http://10.180.1.21/compute/v2.1/servers/e23b9fc0-7225-4734-9aa1-0c03bf494967 1.021s
2025-03-10 17:16:52.376 68770 INFO tempest.lib.common.rest_client [req-a64c4b7b-4a10-4248-aa95-b493cf395fc3 req-a64c4b7b-4a10-4248-aa95-b493cf395fc3 ] Request (ServerAddressesNegativeTestJSON:tearDownClass): 200 GET http://10.180.1.21/compute/v2.1/servers/786cca41-91eb-4b77-b365-4c19525352f1 1.079s
2025-03-10 17:16:52.460 68782 INFO tempest.lib.common.rest_client [req-ae59fae9-c412-40e2-9568-fd6591c7134b req-ae59fae9-c412-40e2-9568-fd6591c7134b ] Request (AttachInterfacesTestJSON:test_create_list_show_delete_interfaces_by_fixed_ip): 200 GET http://10.180.1.21/compute/v2.1/servers/6db8dd54-71cf-4e4e-b984-cc43264df1ac/os-interface/9f49c21e-807d-42b5-9aaa-77651591f54f 1.129s
2025-03-10 17:16:52.467 68758 INFO tempest.lib.common.rest_client [req-ba1e7f23-0c55-4116-b1d1-41334b77aa17 req-ba1e7f23-0c55-4116-b1d1-41334b77aa17 ] Request (ServersAdmin275Test:tearDownClass): 204 DELETE http://10.180.1.21:9696/networking/v2.0/security-groups/54153f16-ff76-47e2-9efe-f687154e8386 0.171s
2025-03-10 17:16:52.502 68776 INFO tempest.lib.common.rest_client [req-9e26f443-36a1-401a-bbff-610c2f5f039c req-9e26f443-36a1-401a-bbff-610c2f5f039c ] Request (SecurityGroupsNegativeTestJSON:tearDownClass): 204 DELETE http://10.180.1.21:9696/networking/v2.0/routers/ce0b59db-d6c2-433b-a660-0470706612d4 1.050s
2025-03-10 17:16:52.527 68762 INFO tempest.lib.common.rest_client [req-1783528c-be80-4df0-b286-588ab89e11be req-1783528c-be80-4df0-b286-588ab89e11be ] Request (FloatingIPsAssociationNegativeTestJSON:setUpClass): 200 GET http://10.180.1.21/compute/v2.1/servers/9b3b9600-bf96-4a2b-aa8c-79f7321878b0 1.188s
2025-03-10 17:16:52.541 68758 INFO tempest.lib.common.rest_client [req-7839ad97-90ed-4613-b250-172aa7a12504 req-7839ad97-90ed-4613-b250-172aa7a12504 ] Request (ServersAdmin275Test:tearDownClass): 204 DELETE http://10.180.1.21/identity/v3/projects/27ac859d96274b41963405cf0f997423 0.074s
2025-03-10 17:16:52.541 68758 INFO tempest.lib.common.dynamic_creds [-] Deleting project and security group for project: acd91a698a584533bdcfd6c32d1af30b
2025-03-10 17:16:52.623 68756 INFO tempest.lib.common.rest_client [req-47625da0-dbdf-49e9-a383-16fd216bc055 req-47625da0-dbdf-49e9-a383-16fd216bc055 ] Request (ServerActionsTestOtherB:test_create_backup): 202 POST http://10.180.1.21/compute/v2.1/servers/e8e0b748-8d14-40a3-9702-504d0c0d679f/action 1.346s
2025-03-10 17:16:52.642 68756 INFO tempest.lib.common.rest_client [req-5abb235a-ab17-413b-9e3c-cbef612dd210 req-5abb235a-ab17-413b-9e3c-cbef612dd210 ] Request (ServerActionsTestOtherB:test_create_backup): 200 GET http://10.180.1.21/image/v2/images/0ca00cce-85f1-4c4d-aa3f-8a7d2838f2a6 0.018s
2025-03-10 17:16:52.667 68796 INFO tempest.lib.common.rest_client [req-114bdd6d-c948-439b-96ae-15c5db889b1b req-114bdd6d-c948-439b-96ae-15c5db889b1b ] Request (AttachInterfacesUnderV243Test:test_add_remove_fixed_ip): 200 GET http://10.180.1.21/compute/v2.1/servers/82a6315d-1f3e-496f-abe5-0b6a3f8eaaed/ips 1.219s
2025-03-10 17:16:52.741 68754 INFO tempest.lib.common.rest_client [req-5ae76e1c-226e-409e-a772-8d3c2c3002b8 req-5ae76e1c-226e-409e-a772-8d3c2c3002b8 ] Request (AttachInterfacesV270Test:tearDownClass): 204 DELETE http://10.180.1.21:9696/networking/v2.0/networks/725a7937-8263-4e58-a510-f1cba6b95fe6 0.817s
2025-03-10 17:16:52.741 68758 INFO tempest.lib.common.rest_client [req-b9b530a0-7936-41ac-8db1-c1b789a1473c req-b9b530a0-7936-41ac-8db1-c1b789a1473c ] Request (ServersAdmin275Test:tearDownClass): 200 GET http://10.180.1.21:9696/networking/v2.0/security-groups?tenant_id=acd91a698a584533bdcfd6c32d1af30b&name=default 0.199s
2025-03-10 17:16:52.743 68774 INFO tempest.lib.common.rest_client [req-d7a1e228-f75f-4509-ab9b-287896af7a91 req-d7a1e228-f75f-4509-ab9b-287896af7a91 ] Request (ImagesOneServerNegativeTestJSON:_run_cleanups): 200 GET http://10.180.1.21/compute/v2.1/servers/dc2414d3-13dc-4588-91d1-6036e408505e 1.311s
2025-03-10 17:16:52.811 68768 INFO tempest.lib.common.rest_client [req-bcb0b2b4-62cb-4955-8326-8b3665922753 req-bcb0b2b4-62cb-4955-8326-8b3665922753 ] Request (InstanceActionsTestJSON:test_list_instance_actions): 200 GET http://10.180.1.21/compute/v2.1/servers/cd6b3cc8-8b28-4b93-8922-6bb7aa6ec8e1 1.178s
2025-03-10 17:16:52.858 68750 INFO tempest.lib.common.rest_client [req-c5b458ee-58fd-42c3-8521-67e90d03aed9 req-c5b458ee-58fd-42c3-8521-67e90d03aed9 ] Request (MigrationsAdminTest:test_list_migrations_in_flavor_resize_situation): 200 GET http://10.180.1.21/compute/v2.1/servers/0fae630c-c34d-4827-9557-2d3bdb3d7c50 1.008s
2025-03-10 17:16:52.874 68788 INFO tempest.lib.common.rest_client [req-00ff8676-0521-47b2-88d8-46abbf475414 req-00ff8676-0521-47b2-88d8-46abbf475414 ] Request (ServerActionsTestJSON:setUpClass): 200 GET http://10.180.1.21/compute/v2.1/servers/fd817671-1887-4e04-953c-bfd4bf1cee7b 0.916s
2025-03-10 17:16:52.884 68788 INFO tempest.common.waiters [-] State transition "BUILD/scheduling" ==> "BUILD/None" after 12 second wait
2025-03-10 17:16:52.889 68754 INFO tempest.lib.common.rest_client [req-06bb38c7-3da3-436e-a6a9-8e26097e1a49 req-06bb38c7-3da3-436e-a6a9-8e26097e1a49 ] Request (AttachInterfacesV270Test:tearDownClass): 204 DELETE http://10.180.1.21/identity/v3/users/50be64a0eab44499aefa51d98b2c381b 0.147s
2025-03-10 17:16:52.889 68754 INFO tempest.lib.common.dynamic_creds [-] Deleting project and security group for project: 8588ae3be31c42ba8e5714b71fa8e9c8
2025-03-10 17:16:52.898 68792 INFO tempest.lib.common.rest_client [req-6084e7a3-21ec-40a6-87cf-02f92eb82dc6 req-6084e7a3-21ec-40a6-87cf-02f92eb82dc6 ] Request (ServersTestBootFromVolume:tearDownClass): 404 GET http://10.180.1.21/compute/v2.1/servers/15bb026a-d9ef-4b1d-b565-0d6954fe8391 0.851s
2025-03-10 17:16:52.915 68776 INFO tempest.lib.common.rest_client [req-698ca4b3-f0b0-48aa-a000-aa87ccb0dde1 req-698ca4b3-f0b0-48aa-a000-aa87ccb0dde1 ] Request (SecurityGroupsNegativeTestJSON:tearDownClass): 204 DELETE http://10.180.1.21:9696/networking/v2.0/subnets/ae9ed3bd-4cdb-4ef7-8f0f-aecade257a7e 0.412s
2025-03-10 17:16:52.922 68746 INFO tempest.lib.common.rest_client [req-54382d18-bff0-4757-b992-aedb14a01364 req-54382d18-bff0-4757-b992-aedb14a01364 ] Request (FloatingIPsAssociationTestJSON:test_associate_already_associated_floating_ip): 200 GET http://10.180.1.21/compute/v2.1/servers/0f6452b1-1910-4827-b23b-e9a0663ea72b 0.927s
2025-03-10 17:16:52.944 68754 INFO tempest.lib.common.rest_client [req-96e18e78-da7b-4edd-80b9-b55507599702 req-96e18e78-da7b-4edd-80b9-b55507599702 ] Request (AttachInterfacesV270Test:tearDownClass): 200 GET http://10.180.1.21:9696/networking/v2.0/security-groups?tenant_id=8588ae3be31c42ba8e5714b71fa8e9c8&name=default 0.054s
2025-03-10 17:16:52.968 68758 INFO tempest.lib.common.rest_client [req-f1370e82-25a3-4341-8d98-c7e2ca1f137f req-f1370e82-25a3-4341-8d98-c7e2ca1f137f ] Request (ServersAdmin275Test:tearDownClass): 204 DELETE http://10.180.1.21:9696/networking/v2.0/security-groups/ea218160-2c2e-4b05-a6b5-b3b76364bdba 0.226s
2025-03-10 17:16:52.987 68744 INFO tempest.lib.common.rest_client [req-35861598-9e82-4ec5-8dde-0ecb50e104e2 req-35861598-9e82-4ec5-8dde-0ecb50e104e2 ] Request (ServersTestFqdnHostnames:tearDownClass): 200 GET http://10.180.1.21/compute/v2.1/servers/0918f7e7-ac2e-43e8-a205-33a78b9b3dac 0.903s
2025-03-10 17:16:53.063 68748 INFO tempest.lib.common.rest_client [req-08b8b300-b1c2-4491-9d80-6ede58f8c4c1 req-08b8b300-b1c2-4491-9d80-6ede58f8c4c1 ] Request (ServersWithSpecificFlavorTestJSON:test_verify_created_server_ephemeral_disk): 200 GET http://10.180.1.21/compute/v2.1/servers/021d8d7b-9609-4313-971d-f1a22b209751 0.879s
2025-03-10 17:16:53.107 68758 INFO tempest.lib.common.rest_client [req-703770d9-b126-4abf-bb4e-f750c1844106 req-703770d9-b126-4abf-bb4e-f750c1844106 ] Request (ServersAdmin275Test:tearDownClass): 204 DELETE http://10.180.1.21/identity/v3/projects/acd91a698a584533bdcfd6c32d1af30b 0.138s
2025-03-10 17:16:53.121 68778 INFO tempest.lib.common.rest_client [req-906ff024-a027-4186-b8e4-75f49d38309d req-906ff024-a027-4186-b8e4-75f49d38309d ] Request (ServersTestManualDisk:tearDownClass): 200 GET http://10.180.1.21/compute/v2.1/servers/38fac1f3-9fe0-49c8-875e-d260db193c8a 1.015s
2025-03-10 17:16:53.191 68782 INFO tempest.lib.common.rest_client [req-ca3495b8-b458-41e1-aa2e-2efc16b28623 req-ca3495b8-b458-41e1-aa2e-2efc16b28623 ] Request (AttachInterfacesTestJSON:test_create_list_show_delete_interfaces_by_fixed_ip): 202 DELETE http://10.180.1.21/compute/v2.1/servers/6db8dd54-71cf-4e4e-b984-cc43264df1ac/os-interface/133f0393-e9de-4bcb-947f-d85fb8726cbf 0.728s
2025-03-10 17:16:53.202 68758 INFO tempest.lib.common.rest_client [req-7c4d3257-8b76-40e3-89c1-2f39c59252b4 req-7c4d3257-8b76-40e3-89c1-2f39c59252b4 ] Request (VolumesAdminNegativeTest:setUpClass): 201 POST http://10.180.1.21/identity/v3/auth/tokens 0.093s
2025-03-10 17:16:53.246 68754 INFO tempest.lib.common.rest_client [req-96c60415-d717-4a09-b017-9e68d4b72aae req-96c60415-d717-4a09-b017-9e68d4b72aae ] Request (AttachInterfacesV270Test:tearDownClass): 204 DELETE http://10.180.1.21:9696/networking/v2.0/security-groups/cb78aab0-726a-4511-98c7-2ca110f77c8d 0.301s
2025-03-10 17:16:53.249 68758 INFO tempest.lib.common.rest_client [req-55847a21-6944-4ef9-bcc2-75842e2a6200 req-55847a21-6944-4ef9-bcc2-75842e2a6200 ] Request (VolumesAdminNegativeTest:setUpClass): 201 POST http://10.180.1.21/identity/v3/auth/tokens 0.044s
2025-03-10 17:16:53.278 68758 INFO tempest.lib.common.rest_client [req-9aaa4f8b-f371-487b-9e5e-c621d3925247 req-9aaa4f8b-f371-487b-9e5e-c621d3925247 ] Request (VolumesAdminNegativeTest:setUpClass): 200 GET http://10.180.1.21/identity/v3/domains?name=Default 0.028s
2025-03-10 17:16:53.303 68740 INFO tempest.lib.common.rest_client [req-b32c4699-7248-40ea-9f26-c4136e30dd55 req-b32c4699-7248-40ea-9f26-c4136e30dd55 ] Request (ListImageFiltersTestJSON:tearDownClass): 200 GET http://10.180.1.21/compute/v2.1/servers/f6f23a19-fb3d-4c26-a0f0-9352e008b248 0.806s
2025-03-10 17:16:53.312 68758 INFO tempest.lib.common.rest_client [req-3bbac9d6-a80c-423a-adf3-2829e060b3cd req-3bbac9d6-a80c-423a-adf3-2829e060b3cd ] Request (VolumesAdminNegativeTest:setUpClass): 201 POST http://10.180.1.21/identity/v3/projects 0.033s
2025-03-10 17:16:53.341 68754 INFO tempest.lib.common.rest_client [req-420cba26-fa78-440e-9b76-e8c61dfbbc6b req-420cba26-fa78-440e-9b76-e8c61dfbbc6b ] Request (AttachInterfacesV270Test:tearDownClass): 204 DELETE http://10.180.1.21/identity/v3/projects/8588ae3be31c42ba8e5714b71fa8e9c8 0.095s
2025-03-10 17:16:53.375 68754 INFO tempest.lib.common.rest_client [req-03fdd30d-28f5-4930-965e-b07f204bb13e req-03fdd30d-28f5-4930-965e-b07f204bb13e ] Request (MultipleCreateNegativeTestJSON:setUpClass): 201 POST http://10.180.1.21/identity/v3/auth/tokens 0.031s
2025-03-10 17:16:53.386 68758 INFO tempest.lib.common.rest_client [req-e29c1b16-83ce-41e8-82bc-7e3ba5b70d5e req-e29c1b16-83ce-41e8-82bc-7e3ba5b70d5e ] Request (VolumesAdminNegativeTest:setUpClass): 201 POST http://10.180.1.21/identity/v3/users 0.073s
2025-03-10 17:16:53.418 68754 INFO tempest.lib.common.rest_client [req-a65aaff6-86d0-4ebd-882b-4e2ca19c8b58 req-a65aaff6-86d0-4ebd-882b-4e2ca19c8b58 ] Request (MultipleCreateNegativeTestJSON:setUpClass): 201 POST http://10.180.1.21/identity/v3/auth/tokens 0.040s
2025-03-10 17:16:53.419 68758 INFO tempest.lib.common.rest_client [req-85be96b9-072b-4643-a444-ac6bcef64677 req-85be96b9-072b-4643-a444-ac6bcef64677 ] Request (VolumesAdminNegativeTest:setUpClass): 200 GET http://10.180.1.21/identity/v3/roles 0.033s
2025-03-10 17:16:53.427 68786 INFO tempest.lib.common.rest_client [req-947561ed-e161-4123-b5f3-072fc712aacb req-947561ed-e161-4123-b5f3-072fc712aacb ] Request (ServerActionsV293TestJSON:tearDownClass): 200 PUT http://10.180.1.21:9696/networking/v2.0/routers/69b47ab1-c8b9-4cde-bc77-bfdcefb81691/remove_router_interface 1.430s
2025-03-10 17:16:53.448 68758 INFO tempest.lib.common.rest_client [req-8b6aec8f-da89-4268-9a91-1c7b6a3b888c req-8b6aec8f-da89-4268-9a91-1c7b6a3b888c ] Request (VolumesAdminNegativeTest:setUpClass): 204 PUT http://10.180.1.21/identity/v3/projects/87b864f3e1c84270a5aaaa5baa77b971/users/b980f707c7734d9db7708bce069d23f0/roles/83c35c497cd041f9b0f621cfe096ecb1 0.028s
2025-03-10 17:16:53.448 68758 INFO tempest.lib.common.dynamic_creds [-] Dynamic test user b980f707c7734d9db7708bce069d23f0 is created with scope project and roles: ['member']
2025-03-10 17:16:53.448 68758 INFO tempest.lib.common.dynamic_creds [-] Acquired dynamic creds: credentials: Credentials: {'domain_id': 'default', 'domain_name': 'Default', 'username': 'tempest-VolumesAdminNegativeTest-1285694998-project-member', 'project_domain_id': 'default', 'project_domain_name': 'Default', 'project_id': '87b864f3e1c84270a5aaaa5baa77b971', 'project_name': 'tempest-VolumesAdminNegativeTest-1285694998', 'tenant_id': '87b864f3e1c84270a5aaaa5baa77b971', 'tenant_name': 'tempest-VolumesAdminNegativeTest-1285694998', 'user_domain_id': 'default', 'user_domain_name': 'Default', 'user_id': 'b980f707c7734d9db7708bce069d23f0', 'system': None}, Network: None, Subnet: None, Router: None
2025-03-10 17:16:53.450 68754 INFO tempest.lib.common.rest_client [req-22262b80-9ef6-47f1-80ec-fef6ff35e7c4 req-22262b80-9ef6-47f1-80ec-fef6ff35e7c4 ] Request (MultipleCreateNegativeTestJSON:setUpClass): 200 GET http://10.180.1.21/identity/v3/domains?name=Default 0.031s
2025-03-10 17:16:53.504 68758 INFO tempest.lib.common.rest_client [req-27bec2cf-bf48-4654-be1e-0b08f28b971d req-27bec2cf-bf48-4654-be1e-0b08f28b971d ] Request (VolumesAdminNegativeTest:setUpClass): 201 POST http://10.180.1.21/identity/v3/auth/tokens 0.055s
2025-03-10 17:16:53.515 68754 INFO tempest.lib.common.rest_client [req-e48e6796-7a9e-4ba5-a317-1c26618c4452 req-e48e6796-7a9e-4ba5-a317-1c26618c4452 ] Request (MultipleCreateNegativeTestJSON:setUpClass): 201 POST http://10.180.1.21/identity/v3/projects 0.065s
2025-03-10 17:16:53.581 68754 INFO tempest.lib.common.rest_client [req-bf688c89-e7f3-4bbb-b441-2122dd726e4a req-bf688c89-e7f3-4bbb-b441-2122dd726e4a ] Request (MultipleCreateNegativeTestJSON:setUpClass): 201 POST http://10.180.1.21/identity/v3/users 0.065s
2025-03-10 17:16:53.603 68754 INFO tempest.lib.common.rest_client [req-c3a5d2c0-13b4-4033-997c-c496a98b03b7 req-c3a5d2c0-13b4-4033-997c-c496a98b03b7 ] Request (MultipleCreateNegativeTestJSON:setUpClass): 200 GET http://10.180.1.21/identity/v3/roles 0.022s
2025-03-10 17:16:53.637 68754 INFO tempest.lib.common.rest_client [req-592c23d3-3889-4066-bb94-db4ccf20190d req-592c23d3-3889-4066-bb94-db4ccf20190d ] Request (MultipleCreateNegativeTestJSON:setUpClass): 204 PUT http://10.180.1.21/identity/v3/projects/8b9acb227d7e4213a21a5e49690a23ed/users/7b49c927e75945f9b27d0f6bc6f83187/roles/83c35c497cd041f9b0f621cfe096ecb1 0.034s
2025-03-10 17:16:53.638 68754 INFO tempest.lib.common.dynamic_creds [-] Dynamic test user 7b49c927e75945f9b27d0f6bc6f83187 is created with scope project and roles: ['member']
2025-03-10 17:16:53.638 68754 INFO tempest.lib.common.dynamic_creds [-] Acquired dynamic creds: credentials: Credentials: {'domain_id': 'default', 'domain_name': 'Default', 'username': 'tempest-MultipleCreateNegativeTestJSON-102737641-project-member', 'project_domain_id': 'default', 'project_domain_name': 'Default', 'project_id': '8b9acb227d7e4213a21a5e49690a23ed', 'project_name': 'tempest-MultipleCreateNegativeTestJSON-102737641', 'tenant_id': '8b9acb227d7e4213a21a5e49690a23ed', 'tenant_name': 'tempest-MultipleCreateNegativeTestJSON-102737641', 'user_domain_id': 'default', 'user_domain_name': 'Default', 'user_id': '7b49c927e75945f9b27d0f6bc6f83187', 'system': None}, Network: None, Subnet: None, Router: None
2025-03-10 17:16:53.638 68754 INFO tempest.lib.common.dynamic_creds [-] Created isolated network resources for: credentials: Credentials: {'domain_id': 'default', 'domain_name': 'Default', 'username': 'tempest-MultipleCreateNegativeTestJSON-102737641-project-member', 'project_domain_id': 'default', 'project_domain_name': 'Default', 'project_id': '8b9acb227d7e4213a21a5e49690a23ed', 'project_name': 'tempest-MultipleCreateNegativeTestJSON-102737641', 'tenant_id': '8b9acb227d7e4213a21a5e49690a23ed', 'tenant_name': 'tempest-MultipleCreateNegativeTestJSON-102737641', 'user_domain_id': 'default', 'user_domain_name': 'Default', 'user_id': '7b49c927e75945f9b27d0f6bc6f83187', 'system': None}, Network: None, Subnet: None, Router: None
2025-03-10 17:16:53.651 68794 INFO tempest.lib.common.rest_client [req-784e16c9-f63f-49bc-9eab-9f4a15cbfb9b req-784e16c9-f63f-49bc-9eab-9f4a15cbfb9b ] Request (ServersAdminTestJSON:setUpClass): 200 GET http://10.180.1.21/compute/v2.1/servers/4d4cad44-0cb0-4bf0-80c4-9299d9bbf3ca 1.013s
2025-03-10 17:16:53.660 68794 INFO tempest.common.waiters [-] State transition "BUILD/spawning" ==> "ACTIVE/None" after 80 second wait
2025-03-10 17:16:53.674 68756 INFO tempest.lib.common.rest_client [req-5e7ff1ab-9a73-4f5e-9674-fe38aa02704f req-5e7ff1ab-9a73-4f5e-9674-fe38aa02704f ] Request (ServerActionsTestOtherB:test_create_backup): 200 GET http://10.180.1.21/image/v2/images/0ca00cce-85f1-4c4d-aa3f-8a7d2838f2a6 0.031s
2025-03-10 17:16:53.750 68776 INFO tempest.lib.common.rest_client [req-b50c0f2c-5691-4e76-8041-a51b387ee805 req-b50c0f2c-5691-4e76-8041-a51b387ee805 ] Request (SecurityGroupsNegativeTestJSON:tearDownClass): 204 DELETE http://10.180.1.21:9696/networking/v2.0/networks/69fb86a7-2dd0-482e-8ffc-238fbaecccaf 0.835s
2025-03-10 17:16:53.753 68754 INFO tempest.lib.common.rest_client [req-ae72925b-7a79-43df-831d-6111f2323f6b req-ae72925b-7a79-43df-831d-6111f2323f6b ] Request (MultipleCreateNegativeTestJSON:setUpClass): 201 POST http://10.180.1.21/identity/v3/auth/tokens 0.110s
2025-03-10 17:16:53.760 68784 INFO tempest.lib.common.rest_client [req-647322ab-2cc7-4310-8e1a-6c36f585726f req-647322ab-2cc7-4310-8e1a-6c36f585726f ] Request (ServerRescueTestJSON:tearDownClass): 200 GET http://10.180.1.21/compute/v2.1/servers/7a9f7ade-ad54-4517-acf8-70fced073c77 1.108s
2025-03-10 17:16:53.800 68754 INFO tempest.lib.common.rest_client [req-de070f22-0afc-44ac-a89c-64472e6612c2 req-de070f22-0afc-44ac-a89c-64472e6612c2 ] Request (MultipleCreateNegativeTestJSON:test_max_count_less_than_min_count): 201 POST http://10.180.1.21/identity/v3/auth/tokens 0.038s
2025-03-10 17:16:53.800 68754 INFO tempest.lib.common.fixed_network [-] (MultipleCreateNegativeTestJSON:test_max_count_less_than_min_count) Found network None available for tenant
2025-03-10 17:16:53.873 68776 INFO tempest.lib.common.rest_client [req-88ecfc45-bdaf-4089-a248-647836eeddf2 req-88ecfc45-bdaf-4089-a248-647836eeddf2 ] Request (SecurityGroupsNegativeTestJSON:tearDownClass): 204 DELETE http://10.180.1.21/identity/v3/users/dbcaa0ecee7e40fd90d5d92bcdefdbf2 0.122s
2025-03-10 17:16:53.873 68776 INFO tempest.lib.common.dynamic_creds [-] Deleting project and security group for project: c6db5f1911f64d1baee19d9aefe8ff23
2025-03-10 17:16:53.894 68796 INFO tempest.lib.common.rest_client [req-12b0effd-6ab0-4dff-abbb-420c86117bfb req-12b0effd-6ab0-4dff-abbb-420c86117bfb ] Request (AttachInterfacesUnderV243Test:test_add_remove_fixed_ip): 200 GET http://10.180.1.21/compute/v2.1/servers/82a6315d-1f3e-496f-abe5-0b6a3f8eaaed 1.226s
2025-03-10 17:16:53.908 68792 INFO tempest.lib.common.rest_client [req-b9800c50-4b04-498b-8ae2-37152e57c9d0 req-b9800c50-4b04-498b-8ae2-37152e57c9d0 ] Request (ServersTestBootFromVolume:tearDownClass): 202 DELETE http://10.180.1.21/compute/v2.1/os-keypairs/tempest-keypair-864362336 1.009s
2025-03-10 17:16:53.911 68776 INFO tempest.lib.common.rest_client [req-884661fd-f9af-4c2d-86c1-9604e100b717 req-884661fd-f9af-4c2d-86c1-9604e100b717 ] Request (SecurityGroupsNegativeTestJSON:tearDownClass): 200 GET http://10.180.1.21:9696/networking/v2.0/security-groups?tenant_id=c6db5f1911f64d1baee19d9aefe8ff23&name=default 0.038s
2025-03-10 17:16:53.990 68742 INFO tempest.lib.common.rest_client [req-149f1ee0-07bd-45cc-b49d-e7a906e1bf3b req-149f1ee0-07bd-45cc-b49d-e7a906e1bf3b ] Request (DeleteServersAdminTestJSON:test_delete_server_while_in_error_state): 200 GET http://10.180.1.21/compute/v2.1/servers/8e3abbd1-b483-450f-842b-811f51e18c19 0.973s
2025-03-10 17:16:54.027 68780 INFO tempest.lib.common.rest_client [req-4da6aadf-6fbe-49ea-9f0f-e612ff882892 req-4da6aadf-6fbe-49ea-9f0f-e612ff882892 ] Request (ServersTestMultiNic:test_verify_multiple_nics_order): 202 POST http://10.180.1.21/compute/v2.1/servers 1.808s
2025-03-10 17:16:54.041 68758 INFO tempest.lib.common.rest_client [req-4d391403-7814-467e-b61e-6c8913ff2fe4 req-4d391403-7814-467e-b61e-6c8913ff2fe4 ] Request (VolumesAdminNegativeTest:setUpClass): 201 POST http://10.180.1.21:9696/networking/v2.0/networks 0.536s
2025-03-10 17:16:54.073 68766 INFO tempest.lib.common.rest_client [req-6845f0d9-894c-4989-95bf-a3ba8a3860bd req-6845f0d9-894c-4989-95bf-a3ba8a3860bd ] Request (ServersTestJSON:test_create_server_with_ipv6_addr_only): 200 GET http://10.180.1.21/compute/v2.1/servers/99c2a850-2aa5-49e1-a65f-50020b0d5a95 1.051s
2025-03-10 17:16:54.091 68764 INFO tempest.lib.common.rest_client [req-6b6dcc81-e0a7-4e8e-9089-6c1791d38f8c req-6b6dcc81-e0a7-4e8e-9089-6c1791d38f8c ] Request (MultipleCreateTestJSON:test_multiple_create): 200 GET http://10.180.1.21/compute/v2.1/servers/e93f14f8-8557-4828-ab17-2d613ee16984 0.986s
2025-03-10 17:16:54.103 68764 INFO tempest.common.waiters [-] State transition "BUILD/None" ==> "BUILD/networking" after 49 second wait
2025-03-10 17:16:54.117 68776 INFO tempest.lib.common.rest_client [req-09bfcce1-c394-4d76-b8f7-9bdaaab35f3b req-09bfcce1-c394-4d76-b8f7-9bdaaab35f3b ] Request (SecurityGroupsNegativeTestJSON:tearDownClass): 204 DELETE http://10.180.1.21:9696/networking/v2.0/security-groups/b45d8ccf-37f6-4326-bfc6-4ca12cedc3dc 0.205s
2025-03-10 17:16:54.122 68792 INFO tempest.lib.common.rest_client [req-633490e9-1aa2-4d6b-a320-dbd28de80ca5 req-633490e9-1aa2-4d6b-a320-dbd28de80ca5 ] Request (ServersTestBootFromVolume:tearDownClass): 204 DELETE http://10.180.1.21:9696/networking/v2.0/security-groups/c20156c5-22fd-4d99-b274-b6fbaf1d17ed 0.214s
2025-03-10 17:16:54.133 68760 WARNING tempest.lib.common.ssh [-] Failed to establish authenticated ssh connection to cirros@10.180.180.251 ([Errno None] Unable to connect to port 22 on 10.180.180.251). Number attempts: 5. Retry after 6 seconds.: paramiko.ssh_exception.NoValidConnectionsError: [Errno None] Unable to connect to port 22 on 10.180.180.251
2025-03-10 17:16:54.156 68792 INFO tempest.lib.common.rest_client [req-a716698c-eff1-4aac-8596-84cf270a0152 req-a716698c-eff1-4aac-8596-84cf270a0152 ] Request (ServersTestBootFromVolume:tearDownClass): 404 GET http://10.180.1.21:9696/networking/v2.0/security-groups/c20156c5-22fd-4d99-b274-b6fbaf1d17ed 0.033s
2025-03-10 17:16:54.216 68782 INFO tempest.lib.common.rest_client [req-5ddb7220-9fb3-46f5-aa07-d60fd21203b4 req-5ddb7220-9fb3-46f5-aa07-d60fd21203b4 ] Request (AttachInterfacesTestJSON:test_create_list_show_delete_interfaces_by_fixed_ip): 200 GET http://10.180.1.21/compute/v2.1/servers/6db8dd54-71cf-4e4e-b984-cc43264df1ac/os-interface 1.024s
2025-03-10 17:16:54.273 68776 INFO tempest.lib.common.rest_client [req-42889ec7-78b2-4410-abc6-e5470bc81c86 req-42889ec7-78b2-4410-abc6-e5470bc81c86 ] Request (SecurityGroupsNegativeTestJSON:tearDownClass): 204 DELETE http://10.180.1.21/identity/v3/projects/c6db5f1911f64d1baee19d9aefe8ff23 0.155s
2025-03-10 17:16:54.299 68786 INFO tempest.lib.common.rest_client [req-f493dc99-7dd6-42e0-8965-13cce82efd2a req-f493dc99-7dd6-42e0-8965-13cce82efd2a ] Request (ServerActionsV293TestJSON:tearDownClass): 204 DELETE http://10.180.1.21:9696/networking/v2.0/routers/69b47ab1-c8b9-4cde-bc77-bfdcefb81691 0.871s
2025-03-10 17:16:54.349 68776 INFO tempest.lib.common.rest_client [req-d5234a86-89a7-4378-ba75-d731277ff855 req-d5234a86-89a7-4378-ba75-d731277ff855 ] Request (ServerAddressesTestJSON:setUpClass): 201 POST http://10.180.1.21/identity/v3/auth/tokens 0.074s
2025-03-10 17:16:54.352 68770 INFO tempest.lib.common.rest_client [req-5edc0f54-76ea-4a5e-9333-29efbeee866f req-5edc0f54-76ea-4a5e-9333-29efbeee866f ] Request (ServerAddressesNegativeTestJSON:tearDownClass): 200 GET http://10.180.1.21/compute/v2.1/servers/786cca41-91eb-4b77-b365-4c19525352f1 0.963s
2025-03-10 17:16:54.394 68776 INFO tempest.lib.common.rest_client [req-090b1cbb-9555-4ad0-9c87-de8373054f88 req-090b1cbb-9555-4ad0-9c87-de8373054f88 ] Request (ServerAddressesTestJSON:setUpClass): 201 POST http://10.180.1.21/identity/v3/auth/tokens 0.040s
2025-03-10 17:16:54.403 68752 INFO tempest.lib.common.rest_client [req-c1108890-b449-4ac9-87bb-188915e1db04 req-c1108890-b449-4ac9-87bb-188915e1db04 ] Request (ServerMetadataNegativeTestJSON:setUpClass): 200 GET http://10.180.1.21/compute/v2.1/servers/e23b9fc0-7225-4734-9aa1-0c03bf494967 1.093s
2025-03-10 17:16:54.408 68758 INFO tempest.lib.common.rest_client [req-01f5d4ed-cb02-438b-bdd2-2c8cb6847f5c req-01f5d4ed-cb02-438b-bdd2-2c8cb6847f5c ] Request (VolumesAdminNegativeTest:setUpClass): 201 POST http://10.180.1.21:9696/networking/v2.0/subnets 0.366s
2025-03-10 17:16:54.427 68776 INFO tempest.lib.common.rest_client [req-a4a04909-8d28-4348-9151-1a282c68254b req-a4a04909-8d28-4348-9151-1a282c68254b ] Request (ServerAddressesTestJSON:setUpClass): 200 GET http://10.180.1.21/identity/v3/domains?name=Default 0.031s
2025-03-10 17:16:54.430 68762 INFO tempest.lib.common.rest_client [req-0efccb37-7bb6-430d-a132-edc5559f8501 req-0efccb37-7bb6-430d-a132-edc5559f8501 ] Request (FloatingIPsAssociationNegativeTestJSON:setUpClass): 200 GET http://10.180.1.21/compute/v2.1/servers/9b3b9600-bf96-4a2b-aa8c-79f7321878b0 0.889s
2025-03-10 17:16:54.461 68776 INFO tempest.lib.common.rest_client [req-0e1041e7-9074-4b1e-a70f-e6edea1cb8bf req-0e1041e7-9074-4b1e-a70f-e6edea1cb8bf ] Request (ServerAddressesTestJSON:setUpClass): 201 POST http://10.180.1.21/identity/v3/projects 0.034s
2025-03-10 17:16:54.537 68776 INFO tempest.lib.common.rest_client [req-34382c9c-ac93-49e5-b8d0-c0cbe964d343 req-34382c9c-ac93-49e5-b8d0-c0cbe964d343 ] Request (ServerAddressesTestJSON:setUpClass): 201 POST http://10.180.1.21/identity/v3/users 0.075s
2025-03-10 17:16:54.558 68776 INFO tempest.lib.common.rest_client [req-fb60b986-9665-46fe-893a-2d50c086efa7 req-fb60b986-9665-46fe-893a-2d50c086efa7 ] Request (ServerAddressesTestJSON:setUpClass): 200 GET http://10.180.1.21/identity/v3/roles 0.020s
2025-03-10 17:16:54.593 68776 INFO tempest.lib.common.rest_client [req-9addce9f-fe57-40b6-a196-7f371deef60b req-9addce9f-fe57-40b6-a196-7f371deef60b ] Request (ServerAddressesTestJSON:setUpClass): 204 PUT http://10.180.1.21/identity/v3/projects/cc758e96042644628699c4473aef6220/users/26101c97460143488b22fd49c1964df0/roles/83c35c497cd041f9b0f621cfe096ecb1 0.035s
2025-03-10 17:16:54.594 68776 INFO tempest.lib.common.dynamic_creds [-] Dynamic test user 26101c97460143488b22fd49c1964df0 is created with scope project and roles: ['member']
2025-03-10 17:16:54.594 68776 INFO tempest.lib.common.dynamic_creds [-] Acquired dynamic creds: credentials: Credentials: {'domain_id': 'default', 'domain_name': 'Default', 'username': 'tempest-ServerAddressesTestJSON-1461220907-project-member', 'project_domain_id': 'default', 'project_domain_name': 'Default', 'project_id': 'cc758e96042644628699c4473aef6220', 'project_name': 'tempest-ServerAddressesTestJSON-1461220907', 'tenant_id': 'cc758e96042644628699c4473aef6220', 'tenant_name': 'tempest-ServerAddressesTestJSON-1461220907', 'user_domain_id': 'default', 'user_domain_name': 'Default', 'user_id': '26101c97460143488b22fd49c1964df0', 'system': None}, Network: None, Subnet: None, Router: None
2025-03-10 17:16:54.594 68786 INFO tempest.lib.common.rest_client [req-ef77f8b0-be22-48d1-aee9-7122ba10715b req-ef77f8b0-be22-48d1-aee9-7122ba10715b ] Request (ServerActionsV293TestJSON:tearDownClass): 204 DELETE http://10.180.1.21:9696/networking/v2.0/subnets/abb95ea2-8364-4940-a1d7-35d34f62e3be 0.295s
2025-03-10 17:16:54.633 68794 INFO tempest.lib.common.rest_client [req-32d3ce23-e572-4e99-b51a-a25fe8e488ec req-32d3ce23-e572-4e99-b51a-a25fe8e488ec ] Request (ServersAdminTestJSON:setUpClass): 200 GET http://10.180.1.21/compute/v2.1/servers/51e4741a-8c13-4c3d-9a54-10c7b7068a7d 0.972s
2025-03-10 17:16:54.638 68774 INFO tempest.lib.common.rest_client [req-88a3d95f-90e3-4518-8a02-5e193842d247 req-88a3d95f-90e3-4518-8a02-5e193842d247 ] Request (ImagesOneServerNegativeTestJSON:_run_cleanups): 200 GET http://10.180.1.21/compute/v2.1/servers/dc2414d3-13dc-4588-91d1-6036e408505e 0.882s
2025-03-10 17:16:54.654 68776 INFO tempest.lib.common.rest_client [req-3a5ba45f-b10a-4ba5-955e-148628da30fa req-3a5ba45f-b10a-4ba5-955e-148628da30fa ] Request (ServerAddressesTestJSON:setUpClass): 201 POST http://10.180.1.21/identity/v3/auth/tokens 0.060s
2025-03-10 17:16:54.698 68756 INFO tempest.lib.common.rest_client [req-dcc1c000-8fb5-45fa-a1d8-13e45650394d req-dcc1c000-8fb5-45fa-a1d8-13e45650394d ] Request (ServerActionsTestOtherB:test_create_backup): 200 GET http://10.180.1.21/image/v2/images/0ca00cce-85f1-4c4d-aa3f-8a7d2838f2a6 0.023s
2025-03-10 17:16:54.710 68794 INFO tempest.lib.common.rest_client [req-9a5be946-cdc3-4738-800d-28c143b8a047 req-9a5be946-cdc3-4738-800d-28c143b8a047 ] Request (ServersAdminTestJSON:test_create_server_with_scheduling_hint): 201 POST http://10.180.1.21/identity/v3/auth/tokens 0.065s
2025-03-10 17:16:54.711 68794 INFO tempest.lib.common.fixed_network [-] (ServersAdminTestJSON:test_create_server_with_scheduling_hint) Found network {'id': '4e6d58b1-46f0-4105-b05f-d54f44081fd4', 'name': 'tempest-ServersAdminTestJSON-1412094765-network', 'tenant_id': '42821610650c4fecb574be20608d26f7', 'admin_state_up': True, 'mtu': 8950, 'status': 'ACTIVE', 'subnets': [], 'shared': False, 'project_id': '42821610650c4fecb574be20608d26f7', 'port_security_enabled': True, 'router:external': False, 'provider:network_type': 'vlan', 'provider:physical_network': 'default', 'provider:segmentation_id': 830, 'availability_zone_hints': [], 'availability_zones': [], 'ipv4_address_scope': None, 'ipv6_address_scope': None, 'description': '', 'tags': [], 'created_at': '2025-03-10T17:15:19Z', 'updated_at': '2025-03-10T17:15:19Z', 'revision_number': 1} available for tenant
2025-03-10 17:16:54.762 68754 INFO tempest.lib.common.rest_client [req-bfb6719a-cc52-47a1-a95a-80f2f21c85b8 req-bfb6719a-cc52-47a1-a95a-80f2f21c85b8 ] Request (MultipleCreateNegativeTestJSON:test_max_count_less_than_min_count): 400 POST http://10.180.1.21/compute/v2.1/servers 0.961s
2025-03-10 17:16:54.795 68792 INFO tempest.lib.common.rest_client [req-b95a43fd-a0f7-421f-a7dc-aa56d26c404b req-b95a43fd-a0f7-421f-a7dc-aa56d26c404b ] Request (ServersTestBootFromVolume:tearDownClass): 204 DELETE http://10.180.1.21:9696/networking/v2.0/floatingips/59cce4bf-7ce3-45aa-8c2a-bcbe22f5e7f4 0.638s
2025-03-10 17:16:54.810 68754 INFO tempest.lib.common.rest_client [req-c6a4bf37-1bbb-4e8a-8df3-ec58225eff3c req-c6a4bf37-1bbb-4e8a-8df3-ec58225eff3c ] Request (MultipleCreateNegativeTestJSON:test_max_count_less_than_one): 201 POST http://10.180.1.21/identity/v3/auth/tokens 0.041s
2025-03-10 17:16:54.811 68754 INFO tempest.lib.common.fixed_network [-] (MultipleCreateNegativeTestJSON:test_max_count_less_than_one) Found network None available for tenant
2025-03-10 17:16:54.853 68768 INFO tempest.lib.common.rest_client [req-611bdb67-44d3-4a0a-92ae-ca9498d65d3e req-611bdb67-44d3-4a0a-92ae-ca9498d65d3e ] Request (InstanceActionsTestJSON:test_list_instance_actions): 200 GET http://10.180.1.21/compute/v2.1/servers/cd6b3cc8-8b28-4b93-8922-6bb7aa6ec8e1 1.031s
2025-03-10 17:16:54.863 68768 INFO tempest.common.waiters [-] State transition "HARD_REBOOT/rebooting_hard" ==> "HARD_REBOOT/reboot_started_hard" after 4 second wait
2025-03-10 17:16:54.934 68788 INFO tempest.lib.common.rest_client [req-84ac53fa-3a58-4431-a906-db80a3cdbb6c req-84ac53fa-3a58-4431-a906-db80a3cdbb6c ] Request (ServerActionsTestJSON:setUpClass): 200 GET http://10.180.1.21/compute/v2.1/servers/fd817671-1887-4e04-953c-bfd4bf1cee7b 1.048s
2025-03-10 17:16:54.959 68750 INFO tempest.lib.common.rest_client [req-8221611b-046b-4381-b34c-044bc6a976cc req-8221611b-046b-4381-b34c-044bc6a976cc ] Request (MigrationsAdminTest:test_list_migrations_in_flavor_resize_situation): 200 GET http://10.180.1.21/compute/v2.1/servers/0fae630c-c34d-4827-9557-2d3bdb3d7c50 1.090s
2025-03-10 17:16:54.969 68796 INFO tempest.lib.common.rest_client [req-860c20ed-21e4-4601-a0a4-2d96e60516cf req-860c20ed-21e4-4601-a0a4-2d96e60516cf ] Request (AttachInterfacesUnderV243Test:test_add_remove_fixed_ip): 202 POST http://10.180.1.21/compute/v2.1/servers/82a6315d-1f3e-496f-abe5-0b6a3f8eaaed/action 1.066s
2025-03-10 17:16:55.047 68746 INFO tempest.lib.common.rest_client [req-b3718d77-52b7-4dc3-bc82-8103a11ed407 req-b3718d77-52b7-4dc3-bc82-8103a11ed407 ] Request (FloatingIPsAssociationTestJSON:test_associate_already_associated_floating_ip): 200 GET http://10.180.1.21/compute/v2.1/servers/0f6452b1-1910-4827-b23b-e9a0663ea72b 1.110s
2025-03-10 17:16:55.067 68744 INFO tempest.lib.common.rest_client [req-4940afda-6ab5-4009-9d07-ba56559511b8 req-4940afda-6ab5-4009-9d07-ba56559511b8 ] Request (ServersTestFqdnHostnames:tearDownClass): 200 GET http://10.180.1.21/compute/v2.1/servers/0918f7e7-ac2e-43e8-a205-33a78b9b3dac 1.070s
2025-03-10 17:16:55.127 68780 INFO tempest.lib.common.rest_client [req-7a0e4865-badb-416c-b4b8-79e84f60a96e req-7a0e4865-badb-416c-b4b8-79e84f60a96e ] Request (ServersTestMultiNic:test_verify_multiple_nics_order): 200 GET http://10.180.1.21/compute/v2.1/servers/cbaffc17-2d36-42e1-bc9b-e217b32a7f3b 1.097s
2025-03-10 17:16:55.146 68748 INFO tempest.lib.common.rest_client [req-665f06b7-1a82-4e9a-8d9e-898aa89ec057 req-665f06b7-1a82-4e9a-8d9e-898aa89ec057 ] Request (ServersWithSpecificFlavorTestJSON:test_verify_created_server_ephemeral_disk): 200 GET http://10.180.1.21/compute/v2.1/servers/021d8d7b-9609-4313-971d-f1a22b209751 1.073s
2025-03-10 17:16:55.230 68740 INFO tempest.lib.common.rest_client [req-909864fd-d9be-4645-95c6-efb8cb1833c9 req-909864fd-d9be-4645-95c6-efb8cb1833c9 ] Request (ListImageFiltersTestJSON:tearDownClass): 200 GET http://10.180.1.21/compute/v2.1/servers/f6f23a19-fb3d-4c26-a0f0-9352e008b248 0.918s
2025-03-10 17:16:55.385 68778 INFO tempest.lib.common.rest_client [req-f117e5b5-f985-471c-8e1f-e0744a839361 req-f117e5b5-f985-471c-8e1f-e0744a839361 ] Request (ServersTestManualDisk:tearDownClass): 200 GET http://10.180.1.21/compute/v2.1/servers/38fac1f3-9fe0-49c8-875e-d260db193c8a 1.255s
2025-03-10 17:16:55.385 68786 INFO tempest.lib.common.rest_client [req-abdb64cd-4d4a-491c-aa80-5e583e18d3db req-abdb64cd-4d4a-491c-aa80-5e583e18d3db ] Request (ServerActionsV293TestJSON:tearDownClass): 204 DELETE http://10.180.1.21:9696/networking/v2.0/networks/7bafb950-ec9e-4acf-a6b4-66e24903fb53 0.791s
2025-03-10 17:16:55.438 68776 INFO tempest.lib.common.rest_client [req-9f215a71-0f8c-44c7-ad40-c18a0a46c24a req-9f215a71-0f8c-44c7-ad40-c18a0a46c24a ] Request (ServerAddressesTestJSON:setUpClass): 201 POST http://10.180.1.21:9696/networking/v2.0/networks 0.782s
2025-03-10 17:16:55.485 68784 INFO tempest.lib.common.rest_client [req-8a401207-f2f7-4240-949a-b5acb75037b1 req-8a401207-f2f7-4240-949a-b5acb75037b1 ] Request (ServerRescueTestJSON:tearDownClass): 200 GET http://10.180.1.21/compute/v2.1/servers/7a9f7ade-ad54-4517-acf8-70fced073c77 0.715s
2025-03-10 17:16:55.489 68754 INFO tempest.lib.common.rest_client [req-3d77f106-63f1-4d7e-996a-f1495c5987f7 req-3d77f106-63f1-4d7e-996a-f1495c5987f7 ] Request (MultipleCreateNegativeTestJSON:test_max_count_less_than_one): 400 POST http://10.180.1.21/compute/v2.1/servers 0.678s
2025-03-10 17:16:55.497 68786 INFO tempest.lib.common.rest_client [req-c0d30df7-6fd9-4684-a7ed-44b8210be8f6 req-c0d30df7-6fd9-4684-a7ed-44b8210be8f6 ] Request (ServerActionsV293TestJSON:tearDownClass): 204 DELETE http://10.180.1.21/identity/v3/users/b0081c24415c462e8515a35561c3266d 0.112s
2025-03-10 17:16:55.497 68786 INFO tempest.lib.common.dynamic_creds [-] Deleting project and security group for project: 1c231454eaef47efab93f133300c9a60
2025-03-10 17:16:55.532 68796 INFO tempest.lib.common.rest_client [req-8a570fec-51cc-4009-b2fb-ad8b99daf019 req-8a570fec-51cc-4009-b2fb-ad8b99daf019 ] Request (AttachInterfacesUnderV243Test:test_add_remove_fixed_ip): 200 GET http://10.180.1.21/compute/v2.1/servers/82a6315d-1f3e-496f-abe5-0b6a3f8eaaed/ips 0.561s
2025-03-10 17:16:55.567 68754 INFO tempest.lib.common.rest_client [req-51478f41-a9f1-414a-8f29-1856f723ca7a req-51478f41-a9f1-414a-8f29-1856f723ca7a ] Request (MultipleCreateNegativeTestJSON:test_max_count_non_integer): 201 POST http://10.180.1.21/identity/v3/auth/tokens 0.074s
2025-03-10 17:16:55.567 68754 INFO tempest.lib.common.fixed_network [-] (MultipleCreateNegativeTestJSON:test_max_count_non_integer) Found network None available for tenant
2025-03-10 17:16:55.595 68786 INFO tempest.lib.common.rest_client [req-fb522f89-09e6-4a8c-9946-633377d8a676 req-fb522f89-09e6-4a8c-9946-633377d8a676 ] Request (ServerActionsV293TestJSON:tearDownClass): 200 GET http://10.180.1.21:9696/networking/v2.0/security-groups?tenant_id=1c231454eaef47efab93f133300c9a60&name=default 0.098s
2025-03-10 17:16:55.618 68742 INFO tempest.lib.common.rest_client [req-b8a1ec85-3929-4e37-8de7-62aa1c971fe8 req-b8a1ec85-3929-4e37-8de7-62aa1c971fe8 ] Request (DeleteServersAdminTestJSON:test_delete_server_while_in_error_state): 200 GET http://10.180.1.21/compute/v2.1/servers/8e3abbd1-b483-450f-842b-811f51e18c19 0.617s
2025-03-10 17:16:55.684 68766 INFO tempest.lib.common.rest_client [req-460cc5ec-0e33-4205-8951-f747a700300b req-460cc5ec-0e33-4205-8951-f747a700300b ] Request (ServersTestJSON:test_create_server_with_ipv6_addr_only): 200 GET http://10.180.1.21/compute/v2.1/servers/99c2a850-2aa5-49e1-a65f-50020b0d5a95 0.599s
2025-03-10 17:16:55.729 68756 INFO tempest.lib.common.rest_client [req-b26e4896-8d6d-4bdf-9ef7-10ce82532078 req-b26e4896-8d6d-4bdf-9ef7-10ce82532078 ] Request (ServerActionsTestOtherB:test_create_backup): 200 GET http://10.180.1.21/image/v2/images/0ca00cce-85f1-4c4d-aa3f-8a7d2838f2a6 0.030s
2025-03-10 17:16:55.801 68794 INFO tempest.lib.common.rest_client [req-64d835cf-4f72-4ee8-94f2-dda91c272853 req-64d835cf-4f72-4ee8-94f2-dda91c272853 ] Request (ServersAdminTestJSON:test_create_server_with_scheduling_hint): 202 POST http://10.180.1.21/compute/v2.1/servers 1.088s
2025-03-10 17:16:55.847 68764 INFO tempest.lib.common.rest_client [req-a92e93e1-aab6-4cc8-b55e-9167fbe77239 req-a92e93e1-aab6-4cc8-b55e-9167fbe77239 ] Request (MultipleCreateTestJSON:test_multiple_create): 200 GET http://10.180.1.21/compute/v2.1/servers/e93f14f8-8557-4828-ab17-2d613ee16984 0.742s
2025-03-10 17:16:55.857 68764 INFO tempest.common.waiters [-] State transition "BUILD/networking" ==> "BUILD/spawning" after 50 second wait
2025-03-10 17:16:55.862 68786 INFO tempest.lib.common.rest_client [req-f5518f6b-1d80-45d3-9397-a5d7744b57c4 req-f5518f6b-1d80-45d3-9397-a5d7744b57c4 ] Request (ServerActionsV293TestJSON:tearDownClass): 204 DELETE http://10.180.1.21:9696/networking/v2.0/security-groups/effebdb4-58ae-491d-85dd-45646995283e 0.266s
2025-03-10 17:16:55.973 68786 INFO tempest.lib.common.rest_client [req-78b0cdab-16a5-4fe0-a52b-dff932d645ae req-78b0cdab-16a5-4fe0-a52b-dff932d645ae ] Request (ServerActionsV293TestJSON:tearDownClass): 204 DELETE http://10.180.1.21/identity/v3/projects/1c231454eaef47efab93f133300c9a60 0.111s
2025-03-10 17:16:56.014 68776 INFO tempest.lib.common.rest_client [req-bed39515-5b8c-4497-8147-57c82340417e req-bed39515-5b8c-4497-8147-57c82340417e ] Request (ServerAddressesTestJSON:setUpClass): 201 POST http://10.180.1.21:9696/networking/v2.0/subnets 0.575s
2025-03-10 17:16:56.040 68786 INFO tempest.lib.common.rest_client [req-1ee74f6b-5ac8-488f-bcd5-7e46a5ed2605 req-1ee74f6b-5ac8-488f-bcd5-7e46a5ed2605 ] Request (VolumesGetTestJSON:setUpClass): 201 POST http://10.180.1.21/identity/v3/auth/tokens 0.064s
2025-03-10 17:16:56.073 68786 INFO tempest.lib.common.rest_client [req-f19ac8e7-79c6-4783-a22c-0b8c0f49a7c7 req-f19ac8e7-79c6-4783-a22c-0b8c0f49a7c7 ] Request (VolumesGetTestJSON:setUpClass): 201 POST http://10.180.1.21/identity/v3/auth/tokens 0.029s
2025-03-10 17:16:56.098 68786 INFO tempest.lib.common.rest_client [req-9f70e3c7-4452-4f28-b6b8-41a18a0c2a5b req-9f70e3c7-4452-4f28-b6b8-41a18a0c2a5b ] Request (VolumesGetTestJSON:setUpClass): 200 GET http://10.180.1.21/identity/v3/domains?name=Default 0.025s
2025-03-10 17:16:56.124 68786 INFO tempest.lib.common.rest_client [req-8d851b95-314b-42db-a877-0a3913f55713 req-8d851b95-314b-42db-a877-0a3913f55713 ] Request (VolumesGetTestJSON:setUpClass): 201 POST http://10.180.1.21/identity/v3/projects 0.025s
2025-03-10 17:16:56.164 68770 INFO tempest.lib.common.rest_client [req-57786655-dde4-4dda-ba4e-a4ff919338ad req-57786655-dde4-4dda-ba4e-a4ff919338ad ] Request (ServerAddressesNegativeTestJSON:tearDownClass): 200 GET http://10.180.1.21/compute/v2.1/servers/786cca41-91eb-4b77-b365-4c19525352f1 0.803s
2025-03-10 17:16:56.198 68786 INFO tempest.lib.common.rest_client [req-bd6f72b1-ec0a-437a-93bb-4873b69b7a80 req-bd6f72b1-ec0a-437a-93bb-4873b69b7a80 ] Request (VolumesGetTestJSON:setUpClass): 201 POST http://10.180.1.21/identity/v3/users 0.073s
2025-03-10 17:16:56.211 68782 INFO tempest.lib.common.rest_client [req-ff9fde72-a7d8-46be-be3b-cddfef0d83d4 req-ff9fde72-a7d8-46be-be3b-cddfef0d83d4 ] Request (AttachInterfacesTestJSON:test_create_list_show_delete_interfaces_by_fixed_ip): 200 GET http://10.180.1.21/compute/v2.1/servers/6db8dd54-71cf-4e4e-b984-cc43264df1ac/os-interface 0.993s
2025-03-10 17:16:56.222 68786 INFO tempest.lib.common.rest_client [req-b44f8637-2e55-45c5-8d63-72aaa06a38ae req-b44f8637-2e55-45c5-8d63-72aaa06a38ae ] Request (VolumesGetTestJSON:setUpClass): 200 GET http://10.180.1.21/identity/v3/roles 0.023s
2025-03-10 17:16:56.250 68786 INFO tempest.lib.common.rest_client [req-19a29969-9596-4b8d-840a-4b0b71ab6930 req-19a29969-9596-4b8d-840a-4b0b71ab6930 ] Request (VolumesGetTestJSON:setUpClass): 204 PUT http://10.180.1.21/identity/v3/projects/502f3264fe054c6fbe736b6c69cf5da4/users/a31cf0917a824450ba29b16fe27bc04c/roles/83c35c497cd041f9b0f621cfe096ecb1 0.028s
2025-03-10 17:16:56.250 68786 INFO tempest.lib.common.dynamic_creds [-] Dynamic test user a31cf0917a824450ba29b16fe27bc04c is created with scope project and roles: ['member']
2025-03-10 17:16:56.251 68786 INFO tempest.lib.common.dynamic_creds [-] Acquired dynamic creds: credentials: Credentials: {'domain_id': 'default', 'domain_name': 'Default', 'username': 'tempest-VolumesGetTestJSON-592237394-project-member', 'project_domain_id': 'default', 'project_domain_name': 'Default', 'project_id': '502f3264fe054c6fbe736b6c69cf5da4', 'project_name': 'tempest-VolumesGetTestJSON-592237394', 'tenant_id': '502f3264fe054c6fbe736b6c69cf5da4', 'tenant_name': 'tempest-VolumesGetTestJSON-592237394', 'user_domain_id': 'default', 'user_domain_name': 'Default', 'user_id': 'a31cf0917a824450ba29b16fe27bc04c', 'system': None}, Network: None, Subnet: None, Router: None
2025-03-10 17:16:56.251 68786 INFO tempest.lib.common.dynamic_creds [-] Created isolated network resources for: credentials: Credentials: {'domain_id': 'default', 'domain_name': 'Default', 'username': 'tempest-VolumesGetTestJSON-592237394-project-member', 'project_domain_id': 'default', 'project_domain_name': 'Default', 'project_id': '502f3264fe054c6fbe736b6c69cf5da4', 'project_name': 'tempest-VolumesGetTestJSON-592237394', 'tenant_id': '502f3264fe054c6fbe736b6c69cf5da4', 'tenant_name': 'tempest-VolumesGetTestJSON-592237394', 'user_domain_id': 'default', 'user_domain_name': 'Default', 'user_id': 'a31cf0917a824450ba29b16fe27bc04c', 'system': None}, Network: None, Subnet: None, Router: None
2025-03-10 17:16:56.302 68762 INFO tempest.lib.common.rest_client [req-028c7ebb-8880-48fd-808e-2495e2b234cb req-028c7ebb-8880-48fd-808e-2495e2b234cb ] Request (FloatingIPsAssociationNegativeTestJSON:setUpClass): 200 GET http://10.180.1.21/compute/v2.1/servers/9b3b9600-bf96-4a2b-aa8c-79f7321878b0 0.861s
2025-03-10 17:16:56.307 68754 INFO tempest.lib.common.rest_client [req-77f4b68d-98bb-448b-900f-ea315b73e028 req-77f4b68d-98bb-448b-900f-ea315b73e028 ] Request (MultipleCreateNegativeTestJSON:test_max_count_non_integer): 400 POST http://10.180.1.21/compute/v2.1/servers 0.739s
2025-03-10 17:16:56.373 68786 INFO tempest.lib.common.rest_client [req-945fbd44-75d0-4128-9c90-3e0acef27098 req-945fbd44-75d0-4128-9c90-3e0acef27098 ] Request (VolumesGetTestJSON:setUpClass): 201 POST http://10.180.1.21/identity/v3/auth/tokens 0.118s
2025-03-10 17:16:56.380 68752 INFO tempest.lib.common.rest_client [req-22ddc5d4-6640-4032-bbd0-ac1b546abed9 req-22ddc5d4-6640-4032-bbd0-ac1b546abed9 ] Request (ServerMetadataNegativeTestJSON:setUpClass): 200 GET http://10.180.1.21/compute/v2.1/servers/e23b9fc0-7225-4734-9aa1-0c03bf494967 0.966s
2025-03-10 17:16:56.398 68754 INFO tempest.lib.common.rest_client [req-aa81a64f-d709-485b-a0fd-c41a6cc53bd0 req-aa81a64f-d709-485b-a0fd-c41a6cc53bd0 ] Request (MultipleCreateNegativeTestJSON:test_min_count_less_than_one): 201 POST http://10.180.1.21/identity/v3/auth/tokens 0.085s
2025-03-10 17:16:56.399 68754 INFO tempest.lib.common.fixed_network [-] (MultipleCreateNegativeTestJSON:test_min_count_less_than_one) Found network None available for tenant
2025-03-10 17:16:56.468 68794 INFO tempest.lib.common.rest_client [req-e6cdbeac-4e65-42ae-baf0-45ef002d3d19 req-e6cdbeac-4e65-42ae-baf0-45ef002d3d19 ] Request (ServersAdminTestJSON:test_create_server_with_scheduling_hint): 200 GET http://10.180.1.21/compute/v2.1/servers/cc36b0f1-0acd-4dbd-9002-b9f79ad6cff1 0.665s
2025-03-10 17:16:56.490 68774 INFO tempest.lib.common.rest_client [req-d80e9840-baa8-48d4-9fe6-d79d3bcebff5 req-d80e9840-baa8-48d4-9fe6-d79d3bcebff5 ] Request (ImagesOneServerNegativeTestJSON:_run_cleanups): 200 GET http://10.180.1.21/compute/v2.1/servers/dc2414d3-13dc-4588-91d1-6036e408505e 0.844s
2025-03-10 17:16:56.497 68774 INFO tempest.common.waiters [-] State transition "BUILD/spawning" ==> "ACTIVE/None" after 82 second wait
