2025-03-10 17:15:32.989 68758 INFO tempest.lib.common.rest_client [req-9d120f86-156e-4686-b783-9b2e9b3e4213 req-9d120f86-156e-4686-b783-9b2e9b3e4213 ] Request (ServersAdmin275Test:test_rebuild_update_server_275): 200 GET http://10.180.1.21/compute/v2.1/servers/7ddca307-cc43-46fb-863d-78762a26b0d0 0.318s
2025-03-10 17:15:33.044 68738 INFO tempest.lib.common.rest_client [req-4f58a1c5-a489-490d-a9ad-9ff24211230a req-4f58a1c5-a489-490d-a9ad-9ff24211230a ] Request (ServersV294TestFqdnHostnames:setUpClass): 200 GET http://10.180.1.21/compute/v2.1/servers/b79c1f42-b7e0-4c2a-87eb-bb266e620058 0.372s
2025-03-10 17:15:33.093 68768 INFO tempest.lib.common.rest_client [req-77d98b3b-76fd-4669-a584-80b300e2fddf req-77d98b3b-76fd-4669-a584-80b300e2fddf ] Request (InstanceActionsTestJSON:setUpClass): 200 GET http://10.180.1.21/compute/v2.1/servers/cd6b3cc8-8b28-4b93-8922-6bb7aa6ec8e1 0.368s
2025-03-10 17:15:33.105 68794 INFO tempest.lib.common.rest_client [req-2faebfba-f099-4252-bf5e-f1fde6e530a8 req-2faebfba-f099-4252-bf5e-f1fde6e530a8 ] Request (ServersAdminTestJSON:setUpClass): 202 POST http://10.180.1.21/compute/v2.1/servers 0.844s
2025-03-10 17:15:33.121 68774 INFO tempest.lib.common.rest_client [req-b501efe6-f847-4146-a5fa-a127a1a1b974 req-b501efe6-f847-4146-a5fa-a127a1a1b974 ] Request (ImagesOneServerNegativeTestJSON:_run_cleanups): 200 POST http://10.180.1.21/compute/v2.1/os-keypairs 0.397s
2025-03-10 17:15:33.159 68754 INFO tempest.lib.common.rest_client [req-749d6cc1-5178-4edd-898c-17bd744276da req-749d6cc1-5178-4edd-898c-17bd744276da ] Request (AttachInterfacesV270Test:test_create_get_list_interfaces): 200 GET http://10.180.1.21/compute/v2.1/servers/d96e8733-37f1-481e-b09d-b5491a4ae3f6 0.424s
2025-03-10 17:15:33.209 68766 INFO tempest.lib.common.rest_client [req-5f206627-7ad7-4d86-8fe1-66abe9088cf4 req-5f206627-7ad7-4d86-8fe1-66abe9088cf4 ] Request (ServersTestJSON:test_create_server_specify_multibyte_character_name): 200 GET http://10.180.1.21/compute/v2.1/servers/1988c9b2-1c26-4d2c-b0c3-ff946dc22b08 0.424s
2025-03-10 17:15:33.216 68764 INFO tempest.lib.common.rest_client [req-045f49db-8919-40bb-a377-861644eb1370 req-045f49db-8919-40bb-a377-861644eb1370 ] Request (TenantUsagesTestJSON:test_get_usage_tenant): 200 GET http://10.180.1.21/compute/v2.1/os-simple-tenant-usage/ed726d28b8ff4563a290c18aabfac94d?start=2025-03-09T17%3A15%3A32.756870&end=2025-03-11T17%3A15%3A32.756870 0.459s
2025-03-10 17:15:33.231 68774 INFO tempest.lib.common.rest_client [req-d7c7c21c-3812-4923-9580-0ce61082d41a req-d7c7c21c-3812-4923-9580-0ce61082d41a ] Request (ImagesOneServerNegativeTestJSON:_run_cleanups): 201 POST http://10.180.1.21:9696/networking/v2.0/security-groups 0.109s
2025-03-10 17:15:33.257 68748 WARNING tempest.lib.common.ssh [-] Failed to establish authenticated ssh connection to cirros@10.180.180.196 ([Errno None] Unable to connect to port 22 on 10.180.180.196). Number attempts: 5. Retry after 6 seconds.: paramiko.ssh_exception.NoValidConnectionsError: [Errno None] Unable to connect to port 22 on 10.180.180.196
2025-03-10 17:15:33.312 68774 INFO tempest.lib.common.rest_client [req-be51791c-2d89-44bb-84dd-b38de0bc0c33 req-be51791c-2d89-44bb-84dd-b38de0bc0c33 ] Request (ImagesOneServerNegativeTestJSON:_run_cleanups): 201 POST http://10.180.1.21:9696/networking/v2.0/security-group-rules 0.080s
2025-03-10 17:15:33.354 68788 INFO tempest.lib.common.rest_client [req-442bd8d6-718b-4788-bd02-76a0b94100c3 req-442bd8d6-718b-4788-bd02-76a0b94100c3 ] Request (ImagesOneServerTestJSON:test_create_delete_image): 200 GET http://10.180.1.21/compute/v2.1/servers/680a5bb1-ac39-481f-9986-f33d0661bf32 0.526s
2025-03-10 17:15:33.372 68776 INFO tempest.lib.common.rest_client [req-26346f49-f252-4918-8ca3-2c5abab9b42e req-26346f49-f252-4918-8ca3-2c5abab9b42e ] Request (ServersAdminNegativeTestJSON:test_resize_server_using_overlimit_ram): 200 POST http://10.180.1.21/compute/v2.1/flavors 0.470s
2025-03-10 17:15:33.400 68774 INFO tempest.lib.common.rest_client [req-70f8d882-9796-4ba2-ba49-b6a701acbc3a req-70f8d882-9796-4ba2-ba49-b6a701acbc3a ] Request (ImagesOneServerNegativeTestJSON:_run_cleanups): 201 POST http://10.180.1.21:9696/networking/v2.0/security-group-rules 0.087s
2025-03-10 17:15:33.487 68736 INFO tempest.lib.common.rest_client [req-70ed430e-d363-4094-b003-0f61517a1f42 req-70ed430e-d363-4094-b003-0f61517a1f42 ] Request (ImagesNegativeTestJSON:test_create_image_from_deleted_server): 200 GET http://10.180.1.21/compute/v2.1/servers/937e0562-8e2d-4207-a5d3-ba1f389ac873 0.570s
2025-03-10 17:15:33.526 68740 INFO tempest.lib.common.rest_client [req-f0004333-f4cd-42e7-98b7-aa4cd50d4cc5 req-f0004333-f4cd-42e7-98b7-aa4cd50d4cc5 ] Request (ListImageFiltersTestJSON:setUpClass): 200 GET http://10.180.1.21/compute/v2.1/images/a6039f60-7895-4dc4-9870-f8544f866d0c 0.594s
2025-03-10 17:15:33.625 68784 INFO tempest.lib.common.rest_client [req-c425408e-0131-4825-b5b0-c1e405237fc1 req-c425408e-0131-4825-b5b0-c1e405237fc1 ] Request (ServerRescueTestJSON:test_rescue_unrescue_instance): 200 GET http://10.180.1.21/compute/v2.1/servers/60d71f22-7779-4f3b-b56a-a8be6ce5ea68 0.582s
2025-03-10 17:15:33.675 68794 INFO tempest.lib.common.rest_client [req-fdd1e848-dc2f-4718-a936-e4e00865ddb6 req-fdd1e848-dc2f-4718-a936-e4e00865ddb6 ] Request (ServersAdminTestJSON:setUpClass): 200 GET http://10.180.1.21/compute/v2.1/servers/4d4cad44-0cb0-4bf0-80c4-9299d9bbf3ca 0.568s
2025-03-10 17:15:33.744 68780 INFO tempest.lib.common.rest_client [req-a7468415-1342-4b10-89f9-1b930041146b req-a7468415-1342-4b10-89f9-1b930041146b ] Request (ServersTestMultiNic:test_verify_duplicate_network_nics): 200 GET http://10.180.1.21/compute/v2.1/servers/98a605b2-4b2d-4f56-9ea2-344a660bec54 0.632s
2025-03-10 17:15:33.805 68770 INFO tempest.lib.common.rest_client [req-e71f554f-cc4c-4792-b7bd-016b301494fa req-e71f554f-cc4c-4792-b7bd-016b301494fa ] Request (ServerAddressesNegativeTestJSON:setUpClass): 200 GET http://10.180.1.21/compute/v2.1/servers/786cca41-91eb-4b77-b365-4c19525352f1 0.627s
2025-03-10 17:15:33.823 68774 INFO tempest.lib.common.rest_client [req-c6f3810b-3407-4ba8-9342-547c30fc3c6c req-c6f3810b-3407-4ba8-9342-547c30fc3c6c ] Request (ImagesOneServerNegativeTestJSON:_run_cleanups): 201 POST http://10.180.1.21:9696/networking/v2.0/floatingips 0.423s
2025-03-10 17:15:33.824 68762 INFO tempest.lib.common.rest_client [req-6615ebc9-6486-4583-9984-4aaa26228ecf req-6615ebc9-6486-4583-9984-4aaa26228ecf ] Request (ServerDiagnosticsV248Test:test_get_server_diagnostics): 200 GET http://10.180.1.21/compute/v2.1/servers/6b159e34-84a8-45c0-a5e2-9a9d1799b3fc/diagnostics 1.026s
2025-03-10 17:15:33.835 68764 INFO tempest.lib.common.rest_client [req-e18bb024-6431-4a15-a946-a64992f3f871 req-e18bb024-6431-4a15-a946-a64992f3f871 ] Request (TenantUsagesTestJSON:test_get_usage_tenant_with_non_admin_user): 200 GET http://10.180.1.21/compute/v2.1/os-simple-tenant-usage/ed726d28b8ff4563a290c18aabfac94d?start=2025-03-09T17%3A15%3A32.756870&end=2025-03-11T17%3A15%3A32.756870 0.615s
2025-03-10 17:15:33.898 68760 INFO tempest.lib.common.rest_client [req-eebcdd53-8c3d-44f0-940a-68c844996e78 req-eebcdd53-8c3d-44f0-940a-68c844996e78 ] Request (ServerActionsTestOtherA:setUpClass): 200 GET http://10.180.1.21/compute/v2.1/servers/1d581ed1-d175-46b9-bf25-83a6c4e4be0f 0.655s
2025-03-10 17:15:33.899 68742 INFO tempest.lib.common.rest_client [req-f4dd9993-4260-44f3-b721-1035b36c07e4 req-f4dd9993-4260-44f3-b721-1035b36c07e4 ] Request (DeleteServersAdminTestJSON:test_delete_server_while_in_error_state): 200 GET http://10.180.1.21/compute/v2.1/servers/8e3abbd1-b483-450f-842b-811f51e18c19 0.609s
2025-03-10 17:15:33.905 68774 INFO tempest.lib.common.rest_client [req-f33587d4-1c87-4ca6-bddb-03d2b4bbeb57 req-f33587d4-1c87-4ca6-bddb-03d2b4bbeb57 ] Request (ImagesOneServerNegativeTestJSON:_run_cleanups): 201 POST http://10.180.1.21/identity/v3/auth/tokens 0.078s
2025-03-10 17:15:33.906 68774 INFO tempest.lib.common.fixed_network [-] (ImagesOneServerNegativeTestJSON:_run_cleanups) Found network {'id': '5869c72c-3c13-4d67-bce2-5dba006886ec', 'name': 'tempest-ImagesOneServerNegativeTestJSON-1873824450-network', 'tenant_id': 'aa243b8687cb4f1ab88ecbeddf00aa12', 'admin_state_up': True, 'mtu': 8950, 'status': 'ACTIVE', 'subnets': [], 'shared': False, 'project_id': 'aa243b8687cb4f1ab88ecbeddf00aa12', 'port_security_enabled': True, 'router:external': False, 'provider:network_type': 'vlan', 'provider:physical_network': 'default', 'provider:segmentation_id': 64, 'availability_zone_hints': [], 'availability_zones': [], 'ipv4_address_scope': None, 'ipv6_address_scope': None, 'description': '', 'tags': [], 'created_at': '2025-03-10T17:13:58Z', 'updated_at': '2025-03-10T17:13:58Z', 'revision_number': 1} available for tenant
2025-03-10 17:15:33.955 68756 INFO tempest.lib.common.rest_client [req-159c150c-ed41-40f8-bbb9-800d7317dfc8 req-159c150c-ed41-40f8-bbb9-800d7317dfc8 ] Request (ServerActionsTestOtherB:setUpClass): 200 GET http://10.180.1.21/compute/v2.1/servers/e8e0b748-8d14-40a3-9702-504d0c0d679f 0.645s
2025-03-10 17:15:33.963 68782 INFO tempest.lib.common.rest_client [req-9b9b36a1-b66f-4fe7-a3eb-fea362a539e5 req-9b9b36a1-b66f-4fe7-a3eb-fea362a539e5 ] Request (AttachInterfacesTestJSON:test_create_list_show_delete_interfaces_by_fixed_ip): 200 GET http://10.180.1.21/compute/v2.1/servers/6db8dd54-71cf-4e4e-b984-cc43264df1ac 0.608s
2025-03-10 17:15:34.008 68796 INFO tempest.lib.common.rest_client [req-1b44865b-f57e-4f7f-856a-1f4e73a6070d req-1b44865b-f57e-4f7f-856a-1f4e73a6070d ] Request (AttachInterfacesUnderV243Test:test_add_remove_fixed_ip): 200 GET http://10.180.1.21/compute/v2.1/servers/82a6315d-1f3e-496f-abe5-0b6a3f8eaaed 0.626s
2025-03-10 17:15:34.060 68786 INFO tempest.lib.common.rest_client [req-a5a5e051-8c7b-4814-b30d-f5775147f010 req-a5a5e051-8c7b-4814-b30d-f5775147f010 ] Request (ServerActionsV293TestJSON:setUpClass): 200 GET http://10.180.1.21/compute/v2.1/servers/1ab7b688-47c1-4ea1-9ad4-cd729a09ec3f 0.606s
2025-03-10 17:15:34.064 68776 INFO tempest.lib.common.rest_client [req-6ee932bc-2446-4847-a243-b4583b93bbc4 req-6ee932bc-2446-4847-a243-b4583b93bbc4 ] Request (ServersAdminNegativeTestJSON:test_resize_server_using_overlimit_ram): 403 POST http://10.180.1.21/compute/v2.1/servers/8701a32f-e784-418a-ae13-87b1330e8c27/action 0.690s
2025-03-10 17:15:34.120 68746 INFO tempest.lib.common.rest_client [req-c8dd8a92-0017-430f-a009-9f09d45d09c9 req-c8dd8a92-0017-430f-a009-9f09d45d09c9 ] Request (FloatingIPsAssociationTestJSON:setUpClass): 200 GET http://10.180.1.21/compute/v2.1/servers/83abfaa7-1fc4-4dfb-8a33-7018c44d650c 0.600s
2025-03-10 17:15:34.174 68740 INFO tempest.lib.common.rest_client [req-f36ae8ac-87b9-461f-b8a2-e05f28b6fde2 req-f36ae8ac-87b9-461f-b8a2-e05f28b6fde2 ] Request (ListImageFiltersTestJSON:setUpClass): 200 GET http://10.180.1.21/compute/v2.1/servers/46b85b3f-5e89-4cf4-b45c-b628ffe6e056 0.643s
2025-03-10 17:15:34.207 68792 INFO tempest.lib.common.rest_client [req-d8c0e069-3857-439e-baf5-87b2aff2f7f9 req-d8c0e069-3857-439e-baf5-87b2aff2f7f9 ] Request (ServersTestBootFromVolume:setUpClass): 200 GET http://10.180.1.21/compute/v2.1/servers/15bb026a-d9ef-4b1d-b565-0d6954fe8391 0.582s
2025-03-10 17:15:34.214 68792 INFO tempest.common.waiters [-] State transition "BUILD/spawning" ==> "ACTIVE/None" after 63 second wait
2025-03-10 17:15:34.219 68750 INFO tempest.lib.common.rest_client [req-4e78c846-ce8c-4a41-bf9a-bf0ab5a13b4c req-4e78c846-ce8c-4a41-bf9a-bf0ab5a13b4c ] Request (MigrationsAdminTest:test_list_migrations_in_flavor_resize_situation): 200 GET http://10.180.1.21/compute/v2.1/servers/0fae630c-c34d-4827-9557-2d3bdb3d7c50 0.512s
2025-03-10 17:15:34.270 68752 INFO tempest.lib.common.rest_client [req-e1a0f50d-5e19-41cf-8bc0-cd5a46f21f02 req-e1a0f50d-5e19-41cf-8bc0-cd5a46f21f02 ] Request (ListServerFiltersTestJSON:tearDownClass): 200 GET http://10.180.1.21/compute/v2.1/servers/e9d15794-c864-4c2e-a9c2-28d96991bebe 0.453s
2025-03-10 17:15:34.273 68764 INFO tempest.lib.common.rest_client [req-d7845b4a-99b6-4cfa-972d-cd7f7f4eadbc req-d7845b4a-99b6-4cfa-972d-cd7f7f4eadbc ] Request (TenantUsagesTestJSON:test_list_usage_all_tenants): 200 GET http://10.180.1.21/compute/v2.1/os-simple-tenant-usage?start=2025-03-09T17%3A15%3A32.756870&end=2025-03-11T17%3A15%3A32.756870&detailed=1 0.433s
2025-03-10 17:15:34.326 68758 INFO tempest.lib.common.rest_client [req-68398e16-79a1-424e-b9ff-39bdb28f4ea5 req-68398e16-79a1-424e-b9ff-39bdb28f4ea5 ] Request (ServersAdmin275Test:test_rebuild_update_server_275): 200 GET http://10.180.1.21/compute/v2.1/servers/7ddca307-cc43-46fb-863d-78762a26b0d0 0.327s
2025-03-10 17:15:34.378 68738 INFO tempest.lib.common.rest_client [req-d8e0e6d2-966c-4520-94b8-2517a52ebfae req-d8e0e6d2-966c-4520-94b8-2517a52ebfae ] Request (ServersV294TestFqdnHostnames:setUpClass): 200 GET http://10.180.1.21/compute/v2.1/servers/b79c1f42-b7e0-4c2a-87eb-bb266e620058 0.322s
2025-03-10 17:15:34.392 68776 INFO tempest.lib.common.rest_client [req-ec6a4536-d69b-45e7-afb4-4c9ccc6a94a0 req-ec6a4536-d69b-45e7-afb4-4c9ccc6a94a0 ] Request (ServersAdminNegativeTestJSON:_run_cleanups): 202 DELETE http://10.180.1.21/compute/v2.1/flavors/413206176 0.327s
2025-03-10 17:15:34.439 68768 INFO tempest.lib.common.rest_client [req-4acd3e5e-4016-4d0b-81e8-a9a2814d5aee req-4acd3e5e-4016-4d0b-81e8-a9a2814d5aee ] Request (InstanceActionsTestJSON:setUpClass): 200 GET http://10.180.1.21/compute/v2.1/servers/cd6b3cc8-8b28-4b93-8922-6bb7aa6ec8e1 0.338s
2025-03-10 17:15:34.493 68754 INFO tempest.lib.common.rest_client [req-8a11d44e-ea21-485d-8683-e90a665a30fb req-8a11d44e-ea21-485d-8683-e90a665a30fb ] Request (AttachInterfacesV270Test:test_create_get_list_interfaces): 200 GET http://10.180.1.21/compute/v2.1/servers/d96e8733-37f1-481e-b09d-b5491a4ae3f6 0.324s
2025-03-10 17:15:34.548 68792 INFO tempest.lib.common.rest_client [req-7297e0e4-72c5-4d1b-85c9-db66787531ff req-7297e0e4-72c5-4d1b-85c9-db66787531ff ] Request (ServersTestBootFromVolume:setUpClass): 200 GET http://10.180.1.21/compute/v2.1/servers/15bb026a-d9ef-4b1d-b565-0d6954fe8391/os-interface 0.333s
2025-03-10 17:15:34.558 68774 INFO tempest.lib.common.rest_client [req-9a03ad6d-abd7-4309-9ca1-d7519691512f req-9a03ad6d-abd7-4309-9ca1-d7519691512f ] Request (ImagesOneServerNegativeTestJSON:_run_cleanups): 202 POST http://10.180.1.21/compute/v2.1/servers 0.652s
2025-03-10 17:15:34.652 68764 INFO tempest.lib.common.rest_client [req-2d79ffab-125f-4983-be20-92e63197e7cb req-2d79ffab-125f-4983-be20-92e63197e7cb ] Request (TenantUsagesTestJSON:tearDownClass): 204 DELETE http://10.180.1.21/compute/v2.1/servers/aa08eea2-f042-4ba4-b229-3609ac22b47e 0.371s
2025-03-10 17:15:34.822 68766 INFO tempest.lib.common.rest_client [req-397d1f1e-a6d2-4586-afb3-1fbb08070926 req-397d1f1e-a6d2-4586-afb3-1fbb08070926 ] Request (ServersTestJSON:test_create_server_specify_multibyte_character_name): 200 GET http://10.180.1.21/compute/v2.1/servers/1988c9b2-1c26-4d2c-b0c3-ff946dc22b08 0.605s
2025-03-10 17:15:34.854 68776 INFO tempest.lib.common.rest_client [req-3587d166-455e-4c64-9d4f-f819d7f52578 req-3587d166-455e-4c64-9d4f-f819d7f52578 ] Request (ServersAdminNegativeTestJSON:_run_cleanups): 200 GET http://10.180.1.21/compute/v2.1/flavors/detail 0.461s
2025-03-10 17:15:34.909 68788 INFO tempest.lib.common.rest_client [req-813f8cdf-1dc8-4781-8487-e6e24b57a8d6 req-813f8cdf-1dc8-4781-8487-e6e24b57a8d6 ] Request (ImagesOneServerTestJSON:test_create_delete_image): 200 GET http://10.180.1.21/compute/v2.1/servers/680a5bb1-ac39-481f-9986-f33d0661bf32 0.545s
2025-03-10 17:15:34.916 68788 INFO tempest.common.waiters [-] State transition "ACTIVE/image_uploading" ==> "ACTIVE/None" after 1 second wait
2025-03-10 17:15:34.966 68774 INFO tempest.lib.common.rest_client [req-e20b3810-60c2-41bc-9996-73e341cbf077 req-e20b3810-60c2-41bc-9996-73e341cbf077 ] Request (ImagesOneServerNegativeTestJSON:_run_cleanups): 200 GET http://10.180.1.21/compute/v2.1/servers/dc2414d3-13dc-4588-91d1-6036e408505e 0.406s
2025-03-10 17:15:34.996 68736 INFO tempest.lib.common.rest_client [req-cb18e3aa-1397-4754-aa6f-85b10bef0798 req-cb18e3aa-1397-4754-aa6f-85b10bef0798 ] Request (ImagesNegativeTestJSON:test_create_image_from_deleted_server): 200 GET http://10.180.1.21/compute/v2.1/servers/937e0562-8e2d-4207-a5d3-ba1f389ac873 0.500s
2025-03-10 17:15:35.161 68784 INFO tempest.lib.common.rest_client [req-d31b678b-818f-43ce-8cbb-0c459d63a664 req-d31b678b-818f-43ce-8cbb-0c459d63a664 ] Request (ServerRescueTestJSON:test_rescue_unrescue_instance): 200 GET http://10.180.1.21/compute/v2.1/servers/60d71f22-7779-4f3b-b56a-a8be6ce5ea68 0.527s
2025-03-10 17:15:35.173 68764 INFO tempest.lib.common.rest_client [req-45e55c0d-664a-497e-a844-c7cd86ecbcff req-45e55c0d-664a-497e-a844-c7cd86ecbcff ] Request (TenantUsagesTestJSON:tearDownClass): 200 GET http://10.180.1.21/compute/v2.1/servers/aa08eea2-f042-4ba4-b229-3609ac22b47e 0.521s
2025-03-10 17:15:35.183 68792 INFO tempest.lib.common.rest_client [req-d928e669-d825-4074-9fab-30d5c42c97f8 req-d928e669-d825-4074-9fab-30d5c42c97f8 ] Request (ServersTestBootFromVolume:setUpClass): 200 PUT http://10.180.1.21:9696/networking/v2.0/floatingips/59cce4bf-7ce3-45aa-8c2a-bcbe22f5e7f4 0.632s
2025-03-10 17:15:35.236 68794 INFO tempest.lib.common.rest_client [req-c18dfad6-8f9c-4cab-903c-37cc638bef57 req-c18dfad6-8f9c-4cab-903c-37cc638bef57 ] Request (ServersAdminTestJSON:setUpClass): 200 GET http://10.180.1.21/compute/v2.1/servers/4d4cad44-0cb0-4bf0-80c4-9299d9bbf3ca 0.549s
2025-03-10 17:15:35.248 68780 INFO tempest.lib.common.rest_client [req-e0dff8b0-222f-428d-b236-04d2a53259a0 req-e0dff8b0-222f-428d-b236-04d2a53259a0 ] Request (ServersTestMultiNic:test_verify_duplicate_network_nics): 200 GET http://10.180.1.21/compute/v2.1/servers/98a605b2-4b2d-4f56-9ea2-344a660bec54 0.496s
2025-03-10 17:15:35.285 68776 INFO tempest.lib.common.rest_client [req-25bf398d-9258-40b0-9688-db50c001acec req-25bf398d-9258-40b0-9688-db50c001acec ] Request (ServersAdminNegativeTestJSON:test_resize_server_using_overlimit_vcpus): 200 GET http://10.180.1.21/compute/v2.1/os-quota-sets/2eba347e03fe4551b3bad0ff9ef346d2 0.424s
2025-03-10 17:15:35.292 68770 INFO tempest.lib.common.rest_client [req-ed9a89ba-fec9-4a4a-a7b7-1e7136ad0fd6 req-ed9a89ba-fec9-4a4a-a7b7-1e7136ad0fd6 ] Request (ServerAddressesNegativeTestJSON:setUpClass): 200 GET http://10.180.1.21/compute/v2.1/servers/786cca41-91eb-4b77-b365-4c19525352f1 0.477s
2025-03-10 17:15:35.337 68742 INFO tempest.lib.common.rest_client [req-5acbfc3c-481d-42ea-87aa-d94a8b2504d7 req-5acbfc3c-481d-42ea-87aa-d94a8b2504d7 ] Request (DeleteServersAdminTestJSON:test_delete_server_while_in_error_state): 200 GET http://10.180.1.21/compute/v2.1/servers/8e3abbd1-b483-450f-842b-811f51e18c19 0.430s
2025-03-10 17:15:35.355 68760 INFO tempest.lib.common.rest_client [req-fd5fbb01-edad-4099-a59f-7f19bceeef8b req-fd5fbb01-edad-4099-a59f-7f19bceeef8b ] Request (ServerActionsTestOtherA:setUpClass): 200 GET http://10.180.1.21/compute/v2.1/servers/1d581ed1-d175-46b9-bf25-83a6c4e4be0f 0.448s
2025-03-10 17:15:35.380 68788 INFO tempest.lib.common.rest_client [req-6cf74e70-2329-415c-aab5-c489d5374c2f req-6cf74e70-2329-415c-aab5-c489d5374c2f ] Request (ImagesOneServerTestJSON:test_create_delete_image): 200 GET http://10.180.1.21/compute/v2.1/images/7a283f1b-0e5c-4fe3-883c-328c5621506a 0.464s
2025-03-10 17:15:35.414 68756 INFO tempest.lib.common.rest_client [req-21525f7d-5867-4f34-bb9b-146206702731 req-21525f7d-5867-4f34-bb9b-146206702731 ] Request (ServerActionsTestOtherB:setUpClass): 200 GET http://10.180.1.21/compute/v2.1/servers/e8e0b748-8d14-40a3-9702-504d0c0d679f 0.451s
2025-03-10 17:15:35.451 68782 INFO tempest.lib.common.rest_client [req-7ddc12e4-95da-4fa6-9eac-bc2c28e46a97 req-7ddc12e4-95da-4fa6-9eac-bc2c28e46a97 ] Request (AttachInterfacesTestJSON:test_create_list_show_delete_interfaces_by_fixed_ip): 200 GET http://10.180.1.21/compute/v2.1/servers/6db8dd54-71cf-4e4e-b984-cc43264df1ac 0.481s
2025-03-10 17:15:35.461 68782 INFO tempest.common.waiters [-] State transition "BUILD/None" ==> "BUILD/networking" after 53 second wait
2025-03-10 17:15:35.471 68796 INFO tempest.lib.common.rest_client [req-5d9ccbf4-1abd-4937-9b79-c65dc6e35e1e req-5d9ccbf4-1abd-4937-9b79-c65dc6e35e1e ] Request (AttachInterfacesUnderV243Test:test_add_remove_fixed_ip): 200 GET http://10.180.1.21/compute/v2.1/servers/82a6315d-1f3e-496f-abe5-0b6a3f8eaaed 0.455s
2025-03-10 17:15:35.513 68786 INFO tempest.lib.common.rest_client [req-452d0ba7-216d-4def-8e0d-063f97239711 req-452d0ba7-216d-4def-8e0d-063f97239711 ] Request (ServerActionsV293TestJSON:setUpClass): 200 GET http://10.180.1.21/compute/v2.1/servers/1ab7b688-47c1-4ea1-9ad4-cd729a09ec3f 0.442s
2025-03-10 17:15:35.529 68746 INFO tempest.lib.common.rest_client [req-a214ff16-13eb-41ea-aa1b-41963b8de10b req-a214ff16-13eb-41ea-aa1b-41963b8de10b ] Request (FloatingIPsAssociationTestJSON:setUpClass): 200 GET http://10.180.1.21/compute/v2.1/servers/83abfaa7-1fc4-4dfb-8a33-7018c44d650c 0.402s
2025-03-10 17:15:35.683 68740 INFO tempest.lib.common.rest_client [req-4a469063-bc11-4bbb-868c-1b7d1cce4926 req-4a469063-bc11-4bbb-868c-1b7d1cce4926 ] Request (ListImageFiltersTestJSON:setUpClass): 200 GET http://10.180.1.21/compute/v2.1/servers/46b85b3f-5e89-4cf4-b45c-b628ffe6e056 0.502s
2025-03-10 17:15:35.691 68792 INFO tempest.lib.common.rest_client [req-e4f8bdc5-51ab-40c3-a9e1-7495a31a19d7 req-e4f8bdc5-51ab-40c3-a9e1-7495a31a19d7 ] Request (ServersTestBootFromVolume:setUpClass): 200 GET http://10.180.1.21/compute/v2.1/servers/15bb026a-d9ef-4b1d-b565-0d6954fe8391 0.507s
2025-03-10 17:15:35.700 68792 INFO tempest.lib.common.ssh [-] Creating ssh connection to '10.180.180.138:22' as 'cirros' with public key authentication
2025-03-10 17:15:35.761 68750 INFO tempest.lib.common.rest_client [req-5754dafb-39ac-4fee-b1ff-97aa7b18e85c req-5754dafb-39ac-4fee-b1ff-97aa7b18e85c ] Request (MigrationsAdminTest:test_list_migrations_in_flavor_resize_situation): 200 GET http://10.180.1.21/compute/v2.1/servers/0fae630c-c34d-4827-9557-2d3bdb3d7c50 0.533s
2025-03-10 17:15:35.777 68752 INFO tempest.lib.common.rest_client [req-3f97c0e5-c2db-455e-9422-64c475af520b req-3f97c0e5-c2db-455e-9422-64c475af520b ] Request (ListServerFiltersTestJSON:tearDownClass): 200 GET http://10.180.1.21/compute/v2.1/servers/e9d15794-c864-4c2e-a9c2-28d96991bebe 0.500s
2025-03-10 17:15:35.782 68776 INFO tempest.lib.common.rest_client [req-ba7e1bff-ec53-45ac-a126-b9b6b4820ada req-ba7e1bff-ec53-45ac-a126-b9b6b4820ada ] Request (ServersAdminNegativeTestJSON:test_resize_server_using_overlimit_vcpus): 200 POST http://10.180.1.21/compute/v2.1/flavors 0.492s
2025-03-10 17:15:35.796 68788 INFO tempest.lib.common.rest_client [req-c8c5d6df-71b5-411c-a609-c751a3921c52 req-c8c5d6df-71b5-411c-a609-c751a3921c52 ] Request (ImagesOneServerTestJSON:test_create_delete_image): 200 GET http://10.180.1.21/compute/v2.1/flavors/42 0.412s
2025-03-10 17:15:35.839 68758 INFO tempest.lib.common.rest_client [req-139e64ce-8e18-4296-abcb-6d76772d2d4d req-139e64ce-8e18-4296-abcb-6d76772d2d4d ] Request (ServersAdmin275Test:test_rebuild_update_server_275): 200 GET http://10.180.1.21/compute/v2.1/servers/7ddca307-cc43-46fb-863d-78762a26b0d0 0.503s
2025-03-10 17:15:35.855 68738 INFO tempest.lib.common.rest_client [req-a66a26ac-0548-4f63-b486-c9c45287fa14 req-a66a26ac-0548-4f63-b486-c9c45287fa14 ] Request (ServersV294TestFqdnHostnames:setUpClass): 200 GET http://10.180.1.21/compute/v2.1/servers/b79c1f42-b7e0-4c2a-87eb-bb266e620058 0.465s
2025-03-10 17:15:35.896 68768 INFO tempest.lib.common.rest_client [req-88b0e678-7585-4c16-b1f0-6b7ee02f5074 req-88b0e678-7585-4c16-b1f0-6b7ee02f5074 ] Request (InstanceActionsTestJSON:setUpClass): 200 GET http://10.180.1.21/compute/v2.1/servers/cd6b3cc8-8b28-4b93-8922-6bb7aa6ec8e1 0.450s
2025-03-10 17:15:35.912 68754 INFO tempest.lib.common.rest_client [req-596944f6-1ad5-4f8d-a79b-8cf5268ea1d2 req-596944f6-1ad5-4f8d-a79b-8cf5268ea1d2 ] Request (AttachInterfacesV270Test:test_create_get_list_interfaces): 200 GET http://10.180.1.21/compute/v2.1/servers/d96e8733-37f1-481e-b09d-b5491a4ae3f6 0.408s
2025-03-10 17:15:35.922 68754 INFO tempest.common.waiters [-] State transition "BUILD/scheduling" ==> "BUILD/None" after 40 second wait
2025-03-10 17:15:36.014 68776 INFO tempest.lib.common.rest_client [req-3f16a308-cec2-4fd7-948c-c00d90d08707 req-3f16a308-cec2-4fd7-948c-c00d90d08707 ] Request (ServersAdminNegativeTestJSON:test_resize_server_using_overlimit_vcpus): 403 POST http://10.180.1.21/compute/v2.1/servers/8701a32f-e784-418a-ae13-87b1330e8c27/action 0.229s
2025-03-10 17:15:36.024 68788 INFO tempest.lib.common.rest_client [req-a4fbeb20-bf43-4d2e-84e0-948c92398b58 req-a4fbeb20-bf43-4d2e-84e0-948c92398b58 ] Request (ImagesOneServerTestJSON:test_create_delete_image): 204 DELETE http://10.180.1.21/compute/v2.1/images/cac007f5-a1c9-4358-8efd-dc8bdb745ee7 0.226s
2025-03-10 17:15:36.080 68766 INFO tempest.lib.common.rest_client [req-383c826b-c510-4e2e-8f95-78c594da61de req-383c826b-c510-4e2e-8f95-78c594da61de ] Request (ServersTestJSON:test_create_server_specify_multibyte_character_name): 200 GET http://10.180.1.21/compute/v2.1/servers/1988c9b2-1c26-4d2c-b0c3-ff946dc22b08 0.246s
2025-03-10 17:15:36.098 68774 INFO tempest.lib.common.rest_client [req-15149dc6-9f91-45be-a3be-de488aaf87f5 req-15149dc6-9f91-45be-a3be-de488aaf87f5 ] Request (ImagesOneServerNegativeTestJSON:_run_cleanups): 200 GET http://10.180.1.21/compute/v2.1/servers/dc2414d3-13dc-4588-91d1-6036e408505e 0.123s
2025-03-10 17:15:36.113 68776 INFO tempest.lib.common.rest_client [req-a70ef510-f519-4001-947a-eef031611ad1 req-a70ef510-f519-4001-947a-eef031611ad1 ] Request (ServersAdminNegativeTestJSON:_run_cleanups): 202 DELETE http://10.180.1.21/compute/v2.1/flavors/364602063 0.099s
2025-03-10 17:15:36.131 68788 INFO tempest.lib.common.rest_client [req-0bb6009c-d495-49c7-a3eb-3049d3a471d7 req-0bb6009c-d495-49c7-a3eb-3049d3a471d7 ] Request (ImagesOneServerTestJSON:test_create_delete_image): 404 GET http://10.180.1.21/compute/v2.1/images/cac007f5-a1c9-4358-8efd-dc8bdb745ee7 0.107s
2025-03-10 17:15:36.155 68776 INFO tempest.lib.common.rest_client [req-2c41b63e-4a91-4d10-9b4c-0992718d98d2 req-2c41b63e-4a91-4d10-9b4c-0992718d98d2 ] Request (ServersAdminNegativeTestJSON:_run_cleanups): 200 GET http://10.180.1.21/compute/v2.1/flavors/detail 0.041s
2025-03-10 17:15:36.194 68736 INFO tempest.lib.common.rest_client [req-f11bdfb0-6de1-4674-850b-249b621a2527 req-f11bdfb0-6de1-4674-850b-249b621a2527 ] Request (ImagesNegativeTestJSON:test_create_image_from_deleted_server): 200 GET http://10.180.1.21/compute/v2.1/servers/937e0562-8e2d-4207-a5d3-ba1f389ac873 0.190s
2025-03-10 17:15:36.218 68776 INFO tempest.lib.common.rest_client [req-5e45cf57-0bde-4c72-a86e-f9577daaf323 req-5e45cf57-0bde-4c72-a86e-f9577daaf323 ] Request (ServersAdminNegativeTestJSON:test_restore_server_invalid_state): 409 POST http://10.180.1.21/compute/v2.1/servers/8701a32f-e784-418a-ae13-87b1330e8c27/action 0.057s
2025-03-10 17:15:36.441 68784 INFO tempest.lib.common.rest_client [req-512769aa-ce21-44fc-ad8c-715a4e215fb4 req-512769aa-ce21-44fc-ad8c-715a4e215fb4 ] Request (ServerRescueTestJSON:test_rescue_unrescue_instance): 200 GET http://10.180.1.21/compute/v2.1/servers/60d71f22-7779-4f3b-b56a-a8be6ce5ea68 0.265s
2025-03-10 17:15:36.532 68788 INFO tempest.lib.common.rest_client [req-842f46e2-ac71-430e-a6b2-c8db6ad9c72b req-842f46e2-ac71-430e-a6b2-c8db6ad9c72b ] Request (ImagesOneServerTestJSON:test_create_image_specify_multibyte_character_image_name): 202 POST http://10.180.1.21/compute/v2.1/servers/680a5bb1-ac39-481f-9986-f33d0661bf32/action 0.399s
2025-03-10 17:15:36.556 68764 INFO tempest.lib.common.rest_client [req-27879eee-1315-4670-b3d0-4f93b0c2fb21 req-27879eee-1315-4670-b3d0-4f93b0c2fb21 ] Request (TenantUsagesTestJSON:tearDownClass): 200 GET http://10.180.1.21/compute/v2.1/servers/aa08eea2-f042-4ba4-b229-3609ac22b47e 0.371s
2025-03-10 17:15:36.604 68794 INFO tempest.lib.common.rest_client [req-5013176d-8cea-4d92-817d-20ca287f3735 req-5013176d-8cea-4d92-817d-20ca287f3735 ] Request (ServersAdminTestJSON:setUpClass): 200 GET http://10.180.1.21/compute/v2.1/servers/4d4cad44-0cb0-4bf0-80c4-9299d9bbf3ca 0.358s
2025-03-10 17:15:36.607 68776 INFO tempest.lib.common.rest_client [req-5e46aa3f-39b5-42c6-9c8a-725dfba37f52 req-5e46aa3f-39b5-42c6-9c8a-725dfba37f52 ] Request (ServersAdminNegativeTestJSON:tearDownClass): 204 DELETE http://10.180.1.21/compute/v2.1/servers/cd31aad9-c1fe-4d8a-a294-c4d5a8265da0 0.388s
2025-03-10 17:15:36.658 68770 INFO tempest.lib.common.rest_client [req-c68a0086-2d69-4270-889e-31eab07e446d req-c68a0086-2d69-4270-889e-31eab07e446d ] Request (ServerAddressesNegativeTestJSON:setUpClass): 200 GET http://10.180.1.21/compute/v2.1/servers/786cca41-91eb-4b77-b365-4c19525352f1 0.358s
2025-03-10 17:15:36.665 68780 INFO tempest.lib.common.rest_client [req-d919243b-5d9e-4efc-8ca5-fd4ae8a43f65 req-d919243b-5d9e-4efc-8ca5-fd4ae8a43f65 ] Request (ServersTestMultiNic:test_verify_duplicate_network_nics): 200 GET http://10.180.1.21/compute/v2.1/servers/98a605b2-4b2d-4f56-9ea2-344a660bec54 0.410s
2025-03-10 17:15:36.708 68742 INFO tempest.lib.common.rest_client [req-57ee9189-f447-4d39-ba93-a3ef9bedff2e req-57ee9189-f447-4d39-ba93-a3ef9bedff2e ] Request (DeleteServersAdminTestJSON:test_delete_server_while_in_error_state): 200 GET http://10.180.1.21/compute/v2.1/servers/8e3abbd1-b483-450f-842b-811f51e18c19 0.362s
2025-03-10 17:15:36.713 68760 INFO tempest.lib.common.rest_client [req-6bfeb088-2bae-43d8-970e-f138392115d7 req-6bfeb088-2bae-43d8-970e-f138392115d7 ] Request (ServerActionsTestOtherA:setUpClass): 200 GET http://10.180.1.21/compute/v2.1/servers/1d581ed1-d175-46b9-bf25-83a6c4e4be0f 0.346s
2025-03-10 17:15:36.759 68756 INFO tempest.lib.common.rest_client [req-ffc26b13-02e9-449b-8d80-0b049e501855 req-ffc26b13-02e9-449b-8d80-0b049e501855 ] Request (ServerActionsTestOtherB:setUpClass): 200 GET http://10.180.1.21/compute/v2.1/servers/e8e0b748-8d14-40a3-9702-504d0c0d679f 0.337s
2025-03-10 17:15:36.811 68796 INFO tempest.lib.common.rest_client [req-b74066a4-a759-4b42-8489-3daa45782f6a req-b74066a4-a759-4b42-8489-3daa45782f6a ] Request (AttachInterfacesUnderV243Test:test_add_remove_fixed_ip): 200 GET http://10.180.1.21/compute/v2.1/servers/82a6315d-1f3e-496f-abe5-0b6a3f8eaaed 0.332s
2025-03-10 17:15:36.824 68782 INFO tempest.lib.common.rest_client [req-9c7b8c86-d902-4977-ba27-b4c7fc438c6b req-9c7b8c86-d902-4977-ba27-b4c7fc438c6b ] Request (AttachInterfacesTestJSON:test_create_list_show_delete_interfaces_by_fixed_ip): 200 GET http://10.180.1.21/compute/v2.1/servers/6db8dd54-71cf-4e4e-b984-cc43264df1ac 0.361s
2025-03-10 17:15:36.831 68782 INFO tempest.common.waiters [-] State transition "BUILD/networking" ==> "BUILD/spawning" after 54 second wait
2025-03-10 17:15:36.854 68788 INFO tempest.lib.common.rest_client [req-d4da85e9-1816-4499-9197-b36f20dbd2bf req-d4da85e9-1816-4499-9197-b36f20dbd2bf ] Request (ImagesOneServerTestJSON:test_create_image_specify_multibyte_character_image_name): 200 GET http://10.180.1.21/compute/v2.1/images/0bf25e2e-f7e0-4639-ab47-72c91b96f9ff 0.320s
2025-03-10 17:15:36.863 68786 INFO tempest.lib.common.rest_client [req-7cdaf19c-aab7-469c-9e00-0be8ad0137e5 req-7cdaf19c-aab7-469c-9e00-0be8ad0137e5 ] Request (ServerActionsV293TestJSON:setUpClass): 200 GET http://10.180.1.21/compute/v2.1/servers/1ab7b688-47c1-4ea1-9ad4-cd729a09ec3f 0.338s
2025-03-10 17:15:36.901 68746 INFO tempest.lib.common.rest_client [req-783c4546-623e-4dab-a23a-567328586714 req-783c4546-623e-4dab-a23a-567328586714 ] Request (FloatingIPsAssociationTestJSON:setUpClass): 200 GET http://10.180.1.21/compute/v2.1/servers/83abfaa7-1fc4-4dfb-8a33-7018c44d650c 0.361s
2025-03-10 17:15:36.967 68776 INFO tempest.lib.common.rest_client [req-ef3911c5-9f9a-4f84-b029-71a7ae46716b req-ef3911c5-9f9a-4f84-b029-71a7ae46716b ] Request (ServersAdminNegativeTestJSON:tearDownClass): 200 GET http://10.180.1.21/compute/v2.1/servers/cd31aad9-c1fe-4d8a-a294-c4d5a8265da0 0.359s
2025-03-10 17:15:37.002 68740 INFO tempest.lib.common.rest_client [req-fc4a4cc8-6dd1-44cf-a6c8-a74457426754 req-fc4a4cc8-6dd1-44cf-a6c8-a74457426754 ] Request (ListImageFiltersTestJSON:setUpClass): 200 GET http://10.180.1.21/compute/v2.1/servers/46b85b3f-5e89-4cf4-b45c-b628ffe6e056 0.307s
2025-03-10 17:15:37.011 68740 INFO tempest.common.waiters [-] State transition "ACTIVE/image_uploading" ==> "ACTIVE/None" after 3 second wait
2025-03-10 17:15:37.014 68750 INFO tempest.lib.common.rest_client [req-77e53896-9f74-4c72-bfba-9d0136d3246c req-77e53896-9f74-4c72-bfba-9d0136d3246c ] Request (MigrationsAdminTest:test_list_migrations_in_flavor_resize_situation): 200 GET http://10.180.1.21/compute/v2.1/servers/0fae630c-c34d-4827-9557-2d3bdb3d7c50 0.239s
2025-03-10 17:15:37.080 68752 INFO tempest.lib.common.rest_client [req-7cd0e6a7-d28c-4d01-97f0-a40b3698700f req-7cd0e6a7-d28c-4d01-97f0-a40b3698700f ] Request (ListServerFiltersTestJSON:tearDownClass): 200 GET http://10.180.1.21/compute/v2.1/servers/e9d15794-c864-4c2e-a9c2-28d96991bebe 0.293s
2025-03-10 17:15:37.085 68758 INFO tempest.lib.common.rest_client [req-f196ec5b-c241-4ff3-8572-ac7f287e891c req-f196ec5b-c241-4ff3-8572-ac7f287e891c ] Request (ServersAdmin275Test:test_rebuild_update_server_275): 200 GET http://10.180.1.21/compute/v2.1/servers/7ddca307-cc43-46fb-863d-78762a26b0d0 0.232s
2025-03-10 17:15:37.148 68738 INFO tempest.lib.common.rest_client [req-e69e3769-cb06-4c59-9eae-2e03da097d40 req-e69e3769-cb06-4c59-9eae-2e03da097d40 ] Request (ServersV294TestFqdnHostnames:setUpClass): 200 GET http://10.180.1.21/compute/v2.1/servers/b79c1f42-b7e0-4c2a-87eb-bb266e620058 0.277s
2025-03-10 17:15:37.150 68768 INFO tempest.lib.common.rest_client [req-ee558e85-7f6a-4310-8371-4e9fd6641a31 req-ee558e85-7f6a-4310-8371-4e9fd6641a31 ] Request (InstanceActionsTestJSON:setUpClass): 200 GET http://10.180.1.21/compute/v2.1/servers/cd6b3cc8-8b28-4b93-8922-6bb7aa6ec8e1 0.239s
2025-03-10 17:15:37.207 68754 INFO tempest.lib.common.rest_client [req-e47f2de0-02f8-42ae-a8de-62f256d8111a req-e47f2de0-02f8-42ae-a8de-62f256d8111a ] Request (AttachInterfacesV270Test:test_create_get_list_interfaces): 200 GET http://10.180.1.21/compute/v2.1/servers/d96e8733-37f1-481e-b09d-b5491a4ae3f6 0.283s
2025-03-10 17:15:37.274 68766 INFO tempest.lib.common.rest_client [req-d2c98798-97c9-4852-aaf0-661761cf09c7 req-d2c98798-97c9-4852-aaf0-661761cf09c7 ] Request (ServersTestJSON:test_create_server_specify_multibyte_character_name): 200 GET http://10.180.1.21/compute/v2.1/servers/1988c9b2-1c26-4d2c-b0c3-ff946dc22b08 0.181s
2025-03-10 17:15:37.333 68774 INFO tempest.lib.common.rest_client [req-33d54671-4009-4484-84b0-2b0b46c783b9 req-33d54671-4009-4484-84b0-2b0b46c783b9 ] Request (ImagesOneServerNegativeTestJSON:_run_cleanups): 200 GET http://10.180.1.21/compute/v2.1/servers/dc2414d3-13dc-4588-91d1-6036e408505e 0.224s
2025-03-10 17:15:37.463 68736 INFO tempest.lib.common.rest_client [req-a2e48380-8957-43bf-8063-068b380a355c req-a2e48380-8957-43bf-8063-068b380a355c ] Request (ImagesNegativeTestJSON:test_create_image_from_deleted_server): 200 GET http://10.180.1.21/compute/v2.1/servers/937e0562-8e2d-4207-a5d3-ba1f389ac873 0.260s
2025-03-10 17:15:37.561 68740 INFO tempest.lib.common.rest_client [req-e380c007-4836-4cef-8aa1-90edb1dc28a3 req-e380c007-4836-4cef-8aa1-90edb1dc28a3 ] Request (ListImageFiltersTestJSON:setUpClass): 202 POST http://10.180.1.21/compute/v2.1/servers/f6f23a19-fb3d-4c26-a0f0-9352e008b248/action 0.549s
2025-03-10 17:15:37.601 68740 INFO tempest.lib.common.rest_client [req-c1dbacae-6efc-4483-8246-1e1bf54ec68e req-c1dbacae-6efc-4483-8246-1e1bf54ec68e ] Request (ListImageFiltersTestJSON:setUpClass): 200 GET http://10.180.1.21/compute/v2.1/images/cb556c02-5cc0-49ba-9d58-54361d7ff8f3 0.039s
2025-03-10 17:15:37.604 68784 INFO tempest.lib.common.rest_client [req-590e5f11-6c9c-43a2-a981-2120b0bd87f2 req-590e5f11-6c9c-43a2-a981-2120b0bd87f2 ] Request (ServerRescueTestJSON:test_rescue_unrescue_instance): 200 GET http://10.180.1.21/compute/v2.1/servers/60d71f22-7779-4f3b-b56a-a8be6ce5ea68 0.155s
2025-03-10 17:15:37.658 68764 INFO tempest.lib.common.rest_client [req-9b4239be-92f9-44b1-95fb-05b1432e35ad req-9b4239be-92f9-44b1-95fb-05b1432e35ad ] Request (TenantUsagesTestJSON:tearDownClass): 200 GET http://10.180.1.21/compute/v2.1/servers/aa08eea2-f042-4ba4-b229-3609ac22b47e 0.093s
2025-03-10 17:15:37.674 68794 INFO tempest.lib.common.rest_client [req-4cbc3881-01f5-48a7-95f5-22cadaab5035 req-4cbc3881-01f5-48a7-95f5-22cadaab5035 ] Request (ServersAdminTestJSON:setUpClass): 200 GET http://10.180.1.21/compute/v2.1/servers/4d4cad44-0cb0-4bf0-80c4-9299d9bbf3ca 0.061s
2025-03-10 17:15:37.736 68770 INFO tempest.lib.common.rest_client [req-71767b34-7acb-45dd-9481-6dc77680d70c req-71767b34-7acb-45dd-9481-6dc77680d70c ] Request (ServerAddressesNegativeTestJSON:setUpClass): 200 GET http://10.180.1.21/compute/v2.1/servers/786cca41-91eb-4b77-b365-4c19525352f1 0.069s
2025-03-10 17:15:37.748 68780 INFO tempest.lib.common.rest_client [req-59aacfc0-a523-4c05-913a-545bfdbc9b4b req-59aacfc0-a523-4c05-913a-545bfdbc9b4b ] Request (ServersTestMultiNic:test_verify_duplicate_network_nics): 200 GET http://10.180.1.21/compute/v2.1/servers/98a605b2-4b2d-4f56-9ea2-344a660bec54 0.073s
2025-03-10 17:15:37.798 68742 INFO tempest.lib.common.rest_client [req-08fbe186-00ec-48a7-86f7-7b3bc51c0246 req-08fbe186-00ec-48a7-86f7-7b3bc51c0246 ] Request (DeleteServersAdminTestJSON:test_delete_server_while_in_error_state): 200 GET http://10.180.1.21/compute/v2.1/servers/8e3abbd1-b483-450f-842b-811f51e18c19 0.081s
2025-03-10 17:15:37.813 68760 INFO tempest.lib.common.rest_client [req-1988a4ac-89d9-4075-9fca-675db93febe6 req-1988a4ac-89d9-4075-9fca-675db93febe6 ] Request (ServerActionsTestOtherA:setUpClass): 200 GET http://10.180.1.21/compute/v2.1/servers/1d581ed1-d175-46b9-bf25-83a6c4e4be0f 0.093s
2025-03-10 17:15:37.857 68756 INFO tempest.lib.common.rest_client [req-73dc2d0c-1641-45e1-8d61-c1671f7b3e24 req-73dc2d0c-1641-45e1-8d61-c1671f7b3e24 ] Request (ServerActionsTestOtherB:setUpClass): 200 GET http://10.180.1.21/compute/v2.1/servers/e8e0b748-8d14-40a3-9702-504d0c0d679f 0.089s
2025-03-10 17:15:37.873 68796 INFO tempest.lib.common.rest_client [req-4d339265-af07-4054-8f72-d1cb2031ef4e req-4d339265-af07-4054-8f72-d1cb2031ef4e ] Request (AttachInterfacesUnderV243Test:test_add_remove_fixed_ip): 200 GET http://10.180.1.21/compute/v2.1/servers/82a6315d-1f3e-496f-abe5-0b6a3f8eaaed 0.054s
2025-03-10 17:15:37.906 68788 INFO tempest.lib.common.rest_client [req-06105945-28a7-4b5a-8dd3-44615090d2db req-06105945-28a7-4b5a-8dd3-44615090d2db ] Request (ImagesOneServerTestJSON:test_create_image_specify_multibyte_character_image_name): 200 GET http://10.180.1.21/compute/v2.1/images/0bf25e2e-f7e0-4639-ab47-72c91b96f9ff 0.049s
2025-03-10 17:15:37.978 68786 INFO tempest.lib.common.rest_client [req-5fb99cb9-92c0-4b7f-8df6-ed8dbc903a65 req-5fb99cb9-92c0-4b7f-8df6-ed8dbc903a65 ] Request (ServerActionsV293TestJSON:setUpClass): 200 GET http://10.180.1.21/compute/v2.1/servers/1ab7b688-47c1-4ea1-9ad4-cd729a09ec3f 0.105s
2025-03-10 17:15:37.995 68782 INFO tempest.lib.common.rest_client [req-55b1d6ac-4d27-48d0-8a81-0ca3af29f2ec req-55b1d6ac-4d27-48d0-8a81-0ca3af29f2ec ] Request (AttachInterfacesTestJSON:test_create_list_show_delete_interfaces_by_fixed_ip): 200 GET http://10.180.1.21/compute/v2.1/servers/6db8dd54-71cf-4e4e-b984-cc43264df1ac 0.162s
2025-03-10 17:15:38.027 68746 INFO tempest.lib.common.rest_client [req-699c8150-10b1-4db6-bd9b-74ba9133ad82 req-699c8150-10b1-4db6-bd9b-74ba9133ad82 ] Request (FloatingIPsAssociationTestJSON:setUpClass): 200 GET http://10.180.1.21/compute/v2.1/servers/83abfaa7-1fc4-4dfb-8a33-7018c44d650c 0.115s
2025-03-10 17:15:38.083 68750 INFO tempest.lib.common.rest_client [req-e550125c-a73e-4979-b479-66fc8805adf6 req-e550125c-a73e-4979-b479-66fc8805adf6 ] Request (MigrationsAdminTest:test_list_migrations_in_flavor_resize_situation): 200 GET http://10.180.1.21/compute/v2.1/servers/0fae630c-c34d-4827-9557-2d3bdb3d7c50 0.057s
2025-03-10 17:15:38.094 68750 INFO tempest.common.waiters [-] State transition "BUILD/None" ==> "BUILD/networking" after 53 second wait
2025-03-10 17:15:38.171 68752 INFO tempest.lib.common.rest_client [req-c1e1ee18-a38d-4655-bd84-8eacf4bddbe7 req-c1e1ee18-a38d-4655-bd84-8eacf4bddbe7 ] Request (ListServerFiltersTestJSON:tearDownClass): 200 GET http://10.180.1.21/compute/v2.1/servers/e9d15794-c864-4c2e-a9c2-28d96991bebe 0.083s
2025-03-10 17:15:38.189 68776 INFO tempest.lib.common.rest_client [req-5950784a-d941-4527-99f8-73fc58410daf req-5950784a-d941-4527-99f8-73fc58410daf ] Request (ServersAdminNegativeTestJSON:tearDownClass): 200 GET http://10.180.1.21/compute/v2.1/servers/cd31aad9-c1fe-4d8a-a294-c4d5a8265da0 0.215s
2025-03-10 17:15:38.232 68758 INFO tempest.lib.common.rest_client [req-77b587ef-87fd-4cf0-9733-00a4fedee480 req-77b587ef-87fd-4cf0-9733-00a4fedee480 ] Request (ServersAdmin275Test:test_rebuild_update_server_275): 200 GET http://10.180.1.21/compute/v2.1/servers/7ddca307-cc43-46fb-863d-78762a26b0d0 0.130s
2025-03-10 17:15:38.244 68768 INFO tempest.lib.common.rest_client [req-800ea5e6-7868-4eae-b4df-540fcac33d10 req-800ea5e6-7868-4eae-b4df-540fcac33d10 ] Request (InstanceActionsTestJSON:setUpClass): 200 GET http://10.180.1.21/compute/v2.1/servers/cd6b3cc8-8b28-4b93-8922-6bb7aa6ec8e1 0.085s
2025-03-10 17:15:38.300 68738 INFO tempest.lib.common.rest_client [req-6b04ba2b-8720-4d1a-afb5-92ff6f5c6c2c req-6b04ba2b-8720-4d1a-afb5-92ff6f5c6c2c ] Request (ServersV294TestFqdnHostnames:setUpClass): 200 GET http://10.180.1.21/compute/v2.1/servers/b79c1f42-b7e0-4c2a-87eb-bb266e620058 0.139s
2025-03-10 17:15:38.321 68754 INFO tempest.lib.common.rest_client [req-6cd793d5-6ab5-45b1-b41c-cf15ab5084eb req-6cd793d5-6ab5-45b1-b41c-cf15ab5084eb ] Request (AttachInterfacesV270Test:test_create_get_list_interfaces): 200 GET http://10.180.1.21/compute/v2.1/servers/d96e8733-37f1-481e-b09d-b5491a4ae3f6 0.102s
2025-03-10 17:15:38.358 68766 INFO tempest.lib.common.rest_client [req-0c96cb0d-3e6e-41d2-94f3-89803c75d153 req-0c96cb0d-3e6e-41d2-94f3-89803c75d153 ] Request (ServersTestJSON:test_create_server_specify_multibyte_character_name): 200 GET http://10.180.1.21/compute/v2.1/servers/1988c9b2-1c26-4d2c-b0c3-ff946dc22b08 0.076s
2025-03-10 17:15:38.402 68774 INFO tempest.lib.common.rest_client [req-5403f477-957d-49e1-a90f-af35f371cff9 req-5403f477-957d-49e1-a90f-af35f371cff9 ] Request (ImagesOneServerNegativeTestJSON:_run_cleanups): 200 GET http://10.180.1.21/compute/v2.1/servers/dc2414d3-13dc-4588-91d1-6036e408505e 0.058s
2025-03-10 17:15:38.642 68740 INFO tempest.lib.common.rest_client [req-38cacde7-c6fa-44a1-947f-c2a67f80649f req-38cacde7-c6fa-44a1-947f-c2a67f80649f ] Request (ListImageFiltersTestJSON:setUpClass): 200 GET http://10.180.1.21/compute/v2.1/images/cb556c02-5cc0-49ba-9d58-54361d7ff8f3 0.036s
2025-03-10 17:15:38.782 68736 INFO tempest.lib.common.rest_client [req-ed820012-9afd-4208-9079-46d538e7570f req-ed820012-9afd-4208-9079-46d538e7570f ] Request (ImagesNegativeTestJSON:test_create_image_from_deleted_server): 200 GET http://10.180.1.21/compute/v2.1/servers/937e0562-8e2d-4207-a5d3-ba1f389ac873 0.311s
2025-03-10 17:15:38.790 68736 INFO tempest.common.waiters [-] State transition "BUILD/spawning" ==> "ACTIVE/None" after 60 second wait
2025-03-10 17:15:38.866 68764 INFO tempest.lib.common.rest_client [req-21204f03-0326-4af4-84c5-a17492cb957c req-21204f03-0326-4af4-84c5-a17492cb957c ] Request (TenantUsagesTestJSON:tearDownClass): 200 GET http://10.180.1.21/compute/v2.1/servers/aa08eea2-f042-4ba4-b229-3609ac22b47e 0.195s
2025-03-10 17:15:38.873 68784 INFO tempest.lib.common.rest_client [req-596c0926-4e17-4f50-9e1b-e5077bbf14f7 req-596c0926-4e17-4f50-9e1b-e5077bbf14f7 ] Request (ServerRescueTestJSON:test_rescue_unrescue_instance): 200 GET http://10.180.1.21/compute/v2.1/servers/60d71f22-7779-4f3b-b56a-a8be6ce5ea68 0.259s
2025-03-10 17:15:38.878 68764 INFO tempest.common.waiters [-] State transition "ACTIVE/deleting" ==> "DELETED/None" after 3 second wait
2025-03-10 17:15:38.935 68770 INFO tempest.lib.common.rest_client [req-c2bf0fe8-5dcb-4133-9bea-7bee37089703 req-c2bf0fe8-5dcb-4133-9bea-7bee37089703 ] Request (ServerAddressesNegativeTestJSON:setUpClass): 200 GET http://10.180.1.21/compute/v2.1/servers/786cca41-91eb-4b77-b365-4c19525352f1 0.190s
2025-03-10 17:15:38.939 68794 INFO tempest.lib.common.rest_client [req-d3cb652f-035f-4e63-bb25-7aa5acc4d0e6 req-d3cb652f-035f-4e63-bb25-7aa5acc4d0e6 ] Request (ServersAdminTestJSON:setUpClass): 200 GET http://10.180.1.21/compute/v2.1/servers/4d4cad44-0cb0-4bf0-80c4-9299d9bbf3ca 0.255s
2025-03-10 17:15:38.981 68780 INFO tempest.lib.common.rest_client [req-c4863da7-32f6-4a38-b62f-fb59de9ee02c req-c4863da7-32f6-4a38-b62f-fb59de9ee02c ] Request (ServersTestMultiNic:test_verify_duplicate_network_nics): 200 GET http://10.180.1.21/compute/v2.1/servers/98a605b2-4b2d-4f56-9ea2-344a660bec54 0.226s
2025-03-10 17:15:39.012 68736 INFO tempest.lib.common.rest_client [req-178db366-929d-47ad-bd83-8a52a70ab85b req-178db366-929d-47ad-bd83-8a52a70ab85b ] Request (ImagesNegativeTestJSON:test_create_image_from_deleted_server): 204 DELETE http://10.180.1.21/compute/v2.1/servers/937e0562-8e2d-4207-a5d3-ba1f389ac873 0.221s
2025-03-10 17:15:39.029 68742 INFO tempest.lib.common.rest_client [req-bbe4acb1-ef6e-4b44-b21c-633471c2faa0 req-bbe4acb1-ef6e-4b44-b21c-633471c2faa0 ] Request (DeleteServersAdminTestJSON:test_delete_server_while_in_error_state): 200 GET http://10.180.1.21/compute/v2.1/servers/8e3abbd1-b483-450f-842b-811f51e18c19 0.223s
2025-03-10 17:15:39.057 68760 INFO tempest.lib.common.rest_client [req-c747da19-09c4-484b-9922-2f80bb85485b req-c747da19-09c4-484b-9922-2f80bb85485b ] Request (ServerActionsTestOtherA:setUpClass): 200 GET http://10.180.1.21/compute/v2.1/servers/1d581ed1-d175-46b9-bf25-83a6c4e4be0f 0.236s
2025-03-10 17:15:39.073 68756 INFO tempest.lib.common.rest_client [req-3658ce4e-599f-4f83-9aeb-93bd7fd02a7b req-3658ce4e-599f-4f83-9aeb-93bd7fd02a7b ] Request (ServerActionsTestOtherB:setUpClass): 200 GET http://10.180.1.21/compute/v2.1/servers/e8e0b748-8d14-40a3-9702-504d0c0d679f 0.209s
2025-03-10 17:15:39.102 68796 INFO tempest.lib.common.rest_client [req-76c0ac08-292b-4237-8a3e-a9243c35db57 req-76c0ac08-292b-4237-8a3e-a9243c35db57 ] Request (AttachInterfacesUnderV243Test:test_add_remove_fixed_ip): 200 GET http://10.180.1.21/compute/v2.1/servers/82a6315d-1f3e-496f-abe5-0b6a3f8eaaed 0.221s
2025-03-10 17:15:39.105 68788 INFO tempest.lib.common.rest_client [req-438d4693-edbc-42d2-a9d3-30eb1d2ff1e3 req-438d4693-edbc-42d2-a9d3-30eb1d2ff1e3 ] Request (ImagesOneServerTestJSON:test_create_image_specify_multibyte_character_image_name): 200 GET http://10.180.1.21/compute/v2.1/images/0bf25e2e-f7e0-4639-ab47-72c91b96f9ff 0.194s
2025-03-10 17:15:39.161 68786 INFO tempest.lib.common.rest_client [req-c7e08005-733a-4b00-93c9-5cb1cc56d917 req-c7e08005-733a-4b00-93c9-5cb1cc56d917 ] Request (ServerActionsV293TestJSON:setUpClass): 200 GET http://10.180.1.21/compute/v2.1/servers/1ab7b688-47c1-4ea1-9ad4-cd729a09ec3f 0.171s
2025-03-10 17:15:39.200 68782 INFO tempest.lib.common.rest_client [req-800366c6-7d37-4ff2-8d72-5acc1e25e36a req-800366c6-7d37-4ff2-8d72-5acc1e25e36a ] Request (AttachInterfacesTestJSON:test_create_list_show_delete_interfaces_by_fixed_ip): 200 GET http://10.180.1.21/compute/v2.1/servers/6db8dd54-71cf-4e4e-b984-cc43264df1ac 0.198s
2025-03-10 17:15:39.250 68746 INFO tempest.lib.common.rest_client [req-f5d2ddce-2eec-4e50-bda2-d97b83a1ff6c req-f5d2ddce-2eec-4e50-bda2-d97b83a1ff6c ] Request (FloatingIPsAssociationTestJSON:setUpClass): 200 GET http://10.180.1.21/compute/v2.1/servers/83abfaa7-1fc4-4dfb-8a33-7018c44d650c 0.214s
2025-03-10 17:15:39.262 68736 INFO tempest.lib.common.rest_client [req-bc756017-d4bc-40f9-993f-c1b9aa070c39 req-bc756017-d4bc-40f9-993f-c1b9aa070c39 ] Request (ImagesNegativeTestJSON:test_create_image_from_deleted_server): 200 GET http://10.180.1.21/compute/v2.1/servers/937e0562-8e2d-4207-a5d3-ba1f389ac873 0.249s
2025-03-10 17:15:39.269 68746 INFO tempest.common.waiters [-] State transition "BUILD/scheduling" ==> "BUILD/None" after 39 second wait
2025-03-10 17:15:39.317 68752 INFO tempest.lib.common.rest_client [req-28ec0951-2be1-4613-ba94-50132f87c22b req-28ec0951-2be1-4613-ba94-50132f87c22b ] Request (ListServerFiltersTestJSON:tearDownClass): 200 GET http://10.180.1.21/compute/v2.1/servers/e9d15794-c864-4c2e-a9c2-28d96991bebe 0.136s
2025-03-10 17:15:39.336 68790 WARNING tempest.lib.common.ssh [-] Failed to establish authenticated ssh connection to cirros@10.180.180.232 ([Errno None] Unable to connect to port 22 on 10.180.180.232). Number attempts: 7. Retry after 8 seconds.: paramiko.ssh_exception.NoValidConnectionsError: [Errno None] Unable to connect to port 22 on 10.180.180.232
2025-03-10 17:15:39.336 68744 WARNING tempest.lib.common.ssh [-] Failed to establish authenticated ssh connection to cirros@10.180.180.184 ([Errno None] Unable to connect to port 22 on 10.180.180.184). Number attempts: 5. Retry after 6 seconds.: paramiko.ssh_exception.NoValidConnectionsError: [Errno None] Unable to connect to port 22 on 10.180.180.184
2025-03-10 17:15:39.350 68750 INFO tempest.lib.common.rest_client [req-3548c0e0-0e6b-4972-8bdd-abad957ac8ed req-3548c0e0-0e6b-4972-8bdd-abad957ac8ed ] Request (MigrationsAdminTest:test_list_migrations_in_flavor_resize_situation): 200 GET http://10.180.1.21/compute/v2.1/servers/0fae630c-c34d-4827-9557-2d3bdb3d7c50 0.256s
2025-03-10 17:15:39.357 68750 INFO tempest.common.waiters [-] State transition "BUILD/networking" ==> "BUILD/spawning" after 54 second wait
2025-03-10 17:15:39.364 68776 INFO tempest.lib.common.rest_client [req-634b7b29-559a-43da-b01f-2d07b7c22a4d req-634b7b29-559a-43da-b01f-2d07b7c22a4d ] Request (ServersAdminNegativeTestJSON:tearDownClass): 200 GET http://10.180.1.21/compute/v2.1/servers/cd31aad9-c1fe-4d8a-a294-c4d5a8265da0 0.165s
