2025-03-10 17:16:36.677 68740 INFO tempest.lib.common.rest_client [req-e9f72b40-2818-465f-8c6a-afc31858cd55 req-e9f72b40-2818-465f-8c6a-afc31858cd55 ] Request (ListImageFiltersTestJSON:tearDownClass): 200 GET http://10.180.1.21/compute/v2.1/servers/f6f23a19-fb3d-4c26-a0f0-9352e008b248 0.147s
2025-03-10 17:16:36.762 68750 INFO tempest.lib.common.rest_client [req-ed46cd7e-6780-4f0c-bc93-11d8293e2e51 req-ed46cd7e-6780-4f0c-bc93-11d8293e2e51 ] Request (MigrationsAdminTest:test_list_migrations_in_flavor_resize_situation): 204 POST http://10.180.1.21/compute/v2.1/servers/0fae630c-c34d-4827-9557-2d3bdb3d7c50/action 0.218s
2025-03-10 17:16:36.821 68784 INFO tempest.lib.common.rest_client [req-c1e6007f-ad67-4f0d-bca2-970933ff3e57 req-c1e6007f-ad67-4f0d-bca2-970933ff3e57 ] Request (ServerRescueTestJSON:tearDownClass): 200 GET http://10.180.1.21/compute/v2.1/servers/60d71f22-7779-4f3b-b56a-a8be6ce5ea68 0.271s
2025-03-10 17:16:36.883 68766 INFO tempest.lib.common.rest_client [req-8ea03364-1416-4f7e-bbe6-ed58a9950151 req-8ea03364-1416-4f7e-bbe6-ed58a9950151 ] Request (ServersTestJSON:test_create_server_with_ipv6_addr_only): 200 GET http://10.180.1.21/compute/v2.1/servers/99c2a850-2aa5-49e1-a65f-50020b0d5a95 0.291s
2025-03-10 17:16:36.929 68796 WARNING tempest.lib.common.ssh [-] Failed to establish authenticated ssh connection to cirros@10.180.180.214 ([Errno None] Unable to connect to port 22 on 10.180.180.214). Number attempts: 6. Retry after 7 seconds.: paramiko.ssh_exception.NoValidConnectionsError: [Errno None] Unable to connect to port 22 on 10.180.180.214
2025-03-10 17:16:36.938 68756 INFO tempest.lib.common.rest_client [req-c7f93d4d-25a6-4f05-a4ca-2987460814be req-c7f93d4d-25a6-4f05-a4ca-2987460814be ] Request (ServerActionsTestOtherB:test_create_backup): 200 GET http://10.180.1.21/image/v2/images/ec875196-bf0d-4d96-a320-3c2a0a0385c6 0.023s
2025-03-10 17:16:36.947 68764 INFO tempest.lib.common.rest_client [req-a0f6909e-6947-4a7c-8b38-6b51ab853635 req-a0f6909e-6947-4a7c-8b38-6b51ab853635 ] Request (MultipleCreateTestJSON:test_multiple_create): 200 GET http://10.180.1.21/compute/v2.1/servers/e93f14f8-8557-4828-ab17-2d613ee16984 0.298s
2025-03-10 17:16:37.010 68752 INFO tempest.lib.common.rest_client [req-331864b5-67b6-4b49-8719-1937d0da9440 req-331864b5-67b6-4b49-8719-1937d0da9440 ] Request (ServerMetadataNegativeTestJSON:setUpClass): 200 GET http://10.180.1.21/compute/v2.1/servers/e23b9fc0-7225-4734-9aa1-0c03bf494967 0.303s
2025-03-10 17:16:37.030 68786 INFO tempest.lib.common.rest_client [req-5eb8db33-4b71-48b4-a3aa-314e307488e1 req-5eb8db33-4b71-48b4-a3aa-314e307488e1 ] Request (ServerActionsV293TestJSON:test_rebuild_volume_backed_server): 202 POST http://10.180.1.21/compute/v2.1/servers/1ab7b688-47c1-4ea1-9ad4-cd729a09ec3f/action 0.545s
2025-03-10 17:16:37.085 68776 INFO tempest.lib.common.rest_client [req-c55532e1-21ae-472a-a311-789fbe603249 req-c55532e1-21ae-472a-a311-789fbe603249 ] Request (ServersAdminNegativeTestJSON:tearDownClass): 200 GET http://10.180.1.21/compute/v2.1/servers/8701a32f-e784-418a-ae13-87b1330e8c27 0.349s
2025-03-10 17:16:37.198 68750 INFO tempest.lib.common.rest_client [req-21007459-c35d-459a-bf2b-5049224dede9 req-21007459-c35d-459a-bf2b-5049224dede9 ] Request (MigrationsAdminTest:test_list_migrations_in_flavor_resize_situation): 200 GET http://10.180.1.21/compute/v2.1/servers/0fae630c-c34d-4827-9557-2d3bdb3d7c50 0.436s
2025-03-10 17:16:37.214 68786 INFO tempest.lib.common.rest_client [req-4d09f2cd-6b68-4bc3-a74e-412f66019836 req-4d09f2cd-6b68-4bc3-a74e-412f66019836 ] Request (ServerActionsV293TestJSON:test_rebuild_volume_backed_server): 200 GET http://10.180.1.21/compute/v2.1/flavors/42 0.165s
2025-03-10 17:16:37.245 68770 INFO tempest.lib.common.rest_client [req-04e72670-a9fd-4189-aa48-300aeda228e1 req-04e72670-a9fd-4189-aa48-300aeda228e1 ] Request (ServerAddressesNegativeTestJSON:tearDownClass): 200 GET http://10.180.1.21/compute/v2.1/servers/786cca41-91eb-4b77-b365-4c19525352f1 0.303s
2025-03-10 17:16:37.273 68762 INFO tempest.lib.common.rest_client [req-73be73ed-5f63-4e11-ac58-7ff75bed4877 req-73be73ed-5f63-4e11-ac58-7ff75bed4877 ] Request (FloatingIPsAssociationNegativeTestJSON:setUpClass): 200 GET http://10.180.1.21/compute/v2.1/servers/9b3b9600-bf96-4a2b-aa8c-79f7321878b0 0.213s
2025-03-10 17:16:37.282 68762 INFO tempest.common.waiters [-] State transition "BUILD/scheduling" ==> "BUILD/None" after 17 second wait
2025-03-10 17:16:37.330 68774 INFO tempest.lib.common.rest_client [req-b22488c0-5f0a-49e1-ade1-1d2367d74909 req-b22488c0-5f0a-49e1-ade1-1d2367d74909 ] Request (ImagesOneServerNegativeTestJSON:_run_cleanups): 200 GET http://10.180.1.21/compute/v2.1/servers/dc2414d3-13dc-4588-91d1-6036e408505e 0.167s
2025-03-10 17:16:37.358 68768 INFO tempest.lib.common.rest_client [req-6e4d0642-a8d2-4f20-a734-5ad940d91854 req-6e4d0642-a8d2-4f20-a734-5ad940d91854 ] Request (InstanceActionsTestJSON:setUpClass): 200 GET http://10.180.1.21/compute/v2.1/servers/cd6b3cc8-8b28-4b93-8922-6bb7aa6ec8e1 0.256s
2025-03-10 17:16:37.371 68768 INFO tempest.common.waiters [-] State transition "BUILD/networking" ==> "BUILD/spawning" after 83 second wait
2025-03-10 17:16:37.405 68780 INFO tempest.lib.common.rest_client [req-49264522-dad9-4cce-832e-06390d623b57 req-49264522-dad9-4cce-832e-06390d623b57 ] Request (ServersTestMultiNic:_run_cleanups): 200 GET http://10.180.1.21/compute/v2.1/servers/98a605b2-4b2d-4f56-9ea2-344a660bec54 0.216s
2025-03-10 17:16:37.413 68738 WARNING tempest.lib.common.ssh [-] Failed to establish authenticated ssh connection to cirros@10.180.180.179 ([Errno None] Unable to connect to port 22 on 10.180.180.179). Number attempts: 4. Retry after 5 seconds.: paramiko.ssh_exception.NoValidConnectionsError: [Errno None] Unable to connect to port 22 on 10.180.180.179
2025-03-10 17:16:37.467 68786 INFO tempest.lib.common.rest_client [req-195c7677-95bb-452a-9ef9-0be5ceaa0614 req-195c7677-95bb-452a-9ef9-0be5ceaa0614 ] Request (ServerActionsV293TestJSON:test_rebuild_volume_backed_server): 200 GET http://10.180.1.21/compute/v2.1/servers/1ab7b688-47c1-4ea1-9ad4-cd729a09ec3f 0.250s
2025-03-10 17:16:37.470 68746 INFO tempest.lib.common.rest_client [req-d0b9344d-2d77-40d3-9591-92bda63c9251 req-d0b9344d-2d77-40d3-9591-92bda63c9251 ] Request (FloatingIPsAssociationTestJSON:test_associate_already_associated_floating_ip): 200 GET http://10.180.1.21/compute/v2.1/servers/0f6452b1-1910-4827-b23b-e9a0663ea72b 0.226s
2025-03-10 17:16:37.539 68792 INFO tempest.lib.common.rest_client [req-cd8cee56-57b7-4611-92dd-55f0176892c4 req-cd8cee56-57b7-4611-92dd-55f0176892c4 ] Request (ServersTestBootFromVolume:tearDownClass): 200 GET http://10.180.1.21/compute/v2.1/servers/15bb026a-d9ef-4b1d-b565-0d6954fe8391 0.277s
2025-03-10 17:16:37.560 68754 INFO tempest.lib.common.rest_client [req-01626216-e3b1-4c09-be10-caaaaab8381e req-01626216-e3b1-4c09-be10-caaaaab8381e ] Request (AttachInterfacesV270Test:tearDownClass): 200 GET http://10.180.1.21/compute/v2.1/servers/d96e8733-37f1-481e-b09d-b5491a4ae3f6 0.235s
2025-03-10 17:16:37.597 68748 INFO tempest.lib.common.rest_client [req-3ef7c1a0-3cd0-4ecf-a96c-0ea56c87115d req-3ef7c1a0-3cd0-4ecf-a96c-0ea56c87115d ] Request (ServersWithSpecificFlavorTestJSON:test_verify_created_server_ephemeral_disk): 200 GET http://10.180.1.21/compute/v2.1/servers/021d8d7b-9609-4313-971d-f1a22b209751 0.223s
2025-03-10 17:16:37.631 68758 INFO tempest.lib.common.rest_client [req-24ee80c0-156f-4fc4-ad65-ea43c03b8c61 req-24ee80c0-156f-4fc4-ad65-ea43c03b8c61 ] Request (ServersAdmin275Test:tearDownClass): 200 GET http://10.180.1.21/compute/v2.1/servers/7ddca307-cc43-46fb-863d-78762a26b0d0 0.134s
2025-03-10 17:16:37.654 68794 INFO tempest.lib.common.rest_client [req-bb3867dd-152d-43b9-b4ba-7fca67863457 req-bb3867dd-152d-43b9-b4ba-7fca67863457 ] Request (ServersAdminTestJSON:setUpClass): 200 GET http://10.180.1.21/compute/v2.1/servers/4d4cad44-0cb0-4bf0-80c4-9299d9bbf3ca 0.098s
2025-03-10 17:16:37.691 68788 INFO tempest.lib.common.rest_client [req-5d8f9d47-a7c7-4710-b724-a7f6e4d86f12 req-5d8f9d47-a7c7-4710-b724-a7f6e4d86f12 ] Request (ServerActionsTestJSON:setUpClass): 201 POST http://10.180.1.21:9696/networking/v2.0/routers 1.083s
2025-03-10 17:16:37.702 68742 INFO tempest.lib.common.rest_client [req-216c41e2-3cb2-4eb7-9d4f-a8a35e868add req-216c41e2-3cb2-4eb7-9d4f-a8a35e868add ] Request (DeleteServersAdminTestJSON:test_delete_server_while_in_error_state): 200 GET http://10.180.1.21/compute/v2.1/servers/8e3abbd1-b483-450f-842b-811f51e18c19 0.085s
2025-03-10 17:16:37.788 68740 INFO tempest.lib.common.rest_client [req-4f97e471-3b12-4c3f-800d-a48974e7fc57 req-4f97e471-3b12-4c3f-800d-a48974e7fc57 ] Request (ListImageFiltersTestJSON:tearDownClass): 200 GET http://10.180.1.21/compute/v2.1/servers/f6f23a19-fb3d-4c26-a0f0-9352e008b248 0.100s
2025-03-10 17:16:37.915 68784 INFO tempest.lib.common.rest_client [req-09bf677b-56ca-416c-8045-5084972b8a4a req-09bf677b-56ca-416c-8045-5084972b8a4a ] Request (ServerRescueTestJSON:tearDownClass): 200 GET http://10.180.1.21/compute/v2.1/servers/60d71f22-7779-4f3b-b56a-a8be6ce5ea68 0.085s
2025-03-10 17:16:37.956 68756 INFO tempest.lib.common.rest_client [req-0a951bf0-6ea3-4dea-a155-ee903766b915 req-0a951bf0-6ea3-4dea-a155-ee903766b915 ] Request (ServerActionsTestOtherB:test_create_backup): 200 GET http://10.180.1.21/image/v2/images/ec875196-bf0d-4d96-a320-3c2a0a0385c6 0.016s
2025-03-10 17:16:37.958 68766 INFO tempest.lib.common.rest_client [req-15ca635e-7ae8-4b92-aced-cc9c36b7c87e req-15ca635e-7ae8-4b92-aced-cc9c36b7c87e ] Request (ServersTestJSON:test_create_server_with_ipv6_addr_only): 200 GET http://10.180.1.21/compute/v2.1/servers/99c2a850-2aa5-49e1-a65f-50020b0d5a95 0.064s
2025-03-10 17:16:38.013 68764 INFO tempest.lib.common.rest_client [req-31565fea-deac-4b51-bda6-76d30dbfcbf7 req-31565fea-deac-4b51-bda6-76d30dbfcbf7 ] Request (MultipleCreateTestJSON:test_multiple_create): 200 GET http://10.180.1.21/compute/v2.1/servers/e93f14f8-8557-4828-ab17-2d613ee16984 0.057s
2025-03-10 17:16:38.079 68752 INFO tempest.lib.common.rest_client [req-74aa5a01-525b-43f4-90b9-b143ee6387c9 req-74aa5a01-525b-43f4-90b9-b143ee6387c9 ] Request (ServerMetadataNegativeTestJSON:setUpClass): 200 GET http://10.180.1.21/compute/v2.1/servers/e23b9fc0-7225-4734-9aa1-0c03bf494967 0.060s
2025-03-10 17:16:38.174 68776 INFO tempest.lib.common.rest_client [req-b6833e49-fb7a-4327-8b61-6d9ec540b634 req-b6833e49-fb7a-4327-8b61-6d9ec540b634 ] Request (ServersAdminNegativeTestJSON:tearDownClass): 200 GET http://10.180.1.21/compute/v2.1/servers/8701a32f-e784-418a-ae13-87b1330e8c27 0.080s
2025-03-10 17:16:38.333 68770 INFO tempest.lib.common.rest_client [req-992aabfc-fa9a-4597-98ac-c533a1961250 req-992aabfc-fa9a-4597-98ac-c533a1961250 ] Request (ServerAddressesNegativeTestJSON:tearDownClass): 200 GET http://10.180.1.21/compute/v2.1/servers/786cca41-91eb-4b77-b365-4c19525352f1 0.075s
2025-03-10 17:16:38.387 68750 INFO tempest.lib.common.rest_client [req-9317c7a4-bf2c-4d80-b170-44f83388d6f5 req-9317c7a4-bf2c-4d80-b170-44f83388d6f5 ] Request (MigrationsAdminTest:test_list_migrations_in_flavor_resize_situation): 200 GET http://10.180.1.21/compute/v2.1/servers/0fae630c-c34d-4827-9557-2d3bdb3d7c50 0.181s
2025-03-10 17:16:38.417 68762 INFO tempest.lib.common.rest_client [req-8ec55892-5358-4225-82bd-d1bb591ece9d req-8ec55892-5358-4225-82bd-d1bb591ece9d ] Request (FloatingIPsAssociationNegativeTestJSON:setUpClass): 200 GET http://10.180.1.21/compute/v2.1/servers/9b3b9600-bf96-4a2b-aa8c-79f7321878b0 0.132s
2025-03-10 17:16:38.458 68774 INFO tempest.lib.common.rest_client [req-6ff61d5a-914d-430c-8eb6-ebe65dab88af req-6ff61d5a-914d-430c-8eb6-ebe65dab88af ] Request (ImagesOneServerNegativeTestJSON:_run_cleanups): 200 GET http://10.180.1.21/compute/v2.1/servers/dc2414d3-13dc-4588-91d1-6036e408505e 0.112s
2025-03-10 17:16:38.537 68780 INFO tempest.lib.common.rest_client [req-2adbd23d-54f7-40d2-8c17-8b6e8f165193 req-2adbd23d-54f7-40d2-8c17-8b6e8f165193 ] Request (ServersTestMultiNic:_run_cleanups): 200 GET http://10.180.1.21/compute/v2.1/servers/98a605b2-4b2d-4f56-9ea2-344a660bec54 0.123s
2025-03-10 17:16:38.577 68768 INFO tempest.lib.common.rest_client [req-c79f8b25-2422-4acd-a2bf-2587004c6223 req-c79f8b25-2422-4acd-a2bf-2587004c6223 ] Request (InstanceActionsTestJSON:setUpClass): 200 GET http://10.180.1.21/compute/v2.1/servers/cd6b3cc8-8b28-4b93-8922-6bb7aa6ec8e1 0.204s
2025-03-10 17:16:38.649 68746 INFO tempest.lib.common.rest_client [req-fa3495a7-4fae-406c-89cd-26ffe1860f31 req-fa3495a7-4fae-406c-89cd-26ffe1860f31 ] Request (FloatingIPsAssociationTestJSON:test_associate_already_associated_floating_ip): 200 GET http://10.180.1.21/compute/v2.1/servers/0f6452b1-1910-4827-b23b-e9a0663ea72b 0.165s
2025-03-10 17:16:38.705 68786 INFO tempest.lib.common.rest_client [req-4bb28d28-977c-46f3-a179-a770395a7bb2 req-4bb28d28-977c-46f3-a179-a770395a7bb2 ] Request (ServerActionsV293TestJSON:test_rebuild_volume_backed_server): 200 GET http://10.180.1.21/compute/v2.1/servers/1ab7b688-47c1-4ea1-9ad4-cd729a09ec3f 0.222s
2025-03-10 17:16:38.734 68792 INFO tempest.lib.common.rest_client [req-8936b48c-a2b7-49d3-b582-a4b6414887a5 req-8936b48c-a2b7-49d3-b582-a4b6414887a5 ] Request (ServersTestBootFromVolume:tearDownClass): 200 GET http://10.180.1.21/compute/v2.1/servers/15bb026a-d9ef-4b1d-b565-0d6954fe8391 0.179s
2025-03-10 17:16:38.783 68754 INFO tempest.lib.common.rest_client [req-738258aa-fd27-4a7d-ad98-99094565fbd2 req-738258aa-fd27-4a7d-ad98-99094565fbd2 ] Request (AttachInterfacesV270Test:tearDownClass): 200 GET http://10.180.1.21/compute/v2.1/servers/d96e8733-37f1-481e-b09d-b5491a4ae3f6 0.212s
2025-03-10 17:16:38.804 68748 INFO tempest.lib.common.rest_client [req-78c90ccc-3843-43c5-80e3-cd988f5fcd1e req-78c90ccc-3843-43c5-80e3-cd988f5fcd1e ] Request (ServersWithSpecificFlavorTestJSON:test_verify_created_server_ephemeral_disk): 200 GET http://10.180.1.21/compute/v2.1/servers/021d8d7b-9609-4313-971d-f1a22b209751 0.196s
2025-03-10 17:16:38.860 68758 INFO tempest.lib.common.rest_client [req-b26374d3-2fbd-40d0-a087-29fe030ba48d req-b26374d3-2fbd-40d0-a087-29fe030ba48d ] Request (ServersAdmin275Test:tearDownClass): 200 GET http://10.180.1.21/compute/v2.1/servers/7ddca307-cc43-46fb-863d-78762a26b0d0 0.214s
2025-03-10 17:16:38.871 68794 INFO tempest.lib.common.rest_client [req-6619cc38-a1ad-4bb7-a9d9-185152097445 req-6619cc38-a1ad-4bb7-a9d9-185152097445 ] Request (ServersAdminTestJSON:setUpClass): 200 GET http://10.180.1.21/compute/v2.1/servers/4d4cad44-0cb0-4bf0-80c4-9299d9bbf3ca 0.204s
2025-03-10 17:16:38.954 68742 INFO tempest.lib.common.rest_client [req-715b3fc4-1432-42c4-944d-8f03c3899e18 req-715b3fc4-1432-42c4-944d-8f03c3899e18 ] Request (DeleteServersAdminTestJSON:test_delete_server_while_in_error_state): 200 GET http://10.180.1.21/compute/v2.1/servers/8e3abbd1-b483-450f-842b-811f51e18c19 0.238s
2025-03-10 17:16:38.954 68740 INFO tempest.lib.common.rest_client [req-cc74575b-fff0-4971-a54c-96905afeea16 req-cc74575b-fff0-4971-a54c-96905afeea16 ] Request (ListImageFiltersTestJSON:tearDownClass): 200 GET http://10.180.1.21/compute/v2.1/servers/f6f23a19-fb3d-4c26-a0f0-9352e008b248 0.157s
2025-03-10 17:16:38.990 68756 INFO tempest.lib.common.rest_client [req-36dfed00-aea4-4fba-849a-36ed351686c2 req-36dfed00-aea4-4fba-849a-36ed351686c2 ] Request (ServerActionsTestOtherB:test_create_backup): 200 GET http://10.180.1.21/image/v2/images/ec875196-bf0d-4d96-a320-3c2a0a0385c6 0.033s
2025-03-10 17:16:39.001 68788 INFO tempest.lib.common.rest_client [req-2e6235c1-7cfb-4fb8-a43d-330eeef7903e req-2e6235c1-7cfb-4fb8-a43d-330eeef7903e ] Request (ServerActionsTestJSON:setUpClass): 200 PUT http://10.180.1.21:9696/networking/v2.0/routers/a70b0e8c-5c2f-4a62-b43b-5d18ebce1ecc/add_router_interface 1.309s
2025-03-10 17:16:39.001 68788 INFO tempest.lib.common.dynamic_creds [-] Created isolated network resources for: credentials: Credentials: {'domain_id': 'default', 'domain_name': 'Default', 'username': 'tempest-ServerActionsTestJSON-1960909218-project-member', 'project_domain_id': 'default', 'project_domain_name': 'Default', 'project_id': 'd8ecfe9074a44644a0b4aefb0deca40e', 'project_name': 'tempest-ServerActionsTestJSON-1960909218', 'tenant_id': 'd8ecfe9074a44644a0b4aefb0deca40e', 'tenant_name': 'tempest-ServerActionsTestJSON-1960909218', 'user_domain_id': 'default', 'user_domain_name': 'Default', 'user_id': '67aed83e36be4d988c9a2a79a97e0ee0', 'system': None}, Network: {'id': 'a35a5d7f-7bc7-430c-8a69-d700157fd8d9', 'name': 'tempest-ServerActionsTestJSON-2071402714-network', 'tenant_id': 'd8ecfe9074a44644a0b4aefb0deca40e', 'admin_state_up': True, 'mtu': 8950, 'status': 'ACTIVE', 'subnets': [], 'shared': False, 'project_id': 'd8ecfe9074a44644a0b4aefb0deca40e', 'port_security_enabled': True, 'router:external': False, 'provider:network_type': 'vlan', 'provider:physical_network': 'default', 'provider:segmentation_id': 503, 'availability_zone_hints': [], 'availability_zones': [], 'ipv4_address_scope': None, 'ipv6_address_scope': None, 'description': '', 'tags': [], 'created_at': '2025-03-10T17:16:36Z', 'updated_at': '2025-03-10T17:16:36Z', 'revision_number': 1}, Subnet: {'id': 'c210e15f-b661-4753-ab90-939a36eb266f', 'name': 'tempest-ServerActionsTestJSON-2071402714-subnet', 'tenant_id': 'd8ecfe9074a44644a0b4aefb0deca40e', 'network_id': 'a35a5d7f-7bc7-430c-8a69-d700157fd8d9', 'ip_version': 4, 'subnetpool_id': None, 'enable_dhcp': True, 'ipv6_ra_mode': None, 'ipv6_address_mode': None, 'gateway_ip': '192.168.128.1', 'cidr': '192.168.128.0/28', 'allocation_pools': [{'start': '192.168.128.2', 'end': '192.168.128.14'}], 'host_routes': [], 'dns_nameservers': [], 'description': '', 'router:external': False, 'service_types': [], 'tags': [], 'created_at': '2025-03-10T17:16:36Z', 'updated_at': '2025-03-10T17:16:36Z', 'revision_number': 0, 'project_id': 'd8ecfe9074a44644a0b4aefb0deca40e'}, Router: {'id': 'a70b0e8c-5c2f-4a62-b43b-5d18ebce1ecc', 'name': 'tempest-ServerActionsTestJSON-2071402714-router', 'tenant_id': 'd8ecfe9074a44644a0b4aefb0deca40e', 'admin_state_up': True, 'status': 'ACTIVE', 'external_gateway_info': {'network_id': 'b3b1f5a8-3f32-46f1-ada2-0de13853b9fb', 'external_fixed_ips': [{'subnet_id': '214e261d-b207-45a8-94c7-1cf457794752', 'ip_address': '10.180.180.151'}], 'enable_snat': True}, 'description': '', 'availability_zones': [], 'distributed': False, 'ha': False, 'availability_zone_hints': [], 'routes': [], 'flavor_id': None, 'tags': [], 'created_at': '2025-03-10T17:16:36Z', 'updated_at': '2025-03-10T17:16:37Z', 'revision_number': 2, 'project_id': 'd8ecfe9074a44644a0b4aefb0deca40e'}
2025-03-10 17:16:39.056 68784 INFO tempest.lib.common.rest_client [req-4c158b61-2c9a-4a9a-823e-7c3780785d54 req-4c158b61-2c9a-4a9a-823e-7c3780785d54 ] Request (ServerRescueTestJSON:tearDownClass): 200 GET http://10.180.1.21/compute/v2.1/servers/60d71f22-7779-4f3b-b56a-a8be6ce5ea68 0.129s
2025-03-10 17:16:39.067 68766 INFO tempest.lib.common.rest_client [req-e1694b9b-7de9-49a2-9a75-9217a0e2033a req-e1694b9b-7de9-49a2-9a75-9217a0e2033a ] Request (ServersTestJSON:test_create_server_with_ipv6_addr_only): 200 GET http://10.180.1.21/compute/v2.1/servers/99c2a850-2aa5-49e1-a65f-50020b0d5a95 0.096s
2025-03-10 17:16:39.100 68788 INFO tempest.lib.common.rest_client [req-19cc8d42-ba8e-44c6-95eb-6c5e31582180 req-19cc8d42-ba8e-44c6-95eb-6c5e31582180 ] Request (ServerActionsTestJSON:setUpClass): 201 POST http://10.180.1.21/identity/v3/auth/tokens 0.095s
2025-03-10 17:16:39.116 68764 INFO tempest.lib.common.rest_client [req-08781982-0c53-4622-a50c-112d7af710cc req-08781982-0c53-4622-a50c-112d7af710cc ] Request (MultipleCreateTestJSON:test_multiple_create): 200 GET http://10.180.1.21/compute/v2.1/servers/e93f14f8-8557-4828-ab17-2d613ee16984 0.091s
2025-03-10 17:16:39.155 68752 INFO tempest.lib.common.rest_client [req-d0595b56-259a-4a9f-8978-1cb8477180cd req-d0595b56-259a-4a9f-8978-1cb8477180cd ] Request (ServerMetadataNegativeTestJSON:setUpClass): 200 GET http://10.180.1.21/compute/v2.1/servers/e23b9fc0-7225-4734-9aa1-0c03bf494967 0.069s
2025-03-10 17:16:39.210 68776 INFO tempest.lib.common.rest_client [req-6abf9489-1651-4225-a41b-48733d923398 req-6abf9489-1651-4225-a41b-48733d923398 ] Request (ServersAdminNegativeTestJSON:tearDownClass): 404 GET http://10.180.1.21/compute/v2.1/servers/8701a32f-e784-418a-ae13-87b1330e8c27 0.025s
2025-03-10 17:16:39.257 68788 INFO tempest.lib.common.rest_client [req-51acc14c-d8d0-440b-990b-65fcc8fe4093 req-51acc14c-d8d0-440b-990b-65fcc8fe4093 ] Request (ServerActionsTestJSON:setUpClass): 200 POST http://10.180.1.21/compute/v2.1/os-keypairs 0.155s
2025-03-10 17:16:39.299 68776 INFO tempest.lib.common.rest_client [req-fc5b16d0-8267-4e63-b7ec-c896c3551d67 req-fc5b16d0-8267-4e63-b7ec-c896c3551d67 ] Request (ServersAdminNegativeTestJSON:tearDownClass): 204 DELETE http://10.180.1.21/identity/v3/users/b3ce46a2ccfb4f608f21e798ae2e3d6f 0.089s
2025-03-10 17:16:39.366 68788 INFO tempest.lib.common.rest_client [req-c3d1131d-fc19-40a8-a635-62ff12711dc7 req-c3d1131d-fc19-40a8-a635-62ff12711dc7 ] Request (ServerActionsTestJSON:setUpClass): 201 POST http://10.180.1.21:9696/networking/v2.0/security-groups 0.107s
2025-03-10 17:16:39.391 68776 INFO tempest.lib.common.rest_client [req-d23d6888-1af6-4b53-a656-bdafd500fa1f req-d23d6888-1af6-4b53-a656-bdafd500fa1f ] Request (ServersAdminNegativeTestJSON:tearDownClass): 204 DELETE http://10.180.1.21/identity/v3/users/6af8b3d3084e4845a085808f712093c4 0.091s
2025-03-10 17:16:39.391 68776 INFO tempest.lib.common.dynamic_creds [-] Deleting project and security group for project: 2eba347e03fe4551b3bad0ff9ef346d2
2025-03-10 17:16:39.409 68770 INFO tempest.lib.common.rest_client [req-06d1bef6-19d4-4701-802c-042f1688787f req-06d1bef6-19d4-4701-802c-042f1688787f ] Request (ServerAddressesNegativeTestJSON:tearDownClass): 200 GET http://10.180.1.21/compute/v2.1/servers/786cca41-91eb-4b77-b365-4c19525352f1 0.067s
2025-03-10 17:16:39.416 68770 INFO tempest.common.waiters [-] State transition "ACTIVE/deleting" ==> "DELETED/None" after 4 second wait
2025-03-10 17:16:39.456 68776 INFO tempest.lib.common.rest_client [req-b7ed1c57-9dbe-4e19-bc79-e2ab1f8d7ab7 req-b7ed1c57-9dbe-4e19-bc79-e2ab1f8d7ab7 ] Request (ServersAdminNegativeTestJSON:tearDownClass): 201 POST http://10.180.1.21/identity/v3/auth/tokens 0.065s
2025-03-10 17:16:39.495 68762 INFO tempest.lib.common.rest_client [req-f2554159-bd40-445d-acc1-94139b06b93c req-f2554159-bd40-445d-acc1-94139b06b93c ] Request (FloatingIPsAssociationNegativeTestJSON:setUpClass): 200 GET http://10.180.1.21/compute/v2.1/servers/9b3b9600-bf96-4a2b-aa8c-79f7321878b0 0.068s
2025-03-10 17:16:39.520 68788 INFO tempest.lib.common.rest_client [req-ae201941-0093-4e61-8d86-6e80a99a0086 req-ae201941-0093-4e61-8d86-6e80a99a0086 ] Request (ServerActionsTestJSON:setUpClass): 201 POST http://10.180.1.21:9696/networking/v2.0/security-group-rules 0.153s
2025-03-10 17:16:39.555 68774 INFO tempest.lib.common.rest_client [req-7188ee22-d736-4ead-89d6-a8d1145c528b req-7188ee22-d736-4ead-89d6-a8d1145c528b ] Request (ImagesOneServerNegativeTestJSON:_run_cleanups): 200 GET http://10.180.1.21/compute/v2.1/servers/dc2414d3-13dc-4588-91d1-6036e408505e 0.087s
2025-03-10 17:16:39.560 68760 WARNING tempest.lib.common.ssh [-] Failed to establish authenticated ssh connection to cirros@10.180.180.251 ([Errno None] Unable to connect to port 22 on 10.180.180.251). Number attempts: 2. Retry after 3 seconds.: paramiko.ssh_exception.NoValidConnectionsError: [Errno None] Unable to connect to port 22 on 10.180.180.251
2025-03-10 17:16:39.573 68750 INFO tempest.lib.common.rest_client [req-fc8631a9-5bb4-417a-b024-cfa496f366dc req-fc8631a9-5bb4-417a-b024-cfa496f366dc ] Request (MigrationsAdminTest:test_list_migrations_in_flavor_resize_situation): 200 GET http://10.180.1.21/compute/v2.1/servers/0fae630c-c34d-4827-9557-2d3bdb3d7c50 0.173s
2025-03-10 17:16:39.578 68776 INFO tempest.lib.common.rest_client [req-06a80975-2172-44ca-96de-04f1ebc7cda7 req-06a80975-2172-44ca-96de-04f1ebc7cda7 ] Request (ServersAdminNegativeTestJSON:tearDownClass): 200 GET http://10.180.1.21:9696/networking/v2.0/security-groups?tenant_id=2eba347e03fe4551b3bad0ff9ef346d2&name=default 0.121s
2025-03-10 17:16:39.624 68788 INFO tempest.lib.common.rest_client [req-96c9ebaa-61a1-4007-bd1b-14e014548bd3 req-96c9ebaa-61a1-4007-bd1b-14e014548bd3 ] Request (ServerActionsTestJSON:setUpClass): 201 POST http://10.180.1.21:9696/networking/v2.0/security-group-rules 0.103s
2025-03-10 17:16:39.631 68780 INFO tempest.lib.common.rest_client [req-378182ef-3544-4d9c-9c40-3d6863361118 req-378182ef-3544-4d9c-9c40-3d6863361118 ] Request (ServersTestMultiNic:_run_cleanups): 200 GET http://10.180.1.21/compute/v2.1/servers/98a605b2-4b2d-4f56-9ea2-344a660bec54 0.086s
2025-03-10 17:16:39.758 68746 INFO tempest.lib.common.rest_client [req-ae22b499-5d0c-479b-9cd3-c09dd3ba8396 req-ae22b499-5d0c-479b-9cd3-c09dd3ba8396 ] Request (FloatingIPsAssociationTestJSON:test_associate_already_associated_floating_ip): 200 GET http://10.180.1.21/compute/v2.1/servers/0f6452b1-1910-4827-b23b-e9a0663ea72b 0.096s
2025-03-10 17:16:39.764 68768 INFO tempest.lib.common.rest_client [req-ab4497e3-d135-4fb8-8d38-6d24ed42c616 req-ab4497e3-d135-4fb8-8d38-6d24ed42c616 ] Request (InstanceActionsTestJSON:setUpClass): 200 GET http://10.180.1.21/compute/v2.1/servers/cd6b3cc8-8b28-4b93-8922-6bb7aa6ec8e1 0.178s
2025-03-10 17:16:39.791 68776 INFO tempest.lib.common.rest_client [req-0dad10d1-6a6b-42e8-a7cd-82fc86d9ae4c req-0dad10d1-6a6b-42e8-a7cd-82fc86d9ae4c ] Request (ServersAdminNegativeTestJSON:tearDownClass): 204 DELETE http://10.180.1.21:9696/networking/v2.0/security-groups/f9a587a5-21d1-4705-ab45-5f25e645b0d3 0.212s
2025-03-10 17:16:39.873 68792 INFO tempest.lib.common.rest_client [req-7d22e0cc-d8c5-4945-bc52-e32a00ff3494 req-7d22e0cc-d8c5-4945-bc52-e32a00ff3494 ] Request (ServersTestBootFromVolume:tearDownClass): 200 GET http://10.180.1.21/compute/v2.1/servers/15bb026a-d9ef-4b1d-b565-0d6954fe8391 0.125s
2025-03-10 17:16:39.876 68776 INFO tempest.lib.common.rest_client [req-e5fe4434-fe4e-4546-9964-266eff7f5e9e req-e5fe4434-fe4e-4546-9964-266eff7f5e9e ] Request (ServersAdminNegativeTestJSON:tearDownClass): 204 DELETE http://10.180.1.21/identity/v3/projects/2eba347e03fe4551b3bad0ff9ef346d2 0.085s
2025-03-10 17:16:39.877 68776 INFO tempest.lib.common.dynamic_creds [-] Deleting project and security group for project: b65b2d513908470ca2030fd4505c90da
2025-03-10 17:16:39.911 68776 INFO tempest.lib.common.rest_client [req-887b4304-5250-46fc-b9b2-a71611ad9f2b req-887b4304-5250-46fc-b9b2-a71611ad9f2b ] Request (ServersAdminNegativeTestJSON:tearDownClass): 200 GET http://10.180.1.21:9696/networking/v2.0/security-groups?tenant_id=b65b2d513908470ca2030fd4505c90da&name=default 0.034s
2025-03-10 17:16:39.936 68786 INFO tempest.lib.common.rest_client [req-d6ff982a-5b98-4bc5-b021-c7fb1daa5460 req-d6ff982a-5b98-4bc5-b021-c7fb1daa5460 ] Request (ServerActionsV293TestJSON:test_rebuild_volume_backed_server): 200 GET http://10.180.1.21/compute/v2.1/servers/1ab7b688-47c1-4ea1-9ad4-cd729a09ec3f 0.214s
2025-03-10 17:16:39.969 68754 INFO tempest.lib.common.rest_client [req-8c594d44-230c-4a50-8477-70dccf04ae3a req-8c594d44-230c-4a50-8477-70dccf04ae3a ] Request (AttachInterfacesV270Test:tearDownClass): 200 GET http://10.180.1.21/compute/v2.1/servers/d96e8733-37f1-481e-b09d-b5491a4ae3f6 0.170s
2025-03-10 17:16:39.993 68748 INFO tempest.lib.common.rest_client [req-c435b55d-a97d-4a18-981a-44a77feebac4 req-c435b55d-a97d-4a18-981a-44a77feebac4 ] Request (ServersWithSpecificFlavorTestJSON:test_verify_created_server_ephemeral_disk): 200 GET http://10.180.1.21/compute/v2.1/servers/021d8d7b-9609-4313-971d-f1a22b209751 0.178s
2025-03-10 17:16:40.015 68756 INFO tempest.lib.common.rest_client [req-6d32613f-db0e-43e5-9184-945227123310 req-6d32613f-db0e-43e5-9184-945227123310 ] Request (ServerActionsTestOtherB:test_create_backup): 200 GET http://10.180.1.21/image/v2/images/ec875196-bf0d-4d96-a320-3c2a0a0385c6 0.024s
2025-03-10 17:16:40.062 68776 INFO tempest.lib.common.rest_client [req-ade72020-d438-4006-b21d-a43ba7d72e7c req-ade72020-d438-4006-b21d-a43ba7d72e7c ] Request (ServersAdminNegativeTestJSON:tearDownClass): 204 DELETE http://10.180.1.21:9696/networking/v2.0/security-groups/aaa5ec5c-d32c-42ee-a1e8-583a56fc5316 0.151s
2025-03-10 17:16:40.069 68794 INFO tempest.lib.common.rest_client [req-c9171792-68ce-4d0e-af85-c7ea1ab1b95a req-c9171792-68ce-4d0e-af85-c7ea1ab1b95a ] Request (ServersAdminTestJSON:setUpClass): 200 GET http://10.180.1.21/compute/v2.1/servers/4d4cad44-0cb0-4bf0-80c4-9299d9bbf3ca 0.187s
2025-03-10 17:16:40.093 68758 INFO tempest.lib.common.rest_client [req-3f5d88bf-3595-4abe-8f1a-1b18ffb2cb6c req-3f5d88bf-3595-4abe-8f1a-1b18ffb2cb6c ] Request (ServersAdmin275Test:tearDownClass): 200 GET http://10.180.1.21/compute/v2.1/servers/7ddca307-cc43-46fb-863d-78762a26b0d0 0.220s
2025-03-10 17:16:40.139 68740 INFO tempest.lib.common.rest_client [req-d199f41f-f63b-4db4-a37e-02da05217f8b req-d199f41f-f63b-4db4-a37e-02da05217f8b ] Request (ListImageFiltersTestJSON:tearDownClass): 200 GET http://10.180.1.21/compute/v2.1/servers/f6f23a19-fb3d-4c26-a0f0-9352e008b248 0.176s
2025-03-10 17:16:40.165 68742 INFO tempest.lib.common.rest_client [req-4462267a-a869-47c6-8e32-52ea8a6e2d16 req-4462267a-a869-47c6-8e32-52ea8a6e2d16 ] Request (DeleteServersAdminTestJSON:test_delete_server_while_in_error_state): 200 GET http://10.180.1.21/compute/v2.1/servers/8e3abbd1-b483-450f-842b-811f51e18c19 0.202s
2025-03-10 17:16:40.206 68784 INFO tempest.lib.common.rest_client [req-4c879673-4825-4563-811d-1a8e7314e219 req-4c879673-4825-4563-811d-1a8e7314e219 ] Request (ServerRescueTestJSON:tearDownClass): 200 GET http://10.180.1.21/compute/v2.1/servers/60d71f22-7779-4f3b-b56a-a8be6ce5ea68 0.135s
2025-03-10 17:16:40.226 68788 INFO tempest.lib.common.rest_client [req-42491bb7-00a7-46ca-9239-b0986c2cc423 req-42491bb7-00a7-46ca-9239-b0986c2cc423 ] Request (ServerActionsTestJSON:setUpClass): 201 POST http://10.180.1.21:9696/networking/v2.0/floatingips 0.601s
2025-03-10 17:16:40.234 68766 INFO tempest.lib.common.rest_client [req-7a3d3dd7-35a0-4834-a8c6-21f5f6afd311 req-7a3d3dd7-35a0-4834-a8c6-21f5f6afd311 ] Request (ServersTestJSON:test_create_server_with_ipv6_addr_only): 200 GET http://10.180.1.21/compute/v2.1/servers/99c2a850-2aa5-49e1-a65f-50020b0d5a95 0.156s
2025-03-10 17:16:40.263 68776 INFO tempest.lib.common.rest_client [req-9609cec9-8851-4f02-9070-97bafdb71685 req-9609cec9-8851-4f02-9070-97bafdb71685 ] Request (ServersAdminNegativeTestJSON:tearDownClass): 204 DELETE http://10.180.1.21/identity/v3/projects/b65b2d513908470ca2030fd4505c90da 0.199s
2025-03-10 17:16:40.298 68788 INFO tempest.lib.common.rest_client [req-affecddf-5677-4e9d-bf8e-62c03d6f4280 req-affecddf-5677-4e9d-bf8e-62c03d6f4280 ] Request (ServerActionsTestJSON:setUpClass): 201 POST http://10.180.1.21/identity/v3/auth/tokens 0.068s
2025-03-10 17:16:40.299 68788 INFO tempest.lib.common.fixed_network [-] (ServerActionsTestJSON:setUpClass) Found network {'id': 'a35a5d7f-7bc7-430c-8a69-d700157fd8d9', 'name': 'tempest-ServerActionsTestJSON-2071402714-network', 'tenant_id': 'd8ecfe9074a44644a0b4aefb0deca40e', 'admin_state_up': True, 'mtu': 8950, 'status': 'ACTIVE', 'subnets': [], 'shared': False, 'project_id': 'd8ecfe9074a44644a0b4aefb0deca40e', 'port_security_enabled': True, 'router:external': False, 'provider:network_type': 'vlan', 'provider:physical_network': 'default', 'provider:segmentation_id': 503, 'availability_zone_hints': [], 'availability_zones': [], 'ipv4_address_scope': None, 'ipv6_address_scope': None, 'description': '', 'tags': [], 'created_at': '2025-03-10T17:16:36Z', 'updated_at': '2025-03-10T17:16:36Z', 'revision_number': 1} available for tenant
2025-03-10 17:16:40.310 68764 INFO tempest.lib.common.rest_client [req-55fb2b8e-b8ab-4122-a476-36f62bf860fa req-55fb2b8e-b8ab-4122-a476-36f62bf860fa ] Request (MultipleCreateTestJSON:test_multiple_create): 200 GET http://10.180.1.21/compute/v2.1/servers/e93f14f8-8557-4828-ab17-2d613ee16984 0.184s
2025-03-10 17:16:40.312 68752 INFO tempest.lib.common.rest_client [req-6c881fe1-5388-4828-b6ad-e3983c7f9ce3 req-6c881fe1-5388-4828-b6ad-e3983c7f9ce3 ] Request (ServerMetadataNegativeTestJSON:setUpClass): 200 GET http://10.180.1.21/compute/v2.1/servers/e23b9fc0-7225-4734-9aa1-0c03bf494967 0.147s
2025-03-10 17:16:40.353 68776 INFO tempest.lib.common.rest_client [req-d56e5b04-a420-49ed-86bf-9bdde7248027 req-d56e5b04-a420-49ed-86bf-9bdde7248027 ] Request (SecurityGroupsNegativeTestJSON:setUpClass): 201 POST http://10.180.1.21/identity/v3/auth/tokens 0.088s
2025-03-10 17:16:40.384 68776 INFO tempest.lib.common.rest_client [req-b8b30f14-87f5-4729-9d1a-bd6d126d4efa req-b8b30f14-87f5-4729-9d1a-bd6d126d4efa ] Request (SecurityGroupsNegativeTestJSON:setUpClass): 201 POST http://10.180.1.21/identity/v3/auth/tokens 0.026s
2025-03-10 17:16:40.422 68776 INFO tempest.lib.common.rest_client [req-9953bf39-ab2c-4e5a-af68-a026d8ab800e req-9953bf39-ab2c-4e5a-af68-a026d8ab800e ] Request (SecurityGroupsNegativeTestJSON:setUpClass): 200 GET http://10.180.1.21/identity/v3/domains?name=Default 0.038s
2025-03-10 17:16:40.463 68776 INFO tempest.lib.common.rest_client [req-7e5576e5-90b9-4c48-85a7-a831a7e69964 req-7e5576e5-90b9-4c48-85a7-a831a7e69964 ] Request (SecurityGroupsNegativeTestJSON:setUpClass): 201 POST http://10.180.1.21/identity/v3/projects 0.040s
2025-03-10 17:16:40.499 68770 INFO tempest.lib.common.rest_client [req-1a00ff23-a549-4473-a3c1-9912c0e83a2c req-1a00ff23-a549-4473-a3c1-9912c0e83a2c ] Request (ServerAddressesNegativeTestJSON:tearDownClass): 200 GET http://10.180.1.21/compute/v2.1/servers/786cca41-91eb-4b77-b365-4c19525352f1 0.081s
2025-03-10 17:16:40.533 68776 INFO tempest.lib.common.rest_client [req-167cc6b8-6841-47ee-ba0a-b99f01d0bec1 req-167cc6b8-6841-47ee-ba0a-b99f01d0bec1 ] Request (SecurityGroupsNegativeTestJSON:setUpClass): 201 POST http://10.180.1.21/identity/v3/users 0.069s
2025-03-10 17:16:40.562 68776 INFO tempest.lib.common.rest_client [req-e0e2d7ac-b8fc-4095-90bc-5a06291b4214 req-e0e2d7ac-b8fc-4095-90bc-5a06291b4214 ] Request (SecurityGroupsNegativeTestJSON:setUpClass): 200 GET http://10.180.1.21/identity/v3/roles 0.028s
2025-03-10 17:16:40.576 68762 INFO tempest.lib.common.rest_client [req-7d766914-e3c1-426c-b3cf-5ef2956d5506 req-7d766914-e3c1-426c-b3cf-5ef2956d5506 ] Request (FloatingIPsAssociationNegativeTestJSON:setUpClass): 200 GET http://10.180.1.21/compute/v2.1/servers/9b3b9600-bf96-4a2b-aa8c-79f7321878b0 0.071s
2025-03-10 17:16:40.593 68776 INFO tempest.lib.common.rest_client [req-9c14e5dc-684c-41c8-b27d-698c7559aff3 req-9c14e5dc-684c-41c8-b27d-698c7559aff3 ] Request (SecurityGroupsNegativeTestJSON:setUpClass): 204 PUT http://10.180.1.21/identity/v3/projects/c6db5f1911f64d1baee19d9aefe8ff23/users/dbcaa0ecee7e40fd90d5d92bcdefdbf2/roles/83c35c497cd041f9b0f621cfe096ecb1 0.030s
2025-03-10 17:16:40.593 68776 INFO tempest.lib.common.dynamic_creds [-] Dynamic test user dbcaa0ecee7e40fd90d5d92bcdefdbf2 is created with scope project and roles: ['member']
2025-03-10 17:16:40.593 68776 INFO tempest.lib.common.dynamic_creds [-] Acquired dynamic creds: credentials: Credentials: {'domain_id': 'default', 'domain_name': 'Default', 'username': 'tempest-SecurityGroupsNegativeTestJSON-1597289087-project-member', 'project_domain_id': 'default', 'project_domain_name': 'Default', 'project_id': 'c6db5f1911f64d1baee19d9aefe8ff23', 'project_name': 'tempest-SecurityGroupsNegativeTestJSON-1597289087', 'tenant_id': 'c6db5f1911f64d1baee19d9aefe8ff23', 'tenant_name': 'tempest-SecurityGroupsNegativeTestJSON-1597289087', 'user_domain_id': 'default', 'user_domain_name': 'Default', 'user_id': 'dbcaa0ecee7e40fd90d5d92bcdefdbf2', 'system': None}, Network: None, Subnet: None, Router: None
2025-03-10 17:16:40.645 68774 INFO tempest.lib.common.rest_client [req-b6d673c1-d08d-4fa0-b340-216906af016b req-b6d673c1-d08d-4fa0-b340-216906af016b ] Request (ImagesOneServerNegativeTestJSON:_run_cleanups): 200 GET http://10.180.1.21/compute/v2.1/servers/dc2414d3-13dc-4588-91d1-6036e408505e 0.079s
2025-03-10 17:16:40.656 68776 INFO tempest.lib.common.rest_client [req-76f70358-ad51-45d9-aeac-c4230b7c52d4 req-76f70358-ad51-45d9-aeac-c4230b7c52d4 ] Request (SecurityGroupsNegativeTestJSON:setUpClass): 201 POST http://10.180.1.21/identity/v3/auth/tokens 0.063s
2025-03-10 17:16:40.743 68782 INFO paramiko.transport [-] Connected (version 2.0, client dropbear_2020.81)
2025-03-10 17:16:40.764 68750 INFO tempest.lib.common.rest_client [req-a617fd3a-6e45-41b9-b933-e0047a2f138f req-a617fd3a-6e45-41b9-b933-e0047a2f138f ] Request (MigrationsAdminTest:test_list_migrations_in_flavor_resize_situation): 200 GET http://10.180.1.21/compute/v2.1/servers/0fae630c-c34d-4827-9557-2d3bdb3d7c50 0.182s
2025-03-10 17:16:40.830 68788 INFO tempest.lib.common.rest_client [req-533fab59-86be-4297-bd07-4fe79f155546 req-533fab59-86be-4297-bd07-4fe79f155546 ] Request (ServerActionsTestJSON:setUpClass): 202 POST http://10.180.1.21/compute/v2.1/servers 0.531s
2025-03-10 17:16:40.838 68780 INFO tempest.lib.common.rest_client [req-5c3a5cae-a349-4b71-81ab-1d1eab552544 req-5c3a5cae-a349-4b71-81ab-1d1eab552544 ] Request (ServersTestMultiNic:_run_cleanups): 200 GET http://10.180.1.21/compute/v2.1/servers/98a605b2-4b2d-4f56-9ea2-344a660bec54 0.193s
2025-03-10 17:16:40.851 68782 INFO paramiko.transport [-] Authentication (publickey) successful!
2025-03-10 17:16:40.852 68782 INFO tempest.lib.common.ssh [-] ssh connection to cirros@10.180.180.159 successfully created
2025-03-10 17:16:40.892 68746 INFO tempest.lib.common.rest_client [req-49669757-f006-454a-bb2e-6dbca3dfb7d5 req-49669757-f006-454a-bb2e-6dbca3dfb7d5 ] Request (FloatingIPsAssociationTestJSON:test_associate_already_associated_floating_ip): 200 GET http://10.180.1.21/compute/v2.1/servers/0f6452b1-1910-4827-b23b-e9a0663ea72b 0.125s
2025-03-10 17:16:40.942 68788 INFO tempest.lib.common.rest_client [req-b8980886-c3b5-4fea-9924-68124feeed33 req-b8980886-c3b5-4fea-9924-68124feeed33 ] Request (ServerActionsTestJSON:setUpClass): 200 GET http://10.180.1.21/compute/v2.1/servers/fd817671-1887-4e04-953c-bfd4bf1cee7b 0.109s
2025-03-10 17:16:40.963 68768 INFO tempest.lib.common.rest_client [req-01cc6ff9-4600-4810-9567-928a1e301e75 req-01cc6ff9-4600-4810-9567-928a1e301e75 ] Request (InstanceActionsTestJSON:setUpClass): 200 GET http://10.180.1.21/compute/v2.1/servers/cd6b3cc8-8b28-4b93-8922-6bb7aa6ec8e1 0.189s
2025-03-10 17:16:40.974 68776 INFO tempest.lib.common.rest_client [req-1714ff19-3d79-4dba-aa9e-684ef6460564 req-1714ff19-3d79-4dba-aa9e-684ef6460564 ] Request (SecurityGroupsNegativeTestJSON:setUpClass): 201 POST http://10.180.1.21:9696/networking/v2.0/networks 0.318s
2025-03-10 17:16:41.033 68756 INFO tempest.lib.common.rest_client [req-d025c12d-6108-403b-ba61-bb40350aaf5b req-d025c12d-6108-403b-ba61-bb40350aaf5b ] Request (ServerActionsTestOtherB:test_create_backup): 200 GET http://10.180.1.21/image/v2/images/ec875196-bf0d-4d96-a320-3c2a0a0385c6 0.017s
2025-03-10 17:16:41.034 68792 INFO tempest.lib.common.rest_client [req-e3f31319-9fc6-4bd5-8085-3e17a0ed2a70 req-e3f31319-9fc6-4bd5-8085-3e17a0ed2a70 ] Request (ServersTestBootFromVolume:tearDownClass): 200 GET http://10.180.1.21/compute/v2.1/servers/15bb026a-d9ef-4b1d-b565-0d6954fe8391 0.149s
2025-03-10 17:16:41.052 68782 INFO tempest.lib.common.rest_client [req-6031cb53-e86d-467f-84b3-edf7e531a743 req-6031cb53-e86d-467f-84b3-edf7e531a743 ] Request (AttachInterfacesTestJSON:test_create_list_show_delete_interfaces_by_fixed_ip): 200 GET http://10.180.1.21/compute/v2.1/servers/6db8dd54-71cf-4e4e-b984-cc43264df1ac/os-interface 0.199s
2025-03-10 17:16:41.125 68754 INFO tempest.lib.common.rest_client [req-af4fb0a7-ce87-4ccc-9ee7-aa9f93fe4157 req-af4fb0a7-ce87-4ccc-9ee7-aa9f93fe4157 ] Request (AttachInterfacesV270Test:tearDownClass): 200 GET http://10.180.1.21/compute/v2.1/servers/d96e8733-37f1-481e-b09d-b5491a4ae3f6 0.146s
2025-03-10 17:16:41.135 68776 INFO tempest.lib.common.rest_client [req-0d12c658-284d-4d68-9f87-d5df06a8e9c8 req-0d12c658-284d-4d68-9f87-d5df06a8e9c8 ] Request (SecurityGroupsNegativeTestJSON:setUpClass): 201 POST http://10.180.1.21:9696/networking/v2.0/subnets 0.160s
2025-03-10 17:16:41.149 68786 INFO tempest.lib.common.rest_client [req-479b3fb0-db5a-4653-8bfe-516ee2a24c90 req-479b3fb0-db5a-4653-8bfe-516ee2a24c90 ] Request (ServerActionsV293TestJSON:test_rebuild_volume_backed_server): 200 GET http://10.180.1.21/compute/v2.1/servers/1ab7b688-47c1-4ea1-9ad4-cd729a09ec3f 0.200s
2025-03-10 17:16:41.179 68748 INFO tempest.lib.common.rest_client [req-71433556-2bab-4c05-a94d-024e4a0b28ed req-71433556-2bab-4c05-a94d-024e4a0b28ed ] Request (ServersWithSpecificFlavorTestJSON:test_verify_created_server_ephemeral_disk): 200 GET http://10.180.1.21/compute/v2.1/servers/021d8d7b-9609-4313-971d-f1a22b209751 0.172s
2025-03-10 17:16:41.219 68782 INFO tempest.lib.common.rest_client [req-213ca04a-f439-4576-a9ec-78ee8c48146f req-213ca04a-f439-4576-a9ec-78ee8c48146f ] Request (AttachInterfacesTestJSON:test_create_list_show_delete_interfaces_by_fixed_ip): 200 GET http://10.180.1.21/compute/v2.1/servers/6db8dd54-71cf-4e4e-b984-cc43264df1ac/os-interface/9f49c21e-807d-42b5-9aaa-77651591f54f 0.165s
2025-03-10 17:16:41.236 68794 INFO tempest.lib.common.rest_client [req-ebcceedf-a634-432c-9c9d-c486f4871d6d req-ebcceedf-a634-432c-9c9d-c486f4871d6d ] Request (ServersAdminTestJSON:setUpClass): 200 GET http://10.180.1.21/compute/v2.1/servers/4d4cad44-0cb0-4bf0-80c4-9299d9bbf3ca 0.157s
2025-03-10 17:16:41.288 68758 INFO tempest.lib.common.rest_client [req-1545fb69-3eed-42c7-b10a-7c1404d3c0b7 req-1545fb69-3eed-42c7-b10a-7c1404d3c0b7 ] Request (ServersAdmin275Test:tearDownClass): 200 GET http://10.180.1.21/compute/v2.1/servers/7ddca307-cc43-46fb-863d-78762a26b0d0 0.182s
2025-03-10 17:16:41.296 68740 INFO tempest.lib.common.rest_client [req-cccf939e-e767-4bdc-8bba-f845c4e2d564 req-cccf939e-e767-4bdc-8bba-f845c4e2d564 ] Request (ListImageFiltersTestJSON:tearDownClass): 200 GET http://10.180.1.21/compute/v2.1/servers/f6f23a19-fb3d-4c26-a0f0-9352e008b248 0.148s
2025-03-10 17:16:41.352 68782 INFO tempest.lib.common.rest_client [req-e76acb7a-b273-41f2-9929-e456e19b700c req-e76acb7a-b273-41f2-9929-e456e19b700c ] Request (AttachInterfacesTestJSON:test_create_list_show_delete_interfaces_by_fixed_ip): 200 GET http://10.180.1.21:9696/networking/v2.0/ports?network_id=ab9fb962-a9e6-4610-8b8f-48d7129123ca 0.131s
2025-03-10 17:16:41.357 68784 INFO tempest.lib.common.rest_client [req-94a4b0b6-6cf7-4d3a-830b-2a98345b7696 req-94a4b0b6-6cf7-4d3a-830b-2a98345b7696 ] Request (ServerRescueTestJSON:tearDownClass): 200 GET http://10.180.1.21/compute/v2.1/servers/60d71f22-7779-4f3b-b56a-a8be6ce5ea68 0.138s
2025-03-10 17:16:41.358 68742 INFO tempest.lib.common.rest_client [req-d585eec4-eb71-451c-8ffd-460193a327b9 req-d585eec4-eb71-451c-8ffd-460193a327b9 ] Request (DeleteServersAdminTestJSON:test_delete_server_while_in_error_state): 200 GET http://10.180.1.21/compute/v2.1/servers/8e3abbd1-b483-450f-842b-811f51e18c19 0.183s
2025-03-10 17:16:41.383 68782 INFO tempest.lib.common.rest_client [req-4f9ccc0e-b490-40fa-8ee0-f7dfc83d7471 req-4f9ccc0e-b490-40fa-8ee0-f7dfc83d7471 ] Request (AttachInterfacesTestJSON:test_create_list_show_delete_interfaces_by_fixed_ip): 200 GET http://10.180.1.21:9696/networking/v2.0/subnets/091c852d-b143-41ba-915a-8f7b96f761c9 0.030s
2025-03-10 17:16:41.412 68766 INFO tempest.lib.common.rest_client [req-f9bf30a4-6ac5-487a-928c-1f0a57dbd98f req-f9bf30a4-6ac5-487a-928c-1f0a57dbd98f ] Request (ServersTestJSON:test_create_server_with_ipv6_addr_only): 200 GET http://10.180.1.21/compute/v2.1/servers/99c2a850-2aa5-49e1-a65f-50020b0d5a95 0.169s
2025-03-10 17:16:41.415 68764 INFO tempest.lib.common.rest_client [req-01e106f6-8b0d-4b07-bda7-61b5f345769d req-01e106f6-8b0d-4b07-bda7-61b5f345769d ] Request (MultipleCreateTestJSON:test_multiple_create): 200 GET http://10.180.1.21/compute/v2.1/servers/e93f14f8-8557-4828-ab17-2d613ee16984 0.096s
2025-03-10 17:16:41.480 68752 INFO tempest.lib.common.rest_client [req-7fd58aee-fc8b-4afd-90f3-272a6e15f6da req-7fd58aee-fc8b-4afd-90f3-272a6e15f6da ] Request (ServerMetadataNegativeTestJSON:setUpClass): 200 GET http://10.180.1.21/compute/v2.1/servers/e23b9fc0-7225-4734-9aa1-0c03bf494967 0.158s
2025-03-10 17:16:41.817 68770 INFO tempest.lib.common.rest_client [req-82295cc5-df8b-4240-b23b-0d0068e204fc req-82295cc5-df8b-4240-b23b-0d0068e204fc ] Request (ServerAddressesNegativeTestJSON:tearDownClass): 200 GET http://10.180.1.21/compute/v2.1/servers/786cca41-91eb-4b77-b365-4c19525352f1 0.306s
2025-03-10 17:16:41.868 68762 INFO tempest.lib.common.rest_client [req-cc52078e-37cc-4f7a-9739-589c3a3c55ee req-cc52078e-37cc-4f7a-9739-589c3a3c55ee ] Request (FloatingIPsAssociationNegativeTestJSON:setUpClass): 200 GET http://10.180.1.21/compute/v2.1/servers/9b3b9600-bf96-4a2b-aa8c-79f7321878b0 0.280s
2025-03-10 17:16:41.875 68776 INFO tempest.lib.common.rest_client [req-2112ccc7-9446-4dd8-bfef-fde78c9bdcd7 req-2112ccc7-9446-4dd8-bfef-fde78c9bdcd7 ] Request (SecurityGroupsNegativeTestJSON:setUpClass): 201 POST http://10.180.1.21:9696/networking/v2.0/routers 0.740s
2025-03-10 17:16:41.926 68774 INFO tempest.lib.common.rest_client [req-0a0418cf-9d55-450f-b698-7cc186c68a05 req-0a0418cf-9d55-450f-b698-7cc186c68a05 ] Request (ImagesOneServerNegativeTestJSON:_run_cleanups): 200 GET http://10.180.1.21/compute/v2.1/servers/dc2414d3-13dc-4588-91d1-6036e408505e 0.273s
2025-03-10 17:16:42.055 68750 INFO tempest.lib.common.rest_client [req-0bf4e1ee-a8be-4ee9-8b19-13c4c3d71ed6 req-0bf4e1ee-a8be-4ee9-8b19-13c4c3d71ed6 ] Request (MigrationsAdminTest:test_list_migrations_in_flavor_resize_situation): 200 GET http://10.180.1.21/compute/v2.1/servers/0fae630c-c34d-4827-9557-2d3bdb3d7c50 0.281s
2025-03-10 17:16:42.065 68756 INFO tempest.lib.common.rest_client [req-7312e1e4-ddb9-46a0-9b74-7005a468ab27 req-7312e1e4-ddb9-46a0-9b74-7005a468ab27 ] Request (ServerActionsTestOtherB:test_create_backup): 200 GET http://10.180.1.21/image/v2/images/ec875196-bf0d-4d96-a320-3c2a0a0385c6 0.027s
2025-03-10 17:16:42.132 68780 INFO tempest.lib.common.rest_client [req-42930fa2-c9a9-4a21-8eca-d0484b95422f req-42930fa2-c9a9-4a21-8eca-d0484b95422f ] Request (ServersTestMultiNic:_run_cleanups): 200 GET http://10.180.1.21/compute/v2.1/servers/98a605b2-4b2d-4f56-9ea2-344a660bec54 0.280s
2025-03-10 17:16:42.197 68746 INFO tempest.lib.common.rest_client [req-6bc3c2f2-e91a-49f2-a3c2-fbfc0bf4b7b1 req-6bc3c2f2-e91a-49f2-a3c2-fbfc0bf4b7b1 ] Request (FloatingIPsAssociationTestJSON:test_associate_already_associated_floating_ip): 200 GET http://10.180.1.21/compute/v2.1/servers/0f6452b1-1910-4827-b23b-e9a0663ea72b 0.297s
2025-03-10 17:16:42.260 68788 INFO tempest.lib.common.rest_client [req-0d91a653-315c-40f3-ad13-3fd86f5914f6 req-0d91a653-315c-40f3-ad13-3fd86f5914f6 ] Request (ServerActionsTestJSON:setUpClass): 200 GET http://10.180.1.21/compute/v2.1/servers/fd817671-1887-4e04-953c-bfd4bf1cee7b 0.306s
2025-03-10 17:16:42.471 68768 INFO tempest.lib.common.rest_client [req-c6cad3a3-72cb-4c27-b180-c8be2bde2033 req-c6cad3a3-72cb-4c27-b180-c8be2bde2033 ] Request (InstanceActionsTestJSON:setUpClass): 200 GET http://10.180.1.21/compute/v2.1/servers/cd6b3cc8-8b28-4b93-8922-6bb7aa6ec8e1 0.496s
2025-03-10 17:16:42.570 68792 INFO tempest.lib.common.rest_client [req-23332152-2305-4ee4-95a5-1d298903efc7 req-23332152-2305-4ee4-95a5-1d298903efc7 ] Request (ServersTestBootFromVolume:tearDownClass): 200 GET http://10.180.1.21/compute/v2.1/servers/15bb026a-d9ef-4b1d-b565-0d6954fe8391 0.525s
2025-03-10 17:16:42.625 68744 INFO paramiko.transport [-] Connected (version 2.0, client dropbear_2020.81)
2025-03-10 17:16:42.641 68754 INFO tempest.lib.common.rest_client [req-ae2753a4-6c08-44c5-8fbd-0ad9b126cb0f req-ae2753a4-6c08-44c5-8fbd-0ad9b126cb0f ] Request (AttachInterfacesV270Test:tearDownClass): 200 GET http://10.180.1.21/compute/v2.1/servers/d96e8733-37f1-481e-b09d-b5491a4ae3f6 0.504s
2025-03-10 17:16:42.730 68744 INFO paramiko.transport [-] Authentication (publickey) successful!
2025-03-10 17:16:42.730 68744 INFO tempest.lib.common.ssh [-] ssh connection to cirros@10.180.180.184 successfully created
2025-03-10 17:16:42.797 68776 INFO tempest.lib.common.rest_client [req-1751d9fd-7893-4792-93cb-1a05df8972a2 req-1751d9fd-7893-4792-93cb-1a05df8972a2 ] Request (SecurityGroupsNegativeTestJSON:setUpClass): 200 PUT http://10.180.1.21:9696/networking/v2.0/routers/ce0b59db-d6c2-433b-a660-0470706612d4/add_router_interface 0.920s
