2025-03-10 17:14:43.816 68766 INFO tempest.lib.common.rest_client [req-f4c720ad-d6d7-404e-ad45-98994597e982 req-f4c720ad-d6d7-404e-ad45-98994597e982 ] Request (FloatingIPDetailsNegativeTestJSON:setUpClass): 201 POST http://10.180.1.21/identity/v3/auth/tokens 0.044s
2025-03-10 17:14:43.856 68796 INFO tempest.lib.common.rest_client [req-6c9d7408-145e-49c1-bd7d-a21fc92f09c1 req-6c9d7408-145e-49c1-bd7d-a21fc92f09c1 ] Request (AttachInterfacesUnderV243Test:setUpClass): 201 POST http://10.180.1.21/identity/v3/projects 0.039s
2025-03-10 17:14:43.878 68768 INFO tempest.lib.common.rest_client [req-ef4ffabd-6561-40d6-a01e-d5e1e80d6ae0 req-ef4ffabd-6561-40d6-a01e-d5e1e80d6ae0 ] Request (ServerDiagnosticsNegativeTest:tearDownClass): 200 GET http://10.180.1.21/compute/v2.1/servers/8da50929-c46e-44e2-ac31-ee14af0055b8 1.023s
2025-03-10 17:14:43.915 68766 INFO tempest.lib.common.rest_client [req-768aa0d2-f21c-467a-9301-2ba150840ea8 req-768aa0d2-f21c-467a-9301-2ba150840ea8 ] Request (FloatingIPDetailsNegativeTestJSON:setUpClass): 200 GET http://10.180.1.21/identity/v3/domains?name=Default 0.098s
2025-03-10 17:14:43.936 68764 INFO tempest.lib.common.rest_client [req-902026f7-9097-4587-ab67-b71f6f68542b req-902026f7-9097-4587-ab67-b71f6f68542b ] Request (TenantUsagesTestJSON:setUpClass): 200 GET http://10.180.1.21/compute/v2.1/servers/aa08eea2-f042-4ba4-b229-3609ac22b47e 1.018s
2025-03-10 17:14:43.944 68796 INFO tempest.lib.common.rest_client [req-1994fbcc-7557-4b8c-ace7-fd85d9370629 req-1994fbcc-7557-4b8c-ace7-fd85d9370629 ] Request (AttachInterfacesUnderV243Test:setUpClass): 201 POST http://10.180.1.21/identity/v3/users 0.088s
2025-03-10 17:14:43.976 68766 INFO tempest.lib.common.rest_client [req-162dfa38-577e-4e65-acc5-14fe976051cc req-162dfa38-577e-4e65-acc5-14fe976051cc ] Request (FloatingIPDetailsNegativeTestJSON:setUpClass): 201 POST http://10.180.1.21/identity/v3/projects 0.060s
2025-03-10 17:14:44.035 68796 INFO tempest.lib.common.rest_client [req-0be9464a-0ec0-4d34-b800-eab14d4973cd req-0be9464a-0ec0-4d34-b800-eab14d4973cd ] Request (AttachInterfacesUnderV243Test:setUpClass): 200 GET http://10.180.1.21/identity/v3/roles 0.090s
2025-03-10 17:14:44.070 68766 INFO tempest.lib.common.rest_client [req-60e4636e-35d2-418a-b035-00e0af63ff12 req-60e4636e-35d2-418a-b035-00e0af63ff12 ] Request (FloatingIPDetailsNegativeTestJSON:setUpClass): 201 POST http://10.180.1.21/identity/v3/users 0.093s
2025-03-10 17:14:44.092 68766 INFO tempest.lib.common.rest_client [req-6ccc3146-be23-400f-8764-7901062f1dd6 req-6ccc3146-be23-400f-8764-7901062f1dd6 ] Request (FloatingIPDetailsNegativeTestJSON:setUpClass): 200 GET http://10.180.1.21/identity/v3/roles 0.021s
2025-03-10 17:14:44.099 68796 INFO tempest.lib.common.rest_client [req-35e1d202-48c6-4b9b-a503-36f808608f4f req-35e1d202-48c6-4b9b-a503-36f808608f4f ] Request (AttachInterfacesUnderV243Test:setUpClass): 204 PUT http://10.180.1.21/identity/v3/projects/bee56697c14f42b1871e3be7a593742e/users/18203765001a40dd8d19d6d2e6ce4e2f/roles/83c35c497cd041f9b0f621cfe096ecb1 0.063s
2025-03-10 17:14:44.099 68796 INFO tempest.lib.common.dynamic_creds [-] Dynamic test user 18203765001a40dd8d19d6d2e6ce4e2f is created with scope project and roles: ['member']
2025-03-10 17:14:44.100 68796 INFO tempest.lib.common.dynamic_creds [-] Acquired dynamic creds: credentials: Credentials: {'domain_id': 'default', 'domain_name': 'Default', 'username': 'tempest-AttachInterfacesUnderV243Test-2002812604-project-member', 'project_domain_id': 'default', 'project_domain_name': 'Default', 'project_id': 'bee56697c14f42b1871e3be7a593742e', 'project_name': 'tempest-AttachInterfacesUnderV243Test-2002812604', 'tenant_id': 'bee56697c14f42b1871e3be7a593742e', 'tenant_name': 'tempest-AttachInterfacesUnderV243Test-2002812604', 'user_domain_id': 'default', 'user_domain_name': 'Default', 'user_id': '18203765001a40dd8d19d6d2e6ce4e2f', 'system': None}, Network: None, Subnet: None, Router: None
2025-03-10 17:14:44.105 68780 INFO tempest.lib.common.rest_client [req-29d36ca0-a3d1-468a-b478-01cb91cb5fdd req-29d36ca0-a3d1-468a-b478-01cb91cb5fdd ] Request (ServersTestMultiNic:setUpClass): 201 POST http://10.180.1.21:9696/networking/v2.0/routers 1.010s
2025-03-10 17:14:44.105 68754 INFO tempest.lib.common.rest_client [req-039541e8-a5fe-455d-9eae-74d4ec0dac34 req-039541e8-a5fe-455d-9eae-74d4ec0dac34 ] Request (QuotasAdminTestV257:test_get_updated_quotas): 200 GET http://10.180.1.21/compute/v2.1/os-quota-sets/e695f185fc984f16b59e217d4c041fe3/detail 0.997s
2025-03-10 17:14:44.153 68796 INFO tempest.lib.common.rest_client [req-a81f22c6-4b41-48e5-b5c6-aeba34065845 req-a81f22c6-4b41-48e5-b5c6-aeba34065845 ] Request (AttachInterfacesUnderV243Test:setUpClass): 201 POST http://10.180.1.21/identity/v3/auth/tokens 0.053s
2025-03-10 17:14:44.173 68766 INFO tempest.lib.common.rest_client [req-56cebc97-4ea9-4e0e-a57a-c967b04385bc req-56cebc97-4ea9-4e0e-a57a-c967b04385bc ] Request (FloatingIPDetailsNegativeTestJSON:setUpClass): 204 PUT http://10.180.1.21/identity/v3/projects/020b3f3f0ece4c8293cc470d629e769a/users/8683deb2d7f643f09ac5946feaab81b3/roles/83c35c497cd041f9b0f621cfe096ecb1 0.081s
2025-03-10 17:14:44.173 68766 INFO tempest.lib.common.dynamic_creds [-] Dynamic test user 8683deb2d7f643f09ac5946feaab81b3 is created with scope project and roles: ['member']
2025-03-10 17:14:44.174 68766 INFO tempest.lib.common.dynamic_creds [-] Acquired dynamic creds: credentials: Credentials: {'domain_id': 'default', 'domain_name': 'Default', 'username': 'tempest-FloatingIPDetailsNegativeTestJSON-2055199246-project-member', 'project_domain_id': 'default', 'project_domain_name': 'Default', 'project_id': '020b3f3f0ece4c8293cc470d629e769a', 'project_name': 'tempest-FloatingIPDetailsNegativeTestJSON-2055199246', 'tenant_id': '020b3f3f0ece4c8293cc470d629e769a', 'tenant_name': 'tempest-FloatingIPDetailsNegativeTestJSON-2055199246', 'user_domain_id': 'default', 'user_domain_name': 'Default', 'user_id': '8683deb2d7f643f09ac5946feaab81b3', 'system': None}, Network: None, Subnet: None, Router: None
2025-03-10 17:14:44.277 68750 INFO tempest.lib.common.rest_client [req-4124b3ea-d06f-4195-ab06-bbed63c99951 req-4124b3ea-d06f-4195-ab06-bbed63c99951 ] Request (MigrationsAdminTest:test_list_migrations_in_flavor_resize_situation): 202 POST http://10.180.1.21/compute/v2.1/servers 1.476s
2025-03-10 17:14:44.290 68754 INFO tempest.lib.common.rest_client [req-12c8065d-1fc1-48ad-aee9-29a69932ecdd req-12c8065d-1fc1-48ad-aee9-29a69932ecdd ] Request (QuotasAdminTestV257:test_get_updated_quotas): 200 GET http://10.180.1.21/identity/v3/domains?name=Default 0.181s
2025-03-10 17:14:44.294 68766 INFO tempest.lib.common.rest_client [req-bc44e929-863c-4ee9-89f1-1937383cadda req-bc44e929-863c-4ee9-89f1-1937383cadda ] Request (FloatingIPDetailsNegativeTestJSON:setUpClass): 201 POST http://10.180.1.21/identity/v3/auth/tokens 0.120s
2025-03-10 17:14:44.323 68754 INFO tempest.lib.common.rest_client [req-b8c4b944-1f4f-4fea-ad81-08b893a18ae2 req-b8c4b944-1f4f-4fea-ad81-08b893a18ae2 ] Request (QuotasAdminTestV257:test_get_updated_quotas): 201 POST http://10.180.1.21/identity/v3/users 0.033s
2025-03-10 17:14:44.349 68754 INFO tempest.lib.common.rest_client [req-b3d4115f-cd5b-4207-b739-05cf526db15d req-b3d4115f-cd5b-4207-b739-05cf526db15d ] Request (QuotasAdminTestV257:test_get_updated_quotas): 200 GET http://10.180.1.21/identity/v3/domains?name=Default 0.025s
2025-03-10 17:14:44.359 68782 INFO tempest.lib.common.rest_client [req-ca8dc2ba-d735-4487-9c3f-1de9795aec99 req-ca8dc2ba-d735-4487-9c3f-1de9795aec99 ] Request (AttachInterfacesTestJSON:test_create_list_show_delete_interfaces_by_fixed_ip): 200 GET http://10.180.1.21/compute/v2.1/servers/6db8dd54-71cf-4e4e-b984-cc43264df1ac 1.109s
2025-03-10 17:14:44.446 68742 INFO tempest.lib.common.rest_client [req-dc8c6a47-840a-4a18-b1aa-d97a668bb1c3 req-dc8c6a47-840a-4a18-b1aa-d97a668bb1c3 ] Request (DeleteServersAdminTestJSON:test_admin_delete_servers_of_others): 200 GET http://10.180.1.21/compute/v2.1/servers/3bba8c74-80c8-41d2-92af-3b619185197e 1.185s
2025-03-10 17:14:44.544 68748 INFO tempest.lib.common.rest_client [req-15e5fd4f-d39f-4d43-b231-5e439a5b9e13 req-15e5fd4f-d39f-4d43-b231-5e439a5b9e13 ] Request (ServersWithSpecificFlavorTestJSON:test_verify_created_server_ephemeral_disk): 200 GET http://10.180.1.21/compute/v2.1/servers/6c8126c6-b7ba-4976-8555-06724d7d4f35 1.214s
2025-03-10 17:14:44.600 68766 INFO tempest.lib.common.rest_client [req-84eff073-4ccd-42ed-917f-33beb793b952 req-84eff073-4ccd-42ed-917f-33beb793b952 ] Request (FloatingIPDetailsNegativeTestJSON:setUpClass): 201 POST http://10.180.1.21:9696/networking/v2.0/networks 0.305s
2025-03-10 17:14:44.626 68786 INFO tempest.lib.common.rest_client [req-5d13fffc-f710-453c-bd98-795460eacbb5 req-5d13fffc-f710-453c-bd98-795460eacbb5 ] Request (ServerActionsV293TestJSON:setUpClass): 200 GET http://10.180.1.21/volume/v3/volumes/03104198-ea2a-4dc5-80b4-24f12b98fb21 0.043s
2025-03-10 17:14:44.638 68738 INFO tempest.lib.common.rest_client [req-255ce336-4111-4f9b-b6fd-3f3fe29bd816 req-255ce336-4111-4f9b-b6fd-3f3fe29bd816 ] Request (FloatingIPDetailsTestJSON:tearDownClass): 202 DELETE http://10.180.1.21/compute/v2.1/os-floating-ips/fcf0b3aa-dba4-4675-b58f-dd8f5fdf2cc7 1.405s
2025-03-10 17:14:44.688 68796 INFO tempest.lib.common.rest_client [req-3d2c5a78-792a-42e0-bec8-155d6f19c56f req-3d2c5a78-792a-42e0-bec8-155d6f19c56f ] Request (AttachInterfacesUnderV243Test:setUpClass): 201 POST http://10.180.1.21:9696/networking/v2.0/networks 0.534s
2025-03-10 17:14:44.689 68746 INFO tempest.lib.common.rest_client [req-d9ba83c6-27c6-4985-a590-6f7481757de7 req-d9ba83c6-27c6-4985-a590-6f7481757de7 ] Request (AggregatesAdminNegativeTestJSON:_run_cleanups): 200 POST http://10.180.1.21/compute/v2.1/os-aggregates/7/action 1.322s
2025-03-10 17:14:44.766 68788 INFO tempest.lib.common.rest_client [req-8f7d6c4d-a616-4c54-9bb7-2dd16dcd6d89 req-8f7d6c4d-a616-4c54-9bb7-2dd16dcd6d89 ] Request (ImagesOneServerTestJSON:setUpClass): 200 GET http://10.180.1.21/compute/v2.1/servers/680a5bb1-ac39-481f-9986-f33d0661bf32 1.314s
2025-03-10 17:14:44.899 68758 INFO tempest.lib.common.rest_client [req-7bd77b14-35f6-44e6-a08d-81490517ce99 req-7bd77b14-35f6-44e6-a08d-81490517ce99 ] Request (ServersAdmin275Test:test_rebuild_update_server_275): 202 POST http://10.180.1.21/compute/v2.1/servers 1.499s
2025-03-10 17:14:44.921 68796 INFO tempest.lib.common.rest_client [req-6aa7a7ce-5622-41c8-8a6a-eec2d086e0bc req-6aa7a7ce-5622-41c8-8a6a-eec2d086e0bc ] Request (AttachInterfacesUnderV243Test:setUpClass): 201 POST http://10.180.1.21:9696/networking/v2.0/subnets 0.232s
2025-03-10 17:14:44.952 68766 INFO tempest.lib.common.rest_client [req-14beef45-5631-4b79-a5c4-5735a7822cde req-14beef45-5631-4b79-a5c4-5735a7822cde ] Request (FloatingIPDetailsNegativeTestJSON:setUpClass): 201 POST http://10.180.1.21:9696/networking/v2.0/subnets 0.351s
2025-03-10 17:14:45.054 68760 INFO tempest.lib.common.rest_client [req-dfe4a01f-c9ac-4f14-8962-21eb04275bc3 req-dfe4a01f-c9ac-4f14-8962-21eb04275bc3 ] Request (FlavorsV2TestJSON:test_get_flavor): 200 GET http://10.180.1.21/compute/v2.1/flavors/42 1.534s
2025-03-10 17:14:45.132 68792 INFO tempest.lib.common.rest_client [req-3982d9d2-48e6-4c6b-a871-7d214cc4191d req-3982d9d2-48e6-4c6b-a871-7d214cc4191d ] Request (ServersTestBootFromVolume:setUpClass): 200 GET http://10.180.1.21/compute/v2.1/servers/15bb026a-d9ef-4b1d-b565-0d6954fe8391 1.592s
2025-03-10 17:14:45.290 68774 INFO tempest.lib.common.rest_client [req-81b97c61-86c3-496c-8126-49cbd5893b0e req-81b97c61-86c3-496c-8126-49cbd5893b0e ] Request (ImagesOneServerNegativeTestJSON:setUp): 200 GET http://10.180.1.21/compute/v2.1/servers/ffc98835-bb20-4213-ab2e-217858cd937b 1.748s
2025-03-10 17:14:45.345 68762 INFO tempest.lib.common.rest_client [req-5489ea74-ddbd-4954-b090-c7a890167902 req-5489ea74-ddbd-4954-b090-c7a890167902 ] Request (ServerDiagnosticsV248Test:test_get_server_diagnostics): 200 GET http://10.180.1.21/compute/v2.1/servers/6b159e34-84a8-45c0-a5e2-9a9d1799b3fc 1.711s
2025-03-10 17:14:45.357 68756 INFO tempest.lib.common.rest_client [req-da3dde09-19e3-40d5-83e3-89b75fb53a3e req-da3dde09-19e3-40d5-83e3-89b75fb53a3e ] Request (ServerActionsTestOtherB:setUpClass): 202 POST http://10.180.1.21/compute/v2.1/servers 1.858s
2025-03-10 17:14:45.425 68770 INFO tempest.lib.common.rest_client [req-11c71d76-f456-48c6-92eb-68bd4a7671fc req-11c71d76-f456-48c6-92eb-68bd4a7671fc ] Request (ServerDiagnosticsTest:tearDownClass): 200 GET http://10.180.1.21/compute/v2.1/servers/1d89390b-acab-4995-a3bd-006d6316fd6d 1.701s
2025-03-10 17:14:45.607 68780 INFO tempest.lib.common.rest_client [req-f74ca813-ff6d-4718-8558-b33de6cf92f0 req-f74ca813-ff6d-4718-8558-b33de6cf92f0 ] Request (ServersTestMultiNic:setUpClass): 200 PUT http://10.180.1.21:9696/networking/v2.0/routers/482941ac-325b-4514-99a3-c50367ab3890/add_router_interface 1.502s
2025-03-10 17:14:45.608 68780 INFO tempest.lib.common.dynamic_creds [-] Created isolated network resources for: credentials: Credentials: {'domain_id': 'default', 'domain_name': 'Default', 'username': 'tempest-ServersTestMultiNic-1439983962-project-member', 'project_domain_id': 'default', 'project_domain_name': 'Default', 'project_id': '464d65d8569c4e75905ad7546c6ebea4', 'project_name': 'tempest-ServersTestMultiNic-1439983962', 'tenant_id': '464d65d8569c4e75905ad7546c6ebea4', 'tenant_name': 'tempest-ServersTestMultiNic-1439983962', 'user_domain_id': 'default', 'user_domain_name': 'Default', 'user_id': 'bd12651e2a8d4eeeac80cdf0221535c6', 'system': None}, Network: {'id': 'f7534f84-e15c-440d-9360-a74380573a28', 'name': 'tempest-ServersTestMultiNic-211606257-network', 'tenant_id': '464d65d8569c4e75905ad7546c6ebea4', 'admin_state_up': True, 'mtu': 8950, 'status': 'ACTIVE', 'subnets': [], 'shared': False, 'project_id': '464d65d8569c4e75905ad7546c6ebea4', 'port_security_enabled': True, 'router:external': False, 'provider:network_type': 'vlan', 'provider:physical_network': 'default', 'provider:segmentation_id': 531, 'availability_zone_hints': [], 'availability_zones': [], 'ipv4_address_scope': None, 'ipv6_address_scope': None, 'description': '', 'tags': [], 'created_at': '2025-03-10T17:14:42Z', 'updated_at': '2025-03-10T17:14:42Z', 'revision_number': 1}, Subnet: {'id': 'ddb2e44c-3f24-4ed3-a517-e9c5ac94b905', 'name': 'tempest-ServersTestMultiNic-211606257-subnet', 'tenant_id': '464d65d8569c4e75905ad7546c6ebea4', 'network_id': 'f7534f84-e15c-440d-9360-a74380573a28', 'ip_version': 4, 'subnetpool_id': None, 'enable_dhcp': True, 'ipv6_ra_mode': None, 'ipv6_address_mode': None, 'gateway_ip': '192.168.128.1', 'cidr': '192.168.128.0/28', 'allocation_pools': [{'start': '192.168.128.2', 'end': '192.168.128.14'}], 'host_routes': [], 'dns_nameservers': [], 'description': '', 'router:external': False, 'service_types': [], 'tags': [], 'created_at': '2025-03-10T17:14:42Z', 'updated_at': '2025-03-10T17:14:42Z', 'revision_number': 0, 'project_id': '464d65d8569c4e75905ad7546c6ebea4'}, Router: {'id': '482941ac-325b-4514-99a3-c50367ab3890', 'name': 'tempest-ServersTestMultiNic-211606257-router', 'tenant_id': '464d65d8569c4e75905ad7546c6ebea4', 'admin_state_up': True, 'status': 'ACTIVE', 'external_gateway_info': {'network_id': 'b3b1f5a8-3f32-46f1-ada2-0de13853b9fb', 'external_fixed_ips': [{'subnet_id': '214e261d-b207-45a8-94c7-1cf457794752', 'ip_address': '10.180.180.224'}], 'enable_snat': True}, 'description': '', 'availability_zones': [], 'distributed': False, 'ha': False, 'availability_zone_hints': [], 'routes': [], 'flavor_id': None, 'tags': [], 'created_at': '2025-03-10T17:14:43Z', 'updated_at': '2025-03-10T17:14:43Z', 'revision_number': 2, 'project_id': '464d65d8569c4e75905ad7546c6ebea4'}
2025-03-10 17:14:45.688 68786 INFO tempest.lib.common.rest_client [req-65b04848-aa12-40d8-89dc-fc53af843ea1 req-65b04848-aa12-40d8-89dc-fc53af843ea1 ] Request (ServerActionsV293TestJSON:setUpClass): 200 GET http://10.180.1.21/volume/v3/volumes/03104198-ea2a-4dc5-80b4-24f12b98fb21 0.048s
2025-03-10 17:14:45.691 68752 INFO tempest.lib.common.rest_client [req-236b8f4a-7b47-4c1d-968f-22ce5e19fe75 req-236b8f4a-7b47-4c1d-968f-22ce5e19fe75 ] Request (ListServerFiltersTestJSON:setUpClass): 200 GET http://10.180.1.21/compute/v2.1/servers/f2f2d1e7-121d-4e95-8266-6feeabd63b3b 1.876s
2025-03-10 17:14:45.700 68786 INFO tempest.common.waiters [-] volume 03104198-ea2a-4dc5-80b4-24f12b98fb21 reached available after waiting for 19.700164 seconds
2025-03-10 17:14:45.727 68780 INFO tempest.lib.common.rest_client [req-dfe2c3ca-4617-434b-bc23-d7521d779663 req-dfe2c3ca-4617-434b-bc23-d7521d779663 ] Request (ServersTestMultiNic:setUpClass): 201 POST http://10.180.1.21/identity/v3/auth/tokens 0.114s
2025-03-10 17:14:45.760 68772 INFO tempest.lib.common.rest_client [req-ca34c131-a5b4-4593-9026-c1a135f05908 req-ca34c131-a5b4-4593-9026-c1a135f05908 ] Request (SecurityGroupRulesTestJSON:test_security_group_rules_create): 200 POST http://10.180.1.21/compute/v2.1/os-security-group-rules 1.951s
2025-03-10 17:14:45.789 68744 INFO tempest.lib.common.rest_client [req-1a8f66e7-6110-417b-866b-08130cfa6eb1 req-1a8f66e7-6110-417b-866b-08130cfa6eb1 ] Request (ServersTestFqdnHostnames:test_create_server_with_fqdn_name): 200 GET http://10.180.1.21/compute/v2.1/servers/0918f7e7-ac2e-43e8-a205-33a78b9b3dac 1.572s
2025-03-10 17:14:45.830 68750 INFO tempest.lib.common.rest_client [req-f02ce832-d0af-4d0b-b442-bf9d00417229 req-f02ce832-d0af-4d0b-b442-bf9d00417229 ] Request (MigrationsAdminTest:test_list_migrations_in_flavor_resize_situation): 200 GET http://10.180.1.21/compute/v2.1/servers/0fae630c-c34d-4827-9557-2d3bdb3d7c50 1.551s
2025-03-10 17:14:45.844 68740 INFO tempest.lib.common.rest_client [req-fa52ce32-c7c9-4139-b418-3c0e3fab85ca req-fa52ce32-c7c9-4139-b418-3c0e3fab85ca ] Request (ListImageFiltersTestJSON:setUpClass): 200 GET http://10.180.1.21/compute/v2.1/servers/f6f23a19-fb3d-4c26-a0f0-9352e008b248 1.552s
2025-03-10 17:14:45.897 68776 INFO tempest.lib.common.rest_client [req-cea63a9b-f3ab-4c65-a127-80401ebf8b4b req-cea63a9b-f3ab-4c65-a127-80401ebf8b4b ] Request (ServersAdminNegativeTestJSON:test_migrate_server_invalid_state): 200 GET http://10.180.1.21/compute/v2.1/servers/cd31aad9-c1fe-4d8a-a294-c4d5a8265da0 1.572s
2025-03-10 17:14:45.961 68778 INFO tempest.lib.common.rest_client [req-d1854649-c0b1-4f62-90c9-bfc7959f2327 req-d1854649-c0b1-4f62-90c9-bfc7959f2327 ] Request (ServersTestManualDisk:setUpClass): 200 GET http://10.180.1.21/compute/v2.1/servers/38fac1f3-9fe0-49c8-875e-d260db193c8a 1.599s
2025-03-10 17:14:45.984 68754 INFO tempest.lib.common.rest_client [req-76e9fb32-e6ca-4539-90b0-11703ee39093 req-76e9fb32-e6ca-4539-90b0-11703ee39093 ] Request (QuotasAdminTestV257:test_get_updated_quotas): 200 PUT http://10.180.1.21/compute/v2.1/os-quota-sets/e695f185fc984f16b59e217d4c041fe3?user_id=c661087c00594375999a47cbb1cc3950 1.635s
2025-03-10 17:14:45.999 68780 INFO tempest.lib.common.rest_client [req-4e3bb566-9c24-4a37-b074-3821e3390a18 req-4e3bb566-9c24-4a37-b074-3821e3390a18 ] Request (ServersTestMultiNic:test_verify_duplicate_network_nics): 201 POST http://10.180.1.21:9696/networking/v2.0/networks 0.270s
2025-03-10 17:14:46.026 68736 INFO tempest.lib.common.rest_client [req-339d2d7b-32b3-4154-a228-f3f205614a31 req-339d2d7b-32b3-4154-a228-f3f205614a31 ] Request (ImagesNegativeTestJSON:test_create_image_from_deleted_server): 200 GET http://10.180.1.21/compute/v2.1/servers/937e0562-8e2d-4207-a5d3-ba1f389ac873 1.615s
2025-03-10 17:14:46.045 68784 INFO tempest.lib.common.rest_client [req-4ee0e4f1-1032-4419-883f-96d615903f30 req-4ee0e4f1-1032-4419-883f-96d615903f30 ] Request (ServerRescueTestJSON:test_rescue_unrescue_instance): 200 GET http://10.180.1.21/compute/v2.1/servers/60d71f22-7779-4f3b-b56a-a8be6ce5ea68 1.568s
2025-03-10 17:14:46.260 68796 INFO tempest.lib.common.rest_client [req-763a76a6-7098-401c-b387-6aa1c5dedb37 req-763a76a6-7098-401c-b387-6aa1c5dedb37 ] Request (AttachInterfacesUnderV243Test:setUpClass): 201 POST http://10.180.1.21:9696/networking/v2.0/routers 1.338s
2025-03-10 17:14:46.318 68790 INFO tempest.lib.common.rest_client [req-e45e3289-626e-4c81-b55d-85ddad2b9661 req-e45e3289-626e-4c81-b55d-85ddad2b9661 ] Request (VolumesAssistedSnapshotsTest:test_volume_assisted_snapshot_create_delete): 200 GET http://10.180.1.21/compute/v2.1/servers/53ea1e0b-8f00-4f0f-805e-05c81e06f05a 1.631s
2025-03-10 17:14:46.327 68790 INFO tempest.common.waiters [-] State transition "BUILD/spawning" ==> "ACTIVE/None" after 31 second wait
2025-03-10 17:14:46.342 68746 INFO tempest.lib.common.rest_client [req-28230705-537a-4315-90d2-cdc54a506f49 req-28230705-537a-4315-90d2-cdc54a506f49 ] Request (AggregatesAdminNegativeTestJSON:_run_cleanups): 200 DELETE http://10.180.1.21/compute/v2.1/os-aggregates/7 1.648s
2025-03-10 17:14:46.355 68780 INFO tempest.lib.common.rest_client [req-379d1c63-4ac1-4a8f-8dbe-2b053e08eed2 req-379d1c63-4ac1-4a8f-8dbe-2b053e08eed2 ] Request (ServersTestMultiNic:test_verify_duplicate_network_nics): 201 POST http://10.180.1.21:9696/networking/v2.0/subnets 0.355s
2025-03-10 17:14:46.426 68794 INFO tempest.lib.common.rest_client [req-dc8455ef-241c-41ee-bbe1-b95c3197fe92 req-dc8455ef-241c-41ee-bbe1-b95c3197fe92 ] Request (ServerExternalEventsTest:tearDownClass): 200 GET http://10.180.1.21/compute/v2.1/servers/307d6715-7c12-4106-9384-5bb381fceb0d 1.623s
2025-03-10 17:14:46.484 68766 INFO tempest.lib.common.rest_client [req-71e59c47-0340-4893-b81b-92b8beae694f req-71e59c47-0340-4893-b81b-92b8beae694f ] Request (FloatingIPDetailsNegativeTestJSON:setUpClass): 201 POST http://10.180.1.21:9696/networking/v2.0/routers 1.532s
2025-03-10 17:14:46.500 68768 INFO tempest.lib.common.rest_client [req-8ae453a3-44c9-41a3-b3f0-4929399a9197 req-8ae453a3-44c9-41a3-b3f0-4929399a9197 ] Request (ServerDiagnosticsNegativeTest:tearDownClass): 200 GET http://10.180.1.21/compute/v2.1/servers/8da50929-c46e-44e2-ac31-ee14af0055b8 1.613s
2025-03-10 17:14:46.554 68780 INFO tempest.lib.common.rest_client [req-2ef05cbf-0698-4c1f-85d3-059d81dc607c req-2ef05cbf-0698-4c1f-85d3-059d81dc607c ] Request (ServersTestMultiNic:test_verify_duplicate_network_nics): 201 POST http://10.180.1.21:9696/networking/v2.0/networks 0.198s
2025-03-10 17:14:46.604 68758 INFO tempest.lib.common.rest_client [req-6df646a6-681c-4f44-b28b-bf5db55d6938 req-6df646a6-681c-4f44-b28b-bf5db55d6938 ] Request (ServersAdmin275Test:test_rebuild_update_server_275): 200 PUT http://10.180.1.21/compute/v2.1/servers/7ddca307-cc43-46fb-863d-78762a26b0d0 1.701s
2025-03-10 17:14:46.605 68738 INFO tempest.lib.common.rest_client [req-a528a2af-c6fb-405b-8fbb-bd22873d5b8b req-a528a2af-c6fb-405b-8fbb-bd22873d5b8b ] Request (FloatingIPDetailsTestJSON:tearDownClass): 202 DELETE http://10.180.1.21/compute/v2.1/os-floating-ips/f5e22b03-834d-4259-afdc-dd9b95e048f6 1.967s
2025-03-10 17:14:46.638 68760 INFO tempest.lib.common.rest_client [req-d620c520-1ee3-4380-93f7-c91e0686a70d req-d620c520-1ee3-4380-93f7-c91e0686a70d ] Request (FlavorsV2TestJSON:test_list_flavors): 200 GET http://10.180.1.21/compute/v2.1/flavors 1.579s
2025-03-10 17:14:46.646 68774 INFO tempest.lib.common.rest_client [req-b5cbc1a1-6674-4e8e-a0cf-8a1c32038788 req-b5cbc1a1-6674-4e8e-a0cf-8a1c32038788 ] Request (ImagesOneServerNegativeTestJSON:test_create_image_specify_name_over_character_limit): 400 POST http://10.180.1.21/compute/v2.1/servers/ffc98835-bb20-4213-ab2e-217858cd937b/action 1.346s
2025-03-10 17:14:46.677 68764 INFO tempest.lib.common.rest_client [req-a58d65f3-89e3-4412-b8b7-0c254525beeb req-a58d65f3-89e3-4412-b8b7-0c254525beeb ] Request (TenantUsagesTestJSON:setUpClass): 200 GET http://10.180.1.21/compute/v2.1/servers/aa08eea2-f042-4ba4-b229-3609ac22b47e 1.730s
2025-03-10 17:14:46.728 68756 INFO tempest.lib.common.rest_client [req-980c3d16-8f09-4704-952f-30ae3047d95a req-980c3d16-8f09-4704-952f-30ae3047d95a ] Request (ServerActionsTestOtherB:setUpClass): 200 GET http://10.180.1.21/compute/v2.1/servers/e8e0b748-8d14-40a3-9702-504d0c0d679f 1.368s
2025-03-10 17:14:46.741 68782 INFO tempest.lib.common.rest_client [req-d4a8b1d1-ff08-4469-aff7-ec38e6f5dfad req-d4a8b1d1-ff08-4469-aff7-ec38e6f5dfad ] Request (AttachInterfacesTestJSON:test_create_list_show_delete_interfaces_by_fixed_ip): 200 GET http://10.180.1.21/compute/v2.1/servers/6db8dd54-71cf-4e4e-b984-cc43264df1ac 1.373s
2025-03-10 17:14:46.830 68748 INFO tempest.lib.common.rest_client [req-e79abcf3-00be-4de2-b420-1315b889d255 req-e79abcf3-00be-4de2-b420-1315b889d255 ] Request (ServersWithSpecificFlavorTestJSON:test_verify_created_server_ephemeral_disk): 200 GET http://10.180.1.21/compute/v2.1/servers/6c8126c6-b7ba-4976-8555-06724d7d4f35 1.272s
2025-03-10 17:14:46.832 68742 INFO tempest.lib.common.rest_client [req-5bb24925-c6e4-48a5-8a68-5aac4b0d9772 req-5bb24925-c6e4-48a5-8a68-5aac4b0d9772 ] Request (DeleteServersAdminTestJSON:test_admin_delete_servers_of_others): 200 GET http://10.180.1.21/compute/v2.1/servers/3bba8c74-80c8-41d2-92af-3b619185197e 1.376s
2025-03-10 17:14:47.087 68780 INFO tempest.lib.common.rest_client [req-218313b1-5e14-4278-a4e2-9023750042de req-218313b1-5e14-4278-a4e2-9023750042de ] Request (ServersTestMultiNic:test_verify_duplicate_network_nics): 201 POST http://10.180.1.21:9696/networking/v2.0/subnets 0.533s
2025-03-10 17:14:47.126 68780 INFO tempest.lib.common.rest_client [req-3db5395c-19c2-450f-ab63-6b65c9120729 req-3db5395c-19c2-450f-ab63-6b65c9120729 ] Request (ServersTestMultiNic:test_verify_duplicate_network_nics): 201 POST http://10.180.1.21/identity/v3/auth/tokens 0.036s
2025-03-10 17:14:47.126 68780 INFO tempest.lib.common.fixed_network [-] (ServersTestMultiNic:test_verify_duplicate_network_nics) Found network {'id': 'f7534f84-e15c-440d-9360-a74380573a28', 'name': 'tempest-ServersTestMultiNic-211606257-network', 'tenant_id': '464d65d8569c4e75905ad7546c6ebea4', 'admin_state_up': True, 'mtu': 8950, 'status': 'ACTIVE', 'subnets': [], 'shared': False, 'project_id': '464d65d8569c4e75905ad7546c6ebea4', 'port_security_enabled': True, 'router:external': False, 'provider:network_type': 'vlan', 'provider:physical_network': 'default', 'provider:segmentation_id': 531, 'availability_zone_hints': [], 'availability_zones': [], 'ipv4_address_scope': None, 'ipv6_address_scope': None, 'description': '', 'tags': [], 'created_at': '2025-03-10T17:14:42Z', 'updated_at': '2025-03-10T17:14:42Z', 'revision_number': 1} available for tenant
2025-03-10 17:14:47.134 68772 INFO tempest.lib.common.rest_client [req-f6fc888a-1712-42b0-a73f-58823f4a9459 req-f6fc888a-1712-42b0-a73f-58823f4a9459 ] Request (SecurityGroupRulesTestJSON:test_security_group_rules_create_with_optional_cidr): 200 POST http://10.180.1.21/compute/v2.1/os-security-groups 1.370s
2025-03-10 17:14:47.227 68788 INFO tempest.lib.common.rest_client [req-9591e572-b607-4daf-aa3f-e53cc24003a4 req-9591e572-b607-4daf-aa3f-e53cc24003a4 ] Request (ImagesOneServerTestJSON:setUpClass): 200 GET http://10.180.1.21/compute/v2.1/servers/680a5bb1-ac39-481f-9986-f33d0661bf32 1.453s
2025-03-10 17:14:47.313 68754 INFO tempest.lib.common.rest_client [req-a23ee441-a8a0-4c59-b555-2f711b15c783 req-a23ee441-a8a0-4c59-b555-2f711b15c783 ] Request (QuotasAdminTestV257:test_get_updated_quotas): 200 GET http://10.180.1.21/compute/v2.1/os-quota-sets/e695f185fc984f16b59e217d4c041fe3?user_id=c661087c00594375999a47cbb1cc3950 1.327s
2025-03-10 17:14:47.423 68754 INFO tempest.lib.common.rest_client [req-42923360-fe14-45fd-bdab-1a5f8e16b91f req-42923360-fe14-45fd-bdab-1a5f8e16b91f ] Request (QuotasAdminTestV257:_run_cleanups): 204 DELETE http://10.180.1.21/identity/v3/users/c661087c00594375999a47cbb1cc3950 0.108s
2025-03-10 17:14:47.540 68792 INFO tempest.lib.common.rest_client [req-bff68ec9-201a-4dc6-9f4d-691c8cb05e7f req-bff68ec9-201a-4dc6-9f4d-691c8cb05e7f ] Request (ServersTestBootFromVolume:setUpClass): 200 GET http://10.180.1.21/compute/v2.1/servers/15bb026a-d9ef-4b1d-b565-0d6954fe8391 1.399s
2025-03-10 17:14:47.551 68792 INFO tempest.common.waiters [-] State transition "BUILD/scheduling" ==> "BUILD/None" after 16 second wait
2025-03-10 17:14:47.579 68754 INFO tempest.lib.common.rest_client [req-c7b56b3d-84e2-49ec-a39b-aab0b26a4777 req-c7b56b3d-84e2-49ec-a39b-aab0b26a4777 ] Request (QuotasAdminTestV257:_run_cleanups): 204 DELETE http://10.180.1.21/identity/v3/projects/e695f185fc984f16b59e217d4c041fe3 0.155s
2025-03-10 17:14:47.632 68790 INFO tempest.lib.common.rest_client [req-4c3e575c-667e-4569-a316-434eb7e221cc req-4c3e575c-667e-4569-a316-434eb7e221cc ] Request (VolumesAssistedSnapshotsTest:test_volume_assisted_snapshot_create_delete): 200 GET http://10.180.1.21/compute/v2.1/servers/53ea1e0b-8f00-4f0f-805e-05c81e06f05a/os-interface 1.304s
2025-03-10 17:14:47.672 68746 INFO tempest.lib.common.rest_client [req-753d7949-bd7e-4777-b1af-ef6ea5225b97 req-753d7949-bd7e-4777-b1af-ef6ea5225b97 ] Request (AggregatesAdminNegativeTestJSON:test_aggregate_remove_nonexistent_host): 200 POST http://10.180.1.21/compute/v2.1/os-aggregates 1.329s
2025-03-10 17:14:47.774 68762 INFO tempest.lib.common.rest_client [req-0d1b321b-1b8d-4efb-ac42-92f2b26711d3 req-0d1b321b-1b8d-4efb-ac42-92f2b26711d3 ] Request (ServerDiagnosticsV248Test:test_get_server_diagnostics): 200 GET http://10.180.1.21/compute/v2.1/servers/6b159e34-84a8-45c0-a5e2-9a9d1799b3fc 1.414s
2025-03-10 17:14:47.788 68754 INFO tempest.lib.common.rest_client [req-4733200b-69a2-4f1c-a31f-e05c7fff25b5 req-4733200b-69a2-4f1c-a31f-e05c7fff25b5 ] Request (QuotasAdminTestV257:tearDownClass): 204 DELETE http://10.180.1.21/identity/v3/users/d6614fd90cc248e3b2352d9b9db77e31 0.202s
2025-03-10 17:14:47.799 68786 INFO tempest.lib.common.rest_client [req-85c2a4c7-d8a5-4fb8-8a5a-0e7941905a14 req-85c2a4c7-d8a5-4fb8-8a5a-0e7941905a14 ] Request (ServerActionsV293TestJSON:setUpClass): 202 POST http://10.180.1.21/compute/v2.1/servers 2.099s
2025-03-10 17:14:47.871 68796 INFO tempest.lib.common.rest_client [req-c750f3b2-8b19-43da-aa3a-a42405afc247 req-c750f3b2-8b19-43da-aa3a-a42405afc247 ] Request (AttachInterfacesUnderV243Test:setUpClass): 200 PUT http://10.180.1.21:9696/networking/v2.0/routers/fcc5b83a-8599-4113-977e-2cd6d2a64b6c/add_router_interface 1.611s
2025-03-10 17:14:47.871 68796 INFO tempest.lib.common.dynamic_creds [-] Created isolated network resources for: credentials: Credentials: {'domain_id': 'default', 'domain_name': 'Default', 'username': 'tempest-AttachInterfacesUnderV243Test-2002812604-project-member', 'project_domain_id': 'default', 'project_domain_name': 'Default', 'project_id': 'bee56697c14f42b1871e3be7a593742e', 'project_name': 'tempest-AttachInterfacesUnderV243Test-2002812604', 'tenant_id': 'bee56697c14f42b1871e3be7a593742e', 'tenant_name': 'tempest-AttachInterfacesUnderV243Test-2002812604', 'user_domain_id': 'default', 'user_domain_name': 'Default', 'user_id': '18203765001a40dd8d19d6d2e6ce4e2f', 'system': None}, Network: {'id': 'b4b7413c-651c-4963-973d-9fb57166bebb', 'name': 'tempest-AttachInterfacesUnderV243Test-1140645118-network', 'tenant_id': 'bee56697c14f42b1871e3be7a593742e', 'admin_state_up': True, 'mtu': 8950, 'status': 'ACTIVE', 'subnets': [], 'shared': False, 'project_id': 'bee56697c14f42b1871e3be7a593742e', 'port_security_enabled': True, 'router:external': False, 'provider:network_type': 'vlan', 'provider:physical_network': 'default', 'provider:segmentation_id': 965, 'availability_zone_hints': [], 'availability_zones': [], 'ipv4_address_scope': None, 'ipv6_address_scope': None, 'description': '', 'tags': [], 'created_at': '2025-03-10T17:14:44Z', 'updated_at': '2025-03-10T17:14:44Z', 'revision_number': 1}, Subnet: {'id': '9cdbaf85-3a5b-446f-8ea0-3ceb7294bf0c', 'name': 'tempest-AttachInterfacesUnderV243Test-1140645118-subnet', 'tenant_id': 'bee56697c14f42b1871e3be7a593742e', 'network_id': 'b4b7413c-651c-4963-973d-9fb57166bebb', 'ip_version': 4, 'subnetpool_id': None, 'enable_dhcp': True, 'ipv6_ra_mode': None, 'ipv6_address_mode': None, 'gateway_ip': '192.168.128.1', 'cidr': '192.168.128.0/28', 'allocation_pools': [{'start': '192.168.128.2', 'end': '192.168.128.14'}], 'host_routes': [], 'dns_nameservers': [], 'description': '', 'router:external': False, 'service_types': [], 'tags': [], 'created_at': '2025-03-10T17:14:44Z', 'updated_at': '2025-03-10T17:14:44Z', 'revision_number': 0, 'project_id': 'bee56697c14f42b1871e3be7a593742e'}, Router: {'id': 'fcc5b83a-8599-4113-977e-2cd6d2a64b6c', 'name': 'tempest-AttachInterfacesUnderV243Test-1140645118-router', 'tenant_id': 'bee56697c14f42b1871e3be7a593742e', 'admin_state_up': True, 'status': 'ACTIVE', 'external_gateway_info': {'network_id': 'b3b1f5a8-3f32-46f1-ada2-0de13853b9fb', 'external_fixed_ips': [{'subnet_id': '214e261d-b207-45a8-94c7-1cf457794752', 'ip_address': '10.180.180.182'}], 'enable_snat': True}, 'description': '', 'availability_zones': [], 'distributed': False, 'ha': False, 'availability_zone_hints': [], 'routes': [], 'flavor_id': None, 'tags': [], 'created_at': '2025-03-10T17:14:44Z', 'updated_at': '2025-03-10T17:14:45Z', 'revision_number': 2, 'project_id': 'bee56697c14f42b1871e3be7a593742e'}
2025-03-10 17:14:47.889 68770 INFO tempest.lib.common.rest_client [req-ca0e5009-4cf3-4a92-9930-ebe89bdbffe2 req-ca0e5009-4cf3-4a92-9930-ebe89bdbffe2 ] Request (ServerDiagnosticsTest:tearDownClass): 200 GET http://10.180.1.21/compute/v2.1/servers/1d89390b-acab-4995-a3bd-006d6316fd6d 1.455s
2025-03-10 17:14:47.910 68760 INFO tempest.lib.common.rest_client [req-b7a53ead-f628-4e48-b393-0cc22ad4267b req-b7a53ead-f628-4e48-b393-0cc22ad4267b ] Request (FlavorsV2TestJSON:test_list_flavors): 200 GET http://10.180.1.21/compute/v2.1/flavors/42 1.266s
2025-03-10 17:14:47.913 68754 INFO tempest.lib.common.rest_client [req-c6330e7d-b7c2-4ac4-9033-8f678ec20f73 req-c6330e7d-b7c2-4ac4-9033-8f678ec20f73 ] Request (QuotasAdminTestV257:tearDownClass): 204 DELETE http://10.180.1.21/identity/v3/users/fada2019f78c4ef794b90487bce606a0 0.124s
2025-03-10 17:14:47.913 68754 INFO tempest.lib.common.dynamic_creds [-] Deleting project and security group for project: a618de34b7684dbe86dab02ca4bb8693
2025-03-10 17:14:47.927 68758 INFO tempest.lib.common.rest_client [req-bcdf8c90-7c5f-45af-b783-f443f8874ce3 req-bcdf8c90-7c5f-45af-b783-f443f8874ce3 ] Request (ServersAdmin275Test:test_rebuild_update_server_275): 200 GET http://10.180.1.21/compute/v2.1/servers/7ddca307-cc43-46fb-863d-78762a26b0d0 1.307s
2025-03-10 17:14:47.965 68796 INFO tempest.lib.common.rest_client [req-753019ae-2f01-4f14-85ca-3e6f1bbf8749 req-753019ae-2f01-4f14-85ca-3e6f1bbf8749 ] Request (AttachInterfacesUnderV243Test:setUpClass): 201 POST http://10.180.1.21/identity/v3/auth/tokens 0.089s
2025-03-10 17:14:47.973 68754 INFO tempest.lib.common.rest_client [req-6eaba3ed-543a-454a-9701-d5baaaec7ab2 req-6eaba3ed-543a-454a-9701-d5baaaec7ab2 ] Request (QuotasAdminTestV257:tearDownClass): 201 POST http://10.180.1.21/identity/v3/auth/tokens 0.060s
2025-03-10 17:14:47.996 68752 INFO tempest.lib.common.rest_client [req-df999d4c-b09d-436b-a7bc-21112cba18cb req-df999d4c-b09d-436b-a7bc-21112cba18cb ] Request (ListServerFiltersTestJSON:setUpClass): 200 GET http://10.180.1.21/compute/v2.1/servers/f2f2d1e7-121d-4e95-8266-6feeabd63b3b 1.289s
2025-03-10 17:14:48.001 68766 INFO tempest.lib.common.rest_client [req-e68fc96a-b9bd-4e70-be08-ec984089f3fb req-e68fc96a-b9bd-4e70-be08-ec984089f3fb ] Request (FloatingIPDetailsNegativeTestJSON:setUpClass): 200 PUT http://10.180.1.21:9696/networking/v2.0/routers/56639a35-e31f-4531-8d8a-cf8c613f5648/add_router_interface 1.516s
2025-03-10 17:14:48.001 68766 INFO tempest.lib.common.dynamic_creds [-] Created isolated network resources for: credentials: Credentials: {'domain_id': 'default', 'domain_name': 'Default', 'username': 'tempest-FloatingIPDetailsNegativeTestJSON-2055199246-project-member', 'project_domain_id': 'default', 'project_domain_name': 'Default', 'project_id': '020b3f3f0ece4c8293cc470d629e769a', 'project_name': 'tempest-FloatingIPDetailsNegativeTestJSON-2055199246', 'tenant_id': '020b3f3f0ece4c8293cc470d629e769a', 'tenant_name': 'tempest-FloatingIPDetailsNegativeTestJSON-2055199246', 'user_domain_id': 'default', 'user_domain_name': 'Default', 'user_id': '8683deb2d7f643f09ac5946feaab81b3', 'system': None}, Network: {'id': 'cf64366b-2670-41f4-92fd-ed2bcc898052', 'name': 'tempest-FloatingIPDetailsNegativeTestJSON-1596195477-network', 'tenant_id': '020b3f3f0ece4c8293cc470d629e769a', 'admin_state_up': True, 'mtu': 8950, 'status': 'ACTIVE', 'subnets': [], 'shared': False, 'project_id': '020b3f3f0ece4c8293cc470d629e769a', 'port_security_enabled': True, 'router:external': False, 'provider:network_type': 'vlan', 'provider:physical_network': 'default', 'provider:segmentation_id': 146, 'availability_zone_hints': [], 'availability_zones': [], 'ipv4_address_scope': None, 'ipv6_address_scope': None, 'description': '', 'tags': [], 'created_at': '2025-03-10T17:14:44Z', 'updated_at': '2025-03-10T17:14:44Z', 'revision_number': 1}, Subnet: {'id': '42e2efa5-ace8-4087-b30e-af4c368eb216', 'name': 'tempest-FloatingIPDetailsNegativeTestJSON-1596195477-subnet', 'tenant_id': '020b3f3f0ece4c8293cc470d629e769a', 'network_id': 'cf64366b-2670-41f4-92fd-ed2bcc898052', 'ip_version': 4, 'subnetpool_id': None, 'enable_dhcp': True, 'ipv6_ra_mode': None, 'ipv6_address_mode': None, 'gateway_ip': '192.168.128.1', 'cidr': '192.168.128.0/28', 'allocation_pools': [{'start': '192.168.128.2', 'end': '192.168.128.14'}], 'host_routes': [], 'dns_nameservers': [], 'description': '', 'router:external': False, 'service_types': [], 'tags': [], 'created_at': '2025-03-10T17:14:44Z', 'updated_at': '2025-03-10T17:14:44Z', 'revision_number': 0, 'project_id': '020b3f3f0ece4c8293cc470d629e769a'}, Router: {'id': '56639a35-e31f-4531-8d8a-cf8c613f5648', 'name': 'tempest-FloatingIPDetailsNegativeTestJSON-1596195477-router', 'tenant_id': '020b3f3f0ece4c8293cc470d629e769a', 'admin_state_up': True, 'status': 'ACTIVE', 'external_gateway_info': {'network_id': 'b3b1f5a8-3f32-46f1-ada2-0de13853b9fb', 'external_fixed_ips': [{'subnet_id': '214e261d-b207-45a8-94c7-1cf457794752', 'ip_address': '10.180.180.163'}], 'enable_snat': True}, 'description': '', 'availability_zones': [], 'distributed': False, 'ha': False, 'availability_zone_hints': [], 'routes': [], 'flavor_id': None, 'tags': [], 'created_at': '2025-03-10T17:14:45Z', 'updated_at': '2025-03-10T17:14:45Z', 'revision_number': 2, 'project_id': '020b3f3f0ece4c8293cc470d629e769a'}
2025-03-10 17:14:48.073 68766 INFO tempest.lib.common.rest_client [req-e3c1ba94-4fcc-42bf-aa39-398e817127ee req-e3c1ba94-4fcc-42bf-aa39-398e817127ee ] Request (FloatingIPDetailsNegativeTestJSON:setUpClass): 201 POST http://10.180.1.21/identity/v3/auth/tokens 0.069s
2025-03-10 17:14:48.108 68744 INFO tempest.lib.common.rest_client [req-8d3699a9-f190-4ec6-8890-9c71a5cc7be7 req-8d3699a9-f190-4ec6-8890-9c71a5cc7be7 ] Request (ServersTestFqdnHostnames:test_create_server_with_fqdn_name): 200 GET http://10.180.1.21/compute/v2.1/servers/0918f7e7-ac2e-43e8-a205-33a78b9b3dac 1.311s
2025-03-10 17:14:48.192 68754 INFO tempest.lib.common.rest_client [req-6cac715e-d802-4dd3-b698-9a84fea4a122 req-6cac715e-d802-4dd3-b698-9a84fea4a122 ] Request (QuotasAdminTestV257:tearDownClass): 200 GET http://10.180.1.21:9696/networking/v2.0/security-groups?tenant_id=a618de34b7684dbe86dab02ca4bb8693&name=default 0.219s
2025-03-10 17:14:48.205 68750 INFO tempest.lib.common.rest_client [req-77609427-e656-4af5-8071-de4fbbc1b9ca req-77609427-e656-4af5-8071-de4fbbc1b9ca ] Request (MigrationsAdminTest:test_list_migrations_in_flavor_resize_situation): 200 GET http://10.180.1.21/compute/v2.1/servers/0fae630c-c34d-4827-9557-2d3bdb3d7c50 1.364s
2025-03-10 17:14:48.262 68774 INFO tempest.lib.common.rest_client [req-dec78745-3f9f-479e-9589-54e1cfe0d10c req-dec78745-3f9f-479e-9589-54e1cfe0d10c ] Request (ImagesOneServerNegativeTestJSON:tearDown): 200 GET http://10.180.1.21/compute/v2.1/servers/ffc98835-bb20-4213-ab2e-217858cd937b 1.616s
2025-03-10 17:14:48.285 68740 INFO tempest.lib.common.rest_client [req-1ffba564-0fb1-4b76-98d8-0446de87077e req-1ffba564-0fb1-4b76-98d8-0446de87077e ] Request (ListImageFiltersTestJSON:setUpClass): 200 GET http://10.180.1.21/compute/v2.1/servers/f6f23a19-fb3d-4c26-a0f0-9352e008b248 1.434s
2025-03-10 17:14:48.287 68754 INFO tempest.lib.common.rest_client [req-b2960ba5-970b-48e5-abba-84cb8e27ad4e req-b2960ba5-970b-48e5-abba-84cb8e27ad4e ] Request (QuotasAdminTestV257:tearDownClass): 204 DELETE http://10.180.1.21:9696/networking/v2.0/security-groups/f9cb1b29-9e0c-456a-bc13-50ed2bd4a8ee 0.094s
2025-03-10 17:14:48.332 68776 INFO tempest.lib.common.rest_client [req-ab71abb2-31b3-4d2e-a586-ceeff7fc330b req-ab71abb2-31b3-4d2e-a586-ceeff7fc330b ] Request (ServersAdminNegativeTestJSON:test_migrate_server_invalid_state): 200 GET http://10.180.1.21/compute/v2.1/servers/cd31aad9-c1fe-4d8a-a294-c4d5a8265da0 1.426s
2025-03-10 17:14:48.342 68738 INFO tempest.lib.common.rest_client [req-6d5574a5-0d65-4b2e-95ca-a15719f76650 req-6d5574a5-0d65-4b2e-95ca-a15719f76650 ] Request (FloatingIPDetailsTestJSON:tearDownClass): 200 PUT http://10.180.1.21:9696/networking/v2.0/routers/210549e6-9698-464a-8f45-ca9159555bab/remove_router_interface 1.736s
2025-03-10 17:14:48.359 68778 INFO tempest.lib.common.rest_client [req-7d2dd404-fee8-4323-86fd-2f195b8a922d req-7d2dd404-fee8-4323-86fd-2f195b8a922d ] Request (ServersTestManualDisk:setUpClass): 200 GET http://10.180.1.21/compute/v2.1/servers/38fac1f3-9fe0-49c8-875e-d260db193c8a 1.389s
2025-03-10 17:14:48.369 68754 INFO tempest.lib.common.rest_client [req-674106b6-e722-4452-9112-cf1b62f5b340 req-674106b6-e722-4452-9112-cf1b62f5b340 ] Request (QuotasAdminTestV257:tearDownClass): 204 DELETE http://10.180.1.21/identity/v3/projects/a618de34b7684dbe86dab02ca4bb8693 0.082s
2025-03-10 17:14:48.370 68754 INFO tempest.lib.common.dynamic_creds [-] Deleting project and security group for project: f80203435363412c853248fb469f8fdc
2025-03-10 17:14:48.427 68736 INFO tempest.lib.common.rest_client [req-f4b9fbe9-47d9-4127-b960-392b5e5de7d0 req-f4b9fbe9-47d9-4127-b960-392b5e5de7d0 ] Request (ImagesNegativeTestJSON:test_create_image_from_deleted_server): 200 GET http://10.180.1.21/compute/v2.1/servers/937e0562-8e2d-4207-a5d3-ba1f389ac873 1.391s
2025-03-10 17:14:48.448 68784 INFO tempest.lib.common.rest_client [req-127f3e46-453c-4bbd-8580-c3d8dad24899 req-127f3e46-453c-4bbd-8580-c3d8dad24899 ] Request (ServerRescueTestJSON:test_rescue_unrescue_instance): 200 GET http://10.180.1.21/compute/v2.1/servers/60d71f22-7779-4f3b-b56a-a8be6ce5ea68 1.394s
2025-03-10 17:14:48.504 68754 INFO tempest.lib.common.rest_client [req-46be9b80-1cfd-43f2-a10a-f03ac5e6a16a req-46be9b80-1cfd-43f2-a10a-f03ac5e6a16a ] Request (QuotasAdminTestV257:tearDownClass): 200 GET http://10.180.1.21:9696/networking/v2.0/security-groups?tenant_id=f80203435363412c853248fb469f8fdc&name=default 0.134s
2025-03-10 17:14:48.571 68754 INFO tempest.lib.common.rest_client [req-b5f1220e-48f1-4f1f-8a32-fae61284ed13 req-b5f1220e-48f1-4f1f-8a32-fae61284ed13 ] Request (QuotasAdminTestV257:tearDownClass): 204 DELETE http://10.180.1.21:9696/networking/v2.0/security-groups/2175d0b1-3f50-49c1-b096-c83e5bc62f9c 0.066s
2025-03-10 17:14:48.674 68754 INFO tempest.lib.common.rest_client [req-c252c0af-b934-46da-8469-bd4020f34a1c req-c252c0af-b934-46da-8469-bd4020f34a1c ] Request (QuotasAdminTestV257:tearDownClass): 204 DELETE http://10.180.1.21/identity/v3/projects/f80203435363412c853248fb469f8fdc 0.102s
2025-03-10 17:14:48.676 68754 INFO tempest.test [-] raised in UpdateMultiattachVolumeNegativeTest.setUpClass. Invoking tearDownClass.
2025-03-10 17:14:48.739 68754 INFO tempest.lib.common.rest_client [req-e13fa28e-7694-4336-b607-f0c38589b0cc req-e13fa28e-7694-4336-b607-f0c38589b0cc ] Request (AttachInterfacesV270Test:setUpClass): 201 POST http://10.180.1.21/identity/v3/auth/tokens 0.061s
2025-03-10 17:14:48.770 68754 INFO tempest.lib.common.rest_client [req-4f7a83a8-1ed1-44de-bdc2-802ccc99b7e5 req-4f7a83a8-1ed1-44de-bdc2-802ccc99b7e5 ] Request (AttachInterfacesV270Test:setUpClass): 201 POST http://10.180.1.21/identity/v3/auth/tokens 0.028s
2025-03-10 17:14:48.792 68754 INFO tempest.lib.common.rest_client [req-58eec251-68c0-4b79-bf37-69ed2381738a req-58eec251-68c0-4b79-bf37-69ed2381738a ] Request (AttachInterfacesV270Test:setUpClass): 200 GET http://10.180.1.21/identity/v3/domains?name=Default 0.021s
2025-03-10 17:14:48.819 68754 INFO tempest.lib.common.rest_client [req-5ecc0e4b-2149-4ead-a9ad-ef4529fb3cfd req-5ecc0e4b-2149-4ead-a9ad-ef4529fb3cfd ] Request (AttachInterfacesV270Test:setUpClass): 201 POST http://10.180.1.21/identity/v3/projects 0.026s
2025-03-10 17:14:48.883 68754 INFO tempest.lib.common.rest_client [req-186aaf9a-22b6-45d9-9627-4f89b3f08af0 req-186aaf9a-22b6-45d9-9627-4f89b3f08af0 ] Request (AttachInterfacesV270Test:setUpClass): 201 POST http://10.180.1.21/identity/v3/users 0.064s
2025-03-10 17:14:48.910 68754 INFO tempest.lib.common.rest_client [req-1da972ba-13b9-4718-ba41-657073831a48 req-1da972ba-13b9-4718-ba41-657073831a48 ] Request (AttachInterfacesV270Test:setUpClass): 200 GET http://10.180.1.21/identity/v3/roles 0.026s
2025-03-10 17:14:48.937 68754 INFO tempest.lib.common.rest_client [req-29e39cc3-79cb-4fc7-8bee-59d422fd1297 req-29e39cc3-79cb-4fc7-8bee-59d422fd1297 ] Request (AttachInterfacesV270Test:setUpClass): 204 PUT http://10.180.1.21/identity/v3/projects/8588ae3be31c42ba8e5714b71fa8e9c8/users/50be64a0eab44499aefa51d98b2c381b/roles/83c35c497cd041f9b0f621cfe096ecb1 0.026s
2025-03-10 17:14:48.937 68754 INFO tempest.lib.common.dynamic_creds [-] Dynamic test user 50be64a0eab44499aefa51d98b2c381b is created with scope project and roles: ['member']
2025-03-10 17:14:48.937 68754 INFO tempest.lib.common.dynamic_creds [-] Acquired dynamic creds: credentials: Credentials: {'domain_id': 'default', 'domain_name': 'Default', 'username': 'tempest-AttachInterfacesV270Test-1161587591-project-member', 'project_domain_id': 'default', 'project_domain_name': 'Default', 'project_id': '8588ae3be31c42ba8e5714b71fa8e9c8', 'project_name': 'tempest-AttachInterfacesV270Test-1161587591', 'tenant_id': '8588ae3be31c42ba8e5714b71fa8e9c8', 'tenant_name': 'tempest-AttachInterfacesV270Test-1161587591', 'user_domain_id': 'default', 'user_domain_name': 'Default', 'user_id': '50be64a0eab44499aefa51d98b2c381b', 'system': None}, Network: None, Subnet: None, Router: None
2025-03-10 17:14:48.980 68772 INFO tempest.lib.common.rest_client [req-4bd0e387-ccbc-46ae-bdfe-ab8045c17860 req-4bd0e387-ccbc-46ae-bdfe-ab8045c17860 ] Request (SecurityGroupRulesTestJSON:test_security_group_rules_create_with_optional_cidr): 200 POST http://10.180.1.21/compute/v2.1/os-security-group-rules 1.842s
2025-03-10 17:14:49.003 68754 INFO tempest.lib.common.rest_client [req-ea055370-a186-4746-813d-6094261ef57b req-ea055370-a186-4746-813d-6094261ef57b ] Request (AttachInterfacesV270Test:setUpClass): 201 POST http://10.180.1.21/identity/v3/auth/tokens 0.065s
2025-03-10 17:14:49.088 68794 INFO tempest.lib.common.rest_client [req-5faa1a45-e8c8-493e-b4e0-1f8cb222a394 req-5faa1a45-e8c8-493e-b4e0-1f8cb222a394 ] Request (ServerExternalEventsTest:tearDownClass): 200 GET http://10.180.1.21/compute/v2.1/servers/307d6715-7c12-4106-9384-5bb381fceb0d 1.651s
2025-03-10 17:14:49.188 68768 INFO tempest.lib.common.rest_client [req-edfb6336-cddd-4cfa-929c-2d0bed7012bc req-edfb6336-cddd-4cfa-929c-2d0bed7012bc ] Request (ServerDiagnosticsNegativeTest:tearDownClass): 200 GET http://10.180.1.21/compute/v2.1/servers/8da50929-c46e-44e2-ac31-ee14af0055b8 1.679s
2025-03-10 17:14:49.203 68790 INFO tempest.lib.common.rest_client [req-53b89240-9d19-4206-89c5-b8049f1fa131 req-53b89240-9d19-4206-89c5-b8049f1fa131 ] Request (VolumesAssistedSnapshotsTest:test_volume_assisted_snapshot_create_delete): 200 PUT http://10.180.1.21:9696/networking/v2.0/floatingips/6b97a8a1-8250-4e09-9a13-2f2be544972f 1.561s
2025-03-10 17:14:49.204 68790 INFO tempest.lib.common.ssh [-] Creating ssh connection to '10.180.180.232:22' as 'cirros' with public key authentication
2025-03-10 17:14:49.218 68746 INFO tempest.lib.common.rest_client [req-7dcdbc84-af8b-42d2-962c-928f90eab3b1 req-7dcdbc84-af8b-42d2-962c-928f90eab3b1 ] Request (AggregatesAdminNegativeTestJSON:test_aggregate_remove_nonexistent_host): 404 POST http://10.180.1.21/compute/v2.1/os-aggregates/8/action 1.541s
2025-03-10 17:14:49.264 68754 INFO tempest.lib.common.rest_client [req-dc56e90a-d47d-4392-84b9-a0295edf3d78 req-dc56e90a-d47d-4392-84b9-a0295edf3d78 ] Request (AttachInterfacesV270Test:setUpClass): 201 POST http://10.180.1.21:9696/networking/v2.0/networks 0.261s
2025-03-10 17:14:49.295 68764 INFO tempest.lib.common.rest_client [req-308ab130-63dc-49ef-b9fc-ea7ad1c840c4 req-308ab130-63dc-49ef-b9fc-ea7ad1c840c4 ] Request (TenantUsagesTestJSON:setUpClass): 200 GET http://10.180.1.21/compute/v2.1/servers/aa08eea2-f042-4ba4-b229-3609ac22b47e 1.608s
2025-03-10 17:14:49.364 68756 INFO tempest.lib.common.rest_client [req-a0677340-674f-4537-9d81-28d7da2e0057 req-a0677340-674f-4537-9d81-28d7da2e0057 ] Request (ServerActionsTestOtherB:setUpClass): 200 GET http://10.180.1.21/compute/v2.1/servers/e8e0b748-8d14-40a3-9702-504d0c0d679f 1.624s
2025-03-10 17:14:49.427 68754 INFO tempest.lib.common.rest_client [req-2f1fe1e2-0c7b-46e5-b4f5-0430447ea5e0 req-2f1fe1e2-0c7b-46e5-b4f5-0430447ea5e0 ] Request (AttachInterfacesV270Test:setUpClass): 201 POST http://10.180.1.21:9696/networking/v2.0/subnets 0.162s
2025-03-10 17:14:49.464 68782 INFO tempest.lib.common.rest_client [req-94b69506-c2e7-490a-9991-3d8074934c80 req-94b69506-c2e7-490a-9991-3d8074934c80 ] Request (AttachInterfacesTestJSON:test_create_list_show_delete_interfaces_by_fixed_ip): 200 GET http://10.180.1.21/compute/v2.1/servers/6db8dd54-71cf-4e4e-b984-cc43264df1ac 1.706s
2025-03-10 17:14:49.561 68786 INFO tempest.lib.common.rest_client [req-2c0deb1c-aeea-4674-b7f7-44767588ae0c req-2c0deb1c-aeea-4674-b7f7-44767588ae0c ] Request (ServerActionsV293TestJSON:setUpClass): 200 GET http://10.180.1.21/compute/v2.1/servers/1ab7b688-47c1-4ea1-9ad4-cd729a09ec3f 1.757s
