2025-03-10 17:16:08.787 68748 INFO tempest.lib.common.fixed_network [-] (ServersWithSpecificFlavorTestJSON:test_verify_created_server_ephemeral_disk) Found network {'id': 'de181620-7342-4db4-b76c-c19795f976b4', 'name': 'tempest-ServersWithSpecificFlavorTestJSON-538514800-network', 'tenant_id': '6808b69ef22d41409eea6d4507e7f0df', 'admin_state_up': True, 'mtu': 8950, 'status': 'ACTIVE', 'subnets': [], 'shared': False, 'project_id': '6808b69ef22d41409eea6d4507e7f0df', 'port_security_enabled': True, 'router:external': False, 'provider:network_type': 'vlan', 'provider:physical_network': 'default', 'provider:segmentation_id': 858, 'availability_zone_hints': [], 'availability_zones': [], 'ipv4_address_scope': None, 'ipv6_address_scope': None, 'description': '', 'tags': [], 'created_at': '2025-03-10T17:13:51Z', 'updated_at': '2025-03-10T17:13:51Z', 'revision_number': 1} available for tenant
2025-03-10 17:16:08.815 68780 INFO tempest.lib.common.rest_client [req-b4bf1bd8-cd99-49ba-9a1a-c214cfbdb7e1 req-b4bf1bd8-cd99-49ba-9a1a-c214cfbdb7e1 ] Request (ServersTestMultiNic:_run_cleanups): 204 DELETE http://10.180.1.21/compute/v2.1/servers/98a605b2-4b2d-4f56-9ea2-344a660bec54 0.078s
2025-03-10 17:16:08.840 68786 WARNING tempest.lib.common.ssh [-] Failed to establish authenticated ssh connection to cirros@10.180.180.252 ([Errno None] Unable to connect to port 22 on 10.180.180.252). Number attempts: 2. Retry after 3 seconds.: paramiko.ssh_exception.NoValidConnectionsError: [Errno None] Unable to connect to port 22 on 10.180.180.252
2025-03-10 17:16:08.852 68746 INFO tempest.lib.common.rest_client [req-b3d3e204-2ee2-40a5-a8ab-6f0ed5297a44 req-b3d3e204-2ee2-40a5-a8ab-6f0ed5297a44 ] Request (FloatingIPsAssociationTestJSON:setUpClass): 200 GET http://10.180.1.21/compute/v2.1/servers/83abfaa7-1fc4-4dfb-8a33-7018c44d650c 0.110s
2025-03-10 17:16:08.925 68762 INFO tempest.lib.common.rest_client [req-2301f059-1beb-4388-ae39-eebed51acca4 req-2301f059-1beb-4388-ae39-eebed51acca4 ] Request (ServerDiagnosticsV248Test:tearDownClass): 200 GET http://10.180.1.21/compute/v2.1/servers/6b159e34-84a8-45c0-a5e2-9a9d1799b3fc 0.130s
2025-03-10 17:16:09.054 68780 INFO tempest.lib.common.rest_client [req-15c97911-73f8-4aed-b41c-48bff056062f req-15c97911-73f8-4aed-b41c-48bff056062f ] Request (ServersTestMultiNic:_run_cleanups): 200 GET http://10.180.1.21/compute/v2.1/servers/98a605b2-4b2d-4f56-9ea2-344a660bec54 0.234s
2025-03-10 17:16:09.144 68758 INFO tempest.lib.common.rest_client [req-160a5c4d-0a62-4d3b-9816-118d6023d806 req-160a5c4d-0a62-4d3b-9816-118d6023d806 ] Request (ServersAdmin275Test:_run_cleanups): 200 GET http://10.180.1.21/compute/v2.1/servers/7ddca307-cc43-46fb-863d-78762a26b0d0 0.322s
2025-03-10 17:16:09.154 68758 INFO tempest.common.waiters [-] State transition "REBUILD/rebuilding" ==> "REBUILD/rebuild_spawning" after 3 second wait
2025-03-10 17:16:09.201 68774 INFO tempest.lib.common.rest_client [req-a8cf375b-e68a-49b2-b40d-f1bf286f8218 req-a8cf375b-e68a-49b2-b40d-f1bf286f8218 ] Request (ImagesOneServerNegativeTestJSON:_run_cleanups): 200 GET http://10.180.1.21/compute/v2.1/servers/dc2414d3-13dc-4588-91d1-6036e408505e 0.342s
2025-03-10 17:16:09.266 68738 INFO tempest.lib.common.rest_client [req-a0c6fdae-0808-4e3a-af25-8aa9cdc1af90 req-a0c6fdae-0808-4e3a-af25-8aa9cdc1af90 ] Request (ServersV294TestFqdnHostnames:setUpClass): 200 GET http://10.180.1.21/compute/v2.1/servers/b79c1f42-b7e0-4c2a-87eb-bb266e620058 0.357s
2025-03-10 17:16:09.281 68748 INFO tempest.lib.common.rest_client [req-e89557bd-4ab8-480e-85a1-2b84cf1b466c req-e89557bd-4ab8-480e-85a1-2b84cf1b466c ] Request (ServersWithSpecificFlavorTestJSON:test_verify_created_server_ephemeral_disk): 202 POST http://10.180.1.21/compute/v2.1/servers 0.493s
2025-03-10 17:16:09.284 68738 INFO tempest.common.waiters [-] State transition "BUILD/None" ==> "BUILD/networking" after 69 second wait
2025-03-10 17:16:09.321 68766 INFO tempest.lib.common.rest_client [req-039a1c20-838f-4ef0-a11b-102e2ad8f99d req-039a1c20-838f-4ef0-a11b-102e2ad8f99d ] Request (ServersTestJSON:test_create_server_specify_multibyte_character_name): 200 GET http://10.180.1.21/compute/v2.1/servers/1988c9b2-1c26-4d2c-b0c3-ff946dc22b08 0.399s
2025-03-10 17:16:09.341 68770 INFO tempest.lib.common.rest_client [req-66ef6309-ddf1-4529-aa7f-eba9a88369fd req-66ef6309-ddf1-4529-aa7f-eba9a88369fd ] Request (ServerAddressesNegativeTestJSON:setUpClass): 200 GET http://10.180.1.21/compute/v2.1/servers/786cca41-91eb-4b77-b365-4c19525352f1 0.315s
2025-03-10 17:16:09.382 68794 INFO tempest.lib.common.rest_client [req-fa037aec-ab24-4dc8-bcb7-9c61a6ad8c27 req-fa037aec-ab24-4dc8-bcb7-9c61a6ad8c27 ] Request (ServersAdminTestJSON:setUpClass): 200 GET http://10.180.1.21/compute/v2.1/servers/4d4cad44-0cb0-4bf0-80c4-9299d9bbf3ca 0.286s
2025-03-10 17:16:09.390 68794 INFO tempest.common.waiters [-] State transition "BUILD/scheduling" ==> "BUILD/None" after 36 second wait
2025-03-10 17:16:09.425 68740 INFO tempest.lib.common.rest_client [req-fbf769c5-c577-443d-97d9-22ccb3cd3d03 req-fbf769c5-c577-443d-97d9-22ccb3cd3d03 ] Request (ListImageFiltersTestJSON:setUpClass): 200 GET http://10.180.1.21/compute/v2.1/images/2f19f49c-ba3b-4e88-b577-12ea2f6b89a8 0.281s
2025-03-10 17:16:09.462 68736 INFO tempest.lib.common.rest_client [req-9753a4c8-ddf9-4283-a974-132ae3090296 req-9753a4c8-ddf9-4283-a974-132ae3090296 ] Request (ImagesNegativeTestJSON:tearDownClass): 200 PUT http://10.180.1.21:9696/networking/v2.0/routers/119fbd78-6389-413f-a472-61533d53e66c/remove_router_interface 0.935s
2025-03-10 17:16:09.491 68748 INFO tempest.lib.common.rest_client [req-111ea63f-1a38-4ce3-894e-50427e8901b8 req-111ea63f-1a38-4ce3-894e-50427e8901b8 ] Request (ServersWithSpecificFlavorTestJSON:test_verify_created_server_ephemeral_disk): 200 GET http://10.180.1.21/compute/v2.1/servers/021d8d7b-9609-4313-971d-f1a22b209751 0.209s
2025-03-10 17:16:09.496 68750 INFO tempest.lib.common.rest_client [req-c8c7b604-be8c-42eb-a4d3-6dea32fc0721 req-c8c7b604-be8c-42eb-a4d3-6dea32fc0721 ] Request (MigrationsAdminTest:test_list_migrations_in_flavor_resize_situation): 200 GET http://10.180.1.21/compute/v2.1/servers/0fae630c-c34d-4827-9557-2d3bdb3d7c50 0.388s
2025-03-10 17:16:09.558 68742 INFO tempest.lib.common.rest_client [req-d440dcbd-f56e-4327-a364-99d6c290ad32 req-d440dcbd-f56e-4327-a364-99d6c290ad32 ] Request (DeleteServersAdminTestJSON:test_delete_server_while_in_error_state): 200 GET http://10.180.1.21/compute/v2.1/servers/8e3abbd1-b483-450f-842b-811f51e18c19 0.194s
2025-03-10 17:16:09.629 68760 INFO tempest.lib.common.rest_client [req-0a516a2d-d8f5-4158-b05c-c9f429ed55c9 req-0a516a2d-d8f5-4158-b05c-c9f429ed55c9 ] Request (ServerActionsTestOtherA:setUpClass): 200 GET http://10.180.1.21/compute/v2.1/servers/1d581ed1-d175-46b9-bf25-83a6c4e4be0f 0.187s
2025-03-10 17:16:09.657 68784 INFO tempest.lib.common.rest_client [req-e950e62f-5ce5-4fd3-8ac1-1bd4f646ccd0 req-e950e62f-5ce5-4fd3-8ac1-1bd4f646ccd0 ] Request (ServerRescueTestJSON:tearDownClass): 200 GET http://10.180.1.21/compute/v2.1/servers/60d71f22-7779-4f3b-b56a-a8be6ce5ea68 0.323s
2025-03-10 17:16:09.753 68788 INFO tempest.lib.common.rest_client [req-85a34b37-f5ea-40bc-a59c-e0b5e5451f81 req-85a34b37-f5ea-40bc-a59c-e0b5e5451f81 ] Request (ImagesOneServerTestJSON:tearDownClass): 200 GET http://10.180.1.21/compute/v2.1/servers/680a5bb1-ac39-481f-9986-f33d0661bf32 0.240s
2025-03-10 17:16:09.847 68776 INFO tempest.lib.common.rest_client [req-4eaf05d1-0078-45b3-816d-12d804918a33 req-4eaf05d1-0078-45b3-816d-12d804918a33 ] Request (ServersAdminNegativeTestJSON:tearDownClass): 200 GET http://10.180.1.21/compute/v2.1/servers/8701a32f-e784-418a-ae13-87b1330e8c27 0.316s
2025-03-10 17:16:09.854 68776 INFO tempest.common.waiters [-] State transition "ACTIVE/deleting" ==> "DELETED/None" after 4 second wait
2025-03-10 17:16:09.868 68736 INFO tempest.lib.common.rest_client [req-7b98c6b1-c7c3-43eb-9526-cf313d24c9ed req-7b98c6b1-c7c3-43eb-9526-cf313d24c9ed ] Request (ImagesNegativeTestJSON:tearDownClass): 204 DELETE http://10.180.1.21:9696/networking/v2.0/routers/119fbd78-6389-413f-a472-61533d53e66c 0.405s
2025-03-10 17:16:09.929 68754 INFO tempest.lib.common.rest_client [req-1e08df24-5cfa-4f4b-a210-f3d5b25bfe6b req-1e08df24-5cfa-4f4b-a210-f3d5b25bfe6b ] Request (AttachInterfacesV270Test:test_create_get_list_interfaces): 200 GET http://10.180.1.21/compute/v2.1/servers/d96e8733-37f1-481e-b09d-b5491a4ae3f6 0.453s
2025-03-10 17:16:09.932 68764 INFO tempest.lib.common.rest_client [req-bf3394f7-7096-4707-a08d-d362b7c27eb9 req-bf3394f7-7096-4707-a08d-d362b7c27eb9 ] Request (MultipleCreateTestJSON:test_multiple_create): 200 GET http://10.180.1.21/compute/v2.1/servers/e93f14f8-8557-4828-ab17-2d613ee16984 0.330s
2025-03-10 17:16:09.943 68754 INFO tempest.common.waiters [-] State transition "BUILD/spawning" ==> "ACTIVE/None" after 74 second wait
2025-03-10 17:16:10.005 68736 INFO tempest.lib.common.rest_client [req-15b27696-8503-4037-97cb-b67da2dd402c req-15b27696-8503-4037-97cb-b67da2dd402c ] Request (ImagesNegativeTestJSON:tearDownClass): 204 DELETE http://10.180.1.21:9696/networking/v2.0/subnets/27bba565-6804-4703-b9c4-36edd0ece745 0.136s
2025-03-10 17:16:10.015 68768 INFO tempest.lib.common.rest_client [req-dae58989-da52-45b4-a4f0-ef13c21f950c req-dae58989-da52-45b4-a4f0-ef13c21f950c ] Request (InstanceActionsTestJSON:setUpClass): 200 GET http://10.180.1.21/compute/v2.1/servers/cd6b3cc8-8b28-4b93-8922-6bb7aa6ec8e1 0.298s
2025-03-10 17:16:10.026 68752 INFO tempest.lib.common.rest_client [req-f42c72df-67c8-4530-9831-9e0af8ce9c29 req-f42c72df-67c8-4530-9831-9e0af8ce9c29 ] Request (ServerMetadataNegativeTestJSON:setUpClass): 200 GET http://10.180.1.21/compute/v2.1/servers/e23b9fc0-7225-4734-9aa1-0c03bf494967 0.374s
2025-03-10 17:16:10.118 68762 INFO tempest.lib.common.rest_client [req-e8014e21-88a3-4890-8691-9af88fe997f8 req-e8014e21-88a3-4890-8691-9af88fe997f8 ] Request (ServerDiagnosticsV248Test:tearDownClass): 200 GET http://10.180.1.21/compute/v2.1/servers/6b159e34-84a8-45c0-a5e2-9a9d1799b3fc 0.183s
2025-03-10 17:16:10.210 68746 INFO tempest.lib.common.rest_client [req-4a68c088-4c19-4a14-b2a6-d28ea789191c req-4a68c088-4c19-4a14-b2a6-d28ea789191c ] Request (FloatingIPsAssociationTestJSON:setUpClass): 200 GET http://10.180.1.21/compute/v2.1/servers/83abfaa7-1fc4-4dfb-8a33-7018c44d650c 0.347s
2025-03-10 17:16:10.264 68736 INFO tempest.lib.common.rest_client [req-c329e247-d607-4a7f-9e19-39a89d8598f6 req-c329e247-d607-4a7f-9e19-39a89d8598f6 ] Request (ImagesNegativeTestJSON:tearDownClass): 204 DELETE http://10.180.1.21:9696/networking/v2.0/networks/a75abcd0-b2bf-4802-a6b2-9fe41587e766 0.259s
2025-03-10 17:16:10.358 68736 INFO tempest.lib.common.rest_client [req-7edb38fb-9411-423b-8cbe-43c921e4327f req-7edb38fb-9411-423b-8cbe-43c921e4327f ] Request (ImagesNegativeTestJSON:tearDownClass): 204 DELETE http://10.180.1.21/identity/v3/users/aa0d0581d0c0444089caefe9d9be944a 0.093s
2025-03-10 17:16:10.358 68736 INFO tempest.lib.common.dynamic_creds [-] Deleting project and security group for project: 57ae00e3f85c4e3c83cb9cd9f7f04f98
2025-03-10 17:16:10.389 68736 INFO tempest.lib.common.rest_client [req-b0d49d7c-3035-4860-b513-2dd4dd61bf34 req-b0d49d7c-3035-4860-b513-2dd4dd61bf34 ] Request (ImagesNegativeTestJSON:tearDownClass): 200 GET http://10.180.1.21:9696/networking/v2.0/security-groups?tenant_id=57ae00e3f85c4e3c83cb9cd9f7f04f98&name=default 0.030s
2025-03-10 17:16:10.397 68780 INFO tempest.lib.common.rest_client [req-9ba7dae2-606b-4646-a207-fca9899095a7 req-9ba7dae2-606b-4646-a207-fca9899095a7 ] Request (ServersTestMultiNic:_run_cleanups): 200 GET http://10.180.1.21/compute/v2.1/servers/98a605b2-4b2d-4f56-9ea2-344a660bec54 0.334s
2025-03-10 17:16:10.479 68758 INFO tempest.lib.common.rest_client [req-7ba9b474-6df9-4288-82e2-bfcdcef60377 req-7ba9b474-6df9-4288-82e2-bfcdcef60377 ] Request (ServersAdmin275Test:_run_cleanups): 200 GET http://10.180.1.21/compute/v2.1/servers/7ddca307-cc43-46fb-863d-78762a26b0d0 0.319s
2025-03-10 17:16:10.488 68736 INFO tempest.lib.common.rest_client [req-e1c36b60-a348-4e47-a263-cdfff79affbd req-e1c36b60-a348-4e47-a263-cdfff79affbd ] Request (ImagesNegativeTestJSON:tearDownClass): 204 DELETE http://10.180.1.21:9696/networking/v2.0/security-groups/776f7e6f-a42a-4d6c-aeee-fec19d07e90a 0.099s
2025-03-10 17:16:10.554 68774 INFO tempest.lib.common.rest_client [req-96666f94-b8cc-43c8-aa2d-975c6f718c36 req-96666f94-b8cc-43c8-aa2d-975c6f718c36 ] Request (ImagesOneServerNegativeTestJSON:_run_cleanups): 200 GET http://10.180.1.21/compute/v2.1/servers/dc2414d3-13dc-4588-91d1-6036e408505e 0.346s
2025-03-10 17:16:10.565 68774 INFO tempest.common.waiters [-] State transition "BUILD/scheduling" ==> "BUILD/None" after 36 second wait
2025-03-10 17:16:10.594 68736 INFO tempest.lib.common.rest_client [req-e7e4b522-b56d-4316-a497-d69bb54b15ee req-e7e4b522-b56d-4316-a497-d69bb54b15ee ] Request (ImagesNegativeTestJSON:tearDownClass): 204 DELETE http://10.180.1.21/identity/v3/projects/57ae00e3f85c4e3c83cb9cd9f7f04f98 0.105s
2025-03-10 17:16:10.681 68738 INFO tempest.lib.common.rest_client [req-73a483cd-5eb8-4156-b4af-a0450c901f5a req-73a483cd-5eb8-4156-b4af-a0450c901f5a ] Request (ServersV294TestFqdnHostnames:setUpClass): 200 GET http://10.180.1.21/compute/v2.1/servers/b79c1f42-b7e0-4c2a-87eb-bb266e620058 0.396s
2025-03-10 17:16:10.691 68738 INFO tempest.common.waiters [-] State transition "BUILD/networking" ==> "BUILD/spawning" after 70 second wait
2025-03-10 17:16:10.738 68766 INFO tempest.lib.common.rest_client [req-b6d0b3af-4f19-4a87-9e71-4e99c63a00f2 req-b6d0b3af-4f19-4a87-9e71-4e99c63a00f2 ] Request (ServersTestJSON:test_create_server_specify_multibyte_character_name): 200 GET http://10.180.1.21/compute/v2.1/servers/1988c9b2-1c26-4d2c-b0c3-ff946dc22b08 0.408s
2025-03-10 17:16:10.785 68770 INFO tempest.lib.common.rest_client [req-4a9c4fdb-690e-4875-aebf-e01f6da09eb4 req-4a9c4fdb-690e-4875-aebf-e01f6da09eb4 ] Request (ServerAddressesNegativeTestJSON:setUpClass): 200 GET http://10.180.1.21/compute/v2.1/servers/786cca41-91eb-4b77-b365-4c19525352f1 0.433s
2025-03-10 17:16:10.840 68794 INFO tempest.lib.common.rest_client [req-6a801f45-a87a-4bc5-86b7-77247b8cfe16 req-6a801f45-a87a-4bc5-86b7-77247b8cfe16 ] Request (ServersAdminTestJSON:setUpClass): 200 GET http://10.180.1.21/compute/v2.1/servers/4d4cad44-0cb0-4bf0-80c4-9299d9bbf3ca 0.450s
2025-03-10 17:16:10.872 68740 INFO tempest.lib.common.rest_client [req-08844292-1bd6-48a3-aad4-d78c3177cec6 req-08844292-1bd6-48a3-aad4-d78c3177cec6 ] Request (ListImageFiltersTestJSON:setUpClass): 200 GET http://10.180.1.21/compute/v2.1/images/2f19f49c-ba3b-4e88-b577-12ea2f6b89a8 0.441s
2025-03-10 17:16:10.917 68748 INFO tempest.lib.common.rest_client [req-0290e5d4-f348-4411-bbb8-b68ab5ab5ac6 req-0290e5d4-f348-4411-bbb8-b68ab5ab5ac6 ] Request (ServersWithSpecificFlavorTestJSON:test_verify_created_server_ephemeral_disk): 200 GET http://10.180.1.21/compute/v2.1/servers/021d8d7b-9609-4313-971d-f1a22b209751 0.415s
2025-03-10 17:16:11.059 68750 INFO tempest.lib.common.rest_client [req-1d9dc1c9-1767-4045-ae48-d3ef8130720b req-1d9dc1c9-1767-4045-ae48-d3ef8130720b ] Request (MigrationsAdminTest:test_list_migrations_in_flavor_resize_situation): 200 GET http://10.180.1.21/compute/v2.1/servers/0fae630c-c34d-4827-9557-2d3bdb3d7c50 0.555s
2025-03-10 17:16:11.080 68756 WARNING tempest.lib.common.ssh [-] Failed to establish authenticated ssh connection to cirros@10.180.180.141 ([Errno None] Unable to connect to port 22 on 10.180.180.141). Number attempts: 2. Retry after 3 seconds.: paramiko.ssh_exception.NoValidConnectionsError: [Errno None] Unable to connect to port 22 on 10.180.180.141
2025-03-10 17:16:11.081 68744 WARNING tempest.lib.common.ssh [-] Failed to establish authenticated ssh connection to cirros@10.180.180.184 ([Errno None] Unable to connect to port 22 on 10.180.180.184). Number attempts: 8. Retry after 9 seconds.: paramiko.ssh_exception.NoValidConnectionsError: [Errno None] Unable to connect to port 22 on 10.180.180.184
2025-03-10 17:16:11.108 68742 INFO tempest.lib.common.rest_client [req-572d100b-4e0b-4fcb-bc1b-bc064c77b9b6 req-572d100b-4e0b-4fcb-bc1b-bc064c77b9b6 ] Request (DeleteServersAdminTestJSON:test_delete_server_while_in_error_state): 200 GET http://10.180.1.21/compute/v2.1/servers/8e3abbd1-b483-450f-842b-811f51e18c19 0.541s
2025-03-10 17:16:11.155 68760 INFO tempest.lib.common.rest_client [req-f2348a2a-a630-41b4-89db-b00f6b92557b req-f2348a2a-a630-41b4-89db-b00f6b92557b ] Request (ServerActionsTestOtherA:setUpClass): 200 GET http://10.180.1.21/compute/v2.1/servers/1d581ed1-d175-46b9-bf25-83a6c4e4be0f 0.514s
2025-03-10 17:16:11.207 68784 INFO tempest.lib.common.rest_client [req-29125475-0443-4e4f-87bc-4edcd0f5def7 req-29125475-0443-4e4f-87bc-4edcd0f5def7 ] Request (ServerRescueTestJSON:tearDownClass): 200 GET http://10.180.1.21/compute/v2.1/servers/60d71f22-7779-4f3b-b56a-a8be6ce5ea68 0.538s
2025-03-10 17:16:11.270 68788 INFO tempest.lib.common.rest_client [req-6d2d9fe5-7056-40bf-a484-22f4a202011f req-6d2d9fe5-7056-40bf-a484-22f4a202011f ] Request (ImagesOneServerTestJSON:tearDownClass): 200 GET http://10.180.1.21/compute/v2.1/servers/680a5bb1-ac39-481f-9986-f33d0661bf32 0.508s
2025-03-10 17:16:11.338 68796 WARNING tempest.lib.common.ssh [-] Failed to establish authenticated ssh connection to cirros@10.180.180.214 ([Errno None] Unable to connect to port 22 on 10.180.180.214). Number attempts: 1. Retry after 2 seconds.: paramiko.ssh_exception.NoValidConnectionsError: [Errno None] Unable to connect to port 22 on 10.180.180.214
2025-03-10 17:16:11.345 68776 INFO tempest.lib.common.rest_client [req-9f20b8d1-ac79-49dd-8759-3271b765192d req-9f20b8d1-ac79-49dd-8759-3271b765192d ] Request (ServersAdminNegativeTestJSON:tearDownClass): 200 GET http://10.180.1.21/compute/v2.1/servers/8701a32f-e784-418a-ae13-87b1330e8c27 0.490s
2025-03-10 17:16:11.401 68764 INFO tempest.lib.common.rest_client [req-6573bef2-9511-4ee3-8d20-3b56415afe0f req-6573bef2-9511-4ee3-8d20-3b56415afe0f ] Request (MultipleCreateTestJSON:test_multiple_create): 200 GET http://10.180.1.21/compute/v2.1/servers/e93f14f8-8557-4828-ab17-2d613ee16984 0.458s
2025-03-10 17:16:11.450 68768 INFO tempest.lib.common.rest_client [req-f78b9a10-f4cd-4842-9fdc-0fa49402e883 req-f78b9a10-f4cd-4842-9fdc-0fa49402e883 ] Request (InstanceActionsTestJSON:setUpClass): 200 GET http://10.180.1.21/compute/v2.1/servers/cd6b3cc8-8b28-4b93-8922-6bb7aa6ec8e1 0.419s
2025-03-10 17:16:11.497 68752 INFO tempest.lib.common.rest_client [req-81151959-bfa4-4abb-925c-0e3e804bd0f7 req-81151959-bfa4-4abb-925c-0e3e804bd0f7 ] Request (ServerMetadataNegativeTestJSON:setUpClass): 200 GET http://10.180.1.21/compute/v2.1/servers/e23b9fc0-7225-4734-9aa1-0c03bf494967 0.460s
2025-03-10 17:16:11.568 68762 INFO tempest.lib.common.rest_client [req-1693bb37-8f43-42f7-b7df-854e456adc36 req-1693bb37-8f43-42f7-b7df-854e456adc36 ] Request (ServerDiagnosticsV248Test:tearDownClass): 200 GET http://10.180.1.21/compute/v2.1/servers/6b159e34-84a8-45c0-a5e2-9a9d1799b3fc 0.440s
2025-03-10 17:16:11.785 68746 INFO tempest.lib.common.rest_client [req-57cbf470-fc07-4dbc-89eb-43691732b760 req-57cbf470-fc07-4dbc-89eb-43691732b760 ] Request (FloatingIPsAssociationTestJSON:setUpClass): 200 GET http://10.180.1.21/compute/v2.1/servers/83abfaa7-1fc4-4dfb-8a33-7018c44d650c 0.565s
2025-03-10 17:16:12.297 68780 INFO tempest.lib.common.rest_client [req-d1cc9886-f8ea-4a64-ba7e-07ff6e0b5228 req-d1cc9886-f8ea-4a64-ba7e-07ff6e0b5228 ] Request (ServersTestMultiNic:_run_cleanups): 200 GET http://10.180.1.21/compute/v2.1/servers/98a605b2-4b2d-4f56-9ea2-344a660bec54 0.890s
2025-03-10 17:16:12.346 68786 WARNING tempest.lib.common.ssh [-] Failed to establish authenticated ssh connection to cirros@10.180.180.252 ([Errno None] Unable to connect to port 22 on 10.180.180.252). Number attempts: 3. Retry after 4 seconds.: paramiko.ssh_exception.NoValidConnectionsError: [Errno None] Unable to connect to port 22 on 10.180.180.252
2025-03-10 17:16:12.393 68758 INFO tempest.lib.common.rest_client [req-dc7930ed-a428-496e-be50-19edc0033434 req-dc7930ed-a428-496e-be50-19edc0033434 ] Request (ServersAdmin275Test:_run_cleanups): 200 GET http://10.180.1.21/compute/v2.1/servers/7ddca307-cc43-46fb-863d-78762a26b0d0 0.903s
2025-03-10 17:16:12.474 68774 INFO tempest.lib.common.rest_client [req-97a1d6a7-da20-4c7d-81b0-266613c3a995 req-97a1d6a7-da20-4c7d-81b0-266613c3a995 ] Request (ImagesOneServerNegativeTestJSON:_run_cleanups): 200 GET http://10.180.1.21/compute/v2.1/servers/dc2414d3-13dc-4588-91d1-6036e408505e 0.907s
2025-03-10 17:16:12.702 68738 INFO tempest.lib.common.rest_client [req-9f21f942-c484-4770-a206-9199fd6b6961 req-9f21f942-c484-4770-a206-9199fd6b6961 ] Request (ServersV294TestFqdnHostnames:setUpClass): 200 GET http://10.180.1.21/compute/v2.1/servers/b79c1f42-b7e0-4c2a-87eb-bb266e620058 1.009s
2025-03-10 17:16:12.707 68782 WARNING tempest.lib.common.ssh [-] Failed to establish authenticated ssh connection to cirros@10.180.180.159 ([Errno None] Unable to connect to port 22 on 10.180.180.159). Number attempts: 4. Retry after 5 seconds.: paramiko.ssh_exception.NoValidConnectionsError: [Errno None] Unable to connect to port 22 on 10.180.180.159
2025-03-10 17:16:12.892 68792 INFO paramiko.transport [-] Connected (version 2.0, client dropbear_2020.81)
2025-03-10 17:16:12.986 68766 INFO tempest.lib.common.rest_client [req-5c60d05e-9604-4add-875a-0831e5402f80 req-5c60d05e-9604-4add-875a-0831e5402f80 ] Request (ServersTestJSON:test_create_server_specify_multibyte_character_name): 200 GET http://10.180.1.21/compute/v2.1/servers/1988c9b2-1c26-4d2c-b0c3-ff946dc22b08 1.240s
2025-03-10 17:16:12.994 68766 INFO tempest.common.waiters [-] State transition "BUILD/None" ==> "BUILD/block_device_mapping" after 72 second wait
2025-03-10 17:16:12.998 68792 INFO paramiko.transport [-] Authentication (publickey) successful!
2025-03-10 17:16:12.999 68792 INFO tempest.lib.common.ssh [-] ssh connection to cirros@10.180.180.138 successfully created
2025-03-10 17:16:13.042 68770 INFO tempest.lib.common.rest_client [req-3f12869e-64e7-4999-9e22-8eeaae0b3edb req-3f12869e-64e7-4999-9e22-8eeaae0b3edb ] Request (ServerAddressesNegativeTestJSON:setUpClass): 200 GET http://10.180.1.21/compute/v2.1/servers/786cca41-91eb-4b77-b365-4c19525352f1 1.243s
2025-03-10 17:16:13.097 68794 INFO tempest.lib.common.rest_client [req-2a4c6c9a-0f47-40eb-b6ea-0a198e6f557b req-2a4c6c9a-0f47-40eb-b6ea-0a198e6f557b ] Request (ServersAdminTestJSON:setUpClass): 200 GET http://10.180.1.21/compute/v2.1/servers/4d4cad44-0cb0-4bf0-80c4-9299d9bbf3ca 1.249s
2025-03-10 17:16:13.129 68740 INFO tempest.lib.common.rest_client [req-1a97c48f-06df-426b-b41f-126b986a6775 req-1a97c48f-06df-426b-b41f-126b986a6775 ] Request (ListImageFiltersTestJSON:setUpClass): 200 GET http://10.180.1.21/compute/v2.1/images/2f19f49c-ba3b-4e88-b577-12ea2f6b89a8 1.253s
2025-03-10 17:16:13.167 68754 INFO tempest.lib.common.rest_client [req-cff55813-b1a9-4a56-b2ba-ac10d0cbc286 req-cff55813-b1a9-4a56-b2ba-ac10d0cbc286 ] Request (AttachInterfacesV270Test:test_create_get_list_interfaces): 400 POST http://10.180.1.21/compute/v2.1/servers/d96e8733-37f1-481e-b09d-b5491a4ae3f6/os-interface 3.224s
2025-03-10 17:16:13.186 68748 INFO tempest.lib.common.rest_client [req-ab005be4-3d99-4fe4-9f93-fafb4043fe29 req-ab005be4-3d99-4fe4-9f93-fafb4043fe29 ] Request (ServersWithSpecificFlavorTestJSON:test_verify_created_server_ephemeral_disk): 200 GET http://10.180.1.21/compute/v2.1/servers/021d8d7b-9609-4313-971d-f1a22b209751 1.259s
2025-03-10 17:16:13.248 68742 INFO tempest.lib.common.rest_client [req-a7cdc8b4-74f5-4982-a907-08272f6c48ef req-a7cdc8b4-74f5-4982-a907-08272f6c48ef ] Request (DeleteServersAdminTestJSON:test_delete_server_while_in_error_state): 200 GET http://10.180.1.21/compute/v2.1/servers/8e3abbd1-b483-450f-842b-811f51e18c19 1.130s
2025-03-10 17:16:13.303 68760 INFO tempest.lib.common.rest_client [req-56afb6be-5cb6-4cc0-a0a9-8fa90c9e949c req-56afb6be-5cb6-4cc0-a0a9-8fa90c9e949c ] Request (ServerActionsTestOtherA:setUpClass): 200 GET http://10.180.1.21/compute/v2.1/servers/1d581ed1-d175-46b9-bf25-83a6c4e4be0f 1.139s
2025-03-10 17:16:13.316 68750 INFO tempest.lib.common.rest_client [req-0a20f92a-e3a0-4f95-912d-679ad99465de req-0a20f92a-e3a0-4f95-912d-679ad99465de ] Request (MigrationsAdminTest:test_list_migrations_in_flavor_resize_situation): 200 GET http://10.180.1.21/compute/v2.1/servers/0fae630c-c34d-4827-9557-2d3bdb3d7c50 1.248s
2025-03-10 17:16:13.384 68784 INFO tempest.lib.common.rest_client [req-e314d0e6-f233-4d82-a784-52e04a0ff15b req-e314d0e6-f233-4d82-a784-52e04a0ff15b ] Request (ServerRescueTestJSON:tearDownClass): 200 GET http://10.180.1.21/compute/v2.1/servers/60d71f22-7779-4f3b-b56a-a8be6ce5ea68 1.168s
2025-03-10 17:16:13.386 68788 INFO tempest.lib.common.rest_client [req-fdb49cd3-186f-4f04-ba56-e0c5e1cdbae1 req-fdb49cd3-186f-4f04-ba56-e0c5e1cdbae1 ] Request (ImagesOneServerTestJSON:tearDownClass): 200 GET http://10.180.1.21/compute/v2.1/servers/680a5bb1-ac39-481f-9986-f33d0661bf32 1.108s
2025-03-10 17:16:13.392 68784 INFO tempest.common.waiters [-] State transition "ACTIVE/deleting" ==> "DELETED/None" after 5 second wait
2025-03-10 17:16:13.442 68764 INFO tempest.lib.common.rest_client [req-9a780828-6f08-4211-8018-cbbc689d0d10 req-9a780828-6f08-4211-8018-cbbc689d0d10 ] Request (MultipleCreateTestJSON:test_multiple_create): 200 GET http://10.180.1.21/compute/v2.1/servers/e93f14f8-8557-4828-ab17-2d613ee16984 1.033s
2025-03-10 17:16:13.456 68776 INFO tempest.lib.common.rest_client [req-fc3f305f-bdf2-4837-b563-d173cedf01b0 req-fc3f305f-bdf2-4837-b563-d173cedf01b0 ] Request (ServersAdminNegativeTestJSON:tearDownClass): 200 GET http://10.180.1.21/compute/v2.1/servers/8701a32f-e784-418a-ae13-87b1330e8c27 1.102s
2025-03-10 17:16:13.507 68752 INFO tempest.lib.common.rest_client [req-96d799b2-22c7-4bce-9e5f-a40401309d1f req-96d799b2-22c7-4bce-9e5f-a40401309d1f ] Request (ServerMetadataNegativeTestJSON:setUpClass): 200 GET http://10.180.1.21/compute/v2.1/servers/e23b9fc0-7225-4734-9aa1-0c03bf494967 0.999s
2025-03-10 17:16:13.515 68768 INFO tempest.lib.common.rest_client [req-52fdc49c-4ae8-4cc9-9e32-be35aa81eae0 req-52fdc49c-4ae8-4cc9-9e32-be35aa81eae0 ] Request (InstanceActionsTestJSON:setUpClass): 200 GET http://10.180.1.21/compute/v2.1/servers/cd6b3cc8-8b28-4b93-8922-6bb7aa6ec8e1 1.056s
2025-03-10 17:16:13.554 68778 WARNING tempest.lib.common.ssh [-] Failed to establish authenticated ssh connection to cirros@10.180.180.250 ([Errno None] Unable to connect to port 22 on 10.180.180.250). Number attempts: 9. Retry after 10 seconds.: paramiko.ssh_exception.NoValidConnectionsError: [Errno None] Unable to connect to port 22 on 10.180.180.250
2025-03-10 17:16:13.582 68762 INFO tempest.lib.common.rest_client [req-15cbf90d-9284-41a2-8056-1696107168ee req-15cbf90d-9284-41a2-8056-1696107168ee ] Request (ServerDiagnosticsV248Test:tearDownClass): 200 GET http://10.180.1.21/compute/v2.1/servers/6b159e34-84a8-45c0-a5e2-9a9d1799b3fc 1.004s
2025-03-10 17:16:13.653 68746 INFO tempest.lib.common.rest_client [req-00b6ec05-f970-4609-96f0-7408cc1d22d9 req-00b6ec05-f970-4609-96f0-7408cc1d22d9 ] Request (FloatingIPsAssociationTestJSON:setUpClass): 200 GET http://10.180.1.21/compute/v2.1/servers/83abfaa7-1fc4-4dfb-8a33-7018c44d650c 0.853s
2025-03-10 17:16:13.660 68746 INFO tempest.common.waiters [-] State transition "BUILD/spawning" ==> "ACTIVE/None" after 73 second wait
2025-03-10 17:16:13.686 68740 INFO tempest.lib.common.rest_client [req-9d163228-43fb-4dde-a032-8339aca3e55e req-9d163228-43fb-4dde-a032-8339aca3e55e ] Request (ListImageFiltersTestJSON:setUpClass): 200 GET http://10.180.1.21/compute/v2.1/images/2f19f49c-ba3b-4e88-b577-12ea2f6b89a8 0.553s
2025-03-10 17:16:13.694 68792 INFO tempest.lib.common.rest_client [req-c540e18e-c6da-4506-a88e-59d15cb32c16 req-c540e18e-c6da-4506-a88e-59d15cb32c16 ] Request (ServersTestBootFromVolume:test_list_servers): 200 GET http://10.180.1.21/compute/v2.1/servers 0.682s
2025-03-10 17:16:13.743 68780 INFO tempest.lib.common.rest_client [req-83a5af87-8181-46b2-98fa-6b3e03a28e6a req-83a5af87-8181-46b2-98fa-6b3e03a28e6a ] Request (ServersTestMultiNic:_run_cleanups): 200 GET http://10.180.1.21/compute/v2.1/servers/98a605b2-4b2d-4f56-9ea2-344a660bec54 0.436s
2025-03-10 17:16:13.772 68754 INFO tempest.lib.common.rest_client [req-0c82da69-f1e0-446c-ba61-8fa622fa45a5 req-0c82da69-f1e0-446c-ba61-8fa622fa45a5 ] Request (AttachInterfacesV270Test:tearDownClass): 204 DELETE http://10.180.1.21/compute/v2.1/servers/d96e8733-37f1-481e-b09d-b5491a4ae3f6 0.602s
2025-03-10 17:16:13.806 68758 INFO tempest.lib.common.rest_client [req-b434a342-6370-48b9-ae9a-c6652861b7a1 req-b434a342-6370-48b9-ae9a-c6652861b7a1 ] Request (ServersAdmin275Test:_run_cleanups): 200 GET http://10.180.1.21/compute/v2.1/servers/7ddca307-cc43-46fb-863d-78762a26b0d0 0.398s
2025-03-10 17:16:13.837 68774 INFO tempest.lib.common.rest_client [req-fc08db55-3c8b-4a34-8a87-c6583399420e req-fc08db55-3c8b-4a34-8a87-c6583399420e ] Request (ImagesOneServerNegativeTestJSON:_run_cleanups): 200 GET http://10.180.1.21/compute/v2.1/servers/dc2414d3-13dc-4588-91d1-6036e408505e 0.354s
2025-03-10 17:16:13.950 68740 INFO tempest.lib.common.rest_client [req-ee81e9c5-13c2-4572-a3cf-e1c64107510d req-ee81e9c5-13c2-4572-a3cf-e1c64107510d ] Request (ListImageFiltersTestJSON:setUpClass): 200 GET http://10.180.1.21/compute/v2.1/servers/46b85b3f-5e89-4cf4-b45c-b628ffe6e056 0.259s
2025-03-10 17:16:14.216 68792 INFO tempest.lib.common.rest_client [req-75437517-deea-4d9c-92f1-22a5b3516efe req-75437517-deea-4d9c-92f1-22a5b3516efe ] Request (ServersTestBootFromVolume:test_list_servers_with_detail): 200 GET http://10.180.1.21/compute/v2.1/servers/detail 0.519s
2025-03-10 17:16:14.336 68738 INFO tempest.lib.common.rest_client [req-9d00830c-a95c-4051-ad83-0664063d9523 req-9d00830c-a95c-4051-ad83-0664063d9523 ] Request (ServersV294TestFqdnHostnames:setUpClass): 200 GET http://10.180.1.21/compute/v2.1/servers/b79c1f42-b7e0-4c2a-87eb-bb266e620058 0.624s
2025-03-10 17:16:14.464 68754 INFO tempest.lib.common.rest_client [req-857314cc-d82f-4c7c-9bb0-0e839e0cb202 req-857314cc-d82f-4c7c-9bb0-0e839e0cb202 ] Request (AttachInterfacesV270Test:tearDownClass): 200 GET http://10.180.1.21/compute/v2.1/servers/d96e8733-37f1-481e-b09d-b5491a4ae3f6 0.692s
2025-03-10 17:16:14.484 68746 INFO tempest.lib.common.rest_client [req-3c918e67-75bb-40d5-bfe6-d7ca606cf9c0 req-3c918e67-75bb-40d5-bfe6-d7ca606cf9c0 ] Request (FloatingIPsAssociationTestJSON:setUpClass): 200 POST http://10.180.1.21/compute/v2.1/os-floating-ips 0.823s
2025-03-10 17:16:14.535 68770 INFO tempest.lib.common.rest_client [req-c63081ee-1f2f-453f-880e-763113e39989 req-c63081ee-1f2f-453f-880e-763113e39989 ] Request (ServerAddressesNegativeTestJSON:setUpClass): 200 GET http://10.180.1.21/compute/v2.1/servers/786cca41-91eb-4b77-b365-4c19525352f1 0.482s
2025-03-10 17:16:14.566 68746 INFO tempest.lib.common.rest_client [req-ee1dc1f4-92b4-44fa-8553-1b73b88a1e6e req-ee1dc1f4-92b4-44fa-8553-1b73b88a1e6e ] Request (FloatingIPsAssociationTestJSON:test_associate_already_associated_floating_ip): 201 POST http://10.180.1.21/identity/v3/auth/tokens 0.076s
2025-03-10 17:16:14.566 68746 INFO tempest.lib.common.fixed_network [-] (FloatingIPsAssociationTestJSON:test_associate_already_associated_floating_ip) Found network {'id': 'ba418401-3719-4ce4-ade4-3ebab02801e4', 'name': 'tempest-FloatingIPsAssociationTestJSON-641117451-network', 'tenant_id': '4b41eebd52b74d839eae664ed3a0bfd4', 'admin_state_up': True, 'mtu': 8950, 'status': 'ACTIVE', 'subnets': [], 'shared': False, 'project_id': '4b41eebd52b74d839eae664ed3a0bfd4', 'port_security_enabled': True, 'router:external': False, 'provider:network_type': 'vlan', 'provider:physical_network': 'default', 'provider:segmentation_id': 997, 'availability_zone_hints': [], 'availability_zones': [], 'ipv4_address_scope': None, 'ipv6_address_scope': None, 'description': '', 'tags': [], 'created_at': '2025-03-10T17:14:53Z', 'updated_at': '2025-03-10T17:14:53Z', 'revision_number': 1} available for tenant
2025-03-10 17:16:14.569 68766 INFO tempest.lib.common.rest_client [req-2a364efe-4cd9-4558-aee5-62df1f47426b req-2a364efe-4cd9-4558-aee5-62df1f47426b ] Request (ServersTestJSON:test_create_server_specify_multibyte_character_name): 200 GET http://10.180.1.21/compute/v2.1/servers/1988c9b2-1c26-4d2c-b0c3-ff946dc22b08 0.573s
2025-03-10 17:16:14.577 68766 INFO tempest.common.waiters [-] State transition "BUILD/block_device_mapping" ==> "BUILD/spawning" after 74 second wait
2025-03-10 17:16:14.585 68756 WARNING tempest.lib.common.ssh [-] Failed to establish authenticated ssh connection to cirros@10.180.180.141 ([Errno None] Unable to connect to port 22 on 10.180.180.141). Number attempts: 3. Retry after 4 seconds.: paramiko.ssh_exception.NoValidConnectionsError: [Errno None] Unable to connect to port 22 on 10.180.180.141
2025-03-10 17:16:14.588 68794 INFO tempest.lib.common.rest_client [req-43589d62-467a-4cd1-b246-9f8b665265b5 req-43589d62-467a-4cd1-b246-9f8b665265b5 ] Request (ServersAdminTestJSON:setUpClass): 200 GET http://10.180.1.21/compute/v2.1/servers/4d4cad44-0cb0-4bf0-80c4-9299d9bbf3ca 0.484s
2025-03-10 17:16:14.603 68792 INFO tempest.lib.common.rest_client [req-1208567f-6eb9-491a-8383-8601e02463f6 req-1208567f-6eb9-491a-8383-8601e02463f6 ] Request (ServersTestBootFromVolume:test_verify_created_server_vcpus): 200 GET http://10.180.1.21/compute/v2.1/flavors/42 0.377s
2025-03-10 17:16:14.605 68792 INFO tempest.lib.common.ssh [-] Creating ssh connection to '10.180.180.138:22' as 'cirros' with public key authentication
2025-03-10 17:16:14.611 68792 INFO paramiko.transport [-] Connected (version 2.0, client dropbear_2020.81)
2025-03-10 17:16:14.615 68748 INFO tempest.lib.common.rest_client [req-42403e38-1f01-495d-98a1-e38cf18025dc req-42403e38-1f01-495d-98a1-e38cf18025dc ] Request (ServersWithSpecificFlavorTestJSON:test_verify_created_server_ephemeral_disk): 200 GET http://10.180.1.21/compute/v2.1/servers/021d8d7b-9609-4313-971d-f1a22b209751 0.418s
2025-03-10 17:16:14.656 68742 INFO tempest.lib.common.rest_client [req-3c791456-6756-44f0-b63e-5ba89c76026a req-3c791456-6756-44f0-b63e-5ba89c76026a ] Request (DeleteServersAdminTestJSON:test_delete_server_while_in_error_state): 200 GET http://10.180.1.21/compute/v2.1/servers/8e3abbd1-b483-450f-842b-811f51e18c19 0.390s
2025-03-10 17:16:14.666 68760 INFO tempest.lib.common.rest_client [req-2d446ac9-3d34-4f1b-99ff-7c3b0752a31c req-2d446ac9-3d34-4f1b-99ff-7c3b0752a31c ] Request (ServerActionsTestOtherA:setUpClass): 200 GET http://10.180.1.21/compute/v2.1/servers/1d581ed1-d175-46b9-bf25-83a6c4e4be0f 0.354s
2025-03-10 17:16:14.713 68792 INFO paramiko.transport [-] Authentication (publickey) successful!
2025-03-10 17:16:14.713 68792 INFO tempest.lib.common.ssh [-] ssh connection to cirros@10.180.180.138 successfully created
2025-03-10 17:16:14.731 68784 INFO tempest.lib.common.rest_client [req-4c8272d2-44cd-453e-bbc0-e194e7420fce req-4c8272d2-44cd-453e-bbc0-e194e7420fce ] Request (ServerRescueTestJSON:tearDownClass): 200 GET http://10.180.1.21/compute/v2.1/servers/60d71f22-7779-4f3b-b56a-a8be6ce5ea68 0.337s
2025-03-10 17:16:14.780 68750 INFO tempest.lib.common.rest_client [req-784075d2-304d-46f7-bae6-eb0d5260e7e7 req-784075d2-304d-46f7-bae6-eb0d5260e7e7 ] Request (MigrationsAdminTest:test_list_migrations_in_flavor_resize_situation): 200 GET http://10.180.1.21/compute/v2.1/servers/0fae630c-c34d-4827-9557-2d3bdb3d7c50 0.456s
2025-03-10 17:16:14.787 68788 INFO tempest.lib.common.rest_client [req-491016e2-1601-445d-9fbe-96445a8778fc req-491016e2-1601-445d-9fbe-96445a8778fc ] Request (ImagesOneServerTestJSON:tearDownClass): 200 GET http://10.180.1.21/compute/v2.1/servers/680a5bb1-ac39-481f-9986-f33d0661bf32 0.392s
2025-03-10 17:16:14.830 68764 INFO tempest.lib.common.rest_client [req-99a2438c-0746-4084-a6cf-64eb2112c42a req-99a2438c-0746-4084-a6cf-64eb2112c42a ] Request (MultipleCreateTestJSON:test_multiple_create): 200 GET http://10.180.1.21/compute/v2.1/servers/e93f14f8-8557-4828-ab17-2d613ee16984 0.377s
2025-03-10 17:16:14.851 68776 INFO tempest.lib.common.rest_client [req-dce673e5-eebf-44c8-9244-f7464bda4220 req-dce673e5-eebf-44c8-9244-f7464bda4220 ] Request (ServersAdminNegativeTestJSON:tearDownClass): 200 GET http://10.180.1.21/compute/v2.1/servers/8701a32f-e784-418a-ae13-87b1330e8c27 0.388s
2025-03-10 17:16:14.925 68752 INFO tempest.lib.common.rest_client [req-8e468c9e-7725-4436-8274-d1c96ad0b0f5 req-8e468c9e-7725-4436-8274-d1c96ad0b0f5 ] Request (ServerMetadataNegativeTestJSON:setUpClass): 200 GET http://10.180.1.21/compute/v2.1/servers/e23b9fc0-7225-4734-9aa1-0c03bf494967 0.410s
2025-03-10 17:16:14.927 68768 INFO tempest.lib.common.rest_client [req-1c66def9-faea-4fd8-a912-8211b0768412 req-1c66def9-faea-4fd8-a912-8211b0768412 ] Request (InstanceActionsTestJSON:setUpClass): 200 GET http://10.180.1.21/compute/v2.1/servers/cd6b3cc8-8b28-4b93-8922-6bb7aa6ec8e1 0.403s
2025-03-10 17:16:14.932 68752 INFO tempest.common.waiters [-] State transition "BUILD/scheduling" ==> "BUILD/None" after 15 second wait
2025-03-10 17:16:14.959 68762 INFO tempest.lib.common.rest_client [req-5f94f761-0495-4795-912a-4c4450c041de req-5f94f761-0495-4795-912a-4c4450c041de ] Request (ServerDiagnosticsV248Test:tearDownClass): 404 GET http://10.180.1.21/compute/v2.1/servers/6b159e34-84a8-45c0-a5e2-9a9d1799b3fc 0.364s
2025-03-10 17:16:15.046 68792 INFO tempest.lib.common.rest_client [req-259f1acc-34f5-4c76-854d-1294f86eab2d req-259f1acc-34f5-4c76-854d-1294f86eab2d ] Request (ServersTestBootFromVolume:tearDownClass): 204 DELETE http://10.180.1.21/compute/v2.1/servers/15bb026a-d9ef-4b1d-b565-0d6954fe8391 0.326s
2025-03-10 17:16:15.120 68762 INFO tempest.lib.common.rest_client [req-8499e216-56d2-4eea-b4d0-4395654631c8 req-8499e216-56d2-4eea-b4d0-4395654631c8 ] Request (ServerDiagnosticsV248Test:tearDownClass): 204 DELETE http://10.180.1.21/identity/v3/users/5834c4260e9c4f55bdb258953cd6c521 0.161s
2025-03-10 17:16:15.122 68780 INFO tempest.lib.common.rest_client [req-5d08a167-743d-48f5-af4f-f1048605f035 req-5d08a167-743d-48f5-af4f-f1048605f035 ] Request (ServersTestMultiNic:_run_cleanups): 200 GET http://10.180.1.21/compute/v2.1/servers/98a605b2-4b2d-4f56-9ea2-344a660bec54 0.370s
2025-03-10 17:16:15.129 68780 INFO tempest.common.waiters [-] State transition "ACTIVE/deleting" ==> "DELETED/None" after 6 second wait
2025-03-10 17:16:15.197 68758 INFO tempest.lib.common.rest_client [req-56f3110d-7487-4e22-a38a-ab2424c52252 req-56f3110d-7487-4e22-a38a-ab2424c52252 ] Request (ServersAdmin275Test:_run_cleanups): 200 GET http://10.180.1.21/compute/v2.1/servers/7ddca307-cc43-46fb-863d-78762a26b0d0 0.380s
2025-03-10 17:16:15.222 68762 INFO tempest.lib.common.rest_client [req-848ecb22-cdb1-4541-88ee-f89d37a1336e req-848ecb22-cdb1-4541-88ee-f89d37a1336e ] Request (ServerDiagnosticsV248Test:tearDownClass): 204 DELETE http://10.180.1.21/identity/v3/users/df8d462a8e704f3cba232f075359dff0 0.101s
2025-03-10 17:16:15.222 68762 INFO tempest.lib.common.dynamic_creds [-] Deleting project and security group for project: 7b0068afd3a44adab6694f571984b6e8
2025-03-10 17:16:15.259 68774 INFO tempest.lib.common.rest_client [req-89dd5009-d4a1-4ff0-967b-4befb019df40 req-89dd5009-d4a1-4ff0-967b-4befb019df40 ] Request (ImagesOneServerNegativeTestJSON:_run_cleanups): 200 GET http://10.180.1.21/compute/v2.1/servers/dc2414d3-13dc-4588-91d1-6036e408505e 0.415s
2025-03-10 17:16:15.286 68762 INFO tempest.lib.common.rest_client [req-ec7c464b-bac8-4bbf-9735-ff09ac544554 req-ec7c464b-bac8-4bbf-9735-ff09ac544554 ] Request (ServerDiagnosticsV248Test:tearDownClass): 201 POST http://10.180.1.21/identity/v3/auth/tokens 0.063s
2025-03-10 17:16:15.293 68746 INFO tempest.lib.common.rest_client [req-b15c846b-e99f-4217-ac89-864be4ced419 req-b15c846b-e99f-4217-ac89-864be4ced419 ] Request (FloatingIPsAssociationTestJSON:test_associate_already_associated_floating_ip): 202 POST http://10.180.1.21/compute/v2.1/servers 0.726s
2025-03-10 17:16:15.386 68740 INFO tempest.lib.common.rest_client [req-49dca617-489e-40b5-a10b-64f012c1210f req-49dca617-489e-40b5-a10b-64f012c1210f ] Request (ListImageFiltersTestJSON:setUpClass): 200 GET http://10.180.1.21/compute/v2.1/servers/46b85b3f-5e89-4cf4-b45c-b628ffe6e056 0.427s
2025-03-10 17:16:15.413 68792 INFO tempest.lib.common.rest_client [req-ab4b5885-8794-46b5-8acf-ce5983266a86 req-ab4b5885-8794-46b5-8acf-ce5983266a86 ] Request (ServersTestBootFromVolume:tearDownClass): 200 GET http://10.180.1.21/compute/v2.1/servers/15bb026a-d9ef-4b1d-b565-0d6954fe8391 0.365s
2025-03-10 17:16:15.432 68746 INFO tempest.lib.common.rest_client [req-a01a0ff2-8855-42e6-989f-7669cd9d6f91 req-a01a0ff2-8855-42e6-989f-7669cd9d6f91 ] Request (FloatingIPsAssociationTestJSON:test_associate_already_associated_floating_ip): 200 GET http://10.180.1.21/compute/v2.1/servers/0f6452b1-1910-4827-b23b-e9a0663ea72b 0.137s
2025-03-10 17:16:15.530 68762 INFO tempest.lib.common.rest_client [req-d5f97ea2-2387-41c4-88c9-f14755cc4f56 req-d5f97ea2-2387-41c4-88c9-f14755cc4f56 ] Request (ServerDiagnosticsV248Test:tearDownClass): 200 GET http://10.180.1.21:9696/networking/v2.0/security-groups?tenant_id=7b0068afd3a44adab6694f571984b6e8&name=default 0.244s
2025-03-10 17:16:15.620 68738 INFO tempest.lib.common.rest_client [req-20b8e427-44c9-41a6-b43d-eea207539d63 req-20b8e427-44c9-41a6-b43d-eea207539d63 ] Request (ServersV294TestFqdnHostnames:setUpClass): 200 GET http://10.180.1.21/compute/v2.1/servers/b79c1f42-b7e0-4c2a-87eb-bb266e620058 0.272s
2025-03-10 17:16:15.657 68762 INFO tempest.lib.common.rest_client [req-a9ca2c11-bdbd-4aa6-b41c-efb2b78d3775 req-a9ca2c11-bdbd-4aa6-b41c-efb2b78d3775 ] Request (ServerDiagnosticsV248Test:tearDownClass): 204 DELETE http://10.180.1.21:9696/networking/v2.0/security-groups/16b66cdf-e3f7-4a73-b710-6bcc38d86159 0.126s
2025-03-10 17:16:15.660 68754 INFO tempest.lib.common.rest_client [req-2e518c7a-74c0-4143-ad23-4dbd80f7dfc5 req-2e518c7a-74c0-4143-ad23-4dbd80f7dfc5 ] Request (AttachInterfacesV270Test:tearDownClass): 200 GET http://10.180.1.21/compute/v2.1/servers/d96e8733-37f1-481e-b09d-b5491a4ae3f6 0.186s
2025-03-10 17:16:15.683 68770 INFO tempest.lib.common.rest_client [req-338bc38e-b1ce-40f9-9239-0e19dd60d128 req-338bc38e-b1ce-40f9-9239-0e19dd60d128 ] Request (ServerAddressesNegativeTestJSON:setUpClass): 200 GET http://10.180.1.21/compute/v2.1/servers/786cca41-91eb-4b77-b365-4c19525352f1 0.139s
2025-03-10 17:16:15.747 68794 INFO tempest.lib.common.rest_client [req-38c4d8a5-708b-4794-abbc-66eab7ba1872 req-38c4d8a5-708b-4794-abbc-66eab7ba1872 ] Request (ServersAdminTestJSON:setUpClass): 200 GET http://10.180.1.21/compute/v2.1/servers/4d4cad44-0cb0-4bf0-80c4-9299d9bbf3ca 0.148s
2025-03-10 17:16:15.755 68762 INFO tempest.lib.common.rest_client [req-fa607f2c-f29c-4368-bd56-b2a0dbbdfea9 req-fa607f2c-f29c-4368-bd56-b2a0dbbdfea9 ] Request (ServerDiagnosticsV248Test:tearDownClass): 204 DELETE http://10.180.1.21/identity/v3/projects/7b0068afd3a44adab6694f571984b6e8 0.094s
2025-03-10 17:16:15.755 68762 INFO tempest.lib.common.dynamic_creds [-] Deleting project and security group for project: 45f5bc22b1044be3af307cf4f96b1cf1
2025-03-10 17:16:15.777 68766 INFO tempest.lib.common.rest_client [req-f286eaff-e225-44d9-9a00-c6f8f236ea7d req-f286eaff-e225-44d9-9a00-c6f8f236ea7d ] Request (ServersTestJSON:test_create_server_specify_multibyte_character_name): 200 GET http://10.180.1.21/compute/v2.1/servers/1988c9b2-1c26-4d2c-b0c3-ff946dc22b08 0.199s
2025-03-10 17:16:15.803 68748 INFO tempest.lib.common.rest_client [req-8003c6bb-bb4d-4c61-bc0b-b837200bfcb3 req-8003c6bb-bb4d-4c61-bc0b-b837200bfcb3 ] Request (ServersWithSpecificFlavorTestJSON:test_verify_created_server_ephemeral_disk): 200 GET http://10.180.1.21/compute/v2.1/servers/021d8d7b-9609-4313-971d-f1a22b209751 0.180s
2025-03-10 17:16:15.836 68742 INFO tempest.lib.common.rest_client [req-16a9ad54-0473-4b7a-999a-e1b9192c31cc req-16a9ad54-0473-4b7a-999a-e1b9192c31cc ] Request (DeleteServersAdminTestJSON:test_delete_server_while_in_error_state): 200 GET http://10.180.1.21/compute/v2.1/servers/8e3abbd1-b483-450f-842b-811f51e18c19 0.168s
2025-03-10 17:16:15.862 68760 INFO tempest.lib.common.rest_client [req-2e4b46c0-19f2-4f92-950a-8580ba9d520c req-2e4b46c0-19f2-4f92-950a-8580ba9d520c ] Request (ServerActionsTestOtherA:setUpClass): 200 GET http://10.180.1.21/compute/v2.1/servers/1d581ed1-d175-46b9-bf25-83a6c4e4be0f 0.187s
2025-03-10 17:16:15.877 68762 INFO tempest.lib.common.rest_client [req-17a5e714-f5d6-4b45-b6b4-451228e10ddd req-17a5e714-f5d6-4b45-b6b4-451228e10ddd ] Request (ServerDiagnosticsV248Test:tearDownClass): 200 GET http://10.180.1.21:9696/networking/v2.0/security-groups?tenant_id=45f5bc22b1044be3af307cf4f96b1cf1&name=default 0.121s
2025-03-10 17:16:15.913 68784 INFO tempest.lib.common.rest_client [req-266b8c0f-590c-4a94-85b5-c281efcbb0ff req-266b8c0f-590c-4a94-85b5-c281efcbb0ff ] Request (ServerRescueTestJSON:tearDownClass): 200 GET http://10.180.1.21/compute/v2.1/servers/60d71f22-7779-4f3b-b56a-a8be6ce5ea68 0.175s
2025-03-10 17:16:16.004 68788 INFO tempest.lib.common.rest_client [req-bde90870-5832-40f2-a1ae-2ccf9e6adcde req-bde90870-5832-40f2-a1ae-2ccf9e6adcde ] Request (ImagesOneServerTestJSON:tearDownClass): 200 GET http://10.180.1.21/compute/v2.1/servers/680a5bb1-ac39-481f-9986-f33d0661bf32 0.208s
2025-03-10 17:16:16.057 68750 INFO tempest.lib.common.rest_client [req-e3e566b8-2563-4f28-b315-70307945f00c req-e3e566b8-2563-4f28-b315-70307945f00c ] Request (MigrationsAdminTest:test_list_migrations_in_flavor_resize_situation): 200 GET http://10.180.1.21/compute/v2.1/servers/0fae630c-c34d-4827-9557-2d3bdb3d7c50 0.269s
2025-03-10 17:16:16.085 68764 INFO tempest.lib.common.rest_client [req-7c54bf99-3c2b-4f28-b432-3b9653e39672 req-7c54bf99-3c2b-4f28-b432-3b9653e39672 ] Request (MultipleCreateTestJSON:test_multiple_create): 200 GET http://10.180.1.21/compute/v2.1/servers/e93f14f8-8557-4828-ab17-2d613ee16984 0.247s
2025-03-10 17:16:16.096 68762 INFO tempest.lib.common.rest_client [req-6ac71043-75ea-42f6-8f89-a54348eefcbd req-6ac71043-75ea-42f6-8f89-a54348eefcbd ] Request (ServerDiagnosticsV248Test:tearDownClass): 204 DELETE http://10.180.1.21:9696/networking/v2.0/security-groups/50181f7b-b1e4-4213-bbbe-270a0e2fc182 0.219s
2025-03-10 17:16:16.137 68776 INFO tempest.lib.common.rest_client [req-58545e9f-1fe7-4a50-a09b-cc14cf06d8de req-58545e9f-1fe7-4a50-a09b-cc14cf06d8de ] Request (ServersAdminNegativeTestJSON:tearDownClass): 200 GET http://10.180.1.21/compute/v2.1/servers/8701a32f-e784-418a-ae13-87b1330e8c27 0.276s
2025-03-10 17:16:16.152 68752 INFO tempest.lib.common.rest_client [req-6610886f-cba6-42e3-9273-76fc5ee4c274 req-6610886f-cba6-42e3-9273-76fc5ee4c274 ] Request (ServerMetadataNegativeTestJSON:setUpClass): 200 GET http://10.180.1.21/compute/v2.1/servers/e23b9fc0-7225-4734-9aa1-0c03bf494967 0.220s
2025-03-10 17:16:16.196 68768 INFO tempest.lib.common.rest_client [req-3d542654-2250-4d9a-9efe-2711a1d652ff req-3d542654-2250-4d9a-9efe-2711a1d652ff ] Request (InstanceActionsTestJSON:setUpClass): 200 GET http://10.180.1.21/compute/v2.1/servers/cd6b3cc8-8b28-4b93-8922-6bb7aa6ec8e1 0.260s
2025-03-10 17:16:16.216 68780 INFO tempest.lib.common.rest_client [req-b0cf8ff8-817e-4593-b859-2b9e79a9288f req-b0cf8ff8-817e-4593-b859-2b9e79a9288f ] Request (ServersTestMultiNic:_run_cleanups): 200 GET http://10.180.1.21/compute/v2.1/servers/98a605b2-4b2d-4f56-9ea2-344a660bec54 0.085s
2025-03-10 17:16:16.245 68762 INFO tempest.lib.common.rest_client [req-9965ccbc-35e4-4907-a53f-5e0ee5899397 req-9965ccbc-35e4-4907-a53f-5e0ee5899397 ] Request (ServerDiagnosticsV248Test:tearDownClass): 204 DELETE http://10.180.1.21/identity/v3/projects/45f5bc22b1044be3af307cf4f96b1cf1 0.148s
2025-03-10 17:16:16.246 68762 INFO tempest.test [-] raised in SpiceDirectConsoleTestJSON.setUpClass. Invoking tearDownClass.
2025-03-10 17:16:16.281 68758 INFO tempest.lib.common.rest_client [req-80e049dd-427b-403b-924f-0221f7410a45 req-80e049dd-427b-403b-924f-0221f7410a45 ] Request (ServersAdmin275Test:_run_cleanups): 200 GET http://10.180.1.21/compute/v2.1/servers/7ddca307-cc43-46fb-863d-78762a26b0d0 0.072s
2025-03-10 17:16:16.314 68762 INFO tempest.lib.common.rest_client [req-2781be0e-b1cd-4fac-9841-d06f78ad23bb req-2781be0e-b1cd-4fac-9841-d06f78ad23bb ] Request (FloatingIPsAssociationNegativeTestJSON:setUpClass): 201 POST http://10.180.1.21/identity/v3/auth/tokens 0.066s
2025-03-10 17:16:16.324 68774 INFO tempest.lib.common.rest_client [req-68a05502-bb15-4359-91bc-d307574e2e6c req-68a05502-bb15-4359-91bc-d307574e2e6c ] Request (ImagesOneServerNegativeTestJSON:_run_cleanups): 200 GET http://10.180.1.21/compute/v2.1/servers/dc2414d3-13dc-4588-91d1-6036e408505e 0.055s
2025-03-10 17:16:16.351 68762 INFO tempest.lib.common.rest_client [req-4ba9f08d-6bf4-4350-9129-ed125584b0b7 req-4ba9f08d-6bf4-4350-9129-ed125584b0b7 ] Request (FloatingIPsAssociationNegativeTestJSON:setUpClass): 201 POST http://10.180.1.21/identity/v3/auth/tokens 0.034s
2025-03-10 17:16:16.381 68762 INFO tempest.lib.common.rest_client [req-80da2e40-ef4f-4516-b911-899a86a2d147 req-80da2e40-ef4f-4516-b911-899a86a2d147 ] Request (FloatingIPsAssociationNegativeTestJSON:setUpClass): 200 GET http://10.180.1.21/identity/v3/domains?name=Default 0.029s
2025-03-10 17:16:16.408 68762 INFO tempest.lib.common.rest_client [req-11eea4a2-031a-45ac-a29c-41e5352a5897 req-11eea4a2-031a-45ac-a29c-41e5352a5897 ] Request (FloatingIPsAssociationNegativeTestJSON:setUpClass): 201 POST http://10.180.1.21/identity/v3/projects 0.026s
2025-03-10 17:16:16.461 68762 INFO tempest.lib.common.rest_client [req-493569c7-f59d-4ffe-af83-efb98c87003b req-493569c7-f59d-4ffe-af83-efb98c87003b ] Request (FloatingIPsAssociationNegativeTestJSON:setUpClass): 201 POST http://10.180.1.21/identity/v3/users 0.052s
