2025-03-10 17:15:21.933 68774 INFO tempest.lib.common.rest_client [req-120439b5-26ab-43eb-870e-c5f28069ccaa req-120439b5-26ab-43eb-870e-c5f28069ccaa ] Request (ImagesOneServerNegativeTestJSON:_run_cleanups): 200 GET http://10.180.1.21/compute/v2.1/servers/ffc98835-bb20-4213-ab2e-217858cd937b 0.213s
2025-03-10 17:15:21.972 68788 INFO tempest.lib.common.rest_client [req-d62df06f-fbfb-4004-915b-86430ffd03ed req-d62df06f-fbfb-4004-915b-86430ffd03ed ] Request (ImagesOneServerTestJSON:test_create_delete_image): 200 GET http://10.180.1.21/compute/v2.1/images/cac007f5-a1c9-4358-8efd-dc8bdb745ee7 0.181s
2025-03-10 17:15:22.007 68762 INFO tempest.lib.common.rest_client [req-9519e4ef-deb8-4318-a6bf-1dd99f583099 req-9519e4ef-deb8-4318-a6bf-1dd99f583099 ] Request (ServerDiagnosticsV248Test:test_get_server_diagnostics): 200 GET http://10.180.1.21/compute/v2.1/servers/6b159e34-84a8-45c0-a5e2-9a9d1799b3fc 0.203s
2025-03-10 17:15:22.041 68738 INFO tempest.lib.common.rest_client [req-2d4f599d-5e2c-4afc-b7fa-078e72b7232b req-2d4f599d-5e2c-4afc-b7fa-078e72b7232b ] Request (ServersV294TestFqdnHostnames:setUpClass): 200 GET http://10.180.1.21/compute/v2.1/servers/b79c1f42-b7e0-4c2a-87eb-bb266e620058 0.150s
2025-03-10 17:15:22.064 68758 INFO tempest.lib.common.rest_client [req-0323239a-7dbb-4f04-b37c-e669d3ad052c req-0323239a-7dbb-4f04-b37c-e669d3ad052c ] Request (ServersAdmin275Test:test_rebuild_update_server_275): 200 GET http://10.180.1.21/compute/v2.1/servers/7ddca307-cc43-46fb-863d-78762a26b0d0 0.169s
2025-03-10 17:15:22.103 68768 INFO tempest.lib.common.rest_client [req-d39e9b2f-181f-42de-85d9-6721df4b80c8 req-d39e9b2f-181f-42de-85d9-6721df4b80c8 ] Request (InstanceActionsTestJSON:setUpClass): 200 GET http://10.180.1.21/compute/v2.1/servers/cd6b3cc8-8b28-4b93-8922-6bb7aa6ec8e1 0.134s
2025-03-10 17:15:22.116 68754 INFO tempest.lib.common.rest_client [req-39410f3e-8d3a-422d-a93b-d0599b84badc req-39410f3e-8d3a-422d-a93b-d0599b84badc ] Request (AttachInterfacesV270Test:test_create_get_list_interfaces): 200 GET http://10.180.1.21/compute/v2.1/servers/d96e8733-37f1-481e-b09d-b5491a4ae3f6 0.137s
2025-03-10 17:15:22.178 68766 INFO tempest.lib.common.rest_client [req-d668a72a-4a2a-490e-9e33-d765f43d0396 req-d668a72a-4a2a-490e-9e33-d765f43d0396 ] Request (ServersTestJSON:test_create_server_specify_multibyte_character_name): 200 GET http://10.180.1.21/compute/v2.1/servers/1988c9b2-1c26-4d2c-b0c3-ff946dc22b08 0.127s
2025-03-10 17:15:22.183 68736 INFO tempest.lib.common.rest_client [req-156c8a60-2a37-433c-9653-89d9184b5d52 req-156c8a60-2a37-433c-9653-89d9184b5d52 ] Request (ImagesNegativeTestJSON:test_create_image_from_deleted_server): 200 GET http://10.180.1.21/compute/v2.1/servers/937e0562-8e2d-4207-a5d3-ba1f389ac873 0.120s
2025-03-10 17:15:22.240 68784 INFO tempest.lib.common.rest_client [req-4f426d16-61fb-402d-a80a-1ceb7b679902 req-4f426d16-61fb-402d-a80a-1ceb7b679902 ] Request (ServerRescueTestJSON:test_rescue_unrescue_instance): 200 GET http://10.180.1.21/compute/v2.1/servers/60d71f22-7779-4f3b-b56a-a8be6ce5ea68 0.119s
2025-03-10 17:15:22.346 68780 INFO tempest.lib.common.rest_client [req-7655f881-f81e-4f04-a0b8-c47fb9c28759 req-7655f881-f81e-4f04-a0b8-c47fb9c28759 ] Request (ServersTestMultiNic:test_verify_duplicate_network_nics): 200 GET http://10.180.1.21/compute/v2.1/servers/98a605b2-4b2d-4f56-9ea2-344a660bec54 0.086s
2025-03-10 17:15:22.387 68740 INFO tempest.lib.common.rest_client [req-530a86f8-dc1b-4cda-8dce-7c619c680f5b req-530a86f8-dc1b-4cda-8dce-7c619c680f5b ] Request (ListImageFiltersTestJSON:setUpClass): 200 GET http://10.180.1.21/compute/v2.1/images/a6039f60-7895-4dc4-9870-f8544f866d0c 0.093s
2025-03-10 17:15:22.657 68752 INFO tempest.lib.common.rest_client [req-4514141f-2679-4314-9ed0-a7cd303c755e req-4514141f-2679-4314-9ed0-a7cd303c755e ] Request (ListServerFiltersTestJSON:tearDownClass): 200 GET http://10.180.1.21/compute/v2.1/servers/abbbbbc0-3457-4c28-905f-728f2caf2f39 0.313s
2025-03-10 17:15:22.683 68776 INFO tempest.lib.common.rest_client [req-0c5bba37-9fa4-4a47-a93f-ff81f35dd508 req-0c5bba37-9fa4-4a47-a93f-ff81f35dd508 ] Request (ServersAdminNegativeTestJSON:test_migrate_server_invalid_state): 200 GET http://10.180.1.21/compute/v2.1/servers/cd31aad9-c1fe-4d8a-a294-c4d5a8265da0 0.416s
2025-03-10 17:15:22.692 68776 INFO tempest.common.waiters [-] State transition "BUILD/spawning" ==> "ACTIVE/None" after 53 second wait
2025-03-10 17:15:22.718 68770 INFO tempest.lib.common.rest_client [req-08abd7e7-5ac1-425f-9c3f-84d12ca30d33 req-08abd7e7-5ac1-425f-9c3f-84d12ca30d33 ] Request (ServerAddressesNegativeTestJSON:setUpClass): 200 GET http://10.180.1.21/compute/v2.1/servers/786cca41-91eb-4b77-b365-4c19525352f1 0.358s
2025-03-10 17:15:22.761 68760 INFO tempest.lib.common.rest_client [req-7ea63399-17df-43fb-acef-0f4d193a51be req-7ea63399-17df-43fb-acef-0f4d193a51be ] Request (ServerActionsTestOtherA:setUpClass): 200 GET http://10.180.1.21/compute/v2.1/servers/1d581ed1-d175-46b9-bf25-83a6c4e4be0f 0.347s
2025-03-10 17:15:22.784 68742 INFO tempest.lib.common.rest_client [req-66207385-3821-4dec-bbee-1531aa447e35 req-66207385-3821-4dec-bbee-1531aa447e35 ] Request (DeleteServersAdminTestJSON:test_delete_server_while_in_error_state): 200 GET http://10.180.1.21/compute/v2.1/servers/8e3abbd1-b483-450f-842b-811f51e18c19 0.338s
2025-03-10 17:15:22.834 68756 INFO tempest.lib.common.rest_client [req-557780e5-e483-4f45-acab-aaf0c251a0e2 req-557780e5-e483-4f45-acab-aaf0c251a0e2 ] Request (ServerActionsTestOtherB:setUpClass): 200 GET http://10.180.1.21/compute/v2.1/servers/e8e0b748-8d14-40a3-9702-504d0c0d679f 0.353s
2025-03-10 17:15:22.858 68782 INFO tempest.lib.common.rest_client [req-db35fb32-4ca1-494b-9363-e8c8ea28038c req-db35fb32-4ca1-494b-9363-e8c8ea28038c ] Request (AttachInterfacesTestJSON:test_create_list_show_delete_interfaces_by_fixed_ip): 200 GET http://10.180.1.21/compute/v2.1/servers/6db8dd54-71cf-4e4e-b984-cc43264df1ac 0.336s
2025-03-10 17:15:22.907 68796 INFO tempest.lib.common.rest_client [req-58249b93-c7a2-4700-93bf-9a1066df7056 req-58249b93-c7a2-4700-93bf-9a1066df7056 ] Request (AttachInterfacesUnderV243Test:test_add_remove_fixed_ip): 200 GET http://10.180.1.21/compute/v2.1/servers/82a6315d-1f3e-496f-abe5-0b6a3f8eaaed 0.332s
2025-03-10 17:15:22.970 68776 INFO tempest.lib.common.rest_client [req-91df7a3f-badb-467c-9623-567832452e59 req-91df7a3f-badb-467c-9623-567832452e59 ] Request (ServersAdminNegativeTestJSON:test_migrate_server_invalid_state): 202 POST http://10.180.1.21/compute/v2.1/servers/cd31aad9-c1fe-4d8a-a294-c4d5a8265da0/action 0.278s
2025-03-10 17:15:23.113 68792 INFO tempest.lib.common.rest_client [req-c0d7196b-63ef-4423-b0fe-65fc9c548a0e req-c0d7196b-63ef-4423-b0fe-65fc9c548a0e ] Request (ServersTestBootFromVolume:setUpClass): 200 GET http://10.180.1.21/compute/v2.1/servers/15bb026a-d9ef-4b1d-b565-0d6954fe8391 0.336s
2025-03-10 17:15:23.145 68744 WARNING tempest.lib.common.ssh [-] Failed to establish authenticated ssh connection to cirros@10.180.180.184 ([Errno None] Unable to connect to port 22 on 10.180.180.184). Number attempts: 3. Retry after 4 seconds.: paramiko.ssh_exception.NoValidConnectionsError: [Errno None] Unable to connect to port 22 on 10.180.180.184
2025-03-10 17:15:23.192 68786 INFO tempest.lib.common.rest_client [req-0836c940-3934-4c16-8d5b-00521f722c90 req-0836c940-3934-4c16-8d5b-00521f722c90 ] Request (ServerActionsV293TestJSON:setUpClass): 200 GET http://10.180.1.21/compute/v2.1/servers/1ab7b688-47c1-4ea1-9ad4-cd729a09ec3f 0.320s
2025-03-10 17:15:23.206 68786 INFO tempest.common.waiters [-] State transition "BUILD/scheduling" ==> "BUILD/None" after 34 second wait
2025-03-10 17:15:23.242 68764 INFO tempest.lib.common.rest_client [req-5673a7ff-a287-4433-90db-b2f85844dd88 req-5673a7ff-a287-4433-90db-b2f85844dd88 ] Request (TenantUsagesTestJSON:setUpClass): 200 GET http://10.180.1.21/compute/v2.1/servers/aa08eea2-f042-4ba4-b229-3609ac22b47e 0.451s
2025-03-10 17:15:23.265 68746 INFO tempest.lib.common.rest_client [req-7f3084ea-d8a9-429f-b3a1-5bcff251a506 req-7f3084ea-d8a9-429f-b3a1-5bcff251a506 ] Request (FloatingIPsAssociationTestJSON:setUpClass): 200 GET http://10.180.1.21/compute/v2.1/servers/83abfaa7-1fc4-4dfb-8a33-7018c44d650c 0.392s
2025-03-10 17:15:23.314 68750 INFO tempest.lib.common.rest_client [req-522883a1-c78d-4f21-b472-b5ccd5504184 req-522883a1-c78d-4f21-b472-b5ccd5504184 ] Request (MigrationsAdminTest:test_list_migrations_in_flavor_resize_situation): 200 GET http://10.180.1.21/compute/v2.1/servers/0fae630c-c34d-4827-9557-2d3bdb3d7c50 0.376s
2025-03-10 17:15:23.344 68774 INFO tempest.lib.common.rest_client [req-abab7aa4-3cca-4520-9575-a8c4f11572a2 req-abab7aa4-3cca-4520-9575-a8c4f11572a2 ] Request (ImagesOneServerNegativeTestJSON:_run_cleanups): 200 GET http://10.180.1.21/compute/v2.1/servers/ffc98835-bb20-4213-ab2e-217858cd937b 0.398s
2025-03-10 17:15:23.349 68794 INFO tempest.lib.common.rest_client [req-891bbf30-a8a2-4824-9210-9a77e78bf8f9 req-891bbf30-a8a2-4824-9210-9a77e78bf8f9 ] Request (ServersAdminTestJSON:setUpClass): 200 PUT http://10.180.1.21:9696/networking/v2.0/routers/167f12bf-2672-4688-9b7c-8d5e150a2836/add_router_interface 1.842s
2025-03-10 17:15:23.350 68794 INFO tempest.lib.common.dynamic_creds [-] Created isolated network resources for: credentials: Credentials: {'domain_id': 'default', 'domain_name': 'Default', 'username': 'tempest-ServersAdminTestJSON-2069271457-project-member', 'project_domain_id': 'default', 'project_domain_name': 'Default', 'project_id': '42821610650c4fecb574be20608d26f7', 'project_name': 'tempest-ServersAdminTestJSON-2069271457', 'tenant_id': '42821610650c4fecb574be20608d26f7', 'tenant_name': 'tempest-ServersAdminTestJSON-2069271457', 'user_domain_id': 'default', 'user_domain_name': 'Default', 'user_id': 'f82d5bdb88914a9b9a3eadf904b94f44', 'system': None}, Network: {'id': '4e6d58b1-46f0-4105-b05f-d54f44081fd4', 'name': 'tempest-ServersAdminTestJSON-1412094765-network', 'tenant_id': '42821610650c4fecb574be20608d26f7', 'admin_state_up': True, 'mtu': 8950, 'status': 'ACTIVE', 'subnets': [], 'shared': False, 'project_id': '42821610650c4fecb574be20608d26f7', 'port_security_enabled': True, 'router:external': False, 'provider:network_type': 'vlan', 'provider:physical_network': 'default', 'provider:segmentation_id': 830, 'availability_zone_hints': [], 'availability_zones': [], 'ipv4_address_scope': None, 'ipv6_address_scope': None, 'description': '', 'tags': [], 'created_at': '2025-03-10T17:15:19Z', 'updated_at': '2025-03-10T17:15:19Z', 'revision_number': 1}, Subnet: {'id': 'b7e00459-4f7e-467c-976c-8a9c2b3c5866', 'name': 'tempest-ServersAdminTestJSON-1412094765-subnet', 'tenant_id': '42821610650c4fecb574be20608d26f7', 'network_id': '4e6d58b1-46f0-4105-b05f-d54f44081fd4', 'ip_version': 4, 'subnetpool_id': None, 'enable_dhcp': True, 'ipv6_ra_mode': None, 'ipv6_address_mode': None, 'gateway_ip': '192.168.128.1', 'cidr': '192.168.128.0/28', 'allocation_pools': [{'start': '192.168.128.2', 'end': '192.168.128.14'}], 'host_routes': [], 'dns_nameservers': [], 'description': '', 'router:external': False, 'service_types': [], 'tags': [], 'created_at': '2025-03-10T17:15:19Z', 'updated_at': '2025-03-10T17:15:19Z', 'revision_number': 0, 'project_id': '42821610650c4fecb574be20608d26f7'}, Router: {'id': '167f12bf-2672-4688-9b7c-8d5e150a2836', 'name': 'tempest-ServersAdminTestJSON-1412094765-router', 'tenant_id': '42821610650c4fecb574be20608d26f7', 'admin_state_up': True, 'status': 'ACTIVE', 'external_gateway_info': {'network_id': 'b3b1f5a8-3f32-46f1-ada2-0de13853b9fb', 'external_fixed_ips': [{'subnet_id': '214e261d-b207-45a8-94c7-1cf457794752', 'ip_address': '10.180.180.211'}], 'enable_snat': True}, 'description': '', 'availability_zones': [], 'distributed': False, 'ha': False, 'availability_zone_hints': [], 'routes': [], 'flavor_id': None, 'tags': [], 'created_at': '2025-03-10T17:15:19Z', 'updated_at': '2025-03-10T17:15:20Z', 'revision_number': 2, 'project_id': '42821610650c4fecb574be20608d26f7'}
2025-03-10 17:15:23.382 68788 INFO tempest.lib.common.rest_client [req-6d180b4f-21c1-4e9d-afe6-4a77e446bda0 req-6d180b4f-21c1-4e9d-afe6-4a77e446bda0 ] Request (ImagesOneServerTestJSON:test_create_delete_image): 200 GET http://10.180.1.21/compute/v2.1/images/cac007f5-a1c9-4358-8efd-dc8bdb745ee7 0.406s
2025-03-10 17:15:23.429 68794 INFO tempest.lib.common.rest_client [req-c589a3b9-3d56-40c9-8f80-649a66362dc9 req-c589a3b9-3d56-40c9-8f80-649a66362dc9 ] Request (ServersAdminTestJSON:setUpClass): 201 POST http://10.180.1.21/identity/v3/auth/tokens 0.074s
2025-03-10 17:15:23.443 68762 INFO tempest.lib.common.rest_client [req-edc53bb3-acb7-4e05-9ca3-b71eae0cc5e7 req-edc53bb3-acb7-4e05-9ca3-b71eae0cc5e7 ] Request (ServerDiagnosticsV248Test:test_get_server_diagnostics): 200 GET http://10.180.1.21/compute/v2.1/servers/6b159e34-84a8-45c0-a5e2-9a9d1799b3fc 0.424s
2025-03-10 17:15:23.458 68762 INFO tempest.common.waiters [-] State transition "BUILD/None" ==> "BUILD/block_device_mapping" after 52 second wait
2025-03-10 17:15:23.462 68794 INFO tempest.lib.common.rest_client [req-90799db3-6329-49a5-aae2-c4c3fa404025 req-90799db3-6329-49a5-aae2-c4c3fa404025 ] Request (ServersAdminTestJSON:setUpClass): 201 POST http://10.180.1.21/identity/v3/projects 0.032s
2025-03-10 17:15:23.518 68738 INFO tempest.lib.common.rest_client [req-fe721ac3-fd0e-4837-a876-e4ba8e0128e4 req-fe721ac3-fd0e-4837-a876-e4ba8e0128e4 ] Request (ServersV294TestFqdnHostnames:setUpClass): 200 GET http://10.180.1.21/compute/v2.1/servers/b79c1f42-b7e0-4c2a-87eb-bb266e620058 0.463s
2025-03-10 17:15:23.527 68794 INFO tempest.lib.common.rest_client [req-9f941977-fa68-4954-a3f3-0875b32ab2b2 req-9f941977-fa68-4954-a3f3-0875b32ab2b2 ] Request (ServersAdminTestJSON:setUpClass): 201 POST http://10.180.1.21/identity/v3/users 0.064s
2025-03-10 17:15:23.553 68794 INFO tempest.lib.common.rest_client [req-27a0a5d0-d576-4f63-adcc-c65b713d0c45 req-27a0a5d0-d576-4f63-adcc-c65b713d0c45 ] Request (ServersAdminTestJSON:setUpClass): 200 GET http://10.180.1.21/identity/v3/roles 0.025s
2025-03-10 17:15:23.579 68758 INFO tempest.lib.common.rest_client [req-023a3b37-e4b9-4c6c-926c-929fc3649100 req-023a3b37-e4b9-4c6c-926c-929fc3649100 ] Request (ServersAdmin275Test:test_rebuild_update_server_275): 200 GET http://10.180.1.21/compute/v2.1/servers/7ddca307-cc43-46fb-863d-78762a26b0d0 0.495s
2025-03-10 17:15:23.588 68794 INFO tempest.lib.common.rest_client [req-639881b7-8f50-42f7-aedb-b192825eb4b5 req-639881b7-8f50-42f7-aedb-b192825eb4b5 ] Request (ServersAdminTestJSON:setUpClass): 204 PUT http://10.180.1.21/identity/v3/projects/0b26513674a348b0b906876a8f6dc3c0/users/b0d3fe85cf8c4151b54b805491bb942f/roles/78509c15e25243a594eda112b0e4ef9a 0.034s
2025-03-10 17:15:23.643 68768 INFO tempest.lib.common.rest_client [req-16fd299c-e447-4141-aa3b-374776931f92 req-16fd299c-e447-4141-aa3b-374776931f92 ] Request (InstanceActionsTestJSON:setUpClass): 200 GET http://10.180.1.21/compute/v2.1/servers/cd6b3cc8-8b28-4b93-8922-6bb7aa6ec8e1 0.532s
2025-03-10 17:15:23.655 68794 INFO tempest.lib.common.rest_client [req-d6770e7c-751b-498c-8af2-144b021b8674 req-d6770e7c-751b-498c-8af2-144b021b8674 ] Request (ServersAdminTestJSON:setUpClass): 200 GET http://10.180.1.21/identity/v3/roles 0.064s
2025-03-10 17:15:23.678 68794 INFO tempest.lib.common.rest_client [req-30f81492-99af-4252-b9d5-e4c39c01816c req-30f81492-99af-4252-b9d5-e4c39c01816c ] Request (ServersAdminTestJSON:setUpClass): 204 PUT http://10.180.1.21/identity/v3/projects/0b26513674a348b0b906876a8f6dc3c0/users/b0d3fe85cf8c4151b54b805491bb942f/roles/78509c15e25243a594eda112b0e4ef9a 0.022s
2025-03-10 17:15:23.678 68794 INFO tempest.lib.common.dynamic_creds [-] Dynamic test user b0d3fe85cf8c4151b54b805491bb942f is created with scope project and roles: ['admin']
2025-03-10 17:15:23.679 68794 INFO tempest.lib.common.dynamic_creds [-] Acquired dynamic creds: credentials: Credentials: {'domain_id': 'default', 'domain_name': 'Default', 'username': 'tempest-ServersAdminTestJSON-1257175277-project-admin', 'project_domain_id': 'default', 'project_domain_name': 'Default', 'project_id': '0b26513674a348b0b906876a8f6dc3c0', 'project_name': 'tempest-ServersAdminTestJSON-1257175277', 'tenant_id': '0b26513674a348b0b906876a8f6dc3c0', 'tenant_name': 'tempest-ServersAdminTestJSON-1257175277', 'user_domain_id': 'default', 'user_domain_name': 'Default', 'user_id': 'b0d3fe85cf8c4151b54b805491bb942f', 'system': None}, Network: None, Subnet: None, Router: None
2025-03-10 17:15:23.712 68754 INFO tempest.lib.common.rest_client [req-37bab3b1-332f-4afb-ac40-05ff41a17341 req-37bab3b1-332f-4afb-ac40-05ff41a17341 ] Request (AttachInterfacesV270Test:test_create_get_list_interfaces): 200 GET http://10.180.1.21/compute/v2.1/servers/d96e8733-37f1-481e-b09d-b5491a4ae3f6 0.584s
2025-03-10 17:15:23.720 68778 WARNING tempest.lib.common.ssh [-] Failed to establish authenticated ssh connection to cirros@10.180.180.250 ([Errno None] Unable to connect to port 22 on 10.180.180.250). Number attempts: 4. Retry after 5 seconds.: paramiko.ssh_exception.NoValidConnectionsError: [Errno None] Unable to connect to port 22 on 10.180.180.250
2025-03-10 17:15:23.792 68766 INFO tempest.lib.common.rest_client [req-3b738c11-1714-455e-9981-7bae7c1a23e4 req-3b738c11-1714-455e-9981-7bae7c1a23e4 ] Request (ServersTestJSON:test_create_server_specify_multibyte_character_name): 200 GET http://10.180.1.21/compute/v2.1/servers/1988c9b2-1c26-4d2c-b0c3-ff946dc22b08 0.606s
2025-03-10 17:15:23.801 68776 INFO tempest.lib.common.rest_client [req-efe0ace3-2208-48d0-9120-e759cc804cf2 req-efe0ace3-2208-48d0-9120-e759cc804cf2 ] Request (ServersAdminNegativeTestJSON:test_migrate_server_invalid_state): 200 GET http://10.180.1.21/compute/v2.1/servers/cd31aad9-c1fe-4d8a-a294-c4d5a8265da0 0.829s
2025-03-10 17:15:23.861 68736 INFO tempest.lib.common.rest_client [req-0c17c64a-3add-45df-bf40-aa82f178dbdb req-0c17c64a-3add-45df-bf40-aa82f178dbdb ] Request (ImagesNegativeTestJSON:test_create_image_from_deleted_server): 200 GET http://10.180.1.21/compute/v2.1/servers/937e0562-8e2d-4207-a5d3-ba1f389ac873 0.669s
2025-03-10 17:15:23.873 68784 INFO tempest.lib.common.rest_client [req-0f47f63e-17c3-497c-81fe-3ee4d86c7b95 req-0f47f63e-17c3-497c-81fe-3ee4d86c7b95 ] Request (ServerRescueTestJSON:test_rescue_unrescue_instance): 200 GET http://10.180.1.21/compute/v2.1/servers/60d71f22-7779-4f3b-b56a-a8be6ce5ea68 0.624s
2025-03-10 17:15:23.892 68794 INFO tempest.lib.common.rest_client [req-33c69968-27ad-4825-ad55-df989e3a00dd req-33c69968-27ad-4825-ad55-df989e3a00dd ] Request (ServersAdminTestJSON:setUpClass): 201 POST http://10.180.1.21:9696/networking/v2.0/networks 0.213s
2025-03-10 17:15:23.916 68740 INFO tempest.lib.common.rest_client [req-b651c6be-67de-4f6c-b8d9-2472b913d883 req-b651c6be-67de-4f6c-b8d9-2472b913d883 ] Request (ListImageFiltersTestJSON:setUpClass): 200 GET http://10.180.1.21/compute/v2.1/images/a6039f60-7895-4dc4-9870-f8544f866d0c 0.522s
2025-03-10 17:15:23.939 68780 INFO tempest.lib.common.rest_client [req-5e5dd309-413e-40e5-8d2d-ee5445e86c5a req-5e5dd309-413e-40e5-8d2d-ee5445e86c5a ] Request (ServersTestMultiNic:test_verify_duplicate_network_nics): 200 GET http://10.180.1.21/compute/v2.1/servers/98a605b2-4b2d-4f56-9ea2-344a660bec54 0.578s
2025-03-10 17:15:23.997 68752 INFO tempest.lib.common.rest_client [req-6e3fe82e-1256-4b95-bb2e-317a9c9c7c71 req-6e3fe82e-1256-4b95-bb2e-317a9c9c7c71 ] Request (ListServerFiltersTestJSON:tearDownClass): 200 GET http://10.180.1.21/compute/v2.1/servers/abbbbbc0-3457-4c28-905f-728f2caf2f39 0.321s
2025-03-10 17:15:24.012 68770 INFO tempest.lib.common.rest_client [req-dd4c9af4-9ec1-4b65-b25b-1cb8023a0ee3 req-dd4c9af4-9ec1-4b65-b25b-1cb8023a0ee3 ] Request (ServerAddressesNegativeTestJSON:setUpClass): 200 GET http://10.180.1.21/compute/v2.1/servers/786cca41-91eb-4b77-b365-4c19525352f1 0.286s
2025-03-10 17:15:24.083 68742 INFO tempest.lib.common.rest_client [req-1193ad48-6c5d-4e13-b576-fe0ba69d6152 req-1193ad48-6c5d-4e13-b576-fe0ba69d6152 ] Request (DeleteServersAdminTestJSON:test_delete_server_while_in_error_state): 200 GET http://10.180.1.21/compute/v2.1/servers/8e3abbd1-b483-450f-842b-811f51e18c19 0.286s
2025-03-10 17:15:24.084 68760 INFO tempest.lib.common.rest_client [req-2f95b8f2-af64-4533-abab-64acd82a7288 req-2f95b8f2-af64-4533-abab-64acd82a7288 ] Request (ServerActionsTestOtherA:setUpClass): 200 GET http://10.180.1.21/compute/v2.1/servers/1d581ed1-d175-46b9-bf25-83a6c4e4be0f 0.313s
2025-03-10 17:15:24.084 68794 INFO tempest.lib.common.rest_client [req-a0ffadc5-e234-4712-99d7-e6b3d5d9bc34 req-a0ffadc5-e234-4712-99d7-e6b3d5d9bc34 ] Request (ServersAdminTestJSON:setUpClass): 201 POST http://10.180.1.21:9696/networking/v2.0/subnets 0.191s
2025-03-10 17:15:24.142 68756 INFO tempest.lib.common.rest_client [req-c88475eb-3fe4-4f4d-aaeb-26caabe36683 req-c88475eb-3fe4-4f4d-aaeb-26caabe36683 ] Request (ServerActionsTestOtherB:setUpClass): 200 GET http://10.180.1.21/compute/v2.1/servers/e8e0b748-8d14-40a3-9702-504d0c0d679f 0.294s
2025-03-10 17:15:24.158 68782 INFO tempest.lib.common.rest_client [req-f99c1996-59f3-4676-9c08-a6c046ca4c54 req-f99c1996-59f3-4676-9c08-a6c046ca4c54 ] Request (AttachInterfacesTestJSON:test_create_list_show_delete_interfaces_by_fixed_ip): 200 GET http://10.180.1.21/compute/v2.1/servers/6db8dd54-71cf-4e4e-b984-cc43264df1ac 0.284s
2025-03-10 17:15:24.207 68796 INFO tempest.lib.common.rest_client [req-748e78cd-da79-423c-b7ad-27c1774e0d3a req-748e78cd-da79-423c-b7ad-27c1774e0d3a ] Request (AttachInterfacesUnderV243Test:test_add_remove_fixed_ip): 200 GET http://10.180.1.21/compute/v2.1/servers/82a6315d-1f3e-496f-abe5-0b6a3f8eaaed 0.285s
2025-03-10 17:15:24.267 68792 INFO tempest.lib.common.rest_client [req-9a473e91-7cba-4f70-8071-8be3e632b443 req-9a473e91-7cba-4f70-8071-8be3e632b443 ] Request (ServersTestBootFromVolume:setUpClass): 200 GET http://10.180.1.21/compute/v2.1/servers/15bb026a-d9ef-4b1d-b565-0d6954fe8391 0.144s
2025-03-10 17:15:24.272 68786 INFO tempest.lib.common.rest_client [req-27bc1201-ad65-485f-952c-e42672d6a2a7 req-27bc1201-ad65-485f-952c-e42672d6a2a7 ] Request (ServerActionsV293TestJSON:setUpClass): 200 GET http://10.180.1.21/compute/v2.1/servers/1ab7b688-47c1-4ea1-9ad4-cd729a09ec3f 0.065s
2025-03-10 17:15:24.274 68792 INFO tempest.common.waiters [-] State transition "BUILD/block_device_mapping" ==> "BUILD/spawning" after 53 second wait
2025-03-10 17:15:24.348 68746 INFO tempest.lib.common.rest_client [req-7c8ffdee-e8d3-46aa-b961-79eb8d486b46 req-7c8ffdee-e8d3-46aa-b961-79eb8d486b46 ] Request (FloatingIPsAssociationTestJSON:setUpClass): 200 GET http://10.180.1.21/compute/v2.1/servers/83abfaa7-1fc4-4dfb-8a33-7018c44d650c 0.073s
2025-03-10 17:15:24.389 68764 INFO tempest.lib.common.rest_client [req-2392c312-c381-488d-acb5-e6e455f536bc req-2392c312-c381-488d-acb5-e6e455f536bc ] Request (TenantUsagesTestJSON:setUpClass): 200 GET http://10.180.1.21/compute/v2.1/servers/aa08eea2-f042-4ba4-b229-3609ac22b47e 0.139s
2025-03-10 17:15:24.409 68750 INFO tempest.lib.common.rest_client [req-dc3e8c29-2038-4cc7-bb0b-43cb5936e7d0 req-dc3e8c29-2038-4cc7-bb0b-43cb5936e7d0 ] Request (MigrationsAdminTest:test_list_migrations_in_flavor_resize_situation): 200 GET http://10.180.1.21/compute/v2.1/servers/0fae630c-c34d-4827-9557-2d3bdb3d7c50 0.087s
2025-03-10 17:15:24.459 68774 INFO tempest.lib.common.rest_client [req-70b79273-3301-4301-8f7e-d1be245524d0 req-70b79273-3301-4301-8f7e-d1be245524d0 ] Request (ImagesOneServerNegativeTestJSON:_run_cleanups): 200 GET http://10.180.1.21/compute/v2.1/servers/ffc98835-bb20-4213-ab2e-217858cd937b 0.102s
2025-03-10 17:15:24.527 68762 INFO tempest.lib.common.rest_client [req-05429893-dc06-45f5-a34f-c9621e10c768 req-05429893-dc06-45f5-a34f-c9621e10c768 ] Request (ServerDiagnosticsV248Test:test_get_server_diagnostics): 200 GET http://10.180.1.21/compute/v2.1/servers/6b159e34-84a8-45c0-a5e2-9a9d1799b3fc 0.067s
2025-03-10 17:15:24.537 68762 INFO tempest.common.waiters [-] State transition "BUILD/block_device_mapping" ==> "BUILD/spawning" after 53 second wait
2025-03-10 17:15:24.616 68788 INFO tempest.lib.common.rest_client [req-2835d79c-7d70-4ad7-b77f-6bde33726c8f req-2835d79c-7d70-4ad7-b77f-6bde33726c8f ] Request (ImagesOneServerTestJSON:test_create_delete_image): 200 GET http://10.180.1.21/compute/v2.1/images/cac007f5-a1c9-4358-8efd-dc8bdb745ee7 0.228s
2025-03-10 17:15:24.621 68738 INFO tempest.lib.common.rest_client [req-e7946833-7873-459e-83ca-509e4354362f req-e7946833-7873-459e-83ca-509e4354362f ] Request (ServersV294TestFqdnHostnames:setUpClass): 200 GET http://10.180.1.21/compute/v2.1/servers/b79c1f42-b7e0-4c2a-87eb-bb266e620058 0.085s
2025-03-10 17:15:24.682 68748 WARNING tempest.lib.common.ssh [-] Failed to establish authenticated ssh connection to cirros@10.180.180.196 ([Errno None] Unable to connect to port 22 on 10.180.180.196). Number attempts: 4. Retry after 5 seconds.: paramiko.ssh_exception.NoValidConnectionsError: [Errno None] Unable to connect to port 22 on 10.180.180.196
2025-03-10 17:15:24.695 68758 INFO tempest.lib.common.rest_client [req-e9459327-b384-409f-bd12-5518b10d742e req-e9459327-b384-409f-bd12-5518b10d742e ] Request (ServersAdmin275Test:test_rebuild_update_server_275): 200 GET http://10.180.1.21/compute/v2.1/servers/7ddca307-cc43-46fb-863d-78762a26b0d0 0.101s
2025-03-10 17:15:24.726 68768 INFO tempest.lib.common.rest_client [req-b45f23f1-1c76-4c16-adbd-2f354fc744f2 req-b45f23f1-1c76-4c16-adbd-2f354fc744f2 ] Request (InstanceActionsTestJSON:setUpClass): 200 GET http://10.180.1.21/compute/v2.1/servers/cd6b3cc8-8b28-4b93-8922-6bb7aa6ec8e1 0.072s
2025-03-10 17:15:24.794 68754 INFO tempest.lib.common.rest_client [req-5a83fa3b-64da-40b8-ac92-6a63f7b9ab2d req-5a83fa3b-64da-40b8-ac92-6a63f7b9ab2d ] Request (AttachInterfacesV270Test:test_create_get_list_interfaces): 200 GET http://10.180.1.21/compute/v2.1/servers/d96e8733-37f1-481e-b09d-b5491a4ae3f6 0.065s
2025-03-10 17:15:24.830 68794 INFO tempest.lib.common.rest_client [req-cd5683e9-6896-42e6-9d84-7271377d8b41 req-cd5683e9-6896-42e6-9d84-7271377d8b41 ] Request (ServersAdminTestJSON:setUpClass): 201 POST http://10.180.1.21:9696/networking/v2.0/routers 0.746s
2025-03-10 17:15:24.864 68766 INFO tempest.lib.common.rest_client [req-2461c1f4-8901-4306-9ec1-64ee932982af req-2461c1f4-8901-4306-9ec1-64ee932982af ] Request (ServersTestJSON:test_create_server_specify_multibyte_character_name): 200 GET http://10.180.1.21/compute/v2.1/servers/1988c9b2-1c26-4d2c-b0c3-ff946dc22b08 0.058s
2025-03-10 17:15:24.963 68736 INFO tempest.lib.common.rest_client [req-30ed84f2-64a2-4b23-b1d9-90c20cbe9ec0 req-30ed84f2-64a2-4b23-b1d9-90c20cbe9ec0 ] Request (ImagesNegativeTestJSON:test_create_image_from_deleted_server): 200 GET http://10.180.1.21/compute/v2.1/servers/937e0562-8e2d-4207-a5d3-ba1f389ac873 0.083s
2025-03-10 17:15:24.975 68776 INFO tempest.lib.common.rest_client [req-9bb40f14-37e8-4ce6-b930-1549ebc73c47 req-9bb40f14-37e8-4ce6-b930-1549ebc73c47 ] Request (ServersAdminNegativeTestJSON:test_migrate_server_invalid_state): 200 GET http://10.180.1.21/compute/v2.1/servers/cd31aad9-c1fe-4d8a-a294-c4d5a8265da0 0.163s
2025-03-10 17:15:24.985 68776 INFO tempest.common.waiters [-] State transition "ACTIVE/suspending" ==> "SUSPENDED/None" after 1 second wait
2025-03-10 17:15:25.032 68784 INFO tempest.lib.common.rest_client [req-b288f1af-098a-467e-8886-7ac521278ab2 req-b288f1af-098a-467e-8886-7ac521278ab2 ] Request (ServerRescueTestJSON:test_rescue_unrescue_instance): 200 GET http://10.180.1.21/compute/v2.1/servers/60d71f22-7779-4f3b-b56a-a8be6ce5ea68 0.148s
2025-03-10 17:15:25.103 68780 INFO tempest.lib.common.rest_client [req-db9e79ad-1681-4d99-ba84-f2e521dc2384 req-db9e79ad-1681-4d99-ba84-f2e521dc2384 ] Request (ServersTestMultiNic:test_verify_duplicate_network_nics): 200 GET http://10.180.1.21/compute/v2.1/servers/98a605b2-4b2d-4f56-9ea2-344a660bec54 0.153s
2025-03-10 17:15:25.171 68776 INFO tempest.lib.common.rest_client [req-19e51fdb-56be-4599-84e2-876e0f7a7c73 req-19e51fdb-56be-4599-84e2-876e0f7a7c73 ] Request (ServersAdminNegativeTestJSON:test_migrate_server_invalid_state): 409 POST http://10.180.1.21/compute/v2.1/servers/cd31aad9-c1fe-4d8a-a294-c4d5a8265da0/action 0.185s
2025-03-10 17:15:25.194 68752 INFO tempest.lib.common.rest_client [req-490488ac-d35c-4f9e-8b00-cad25d635cb3 req-490488ac-d35c-4f9e-8b00-cad25d635cb3 ] Request (ListServerFiltersTestJSON:tearDownClass): 404 GET http://10.180.1.21/compute/v2.1/servers/abbbbbc0-3457-4c28-905f-728f2caf2f39 0.182s
2025-03-10 17:15:25.255 68770 INFO tempest.lib.common.rest_client [req-cb98b433-9a9e-4abe-95e4-6008fa149045 req-cb98b433-9a9e-4abe-95e4-6008fa149045 ] Request (ServerAddressesNegativeTestJSON:setUpClass): 200 GET http://10.180.1.21/compute/v2.1/servers/786cca41-91eb-4b77-b365-4c19525352f1 0.232s
2025-03-10 17:15:25.317 68760 INFO tempest.lib.common.rest_client [req-0a49a5f9-a4c3-4558-8318-85cec217076b req-0a49a5f9-a4c3-4558-8318-85cec217076b ] Request (ServerActionsTestOtherA:setUpClass): 200 GET http://10.180.1.21/compute/v2.1/servers/1d581ed1-d175-46b9-bf25-83a6c4e4be0f 0.226s
2025-03-10 17:15:25.387 68742 INFO tempest.lib.common.rest_client [req-85ab6f0a-0025-4f7a-a0ba-8899396a3891 req-85ab6f0a-0025-4f7a-a0ba-8899396a3891 ] Request (DeleteServersAdminTestJSON:test_delete_server_while_in_error_state): 200 GET http://10.180.1.21/compute/v2.1/servers/8e3abbd1-b483-450f-842b-811f51e18c19 0.295s
2025-03-10 17:15:25.443 68756 INFO tempest.lib.common.rest_client [req-1b95039a-1fcd-4dfe-9495-c097ea8b0e40 req-1b95039a-1fcd-4dfe-9495-c097ea8b0e40 ] Request (ServerActionsTestOtherB:setUpClass): 200 GET http://10.180.1.21/compute/v2.1/servers/e8e0b748-8d14-40a3-9702-504d0c0d679f 0.291s
2025-03-10 17:15:25.508 68782 INFO tempest.lib.common.rest_client [req-d0fb4aba-8972-4f3a-a4ae-9cf75de503cc req-d0fb4aba-8972-4f3a-a4ae-9cf75de503cc ] Request (AttachInterfacesTestJSON:test_create_list_show_delete_interfaces_by_fixed_ip): 200 GET http://10.180.1.21/compute/v2.1/servers/6db8dd54-71cf-4e4e-b984-cc43264df1ac 0.339s
2025-03-10 17:15:25.516 68776 INFO tempest.lib.common.rest_client [req-79c1047d-ba45-462f-a3f5-49be4d871988 req-79c1047d-ba45-462f-a3f5-49be4d871988 ] Request (ServersAdminNegativeTestJSON:test_reset_state_server_invalid_state): 400 POST http://10.180.1.21/compute/v2.1/servers/8701a32f-e784-418a-ae13-87b1330e8c27/action 0.344s
2025-03-10 17:15:25.607 68752 INFO tempest.lib.common.rest_client [req-36651238-75ca-4020-b1b2-892bcf6068a3 req-36651238-75ca-4020-b1b2-892bcf6068a3 ] Request (ListServerFiltersTestJSON:tearDownClass): 204 DELETE http://10.180.1.21/compute/v2.1/servers/e9d15794-c864-4c2e-a9c2-28d96991bebe 0.412s
2025-03-10 17:15:25.670 68796 INFO tempest.lib.common.rest_client [req-d8eadfd6-a516-47c8-a307-5287f278c186 req-d8eadfd6-a516-47c8-a307-5287f278c186 ] Request (AttachInterfacesUnderV243Test:test_add_remove_fixed_ip): 200 GET http://10.180.1.21/compute/v2.1/servers/82a6315d-1f3e-496f-abe5-0b6a3f8eaaed 0.454s
2025-03-10 17:15:25.762 68794 INFO tempest.lib.common.rest_client [req-ab7fa60f-6989-4188-9776-30d68509991c req-ab7fa60f-6989-4188-9776-30d68509991c ] Request (ServersAdminTestJSON:setUpClass): 200 PUT http://10.180.1.21:9696/networking/v2.0/routers/df9b1e1a-9605-4d1e-945c-02cfd08e218e/add_router_interface 0.931s
2025-03-10 17:15:25.762 68794 INFO tempest.lib.common.dynamic_creds [-] Created isolated network resources for: credentials: Credentials: {'domain_id': 'default', 'domain_name': 'Default', 'username': 'tempest-ServersAdminTestJSON-1257175277-project-admin', 'project_domain_id': 'default', 'project_domain_name': 'Default', 'project_id': '0b26513674a348b0b906876a8f6dc3c0', 'project_name': 'tempest-ServersAdminTestJSON-1257175277', 'tenant_id': '0b26513674a348b0b906876a8f6dc3c0', 'tenant_name': 'tempest-ServersAdminTestJSON-1257175277', 'user_domain_id': 'default', 'user_domain_name': 'Default', 'user_id': 'b0d3fe85cf8c4151b54b805491bb942f', 'system': None}, Network: {'id': '4e87bd96-9edf-42ce-b4ac-31eb23701d48', 'name': 'tempest-ServersAdminTestJSON-276711102-network', 'tenant_id': '0b26513674a348b0b906876a8f6dc3c0', 'admin_state_up': True, 'mtu': 8950, 'status': 'ACTIVE', 'subnets': [], 'shared': False, 'project_id': '0b26513674a348b0b906876a8f6dc3c0', 'port_security_enabled': True, 'router:external': False, 'provider:network_type': 'vlan', 'provider:physical_network': 'default', 'provider:segmentation_id': 191, 'availability_zone_hints': [], 'availability_zones': [], 'ipv4_address_scope': None, 'ipv6_address_scope': None, 'description': '', 'tags': [], 'created_at': '2025-03-10T17:15:23Z', 'updated_at': '2025-03-10T17:15:23Z', 'revision_number': 1}, Subnet: {'id': '348b9f18-3c93-4715-9f33-df75629a6e3d', 'name': 'tempest-ServersAdminTestJSON-276711102-subnet', 'tenant_id': '0b26513674a348b0b906876a8f6dc3c0', 'network_id': '4e87bd96-9edf-42ce-b4ac-31eb23701d48', 'ip_version': 4, 'subnetpool_id': None, 'enable_dhcp': True, 'ipv6_ra_mode': None, 'ipv6_address_mode': None, 'gateway_ip': '192.168.128.1', 'cidr': '192.168.128.0/28', 'allocation_pools': [{'start': '192.168.128.2', 'end': '192.168.128.14'}], 'host_routes': [], 'dns_nameservers': [], 'description': '', 'router:external': False, 'service_types': [], 'tags': [], 'created_at': '2025-03-10T17:15:23Z', 'updated_at': '2025-03-10T17:15:23Z', 'revision_number': 0, 'project_id': '0b26513674a348b0b906876a8f6dc3c0'}, Router: {'id': 'df9b1e1a-9605-4d1e-945c-02cfd08e218e', 'name': 'tempest-ServersAdminTestJSON-276711102-router', 'tenant_id': '0b26513674a348b0b906876a8f6dc3c0', 'admin_state_up': True, 'status': 'ACTIVE', 'external_gateway_info': {'network_id': 'b3b1f5a8-3f32-46f1-ada2-0de13853b9fb', 'external_fixed_ips': [{'subnet_id': '214e261d-b207-45a8-94c7-1cf457794752', 'ip_address': '10.180.180.236'}], 'enable_snat': True}, 'description': '', 'availability_zones': [], 'distributed': False, 'ha': False, 'availability_zone_hints': [], 'routes': [], 'flavor_id': None, 'tags': [], 'created_at': '2025-03-10T17:15:24Z', 'updated_at': '2025-03-10T17:15:24Z', 'revision_number': 2, 'project_id': '0b26513674a348b0b906876a8f6dc3c0'}
2025-03-10 17:15:25.788 68792 INFO tempest.lib.common.rest_client [req-c3a66a6f-44c3-44ba-bc3f-41d753e1d2e0 req-c3a66a6f-44c3-44ba-bc3f-41d753e1d2e0 ] Request (ServersTestBootFromVolume:setUpClass): 200 GET http://10.180.1.21/compute/v2.1/servers/15bb026a-d9ef-4b1d-b565-0d6954fe8391 0.513s
2025-03-10 17:15:25.855 68794 INFO tempest.lib.common.rest_client [req-b14761a7-c455-4500-944d-de18006b97bd req-b14761a7-c455-4500-944d-de18006b97bd ] Request (ServersAdminTestJSON:setUpClass): 201 POST http://10.180.1.21/identity/v3/auth/tokens 0.089s
2025-03-10 17:15:25.857 68786 INFO tempest.lib.common.rest_client [req-22c7625e-9b26-4aa7-a1cd-7dfb8f4ef06e req-22c7625e-9b26-4aa7-a1cd-7dfb8f4ef06e ] Request (ServerActionsV293TestJSON:setUpClass): 200 GET http://10.180.1.21/compute/v2.1/servers/1ab7b688-47c1-4ea1-9ad4-cd729a09ec3f 0.574s
2025-03-10 17:15:25.910 68746 INFO tempest.lib.common.rest_client [req-10b409ca-c450-45ca-b0e7-ad271e2d8afa req-10b409ca-c450-45ca-b0e7-ad271e2d8afa ] Request (FloatingIPsAssociationTestJSON:setUpClass): 200 GET http://10.180.1.21/compute/v2.1/servers/83abfaa7-1fc4-4dfb-8a33-7018c44d650c 0.555s
2025-03-10 17:15:25.916 68794 INFO tempest.lib.common.rest_client [req-1f2db4ca-49dc-4bd0-8f8b-2012e8467188 req-1f2db4ca-49dc-4bd0-8f8b-2012e8467188 ] Request (ServersAdminTestJSON:setUpClass): 201 POST http://10.180.1.21/identity/v3/auth/tokens 0.058s
2025-03-10 17:15:25.916 68794 INFO tempest.lib.common.fixed_network [-] (ServersAdminTestJSON:setUpClass) Found network {'id': '4e6d58b1-46f0-4105-b05f-d54f44081fd4', 'name': 'tempest-ServersAdminTestJSON-1412094765-network', 'tenant_id': '42821610650c4fecb574be20608d26f7', 'admin_state_up': True, 'mtu': 8950, 'status': 'ACTIVE', 'subnets': [], 'shared': False, 'project_id': '42821610650c4fecb574be20608d26f7', 'port_security_enabled': True, 'router:external': False, 'provider:network_type': 'vlan', 'provider:physical_network': 'default', 'provider:segmentation_id': 830, 'availability_zone_hints': [], 'availability_zones': [], 'ipv4_address_scope': None, 'ipv6_address_scope': None, 'description': '', 'tags': [], 'created_at': '2025-03-10T17:15:19Z', 'updated_at': '2025-03-10T17:15:19Z', 'revision_number': 1} available for tenant
2025-03-10 17:15:26.010 68764 INFO tempest.lib.common.rest_client [req-634fb318-6c29-4427-9163-60690e5e7a6d req-634fb318-6c29-4427-9163-60690e5e7a6d ] Request (TenantUsagesTestJSON:setUpClass): 200 GET http://10.180.1.21/compute/v2.1/servers/aa08eea2-f042-4ba4-b229-3609ac22b47e 0.608s
2025-03-10 17:15:26.059 68750 INFO tempest.lib.common.rest_client [req-6b375218-7492-4665-998f-77e51bf561f7 req-6b375218-7492-4665-998f-77e51bf561f7 ] Request (MigrationsAdminTest:test_list_migrations_in_flavor_resize_situation): 200 GET http://10.180.1.21/compute/v2.1/servers/0fae630c-c34d-4827-9557-2d3bdb3d7c50 0.640s
2025-03-10 17:15:26.117 68774 INFO tempest.lib.common.rest_client [req-9676ff7c-35f7-4e55-afa8-31b01c0e3137 req-9676ff7c-35f7-4e55-afa8-31b01c0e3137 ] Request (ImagesOneServerNegativeTestJSON:_run_cleanups): 200 GET http://10.180.1.21/compute/v2.1/servers/ffc98835-bb20-4213-ab2e-217858cd937b 0.647s
2025-03-10 17:15:26.123 68776 INFO tempest.lib.common.rest_client [req-ecbc3f1e-398f-49bd-b66a-9ae5dec1c085 req-ecbc3f1e-398f-49bd-b66a-9ae5dec1c085 ] Request (ServersAdminNegativeTestJSON:test_reset_state_server_invalid_type): 400 POST http://10.180.1.21/compute/v2.1/servers/8701a32f-e784-418a-ae13-87b1330e8c27/action 0.605s
2025-03-10 17:15:26.174 68762 INFO tempest.lib.common.rest_client [req-89efb9ff-317d-490e-b3bd-90e9ed056b5e req-89efb9ff-317d-490e-b3bd-90e9ed056b5e ] Request (ServerDiagnosticsV248Test:test_get_server_diagnostics): 200 GET http://10.180.1.21/compute/v2.1/servers/6b159e34-84a8-45c0-a5e2-9a9d1799b3fc 0.635s
2025-03-10 17:15:26.309 68752 INFO tempest.lib.common.rest_client [req-cede41b4-0bbe-49b0-a0c5-41abe16f3e80 req-cede41b4-0bbe-49b0-a0c5-41abe16f3e80 ] Request (ListServerFiltersTestJSON:tearDownClass): 200 GET http://10.180.1.21/compute/v2.1/servers/e9d15794-c864-4c2e-a9c2-28d96991bebe 0.702s
2025-03-10 17:15:28.776 68790 WARNING tempest.lib.common.ssh [-] Failed to establish authenticated ssh connection to cirros@10.180.180.232 ([Errno None] Unable to connect to port 22 on 10.180.180.232). Number attempts: 6. Retry after 7 seconds.: paramiko.ssh_exception.NoValidConnectionsError: [Errno None] Unable to connect to port 22 on 10.180.180.232
2025-03-10 17:15:30.760 68744 WARNING tempest.lib.common.ssh [-] Failed to establish authenticated ssh connection to cirros@10.180.180.184 ([Errno None] Unable to connect to port 22 on 10.180.180.184). Number attempts: 4. Retry after 5 seconds.: paramiko.ssh_exception.NoValidConnectionsError: [Errno None] Unable to connect to port 22 on 10.180.180.184
2025-03-10 17:15:31.589 68740 INFO tempest.lib.common.rest_client [req-d045dc1d-e961-4282-9e29-5b4390fcb4c7 req-d045dc1d-e961-4282-9e29-5b4390fcb4c7 ] Request (ListImageFiltersTestJSON:setUpClass): 200 GET http://10.180.1.21/compute/v2.1/images/a6039f60-7895-4dc4-9870-f8544f866d0c 6.666s
2025-03-10 17:15:31.592 68788 INFO tempest.lib.common.rest_client [req-ac547b11-773d-4432-8109-951625789abc req-ac547b11-773d-4432-8109-951625789abc ] Request (ImagesOneServerTestJSON:test_create_delete_image): 200 GET http://10.180.1.21/compute/v2.1/images/cac007f5-a1c9-4358-8efd-dc8bdb745ee7 5.968s
2025-03-10 17:15:31.659 68758 INFO tempest.lib.common.rest_client [req-c3edbe65-9831-4fe8-9d3a-4c2dbc5ab1b1 req-c3edbe65-9831-4fe8-9d3a-4c2dbc5ab1b1 ] Request (ServersAdmin275Test:test_rebuild_update_server_275): 200 GET http://10.180.1.21/compute/v2.1/servers/7ddca307-cc43-46fb-863d-78762a26b0d0 5.953s
2025-03-10 17:15:31.661 68738 INFO tempest.lib.common.rest_client [req-276aa85f-9494-4a20-a6cb-3c4d3446c24e req-276aa85f-9494-4a20-a6cb-3c4d3446c24e ] Request (ServersV294TestFqdnHostnames:setUpClass): 200 GET http://10.180.1.21/compute/v2.1/servers/b79c1f42-b7e0-4c2a-87eb-bb266e620058 6.028s
2025-03-10 17:15:31.718 68768 INFO tempest.lib.common.rest_client [req-01473cc1-34a7-4d19-abc5-2ae4110f9026 req-01473cc1-34a7-4d19-abc5-2ae4110f9026 ] Request (InstanceActionsTestJSON:setUpClass): 200 GET http://10.180.1.21/compute/v2.1/servers/cd6b3cc8-8b28-4b93-8922-6bb7aa6ec8e1 5.984s
2025-03-10 17:15:31.725 68754 INFO tempest.lib.common.rest_client [req-15fbea68-7366-4dfa-b4e7-c61fc8a50d54 req-15fbea68-7366-4dfa-b4e7-c61fc8a50d54 ] Request (AttachInterfacesV270Test:test_create_get_list_interfaces): 200 GET http://10.180.1.21/compute/v2.1/servers/d96e8733-37f1-481e-b09d-b5491a4ae3f6 5.918s
2025-03-10 17:15:31.776 68766 INFO tempest.lib.common.rest_client [req-0095aafb-d329-44ae-9649-8dc26a862b93 req-0095aafb-d329-44ae-9649-8dc26a862b93 ] Request (ServersTestJSON:test_create_server_specify_multibyte_character_name): 200 GET http://10.180.1.21/compute/v2.1/servers/1988c9b2-1c26-4d2c-b0c3-ff946dc22b08 5.903s
2025-03-10 17:15:31.908 68736 INFO tempest.lib.common.rest_client [req-bcac0ff5-7903-4de3-92f4-d222b1e88e20 req-bcac0ff5-7903-4de3-92f4-d222b1e88e20 ] Request (ImagesNegativeTestJSON:test_create_image_from_deleted_server): 200 GET http://10.180.1.21/compute/v2.1/servers/937e0562-8e2d-4207-a5d3-ba1f389ac873 5.933s
2025-03-10 17:15:31.915 68736 INFO tempest.common.waiters [-] State transition "BUILD/None" ==> "BUILD/spawning" after 53 second wait
2025-03-10 17:15:32.033 68784 INFO tempest.lib.common.rest_client [req-a6ae4282-68e9-4fe9-8c19-c1c9027f564e req-a6ae4282-68e9-4fe9-8c19-c1c9027f564e ] Request (ServerRescueTestJSON:test_rescue_unrescue_instance): 200 GET http://10.180.1.21/compute/v2.1/servers/60d71f22-7779-4f3b-b56a-a8be6ce5ea68 5.983s
2025-03-10 17:15:32.042 68784 INFO tempest.common.waiters [-] State transition "BUILD/None" ==> "BUILD/spawning" after 51 second wait
2025-03-10 17:15:32.101 68780 INFO tempest.lib.common.rest_client [req-6302fe91-6793-4d9f-97e9-d7936239f0f9 req-6302fe91-6793-4d9f-97e9-d7936239f0f9 ] Request (ServersTestMultiNic:test_verify_duplicate_network_nics): 200 GET http://10.180.1.21/compute/v2.1/servers/98a605b2-4b2d-4f56-9ea2-344a660bec54 5.988s
2025-03-10 17:15:32.109 68776 INFO tempest.lib.common.rest_client [req-ed9c8483-990b-4a8a-9579-1e89a78bde25 req-ed9c8483-990b-4a8a-9579-1e89a78bde25 ] Request (ServersAdminNegativeTestJSON:test_reset_state_server_nonexistent_server): 404 POST http://10.180.1.21/compute/v2.1/servers/999/action 5.985s
2025-03-10 17:15:32.110 68780 INFO tempest.common.waiters [-] State transition "BUILD/scheduling" ==> "BUILD/None" after 41 second wait
2025-03-10 17:15:32.167 68770 INFO tempest.lib.common.rest_client [req-e4a069ae-32e5-4738-926b-e2ccb65a3947 req-e4a069ae-32e5-4738-926b-e2ccb65a3947 ] Request (ServerAddressesNegativeTestJSON:setUpClass): 200 GET http://10.180.1.21/compute/v2.1/servers/786cca41-91eb-4b77-b365-4c19525352f1 5.904s
2025-03-10 17:15:32.213 68794 INFO tempest.lib.common.rest_client [req-6a68d76b-ad52-4968-a2ec-172db279f005 req-6a68d76b-ad52-4968-a2ec-172db279f005 ] Request (ServersAdminTestJSON:setUpClass): 202 POST http://10.180.1.21/compute/v2.1/servers 6.296s
2025-03-10 17:15:32.228 68760 INFO tempest.lib.common.rest_client [req-489451e1-e9e9-4f10-8098-54369494985b req-489451e1-e9e9-4f10-8098-54369494985b ] Request (ServerActionsTestOtherA:setUpClass): 200 GET http://10.180.1.21/compute/v2.1/servers/1d581ed1-d175-46b9-bf25-83a6c4e4be0f 5.897s
2025-03-10 17:15:32.260 68794 INFO tempest.lib.common.rest_client [req-3c1ce6b8-c729-407d-8f16-4c2a0512fc24 req-3c1ce6b8-c729-407d-8f16-4c2a0512fc24 ] Request (ServersAdminTestJSON:setUpClass): 201 POST http://10.180.1.21/identity/v3/auth/tokens 0.042s
2025-03-10 17:15:32.261 68794 INFO tempest.lib.common.fixed_network [-] (ServersAdminTestJSON:setUpClass) Found network {'id': '4e6d58b1-46f0-4105-b05f-d54f44081fd4', 'name': 'tempest-ServersAdminTestJSON-1412094765-network', 'tenant_id': '42821610650c4fecb574be20608d26f7', 'admin_state_up': True, 'mtu': 8950, 'status': 'ACTIVE', 'subnets': [], 'shared': False, 'project_id': '42821610650c4fecb574be20608d26f7', 'port_security_enabled': True, 'router:external': False, 'provider:network_type': 'vlan', 'provider:physical_network': 'default', 'provider:segmentation_id': 830, 'availability_zone_hints': [], 'availability_zones': [], 'ipv4_address_scope': None, 'ipv6_address_scope': None, 'description': '', 'tags': [], 'created_at': '2025-03-10T17:15:19Z', 'updated_at': '2025-03-10T17:15:19Z', 'revision_number': 1} available for tenant
2025-03-10 17:15:32.281 68742 INFO tempest.lib.common.rest_client [req-72a4990a-4c8d-4972-89a2-b58617386ab7 req-72a4990a-4c8d-4972-89a2-b58617386ab7 ] Request (DeleteServersAdminTestJSON:test_delete_server_while_in_error_state): 200 GET http://10.180.1.21/compute/v2.1/servers/8e3abbd1-b483-450f-842b-811f51e18c19 5.882s
2025-03-10 17:15:32.297 68778 WARNING tempest.lib.common.ssh [-] Failed to establish authenticated ssh connection to cirros@10.180.180.250 ([Errno None] Unable to connect to port 22 on 10.180.180.250). Number attempts: 5. Retry after 6 seconds.: paramiko.ssh_exception.NoValidConnectionsError: [Errno None] Unable to connect to port 22 on 10.180.180.250
2025-03-10 17:15:32.298 68756 INFO tempest.lib.common.rest_client [req-c2fcbe9b-d6fe-4cdc-98ef-b762da6896fe req-c2fcbe9b-d6fe-4cdc-98ef-b762da6896fe ] Request (ServerActionsTestOtherB:setUpClass): 200 GET http://10.180.1.21/compute/v2.1/servers/e8e0b748-8d14-40a3-9702-504d0c0d679f 5.842s
2025-03-10 17:15:32.345 68782 INFO tempest.lib.common.rest_client [req-55bdf51d-4b9c-43c7-93ec-f0db6f8ca540 req-55bdf51d-4b9c-43c7-93ec-f0db6f8ca540 ] Request (AttachInterfacesTestJSON:test_create_list_show_delete_interfaces_by_fixed_ip): 200 GET http://10.180.1.21/compute/v2.1/servers/6db8dd54-71cf-4e4e-b984-cc43264df1ac 5.822s
2025-03-10 17:15:32.367 68796 INFO tempest.lib.common.rest_client [req-54ea0275-212f-4f84-9f19-7356034f1973 req-54ea0275-212f-4f84-9f19-7356034f1973 ] Request (AttachInterfacesUnderV243Test:test_add_remove_fixed_ip): 200 GET http://10.180.1.21/compute/v2.1/servers/82a6315d-1f3e-496f-abe5-0b6a3f8eaaed 5.689s
2025-03-10 17:15:32.378 68796 INFO tempest.common.waiters [-] State transition "BUILD/scheduling" ==> "BUILD/None" after 38 second wait
2025-03-10 17:15:32.442 68786 INFO tempest.lib.common.rest_client [req-3207aca9-daee-4bf0-b99e-861dfb46b092 req-3207aca9-daee-4bf0-b99e-861dfb46b092 ] Request (ServerActionsV293TestJSON:setUpClass): 200 GET http://10.180.1.21/compute/v2.1/servers/1ab7b688-47c1-4ea1-9ad4-cd729a09ec3f 5.573s
2025-03-10 17:15:32.505 68746 INFO tempest.lib.common.rest_client [req-c4fe67c2-9be1-4d87-9c0b-fa1c3182fa0e req-c4fe67c2-9be1-4d87-9c0b-fa1c3182fa0e ] Request (FloatingIPsAssociationTestJSON:setUpClass): 200 GET http://10.180.1.21/compute/v2.1/servers/83abfaa7-1fc4-4dfb-8a33-7018c44d650c 5.586s
2025-03-10 17:15:32.616 68792 INFO tempest.lib.common.rest_client [req-2d9f4d9e-2b60-4053-8cbc-037b6917fefe req-2d9f4d9e-2b60-4053-8cbc-037b6917fefe ] Request (ServersTestBootFromVolume:setUpClass): 200 GET http://10.180.1.21/compute/v2.1/servers/15bb026a-d9ef-4b1d-b565-0d6954fe8391 5.819s
2025-03-10 17:15:32.699 68750 INFO tempest.lib.common.rest_client [req-642cfd0a-251f-4158-94aa-31339d71646c req-642cfd0a-251f-4158-94aa-31339d71646c ] Request (MigrationsAdminTest:test_list_migrations_in_flavor_resize_situation): 200 GET http://10.180.1.21/compute/v2.1/servers/0fae630c-c34d-4827-9557-2d3bdb3d7c50 5.632s
2025-03-10 17:15:32.722 68774 INFO tempest.lib.common.rest_client [req-b8ea8ff0-b206-4397-a5d5-1822ac866bea req-b8ea8ff0-b206-4397-a5d5-1822ac866bea ] Request (ImagesOneServerNegativeTestJSON:_run_cleanups): 404 GET http://10.180.1.21/compute/v2.1/servers/ffc98835-bb20-4213-ab2e-217858cd937b 5.596s
2025-03-10 17:15:32.747 68764 INFO tempest.lib.common.rest_client [req-7d2ac11c-942b-49bf-9b72-ecd717d5bb92 req-7d2ac11c-942b-49bf-9b72-ecd717d5bb92 ] Request (TenantUsagesTestJSON:setUpClass): 200 GET http://10.180.1.21/compute/v2.1/servers/aa08eea2-f042-4ba4-b229-3609ac22b47e 5.730s
2025-03-10 17:15:32.756 68764 INFO tempest.common.waiters [-] State transition "BUILD/spawning" ==> "ACTIVE/None" after 62 second wait
2025-03-10 17:15:32.787 68762 INFO tempest.lib.common.rest_client [req-9973e4e9-df4f-4c84-8583-42be1658b6f9 req-9973e4e9-df4f-4c84-8583-42be1658b6f9 ] Request (ServerDiagnosticsV248Test:test_get_server_diagnostics): 200 GET http://10.180.1.21/compute/v2.1/servers/6b159e34-84a8-45c0-a5e2-9a9d1799b3fc 5.602s
2025-03-10 17:15:32.798 68762 INFO tempest.common.waiters [-] State transition "BUILD/spawning" ==> "ACTIVE/None" after 61 second wait
2025-03-10 17:15:32.809 68752 INFO tempest.lib.common.rest_client [req-00a54a63-5681-4a82-b129-eba0bc04d95c req-00a54a63-5681-4a82-b129-eba0bc04d95c ] Request (ListServerFiltersTestJSON:tearDownClass): 200 GET http://10.180.1.21/compute/v2.1/servers/e9d15794-c864-4c2e-a9c2-28d96991bebe 5.487s
2025-03-10 17:15:32.816 68752 INFO tempest.common.waiters [-] State transition "ACTIVE/deleting" ==> "DELETED/None" after 6 second wait
2025-03-10 17:15:32.824 68788 INFO tempest.lib.common.rest_client [req-d766a4d1-f803-4437-8427-60e485f2393b req-d766a4d1-f803-4437-8427-60e485f2393b ] Request (ImagesOneServerTestJSON:test_create_delete_image): 200 GET http://10.180.1.21/compute/v2.1/images/cac007f5-a1c9-4358-8efd-dc8bdb745ee7 1.228s
2025-03-10 17:15:32.899 68776 INFO tempest.lib.common.rest_client [req-fa3c5698-4da0-44be-a802-7b9aa1ad00fd req-fa3c5698-4da0-44be-a802-7b9aa1ad00fd ] Request (ServersAdminNegativeTestJSON:test_resize_server_using_overlimit_ram): 200 GET http://10.180.1.21/compute/v2.1/os-quota-sets/2eba347e03fe4551b3bad0ff9ef346d2 0.788s
2025-03-10 17:15:32.929 68740 INFO tempest.lib.common.rest_client [req-65e4e2c9-b625-4bdf-af2a-a50795c0b3d7 req-65e4e2c9-b625-4bdf-af2a-a50795c0b3d7 ] Request (ListImageFiltersTestJSON:setUpClass): 200 GET http://10.180.1.21/compute/v2.1/images/a6039f60-7895-4dc4-9870-f8544f866d0c 0.335s
