2025-03-10 17:13:51.443 68790 INFO tempest.lib.common.rest_client [req-c3a23373-f6f8-4fa9-8f72-72872bb478e8 req-c3a23373-f6f8-4fa9-8f72-72872bb478e8 ] Request (VolumesAssistedSnapshotsTest:setUpClass): 200 GET http://10.180.1.21/identity/v3/roles 0.036s
2025-03-10 17:13:51.446 68750 INFO tempest.lib.common.rest_client [req-bcde11a1-e139-4d3d-9aa0-45983c7d35d0 req-bcde11a1-e139-4d3d-9aa0-45983c7d35d0 ] Request (FlavorsAdminTestJSON:setUpClass): 200 GET http://10.180.1.21/identity/v3/domains?name=Default 0.036s
2025-03-10 17:13:51.457 68748 INFO tempest.lib.common.rest_client [req-bef94987-2851-41a4-9286-41d9863b0264 req-bef94987-2851-41a4-9286-41d9863b0264 ] Request (ServersWithSpecificFlavorTestJSON:setUpClass): 204 PUT http://10.180.1.21/identity/v3/projects/6808b69ef22d41409eea6d4507e7f0df/users/8936833bc02646aca725754cc95e2561/roles/83c35c497cd041f9b0f621cfe096ecb1 0.035s
2025-03-10 17:13:51.458 68748 INFO tempest.lib.common.dynamic_creds [-] Dynamic test user 8936833bc02646aca725754cc95e2561 is created with scope project and roles: ['member']
2025-03-10 17:13:51.458 68748 INFO tempest.lib.common.dynamic_creds [-] Acquired dynamic creds: credentials: Credentials: {'domain_id': 'default', 'domain_name': 'Default', 'username': 'tempest-ServersWithSpecificFlavorTestJSON-908437179-project-member', 'project_domain_id': 'default', 'project_domain_name': 'Default', 'project_id': '6808b69ef22d41409eea6d4507e7f0df', 'project_name': 'tempest-ServersWithSpecificFlavorTestJSON-908437179', 'tenant_id': '6808b69ef22d41409eea6d4507e7f0df', 'tenant_name': 'tempest-ServersWithSpecificFlavorTestJSON-908437179', 'user_domain_id': 'default', 'user_domain_name': 'Default', 'user_id': '8936833bc02646aca725754cc95e2561', 'system': None}, Network: None, Subnet: None, Router: None
2025-03-10 17:13:51.462 68768 INFO tempest.lib.common.rest_client [req-951ed86c-7bb0-4d16-b0ec-5c1f62ba8927 req-951ed86c-7bb0-4d16-b0ec-5c1f62ba8927 ] Request (HostsAdminTestJSON:setUpClass): 204 PUT http://10.180.1.21/identity/v3/projects/5037882b02d24a73a98509d99316792c/users/10e9fb6f553e4a95a75f4f780d0847ac/roles/78509c15e25243a594eda112b0e4ef9a 0.032s
2025-03-10 17:13:51.463 68768 INFO tempest.lib.common.dynamic_creds [-] Dynamic test user 10e9fb6f553e4a95a75f4f780d0847ac is created with scope project and roles: ['admin']
2025-03-10 17:13:51.463 68768 INFO tempest.lib.common.dynamic_creds [-] Acquired dynamic creds: credentials: Credentials: {'domain_id': 'default', 'domain_name': 'Default', 'username': 'tempest-HostsAdminTestJSON-78911853-project-admin', 'project_domain_id': 'default', 'project_domain_name': 'Default', 'project_id': '5037882b02d24a73a98509d99316792c', 'project_name': 'tempest-HostsAdminTestJSON-78911853', 'tenant_id': '5037882b02d24a73a98509d99316792c', 'tenant_name': 'tempest-HostsAdminTestJSON-78911853', 'user_domain_id': 'default', 'user_domain_name': 'Default', 'user_id': '10e9fb6f553e4a95a75f4f780d0847ac', 'system': None}, Network: None, Subnet: None, Router: None
2025-03-10 17:13:51.463 68768 INFO tempest.lib.common.dynamic_creds [-] Created isolated network resources for: credentials: Credentials: {'domain_id': 'default', 'domain_name': 'Default', 'username': 'tempest-HostsAdminTestJSON-78911853-project-admin', 'project_domain_id': 'default', 'project_domain_name': 'Default', 'project_id': '5037882b02d24a73a98509d99316792c', 'project_name': 'tempest-HostsAdminTestJSON-78911853', 'tenant_id': '5037882b02d24a73a98509d99316792c', 'tenant_name': 'tempest-HostsAdminTestJSON-78911853', 'user_domain_id': 'default', 'user_domain_name': 'Default', 'user_id': '10e9fb6f553e4a95a75f4f780d0847ac', 'system': None}, Network: None, Subnet: None, Router: None
2025-03-10 17:13:51.514 68790 INFO tempest.lib.common.rest_client [req-468ecbab-3aa1-465a-a692-381cef65647a req-468ecbab-3aa1-465a-a692-381cef65647a ] Request (VolumesAssistedSnapshotsTest:setUpClass): 204 PUT http://10.180.1.21/identity/v3/projects/5287882b2dff49de912e7ec7a4df131b/users/ff9ce40291b546de862941cc0bda95f3/roles/83c35c497cd041f9b0f621cfe096ecb1 0.070s
2025-03-10 17:13:51.514 68790 INFO tempest.lib.common.dynamic_creds [-] Dynamic test user ff9ce40291b546de862941cc0bda95f3 is created with scope project and roles: ['member']
2025-03-10 17:13:51.514 68790 INFO tempest.lib.common.dynamic_creds [-] Acquired dynamic creds: credentials: Credentials: {'domain_id': 'default', 'domain_name': 'Default', 'username': 'tempest-VolumesAssistedSnapshotsTest-1247796712-project-member', 'project_domain_id': 'default', 'project_domain_name': 'Default', 'project_id': '5287882b2dff49de912e7ec7a4df131b', 'project_name': 'tempest-VolumesAssistedSnapshotsTest-1247796712', 'tenant_id': '5287882b2dff49de912e7ec7a4df131b', 'tenant_name': 'tempest-VolumesAssistedSnapshotsTest-1247796712', 'user_domain_id': 'default', 'user_domain_name': 'Default', 'user_id': 'ff9ce40291b546de862941cc0bda95f3', 'system': None}, Network: None, Subnet: None, Router: None
2025-03-10 17:13:51.520 68738 INFO tempest.lib.common.rest_client [req-6a596f75-ebad-43c9-952d-f71df51e6554 req-6a596f75-ebad-43c9-952d-f71df51e6554 ] Request (QuotasAdminNegativeTest:setUpClass): 201 POST http://10.180.1.21/identity/v3/auth/tokens 0.073s
2025-03-10 17:13:51.561 68748 INFO tempest.lib.common.rest_client [req-1f9f6205-5188-4c4a-b24f-f42dc34c2a6f req-1f9f6205-5188-4c4a-b24f-f42dc34c2a6f ] Request (ServersWithSpecificFlavorTestJSON:setUpClass): 201 POST http://10.180.1.21/identity/v3/auth/tokens 0.103s
2025-03-10 17:13:51.566 68750 INFO tempest.lib.common.rest_client [req-d9e2ed3d-34c6-411d-87b1-136689db89b0 req-d9e2ed3d-34c6-411d-87b1-136689db89b0 ] Request (FlavorsAdminTestJSON:setUpClass): 201 POST http://10.180.1.21/identity/v3/projects 0.118s
2025-03-10 17:13:51.616 68768 INFO tempest.lib.common.rest_client [req-7f3aa272-f46c-440e-81a1-0a74a357a4fb req-7f3aa272-f46c-440e-81a1-0a74a357a4fb ] Request (HostsAdminTestJSON:setUpClass): 201 POST http://10.180.1.21/identity/v3/auth/tokens 0.132s
2025-03-10 17:13:51.639 68738 INFO tempest.lib.common.rest_client [req-6a1d1172-15ac-4fa0-8f83-9d9d4c14ed4d req-6a1d1172-15ac-4fa0-8f83-9d9d4c14ed4d ] Request (QuotasAdminNegativeTest:setUpClass): 201 POST http://10.180.1.21/identity/v3/auth/tokens 0.117s
2025-03-10 17:13:51.640 68790 INFO tempest.lib.common.rest_client [req-366fe0dd-9174-4923-9319-7170d3b24974 req-366fe0dd-9174-4923-9319-7170d3b24974 ] Request (VolumesAssistedSnapshotsTest:setUpClass): 201 POST http://10.180.1.21/identity/v3/auth/tokens 0.125s
2025-03-10 17:13:51.661 68750 INFO tempest.lib.common.rest_client [req-098b0fa2-3ea3-44e9-99ca-1c3c4c978b34 req-098b0fa2-3ea3-44e9-99ca-1c3c4c978b34 ] Request (FlavorsAdminTestJSON:setUpClass): 201 POST http://10.180.1.21/identity/v3/users 0.094s
2025-03-10 17:13:51.703 68740 INFO tempest.lib.common.rest_client [req-c51300f8-9d33-4645-8967-8194922484b8 req-c51300f8-9d33-4645-8967-8194922484b8 ] Request (InstanceUsageAuditLogTestJSON:setUpClass): 201 POST http://10.180.1.21/identity/v3/auth/tokens 0.071s
2025-03-10 17:13:51.725 68738 INFO tempest.lib.common.rest_client [req-dd36ec64-844e-4639-8c0b-02e4aad3668e req-dd36ec64-844e-4639-8c0b-02e4aad3668e ] Request (QuotasAdminNegativeTest:setUpClass): 200 GET http://10.180.1.21/identity/v3/domains?name=Default 0.085s
2025-03-10 17:13:51.740 68768 INFO tempest.lib.common.rest_client [req-f42ab538-9c01-4cd3-b29e-e4325c35c94e req-f42ab538-9c01-4cd3-b29e-e4325c35c94e ] Request (HostsAdminTestJSON:test_list_hosts): 200 GET http://10.180.1.21/compute/v2.1/os-hosts 0.122s
2025-03-10 17:13:51.770 68750 INFO tempest.lib.common.rest_client [req-04831ecd-9357-4691-a860-3f869367f980 req-04831ecd-9357-4691-a860-3f869367f980 ] Request (FlavorsAdminTestJSON:setUpClass): 200 GET http://10.180.1.21/identity/v3/roles 0.109s
2025-03-10 17:13:51.771 68738 INFO tempest.lib.common.rest_client [req-e7f3148f-3637-4312-8b2d-f84d0ed9100d req-e7f3148f-3637-4312-8b2d-f84d0ed9100d ] Request (QuotasAdminNegativeTest:setUpClass): 201 POST http://10.180.1.21/identity/v3/projects 0.040s
2025-03-10 17:13:51.778 68756 INFO tempest.lib.common.rest_client [req-7a4c9a6f-613c-494e-8b50-c7b6af4bbdc2 req-7a4c9a6f-613c-494e-8b50-c7b6af4bbdc2 ] Request (FlavorsV255TestJSON:setUpClass): 201 POST http://10.180.1.21/identity/v3/auth/tokens 0.057s
2025-03-10 17:13:51.836 68740 INFO tempest.lib.common.rest_client [req-728194cd-790c-47ae-b1a4-6e719f8aff22 req-728194cd-790c-47ae-b1a4-6e719f8aff22 ] Request (InstanceUsageAuditLogTestJSON:setUpClass): 201 POST http://10.180.1.21/identity/v3/auth/tokens 0.095s
2025-03-10 17:13:51.841 68738 INFO tempest.lib.common.rest_client [req-9e0c9518-781a-46d9-bb3d-bec4b455046e req-9e0c9518-781a-46d9-bb3d-bec4b455046e ] Request (QuotasAdminNegativeTest:setUpClass): 201 POST http://10.180.1.21/identity/v3/users 0.069s
2025-03-10 17:13:51.848 68768 INFO tempest.lib.common.rest_client [req-3e60918a-d4ec-46d4-8793-183b19ea2888 req-3e60918a-d4ec-46d4-8793-183b19ea2888 ] Request (HostsAdminTestJSON:test_list_hosts_with_a_blank_zone): 200 GET http://10.180.1.21/compute/v2.1/os-hosts?zone= 0.065s
2025-03-10 17:13:51.854 68750 INFO tempest.lib.common.rest_client [req-82d3f60c-acc7-4e5b-8155-b001269f48e0 req-82d3f60c-acc7-4e5b-8155-b001269f48e0 ] Request (FlavorsAdminTestJSON:setUpClass): 204 PUT http://10.180.1.21/identity/v3/projects/5695a2107431447aa10eee15afff3c36/users/ad842e448de444bcbec6d8d572e01759/roles/83c35c497cd041f9b0f621cfe096ecb1 0.083s
2025-03-10 17:13:51.854 68750 INFO tempest.lib.common.dynamic_creds [-] Dynamic test user ad842e448de444bcbec6d8d572e01759 is created with scope project and roles: ['member']
2025-03-10 17:13:51.855 68750 INFO tempest.lib.common.dynamic_creds [-] Acquired dynamic creds: credentials: Credentials: {'domain_id': 'default', 'domain_name': 'Default', 'username': 'tempest-FlavorsAdminTestJSON-1842188466-project-member', 'project_domain_id': 'default', 'project_domain_name': 'Default', 'project_id': '5695a2107431447aa10eee15afff3c36', 'project_name': 'tempest-FlavorsAdminTestJSON-1842188466', 'tenant_id': '5695a2107431447aa10eee15afff3c36', 'tenant_name': 'tempest-FlavorsAdminTestJSON-1842188466', 'user_domain_id': 'default', 'user_domain_name': 'Default', 'user_id': 'ad842e448de444bcbec6d8d572e01759', 'system': None}, Network: None, Subnet: None, Router: None
2025-03-10 17:13:51.855 68750 INFO tempest.lib.common.dynamic_creds [-] Created isolated network resources for: credentials: Credentials: {'domain_id': 'default', 'domain_name': 'Default', 'username': 'tempest-FlavorsAdminTestJSON-1842188466-project-member', 'project_domain_id': 'default', 'project_domain_name': 'Default', 'project_id': '5695a2107431447aa10eee15afff3c36', 'project_name': 'tempest-FlavorsAdminTestJSON-1842188466', 'tenant_id': '5695a2107431447aa10eee15afff3c36', 'tenant_name': 'tempest-FlavorsAdminTestJSON-1842188466', 'user_domain_id': 'default', 'user_domain_name': 'Default', 'user_id': 'ad842e448de444bcbec6d8d572e01759', 'system': None}, Network: None, Subnet: None, Router: None
2025-03-10 17:13:51.889 68768 INFO tempest.lib.common.rest_client [req-e5950b06-6aff-4ee4-b3c4-ba88abf523ed req-e5950b06-6aff-4ee4-b3c4-ba88abf523ed ] Request (HostsAdminTestJSON:test_list_hosts_with_nonexistent_zone): 200 GET http://10.180.1.21/compute/v2.1/os-hosts?zone=xxx 0.031s
2025-03-10 17:13:51.911 68756 INFO tempest.lib.common.rest_client [req-5313838d-5163-4354-b3b3-48a9083d3e0d req-5313838d-5163-4354-b3b3-48a9083d3e0d ] Request (FlavorsV255TestJSON:setUpClass): 201 POST http://10.180.1.21/identity/v3/auth/tokens 0.130s
2025-03-10 17:13:51.923 68746 INFO tempest.lib.common.rest_client [req-7ec3173e-4cf9-4df6-a472-703759b04794 req-7ec3173e-4cf9-4df6-a472-703759b04794 ] Request (AggregatesAdminNegativeTestJSON:setUpClass): 201 POST http://10.180.1.21/identity/v3/auth/tokens 0.130s
2025-03-10 17:13:51.941 68798 INFO tempest.lib.common.rest_client [req-3dfdcb00-189b-4eab-bd0f-0421fab641e3 req-3dfdcb00-189b-4eab-bd0f-0421fab641e3 ] Request (HypervisorAdminNegativeUnderV252Test:setUpClass): 201 POST http://10.180.1.21/identity/v3/auth/tokens 0.132s
2025-03-10 17:13:51.945 68768 INFO tempest.lib.common.rest_client [req-7fd6cfdd-3331-44b3-8869-48e9c859dcf6 req-7fd6cfdd-3331-44b3-8869-48e9c859dcf6 ] Request (HostsAdminTestJSON:test_list_hosts_with_zone): 200 GET http://10.180.1.21/compute/v2.1/os-hosts 0.043s
2025-03-10 17:13:51.949 68740 INFO tempest.lib.common.rest_client [req-b6f36d04-4720-42f3-aa13-d7d01255a7c2 req-b6f36d04-4720-42f3-aa13-d7d01255a7c2 ] Request (InstanceUsageAuditLogTestJSON:setUpClass): 200 GET http://10.180.1.21/identity/v3/domains?name=Default 0.112s
2025-03-10 17:13:51.966 68738 INFO tempest.lib.common.rest_client [req-17b88588-2142-4fa3-933b-99c0b3fdca69 req-17b88588-2142-4fa3-933b-99c0b3fdca69 ] Request (QuotasAdminNegativeTest:setUpClass): 200 GET http://10.180.1.21/identity/v3/roles 0.124s
2025-03-10 17:13:51.972 68748 INFO tempest.lib.common.rest_client [req-14941c9a-08c0-40a3-850b-c99eea7d4619 req-14941c9a-08c0-40a3-850b-c99eea7d4619 ] Request (ServersWithSpecificFlavorTestJSON:setUpClass): 201 POST http://10.180.1.21:9696/networking/v2.0/networks 0.411s
2025-03-10 17:13:51.981 68768 INFO tempest.lib.common.rest_client [req-f073ec8a-02d4-4f38-b711-37ceb8b1a3ed req-f073ec8a-02d4-4f38-b711-37ceb8b1a3ed ] Request (HostsAdminTestJSON:test_list_hosts_with_zone): 200 GET http://10.180.1.21/compute/v2.1/os-hosts?zone=internal 0.035s
2025-03-10 17:13:51.985 68756 INFO tempest.lib.common.rest_client [req-5fcad4bb-2ec8-435f-b253-26637287301d req-5fcad4bb-2ec8-435f-b253-26637287301d ] Request (FlavorsV255TestJSON:setUpClass): 200 GET http://10.180.1.21/identity/v3/domains?name=Default 0.073s
2025-03-10 17:13:51.993 68762 INFO tempest.lib.common.rest_client [req-b369880e-c64a-4a94-a067-7788029b34c8 req-b369880e-c64a-4a94-a067-7788029b34c8 ] Request (AZAdminNegativeTestJSON:setUpClass): 201 POST http://10.180.1.21/identity/v3/auth/tokens 0.074s
2025-03-10 17:13:52.002 68790 INFO tempest.lib.common.rest_client [req-cc823544-7415-4f67-9564-1ca0c8eab9b3 req-cc823544-7415-4f67-9564-1ca0c8eab9b3 ] Request (VolumesAssistedSnapshotsTest:setUpClass): 201 POST http://10.180.1.21:9696/networking/v2.0/networks 0.361s
2025-03-10 17:13:52.012 68764 INFO tempest.lib.common.rest_client [req-9e897e1d-c266-4a66-b0c2-6a843e22f2fc req-9e897e1d-c266-4a66-b0c2-6a843e22f2fc ] Request (FlavorsExtraSpecsTestJSON:setUpClass): 201 POST http://10.180.1.21/identity/v3/auth/tokens 0.090s
2025-03-10 17:13:52.026 68746 INFO tempest.lib.common.rest_client [req-13618483-f290-483d-a98d-51f6a88d03db req-13618483-f290-483d-a98d-51f6a88d03db ] Request (AggregatesAdminNegativeTestJSON:setUpClass): 201 POST http://10.180.1.21/identity/v3/auth/tokens 0.090s
2025-03-10 17:13:52.034 68768 INFO tempest.lib.common.rest_client [req-8c3bccbe-8e30-452f-ad0f-fe3e5245eb98 req-8c3bccbe-8e30-452f-ad0f-fe3e5245eb98 ] Request (HostsAdminTestJSON:test_show_host_detail): 200 GET http://10.180.1.21/compute/v2.1/os-hosts 0.039s
2025-03-10 17:13:52.039 68794 INFO tempest.lib.common.rest_client [req-ecf65f3d-37d5-4ccf-8698-3e3f5a1fae80 req-ecf65f3d-37d5-4ccf-8698-3e3f5a1fae80 ] Request (ServerExternalEventsTest:setUpClass): 201 POST http://10.180.1.21/identity/v3/auth/tokens 0.092s
2025-03-10 17:13:52.049 68740 INFO tempest.lib.common.rest_client [req-0791f778-ef3f-4c39-b71d-bece96d4f65c req-0791f778-ef3f-4c39-b71d-bece96d4f65c ] Request (InstanceUsageAuditLogTestJSON:setUpClass): 201 POST http://10.180.1.21/identity/v3/projects 0.098s
2025-03-10 17:13:52.087 68752 INFO tempest.lib.common.rest_client [req-4a73b903-d982-4f86-9664-8769c20d2311 req-4a73b903-d982-4f86-9664-8769c20d2311 ] Request (AZAdminV2TestJSON:setUpClass): 201 POST http://10.180.1.21/identity/v3/auth/tokens 0.130s
2025-03-10 17:13:52.095 68760 INFO tempest.test [-] raised in LiveAutoBlockMigrationV225Test.setUpClass. Invoking tearDownClass.
2025-03-10 17:13:52.093 68784 INFO tempest.test [-] raised in ServersOnMultiNodesTest.setUpClass. Invoking tearDownClass.
2025-03-10 17:13:52.123 68738 INFO tempest.lib.common.rest_client [req-5c025e02-3eeb-4df3-842b-752c5ba83845 req-5c025e02-3eeb-4df3-842b-752c5ba83845 ] Request (QuotasAdminNegativeTest:setUpClass): 204 PUT http://10.180.1.21/identity/v3/projects/82da0d063d6949e6b15487ae908be3b3/users/14e5ced771ab4817846b902293aa0f6f/roles/83c35c497cd041f9b0f621cfe096ecb1 0.156s
2025-03-10 17:13:52.123 68738 INFO tempest.lib.common.dynamic_creds [-] Dynamic test user 14e5ced771ab4817846b902293aa0f6f is created with scope project and roles: ['member']
2025-03-10 17:13:52.123 68738 INFO tempest.lib.common.dynamic_creds [-] Acquired dynamic creds: credentials: Credentials: {'domain_id': 'default', 'domain_name': 'Default', 'username': 'tempest-QuotasAdminNegativeTest-173991226-project-member', 'project_domain_id': 'default', 'project_domain_name': 'Default', 'project_id': '82da0d063d6949e6b15487ae908be3b3', 'project_name': 'tempest-QuotasAdminNegativeTest-173991226', 'tenant_id': '82da0d063d6949e6b15487ae908be3b3', 'tenant_name': 'tempest-QuotasAdminNegativeTest-173991226', 'user_domain_id': 'default', 'user_domain_name': 'Default', 'user_id': '14e5ced771ab4817846b902293aa0f6f', 'system': None}, Network: None, Subnet: None, Router: None
2025-03-10 17:13:52.123 68738 INFO tempest.lib.common.dynamic_creds [-] Created isolated network resources for: credentials: Credentials: {'domain_id': 'default', 'domain_name': 'Default', 'username': 'tempest-QuotasAdminNegativeTest-173991226-project-member', 'project_domain_id': 'default', 'project_domain_name': 'Default', 'project_id': '82da0d063d6949e6b15487ae908be3b3', 'project_name': 'tempest-QuotasAdminNegativeTest-173991226', 'tenant_id': '82da0d063d6949e6b15487ae908be3b3', 'tenant_name': 'tempest-QuotasAdminNegativeTest-173991226', 'user_domain_id': 'default', 'user_domain_name': 'Default', 'user_id': '14e5ced771ab4817846b902293aa0f6f', 'system': None}, Network: None, Subnet: None, Router: None
2025-03-10 17:13:52.138 68768 INFO tempest.lib.common.rest_client [req-2afcb04a-70c6-4c06-9e71-64cb97dfc4f9 req-2afcb04a-70c6-4c06-9e71-64cb97dfc4f9 ] Request (HostsAdminTestJSON:test_show_host_detail): 200 GET http://10.180.1.21/compute/v2.1/os-hosts/cpu-1 0.103s
2025-03-10 17:13:52.144 68798 INFO tempest.lib.common.rest_client [req-7d42028a-ab2e-48ec-a2e2-be04932d68c3 req-7d42028a-ab2e-48ec-a2e2-be04932d68c3 ] Request (HypervisorAdminNegativeUnderV252Test:setUpClass): 201 POST http://10.180.1.21/identity/v3/auth/tokens 0.184s
2025-03-10 17:13:52.158 68744 INFO tempest.lib.common.rest_client [req-317f8b08-a151-470b-8d92-f2d2d63d2fb4 req-317f8b08-a151-470b-8d92-f2d2d63d2fb4 ] Request (NetworksTest:setUpClass): 201 POST http://10.180.1.21/identity/v3/auth/tokens 0.189s
2025-03-10 17:13:52.173 68790 INFO tempest.lib.common.rest_client [req-ed2008fa-4ba9-40e4-8d4d-e88c3f847c24 req-ed2008fa-4ba9-40e4-8d4d-e88c3f847c24 ] Request (VolumesAssistedSnapshotsTest:setUpClass): 201 POST http://10.180.1.21:9696/networking/v2.0/subnets 0.169s
2025-03-10 17:13:52.178 68778 INFO tempest.lib.common.rest_client [req-4b20116f-f1c1-4484-8808-aa21fd61a0ea req-4b20116f-f1c1-4484-8808-aa21fd61a0ea ] Request (QuotaClassesAdmin257Test:setUpClass): 201 POST http://10.180.1.21/identity/v3/auth/tokens 0.193s
2025-03-10 17:13:52.188 68756 INFO tempest.lib.common.rest_client [req-24619c08-a3b9-48b2-99fe-43e06149c30d req-24619c08-a3b9-48b2-99fe-43e06149c30d ] Request (FlavorsV255TestJSON:setUpClass): 201 POST http://10.180.1.21/identity/v3/projects 0.191s
2025-03-10 17:13:52.191 68736 INFO tempest.test [-] raised in LiveMigrationRemoteConsolesV26Test.setUpClass. Invoking tearDownClass.
2025-03-10 17:13:52.249 68754 INFO tempest.lib.common.rest_client [req-9b473b59-1d3a-42be-bfac-22b6e34cbc71 req-9b473b59-1d3a-42be-bfac-22b6e34cbc71 ] Request (QuotasAdminTestV257:setUpClass): 201 POST http://10.180.1.21/identity/v3/auth/tokens 0.230s
2025-03-10 17:13:52.271 68762 INFO tempest.lib.common.rest_client [req-1ebd58d4-f74c-40ea-8d06-46a494e648b8 req-1ebd58d4-f74c-40ea-8d06-46a494e648b8 ] Request (AZAdminNegativeTestJSON:setUpClass): 201 POST http://10.180.1.21/identity/v3/auth/tokens 0.246s
2025-03-10 17:13:52.286 68746 INFO tempest.lib.common.rest_client [req-f434c24b-5f0f-479f-95a6-2ed7beee1aa5 req-f434c24b-5f0f-479f-95a6-2ed7beee1aa5 ] Request (AggregatesAdminNegativeTestJSON:setUpClass): 200 GET http://10.180.1.21/identity/v3/domains?name=Default 0.257s
2025-03-10 17:13:52.287 68748 INFO tempest.lib.common.rest_client [req-b4c86f02-4840-4ffd-874d-b0c8a2302df3 req-b4c86f02-4840-4ffd-874d-b0c8a2302df3 ] Request (ServersWithSpecificFlavorTestJSON:setUpClass): 201 POST http://10.180.1.21:9696/networking/v2.0/subnets 0.315s
2025-03-10 17:13:52.292 68764 INFO tempest.lib.common.rest_client [req-dd6edc5f-c417-45d6-98de-63b9cf7b4460 req-dd6edc5f-c417-45d6-98de-63b9cf7b4460 ] Request (FlavorsExtraSpecsTestJSON:setUpClass): 201 POST http://10.180.1.21/identity/v3/auth/tokens 0.245s
2025-03-10 17:13:52.311 68740 INFO tempest.lib.common.rest_client [req-6ce795de-460b-4a65-ae36-39961e1e91d5 req-6ce795de-460b-4a65-ae36-39961e1e91d5 ] Request (InstanceUsageAuditLogTestJSON:setUpClass): 201 POST http://10.180.1.21/identity/v3/users 0.262s
2025-03-10 17:13:52.314 68758 INFO tempest.lib.common.rest_client [req-ed8c1796-368f-4209-85af-fc03120e92b2 req-ed8c1796-368f-4209-85af-fc03120e92b2 ] Request (FlavorsAccessNegativeTestJSON:setUpClass): 201 POST http://10.180.1.21/identity/v3/auth/tokens 0.261s
2025-03-10 17:13:52.337 68760 INFO tempest.lib.common.rest_client [req-d3b5a30a-ace2-44c6-a8e0-0b51c03e9f90 req-d3b5a30a-ace2-44c6-a8e0-0b51c03e9f90 ] Request (QuotasAdminTestV236:setUpClass): 201 POST http://10.180.1.21/identity/v3/auth/tokens 0.227s
2025-03-10 17:13:52.337 68752 INFO tempest.lib.common.rest_client [req-a49e12ea-941c-4234-acc5-996d3a40b3ce req-a49e12ea-941c-4234-acc5-996d3a40b3ce ] Request (AZAdminV2TestJSON:setUpClass): 201 POST http://10.180.1.21/identity/v3/auth/tokens 0.239s
2025-03-10 17:13:52.358 68784 INFO tempest.lib.common.rest_client [req-0b9e82f6-0fe3-4c54-bc76-3f433ee16e0c req-0b9e82f6-0fe3-4c54-bc76-3f433ee16e0c ] Request (ServerRescueTestJSON:setUpClass): 201 POST http://10.180.1.21/identity/v3/auth/tokens 0.245s
2025-03-10 17:13:52.361 68788 INFO tempest.lib.common.rest_client [req-da3cb1ae-3b8c-4695-8d01-348168ef3846 req-da3cb1ae-3b8c-4695-8d01-348168ef3846 ] Request (HypervisorAdminV228Test:setUpClass): 201 POST http://10.180.1.21/identity/v3/auth/tokens 0.240s
2025-03-10 17:13:52.371 68774 INFO tempest.test [-] raised in UnshelveToHostMultiNodesTest.setUpClass. Invoking tearDownClass.
2025-03-10 17:13:52.379 68776 INFO tempest.lib.common.rest_client [req-3d4b1377-a056-43b6-b89a-bbe5518100aa req-3d4b1377-a056-43b6-b89a-bbe5518100aa ] Request (ServersAdminNegativeTestJSON:setUpClass): 201 POST http://10.180.1.21/identity/v3/auth/tokens 0.258s
2025-03-10 17:13:52.385 68794 INFO tempest.lib.common.rest_client [req-fb62a861-499a-49fa-a2d7-af7b4d6e3143 req-fb62a861-499a-49fa-a2d7-af7b4d6e3143 ] Request (ServerExternalEventsTest:setUpClass): 201 POST http://10.180.1.21/identity/v3/auth/tokens 0.291s
2025-03-10 17:13:52.397 68798 INFO tempest.lib.common.rest_client [req-253432a4-5464-4db8-8df5-443eb30820cc req-253432a4-5464-4db8-8df5-443eb30820cc ] Request (HypervisorAdminNegativeUnderV252Test:setUpClass): 200 GET http://10.180.1.21/identity/v3/domains?name=Default 0.253s
2025-03-10 17:13:52.419 68744 INFO tempest.lib.common.rest_client [req-71efb42e-42f7-4510-ad77-83360e08a476 req-71efb42e-42f7-4510-ad77-83360e08a476 ] Request (NetworksTest:setUpClass): 201 POST http://10.180.1.21/identity/v3/auth/tokens 0.258s
2025-03-10 17:13:52.442 68750 INFO tempest.lib.common.rest_client [req-c30ba8f2-868c-4095-9aef-7bc99bce8327 req-c30ba8f2-868c-4095-9aef-7bc99bce8327 ] Request (FlavorsAdminTestJSON:setUpClass): 201 POST http://10.180.1.21/identity/v3/auth/tokens 0.292s
2025-03-10 17:13:52.476 68768 INFO tempest.lib.common.rest_client [req-8f7b64bc-f628-4542-801c-0e8e762aeccc req-8f7b64bc-f628-4542-801c-0e8e762aeccc ] Request (HostsAdminTestJSON:tearDownClass): 204 DELETE http://10.180.1.21/identity/v3/users/fada1ddb8d5b460ba5338ec612a72190 0.317s
2025-03-10 17:13:52.490 68778 INFO tempest.lib.common.rest_client [req-e05e6d40-16a3-4690-87d8-07e27230ecba req-e05e6d40-16a3-4690-87d8-07e27230ecba ] Request (QuotaClassesAdmin257Test:setUpClass): 201 POST http://10.180.1.21/identity/v3/auth/tokens 0.307s
2025-03-10 17:13:52.514 68786 INFO tempest.lib.common.rest_client [req-1c002759-ad29-49fc-b844-b19389afe980 req-1c002759-ad29-49fc-b844-b19389afe980 ] Request (FlavorsV261TestJSON:setUpClass): 201 POST http://10.180.1.21/identity/v3/auth/tokens 0.322s
2025-03-10 17:13:52.532 68756 INFO tempest.lib.common.rest_client [req-f9592ecc-5aaa-4323-8f16-a7ad16e1e34f req-f9592ecc-5aaa-4323-8f16-a7ad16e1e34f ] Request (FlavorsV255TestJSON:setUpClass): 201 POST http://10.180.1.21/identity/v3/users 0.343s
2025-03-10 17:13:52.563 68782 INFO tempest.lib.common.rest_client [req-fbc9bfab-e3b9-4d1a-854e-009ea21db4c8 req-fbc9bfab-e3b9-4d1a-854e-009ea21db4c8 ] Request (HypervisorAdminV253TestBase:setUpClass): 201 POST http://10.180.1.21/identity/v3/auth/tokens 0.341s
2025-03-10 17:13:52.583 68738 INFO tempest.lib.common.rest_client [req-6f6dd6bb-a83b-4508-ace4-3995cddd97f3 req-6f6dd6bb-a83b-4508-ace4-3995cddd97f3 ] Request (QuotasAdminNegativeTest:setUpClass): 201 POST http://10.180.1.21/identity/v3/auth/tokens 0.383s
2025-03-10 17:13:52.588 68772 INFO tempest.lib.common.rest_client [req-6a9483ab-952a-4df1-bafd-f8736e1bc499 req-6a9483ab-952a-4df1-bafd-f8736e1bc499 ] Request (FlavorMetadataValidation:setUpClass): 201 POST http://10.180.1.21/identity/v3/auth/tokens 0.364s
2025-03-10 17:13:52.608 68770 INFO tempest.lib.common.rest_client [req-7b54ace4-b5d8-4d00-9fa3-0439110f798d req-7b54ace4-b5d8-4d00-9fa3-0439110f798d ] Request (ServerDiagnosticsTest:setUpClass): 201 POST http://10.180.1.21/identity/v3/auth/tokens 0.368s
2025-03-10 17:13:52.613 68736 INFO tempest.lib.common.rest_client [req-e96a1ffc-651f-45c3-bdc2-9af250702b22 req-e96a1ffc-651f-45c3-bdc2-9af250702b22 ] Request (FloatingIPsNegativeTestJSON:setUpClass): 201 POST http://10.180.1.21/identity/v3/auth/tokens 0.382s
2025-03-10 17:13:52.632 68754 INFO tempest.lib.common.rest_client [req-e8c55348-e24c-4a41-af9c-237105076c6f req-e8c55348-e24c-4a41-af9c-237105076c6f ] Request (QuotasAdminTestV257:setUpClass): 201 POST http://10.180.1.21/identity/v3/auth/tokens 0.373s
2025-03-10 17:13:52.633 68766 INFO tempest.lib.common.rest_client [req-5af10796-3f01-48f9-8e9b-331287e8022e req-5af10796-3f01-48f9-8e9b-331287e8022e ] Request (HostsAdminNegativeTestJSON:setUpClass): 201 POST http://10.180.1.21/identity/v3/auth/tokens 0.380s
2025-03-10 17:13:52.653 68762 INFO tempest.lib.common.rest_client [req-f6f530c8-94ee-4ea3-912e-fab1f80d2f07 req-f6f530c8-94ee-4ea3-912e-fab1f80d2f07 ] Request (AZAdminNegativeTestJSON:setUpClass): 200 GET http://10.180.1.21/identity/v3/domains?name=Default 0.379s
2025-03-10 17:13:52.660 68780 INFO tempest.lib.common.rest_client [req-fb3cc66e-5ee9-48e5-94ff-ed5e407370d0 req-fb3cc66e-5ee9-48e5-94ff-ed5e407370d0 ] Request (FlavorsAccessTestJSON:setUpClass): 201 POST http://10.180.1.21/identity/v3/auth/tokens 0.380s
2025-03-10 17:13:52.677 68742 INFO tempest.lib.common.rest_client [req-76d6295a-e662-4f41-aafc-a135c93a2f01 req-76d6295a-e662-4f41-aafc-a135c93a2f01 ] Request (DeleteServersAdminTestJSON:setUpClass): 201 POST http://10.180.1.21/identity/v3/auth/tokens 0.393s
2025-03-10 17:13:52.687 68746 INFO tempest.lib.common.rest_client [req-259f78d8-8cc0-4d10-8c27-bf62638e5356 req-259f78d8-8cc0-4d10-8c27-bf62638e5356 ] Request (AggregatesAdminNegativeTestJSON:setUpClass): 201 POST http://10.180.1.21/identity/v3/projects 0.395s
2025-03-10 17:13:52.697 68764 INFO tempest.lib.common.rest_client [req-4edab4ff-2b41-46e3-8a4d-5b160ed7ca1d req-4edab4ff-2b41-46e3-8a4d-5b160ed7ca1d ] Request (FlavorsExtraSpecsTestJSON:setUpClass): 200 GET http://10.180.1.21/identity/v3/domains?name=Default 0.405s
2025-03-10 17:13:52.742 68740 INFO tempest.lib.common.rest_client [req-34719b91-bd4e-41fc-8682-d077709cb9fa req-34719b91-bd4e-41fc-8682-d077709cb9fa ] Request (InstanceUsageAuditLogTestJSON:setUpClass): 200 GET http://10.180.1.21/identity/v3/roles 0.430s
2025-03-10 17:13:52.748 68792 INFO tempest.lib.common.rest_client [req-3c2aeeba-4b7c-4317-97bc-8bce06c48c9a req-3c2aeeba-4b7c-4317-97bc-8bce06c48c9a ] Request (ServersTestBootFromVolume:setUpClass): 201 POST http://10.180.1.21/identity/v3/auth/tokens 0.433s
2025-03-10 17:13:52.763 68758 INFO tempest.lib.common.rest_client [req-1c15e834-07ad-4d55-b13c-e12bb898eb35 req-1c15e834-07ad-4d55-b13c-e12bb898eb35 ] Request (FlavorsAccessNegativeTestJSON:setUpClass): 201 POST http://10.180.1.21/identity/v3/auth/tokens 0.446s
2025-03-10 17:13:52.768 68796 INFO tempest.lib.common.rest_client [req-d9d0099f-09fe-4554-a611-77e06898efeb req-d9d0099f-09fe-4554-a611-77e06898efeb ] Request (QuotasAdminTestJSON:setUpClass): 201 POST http://10.180.1.21/identity/v3/auth/tokens 0.437s
2025-03-10 17:13:52.785 68752 INFO tempest.lib.common.rest_client [req-80119c6f-2f2e-46e0-af84-99c0030ce093 req-80119c6f-2f2e-46e0-af84-99c0030ce093 ] Request (AZAdminV2TestJSON:setUpClass): 200 GET http://10.180.1.21/identity/v3/domains?name=Default 0.447s
2025-03-10 17:13:52.790 68760 INFO tempest.lib.common.rest_client [req-7b1e6c96-250e-4446-bda5-0ab792ccab08 req-7b1e6c96-250e-4446-bda5-0ab792ccab08 ] Request (QuotasAdminTestV236:setUpClass): 201 POST http://10.180.1.21/identity/v3/auth/tokens 0.451s
2025-03-10 17:13:52.809 68784 INFO tempest.lib.common.rest_client [req-d295a928-8ade-4a96-b55e-1e90c4471100 req-d295a928-8ade-4a96-b55e-1e90c4471100 ] Request (ServerRescueTestJSON:setUpClass): 201 POST http://10.180.1.21/identity/v3/auth/tokens 0.445s
2025-03-10 17:13:52.814 68788 INFO tempest.lib.common.rest_client [req-45aea97c-cb02-4a79-bbb7-a5a8629d7f8d req-45aea97c-cb02-4a79-bbb7-a5a8629d7f8d ] Request (HypervisorAdminV228Test:setUpClass): 201 POST http://10.180.1.21/identity/v3/auth/tokens 0.449s
2025-03-10 17:13:52.835 68774 INFO tempest.lib.common.rest_client [req-d95ae68f-705d-4722-8470-aa44a103a1e5 req-d95ae68f-705d-4722-8470-aa44a103a1e5 ] Request (ImagesOneServerNegativeTestJSON:setUpClass): 201 POST http://10.180.1.21/identity/v3/auth/tokens 0.457s
2025-03-10 17:13:52.839 68776 INFO tempest.lib.common.rest_client [req-d38a5154-da70-487c-91dd-cf7af59aa433 req-d38a5154-da70-487c-91dd-cf7af59aa433 ] Request (ServersAdminNegativeTestJSON:setUpClass): 201 POST http://10.180.1.21/identity/v3/auth/tokens 0.456s
2025-03-10 17:13:52.858 68794 INFO tempest.lib.common.rest_client [req-27446373-7274-4d58-bd8e-518266f3cc77 req-27446373-7274-4d58-bd8e-518266f3cc77 ] Request (ServerExternalEventsTest:setUpClass): 200 GET http://10.180.1.21/identity/v3/domains?name=Default 0.473s
2025-03-10 17:13:52.866 68798 INFO tempest.lib.common.rest_client [req-1ca7101c-7f90-4aa1-9d63-094f3539c4a9 req-1ca7101c-7f90-4aa1-9d63-094f3539c4a9 ] Request (HypervisorAdminNegativeUnderV252Test:setUpClass): 201 POST http://10.180.1.21/identity/v3/projects 0.466s
2025-03-10 17:13:52.909 68748 INFO tempest.lib.common.rest_client [req-a6512434-c8b1-4a70-969b-2525d4b81522 req-a6512434-c8b1-4a70-969b-2525d4b81522 ] Request (ServersWithSpecificFlavorTestJSON:setUpClass): 201 POST http://10.180.1.21:9696/networking/v2.0/routers 0.621s
2025-03-10 17:13:52.912 68744 INFO tempest.lib.common.rest_client [req-1758499d-b182-4b30-9afc-f1150ff7e8bd req-1758499d-b182-4b30-9afc-f1150ff7e8bd ] Request (NetworksTest:setUpClass): 200 GET http://10.180.1.21/identity/v3/domains?name=Default 0.492s
2025-03-10 17:13:52.926 68750 INFO tempest.lib.common.rest_client [req-a9142e7d-d27d-4819-8716-008e48fd3001 req-a9142e7d-d27d-4819-8716-008e48fd3001 ] Request (FlavorsAdminTestJSON:setUpClass): 201 POST http://10.180.1.21/identity/v3/projects 0.484s
2025-03-10 17:13:53.002 68768 INFO tempest.lib.common.rest_client [req-b261ae26-17a4-4b59-99bd-d1a6e1999ff5 req-b261ae26-17a4-4b59-99bd-d1a6e1999ff5 ] Request (HostsAdminTestJSON:tearDownClass): 204 DELETE http://10.180.1.21/identity/v3/users/10e9fb6f553e4a95a75f4f780d0847ac 0.526s
2025-03-10 17:13:53.002 68768 INFO tempest.lib.common.dynamic_creds [-] Deleting project and security group for project: 653a7f7f919d4ceb862e385a81d4feac
2025-03-10 17:13:53.003 68790 INFO tempest.lib.common.rest_client [req-520c3670-a1fd-4edb-be5d-653731a73eb7 req-520c3670-a1fd-4edb-be5d-653731a73eb7 ] Request (VolumesAssistedSnapshotsTest:setUpClass): 201 POST http://10.180.1.21:9696/networking/v2.0/routers 0.830s
2025-03-10 17:13:53.009 68778 INFO tempest.lib.common.rest_client [req-b7a91bbe-3aa4-431e-b9ea-662f171e092f req-b7a91bbe-3aa4-431e-b9ea-662f171e092f ] Request (QuotaClassesAdmin257Test:setUpClass): 200 GET http://10.180.1.21/identity/v3/domains?name=Default 0.518s
2025-03-10 17:13:53.054 68786 INFO tempest.lib.common.rest_client [req-37e58f86-da08-46b1-8eb0-dea0d15dd54d req-37e58f86-da08-46b1-8eb0-dea0d15dd54d ] Request (FlavorsV261TestJSON:setUpClass): 201 POST http://10.180.1.21/identity/v3/auth/tokens 0.534s
2025-03-10 17:13:53.057 68756 INFO tempest.lib.common.rest_client [req-ceb9d67b-56e4-46f1-9a27-2aee9b4a31fa req-ceb9d67b-56e4-46f1-9a27-2aee9b4a31fa ] Request (FlavorsV255TestJSON:setUpClass): 200 GET http://10.180.1.21/identity/v3/roles 0.524s
2025-03-10 17:13:53.075 68782 INFO tempest.lib.common.rest_client [req-de4a107d-c92b-4b58-8bdf-08327274ee55 req-de4a107d-c92b-4b58-8bdf-08327274ee55 ] Request (HypervisorAdminV253TestBase:setUpClass): 201 POST http://10.180.1.21/identity/v3/auth/tokens 0.508s
2025-03-10 17:13:53.088 68738 INFO tempest.lib.common.rest_client [req-08fb6ed3-92cb-485b-9511-d908431fcca7 req-08fb6ed3-92cb-485b-9511-d908431fcca7 ] Request (QuotasAdminNegativeTest:setUpClass): 201 POST http://10.180.1.21/identity/v3/projects 0.504s
2025-03-10 17:13:53.123 68772 INFO tempest.lib.common.rest_client [req-40c1d1a2-d662-4cf2-9df5-4099a9461457 req-40c1d1a2-d662-4cf2-9df5-4099a9461457 ] Request (FlavorMetadataValidation:setUpClass): 201 POST http://10.180.1.21/identity/v3/auth/tokens 0.530s
2025-03-10 17:13:53.139 68770 INFO tempest.lib.common.rest_client [req-a7dfe44b-cca7-437f-9bcc-c2684aecbd2a req-a7dfe44b-cca7-437f-9bcc-c2684aecbd2a ] Request (ServerDiagnosticsTest:setUpClass): 201 POST http://10.180.1.21/identity/v3/auth/tokens 0.527s
2025-03-10 17:13:53.145 68736 INFO tempest.lib.common.rest_client [req-9c286c82-7873-493e-a871-0f7861ad3109 req-9c286c82-7873-493e-a871-0f7861ad3109 ] Request (FloatingIPsNegativeTestJSON:setUpClass): 201 POST http://10.180.1.21/identity/v3/auth/tokens 0.528s
2025-03-10 17:13:53.160 68754 INFO tempest.lib.common.rest_client [req-05830eab-d1b3-4537-9b38-4bffe2db574b req-05830eab-d1b3-4537-9b38-4bffe2db574b ] Request (QuotasAdminTestV257:setUpClass): 200 GET http://10.180.1.21/identity/v3/domains?name=Default 0.527s
2025-03-10 17:13:53.168 68766 INFO tempest.lib.common.rest_client [req-5fdf2e20-a4a6-484e-b0a8-e554f0b56ac2 req-5fdf2e20-a4a6-484e-b0a8-e554f0b56ac2 ] Request (HostsAdminNegativeTestJSON:setUpClass): 201 POST http://10.180.1.21/identity/v3/auth/tokens 0.531s
2025-03-10 17:13:53.188 68762 INFO tempest.lib.common.rest_client [req-178f64fa-f8f3-4f26-a8dc-b5d52010fa3f req-178f64fa-f8f3-4f26-a8dc-b5d52010fa3f ] Request (AZAdminNegativeTestJSON:setUpClass): 201 POST http://10.180.1.21/identity/v3/projects 0.531s
2025-03-10 17:13:53.227 68780 INFO tempest.lib.common.rest_client [req-dd3392c0-c925-41d5-9cda-66a47a9e0e56 req-dd3392c0-c925-41d5-9cda-66a47a9e0e56 ] Request (FlavorsAccessTestJSON:setUpClass): 201 POST http://10.180.1.21/identity/v3/auth/tokens 0.564s
2025-03-10 17:13:53.240 68742 INFO tempest.lib.common.rest_client [req-cbdbd039-5812-4146-b114-cd0209c1770b req-cbdbd039-5812-4146-b114-cd0209c1770b ] Request (DeleteServersAdminTestJSON:setUpClass): 201 POST http://10.180.1.21/identity/v3/auth/tokens 0.559s
2025-03-10 17:13:53.252 68746 INFO tempest.lib.common.rest_client [req-7c2d6ab9-fea5-4f96-9f51-5ca0ab275d82 req-7c2d6ab9-fea5-4f96-9f51-5ca0ab275d82 ] Request (AggregatesAdminNegativeTestJSON:setUpClass): 201 POST http://10.180.1.21/identity/v3/users 0.565s
2025-03-10 17:13:53.268 68764 INFO tempest.lib.common.rest_client [req-3db9ef61-9f66-4cd1-83a3-73cfe2e92247 req-3db9ef61-9f66-4cd1-83a3-73cfe2e92247 ] Request (FlavorsExtraSpecsTestJSON:setUpClass): 201 POST http://10.180.1.21/identity/v3/projects 0.568s
2025-03-10 17:13:53.282 68740 INFO tempest.lib.common.rest_client [req-5e80838b-bc5b-4ce9-8119-0f103ebe9a62 req-5e80838b-bc5b-4ce9-8119-0f103ebe9a62 ] Request (InstanceUsageAuditLogTestJSON:setUpClass): 204 PUT http://10.180.1.21/identity/v3/projects/21771d1cb88741058e18422fb544dbad/users/4cd7fc0976c14c9598b2d9f99abb2649/roles/83c35c497cd041f9b0f621cfe096ecb1 0.540s
2025-03-10 17:13:53.282 68740 INFO tempest.lib.common.dynamic_creds [-] Dynamic test user 4cd7fc0976c14c9598b2d9f99abb2649 is created with scope project and roles: ['member']
2025-03-10 17:13:53.283 68740 INFO tempest.lib.common.dynamic_creds [-] Acquired dynamic creds: credentials: Credentials: {'domain_id': 'default', 'domain_name': 'Default', 'username': 'tempest-InstanceUsageAuditLogTestJSON-1139450475-project-member', 'project_domain_id': 'default', 'project_domain_name': 'Default', 'project_id': '21771d1cb88741058e18422fb544dbad', 'project_name': 'tempest-InstanceUsageAuditLogTestJSON-1139450475', 'tenant_id': '21771d1cb88741058e18422fb544dbad', 'tenant_name': 'tempest-InstanceUsageAuditLogTestJSON-1139450475', 'user_domain_id': 'default', 'user_domain_name': 'Default', 'user_id': '4cd7fc0976c14c9598b2d9f99abb2649', 'system': None}, Network: None, Subnet: None, Router: None
2025-03-10 17:13:53.283 68740 INFO tempest.lib.common.dynamic_creds [-] Created isolated network resources for: credentials: Credentials: {'domain_id': 'default', 'domain_name': 'Default', 'username': 'tempest-InstanceUsageAuditLogTestJSON-1139450475-project-member', 'project_domain_id': 'default', 'project_domain_name': 'Default', 'project_id': '21771d1cb88741058e18422fb544dbad', 'project_name': 'tempest-InstanceUsageAuditLogTestJSON-1139450475', 'tenant_id': '21771d1cb88741058e18422fb544dbad', 'tenant_name': 'tempest-InstanceUsageAuditLogTestJSON-1139450475', 'user_domain_id': 'default', 'user_domain_name': 'Default', 'user_id': '4cd7fc0976c14c9598b2d9f99abb2649', 'system': None}, Network: None, Subnet: None, Router: None
2025-03-10 17:13:53.321 68792 INFO tempest.lib.common.rest_client [req-98555554-eaf3-4950-9f2b-0e7111685ba9 req-98555554-eaf3-4950-9f2b-0e7111685ba9 ] Request (ServersTestBootFromVolume:setUpClass): 201 POST http://10.180.1.21/identity/v3/auth/tokens 0.571s
2025-03-10 17:13:53.344 68796 INFO tempest.lib.common.rest_client [req-0a01e91b-5522-4b0a-b767-054e39404923 req-0a01e91b-5522-4b0a-b767-054e39404923 ] Request (QuotasAdminTestJSON:setUpClass): 201 POST http://10.180.1.21/identity/v3/auth/tokens 0.572s
2025-03-10 17:13:53.346 68758 INFO tempest.lib.common.rest_client [req-b6862404-1a75-484a-8ae8-25d0b77335ff req-b6862404-1a75-484a-8ae8-25d0b77335ff ] Request (FlavorsAccessNegativeTestJSON:setUpClass): 200 GET http://10.180.1.21/identity/v3/domains?name=Default 0.582s
2025-03-10 17:13:53.370 68760 INFO tempest.lib.common.rest_client [req-c83630e9-609e-41dc-8ffc-904b024a66f3 req-c83630e9-609e-41dc-8ffc-904b024a66f3 ] Request (QuotasAdminTestV236:setUpClass): 200 GET http://10.180.1.21/identity/v3/domains?name=Default 0.579s
2025-03-10 17:13:53.375 68752 INFO tempest.lib.common.rest_client [req-82e69335-328f-4b6f-b788-03fe5557961d req-82e69335-328f-4b6f-b788-03fe5557961d ] Request (AZAdminV2TestJSON:setUpClass): 201 POST http://10.180.1.21/identity/v3/projects 0.587s
2025-03-10 17:13:53.422 68788 INFO tempest.lib.common.rest_client [req-09676a9d-9fe7-427e-9866-0e2615c6fdbb req-09676a9d-9fe7-427e-9866-0e2615c6fdbb ] Request (HypervisorAdminV228Test:setUpClass): 200 GET http://10.180.1.21/identity/v3/domains?name=Default 0.607s
2025-03-10 17:13:53.426 68784 INFO tempest.lib.common.rest_client [req-0aeaf2a0-2c31-4310-83a7-143eaa375eee req-0aeaf2a0-2c31-4310-83a7-143eaa375eee ] Request (ServerRescueTestJSON:setUpClass): 200 GET http://10.180.1.21/identity/v3/domains?name=Default 0.617s
2025-03-10 17:13:53.448 68776 INFO tempest.lib.common.rest_client [req-f2329632-56db-4d6b-bca6-ea2db21929b3 req-f2329632-56db-4d6b-bca6-ea2db21929b3 ] Request (ServersAdminNegativeTestJSON:setUpClass): 200 GET http://10.180.1.21/identity/v3/domains?name=Default 0.608s
2025-03-10 17:13:53.454 68774 INFO tempest.lib.common.rest_client [req-ba9d5bb1-7d4d-4e33-a8d2-e7b9db32b310 req-ba9d5bb1-7d4d-4e33-a8d2-e7b9db32b310 ] Request (ImagesOneServerNegativeTestJSON:setUpClass): 201 POST http://10.180.1.21/identity/v3/auth/tokens 0.617s
2025-03-10 17:13:53.475 68794 INFO tempest.lib.common.rest_client [req-45b6983b-e1e3-47b2-91a6-80dfda278e72 req-45b6983b-e1e3-47b2-91a6-80dfda278e72 ] Request (ServerExternalEventsTest:setUpClass): 201 POST http://10.180.1.21/identity/v3/projects 0.614s
2025-03-10 17:13:53.482 68798 INFO tempest.lib.common.rest_client [req-7b8829b6-395d-4564-9071-ad66bf158015 req-7b8829b6-395d-4564-9071-ad66bf158015 ] Request (HypervisorAdminNegativeUnderV252Test:setUpClass): 201 POST http://10.180.1.21/identity/v3/users 0.615s
2025-03-10 17:13:53.535 68744 INFO tempest.lib.common.rest_client [req-081b9ffe-7466-468b-b51e-834f70092493 req-081b9ffe-7466-468b-b51e-834f70092493 ] Request (NetworksTest:setUpClass): 201 POST http://10.180.1.21/identity/v3/projects 0.620s
2025-03-10 17:13:53.535 68750 INFO tempest.lib.common.rest_client [req-3540f9a4-22ee-475b-aacc-151fb9464014 req-3540f9a4-22ee-475b-aacc-151fb9464014 ] Request (FlavorsAdminTestJSON:setUpClass): 201 POST http://10.180.1.21/identity/v3/users 0.608s
2025-03-10 17:13:53.593 68768 INFO tempest.lib.common.rest_client [req-3fbbccf2-2a91-4b6b-a651-aeb6ff8daf26 req-3fbbccf2-2a91-4b6b-a651-aeb6ff8daf26 ] Request (HostsAdminTestJSON:tearDownClass): 201 POST http://10.180.1.21/identity/v3/auth/tokens 0.591s
2025-03-10 17:13:53.598 68778 INFO tempest.lib.common.rest_client [req-a426c9f1-faa9-4db6-b2e9-5241b4acf9f2 req-a426c9f1-faa9-4db6-b2e9-5241b4acf9f2 ] Request (QuotaClassesAdmin257Test:setUpClass): 201 POST http://10.180.1.21/identity/v3/projects 0.585s
2025-03-10 17:13:53.648 68786 INFO tempest.lib.common.rest_client [req-6cf6d507-001d-4c23-a9fd-0fd3ffcef8cf req-6cf6d507-001d-4c23-a9fd-0fd3ffcef8cf ] Request (FlavorsV261TestJSON:setUpClass): 200 GET http://10.180.1.21/identity/v3/domains?name=Default 0.593s
2025-03-10 17:13:53.649 68756 INFO tempest.lib.common.rest_client [req-fd6ff2fa-3913-4701-ba52-a92eaad55a4f req-fd6ff2fa-3913-4701-ba52-a92eaad55a4f ] Request (FlavorsV255TestJSON:setUpClass): 204 PUT http://10.180.1.21/identity/v3/projects/9c89750f4f3940b7ac54418eee3d518a/users/840d8bcda86f41ec8a83f44bb1812e1c/roles/83c35c497cd041f9b0f621cfe096ecb1 0.591s
2025-03-10 17:13:53.649 68756 INFO tempest.lib.common.dynamic_creds [-] Dynamic test user 840d8bcda86f41ec8a83f44bb1812e1c is created with scope project and roles: ['member']
2025-03-10 17:13:53.649 68756 INFO tempest.lib.common.dynamic_creds [-] Acquired dynamic creds: credentials: Credentials: {'domain_id': 'default', 'domain_name': 'Default', 'username': 'tempest-FlavorsV255TestJSON-870883035-project-member', 'project_domain_id': 'default', 'project_domain_name': 'Default', 'project_id': '9c89750f4f3940b7ac54418eee3d518a', 'project_name': 'tempest-FlavorsV255TestJSON-870883035', 'tenant_id': '9c89750f4f3940b7ac54418eee3d518a', 'tenant_name': 'tempest-FlavorsV255TestJSON-870883035', 'user_domain_id': 'default', 'user_domain_name': 'Default', 'user_id': '840d8bcda86f41ec8a83f44bb1812e1c', 'system': None}, Network: None, Subnet: None, Router: None
2025-03-10 17:13:53.649 68756 INFO tempest.lib.common.dynamic_creds [-] Created isolated network resources for: credentials: Credentials: {'domain_id': 'default', 'domain_name': 'Default', 'username': 'tempest-FlavorsV255TestJSON-870883035-project-member', 'project_domain_id': 'default', 'project_domain_name': 'Default', 'project_id': '9c89750f4f3940b7ac54418eee3d518a', 'project_name': 'tempest-FlavorsV255TestJSON-870883035', 'tenant_id': '9c89750f4f3940b7ac54418eee3d518a', 'tenant_name': 'tempest-FlavorsV255TestJSON-870883035', 'user_domain_id': 'default', 'user_domain_name': 'Default', 'user_id': '840d8bcda86f41ec8a83f44bb1812e1c', 'system': None}, Network: None, Subnet: None, Router: None
2025-03-10 17:13:53.697 68748 INFO tempest.lib.common.rest_client [req-30602149-d977-4aea-ae0c-145819b9b666 req-30602149-d977-4aea-ae0c-145819b9b666 ] Request (ServersWithSpecificFlavorTestJSON:setUpClass): 200 PUT http://10.180.1.21:9696/networking/v2.0/routers/32397ecf-b1b8-4cd5-acd2-faadc1a3c9f1/add_router_interface 0.787s
2025-03-10 17:13:53.700 68782 INFO tempest.lib.common.rest_client [req-e8cad1da-da24-49ce-a063-117ed5cf0a2d req-e8cad1da-da24-49ce-a063-117ed5cf0a2d ] Request (HypervisorAdminV253TestBase:setUpClass): 200 GET http://10.180.1.21/identity/v3/domains?name=Default 0.624s
2025-03-10 17:13:53.697 68748 INFO tempest.lib.common.dynamic_creds [-] Created isolated network resources for: credentials: Credentials: {'domain_id': 'default', 'domain_name': 'Default', 'username': 'tempest-ServersWithSpecificFlavorTestJSON-908437179-project-member', 'project_domain_id': 'default', 'project_domain_name': 'Default', 'project_id': '6808b69ef22d41409eea6d4507e7f0df', 'project_name': 'tempest-ServersWithSpecificFlavorTestJSON-908437179', 'tenant_id': '6808b69ef22d41409eea6d4507e7f0df', 'tenant_name': 'tempest-ServersWithSpecificFlavorTestJSON-908437179', 'user_domain_id': 'default', 'user_domain_name': 'Default', 'user_id': '8936833bc02646aca725754cc95e2561', 'system': None}, Network: {'id': 'de181620-7342-4db4-b76c-c19795f976b4', 'name': 'tempest-ServersWithSpecificFlavorTestJSON-538514800-network', 'tenant_id': '6808b69ef22d41409eea6d4507e7f0df', 'admin_state_up': True, 'mtu': 8950, 'status': 'ACTIVE', 'subnets': [], 'shared': False, 'project_id': '6808b69ef22d41409eea6d4507e7f0df', 'port_security_enabled': True, 'router:external': False, 'provider:network_type': 'vlan', 'provider:physical_network': 'default', 'provider:segmentation_id': 858, 'availability_zone_hints': [], 'availability_zones': [], 'ipv4_address_scope': None, 'ipv6_address_scope': None, 'description': '', 'tags': [], 'created_at': '2025-03-10T17:13:51Z', 'updated_at': '2025-03-10T17:13:51Z', 'revision_number': 1}, Subnet: {'id': '9f6f4768-8d71-461d-af89-e4fcebdf0baf', 'name': 'tempest-ServersWithSpecificFlavorTestJSON-538514800-subnet', 'tenant_id': '6808b69ef22d41409eea6d4507e7f0df', 'network_id': 'de181620-7342-4db4-b76c-c19795f976b4', 'ip_version': 4, 'subnetpool_id': None, 'enable_dhcp': True, 'ipv6_ra_mode': None, 'ipv6_address_mode': None, 'gateway_ip': '192.168.128.1', 'cidr': '192.168.128.0/28', 'allocation_pools': [{'start': '192.168.128.2', 'end': '192.168.128.14'}], 'host_routes': [], 'dns_nameservers': [], 'description': '', 'router:external': False, 'service_types': [], 'tags': [], 'created_at': '2025-03-10T17:13:52Z', 'updated_at': '2025-03-10T17:13:52Z', 'revision_number': 0, 'project_id': '6808b69ef22d41409eea6d4507e7f0df'}, Router: {'id': '32397ecf-b1b8-4cd5-acd2-faadc1a3c9f1', 'name': 'tempest-ServersWithSpecificFlavorTestJSON-538514800-router', 'tenant_id': '6808b69ef22d41409eea6d4507e7f0df', 'admin_state_up': True, 'status': 'ACTIVE', 'external_gateway_info': {'network_id': 'b3b1f5a8-3f32-46f1-ada2-0de13853b9fb', 'external_fixed_ips': [{'subnet_id': '214e261d-b207-45a8-94c7-1cf457794752', 'ip_address': '10.180.180.220'}], 'enable_snat': True}, 'description': '', 'availability_zones': [], 'distributed': False, 'ha': False, 'availability_zone_hints': [], 'routes': [], 'flavor_id': None, 'tags': [], 'created_at': '2025-03-10T17:13:52Z', 'updated_at': '2025-03-10T17:13:52Z', 'revision_number': 2, 'project_id': '6808b69ef22d41409eea6d4507e7f0df'}
2025-03-10 17:13:53.709 68738 INFO tempest.lib.common.rest_client [req-84d8b0da-5b43-442a-8289-b6e7aaaea74f req-84d8b0da-5b43-442a-8289-b6e7aaaea74f ] Request (QuotasAdminNegativeTest:setUpClass): 201 POST http://10.180.1.21/identity/v3/users 0.620s
2025-03-10 17:13:53.719 68772 INFO tempest.lib.common.rest_client [req-8a499daf-b8f0-47ab-9ab2-896a43b1d0ab req-8a499daf-b8f0-47ab-9ab2-896a43b1d0ab ] Request (FlavorMetadataValidation:setUpClass): 200 GET http://10.180.1.21/identity/v3/domains?name=Default 0.595s
2025-03-10 17:13:53.737 68770 INFO tempest.lib.common.rest_client [req-84d76414-0a9e-4f63-b932-a66afc81bcf6 req-84d76414-0a9e-4f63-b932-a66afc81bcf6 ] Request (ServerDiagnosticsTest:setUpClass): 200 GET http://10.180.1.21/identity/v3/domains?name=Default 0.596s
2025-03-10 17:13:53.743 68736 INFO tempest.lib.common.rest_client [req-e5d4972f-ac46-4edb-b87c-3ca8ef598bd4 req-e5d4972f-ac46-4edb-b87c-3ca8ef598bd4 ] Request (FloatingIPsNegativeTestJSON:setUpClass): 200 GET http://10.180.1.21/identity/v3/domains?name=Default 0.597s
2025-03-10 17:13:53.762 68766 INFO tempest.lib.common.rest_client [req-06f72999-7699-4d02-9ef4-7aa974079882 req-06f72999-7699-4d02-9ef4-7aa974079882 ] Request (HostsAdminNegativeTestJSON:setUpClass): 200 GET http://10.180.1.21/identity/v3/domains?name=Default 0.593s
2025-03-10 17:13:53.764 68754 INFO tempest.lib.common.rest_client [req-64cc3d88-f9d1-48ab-957a-0624d10cb08e req-64cc3d88-f9d1-48ab-957a-0624d10cb08e ] Request (QuotasAdminTestV257:setUpClass): 201 POST http://10.180.1.21/identity/v3/projects 0.601s
2025-03-10 17:13:53.818 68780 INFO tempest.lib.common.rest_client [req-a7332e0a-99b1-440b-9529-8c3e5766be21 req-a7332e0a-99b1-440b-9529-8c3e5766be21 ] Request (FlavorsAccessTestJSON:setUpClass): 200 GET http://10.180.1.21/identity/v3/domains?name=Default 0.590s
