2025-03-10 17:14:40.858 68780 INFO tempest.lib.common.rest_client [req-3ca8b6d1-35fd-4f58-ac0d-602fbf1f0ba0 req-3ca8b6d1-35fd-4f58-ac0d-602fbf1f0ba0 ] Request (FlavorsExtraSpecsNegativeTestJSON:tearDownClass): 204 DELETE http://10.180.1.21/identity/v3/projects/09d968720450426eb01744eef420d7eb 0.216s
2025-03-10 17:14:40.895 68770 INFO tempest.lib.common.rest_client [req-edbdcea2-7e20-48fc-aec1-a8c1a7ecddc3 req-edbdcea2-7e20-48fc-aec1-a8c1a7ecddc3 ] Request (ServerDiagnosticsTest:tearDownClass): 200 GET http://10.180.1.21/compute/v2.1/servers/1d89390b-acab-4995-a3bd-006d6316fd6d 1.431s
2025-03-10 17:14:40.920 68758 INFO tempest.lib.common.rest_client [req-b38ae8ea-85bf-4377-8ea8-af17917a7eba req-b38ae8ea-85bf-4377-8ea8-af17917a7eba ] Request (FlavorsAccessNegativeTestJSON:tearDownClass): 200 GET http://10.180.1.21:9696/networking/v2.0/security-groups?tenant_id=1f85d35e8a564d69b9a94ecbab44c58e&name=default 0.161s
2025-03-10 17:14:40.952 68750 INFO tempest.lib.common.rest_client [req-0086331d-fb6c-4a94-b5f0-2a00f652dbfa req-0086331d-fb6c-4a94-b5f0-2a00f652dbfa ] Request (MigrationsAdminTest:setUpClass): 200 GET http://10.180.1.21/identity/v3/roles 0.098s
2025-03-10 17:14:40.981 68752 INFO tempest.lib.common.rest_client [req-f052f8c1-9e36-43f1-84f0-62773d54a56b req-f052f8c1-9e36-43f1-84f0-62773d54a56b ] Request (ListServerFiltersTestJSON:setUpClass): 200 GET http://10.180.1.21/compute/v2.1/servers/f2f2d1e7-121d-4e95-8266-6feeabd63b3b 1.454s
2025-03-10 17:14:41.014 68760 INFO tempest.lib.common.rest_client [req-488c4ac6-b810-4b1b-8864-f25a987f7411 req-488c4ac6-b810-4b1b-8864-f25a987f7411 ] Request (QuotasAdminTestV236:_run_cleanups): 204 DELETE http://10.180.1.21/identity/v3/users/3e3fce71ab2f42aaadb8453d8ae29fcd 0.316s
2025-03-10 17:14:41.047 68780 INFO tempest.lib.common.rest_client [req-83d5e233-d57e-4dea-b471-955c40fcef0e req-83d5e233-d57e-4dea-b471-955c40fcef0e ] Request (ServersTestMultiNic:setUpClass): 201 POST http://10.180.1.21/identity/v3/auth/tokens 0.187s
2025-03-10 17:14:41.056 68758 INFO tempest.lib.common.rest_client [req-2a86f60f-88e8-4882-9350-68a3e3230257 req-2a86f60f-88e8-4882-9350-68a3e3230257 ] Request (FlavorsAccessNegativeTestJSON:tearDownClass): 204 DELETE http://10.180.1.21:9696/networking/v2.0/security-groups/62a70d8b-020f-4324-8af7-03fc2bd26780 0.134s
2025-03-10 17:14:41.072 68744 INFO tempest.lib.common.rest_client [req-ab7e9865-5b97-47a3-991a-4bc369296285 req-ab7e9865-5b97-47a3-991a-4bc369296285 ] Request (ServersTestFqdnHostnames:test_create_server_with_fqdn_name): 200 GET http://10.180.1.21/compute/v2.1/servers/0918f7e7-ac2e-43e8-a205-33a78b9b3dac 1.480s
2025-03-10 17:14:41.094 68750 INFO tempest.lib.common.rest_client [req-8b41f1db-c479-492b-a695-96ceb54ccf22 req-8b41f1db-c479-492b-a695-96ceb54ccf22 ] Request (MigrationsAdminTest:setUpClass): 204 PUT http://10.180.1.21/identity/v3/projects/42bc4861dbd84cc4a927ff634672ebf0/users/a9bf9c76f2f84b35bef42e234a2cbd5b/roles/78509c15e25243a594eda112b0e4ef9a 0.141s
2025-03-10 17:14:41.143 68740 INFO tempest.lib.common.rest_client [req-eef34d8c-c9d6-41f0-8a16-fd80b3c52fbb req-eef34d8c-c9d6-41f0-8a16-fd80b3c52fbb ] Request (ListImageFiltersTestJSON:setUpClass): 200 GET http://10.180.1.21/compute/v2.1/servers/f6f23a19-fb3d-4c26-a0f0-9352e008b248 1.538s
2025-03-10 17:14:41.163 68780 INFO tempest.lib.common.rest_client [req-69504e80-2ade-46ca-8342-56bba489345f req-69504e80-2ade-46ca-8342-56bba489345f ] Request (ServersTestMultiNic:setUpClass): 201 POST http://10.180.1.21/identity/v3/auth/tokens 0.113s
2025-03-10 17:14:41.183 68760 INFO tempest.lib.common.rest_client [req-e010e0d3-00ad-446b-b460-8a2e67af5694 req-e010e0d3-00ad-446b-b460-8a2e67af5694 ] Request (QuotasAdminTestV236:_run_cleanups): 204 DELETE http://10.180.1.21/identity/v3/projects/1cf589bfa62444c29134927f6dc5e700 0.168s
2025-03-10 17:14:41.220 68776 INFO tempest.lib.common.rest_client [req-fa301469-de72-4e71-abdd-7317b77e8ade req-fa301469-de72-4e71-abdd-7317b77e8ade ] Request (ServersAdminNegativeTestJSON:test_migrate_server_invalid_state): 200 GET http://10.180.1.21/compute/v2.1/servers/cd31aad9-c1fe-4d8a-a294-c4d5a8265da0 1.546s
2025-03-10 17:14:41.234 68776 INFO tempest.common.waiters [-] State transition "BUILD/scheduling" ==> "BUILD/None" after 12 second wait
2025-03-10 17:14:41.235 68750 INFO tempest.lib.common.rest_client [req-161077a3-1c99-4f43-a69c-aebca3309da7 req-161077a3-1c99-4f43-a69c-aebca3309da7 ] Request (MigrationsAdminTest:setUpClass): 200 GET http://10.180.1.21/identity/v3/roles 0.140s
2025-03-10 17:14:41.260 68780 INFO tempest.lib.common.rest_client [req-8c369ddc-c524-4c86-b2a8-a2a5fa14ca7a req-8c369ddc-c524-4c86-b2a8-a2a5fa14ca7a ] Request (ServersTestMultiNic:setUpClass): 200 GET http://10.180.1.21/identity/v3/domains?name=Default 0.096s
2025-03-10 17:14:41.276 68758 INFO tempest.lib.common.rest_client [req-e02b5c54-94f1-4479-b133-7e4e707368b4 req-e02b5c54-94f1-4479-b133-7e4e707368b4 ] Request (FlavorsAccessNegativeTestJSON:tearDownClass): 204 DELETE http://10.180.1.21/identity/v3/projects/1f85d35e8a564d69b9a94ecbab44c58e 0.220s
2025-03-10 17:14:41.288 68778 INFO tempest.lib.common.rest_client [req-cfc2d0a4-69c1-44a8-9698-b7b347716afb req-cfc2d0a4-69c1-44a8-9698-b7b347716afb ] Request (ServersTestManualDisk:setUpClass): 200 GET http://10.180.1.21/compute/v2.1/servers/38fac1f3-9fe0-49c8-875e-d260db193c8a 1.609s
2025-03-10 17:14:41.333 68750 INFO tempest.lib.common.rest_client [req-7e051f5c-2820-4b35-a036-c1daf27a28e4 req-7e051f5c-2820-4b35-a036-c1daf27a28e4 ] Request (MigrationsAdminTest:setUpClass): 204 PUT http://10.180.1.21/identity/v3/projects/42bc4861dbd84cc4a927ff634672ebf0/users/a9bf9c76f2f84b35bef42e234a2cbd5b/roles/78509c15e25243a594eda112b0e4ef9a 0.097s
2025-03-10 17:14:41.334 68750 INFO tempest.lib.common.dynamic_creds [-] Dynamic test user a9bf9c76f2f84b35bef42e234a2cbd5b is created with scope project and roles: ['admin']
2025-03-10 17:14:41.334 68750 INFO tempest.lib.common.dynamic_creds [-] Acquired dynamic creds: credentials: Credentials: {'domain_id': 'default', 'domain_name': 'Default', 'username': 'tempest-MigrationsAdminTest-362849892-project-admin', 'project_domain_id': 'default', 'project_domain_name': 'Default', 'project_id': '42bc4861dbd84cc4a927ff634672ebf0', 'project_name': 'tempest-MigrationsAdminTest-362849892', 'tenant_id': '42bc4861dbd84cc4a927ff634672ebf0', 'tenant_name': 'tempest-MigrationsAdminTest-362849892', 'user_domain_id': 'default', 'user_domain_name': 'Default', 'user_id': 'a9bf9c76f2f84b35bef42e234a2cbd5b', 'system': None}, Network: None, Subnet: None, Router: None
2025-03-10 17:14:41.334 68750 INFO tempest.lib.common.dynamic_creds [-] Created isolated network resources for: credentials: Credentials: {'domain_id': 'default', 'domain_name': 'Default', 'username': 'tempest-MigrationsAdminTest-362849892-project-admin', 'project_domain_id': 'default', 'project_domain_name': 'Default', 'project_id': '42bc4861dbd84cc4a927ff634672ebf0', 'project_name': 'tempest-MigrationsAdminTest-362849892', 'tenant_id': '42bc4861dbd84cc4a927ff634672ebf0', 'tenant_name': 'tempest-MigrationsAdminTest-362849892', 'user_domain_id': 'default', 'user_domain_name': 'Default', 'user_id': 'a9bf9c76f2f84b35bef42e234a2cbd5b', 'system': None}, Network: None, Subnet: None, Router: None
2025-03-10 17:14:41.347 68736 INFO tempest.lib.common.rest_client [req-98b98ec2-4a4e-4880-8e96-91692a33d186 req-98b98ec2-4a4e-4880-8e96-91692a33d186 ] Request (ImagesNegativeTestJSON:test_create_image_from_deleted_server): 200 GET http://10.180.1.21/compute/v2.1/servers/937e0562-8e2d-4207-a5d3-ba1f389ac873 1.422s
2025-03-10 17:14:41.409 68760 INFO tempest.lib.common.rest_client [req-e4753d58-c5ff-4227-9ba7-b5c27af17f8c req-e4753d58-c5ff-4227-9ba7-b5c27af17f8c ] Request (QuotasAdminTestV236:tearDownClass): 204 DELETE http://10.180.1.21/identity/v3/users/02a2a46041d34785850988734f726b75 0.222s
2025-03-10 17:14:41.411 68782 INFO tempest.lib.common.rest_client [req-6df57319-1f8b-4516-93d3-5e422de713bb req-6df57319-1f8b-4516-93d3-5e422de713bb ] Request (AttachInterfacesTestJSON:test_create_list_show_delete_interfaces_by_fixed_ip): 202 POST http://10.180.1.21/compute/v2.1/servers 1.954s
2025-03-10 17:14:41.418 68754 INFO tempest.lib.common.rest_client [req-2a499e2e-159f-44e6-b8c1-9cda6ae8880c req-2a499e2e-159f-44e6-b8c1-9cda6ae8880c ] Request (QuotasAdminTestV257:test_get_updated_quotas): 200 GET http://10.180.1.21/identity/v3/domains?name=Default 0.169s
2025-03-10 17:14:41.429 68784 INFO tempest.lib.common.rest_client [req-d1bb7f43-52d7-44b4-ba5a-0fe6940c5f80 req-d1bb7f43-52d7-44b4-ba5a-0fe6940c5f80 ] Request (ServerRescueTestJSON:test_rescue_unrescue_instance): 200 GET http://10.180.1.21/compute/v2.1/servers/60d71f22-7779-4f3b-b56a-a8be6ce5ea68 1.496s
2025-03-10 17:14:41.444 68746 INFO tempest.lib.common.rest_client [req-150076a3-9e8b-47f3-8345-84b8f6214e84 req-150076a3-9e8b-47f3-8345-84b8f6214e84 ] Request (AggregatesAdminNegativeTestJSON:test_aggregate_remove_host_as_user): 200 POST http://10.180.1.21/compute/v2.1/os-aggregates 1.501s
2025-03-10 17:14:41.465 68786 INFO tempest.lib.common.rest_client [req-5b5399e2-e921-4b16-bde2-e7018d0dd1c2 req-5b5399e2-e921-4b16-bde2-e7018d0dd1c2 ] Request (ServerActionsV293TestJSON:setUpClass): 200 GET http://10.180.1.21/volume/v3/volumes/03104198-ea2a-4dc5-80b4-24f12b98fb21 0.053s
2025-03-10 17:14:41.485 68758 INFO tempest.lib.common.rest_client [req-410278ea-ca33-4b80-b607-a0023eb875ab req-410278ea-ca33-4b80-b607-a0023eb875ab ] Request (ServersAdmin275Test:setUpClass): 201 POST http://10.180.1.21/identity/v3/auth/tokens 0.207s
2025-03-10 17:14:41.506 68780 INFO tempest.lib.common.rest_client [req-f00f479c-4f98-4688-9797-a582b8129cf0 req-f00f479c-4f98-4688-9797-a582b8129cf0 ] Request (ServersTestMultiNic:setUpClass): 201 POST http://10.180.1.21/identity/v3/projects 0.245s
2025-03-10 17:14:41.567 68750 INFO tempest.lib.common.rest_client [req-5780467e-1a03-4c60-bf58-9678d4f0ae9e req-5780467e-1a03-4c60-bf58-9678d4f0ae9e ] Request (MigrationsAdminTest:setUpClass): 201 POST http://10.180.1.21/identity/v3/auth/tokens 0.228s
2025-03-10 17:14:41.624 68790 INFO tempest.lib.common.rest_client [req-61cbb6fb-c348-4fae-a48a-69a6ecf2bfae req-61cbb6fb-c348-4fae-a48a-69a6ecf2bfae ] Request (VolumesAssistedSnapshotsTest:test_volume_assisted_snapshot_create_delete): 200 GET http://10.180.1.21/compute/v2.1/servers/53ea1e0b-8f00-4f0f-805e-05c81e06f05a 1.678s
2025-03-10 17:14:41.624 68760 INFO tempest.lib.common.rest_client [req-862ff069-6675-47f5-89ae-0a1e9142d532 req-862ff069-6675-47f5-89ae-0a1e9142d532 ] Request (QuotasAdminTestV236:tearDownClass): 204 DELETE http://10.180.1.21/identity/v3/users/e6509e31105f4537a6cb974d0bba4840 0.215s
2025-03-10 17:14:41.624 68760 INFO tempest.lib.common.dynamic_creds [-] Deleting project and security group for project: bbaecef35ec7489982ca02d9bd11ef96
2025-03-10 17:14:41.684 68754 INFO tempest.lib.common.rest_client [req-7e9cd5d9-e786-4962-b849-223502115939 req-7e9cd5d9-e786-4962-b849-223502115939 ] Request (QuotasAdminTestV257:test_get_updated_quotas): 201 POST http://10.180.1.21/identity/v3/projects 0.266s
2025-03-10 17:14:41.689 68758 INFO tempest.lib.common.rest_client [req-e39e32d4-8bf0-4cc6-b1aa-2cca3a8a165d req-e39e32d4-8bf0-4cc6-b1aa-2cca3a8a165d ] Request (ServersAdmin275Test:setUpClass): 201 POST http://10.180.1.21/identity/v3/auth/tokens 0.200s
2025-03-10 17:14:41.692 68774 INFO tempest.lib.common.rest_client [req-a0582bae-e254-433d-a439-49104d789202 req-a0582bae-e254-433d-a439-49104d789202 ] Request (ImagesOneServerNegativeTestJSON:setUp): 200 GET http://10.180.1.21/compute/v2.1/servers/ffc98835-bb20-4213-ab2e-217858cd937b 1.503s
2025-03-10 17:14:41.748 68780 INFO tempest.lib.common.rest_client [req-7b0f179f-7bdc-4ddd-b176-956b954fef4d req-7b0f179f-7bdc-4ddd-b176-956b954fef4d ] Request (ServersTestMultiNic:setUpClass): 201 POST http://10.180.1.21/identity/v3/users 0.241s
2025-03-10 17:14:41.751 68760 INFO tempest.lib.common.rest_client [req-d581bc1a-9774-420d-9176-80c70a83c0b0 req-d581bc1a-9774-420d-9176-80c70a83c0b0 ] Request (QuotasAdminTestV236:tearDownClass): 201 POST http://10.180.1.21/identity/v3/auth/tokens 0.127s
2025-03-10 17:14:41.770 68794 INFO tempest.lib.common.rest_client [req-d483ee7a-4006-4aa3-bb8e-18d4264e49c0 req-d483ee7a-4006-4aa3-bb8e-18d4264e49c0 ] Request (ServerExternalEventsTest:tearDownClass): 200 GET http://10.180.1.21/compute/v2.1/servers/307d6715-7c12-4106-9384-5bb381fceb0d 1.556s
2025-03-10 17:14:41.811 68754 INFO tempest.lib.common.rest_client [req-cb129443-37cc-42d1-ba3a-865d2725ba8d req-cb129443-37cc-42d1-ba3a-865d2725ba8d ] Request (QuotasAdminTestV257:test_get_updated_quotas): 200 GET http://10.180.1.21/identity/v3/domains?name=Default 0.126s
2025-03-10 17:14:41.836 68758 INFO tempest.lib.common.rest_client [req-6f9967fb-8b62-4456-9de6-13fa3235afdd req-6f9967fb-8b62-4456-9de6-13fa3235afdd ] Request (ServersAdmin275Test:setUpClass): 200 GET http://10.180.1.21/identity/v3/domains?name=Default 0.146s
2025-03-10 17:14:41.837 68768 INFO tempest.lib.common.rest_client [req-86fc2bb5-ee30-4840-aa41-a4a7a561d6f6 req-86fc2bb5-ee30-4840-aa41-a4a7a561d6f6 ] Request (ServerDiagnosticsNegativeTest:tearDownClass): 200 GET http://10.180.1.21/compute/v2.1/servers/8da50929-c46e-44e2-ac31-ee14af0055b8 1.512s
2025-03-10 17:14:41.857 68780 INFO tempest.lib.common.rest_client [req-5afe1b97-15a5-4995-863e-9d0f65f71a17 req-5afe1b97-15a5-4995-863e-9d0f65f71a17 ] Request (ServersTestMultiNic:setUpClass): 200 GET http://10.180.1.21/identity/v3/roles 0.108s
2025-03-10 17:14:41.857 68766 INFO tempest.lib.common.rest_client [req-4019ce0c-5fe5-46ba-8cce-71a086af5239 req-4019ce0c-5fe5-46ba-8cce-71a086af5239 ] Request (ServicesAdminNegativeV253TestJSON:test_list_services_with_non_admin_user): 403 GET http://10.180.1.21/compute/v2.1/os-services 1.643s
2025-03-10 17:14:41.906 68764 INFO tempest.lib.common.rest_client [req-2aa74839-7fb3-481f-b0ff-5a5f46dae942 req-2aa74839-7fb3-481f-b0ff-5a5f46dae942 ] Request (TenantUsagesTestJSON:setUpClass): 200 GET http://10.180.1.21/compute/v2.1/servers/aa08eea2-f042-4ba4-b229-3609ac22b47e 1.499s
2025-03-10 17:14:41.916 68764 INFO tempest.common.waiters [-] State transition "BUILD/scheduling" ==> "BUILD/None" after 11 second wait
2025-03-10 17:14:41.916 68758 INFO tempest.lib.common.rest_client [req-c66abf0a-4f64-4b42-9346-46bb914c52a7 req-c66abf0a-4f64-4b42-9346-46bb914c52a7 ] Request (ServersAdmin275Test:setUpClass): 201 POST http://10.180.1.21/identity/v3/projects 0.080s
2025-03-10 17:14:41.929 68796 INFO tempest.lib.common.rest_client [req-f9b92c76-18b5-4224-89d7-27d09d78f397 req-f9b92c76-18b5-4224-89d7-27d09d78f397 ] Request (KeyPairsNegativeTestJSON:test_keypair_create_with_invalid_pub_key): 400 POST http://10.180.1.21/compute/v2.1/os-keypairs 1.495s
2025-03-10 17:14:41.948 68780 INFO tempest.lib.common.rest_client [req-acf05b14-1e0a-4483-99de-3ba5d94d2647 req-acf05b14-1e0a-4483-99de-3ba5d94d2647 ] Request (ServersTestMultiNic:setUpClass): 204 PUT http://10.180.1.21/identity/v3/projects/464d65d8569c4e75905ad7546c6ebea4/users/bd12651e2a8d4eeeac80cdf0221535c6/roles/83c35c497cd041f9b0f621cfe096ecb1 0.090s
2025-03-10 17:14:41.948 68780 INFO tempest.lib.common.dynamic_creds [-] Dynamic test user bd12651e2a8d4eeeac80cdf0221535c6 is created with scope project and roles: ['member']
2025-03-10 17:14:41.948 68780 INFO tempest.lib.common.dynamic_creds [-] Acquired dynamic creds: credentials: Credentials: {'domain_id': 'default', 'domain_name': 'Default', 'username': 'tempest-ServersTestMultiNic-1439983962-project-member', 'project_domain_id': 'default', 'project_domain_name': 'Default', 'project_id': '464d65d8569c4e75905ad7546c6ebea4', 'project_name': 'tempest-ServersTestMultiNic-1439983962', 'tenant_id': '464d65d8569c4e75905ad7546c6ebea4', 'tenant_name': 'tempest-ServersTestMultiNic-1439983962', 'user_domain_id': 'default', 'user_domain_name': 'Default', 'user_id': 'bd12651e2a8d4eeeac80cdf0221535c6', 'system': None}, Network: None, Subnet: None, Router: None
2025-03-10 17:14:42.049 68738 INFO tempest.lib.common.rest_client [req-8e920877-ac83-4491-83a2-bb8b126dc887 req-8e920877-ac83-4491-83a2-bb8b126dc887 ] Request (FloatingIPDetailsTestJSON:test_list_floating_ips): 200 GET http://10.180.1.21/compute/v2.1/os-floating-ips 1.498s
2025-03-10 17:14:42.051 68760 INFO tempest.lib.common.rest_client [req-392f1696-c077-4212-8b73-ac22fb7922c7 req-392f1696-c077-4212-8b73-ac22fb7922c7 ] Request (QuotasAdminTestV236:tearDownClass): 200 GET http://10.180.1.21:9696/networking/v2.0/security-groups?tenant_id=bbaecef35ec7489982ca02d9bd11ef96&name=default 0.300s
2025-03-10 17:14:42.112 68756 INFO tempest.lib.common.rest_client [req-183d7170-3fcd-4788-91eb-810357259e4f req-183d7170-3fcd-4788-91eb-810357259e4f ] Request (ServerActionsTestOtherB:setUpClass): 200 POST http://10.180.1.21/compute/v2.1/os-keypairs 1.569s
2025-03-10 17:14:42.136 68758 INFO tempest.lib.common.rest_client [req-87a2d243-d7aa-4eee-97ac-9ccf1750b9d3 req-87a2d243-d7aa-4eee-97ac-9ccf1750b9d3 ] Request (ServersAdmin275Test:setUpClass): 201 POST http://10.180.1.21/identity/v3/users 0.218s
2025-03-10 17:14:42.143 68766 INFO tempest.lib.common.rest_client [req-1a71f55a-715b-46d0-8b34-89be2e01a7e5 req-1a71f55a-715b-46d0-8b34-89be2e01a7e5 ] Request (ServicesAdminNegativeV253TestJSON:tearDownClass): 204 DELETE http://10.180.1.21/identity/v3/users/a4fa139598ca4a3e95ad78bdbace69ee 0.283s
2025-03-10 17:14:42.221 68780 INFO tempest.lib.common.rest_client [req-3f357fa7-ded8-4596-a61d-2c2c068d1c7a req-3f357fa7-ded8-4596-a61d-2c2c068d1c7a ] Request (ServersTestMultiNic:setUpClass): 201 POST http://10.180.1.21/identity/v3/auth/tokens 0.273s
2025-03-10 17:14:42.225 68760 INFO tempest.lib.common.rest_client [req-d05b3b68-cafa-48e1-b68b-581587ab8c31 req-d05b3b68-cafa-48e1-b68b-581587ab8c31 ] Request (QuotasAdminTestV236:tearDownClass): 204 DELETE http://10.180.1.21:9696/networking/v2.0/security-groups/d9a21d23-b25d-43a4-9ed3-28ccbf39f5af 0.173s
2025-03-10 17:14:42.225 68758 INFO tempest.lib.common.rest_client [req-91168cff-e7c0-425e-8930-05aee43aa46d req-91168cff-e7c0-425e-8930-05aee43aa46d ] Request (ServersAdmin275Test:setUpClass): 200 GET http://10.180.1.21/identity/v3/roles 0.088s
2025-03-10 17:14:42.234 68772 INFO tempest.lib.common.rest_client [req-c4280b8e-2858-4994-8da0-5bc810e50f97 req-c4280b8e-2858-4994-8da0-5bc810e50f97 ] Request (SecurityGroupRulesTestJSON:setUpClass): 200 PUT http://10.180.1.21:9696/networking/v2.0/routers/f2cc6ed4-322e-4543-88e2-b81589048ba8/add_router_interface 1.513s
2025-03-10 17:14:42.234 68772 INFO tempest.lib.common.dynamic_creds [-] Created isolated network resources for: credentials: Credentials: {'domain_id': 'default', 'domain_name': 'Default', 'username': 'tempest-SecurityGroupRulesTestJSON-1593378589-project-member', 'project_domain_id': 'default', 'project_domain_name': 'Default', 'project_id': '42a8a151630e4d40be820075edca86d4', 'project_name': 'tempest-SecurityGroupRulesTestJSON-1593378589', 'tenant_id': '42a8a151630e4d40be820075edca86d4', 'tenant_name': 'tempest-SecurityGroupRulesTestJSON-1593378589', 'user_domain_id': 'default', 'user_domain_name': 'Default', 'user_id': '70a8e1a71e6f4b159c3c72623fe57820', 'system': None}, Network: {'id': '287b1fbf-43ed-4ee6-a0cc-781ac03df83e', 'name': 'tempest-SecurityGroupRulesTestJSON-949969891-network', 'tenant_id': '42a8a151630e4d40be820075edca86d4', 'admin_state_up': True, 'mtu': 8950, 'status': 'ACTIVE', 'subnets': [], 'shared': False, 'project_id': '42a8a151630e4d40be820075edca86d4', 'port_security_enabled': True, 'router:external': False, 'provider:network_type': 'vlan', 'provider:physical_network': 'default', 'provider:segmentation_id': 148, 'availability_zone_hints': [], 'availability_zones': [], 'ipv4_address_scope': None, 'ipv6_address_scope': None, 'description': '', 'tags': [], 'created_at': '2025-03-10T17:14:38Z', 'updated_at': '2025-03-10T17:14:38Z', 'revision_number': 1}, Subnet: {'id': '069b04b8-1b86-4e86-89bf-a0d47679e575', 'name': 'tempest-SecurityGroupRulesTestJSON-949969891-subnet', 'tenant_id': '42a8a151630e4d40be820075edca86d4', 'network_id': '287b1fbf-43ed-4ee6-a0cc-781ac03df83e', 'ip_version': 4, 'subnetpool_id': None, 'enable_dhcp': True, 'ipv6_ra_mode': None, 'ipv6_address_mode': None, 'gateway_ip': '192.168.128.1', 'cidr': '192.168.128.0/28', 'allocation_pools': [{'start': '192.168.128.2', 'end': '192.168.128.14'}], 'host_routes': [], 'dns_nameservers': [], 'description': '', 'router:external': False, 'service_types': [], 'tags': [], 'created_at': '2025-03-10T17:14:38Z', 'updated_at': '2025-03-10T17:14:38Z', 'revision_number': 0, 'project_id': '42a8a151630e4d40be820075edca86d4'}, Router: {'id': 'f2cc6ed4-322e-4543-88e2-b81589048ba8', 'name': 'tempest-SecurityGroupRulesTestJSON-949969891-router', 'tenant_id': '42a8a151630e4d40be820075edca86d4', 'admin_state_up': True, 'status': 'ACTIVE', 'external_gateway_info': {'network_id': 'b3b1f5a8-3f32-46f1-ada2-0de13853b9fb', 'external_fixed_ips': [{'subnet_id': '214e261d-b207-45a8-94c7-1cf457794752', 'ip_address': '10.180.180.174'}], 'enable_snat': True}, 'description': '', 'availability_zones': [], 'distributed': False, 'ha': False, 'availability_zone_hints': [], 'routes': [], 'flavor_id': None, 'tags': [], 'created_at': '2025-03-10T17:14:38Z', 'updated_at': '2025-03-10T17:14:39Z', 'revision_number': 2, 'project_id': '42a8a151630e4d40be820075edca86d4'}
2025-03-10 17:14:42.238 68782 INFO tempest.lib.common.rest_client [req-473adff3-9804-4dce-82ca-a863868d331c req-473adff3-9804-4dce-82ca-a863868d331c ] Request (AttachInterfacesTestJSON:test_create_list_show_delete_interfaces_by_fixed_ip): 200 GET http://10.180.1.21/compute/v2.1/servers/6db8dd54-71cf-4e4e-b984-cc43264df1ac 0.825s
2025-03-10 17:14:42.244 68742 INFO tempest.lib.common.rest_client [req-4d53d79f-ea35-48ae-a524-55da511cad5c req-4d53d79f-ea35-48ae-a524-55da511cad5c ] Request (DeleteServersAdminTestJSON:test_admin_delete_servers_of_others): 200 GET http://10.180.1.21/compute/v2.1/servers/3bba8c74-80c8-41d2-92af-3b619185197e 0.802s
2025-03-10 17:14:42.276 68758 INFO tempest.lib.common.rest_client [req-cdac3444-afe2-48ac-9517-480ff79469c6 req-cdac3444-afe2-48ac-9517-480ff79469c6 ] Request (ServersAdmin275Test:setUpClass): 204 PUT http://10.180.1.21/identity/v3/projects/27ac859d96274b41963405cf0f997423/users/77aace90becc4117b1f888e8d12c7f02/roles/83c35c497cd041f9b0f621cfe096ecb1 0.051s
2025-03-10 17:14:42.277 68758 INFO tempest.lib.common.dynamic_creds [-] Dynamic test user 77aace90becc4117b1f888e8d12c7f02 is created with scope project and roles: ['member']
2025-03-10 17:14:42.277 68758 INFO tempest.lib.common.dynamic_creds [-] Acquired dynamic creds: credentials: Credentials: {'domain_id': 'default', 'domain_name': 'Default', 'username': 'tempest-ServersAdmin275Test-115986518-project-member', 'project_domain_id': 'default', 'project_domain_name': 'Default', 'project_id': '27ac859d96274b41963405cf0f997423', 'project_name': 'tempest-ServersAdmin275Test-115986518', 'tenant_id': '27ac859d96274b41963405cf0f997423', 'tenant_name': 'tempest-ServersAdmin275Test-115986518', 'user_domain_id': 'default', 'user_domain_name': 'Default', 'user_id': '77aace90becc4117b1f888e8d12c7f02', 'system': None}, Network: None, Subnet: None, Router: None
2025-03-10 17:14:42.277 68758 INFO tempest.lib.common.dynamic_creds [-] Created isolated network resources for: credentials: Credentials: {'domain_id': 'default', 'domain_name': 'Default', 'username': 'tempest-ServersAdmin275Test-115986518-project-member', 'project_domain_id': 'default', 'project_domain_name': 'Default', 'project_id': '27ac859d96274b41963405cf0f997423', 'project_name': 'tempest-ServersAdmin275Test-115986518', 'tenant_id': '27ac859d96274b41963405cf0f997423', 'tenant_name': 'tempest-ServersAdmin275Test-115986518', 'user_domain_id': 'default', 'user_domain_name': 'Default', 'user_id': '77aace90becc4117b1f888e8d12c7f02', 'system': None}, Network: None, Subnet: None, Router: None
2025-03-10 17:14:42.314 68766 INFO tempest.lib.common.rest_client [req-de09baa0-009a-4be9-a63c-cbbd4fdc17b8 req-de09baa0-009a-4be9-a63c-cbbd4fdc17b8 ] Request (ServicesAdminNegativeV253TestJSON:tearDownClass): 204 DELETE http://10.180.1.21/identity/v3/users/7479950ee6ac4775acde3b20c4cf9ed3 0.170s
2025-03-10 17:14:42.314 68766 INFO tempest.lib.common.dynamic_creds [-] Deleting project and security group for project: c38715d410224133be74d875f5a33316
2025-03-10 17:14:42.315 68748 INFO tempest.lib.common.rest_client [req-78ccdf05-5b9f-45ea-83b9-bd23beb13575 req-78ccdf05-5b9f-45ea-83b9-bd23beb13575 ] Request (ServersWithSpecificFlavorTestJSON:test_verify_created_server_ephemeral_disk): 200 GET http://10.180.1.21/compute/v2.1/servers/6c8126c6-b7ba-4976-8555-06724d7d4f35 0.789s
2025-03-10 17:14:42.338 68756 INFO tempest.lib.common.rest_client [req-70e27f61-6332-4cc6-ba5c-fb6714b57938 req-70e27f61-6332-4cc6-ba5c-fb6714b57938 ] Request (ServerActionsTestOtherB:setUpClass): 201 POST http://10.180.1.21:9696/networking/v2.0/security-groups 0.221s
2025-03-10 17:14:42.376 68746 INFO tempest.lib.common.rest_client [req-c55f6625-7b8c-4d0c-a360-0d2056294a4c req-c55f6625-7b8c-4d0c-a360-0d2056294a4c ] Request (AggregatesAdminNegativeTestJSON:test_aggregate_remove_host_as_user): 200 POST http://10.180.1.21/compute/v2.1/os-aggregates/7/action 0.930s
2025-03-10 17:14:42.412 68756 INFO tempest.lib.common.rest_client [req-419fa7f7-1013-4684-b45a-c05c6b42d3af req-419fa7f7-1013-4684-b45a-c05c6b42d3af ] Request (ServerActionsTestOtherB:setUpClass): 201 POST http://10.180.1.21:9696/networking/v2.0/security-group-rules 0.074s
2025-03-10 17:14:42.427 68760 INFO tempest.lib.common.rest_client [req-8ca54ca8-3322-4ad4-ad59-0da0772fe4a3 req-8ca54ca8-3322-4ad4-ad59-0da0772fe4a3 ] Request (QuotasAdminTestV236:tearDownClass): 204 DELETE http://10.180.1.21/identity/v3/projects/bbaecef35ec7489982ca02d9bd11ef96 0.202s
2025-03-10 17:14:42.428 68760 INFO tempest.lib.common.dynamic_creds [-] Deleting project and security group for project: b2a65c509fde444995e2677213c7a35c
2025-03-10 17:14:42.438 68788 INFO tempest.lib.common.rest_client [req-5e9d21ee-da2c-41b8-86d9-ab6eaf9fe8c1 req-5e9d21ee-da2c-41b8-86d9-ab6eaf9fe8c1 ] Request (ImagesOneServerTestJSON:setUpClass): 200 GET http://10.180.1.21/compute/v2.1/servers/680a5bb1-ac39-481f-9986-f33d0661bf32 0.803s
2025-03-10 17:14:42.446 68774 INFO tempest.lib.common.rest_client [req-a5287593-562d-4bf9-916b-d4f41741ccd1 req-a5287593-562d-4bf9-916b-d4f41741ccd1 ] Request (ImagesOneServerNegativeTestJSON:test_create_image_specify_metadata_over_limits): 400 POST http://10.180.1.21/compute/v2.1/servers/ffc98835-bb20-4213-ab2e-217858cd937b/action 0.742s
2025-03-10 17:14:42.501 68772 INFO tempest.lib.common.rest_client [req-7f764cfa-ea5d-4607-a317-02924d4db919 req-7f764cfa-ea5d-4607-a317-02924d4db919 ] Request (SecurityGroupRulesTestJSON:setUpClass): 201 POST http://10.180.1.21/identity/v3/auth/tokens 0.261s
2025-03-10 17:14:42.505 68758 INFO tempest.lib.common.rest_client [req-22d9aac8-e396-49f9-96cf-8aa92c88370f req-22d9aac8-e396-49f9-96cf-8aa92c88370f ] Request (ServersAdmin275Test:setUpClass): 201 POST http://10.180.1.21/identity/v3/auth/tokens 0.223s
2025-03-10 17:14:42.518 68786 INFO tempest.lib.common.rest_client [req-86f4b9e7-b565-4ade-b175-90291ab88a79 req-86f4b9e7-b565-4ade-b175-90291ab88a79 ] Request (ServerActionsV293TestJSON:setUpClass): 200 GET http://10.180.1.21/volume/v3/volumes/03104198-ea2a-4dc5-80b4-24f12b98fb21 0.037s
2025-03-10 17:14:42.525 68792 INFO tempest.lib.common.rest_client [req-0c5149be-8a5b-412e-8e9f-60d5e0ab604b req-0c5149be-8a5b-412e-8e9f-60d5e0ab604b ] Request (ServersTestBootFromVolume:setUpClass): 200 GET http://10.180.1.21/compute/v2.1/servers/15bb026a-d9ef-4b1d-b565-0d6954fe8391 0.799s
2025-03-10 17:14:42.549 68760 INFO tempest.lib.common.rest_client [req-c5babf72-7c4c-4b9e-a250-29ce785ba898 req-c5babf72-7c4c-4b9e-a250-29ce785ba898 ] Request (QuotasAdminTestV236:tearDownClass): 200 GET http://10.180.1.21:9696/networking/v2.0/security-groups?tenant_id=b2a65c509fde444995e2677213c7a35c&name=default 0.121s
2025-03-10 17:14:42.567 68766 INFO tempest.lib.common.rest_client [req-fb5df0df-8b21-4568-be73-77d34db1133e req-fb5df0df-8b21-4568-be73-77d34db1133e ] Request (ServicesAdminNegativeV253TestJSON:tearDownClass): 201 POST http://10.180.1.21/identity/v3/auth/tokens 0.253s
2025-03-10 17:14:42.610 68756 INFO tempest.lib.common.rest_client [req-e8155172-f8c3-4e36-ae09-2cfdce69de7e req-e8155172-f8c3-4e36-ae09-2cfdce69de7e ] Request (ServerActionsTestOtherB:setUpClass): 201 POST http://10.180.1.21:9696/networking/v2.0/security-group-rules 0.197s
2025-03-10 17:14:42.613 68762 INFO tempest.lib.common.rest_client [req-092f0629-eb52-41f7-9775-9bfefa9189cf req-092f0629-eb52-41f7-9775-9bfefa9189cf ] Request (ServerDiagnosticsV248Test:test_get_server_diagnostics): 200 GET http://10.180.1.21/compute/v2.1/servers/6b159e34-84a8-45c0-a5e2-9a9d1799b3fc 0.822s
2025-03-10 17:14:42.621 68758 INFO tempest.lib.common.rest_client [req-bd498011-798b-4f58-ae5c-3cbbfbabb1b8 req-bd498011-798b-4f58-ae5c-3cbbfbabb1b8 ] Request (ServersAdmin275Test:setUpClass): 201 POST http://10.180.1.21/identity/v3/projects 0.116s
2025-03-10 17:14:42.644 68750 INFO tempest.lib.common.rest_client [req-9efe4782-3dbb-484a-9039-b7add08a2c72 req-9efe4782-3dbb-484a-9039-b7add08a2c72 ] Request (MigrationsAdminTest:test_list_migrations): 200 GET http://10.180.1.21/compute/v2.1/os-migrations 1.075s
2025-03-10 17:14:42.690 68760 INFO tempest.lib.common.rest_client [req-1a44dd50-0c2a-48f5-9004-1b9b389bcdd1 req-1a44dd50-0c2a-48f5-9004-1b9b389bcdd1 ] Request (QuotasAdminTestV236:tearDownClass): 204 DELETE http://10.180.1.21:9696/networking/v2.0/security-groups/f92f0b81-3b24-4907-8f4e-d0ed373c1e30 0.140s
2025-03-10 17:14:42.716 68770 INFO tempest.lib.common.rest_client [req-00559e53-2d8d-44de-96a8-c7b8885ccf99 req-00559e53-2d8d-44de-96a8-c7b8885ccf99 ] Request (ServerDiagnosticsTest:tearDownClass): 200 GET http://10.180.1.21/compute/v2.1/servers/1d89390b-acab-4995-a3bd-006d6316fd6d 0.801s
2025-03-10 17:14:42.728 68796 INFO tempest.lib.common.rest_client [req-1278abd3-e106-4e84-aa62-57ab6190485e req-1278abd3-e106-4e84-aa62-57ab6190485e ] Request (KeyPairsNegativeTestJSON:test_keypair_delete_nonexistent_key): 404 DELETE http://10.180.1.21/compute/v2.1/os-keypairs/tempest-keypair-non-existent-50251610 0.798s
2025-03-10 17:14:42.766 68758 INFO tempest.lib.common.rest_client [req-c81ec417-4e9b-4aa2-863e-6b67d6556a9e req-c81ec417-4e9b-4aa2-863e-6b67d6556a9e ] Request (ServersAdmin275Test:setUpClass): 201 POST http://10.180.1.21/identity/v3/users 0.143s
2025-03-10 17:14:42.790 68780 INFO tempest.lib.common.rest_client [req-bfe92076-ea82-4b02-a3be-5bc493eb85e7 req-bfe92076-ea82-4b02-a3be-5bc493eb85e7 ] Request (ServersTestMultiNic:setUpClass): 201 POST http://10.180.1.21:9696/networking/v2.0/networks 0.568s
2025-03-10 17:14:42.799 68750 INFO tempest.lib.common.rest_client [req-c2349c3e-595a-42a7-b5d0-8eff3c35d72e req-c2349c3e-595a-42a7-b5d0-8eff3c35d72e ] Request (MigrationsAdminTest:test_list_migrations_in_flavor_resize_situation): 201 POST http://10.180.1.21/identity/v3/auth/tokens 0.142s
2025-03-10 17:14:42.800 68750 INFO tempest.lib.common.fixed_network [-] (MigrationsAdminTest:test_list_migrations_in_flavor_resize_situation) Found network None available for tenant
2025-03-10 17:14:42.802 68752 INFO tempest.lib.common.rest_client [req-cc4eb6c8-e5ba-4c8d-a74d-e4411a5ef42c req-cc4eb6c8-e5ba-4c8d-a74d-e4411a5ef42c ] Request (ListServerFiltersTestJSON:setUpClass): 200 GET http://10.180.1.21/compute/v2.1/servers/f2f2d1e7-121d-4e95-8266-6feeabd63b3b 0.809s
2025-03-10 17:14:42.836 68760 INFO tempest.lib.common.rest_client [req-7a1c7e0d-09b7-4865-835c-01022b76d1fa req-7a1c7e0d-09b7-4865-835c-01022b76d1fa ] Request (QuotasAdminTestV236:tearDownClass): 204 DELETE http://10.180.1.21/identity/v3/projects/b2a65c509fde444995e2677213c7a35c 0.145s
2025-03-10 17:14:42.902 68796 INFO tempest.lib.common.rest_client [req-4604ba52-4cad-4688-a953-00db27535c75 req-4604ba52-4cad-4688-a953-00db27535c75 ] Request (KeyPairsNegativeTestJSON:tearDownClass): 204 DELETE http://10.180.1.21/identity/v3/users/4f4d44eb458547228f7dff7ec4acb656 0.173s
2025-03-10 17:14:42.903 68796 INFO tempest.lib.common.dynamic_creds [-] Deleting project and security group for project: 88ac376cffb24f1ebba5bb1e29bf52f8
2025-03-10 17:14:42.905 68766 INFO tempest.lib.common.rest_client [req-6e6e913b-cdcf-44f7-bdee-b5ae2cb8ffd7 req-6e6e913b-cdcf-44f7-bdee-b5ae2cb8ffd7 ] Request (ServicesAdminNegativeV253TestJSON:tearDownClass): 200 GET http://10.180.1.21:9696/networking/v2.0/security-groups?tenant_id=c38715d410224133be74d875f5a33316&name=default 0.338s
2025-03-10 17:14:42.928 68758 INFO tempest.lib.common.rest_client [req-8a93fced-59da-456d-9a4e-dd517f3b7f79 req-8a93fced-59da-456d-9a4e-dd517f3b7f79 ] Request (ServersAdmin275Test:setUpClass): 200 GET http://10.180.1.21/identity/v3/roles 0.161s
2025-03-10 17:14:42.957 68760 INFO tempest.lib.common.rest_client [req-0d8f7f47-1bcd-4ff2-9bae-0c553e5660ae req-0d8f7f47-1bcd-4ff2-9bae-0c553e5660ae ] Request (FlavorsV2TestJSON:setUpClass): 201 POST http://10.180.1.21/identity/v3/auth/tokens 0.120s
2025-03-10 17:14:42.985 68796 INFO tempest.lib.common.rest_client [req-d56bd59c-fa11-43b5-81d4-cce049bb872a req-d56bd59c-fa11-43b5-81d4-cce049bb872a ] Request (KeyPairsNegativeTestJSON:tearDownClass): 201 POST http://10.180.1.21/identity/v3/auth/tokens 0.082s
2025-03-10 17:14:43.018 68758 INFO tempest.lib.common.rest_client [req-28473c7d-e480-474d-97d0-59cd9b12820e req-28473c7d-e480-474d-97d0-59cd9b12820e ] Request (ServersAdmin275Test:setUpClass): 204 PUT http://10.180.1.21/identity/v3/projects/acd91a698a584533bdcfd6c32d1af30b/users/b2910168262c4e3db34003bd195e4ecd/roles/78509c15e25243a594eda112b0e4ef9a 0.090s
2025-03-10 17:14:43.041 68766 INFO tempest.lib.common.rest_client [req-e62107ad-881e-4e92-89bf-e8e87afe6e51 req-e62107ad-881e-4e92-89bf-e8e87afe6e51 ] Request (ServicesAdminNegativeV253TestJSON:tearDownClass): 204 DELETE http://10.180.1.21:9696/networking/v2.0/security-groups/805a0c79-7ef3-443d-bfe7-fff6e3a058c3 0.135s
2025-03-10 17:14:43.093 68760 INFO tempest.lib.common.rest_client [req-2f9ffc99-35f7-4736-9854-97d75ae99a89 req-2f9ffc99-35f7-4736-9854-97d75ae99a89 ] Request (FlavorsV2TestJSON:setUpClass): 201 POST http://10.180.1.21/identity/v3/auth/tokens 0.133s
2025-03-10 17:14:43.094 68780 INFO tempest.lib.common.rest_client [req-00b1f33a-30b7-4cf3-9bc8-cbefc433d0bc req-00b1f33a-30b7-4cf3-9bc8-cbefc433d0bc ] Request (ServersTestMultiNic:setUpClass): 201 POST http://10.180.1.21:9696/networking/v2.0/subnets 0.304s
2025-03-10 17:14:43.106 68754 INFO tempest.lib.common.rest_client [req-47ec6c91-befa-4f3a-a518-dee93512f29b req-47ec6c91-befa-4f3a-a518-dee93512f29b ] Request (QuotasAdminTestV257:test_get_updated_quotas): 200 PUT http://10.180.1.21/compute/v2.1/os-quota-sets/e695f185fc984f16b59e217d4c041fe3 1.295s
2025-03-10 17:14:43.115 68758 INFO tempest.lib.common.rest_client [req-467ed80b-9ca7-43fc-a013-f00d0208d576 req-467ed80b-9ca7-43fc-a013-f00d0208d576 ] Request (ServersAdmin275Test:setUpClass): 200 GET http://10.180.1.21/identity/v3/roles 0.096s
2025-03-10 17:14:43.169 68760 INFO tempest.lib.common.rest_client [req-d8a10d90-1b10-4153-b451-62dac62e46ab req-d8a10d90-1b10-4153-b451-62dac62e46ab ] Request (FlavorsV2TestJSON:setUpClass): 200 GET http://10.180.1.21/identity/v3/domains?name=Default 0.075s
2025-03-10 17:14:43.186 68766 INFO tempest.lib.common.rest_client [req-45e8e02c-2f4f-42dd-b45a-da961778dc32 req-45e8e02c-2f4f-42dd-b45a-da961778dc32 ] Request (ServicesAdminNegativeV253TestJSON:tearDownClass): 204 DELETE http://10.180.1.21/identity/v3/projects/c38715d410224133be74d875f5a33316 0.145s
2025-03-10 17:14:43.186 68766 INFO tempest.lib.common.dynamic_creds [-] Deleting project and security group for project: 17bba526c5d744a789cf15d90f1ceb2e
2025-03-10 17:14:43.194 68744 INFO tempest.lib.common.rest_client [req-522913d2-e335-4c97-a1c2-698bb90c2263 req-522913d2-e335-4c97-a1c2-698bb90c2263 ] Request (ServersTestFqdnHostnames:test_create_server_with_fqdn_name): 200 GET http://10.180.1.21/compute/v2.1/servers/0918f7e7-ac2e-43e8-a205-33a78b9b3dac 1.112s
2025-03-10 17:14:43.231 68738 INFO tempest.lib.common.rest_client [req-5dd68bc3-b782-437d-bc6c-8dc1f41ef37a req-5dd68bc3-b782-437d-bc6c-8dc1f41ef37a ] Request (FloatingIPDetailsTestJSON:tearDownClass): 202 DELETE http://10.180.1.21/compute/v2.1/os-floating-ips/9a291af5-745f-4087-bd23-32dcb5c23c64 1.174s
2025-03-10 17:14:43.237 68758 INFO tempest.lib.common.rest_client [req-05edeaf7-a899-4e5b-980c-e0b1e7e81769 req-05edeaf7-a899-4e5b-980c-e0b1e7e81769 ] Request (ServersAdmin275Test:setUpClass): 204 PUT http://10.180.1.21/identity/v3/projects/acd91a698a584533bdcfd6c32d1af30b/users/b2910168262c4e3db34003bd195e4ecd/roles/78509c15e25243a594eda112b0e4ef9a 0.121s
2025-03-10 17:14:43.237 68758 INFO tempest.lib.common.dynamic_creds [-] Dynamic test user b2910168262c4e3db34003bd195e4ecd is created with scope project and roles: ['admin']
2025-03-10 17:14:43.237 68758 INFO tempest.lib.common.dynamic_creds [-] Acquired dynamic creds: credentials: Credentials: {'domain_id': 'default', 'domain_name': 'Default', 'username': 'tempest-ServersAdmin275Test-111484459-project-admin', 'project_domain_id': 'default', 'project_domain_name': 'Default', 'project_id': 'acd91a698a584533bdcfd6c32d1af30b', 'project_name': 'tempest-ServersAdmin275Test-111484459', 'tenant_id': 'acd91a698a584533bdcfd6c32d1af30b', 'tenant_name': 'tempest-ServersAdmin275Test-111484459', 'user_domain_id': 'default', 'user_domain_name': 'Default', 'user_id': 'b2910168262c4e3db34003bd195e4ecd', 'system': None}, Network: None, Subnet: None, Router: None
2025-03-10 17:14:43.237 68758 INFO tempest.lib.common.dynamic_creds [-] Created isolated network resources for: credentials: Credentials: {'domain_id': 'default', 'domain_name': 'Default', 'username': 'tempest-ServersAdmin275Test-111484459-project-admin', 'project_domain_id': 'default', 'project_domain_name': 'Default', 'project_id': 'acd91a698a584533bdcfd6c32d1af30b', 'project_name': 'tempest-ServersAdmin275Test-111484459', 'tenant_id': 'acd91a698a584533bdcfd6c32d1af30b', 'tenant_name': 'tempest-ServersAdmin275Test-111484459', 'user_domain_id': 'default', 'user_domain_name': 'Default', 'user_id': 'b2910168262c4e3db34003bd195e4ecd', 'system': None}, Network: None, Subnet: None, Router: None
2025-03-10 17:14:43.251 68760 INFO tempest.lib.common.rest_client [req-0687e3df-2f2b-46ad-9e24-6c6f6e5211c4 req-0687e3df-2f2b-46ad-9e24-6c6f6e5211c4 ] Request (FlavorsV2TestJSON:setUpClass): 201 POST http://10.180.1.21/identity/v3/projects 0.081s
2025-03-10 17:14:43.280 68740 INFO tempest.lib.common.rest_client [req-5d8417cc-4583-4589-ae81-dbd73ff4d241 req-5d8417cc-4583-4589-ae81-dbd73ff4d241 ] Request (ListImageFiltersTestJSON:setUpClass): 200 GET http://10.180.1.21/compute/v2.1/servers/f6f23a19-fb3d-4c26-a0f0-9352e008b248 1.126s
2025-03-10 17:14:43.312 68776 INFO tempest.lib.common.rest_client [req-96fafd83-8979-441f-8341-f06a67f628da req-96fafd83-8979-441f-8341-f06a67f628da ] Request (ServersAdminNegativeTestJSON:test_migrate_server_invalid_state): 200 GET http://10.180.1.21/compute/v2.1/servers/cd31aad9-c1fe-4d8a-a294-c4d5a8265da0 1.077s
2025-03-10 17:14:43.323 68758 INFO tempest.lib.common.rest_client [req-592fe325-60c3-40ab-b1c6-52a0e0695c8b req-592fe325-60c3-40ab-b1c6-52a0e0695c8b ] Request (ServersAdmin275Test:setUpClass): 201 POST http://10.180.1.21/identity/v3/auth/tokens 0.081s
2025-03-10 17:14:43.341 68760 INFO tempest.lib.common.rest_client [req-5eeffc60-fc31-45f0-9eef-7ca25edf4c9f req-5eeffc60-fc31-45f0-9eef-7ca25edf4c9f ] Request (FlavorsV2TestJSON:setUpClass): 201 POST http://10.180.1.21/identity/v3/users 0.089s
2025-03-10 17:14:43.355 68778 INFO tempest.lib.common.rest_client [req-d3c1e9cc-83e0-407d-a47a-45ee293ab050 req-d3c1e9cc-83e0-407d-a47a-45ee293ab050 ] Request (ServersTestManualDisk:setUpClass): 200 GET http://10.180.1.21/compute/v2.1/servers/38fac1f3-9fe0-49c8-875e-d260db193c8a 1.054s
2025-03-10 17:14:43.367 68746 INFO tempest.lib.common.rest_client [req-4185b7a2-07cc-4c3d-ba22-a46e0fcb051a req-4185b7a2-07cc-4c3d-ba22-a46e0fcb051a ] Request (AggregatesAdminNegativeTestJSON:test_aggregate_remove_host_as_user): 403 POST http://10.180.1.21/compute/v2.1/os-aggregates/7/action 0.988s
2025-03-10 17:14:43.375 68766 INFO tempest.lib.common.rest_client [req-9479a776-56cd-44a3-8134-cc45df8c9b5a req-9479a776-56cd-44a3-8134-cc45df8c9b5a ] Request (ServicesAdminNegativeV253TestJSON:tearDownClass): 200 GET http://10.180.1.21:9696/networking/v2.0/security-groups?tenant_id=17bba526c5d744a789cf15d90f1ceb2e&name=default 0.188s
2025-03-10 17:14:43.380 68760 INFO tempest.lib.common.rest_client [req-46307881-0cc4-4039-a052-1f5399b7fbfd req-46307881-0cc4-4039-a052-1f5399b7fbfd ] Request (FlavorsV2TestJSON:setUpClass): 200 GET http://10.180.1.21/identity/v3/roles 0.038s
2025-03-10 17:14:43.393 68796 INFO tempest.lib.common.rest_client [req-2210fbcc-4075-4522-a439-383452f3ca0c req-2210fbcc-4075-4522-a439-383452f3ca0c ] Request (KeyPairsNegativeTestJSON:tearDownClass): 200 GET http://10.180.1.21:9696/networking/v2.0/security-groups?tenant_id=88ac376cffb24f1ebba5bb1e29bf52f8&name=default 0.407s
2025-03-10 17:14:43.396 68736 INFO tempest.lib.common.rest_client [req-00c4c5ff-0f5c-45be-a83e-81ca7b530e5b req-00c4c5ff-0f5c-45be-a83e-81ca7b530e5b ] Request (ImagesNegativeTestJSON:test_create_image_from_deleted_server): 200 GET http://10.180.1.21/compute/v2.1/servers/937e0562-8e2d-4207-a5d3-ba1f389ac873 1.031s
2025-03-10 17:14:43.399 68758 INFO tempest.lib.common.rest_client [req-7f19d75b-d13a-4393-91dc-2f2f0bffeedd req-7f19d75b-d13a-4393-91dc-2f2f0bffeedd ] Request (ServersAdmin275Test:test_rebuild_update_server_275): 201 POST http://10.180.1.21/identity/v3/auth/tokens 0.071s
2025-03-10 17:14:43.399 68758 INFO tempest.lib.common.fixed_network [-] (ServersAdmin275Test:test_rebuild_update_server_275) Found network None available for tenant
2025-03-10 17:14:43.419 68760 INFO tempest.lib.common.rest_client [req-e1763074-f2f3-498b-96fd-c73e08814dd3 req-e1763074-f2f3-498b-96fd-c73e08814dd3 ] Request (FlavorsV2TestJSON:setUpClass): 204 PUT http://10.180.1.21/identity/v3/projects/55f73550b1b2428f8e5fb73f83fb1358/users/c9621359c6b44f4d87d9a3c64edfe4f6/roles/83c35c497cd041f9b0f621cfe096ecb1 0.038s
2025-03-10 17:14:43.419 68760 INFO tempest.lib.common.dynamic_creds [-] Dynamic test user c9621359c6b44f4d87d9a3c64edfe4f6 is created with scope project and roles: ['member']
2025-03-10 17:14:43.419 68760 INFO tempest.lib.common.dynamic_creds [-] Acquired dynamic creds: credentials: Credentials: {'domain_id': 'default', 'domain_name': 'Default', 'username': 'tempest-FlavorsV2TestJSON-1927712515-project-member', 'project_domain_id': 'default', 'project_domain_name': 'Default', 'project_id': '55f73550b1b2428f8e5fb73f83fb1358', 'project_name': 'tempest-FlavorsV2TestJSON-1927712515', 'tenant_id': '55f73550b1b2428f8e5fb73f83fb1358', 'tenant_name': 'tempest-FlavorsV2TestJSON-1927712515', 'user_domain_id': 'default', 'user_domain_name': 'Default', 'user_id': 'c9621359c6b44f4d87d9a3c64edfe4f6', 'system': None}, Network: None, Subnet: None, Router: None
2025-03-10 17:14:43.420 68760 INFO tempest.lib.common.dynamic_creds [-] Created isolated network resources for: credentials: Credentials: {'domain_id': 'default', 'domain_name': 'Default', 'username': 'tempest-FlavorsV2TestJSON-1927712515-project-member', 'project_domain_id': 'default', 'project_domain_name': 'Default', 'project_id': '55f73550b1b2428f8e5fb73f83fb1358', 'project_name': 'tempest-FlavorsV2TestJSON-1927712515', 'tenant_id': '55f73550b1b2428f8e5fb73f83fb1358', 'tenant_name': 'tempest-FlavorsV2TestJSON-1927712515', 'user_domain_id': 'default', 'user_domain_name': 'Default', 'user_id': 'c9621359c6b44f4d87d9a3c64edfe4f6', 'system': None}, Network: None, Subnet: None, Router: None
2025-03-10 17:14:43.424 68756 INFO tempest.lib.common.rest_client [req-26cb5593-bf30-4cf7-9feb-2c5459bbb938 req-26cb5593-bf30-4cf7-9feb-2c5459bbb938 ] Request (ServerActionsTestOtherB:setUpClass): 201 POST http://10.180.1.21:9696/networking/v2.0/floatingips 0.813s
2025-03-10 17:14:43.465 68784 INFO tempest.lib.common.rest_client [req-9618e08f-49cb-4850-a98f-93373da517fe req-9618e08f-49cb-4850-a98f-93373da517fe ] Request (ServerRescueTestJSON:test_rescue_unrescue_instance): 200 GET http://10.180.1.21/compute/v2.1/servers/60d71f22-7779-4f3b-b56a-a8be6ce5ea68 1.024s
2025-03-10 17:14:43.498 68756 INFO tempest.lib.common.rest_client [req-56610cf1-cf10-41c8-ab5c-ee565766606d req-56610cf1-cf10-41c8-ab5c-ee565766606d ] Request (ServerActionsTestOtherB:setUpClass): 201 POST http://10.180.1.21/identity/v3/auth/tokens 0.070s
2025-03-10 17:14:43.498 68756 INFO tempest.lib.common.fixed_network [-] (ServerActionsTestOtherB:setUpClass) Found network {'id': '07805497-81c2-4a8f-af1f-41c565e6e0f3', 'name': 'tempest-ServerActionsTestOtherB-968415248-network', 'tenant_id': 'dcb360f473bb4879882df61178c87135', 'admin_state_up': True, 'mtu': 8950, 'status': 'ACTIVE', 'subnets': [], 'shared': False, 'project_id': 'dcb360f473bb4879882df61178c87135', 'port_security_enabled': True, 'router:external': False, 'provider:network_type': 'vlan', 'provider:physical_network': 'default', 'provider:segmentation_id': 896, 'availability_zone_hints': [], 'availability_zones': [], 'ipv4_address_scope': None, 'ipv6_address_scope': None, 'description': '', 'tags': [], 'created_at': '2025-03-10T17:14:37Z', 'updated_at': '2025-03-10T17:14:37Z', 'revision_number': 1} available for tenant
2025-03-10 17:14:43.519 68760 INFO tempest.lib.common.rest_client [req-0e4af396-ddf8-4a02-ac1b-38b37a66598e req-0e4af396-ddf8-4a02-ac1b-38b37a66598e ] Request (FlavorsV2TestJSON:setUpClass): 201 POST http://10.180.1.21/identity/v3/auth/tokens 0.092s
2025-03-10 17:14:43.531 68774 INFO tempest.lib.common.rest_client [req-3f4d81a8-4c6e-495a-b6d7-3dec00a5cfc8 req-3f4d81a8-4c6e-495a-b6d7-3dec00a5cfc8 ] Request (ImagesOneServerNegativeTestJSON:tearDown): 200 GET http://10.180.1.21/compute/v2.1/servers/ffc98835-bb20-4213-ab2e-217858cd937b 1.084s
2025-03-10 17:14:43.533 68796 INFO tempest.lib.common.rest_client [req-f3fa3014-8fdb-4f46-ba19-f864bbaaaa58 req-f3fa3014-8fdb-4f46-ba19-f864bbaaaa58 ] Request (KeyPairsNegativeTestJSON:tearDownClass): 204 DELETE http://10.180.1.21:9696/networking/v2.0/security-groups/639f214d-a241-4e0e-96a2-11203e598f88 0.140s
2025-03-10 17:14:43.533 68766 INFO tempest.lib.common.rest_client [req-e369d2a5-b2e1-4751-88b4-5e880ad35de4 req-e369d2a5-b2e1-4751-88b4-5e880ad35de4 ] Request (ServicesAdminNegativeV253TestJSON:tearDownClass): 204 DELETE http://10.180.1.21:9696/networking/v2.0/security-groups/34be4813-257a-4c34-9f86-552d0a3de03e 0.156s
2025-03-10 17:14:43.572 68786 INFO tempest.lib.common.rest_client [req-3a0ca5d1-01ae-4e4c-b5e5-00ed5baa0ec8 req-3a0ca5d1-01ae-4e4c-b5e5-00ed5baa0ec8 ] Request (ServerActionsV293TestJSON:setUpClass): 200 GET http://10.180.1.21/volume/v3/volumes/03104198-ea2a-4dc5-80b4-24f12b98fb21 0.034s
2025-03-10 17:14:43.665 68796 INFO tempest.lib.common.rest_client [req-3efdeb03-a292-417b-a39f-3d2888f56922 req-3efdeb03-a292-417b-a39f-3d2888f56922 ] Request (KeyPairsNegativeTestJSON:tearDownClass): 204 DELETE http://10.180.1.21/identity/v3/projects/88ac376cffb24f1ebba5bb1e29bf52f8 0.132s
2025-03-10 17:14:43.672 68766 INFO tempest.lib.common.rest_client [req-071d4a87-d0bf-4302-b7c0-d8fa2f2b15d4 req-071d4a87-d0bf-4302-b7c0-d8fa2f2b15d4 ] Request (ServicesAdminNegativeV253TestJSON:tearDownClass): 204 DELETE http://10.180.1.21/identity/v3/projects/17bba526c5d744a789cf15d90f1ceb2e 0.138s
2025-03-10 17:14:43.676 68790 INFO tempest.lib.common.rest_client [req-837dc2d2-bfaa-49e0-b830-55390252c6ff req-837dc2d2-bfaa-49e0-b830-55390252c6ff ] Request (VolumesAssistedSnapshotsTest:test_volume_assisted_snapshot_create_delete): 200 GET http://10.180.1.21/compute/v2.1/servers/53ea1e0b-8f00-4f0f-805e-05c81e06f05a 1.041s
2025-03-10 17:14:43.742 68796 INFO tempest.lib.common.rest_client [req-6cdaac03-aeba-455b-a632-3ff68549d6fb req-6cdaac03-aeba-455b-a632-3ff68549d6fb ] Request (AttachInterfacesUnderV243Test:setUpClass): 201 POST http://10.180.1.21/identity/v3/auth/tokens 0.075s
2025-03-10 17:14:43.764 68766 INFO tempest.lib.common.rest_client [req-97c7369f-0015-47a2-8872-df0466b7020f req-97c7369f-0015-47a2-8872-df0466b7020f ] Request (FloatingIPDetailsNegativeTestJSON:setUpClass): 201 POST http://10.180.1.21/identity/v3/auth/tokens 0.090s
2025-03-10 17:14:43.778 68796 INFO tempest.lib.common.rest_client [req-c0140044-52e8-4d7b-b25e-b60938c7ae6c req-c0140044-52e8-4d7b-b25e-b60938c7ae6c ] Request (AttachInterfacesUnderV243Test:setUpClass): 201 POST http://10.180.1.21/identity/v3/auth/tokens 0.033s
2025-03-10 17:14:43.790 68794 INFO tempest.lib.common.rest_client [req-6c74ddbc-03c9-49d6-ba91-db75dea8d41e req-6c74ddbc-03c9-49d6-ba91-db75dea8d41e ] Request (ServerExternalEventsTest:tearDownClass): 200 GET http://10.180.1.21/compute/v2.1/servers/307d6715-7c12-4106-9384-5bb381fceb0d 1.001s
2025-03-10 17:14:43.802 68794 INFO tempest.common.waiters [-] State transition "ACTIVE/deleting" ==> "DELETED/None" after 4 second wait
2025-03-10 17:14:43.805 68772 INFO tempest.lib.common.rest_client [req-c658249e-25cb-48c6-8fd1-7437719cc55b req-c658249e-25cb-48c6-8fd1-7437719cc55b ] Request (SecurityGroupRulesTestJSON:test_security_group_rules_create): 200 POST http://10.180.1.21/compute/v2.1/os-security-groups 1.303s
2025-03-10 17:14:43.816 68796 INFO tempest.lib.common.rest_client [req-4980da83-3403-4d20-b5e0-4a3d585655be req-4980da83-3403-4d20-b5e0-4a3d585655be ] Request (AttachInterfacesUnderV243Test:setUpClass): 200 GET http://10.180.1.21/identity/v3/domains?name=Default 0.038s
