2025-03-07 09:16:54.756 68456 INFO tempest.lib.common.rest_client [req-e748327b-650c-4b20-99bb-0b4d50f48310 req-e748327b-650c-4b20-99bb-0b4d50f48310 ] Request (ImagesOneServerNegativeTestJSON:_run_cleanups): 200 GET http://10.180.1.21/compute/v2.1/servers/26a22789-6320-44ea-bd82-9485f81b22d7 0.366s
2025-03-07 09:16:54.800 68430 INFO tempest.lib.common.rest_client [req-b642a3ad-3786-4675-baee-65a5b5a26ee0 req-b642a3ad-3786-4675-baee-65a5b5a26ee0 ] Request (AttachInterfacesUnderV243Test:test_add_remove_fixed_ip): 200 GET http://10.180.1.21/compute/v2.1/servers/3d9a341a-b557-4672-8277-ffc6f71c1397 0.364s
2025-03-07 09:16:54.852 68418 INFO tempest.lib.common.rest_client [req-3ae8d277-f11b-4fad-b8a4-888e691619e4 req-3ae8d277-f11b-4fad-b8a4-888e691619e4 ] Request (TenantUsagesTestJSON:tearDownClass): 200 GET http://10.180.1.21/compute/v2.1/servers/e433ee92-ece7-4bda-85d1-76cfa321ede9 0.159s
2025-03-07 09:16:54.927 68426 INFO tempest.lib.common.rest_client [req-31e83fe5-59f0-4923-b935-0ca2f5bfecbf req-31e83fe5-59f0-4923-b935-0ca2f5bfecbf ] Request (ServerExternalEventsTest:tearDownClass): 200 GET http://10.180.1.21/compute/v2.1/servers/8b53bec3-130d-4624-97f0-ca39d94fcd89 0.081s
2025-03-07 09:16:54.944 68412 INFO tempest.lib.common.rest_client [req-7556436f-3005-43e9-82ba-c110824c3887 req-7556436f-3005-43e9-82ba-c110824c3887 ] Request (InstanceActionsTestJSON:setUpClass): 200 GET http://10.180.1.21/compute/v2.1/servers/43b0abe5-0b57-46f0-bccc-0c4398ad8ff5 0.177s
2025-03-07 09:16:54.951 68412 INFO tempest.common.waiters [-] State transition "BUILD/networking" ==> "BUILD/spawning" after 62 second wait
2025-03-07 09:16:54.997 68436 INFO tempest.lib.common.rest_client [req-33990fb1-9f82-427f-8f70-0464378016c5 req-33990fb1-9f82-427f-8f70-0464378016c5 ] Request (DeleteServersAdminTestJSON:test_delete_server_while_in_error_state): 200 GET http://10.180.1.21/compute/v2.1/servers/0f1cb1cd-03e6-40c3-b4f2-7cdfa52e3a4a 0.125s
2025-03-07 09:16:55.002 68432 INFO tempest.lib.common.rest_client [req-e5cd6a5e-bea8-46cd-818a-491ae2880c74 req-e5cd6a5e-bea8-46cd-818a-491ae2880c74 ] Request (ImagesTestJSON:test_create_image_from_stopped_server): 200 GET http://10.180.1.21/compute/v2.1/servers/b5751918-d166-4b39-a5ee-fe2500f85ace 0.091s
2025-03-07 09:16:55.042 68438 INFO tempest.lib.common.rest_client [req-827a663c-1f1c-439e-b11c-fd6c8f488722 req-827a663c-1f1c-439e-b11c-fd6c8f488722 ] Request (ServerRescueTestJSON:setUpClass): 200 GET http://10.180.1.21/compute/v2.1/servers/04fe4efc-95d3-4339-b76c-44d720ab2bd4 0.109s
2025-03-07 09:16:55.085 68416 INFO tempest.lib.common.rest_client [req-b91a86c5-2cc0-4ba9-8597-091dcde759a3 req-b91a86c5-2cc0-4ba9-8597-091dcde759a3 ] Request (FloatingIPsAssociationTestJSON:tearDownClass): 200 GET http://10.180.1.21/compute/v2.1/servers/abb105e4-4494-4a98-bfa7-11358ddecdea 0.061s
2025-03-07 09:16:55.126 68462 INFO tempest.lib.common.rest_client [req-96da222e-9d91-4c6a-96b3-58ef1726b6bc req-96da222e-9d91-4c6a-96b3-58ef1726b6bc ] Request (ServersTestJSON:setUpClass): 200 GET http://10.180.1.21/compute/v2.1/servers/f73d6245-6df4-47d5-98c4-643dfe7fa81e 0.055s
2025-03-07 09:16:55.226 68424 INFO tempest.lib.common.rest_client [req-fc7ac228-2cc4-4f21-9af5-ae740c0cc24f req-fc7ac228-2cc4-4f21-9af5-ae740c0cc24f ] Request (ListServersNegativeTestJSON:setUpClass): 200 GET http://10.180.1.21/compute/v2.1/servers/7516cc2e-e16f-4751-aa29-8b17dbfcbf97 0.050s
2025-03-07 09:16:55.293 68408 INFO tempest.lib.common.rest_client [req-3971bb5b-be01-47e7-8d29-3cf47eb141ee req-3971bb5b-be01-47e7-8d29-3cf47eb141ee ] Request (MigrationsAdminTest:test_resize_server_revert_deleted_flavor): 200 GET http://10.180.1.21/compute/v2.1/servers/771c988f-c1fb-4ba3-8f25-c17d7caf3c50 0.050s
2025-03-07 09:16:55.378 68468 INFO tempest.lib.common.rest_client [req-c6104030-7c42-4867-a89b-81d5eb39420e req-c6104030-7c42-4867-a89b-81d5eb39420e ] Request (SecurityGroupsTestJSON:test_server_security_groups): 200 GET http://10.180.1.21/compute/v2.1/servers/6bf38e3a-9389-4130-b6a4-4e8ed5db72ed 0.068s
2025-03-07 09:16:55.460 68428 INFO tempest.lib.common.rest_client [req-adf981a8-4802-4711-b7b0-af568aa672e4 req-adf981a8-4802-4711-b7b0-af568aa672e4 ] Request (ServersTestMultiNic:test_verify_multiple_nics_order): 200 GET http://10.180.1.21/compute/v2.1/servers/d93aeda1-6df1-4968-89ff-2a4dbf865c98 0.072s
2025-03-07 09:16:55.475 68441 INFO tempest.lib.common.rest_client [req-e15a05da-661d-4a6a-9ff6-89007c732325 req-e15a05da-661d-4a6a-9ff6-89007c732325 ] Request (DeleteServersTestJSON:test_delete_server_while_in_attached_volume): 200 GET http://10.180.1.21/compute/v2.1/servers/0d241e7c-dd42-44d5-9872-3745f26d796e 0.157s
2025-03-07 09:16:55.523 68414 INFO tempest.lib.common.rest_client [req-c4ae3eaa-fdd9-4180-a1be-d193932cec87 req-c4ae3eaa-fdd9-4180-a1be-d193932cec87 ] Request (ListServerFiltersTestJSON:setUpClass): 200 GET http://10.180.1.21/compute/v2.1/servers/c9b2c2cc-ecdb-4f9a-bb36-dbe5f39405b8 0.130s
2025-03-07 09:16:55.560 68444 WARNING tempest.lib.common.ssh [-] Failed to establish authenticated ssh connection to cirros@10.180.180.162 ([Errno None] Unable to connect to port 22 on 10.180.180.162). Number attempts: 9. Retry after 10 seconds.: paramiko.ssh_exception.NoValidConnectionsError: [Errno None] Unable to connect to port 22 on 10.180.180.162
2025-03-07 09:16:55.733 68452 INFO tempest.lib.common.rest_client [req-a7a830d8-1bbd-49e2-a335-3ff11a7ce4e5 req-a7a830d8-1bbd-49e2-a335-3ff11a7ce4e5 ] Request (ServersAdminTestJSON:test_inject_network_info): 200 GET http://10.180.1.21/compute/v2.1/servers/c7324ad3-0fb9-4322-b708-dd9d86aa6b6d 0.051s
2025-03-07 09:16:55.759 68464 INFO tempest.lib.common.rest_client [req-771d7559-ea07-475a-a342-3ae91ecbec6d req-771d7559-ea07-475a-a342-3ae91ecbec6d ] Request (ServersListShow296Test:tearDownClass): 200 GET http://10.180.1.21/compute/v2.1/servers/db761107-7da8-4117-a5c7-9a9c00780487 0.068s
2025-03-07 09:16:55.828 68442 INFO tempest.lib.common.rest_client [req-36a6fbf6-5002-42d2-a7bb-32f34ecada04 req-36a6fbf6-5002-42d2-a7bb-32f34ecada04 ] Request (ServersAdminNegativeTestJSON:test_migrate_server_invalid_state): 200 GET http://10.180.1.21/compute/v2.1/servers/09f7e7be-d9dc-40cd-acd1-1655812fe818 0.072s
2025-03-07 09:16:55.834 68456 INFO tempest.lib.common.rest_client [req-9a3ce836-cdc1-4f29-8461-c24c2b95179a req-9a3ce836-cdc1-4f29-8461-c24c2b95179a ] Request (ImagesOneServerNegativeTestJSON:_run_cleanups): 200 GET http://10.180.1.21/compute/v2.1/servers/26a22789-6320-44ea-bd82-9485f81b22d7 0.070s
2025-03-07 09:16:55.879 68420 INFO tempest.lib.common.rest_client [req-4b64a419-6035-4a82-8544-486745073fc4 req-4b64a419-6035-4a82-8544-486745073fc4 ] Request (ServerActionsV293TestJSON:setUpClass): 200 GET http://10.180.1.21/volume/v3/volumes/534ebded-52ee-489d-a997-3ebbbcef4896 0.146s
2025-03-07 09:16:55.900 68430 INFO tempest.lib.common.rest_client [req-c623f15d-58e0-42b9-aea7-1ba9f5c92231 req-c623f15d-58e0-42b9-aea7-1ba9f5c92231 ] Request (AttachInterfacesUnderV243Test:test_add_remove_fixed_ip): 200 GET http://10.180.1.21/compute/v2.1/servers/3d9a341a-b557-4672-8277-ffc6f71c1397 0.090s
2025-03-07 09:16:55.925 68418 INFO tempest.lib.common.rest_client [req-e4106f30-682b-4553-bc65-33b2565be235 req-e4106f30-682b-4553-bc65-33b2565be235 ] Request (TenantUsagesTestJSON:tearDownClass): 200 GET http://10.180.1.21/compute/v2.1/servers/e433ee92-ece7-4bda-85d1-76cfa321ede9 0.062s
2025-03-07 09:16:56.017 68426 INFO tempest.lib.common.rest_client [req-e3ae919f-7b5f-454f-8726-7fff7c9a9122 req-e3ae919f-7b5f-454f-8726-7fff7c9a9122 ] Request (ServerExternalEventsTest:tearDownClass): 200 GET http://10.180.1.21/compute/v2.1/servers/8b53bec3-130d-4624-97f0-ca39d94fcd89 0.080s
2025-03-07 09:16:56.024 68426 INFO tempest.common.waiters [-] State transition "ACTIVE/deleting" ==> "DELETED/None" after 5 second wait
2025-03-07 09:16:56.093 68412 INFO tempest.lib.common.rest_client [req-a0e6e805-28d7-40e3-bd88-bb53922f07c9 req-a0e6e805-28d7-40e3-bd88-bb53922f07c9 ] Request (InstanceActionsTestJSON:setUpClass): 200 GET http://10.180.1.21/compute/v2.1/servers/43b0abe5-0b57-46f0-bccc-0c4398ad8ff5 0.140s
2025-03-07 09:16:56.097 68436 INFO tempest.lib.common.rest_client [req-accc2cfa-6129-4d5a-9c75-087be60f1c7a req-accc2cfa-6129-4d5a-9c75-087be60f1c7a ] Request (DeleteServersAdminTestJSON:test_delete_server_while_in_error_state): 200 GET http://10.180.1.21/compute/v2.1/servers/0f1cb1cd-03e6-40c3-b4f2-7cdfa52e3a4a 0.092s
2025-03-07 09:16:56.148 68438 INFO tempest.lib.common.rest_client [req-750d4aa3-271d-4e40-a1b0-3ebdadfa288f req-750d4aa3-271d-4e40-a1b0-3ebdadfa288f ] Request (ServerRescueTestJSON:setUpClass): 200 GET http://10.180.1.21/compute/v2.1/servers/04fe4efc-95d3-4339-b76c-44d720ab2bd4 0.097s
2025-03-07 09:16:56.158 68432 INFO tempest.lib.common.rest_client [req-15c1127b-379d-428f-ae1c-b1dc1777c951 req-15c1127b-379d-428f-ae1c-b1dc1777c951 ] Request (ImagesTestJSON:test_create_image_from_stopped_server): 200 GET http://10.180.1.21/compute/v2.1/servers/b5751918-d166-4b39-a5ee-fe2500f85ace 0.148s
2025-03-07 09:16:56.168 68432 INFO tempest.common.waiters [-] State transition "BUILD/None" ==> "BUILD/networking" after 64 second wait
2025-03-07 09:16:56.211 68462 INFO tempest.lib.common.rest_client [req-21c69c06-4cd7-4cde-a17d-010d7854ac24 req-21c69c06-4cd7-4cde-a17d-010d7854ac24 ] Request (ServersTestJSON:setUpClass): 200 GET http://10.180.1.21/compute/v2.1/servers/f73d6245-6df4-47d5-98c4-643dfe7fa81e 0.077s
2025-03-07 09:16:56.218 68416 INFO tempest.lib.common.rest_client [req-aa35aa4f-1f03-4a93-8788-18250f00ed37 req-aa35aa4f-1f03-4a93-8788-18250f00ed37 ] Request (FloatingIPsAssociationTestJSON:tearDownClass): 200 GET http://10.180.1.21/compute/v2.1/servers/abb105e4-4494-4a98-bfa7-11358ddecdea 0.118s
2025-03-07 09:16:56.276 68424 INFO tempest.lib.common.rest_client [req-241f8b9f-3d13-4bb1-b52d-bf5d820c4eae req-241f8b9f-3d13-4bb1-b52d-bf5d820c4eae ] Request (ListServersNegativeTestJSON:setUpClass): 200 GET http://10.180.1.21/compute/v2.1/servers/7516cc2e-e16f-4751-aa29-8b17dbfcbf97 0.043s
2025-03-07 09:16:56.356 68408 INFO tempest.lib.common.rest_client [req-9e437fcb-e969-44ff-ae69-bd875772aa60 req-9e437fcb-e969-44ff-ae69-bd875772aa60 ] Request (MigrationsAdminTest:test_resize_server_revert_deleted_flavor): 200 GET http://10.180.1.21/compute/v2.1/servers/771c988f-c1fb-4ba3-8f25-c17d7caf3c50 0.056s
2025-03-07 09:16:56.439 68468 INFO tempest.lib.common.rest_client [req-06e837bc-b349-430a-893d-7635634b424a req-06e837bc-b349-430a-893d-7635634b424a ] Request (SecurityGroupsTestJSON:test_server_security_groups): 200 GET http://10.180.1.21/compute/v2.1/servers/6bf38e3a-9389-4130-b6a4-4e8ed5db72ed 0.052s
2025-03-07 09:16:56.540 68428 INFO tempest.lib.common.rest_client [req-07764c44-e748-4381-b242-57f7c134e33c req-07764c44-e748-4381-b242-57f7c134e33c ] Request (ServersTestMultiNic:test_verify_multiple_nics_order): 200 GET http://10.180.1.21/compute/v2.1/servers/d93aeda1-6df1-4968-89ff-2a4dbf865c98 0.072s
2025-03-07 09:16:56.602 68414 INFO tempest.lib.common.rest_client [req-967bc472-65f8-4854-9407-1f95bd6e3e5d req-967bc472-65f8-4854-9407-1f95bd6e3e5d ] Request (ListServerFiltersTestJSON:setUpClass): 200 GET http://10.180.1.21/compute/v2.1/servers/c9b2c2cc-ecdb-4f9a-bb36-dbe5f39405b8 0.072s
2025-03-07 09:16:56.633 68441 INFO tempest.lib.common.rest_client [req-8f6d3ee4-d949-4bba-9560-ff920c032679 req-8f6d3ee4-d949-4bba-9560-ff920c032679 ] Request (DeleteServersTestJSON:test_delete_server_while_in_attached_volume): 200 GET http://10.180.1.21/compute/v2.1/servers/0d241e7c-dd42-44d5-9872-3745f26d796e 0.149s
2025-03-07 09:16:56.794 68452 INFO tempest.lib.common.rest_client [req-ca3ba4f4-3740-48a0-9fc5-6ed43b088e18 req-ca3ba4f4-3740-48a0-9fc5-6ed43b088e18 ] Request (ServersAdminTestJSON:test_inject_network_info): 200 GET http://10.180.1.21/compute/v2.1/servers/c7324ad3-0fb9-4322-b708-dd9d86aa6b6d 0.053s
2025-03-07 09:16:56.849 68464 INFO tempest.lib.common.rest_client [req-2111d58b-7bd5-409f-81c0-3d24f45814e2 req-2111d58b-7bd5-409f-81c0-3d24f45814e2 ] Request (ServersListShow296Test:tearDownClass): 200 GET http://10.180.1.21/compute/v2.1/servers/db761107-7da8-4117-a5c7-9a9c00780487 0.079s
2025-03-07 09:16:56.895 68442 INFO tempest.lib.common.rest_client [req-b941f061-3209-4f58-b9dc-e72b4fceb3b7 req-b941f061-3209-4f58-b9dc-e72b4fceb3b7 ] Request (ServersAdminNegativeTestJSON:test_migrate_server_invalid_state): 200 GET http://10.180.1.21/compute/v2.1/servers/09f7e7be-d9dc-40cd-acd1-1655812fe818 0.059s
2025-03-07 09:16:56.913 68456 INFO tempest.lib.common.rest_client [req-7a1ad2ef-1686-4508-9a4a-554b977e25fd req-7a1ad2ef-1686-4508-9a4a-554b977e25fd ] Request (ImagesOneServerNegativeTestJSON:_run_cleanups): 200 GET http://10.180.1.21/compute/v2.1/servers/26a22789-6320-44ea-bd82-9485f81b22d7 0.063s
2025-03-07 09:16:56.918 68420 INFO tempest.lib.common.rest_client [req-76373804-a17d-489d-a334-0d07dfa281c6 req-76373804-a17d-489d-a334-0d07dfa281c6 ] Request (ServerActionsV293TestJSON:setUpClass): 200 GET http://10.180.1.21/volume/v3/volumes/534ebded-52ee-489d-a997-3ebbbcef4896 0.031s
2025-03-07 09:16:56.966 68430 INFO tempest.lib.common.rest_client [req-e0eb6cfe-d665-48c5-90e3-58f414db3037 req-e0eb6cfe-d665-48c5-90e3-58f414db3037 ] Request (AttachInterfacesUnderV243Test:test_add_remove_fixed_ip): 200 GET http://10.180.1.21/compute/v2.1/servers/3d9a341a-b557-4672-8277-ffc6f71c1397 0.058s
2025-03-07 09:16:56.993 68418 INFO tempest.lib.common.rest_client [req-c6202f9e-01a5-47d3-9ec1-2f87f25bb250 req-c6202f9e-01a5-47d3-9ec1-2f87f25bb250 ] Request (TenantUsagesTestJSON:tearDownClass): 200 GET http://10.180.1.21/compute/v2.1/servers/e433ee92-ece7-4bda-85d1-76cfa321ede9 0.060s
2025-03-07 09:16:57.089 68426 INFO tempest.lib.common.rest_client [req-792925f2-4e51-4bde-87ef-08eb2ef22941 req-792925f2-4e51-4bde-87ef-08eb2ef22941 ] Request (ServerExternalEventsTest:tearDownClass): 200 GET http://10.180.1.21/compute/v2.1/servers/8b53bec3-130d-4624-97f0-ca39d94fcd89 0.064s
2025-03-07 09:16:57.174 68436 INFO tempest.lib.common.rest_client [req-a5d936b6-16a5-452a-aa7d-7b0ceb049bb4 req-a5d936b6-16a5-452a-aa7d-7b0ceb049bb4 ] Request (DeleteServersAdminTestJSON:test_delete_server_while_in_error_state): 200 GET http://10.180.1.21/compute/v2.1/servers/0f1cb1cd-03e6-40c3-b4f2-7cdfa52e3a4a 0.069s
2025-03-07 09:16:57.243 68438 INFO tempest.lib.common.rest_client [req-c30c4d02-9dbd-4651-8376-0a7f28bd53cf req-c30c4d02-9dbd-4651-8376-0a7f28bd53cf ] Request (ServerRescueTestJSON:setUpClass): 200 GET http://10.180.1.21/compute/v2.1/servers/04fe4efc-95d3-4339-b76c-44d720ab2bd4 0.087s
2025-03-07 09:16:57.254 68412 INFO tempest.lib.common.rest_client [req-d9814f73-e8f2-461b-a62a-40b783c62065 req-d9814f73-e8f2-461b-a62a-40b783c62065 ] Request (InstanceActionsTestJSON:setUpClass): 200 GET http://10.180.1.21/compute/v2.1/servers/43b0abe5-0b57-46f0-bccc-0c4398ad8ff5 0.149s
2025-03-07 09:16:57.283 68434 WARNING tempest.lib.common.ssh [-] Failed to establish authenticated ssh connection to cirros@10.180.180.138 ([Errno None] Unable to connect to port 22 on 10.180.180.138). Number attempts: 9. Retry after 10 seconds.: paramiko.ssh_exception.NoValidConnectionsError: [Errno None] Unable to connect to port 22 on 10.180.180.138
2025-03-07 09:16:57.333 68462 INFO tempest.lib.common.rest_client [req-3ed1dddd-6ed7-43bc-a000-3d15d844879e req-3ed1dddd-6ed7-43bc-a000-3d15d844879e ] Request (ServersTestJSON:setUpClass): 200 GET http://10.180.1.21/compute/v2.1/servers/f73d6245-6df4-47d5-98c4-643dfe7fa81e 0.114s
2025-03-07 09:16:57.404 68432 INFO tempest.lib.common.rest_client [req-aabff7ee-3177-41eb-bca3-96cdd9c7c8bd req-aabff7ee-3177-41eb-bca3-96cdd9c7c8bd ] Request (ImagesTestJSON:test_create_image_from_stopped_server): 200 GET http://10.180.1.21/compute/v2.1/servers/b5751918-d166-4b39-a5ee-fe2500f85ace 0.234s
2025-03-07 09:16:57.411 68432 INFO tempest.common.waiters [-] State transition "BUILD/networking" ==> "BUILD/block_device_mapping" after 65 second wait
2025-03-07 09:16:57.423 68416 INFO tempest.lib.common.rest_client [req-9a7b5c95-d6dd-4eeb-8974-4a8f8c939b61 req-9a7b5c95-d6dd-4eeb-8974-4a8f8c939b61 ] Request (FloatingIPsAssociationTestJSON:tearDownClass): 200 GET http://10.180.1.21/compute/v2.1/servers/abb105e4-4494-4a98-bfa7-11358ddecdea 0.196s
2025-03-07 09:16:57.460 68424 INFO tempest.lib.common.rest_client [req-6250cff9-758a-4e04-9542-d106d798822b req-6250cff9-758a-4e04-9542-d106d798822b ] Request (ListServersNegativeTestJSON:setUpClass): 200 GET http://10.180.1.21/compute/v2.1/servers/7516cc2e-e16f-4751-aa29-8b17dbfcbf97 0.176s
2025-03-07 09:16:57.476 68408 INFO tempest.lib.common.rest_client [req-927289e9-ebae-434f-b2ac-b25dad471b0e req-927289e9-ebae-434f-b2ac-b25dad471b0e ] Request (MigrationsAdminTest:test_resize_server_revert_deleted_flavor): 200 GET http://10.180.1.21/compute/v2.1/servers/771c988f-c1fb-4ba3-8f25-c17d7caf3c50 0.112s
2025-03-07 09:16:57.514 68468 INFO tempest.lib.common.rest_client [req-1883ea7b-96e7-487e-a610-ddd6622c7c7b req-1883ea7b-96e7-487e-a610-ddd6622c7c7b ] Request (SecurityGroupsTestJSON:test_server_security_groups): 200 GET http://10.180.1.21/compute/v2.1/servers/6bf38e3a-9389-4130-b6a4-4e8ed5db72ed 0.067s
2025-03-07 09:16:57.601 68428 INFO tempest.lib.common.rest_client [req-59c14a5e-6f22-4fdc-b289-c261e0e6fa40 req-59c14a5e-6f22-4fdc-b289-c261e0e6fa40 ] Request (ServersTestMultiNic:test_verify_multiple_nics_order): 200 GET http://10.180.1.21/compute/v2.1/servers/d93aeda1-6df1-4968-89ff-2a4dbf865c98 0.053s
2025-03-07 09:16:57.659 68414 INFO tempest.lib.common.rest_client [req-739c1fa4-06fb-4a49-99bb-e7b73b9a1013 req-739c1fa4-06fb-4a49-99bb-e7b73b9a1013 ] Request (ListServerFiltersTestJSON:setUpClass): 200 GET http://10.180.1.21/compute/v2.1/servers/c9b2c2cc-ecdb-4f9a-bb36-dbe5f39405b8 0.048s
2025-03-07 09:16:57.757 68441 INFO tempest.lib.common.rest_client [req-8dc0f9b2-ea2f-449c-88d8-93dddca23aae req-8dc0f9b2-ea2f-449c-88d8-93dddca23aae ] Request (DeleteServersTestJSON:test_delete_server_while_in_attached_volume): 200 GET http://10.180.1.21/compute/v2.1/servers/0d241e7c-dd42-44d5-9872-3745f26d796e 0.117s
2025-03-07 09:16:57.850 68452 INFO tempest.lib.common.rest_client [req-777ebe58-5ac8-412c-bb5c-d8c6c91f3cee req-777ebe58-5ac8-412c-bb5c-d8c6c91f3cee ] Request (ServersAdminTestJSON:test_inject_network_info): 200 GET http://10.180.1.21/compute/v2.1/servers/c7324ad3-0fb9-4322-b708-dd9d86aa6b6d 0.047s
2025-03-07 09:16:57.927 68464 INFO tempest.lib.common.rest_client [req-162a3a7d-0217-490b-b3fd-e0ad103be7c0 req-162a3a7d-0217-490b-b3fd-e0ad103be7c0 ] Request (ServersListShow296Test:tearDownClass): 200 GET http://10.180.1.21/compute/v2.1/servers/db761107-7da8-4117-a5c7-9a9c00780487 0.067s
2025-03-07 09:16:57.957 68420 INFO tempest.lib.common.rest_client [req-e25edc73-a022-447b-8878-c464f514fddf req-e25edc73-a022-447b-8878-c464f514fddf ] Request (ServerActionsV293TestJSON:setUpClass): 200 GET http://10.180.1.21/volume/v3/volumes/534ebded-52ee-489d-a997-3ebbbcef4896 0.029s
2025-03-07 09:16:57.961 68442 INFO tempest.lib.common.rest_client [req-9713fc9b-b683-4da5-89b9-08e2cb053e9d req-9713fc9b-b683-4da5-89b9-08e2cb053e9d ] Request (ServersAdminNegativeTestJSON:test_migrate_server_invalid_state): 200 GET http://10.180.1.21/compute/v2.1/servers/09f7e7be-d9dc-40cd-acd1-1655812fe818 0.053s
2025-03-07 09:16:57.974 68456 INFO tempest.lib.common.rest_client [req-c3be5047-0dc4-46cd-aecb-540bd9985746 req-c3be5047-0dc4-46cd-aecb-540bd9985746 ] Request (ImagesOneServerNegativeTestJSON:_run_cleanups): 200 GET http://10.180.1.21/compute/v2.1/servers/26a22789-6320-44ea-bd82-9485f81b22d7 0.052s
2025-03-07 09:16:58.026 68430 INFO tempest.lib.common.rest_client [req-e3dd588c-7eda-457f-871a-e04ac88773e2 req-e3dd588c-7eda-457f-871a-e04ac88773e2 ] Request (AttachInterfacesUnderV243Test:test_add_remove_fixed_ip): 200 GET http://10.180.1.21/compute/v2.1/servers/3d9a341a-b557-4672-8277-ffc6f71c1397 0.050s
2025-03-07 09:16:58.068 68418 INFO tempest.lib.common.rest_client [req-04273179-7dbd-4a65-a945-eb9dfc283fed req-04273179-7dbd-4a65-a945-eb9dfc283fed ] Request (TenantUsagesTestJSON:tearDownClass): 200 GET http://10.180.1.21/compute/v2.1/servers/e433ee92-ece7-4bda-85d1-76cfa321ede9 0.066s
2025-03-07 09:16:58.157 68426 INFO tempest.lib.common.rest_client [req-5298e4ac-0900-41a4-bed3-9216eecc7757 req-5298e4ac-0900-41a4-bed3-9216eecc7757 ] Request (ServerExternalEventsTest:tearDownClass): 200 GET http://10.180.1.21/compute/v2.1/servers/8b53bec3-130d-4624-97f0-ca39d94fcd89 0.060s
2025-03-07 09:16:58.251 68436 INFO tempest.lib.common.rest_client [req-c8a09a51-8ce3-4979-9e31-625dcf5af595 req-c8a09a51-8ce3-4979-9e31-625dcf5af595 ] Request (DeleteServersAdminTestJSON:test_delete_server_while_in_error_state): 200 GET http://10.180.1.21/compute/v2.1/servers/0f1cb1cd-03e6-40c3-b4f2-7cdfa52e3a4a 0.068s
2025-03-07 09:16:58.313 68438 INFO tempest.lib.common.rest_client [req-ee9eeeca-fc95-4fca-9fe6-a24d4e6fa967 req-ee9eeeca-fc95-4fca-9fe6-a24d4e6fa967 ] Request (ServerRescueTestJSON:setUpClass): 200 GET http://10.180.1.21/compute/v2.1/servers/04fe4efc-95d3-4339-b76c-44d720ab2bd4 0.059s
2025-03-07 09:16:58.405 68462 INFO tempest.lib.common.rest_client [req-ab0f739d-300d-457d-8b48-c0f9c24fe557 req-ab0f739d-300d-457d-8b48-c0f9c24fe557 ] Request (ServersTestJSON:setUpClass): 200 GET http://10.180.1.21/compute/v2.1/servers/f73d6245-6df4-47d5-98c4-643dfe7fa81e 0.062s
2025-03-07 09:16:58.408 68412 INFO tempest.lib.common.rest_client [req-c4d174ed-a60e-4f92-9579-00cf67d46712 req-c4d174ed-a60e-4f92-9579-00cf67d46712 ] Request (InstanceActionsTestJSON:setUpClass): 200 GET http://10.180.1.21/compute/v2.1/servers/43b0abe5-0b57-46f0-bccc-0c4398ad8ff5 0.144s
2025-03-07 09:16:58.504 68416 INFO tempest.lib.common.rest_client [req-e55d3709-5d65-40ec-8ac4-b98a8fc295b4 req-e55d3709-5d65-40ec-8ac4-b98a8fc295b4 ] Request (FloatingIPsAssociationTestJSON:tearDownClass): 200 GET http://10.180.1.21/compute/v2.1/servers/abb105e4-4494-4a98-bfa7-11358ddecdea 0.073s
2025-03-07 09:16:58.524 68432 INFO tempest.lib.common.rest_client [req-9bc57498-f8f2-4146-b9b4-1b650867027c req-9bc57498-f8f2-4146-b9b4-1b650867027c ] Request (ImagesTestJSON:test_create_image_from_stopped_server): 200 GET http://10.180.1.21/compute/v2.1/servers/b5751918-d166-4b39-a5ee-fe2500f85ace 0.111s
2025-03-07 09:16:58.531 68432 INFO tempest.common.waiters [-] State transition "BUILD/block_device_mapping" ==> "BUILD/spawning" after 66 second wait
2025-03-07 09:16:58.555 68424 INFO tempest.lib.common.rest_client [req-70becf2a-b971-49da-9676-6950d15a0dbe req-70becf2a-b971-49da-9676-6950d15a0dbe ] Request (ListServersNegativeTestJSON:setUpClass): 200 GET http://10.180.1.21/compute/v2.1/servers/7516cc2e-e16f-4751-aa29-8b17dbfcbf97 0.084s
2025-03-07 09:16:58.569 68408 INFO tempest.lib.common.rest_client [req-b7902c0d-aa98-4d03-9c8a-6aa5c37a412a req-b7902c0d-aa98-4d03-9c8a-6aa5c37a412a ] Request (MigrationsAdminTest:test_resize_server_revert_deleted_flavor): 200 GET http://10.180.1.21/compute/v2.1/servers/771c988f-c1fb-4ba3-8f25-c17d7caf3c50 0.081s
2025-03-07 09:16:58.606 68468 INFO tempest.lib.common.rest_client [req-1832f9f0-118a-4eae-8da7-271b4e0c0ffa req-1832f9f0-118a-4eae-8da7-271b4e0c0ffa ] Request (SecurityGroupsTestJSON:test_server_security_groups): 200 GET http://10.180.1.21/compute/v2.1/servers/6bf38e3a-9389-4130-b6a4-4e8ed5db72ed 0.084s
2025-03-07 09:16:58.663 68428 INFO tempest.lib.common.rest_client [req-61b258ea-5718-4546-a6d3-6d103bef33d4 req-61b258ea-5718-4546-a6d3-6d103bef33d4 ] Request (ServersTestMultiNic:test_verify_multiple_nics_order): 200 GET http://10.180.1.21/compute/v2.1/servers/d93aeda1-6df1-4968-89ff-2a4dbf865c98 0.052s
2025-03-07 09:16:58.722 68414 INFO tempest.lib.common.rest_client [req-e9a4fd4f-f191-4332-b6bf-a519f33da17a req-e9a4fd4f-f191-4332-b6bf-a519f33da17a ] Request (ListServerFiltersTestJSON:setUpClass): 200 GET http://10.180.1.21/compute/v2.1/servers/c9b2c2cc-ecdb-4f9a-bb36-dbe5f39405b8 0.056s
2025-03-07 09:16:58.729 68414 INFO tempest.common.waiters [-] State transition "BUILD/None" ==> "BUILD/networking" after 65 second wait
2025-03-07 09:16:58.853 68441 INFO tempest.lib.common.rest_client [req-2ea82a7b-2c5e-4e84-801e-f6f22ed66f9b req-2ea82a7b-2c5e-4e84-801e-f6f22ed66f9b ] Request (DeleteServersTestJSON:test_delete_server_while_in_attached_volume): 200 GET http://10.180.1.21/compute/v2.1/servers/0d241e7c-dd42-44d5-9872-3745f26d796e 0.088s
2025-03-07 09:16:58.906 68452 INFO tempest.lib.common.rest_client [req-db9bf981-db6e-460f-9469-3b48b6382e11 req-db9bf981-db6e-460f-9469-3b48b6382e11 ] Request (ServersAdminTestJSON:test_inject_network_info): 200 GET http://10.180.1.21/compute/v2.1/servers/c7324ad3-0fb9-4322-b708-dd9d86aa6b6d 0.045s
2025-03-07 09:16:58.991 68420 INFO tempest.lib.common.rest_client [req-cdd7fe84-6622-41a1-85ae-f7218925d4a4 req-cdd7fe84-6622-41a1-85ae-f7218925d4a4 ] Request (ServerActionsV293TestJSON:setUpClass): 200 GET http://10.180.1.21/volume/v3/volumes/534ebded-52ee-489d-a997-3ebbbcef4896 0.025s
2025-03-07 09:16:59.004 68464 INFO tempest.lib.common.rest_client [req-3baab220-1860-48f3-bc3f-b171233ea726 req-3baab220-1860-48f3-bc3f-b171233ea726 ] Request (ServersListShow296Test:tearDownClass): 200 GET http://10.180.1.21/compute/v2.1/servers/db761107-7da8-4117-a5c7-9a9c00780487 0.066s
2025-03-07 09:16:59.026 68442 INFO tempest.lib.common.rest_client [req-4075de6d-5b47-4549-b852-80fa24c6c388 req-4075de6d-5b47-4549-b852-80fa24c6c388 ] Request (ServersAdminNegativeTestJSON:test_migrate_server_invalid_state): 200 GET http://10.180.1.21/compute/v2.1/servers/09f7e7be-d9dc-40cd-acd1-1655812fe818 0.056s
2025-03-07 09:16:59.052 68456 INFO tempest.lib.common.rest_client [req-e77734db-8f6d-4466-b2cb-336d9773ad65 req-e77734db-8f6d-4466-b2cb-336d9773ad65 ] Request (ImagesOneServerNegativeTestJSON:_run_cleanups): 200 GET http://10.180.1.21/compute/v2.1/servers/26a22789-6320-44ea-bd82-9485f81b22d7 0.071s
2025-03-07 09:16:59.084 68430 INFO tempest.lib.common.rest_client [req-1a39657f-3134-4b9e-9fb5-adbc9d64fdc0 req-1a39657f-3134-4b9e-9fb5-adbc9d64fdc0 ] Request (AttachInterfacesUnderV243Test:test_add_remove_fixed_ip): 200 GET http://10.180.1.21/compute/v2.1/servers/3d9a341a-b557-4672-8277-ffc6f71c1397 0.050s
2025-03-07 09:16:59.132 68418 INFO tempest.lib.common.rest_client [req-8ca78a84-bdbb-4c4a-94f9-914c849fd8a4 req-8ca78a84-bdbb-4c4a-94f9-914c849fd8a4 ] Request (TenantUsagesTestJSON:tearDownClass): 200 GET http://10.180.1.21/compute/v2.1/servers/e433ee92-ece7-4bda-85d1-76cfa321ede9 0.057s
2025-03-07 09:16:59.168 68410 WARNING tempest.lib.common.ssh [-] Failed to establish authenticated ssh connection to cirros@10.180.180.192 ([Errno None] Unable to connect to port 22 on 10.180.180.192). Number attempts: 6. Retry after 7 seconds.: paramiko.ssh_exception.NoValidConnectionsError: [Errno None] Unable to connect to port 22 on 10.180.180.192
2025-03-07 09:16:59.227 68426 INFO tempest.lib.common.rest_client [req-f253e339-dd1b-40f2-8cfc-faa98d316ddd req-f253e339-dd1b-40f2-8cfc-faa98d316ddd ] Request (ServerExternalEventsTest:tearDownClass): 200 GET http://10.180.1.21/compute/v2.1/servers/8b53bec3-130d-4624-97f0-ca39d94fcd89 0.060s
2025-03-07 09:16:59.295 68448 WARNING tempest.lib.common.ssh [-] Failed to establish authenticated ssh connection to cirros@10.180.180.171 ([Errno None] Unable to connect to port 22 on 10.180.180.171). Number attempts: 9. Retry after 10 seconds.: paramiko.ssh_exception.NoValidConnectionsError: [Errno None] Unable to connect to port 22 on 10.180.180.171
2025-03-07 09:16:59.329 68436 INFO tempest.lib.common.rest_client [req-bf59d98c-648b-442d-9075-880d863e530c req-bf59d98c-648b-442d-9075-880d863e530c ] Request (DeleteServersAdminTestJSON:test_delete_server_while_in_error_state): 200 GET http://10.180.1.21/compute/v2.1/servers/0f1cb1cd-03e6-40c3-b4f2-7cdfa52e3a4a 0.069s
2025-03-07 09:16:59.381 68438 INFO tempest.lib.common.rest_client [req-667d606a-9777-4ca9-9694-12c990d2e1a8 req-667d606a-9777-4ca9-9694-12c990d2e1a8 ] Request (ServerRescueTestJSON:setUpClass): 200 GET http://10.180.1.21/compute/v2.1/servers/04fe4efc-95d3-4339-b76c-44d720ab2bd4 0.061s
2025-03-07 09:16:59.486 68462 INFO tempest.lib.common.rest_client [req-d0b43698-d7d3-4a88-bbb4-422cdd4df5f5 req-d0b43698-d7d3-4a88-bbb4-422cdd4df5f5 ] Request (ServersTestJSON:setUpClass): 200 GET http://10.180.1.21/compute/v2.1/servers/f73d6245-6df4-47d5-98c4-643dfe7fa81e 0.072s
2025-03-07 09:16:59.612 68416 INFO tempest.lib.common.rest_client [req-4c13dc63-736d-4b4b-905e-7046a73a3e4e req-4c13dc63-736d-4b4b-905e-7046a73a3e4e ] Request (FloatingIPsAssociationTestJSON:tearDownClass): 200 GET http://10.180.1.21/compute/v2.1/servers/abb105e4-4494-4a98-bfa7-11358ddecdea 0.100s
2025-03-07 09:16:59.708 68412 INFO tempest.lib.common.rest_client [req-61ea31e5-1daa-4515-82aa-0f1c39b26a41 req-61ea31e5-1daa-4515-82aa-0f1c39b26a41 ] Request (InstanceActionsTestJSON:setUpClass): 200 GET http://10.180.1.21/compute/v2.1/servers/43b0abe5-0b57-46f0-bccc-0c4398ad8ff5 0.292s
2025-03-07 09:16:59.774 68424 INFO tempest.lib.common.rest_client [req-3c069ccf-61f4-4a8c-9bbc-d628331078a4 req-3c069ccf-61f4-4a8c-9bbc-d628331078a4 ] Request (ListServersNegativeTestJSON:setUpClass): 200 GET http://10.180.1.21/compute/v2.1/servers/7516cc2e-e16f-4751-aa29-8b17dbfcbf97 0.211s
2025-03-07 09:16:59.785 68432 INFO tempest.lib.common.rest_client [req-2cc800a9-f060-4711-8bc0-fda589fccda1 req-2cc800a9-f060-4711-8bc0-fda589fccda1 ] Request (ImagesTestJSON:test_create_image_from_stopped_server): 200 GET http://10.180.1.21/compute/v2.1/servers/b5751918-d166-4b39-a5ee-fe2500f85ace 0.253s
2025-03-07 09:16:59.808 68422 WARNING tempest.lib.common.ssh [-] Failed to establish authenticated ssh connection to cirros@10.180.180.228 ([Errno None] Unable to connect to port 22 on 10.180.180.228). Number attempts: 5. Retry after 6 seconds.: paramiko.ssh_exception.NoValidConnectionsError: [Errno None] Unable to connect to port 22 on 10.180.180.228
2025-03-07 09:16:59.831 68408 INFO tempest.lib.common.rest_client [req-46ebdbd1-09b1-4604-af19-c9ade039ddde req-46ebdbd1-09b1-4604-af19-c9ade039ddde ] Request (MigrationsAdminTest:test_resize_server_revert_deleted_flavor): 200 GET http://10.180.1.21/compute/v2.1/servers/771c988f-c1fb-4ba3-8f25-c17d7caf3c50 0.252s
2025-03-07 09:16:59.850 68468 INFO tempest.lib.common.rest_client [req-66628502-918f-4070-9d42-3387bcd21d3a req-66628502-918f-4070-9d42-3387bcd21d3a ] Request (SecurityGroupsTestJSON:test_server_security_groups): 200 GET http://10.180.1.21/compute/v2.1/servers/6bf38e3a-9389-4130-b6a4-4e8ed5db72ed 0.235s
2025-03-07 09:16:59.892 68428 INFO tempest.lib.common.rest_client [req-d4af9764-5301-4854-8e18-7dc6876ea276 req-d4af9764-5301-4854-8e18-7dc6876ea276 ] Request (ServersTestMultiNic:test_verify_multiple_nics_order): 200 GET http://10.180.1.21/compute/v2.1/servers/d93aeda1-6df1-4968-89ff-2a4dbf865c98 0.221s
2025-03-07 09:16:59.985 68414 INFO tempest.lib.common.rest_client [req-9826ee35-10b9-44f9-83a8-09ae9e086e4f req-9826ee35-10b9-44f9-83a8-09ae9e086e4f ] Request (ListServerFiltersTestJSON:setUpClass): 200 GET http://10.180.1.21/compute/v2.1/servers/c9b2c2cc-ecdb-4f9a-bb36-dbe5f39405b8 0.253s
2025-03-07 09:16:59.991 68414 INFO tempest.common.waiters [-] State transition "BUILD/networking" ==> "BUILD/block_device_mapping" after 66 second wait
2025-03-07 09:17:00.007 68441 INFO tempest.lib.common.rest_client [req-d5823343-83bc-4f97-865b-327a11ee1111 req-d5823343-83bc-4f97-865b-327a11ee1111 ] Request (DeleteServersTestJSON:test_delete_server_while_in_attached_volume): 200 GET http://10.180.1.21/compute/v2.1/servers/0d241e7c-dd42-44d5-9872-3745f26d796e 0.145s
2025-03-07 09:17:00.036 68420 INFO tempest.lib.common.rest_client [req-b0c3b972-a34c-4d81-9756-49a8a5d04490 req-b0c3b972-a34c-4d81-9756-49a8a5d04490 ] Request (ServerActionsV293TestJSON:setUpClass): 200 GET http://10.180.1.21/volume/v3/volumes/534ebded-52ee-489d-a997-3ebbbcef4896 0.038s
2025-03-07 09:17:00.039 68452 INFO tempest.lib.common.rest_client [req-e7c3ce68-5cf0-4657-8dcb-5f970833d9a0 req-e7c3ce68-5cf0-4657-8dcb-5f970833d9a0 ] Request (ServersAdminTestJSON:test_inject_network_info): 200 GET http://10.180.1.21/compute/v2.1/servers/c7324ad3-0fb9-4322-b708-dd9d86aa6b6d 0.126s
2025-03-07 09:17:00.095 68442 INFO tempest.lib.common.rest_client [req-d5e1ca3c-5564-4d68-a325-c622502cbf44 req-d5e1ca3c-5564-4d68-a325-c622502cbf44 ] Request (ServersAdminNegativeTestJSON:test_migrate_server_invalid_state): 200 GET http://10.180.1.21/compute/v2.1/servers/09f7e7be-d9dc-40cd-acd1-1655812fe818 0.062s
2025-03-07 09:17:00.098 68464 INFO tempest.lib.common.rest_client [req-0c6b2f12-19bd-4053-ab13-16070058ef5e req-0c6b2f12-19bd-4053-ab13-16070058ef5e ] Request (ServersListShow296Test:tearDownClass): 200 GET http://10.180.1.21/compute/v2.1/servers/db761107-7da8-4117-a5c7-9a9c00780487 0.081s
2025-03-07 09:17:00.149 68456 INFO tempest.lib.common.rest_client [req-2fbf1b3f-fbea-475a-a729-aa57f299eabe req-2fbf1b3f-fbea-475a-a729-aa57f299eabe ] Request (ImagesOneServerNegativeTestJSON:_run_cleanups): 200 GET http://10.180.1.21/compute/v2.1/servers/26a22789-6320-44ea-bd82-9485f81b22d7 0.088s
2025-03-07 09:17:00.167 68430 INFO tempest.lib.common.rest_client [req-438ce6a3-1eb5-4f2d-b302-af54cae8f0cd req-438ce6a3-1eb5-4f2d-b302-af54cae8f0cd ] Request (AttachInterfacesUnderV243Test:test_add_remove_fixed_ip): 200 GET http://10.180.1.21/compute/v2.1/servers/3d9a341a-b557-4672-8277-ffc6f71c1397 0.076s
2025-03-07 09:17:00.202 68418 INFO tempest.lib.common.rest_client [req-c8d41bde-545c-4483-ae5a-c6e602ffd600 req-c8d41bde-545c-4483-ae5a-c6e602ffd600 ] Request (TenantUsagesTestJSON:tearDownClass): 200 GET http://10.180.1.21/compute/v2.1/servers/e433ee92-ece7-4bda-85d1-76cfa321ede9 0.062s
2025-03-07 09:17:00.297 68426 INFO tempest.lib.common.rest_client [req-2f7f1a5d-5450-4b9b-960d-15ed2ba2786e req-2f7f1a5d-5450-4b9b-960d-15ed2ba2786e ] Request (ServerExternalEventsTest:tearDownClass): 200 GET http://10.180.1.21/compute/v2.1/servers/8b53bec3-130d-4624-97f0-ca39d94fcd89 0.062s
2025-03-07 09:17:00.406 68436 INFO tempest.lib.common.rest_client [req-bc49f528-3b6d-4a92-aac9-e27bde199cb0 req-bc49f528-3b6d-4a92-aac9-e27bde199cb0 ] Request (DeleteServersAdminTestJSON:test_delete_server_while_in_error_state): 200 GET http://10.180.1.21/compute/v2.1/servers/0f1cb1cd-03e6-40c3-b4f2-7cdfa52e3a4a 0.069s
2025-03-07 09:17:00.443 68438 INFO tempest.lib.common.rest_client [req-d5fd40d4-e908-4172-9738-06ca68e12fe0 req-d5fd40d4-e908-4172-9738-06ca68e12fe0 ] Request (ServerRescueTestJSON:setUpClass): 200 GET http://10.180.1.21/compute/v2.1/servers/04fe4efc-95d3-4339-b76c-44d720ab2bd4 0.055s
2025-03-07 09:17:00.552 68462 INFO tempest.lib.common.rest_client [req-57307410-7e17-44e4-a045-58d0846df673 req-57307410-7e17-44e4-a045-58d0846df673 ] Request (ServersTestJSON:setUpClass): 200 GET http://10.180.1.21/compute/v2.1/servers/f73d6245-6df4-47d5-98c4-643dfe7fa81e 0.057s
2025-03-07 09:17:00.681 68416 INFO tempest.lib.common.rest_client [req-f67edb74-eefc-4f38-9dd1-43c0c860254a req-f67edb74-eefc-4f38-9dd1-43c0c860254a ] Request (FloatingIPsAssociationTestJSON:tearDownClass): 200 GET http://10.180.1.21/compute/v2.1/servers/abb105e4-4494-4a98-bfa7-11358ddecdea 0.058s
2025-03-07 09:17:00.834 68412 INFO tempest.lib.common.rest_client [req-5f6025e8-afff-4b0d-8763-899fdd4ebcf2 req-5f6025e8-afff-4b0d-8763-899fdd4ebcf2 ] Request (InstanceActionsTestJSON:setUpClass): 200 GET http://10.180.1.21/compute/v2.1/servers/43b0abe5-0b57-46f0-bccc-0c4398ad8ff5 0.118s
2025-03-07 09:17:00.845 68424 INFO tempest.lib.common.rest_client [req-00acaeed-a893-4c5e-91b9-677ea66325e2 req-00acaeed-a893-4c5e-91b9-677ea66325e2 ] Request (ListServersNegativeTestJSON:setUpClass): 200 GET http://10.180.1.21/compute/v2.1/servers/7516cc2e-e16f-4751-aa29-8b17dbfcbf97 0.064s
2025-03-07 09:17:00.915 68408 INFO tempest.lib.common.rest_client [req-7d7cf4c0-7ed3-4bb0-b5a5-c26d81a42fd3 req-7d7cf4c0-7ed3-4bb0-b5a5-c26d81a42fd3 ] Request (MigrationsAdminTest:test_resize_server_revert_deleted_flavor): 200 GET http://10.180.1.21/compute/v2.1/servers/771c988f-c1fb-4ba3-8f25-c17d7caf3c50 0.075s
2025-03-07 09:17:00.968 68468 INFO tempest.lib.common.rest_client [req-cf89bbaa-d203-49fd-a6ce-920d87d62c5c req-cf89bbaa-d203-49fd-a6ce-920d87d62c5c ] Request (SecurityGroupsTestJSON:test_server_security_groups): 200 GET http://10.180.1.21/compute/v2.1/servers/6bf38e3a-9389-4130-b6a4-4e8ed5db72ed 0.108s
2025-03-07 09:17:00.975 68432 INFO tempest.lib.common.rest_client [req-56b74431-5854-4540-a139-7bea1acf18cf req-56b74431-5854-4540-a139-7bea1acf18cf ] Request (ImagesTestJSON:test_create_image_from_stopped_server): 200 GET http://10.180.1.21/compute/v2.1/servers/b5751918-d166-4b39-a5ee-fe2500f85ace 0.180s
2025-03-07 09:17:01.036 68428 INFO tempest.lib.common.rest_client [req-56b7a63b-6b75-4f58-bff0-421f255d42f3 req-56b7a63b-6b75-4f58-bff0-421f255d42f3 ] Request (ServersTestMultiNic:test_verify_multiple_nics_order): 200 GET http://10.180.1.21/compute/v2.1/servers/d93aeda1-6df1-4968-89ff-2a4dbf865c98 0.137s
2025-03-07 09:17:01.074 68420 INFO tempest.lib.common.rest_client [req-c91e23b0-db74-4fee-acc3-5e85d891cb5d req-c91e23b0-db74-4fee-acc3-5e85d891cb5d ] Request (ServerActionsV293TestJSON:setUpClass): 200 GET http://10.180.1.21/volume/v3/volumes/534ebded-52ee-489d-a997-3ebbbcef4896 0.026s
2025-03-07 09:17:01.087 68446 WARNING tempest.lib.common.ssh [-] Failed to establish authenticated ssh connection to cirros@10.180.180.184 ([Errno None] Unable to connect to port 22 on 10.180.180.184). Number attempts: 6. Retry after 7 seconds.: paramiko.ssh_exception.NoValidConnectionsError: [Errno None] Unable to connect to port 22 on 10.180.180.184
2025-03-07 09:17:01.280 68406 WARNING tempest.lib.common.ssh [-] Failed to establish authenticated ssh connection to cirros@10.180.180.223 ([Errno None] Unable to connect to port 22 on 10.180.180.223). Number attempts: 7. Retry after 8 seconds.: paramiko.ssh_exception.NoValidConnectionsError: [Errno None] Unable to connect to port 22 on 10.180.180.223
2025-03-07 09:17:01.399 68414 INFO tempest.lib.common.rest_client [req-03f0dd45-2b3b-4d3f-9acc-121d57545fd2 req-03f0dd45-2b3b-4d3f-9acc-121d57545fd2 ] Request (ListServerFiltersTestJSON:setUpClass): 200 GET http://10.180.1.21/compute/v2.1/servers/c9b2c2cc-ecdb-4f9a-bb36-dbe5f39405b8 0.407s
2025-03-07 09:17:01.406 68414 INFO tempest.common.waiters [-] State transition "BUILD/block_device_mapping" ==> "BUILD/spawning" after 68 second wait
2025-03-07 09:17:01.444 68441 INFO tempest.lib.common.rest_client [req-97204bc3-3305-4cd4-95a4-00d5b0d19042 req-97204bc3-3305-4cd4-95a4-00d5b0d19042 ] Request (DeleteServersTestJSON:test_delete_server_while_in_attached_volume): 200 GET http://10.180.1.21/compute/v2.1/servers/0d241e7c-dd42-44d5-9872-3745f26d796e 0.428s
2025-03-07 09:17:01.453 68441 INFO tempest.common.waiters [-] State transition "BUILD/spawning" ==> "ACTIVE/None" after 69 second wait
2025-03-07 09:17:01.462 68452 INFO tempest.lib.common.rest_client [req-18f2aa16-f2a1-4105-8198-375c676475df req-18f2aa16-f2a1-4105-8198-375c676475df ] Request (ServersAdminTestJSON:test_inject_network_info): 200 GET http://10.180.1.21/compute/v2.1/servers/c7324ad3-0fb9-4322-b708-dd9d86aa6b6d 0.414s
2025-03-07 09:17:01.512 68442 INFO tempest.lib.common.rest_client [req-a67dc237-0d92-45a0-953d-7aa61f600302 req-a67dc237-0d92-45a0-953d-7aa61f600302 ] Request (ServersAdminNegativeTestJSON:test_migrate_server_invalid_state): 200 GET http://10.180.1.21/compute/v2.1/servers/09f7e7be-d9dc-40cd-acd1-1655812fe818 0.407s
2025-03-07 09:17:01.519 68442 INFO tempest.common.waiters [-] State transition "BUILD/None" ==> "BUILD/networking" after 68 second wait
2025-03-07 09:17:01.533 68464 INFO tempest.lib.common.rest_client [req-a2e68f63-ebce-4f2d-90f9-509e49dbf8e1 req-a2e68f63-ebce-4f2d-90f9-509e49dbf8e1 ] Request (ServersListShow296Test:tearDownClass): 200 GET http://10.180.1.21/compute/v2.1/servers/db761107-7da8-4117-a5c7-9a9c00780487 0.426s
2025-03-07 09:17:01.568 68456 INFO tempest.lib.common.rest_client [req-69f9bb2a-3013-4f65-9b3b-6b6d934fbaa4 req-69f9bb2a-3013-4f65-9b3b-6b6d934fbaa4 ] Request (ImagesOneServerNegativeTestJSON:_run_cleanups): 200 GET http://10.180.1.21/compute/v2.1/servers/26a22789-6320-44ea-bd82-9485f81b22d7 0.411s
2025-03-07 09:17:01.590 68430 INFO tempest.lib.common.rest_client [req-bba03bbb-792b-4c58-b3f2-fd8a9b4b0079 req-bba03bbb-792b-4c58-b3f2-fd8a9b4b0079 ] Request (AttachInterfacesUnderV243Test:test_add_remove_fixed_ip): 200 GET http://10.180.1.21/compute/v2.1/servers/3d9a341a-b557-4672-8277-ffc6f71c1397 0.414s
2025-03-07 09:17:01.605 68441 INFO tempest.lib.common.rest_client [req-5a8023eb-bc43-4d9b-9bd3-940a0bd7b7d3 req-5a8023eb-bc43-4d9b-9bd3-940a0bd7b7d3 ] Request (DeleteServersTestJSON:test_delete_server_while_in_attached_volume): 202 POST http://10.180.1.21/volume/v3/volumes 0.151s
2025-03-07 09:17:01.631 68418 INFO tempest.lib.common.rest_client [req-d1633d58-f500-4f06-bd68-e82980f1f3c8 req-d1633d58-f500-4f06-bd68-e82980f1f3c8 ] Request (TenantUsagesTestJSON:tearDownClass): 200 GET http://10.180.1.21/compute/v2.1/servers/e433ee92-ece7-4bda-85d1-76cfa321ede9 0.418s
2025-03-07 09:17:01.638 68441 INFO tempest.lib.common.rest_client [req-49f303d2-989a-47a9-b102-659ee3bfee91 req-49f303d2-989a-47a9-b102-659ee3bfee91 ] Request (DeleteServersTestJSON:test_delete_server_while_in_attached_volume): 200 GET http://10.180.1.21/volume/v3/volumes/146f4a9d-37b6-415a-b19e-7a5c39f6ed3a 0.026s
2025-03-07 09:17:01.650 68426 INFO tempest.lib.common.rest_client [req-7326dc7d-b45c-4c85-8118-6c027c75834f req-7326dc7d-b45c-4c85-8118-6c027c75834f ] Request (ServerExternalEventsTest:tearDownClass): 200 GET http://10.180.1.21/compute/v2.1/servers/8b53bec3-130d-4624-97f0-ca39d94fcd89 0.345s
2025-03-07 09:17:01.719 68436 INFO tempest.lib.common.rest_client [req-59e92030-db61-44c5-9b50-aefea1768664 req-59e92030-db61-44c5-9b50-aefea1768664 ] Request (DeleteServersAdminTestJSON:test_delete_server_while_in_error_state): 200 GET http://10.180.1.21/compute/v2.1/servers/0f1cb1cd-03e6-40c3-b4f2-7cdfa52e3a4a 0.305s
2025-03-07 09:17:01.735 68438 INFO tempest.lib.common.rest_client [req-7d5b8bc4-41ce-4faa-8266-4f0c32560a12 req-7d5b8bc4-41ce-4faa-8266-4f0c32560a12 ] Request (ServerRescueTestJSON:setUpClass): 200 GET http://10.180.1.21/compute/v2.1/servers/04fe4efc-95d3-4339-b76c-44d720ab2bd4 0.282s
2025-03-07 09:17:01.788 68462 INFO tempest.lib.common.rest_client [req-2366ab3e-b026-46e2-a31c-a17153e90154 req-2366ab3e-b026-46e2-a31c-a17153e90154 ] Request (ServersTestJSON:setUpClass): 200 GET http://10.180.1.21/compute/v2.1/servers/f73d6245-6df4-47d5-98c4-643dfe7fa81e 0.227s
2025-03-07 09:17:01.821 68416 INFO tempest.lib.common.rest_client [req-45bde410-8098-49b6-8ea3-beb0a1c1057b req-45bde410-8098-49b6-8ea3-beb0a1c1057b ] Request (FloatingIPsAssociationTestJSON:tearDownClass): 200 GET http://10.180.1.21/compute/v2.1/servers/abb105e4-4494-4a98-bfa7-11358ddecdea 0.132s
2025-03-07 09:17:01.939 68424 INFO tempest.lib.common.rest_client [req-7d857e85-c5bc-44f1-a7a8-8ae006bd9b80 req-7d857e85-c5bc-44f1-a7a8-8ae006bd9b80 ] Request (ListServersNegativeTestJSON:setUpClass): 200 GET http://10.180.1.21/compute/v2.1/servers/7516cc2e-e16f-4751-aa29-8b17dbfcbf97 0.079s
2025-03-07 09:17:02.002 68408 INFO tempest.lib.common.rest_client [req-1682c629-bf9c-49ee-9c39-d2fa9d202d6c req-1682c629-bf9c-49ee-9c39-d2fa9d202d6c ] Request (MigrationsAdminTest:test_resize_server_revert_deleted_flavor): 200 GET http://10.180.1.21/compute/v2.1/servers/771c988f-c1fb-4ba3-8f25-c17d7caf3c50 0.079s
2025-03-07 09:17:02.009 68412 INFO tempest.lib.common.rest_client [req-7580d565-2843-4f5b-a58e-58f39f554518 req-7580d565-2843-4f5b-a58e-58f39f554518 ] Request (InstanceActionsTestJSON:setUpClass): 200 GET http://10.180.1.21/compute/v2.1/servers/43b0abe5-0b57-46f0-bccc-0c4398ad8ff5 0.165s
2025-03-07 09:17:02.058 68468 INFO tempest.lib.common.rest_client [req-dcf18e9b-55ee-4894-b608-f112314d6805 req-dcf18e9b-55ee-4894-b608-f112314d6805 ] Request (SecurityGroupsTestJSON:test_server_security_groups): 200 GET http://10.180.1.21/compute/v2.1/servers/6bf38e3a-9389-4130-b6a4-4e8ed5db72ed 0.082s
2025-03-07 09:17:02.104 68420 INFO tempest.lib.common.rest_client [req-f5b6c271-1ddc-47fa-8e51-1de7d94120f2 req-f5b6c271-1ddc-47fa-8e51-1de7d94120f2 ] Request (ServerActionsV293TestJSON:setUpClass): 200 GET http://10.180.1.21/volume/v3/volumes/534ebded-52ee-489d-a997-3ebbbcef4896 0.022s
2025-03-07 09:17:02.113 68428 INFO tempest.lib.common.rest_client [req-b908985e-18b0-4e09-970c-05d8d6ae1225 req-b908985e-18b0-4e09-970c-05d8d6ae1225 ] Request (ServersTestMultiNic:test_verify_multiple_nics_order): 200 GET http://10.180.1.21/compute/v2.1/servers/d93aeda1-6df1-4968-89ff-2a4dbf865c98 0.067s
2025-03-07 09:17:02.179 68432 INFO tempest.lib.common.rest_client [req-0a0ae1d9-4ff7-4b5e-b4ec-810e72491cc4 req-0a0ae1d9-4ff7-4b5e-b4ec-810e72491cc4 ] Request (ImagesTestJSON:test_create_image_from_stopped_server): 200 GET http://10.180.1.21/compute/v2.1/servers/b5751918-d166-4b39-a5ee-fe2500f85ace 0.195s
2025-03-07 09:17:02.535 68452 INFO tempest.lib.common.rest_client [req-1bf16d1d-3049-41bc-9502-40bf428d69da req-1bf16d1d-3049-41bc-9502-40bf428d69da ] Request (ServersAdminTestJSON:test_inject_network_info): 200 GET http://10.180.1.21/compute/v2.1/servers/c7324ad3-0fb9-4322-b708-dd9d86aa6b6d 0.065s
2025-03-07 09:17:02.542 68414 INFO tempest.lib.common.rest_client [req-6262ae6e-d96a-4f3f-9ad9-fecc6bb3d837 req-6262ae6e-d96a-4f3f-9ad9-fecc6bb3d837 ] Request (ListServerFiltersTestJSON:setUpClass): 200 GET http://10.180.1.21/compute/v2.1/servers/c9b2c2cc-ecdb-4f9a-bb36-dbe5f39405b8 0.135s
2025-03-07 09:17:02.617 68464 INFO tempest.lib.common.rest_client [req-23804831-8182-44b5-b352-5a75a14ad174 req-23804831-8182-44b5-b352-5a75a14ad174 ] Request (ServersListShow296Test:tearDownClass): 200 GET http://10.180.1.21/compute/v2.1/servers/db761107-7da8-4117-a5c7-9a9c00780487 0.074s
2025-03-07 09:17:02.629 68442 INFO tempest.lib.common.rest_client [req-c88573ae-47ea-4ab6-ba2e-3acecbb9da93 req-c88573ae-47ea-4ab6-ba2e-3acecbb9da93 ] Request (ServersAdminNegativeTestJSON:test_migrate_server_invalid_state): 200 GET http://10.180.1.21/compute/v2.1/servers/09f7e7be-d9dc-40cd-acd1-1655812fe818 0.108s
2025-03-07 09:17:02.635 68442 INFO tempest.common.waiters [-] State transition "BUILD/networking" ==> "BUILD/block_device_mapping" after 69 second wait
2025-03-07 09:17:02.663 68456 INFO tempest.lib.common.rest_client [req-278c8e82-cb3d-4ffe-95f6-762e598d6a83 req-278c8e82-cb3d-4ffe-95f6-762e598d6a83 ] Request (ImagesOneServerNegativeTestJSON:_run_cleanups): 200 GET http://10.180.1.21/compute/v2.1/servers/26a22789-6320-44ea-bd82-9485f81b22d7 0.084s
2025-03-07 09:17:02.673 68441 INFO tempest.lib.common.rest_client [req-7275664b-17a4-4a25-8c09-c05df2929818 req-7275664b-17a4-4a25-8c09-c05df2929818 ] Request (DeleteServersTestJSON:test_delete_server_while_in_attached_volume): 200 GET http://10.180.1.21/volume/v3/volumes/146f4a9d-37b6-415a-b19e-7a5c39f6ed3a 0.026s
2025-03-07 09:17:02.679 68441 INFO tempest.common.waiters [-] volume 146f4a9d-37b6-415a-b19e-7a5c39f6ed3a reached available after waiting for 1.679152 seconds
2025-03-07 09:17:02.686 68430 INFO tempest.lib.common.rest_client [req-356f9b39-6ca7-4f02-82e7-37f6d2c387fb req-356f9b39-6ca7-4f02-82e7-37f6d2c387fb ] Request (AttachInterfacesUnderV243Test:test_add_remove_fixed_ip): 200 GET http://10.180.1.21/compute/v2.1/servers/3d9a341a-b557-4672-8277-ffc6f71c1397 0.088s
2025-03-07 09:17:02.718 68418 INFO tempest.lib.common.rest_client [req-905a87ae-8f42-4d10-a542-f510c06a1dbe req-905a87ae-8f42-4d10-a542-f510c06a1dbe ] Request (TenantUsagesTestJSON:tearDownClass): 200 GET http://10.180.1.21/compute/v2.1/servers/e433ee92-ece7-4bda-85d1-76cfa321ede9 0.075s
2025-03-07 09:17:02.754 68426 INFO tempest.lib.common.rest_client [req-65a000e6-294a-4915-afef-493a2cbff1bc req-65a000e6-294a-4915-afef-493a2cbff1bc ] Request (ServerExternalEventsTest:tearDownClass): 200 GET http://10.180.1.21/compute/v2.1/servers/8b53bec3-130d-4624-97f0-ca39d94fcd89 0.091s
2025-03-07 09:17:02.812 68436 INFO tempest.lib.common.rest_client [req-bd99357c-f68d-49a9-ace5-e14fefbed8fd req-bd99357c-f68d-49a9-ace5-e14fefbed8fd ] Request (DeleteServersAdminTestJSON:test_delete_server_while_in_error_state): 200 GET http://10.180.1.21/compute/v2.1/servers/0f1cb1cd-03e6-40c3-b4f2-7cdfa52e3a4a 0.083s
2025-03-07 09:17:02.859 68438 INFO tempest.lib.common.rest_client [req-38ffee95-357c-48b0-9a4c-6cc375655ba0 req-38ffee95-357c-48b0-9a4c-6cc375655ba0 ] Request (ServerRescueTestJSON:setUpClass): 200 GET http://10.180.1.21/compute/v2.1/servers/04fe4efc-95d3-4339-b76c-44d720ab2bd4 0.112s
2025-03-07 09:17:02.904 68462 INFO tempest.lib.common.rest_client [req-e06d6c13-6d9a-4e6f-ad70-8d315b7103a9 req-e06d6c13-6d9a-4e6f-ad70-8d315b7103a9 ] Request (ServersTestJSON:setUpClass): 200 GET http://10.180.1.21/compute/v2.1/servers/f73d6245-6df4-47d5-98c4-643dfe7fa81e 0.102s
2025-03-07 09:17:02.957 68416 INFO tempest.lib.common.rest_client [req-6da8c205-5c6b-40d3-a943-00320edd3c2a req-6da8c205-5c6b-40d3-a943-00320edd3c2a ] Request (FloatingIPsAssociationTestJSON:tearDownClass): 200 GET http://10.180.1.21/compute/v2.1/servers/abb105e4-4494-4a98-bfa7-11358ddecdea 0.128s
2025-03-07 09:17:03.002 68424 INFO tempest.lib.common.rest_client [req-7be44c2f-dc73-4872-bb76-da8d537b5cf6 req-7be44c2f-dc73-4872-bb76-da8d537b5cf6 ] Request (ListServersNegativeTestJSON:setUpClass): 200 GET http://10.180.1.21/compute/v2.1/servers/7516cc2e-e16f-4751-aa29-8b17dbfcbf97 0.056s
2025-03-07 09:17:03.009 68424 INFO tempest.common.waiters [-] State transition "BUILD/scheduling" ==> "BUILD/None" after 52 second wait
2025-03-07 09:17:03.057 68408 INFO tempest.lib.common.rest_client [req-d587c910-10a4-4c11-9b1b-c2428bdd7c60 req-d587c910-10a4-4c11-9b1b-c2428bdd7c60 ] Request (MigrationsAdminTest:test_resize_server_revert_deleted_flavor): 200 GET http://10.180.1.21/compute/v2.1/servers/771c988f-c1fb-4ba3-8f25-c17d7caf3c50 0.047s
