2025-03-07 09:15:45.954 68444 WARNING tempest.lib.common.ssh [-] Failed to establish authenticated ssh connection to cirros@10.180.180.162 ([Errno None] Unable to connect to port 22 on 10.180.180.162). Number attempts: 1. Retry after 2 seconds.: paramiko.ssh_exception.NoValidConnectionsError: [Errno None] Unable to connect to port 22 on 10.180.180.162
2025-03-07 09:15:45.956 68426 INFO tempest.lib.common.rest_client [req-be2e16aa-17e6-486e-96c1-0f5475d53307 req-be2e16aa-17e6-486e-96c1-0f5475d53307 ] Request (ServerExternalEventsTest:setUpClass): 200 GET http://10.180.1.21/identity/v3/roles 0.037s
2025-03-07 09:15:45.975 68412 INFO tempest.lib.common.rest_client [req-915ced17-cebf-42ee-be4d-557f03d42d01 req-915ced17-cebf-42ee-be4d-557f03d42d01 ] Request (InstanceActionsTestJSON:setUpClass): 201 POST http://10.180.1.21:9696/networking/v2.0/routers 2.925s
2025-03-07 09:15:45.983 68418 INFO tempest.lib.common.rest_client [req-77e8fcd6-dc6d-4d36-8ef8-dc7fa5992f91 req-77e8fcd6-dc6d-4d36-8ef8-dc7fa5992f91 ] Request (TenantUsagesTestJSON:setUpClass): 201 POST http://10.180.1.21/identity/v3/projects 0.045s
2025-03-07 09:15:46.048 68426 INFO tempest.lib.common.rest_client [req-8d31e7de-d300-49e3-adf9-864448d0b61b req-8d31e7de-d300-49e3-adf9-864448d0b61b ] Request (ServerExternalEventsTest:setUpClass): 204 PUT http://10.180.1.21/identity/v3/projects/3b46a014fff046438e1b875a46ed6dd5/users/0aa7499dbfb5467384cbdc2631b7a888/roles/ff75510f71d64899a99008ca6b7c677c 0.091s
2025-03-07 09:15:46.048 68426 INFO tempest.lib.common.dynamic_creds [-] Dynamic test user 0aa7499dbfb5467384cbdc2631b7a888 is created with scope project and roles: ['member']
2025-03-07 09:15:46.048 68426 INFO tempest.lib.common.dynamic_creds [-] Acquired dynamic creds: credentials: Credentials: {'domain_id': 'default', 'domain_name': 'Default', 'username': 'tempest-ServerExternalEventsTest-981937463-project-member', 'project_domain_id': 'default', 'project_domain_name': 'Default', 'project_id': '3b46a014fff046438e1b875a46ed6dd5', 'project_name': 'tempest-ServerExternalEventsTest-981937463', 'tenant_id': '3b46a014fff046438e1b875a46ed6dd5', 'tenant_name': 'tempest-ServerExternalEventsTest-981937463', 'user_domain_id': 'default', 'user_domain_name': 'Default', 'user_id': '0aa7499dbfb5467384cbdc2631b7a888', 'system': None}, Network: None, Subnet: None, Router: None
2025-03-07 09:15:46.048 68426 INFO tempest.lib.common.dynamic_creds [-] Created isolated network resources for: credentials: Credentials: {'domain_id': 'default', 'domain_name': 'Default', 'username': 'tempest-ServerExternalEventsTest-981937463-project-member', 'project_domain_id': 'default', 'project_domain_name': 'Default', 'project_id': '3b46a014fff046438e1b875a46ed6dd5', 'project_name': 'tempest-ServerExternalEventsTest-981937463', 'tenant_id': '3b46a014fff046438e1b875a46ed6dd5', 'tenant_name': 'tempest-ServerExternalEventsTest-981937463', 'user_domain_id': 'default', 'user_domain_name': 'Default', 'user_id': '0aa7499dbfb5467384cbdc2631b7a888', 'system': None}, Network: None, Subnet: None, Router: None
2025-03-07 09:15:46.051 68418 INFO tempest.lib.common.rest_client [req-ae4e030f-4e50-4e55-b5c6-b204f61a5c01 req-ae4e030f-4e50-4e55-b5c6-b204f61a5c01 ] Request (TenantUsagesTestJSON:setUpClass): 201 POST http://10.180.1.21/identity/v3/users 0.067s
2025-03-07 09:15:46.103 68418 INFO tempest.lib.common.rest_client [req-84f2b957-4f34-458f-87bc-da0744dace08 req-84f2b957-4f34-458f-87bc-da0744dace08 ] Request (TenantUsagesTestJSON:setUpClass): 200 GET http://10.180.1.21/identity/v3/roles 0.051s
2025-03-07 09:15:46.116 68426 INFO tempest.lib.common.rest_client [req-76d3b030-57a2-44f5-924a-60cb900a7324 req-76d3b030-57a2-44f5-924a-60cb900a7324 ] Request (ServerExternalEventsTest:setUpClass): 201 POST http://10.180.1.21/identity/v3/auth/tokens 0.065s
2025-03-07 09:15:46.135 68418 INFO tempest.lib.common.rest_client [req-4c0967a7-ad5b-4777-a5be-17adaa9593a9 req-4c0967a7-ad5b-4777-a5be-17adaa9593a9 ] Request (TenantUsagesTestJSON:setUpClass): 204 PUT http://10.180.1.21/identity/v3/projects/f28c85e29597499f8cc4b91724662605/users/067b437b50a349f3bf8cc8dada9fb234/roles/ff75510f71d64899a99008ca6b7c677c 0.032s
2025-03-07 09:15:46.136 68418 INFO tempest.lib.common.dynamic_creds [-] Dynamic test user 067b437b50a349f3bf8cc8dada9fb234 is created with scope project and roles: ['member']
2025-03-07 09:15:46.137 68418 INFO tempest.lib.common.dynamic_creds [-] Acquired dynamic creds: credentials: Credentials: {'domain_id': 'default', 'domain_name': 'Default', 'username': 'tempest-TenantUsagesTestJSON-1620749452-project-member', 'project_domain_id': 'default', 'project_domain_name': 'Default', 'project_id': 'f28c85e29597499f8cc4b91724662605', 'project_name': 'tempest-TenantUsagesTestJSON-1620749452', 'tenant_id': 'f28c85e29597499f8cc4b91724662605', 'tenant_name': 'tempest-TenantUsagesTestJSON-1620749452', 'user_domain_id': 'default', 'user_domain_name': 'Default', 'user_id': '067b437b50a349f3bf8cc8dada9fb234', 'system': None}, Network: None, Subnet: None, Router: None
2025-03-07 09:15:46.138 68418 INFO tempest.lib.common.dynamic_creds [-] Created isolated network resources for: credentials: Credentials: {'domain_id': 'default', 'domain_name': 'Default', 'username': 'tempest-TenantUsagesTestJSON-1620749452-project-member', 'project_domain_id': 'default', 'project_domain_name': 'Default', 'project_id': 'f28c85e29597499f8cc4b91724662605', 'project_name': 'tempest-TenantUsagesTestJSON-1620749452', 'tenant_id': 'f28c85e29597499f8cc4b91724662605', 'tenant_name': 'tempest-TenantUsagesTestJSON-1620749452', 'user_domain_id': 'default', 'user_domain_name': 'Default', 'user_id': '067b437b50a349f3bf8cc8dada9fb234', 'system': None}, Network: None, Subnet: None, Router: None
2025-03-07 09:15:46.147 68426 INFO tempest.lib.common.rest_client [req-9ceed5f6-8224-443c-80e1-784711fe5e8a req-9ceed5f6-8224-443c-80e1-784711fe5e8a ] Request (ServerExternalEventsTest:setUpClass): 201 POST http://10.180.1.21/identity/v3/projects 0.031s
2025-03-07 09:15:46.206 68426 INFO tempest.lib.common.rest_client [req-14c2f3c9-ea8e-446f-af78-65b71726fb89 req-14c2f3c9-ea8e-446f-af78-65b71726fb89 ] Request (ServerExternalEventsTest:setUpClass): 201 POST http://10.180.1.21/identity/v3/users 0.058s
2025-03-07 09:15:46.212 68418 INFO tempest.lib.common.rest_client [req-89716285-c7e4-49a6-b585-14a179db446a req-89716285-c7e4-49a6-b585-14a179db446a ] Request (TenantUsagesTestJSON:setUpClass): 201 POST http://10.180.1.21/identity/v3/auth/tokens 0.069s
2025-03-07 09:15:46.232 68426 INFO tempest.lib.common.rest_client [req-70f5db9c-6a72-43e8-a499-5b22c69f074b req-70f5db9c-6a72-43e8-a499-5b22c69f074b ] Request (ServerExternalEventsTest:setUpClass): 200 GET http://10.180.1.21/identity/v3/roles 0.023s
2025-03-07 09:15:46.240 68418 INFO tempest.lib.common.rest_client [req-87128d07-d796-416b-a2b7-85d4de34bc38 req-87128d07-d796-416b-a2b7-85d4de34bc38 ] Request (TenantUsagesTestJSON:setUpClass): 201 POST http://10.180.1.21/identity/v3/projects 0.028s
2025-03-07 09:15:46.295 68426 INFO tempest.lib.common.rest_client [req-4c75c15c-bf0c-4067-b376-16d6340caf82 req-4c75c15c-bf0c-4067-b376-16d6340caf82 ] Request (ServerExternalEventsTest:setUpClass): 204 PUT http://10.180.1.21/identity/v3/projects/e35e7a851f044b118ee5a98de14aa784/users/904ab1859b2646b98c8df4e4a6ba4067/roles/2f12b85f4f50430f873fee70c3e92de2 0.063s
2025-03-07 09:15:46.298 68418 INFO tempest.lib.common.rest_client [req-6a065ddf-6cfa-4155-a690-c1d599307d3f req-6a065ddf-6cfa-4155-a690-c1d599307d3f ] Request (TenantUsagesTestJSON:setUpClass): 201 POST http://10.180.1.21/identity/v3/users 0.057s
2025-03-07 09:15:46.345 68426 INFO tempest.lib.common.rest_client [req-d0403f1b-8139-4f64-b320-695262a30d63 req-d0403f1b-8139-4f64-b320-695262a30d63 ] Request (ServerExternalEventsTest:setUpClass): 200 GET http://10.180.1.21/identity/v3/roles 0.050s
2025-03-07 09:15:46.352 68418 INFO tempest.lib.common.rest_client [req-d6717a96-d3e8-4657-9e93-9c5c1c7060e9 req-d6717a96-d3e8-4657-9e93-9c5c1c7060e9 ] Request (TenantUsagesTestJSON:setUpClass): 200 GET http://10.180.1.21/identity/v3/roles 0.053s
2025-03-07 09:15:46.362 68426 INFO tempest.lib.common.rest_client [req-525b56c9-345f-4f97-9647-f4997050aaf2 req-525b56c9-345f-4f97-9647-f4997050aaf2 ] Request (ServerExternalEventsTest:setUpClass): 204 PUT http://10.180.1.21/identity/v3/projects/e35e7a851f044b118ee5a98de14aa784/users/904ab1859b2646b98c8df4e4a6ba4067/roles/2f12b85f4f50430f873fee70c3e92de2 0.016s
2025-03-07 09:15:46.362 68426 INFO tempest.lib.common.dynamic_creds [-] Dynamic test user 904ab1859b2646b98c8df4e4a6ba4067 is created with scope project and roles: ['admin']
2025-03-07 09:15:46.363 68426 INFO tempest.lib.common.dynamic_creds [-] Acquired dynamic creds: credentials: Credentials: {'domain_id': 'default', 'domain_name': 'Default', 'username': 'tempest-ServerExternalEventsTest-1312794218-project-admin', 'project_domain_id': 'default', 'project_domain_name': 'Default', 'project_id': 'e35e7a851f044b118ee5a98de14aa784', 'project_name': 'tempest-ServerExternalEventsTest-1312794218', 'tenant_id': 'e35e7a851f044b118ee5a98de14aa784', 'tenant_name': 'tempest-ServerExternalEventsTest-1312794218', 'user_domain_id': 'default', 'user_domain_name': 'Default', 'user_id': '904ab1859b2646b98c8df4e4a6ba4067', 'system': None}, Network: None, Subnet: None, Router: None
2025-03-07 09:15:46.363 68426 INFO tempest.lib.common.dynamic_creds [-] Created isolated network resources for: credentials: Credentials: {'domain_id': 'default', 'domain_name': 'Default', 'username': 'tempest-ServerExternalEventsTest-1312794218-project-admin', 'project_domain_id': 'default', 'project_domain_name': 'Default', 'project_id': 'e35e7a851f044b118ee5a98de14aa784', 'project_name': 'tempest-ServerExternalEventsTest-1312794218', 'tenant_id': 'e35e7a851f044b118ee5a98de14aa784', 'tenant_name': 'tempest-ServerExternalEventsTest-1312794218', 'user_domain_id': 'default', 'user_domain_name': 'Default', 'user_id': '904ab1859b2646b98c8df4e4a6ba4067', 'system': None}, Network: None, Subnet: None, Router: None
2025-03-07 09:15:46.384 68418 INFO tempest.lib.common.rest_client [req-924e102d-a01b-4de8-be81-f0f555e8a922 req-924e102d-a01b-4de8-be81-f0f555e8a922 ] Request (TenantUsagesTestJSON:setUpClass): 204 PUT http://10.180.1.21/identity/v3/projects/9f8c8b24fdb841c4b14cc5847a63b23e/users/052ddb73faed4865a6e6e2e0c4ae585f/roles/2f12b85f4f50430f873fee70c3e92de2 0.032s
2025-03-07 09:15:46.435 68454 INFO tempest.lib.common.rest_client [req-435c5c97-f97b-4a6d-a4dd-ee497a25d2f3 req-435c5c97-f97b-4a6d-a4dd-ee497a25d2f3 ] Request (SecurityGroupRulesNegativeTestJSON:test_create_security_group_rule_with_invalid_ip_protocol): 200 POST http://10.180.1.21/compute/v2.1/os-security-groups 1.411s
2025-03-07 09:15:46.444 68418 INFO tempest.lib.common.rest_client [req-2b0a4a5a-83f6-4543-bea8-077e9eaee02b req-2b0a4a5a-83f6-4543-bea8-077e9eaee02b ] Request (TenantUsagesTestJSON:setUpClass): 200 GET http://10.180.1.21/identity/v3/roles 0.058s
2025-03-07 09:15:46.457 68426 INFO tempest.lib.common.rest_client [req-0d457bbc-66a5-4717-8f45-43869049fe69 req-0d457bbc-66a5-4717-8f45-43869049fe69 ] Request (ServerExternalEventsTest:setUpClass): 201 POST http://10.180.1.21/identity/v3/auth/tokens 0.091s
2025-03-07 09:15:46.467 68418 INFO tempest.lib.common.rest_client [req-6cbd25ee-ae28-4766-b0a8-bf510bec85a0 req-6cbd25ee-ae28-4766-b0a8-bf510bec85a0 ] Request (TenantUsagesTestJSON:setUpClass): 204 PUT http://10.180.1.21/identity/v3/projects/9f8c8b24fdb841c4b14cc5847a63b23e/users/052ddb73faed4865a6e6e2e0c4ae585f/roles/2f12b85f4f50430f873fee70c3e92de2 0.021s
2025-03-07 09:15:46.467 68418 INFO tempest.lib.common.dynamic_creds [-] Dynamic test user 052ddb73faed4865a6e6e2e0c4ae585f is created with scope project and roles: ['admin']
2025-03-07 09:15:46.467 68418 INFO tempest.lib.common.dynamic_creds [-] Acquired dynamic creds: credentials: Credentials: {'domain_id': 'default', 'domain_name': 'Default', 'username': 'tempest-TenantUsagesTestJSON-218108056-project-admin', 'project_domain_id': 'default', 'project_domain_name': 'Default', 'project_id': '9f8c8b24fdb841c4b14cc5847a63b23e', 'project_name': 'tempest-TenantUsagesTestJSON-218108056', 'tenant_id': '9f8c8b24fdb841c4b14cc5847a63b23e', 'tenant_name': 'tempest-TenantUsagesTestJSON-218108056', 'user_domain_id': 'default', 'user_domain_name': 'Default', 'user_id': '052ddb73faed4865a6e6e2e0c4ae585f', 'system': None}, Network: None, Subnet: None, Router: None
2025-03-07 09:15:46.467 68418 INFO tempest.lib.common.dynamic_creds [-] Created isolated network resources for: credentials: Credentials: {'domain_id': 'default', 'domain_name': 'Default', 'username': 'tempest-TenantUsagesTestJSON-218108056-project-admin', 'project_domain_id': 'default', 'project_domain_name': 'Default', 'project_id': '9f8c8b24fdb841c4b14cc5847a63b23e', 'project_name': 'tempest-TenantUsagesTestJSON-218108056', 'tenant_id': '9f8c8b24fdb841c4b14cc5847a63b23e', 'tenant_name': 'tempest-TenantUsagesTestJSON-218108056', 'user_domain_id': 'default', 'user_domain_name': 'Default', 'user_id': '052ddb73faed4865a6e6e2e0c4ae585f', 'system': None}, Network: None, Subnet: None, Router: None
2025-03-07 09:15:46.524 68426 INFO tempest.lib.common.rest_client [req-0c478452-e1bf-47d9-b7f2-a63d3c75367a req-0c478452-e1bf-47d9-b7f2-a63d3c75367a ] Request (ServerExternalEventsTest:setUpClass): 201 POST http://10.180.1.21/identity/v3/projects 0.066s
2025-03-07 09:15:46.563 68418 INFO tempest.lib.common.rest_client [req-aa096b5e-5f86-40d2-9b8c-61334a5d0366 req-aa096b5e-5f86-40d2-9b8c-61334a5d0366 ] Request (TenantUsagesTestJSON:setUpClass): 201 POST http://10.180.1.21/identity/v3/auth/tokens 0.091s
2025-03-07 09:15:46.563 68452 INFO tempest.lib.common.rest_client [req-1faf60ab-2996-47ed-84d7-8c98f90cc74a req-1faf60ab-2996-47ed-84d7-8c98f90cc74a ] Request (ServersAdminTestJSON:test_create_server_with_scheduling_hint): 200 GET http://10.180.1.21/compute/v2.1/servers/a6b06ebb-1303-4ff3-82a9-e3d8844b738e 1.387s
2025-03-07 09:15:46.564 68418 WARNING tempest.lib.common.rest_client [-] Deprecated: "tenant_id" property is deprecated for removal, use "project_id" instead
2025-03-07 09:15:46.598 68426 INFO tempest.lib.common.rest_client [req-53ac1bd3-9fd8-41e7-b464-21946f9d4b42 req-53ac1bd3-9fd8-41e7-b464-21946f9d4b42 ] Request (ServerExternalEventsTest:setUpClass): 201 POST http://10.180.1.21/identity/v3/users 0.074s
2025-03-07 09:15:46.624 68426 INFO tempest.lib.common.rest_client [req-edcbe323-0888-4283-b71b-c05699e6ddc9 req-edcbe323-0888-4283-b71b-c05699e6ddc9 ] Request (ServerExternalEventsTest:setUpClass): 200 GET http://10.180.1.21/identity/v3/roles 0.024s
2025-03-07 09:15:46.631 68418 INFO tempest.lib.common.rest_client [req-81ca5a95-ff89-4a65-b861-e5afa2691472 req-81ca5a95-ff89-4a65-b861-e5afa2691472 ] Request (TenantUsagesTestJSON:setUpClass): 201 POST http://10.180.1.21/identity/v3/auth/tokens 0.062s
2025-03-07 09:15:46.631 68418 INFO tempest.lib.common.fixed_network [-] (TenantUsagesTestJSON:setUpClass) Found network None available for tenant
2025-03-07 09:15:46.651 68426 INFO tempest.lib.common.rest_client [req-c1c774e9-dfde-4242-9969-8e722532f701 req-c1c774e9-dfde-4242-9969-8e722532f701 ] Request (ServerExternalEventsTest:setUpClass): 204 PUT http://10.180.1.21/identity/v3/projects/562dd8c632174f4ab160af5a16d19508/users/d9a7247fc8d14fb5bf957f1dcc23d7f3/roles/2f12b85f4f50430f873fee70c3e92de2 0.027s
2025-03-07 09:15:46.706 68426 INFO tempest.lib.common.rest_client [req-eddab3ee-4598-4129-b900-e7a81b1f11be req-eddab3ee-4598-4129-b900-e7a81b1f11be ] Request (ServerExternalEventsTest:setUpClass): 200 GET http://10.180.1.21/identity/v3/roles 0.054s
2025-03-07 09:15:46.733 68426 INFO tempest.lib.common.rest_client [req-07ec80d8-1651-4f2c-ba9c-681802ee3e54 req-07ec80d8-1651-4f2c-ba9c-681802ee3e54 ] Request (ServerExternalEventsTest:setUpClass): 204 PUT http://10.180.1.21/identity/v3/projects/562dd8c632174f4ab160af5a16d19508/users/d9a7247fc8d14fb5bf957f1dcc23d7f3/roles/9847b2fc91644d33ad142c6dd24144e8 0.026s
2025-03-07 09:15:46.733 68426 INFO tempest.lib.common.dynamic_creds [-] Dynamic test user d9a7247fc8d14fb5bf957f1dcc23d7f3 is created with scope project and roles: ['admin', 'service']
2025-03-07 09:15:46.733 68426 INFO tempest.lib.common.dynamic_creds [-] Acquired dynamic creds: credentials: Credentials: {'domain_id': 'default', 'domain_name': 'Default', 'username': 'tempest-ServerExternalEventsTest-846359445-project', 'project_domain_id': 'default', 'project_domain_name': 'Default', 'project_id': '562dd8c632174f4ab160af5a16d19508', 'project_name': 'tempest-ServerExternalEventsTest-846359445', 'tenant_id': '562dd8c632174f4ab160af5a16d19508', 'tenant_name': 'tempest-ServerExternalEventsTest-846359445', 'user_domain_id': 'default', 'user_domain_name': 'Default', 'user_id': 'd9a7247fc8d14fb5bf957f1dcc23d7f3', 'system': None}, Network: None, Subnet: None, Router: None
2025-03-07 09:15:46.734 68426 INFO tempest.lib.common.dynamic_creds [-] Created isolated network resources for: credentials: Credentials: {'domain_id': 'default', 'domain_name': 'Default', 'username': 'tempest-ServerExternalEventsTest-846359445-project', 'project_domain_id': 'default', 'project_domain_name': 'Default', 'project_id': '562dd8c632174f4ab160af5a16d19508', 'project_name': 'tempest-ServerExternalEventsTest-846359445', 'tenant_id': '562dd8c632174f4ab160af5a16d19508', 'tenant_name': 'tempest-ServerExternalEventsTest-846359445', 'user_domain_id': 'default', 'user_domain_name': 'Default', 'user_id': 'd9a7247fc8d14fb5bf957f1dcc23d7f3', 'system': None}, Network: None, Subnet: None, Router: None
2025-03-07 09:15:46.810 68428 INFO tempest.lib.common.rest_client [req-88e1d455-76da-47ec-85e6-ec00d8f4eebe req-88e1d455-76da-47ec-85e6-ec00d8f4eebe ] Request (ServersTestMultiNic:_run_cleanups): 200 GET http://10.180.1.21/compute/v2.1/servers/f7052896-c90b-4113-8d38-5aea8806063f 1.562s
2025-03-07 09:15:46.837 68426 INFO tempest.lib.common.rest_client [req-5ceb7c65-9e61-4733-8621-b53c19d6e988 req-5ceb7c65-9e61-4733-8621-b53c19d6e988 ] Request (ServerExternalEventsTest:setUpClass): 201 POST http://10.180.1.21/identity/v3/auth/tokens 0.096s
2025-03-07 09:15:46.864 68414 INFO tempest.lib.common.rest_client [req-1a01409a-e381-4d37-bf91-bd3ebdd37a8e req-1a01409a-e381-4d37-bf91-bd3ebdd37a8e ] Request (ListServerFiltersTestJSON:setUpClass): 202 POST http://10.180.1.21/compute/v2.1/servers 1.722s
2025-03-07 09:15:46.904 68426 INFO tempest.lib.common.rest_client [req-c91e6939-f8da-48a0-8232-351228869601 req-c91e6939-f8da-48a0-8232-351228869601 ] Request (ServerExternalEventsTest:test_create_server_external_events): 201 POST http://10.180.1.21/identity/v3/auth/tokens 0.063s
2025-03-07 09:15:46.904 68426 INFO tempest.lib.common.fixed_network [-] (ServerExternalEventsTest:test_create_server_external_events) Found network None available for tenant
2025-03-07 09:15:46.929 68414 INFO tempest.lib.common.rest_client [req-0ff400ba-15eb-41f5-a759-f1498bcd3d37 req-0ff400ba-15eb-41f5-a759-f1498bcd3d37 ] Request (ListServerFiltersTestJSON:setUpClass): 201 POST http://10.180.1.21/identity/v3/auth/tokens 0.060s
2025-03-07 09:15:46.930 68414 INFO tempest.lib.common.fixed_network [-] (ListServerFiltersTestJSON:setUpClass) Found network {'id': '4efe4585-8a75-41da-bb9c-5f7f137cb76f', 'name': 'tempest-ListServerFiltersTestJSON-739139554-network', 'tenant_id': '67ade2be76134e118cadeaedaa173b3c', 'admin_state_up': True, 'mtu': 8950, 'status': 'ACTIVE', 'subnets': [], 'shared': False, 'project_id': '67ade2be76134e118cadeaedaa173b3c', 'port_security_enabled': True, 'router:external': False, 'provider:network_type': 'vlan', 'provider:physical_network': 'default', 'provider:segmentation_id': 616, 'availability_zone_hints': [], 'availability_zones': [], 'ipv4_address_scope': None, 'ipv6_address_scope': None, 'description': '', 'tags': [], 'created_at': '2025-03-07T09:15:43Z', 'updated_at': '2025-03-07T09:15:43Z', 'revision_number': 1} available for tenant
2025-03-07 09:15:46.948 68410 INFO tempest.lib.common.rest_client [req-9a2f0248-0cf3-4474-bd3a-60b45fde1072 req-9a2f0248-0cf3-4474-bd3a-60b45fde1072 ] Request (ServerActionsTestOtherB:setUpClass): 200 GET http://10.180.1.21/compute/v2.1/servers/cc928eab-c51b-4f80-a53f-70d55942c69b 1.412s
2025-03-07 09:15:46.950 68432 INFO tempest.lib.common.rest_client [req-315f2c75-40b4-4669-8bfe-946d6bbb02cd req-315f2c75-40b4-4669-8bfe-946d6bbb02cd ] Request (ImagesTestJSON:setUpClass): 201 POST http://10.180.1.21:9696/networking/v2.0/routers 3.184s
2025-03-07 09:15:47.050 68434 INFO tempest.lib.common.rest_client [req-00e0719b-711b-4e4f-b09c-5450a20de41e req-00e0719b-711b-4e4f-b09c-5450a20de41e ] Request (ServersWithSpecificFlavorTestJSON:test_verify_created_server_ephemeral_disk): 200 GET http://10.180.1.21/compute/v2.1/servers/a88ec1b0-abf1-44b6-9fe2-21aa327eb65e 1.774s
2025-03-07 09:15:47.064 68434 INFO tempest.lib.common.ssh [-] Creating ssh connection to '10.180.180.138:22' as 'cirros' with public key authentication
2025-03-07 09:15:47.122 68422 INFO tempest.lib.common.rest_client [req-d9f5c393-26eb-4f68-bb34-d78d9e2c6f68 req-d9f5c393-26eb-4f68-bb34-d78d9e2c6f68 ] Request (ServersTestManualDisk:setUpClass): 200 GET http://10.180.1.21/compute/v2.1/servers/c5373bba-94e4-4b88-9421-d509a56f4238 1.479s
2025-03-07 09:15:47.166 68456 INFO tempest.lib.common.rest_client [req-c3208a77-969a-474f-8772-275b54a78ba8 req-c3208a77-969a-474f-8772-275b54a78ba8 ] Request (ImagesOneServerNegativeTestJSON:tearDown): 200 GET http://10.180.1.21/compute/v2.1/servers/312a2247-d796-4075-81ff-4ee8510fede7 1.548s
2025-03-07 09:15:47.192 68458 INFO tempest.lib.common.rest_client [req-6602bef1-c1ae-4e88-9ba7-ab45ad7f7ffe req-6602bef1-c1ae-4e88-9ba7-ab45ad7f7ffe ] Request (ServerShowV254Test:_run_cleanups): 204 DELETE http://10.180.1.21/compute/v2.1/os-keypairs/tempest-ServerShowV254Test-keypair-1559152323 1.446s
2025-03-07 09:15:47.268 68416 INFO tempest.lib.common.rest_client [req-0215fce5-f6d4-4aa7-adfe-1829158dbe52 req-0215fce5-f6d4-4aa7-adfe-1829158dbe52 ] Request (FloatingIPsAssociationTestJSON:test_associate_already_associated_floating_ip): 200 GET http://10.180.1.21/compute/v2.1/servers/0ef21498-b947-473d-85f7-f998d363d967 1.587s
2025-03-07 09:15:47.278 68416 INFO tempest.common.waiters [-] State transition "BUILD/spawning" ==> "ACTIVE/None" after 32 second wait
2025-03-07 09:15:47.284 68430 INFO tempest.lib.common.rest_client [req-fec24a52-aa52-4da0-a534-a88deb7ad0f9 req-fec24a52-aa52-4da0-a534-a88deb7ad0f9 ] Request (ServersAdmin275Test:tearDownClass): 200 GET http://10.180.1.21/compute/v2.1/servers/2c656a62-f558-42f7-8eb3-15a202ad81cc 1.481s
2025-03-07 09:15:47.303 68424 INFO tempest.lib.common.rest_client [req-68f55d15-d980-401c-a91e-6b71ed655a43 req-68f55d15-d980-401c-a91e-6b71ed655a43 ] Request (FlavorsAdminTestJSON:_run_cleanups): 200 GET http://10.180.1.21/compute/v2.1/flavors/detail 1.435s
2025-03-07 09:15:47.349 68446 INFO tempest.lib.common.rest_client [req-83fd1323-abf7-426b-8794-2c2a5b1851ec req-83fd1323-abf7-426b-8794-2c2a5b1851ec ] Request (AttachVolumeShelveTestJSON:test_attach_volume_shelved_or_offload_server): 200 GET http://10.180.1.21/compute/v2.1/servers/6bca99bb-a1e8-4bfd-9b6e-6177767155a2 1.450s
2025-03-07 09:15:47.380 68464 INFO tempest.lib.common.rest_client [req-3787514e-ec65-4acc-937d-46fb581706d1 req-3787514e-ec65-4acc-937d-46fb581706d1 ] Request (ServersListShow296Test:test_list_show_update_rebuild_server_296): 200 GET http://10.180.1.21/compute/v2.1/servers/db761107-7da8-4117-a5c7-9a9c00780487 1.350s
2025-03-07 09:15:47.424 68406 INFO tempest.lib.common.rest_client [req-c901d0ae-d0b2-4833-bb2e-aff7a4d339f9 req-c901d0ae-d0b2-4833-bb2e-aff7a4d339f9 ] Request (ServersTestFqdnHostnames:test_create_server_with_fqdn_name): 200 GET http://10.180.1.21/compute/v2.1/servers/e44ce746-0d2b-425f-a4b6-1e2d9608caa5 1.367s
2025-03-07 09:15:47.447 68450 INFO tempest.lib.common.rest_client [req-3f9ce50e-6892-436b-9a82-7e3aeda28013 req-3f9ce50e-6892-436b-9a82-7e3aeda28013 ] Request (VolumesAdminNegativeTest:test_update_attached_volume_with_nonexistent_volume_in_body): 200 GET http://10.180.1.21/compute/v2.1/servers/f7670926-83aa-49b9-96fb-3c190fb7c466 1.335s
2025-03-07 09:15:47.491 68468 INFO tempest.lib.common.rest_client [req-9e7f5475-5a23-4bb6-891f-17426c5c3c0e req-9e7f5475-5a23-4bb6-891f-17426c5c3c0e ] Request (SecurityGroupsTestJSON:test_list_security_groups_by_server): 200 GET http://10.180.1.21/compute/v2.1/servers/4462705b-a35a-4b6d-8992-6d07bd1b3001 1.294s
2025-03-07 09:15:47.516 68462 INFO tempest.lib.common.rest_client [req-ee9bdc1e-d30c-449b-91eb-3ae2104a4bf7 req-ee9bdc1e-d30c-449b-91eb-3ae2104a4bf7 ] Request (AttachInterfacesV270Test:tearDownClass): 200 GET http://10.180.1.21/compute/v2.1/servers/066c1b70-2791-425e-8c10-ec3aaed6044d 1.140s
2025-03-07 09:15:47.538 68454 INFO tempest.lib.common.rest_client [req-a7179baf-2319-4b0f-b570-0d61489594fb req-a7179baf-2319-4b0f-b570-0d61489594fb ] Request (SecurityGroupRulesNegativeTestJSON:test_create_security_group_rule_with_invalid_ip_protocol): 400 POST http://10.180.1.21/compute/v2.1/os-security-group-rules 1.099s
2025-03-07 09:15:47.598 68436 INFO tempest.lib.common.rest_client [req-634bf686-9727-4a39-9843-429992325cb5 req-634bf686-9727-4a39-9843-429992325cb5 ] Request (DeleteServersAdminTestJSON:test_delete_server_while_in_error_state): 200 GET http://10.180.1.21/compute/v2.1/servers/0f1cb1cd-03e6-40c3-b4f2-7cdfa52e3a4a 1.100s
2025-03-07 09:15:47.623 68438 INFO tempest.lib.common.rest_client [req-24ce1bb3-6f6c-4827-a9b2-664e0499d217 req-24ce1bb3-6f6c-4827-a9b2-664e0499d217 ] Request (ServerRescueTestJSON:setUpClass): 201 POST http://10.180.1.21:9696/networking/v2.0/routers 1.692s
2025-03-07 09:15:47.681 68408 INFO tempest.lib.common.rest_client [req-d8a787d7-0fd6-4ae0-8e86-1626ea69c9a2 req-d8a787d7-0fd6-4ae0-8e86-1626ea69c9a2 ] Request (MigrationsAdminTest:test_list_migrations_in_flavor_resize_situation): 200 GET http://10.180.1.21/compute/v2.1/servers/cddcefef-6171-42b5-b184-9c7a52ca7f4e 1.222s
2025-03-07 09:15:47.765 68420 INFO tempest.lib.common.rest_client [req-8fae0e81-5f88-4a11-bb02-d97d94e0bb78 req-8fae0e81-5f88-4a11-bb02-d97d94e0bb78 ] Request (ServerDiagnosticsNegativeTest:test_get_server_diagnostics_by_non_admin): 200 GET http://10.180.1.21/compute/v2.1/servers/abe0798c-3711-4b21-a4bd-42a2299e6bcf 1.171s
2025-03-07 09:15:47.776 68420 INFO tempest.common.waiters [-] State transition "BUILD/networking" ==> "BUILD/spawning" after 31 second wait
2025-03-07 09:15:47.904 68442 INFO tempest.lib.common.rest_client [req-8073f008-07d5-4b17-87c3-2be59c5b53af req-8073f008-07d5-4b17-87c3-2be59c5b53af ] Request (ServersAdminNegativeTestJSON:setUpClass): 200 GET http://10.180.1.21/compute/v2.1/servers/d59e44d7-db1a-467d-a522-ce4fe0ae9d8a 1.097s
2025-03-07 09:15:47.914 68442 INFO tempest.common.waiters [-] State transition "BUILD/spawning" ==> "ACTIVE/None" after 33 second wait
2025-03-07 09:15:47.925 68441 INFO tempest.lib.common.rest_client [req-ff822f1d-d28d-46f5-b858-2f903f939345 req-ff822f1d-d28d-46f5-b858-2f903f939345 ] Request (DeleteServersTestJSON:test_delete_active_server): 404 GET http://10.180.1.21/compute/v2.1/servers/f94a6013-c172-4568-9f1b-fa102fa5bc39 1.074s
2025-03-07 09:15:47.932 68412 INFO tempest.lib.common.rest_client [req-a7569845-cf9a-4236-9657-729d551c9750 req-a7569845-cf9a-4236-9657-729d551c9750 ] Request (InstanceActionsTestJSON:setUpClass): 200 PUT http://10.180.1.21:9696/networking/v2.0/routers/5f3af7d4-3d8b-4c8c-8740-b3fb4d67c0a4/add_router_interface 1.956s
2025-03-07 09:15:47.932 68412 INFO tempest.lib.common.dynamic_creds [-] Created isolated network resources for: credentials: Credentials: {'domain_id': 'default', 'domain_name': 'Default', 'username': 'tempest-InstanceActionsTestJSON-1337827320-project-member', 'project_domain_id': 'default', 'project_domain_name': 'Default', 'project_id': '9be3a84b56dd4fa0a89f21ea907fe9a7', 'project_name': 'tempest-InstanceActionsTestJSON-1337827320', 'tenant_id': '9be3a84b56dd4fa0a89f21ea907fe9a7', 'tenant_name': 'tempest-InstanceActionsTestJSON-1337827320', 'user_domain_id': 'default', 'user_domain_name': 'Default', 'user_id': '14e2c27eac1a41f1b766a41ad5f79d58', 'system': None}, Network: {'id': 'e16dbfdb-c0cd-4f8f-a761-dd42920a2cf5', 'name': 'tempest-InstanceActionsTestJSON-1128795498-network', 'tenant_id': '9be3a84b56dd4fa0a89f21ea907fe9a7', 'admin_state_up': True, 'mtu': 8950, 'status': 'ACTIVE', 'subnets': [], 'shared': False, 'project_id': '9be3a84b56dd4fa0a89f21ea907fe9a7', 'port_security_enabled': True, 'router:external': False, 'provider:network_type': 'vlan', 'provider:physical_network': 'default', 'provider:segmentation_id': 786, 'availability_zone_hints': [], 'availability_zones': [], 'ipv4_address_scope': None, 'ipv6_address_scope': None, 'description': '', 'tags': [], 'created_at': '2025-03-07T09:15:42Z', 'updated_at': '2025-03-07T09:15:42Z', 'revision_number': 1}, Subnet: {'id': '0cc43d9c-bad9-478c-b1d9-56ed5882a48b', 'name': 'tempest-InstanceActionsTestJSON-1128795498-subnet', 'tenant_id': '9be3a84b56dd4fa0a89f21ea907fe9a7', 'network_id': 'e16dbfdb-c0cd-4f8f-a761-dd42920a2cf5', 'ip_version': 4, 'subnetpool_id': None, 'enable_dhcp': True, 'ipv6_ra_mode': None, 'ipv6_address_mode': None, 'gateway_ip': '192.168.128.1', 'cidr': '192.168.128.0/28', 'allocation_pools': [{'start': '192.168.128.2', 'end': '192.168.128.14'}], 'host_routes': [], 'dns_nameservers': [], 'description': '', 'router:external': False, 'service_types': [], 'tags': [], 'created_at': '2025-03-07T09:15:42Z', 'updated_at': '2025-03-07T09:15:42Z', 'revision_number': 0, 'project_id': '9be3a84b56dd4fa0a89f21ea907fe9a7'}, Router: {'id': '5f3af7d4-3d8b-4c8c-8740-b3fb4d67c0a4', 'name': 'tempest-InstanceActionsTestJSON-1128795498-router', 'tenant_id': '9be3a84b56dd4fa0a89f21ea907fe9a7', 'admin_state_up': True, 'status': 'ACTIVE', 'external_gateway_info': {'network_id': '8680ec55-30c2-42cf-873b-9eadd103b0a3', 'external_fixed_ips': [{'subnet_id': '88504bb6-000c-48e5-86b7-df9bf11d8225', 'ip_address': '10.180.180.153'}], 'enable_snat': True}, 'description': '', 'availability_zones': [], 'distributed': False, 'ha': False, 'availability_zone_hints': [], 'routes': [], 'flavor_id': None, 'tags': [], 'created_at': '2025-03-07T09:15:43Z', 'updated_at': '2025-03-07T09:15:44Z', 'revision_number': 2, 'project_id': '9be3a84b56dd4fa0a89f21ea907fe9a7'}
2025-03-07 09:15:47.992 68441 INFO tempest.lib.common.rest_client [req-70fe40d4-3571-4ef9-a719-9a92fbbdf89a req-70fe40d4-3571-4ef9-a719-9a92fbbdf89a ] Request (DeleteServersTestJSON:test_delete_server_while_in_attached_volume): 201 POST http://10.180.1.21/identity/v3/auth/tokens 0.060s
2025-03-07 09:15:47.992 68441 INFO tempest.lib.common.fixed_network [-] (DeleteServersTestJSON:test_delete_server_while_in_attached_volume) Found network {'id': '4eb64724-2e5f-4946-9b03-80d5a984f04e', 'name': 'tempest-DeleteServersTestJSON-1873356980-network', 'tenant_id': 'ef944b28c9434ad681b2cf8d2f51dd56', 'admin_state_up': True, 'mtu': 8950, 'status': 'ACTIVE', 'subnets': [], 'shared': False, 'project_id': 'ef944b28c9434ad681b2cf8d2f51dd56', 'port_security_enabled': True, 'router:external': False, 'provider:network_type': 'vlan', 'provider:physical_network': 'default', 'provider:segmentation_id': 266, 'availability_zone_hints': [], 'availability_zones': [], 'ipv4_address_scope': None, 'ipv6_address_scope': None, 'description': '', 'tags': [], 'created_at': '2025-03-07T09:14:47Z', 'updated_at': '2025-03-07T09:14:47Z', 'revision_number': 1} available for tenant
2025-03-07 09:15:48.033 68412 INFO tempest.lib.common.rest_client [req-071bdd1c-c235-47f9-9bf1-c2fde5a09c0c req-071bdd1c-c235-47f9-9bf1-c2fde5a09c0c ] Request (InstanceActionsTestJSON:setUpClass): 201 POST http://10.180.1.21/identity/v3/auth/tokens 0.096s
2025-03-07 09:15:48.068 68412 INFO tempest.lib.common.rest_client [req-61f5038d-7843-4178-b582-58ce4e96e1a6 req-61f5038d-7843-4178-b582-58ce4e96e1a6 ] Request (InstanceActionsTestJSON:setUpClass): 201 POST http://10.180.1.21/identity/v3/auth/tokens 0.032s
2025-03-07 09:15:48.069 68412 INFO tempest.lib.common.fixed_network [-] (InstanceActionsTestJSON:setUpClass) Found network {'id': 'e16dbfdb-c0cd-4f8f-a761-dd42920a2cf5', 'name': 'tempest-InstanceActionsTestJSON-1128795498-network', 'tenant_id': '9be3a84b56dd4fa0a89f21ea907fe9a7', 'admin_state_up': True, 'mtu': 8950, 'status': 'ACTIVE', 'subnets': [], 'shared': False, 'project_id': '9be3a84b56dd4fa0a89f21ea907fe9a7', 'port_security_enabled': True, 'router:external': False, 'provider:network_type': 'vlan', 'provider:physical_network': 'default', 'provider:segmentation_id': 786, 'availability_zone_hints': [], 'availability_zones': [], 'ipv4_address_scope': None, 'ipv6_address_scope': None, 'description': '', 'tags': [], 'created_at': '2025-03-07T09:15:42Z', 'updated_at': '2025-03-07T09:15:42Z', 'revision_number': 1} available for tenant
2025-03-07 09:15:48.175 68418 INFO tempest.lib.common.rest_client [req-c69fe247-39a7-4be3-87fb-db1d866171bd req-c69fe247-39a7-4be3-87fb-db1d866171bd ] Request (TenantUsagesTestJSON:setUpClass): 202 POST http://10.180.1.21/compute/v2.1/servers 1.543s
2025-03-07 09:15:48.280 68426 INFO tempest.lib.common.rest_client [req-86521e36-e51b-4cb7-b75e-eb91a1eabbcc req-86521e36-e51b-4cb7-b75e-eb91a1eabbcc ] Request (ServerExternalEventsTest:test_create_server_external_events): 202 POST http://10.180.1.21/compute/v2.1/servers 1.375s
2025-03-07 09:15:48.388 68432 INFO tempest.lib.common.rest_client [req-cf9a5577-a461-4895-8939-a72e4e84c6e5 req-cf9a5577-a461-4895-8939-a72e4e84c6e5 ] Request (ImagesTestJSON:setUpClass): 200 PUT http://10.180.1.21:9696/networking/v2.0/routers/7e93db00-de1c-42fe-a337-bffa850a1b33/add_router_interface 1.436s
2025-03-07 09:15:48.388 68432 INFO tempest.lib.common.dynamic_creds [-] Created isolated network resources for: credentials: Credentials: {'domain_id': 'default', 'domain_name': 'Default', 'username': 'tempest-ImagesTestJSON-1846869846-project-member', 'project_domain_id': 'default', 'project_domain_name': 'Default', 'project_id': '965f64ed75eb43eda3fd9ac9cd804aa8', 'project_name': 'tempest-ImagesTestJSON-1846869846', 'tenant_id': '965f64ed75eb43eda3fd9ac9cd804aa8', 'tenant_name': 'tempest-ImagesTestJSON-1846869846', 'user_domain_id': 'default', 'user_domain_name': 'Default', 'user_id': 'ec4bb198f0264843ad5ba3bb258899a9', 'system': None}, Network: {'id': 'b9cc304a-773b-4dd2-945e-0d5d0a671992', 'name': 'tempest-ImagesTestJSON-196067927-network', 'tenant_id': '965f64ed75eb43eda3fd9ac9cd804aa8', 'admin_state_up': True, 'mtu': 8950, 'status': 'ACTIVE', 'subnets': [], 'shared': False, 'project_id': '965f64ed75eb43eda3fd9ac9cd804aa8', 'port_security_enabled': True, 'router:external': False, 'provider:network_type': 'vlan', 'provider:physical_network': 'default', 'provider:segmentation_id': 740, 'availability_zone_hints': [], 'availability_zones': [], 'ipv4_address_scope': None, 'ipv6_address_scope': None, 'description': '', 'tags': [], 'created_at': '2025-03-07T09:15:43Z', 'updated_at': '2025-03-07T09:15:43Z', 'revision_number': 1}, Subnet: {'id': '0b1c0cdb-463e-4c78-9c67-5ddab292f9e4', 'name': 'tempest-ImagesTestJSON-196067927-subnet', 'tenant_id': '965f64ed75eb43eda3fd9ac9cd804aa8', 'network_id': 'b9cc304a-773b-4dd2-945e-0d5d0a671992', 'ip_version': 4, 'subnetpool_id': None, 'enable_dhcp': True, 'ipv6_ra_mode': None, 'ipv6_address_mode': None, 'gateway_ip': '192.168.128.1', 'cidr': '192.168.128.0/28', 'allocation_pools': [{'start': '192.168.128.2', 'end': '192.168.128.14'}], 'host_routes': [], 'dns_nameservers': [], 'description': '', 'router:external': False, 'service_types': [], 'tags': [], 'created_at': '2025-03-07T09:15:43Z', 'updated_at': '2025-03-07T09:15:43Z', 'revision_number': 0, 'project_id': '965f64ed75eb43eda3fd9ac9cd804aa8'}, Router: {'id': '7e93db00-de1c-42fe-a337-bffa850a1b33', 'name': 'tempest-ImagesTestJSON-196067927-router', 'tenant_id': '965f64ed75eb43eda3fd9ac9cd804aa8', 'admin_state_up': True, 'status': 'ACTIVE', 'external_gateway_info': {'network_id': '8680ec55-30c2-42cf-873b-9eadd103b0a3', 'external_fixed_ips': [{'subnet_id': '88504bb6-000c-48e5-86b7-df9bf11d8225', 'ip_address': '10.180.180.226'}], 'enable_snat': True}, 'description': '', 'availability_zones': [], 'distributed': False, 'ha': False, 'availability_zone_hints': [], 'routes': [], 'flavor_id': None, 'tags': [], 'created_at': '2025-03-07T09:15:43Z', 'updated_at': '2025-03-07T09:15:45Z', 'revision_number': 2, 'project_id': '965f64ed75eb43eda3fd9ac9cd804aa8'}
2025-03-07 09:15:48.492 68432 INFO tempest.lib.common.rest_client [req-0cb1a75f-8cf7-47cb-9c35-40bdebe67a05 req-0cb1a75f-8cf7-47cb-9c35-40bdebe67a05 ] Request (ImagesTestJSON:setUpClass): 201 POST http://10.180.1.21/identity/v3/auth/tokens 0.100s
2025-03-07 09:15:48.518 68456 INFO tempest.lib.common.rest_client [req-93ee2344-801e-4d92-b79d-c26cb527fb59 req-93ee2344-801e-4d92-b79d-c26cb527fb59 ] Request (ImagesOneServerNegativeTestJSON:setUp): 200 GET http://10.180.1.21/compute/v2.1/servers/312a2247-d796-4075-81ff-4ee8510fede7 1.344s
2025-03-07 09:15:48.533 68432 INFO tempest.lib.common.rest_client [req-e6bccef0-f69d-46e7-a87c-7b2b35925b0f req-e6bccef0-f69d-46e7-a87c-7b2b35925b0f ] Request (ImagesTestJSON:test_create_image_from_stopped_server): 201 POST http://10.180.1.21/identity/v3/auth/tokens 0.037s
2025-03-07 09:15:48.533 68432 INFO tempest.lib.common.fixed_network [-] (ImagesTestJSON:test_create_image_from_stopped_server) Found network {'id': 'b9cc304a-773b-4dd2-945e-0d5d0a671992', 'name': 'tempest-ImagesTestJSON-196067927-network', 'tenant_id': '965f64ed75eb43eda3fd9ac9cd804aa8', 'admin_state_up': True, 'mtu': 8950, 'status': 'ACTIVE', 'subnets': [], 'shared': False, 'project_id': '965f64ed75eb43eda3fd9ac9cd804aa8', 'port_security_enabled': True, 'router:external': False, 'provider:network_type': 'vlan', 'provider:physical_network': 'default', 'provider:segmentation_id': 740, 'availability_zone_hints': [], 'availability_zones': [], 'ipv4_address_scope': None, 'ipv6_address_scope': None, 'description': '', 'tags': [], 'created_at': '2025-03-07T09:15:43Z', 'updated_at': '2025-03-07T09:15:43Z', 'revision_number': 1} available for tenant
2025-03-07 09:15:48.619 68458 INFO tempest.lib.common.rest_client [req-0ca91e0d-5725-4e2c-9d42-d9c49c5ad027 req-0ca91e0d-5725-4e2c-9d42-d9c49c5ad027 ] Request (ServerShowV254Test:tearDownClass): 204 DELETE http://10.180.1.21/compute/v2.1/servers/53d44dc8-08be-4e54-a832-98506680ba58 1.418s
2025-03-07 09:15:48.683 68414 INFO tempest.lib.common.rest_client [req-506b9fc8-4cdb-47f1-8d8a-2aeef0461b37 req-506b9fc8-4cdb-47f1-8d8a-2aeef0461b37 ] Request (ListServerFiltersTestJSON:setUpClass): 202 POST http://10.180.1.21/compute/v2.1/servers 1.753s
2025-03-07 09:15:48.713 68424 INFO tempest.lib.common.rest_client [req-e5f5d39d-1784-483d-a430-d709bc49a7d7 req-e5f5d39d-1784-483d-a430-d709bc49a7d7 ] Request (FlavorsAdminTestJSON:test_list_non_public_flavor): 200 POST http://10.180.1.21/compute/v2.1/flavors 1.399s
2025-03-07 09:15:48.739 68414 INFO tempest.lib.common.rest_client [req-c7309867-6d43-4ceb-8a87-06b4c8839fb2 req-c7309867-6d43-4ceb-8a87-06b4c8839fb2 ] Request (ListServerFiltersTestJSON:setUpClass): 201 POST http://10.180.1.21/identity/v3/auth/tokens 0.051s
2025-03-07 09:15:48.739 68414 INFO tempest.lib.common.fixed_network [-] (ListServerFiltersTestJSON:setUpClass) Found network {'id': '4efe4585-8a75-41da-bb9c-5f7f137cb76f', 'name': 'tempest-ListServerFiltersTestJSON-739139554-network', 'tenant_id': '67ade2be76134e118cadeaedaa173b3c', 'admin_state_up': True, 'mtu': 8950, 'status': 'ACTIVE', 'subnets': [], 'shared': False, 'project_id': '67ade2be76134e118cadeaedaa173b3c', 'port_security_enabled': True, 'router:external': False, 'provider:network_type': 'vlan', 'provider:physical_network': 'default', 'provider:segmentation_id': 616, 'availability_zone_hints': [], 'availability_zones': [], 'ipv4_address_scope': None, 'ipv6_address_scope': None, 'description': '', 'tags': [], 'created_at': '2025-03-07T09:15:43Z', 'updated_at': '2025-03-07T09:15:43Z', 'revision_number': 1} available for tenant
2025-03-07 09:15:49.078 68454 INFO tempest.lib.common.rest_client [req-5a435a9d-72c8-406d-8789-f2aa70f73519 req-5a435a9d-72c8-406d-8789-f2aa70f73519 ] Request (SecurityGroupRulesNegativeTestJSON:test_create_security_group_rule_with_invalid_port_range): 200 POST http://10.180.1.21/compute/v2.1/os-security-groups 1.538s
2025-03-07 09:15:49.090 68448 WARNING tempest.lib.common.ssh [-] Failed to establish authenticated ssh connection to cirros@10.180.180.171 ([Errno None] Unable to connect to port 22 on 10.180.180.171). Number attempts: 1. Retry after 2 seconds.: paramiko.ssh_exception.NoValidConnectionsError: [Errno None] Unable to connect to port 22 on 10.180.180.171
2025-03-07 09:15:49.174 68452 INFO tempest.lib.common.rest_client [req-78a956f5-70d2-4020-afc5-6ef836e801e3 req-78a956f5-70d2-4020-afc5-6ef836e801e3 ] Request (ServersAdminTestJSON:test_create_server_with_scheduling_hint): 200 GET http://10.180.1.21/compute/v2.1/servers/a6b06ebb-1303-4ff3-82a9-e3d8844b738e 1.601s
2025-03-07 09:15:49.333 68428 INFO tempest.lib.common.rest_client [req-00d1571b-5020-4311-a31e-672e7fd23269 req-00d1571b-5020-4311-a31e-672e7fd23269 ] Request (ServersTestMultiNic:_run_cleanups): 200 GET http://10.180.1.21/compute/v2.1/servers/f7052896-c90b-4113-8d38-5aea8806063f 1.512s
2025-03-07 09:15:49.345 68428 INFO tempest.common.waiters [-] State transition "ACTIVE/deleting" ==> "DELETED/None" after 7 second wait
2025-03-07 09:15:49.454 68442 INFO tempest.lib.common.rest_client [req-69d5d6b3-e3f2-4629-8ead-99c890a75dd1 req-69d5d6b3-e3f2-4629-8ead-99c890a75dd1 ] Request (ServersAdminNegativeTestJSON:test_migrate_non_existent_server): 404 POST http://10.180.1.21/compute/v2.1/servers/b719cd56-1195-4a6e-9be1-f7324ad605bf/action 1.539s
2025-03-07 09:15:49.533 68442 INFO tempest.lib.common.rest_client [req-f48e05fc-a3b4-44a2-aa93-52e503c1106b req-f48e05fc-a3b4-44a2-aa93-52e503c1106b ] Request (ServersAdminNegativeTestJSON:test_migrate_server_invalid_state): 201 POST http://10.180.1.21/identity/v3/auth/tokens 0.075s
2025-03-07 09:15:49.534 68442 INFO tempest.lib.common.fixed_network [-] (ServersAdminNegativeTestJSON:test_migrate_server_invalid_state) Found network None available for tenant
2025-03-07 09:15:49.658 68410 INFO tempest.lib.common.rest_client [req-d57f8fb1-dba9-4593-8cb2-ff2b7dcfe89f req-d57f8fb1-dba9-4593-8cb2-ff2b7dcfe89f ] Request (ServerActionsTestOtherB:setUpClass): 200 GET http://10.180.1.21/compute/v2.1/servers/cc928eab-c51b-4f80-a53f-70d55942c69b 1.702s
2025-03-07 09:15:49.904 68438 INFO tempest.lib.common.rest_client [req-27dbe92e-7f1d-4fef-895e-acacac04a9c8 req-27dbe92e-7f1d-4fef-895e-acacac04a9c8 ] Request (ServerRescueTestJSON:setUpClass): 200 PUT http://10.180.1.21:9696/networking/v2.0/routers/f6ba5a28-20a3-4851-bc9d-e84b5fbe5cad/add_router_interface 2.280s
2025-03-07 09:15:49.904 68438 INFO tempest.lib.common.dynamic_creds [-] Created isolated network resources for: credentials: Credentials: {'domain_id': 'default', 'domain_name': 'Default', 'username': 'tempest-ServerRescueTestJSON-70488676-project-member', 'project_domain_id': 'default', 'project_domain_name': 'Default', 'project_id': '47ad461d00de40249e1521f1a8d05a7e', 'project_name': 'tempest-ServerRescueTestJSON-70488676', 'tenant_id': '47ad461d00de40249e1521f1a8d05a7e', 'tenant_name': 'tempest-ServerRescueTestJSON-70488676', 'user_domain_id': 'default', 'user_domain_name': 'Default', 'user_id': '255f43005c25455e9a719d383eee1c7f', 'system': None}, Network: {'id': '654e885e-05c6-42a4-9b3c-cd9720084e40', 'name': 'tempest-ServerRescueTestJSON-1920025168-network', 'tenant_id': '47ad461d00de40249e1521f1a8d05a7e', 'admin_state_up': True, 'mtu': 8950, 'status': 'ACTIVE', 'subnets': [], 'shared': False, 'project_id': '47ad461d00de40249e1521f1a8d05a7e', 'port_security_enabled': True, 'router:external': False, 'provider:network_type': 'vlan', 'provider:physical_network': 'default', 'provider:segmentation_id': 815, 'availability_zone_hints': [], 'availability_zones': [], 'ipv4_address_scope': None, 'ipv6_address_scope': None, 'description': '', 'tags': [], 'created_at': '2025-03-07T09:15:44Z', 'updated_at': '2025-03-07T09:15:44Z', 'revision_number': 1}, Subnet: {'id': '3aee4e75-0b2b-4c39-b8ed-f3d5ecc61a83', 'name': 'tempest-ServerRescueTestJSON-1920025168-subnet', 'tenant_id': '47ad461d00de40249e1521f1a8d05a7e', 'network_id': '654e885e-05c6-42a4-9b3c-cd9720084e40', 'ip_version': 4, 'subnetpool_id': None, 'enable_dhcp': False, 'ipv6_ra_mode': None, 'ipv6_address_mode': None, 'gateway_ip': '192.168.128.1', 'cidr': '192.168.128.0/28', 'allocation_pools': [{'start': '192.168.128.2', 'end': '192.168.128.14'}], 'host_routes': [], 'dns_nameservers': [], 'description': '', 'router:external': False, 'service_types': [], 'tags': [], 'created_at': '2025-03-07T09:15:45Z', 'updated_at': '2025-03-07T09:15:45Z', 'revision_number': 0, 'project_id': '47ad461d00de40249e1521f1a8d05a7e'}, Router: {'id': 'f6ba5a28-20a3-4851-bc9d-e84b5fbe5cad', 'name': 'tempest-ServerRescueTestJSON-1920025168-router', 'tenant_id': '47ad461d00de40249e1521f1a8d05a7e', 'admin_state_up': True, 'status': 'ACTIVE', 'external_gateway_info': {'network_id': '8680ec55-30c2-42cf-873b-9eadd103b0a3', 'external_fixed_ips': [{'subnet_id': '88504bb6-000c-48e5-86b7-df9bf11d8225', 'ip_address': '10.180.180.147'}], 'enable_snat': True}, 'description': '', 'availability_zones': [], 'distributed': False, 'ha': False, 'availability_zone_hints': [], 'routes': [], 'flavor_id': None, 'tags': [], 'created_at': '2025-03-07T09:15:45Z', 'updated_at': '2025-03-07T09:15:46Z', 'revision_number': 2, 'project_id': '47ad461d00de40249e1521f1a8d05a7e'}
2025-03-07 09:15:50.009 68438 INFO tempest.lib.common.rest_client [req-c3e5374b-5221-4fc3-8cbb-2f8c26e65864 req-c3e5374b-5221-4fc3-8cbb-2f8c26e65864 ] Request (ServerRescueTestJSON:setUpClass): 201 POST http://10.180.1.21/identity/v3/auth/tokens 0.100s
2025-03-07 09:15:50.038 68438 INFO tempest.lib.common.rest_client [req-49020f84-2a93-4fc2-afe0-5c8812b1eb6c req-49020f84-2a93-4fc2-afe0-5c8812b1eb6c ] Request (ServerRescueTestJSON:setUpClass): 201 POST http://10.180.1.21/identity/v3/auth/tokens 0.025s
2025-03-07 09:15:50.038 68438 INFO tempest.lib.common.fixed_network [-] (ServerRescueTestJSON:setUpClass) Found network {'id': '654e885e-05c6-42a4-9b3c-cd9720084e40', 'name': 'tempest-ServerRescueTestJSON-1920025168-network', 'tenant_id': '47ad461d00de40249e1521f1a8d05a7e', 'admin_state_up': True, 'mtu': 8950, 'status': 'ACTIVE', 'subnets': [], 'shared': False, 'project_id': '47ad461d00de40249e1521f1a8d05a7e', 'port_security_enabled': True, 'router:external': False, 'provider:network_type': 'vlan', 'provider:physical_network': 'default', 'provider:segmentation_id': 815, 'availability_zone_hints': [], 'availability_zones': [], 'ipv4_address_scope': None, 'ipv6_address_scope': None, 'description': '', 'tags': [], 'created_at': '2025-03-07T09:15:44Z', 'updated_at': '2025-03-07T09:15:44Z', 'revision_number': 1} available for tenant
2025-03-07 09:15:50.178 68434 WARNING tempest.lib.common.ssh [-] Failed to establish authenticated ssh connection to cirros@10.180.180.138 ([Errno None] Unable to connect to port 22 on 10.180.180.138). Number attempts: 1. Retry after 2 seconds.: paramiko.ssh_exception.NoValidConnectionsError: [Errno None] Unable to connect to port 22 on 10.180.180.138
2025-03-07 09:15:50.256 68441 INFO tempest.lib.common.rest_client [req-bc8abda6-958a-4930-809f-71765b51de75 req-bc8abda6-958a-4930-809f-71765b51de75 ] Request (DeleteServersTestJSON:test_delete_server_while_in_attached_volume): 202 POST http://10.180.1.21/compute/v2.1/servers 2.262s
2025-03-07 09:15:50.368 68466 WARNING tempest.lib.common.ssh [-] Failed to establish authenticated ssh connection to cirros@10.180.180.247 ([Errno None] Unable to connect to port 22 on 10.180.180.247). Number attempts: 6. Retry after 7 seconds.: paramiko.ssh_exception.NoValidConnectionsError: [Errno None] Unable to connect to port 22 on 10.180.180.247
2025-03-07 09:15:50.697 68416 INFO tempest.lib.common.rest_client [req-1749bec8-1165-41bb-bfad-de6c62a1c889 req-1749bec8-1165-41bb-bfad-de6c62a1c889 ] Request (FloatingIPsAssociationTestJSON:test_associate_already_associated_floating_ip): 202 POST http://10.180.1.21/compute/v2.1/servers/abb105e4-4494-4a98-bfa7-11358ddecdea/action 3.419s
2025-03-07 09:15:50.712 68412 INFO tempest.lib.common.rest_client [req-d6add689-7dc3-4ecc-80d1-86642a4bc698 req-d6add689-7dc3-4ecc-80d1-86642a4bc698 ] Request (InstanceActionsTestJSON:setUpClass): 202 POST http://10.180.1.21/compute/v2.1/servers 2.643s
2025-03-07 09:15:50.787 68418 INFO tempest.lib.common.rest_client [req-deeafe05-5e05-48f8-8727-ee968ee03718 req-deeafe05-5e05-48f8-8727-ee968ee03718 ] Request (TenantUsagesTestJSON:setUpClass): 200 GET http://10.180.1.21/compute/v2.1/servers/e433ee92-ece7-4bda-85d1-76cfa321ede9 2.608s
2025-03-07 09:15:50.787 68422 INFO tempest.lib.common.rest_client [req-f71a664c-b047-4f84-b16e-6356a5865c74 req-f71a664c-b047-4f84-b16e-6356a5865c74 ] Request (ServersTestManualDisk:setUpClass): 200 GET http://10.180.1.21/compute/v2.1/servers/c5373bba-94e4-4b88-9421-d509a56f4238 2.653s
2025-03-07 09:15:50.874 68430 INFO tempest.lib.common.rest_client [req-71a42717-1981-46b5-bf94-3fc1b966f8f6 req-71a42717-1981-46b5-bf94-3fc1b966f8f6 ] Request (ServersAdmin275Test:tearDownClass): 200 GET http://10.180.1.21/compute/v2.1/servers/2c656a62-f558-42f7-8eb3-15a202ad81cc 2.573s
2025-03-07 09:15:50.879 68426 INFO tempest.lib.common.rest_client [req-ec11a0ee-8287-4121-9df0-32152c40eea2 req-ec11a0ee-8287-4121-9df0-32152c40eea2 ] Request (ServerExternalEventsTest:test_create_server_external_events): 200 GET http://10.180.1.21/compute/v2.1/servers/8b53bec3-130d-4624-97f0-ca39d94fcd89 2.598s
