2025-03-07 09:17:16.891 68428 INFO tempest.lib.common.rest_client [req-55f30f29-f647-4fb4-b783-c26a4980217d req-55f30f29-f647-4fb4-b783-c26a4980217d ] Request (ServersTestMultiNic:test_verify_multiple_nics_order): 200 GET http://10.180.1.21/compute/v2.1/servers/d93aeda1-6df1-4968-89ff-2a4dbf865c98 0.240s
2025-03-07 09:17:16.930 68452 INFO tempest.lib.common.rest_client [req-66482f28-8258-47a6-a225-ad60c8ad7bff req-66482f28-8258-47a6-a225-ad60c8ad7bff ] Request (ServersAdminTestJSON:test_inject_network_info): 200 GET http://10.180.1.21/compute/v2.1/servers/c7324ad3-0fb9-4322-b708-dd9d86aa6b6d 0.253s
2025-03-07 09:17:16.964 68416 INFO tempest.lib.common.rest_client [req-357df92d-8ba3-4e4f-835e-a4374a5001c6 req-357df92d-8ba3-4e4f-835e-a4374a5001c6 ] Request (FloatingIPsAssociationNegativeTestJSON:setUpClass): 200 GET http://10.180.1.21/compute/v2.1/servers/6a894398-7cdf-4c97-a46e-13992f90a91d 0.241s
2025-03-07 09:17:16.968 68436 INFO tempest.lib.common.rest_client [req-fc11fe99-9967-4d14-b00f-5a9daa207874 req-fc11fe99-9967-4d14-b00f-5a9daa207874 ] Request (SecurityGroupsTestAdminJSON:tearDownClass): 201 POST http://10.180.1.21/identity/v3/auth/tokens 0.078s
2025-03-07 09:17:16.979 68432 INFO tempest.lib.common.rest_client [req-55659891-ec01-4784-a6a4-b197edf67381 req-55659891-ec01-4784-a6a4-b197edf67381 ] Request (ImagesTestJSON:test_create_image_from_stopped_server): 200 GET http://10.180.1.21/compute/v2.1/images/009ff745-edb1-49f1-89d3-f74e24ebf64a 0.256s
2025-03-07 09:17:17.024 68456 INFO tempest.lib.common.rest_client [req-a00aae42-a6a8-471b-9741-3e013b58dd4c req-a00aae42-a6a8-471b-9741-3e013b58dd4c ] Request (ImagesOneServerNegativeTestJSON:_run_cleanups): 200 GET http://10.180.1.21/compute/v2.1/servers/26a22789-6320-44ea-bd82-9485f81b22d7 0.242s
2025-03-07 09:17:17.057 68464 INFO tempest.lib.common.rest_client [req-9a0e5244-5f3f-429c-a064-89b02a4a6c1f req-9a0e5244-5f3f-429c-a064-89b02a4a6c1f ] Request (ServersListShow296Test:tearDownClass): 200 GET http://10.180.1.21/compute/v2.1/servers/db761107-7da8-4117-a5c7-9a9c00780487 0.204s
2025-03-07 09:17:17.076 68436 INFO tempest.lib.common.rest_client [req-cd7854b7-80ab-4a1b-a36e-bf688d9544b8 req-cd7854b7-80ab-4a1b-a36e-bf688d9544b8 ] Request (SecurityGroupsTestAdminJSON:tearDownClass): 200 GET http://10.180.1.21:9696/networking/v2.0/security-groups?tenant_id=7623e829f0454daa978d23cf6afb2fe2&name=default 0.107s
2025-03-07 09:17:17.079 68430 INFO tempest.lib.common.rest_client [req-fa7ba510-38af-48c6-8de3-f3ea7087740b req-fa7ba510-38af-48c6-8de3-f3ea7087740b ] Request (AttachInterfacesUnderV243Test:test_add_remove_fixed_ip): 200 GET http://10.180.1.21/compute/v2.1/servers/3d9a341a-b557-4672-8277-ffc6f71c1397 0.177s
2025-03-07 09:17:17.220 68442 INFO tempest.lib.common.rest_client [req-b79e1cc7-9727-405f-834f-b20cb6d16d1b req-b79e1cc7-9727-405f-834f-b20cb6d16d1b ] Request (ServersAdminNegativeTestJSON:test_migrate_server_invalid_state): 200 GET http://10.180.1.21/compute/v2.1/servers/09f7e7be-d9dc-40cd-acd1-1655812fe818 0.205s
2025-03-07 09:17:17.228 68441 INFO tempest.lib.common.rest_client [req-9b378f5d-33d0-40bb-9306-7a49e7e02989 req-9b378f5d-33d0-40bb-9306-7a49e7e02989 ] Request (DeleteServersTestJSON:test_delete_server_while_in_attached_volume): 200 GET http://10.180.1.21/compute/v2.1/servers/0d241e7c-dd42-44d5-9872-3745f26d796e 0.142s
2025-03-07 09:17:17.241 68436 INFO tempest.lib.common.rest_client [req-772b76d3-c67f-4ad0-9bba-f3fa4cdbe970 req-772b76d3-c67f-4ad0-9bba-f3fa4cdbe970 ] Request (SecurityGroupsTestAdminJSON:tearDownClass): 204 DELETE http://10.180.1.21:9696/networking/v2.0/security-groups/4832e812-cc6a-4721-a822-15ee2d0e1835 0.165s
2025-03-07 09:17:17.303 68418 INFO tempest.lib.common.rest_client [req-2d428587-cbf7-4b4e-bcbb-d1403623a679 req-2d428587-cbf7-4b4e-bcbb-d1403623a679 ] Request (TenantUsagesTestJSON:tearDownClass): 200 GET http://10.180.1.21/compute/v2.1/servers/e433ee92-ece7-4bda-85d1-76cfa321ede9 0.149s
2025-03-07 09:17:17.317 68426 INFO tempest.lib.common.rest_client [req-bb7b1ab9-3a60-494d-9d1b-6f05bb583de3 req-bb7b1ab9-3a60-494d-9d1b-6f05bb583de3 ] Request (ServerExternalEventsTest:tearDownClass): 200 GET http://10.180.1.21/compute/v2.1/servers/8b53bec3-130d-4624-97f0-ca39d94fcd89 0.096s
2025-03-07 09:17:17.321 68436 INFO tempest.lib.common.rest_client [req-f3ba3172-276b-4f6a-b24e-e43c3c37f237 req-f3ba3172-276b-4f6a-b24e-e43c3c37f237 ] Request (SecurityGroupsTestAdminJSON:tearDownClass): 204 DELETE http://10.180.1.21/identity/v3/projects/7623e829f0454daa978d23cf6afb2fe2 0.080s
2025-03-07 09:17:17.322 68436 INFO tempest.lib.common.dynamic_creds [-] Deleting project and security group for project: c197842e8a31470ca788c275460db600
2025-03-07 09:17:17.366 68420 INFO tempest.lib.common.rest_client [req-a57fe098-6ff1-42e9-8206-3e70b298a1aa req-a57fe098-6ff1-42e9-8206-3e70b298a1aa ] Request (ServerActionsV293TestJSON:setUpClass): 200 GET http://10.180.1.21/compute/v2.1/servers/f93bfb2f-96b2-4f2f-a1c8-dbddb8ca0d58 0.135s
2025-03-07 09:17:17.391 68436 INFO tempest.lib.common.rest_client [req-a25684cc-c48b-413c-8207-3eeef5c83f09 req-a25684cc-c48b-413c-8207-3eeef5c83f09 ] Request (SecurityGroupsTestAdminJSON:tearDownClass): 200 GET http://10.180.1.21:9696/networking/v2.0/security-groups?tenant_id=c197842e8a31470ca788c275460db600&name=default 0.069s
2025-03-07 09:17:17.397 68462 INFO tempest.lib.common.rest_client [req-f255c135-2f7f-4b5b-b3e0-d81f81aa5089 req-f255c135-2f7f-4b5b-b3e0-d81f81aa5089 ] Request (ServersTestJSON:setUpClass): 200 GET http://10.180.1.21/compute/v2.1/servers/f73d6245-6df4-47d5-98c4-643dfe7fa81e 0.116s
2025-03-07 09:17:17.478 68436 INFO tempest.lib.common.rest_client [req-dcfd2093-db94-4f0d-b264-922a0b9d0e01 req-dcfd2093-db94-4f0d-b264-922a0b9d0e01 ] Request (SecurityGroupsTestAdminJSON:tearDownClass): 204 DELETE http://10.180.1.21:9696/networking/v2.0/security-groups/2488f037-9ff7-49a1-81e5-f332e0bdd41a 0.086s
2025-03-07 09:17:17.587 68436 INFO tempest.lib.common.rest_client [req-3cb0c7cb-b4a2-484e-83f9-50bd0c454929 req-3cb0c7cb-b4a2-484e-83f9-50bd0c454929 ] Request (SecurityGroupsTestAdminJSON:tearDownClass): 204 DELETE http://10.180.1.21/identity/v3/projects/c197842e8a31470ca788c275460db600 0.108s
2025-03-07 09:17:17.588 68444 INFO paramiko.transport [-] Connected (version 2.0, client dropbear_2020.81)
2025-03-07 09:17:17.619 68412 INFO tempest.lib.common.rest_client [req-3ec779e0-0202-466a-b4da-f01adc9b94f5 req-3ec779e0-0202-466a-b4da-f01adc9b94f5 ] Request (InstanceActionsTestJSON:tearDownClass): 200 GET http://10.180.1.21/compute/v2.1/servers/43b0abe5-0b57-46f0-bccc-0c4398ad8ff5 0.102s
2025-03-07 09:17:17.622 68424 INFO tempest.lib.common.rest_client [req-60738614-801e-4b6a-80da-a093a001b892 req-60738614-801e-4b6a-80da-a093a001b892 ] Request (ListServersNegativeTestJSON:setUpClass): 200 GET http://10.180.1.21/compute/v2.1/servers/7516cc2e-e16f-4751-aa29-8b17dbfcbf97 0.074s
2025-03-07 09:17:17.655 68436 INFO tempest.lib.common.rest_client [req-a566e76a-8c72-4461-8350-c36516735657 req-a566e76a-8c72-4461-8350-c36516735657 ] Request (KeyPairsV2TestJSON:setUpClass): 201 POST http://10.180.1.21/identity/v3/auth/tokens 0.066s
2025-03-07 09:17:17.687 68436 INFO tempest.lib.common.rest_client [req-3bb61708-dac9-4090-913c-82a960d8ffb3 req-3bb61708-dac9-4090-913c-82a960d8ffb3 ] Request (KeyPairsV2TestJSON:setUpClass): 201 POST http://10.180.1.21/identity/v3/auth/tokens 0.029s
2025-03-07 09:17:17.691 68444 INFO paramiko.transport [-] Authentication (publickey) successful!
2025-03-07 09:17:17.692 68444 INFO tempest.lib.common.ssh [-] ssh connection to cirros@10.180.180.162 successfully created
2025-03-07 09:17:17.711 68468 INFO tempest.lib.common.rest_client [req-c848fa90-8597-4f8e-bdbd-880831377f29 req-c848fa90-8597-4f8e-bdbd-880831377f29 ] Request (SecurityGroupsTestJSON:test_server_security_groups): 200 GET http://10.180.1.21/compute/v2.1/servers/6bf38e3a-9389-4130-b6a4-4e8ed5db72ed 0.054s
2025-03-07 09:17:17.714 68436 INFO tempest.lib.common.rest_client [req-968309d3-ce6a-47b3-b5ca-e744a496b300 req-968309d3-ce6a-47b3-b5ca-e744a496b300 ] Request (KeyPairsV2TestJSON:setUpClass): 200 GET http://10.180.1.21/identity/v3/domains?name=Default 0.026s
2025-03-07 09:17:17.741 68436 INFO tempest.lib.common.rest_client [req-967f05eb-0b19-4f32-b9a8-904abe5f9aea req-967f05eb-0b19-4f32-b9a8-904abe5f9aea ] Request (KeyPairsV2TestJSON:setUpClass): 201 POST http://10.180.1.21/identity/v3/projects 0.026s
2025-03-07 09:17:17.804 68436 INFO tempest.lib.common.rest_client [req-f7201df5-87d1-48ac-88d7-b39856b24387 req-f7201df5-87d1-48ac-88d7-b39856b24387 ] Request (KeyPairsV2TestJSON:setUpClass): 201 POST http://10.180.1.21/identity/v3/users 0.062s
2025-03-07 09:17:17.827 68436 INFO tempest.lib.common.rest_client [req-a9e66b44-77b2-4ec0-a6bf-34c0be34969b req-a9e66b44-77b2-4ec0-a6bf-34c0be34969b ] Request (KeyPairsV2TestJSON:setUpClass): 200 GET http://10.180.1.21/identity/v3/roles 0.023s
2025-03-07 09:17:17.858 68436 INFO tempest.lib.common.rest_client [req-8e034b2e-80e2-4d15-a08f-e24301c3878e req-8e034b2e-80e2-4d15-a08f-e24301c3878e ] Request (KeyPairsV2TestJSON:setUpClass): 204 PUT http://10.180.1.21/identity/v3/projects/7e0619ea12744807a73c27eb59a729ec/users/b867c67ac9634a10ac15da64f896d9c9/roles/ff75510f71d64899a99008ca6b7c677c 0.030s
2025-03-07 09:17:17.859 68436 INFO tempest.lib.common.dynamic_creds [-] Dynamic test user b867c67ac9634a10ac15da64f896d9c9 is created with scope project and roles: ['member']
2025-03-07 09:17:17.859 68436 INFO tempest.lib.common.dynamic_creds [-] Acquired dynamic creds: credentials: Credentials: {'domain_id': 'default', 'domain_name': 'Default', 'username': 'tempest-KeyPairsV2TestJSON-1107383660-project-member', 'project_domain_id': 'default', 'project_domain_name': 'Default', 'project_id': '7e0619ea12744807a73c27eb59a729ec', 'project_name': 'tempest-KeyPairsV2TestJSON-1107383660', 'tenant_id': '7e0619ea12744807a73c27eb59a729ec', 'tenant_name': 'tempest-KeyPairsV2TestJSON-1107383660', 'user_domain_id': 'default', 'user_domain_name': 'Default', 'user_id': 'b867c67ac9634a10ac15da64f896d9c9', 'system': None}, Network: None, Subnet: None, Router: None
2025-03-07 09:17:17.859 68436 INFO tempest.lib.common.dynamic_creds [-] Created isolated network resources for: credentials: Credentials: {'domain_id': 'default', 'domain_name': 'Default', 'username': 'tempest-KeyPairsV2TestJSON-1107383660-project-member', 'project_domain_id': 'default', 'project_domain_name': 'Default', 'project_id': '7e0619ea12744807a73c27eb59a729ec', 'project_name': 'tempest-KeyPairsV2TestJSON-1107383660', 'tenant_id': '7e0619ea12744807a73c27eb59a729ec', 'tenant_name': 'tempest-KeyPairsV2TestJSON-1107383660', 'user_domain_id': 'default', 'user_domain_name': 'Default', 'user_id': 'b867c67ac9634a10ac15da64f896d9c9', 'system': None}, Network: None, Subnet: None, Router: None
2025-03-07 09:17:17.926 68438 INFO tempest.lib.common.rest_client [req-306cd6e5-d0e5-4835-b60d-57b00cde3fef req-306cd6e5-d0e5-4835-b60d-57b00cde3fef ] Request (ServerRescueTestJSON:setUpClass): 200 GET http://10.180.1.21/compute/v2.1/servers/04fe4efc-95d3-4339-b76c-44d720ab2bd4 0.098s
2025-03-07 09:17:17.933 68438 INFO tempest.common.waiters [-] State transition "BUILD/spawning" ==> "ACTIVE/None" after 84 second wait
2025-03-07 09:17:17.941 68436 INFO tempest.lib.common.rest_client [req-8a0243a4-4a11-433e-8c6b-115f50b4e8a7 req-8a0243a4-4a11-433e-8c6b-115f50b4e8a7 ] Request (KeyPairsV2TestJSON:setUpClass): 201 POST http://10.180.1.21/identity/v3/auth/tokens 0.077s
2025-03-07 09:17:18.019 68414 INFO tempest.lib.common.rest_client [req-e1bdcdb7-35e5-4919-a6ec-4766f724edbe req-e1bdcdb7-35e5-4919-a6ec-4766f724edbe ] Request (ListServerFiltersTestJSON:test_list_servers_filter_by_shutoff_status): 200 GET http://10.180.1.21/compute/v2.1/servers/e3791c02-489d-4e5e-a268-17bd16e6f7e4 0.180s
2025-03-07 09:17:18.068 68408 INFO tempest.lib.common.rest_client [req-a0047bdf-b4bf-4331-8628-e84989ae8b03 req-a0047bdf-b4bf-4331-8628-e84989ae8b03 ] Request (MigrationsAdminTest:test_resize_server_revert_deleted_flavor): 200 GET http://10.180.1.21/compute/v2.1/servers/771c988f-c1fb-4ba3-8f25-c17d7caf3c50 0.182s
2025-03-07 09:17:18.115 68428 INFO tempest.lib.common.rest_client [req-7e665402-8896-4a8b-a94c-0bbddd13f5f9 req-7e665402-8896-4a8b-a94c-0bbddd13f5f9 ] Request (ServersTestMultiNic:test_verify_multiple_nics_order): 200 GET http://10.180.1.21/compute/v2.1/servers/d93aeda1-6df1-4968-89ff-2a4dbf865c98 0.216s
2025-03-07 09:17:18.197 68438 INFO tempest.lib.common.rest_client [req-92b7c3b6-f4db-4da1-aba3-025b54aacb08 req-92b7c3b6-f4db-4da1-aba3-025b54aacb08 ] Request (ServerRescueTestJSON:setUpClass): 200 POST http://10.180.1.21/compute/v2.1/servers/04fe4efc-95d3-4339-b76c-44d720ab2bd4/action 0.263s
2025-03-07 09:17:18.243 68452 INFO tempest.lib.common.rest_client [req-c5fa828b-8da0-47f7-9a67-c505802af217 req-c5fa828b-8da0-47f7-9a67-c505802af217 ] Request (ServersAdminTestJSON:test_inject_network_info): 200 GET http://10.180.1.21/compute/v2.1/servers/c7324ad3-0fb9-4322-b708-dd9d86aa6b6d 0.304s
2025-03-07 09:17:18.336 68436 INFO tempest.lib.common.rest_client [req-af5eb364-ec89-489d-829e-20e2eca2ee31 req-af5eb364-ec89-489d-829e-20e2eca2ee31 ] Request (KeyPairsV2TestJSON:test_get_keypair_detail): 200 POST http://10.180.1.21/compute/v2.1/os-keypairs 0.393s
2025-03-07 09:17:18.381 68416 INFO tempest.lib.common.rest_client [req-11a82301-ffea-45d4-ae19-f2c0080186ab req-11a82301-ffea-45d4-ae19-f2c0080186ab ] Request (FloatingIPsAssociationNegativeTestJSON:setUpClass): 200 GET http://10.180.1.21/compute/v2.1/servers/6a894398-7cdf-4c97-a46e-13992f90a91d 0.406s
2025-03-07 09:17:18.415 68432 INFO tempest.lib.common.rest_client [req-99336e5b-a77f-41fc-b8c4-19887a5afe88 req-99336e5b-a77f-41fc-b8c4-19887a5afe88 ] Request (ImagesTestJSON:test_create_image_from_stopped_server): 200 GET http://10.180.1.21/compute/v2.1/images/009ff745-edb1-49f1-89d3-f74e24ebf64a 0.431s
2025-03-07 09:17:18.469 68456 INFO tempest.lib.common.rest_client [req-1b2d612c-4ccd-4268-ac9e-239d7e1aaf0a req-1b2d612c-4ccd-4268-ac9e-239d7e1aaf0a ] Request (ImagesOneServerNegativeTestJSON:_run_cleanups): 200 GET http://10.180.1.21/compute/v2.1/servers/26a22789-6320-44ea-bd82-9485f81b22d7 0.435s
2025-03-07 09:17:18.544 68464 INFO tempest.lib.common.rest_client [req-d49e013b-b8ad-4c7c-93a5-fa0daec74da2 req-d49e013b-b8ad-4c7c-93a5-fa0daec74da2 ] Request (ServersListShow296Test:tearDownClass): 200 GET http://10.180.1.21/compute/v2.1/servers/db761107-7da8-4117-a5c7-9a9c00780487 0.476s
2025-03-07 09:17:18.593 68430 INFO tempest.lib.common.rest_client [req-905717ed-0448-4527-9b34-e6425d2beaec req-905717ed-0448-4527-9b34-e6425d2beaec ] Request (AttachInterfacesUnderV243Test:test_add_remove_fixed_ip): 200 GET http://10.180.1.21/compute/v2.1/servers/3d9a341a-b557-4672-8277-ffc6f71c1397 0.502s
2025-03-07 09:17:18.962 68438 INFO tempest.lib.common.rest_client [req-812a0dbb-f7ab-4955-aef4-aad0a4e3323a req-812a0dbb-f7ab-4955-aef4-aad0a4e3323a ] Request (ServerRescueTestJSON:setUpClass): 200 GET http://10.180.1.21/compute/v2.1/servers/04fe4efc-95d3-4339-b76c-44d720ab2bd4 0.764s
2025-03-07 09:17:19.069 68442 INFO tempest.lib.common.rest_client [req-8f7ee5d5-2567-442d-8dc4-456dbf98f95a req-8f7ee5d5-2567-442d-8dc4-456dbf98f95a ] Request (ServersAdminNegativeTestJSON:test_migrate_server_invalid_state): 200 GET http://10.180.1.21/compute/v2.1/servers/09f7e7be-d9dc-40cd-acd1-1655812fe818 0.839s
2025-03-07 09:17:19.076 68442 INFO tempest.common.waiters [-] State transition "ACTIVE/suspending" ==> "SUSPENDED/None" after 3 second wait
2025-03-07 09:17:19.116 68441 INFO tempest.lib.common.rest_client [req-db1bafa1-f38b-4fee-bf5b-8a8ec46acede req-db1bafa1-f38b-4fee-bf5b-8a8ec46acede ] Request (DeleteServersTestJSON:test_delete_server_while_in_attached_volume): 200 GET http://10.180.1.21/compute/v2.1/servers/0d241e7c-dd42-44d5-9872-3745f26d796e 0.876s
2025-03-07 09:17:19.172 68418 INFO tempest.lib.common.rest_client [req-bb3ee997-76ff-4af7-b473-11cb9339ed1e req-bb3ee997-76ff-4af7-b473-11cb9339ed1e ] Request (TenantUsagesTestJSON:tearDownClass): 200 GET http://10.180.1.21/compute/v2.1/servers/e433ee92-ece7-4bda-85d1-76cfa321ede9 0.860s
2025-03-07 09:17:19.233 68426 INFO tempest.lib.common.rest_client [req-8537da72-27e4-44bf-a718-4b46cda9c99a req-8537da72-27e4-44bf-a718-4b46cda9c99a ] Request (ServerExternalEventsTest:tearDownClass): 200 GET http://10.180.1.21/compute/v2.1/servers/8b53bec3-130d-4624-97f0-ca39d94fcd89 0.908s
2025-03-07 09:17:19.242 68436 INFO tempest.lib.common.rest_client [req-3044bf4e-bce4-4fb7-88b0-0b7703bf7665 req-3044bf4e-bce4-4fb7-88b0-0b7703bf7665 ] Request (KeyPairsV2TestJSON:test_get_keypair_detail): 200 GET http://10.180.1.21/compute/v2.1/os-keypairs/tempest-keypair-1767801514 0.905s
2025-03-07 09:17:19.294 68420 INFO tempest.lib.common.rest_client [req-1cbe8650-2c37-4b7a-86c3-35d94528cd02 req-1cbe8650-2c37-4b7a-86c3-35d94528cd02 ] Request (ServerActionsV293TestJSON:setUpClass): 200 GET http://10.180.1.21/compute/v2.1/servers/f93bfb2f-96b2-4f2f-a1c8-dbddb8ca0d58 0.916s
2025-03-07 09:17:19.309 68434 WARNING tempest.lib.common.ssh [-] Failed to establish authenticated ssh connection to cirros@10.180.180.138 ([Errno None] Unable to connect to port 22 on 10.180.180.138). Number attempts: 11. Retry after 12 seconds.: paramiko.ssh_exception.NoValidConnectionsError: [Errno None] Unable to connect to port 22 on 10.180.180.138
2025-03-07 09:17:19.348 68462 INFO tempest.lib.common.rest_client [req-e0140c6f-79c6-4b92-9a5d-c55451e4d71b req-e0140c6f-79c6-4b92-9a5d-c55451e4d71b ] Request (ServersTestJSON:setUpClass): 200 GET http://10.180.1.21/compute/v2.1/servers/f73d6245-6df4-47d5-98c4-643dfe7fa81e 0.939s
2025-03-07 09:17:19.355 68462 INFO tempest.common.waiters [-] State transition "BUILD/None" ==> "BUILD/networking" after 75 second wait
2025-03-07 09:17:19.355 68444 INFO tempest.lib.common.rest_client [req-2f09ce5b-d4c4-4735-85c8-8f85191c91a1 req-2f09ce5b-d4c4-4735-85c8-8f85191c91a1 ] Request (VolumesAssistedSnapshotsTest:test_volume_assisted_snapshot_create_delete): 200 POST http://10.180.1.21/compute/v2.1/servers/da71d402-1cd8-4859-a0b7-de637efebb69/os-volume_attachments 1.663s
2025-03-07 09:17:19.386 68444 INFO tempest.lib.common.rest_client [req-b1720257-485d-4f3f-85a9-4b167ecd76d3 req-b1720257-485d-4f3f-85a9-4b167ecd76d3 ] Request (VolumesAssistedSnapshotsTest:test_volume_assisted_snapshot_create_delete): 200 GET http://10.180.1.21/volume/v3/volumes/e70aa25f-2e5d-47f5-b70c-6ff2a8781029 0.029s
2025-03-07 09:17:19.421 68424 INFO tempest.lib.common.rest_client [req-5f49b7af-d28e-48b2-9753-30042a079d61 req-5f49b7af-d28e-48b2-9753-30042a079d61 ] Request (ListServersNegativeTestJSON:setUpClass): 200 GET http://10.180.1.21/compute/v2.1/servers/7516cc2e-e16f-4751-aa29-8b17dbfcbf97 0.789s
2025-03-07 09:17:19.422 68412 INFO tempest.lib.common.rest_client [req-20f50f4c-e806-47d2-b35d-1e3137f9dc06 req-20f50f4c-e806-47d2-b35d-1e3137f9dc06 ] Request (InstanceActionsTestJSON:tearDownClass): 200 GET http://10.180.1.21/compute/v2.1/servers/43b0abe5-0b57-46f0-bccc-0c4398ad8ff5 0.796s
2025-03-07 09:17:19.486 68468 INFO tempest.lib.common.rest_client [req-164e4ae0-679c-481e-8de9-78761df6eb09 req-164e4ae0-679c-481e-8de9-78761df6eb09 ] Request (SecurityGroupsTestJSON:test_server_security_groups): 200 GET http://10.180.1.21/compute/v2.1/servers/6bf38e3a-9389-4130-b6a4-4e8ed5db72ed 0.766s
2025-03-07 09:17:19.552 68414 INFO tempest.lib.common.rest_client [req-8fb84904-698b-4b35-b744-204c65c5e960 req-8fb84904-698b-4b35-b744-204c65c5e960 ] Request (ListServerFiltersTestJSON:test_list_servers_filter_by_shutoff_status): 200 GET http://10.180.1.21/compute/v2.1/servers/e3791c02-489d-4e5e-a268-17bd16e6f7e4 0.525s
2025-03-07 09:17:19.553 68442 INFO tempest.lib.common.rest_client [req-fe1a75da-16b8-4fe1-bb67-c5b5e2772806 req-fe1a75da-16b8-4fe1-bb67-c5b5e2772806 ] Request (ServersAdminNegativeTestJSON:test_migrate_server_invalid_state): 409 POST http://10.180.1.21/compute/v2.1/servers/09f7e7be-d9dc-40cd-acd1-1655812fe818/action 0.477s
2025-03-07 09:17:19.559 68414 INFO tempest.common.waiters [-] State transition "ACTIVE/powering-off" ==> "SHUTOFF/None" after 3 second wait
2025-03-07 09:17:19.615 68408 INFO tempest.lib.common.rest_client [req-5e1bc405-fda2-4422-8432-65ea20e35430 req-5e1bc405-fda2-4422-8432-65ea20e35430 ] Request (MigrationsAdminTest:test_resize_server_revert_deleted_flavor): 200 GET http://10.180.1.21/compute/v2.1/servers/771c988f-c1fb-4ba3-8f25-c17d7caf3c50 0.539s
2025-03-07 09:17:19.617 68428 INFO tempest.lib.common.rest_client [req-6b77ce1e-5f1f-4a56-b7b4-7796e2a5aa4b req-6b77ce1e-5f1f-4a56-b7b4-7796e2a5aa4b ] Request (ServersTestMultiNic:test_verify_multiple_nics_order): 200 GET http://10.180.1.21/compute/v2.1/servers/d93aeda1-6df1-4968-89ff-2a4dbf865c98 0.493s
2025-03-07 09:17:19.623 68408 INFO tempest.common.waiters [-] State transition "BUILD/scheduling" ==> "BUILD/None" after 32 second wait
2025-03-07 09:17:19.630 68436 INFO tempest.lib.common.rest_client [req-ea3dc39f-0d40-4d96-8808-5d2cb3595471 req-ea3dc39f-0d40-4d96-8808-5d2cb3595471 ] Request (KeyPairsV2TestJSON:_run_cleanups): 202 DELETE http://10.180.1.21/compute/v2.1/os-keypairs/tempest-keypair-1767801514 0.385s
2025-03-07 09:17:19.664 68452 INFO tempest.lib.common.rest_client [req-f84d731f-978e-48fa-b9b3-bfcc0abae118 req-f84d731f-978e-48fa-b9b3-bfcc0abae118 ] Request (ServersAdminTestJSON:test_inject_network_info): 200 GET http://10.180.1.21/compute/v2.1/servers/c7324ad3-0fb9-4322-b708-dd9d86aa6b6d 0.413s
2025-03-07 09:17:19.687 68416 INFO tempest.lib.common.rest_client [req-6e18a881-cf07-4543-a200-737ca771672e req-6e18a881-cf07-4543-a200-737ca771672e ] Request (FloatingIPsAssociationNegativeTestJSON:setUpClass): 200 GET http://10.180.1.21/compute/v2.1/servers/6a894398-7cdf-4c97-a46e-13992f90a91d 0.299s
2025-03-07 09:17:19.698 68432 INFO tempest.lib.common.rest_client [req-1ecf296d-a11e-4765-a968-17aa38406a76 req-1ecf296d-a11e-4765-a968-17aa38406a76 ] Request (ImagesTestJSON:test_create_image_from_stopped_server): 200 GET http://10.180.1.21/compute/v2.1/images/009ff745-edb1-49f1-89d3-f74e24ebf64a 0.278s
2025-03-07 09:17:19.743 68456 INFO tempest.lib.common.rest_client [req-b8c83c4a-ac19-45f0-9069-fb1fb0bc5102 req-b8c83c4a-ac19-45f0-9069-fb1fb0bc5102 ] Request (ImagesOneServerNegativeTestJSON:_run_cleanups): 200 GET http://10.180.1.21/compute/v2.1/servers/26a22789-6320-44ea-bd82-9485f81b22d7 0.266s
2025-03-07 09:17:19.749 68442 INFO tempest.lib.common.rest_client [req-f532dc58-63b5-4639-8e01-5c669f3abd19 req-f532dc58-63b5-4639-8e01-5c669f3abd19 ] Request (ServersAdminNegativeTestJSON:test_reset_state_server_invalid_state): 400 POST http://10.180.1.21/compute/v2.1/servers/d59e44d7-db1a-467d-a522-ce4fe0ae9d8a/action 0.194s
2025-03-07 09:17:19.779 68464 INFO tempest.lib.common.rest_client [req-4e5c0872-7538-4974-a871-bec2b6dd1236 req-4e5c0872-7538-4974-a871-bec2b6dd1236 ] Request (ServersListShow296Test:tearDownClass): 200 GET http://10.180.1.21/compute/v2.1/servers/db761107-7da8-4117-a5c7-9a9c00780487 0.224s
2025-03-07 09:17:19.807 68414 INFO tempest.lib.common.rest_client [req-27e0edc9-2332-4c48-ad58-781882bc1f89 req-27e0edc9-2332-4c48-ad58-781882bc1f89 ] Request (ListServerFiltersTestJSON:test_list_servers_filter_by_shutoff_status): 200 GET http://10.180.1.21/compute/v2.1/servers?status=shutoff 0.247s
2025-03-07 09:17:19.838 68436 INFO tempest.lib.common.rest_client [req-003652d6-5829-403f-a157-8e120cb6941d req-003652d6-5829-403f-a157-8e120cb6941d ] Request (KeyPairsV2TestJSON:test_keypair_create_delete): 200 POST http://10.180.1.21/compute/v2.1/os-keypairs 0.207s
2025-03-07 09:17:19.842 68430 INFO tempest.lib.common.rest_client [req-5bab5dc2-ddc1-4306-8e6a-bcb57bbdc3ba req-5bab5dc2-ddc1-4306-8e6a-bcb57bbdc3ba ] Request (AttachInterfacesUnderV243Test:test_add_remove_fixed_ip): 200 GET http://10.180.1.21/compute/v2.1/servers/3d9a341a-b557-4672-8277-ffc6f71c1397 0.239s
2025-03-07 09:17:19.847 68442 INFO tempest.lib.common.rest_client [req-4d660f6a-cd16-470e-a5f2-8f3671a43842 req-4d660f6a-cd16-470e-a5f2-8f3671a43842 ] Request (ServersAdminNegativeTestJSON:test_reset_state_server_invalid_type): 400 POST http://10.180.1.21/compute/v2.1/servers/d59e44d7-db1a-467d-a522-ce4fe0ae9d8a/action 0.096s
2025-03-07 09:17:19.862 68436 INFO tempest.lib.common.rest_client [req-8530ba82-ebef-4721-8560-88a3766fcc0c req-8530ba82-ebef-4721-8560-88a3766fcc0c ] Request (KeyPairsV2TestJSON:_run_cleanups): 202 DELETE http://10.180.1.21/compute/v2.1/os-keypairs/tempest-keypair-1271232167 0.022s
2025-03-07 09:17:19.871 68442 INFO tempest.lib.common.rest_client [req-40e72ccb-67e0-452b-9426-abae095a4780 req-40e72ccb-67e0-452b-9426-abae095a4780 ] Request (ServersAdminNegativeTestJSON:test_reset_state_server_nonexistent_server): 404 POST http://10.180.1.21/compute/v2.1/servers/999/action 0.022s
2025-03-07 09:17:19.900 68414 INFO tempest.lib.common.rest_client [req-1bbed19e-1098-45ae-93ba-aad23629e84d req-1bbed19e-1098-45ae-93ba-aad23629e84d ] Request (ListServerFiltersTestJSON:test_list_servers_filter_by_shutoff_status): 202 POST http://10.180.1.21/compute/v2.1/servers/e3791c02-489d-4e5e-a268-17bd16e6f7e4/action 0.091s
2025-03-07 09:17:19.904 68436 INFO tempest.lib.common.rest_client [req-f574b67f-dc80-4f24-a4d4-19305d5e8ee6 req-f574b67f-dc80-4f24-a4d4-19305d5e8ee6 ] Request (KeyPairsV2TestJSON:test_keypair_create_with_pub_key): 200 POST http://10.180.1.21/compute/v2.1/os-keypairs 0.040s
2025-03-07 09:17:19.969 68422 WARNING tempest.lib.common.ssh [-] Failed to establish authenticated ssh connection to cirros@10.180.180.228 ([Errno None] Unable to connect to port 22 on 10.180.180.228). Number attempts: 7. Retry after 8 seconds.: paramiko.ssh_exception.NoValidConnectionsError: [Errno None] Unable to connect to port 22 on 10.180.180.228
2025-03-07 09:17:20.016 68442 INFO tempest.lib.common.rest_client [req-817fab96-2661-449b-b7f9-3c37aafc4f43 req-817fab96-2661-449b-b7f9-3c37aafc4f43 ] Request (ServersAdminNegativeTestJSON:test_resize_server_using_overlimit_ram): 200 GET http://10.180.1.21/compute/v2.1/os-quota-sets/c2041c7958174cbe955782cfd405e516 0.144s
2025-03-07 09:17:20.023 68414 INFO tempest.lib.common.rest_client [req-1da10cec-ab26-484b-a6ca-7c60e6f1b3f1 req-1da10cec-ab26-484b-a6ca-7c60e6f1b3f1 ] Request (ListServerFiltersTestJSON:test_list_servers_filter_by_shutoff_status): 200 GET http://10.180.1.21/compute/v2.1/servers/e3791c02-489d-4e5e-a268-17bd16e6f7e4 0.123s
2025-03-07 09:17:20.040 68436 INFO tempest.lib.common.rest_client [req-8938c759-3ab6-44a5-b35d-6e6620165463 req-8938c759-3ab6-44a5-b35d-6e6620165463 ] Request (KeyPairsV2TestJSON:_run_cleanups): 202 DELETE http://10.180.1.21/compute/v2.1/os-keypairs/tempest-keypair-749051363 0.134s
2025-03-07 09:17:20.062 68442 INFO tempest.lib.common.rest_client [req-9de842a8-f166-4fdf-89e9-3c55162ae1c0 req-9de842a8-f166-4fdf-89e9-3c55162ae1c0 ] Request (ServersAdminNegativeTestJSON:test_resize_server_using_overlimit_ram): 200 POST http://10.180.1.21/compute/v2.1/flavors 0.043s
2025-03-07 09:17:20.094 68436 INFO tempest.lib.common.rest_client [req-d7d50deb-91d4-4b1c-b4de-07d55a661cee req-d7d50deb-91d4-4b1c-b4de-07d55a661cee ] Request (KeyPairsV2TestJSON:test_keypairs_create_list_delete): 200 POST http://10.180.1.21/compute/v2.1/os-keypairs 0.052s
2025-03-07 09:17:20.159 68438 INFO tempest.lib.common.rest_client [req-f291e76c-c515-4eb2-af97-f7c7f6561428 req-f291e76c-c515-4eb2-af97-f7c7f6561428 ] Request (ServerRescueTestJSON:setUpClass): 200 GET http://10.180.1.21/compute/v2.1/servers/04fe4efc-95d3-4339-b76c-44d720ab2bd4 0.189s
2025-03-07 09:17:20.203 68436 INFO tempest.lib.common.rest_client [req-4d73a7ec-ac1b-403c-9f99-c8a70bf279d9 req-4d73a7ec-ac1b-403c-9f99-c8a70bf279d9 ] Request (KeyPairsV2TestJSON:test_keypairs_create_list_delete): 200 POST http://10.180.1.21/compute/v2.1/os-keypairs 0.108s
2025-03-07 09:17:20.206 68442 INFO tempest.lib.common.rest_client [req-43d968ff-f6dc-4b3f-a421-19de861bbb0c req-43d968ff-f6dc-4b3f-a421-19de861bbb0c ] Request (ServersAdminNegativeTestJSON:test_resize_server_using_overlimit_ram): 403 POST http://10.180.1.21/compute/v2.1/servers/d59e44d7-db1a-467d-a522-ce4fe0ae9d8a/action 0.142s
2025-03-07 09:17:20.276 68441 INFO tempest.lib.common.rest_client [req-5760cd7b-da48-4095-91cf-c8375fd46ea4 req-5760cd7b-da48-4095-91cf-c8375fd46ea4 ] Request (DeleteServersTestJSON:test_delete_server_while_in_attached_volume): 200 GET http://10.180.1.21/compute/v2.1/servers/0d241e7c-dd42-44d5-9872-3745f26d796e 0.152s
2025-03-07 09:17:20.281 68418 INFO tempest.lib.common.rest_client [req-5a25ab65-2880-49c6-8315-c1030e5e28c9 req-5a25ab65-2880-49c6-8315-c1030e5e28c9 ] Request (TenantUsagesTestJSON:tearDownClass): 200 GET http://10.180.1.21/compute/v2.1/servers/e433ee92-ece7-4bda-85d1-76cfa321ede9 0.101s
2025-03-07 09:17:20.284 68441 INFO tempest.common.waiters [-] State transition "ACTIVE/deleting" ==> "DELETED/None" after 6 second wait
2025-03-07 09:17:20.297 68442 INFO tempest.lib.common.rest_client [req-b5dad18b-e289-45ee-a2e7-42888afe2843 req-b5dad18b-e289-45ee-a2e7-42888afe2843 ] Request (ServersAdminNegativeTestJSON:_run_cleanups): 202 DELETE http://10.180.1.21/compute/v2.1/flavors/1914899711 0.090s
2025-03-07 09:17:20.306 68436 INFO tempest.lib.common.rest_client [req-d9a59213-307e-48da-8469-e66a97ef7247 req-d9a59213-307e-48da-8469-e66a97ef7247 ] Request (KeyPairsV2TestJSON:test_keypairs_create_list_delete): 200 POST http://10.180.1.21/compute/v2.1/os-keypairs 0.100s
2025-03-07 09:17:20.329 68442 INFO tempest.lib.common.rest_client [req-2b8fe0b3-5aa3-4778-a067-984382fcb740 req-2b8fe0b3-5aa3-4778-a067-984382fcb740 ] Request (ServersAdminNegativeTestJSON:_run_cleanups): 200 GET http://10.180.1.21/compute/v2.1/flavors/detail 0.032s
2025-03-07 09:17:20.339 68436 INFO tempest.lib.common.rest_client [req-2b6779ae-01ac-4862-96b6-320aaf6116af req-2b6779ae-01ac-4862-96b6-320aaf6116af ] Request (KeyPairsV2TestJSON:test_keypairs_create_list_delete): 200 GET http://10.180.1.21/compute/v2.1/os-keypairs 0.031s
2025-03-07 09:17:20.362 68426 INFO tempest.lib.common.rest_client [req-a1518067-f702-471e-821e-e54f9873f37a req-a1518067-f702-471e-821e-e54f9873f37a ] Request (ServerExternalEventsTest:tearDownClass): 200 GET http://10.180.1.21/compute/v2.1/servers/8b53bec3-130d-4624-97f0-ca39d94fcd89 0.121s
2025-03-07 09:17:20.398 68420 INFO tempest.lib.common.rest_client [req-f1915a83-d791-421d-bf64-b2b785f4f31f req-f1915a83-d791-421d-bf64-b2b785f4f31f ] Request (ServerActionsV293TestJSON:setUpClass): 200 GET http://10.180.1.21/compute/v2.1/servers/f93bfb2f-96b2-4f2f-a1c8-dbddb8ca0d58 0.088s
2025-03-07 09:17:20.399 68442 INFO tempest.lib.common.rest_client [req-f1969763-d267-4493-bcc8-da269cfff4b6 req-f1969763-d267-4493-bcc8-da269cfff4b6 ] Request (ServersAdminNegativeTestJSON:test_resize_server_using_overlimit_vcpus): 200 GET http://10.180.1.21/compute/v2.1/os-quota-sets/c2041c7958174cbe955782cfd405e516 0.062s
2025-03-07 09:17:20.417 68436 INFO tempest.lib.common.rest_client [req-bf7ae440-f6b5-48db-ba86-50b27fe711ab req-bf7ae440-f6b5-48db-ba86-50b27fe711ab ] Request (KeyPairsV2TestJSON:_run_cleanups): 202 DELETE http://10.180.1.21/compute/v2.1/os-keypairs/tempest-KeyPairsV2TestJSON-keypair-715784001 0.076s
2025-03-07 09:17:20.421 68444 INFO tempest.lib.common.rest_client [req-2ff2888b-a8d3-471c-9040-d121e93df223 req-2ff2888b-a8d3-471c-9040-d121e93df223 ] Request (VolumesAssistedSnapshotsTest:test_volume_assisted_snapshot_create_delete): 200 GET http://10.180.1.21/volume/v3/volumes/e70aa25f-2e5d-47f5-b70c-6ff2a8781029 0.027s
2025-03-07 09:17:20.439 68442 INFO tempest.lib.common.rest_client [req-f9138c81-3c3d-49bf-9734-06cb069fb665 req-f9138c81-3c3d-49bf-9734-06cb069fb665 ] Request (ServersAdminNegativeTestJSON:test_resize_server_using_overlimit_vcpus): 200 POST http://10.180.1.21/compute/v2.1/flavors 0.038s
2025-03-07 09:17:20.459 68436 INFO tempest.lib.common.rest_client [req-1a833e7e-7560-4af6-b02e-abf09e7feed5 req-1a833e7e-7560-4af6-b02e-abf09e7feed5 ] Request (KeyPairsV2TestJSON:_run_cleanups): 202 DELETE http://10.180.1.21/compute/v2.1/os-keypairs/tempest-KeyPairsV2TestJSON-keypair-925795102 0.042s
2025-03-07 09:17:20.521 68424 INFO tempest.lib.common.rest_client [req-167e9ffe-940b-4a9c-aae1-f54e666c1337 req-167e9ffe-940b-4a9c-aae1-f54e666c1337 ] Request (ListServersNegativeTestJSON:setUpClass): 200 GET http://10.180.1.21/compute/v2.1/servers/7516cc2e-e16f-4751-aa29-8b17dbfcbf97 0.092s
2025-03-07 09:17:20.538 68462 INFO tempest.lib.common.rest_client [req-446da45f-6dda-4627-ad5c-69c149d49836 req-446da45f-6dda-4627-ad5c-69c149d49836 ] Request (ServersTestJSON:setUpClass): 200 GET http://10.180.1.21/compute/v2.1/servers/f73d6245-6df4-47d5-98c4-643dfe7fa81e 0.182s
2025-03-07 09:17:20.545 68462 INFO tempest.common.waiters [-] State transition "BUILD/networking" ==> "BUILD/block_device_mapping" after 76 second wait
2025-03-07 09:17:20.581 68412 INFO tempest.lib.common.rest_client [req-be080722-4992-4b91-8cc3-cf2ef72a8709 req-be080722-4992-4b91-8cc3-cf2ef72a8709 ] Request (InstanceActionsTestJSON:tearDownClass): 200 GET http://10.180.1.21/compute/v2.1/servers/43b0abe5-0b57-46f0-bccc-0c4398ad8ff5 0.144s
2025-03-07 09:17:20.595 68436 INFO tempest.lib.common.rest_client [req-b82774df-0b6d-44a9-871b-587b90430859 req-b82774df-0b6d-44a9-871b-587b90430859 ] Request (KeyPairsV2TestJSON:_run_cleanups): 202 DELETE http://10.180.1.21/compute/v2.1/os-keypairs/tempest-KeyPairsV2TestJSON-keypair-1362786552 0.135s
2025-03-07 09:17:20.610 68442 INFO tempest.lib.common.rest_client [req-44603073-aeb0-4e5a-a692-78a363319f6a req-44603073-aeb0-4e5a-a692-78a363319f6a ] Request (ServersAdminNegativeTestJSON:test_resize_server_using_overlimit_vcpus): 403 POST http://10.180.1.21/compute/v2.1/servers/d59e44d7-db1a-467d-a522-ce4fe0ae9d8a/action 0.167s
2025-03-07 09:17:20.628 68442 INFO tempest.lib.common.rest_client [req-2ceb1c14-5045-4bf6-b019-fb78b7bbc428 req-2ceb1c14-5045-4bf6-b019-fb78b7bbc428 ] Request (ServersAdminNegativeTestJSON:_run_cleanups): 202 DELETE http://10.180.1.21/compute/v2.1/flavors/856006818 0.017s
2025-03-07 09:17:20.644 68468 INFO tempest.lib.common.rest_client [req-c3b5cb48-11dc-4c96-9cd4-43969874dd13 req-c3b5cb48-11dc-4c96-9cd4-43969874dd13 ] Request (SecurityGroupsTestJSON:test_server_security_groups): 200 GET http://10.180.1.21/compute/v2.1/servers/6bf38e3a-9389-4130-b6a4-4e8ed5db72ed 0.149s
2025-03-07 09:17:20.675 68408 INFO tempest.lib.common.rest_client [req-b4b3d565-3267-410c-8906-6e9377506574 req-b4b3d565-3267-410c-8906-6e9377506574 ] Request (MigrationsAdminTest:test_resize_server_revert_deleted_flavor): 200 GET http://10.180.1.21/compute/v2.1/servers/771c988f-c1fb-4ba3-8f25-c17d7caf3c50 0.051s
2025-03-07 09:17:20.699 68428 INFO tempest.lib.common.rest_client [req-57f9f943-eba3-4968-9bac-26e8f8a240e3 req-57f9f943-eba3-4968-9bac-26e8f8a240e3 ] Request (ServersTestMultiNic:test_verify_multiple_nics_order): 200 GET http://10.180.1.21/compute/v2.1/servers/d93aeda1-6df1-4968-89ff-2a4dbf865c98 0.073s
2025-03-07 09:17:20.699 68442 INFO tempest.lib.common.rest_client [req-e6e31c98-6e18-45bd-8aac-10cfbefe892e req-e6e31c98-6e18-45bd-8aac-10cfbefe892e ] Request (ServersAdminNegativeTestJSON:_run_cleanups): 200 GET http://10.180.1.21/compute/v2.1/flavors/detail 0.071s
2025-03-07 09:17:20.706 68436 INFO tempest.lib.common.rest_client [req-aca4a7e3-91b1-4d91-8158-cb1cd2218e60 req-aca4a7e3-91b1-4d91-8158-cb1cd2218e60 ] Request (KeyPairsV2TestJSON:tearDownClass): 204 DELETE http://10.180.1.21/identity/v3/users/b867c67ac9634a10ac15da64f896d9c9 0.109s
2025-03-07 09:17:20.707 68436 INFO tempest.lib.common.dynamic_creds [-] Deleting project and security group for project: 7e0619ea12744807a73c27eb59a729ec
2025-03-07 09:17:20.757 68452 INFO tempest.lib.common.rest_client [req-086a54b9-90ec-4323-85f3-8f60bc95ce78 req-086a54b9-90ec-4323-85f3-8f60bc95ce78 ] Request (ServersAdminTestJSON:test_inject_network_info): 200 GET http://10.180.1.21/compute/v2.1/servers/c7324ad3-0fb9-4322-b708-dd9d86aa6b6d 0.085s
2025-03-07 09:17:20.757 68416 INFO tempest.lib.common.rest_client [req-e38189b2-f69e-46e7-a1f8-34b133897813 req-e38189b2-f69e-46e7-a1f8-34b133897813 ] Request (FloatingIPsAssociationNegativeTestJSON:setUpClass): 200 GET http://10.180.1.21/compute/v2.1/servers/6a894398-7cdf-4c97-a46e-13992f90a91d 0.063s
2025-03-07 09:17:20.763 68436 INFO tempest.lib.common.rest_client [req-c566e610-1862-4f43-a24e-53c9927e0243 req-c566e610-1862-4f43-a24e-53c9927e0243 ] Request (KeyPairsV2TestJSON:tearDownClass): 201 POST http://10.180.1.21/identity/v3/auth/tokens 0.056s
2025-03-07 09:17:20.780 68442 INFO tempest.lib.common.rest_client [req-d5b11bfb-2670-4ebb-82b7-333efc62a264 req-d5b11bfb-2670-4ebb-82b7-333efc62a264 ] Request (ServersAdminNegativeTestJSON:test_restore_server_invalid_state): 409 POST http://10.180.1.21/compute/v2.1/servers/d59e44d7-db1a-467d-a522-ce4fe0ae9d8a/action 0.074s
2025-03-07 09:17:20.789 68432 INFO tempest.lib.common.rest_client [req-f1ec8834-6d67-4198-ba31-ebd6470c8638 req-f1ec8834-6d67-4198-ba31-ebd6470c8638 ] Request (ImagesTestJSON:test_create_image_from_stopped_server): 200 GET http://10.180.1.21/compute/v2.1/images/009ff745-edb1-49f1-89d3-f74e24ebf64a 0.087s
2025-03-07 09:17:20.829 68456 INFO tempest.lib.common.rest_client [req-c7070ee4-e403-45e4-8f88-7e01d8626d90 req-c7070ee4-e403-45e4-8f88-7e01d8626d90 ] Request (ImagesOneServerNegativeTestJSON:_run_cleanups): 200 GET http://10.180.1.21/compute/v2.1/servers/26a22789-6320-44ea-bd82-9485f81b22d7 0.077s
2025-03-07 09:17:20.867 68442 INFO tempest.lib.common.rest_client [req-8f4f77f2-e76c-4438-badc-43aa655f65e4 req-8f4f77f2-e76c-4438-badc-43aa655f65e4 ] Request (ServersAdminNegativeTestJSON:tearDownClass): 204 DELETE http://10.180.1.21/compute/v2.1/servers/09f7e7be-d9dc-40cd-acd1-1655812fe818 0.086s
2025-03-07 09:17:20.891 68464 INFO tempest.lib.common.rest_client [req-e62c38bb-0bd1-43d9-8597-88ce0f63db32 req-e62c38bb-0bd1-43d9-8597-88ce0f63db32 ] Request (ServersListShow296Test:tearDownClass): 200 GET http://10.180.1.21/compute/v2.1/servers/db761107-7da8-4117-a5c7-9a9c00780487 0.099s
2025-03-07 09:17:20.906 68436 INFO tempest.lib.common.rest_client [req-777d3d41-ae55-45b6-85bf-bba448de482c req-777d3d41-ae55-45b6-85bf-bba448de482c ] Request (KeyPairsV2TestJSON:tearDownClass): 200 GET http://10.180.1.21:9696/networking/v2.0/security-groups?tenant_id=7e0619ea12744807a73c27eb59a729ec&name=default 0.142s
2025-03-07 09:17:20.911 68430 INFO tempest.lib.common.rest_client [req-cc04eec7-598f-4b5d-ae71-2075ccf242e2 req-cc04eec7-598f-4b5d-ae71-2075ccf242e2 ] Request (AttachInterfacesUnderV243Test:test_add_remove_fixed_ip): 200 GET http://10.180.1.21/compute/v2.1/servers/3d9a341a-b557-4672-8277-ffc6f71c1397 0.060s
2025-03-07 09:17:20.984 68436 INFO tempest.lib.common.rest_client [req-9852ab12-cad5-4f31-99b2-0b8c3839d9f4 req-9852ab12-cad5-4f31-99b2-0b8c3839d9f4 ] Request (KeyPairsV2TestJSON:tearDownClass): 204 DELETE http://10.180.1.21:9696/networking/v2.0/security-groups/6c8bbad9-2ecb-44b7-b262-c91add21a1c6 0.078s
2025-03-07 09:17:21.002 68442 INFO tempest.lib.common.rest_client [req-f02edc00-7051-4919-b2e0-e9250b59cc00 req-f02edc00-7051-4919-b2e0-e9250b59cc00 ] Request (ServersAdminNegativeTestJSON:tearDownClass): 200 GET http://10.180.1.21/compute/v2.1/servers/09f7e7be-d9dc-40cd-acd1-1655812fe818 0.134s
2025-03-07 09:17:21.037 68436 INFO tempest.lib.common.rest_client [req-629d08ca-8f80-4802-8a43-999bf86e4f5c req-629d08ca-8f80-4802-8a43-999bf86e4f5c ] Request (KeyPairsV2TestJSON:tearDownClass): 204 DELETE http://10.180.1.21/identity/v3/projects/7e0619ea12744807a73c27eb59a729ec 0.052s
2025-03-07 09:17:21.094 68436 INFO tempest.lib.common.rest_client [req-1b59ceb5-9ad1-4e8f-ac3d-5ba0f20ff6b7 req-1b59ceb5-9ad1-4e8f-ac3d-5ba0f20ff6b7 ] Request (ServerMetadataNegativeTestJSON:setUpClass): 201 POST http://10.180.1.21/identity/v3/auth/tokens 0.055s
2025-03-07 09:17:21.122 68436 INFO tempest.lib.common.rest_client [req-1f6e05bb-1a39-4c18-b5f7-6e217521be80 req-1f6e05bb-1a39-4c18-b5f7-6e217521be80 ] Request (ServerMetadataNegativeTestJSON:setUpClass): 201 POST http://10.180.1.21/identity/v3/auth/tokens 0.025s
2025-03-07 09:17:21.124 68414 INFO tempest.lib.common.rest_client [req-5c8d50bd-574e-4a19-a797-f2c95a3a47be req-5c8d50bd-574e-4a19-a797-f2c95a3a47be ] Request (ListServerFiltersTestJSON:test_list_servers_filter_by_shutoff_status): 200 GET http://10.180.1.21/compute/v2.1/servers/e3791c02-489d-4e5e-a268-17bd16e6f7e4 0.090s
2025-03-07 09:17:21.145 68436 INFO tempest.lib.common.rest_client [req-db454568-a8c3-4c72-b2e7-074c6c2c9a80 req-db454568-a8c3-4c72-b2e7-074c6c2c9a80 ] Request (ServerMetadataNegativeTestJSON:setUpClass): 200 GET http://10.180.1.21/identity/v3/domains?name=Default 0.023s
2025-03-07 09:17:21.175 68436 INFO tempest.lib.common.rest_client [req-e850a887-9191-4e03-b2b9-167eb0a6cad1 req-e850a887-9191-4e03-b2b9-167eb0a6cad1 ] Request (ServerMetadataNegativeTestJSON:setUpClass): 201 POST http://10.180.1.21/identity/v3/projects 0.029s
2025-03-07 09:17:21.230 68436 INFO tempest.lib.common.rest_client [req-8f7ab0b5-b0fc-45ff-a3b4-a4679538c970 req-8f7ab0b5-b0fc-45ff-a3b4-a4679538c970 ] Request (ServerMetadataNegativeTestJSON:setUpClass): 201 POST http://10.180.1.21/identity/v3/users 0.055s
2025-03-07 09:17:21.256 68436 INFO tempest.lib.common.rest_client [req-a742718f-aeca-48e9-be8a-a3543ae729d7 req-a742718f-aeca-48e9-be8a-a3543ae729d7 ] Request (ServerMetadataNegativeTestJSON:setUpClass): 200 GET http://10.180.1.21/identity/v3/roles 0.025s
2025-03-07 09:17:21.262 68438 INFO tempest.lib.common.rest_client [req-01303e69-72a9-4c72-8716-33579cde1a14 req-01303e69-72a9-4c72-8716-33579cde1a14 ] Request (ServerRescueTestJSON:setUpClass): 200 GET http://10.180.1.21/compute/v2.1/servers/04fe4efc-95d3-4339-b76c-44d720ab2bd4 0.091s
2025-03-07 09:17:21.280 68436 INFO tempest.lib.common.rest_client [req-b2e00eea-a8f5-422a-b699-129251fdd66a req-b2e00eea-a8f5-422a-b699-129251fdd66a ] Request (ServerMetadataNegativeTestJSON:setUpClass): 204 PUT http://10.180.1.21/identity/v3/projects/b5b6aeb56fa3490f9c6312055c0fb261/users/fcd0a53fef3b4671af6da903340e5b2f/roles/ff75510f71d64899a99008ca6b7c677c 0.024s
2025-03-07 09:17:21.280 68436 INFO tempest.lib.common.dynamic_creds [-] Dynamic test user fcd0a53fef3b4671af6da903340e5b2f is created with scope project and roles: ['member']
2025-03-07 09:17:21.280 68436 INFO tempest.lib.common.dynamic_creds [-] Acquired dynamic creds: credentials: Credentials: {'domain_id': 'default', 'domain_name': 'Default', 'username': 'tempest-ServerMetadataNegativeTestJSON-1825931600-project-member', 'project_domain_id': 'default', 'project_domain_name': 'Default', 'project_id': 'b5b6aeb56fa3490f9c6312055c0fb261', 'project_name': 'tempest-ServerMetadataNegativeTestJSON-1825931600', 'tenant_id': 'b5b6aeb56fa3490f9c6312055c0fb261', 'tenant_name': 'tempest-ServerMetadataNegativeTestJSON-1825931600', 'user_domain_id': 'default', 'user_domain_name': 'Default', 'user_id': 'fcd0a53fef3b4671af6da903340e5b2f', 'system': None}, Network: None, Subnet: None, Router: None
2025-03-07 09:17:21.311 68410 WARNING tempest.lib.common.ssh [-] Failed to establish authenticated ssh connection to cirros@10.180.180.192 ([Errno None] Unable to connect to port 22 on 10.180.180.192). Number attempts: 8. Retry after 9 seconds.: paramiko.ssh_exception.NoValidConnectionsError: [Errno None] Unable to connect to port 22 on 10.180.180.192
2025-03-07 09:17:21.347 68441 INFO tempest.lib.common.rest_client [req-62d7a3d7-54e8-428a-8e21-202f096f12aa req-62d7a3d7-54e8-428a-8e21-202f096f12aa ] Request (DeleteServersTestJSON:test_delete_server_while_in_attached_volume): 200 GET http://10.180.1.21/compute/v2.1/servers/0d241e7c-dd42-44d5-9872-3745f26d796e 0.062s
2025-03-07 09:17:21.353 68418 INFO tempest.lib.common.rest_client [req-20bba2b5-e92b-4757-bc86-5ed4e6a81e50 req-20bba2b5-e92b-4757-bc86-5ed4e6a81e50 ] Request (TenantUsagesTestJSON:tearDownClass): 200 GET http://10.180.1.21/compute/v2.1/servers/e433ee92-ece7-4bda-85d1-76cfa321ede9 0.064s
2025-03-07 09:17:21.436 68426 INFO tempest.lib.common.rest_client [req-85d694ec-82c7-4be0-9a92-bbb649baec0f req-85d694ec-82c7-4be0-9a92-bbb649baec0f ] Request (ServerExternalEventsTest:tearDownClass): 200 GET http://10.180.1.21/compute/v2.1/servers/8b53bec3-130d-4624-97f0-ca39d94fcd89 0.066s
2025-03-07 09:17:21.465 68444 INFO tempest.lib.common.rest_client [req-d52b4d5f-944b-49fc-996d-9fd0f8248815 req-d52b4d5f-944b-49fc-996d-9fd0f8248815 ] Request (VolumesAssistedSnapshotsTest:test_volume_assisted_snapshot_create_delete): 200 GET http://10.180.1.21/volume/v3/volumes/e70aa25f-2e5d-47f5-b70c-6ff2a8781029 0.035s
2025-03-07 09:17:21.480 68436 INFO tempest.lib.common.rest_client [req-a5b6a9ba-efdc-4d5a-91a0-00ff7431187c req-a5b6a9ba-efdc-4d5a-91a0-00ff7431187c ] Request (ServerMetadataNegativeTestJSON:setUpClass): 201 POST http://10.180.1.21/identity/v3/auth/tokens 0.199s
2025-03-07 09:17:21.480 68420 INFO tempest.lib.common.rest_client [req-696ec58c-626b-42c7-8121-6ec50dc95c88 req-696ec58c-626b-42c7-8121-6ec50dc95c88 ] Request (ServerActionsV293TestJSON:setUpClass): 200 GET http://10.180.1.21/compute/v2.1/servers/f93bfb2f-96b2-4f2f-a1c8-dbddb8ca0d58 0.070s
2025-03-07 09:17:21.632 68424 INFO tempest.lib.common.rest_client [req-11d3b83b-f93a-47fe-8a26-f3ea38f8c0e2 req-11d3b83b-f93a-47fe-8a26-f3ea38f8c0e2 ] Request (ListServersNegativeTestJSON:setUpClass): 200 GET http://10.180.1.21/compute/v2.1/servers/7516cc2e-e16f-4751-aa29-8b17dbfcbf97 0.100s
2025-03-07 09:17:21.744 68412 INFO tempest.lib.common.rest_client [req-dacc65fa-ec92-4628-b381-3cfc7d0ffa06 req-dacc65fa-ec92-4628-b381-3cfc7d0ffa06 ] Request (InstanceActionsTestJSON:tearDownClass): 200 GET http://10.180.1.21/compute/v2.1/servers/43b0abe5-0b57-46f0-bccc-0c4398ad8ff5 0.156s
2025-03-07 09:17:21.750 68462 INFO tempest.lib.common.rest_client [req-4a990460-7c65-4e2c-b2b6-ec4050fe9836 req-4a990460-7c65-4e2c-b2b6-ec4050fe9836 ] Request (ServersTestJSON:setUpClass): 200 GET http://10.180.1.21/compute/v2.1/servers/f73d6245-6df4-47d5-98c4-643dfe7fa81e 0.203s
2025-03-07 09:17:21.757 68462 INFO tempest.common.waiters [-] State transition "BUILD/block_device_mapping" ==> "BUILD/spawning" after 77 second wait
2025-03-07 09:17:21.822 68468 INFO tempest.lib.common.rest_client [req-35747dbf-d834-4735-b965-9df110184ac2 req-35747dbf-d834-4735-b965-9df110184ac2 ] Request (SecurityGroupsTestJSON:test_server_security_groups): 200 GET http://10.180.1.21/compute/v2.1/servers/6bf38e3a-9389-4130-b6a4-4e8ed5db72ed 0.169s
2025-03-07 09:17:21.832 68408 INFO tempest.lib.common.rest_client [req-cec0302c-aa74-4a28-8273-c0953af0d038 req-cec0302c-aa74-4a28-8273-c0953af0d038 ] Request (MigrationsAdminTest:test_resize_server_revert_deleted_flavor): 200 GET http://10.180.1.21/compute/v2.1/servers/771c988f-c1fb-4ba3-8f25-c17d7caf3c50 0.145s
2025-03-07 09:17:21.901 68428 INFO tempest.lib.common.rest_client [req-4aba0fac-0f56-40b2-a386-eb3b40dac6df req-4aba0fac-0f56-40b2-a386-eb3b40dac6df ] Request (ServersTestMultiNic:test_verify_multiple_nics_order): 200 GET http://10.180.1.21/compute/v2.1/servers/d93aeda1-6df1-4968-89ff-2a4dbf865c98 0.195s
2025-03-07 09:17:21.919 68452 INFO tempest.lib.common.rest_client [req-068c83c4-f6c9-4a28-b974-38245cff7aea req-068c83c4-f6c9-4a28-b974-38245cff7aea ] Request (ServersAdminTestJSON:test_inject_network_info): 200 GET http://10.180.1.21/compute/v2.1/servers/c7324ad3-0fb9-4322-b708-dd9d86aa6b6d 0.153s
2025-03-07 09:17:21.952 68432 INFO tempest.lib.common.rest_client [req-65443121-296c-4f45-ba87-533c69f2fabc req-65443121-296c-4f45-ba87-533c69f2fabc ] Request (ImagesTestJSON:test_create_image_from_stopped_server): 200 GET http://10.180.1.21/compute/v2.1/images/009ff745-edb1-49f1-89d3-f74e24ebf64a 0.158s
2025-03-07 09:17:21.993 68416 INFO tempest.lib.common.rest_client [req-6ccc4069-abd1-4290-bd3e-2d5ed249ca42 req-6ccc4069-abd1-4290-bd3e-2d5ed249ca42 ] Request (FloatingIPsAssociationNegativeTestJSON:setUpClass): 200 GET http://10.180.1.21/compute/v2.1/servers/6a894398-7cdf-4c97-a46e-13992f90a91d 0.226s
2025-03-07 09:17:22.022 68456 INFO tempest.lib.common.rest_client [req-430bdea9-0f7d-4ad0-ad9e-eed225699842 req-430bdea9-0f7d-4ad0-ad9e-eed225699842 ] Request (ImagesOneServerNegativeTestJSON:_run_cleanups): 200 GET http://10.180.1.21/compute/v2.1/servers/26a22789-6320-44ea-bd82-9485f81b22d7 0.184s
2025-03-07 09:17:22.023 68436 INFO tempest.lib.common.rest_client [req-5c7c864f-c986-4e7d-94c9-00bf56dc04f2 req-5c7c864f-c986-4e7d-94c9-00bf56dc04f2 ] Request (ServerMetadataNegativeTestJSON:setUpClass): 201 POST http://10.180.1.21:9696/networking/v2.0/networks 0.543s
2025-03-07 09:17:22.075 68464 INFO tempest.lib.common.rest_client [req-ddc2fe93-7459-423e-a490-3cabc79820dc req-ddc2fe93-7459-423e-a490-3cabc79820dc ] Request (ServersListShow296Test:tearDownClass): 200 GET http://10.180.1.21/compute/v2.1/servers/db761107-7da8-4117-a5c7-9a9c00780487 0.174s
2025-03-07 09:17:22.109 68430 INFO tempest.lib.common.rest_client [req-e469f681-ef32-41bb-b132-977e71395dad req-e469f681-ef32-41bb-b132-977e71395dad ] Request (AttachInterfacesUnderV243Test:test_add_remove_fixed_ip): 200 GET http://10.180.1.21/compute/v2.1/servers/3d9a341a-b557-4672-8277-ffc6f71c1397 0.188s
2025-03-07 09:17:22.217 68436 INFO tempest.lib.common.rest_client [req-ec448e1a-0dcb-403e-ad4f-dcc11ee02670 req-ec448e1a-0dcb-403e-ad4f-dcc11ee02670 ] Request (ServerMetadataNegativeTestJSON:setUpClass): 201 POST http://10.180.1.21:9696/networking/v2.0/subnets 0.194s
2025-03-07 09:17:22.304 68442 INFO tempest.lib.common.rest_client [req-ce4b037d-0868-497c-b8e3-b7ad907ab04b req-ce4b037d-0868-497c-b8e3-b7ad907ab04b ] Request (ServersAdminNegativeTestJSON:tearDownClass): 200 GET http://10.180.1.21/compute/v2.1/servers/09f7e7be-d9dc-40cd-acd1-1655812fe818 0.293s
