2025-03-07 09:15:58.783 68424 INFO tempest.lib.common.rest_client [req-66582024-8429-40e8-be02-7cb5f500d96a req-66582024-8429-40e8-be02-7cb5f500d96a ] Request (HypervisorAdminV228Test:setUpClass): 204 PUT http://10.180.1.21/identity/v3/projects/17ab51369fdb4dfabd111b7b07313e51/users/f4097dbd3bd84099a552902c9c6f1219/roles/ff75510f71d64899a99008ca6b7c677c 0.040s
2025-03-07 09:15:58.783 68424 INFO tempest.lib.common.dynamic_creds [-] Dynamic test user f4097dbd3bd84099a552902c9c6f1219 is created with scope project and roles: ['member']
2025-03-07 09:15:58.783 68424 INFO tempest.lib.common.dynamic_creds [-] Acquired dynamic creds: credentials: Credentials: {'domain_id': 'default', 'domain_name': 'Default', 'username': 'tempest-HypervisorAdminV228Test-241486046-project-member', 'project_domain_id': 'default', 'project_domain_name': 'Default', 'project_id': '17ab51369fdb4dfabd111b7b07313e51', 'project_name': 'tempest-HypervisorAdminV228Test-241486046', 'tenant_id': '17ab51369fdb4dfabd111b7b07313e51', 'tenant_name': 'tempest-HypervisorAdminV228Test-241486046', 'user_domain_id': 'default', 'user_domain_name': 'Default', 'user_id': 'f4097dbd3bd84099a552902c9c6f1219', 'system': None}, Network: None, Subnet: None, Router: None
2025-03-07 09:15:58.784 68424 INFO tempest.lib.common.dynamic_creds [-] Created isolated network resources for: credentials: Credentials: {'domain_id': 'default', 'domain_name': 'Default', 'username': 'tempest-HypervisorAdminV228Test-241486046-project-member', 'project_domain_id': 'default', 'project_domain_name': 'Default', 'project_id': '17ab51369fdb4dfabd111b7b07313e51', 'project_name': 'tempest-HypervisorAdminV228Test-241486046', 'tenant_id': '17ab51369fdb4dfabd111b7b07313e51', 'tenant_name': 'tempest-HypervisorAdminV228Test-241486046', 'user_domain_id': 'default', 'user_domain_name': 'Default', 'user_id': 'f4097dbd3bd84099a552902c9c6f1219', 'system': None}, Network: None, Subnet: None, Router: None
2025-03-07 09:15:58.852 68464 INFO tempest.lib.common.rest_client [req-748c3918-c5dd-4797-9add-bd171adf3dce req-748c3918-c5dd-4797-9add-bd171adf3dce ] Request (ServersListShow296Test:test_list_show_update_rebuild_server_296): 200 GET http://10.180.1.21/compute/v2.1/servers/db761107-7da8-4117-a5c7-9a9c00780487 0.816s
2025-03-07 09:15:58.866 68424 INFO tempest.lib.common.rest_client [req-31c39251-9e3e-4581-a124-4a2310ec3de8 req-31c39251-9e3e-4581-a124-4a2310ec3de8 ] Request (HypervisorAdminV228Test:setUpClass): 201 POST http://10.180.1.21/identity/v3/auth/tokens 0.075s
2025-03-07 09:15:58.936 68406 INFO tempest.lib.common.rest_client [req-584d1bae-6dfc-47bf-9f31-ea7901bb0906 req-584d1bae-6dfc-47bf-9f31-ea7901bb0906 ] Request (ServersTestFqdnHostnames:test_create_server_with_fqdn_name): 200 GET http://10.180.1.21/compute/v2.1/servers/e44ce746-0d2b-425f-a4b6-1e2d9608caa5 0.841s
2025-03-07 09:15:58.943 68406 INFO tempest.common.waiters [-] State transition "BUILD/None" ==> "BUILD/networking" after 29 second wait
2025-03-07 09:15:58.959 68424 INFO tempest.lib.common.rest_client [req-4340831f-20b3-4211-9851-88f9b17bfb0c req-4340831f-20b3-4211-9851-88f9b17bfb0c ] Request (HypervisorAdminV228Test:setUpClass): 201 POST http://10.180.1.21/identity/v3/projects 0.093s
2025-03-07 09:15:59.031 68424 INFO tempest.lib.common.rest_client [req-bc7e94ee-73e3-4191-a37d-30b6842f5f5b req-bc7e94ee-73e3-4191-a37d-30b6842f5f5b ] Request (HypervisorAdminV228Test:setUpClass): 201 POST http://10.180.1.21/identity/v3/users 0.071s
2025-03-07 09:15:59.058 68424 INFO tempest.lib.common.rest_client [req-63ca6530-648e-40b6-ae80-07fed4db0749 req-63ca6530-648e-40b6-ae80-07fed4db0749 ] Request (HypervisorAdminV228Test:setUpClass): 200 GET http://10.180.1.21/identity/v3/roles 0.026s
2025-03-07 09:15:59.092 68424 INFO tempest.lib.common.rest_client [req-56cb16df-6407-4653-86e0-2bd8004bdd85 req-56cb16df-6407-4653-86e0-2bd8004bdd85 ] Request (HypervisorAdminV228Test:setUpClass): 204 PUT http://10.180.1.21/identity/v3/projects/923782fecc7e4c1394fdbc2f53d01b9f/users/48b0779efce94d6fb5dccd50e662914c/roles/2f12b85f4f50430f873fee70c3e92de2 0.034s
2025-03-07 09:15:59.136 68454 INFO tempest.lib.common.rest_client [req-388ce438-fc8a-4d00-8000-e485774d7270 req-388ce438-fc8a-4d00-8000-e485774d7270 ] Request (SecurityGroupRulesNegativeTestJSON:tearDownClass): 202 DELETE http://10.180.1.21/compute/v2.1/os-security-groups/7af4f861-63ba-4089-92ea-53b9d6f0980c 0.860s
2025-03-07 09:15:59.155 68424 INFO tempest.lib.common.rest_client [req-8df13a76-69b1-469b-8e00-f0ccd06b6876 req-8df13a76-69b1-469b-8e00-f0ccd06b6876 ] Request (HypervisorAdminV228Test:setUpClass): 200 GET http://10.180.1.21/identity/v3/roles 0.062s
2025-03-07 09:15:59.176 68424 INFO tempest.lib.common.rest_client [req-e82de50f-15b3-4a61-a782-8ba5db981518 req-e82de50f-15b3-4a61-a782-8ba5db981518 ] Request (HypervisorAdminV228Test:setUpClass): 204 PUT http://10.180.1.21/identity/v3/projects/923782fecc7e4c1394fdbc2f53d01b9f/users/48b0779efce94d6fb5dccd50e662914c/roles/2f12b85f4f50430f873fee70c3e92de2 0.021s
2025-03-07 09:15:59.177 68424 INFO tempest.lib.common.dynamic_creds [-] Dynamic test user 48b0779efce94d6fb5dccd50e662914c is created with scope project and roles: ['admin']
2025-03-07 09:15:59.177 68424 INFO tempest.lib.common.dynamic_creds [-] Acquired dynamic creds: credentials: Credentials: {'domain_id': 'default', 'domain_name': 'Default', 'username': 'tempest-HypervisorAdminV228Test-173851548-project-admin', 'project_domain_id': 'default', 'project_domain_name': 'Default', 'project_id': '923782fecc7e4c1394fdbc2f53d01b9f', 'project_name': 'tempest-HypervisorAdminV228Test-173851548', 'tenant_id': '923782fecc7e4c1394fdbc2f53d01b9f', 'tenant_name': 'tempest-HypervisorAdminV228Test-173851548', 'user_domain_id': 'default', 'user_domain_name': 'Default', 'user_id': '48b0779efce94d6fb5dccd50e662914c', 'system': None}, Network: None, Subnet: None, Router: None
2025-03-07 09:15:59.177 68424 INFO tempest.lib.common.dynamic_creds [-] Created isolated network resources for: credentials: Credentials: {'domain_id': 'default', 'domain_name': 'Default', 'username': 'tempest-HypervisorAdminV228Test-173851548-project-admin', 'project_domain_id': 'default', 'project_domain_name': 'Default', 'project_id': '923782fecc7e4c1394fdbc2f53d01b9f', 'project_name': 'tempest-HypervisorAdminV228Test-173851548', 'tenant_id': '923782fecc7e4c1394fdbc2f53d01b9f', 'tenant_name': 'tempest-HypervisorAdminV228Test-173851548', 'user_domain_id': 'default', 'user_domain_name': 'Default', 'user_id': '48b0779efce94d6fb5dccd50e662914c', 'system': None}, Network: None, Subnet: None, Router: None
2025-03-07 09:15:59.231 68468 INFO tempest.lib.common.rest_client [req-cc1ea853-9647-481b-8f97-9d73c25e2a75 req-cc1ea853-9647-481b-8f97-9d73c25e2a75 ] Request (SecurityGroupsTestJSON:test_list_security_groups_by_server): 200 GET http://10.180.1.21/compute/v2.1/servers/4462705b-a35a-4b6d-8992-6d07bd1b3001 0.880s
2025-03-07 09:15:59.290 68424 INFO tempest.lib.common.rest_client [req-ec9542e1-4453-4838-a991-fe08fc33de73 req-ec9542e1-4453-4838-a991-fe08fc33de73 ] Request (HypervisorAdminV228Test:setUpClass): 201 POST http://10.180.1.21/identity/v3/auth/tokens 0.110s
2025-03-07 09:15:59.308 68414 INFO tempest.lib.common.rest_client [req-aac85a76-0020-4cbf-a471-460573476a4f req-aac85a76-0020-4cbf-a471-460573476a4f ] Request (ListServerFiltersTestJSON:setUpClass): 200 GET http://10.180.1.21/compute/v2.1/servers/c9b2c2cc-ecdb-4f9a-bb36-dbe5f39405b8 0.930s
2025-03-07 09:15:59.312 68462 INFO tempest.lib.common.rest_client [req-e437a7ed-93df-4b1b-8a37-4e1cf0e29a2b req-e437a7ed-93df-4b1b-8a37-4e1cf0e29a2b ] Request (ServersTestJSON:setUpClass): 200 PUT http://10.180.1.21:9696/networking/v2.0/routers/a36204e6-2cd7-48ab-9d4a-8e7e513916fa/add_router_interface 1.533s
2025-03-07 09:15:59.312 68462 INFO tempest.lib.common.dynamic_creds [-] Created isolated network resources for: credentials: Credentials: {'domain_id': 'default', 'domain_name': 'Default', 'username': 'tempest-ServersTestJSON-1841665589-project-member', 'project_domain_id': 'default', 'project_domain_name': 'Default', 'project_id': '5b67f296c16d4284a7324a2bc38c36d3', 'project_name': 'tempest-ServersTestJSON-1841665589', 'tenant_id': '5b67f296c16d4284a7324a2bc38c36d3', 'tenant_name': 'tempest-ServersTestJSON-1841665589', 'user_domain_id': 'default', 'user_domain_name': 'Default', 'user_id': 'd8c31254ce2143a0b3605a70f23b9e5f', 'system': None}, Network: {'id': '4d6a173c-f8c6-4632-be47-a04028f98442', 'name': 'tempest-ServersTestJSON-49798905-network', 'tenant_id': '5b67f296c16d4284a7324a2bc38c36d3', 'admin_state_up': True, 'mtu': 8950, 'status': 'ACTIVE', 'subnets': [], 'shared': False, 'project_id': '5b67f296c16d4284a7324a2bc38c36d3', 'port_security_enabled': True, 'router:external': False, 'provider:network_type': 'vlan', 'provider:physical_network': 'default', 'provider:segmentation_id': 667, 'availability_zone_hints': [], 'availability_zones': [], 'ipv4_address_scope': None, 'ipv6_address_scope': None, 'description': '', 'tags': [], 'created_at': '2025-03-07T09:15:56Z', 'updated_at': '2025-03-07T09:15:56Z', 'revision_number': 1}, Subnet: {'id': '53cd6db1-24cf-4bbe-b717-2feb47bd1840', 'name': 'tempest-ServersTestJSON-49798905-subnet', 'tenant_id': '5b67f296c16d4284a7324a2bc38c36d3', 'network_id': '4d6a173c-f8c6-4632-be47-a04028f98442', 'ip_version': 4, 'subnetpool_id': None, 'enable_dhcp': True, 'ipv6_ra_mode': None, 'ipv6_address_mode': None, 'gateway_ip': '192.168.128.1', 'cidr': '192.168.128.0/28', 'allocation_pools': [{'start': '192.168.128.2', 'end': '192.168.128.14'}], 'host_routes': [], 'dns_nameservers': [], 'description': '', 'router:external': False, 'service_types': [], 'tags': [], 'created_at': '2025-03-07T09:15:56Z', 'updated_at': '2025-03-07T09:15:56Z', 'revision_number': 0, 'project_id': '5b67f296c16d4284a7324a2bc38c36d3'}, Router: {'id': 'a36204e6-2cd7-48ab-9d4a-8e7e513916fa', 'name': 'tempest-ServersTestJSON-49798905-router', 'tenant_id': '5b67f296c16d4284a7324a2bc38c36d3', 'admin_state_up': True, 'status': 'ACTIVE', 'external_gateway_info': {'network_id': '8680ec55-30c2-42cf-873b-9eadd103b0a3', 'external_fixed_ips': [{'subnet_id': '88504bb6-000c-48e5-86b7-df9bf11d8225', 'ip_address': '10.180.180.136'}], 'enable_snat': True}, 'description': '', 'availability_zones': [], 'distributed': False, 'ha': False, 'availability_zone_hints': [], 'routes': [], 'flavor_id': None, 'tags': [], 'created_at': '2025-03-07T09:15:56Z', 'updated_at': '2025-03-07T09:15:57Z', 'revision_number': 2, 'project_id': '5b67f296c16d4284a7324a2bc38c36d3'}
2025-03-07 09:15:59.374 68442 INFO tempest.lib.common.rest_client [req-e7dce741-7702-4a7c-8eef-027bb039b5f4 req-e7dce741-7702-4a7c-8eef-027bb039b5f4 ] Request (ServersAdminNegativeTestJSON:test_migrate_server_invalid_state): 200 GET http://10.180.1.21/compute/v2.1/servers/09f7e7be-d9dc-40cd-acd1-1655812fe818 0.953s
2025-03-07 09:15:59.418 68462 INFO tempest.lib.common.rest_client [req-0dbf9d61-651c-478c-998f-29b4dbb1c087 req-0dbf9d61-651c-478c-998f-29b4dbb1c087 ] Request (ServersTestJSON:setUpClass): 201 POST http://10.180.1.21/identity/v3/auth/tokens 0.102s
2025-03-07 09:15:59.442 68438 INFO tempest.lib.common.rest_client [req-89bafd31-1f64-484b-8d9d-4c090775c40c req-89bafd31-1f64-484b-8d9d-4c090775c40c ] Request (ServerRescueTestJSON:setUpClass): 200 GET http://10.180.1.21/compute/v2.1/servers/04fe4efc-95d3-4339-b76c-44d720ab2bd4 0.991s
2025-03-07 09:15:59.454 68416 INFO tempest.lib.common.rest_client [req-da4730da-f98d-4cc5-8169-5abdac10f431 req-da4730da-f98d-4cc5-8169-5abdac10f431 ] Request (FloatingIPsAssociationTestJSON:test_associate_disassociate_floating_ip): 202 POST http://10.180.1.21/compute/v2.1/servers/abb105e4-4494-4a98-bfa7-11358ddecdea/action 1.833s
2025-03-07 09:15:59.508 68436 INFO tempest.lib.common.rest_client [req-dd51581d-01a4-45b5-8851-0e524ecdbbc9 req-dd51581d-01a4-45b5-8851-0e524ecdbbc9 ] Request (DeleteServersAdminTestJSON:test_delete_server_while_in_error_state): 200 GET http://10.180.1.21/compute/v2.1/servers/0f1cb1cd-03e6-40c3-b4f2-7cdfa52e3a4a 1.016s
2025-03-07 09:15:59.534 68458 INFO tempest.lib.common.rest_client [req-ad2e4961-dc63-4c7b-bcff-00937a2f313c req-ad2e4961-dc63-4c7b-bcff-00937a2f313c ] Request (ServerShowV254Test:tearDownClass): 200 GET http://10.180.1.21/compute/v2.1/servers/53d44dc8-08be-4e54-a832-98506680ba58 0.989s
2025-03-07 09:15:59.666 68408 INFO tempest.lib.common.rest_client [req-2b5a8a49-7a79-4955-91d4-5d2e44ed886b req-2b5a8a49-7a79-4955-91d4-5d2e44ed886b ] Request (MigrationsAdminTest:test_list_migrations_in_flavor_resize_situation): 200 GET http://10.180.1.21/compute/v2.1/servers/cddcefef-6171-42b5-b184-9c7a52ca7f4e 1.038s
2025-03-07 09:15:59.675 68408 INFO tempest.common.waiters [-] State transition "RESIZE/resize_prep" ==> "RESIZE/resize_migrating" after 34 second wait
2025-03-07 09:15:59.692 68420 INFO tempest.lib.common.rest_client [req-40e99490-261d-412d-b67b-512447a60357 req-40e99490-261d-412d-b67b-512447a60357 ] Request (ServerDiagnosticsNegativeTest:test_get_server_diagnostics_by_non_admin): 200 GET http://10.180.1.21/compute/v2.1/servers/abe0798c-3711-4b21-a4bd-42a2299e6bcf 0.950s
2025-03-07 09:15:59.701 68420 INFO tempest.common.waiters [-] State transition "BUILD/spawning" ==> "ACTIVE/None" after 43 second wait
2025-03-07 09:15:59.727 68441 INFO tempest.lib.common.rest_client [req-aafcf27e-e719-4871-bf5e-911449f1c77e req-aafcf27e-e719-4871-bf5e-911449f1c77e ] Request (DeleteServersTestJSON:test_delete_server_while_in_attached_volume): 200 GET http://10.180.1.21/compute/v2.1/servers/0d241e7c-dd42-44d5-9872-3745f26d796e 0.933s
2025-03-07 09:15:59.755 68428 INFO tempest.lib.common.rest_client [req-86a972bf-3b7c-4fe6-8bce-f60c1f65e29e req-86a972bf-3b7c-4fe6-8bce-f60c1f65e29e ] Request (ServersTestMultiNic:_run_cleanups): 200 GET http://10.180.1.21/compute/v2.1/servers/f7052896-c90b-4113-8d38-5aea8806063f 0.883s
2025-03-07 09:15:59.833 68410 INFO tempest.lib.common.rest_client [req-fc776394-afb9-4084-a507-52386100b7ba req-fc776394-afb9-4084-a507-52386100b7ba ] Request (ServerActionsTestOtherB:setUpClass): 200 GET http://10.180.1.21/compute/v2.1/servers/cc928eab-c51b-4f80-a53f-70d55942c69b 0.897s
2025-03-07 09:15:59.841 68434 WARNING tempest.lib.common.ssh [-] Failed to establish authenticated ssh connection to cirros@10.180.180.138 ([Errno None] Unable to connect to port 22 on 10.180.180.138). Number attempts: 3. Retry after 4 seconds.: paramiko.ssh_exception.NoValidConnectionsError: [Errno None] Unable to connect to port 22 on 10.180.180.138
2025-03-07 09:15:59.928 68412 INFO tempest.lib.common.rest_client [req-919ffc12-ce85-4070-a9be-f9aa2002a73f req-919ffc12-ce85-4070-a9be-f9aa2002a73f ] Request (InstanceActionsTestJSON:setUpClass): 200 GET http://10.180.1.21/compute/v2.1/servers/43b0abe5-0b57-46f0-bccc-0c4398ad8ff5 0.933s
2025-03-07 09:15:59.960 68452 INFO tempest.lib.common.rest_client [req-d19654f6-97ec-4e21-8652-64c5b7af7d70 req-d19654f6-97ec-4e21-8652-64c5b7af7d70 ] Request (ServersAdminTestJSON:test_create_server_with_scheduling_hint): 200 GET http://10.180.1.21/compute/v2.1/servers/a6b06ebb-1303-4ff3-82a9-e3d8844b738e 1.034s
2025-03-07 09:16:00.008 68432 INFO tempest.lib.common.rest_client [req-6e550881-9d0b-4d8f-8be7-64fe2736da11 req-6e550881-9d0b-4d8f-8be7-64fe2736da11 ] Request (ImagesTestJSON:test_create_image_from_stopped_server): 200 GET http://10.180.1.21/compute/v2.1/servers/b5751918-d166-4b39-a5ee-fe2500f85ace 0.985s
2025-03-07 09:16:00.052 68422 INFO tempest.lib.common.rest_client [req-70384915-9c75-4b5f-b365-64af2c39d6f4 req-70384915-9c75-4b5f-b365-64af2c39d6f4 ] Request (ServersTestManualDisk:setUpClass): 200 GET http://10.180.1.21/compute/v2.1/servers/c5373bba-94e4-4b88-9421-d509a56f4238 0.992s
2025-03-07 09:16:00.098 68418 INFO tempest.lib.common.rest_client [req-8425e3ae-7819-4343-ad7c-462e1a014193 req-8425e3ae-7819-4343-ad7c-462e1a014193 ] Request (TenantUsagesTestJSON:setUpClass): 200 GET http://10.180.1.21/compute/v2.1/servers/e433ee92-ece7-4bda-85d1-76cfa321ede9 1.020s
2025-03-07 09:16:00.163 68424 INFO tempest.lib.common.rest_client [req-1b73b5e6-6563-4f7c-8533-2bd5d08681d6 req-1b73b5e6-6563-4f7c-8533-2bd5d08681d6 ] Request (HypervisorAdminV228Test:test_get_list_hypervisor_details): 200 GET http://10.180.1.21/compute/v2.1/os-hypervisors 0.871s
2025-03-07 09:16:00.198 68430 INFO tempest.lib.common.rest_client [req-8b90ab74-f959-4b1b-9207-ea658a6307e5 req-8b90ab74-f959-4b1b-9207-ea658a6307e5 ] Request (ServersAdmin275Test:tearDownClass): 200 GET http://10.180.1.21/compute/v2.1/servers/2c656a62-f558-42f7-8eb3-15a202ad81cc 0.804s
2025-03-07 09:16:00.228 68462 INFO tempest.lib.common.rest_client [req-c3b5367c-462e-49e2-946a-c3a73e9e0b2b req-c3b5367c-462e-49e2-946a-c3a73e9e0b2b ] Request (ServersTestJSON:setUpClass): 200 POST http://10.180.1.21/compute/v2.1/os-keypairs 0.807s
2025-03-07 09:16:00.343 68462 INFO tempest.lib.common.rest_client [req-a9671cb4-1dc4-46a3-8f63-fe126f4a9d02 req-a9671cb4-1dc4-46a3-8f63-fe126f4a9d02 ] Request (ServersTestJSON:setUpClass): 201 POST http://10.180.1.21:9696/networking/v2.0/security-groups 0.112s
2025-03-07 09:16:00.421 68462 INFO tempest.lib.common.rest_client [req-464ddce9-e886-42a4-81e8-4680186d38f1 req-464ddce9-e886-42a4-81e8-4680186d38f1 ] Request (ServersTestJSON:setUpClass): 201 POST http://10.180.1.21:9696/networking/v2.0/security-group-rules 0.077s
2025-03-07 09:16:00.448 68416 INFO tempest.lib.common.rest_client [req-9847c81c-4ba7-4c4f-a184-621d7c1017eb req-9847c81c-4ba7-4c4f-a184-621d7c1017eb ] Request (FloatingIPsAssociationTestJSON:test_associate_disassociate_floating_ip): 200 GET http://10.180.1.21/compute/v2.1/os-floating-ips/73ef531c-f901-4e33-9756-47e32df48a9c 0.993s
2025-03-07 09:16:00.507 68456 INFO tempest.lib.common.rest_client [req-47ecb6fe-24b0-4ea5-b74c-1a4043a03450 req-47ecb6fe-24b0-4ea5-b74c-1a4043a03450 ] Request (ImagesOneServerNegativeTestJSON:tearDown): 200 GET http://10.180.1.21/compute/v2.1/servers/312a2247-d796-4075-81ff-4ee8510fede7 0.928s
2025-03-07 09:16:00.516 68456 INFO tempest.common.waiters [-] State transition "ACTIVE/image_uploading" ==> "ACTIVE/None" after 5 second wait
2025-03-07 09:16:00.531 68446 INFO tempest.lib.common.rest_client [req-c49f3a6d-1ed0-4e00-a294-084ffc1a5ec9 req-c49f3a6d-1ed0-4e00-a294-084ffc1a5ec9 ] Request (AttachVolumeShelveTestJSON:test_attach_volume_shelved_or_offload_server): 200 GET http://10.180.1.21/compute/v2.1/servers/6bca99bb-a1e8-4bfd-9b6e-6177767155a2 0.880s
2025-03-07 09:16:00.534 68420 INFO tempest.lib.common.rest_client [req-bc7ae7d4-fa56-430d-a051-677e9228aa1b req-bc7ae7d4-fa56-430d-a051-677e9228aa1b ] Request (ServerDiagnosticsNegativeTest:test_get_server_diagnostics_by_non_admin): 403 GET http://10.180.1.21/compute/v2.1/servers/abe0798c-3711-4b21-a4bd-42a2299e6bcf/diagnostics 0.832s
2025-03-07 09:16:00.541 68462 INFO tempest.lib.common.rest_client [req-836230d0-42af-43be-b9e4-51ca9ace530c req-836230d0-42af-43be-b9e4-51ca9ace530c ] Request (ServersTestJSON:setUpClass): 201 POST http://10.180.1.21:9696/networking/v2.0/security-group-rules 0.120s
2025-03-07 09:16:00.813 68450 INFO tempest.lib.common.rest_client [req-6ed68f9a-a646-4925-b019-b47ce6778e3f req-6ed68f9a-a646-4925-b019-b47ce6778e3f ] Request (VolumesAdminNegativeTest:test_update_attached_volume_with_nonexistent_volume_in_body): 200 GET http://10.180.1.21/compute/v2.1/servers/f7670926-83aa-49b9-96fb-3c190fb7c466 1.036s
2025-03-07 09:16:00.816 68426 INFO tempest.lib.common.rest_client [req-7cc3dc64-93e7-49a9-a044-f2e78aa39b71 req-7cc3dc64-93e7-49a9-a044-f2e78aa39b71 ] Request (ServerExternalEventsTest:test_create_server_external_events): 200 GET http://10.180.1.21/compute/v2.1/servers/8b53bec3-130d-4624-97f0-ca39d94fcd89 1.100s
2025-03-07 09:16:00.898 68464 INFO tempest.lib.common.rest_client [req-3e4c069d-3aa6-4c81-a3bf-1de97d0bd67a req-3e4c069d-3aa6-4c81-a3bf-1de97d0bd67a ] Request (ServersListShow296Test:test_list_show_update_rebuild_server_296): 200 GET http://10.180.1.21/compute/v2.1/servers/db761107-7da8-4117-a5c7-9a9c00780487 1.032s
2025-03-07 09:16:00.928 68466 WARNING tempest.lib.common.ssh [-] Failed to establish authenticated ssh connection to cirros@10.180.180.247 ([Errno None] Unable to connect to port 22 on 10.180.180.247). Number attempts: 7. Retry after 8 seconds.: paramiko.ssh_exception.NoValidConnectionsError: [Errno None] Unable to connect to port 22 on 10.180.180.247
2025-03-07 09:16:00.959 68424 INFO tempest.lib.common.rest_client [req-fc09d453-7a73-48e9-a14c-1dbd74401c18 req-fc09d453-7a73-48e9-a14c-1dbd74401c18 ] Request (HypervisorAdminV228Test:test_get_list_hypervisor_details): 200 GET http://10.180.1.21/compute/v2.1/os-hypervisors/1 0.794s
2025-03-07 09:16:01.037 68468 INFO tempest.lib.common.rest_client [req-1f7ea856-ab9b-4e2a-a2a2-71b1d0874015 req-1f7ea856-ab9b-4e2a-a2a2-71b1d0874015 ] Request (SecurityGroupsTestJSON:test_list_security_groups_by_server): 200 GET http://10.180.1.21/compute/v2.1/servers/4462705b-a35a-4b6d-8992-6d07bd1b3001 0.796s
2025-03-07 09:16:01.088 68454 INFO tempest.lib.common.rest_client [req-eb54db9a-20a1-42a9-9716-c913b7aa14e5 req-eb54db9a-20a1-42a9-9716-c913b7aa14e5 ] Request (SecurityGroupRulesNegativeTestJSON:tearDownClass): 200 PUT http://10.180.1.21:9696/networking/v2.0/routers/b7bea6d8-ac67-4008-b27a-756d77e6289a/remove_router_interface 1.952s
2025-03-07 09:16:01.090 68406 INFO tempest.lib.common.rest_client [req-dcfceb40-c533-4a13-915d-048d5b087da5 req-dcfceb40-c533-4a13-915d-048d5b087da5 ] Request (ServersTestFqdnHostnames:test_create_server_with_fqdn_name): 200 GET http://10.180.1.21/compute/v2.1/servers/e44ce746-0d2b-425f-a4b6-1e2d9608caa5 1.145s
2025-03-07 09:16:01.098 68406 INFO tempest.common.waiters [-] State transition "BUILD/networking" ==> "BUILD/spawning" after 32 second wait
2025-03-07 09:16:01.109 68414 INFO tempest.lib.common.rest_client [req-d6074478-386f-4593-bc50-b906186f4ad8 req-d6074478-386f-4593-bc50-b906186f4ad8 ] Request (ListServerFiltersTestJSON:setUpClass): 200 GET http://10.180.1.21/compute/v2.1/servers/c9b2c2cc-ecdb-4f9a-bb36-dbe5f39405b8 0.790s
2025-03-07 09:16:01.139 68424 INFO tempest.lib.common.rest_client [req-33fa71ac-1f1e-4f8c-890b-761e1711937d req-33fa71ac-1f1e-4f8c-890b-761e1711937d ] Request (HypervisorAdminV228Test:tearDownClass): 204 DELETE http://10.180.1.21/identity/v3/users/f4097dbd3bd84099a552902c9c6f1219 0.174s
2025-03-07 09:16:01.176 68442 INFO tempest.lib.common.rest_client [req-8303a951-7945-4f95-bc48-5f85c76c1f91 req-8303a951-7945-4f95-bc48-5f85c76c1f91 ] Request (ServersAdminNegativeTestJSON:test_migrate_server_invalid_state): 200 GET http://10.180.1.21/compute/v2.1/servers/09f7e7be-d9dc-40cd-acd1-1655812fe818 0.791s
2025-03-07 09:16:01.191 68438 INFO tempest.lib.common.rest_client [req-f5708972-3079-4c1d-ba76-a01a35dd9a87 req-f5708972-3079-4c1d-ba76-a01a35dd9a87 ] Request (ServerRescueTestJSON:setUpClass): 200 GET http://10.180.1.21/compute/v2.1/servers/04fe4efc-95d3-4339-b76c-44d720ab2bd4 0.738s
2025-03-07 09:16:01.266 68424 INFO tempest.lib.common.rest_client [req-478f6e0d-bdc6-4d13-98d6-a87534975424 req-478f6e0d-bdc6-4d13-98d6-a87534975424 ] Request (HypervisorAdminV228Test:tearDownClass): 204 DELETE http://10.180.1.21/identity/v3/users/48b0779efce94d6fb5dccd50e662914c 0.126s
2025-03-07 09:16:01.266 68424 INFO tempest.lib.common.dynamic_creds [-] Deleting project and security group for project: 17ab51369fdb4dfabd111b7b07313e51
2025-03-07 09:16:01.266 68436 INFO tempest.lib.common.rest_client [req-fe67b6f5-a7d4-434e-bbc3-66a0569b54c8 req-fe67b6f5-a7d4-434e-bbc3-66a0569b54c8 ] Request (DeleteServersAdminTestJSON:test_delete_server_while_in_error_state): 200 GET http://10.180.1.21/compute/v2.1/servers/0f1cb1cd-03e6-40c3-b4f2-7cdfa52e3a4a 0.751s
2025-03-07 09:16:01.343 68424 INFO tempest.lib.common.rest_client [req-f6b6769f-430b-4176-a0ba-c8c520ecc048 req-f6b6769f-430b-4176-a0ba-c8c520ecc048 ] Request (HypervisorAdminV228Test:tearDownClass): 201 POST http://10.180.1.21/identity/v3/auth/tokens 0.077s
2025-03-07 09:16:01.393 68456 INFO tempest.lib.common.rest_client [req-27b34cd2-41bd-4251-8c8d-d66883fa8d85 req-27b34cd2-41bd-4251-8c8d-d66883fa8d85 ] Request (ImagesOneServerNegativeTestJSON:_run_cleanups): 204 DELETE http://10.180.1.21/compute/v2.1/servers/312a2247-d796-4075-81ff-4ee8510fede7 0.877s
2025-03-07 09:16:01.488 68420 INFO tempest.lib.common.rest_client [req-e1593d85-80dd-4273-b0de-bce884f78423 req-e1593d85-80dd-4273-b0de-bce884f78423 ] Request (ServerDiagnosticsNegativeTest:tearDownClass): 204 DELETE http://10.180.1.21/compute/v2.1/servers/abe0798c-3711-4b21-a4bd-42a2299e6bcf 0.950s
2025-03-07 09:16:01.597 68458 INFO tempest.lib.common.rest_client [req-485a3556-b1fd-4a1f-97d7-31e0a0da4d99 req-485a3556-b1fd-4a1f-97d7-31e0a0da4d99 ] Request (ServerShowV254Test:tearDownClass): 200 GET http://10.180.1.21/compute/v2.1/servers/53d44dc8-08be-4e54-a832-98506680ba58 1.051s
2025-03-07 09:16:01.607 68462 INFO tempest.lib.common.rest_client [req-5a5751ae-32a8-409d-88ee-6751091c6893 req-5a5751ae-32a8-409d-88ee-6751091c6893 ] Request (ServersTestJSON:setUpClass): 201 POST http://10.180.1.21:9696/networking/v2.0/floatingips 1.065s
2025-03-07 09:16:01.620 68454 INFO tempest.lib.common.rest_client [req-d732c4eb-b4bc-4ff6-8141-da8084c373ce req-d732c4eb-b4bc-4ff6-8141-da8084c373ce ] Request (SecurityGroupRulesNegativeTestJSON:tearDownClass): 204 DELETE http://10.180.1.21:9696/networking/v2.0/routers/b7bea6d8-ac67-4008-b27a-756d77e6289a 0.531s
2025-03-07 09:16:01.650 68424 INFO tempest.lib.common.rest_client [req-b3b6b9cc-aa9e-450a-8130-6038a5a86f01 req-b3b6b9cc-aa9e-450a-8130-6038a5a86f01 ] Request (HypervisorAdminV228Test:tearDownClass): 200 GET http://10.180.1.21:9696/networking/v2.0/security-groups?tenant_id=17ab51369fdb4dfabd111b7b07313e51&name=default 0.306s
2025-03-07 09:16:01.694 68462 INFO tempest.lib.common.rest_client [req-ccf283b2-85c1-4a01-ab3d-e376e4320061 req-ccf283b2-85c1-4a01-ab3d-e376e4320061 ] Request (ServersTestJSON:setUpClass): 201 POST http://10.180.1.21/identity/v3/auth/tokens 0.083s
2025-03-07 09:16:01.694 68462 INFO tempest.lib.common.fixed_network [-] (ServersTestJSON:setUpClass) Found network {'id': '4d6a173c-f8c6-4632-be47-a04028f98442', 'name': 'tempest-ServersTestJSON-49798905-network', 'tenant_id': '5b67f296c16d4284a7324a2bc38c36d3', 'admin_state_up': True, 'mtu': 8950, 'status': 'ACTIVE', 'subnets': [], 'shared': False, 'project_id': '5b67f296c16d4284a7324a2bc38c36d3', 'port_security_enabled': True, 'router:external': False, 'provider:network_type': 'vlan', 'provider:physical_network': 'default', 'provider:segmentation_id': 667, 'availability_zone_hints': [], 'availability_zones': [], 'ipv4_address_scope': None, 'ipv6_address_scope': None, 'description': '', 'tags': [], 'created_at': '2025-03-07T09:15:56Z', 'updated_at': '2025-03-07T09:15:56Z', 'revision_number': 1} available for tenant
2025-03-07 09:16:01.765 68408 INFO tempest.lib.common.rest_client [req-c8a0af3b-4856-4f06-9c17-a893e8a22bac req-c8a0af3b-4856-4f06-9c17-a893e8a22bac ] Request (MigrationsAdminTest:test_list_migrations_in_flavor_resize_situation): 200 GET http://10.180.1.21/compute/v2.1/servers/cddcefef-6171-42b5-b184-9c7a52ca7f4e 1.084s
2025-03-07 09:16:01.837 68441 INFO tempest.lib.common.rest_client [req-e4534451-94f9-4d8d-817e-bc5c771620a2 req-e4534451-94f9-4d8d-817e-bc5c771620a2 ] Request (DeleteServersTestJSON:test_delete_server_while_in_attached_volume): 200 GET http://10.180.1.21/compute/v2.1/servers/0d241e7c-dd42-44d5-9872-3745f26d796e 1.096s
2025-03-07 09:16:01.847 68424 INFO tempest.lib.common.rest_client [req-406840b4-bac6-43df-b900-ec59cafb2e1c req-406840b4-bac6-43df-b900-ec59cafb2e1c ] Request (HypervisorAdminV228Test:tearDownClass): 204 DELETE http://10.180.1.21:9696/networking/v2.0/security-groups/a8ce44a9-5e40-412a-a265-ca3c6f9e3353 0.197s
2025-03-07 09:16:01.878 68454 INFO tempest.lib.common.rest_client [req-ada1f19e-ce70-4ded-b826-bc0737137b98 req-ada1f19e-ce70-4ded-b826-bc0737137b98 ] Request (SecurityGroupRulesNegativeTestJSON:tearDownClass): 204 DELETE http://10.180.1.21:9696/networking/v2.0/subnets/d65b3914-7cca-4577-b029-5aeaea4565c0 0.258s
2025-03-07 09:16:01.912 68428 INFO tempest.lib.common.rest_client [req-6f096a0f-7a70-4e58-a7f3-e691a1ca1773 req-6f096a0f-7a70-4e58-a7f3-e691a1ca1773 ] Request (ServersTestMultiNic:_run_cleanups): 200 GET http://10.180.1.21/compute/v2.1/servers/f7052896-c90b-4113-8d38-5aea8806063f 1.148s
2025-03-07 09:16:01.937 68424 INFO tempest.lib.common.rest_client [req-558f2c05-07fd-4bf3-8316-a638a9fb0e0f req-558f2c05-07fd-4bf3-8316-a638a9fb0e0f ] Request (HypervisorAdminV228Test:tearDownClass): 204 DELETE http://10.180.1.21/identity/v3/projects/17ab51369fdb4dfabd111b7b07313e51 0.089s
2025-03-07 09:16:01.937 68424 INFO tempest.lib.common.dynamic_creds [-] Deleting project and security group for project: 923782fecc7e4c1394fdbc2f53d01b9f
2025-03-07 09:16:01.967 68410 INFO tempest.lib.common.rest_client [req-be8612b1-9e33-446c-a027-dde1adc9c67e req-be8612b1-9e33-446c-a027-dde1adc9c67e ] Request (ServerActionsTestOtherB:setUpClass): 200 GET http://10.180.1.21/compute/v2.1/servers/cc928eab-c51b-4f80-a53f-70d55942c69b 1.125s
2025-03-07 09:16:02.022 68412 INFO tempest.lib.common.rest_client [req-947d1dc4-e17e-440b-9cc8-12f004561e01 req-947d1dc4-e17e-440b-9cc8-12f004561e01 ] Request (InstanceActionsTestJSON:setUpClass): 200 GET http://10.180.1.21/compute/v2.1/servers/43b0abe5-0b57-46f0-bccc-0c4398ad8ff5 1.082s
2025-03-07 09:16:02.074 68424 INFO tempest.lib.common.rest_client [req-44e4166f-d0d8-4f66-aa3a-b76427ccaa04 req-44e4166f-d0d8-4f66-aa3a-b76427ccaa04 ] Request (HypervisorAdminV228Test:tearDownClass): 200 GET http://10.180.1.21:9696/networking/v2.0/security-groups?tenant_id=923782fecc7e4c1394fdbc2f53d01b9f&name=default 0.137s
2025-03-07 09:16:02.152 68454 INFO tempest.lib.common.rest_client [req-f96c88cd-791e-4158-94a4-9c13c09b2e40 req-f96c88cd-791e-4158-94a4-9c13c09b2e40 ] Request (SecurityGroupRulesNegativeTestJSON:tearDownClass): 204 DELETE http://10.180.1.21:9696/networking/v2.0/networks/0c27a301-66fd-48ab-9040-9440427f6b20 0.273s
2025-03-07 09:16:02.198 68452 INFO tempest.lib.common.rest_client [req-0d79c17e-e046-42b4-9ee8-8358b1d73f26 req-0d79c17e-e046-42b4-9ee8-8358b1d73f26 ] Request (ServersAdminTestJSON:test_create_server_with_scheduling_hint): 200 GET http://10.180.1.21/compute/v2.1/servers/a6b06ebb-1303-4ff3-82a9-e3d8844b738e 1.227s
2025-03-07 09:16:02.205 68452 INFO tempest.common.waiters [-] State transition "BUILD/spawning" ==> "ACTIVE/None" after 38 second wait
2025-03-07 09:16:02.248 68424 INFO tempest.lib.common.rest_client [req-86d1b48e-c125-4e22-87a3-0ecf00f59f71 req-86d1b48e-c125-4e22-87a3-0ecf00f59f71 ] Request (HypervisorAdminV228Test:tearDownClass): 204 DELETE http://10.180.1.21:9696/networking/v2.0/security-groups/fc9e69d2-03fd-419a-9141-b54bf547e829 0.173s
2025-03-07 09:16:02.266 68432 INFO tempest.lib.common.rest_client [req-22308df9-e0a9-41e9-a49e-0d83fa48a1ca req-22308df9-e0a9-41e9-a49e-0d83fa48a1ca ] Request (ImagesTestJSON:test_create_image_from_stopped_server): 200 GET http://10.180.1.21/compute/v2.1/servers/b5751918-d166-4b39-a5ee-fe2500f85ace 1.246s
2025-03-07 09:16:02.269 68454 INFO tempest.lib.common.rest_client [req-bae645a6-d1e2-4899-bf90-fc7d993ddfec req-bae645a6-d1e2-4899-bf90-fc7d993ddfec ] Request (SecurityGroupRulesNegativeTestJSON:tearDownClass): 204 DELETE http://10.180.1.21/identity/v3/users/61bdea83269a40dd9cda5efe8cac5d62 0.116s
2025-03-07 09:16:02.270 68454 INFO tempest.lib.common.dynamic_creds [-] Deleting project and security group for project: dac3536375e5403eb1e786ae7da3951b
2025-03-07 09:16:02.277 68452 INFO tempest.lib.common.rest_client [req-05eca423-9de9-4b38-9176-98f36e6d77e7 req-05eca423-9de9-4b38-9176-98f36e6d77e7 ] Request (ServersAdminTestJSON:test_inject_network_info): 201 POST http://10.180.1.21/identity/v3/auth/tokens 0.063s
2025-03-07 09:16:02.277 68452 INFO tempest.lib.common.fixed_network [-] (ServersAdminTestJSON:test_inject_network_info) Found network {'id': '85adebd2-aa13-4bbc-9ec3-d4c1f0568d51', 'name': 'tempest-ServersAdminTestJSON-1908971633-network', 'tenant_id': '2f33e13f0a214c8ab5974635adc84e75', 'admin_state_up': True, 'mtu': 8950, 'status': 'ACTIVE', 'subnets': [], 'shared': False, 'project_id': '2f33e13f0a214c8ab5974635adc84e75', 'port_security_enabled': True, 'router:external': False, 'provider:network_type': 'vlan', 'provider:physical_network': 'default', 'provider:segmentation_id': 752, 'availability_zone_hints': [], 'availability_zones': [], 'ipv4_address_scope': None, 'ipv6_address_scope': None, 'description': '', 'tags': [], 'created_at': '2025-03-07T09:14:41Z', 'updated_at': '2025-03-07T09:14:41Z', 'revision_number': 1} available for tenant
2025-03-07 09:16:02.295 68454 INFO tempest.lib.common.rest_client [req-f5039ede-ff56-4c98-b354-f55f2787e6fd req-f5039ede-ff56-4c98-b354-f55f2787e6fd ] Request (SecurityGroupRulesNegativeTestJSON:tearDownClass): 200 GET http://10.180.1.21:9696/networking/v2.0/security-groups?tenant_id=dac3536375e5403eb1e786ae7da3951b&name=default 0.025s
2025-03-07 09:16:02.338 68422 INFO tempest.lib.common.rest_client [req-5906ef4c-0463-4011-badb-a9ef7072f512 req-5906ef4c-0463-4011-badb-a9ef7072f512 ] Request (ServersTestManualDisk:setUpClass): 200 GET http://10.180.1.21/compute/v2.1/servers/c5373bba-94e4-4b88-9421-d509a56f4238 1.275s
2025-03-07 09:16:02.370 68424 INFO tempest.lib.common.rest_client [req-f02fc08c-c2fc-4c4c-8826-0c7b4d9b07db req-f02fc08c-c2fc-4c4c-8826-0c7b4d9b07db ] Request (HypervisorAdminV228Test:tearDownClass): 204 DELETE http://10.180.1.21/identity/v3/projects/923782fecc7e4c1394fdbc2f53d01b9f 0.121s
2025-03-07 09:16:02.383 68454 INFO tempest.lib.common.rest_client [req-bf530cbd-4241-4922-be50-b9d9c0975664 req-bf530cbd-4241-4922-be50-b9d9c0975664 ] Request (SecurityGroupRulesNegativeTestJSON:tearDownClass): 204 DELETE http://10.180.1.21:9696/networking/v2.0/security-groups/55a6679b-c49c-4145-8df9-65befd04b7ac 0.087s
2025-03-07 09:16:02.415 68418 INFO tempest.lib.common.rest_client [req-9f04e510-ae02-4800-a40c-b4bdc8c984d5 req-9f04e510-ae02-4800-a40c-b4bdc8c984d5 ] Request (TenantUsagesTestJSON:setUpClass): 200 GET http://10.180.1.21/compute/v2.1/servers/e433ee92-ece7-4bda-85d1-76cfa321ede9 1.306s
2025-03-07 09:16:02.446 68430 INFO tempest.lib.common.rest_client [req-242a75bd-10d6-4231-a488-4a48538d3e06 req-242a75bd-10d6-4231-a488-4a48538d3e06 ] Request (ServersAdmin275Test:tearDownClass): 404 GET http://10.180.1.21/compute/v2.1/servers/2c656a62-f558-42f7-8eb3-15a202ad81cc 1.236s
2025-03-07 09:16:02.449 68424 INFO tempest.lib.common.rest_client [req-c7addc6e-e458-4dd1-b377-4c17a2e29ca1 req-c7addc6e-e458-4dd1-b377-4c17a2e29ca1 ] Request (TenantUsagesNegativeTestJSON:setUpClass): 201 POST http://10.180.1.21/identity/v3/auth/tokens 0.078s
2025-03-07 09:16:02.556 68416 INFO tempest.lib.common.rest_client [req-a6e47842-c032-421f-99e3-6d2870721e8e req-a6e47842-c032-421f-99e3-6d2870721e8e ] Request (FloatingIPsAssociationTestJSON:test_associate_disassociate_floating_ip): 202 POST http://10.180.1.21/compute/v2.1/servers/abb105e4-4494-4a98-bfa7-11358ddecdea/action 2.105s
2025-03-07 09:16:02.624 68454 INFO tempest.lib.common.rest_client [req-0db0ee12-01cb-4e2f-bdd9-c0b668ff94a3 req-0db0ee12-01cb-4e2f-bdd9-c0b668ff94a3 ] Request (SecurityGroupRulesNegativeTestJSON:tearDownClass): 204 DELETE http://10.180.1.21/identity/v3/projects/dac3536375e5403eb1e786ae7da3951b 0.241s
2025-03-07 09:16:02.625 68454 INFO tempest.test [-] raised in ServerPersonalityTestJSON.setUpClass. Invoking tearDownClass.
2025-03-07 09:16:02.631 68430 INFO tempest.lib.common.rest_client [req-3dc5b6ab-f203-4657-976e-d8276ff74948 req-3dc5b6ab-f203-4657-976e-d8276ff74948 ] Request (ServersAdmin275Test:tearDownClass): 204 DELETE http://10.180.1.21/identity/v3/users/e05bab2516664e3ba8eb2f75468eba7f 0.184s
2025-03-07 09:16:02.712 68424 INFO tempest.lib.common.rest_client [req-93b8d58b-6fea-42a8-8b78-42a23133884a req-93b8d58b-6fea-42a8-8b78-42a23133884a ] Request (TenantUsagesNegativeTestJSON:setUpClass): 201 POST http://10.180.1.21/identity/v3/auth/tokens 0.260s
2025-03-07 09:16:02.733 68456 INFO tempest.lib.common.rest_client [req-b90c8304-5817-447a-bdcc-b254cae6a392 req-b90c8304-5817-447a-bdcc-b254cae6a392 ] Request (ImagesOneServerNegativeTestJSON:_run_cleanups): 200 GET http://10.180.1.21/compute/v2.1/servers/312a2247-d796-4075-81ff-4ee8510fede7 1.339s
2025-03-07 09:16:02.760 68424 INFO tempest.lib.common.rest_client [req-67cab934-df48-4f8e-b9ec-5d6775ac81ba req-67cab934-df48-4f8e-b9ec-5d6775ac81ba ] Request (TenantUsagesNegativeTestJSON:setUpClass): 200 GET http://10.180.1.21/identity/v3/domains?name=Default 0.047s
2025-03-07 09:16:02.800 68430 INFO tempest.lib.common.rest_client [req-ea6041f5-4e0a-4193-b3b3-13097e8aea66 req-ea6041f5-4e0a-4193-b3b3-13097e8aea66 ] Request (ServersAdmin275Test:tearDownClass): 204 DELETE http://10.180.1.21/identity/v3/users/b9c39ff424f547f59610556148aee046 0.168s
2025-03-07 09:16:02.800 68430 INFO tempest.lib.common.dynamic_creds [-] Deleting project and security group for project: a01fac483f6344c4b2e28b19da9ff829
2025-03-07 09:16:02.805 68420 INFO tempest.lib.common.rest_client [req-4f7f8223-52ea-4d59-8efb-9a601769894a req-4f7f8223-52ea-4d59-8efb-9a601769894a ] Request (ServerDiagnosticsNegativeTest:tearDownClass): 200 GET http://10.180.1.21/compute/v2.1/servers/abe0798c-3711-4b21-a4bd-42a2299e6bcf 1.316s
2025-03-07 09:16:02.808 68446 INFO tempest.lib.common.rest_client [req-088dea61-3680-4e47-a4e9-85108c9c703e req-088dea61-3680-4e47-a4e9-85108c9c703e ] Request (AttachVolumeShelveTestJSON:test_attach_volume_shelved_or_offload_server): 200 GET http://10.180.1.21/compute/v2.1/servers/6bca99bb-a1e8-4bfd-9b6e-6177767155a2 1.255s
2025-03-07 09:16:02.826 68424 INFO tempest.lib.common.rest_client [req-51097b9d-efaf-4419-aa83-80ac95f37388 req-51097b9d-efaf-4419-aa83-80ac95f37388 ] Request (TenantUsagesNegativeTestJSON:setUpClass): 201 POST http://10.180.1.21/identity/v3/projects 0.065s
2025-03-07 09:16:02.872 68430 INFO tempest.lib.common.rest_client [req-a866324d-5ca9-406f-8eef-2a1d6137214b req-a866324d-5ca9-406f-8eef-2a1d6137214b ] Request (ServersAdmin275Test:tearDownClass): 201 POST http://10.180.1.21/identity/v3/auth/tokens 0.072s
2025-03-07 09:16:02.879 68450 INFO tempest.lib.common.rest_client [req-7fe8d151-f302-4c89-9f87-fe0191921530 req-7fe8d151-f302-4c89-9f87-fe0191921530 ] Request (VolumesAdminNegativeTest:test_update_attached_volume_with_nonexistent_volume_in_body): 200 GET http://10.180.1.21/compute/v2.1/servers/f7670926-83aa-49b9-96fb-3c190fb7c466 1.052s
2025-03-07 09:16:02.912 68424 INFO tempest.lib.common.rest_client [req-832de531-506f-4bf8-9047-8b18e2426d35 req-832de531-506f-4bf8-9047-8b18e2426d35 ] Request (TenantUsagesNegativeTestJSON:setUpClass): 201 POST http://10.180.1.21/identity/v3/users 0.084s
2025-03-07 09:16:02.940 68424 INFO tempest.lib.common.rest_client [req-599020c5-d1e2-4e5a-9648-7c74fccff527 req-599020c5-d1e2-4e5a-9648-7c74fccff527 ] Request (TenantUsagesNegativeTestJSON:setUpClass): 200 GET http://10.180.1.21/identity/v3/roles 0.028s
2025-03-07 09:16:02.944 68426 INFO tempest.lib.common.rest_client [req-1450e377-ec75-4564-996f-cfeb285e6720 req-1450e377-ec75-4564-996f-cfeb285e6720 ] Request (ServerExternalEventsTest:test_create_server_external_events): 200 GET http://10.180.1.21/compute/v2.1/servers/8b53bec3-130d-4624-97f0-ca39d94fcd89 1.115s
2025-03-07 09:16:02.969 68424 INFO tempest.lib.common.rest_client [req-537c25d7-54ae-4d6e-ba1a-3bc29dd81db6 req-537c25d7-54ae-4d6e-ba1a-3bc29dd81db6 ] Request (TenantUsagesNegativeTestJSON:setUpClass): 204 PUT http://10.180.1.21/identity/v3/projects/17be624006294a688a681e2a96e41f2c/users/cce209c99f15455284ac169adf9dda3c/roles/ff75510f71d64899a99008ca6b7c677c 0.028s
2025-03-07 09:16:02.969 68424 INFO tempest.lib.common.dynamic_creds [-] Dynamic test user cce209c99f15455284ac169adf9dda3c is created with scope project and roles: ['member']
2025-03-07 09:16:02.970 68424 INFO tempest.lib.common.dynamic_creds [-] Acquired dynamic creds: credentials: Credentials: {'domain_id': 'default', 'domain_name': 'Default', 'username': 'tempest-TenantUsagesNegativeTestJSON-844584715-project-member', 'project_domain_id': 'default', 'project_domain_name': 'Default', 'project_id': '17be624006294a688a681e2a96e41f2c', 'project_name': 'tempest-TenantUsagesNegativeTestJSON-844584715', 'tenant_id': '17be624006294a688a681e2a96e41f2c', 'tenant_name': 'tempest-TenantUsagesNegativeTestJSON-844584715', 'user_domain_id': 'default', 'user_domain_name': 'Default', 'user_id': 'cce209c99f15455284ac169adf9dda3c', 'system': None}, Network: None, Subnet: None, Router: None
2025-03-07 09:16:02.970 68424 INFO tempest.lib.common.dynamic_creds [-] Created isolated network resources for: credentials: Credentials: {'domain_id': 'default', 'domain_name': 'Default', 'username': 'tempest-TenantUsagesNegativeTestJSON-844584715-project-member', 'project_domain_id': 'default', 'project_domain_name': 'Default', 'project_id': '17be624006294a688a681e2a96e41f2c', 'project_name': 'tempest-TenantUsagesNegativeTestJSON-844584715', 'tenant_id': '17be624006294a688a681e2a96e41f2c', 'tenant_name': 'tempest-TenantUsagesNegativeTestJSON-844584715', 'user_domain_id': 'default', 'user_domain_name': 'Default', 'user_id': 'cce209c99f15455284ac169adf9dda3c', 'system': None}, Network: None, Subnet: None, Router: None
2025-03-07 09:16:03.027 68464 INFO tempest.lib.common.rest_client [req-1897842c-6a3b-4d9e-9a50-9589425d2053 req-1897842c-6a3b-4d9e-9a50-9589425d2053 ] Request (ServersListShow296Test:test_list_show_update_rebuild_server_296): 200 GET http://10.180.1.21/compute/v2.1/servers/db761107-7da8-4117-a5c7-9a9c00780487 1.116s
2025-03-07 09:16:03.063 68424 INFO tempest.lib.common.rest_client [req-51356316-5bb3-4c78-8e0b-8018f0d726df req-51356316-5bb3-4c78-8e0b-8018f0d726df ] Request (TenantUsagesNegativeTestJSON:setUpClass): 201 POST http://10.180.1.21/identity/v3/auth/tokens 0.085s
2025-03-07 09:16:03.089 68430 INFO tempest.lib.common.rest_client [req-c1b4b14a-c937-4ce8-82e7-126d7a685bd6 req-c1b4b14a-c937-4ce8-82e7-126d7a685bd6 ] Request (ServersAdmin275Test:tearDownClass): 200 GET http://10.180.1.21:9696/networking/v2.0/security-groups?tenant_id=a01fac483f6344c4b2e28b19da9ff829&name=default 0.214s
2025-03-07 09:16:03.094 68468 INFO tempest.lib.common.rest_client [req-4818b984-4534-421b-a053-22557b37536c req-4818b984-4534-421b-a053-22557b37536c ] Request (SecurityGroupsTestJSON:test_list_security_groups_by_server): 200 GET http://10.180.1.21/compute/v2.1/servers/4462705b-a35a-4b6d-8992-6d07bd1b3001 1.048s
2025-03-07 09:16:03.140 68424 INFO tempest.lib.common.rest_client [req-7c2568bf-222a-4c33-9c0e-aacb28b64152 req-7c2568bf-222a-4c33-9c0e-aacb28b64152 ] Request (TenantUsagesNegativeTestJSON:setUpClass): 201 POST http://10.180.1.21/identity/v3/projects 0.076s
2025-03-07 09:16:03.197 68430 INFO tempest.lib.common.rest_client [req-dcb58946-9606-46d9-8103-065c2bc18e0f req-dcb58946-9606-46d9-8103-065c2bc18e0f ] Request (ServersAdmin275Test:tearDownClass): 204 DELETE http://10.180.1.21:9696/networking/v2.0/security-groups/611dff15-44c1-4f3c-bc65-cff5cac1808b 0.107s
2025-03-07 09:16:03.206 68424 INFO tempest.lib.common.rest_client [req-b416e2f2-fdd7-41d9-94cb-24f679f67a86 req-b416e2f2-fdd7-41d9-94cb-24f679f67a86 ] Request (TenantUsagesNegativeTestJSON:setUpClass): 201 POST http://10.180.1.21/identity/v3/users 0.066s
2025-03-07 09:16:03.214 68406 INFO tempest.lib.common.rest_client [req-f5da0732-60ec-4b7f-8b20-c5476e0b00de req-f5da0732-60ec-4b7f-8b20-c5476e0b00de ] Request (ServersTestFqdnHostnames:test_create_server_with_fqdn_name): 200 GET http://10.180.1.21/compute/v2.1/servers/e44ce746-0d2b-425f-a4b6-1e2d9608caa5 1.116s
2025-03-07 09:16:03.230 68424 INFO tempest.lib.common.rest_client [req-025e881b-0a37-48a2-baae-24fdeb7ceaf1 req-025e881b-0a37-48a2-baae-24fdeb7ceaf1 ] Request (TenantUsagesNegativeTestJSON:setUpClass): 200 GET http://10.180.1.21/identity/v3/roles 0.023s
2025-03-07 09:16:03.263 68424 INFO tempest.lib.common.rest_client [req-890c9d0f-41cc-4d3a-aefb-36c588a00a9f req-890c9d0f-41cc-4d3a-aefb-36c588a00a9f ] Request (TenantUsagesNegativeTestJSON:setUpClass): 204 PUT http://10.180.1.21/identity/v3/projects/a11095e2a2a64f86b4cbb3d4727e0750/users/b78d9e1e78bf4028b0b333425011fefe/roles/2f12b85f4f50430f873fee70c3e92de2 0.032s
2025-03-07 09:16:03.264 68414 INFO tempest.lib.common.rest_client [req-252f54d4-32d3-4379-b617-f3d7cbb52e48 req-252f54d4-32d3-4379-b617-f3d7cbb52e48 ] Request (ListServerFiltersTestJSON:setUpClass): 200 GET http://10.180.1.21/compute/v2.1/servers/c9b2c2cc-ecdb-4f9a-bb36-dbe5f39405b8 1.140s
2025-03-07 09:16:03.273 68462 INFO tempest.lib.common.rest_client [req-a617b379-92f1-476e-973e-9bcd960f5227 req-a617b379-92f1-476e-973e-9bcd960f5227 ] Request (ServersTestJSON:setUpClass): 202 POST http://10.180.1.21/compute/v2.1/servers 1.578s
2025-03-07 09:16:03.275 68430 INFO tempest.lib.common.rest_client [req-3e4bf755-9b3e-42a7-b1c4-d06d6821e652 req-3e4bf755-9b3e-42a7-b1c4-d06d6821e652 ] Request (ServersAdmin275Test:tearDownClass): 204 DELETE http://10.180.1.21/identity/v3/projects/a01fac483f6344c4b2e28b19da9ff829 0.077s
2025-03-07 09:16:03.275 68430 INFO tempest.lib.common.dynamic_creds [-] Deleting project and security group for project: 272980e9a8b045d7a3150994ab59e595
2025-03-07 09:16:03.322 68424 INFO tempest.lib.common.rest_client [req-426df532-ae9f-4187-b319-460f1def3b8a req-426df532-ae9f-4187-b319-460f1def3b8a ] Request (TenantUsagesNegativeTestJSON:setUpClass): 200 GET http://10.180.1.21/identity/v3/roles 0.058s
2025-03-07 09:16:03.350 68442 INFO tempest.lib.common.rest_client [req-a925e4b3-2661-41ff-bb3e-a9a2e84cb842 req-a925e4b3-2661-41ff-bb3e-a9a2e84cb842 ] Request (ServersAdminNegativeTestJSON:test_migrate_server_invalid_state): 200 GET http://10.180.1.21/compute/v2.1/servers/09f7e7be-d9dc-40cd-acd1-1655812fe818 1.164s
2025-03-07 09:16:03.352 68438 INFO tempest.lib.common.rest_client [req-b1e3354f-f738-40dd-9ac1-753c38148618 req-b1e3354f-f738-40dd-9ac1-753c38148618 ] Request (ServerRescueTestJSON:setUpClass): 200 GET http://10.180.1.21/compute/v2.1/servers/04fe4efc-95d3-4339-b76c-44d720ab2bd4 1.153s
2025-03-07 09:16:03.386 68424 INFO tempest.lib.common.rest_client [req-e5510a13-3bea-438f-be8e-207844ed75c7 req-e5510a13-3bea-438f-be8e-207844ed75c7 ] Request (TenantUsagesNegativeTestJSON:setUpClass): 204 PUT http://10.180.1.21/identity/v3/projects/a11095e2a2a64f86b4cbb3d4727e0750/users/b78d9e1e78bf4028b0b333425011fefe/roles/2f12b85f4f50430f873fee70c3e92de2 0.063s
2025-03-07 09:16:03.386 68424 INFO tempest.lib.common.dynamic_creds [-] Dynamic test user b78d9e1e78bf4028b0b333425011fefe is created with scope project and roles: ['admin']
2025-03-07 09:16:03.386 68424 INFO tempest.lib.common.dynamic_creds [-] Acquired dynamic creds: credentials: Credentials: {'domain_id': 'default', 'domain_name': 'Default', 'username': 'tempest-TenantUsagesNegativeTestJSON-291706924-project-admin', 'project_domain_id': 'default', 'project_domain_name': 'Default', 'project_id': 'a11095e2a2a64f86b4cbb3d4727e0750', 'project_name': 'tempest-TenantUsagesNegativeTestJSON-291706924', 'tenant_id': 'a11095e2a2a64f86b4cbb3d4727e0750', 'tenant_name': 'tempest-TenantUsagesNegativeTestJSON-291706924', 'user_domain_id': 'default', 'user_domain_name': 'Default', 'user_id': 'b78d9e1e78bf4028b0b333425011fefe', 'system': None}, Network: None, Subnet: None, Router: None
2025-03-07 09:16:03.387 68424 INFO tempest.lib.common.dynamic_creds [-] Created isolated network resources for: credentials: Credentials: {'domain_id': 'default', 'domain_name': 'Default', 'username': 'tempest-TenantUsagesNegativeTestJSON-291706924-project-admin', 'project_domain_id': 'default', 'project_domain_name': 'Default', 'project_id': 'a11095e2a2a64f86b4cbb3d4727e0750', 'project_name': 'tempest-TenantUsagesNegativeTestJSON-291706924', 'tenant_id': 'a11095e2a2a64f86b4cbb3d4727e0750', 'tenant_name': 'tempest-TenantUsagesNegativeTestJSON-291706924', 'user_domain_id': 'default', 'user_domain_name': 'Default', 'user_id': 'b78d9e1e78bf4028b0b333425011fefe', 'system': None}, Network: None, Subnet: None, Router: None
2025-03-07 09:16:03.413 68436 INFO tempest.lib.common.rest_client [req-c0d0226d-86d6-460f-afe9-7e34afb6e9e4 req-c0d0226d-86d6-460f-afe9-7e34afb6e9e4 ] Request (DeleteServersAdminTestJSON:test_delete_server_while_in_error_state): 200 GET http://10.180.1.21/compute/v2.1/servers/0f1cb1cd-03e6-40c3-b4f2-7cdfa52e3a4a 1.133s
2025-03-07 09:16:03.439 68430 INFO tempest.lib.common.rest_client [req-8b38ba9d-c59c-4898-b29e-b80c672e1b59 req-8b38ba9d-c59c-4898-b29e-b80c672e1b59 ] Request (ServersAdmin275Test:tearDownClass): 200 GET http://10.180.1.21:9696/networking/v2.0/security-groups?tenant_id=272980e9a8b045d7a3150994ab59e595&name=default 0.163s
2025-03-07 09:16:03.486 68424 INFO tempest.lib.common.rest_client [req-2b63b26a-6b9e-4ca8-9960-f2bfec1d7e99 req-2b63b26a-6b9e-4ca8-9960-f2bfec1d7e99 ] Request (TenantUsagesNegativeTestJSON:setUpClass): 201 POST http://10.180.1.21/identity/v3/auth/tokens 0.094s
2025-03-07 09:16:03.490 68416 INFO tempest.lib.common.rest_client [req-67bf5c8f-dced-446d-907d-079b93fb0191 req-67bf5c8f-dced-446d-907d-079b93fb0191 ] Request (FloatingIPsAssociationTestJSON:tearDownClass): 204 DELETE http://10.180.1.21/compute/v2.1/servers/0ef21498-b947-473d-85f7-f998d363d967 0.933s
2025-03-07 09:16:03.584 68458 INFO tempest.lib.common.rest_client [req-10bc849e-0324-41b8-9900-a403a41b74a5 req-10bc849e-0324-41b8-9900-a403a41b74a5 ] Request (ServerShowV254Test:tearDownClass): 200 GET http://10.180.1.21/compute/v2.1/servers/53d44dc8-08be-4e54-a832-98506680ba58 0.967s
2025-03-07 09:16:03.613 68430 INFO tempest.lib.common.rest_client [req-da5ba70c-40f0-4ec6-bf4e-acb1532c38de req-da5ba70c-40f0-4ec6-bf4e-acb1532c38de ] Request (ServersAdmin275Test:tearDownClass): 204 DELETE http://10.180.1.21:9696/networking/v2.0/security-groups/a969d09f-d17a-4aa5-a96e-bbd9dd6d53de 0.172s
