2025-03-07 09:14:41.539 68420 INFO tempest.lib.common.rest_client [req-57953d9c-0faa-4bd0-80be-80f1a964f8ee req-57953d9c-0faa-4bd0-80be-80f1a964f8ee ] Request (HypervisorAdminNegativeTestJSON:setUpClass): 204 PUT http://10.180.1.21/identity/v3/projects/4c78d7f8c42741ce8050c03a3c3ff778/users/f94911da7842413daa51bcf8dae80f6a/roles/2f12b85f4f50430f873fee70c3e92de2 0.893s
2025-03-07 09:14:41.596 68454 INFO tempest.lib.common.rest_client [req-d69764cd-8cac-4083-b1c3-ac95639faeb7 req-d69764cd-8cac-4083-b1c3-ac95639faeb7 ] Request (HostsAdminNegativeTestJSON:setUpClass): 201 POST http://10.180.1.21/identity/v3/projects 0.888s
2025-03-07 09:14:41.599 68430 INFO tempest.lib.common.rest_client [req-cc6cc73a-a351-49c3-b8e2-a86ea2a66a35 req-cc6cc73a-a351-49c3-b8e2-a86ea2a66a35 ] Request (ServersAdmin275Test:test_rebuild_update_server_275): 200 PUT http://10.180.1.21/compute/v2.1/servers/2c656a62-f558-42f7-8eb3-15a202ad81cc 0.997s
2025-03-07 09:14:41.604 68446 INFO tempest.lib.common.rest_client [req-3295addd-33de-4ec4-bc29-d2e1c92e3085 req-3295addd-33de-4ec4-bc29-d2e1c92e3085 ] Request (QuotasAdminNegativeTest:setUpClass): 201 POST http://10.180.1.21/identity/v3/users 0.879s
2025-03-07 09:14:41.662 68418 INFO tempest.lib.common.rest_client [req-87721c37-bf33-4257-b3aa-c031ab3b71ae req-87721c37-bf33-4257-b3aa-c031ab3b71ae ] Request (ServerDiagnosticsV248Test:test_get_server_diagnostics): 200 GET http://10.180.1.21/compute/v2.1/servers/c37e84a0-fe92-47f4-a0c1-f4db5a95ed59 0.639s
2025-03-07 09:14:41.665 68442 INFO tempest.lib.common.rest_client [req-3ec8621b-efbb-4741-aae1-fa733fbc3417 req-3ec8621b-efbb-4741-aae1-fa733fbc3417 ] Request (AZAdminNegativeTestJSON:setUpClass): 201 POST http://10.180.1.21/identity/v3/projects 0.903s
2025-03-07 09:14:41.669 68458 INFO tempest.lib.common.rest_client [req-6c1ac07b-f9d1-425a-af57-2bd928bd153a req-6c1ac07b-f9d1-425a-af57-2bd928bd153a ] Request (QuotasSecurityGroupAdminNegativeTest:setUpClass): 201 POST http://10.180.1.21/identity/v3/projects 0.837s
2025-03-07 09:14:41.729 68422 INFO tempest.lib.common.rest_client [req-c175c92d-413a-47bc-a59a-b79280de6e57 req-c175c92d-413a-47bc-a59a-b79280de6e57 ] Request (FlavorsExtraSpecsNegativeTestJSON:setUpClass): 201 POST http://10.180.1.21/identity/v3/projects 0.834s
2025-03-07 09:14:41.733 68452 INFO tempest.lib.common.rest_client [req-e4ea459f-b009-4ad7-97e1-9ab1f5d83c06 req-e4ea459f-b009-4ad7-97e1-9ab1f5d83c06 ] Request (ServersAdminTestJSON:setUpClass): 201 POST http://10.180.1.21:9696/networking/v2.0/subnets 0.399s
2025-03-07 09:14:41.742 68414 INFO tempest.lib.common.rest_client [req-685bc6e1-af7a-421a-90eb-f662ea042102 req-685bc6e1-af7a-421a-90eb-f662ea042102 ] Request (ServerDiagnosticsTest:setUpClass): 200 GET http://10.180.1.21/identity/v3/roles 0.882s
2025-03-07 09:14:41.791 68408 INFO tempest.lib.common.rest_client [req-0f0560cb-7492-483f-a3fa-f3229c5d87fb req-0f0560cb-7492-483f-a3fa-f3229c5d87fb ] Request (FlavorMetadataValidation:setUpClass): 200 GET http://10.180.1.21/identity/v3/roles 0.830s
2025-03-07 09:14:41.792 68438 INFO tempest.lib.common.rest_client [req-fe858b0b-0b62-4e43-96cc-b8ec6b23d5a1 req-fe858b0b-0b62-4e43-96cc-b8ec6b23d5a1 ] Request (FlavorsAccessNegativeTestJSON:setUpClass): 201 POST http://10.180.1.21/identity/v3/projects 0.859s
2025-03-07 09:14:41.845 68444 INFO tempest.lib.common.rest_client [req-93b91f75-fc58-44a4-847a-50bd1953d5a5 req-93b91f75-fc58-44a4-847a-50bd1953d5a5 ] Request (VolumesAssistedSnapshotsTest:setUpClass): 201 POST http://10.180.1.21:9696/networking/v2.0/routers 0.862s
2025-03-07 09:14:41.863 68450 INFO tempest.lib.common.rest_client [req-04712db9-f308-4748-89c3-3d45934adcb8 req-04712db9-f308-4748-89c3-3d45934adcb8 ] Request (HypervisorAdminUnderV252Test:setUpClass): 201 POST http://10.180.1.21/identity/v3/projects 0.866s
2025-03-07 09:14:41.915 68412 INFO tempest.lib.common.rest_client [req-7d9ffb27-0ef5-4196-b406-2afd659e38ac req-7d9ffb27-0ef5-4196-b406-2afd659e38ac ] Request (SecurityGroupRulesTestJSON:setUpClass): 201 POST http://10.180.1.21/identity/v3/auth/tokens 0.809s
2025-03-07 09:14:41.924 68406 INFO tempest.lib.common.rest_client [req-892cea47-3544-4693-a21c-f0c0b720dbe1 req-892cea47-3544-4693-a21c-f0c0b720dbe1 ] Request (HostsAdminTestJSON:setUpClass): 204 PUT http://10.180.1.21/identity/v3/projects/c461ee3f416e4ea8a158e9b6cb031931/users/f645e41ce16a4462831b2439ca5aedf7/roles/2f12b85f4f50430f873fee70c3e92de2 0.876s
2025-03-07 09:14:41.937 68456 INFO tempest.lib.common.rest_client [req-f0c79922-0ace-4682-9e88-677c38ff4e6b req-f0c79922-0ace-4682-9e88-677c38ff4e6b ] Request (QuotasAdminTestV236:setUpClass): 201 POST http://10.180.1.21/identity/v3/users 0.767s
2025-03-07 09:14:41.982 68468 INFO tempest.lib.common.rest_client [req-b603dcd2-12f5-4900-8ff1-5533edcf5380 req-b603dcd2-12f5-4900-8ff1-5533edcf5380 ] Request (KeyPairsV210TestJSON:setUpClass): 200 GET http://10.180.1.21/identity/v3/roles 0.811s
2025-03-07 09:14:41.989 68432 INFO tempest.lib.common.rest_client [req-ea4d1c9b-11fb-4a43-922b-135bf1541548 req-ea4d1c9b-11fb-4a43-922b-135bf1541548 ] Request (HypervisorAdminNegativeUnderV252Test:setUpClass): 201 POST http://10.180.1.21/identity/v3/users 0.757s
2025-03-07 09:14:42.005 68464 INFO tempest.lib.common.rest_client [req-233955a6-1125-42b7-b5a9-e06063305aca req-233955a6-1125-42b7-b5a9-e06063305aca ] Request (QuotaClassesAdminTestJSON:setUpClass): 201 POST http://10.180.1.21/identity/v3/users 0.713s
2025-03-07 09:14:42.005 68428 INFO tempest.lib.common.rest_client [req-68777a57-9f3c-4658-a267-ce56e3cca4ff req-68777a57-9f3c-4658-a267-ce56e3cca4ff ] Request (AZAdminV2TestJSON:setUpClass): 200 GET http://10.180.1.21/identity/v3/roles 0.711s
2025-03-07 09:14:42.022 68436 INFO tempest.lib.common.rest_client [req-6f63832f-2a1a-41bd-8611-8c48825689f3 req-6f63832f-2a1a-41bd-8611-8c48825689f3 ] Request (DeleteServersAdminTestJSON:setUpClass): 200 GET http://10.180.1.21/identity/v3/roles 0.653s
2025-03-07 09:14:42.038 68434 INFO tempest.lib.common.rest_client [req-9b3c699a-8a0c-4fda-b343-2ffb1a7fdaa0 req-9b3c699a-8a0c-4fda-b343-2ffb1a7fdaa0 ] Request (ServersWithSpecificFlavorTestJSON:setUpClass): 200 GET http://10.180.1.21/identity/v3/roles 0.665s
2025-03-07 09:14:42.058 68441 INFO tempest.lib.common.rest_client [req-3d87a792-ac02-4bb9-9ba0-6bd1252d9fb3 req-3d87a792-ac02-4bb9-9ba0-6bd1252d9fb3 ] Request (AbsoluteLimitsNegativeTestJSON:test_max_metadata_exceed_limit): 201 POST http://10.180.1.21/identity/v3/auth/tokens 0.754s
2025-03-07 09:14:42.059 68441 INFO tempest.lib.common.fixed_network [-] (AbsoluteLimitsNegativeTestJSON:test_max_metadata_exceed_limit) Found network None available for tenant
2025-03-07 09:14:42.081 68424 INFO tempest.lib.common.rest_client [req-abc34956-e23e-469b-8cb3-3597b1eaec7b req-abc34956-e23e-469b-8cb3-3597b1eaec7b ] Request (FlavorsAdminTestJSON:setUpClass): 201 POST http://10.180.1.21/identity/v3/users 0.643s
2025-03-07 09:14:42.109 68416 INFO tempest.lib.common.rest_client [req-b9111d44-d29c-4a2f-9b19-4a9a89c9ec25 req-b9111d44-d29c-4a2f-9b19-4a9a89c9ec25 ] Request (FloatingIPsAssociationTestJSON:setUpClass): 201 POST http://10.180.1.21/identity/v3/auth/tokens 0.723s
2025-03-07 09:14:42.127 68426 INFO tempest.lib.common.rest_client [req-11a95d8d-0c86-4ff5-a90c-29c988ad3c82 req-11a95d8d-0c86-4ff5-a90c-29c988ad3c82 ] Request (AggregatesAdminNegativeTestJSON:setUpClass): 200 GET http://10.180.1.21/identity/v3/roles 0.607s
2025-03-07 09:14:42.147 68420 INFO tempest.lib.common.rest_client [req-a0f84ccd-d957-4197-b5d6-926cf6fbffa2 req-a0f84ccd-d957-4197-b5d6-926cf6fbffa2 ] Request (HypervisorAdminNegativeTestJSON:setUpClass): 200 GET http://10.180.1.21/identity/v3/roles 0.607s
2025-03-07 09:14:42.161 68454 INFO tempest.lib.common.rest_client [req-8d9ff905-2b87-40aa-a99a-84b60080f686 req-8d9ff905-2b87-40aa-a99a-84b60080f686 ] Request (HostsAdminNegativeTestJSON:setUpClass): 201 POST http://10.180.1.21/identity/v3/users 0.564s
2025-03-07 09:14:42.164 68446 INFO tempest.lib.common.rest_client [req-10f7f6cb-82f9-4929-955f-f62821fc01e2 req-10f7f6cb-82f9-4929-955f-f62821fc01e2 ] Request (QuotasAdminNegativeTest:setUpClass): 200 GET http://10.180.1.21/identity/v3/roles 0.559s
2025-03-07 09:14:42.187 68442 INFO tempest.lib.common.rest_client [req-79daf3cc-aa64-479f-a493-27cd9ccc9b45 req-79daf3cc-aa64-479f-a493-27cd9ccc9b45 ] Request (AZAdminNegativeTestJSON:setUpClass): 201 POST http://10.180.1.21/identity/v3/users 0.520s
2025-03-07 09:14:42.210 68458 INFO tempest.lib.common.rest_client [req-1f4acce9-383f-44fe-9380-0b3a83d44f93 req-1f4acce9-383f-44fe-9380-0b3a83d44f93 ] Request (QuotasSecurityGroupAdminNegativeTest:setUpClass): 201 POST http://10.180.1.21/identity/v3/users 0.540s
2025-03-07 09:14:42.235 68422 INFO tempest.lib.common.rest_client [req-5c3047c3-7eac-47e0-ac5f-6b25507cebaa req-5c3047c3-7eac-47e0-ac5f-6b25507cebaa ] Request (FlavorsExtraSpecsNegativeTestJSON:setUpClass): 201 POST http://10.180.1.21/identity/v3/users 0.505s
2025-03-07 09:14:42.257 68448 INFO tempest.lib.common.rest_client [req-8113848d-66a0-4347-9f2a-5215bd6d617e req-8113848d-66a0-4347-9f2a-5215bd6d617e ] Request (MultipleCreateNegativeTestJSON:test_max_count_less_than_min_count): 400 POST http://10.180.1.21/compute/v2.1/servers 1.155s
2025-03-07 09:14:42.258 68462 INFO tempest.lib.common.rest_client [req-f9059451-3395-47d1-a9dd-0469940d15ad req-f9059451-3395-47d1-a9dd-0469940d15ad ] Request (AttachInterfacesV270Test:setUpClass): 201 POST http://10.180.1.21:9696/networking/v2.0/networks 1.238s
2025-03-07 09:14:42.264 68414 INFO tempest.lib.common.rest_client [req-fdfcccff-64c7-4204-b5cb-e71dbd6b138a req-fdfcccff-64c7-4204-b5cb-e71dbd6b138a ] Request (ServerDiagnosticsTest:setUpClass): 204 PUT http://10.180.1.21/identity/v3/projects/5940cde2652e48a7a52148d723bb6569/users/b21031ac894f403da4a52467a6faaf22/roles/2f12b85f4f50430f873fee70c3e92de2 0.522s
2025-03-07 09:14:42.269 68408 INFO tempest.lib.common.rest_client [req-dc7c0f01-de4a-433c-925f-db651363ffaf req-dc7c0f01-de4a-433c-925f-db651363ffaf ] Request (FlavorMetadataValidation:setUpClass): 204 PUT http://10.180.1.21/identity/v3/projects/9fce271e28634f67b832edd7896f4daa/users/022adec4b6664fc69121d3ab2ba5865a/roles/2f12b85f4f50430f873fee70c3e92de2 0.478s
2025-03-07 09:14:42.269 68408 INFO tempest.lib.common.dynamic_creds [-] Dynamic test user 022adec4b6664fc69121d3ab2ba5865a is created with scope project and roles: ['admin']
2025-03-07 09:14:42.270 68408 INFO tempest.lib.common.dynamic_creds [-] Acquired dynamic creds: credentials: Credentials: {'domain_id': 'default', 'domain_name': 'Default', 'username': 'tempest-FlavorMetadataValidation-1373094913-project-admin', 'project_domain_id': 'default', 'project_domain_name': 'Default', 'project_id': '9fce271e28634f67b832edd7896f4daa', 'project_name': 'tempest-FlavorMetadataValidation-1373094913', 'tenant_id': '9fce271e28634f67b832edd7896f4daa', 'tenant_name': 'tempest-FlavorMetadataValidation-1373094913', 'user_domain_id': 'default', 'user_domain_name': 'Default', 'user_id': '022adec4b6664fc69121d3ab2ba5865a', 'system': None}, Network: None, Subnet: None, Router: None
2025-03-07 09:14:42.270 68408 INFO tempest.lib.common.dynamic_creds [-] Created isolated network resources for: credentials: Credentials: {'domain_id': 'default', 'domain_name': 'Default', 'username': 'tempest-FlavorMetadataValidation-1373094913-project-admin', 'project_domain_id': 'default', 'project_domain_name': 'Default', 'project_id': '9fce271e28634f67b832edd7896f4daa', 'project_name': 'tempest-FlavorMetadataValidation-1373094913', 'tenant_id': '9fce271e28634f67b832edd7896f4daa', 'tenant_name': 'tempest-FlavorMetadataValidation-1373094913', 'user_domain_id': 'default', 'user_domain_name': 'Default', 'user_id': '022adec4b6664fc69121d3ab2ba5865a', 'system': None}, Network: None, Subnet: None, Router: None
2025-03-07 09:14:42.344 68450 INFO tempest.lib.common.rest_client [req-44e154ef-b688-4f27-890b-87df80948878 req-44e154ef-b688-4f27-890b-87df80948878 ] Request (HypervisorAdminUnderV252Test:setUpClass): 201 POST http://10.180.1.21/identity/v3/users 0.478s
2025-03-07 09:14:42.362 68438 INFO tempest.lib.common.rest_client [req-b2629ed3-c321-4484-8d43-232b7b0c2598 req-b2629ed3-c321-4484-8d43-232b7b0c2598 ] Request (FlavorsAccessNegativeTestJSON:setUpClass): 201 POST http://10.180.1.21/identity/v3/users 0.569s
2025-03-07 09:14:42.371 68412 INFO tempest.lib.common.rest_client [req-d30a16de-cd44-4b15-baba-eeddea0186d3 req-d30a16de-cd44-4b15-baba-eeddea0186d3 ] Request (SecurityGroupRulesTestJSON:setUpClass): 201 POST http://10.180.1.21/identity/v3/auth/tokens 0.452s
2025-03-07 09:14:42.386 68406 INFO tempest.lib.common.rest_client [req-cbc306c6-e69a-4fcb-9f6d-6ce51cdd0579 req-cbc306c6-e69a-4fcb-9f6d-6ce51cdd0579 ] Request (HostsAdminTestJSON:setUpClass): 200 GET http://10.180.1.21/identity/v3/roles 0.461s
2025-03-07 09:14:42.392 68456 INFO tempest.lib.common.rest_client [req-77673ac8-f6b3-457e-9cb2-d88e8f1513b1 req-77673ac8-f6b3-457e-9cb2-d88e8f1513b1 ] Request (QuotasAdminTestV236:setUpClass): 200 GET http://10.180.1.21/identity/v3/roles 0.454s
2025-03-07 09:14:42.407 68468 INFO tempest.lib.common.rest_client [req-e6a9b468-d3c2-49f4-8c1b-ad829d603f4c req-e6a9b468-d3c2-49f4-8c1b-ad829d603f4c ] Request (KeyPairsV210TestJSON:setUpClass): 204 PUT http://10.180.1.21/identity/v3/projects/089363f952ae47b8901287e57a32edcb/users/7ec5105858a1481eba257d1b6a131ebb/roles/2f12b85f4f50430f873fee70c3e92de2 0.424s
2025-03-07 09:14:42.410 68432 INFO tempest.lib.common.rest_client [req-c26a5daf-c96e-4dce-972c-53b36e7319cb req-c26a5daf-c96e-4dce-972c-53b36e7319cb ] Request (HypervisorAdminNegativeUnderV252Test:setUpClass): 200 GET http://10.180.1.21/identity/v3/roles 0.420s
2025-03-07 09:14:42.457 68464 INFO tempest.lib.common.rest_client [req-ac5abefc-17aa-48a6-a4f2-b37fc3dac1fd req-ac5abefc-17aa-48a6-a4f2-b37fc3dac1fd ] Request (QuotaClassesAdminTestJSON:setUpClass): 200 GET http://10.180.1.21/identity/v3/roles 0.452s
2025-03-07 09:14:42.465 68428 INFO tempest.lib.common.rest_client [req-af35f284-0ba2-42ee-b32c-3c00917d2065 req-af35f284-0ba2-42ee-b32c-3c00917d2065 ] Request (AZAdminV2TestJSON:setUpClass): 204 PUT http://10.180.1.21/identity/v3/projects/2e1ab58cce1a4b9187de1149dad683aa/users/91519c17c23343e791630d9f4bd41a38/roles/2f12b85f4f50430f873fee70c3e92de2 0.459s
2025-03-07 09:14:42.478 68436 INFO tempest.lib.common.rest_client [req-5decf382-1553-4167-9cbc-71c5ef26eb42 req-5decf382-1553-4167-9cbc-71c5ef26eb42 ] Request (DeleteServersAdminTestJSON:setUpClass): 204 PUT http://10.180.1.21/identity/v3/projects/622805adcee242a98f166ab50d91bfd4/users/c8e50af5c30e4b03b2944e4268fa2647/roles/2f12b85f4f50430f873fee70c3e92de2 0.455s
2025-03-07 09:14:42.541 68424 INFO tempest.lib.common.rest_client [req-c73c7601-490f-48e7-8989-87fcee38c2cd req-c73c7601-490f-48e7-8989-87fcee38c2cd ] Request (FlavorsAdminTestJSON:setUpClass): 200 GET http://10.180.1.21/identity/v3/roles 0.459s
2025-03-07 09:14:42.541 68434 INFO tempest.lib.common.rest_client [req-a46eadf5-5a49-43b1-a7a1-581fe7bd99b6 req-a46eadf5-5a49-43b1-a7a1-581fe7bd99b6 ] Request (ServersWithSpecificFlavorTestJSON:setUpClass): 204 PUT http://10.180.1.21/identity/v3/projects/04abc865dba649968c6957fafd4ebf44/users/328deeeb3a2e4e3fb0e431c81964a806/roles/2f12b85f4f50430f873fee70c3e92de2 0.503s
2025-03-07 09:14:42.541 68434 INFO tempest.lib.common.dynamic_creds [-] Dynamic test user 328deeeb3a2e4e3fb0e431c81964a806 is created with scope project and roles: ['admin']
2025-03-07 09:14:42.541 68434 INFO tempest.lib.common.dynamic_creds [-] Acquired dynamic creds: credentials: Credentials: {'domain_id': 'default', 'domain_name': 'Default', 'username': 'tempest-ServersWithSpecificFlavorTestJSON-1602704987-project-admin', 'project_domain_id': 'default', 'project_domain_name': 'Default', 'project_id': '04abc865dba649968c6957fafd4ebf44', 'project_name': 'tempest-ServersWithSpecificFlavorTestJSON-1602704987', 'tenant_id': '04abc865dba649968c6957fafd4ebf44', 'tenant_name': 'tempest-ServersWithSpecificFlavorTestJSON-1602704987', 'user_domain_id': 'default', 'user_domain_name': 'Default', 'user_id': '328deeeb3a2e4e3fb0e431c81964a806', 'system': None}, Network: None, Subnet: None, Router: None
2025-03-07 09:14:42.588 68416 INFO tempest.lib.common.rest_client [req-c9dccef5-6010-4fb5-9b11-af1c4bc571e2 req-c9dccef5-6010-4fb5-9b11-af1c4bc571e2 ] Request (FloatingIPsAssociationTestJSON:setUpClass): 201 POST http://10.180.1.21/identity/v3/auth/tokens 0.476s
2025-03-07 09:14:42.589 68416 INFO tempest.lib.common.fixed_network [-] (FloatingIPsAssociationTestJSON:setUpClass) Found network {'id': '65dc2c4c-32b4-423e-88bf-bad4a437cfc8', 'name': 'tempest-FloatingIPsAssociationTestJSON-581389219-network', 'tenant_id': '304ea40305c44cb09c8a1043372cad5b', 'admin_state_up': True, 'mtu': 8950, 'status': 'ACTIVE', 'subnets': [], 'shared': False, 'project_id': '304ea40305c44cb09c8a1043372cad5b', 'port_security_enabled': True, 'router:external': False, 'provider:network_type': 'vlan', 'provider:physical_network': 'default', 'provider:segmentation_id': 751, 'availability_zone_hints': [], 'availability_zones': [], 'ipv4_address_scope': None, 'ipv6_address_scope': None, 'description': '', 'tags': [], 'created_at': '2025-03-07T09:14:38Z', 'updated_at': '2025-03-07T09:14:38Z', 'revision_number': 1} available for tenant
2025-03-07 09:14:42.596 68426 INFO tempest.lib.common.rest_client [req-757cb2e4-f605-464e-a303-fbc39e5f1ada req-757cb2e4-f605-464e-a303-fbc39e5f1ada ] Request (AggregatesAdminNegativeTestJSON:setUpClass): 204 PUT http://10.180.1.21/identity/v3/projects/3e9169ab521f4288babe9a7904ef9b27/users/90a343ac11b249309c5b7014b311c6f2/roles/2f12b85f4f50430f873fee70c3e92de2 0.469s
2025-03-07 09:14:42.638 68420 INFO tempest.lib.common.rest_client [req-46ec4dc6-6ce6-4b06-bc17-a5d405bf621c req-46ec4dc6-6ce6-4b06-bc17-a5d405bf621c ] Request (HypervisorAdminNegativeTestJSON:setUpClass): 204 PUT http://10.180.1.21/identity/v3/projects/4c78d7f8c42741ce8050c03a3c3ff778/users/f94911da7842413daa51bcf8dae80f6a/roles/2f12b85f4f50430f873fee70c3e92de2 0.491s
2025-03-07 09:14:42.639 68420 INFO tempest.lib.common.dynamic_creds [-] Dynamic test user f94911da7842413daa51bcf8dae80f6a is created with scope project and roles: ['admin']
2025-03-07 09:14:42.639 68420 INFO tempest.lib.common.dynamic_creds [-] Acquired dynamic creds: credentials: Credentials: {'domain_id': 'default', 'domain_name': 'Default', 'username': 'tempest-HypervisorAdminNegativeTestJSON-527407395-project-admin', 'project_domain_id': 'default', 'project_domain_name': 'Default', 'project_id': '4c78d7f8c42741ce8050c03a3c3ff778', 'project_name': 'tempest-HypervisorAdminNegativeTestJSON-527407395', 'tenant_id': '4c78d7f8c42741ce8050c03a3c3ff778', 'tenant_name': 'tempest-HypervisorAdminNegativeTestJSON-527407395', 'user_domain_id': 'default', 'user_domain_name': 'Default', 'user_id': 'f94911da7842413daa51bcf8dae80f6a', 'system': None}, Network: None, Subnet: None, Router: None
2025-03-07 09:14:42.639 68420 INFO tempest.lib.common.dynamic_creds [-] Created isolated network resources for: credentials: Credentials: {'domain_id': 'default', 'domain_name': 'Default', 'username': 'tempest-HypervisorAdminNegativeTestJSON-527407395-project-admin', 'project_domain_id': 'default', 'project_domain_name': 'Default', 'project_id': '4c78d7f8c42741ce8050c03a3c3ff778', 'project_name': 'tempest-HypervisorAdminNegativeTestJSON-527407395', 'tenant_id': '4c78d7f8c42741ce8050c03a3c3ff778', 'tenant_name': 'tempest-HypervisorAdminNegativeTestJSON-527407395', 'user_domain_id': 'default', 'user_domain_name': 'Default', 'user_id': 'f94911da7842413daa51bcf8dae80f6a', 'system': None}, Network: None, Subnet: None, Router: None
2025-03-07 09:14:42.692 68454 INFO tempest.lib.common.rest_client [req-2701b9fe-42d6-49a0-ab5a-b6c793b1979f req-2701b9fe-42d6-49a0-ab5a-b6c793b1979f ] Request (HostsAdminNegativeTestJSON:setUpClass): 200 GET http://10.180.1.21/identity/v3/roles 0.530s
2025-03-07 09:14:42.712 68446 INFO tempest.lib.common.rest_client [req-80f83552-5ca0-406b-84fb-edf7ee772440 req-80f83552-5ca0-406b-84fb-edf7ee772440 ] Request (QuotasAdminNegativeTest:setUpClass): 204 PUT http://10.180.1.21/identity/v3/projects/5b7639b3923a48b0a49957a5afa42126/users/c900a5501a4949f6840cfcb02c3ffd04/roles/2f12b85f4f50430f873fee70c3e92de2 0.548s
2025-03-07 09:14:42.746 68462 INFO tempest.lib.common.rest_client [req-1f02ce58-5605-41d3-b5d7-8375bf65956c req-1f02ce58-5605-41d3-b5d7-8375bf65956c ] Request (AttachInterfacesV270Test:setUpClass): 201 POST http://10.180.1.21:9696/networking/v2.0/subnets 0.488s
2025-03-07 09:14:42.760 68442 INFO tempest.lib.common.rest_client [req-9f40d1c3-26f3-490c-bc0d-9b6d09adb415 req-9f40d1c3-26f3-490c-bc0d-9b6d09adb415 ] Request (AZAdminNegativeTestJSON:setUpClass): 200 GET http://10.180.1.21/identity/v3/roles 0.573s
2025-03-07 09:14:42.777 68458 INFO tempest.lib.common.rest_client [req-9fe3b142-34b8-4cc3-ba35-3138bd32e098 req-9fe3b142-34b8-4cc3-ba35-3138bd32e098 ] Request (QuotasSecurityGroupAdminNegativeTest:setUpClass): 200 GET http://10.180.1.21/identity/v3/roles 0.567s
2025-03-07 09:14:42.798 68422 INFO tempest.lib.common.rest_client [req-a3afc783-d596-482c-a7e4-4f22fae7aa74 req-a3afc783-d596-482c-a7e4-4f22fae7aa74 ] Request (FlavorsExtraSpecsNegativeTestJSON:setUpClass): 200 GET http://10.180.1.21/identity/v3/roles 0.563s
2025-03-07 09:14:42.818 68460 INFO tempest.lib.common.rest_client [req-9e0eec5d-defa-48a9-ab06-c17b5f5972b2 req-9e0eec5d-defa-48a9-ab06-c17b5f5972b2 ] Request (FloatingIPDetailsTestJSON:setUpClass): 200 PUT http://10.180.1.21:9696/networking/v2.0/routers/d85962ec-1334-4f64-b017-5859199d479b/add_router_interface 1.566s
2025-03-07 09:14:42.819 68460 INFO tempest.lib.common.dynamic_creds [-] Created isolated network resources for: credentials: Credentials: {'domain_id': 'default', 'domain_name': 'Default', 'username': 'tempest-FloatingIPDetailsTestJSON-497689833-project-member', 'project_domain_id': 'default', 'project_domain_name': 'Default', 'project_id': '865bfca495b1479fa3f89f7e82d77005', 'project_name': 'tempest-FloatingIPDetailsTestJSON-497689833', 'tenant_id': '865bfca495b1479fa3f89f7e82d77005', 'tenant_name': 'tempest-FloatingIPDetailsTestJSON-497689833', 'user_domain_id': 'default', 'user_domain_name': 'Default', 'user_id': '7b867ce1290648dea6bf65a1bf3cc4c5', 'system': None}, Network: {'id': '99613a7a-b80f-4bae-9837-079269ed2beb', 'name': 'tempest-FloatingIPDetailsTestJSON-627764531-network', 'tenant_id': '865bfca495b1479fa3f89f7e82d77005', 'admin_state_up': True, 'mtu': 8950, 'status': 'ACTIVE', 'subnets': [], 'shared': False, 'project_id': '865bfca495b1479fa3f89f7e82d77005', 'port_security_enabled': True, 'router:external': False, 'provider:network_type': 'vlan', 'provider:physical_network': 'default', 'provider:segmentation_id': 877, 'availability_zone_hints': [], 'availability_zones': [], 'ipv4_address_scope': None, 'ipv6_address_scope': None, 'description': '', 'tags': [], 'created_at': '2025-03-07T09:14:39Z', 'updated_at': '2025-03-07T09:14:39Z', 'revision_number': 1}, Subnet: {'id': '3c0c15fd-b65b-4d95-a06f-dda5adc09f17', 'name': 'tempest-FloatingIPDetailsTestJSON-627764531-subnet', 'tenant_id': '865bfca495b1479fa3f89f7e82d77005', 'network_id': '99613a7a-b80f-4bae-9837-079269ed2beb', 'ip_version': 4, 'subnetpool_id': None, 'enable_dhcp': True, 'ipv6_ra_mode': None, 'ipv6_address_mode': None, 'gateway_ip': '192.168.128.1', 'cidr': '192.168.128.0/28', 'allocation_pools': [{'start': '192.168.128.2', 'end': '192.168.128.14'}], 'host_routes': [], 'dns_nameservers': [], 'description': '', 'router:external': False, 'service_types': [], 'tags': [], 'created_at': '2025-03-07T09:14:39Z', 'updated_at': '2025-03-07T09:14:39Z', 'revision_number': 0, 'project_id': '865bfca495b1479fa3f89f7e82d77005'}, Router: {'id': 'd85962ec-1334-4f64-b017-5859199d479b', 'name': 'tempest-FloatingIPDetailsTestJSON-627764531-router', 'tenant_id': '865bfca495b1479fa3f89f7e82d77005', 'admin_state_up': True, 'status': 'ACTIVE', 'external_gateway_info': {'network_id': '8680ec55-30c2-42cf-873b-9eadd103b0a3', 'external_fixed_ips': [{'subnet_id': '88504bb6-000c-48e5-86b7-df9bf11d8225', 'ip_address': '10.180.180.231'}], 'enable_snat': True}, 'description': '', 'availability_zones': [], 'distributed': False, 'ha': False, 'availability_zone_hints': [], 'routes': [], 'flavor_id': None, 'tags': [], 'created_at': '2025-03-07T09:14:40Z', 'updated_at': '2025-03-07T09:14:40Z', 'revision_number': 2, 'project_id': '865bfca495b1479fa3f89f7e82d77005'}
2025-03-07 09:14:42.844 68414 INFO tempest.lib.common.rest_client [req-8e072e30-5eff-44f1-918d-874e7794b5fb req-8e072e30-5eff-44f1-918d-874e7794b5fb ] Request (ServerDiagnosticsTest:setUpClass): 200 GET http://10.180.1.21/identity/v3/roles 0.579s
2025-03-07 09:14:42.887 68448 INFO tempest.lib.common.rest_client [req-b3d2ff98-9a03-41d6-92d0-8dadfb9f9627 req-b3d2ff98-9a03-41d6-92d0-8dadfb9f9627 ] Request (MultipleCreateNegativeTestJSON:test_max_count_less_than_one): 201 POST http://10.180.1.21/identity/v3/auth/tokens 0.625s
2025-03-07 09:14:42.887 68448 INFO tempest.lib.common.fixed_network [-] (MultipleCreateNegativeTestJSON:test_max_count_less_than_one) Found network None available for tenant
2025-03-07 09:14:42.907 68408 INFO tempest.lib.common.rest_client [req-5fa753e7-5174-4877-b523-7ad3f4971842 req-5fa753e7-5174-4877-b523-7ad3f4971842 ] Request (FlavorMetadataValidation:setUpClass): 201 POST http://10.180.1.21/identity/v3/auth/tokens 0.635s
2025-03-07 09:14:42.908 68434 INFO tempest.lib.common.rest_client [req-2c667077-5415-487c-8030-e6a6a357e293 req-2c667077-5415-487c-8030-e6a6a357e293 ] Request (ServersWithSpecificFlavorTestJSON:setUpClass): 201 POST http://10.180.1.21:9696/networking/v2.0/networks 0.366s
2025-03-07 09:14:42.914 68444 INFO tempest.lib.common.rest_client [req-8de8125a-48d0-4a3f-941d-26fe68fab375 req-8de8125a-48d0-4a3f-941d-26fe68fab375 ] Request (VolumesAssistedSnapshotsTest:setUpClass): 200 PUT http://10.180.1.21:9696/networking/v2.0/routers/87284aac-1ebf-4bcb-92d4-84de8b4b61bd/add_router_interface 1.069s
2025-03-07 09:14:42.915 68444 INFO tempest.lib.common.dynamic_creds [-] Created isolated network resources for: credentials: Credentials: {'domain_id': 'default', 'domain_name': 'Default', 'username': 'tempest-VolumesAssistedSnapshotsTest-2054347118-project-member', 'project_domain_id': 'default', 'project_domain_name': 'Default', 'project_id': '16a1afe21f424212a22ef2ea09b2f7fc', 'project_name': 'tempest-VolumesAssistedSnapshotsTest-2054347118', 'tenant_id': '16a1afe21f424212a22ef2ea09b2f7fc', 'tenant_name': 'tempest-VolumesAssistedSnapshotsTest-2054347118', 'user_domain_id': 'default', 'user_domain_name': 'Default', 'user_id': '2f35c6b37ff54c8fb00565f66f440023', 'system': None}, Network: {'id': '23468ab5-9d51-4656-bd9e-35ecdd5ba211', 'name': 'tempest-VolumesAssistedSnapshotsTest-163399168-network', 'tenant_id': '16a1afe21f424212a22ef2ea09b2f7fc', 'admin_state_up': True, 'mtu': 8950, 'status': 'ACTIVE', 'subnets': [], 'shared': False, 'project_id': '16a1afe21f424212a22ef2ea09b2f7fc', 'port_security_enabled': True, 'router:external': False, 'provider:network_type': 'vlan', 'provider:physical_network': 'default', 'provider:segmentation_id': 269, 'availability_zone_hints': [], 'availability_zones': [], 'ipv4_address_scope': None, 'ipv6_address_scope': None, 'description': '', 'tags': [], 'created_at': '2025-03-07T09:14:40Z', 'updated_at': '2025-03-07T09:14:40Z', 'revision_number': 1}, Subnet: {'id': '9a82f797-277b-4629-ac41-16bf0d78e86f', 'name': 'tempest-VolumesAssistedSnapshotsTest-163399168-subnet', 'tenant_id': '16a1afe21f424212a22ef2ea09b2f7fc', 'network_id': '23468ab5-9d51-4656-bd9e-35ecdd5ba211', 'ip_version': 4, 'subnetpool_id': None, 'enable_dhcp': True, 'ipv6_ra_mode': None, 'ipv6_address_mode': None, 'gateway_ip': '192.168.128.1', 'cidr': '192.168.128.0/28', 'allocation_pools': [{'start': '192.168.128.2', 'end': '192.168.128.14'}], 'host_routes': [], 'dns_nameservers': [], 'description': '', 'router:external': False, 'service_types': [], 'tags': [], 'created_at': '2025-03-07T09:14:40Z', 'updated_at': '2025-03-07T09:14:40Z', 'revision_number': 0, 'project_id': '16a1afe21f424212a22ef2ea09b2f7fc'}, Router: {'id': '87284aac-1ebf-4bcb-92d4-84de8b4b61bd', 'name': 'tempest-VolumesAssistedSnapshotsTest-163399168-router', 'tenant_id': '16a1afe21f424212a22ef2ea09b2f7fc', 'admin_state_up': True, 'status': 'ACTIVE', 'external_gateway_info': {'network_id': '8680ec55-30c2-42cf-873b-9eadd103b0a3', 'external_fixed_ips': [{'subnet_id': '88504bb6-000c-48e5-86b7-df9bf11d8225', 'ip_address': '10.180.180.186'}], 'enable_snat': True}, 'description': '', 'availability_zones': [], 'distributed': False, 'ha': False, 'availability_zone_hints': [], 'routes': [], 'flavor_id': None, 'tags': [], 'created_at': '2025-03-07T09:14:41Z', 'updated_at': '2025-03-07T09:14:41Z', 'revision_number': 2, 'project_id': '16a1afe21f424212a22ef2ea09b2f7fc'}
2025-03-07 09:14:42.922 68450 INFO tempest.lib.common.rest_client [req-12245b69-27cc-4eab-b816-b17a1df98cf7 req-12245b69-27cc-4eab-b816-b17a1df98cf7 ] Request (HypervisorAdminUnderV252Test:setUpClass): 200 GET http://10.180.1.21/identity/v3/roles 0.577s
2025-03-07 09:14:42.924 68438 INFO tempest.lib.common.rest_client [req-051004a9-d494-48f7-8860-3386441ddf62 req-051004a9-d494-48f7-8860-3386441ddf62 ] Request (FlavorsAccessNegativeTestJSON:setUpClass): 200 GET http://10.180.1.21/identity/v3/roles 0.561s
2025-03-07 09:14:42.938 68406 INFO tempest.lib.common.rest_client [req-a4096f58-c551-4acb-b98b-d84c14759d46 req-a4096f58-c551-4acb-b98b-d84c14759d46 ] Request (HostsAdminTestJSON:setUpClass): 204 PUT http://10.180.1.21/identity/v3/projects/c461ee3f416e4ea8a158e9b6cb031931/users/f645e41ce16a4462831b2439ca5aedf7/roles/2f12b85f4f50430f873fee70c3e92de2 0.551s
2025-03-07 09:14:42.938 68406 INFO tempest.lib.common.dynamic_creds [-] Dynamic test user f645e41ce16a4462831b2439ca5aedf7 is created with scope project and roles: ['admin']
2025-03-07 09:14:42.939 68406 INFO tempest.lib.common.dynamic_creds [-] Acquired dynamic creds: credentials: Credentials: {'domain_id': 'default', 'domain_name': 'Default', 'username': 'tempest-HostsAdminTestJSON-1405388296-project-admin', 'project_domain_id': 'default', 'project_domain_name': 'Default', 'project_id': 'c461ee3f416e4ea8a158e9b6cb031931', 'project_name': 'tempest-HostsAdminTestJSON-1405388296', 'tenant_id': 'c461ee3f416e4ea8a158e9b6cb031931', 'tenant_name': 'tempest-HostsAdminTestJSON-1405388296', 'user_domain_id': 'default', 'user_domain_name': 'Default', 'user_id': 'f645e41ce16a4462831b2439ca5aedf7', 'system': None}, Network: None, Subnet: None, Router: None
2025-03-07 09:14:42.939 68406 INFO tempest.lib.common.dynamic_creds [-] Created isolated network resources for: credentials: Credentials: {'domain_id': 'default', 'domain_name': 'Default', 'username': 'tempest-HostsAdminTestJSON-1405388296-project-admin', 'project_domain_id': 'default', 'project_domain_name': 'Default', 'project_id': 'c461ee3f416e4ea8a158e9b6cb031931', 'project_name': 'tempest-HostsAdminTestJSON-1405388296', 'tenant_id': 'c461ee3f416e4ea8a158e9b6cb031931', 'tenant_name': 'tempest-HostsAdminTestJSON-1405388296', 'user_domain_id': 'default', 'user_domain_name': 'Default', 'user_id': 'f645e41ce16a4462831b2439ca5aedf7', 'system': None}, Network: None, Subnet: None, Router: None
2025-03-07 09:14:42.942 68412 INFO tempest.lib.common.rest_client [req-b2d9f66c-8387-40f1-a977-cd561819d6fa req-b2d9f66c-8387-40f1-a977-cd561819d6fa ] Request (SecurityGroupRulesTestJSON:setUpClass): 200 GET http://10.180.1.21/identity/v3/domains?name=Default 0.570s
2025-03-07 09:14:42.993 68456 INFO tempest.lib.common.rest_client [req-75458bd6-993f-441a-b1d8-e3775848d173 req-75458bd6-993f-441a-b1d8-e3775848d173 ] Request (QuotasAdminTestV236:setUpClass): 204 PUT http://10.180.1.21/identity/v3/projects/38ceaa6ae6f445478bdd6215622b1e7b/users/3413d16e98f74a40998567849ccbd479/roles/2f12b85f4f50430f873fee70c3e92de2 0.600s
2025-03-07 09:14:43.006 68468 INFO tempest.lib.common.rest_client [req-00a8b9e1-2c4c-4b8d-a369-efc231aa0173 req-00a8b9e1-2c4c-4b8d-a369-efc231aa0173 ] Request (KeyPairsV210TestJSON:setUpClass): 200 GET http://10.180.1.21/identity/v3/roles 0.599s
2025-03-07 09:14:43.044 68432 INFO tempest.lib.common.rest_client [req-87ca7845-f203-4e0a-8a99-3aa29e611912 req-87ca7845-f203-4e0a-8a99-3aa29e611912 ] Request (HypervisorAdminNegativeUnderV252Test:setUpClass): 204 PUT http://10.180.1.21/identity/v3/projects/f894ba5193a34536b4044667a490b5c1/users/beda6fbc51a44cebbc45617eeb6f586b/roles/2f12b85f4f50430f873fee70c3e92de2 0.634s
2025-03-07 09:14:43.067 68464 INFO tempest.lib.common.rest_client [req-33af94f5-924e-4615-b530-8e84749ed190 req-33af94f5-924e-4615-b530-8e84749ed190 ] Request (QuotaClassesAdminTestJSON:setUpClass): 204 PUT http://10.180.1.21/identity/v3/projects/8fe86c705ade4171ad1dbb77d773ee37/users/dbe57eec1ee2412b877fd3b96a188675/roles/2f12b85f4f50430f873fee70c3e92de2 0.609s
2025-03-07 09:14:43.100 68434 INFO tempest.lib.common.rest_client [req-04302654-2ed6-4640-bb5d-4c64efb87bab req-04302654-2ed6-4640-bb5d-4c64efb87bab ] Request (ServersWithSpecificFlavorTestJSON:setUpClass): 201 POST http://10.180.1.21:9696/networking/v2.0/subnets 0.192s
2025-03-07 09:14:43.114 68452 INFO tempest.lib.common.rest_client [req-f53f061a-bf02-4613-8e5e-15f8606a9bc4 req-f53f061a-bf02-4613-8e5e-15f8606a9bc4 ] Request (ServersAdminTestJSON:setUpClass): 201 POST http://10.180.1.21:9696/networking/v2.0/routers 1.380s
2025-03-07 09:14:43.122 68428 INFO tempest.lib.common.rest_client [req-bc35610c-449e-430f-ae05-214be0ac54e5 req-bc35610c-449e-430f-ae05-214be0ac54e5 ] Request (AZAdminV2TestJSON:setUpClass): 200 GET http://10.180.1.21/identity/v3/roles 0.656s
2025-03-07 09:14:43.125 68436 INFO tempest.lib.common.rest_client [req-7463e17b-b0df-4d2a-9337-f0884ad08efe req-7463e17b-b0df-4d2a-9337-f0884ad08efe ] Request (DeleteServersAdminTestJSON:setUpClass): 200 GET http://10.180.1.21/identity/v3/roles 0.646s
2025-03-07 09:14:43.150 68424 INFO tempest.lib.common.rest_client [req-4f9a50b4-7dac-4e4a-b8b4-303f9d82d8cb req-4f9a50b4-7dac-4e4a-b8b4-303f9d82d8cb ] Request (FlavorsAdminTestJSON:setUpClass): 204 PUT http://10.180.1.21/identity/v3/projects/22e32ab6aa1f43018887d8a9ab59a043/users/6fb9ec11a98e4e15af1ea8e93e363656/roles/2f12b85f4f50430f873fee70c3e92de2 0.608s
2025-03-07 09:14:43.168 68426 INFO tempest.lib.common.rest_client [req-9fe221ff-f16f-469c-94ce-ce6650a65ca8 req-9fe221ff-f16f-469c-94ce-ce6650a65ca8 ] Request (AggregatesAdminNegativeTestJSON:setUpClass): 200 GET http://10.180.1.21/identity/v3/roles 0.571s
2025-03-07 09:14:43.218 68420 INFO tempest.lib.common.rest_client [req-654807c9-bd5e-4c0f-8336-196c9f778cec req-654807c9-bd5e-4c0f-8336-196c9f778cec ] Request (HypervisorAdminNegativeTestJSON:setUpClass): 201 POST http://10.180.1.21/identity/v3/auth/tokens 0.576s
2025-03-07 09:14:43.264 68446 INFO tempest.lib.common.rest_client [req-21281260-0f8b-45e3-bfb7-a2761b990130 req-21281260-0f8b-45e3-bfb7-a2761b990130 ] Request (QuotasAdminNegativeTest:setUpClass): 200 GET http://10.180.1.21/identity/v3/roles 0.551s
2025-03-07 09:14:43.266 68454 INFO tempest.lib.common.rest_client [req-8f3e1c83-6d6e-4907-a1d4-3404e3341e52 req-8f3e1c83-6d6e-4907-a1d4-3404e3341e52 ] Request (HostsAdminNegativeTestJSON:setUpClass): 204 PUT http://10.180.1.21/identity/v3/projects/3845c09a3cad48d18b0df0aef1918e1e/users/85b93c4b0f7c4c71b0fe4bce294d2e4e/roles/2f12b85f4f50430f873fee70c3e92de2 0.573s
2025-03-07 09:14:43.322 68442 INFO tempest.lib.common.rest_client [req-942f72a2-fbcc-4c4c-9507-14d876bc914f req-942f72a2-fbcc-4c4c-9507-14d876bc914f ] Request (AZAdminNegativeTestJSON:setUpClass): 204 PUT http://10.180.1.21/identity/v3/projects/80bb7bbc529d4d5184ecd4f867ba540f/users/cfc090a91e8f4b2383b2a64a102ef9fb/roles/2f12b85f4f50430f873fee70c3e92de2 0.562s
2025-03-07 09:14:43.326 68458 INFO tempest.lib.common.rest_client [req-0d36714e-d287-4485-ba7b-e941e7b15f92 req-0d36714e-d287-4485-ba7b-e941e7b15f92 ] Request (QuotasSecurityGroupAdminNegativeTest:setUpClass): 204 PUT http://10.180.1.21/identity/v3/projects/1f87b7c1c96a4d6ea78daa52746b26e2/users/c3abd18e4f6c4653a7fba8a888d7af6b/roles/2f12b85f4f50430f873fee70c3e92de2 0.548s
2025-03-07 09:14:43.446 68422 INFO tempest.lib.common.rest_client [req-3e6cdbd1-e5fa-45db-a610-f8f773ec7844 req-3e6cdbd1-e5fa-45db-a610-f8f773ec7844 ] Request (FlavorsExtraSpecsNegativeTestJSON:setUpClass): 204 PUT http://10.180.1.21/identity/v3/projects/d9294732f6c14da095fddef8dc6c1c66/users/8724ccb6a4784b09b40943fcb5a6299d/roles/2f12b85f4f50430f873fee70c3e92de2 0.648s
2025-03-07 09:14:43.446 68410 INFO tempest.lib.common.rest_client [req-25806336-2bc1-4fb8-a71e-f04f275b8096 req-25806336-2bc1-4fb8-a71e-f04f275b8096 ] Request (FlavorsAccessTestJSON:test_flavor_access_add_remove): 200 POST http://10.180.1.21/compute/v2.1/flavors/1052452678/action 1.956s
2025-03-07 09:14:43.509 68414 INFO tempest.lib.common.rest_client [req-8123c117-52e8-48a1-a64c-4ae4812bfe1f req-8123c117-52e8-48a1-a64c-4ae4812bfe1f ] Request (ServerDiagnosticsTest:setUpClass): 204 PUT http://10.180.1.21/identity/v3/projects/5940cde2652e48a7a52148d723bb6569/users/b21031ac894f403da4a52467a6faaf22/roles/2f12b85f4f50430f873fee70c3e92de2 0.665s
2025-03-07 09:14:43.510 68414 INFO tempest.lib.common.dynamic_creds [-] Dynamic test user b21031ac894f403da4a52467a6faaf22 is created with scope project and roles: ['admin']
2025-03-07 09:14:43.510 68414 INFO tempest.lib.common.dynamic_creds [-] Acquired dynamic creds: credentials: Credentials: {'domain_id': 'default', 'domain_name': 'Default', 'username': 'tempest-ServerDiagnosticsTest-1102692132-project-admin', 'project_domain_id': 'default', 'project_domain_name': 'Default', 'project_id': '5940cde2652e48a7a52148d723bb6569', 'project_name': 'tempest-ServerDiagnosticsTest-1102692132', 'tenant_id': '5940cde2652e48a7a52148d723bb6569', 'tenant_name': 'tempest-ServerDiagnosticsTest-1102692132', 'user_domain_id': 'default', 'user_domain_name': 'Default', 'user_id': 'b21031ac894f403da4a52467a6faaf22', 'system': None}, Network: None, Subnet: None, Router: None
2025-03-07 09:14:43.510 68414 INFO tempest.lib.common.dynamic_creds [-] Created isolated network resources for: credentials: Credentials: {'domain_id': 'default', 'domain_name': 'Default', 'username': 'tempest-ServerDiagnosticsTest-1102692132-project-admin', 'project_domain_id': 'default', 'project_domain_name': 'Default', 'project_id': '5940cde2652e48a7a52148d723bb6569', 'project_name': 'tempest-ServerDiagnosticsTest-1102692132', 'tenant_id': '5940cde2652e48a7a52148d723bb6569', 'tenant_name': 'tempest-ServerDiagnosticsTest-1102692132', 'user_domain_id': 'default', 'user_domain_name': 'Default', 'user_id': 'b21031ac894f403da4a52467a6faaf22', 'system': None}, Network: None, Subnet: None, Router: None
2025-03-07 09:14:43.577 68460 INFO tempest.lib.common.rest_client [req-8c84a594-0cca-49c6-b38a-c0fdb6db6413 req-8c84a594-0cca-49c6-b38a-c0fdb6db6413 ] Request (FloatingIPDetailsTestJSON:setUpClass): 201 POST http://10.180.1.21/identity/v3/auth/tokens 0.693s
2025-03-07 09:14:43.655 68438 INFO tempest.lib.common.rest_client [req-d159696f-1140-4448-b501-89eaaffa22e3 req-d159696f-1140-4448-b501-89eaaffa22e3 ] Request (FlavorsAccessNegativeTestJSON:setUpClass): 204 PUT http://10.180.1.21/identity/v3/projects/664c99def93043f4a83b30b5b06373c9/users/14426c9bb7184b42a0114bb6e06335af/roles/2f12b85f4f50430f873fee70c3e92de2 0.731s
2025-03-07 09:14:43.657 68450 INFO tempest.lib.common.rest_client [req-9606645e-f205-4a62-8004-2144a56676c0 req-9606645e-f205-4a62-8004-2144a56676c0 ] Request (HypervisorAdminUnderV252Test:setUpClass): 204 PUT http://10.180.1.21/identity/v3/projects/f888d57d1c814612b10d0d7a8a58873d/users/d00217097ee94ab78e4765caedb76da1/roles/2f12b85f4f50430f873fee70c3e92de2 0.735s
2025-03-07 09:14:43.729 68430 INFO tempest.lib.common.rest_client [req-2d134099-98a5-4282-84c9-c854f2c2a8e9 req-2d134099-98a5-4282-84c9-c854f2c2a8e9 ] Request (ServersAdmin275Test:test_rebuild_update_server_275): 200 GET http://10.180.1.21/compute/v2.1/servers/2c656a62-f558-42f7-8eb3-15a202ad81cc 2.109s
2025-03-07 09:14:43.735 68406 INFO tempest.lib.common.rest_client [req-549fbc96-a22f-4f3a-b6b6-6e545f37f5a9 req-549fbc96-a22f-4f3a-b6b6-6e545f37f5a9 ] Request (HostsAdminTestJSON:setUpClass): 201 POST http://10.180.1.21/identity/v3/auth/tokens 0.792s
2025-03-07 09:14:43.774 68412 INFO tempest.lib.common.rest_client [req-3117c1d1-eea6-467f-9bee-f26199b79dad req-3117c1d1-eea6-467f-9bee-f26199b79dad ] Request (SecurityGroupRulesTestJSON:setUpClass): 201 POST http://10.180.1.21/identity/v3/projects 0.832s
2025-03-07 09:14:43.817 68444 INFO tempest.lib.common.rest_client [req-35144717-0ff4-4a15-8d60-55e670bcc294 req-35144717-0ff4-4a15-8d60-55e670bcc294 ] Request (VolumesAssistedSnapshotsTest:setUpClass): 201 POST http://10.180.1.21/identity/v3/auth/tokens 0.840s
2025-03-07 09:14:43.829 68456 INFO tempest.lib.common.rest_client [req-77951cb4-4730-41b8-8325-e268de59c0c3 req-77951cb4-4730-41b8-8325-e268de59c0c3 ] Request (QuotasAdminTestV236:setUpClass): 200 GET http://10.180.1.21/identity/v3/roles 0.834s
2025-03-07 09:14:43.833 68468 INFO tempest.lib.common.rest_client [req-6e3dd100-f481-4519-a5f8-b715954e4c5b req-6e3dd100-f481-4519-a5f8-b715954e4c5b ] Request (KeyPairsV210TestJSON:setUpClass): 204 PUT http://10.180.1.21/identity/v3/projects/089363f952ae47b8901287e57a32edcb/users/7ec5105858a1481eba257d1b6a131ebb/roles/2f12b85f4f50430f873fee70c3e92de2 0.826s
2025-03-07 09:14:43.833 68468 INFO tempest.lib.common.dynamic_creds [-] Dynamic test user 7ec5105858a1481eba257d1b6a131ebb is created with scope project and roles: ['admin']
2025-03-07 09:14:43.833 68468 INFO tempest.lib.common.dynamic_creds [-] Acquired dynamic creds: credentials: Credentials: {'domain_id': 'default', 'domain_name': 'Default', 'username': 'tempest-KeyPairsV210TestJSON-980456693-project-admin', 'project_domain_id': 'default', 'project_domain_name': 'Default', 'project_id': '089363f952ae47b8901287e57a32edcb', 'project_name': 'tempest-KeyPairsV210TestJSON-980456693', 'tenant_id': '089363f952ae47b8901287e57a32edcb', 'tenant_name': 'tempest-KeyPairsV210TestJSON-980456693', 'user_domain_id': 'default', 'user_domain_name': 'Default', 'user_id': '7ec5105858a1481eba257d1b6a131ebb', 'system': None}, Network: None, Subnet: None, Router: None
2025-03-07 09:14:43.833 68468 INFO tempest.lib.common.dynamic_creds [-] Created isolated network resources for: credentials: Credentials: {'domain_id': 'default', 'domain_name': 'Default', 'username': 'tempest-KeyPairsV210TestJSON-980456693-project-admin', 'project_domain_id': 'default', 'project_domain_name': 'Default', 'project_id': '089363f952ae47b8901287e57a32edcb', 'project_name': 'tempest-KeyPairsV210TestJSON-980456693', 'tenant_id': '089363f952ae47b8901287e57a32edcb', 'tenant_name': 'tempest-KeyPairsV210TestJSON-980456693', 'user_domain_id': 'default', 'user_domain_name': 'Default', 'user_id': '7ec5105858a1481eba257d1b6a131ebb', 'system': None}, Network: None, Subnet: None, Router: None
2025-03-07 09:14:43.880 68432 INFO tempest.lib.common.rest_client [req-d880a33c-0870-4ce9-a6cd-42ede8ad1665 req-d880a33c-0870-4ce9-a6cd-42ede8ad1665 ] Request (HypervisorAdminNegativeUnderV252Test:setUpClass): 200 GET http://10.180.1.21/identity/v3/roles 0.835s
2025-03-07 09:14:43.886 68464 INFO tempest.lib.common.rest_client [req-85c445f4-d572-461d-871b-7eec771aec87 req-85c445f4-d572-461d-871b-7eec771aec87 ] Request (QuotaClassesAdminTestJSON:setUpClass): 200 GET http://10.180.1.21/identity/v3/roles 0.818s
2025-03-07 09:14:43.894 68428 INFO tempest.lib.common.rest_client [req-42d6ad5e-6092-477e-943d-30f839e2154f req-42d6ad5e-6092-477e-943d-30f839e2154f ] Request (AZAdminV2TestJSON:setUpClass): 204 PUT http://10.180.1.21/identity/v3/projects/2e1ab58cce1a4b9187de1149dad683aa/users/91519c17c23343e791630d9f4bd41a38/roles/2f12b85f4f50430f873fee70c3e92de2 0.771s
2025-03-07 09:14:43.894 68428 INFO tempest.lib.common.dynamic_creds [-] Dynamic test user 91519c17c23343e791630d9f4bd41a38 is created with scope project and roles: ['admin']
2025-03-07 09:14:43.894 68428 INFO tempest.lib.common.dynamic_creds [-] Acquired dynamic creds: credentials: Credentials: {'domain_id': 'default', 'domain_name': 'Default', 'username': 'tempest-AZAdminV2TestJSON-2131153144-project-admin', 'project_domain_id': 'default', 'project_domain_name': 'Default', 'project_id': '2e1ab58cce1a4b9187de1149dad683aa', 'project_name': 'tempest-AZAdminV2TestJSON-2131153144', 'tenant_id': '2e1ab58cce1a4b9187de1149dad683aa', 'tenant_name': 'tempest-AZAdminV2TestJSON-2131153144', 'user_domain_id': 'default', 'user_domain_name': 'Default', 'user_id': '91519c17c23343e791630d9f4bd41a38', 'system': None}, Network: None, Subnet: None, Router: None
2025-03-07 09:14:43.894 68428 INFO tempest.lib.common.dynamic_creds [-] Created isolated network resources for: credentials: Credentials: {'domain_id': 'default', 'domain_name': 'Default', 'username': 'tempest-AZAdminV2TestJSON-2131153144-project-admin', 'project_domain_id': 'default', 'project_domain_name': 'Default', 'project_id': '2e1ab58cce1a4b9187de1149dad683aa', 'project_name': 'tempest-AZAdminV2TestJSON-2131153144', 'tenant_id': '2e1ab58cce1a4b9187de1149dad683aa', 'tenant_name': 'tempest-AZAdminV2TestJSON-2131153144', 'user_domain_id': 'default', 'user_domain_name': 'Default', 'user_id': '91519c17c23343e791630d9f4bd41a38', 'system': None}, Network: None, Subnet: None, Router: None
2025-03-07 09:14:43.901 68436 INFO tempest.lib.common.rest_client [req-329d7ef9-7c58-4da6-94db-2efa92af82ab req-329d7ef9-7c58-4da6-94db-2efa92af82ab ] Request (DeleteServersAdminTestJSON:setUpClass): 204 PUT http://10.180.1.21/identity/v3/projects/622805adcee242a98f166ab50d91bfd4/users/c8e50af5c30e4b03b2944e4268fa2647/roles/2f12b85f4f50430f873fee70c3e92de2 0.772s
2025-03-07 09:14:43.901 68436 INFO tempest.lib.common.dynamic_creds [-] Dynamic test user c8e50af5c30e4b03b2944e4268fa2647 is created with scope project and roles: ['admin']
2025-03-07 09:14:43.901 68436 INFO tempest.lib.common.dynamic_creds [-] Acquired dynamic creds: credentials: Credentials: {'domain_id': 'default', 'domain_name': 'Default', 'username': 'tempest-DeleteServersAdminTestJSON-1802043896-project-admin', 'project_domain_id': 'default', 'project_domain_name': 'Default', 'project_id': '622805adcee242a98f166ab50d91bfd4', 'project_name': 'tempest-DeleteServersAdminTestJSON-1802043896', 'tenant_id': '622805adcee242a98f166ab50d91bfd4', 'tenant_name': 'tempest-DeleteServersAdminTestJSON-1802043896', 'user_domain_id': 'default', 'user_domain_name': 'Default', 'user_id': 'c8e50af5c30e4b03b2944e4268fa2647', 'system': None}, Network: None, Subnet: None, Router: None
2025-03-07 09:14:43.901 68436 INFO tempest.lib.common.dynamic_creds [-] Created isolated network resources for: credentials: Credentials: {'domain_id': 'default', 'domain_name': 'Default', 'username': 'tempest-DeleteServersAdminTestJSON-1802043896-project-admin', 'project_domain_id': 'default', 'project_domain_name': 'Default', 'project_id': '622805adcee242a98f166ab50d91bfd4', 'project_name': 'tempest-DeleteServersAdminTestJSON-1802043896', 'tenant_id': '622805adcee242a98f166ab50d91bfd4', 'tenant_name': 'tempest-DeleteServersAdminTestJSON-1802043896', 'user_domain_id': 'default', 'user_domain_name': 'Default', 'user_id': 'c8e50af5c30e4b03b2944e4268fa2647', 'system': None}, Network: None, Subnet: None, Router: None
2025-03-07 09:14:43.942 68426 INFO tempest.lib.common.rest_client [req-4bc2edc9-dda4-4f01-a0a1-20e4999d9014 req-4bc2edc9-dda4-4f01-a0a1-20e4999d9014 ] Request (AggregatesAdminNegativeTestJSON:setUpClass): 204 PUT http://10.180.1.21/identity/v3/projects/3e9169ab521f4288babe9a7904ef9b27/users/90a343ac11b249309c5b7014b311c6f2/roles/2f12b85f4f50430f873fee70c3e92de2 0.773s
2025-03-07 09:14:43.942 68426 INFO tempest.lib.common.dynamic_creds [-] Dynamic test user 90a343ac11b249309c5b7014b311c6f2 is created with scope project and roles: ['admin']
2025-03-07 09:14:43.942 68426 INFO tempest.lib.common.dynamic_creds [-] Acquired dynamic creds: credentials: Credentials: {'domain_id': 'default', 'domain_name': 'Default', 'username': 'tempest-AggregatesAdminNegativeTestJSON-25410599-project-admin', 'project_domain_id': 'default', 'project_domain_name': 'Default', 'project_id': '3e9169ab521f4288babe9a7904ef9b27', 'project_name': 'tempest-AggregatesAdminNegativeTestJSON-25410599', 'tenant_id': '3e9169ab521f4288babe9a7904ef9b27', 'tenant_name': 'tempest-AggregatesAdminNegativeTestJSON-25410599', 'user_domain_id': 'default', 'user_domain_name': 'Default', 'user_id': '90a343ac11b249309c5b7014b311c6f2', 'system': None}, Network: None, Subnet: None, Router: None
2025-03-07 09:14:43.942 68426 INFO tempest.lib.common.dynamic_creds [-] Created isolated network resources for: credentials: Credentials: {'domain_id': 'default', 'domain_name': 'Default', 'username': 'tempest-AggregatesAdminNegativeTestJSON-25410599-project-admin', 'project_domain_id': 'default', 'project_domain_name': 'Default', 'project_id': '3e9169ab521f4288babe9a7904ef9b27', 'project_name': 'tempest-AggregatesAdminNegativeTestJSON-25410599', 'tenant_id': '3e9169ab521f4288babe9a7904ef9b27', 'tenant_name': 'tempest-AggregatesAdminNegativeTestJSON-25410599', 'user_domain_id': 'default', 'user_domain_name': 'Default', 'user_id': '90a343ac11b249309c5b7014b311c6f2', 'system': None}, Network: None, Subnet: None, Router: None
2025-03-07 09:14:43.947 68424 INFO tempest.lib.common.rest_client [req-c7bbc6a2-a52d-4fe0-a1f6-9f47ca9b77f5 req-c7bbc6a2-a52d-4fe0-a1f6-9f47ca9b77f5 ] Request (FlavorsAdminTestJSON:setUpClass): 200 GET http://10.180.1.21/identity/v3/roles 0.796s
