2025-03-07 09:15:16.571 68438 INFO tempest.lib.common.rest_client [req-9690fd8a-268d-4530-bc21-11b435a62f5e req-9690fd8a-268d-4530-bc21-11b435a62f5e ] Request (FlavorsAccessNegativeTestJSON:test_flavor_non_admin_remove): 200 POST http://10.180.1.21/compute/v2.1/flavors 0.903s
2025-03-07 09:15:16.603 68460 INFO tempest.lib.common.rest_client [req-f22e571d-717a-4dc6-8f66-221c710c3876 req-f22e571d-717a-4dc6-8f66-221c710c3876 ] Request (SecurityGroupsNegativeTestJSON:setUpClass): 201 POST http://10.180.1.21:9696/networking/v2.0/networks 0.661s
2025-03-07 09:15:16.638 68450 INFO tempest.lib.common.rest_client [req-64ab3bb4-ea21-4078-9f20-7dc29c854e98 req-64ab3bb4-ea21-4078-9f20-7dc29c854e98 ] Request (VolumesAdminNegativeTest:setUpClass): 201 POST http://10.180.1.21/identity/v3/auth/tokens 0.072s
2025-03-07 09:15:16.665 68446 INFO tempest.lib.common.rest_client [req-d22eea61-e333-4225-9087-be3a63a1702f req-d22eea61-e333-4225-9087-be3a63a1702f ] Request (QuotasAdminNegativeTest:tearDownClass): 204 DELETE http://10.180.1.21/identity/v3/projects/5b7639b3923a48b0a49957a5afa42126 0.140s
2025-03-07 09:15:16.737 68446 INFO tempest.lib.common.rest_client [req-edb1c90f-1d43-46d0-bcd0-d223c81b232f req-edb1c90f-1d43-46d0-bcd0-d223c81b232f ] Request (TestVersions:setUpClass): 201 POST http://10.180.1.21/identity/v3/auth/tokens 0.070s
2025-03-07 09:15:16.771 68446 INFO tempest.lib.common.rest_client [req-d965e1de-fbb3-4197-8af3-97352baeabe9 req-d965e1de-fbb3-4197-8af3-97352baeabe9 ] Request (TestVersions:setUpClass): 201 POST http://10.180.1.21/identity/v3/auth/tokens 0.031s
2025-03-07 09:15:16.798 68452 INFO tempest.lib.common.rest_client [req-98b7f791-7a53-4953-9730-7e0b9bed4f66 req-98b7f791-7a53-4953-9730-7e0b9bed4f66 ] Request (ServersAdminTestJSON:setUpClass): 200 GET http://10.180.1.21/compute/v2.1/servers/6c432798-e4a8-45e4-bb75-445c270227b8 1.055s
2025-03-07 09:15:16.813 68446 INFO tempest.lib.common.rest_client [req-f65f1fa9-47d0-4ead-92f9-4ec0fdb819ee req-f65f1fa9-47d0-4ead-92f9-4ec0fdb819ee ] Request (TestVersions:setUpClass): 200 GET http://10.180.1.21/identity/v3/domains?name=Default 0.041s
2025-03-07 09:15:16.844 68446 INFO tempest.lib.common.rest_client [req-020c9e1f-030d-4502-875a-a1fe6858ea3d req-020c9e1f-030d-4502-875a-a1fe6858ea3d ] Request (TestVersions:setUpClass): 201 POST http://10.180.1.21/identity/v3/projects 0.030s
2025-03-07 09:15:16.859 68420 INFO tempest.lib.common.rest_client [req-6ff5d628-fa73-4d30-9d52-46a7f00c0f67 req-6ff5d628-fa73-4d30-9d52-46a7f00c0f67 ] Request (ServerDiagnosticsNegativeTest:test_get_server_diagnostics_by_non_admin): 200 GET http://10.180.1.21/compute/v2.1/servers/abe0798c-3711-4b21-a4bd-42a2299e6bcf 1.061s
2025-03-07 09:15:16.868 68460 INFO tempest.lib.common.rest_client [req-6b6e636d-0093-496a-9c5e-de882cf43670 req-6b6e636d-0093-496a-9c5e-de882cf43670 ] Request (SecurityGroupsNegativeTestJSON:setUpClass): 201 POST http://10.180.1.21:9696/networking/v2.0/subnets 0.265s
2025-03-07 09:15:16.901 68446 INFO tempest.lib.common.rest_client [req-be1668f4-58e4-4cb6-8b7d-83404be97fc4 req-be1668f4-58e4-4cb6-8b7d-83404be97fc4 ] Request (TestVersions:setUpClass): 201 POST http://10.180.1.21/identity/v3/users 0.057s
2025-03-07 09:15:16.922 68446 INFO tempest.lib.common.rest_client [req-a10df45b-3044-4728-a218-a6d8a86c2ceb req-a10df45b-3044-4728-a218-a6d8a86c2ceb ] Request (TestVersions:setUpClass): 200 GET http://10.180.1.21/identity/v3/roles 0.020s
2025-03-07 09:15:16.950 68446 INFO tempest.lib.common.rest_client [req-10b29676-c7e7-40da-8a72-39ae85a4ddcd req-10b29676-c7e7-40da-8a72-39ae85a4ddcd ] Request (TestVersions:setUpClass): 204 PUT http://10.180.1.21/identity/v3/projects/7e691bbdd35a4d739525af37eb707bab/users/8c657674ba8849a889edff55878af2ae/roles/ff75510f71d64899a99008ca6b7c677c 0.028s
2025-03-07 09:15:16.951 68446 INFO tempest.lib.common.dynamic_creds [-] Dynamic test user 8c657674ba8849a889edff55878af2ae is created with scope project and roles: ['member']
2025-03-07 09:15:16.951 68446 INFO tempest.lib.common.dynamic_creds [-] Acquired dynamic creds: credentials: Credentials: {'domain_id': 'default', 'domain_name': 'Default', 'username': 'tempest-TestVersions-1561134504-project-member', 'project_domain_id': 'default', 'project_domain_name': 'Default', 'project_id': '7e691bbdd35a4d739525af37eb707bab', 'project_name': 'tempest-TestVersions-1561134504', 'tenant_id': '7e691bbdd35a4d739525af37eb707bab', 'tenant_name': 'tempest-TestVersions-1561134504', 'user_domain_id': 'default', 'user_domain_name': 'Default', 'user_id': '8c657674ba8849a889edff55878af2ae', 'system': None}, Network: None, Subnet: None, Router: None
2025-03-07 09:15:16.951 68446 INFO tempest.lib.common.dynamic_creds [-] Created isolated network resources for: credentials: Credentials: {'domain_id': 'default', 'domain_name': 'Default', 'username': 'tempest-TestVersions-1561134504-project-member', 'project_domain_id': 'default', 'project_domain_name': 'Default', 'project_id': '7e691bbdd35a4d739525af37eb707bab', 'project_name': 'tempest-TestVersions-1561134504', 'tenant_id': '7e691bbdd35a4d739525af37eb707bab', 'tenant_name': 'tempest-TestVersions-1561134504', 'user_domain_id': 'default', 'user_domain_name': 'Default', 'user_id': '8c657674ba8849a889edff55878af2ae', 'system': None}, Network: None, Subnet: None, Router: None
2025-03-07 09:15:17.023 68446 INFO tempest.lib.common.rest_client [req-b3ce43b8-58ca-4183-8e51-08e077be48dc req-b3ce43b8-58ca-4183-8e51-08e077be48dc ] Request (TestVersions:setUpClass): 201 POST http://10.180.1.21/identity/v3/auth/tokens 0.066s
2025-03-07 09:15:17.062 68454 INFO tempest.lib.common.rest_client [req-f633d1a8-4260-4c43-aced-338a0df124af req-f633d1a8-4260-4c43-aced-338a0df124af ] Request (HostsAdminNegativeTestJSON:tearDownClass): 200 GET http://10.180.1.21:9696/networking/v2.0/security-groups?tenant_id=f24e9b49a405439b8fd45d740df4a8c1&name=default 0.551s
2025-03-07 09:15:17.079 68406 INFO tempest.lib.common.rest_client [req-c956d918-f263-4d93-b312-7e89d9e60ce4 req-c956d918-f263-4d93-b312-7e89d9e60ce4 ] Request (ServersTestFqdnHostnames:setUpClass): 201 POST http://10.180.1.21:9696/networking/v2.0/routers 1.832s
2025-03-07 09:15:17.387 68454 INFO tempest.lib.common.rest_client [req-812afd8e-8fde-4709-bf27-050e1e2f4a8c req-812afd8e-8fde-4709-bf27-050e1e2f4a8c ] Request (HostsAdminNegativeTestJSON:tearDownClass): 204 DELETE http://10.180.1.21:9696/networking/v2.0/security-groups/d88f3a23-6f61-4dca-bb6b-f52ba1ad01ba 0.325s
2025-03-07 09:15:17.404 68410 INFO tempest.lib.common.rest_client [req-f9af0c23-5691-4423-8b83-174961cf08b8 req-f9af0c23-5691-4423-8b83-174961cf08b8 ] Request (FloatingIPsNegativeTestJSON:tearDownClass): 204 DELETE http://10.180.1.21:9696/networking/v2.0/routers/075db8ff-986d-4d5f-9eea-f55582640a92 1.209s
2025-03-07 09:15:17.515 68450 INFO tempest.lib.common.rest_client [req-677325dc-1658-4722-a740-536a2580efc8 req-677325dc-1658-4722-a740-536a2580efc8 ] Request (VolumesAdminNegativeTest:setUpClass): 201 POST http://10.180.1.21:9696/networking/v2.0/networks 0.877s
2025-03-07 09:15:17.537 68454 INFO tempest.lib.common.rest_client [req-1495a9c6-6719-4d63-b9fd-157c67da4d07 req-1495a9c6-6719-4d63-b9fd-157c67da4d07 ] Request (HostsAdminNegativeTestJSON:tearDownClass): 204 DELETE http://10.180.1.21/identity/v3/projects/f24e9b49a405439b8fd45d740df4a8c1 0.149s
2025-03-07 09:15:17.537 68454 INFO tempest.lib.common.dynamic_creds [-] Deleting project and security group for project: 3845c09a3cad48d18b0df0aef1918e1e
2025-03-07 09:15:17.584 68412 INFO tempest.lib.common.rest_client [req-45a40023-2be1-4d9e-b9c4-6ae2693b0fc9 req-45a40023-2be1-4d9e-b9c4-6ae2693b0fc9 ] Request (SecurityGroupRulesTestJSON:test_security_group_rules_delete_when_peer_group_deleted): 202 DELETE http://10.180.1.21/compute/v2.1/os-security-groups/57ecbc44-d4fb-4c3e-ad36-eb1fb8a7f6d8 1.702s
2025-03-07 09:15:17.681 68410 INFO tempest.lib.common.rest_client [req-cfd4c0a3-32b4-4090-b36b-a11fa5a89357 req-cfd4c0a3-32b4-4090-b36b-a11fa5a89357 ] Request (FloatingIPsNegativeTestJSON:tearDownClass): 204 DELETE http://10.180.1.21:9696/networking/v2.0/subnets/9e983e59-7069-4905-9748-1623f62079df 0.276s
2025-03-07 09:15:17.710 68448 INFO tempest.lib.common.rest_client [req-24142c16-3dcc-4d2c-850a-1d5ffa0725da req-24142c16-3dcc-4d2c-850a-1d5ffa0725da ] Request (ServerActionsTestJSON:setUpClass): 200 GET http://10.180.1.21/compute/v2.1/servers/e43199f7-45cb-4f51-a4cf-12b307a09ed6 1.641s
2025-03-07 09:15:17.844 68454 INFO tempest.lib.common.rest_client [req-5edcb000-8a2d-49f8-ab9d-ae980aaedd50 req-5edcb000-8a2d-49f8-ab9d-ae980aaedd50 ] Request (HostsAdminNegativeTestJSON:tearDownClass): 200 GET http://10.180.1.21:9696/networking/v2.0/security-groups?tenant_id=3845c09a3cad48d18b0df0aef1918e1e&name=default 0.306s
2025-03-07 09:15:17.904 68468 INFO tempest.lib.common.rest_client [req-e6c467fa-f98c-4c93-9ce0-121c80deab3c req-e6c467fa-f98c-4c93-9ce0-121c80deab3c ] Request (ServicesAdminNegativeTestJSON:test_list_services_with_non_admin_user): 403 GET http://10.180.1.21/compute/v2.1/os-services 1.811s
2025-03-07 09:15:17.983 68466 WARNING tempest.lib.common.ssh [-] Failed to establish authenticated ssh connection to cirros@10.180.180.247 ([Errno None] Unable to connect to port 22 on 10.180.180.247). Number attempts: 2. Retry after 3 seconds.: paramiko.ssh_exception.NoValidConnectionsError: [Errno None] Unable to connect to port 22 on 10.180.180.247
2025-03-07 09:15:18.008 68450 INFO tempest.lib.common.rest_client [req-1671e822-e656-47a4-9e65-ffbd7cabfe1c req-1671e822-e656-47a4-9e65-ffbd7cabfe1c ] Request (VolumesAdminNegativeTest:setUpClass): 201 POST http://10.180.1.21:9696/networking/v2.0/subnets 0.493s
2025-03-07 09:15:18.026 68410 INFO tempest.lib.common.rest_client [req-13b99efc-7a28-49f0-b4bd-43eef57ab651 req-13b99efc-7a28-49f0-b4bd-43eef57ab651 ] Request (FloatingIPsNegativeTestJSON:tearDownClass): 204 DELETE http://10.180.1.21:9696/networking/v2.0/networks/fad1b7c9-e8a6-4bfa-9db1-16b3e2b26af5 0.345s
2025-03-07 09:15:18.060 68468 INFO tempest.lib.common.rest_client [req-b11bb3b8-6a36-44d8-820d-9c560d7d1a9e req-b11bb3b8-6a36-44d8-820d-9c560d7d1a9e ] Request (ServicesAdminNegativeTestJSON:tearDownClass): 204 DELETE http://10.180.1.21/identity/v3/users/c67c70ebbdaa4362b1aa322a70d261b2 0.154s
2025-03-07 09:15:18.170 68468 INFO tempest.lib.common.rest_client [req-80e8007d-3c33-42d9-8ad8-275c1a77e26e req-80e8007d-3c33-42d9-8ad8-275c1a77e26e ] Request (ServicesAdminNegativeTestJSON:tearDownClass): 204 DELETE http://10.180.1.21/identity/v3/users/87ceb93ec8284ec49235609dc5b8fad4 0.109s
2025-03-07 09:15:18.170 68468 INFO tempest.lib.common.dynamic_creds [-] Deleting project and security group for project: 2a4269c0056d4c90a134865da57589ce
2025-03-07 09:15:18.193 68410 INFO tempest.lib.common.rest_client [req-27b5a1c4-62a9-4bc8-845b-a291eeaf16a0 req-27b5a1c4-62a9-4bc8-845b-a291eeaf16a0 ] Request (FloatingIPsNegativeTestJSON:tearDownClass): 204 DELETE http://10.180.1.21/identity/v3/users/abec9054a9084514a9ec30f4b1a5c521 0.165s
2025-03-07 09:15:18.193 68410 INFO tempest.lib.common.dynamic_creds [-] Deleting project and security group for project: 478fe8c810e4417f90788ac87d520899
2025-03-07 09:15:18.258 68468 INFO tempest.lib.common.rest_client [req-e7cc26a5-d2d1-478a-9235-039631d395f9 req-e7cc26a5-d2d1-478a-9235-039631d395f9 ] Request (ServicesAdminNegativeTestJSON:tearDownClass): 201 POST http://10.180.1.21/identity/v3/auth/tokens 0.087s
2025-03-07 09:15:18.266 68408 INFO tempest.lib.common.rest_client [req-8e424386-c93d-4d96-bc63-a4a893aed580 req-8e424386-c93d-4d96-bc63-a4a893aed580 ] Request (MigrationsAdminTest:test_list_migrations_in_flavor_resize_situation): 200 GET http://10.180.1.21/compute/v2.1/servers/cddcefef-6171-42b5-b184-9c7a52ca7f4e 2.152s
2025-03-07 09:15:18.282 68454 INFO tempest.lib.common.rest_client [req-9399d5f8-5165-45a9-ac00-427c2317337f req-9399d5f8-5165-45a9-ac00-427c2317337f ] Request (HostsAdminNegativeTestJSON:tearDownClass): 204 DELETE http://10.180.1.21:9696/networking/v2.0/security-groups/d24fdce8-bfb8-4cc6-b3e3-3bb2bcc5164b 0.436s
2025-03-07 09:15:18.289 68410 INFO tempest.lib.common.rest_client [req-9a8d75bb-5b6f-4d63-b70b-bef8541f0fe1 req-9a8d75bb-5b6f-4d63-b70b-bef8541f0fe1 ] Request (FloatingIPsNegativeTestJSON:tearDownClass): 200 GET http://10.180.1.21:9696/networking/v2.0/security-groups?tenant_id=478fe8c810e4417f90788ac87d520899&name=default 0.095s
2025-03-07 09:15:18.344 68428 INFO tempest.lib.common.rest_client [req-335c0a7c-ae87-4d06-9beb-7bb19a4e0522 req-335c0a7c-ae87-4d06-9beb-7bb19a4e0522 ] Request (ServersTestMultiNic:test_verify_duplicate_network_nics): 200 GET http://10.180.1.21/compute/v2.1/servers/f7052896-c90b-4113-8d38-5aea8806063f 2.219s
2025-03-07 09:15:18.356 68454 INFO tempest.lib.common.rest_client [req-38bf739d-a3b5-4e97-b6b1-610a6e25bc14 req-38bf739d-a3b5-4e97-b6b1-610a6e25bc14 ] Request (HostsAdminNegativeTestJSON:tearDownClass): 204 DELETE http://10.180.1.21/identity/v3/projects/3845c09a3cad48d18b0df0aef1918e1e 0.073s
2025-03-07 09:15:18.357 68428 INFO tempest.common.waiters [-] State transition "BUILD/None" ==> "BUILD/spawning" after 13 second wait
2025-03-07 09:15:18.426 68454 INFO tempest.lib.common.rest_client [req-e6650dcb-ef4e-4b30-9f48-573c1a1a73d6 req-e6650dcb-ef4e-4b30-9f48-573c1a1a73d6 ] Request (ServicesAdminNegativeV253TestJSON:setUpClass): 201 POST http://10.180.1.21/identity/v3/auth/tokens 0.065s
2025-03-07 09:15:18.468 68454 INFO tempest.lib.common.rest_client [req-2b4c060e-039c-4122-b261-54d97bcfb6a2 req-2b4c060e-039c-4122-b261-54d97bcfb6a2 ] Request (ServicesAdminNegativeV253TestJSON:setUpClass): 201 POST http://10.180.1.21/identity/v3/auth/tokens 0.038s
2025-03-07 09:15:18.472 68410 INFO tempest.lib.common.rest_client [req-619e5f93-28b0-4042-a951-26987412f9bf req-619e5f93-28b0-4042-a951-26987412f9bf ] Request (FloatingIPsNegativeTestJSON:tearDownClass): 204 DELETE http://10.180.1.21:9696/networking/v2.0/security-groups/4d05ddcd-16a7-4621-839c-fc50e6318183 0.183s
2025-03-07 09:15:18.501 68464 INFO tempest.lib.common.rest_client [req-7105fe31-d5c9-4411-a1d7-eb40bc89db5a req-7105fe31-d5c9-4411-a1d7-eb40bc89db5a ] Request (QuotasAdminTestJSON:test_delete_quota): 200 PUT http://10.180.1.21/compute/v2.1/os-quota-sets/973c08eb7918498aa66d8b7bc782d6b8 2.367s
2025-03-07 09:15:18.503 68454 INFO tempest.lib.common.rest_client [req-358194ca-fce3-45e8-900b-689a0328d903 req-358194ca-fce3-45e8-900b-689a0328d903 ] Request (ServicesAdminNegativeV253TestJSON:setUpClass): 200 GET http://10.180.1.21/identity/v3/domains?name=Default 0.035s
2025-03-07 09:15:18.551 68454 INFO tempest.lib.common.rest_client [req-61f7c182-d37b-4398-90cd-de3d5f08c757 req-61f7c182-d37b-4398-90cd-de3d5f08c757 ] Request (ServicesAdminNegativeV253TestJSON:setUpClass): 201 POST http://10.180.1.21/identity/v3/projects 0.047s
2025-03-07 09:15:18.551 68410 INFO tempest.lib.common.rest_client [req-adffcdb3-b20a-4377-bd0f-b2bbb1a49d57 req-adffcdb3-b20a-4377-bd0f-b2bbb1a49d57 ] Request (FloatingIPsNegativeTestJSON:tearDownClass): 204 DELETE http://10.180.1.21/identity/v3/projects/478fe8c810e4417f90788ac87d520899 0.078s
2025-03-07 09:15:18.603 68434 INFO tempest.lib.common.rest_client [req-ee33dc9a-794a-4186-83de-10ca0aaae55c req-ee33dc9a-794a-4186-83de-10ca0aaae55c ] Request (ServersWithSpecificFlavorTestJSON:test_verify_created_server_ephemeral_disk): 200 GET http://10.180.1.21/compute/v2.1/servers/a88ec1b0-abf1-44b6-9fe2-21aa327eb65e 2.414s
2025-03-07 09:15:18.612 68410 INFO tempest.lib.common.rest_client [req-01dc10e0-7091-4fcd-a727-92960fcf5c0f req-01dc10e0-7091-4fcd-a727-92960fcf5c0f ] Request (ServerActionsTestOtherB:setUpClass): 201 POST http://10.180.1.21/identity/v3/auth/tokens 0.059s
2025-03-07 09:15:18.622 68468 INFO tempest.lib.common.rest_client [req-06a5452a-451d-428a-b6ca-d60fe2c982fa req-06a5452a-451d-428a-b6ca-d60fe2c982fa ] Request (ServicesAdminNegativeTestJSON:tearDownClass): 200 GET http://10.180.1.21:9696/networking/v2.0/security-groups?tenant_id=2a4269c0056d4c90a134865da57589ce&name=default 0.363s
2025-03-07 09:15:18.631 68422 INFO tempest.lib.common.rest_client [req-75192e78-540e-47a3-950c-8323c680395f req-75192e78-540e-47a3-950c-8323c680395f ] Request (HypervisorAdminV253TestBase:test_list_show_detail_hypervisors): 200 GET http://10.180.1.21/compute/v2.1/os-hypervisors/7b9eaf16-2c31-460a-bddd-0a303929cbe5 2.439s
2025-03-07 09:15:18.658 68410 INFO tempest.lib.common.rest_client [req-fc30c7c7-a117-4c6f-9810-953f4b1d0d3e req-fc30c7c7-a117-4c6f-9810-953f4b1d0d3e ] Request (ServerActionsTestOtherB:setUpClass): 201 POST http://10.180.1.21/identity/v3/auth/tokens 0.044s
2025-03-07 09:15:18.684 68454 INFO tempest.lib.common.rest_client [req-62aaba5c-ad1e-4ac1-857f-e82d3f357db6 req-62aaba5c-ad1e-4ac1-857f-e82d3f357db6 ] Request (ServicesAdminNegativeV253TestJSON:setUpClass): 201 POST http://10.180.1.21/identity/v3/users 0.132s
2025-03-07 09:15:18.717 68410 INFO tempest.lib.common.rest_client [req-d6526e13-f668-45b5-8f39-a6a748674dbd req-d6526e13-f668-45b5-8f39-a6a748674dbd ] Request (ServerActionsTestOtherB:setUpClass): 200 GET http://10.180.1.21/identity/v3/domains?name=Default 0.058s
2025-03-07 09:15:18.727 68458 INFO tempest.lib.common.rest_client [req-6d0e3202-4fab-4f8d-9b51-409ec0465382 req-6d0e3202-4fab-4f8d-9b51-409ec0465382 ] Request (ServerShowV254Test:test_rebuild_server): 200 GET http://10.180.1.21/compute/v2.1/servers/53d44dc8-08be-4e54-a832-98506680ba58 2.521s
2025-03-07 09:15:18.745 68422 INFO tempest.lib.common.rest_client [req-30fb6819-9ea4-437c-870b-9293fb874d53 req-30fb6819-9ea4-437c-870b-9293fb874d53 ] Request (HypervisorAdminV253TestBase:tearDownClass): 204 DELETE http://10.180.1.21/identity/v3/users/f32c851612e24e19b45209057dbad404 0.106s
2025-03-07 09:15:18.758 68426 INFO tempest.lib.common.rest_client [req-b06dc5b1-b31b-4f47-8ed4-10b687a405ab req-b06dc5b1-b31b-4f47-8ed4-10b687a405ab ] Request (AggregatesAdminNegativeTestJSON:test_aggregate_create_with_existent_aggregate_name): 200 POST http://10.180.1.21/compute/v2.1/os-aggregates 2.544s
2025-03-07 09:15:18.774 68468 INFO tempest.lib.common.rest_client [req-c6d6a228-fc03-4d41-b167-c2c6cfeec263 req-c6d6a228-fc03-4d41-b167-c2c6cfeec263 ] Request (ServicesAdminNegativeTestJSON:tearDownClass): 204 DELETE http://10.180.1.21:9696/networking/v2.0/security-groups/c84c3bd0-0c9c-42b9-b8a8-28f73f7acc34 0.151s
2025-03-07 09:15:18.785 68424 INFO tempest.lib.common.rest_client [req-dc6a7fd1-c45d-4b07-b3a5-b42759fb4055 req-dc6a7fd1-c45d-4b07-b3a5-b42759fb4055 ] Request (FlavorsAdminTestJSON:_run_cleanups): 200 GET http://10.180.1.21/compute/v2.1/flavors/detail 2.541s
2025-03-07 09:15:18.788 68454 INFO tempest.lib.common.rest_client [req-e3c3ea39-97ee-4dd3-a9e1-9497556b702c req-e3c3ea39-97ee-4dd3-a9e1-9497556b702c ] Request (ServicesAdminNegativeV253TestJSON:setUpClass): 200 GET http://10.180.1.21/identity/v3/roles 0.103s
2025-03-07 09:15:18.815 68410 INFO tempest.lib.common.rest_client [req-9dbfb2a9-a728-4ef8-8277-3213fb4db409 req-9dbfb2a9-a728-4ef8-8277-3213fb4db409 ] Request (ServerActionsTestOtherB:setUpClass): 201 POST http://10.180.1.21/identity/v3/projects 0.098s
2025-03-07 09:15:18.847 68422 INFO tempest.lib.common.rest_client [req-93c8a5da-6380-4675-a231-a1582fae9ef0 req-93c8a5da-6380-4675-a231-a1582fae9ef0 ] Request (HypervisorAdminV253TestBase:tearDownClass): 204 DELETE http://10.180.1.21/identity/v3/users/3e629ff986984a9b89131e456022e273 0.102s
2025-03-07 09:15:18.848 68422 INFO tempest.lib.common.dynamic_creds [-] Deleting project and security group for project: 9f0c4dca2d2d47958b3e97a82f62b5ea
2025-03-07 09:15:18.857 68416 INFO tempest.lib.common.rest_client [req-af8b42c0-04b5-4a36-b1ac-5c7c1e324536 req-af8b42c0-04b5-4a36-b1ac-5c7c1e324536 ] Request (FloatingIPsAssociationTestJSON:test_associate_already_associated_floating_ip): 200 GET http://10.180.1.21/compute/v2.1/servers/0ef21498-b947-473d-85f7-f998d363d967 2.551s
2025-03-07 09:15:18.866 68416 INFO tempest.common.waiters [-] State transition "BUILD/scheduling" ==> "BUILD/None" after 3 second wait
2025-03-07 09:15:18.914 68454 INFO tempest.lib.common.rest_client [req-5619e683-128f-4ce7-a13b-db5887ac6aba req-5619e683-128f-4ce7-a13b-db5887ac6aba ] Request (ServicesAdminNegativeV253TestJSON:setUpClass): 204 PUT http://10.180.1.21/identity/v3/projects/56b517afc39247918105391fbbb9d62f/users/dd33672caf62474387c58ec83fed9d07/roles/ff75510f71d64899a99008ca6b7c677c 0.125s
2025-03-07 09:15:18.914 68454 INFO tempest.lib.common.dynamic_creds [-] Dynamic test user dd33672caf62474387c58ec83fed9d07 is created with scope project and roles: ['member']
2025-03-07 09:15:18.914 68454 INFO tempest.lib.common.dynamic_creds [-] Acquired dynamic creds: credentials: Credentials: {'domain_id': 'default', 'domain_name': 'Default', 'username': 'tempest-ServicesAdminNegativeV253TestJSON-397028304-project-member', 'project_domain_id': 'default', 'project_domain_name': 'Default', 'project_id': '56b517afc39247918105391fbbb9d62f', 'project_name': 'tempest-ServicesAdminNegativeV253TestJSON-397028304', 'tenant_id': '56b517afc39247918105391fbbb9d62f', 'tenant_name': 'tempest-ServicesAdminNegativeV253TestJSON-397028304', 'user_domain_id': 'default', 'user_domain_name': 'Default', 'user_id': 'dd33672caf62474387c58ec83fed9d07', 'system': None}, Network: None, Subnet: None, Router: None
2025-03-07 09:15:18.914 68454 INFO tempest.lib.common.dynamic_creds [-] Created isolated network resources for: credentials: Credentials: {'domain_id': 'default', 'domain_name': 'Default', 'username': 'tempest-ServicesAdminNegativeV253TestJSON-397028304-project-member', 'project_domain_id': 'default', 'project_domain_name': 'Default', 'project_id': '56b517afc39247918105391fbbb9d62f', 'project_name': 'tempest-ServicesAdminNegativeV253TestJSON-397028304', 'tenant_id': '56b517afc39247918105391fbbb9d62f', 'tenant_name': 'tempest-ServicesAdminNegativeV253TestJSON-397028304', 'user_domain_id': 'default', 'user_domain_name': 'Default', 'user_id': 'dd33672caf62474387c58ec83fed9d07', 'system': None}, Network: None, Subnet: None, Router: None
2025-03-07 09:15:18.918 68450 INFO tempest.lib.common.rest_client [req-991b8e29-e23a-4846-aa0c-47dc60b2c2f8 req-991b8e29-e23a-4846-aa0c-47dc60b2c2f8 ] Request (VolumesAdminNegativeTest:setUpClass): 201 POST http://10.180.1.21:9696/networking/v2.0/routers 0.909s
2025-03-07 09:15:18.945 68430 INFO tempest.lib.common.rest_client [req-dd97a67f-7de1-4266-9e74-1c253072a4e1 req-dd97a67f-7de1-4266-9e74-1c253072a4e1 ] Request (ServersAdmin275Test:_run_cleanups): 200 GET http://10.180.1.21/compute/v2.1/servers/2c656a62-f558-42f7-8eb3-15a202ad81cc 2.627s
2025-03-07 09:15:18.949 68468 INFO tempest.lib.common.rest_client [req-cfb655c3-2c56-4d47-a8af-a876a93e7130 req-cfb655c3-2c56-4d47-a8af-a876a93e7130 ] Request (ServicesAdminNegativeTestJSON:tearDownClass): 204 DELETE http://10.180.1.21/identity/v3/projects/2a4269c0056d4c90a134865da57589ce 0.175s
2025-03-07 09:15:18.949 68468 INFO tempest.lib.common.dynamic_creds [-] Deleting project and security group for project: cf495008209d4bd9b76d40e03405576c
2025-03-07 09:15:18.956 68430 INFO tempest.common.waiters [-] State transition "REBUILD/rebuilding" ==> "REBUILD/rebuild_spawning" after 3 second wait
2025-03-07 09:15:19.009 68422 INFO tempest.lib.common.rest_client [req-10841179-b125-4f84-98ad-07712c56286f req-10841179-b125-4f84-98ad-07712c56286f ] Request (HypervisorAdminV253TestBase:tearDownClass): 201 POST http://10.180.1.21/identity/v3/auth/tokens 0.161s
2025-03-07 09:15:19.022 68410 INFO tempest.lib.common.rest_client [req-3e635d44-a92e-4ef6-8ebf-aa513f1ab5c1 req-3e635d44-a92e-4ef6-8ebf-aa513f1ab5c1 ] Request (ServerActionsTestOtherB:setUpClass): 201 POST http://10.180.1.21/identity/v3/users 0.206s
2025-03-07 09:15:19.033 68441 INFO tempest.lib.common.rest_client [req-78c0b2d1-7ee8-474c-b22a-e26abc7a3ab5 req-78c0b2d1-7ee8-474c-b22a-e26abc7a3ab5 ] Request (DeleteServersTestJSON:test_delete_active_server): 204 DELETE http://10.180.1.21/compute/v2.1/servers/f94a6013-c172-4568-9f1b-fa102fa5bc39 2.534s
2025-03-07 09:15:19.082 68454 INFO tempest.lib.common.rest_client [req-15e898e9-4731-48bf-b82f-7c53e249c5e9 req-15e898e9-4731-48bf-b82f-7c53e249c5e9 ] Request (ServicesAdminNegativeV253TestJSON:setUpClass): 201 POST http://10.180.1.21/identity/v3/auth/tokens 0.163s
2025-03-07 09:15:19.097 68410 INFO tempest.lib.common.rest_client [req-1caaa61b-4e2a-47ba-ab7b-c56f253736e6 req-1caaa61b-4e2a-47ba-ab7b-c56f253736e6 ] Request (ServerActionsTestOtherB:setUpClass): 200 GET http://10.180.1.21/identity/v3/roles 0.074s
2025-03-07 09:15:19.121 68454 INFO tempest.lib.common.rest_client [req-e83d081f-1971-4df2-81b7-4d1a42547992 req-e83d081f-1971-4df2-81b7-4d1a42547992 ] Request (ServicesAdminNegativeV253TestJSON:setUpClass): 201 POST http://10.180.1.21/identity/v3/projects 0.039s
2025-03-07 09:15:19.137 68468 INFO tempest.lib.common.rest_client [req-d6ae6d4e-8d5b-4db0-892f-92eae16568d5 req-d6ae6d4e-8d5b-4db0-892f-92eae16568d5 ] Request (ServicesAdminNegativeTestJSON:tearDownClass): 200 GET http://10.180.1.21:9696/networking/v2.0/security-groups?tenant_id=cf495008209d4bd9b76d40e03405576c&name=default 0.187s
2025-03-07 09:15:19.176 68410 INFO tempest.lib.common.rest_client [req-469c09ad-8441-4729-b2c5-0a92a96041b0 req-469c09ad-8441-4729-b2c5-0a92a96041b0 ] Request (ServerActionsTestOtherB:setUpClass): 204 PUT http://10.180.1.21/identity/v3/projects/3389d4012b53413692cf1815babb0840/users/b51f230d135a44c49559c52b65e43e8e/roles/ff75510f71d64899a99008ca6b7c677c 0.079s
2025-03-07 09:15:19.177 68410 INFO tempest.lib.common.dynamic_creds [-] Dynamic test user b51f230d135a44c49559c52b65e43e8e is created with scope project and roles: ['member']
2025-03-07 09:15:19.177 68410 INFO tempest.lib.common.dynamic_creds [-] Acquired dynamic creds: credentials: Credentials: {'domain_id': 'default', 'domain_name': 'Default', 'username': 'tempest-ServerActionsTestOtherB-806128985-project-member', 'project_domain_id': 'default', 'project_domain_name': 'Default', 'project_id': '3389d4012b53413692cf1815babb0840', 'project_name': 'tempest-ServerActionsTestOtherB-806128985', 'tenant_id': '3389d4012b53413692cf1815babb0840', 'tenant_name': 'tempest-ServerActionsTestOtherB-806128985', 'user_domain_id': 'default', 'user_domain_name': 'Default', 'user_id': 'b51f230d135a44c49559c52b65e43e8e', 'system': None}, Network: None, Subnet: None, Router: None
2025-03-07 09:15:19.236 68454 INFO tempest.lib.common.rest_client [req-5e4c7dca-8164-4c38-9b01-121b6f0af99c req-5e4c7dca-8164-4c38-9b01-121b6f0af99c ] Request (ServicesAdminNegativeV253TestJSON:setUpClass): 201 POST http://10.180.1.21/identity/v3/users 0.114s
2025-03-07 09:15:19.242 68438 INFO tempest.lib.common.rest_client [req-2a3bee43-5b3c-4264-994b-2d50d9af1b65 req-2a3bee43-5b3c-4264-994b-2d50d9af1b65 ] Request (FlavorsAccessNegativeTestJSON:test_flavor_non_admin_remove): 200 POST http://10.180.1.21/compute/v2.1/flavors/85408759/action 2.669s
2025-03-07 09:15:19.245 68410 INFO tempest.lib.common.rest_client [req-b5548b4d-59db-432f-95d2-18279b7b16fe req-b5548b4d-59db-432f-95d2-18279b7b16fe ] Request (ServerActionsTestOtherB:setUpClass): 201 POST http://10.180.1.21/identity/v3/auth/tokens 0.068s
2025-03-07 09:15:19.264 68454 INFO tempest.lib.common.rest_client [req-f7297410-f244-462d-9019-7aa17d2d10ed req-f7297410-f244-462d-9019-7aa17d2d10ed ] Request (ServicesAdminNegativeV253TestJSON:setUpClass): 200 GET http://10.180.1.21/identity/v3/roles 0.027s
2025-03-07 09:15:19.291 68454 INFO tempest.lib.common.rest_client [req-db584359-c32d-4dda-bd04-d96886ddc44d req-db584359-c32d-4dda-bd04-d96886ddc44d ] Request (ServicesAdminNegativeV253TestJSON:setUpClass): 204 PUT http://10.180.1.21/identity/v3/projects/ab93fe5278a84420a164a6cc833268f8/users/afe5cf4545864040bc610aa3010c1d8b/roles/2f12b85f4f50430f873fee70c3e92de2 0.026s
2025-03-07 09:15:19.313 68422 INFO tempest.lib.common.rest_client [req-5d418fcc-616d-4ef9-8e02-6fbce9a259e8 req-5d418fcc-616d-4ef9-8e02-6fbce9a259e8 ] Request (HypervisorAdminV253TestBase:tearDownClass): 200 GET http://10.180.1.21:9696/networking/v2.0/security-groups?tenant_id=9f0c4dca2d2d47958b3e97a82f62b5ea&name=default 0.304s
2025-03-07 09:15:19.326 68456 INFO tempest.lib.common.rest_client [req-73addbbe-1384-486b-8d5a-98d71d6d4546 req-73addbbe-1384-486b-8d5a-98d71d6d4546 ] Request (ImagesOneServerNegativeTestJSON:setUpClass): 200 GET http://10.180.1.21/compute/v2.1/servers/312a2247-d796-4075-81ff-4ee8510fede7 2.676s
2025-03-07 09:15:19.332 68446 INFO tempest.lib.common.rest_client [-] Request (TestVersions:test_get_version_details): 200 GET http://10.180.1.21/compute/ 2.307s
2025-03-07 09:15:19.336 68468 INFO tempest.lib.common.rest_client [req-7acfe1b4-1add-443a-b340-814d9a33fb77 req-7acfe1b4-1add-443a-b340-814d9a33fb77 ] Request (ServicesAdminNegativeTestJSON:tearDownClass): 204 DELETE http://10.180.1.21:9696/networking/v2.0/security-groups/4656452e-72cb-4afd-b8c8-41b5be90c497 0.199s
2025-03-07 09:15:19.374 68454 INFO tempest.lib.common.rest_client [req-7c381adb-5f0f-4973-8b53-10b40b03f2f1 req-7c381adb-5f0f-4973-8b53-10b40b03f2f1 ] Request (ServicesAdminNegativeV253TestJSON:setUpClass): 200 GET http://10.180.1.21/identity/v3/roles 0.082s
2025-03-07 09:15:19.407 68454 INFO tempest.lib.common.rest_client [req-c088a27c-fb0d-40cf-8e52-fd43e1bd79fc req-c088a27c-fb0d-40cf-8e52-fd43e1bd79fc ] Request (ServicesAdminNegativeV253TestJSON:setUpClass): 204 PUT http://10.180.1.21/identity/v3/projects/ab93fe5278a84420a164a6cc833268f8/users/afe5cf4545864040bc610aa3010c1d8b/roles/2f12b85f4f50430f873fee70c3e92de2 0.033s
2025-03-07 09:15:19.408 68454 INFO tempest.lib.common.dynamic_creds [-] Dynamic test user afe5cf4545864040bc610aa3010c1d8b is created with scope project and roles: ['admin']
2025-03-07 09:15:19.408 68454 INFO tempest.lib.common.dynamic_creds [-] Acquired dynamic creds: credentials: Credentials: {'domain_id': 'default', 'domain_name': 'Default', 'username': 'tempest-ServicesAdminNegativeV253TestJSON-181850199-project-admin', 'project_domain_id': 'default', 'project_domain_name': 'Default', 'project_id': 'ab93fe5278a84420a164a6cc833268f8', 'project_name': 'tempest-ServicesAdminNegativeV253TestJSON-181850199', 'tenant_id': 'ab93fe5278a84420a164a6cc833268f8', 'tenant_name': 'tempest-ServicesAdminNegativeV253TestJSON-181850199', 'user_domain_id': 'default', 'user_domain_name': 'Default', 'user_id': 'afe5cf4545864040bc610aa3010c1d8b', 'system': None}, Network: None, Subnet: None, Router: None
2025-03-07 09:15:19.408 68454 INFO tempest.lib.common.dynamic_creds [-] Created isolated network resources for: credentials: Credentials: {'domain_id': 'default', 'domain_name': 'Default', 'username': 'tempest-ServicesAdminNegativeV253TestJSON-181850199-project-admin', 'project_domain_id': 'default', 'project_domain_name': 'Default', 'project_id': 'ab93fe5278a84420a164a6cc833268f8', 'project_name': 'tempest-ServicesAdminNegativeV253TestJSON-181850199', 'tenant_id': 'ab93fe5278a84420a164a6cc833268f8', 'tenant_name': 'tempest-ServicesAdminNegativeV253TestJSON-181850199', 'user_domain_id': 'default', 'user_domain_name': 'Default', 'user_id': 'afe5cf4545864040bc610aa3010c1d8b', 'system': None}, Network: None, Subnet: None, Router: None
2025-03-07 09:15:19.449 68468 INFO tempest.lib.common.rest_client [req-44439c58-a59c-45c9-940b-59cb2786c2f8 req-44439c58-a59c-45c9-940b-59cb2786c2f8 ] Request (ServicesAdminNegativeTestJSON:tearDownClass): 204 DELETE http://10.180.1.21/identity/v3/projects/cf495008209d4bd9b76d40e03405576c 0.112s
2025-03-07 09:15:19.502 68454 INFO tempest.lib.common.rest_client [req-750c2951-24bd-4379-8508-ad42e0edd0d6 req-750c2951-24bd-4379-8508-ad42e0edd0d6 ] Request (ServicesAdminNegativeV253TestJSON:setUpClass): 201 POST http://10.180.1.21/identity/v3/auth/tokens 0.091s
2025-03-07 09:15:19.522 68468 INFO tempest.lib.common.rest_client [req-c5ffe9bb-9c8c-42de-bf77-efc43f01a96f req-c5ffe9bb-9c8c-42de-bf77-efc43f01a96f ] Request (SecurityGroupsTestJSON:setUpClass): 201 POST http://10.180.1.21/identity/v3/auth/tokens 0.069s
2025-03-07 09:15:19.548 68462 INFO tempest.lib.common.rest_client [req-228656d9-affc-458c-ac03-93e399486312 req-228656d9-affc-458c-ac03-93e399486312 ] Request (AttachInterfacesV270Test:test_create_get_list_interfaces): 400 POST http://10.180.1.21/compute/v2.1/servers/066c1b70-2791-425e-8c10-ec3aaed6044d/os-interface 3.987s
2025-03-07 09:15:19.565 68468 INFO tempest.lib.common.rest_client [req-8db6e9ae-7fa6-44c1-bf46-dd101a562b65 req-8db6e9ae-7fa6-44c1-bf46-dd101a562b65 ] Request (SecurityGroupsTestJSON:setUpClass): 201 POST http://10.180.1.21/identity/v3/auth/tokens 0.038s
2025-03-07 09:15:19.597 68460 INFO tempest.lib.common.rest_client [req-c347f9bf-6326-406f-8e19-f9e819e1cc7f req-c347f9bf-6326-406f-8e19-f9e819e1cc7f ] Request (SecurityGroupsNegativeTestJSON:setUpClass): 201 POST http://10.180.1.21:9696/networking/v2.0/routers 2.728s
2025-03-07 09:15:19.602 68468 INFO tempest.lib.common.rest_client [req-2a77f1cd-0f9b-48ec-9a94-9c957c09e0c8 req-2a77f1cd-0f9b-48ec-9a94-9c957c09e0c8 ] Request (SecurityGroupsTestJSON:setUpClass): 200 GET http://10.180.1.21/identity/v3/domains?name=Default 0.037s
2025-03-07 09:15:19.603 68414 INFO tempest.lib.common.rest_client [req-6debb041-3b4a-45c3-8eb3-377e344cee22 req-6debb041-3b4a-45c3-8eb3-377e344cee22 ] Request (ServerDiagnosticsTest:tearDownClass): 200 GET http://10.180.1.21/compute/v2.1/servers/faf2d707-acab-4b79-965f-9b5b940e4c68 2.534s
2025-03-07 09:15:19.613 68414 INFO tempest.common.waiters [-] State transition "ACTIVE/deleting" ==> "DELETED/None" after 3 second wait
2025-03-07 09:15:19.645 68468 INFO tempest.lib.common.rest_client [req-bfda31e6-587f-4d38-bfd8-080b73c2828f req-bfda31e6-587f-4d38-bfd8-080b73c2828f ] Request (SecurityGroupsTestJSON:setUpClass): 201 POST http://10.180.1.21/identity/v3/projects 0.042s
2025-03-07 09:15:19.679 68418 INFO tempest.lib.common.rest_client [req-ea641550-994d-4bf1-891c-cdb34b40ef2e req-ea641550-994d-4bf1-891c-cdb34b40ef2e ] Request (ServerDiagnosticsV248Test:tearDownClass): 200 GET http://10.180.1.21/compute/v2.1/servers/c37e84a0-fe92-47f4-a0c1-f4db5a95ed59 2.494s
2025-03-07 09:15:19.689 68418 INFO tempest.common.waiters [-] State transition "ACTIVE/deleting" ==> "DELETED/None" after 3 second wait
2025-03-07 09:15:19.708 68436 INFO tempest.lib.common.rest_client [req-2592eb3b-c425-4a3b-af50-8e5de8437604 req-2592eb3b-c425-4a3b-af50-8e5de8437604 ] Request (DeleteServersAdminTestJSON:test_admin_delete_servers_of_others): 200 GET http://10.180.1.21/compute/v2.1/servers/8af4f1f2-3c76-417b-b3e6-cf3d41eabb65 2.383s
2025-03-07 09:15:19.713 68468 INFO tempest.lib.common.rest_client [req-cb75f769-d189-4aa2-85da-995205ff3ace req-cb75f769-d189-4aa2-85da-995205ff3ace ] Request (SecurityGroupsTestJSON:setUpClass): 201 POST http://10.180.1.21/identity/v3/users 0.067s
2025-03-07 09:15:19.717 68436 INFO tempest.common.waiters [-] State transition "ACTIVE/deleting" ==> "DELETED/None" after 3 second wait
2025-03-07 09:15:19.739 68468 INFO tempest.lib.common.rest_client [req-2a809be4-e386-414b-a866-3512c4372533 req-2a809be4-e386-414b-a866-3512c4372533 ] Request (SecurityGroupsTestJSON:setUpClass): 200 GET http://10.180.1.21/identity/v3/roles 0.025s
2025-03-07 09:15:19.750 68442 INFO tempest.lib.common.rest_client [req-6decd710-8d17-46fd-b678-b4d82a779c5a req-6decd710-8d17-46fd-b678-b4d82a779c5a ] Request (ServersAdminNegativeTestJSON:setUpClass): 200 GET http://10.180.1.21/compute/v2.1/servers/d59e44d7-db1a-467d-a522-ce4fe0ae9d8a 2.267s
2025-03-07 09:15:19.777 68468 INFO tempest.lib.common.rest_client [req-a7e6ee62-953f-45b3-89d1-7ac977896c51 req-a7e6ee62-953f-45b3-89d1-7ac977896c51 ] Request (SecurityGroupsTestJSON:setUpClass): 204 PUT http://10.180.1.21/identity/v3/projects/f40720ea916141a48c936bb90d7d5245/users/a7cd7da7bf1649ef9b2b461943169e89/roles/ff75510f71d64899a99008ca6b7c677c 0.037s
2025-03-07 09:15:19.777 68468 INFO tempest.lib.common.dynamic_creds [-] Dynamic test user a7cd7da7bf1649ef9b2b461943169e89 is created with scope project and roles: ['member']
2025-03-07 09:15:19.777 68468 INFO tempest.lib.common.dynamic_creds [-] Acquired dynamic creds: credentials: Credentials: {'domain_id': 'default', 'domain_name': 'Default', 'username': 'tempest-SecurityGroupsTestJSON-1855215535-project-member', 'project_domain_id': 'default', 'project_domain_name': 'Default', 'project_id': 'f40720ea916141a48c936bb90d7d5245', 'project_name': 'tempest-SecurityGroupsTestJSON-1855215535', 'tenant_id': 'f40720ea916141a48c936bb90d7d5245', 'tenant_name': 'tempest-SecurityGroupsTestJSON-1855215535', 'user_domain_id': 'default', 'user_domain_name': 'Default', 'user_id': 'a7cd7da7bf1649ef9b2b461943169e89', 'system': None}, Network: None, Subnet: None, Router: None
2025-03-07 09:15:19.788 68422 INFO tempest.lib.common.rest_client [req-4a4f86e3-a49a-44ef-9776-ca23a05ac25e req-4a4f86e3-a49a-44ef-9776-ca23a05ac25e ] Request (HypervisorAdminV253TestBase:tearDownClass): 204 DELETE http://10.180.1.21:9696/networking/v2.0/security-groups/dcac43ae-68d7-49c7-9edf-931d3b020a2f 0.474s
2025-03-07 09:15:19.791 68444 INFO tempest.lib.common.rest_client [req-62d78ad5-1ae7-4644-a776-6583e90d5db4 req-62d78ad5-1ae7-4644-a776-6583e90d5db4 ] Request (VolumesAssistedSnapshotsTest:test_volume_assisted_snapshot_create_delete): 200 GET http://10.180.1.21/compute/v2.1/servers/da71d402-1cd8-4859-a0b7-de637efebb69 2.227s
2025-03-07 09:15:19.815 68412 INFO tempest.lib.common.rest_client [req-5944797b-d506-46d7-93cc-7c580b626f35 req-5944797b-d506-46d7-93cc-7c580b626f35 ] Request (SecurityGroupRulesTestJSON:test_security_group_rules_delete_when_peer_group_deleted): 200 GET http://10.180.1.21/compute/v2.1/os-security-groups/84695fa3-8fa6-4539-87ef-5a2b6a4f4a56 2.230s
2025-03-07 09:15:19.846 68468 INFO tempest.lib.common.rest_client [req-07297e2b-56f5-43fe-b22b-aaad82be8a19 req-07297e2b-56f5-43fe-b22b-aaad82be8a19 ] Request (SecurityGroupsTestJSON:setUpClass): 201 POST http://10.180.1.21/identity/v3/auth/tokens 0.068s
2025-03-07 09:15:19.908 68422 INFO tempest.lib.common.rest_client [req-be7a3a51-dbf4-4f4b-9427-40cfd10dd466 req-be7a3a51-dbf4-4f4b-9427-40cfd10dd466 ] Request (HypervisorAdminV253TestBase:tearDownClass): 204 DELETE http://10.180.1.21/identity/v3/projects/9f0c4dca2d2d47958b3e97a82f62b5ea 0.120s
2025-03-07 09:15:19.909 68422 INFO tempest.lib.common.dynamic_creds [-] Deleting project and security group for project: 656d8c1b94ff4b2ea705fe8a46375016
2025-03-07 09:15:19.923 68420 INFO tempest.lib.common.rest_client [req-d01d048f-b535-475c-9fa7-928ccc6a5be1 req-d01d048f-b535-475c-9fa7-928ccc6a5be1 ] Request (ServerDiagnosticsNegativeTest:test_get_server_diagnostics_by_non_admin): 200 GET http://10.180.1.21/compute/v2.1/servers/abe0798c-3711-4b21-a4bd-42a2299e6bcf 2.051s
2025-03-07 09:15:19.966 68464 INFO tempest.lib.common.rest_client [req-a9931f4d-0d63-491a-97d4-e0b6531e333c req-a9931f4d-0d63-491a-97d4-e0b6531e333c ] Request (QuotasAdminTestJSON:test_delete_quota): 202 DELETE http://10.180.1.21/compute/v2.1/os-quota-sets/973c08eb7918498aa66d8b7bc782d6b8 1.461s
2025-03-07 09:15:20.003 68452 INFO tempest.lib.common.rest_client [req-9db2ca7e-3492-46a0-8957-be6c96a7ad72 req-9db2ca7e-3492-46a0-8957-be6c96a7ad72 ] Request (ServersAdminTestJSON:setUpClass): 200 GET http://10.180.1.21/compute/v2.1/servers/6c432798-e4a8-45e4-bb75-445c270227b8 2.195s
2025-03-07 09:15:20.007 68410 INFO tempest.lib.common.rest_client [req-189b6113-3618-43fe-a531-df5556103eba req-189b6113-3618-43fe-a531-df5556103eba ] Request (ServerActionsTestOtherB:setUpClass): 201 POST http://10.180.1.21:9696/networking/v2.0/networks 0.761s
2025-03-07 09:15:20.011 68452 INFO tempest.common.waiters [-] State transition "BUILD/spawning" ==> "ACTIVE/None" after 23 second wait
2025-03-07 09:15:20.025 68426 INFO tempest.lib.common.rest_client [req-81b0384f-70de-4e0e-bd68-22c3bf4222a5 req-81b0384f-70de-4e0e-bd68-22c3bf4222a5 ] Request (AggregatesAdminNegativeTestJSON:test_aggregate_create_with_existent_aggregate_name): 409 POST http://10.180.1.21/compute/v2.1/os-aggregates 1.264s
2025-03-07 09:15:20.068 68424 INFO tempest.lib.common.rest_client [req-7f143417-47ef-4c8a-a10b-33451e18152e req-7f143417-47ef-4c8a-a10b-33451e18152e ] Request (FlavorsAdminTestJSON:test_create_list_flavor_without_extra_data): 200 POST http://10.180.1.21/compute/v2.1/flavors 1.276s
2025-03-07 09:15:20.083 68448 INFO tempest.lib.common.rest_client [req-e15a8650-809b-4520-a32a-6346f0896c59 req-e15a8650-809b-4520-a32a-6346f0896c59 ] Request (ServerActionsTestJSON:setUpClass): 200 GET http://10.180.1.21/compute/v2.1/servers/e43199f7-45cb-4f51-a4cf-12b307a09ed6 1.362s
2025-03-07 09:15:20.090 68438 INFO tempest.lib.common.rest_client [req-5166eff6-a12b-4138-9856-54644faec605 req-5166eff6-a12b-4138-9856-54644faec605 ] Request (FlavorsAccessNegativeTestJSON:test_flavor_non_admin_remove): 403 POST http://10.180.1.21/compute/v2.1/flavors/85408759/action 0.846s
2025-03-07 09:15:20.341 68422 INFO tempest.lib.common.rest_client [req-c8a6e8df-c2d2-474c-bf01-27410993abdd req-c8a6e8df-c2d2-474c-bf01-27410993abdd ] Request (HypervisorAdminV253TestBase:tearDownClass): 200 GET http://10.180.1.21:9696/networking/v2.0/security-groups?tenant_id=656d8c1b94ff4b2ea705fe8a46375016&name=default 0.431s
2025-03-07 09:15:20.389 68441 INFO tempest.lib.common.rest_client [req-0b525db1-667e-4b6d-91bc-f3868fdd98a8 req-0b525db1-667e-4b6d-91bc-f3868fdd98a8 ] Request (DeleteServersTestJSON:test_delete_active_server): 200 GET http://10.180.1.21/compute/v2.1/servers/f94a6013-c172-4568-9f1b-fa102fa5bc39 1.355s
2025-03-07 09:15:20.401 68446 INFO tempest.lib.common.rest_client [req-8c0553c5-aba3-4711-b844-f6c50d9e12a0 req-8c0553c5-aba3-4711-b844-f6c50d9e12a0 ] Request (TestVersions:test_get_version_details): 200 GET http://10.180.1.21/compute/v2/ 1.065s
2025-03-07 09:15:20.504 68408 INFO tempest.lib.common.rest_client [req-d5fbd7ce-a908-4794-846e-327430673d4b req-d5fbd7ce-a908-4794-846e-327430673d4b ] Request (MigrationsAdminTest:test_list_migrations_in_flavor_resize_situation): 200 GET http://10.180.1.21/compute/v2.1/servers/cddcefef-6171-42b5-b184-9c7a52ca7f4e 1.230s
2025-03-07 09:15:20.574 68468 INFO tempest.lib.common.rest_client [req-03bb97f2-6628-4724-9742-14a018efabcc req-03bb97f2-6628-4724-9742-14a018efabcc ] Request (SecurityGroupsTestJSON:setUpClass): 201 POST http://10.180.1.21:9696/networking/v2.0/networks 0.727s
2025-03-07 09:15:20.587 68406 INFO tempest.lib.common.rest_client [req-1acc596e-8417-4585-9629-563e28ac7169 req-1acc596e-8417-4585-9629-563e28ac7169 ] Request (ServersTestFqdnHostnames:setUpClass): 200 PUT http://10.180.1.21:9696/networking/v2.0/routers/fcf8e363-2fd1-4aa1-8efa-ad243c66fe3f/add_router_interface 3.507s
2025-03-07 09:15:20.588 68406 INFO tempest.lib.common.dynamic_creds [-] Created isolated network resources for: credentials: Credentials: {'domain_id': 'default', 'domain_name': 'Default', 'username': 'tempest-ServersTestFqdnHostnames-169704184-project-member', 'project_domain_id': 'default', 'project_domain_name': 'Default', 'project_id': '589b30b0c3b84f82895c4d6031501c9d', 'project_name': 'tempest-ServersTestFqdnHostnames-169704184', 'tenant_id': '589b30b0c3b84f82895c4d6031501c9d', 'tenant_name': 'tempest-ServersTestFqdnHostnames-169704184', 'user_domain_id': 'default', 'user_domain_name': 'Default', 'user_id': '5b545dce40f7425eb180f036f18572ab', 'system': None}, Network: {'id': 'd503ad59-aeae-43f5-88a5-e5a71b253311', 'name': 'tempest-ServersTestFqdnHostnames-1215152676-network', 'tenant_id': '589b30b0c3b84f82895c4d6031501c9d', 'admin_state_up': True, 'mtu': 8950, 'status': 'ACTIVE', 'subnets': [], 'shared': False, 'project_id': '589b30b0c3b84f82895c4d6031501c9d', 'port_security_enabled': True, 'router:external': False, 'provider:network_type': 'vlan', 'provider:physical_network': 'default', 'provider:segmentation_id': 564, 'availability_zone_hints': [], 'availability_zones': [], 'ipv4_address_scope': None, 'ipv6_address_scope': None, 'description': '', 'tags': [], 'created_at': '2025-03-07T09:15:14Z', 'updated_at': '2025-03-07T09:15:14Z', 'revision_number': 1}, Subnet: {'id': '63483fa4-0854-4276-aca5-f9e96917ea96', 'name': 'tempest-ServersTestFqdnHostnames-1215152676-subnet', 'tenant_id': '589b30b0c3b84f82895c4d6031501c9d', 'network_id': 'd503ad59-aeae-43f5-88a5-e5a71b253311', 'ip_version': 4, 'subnetpool_id': None, 'enable_dhcp': True, 'ipv6_ra_mode': None, 'ipv6_address_mode': None, 'gateway_ip': '192.168.128.1', 'cidr': '192.168.128.0/28', 'allocation_pools': [{'start': '192.168.128.2', 'end': '192.168.128.14'}], 'host_routes': [], 'dns_nameservers': [], 'description': '', 'router:external': False, 'service_types': [], 'tags': [], 'created_at': '2025-03-07T09:15:14Z', 'updated_at': '2025-03-07T09:15:14Z', 'revision_number': 0, 'project_id': '589b30b0c3b84f82895c4d6031501c9d'}, Router: {'id': 'fcf8e363-2fd1-4aa1-8efa-ad243c66fe3f', 'name': 'tempest-ServersTestFqdnHostnames-1215152676-router', 'tenant_id': '589b30b0c3b84f82895c4d6031501c9d', 'admin_state_up': True, 'status': 'ACTIVE', 'external_gateway_info': {'network_id': '8680ec55-30c2-42cf-873b-9eadd103b0a3', 'external_fixed_ips': [{'subnet_id': '88504bb6-000c-48e5-86b7-df9bf11d8225', 'ip_address': '10.180.180.135'}], 'enable_snat': True}, 'description': '', 'availability_zones': [], 'distributed': False, 'ha': False, 'availability_zone_hints': [], 'routes': [], 'flavor_id': None, 'tags': [], 'created_at': '2025-03-07T09:15:15Z', 'updated_at': '2025-03-07T09:15:16Z', 'revision_number': 2, 'project_id': '589b30b0c3b84f82895c4d6031501c9d'}
2025-03-07 09:15:20.631 68428 INFO tempest.lib.common.rest_client [req-558b0cc8-db3f-4f3e-ad00-f3f595cdadfb req-558b0cc8-db3f-4f3e-ad00-f3f595cdadfb ] Request (ServersTestMultiNic:test_verify_duplicate_network_nics): 200 GET http://10.180.1.21/compute/v2.1/servers/f7052896-c90b-4113-8d38-5aea8806063f 1.272s
2025-03-07 09:15:20.643 68422 INFO tempest.lib.common.rest_client [req-cb3a0711-9191-4d38-9982-959561872c7b req-cb3a0711-9191-4d38-9982-959561872c7b ] Request (HypervisorAdminV253TestBase:tearDownClass): 204 DELETE http://10.180.1.21:9696/networking/v2.0/security-groups/66e5e27c-eb68-49bb-b4cf-349e5942bf69 0.302s
2025-03-07 09:15:20.687 68410 INFO tempest.lib.common.rest_client [req-72b33768-ba51-4817-9974-6dde23309354 req-72b33768-ba51-4817-9974-6dde23309354 ] Request (ServerActionsTestOtherB:setUpClass): 201 POST http://10.180.1.21:9696/networking/v2.0/subnets 0.679s
2025-03-07 09:15:20.715 68454 INFO tempest.lib.common.rest_client [req-40b832be-3372-487f-8a6e-6092190771e1 req-40b832be-3372-487f-8a6e-6092190771e1 ] Request (ServicesAdminNegativeV253TestJSON:test_disable_log_reason_with_invalid_service_id): 404 PUT http://10.180.1.21/compute/v2.1/os-services/efeaecb6-558d-4f13-8015-1fcbe7a66b10 1.212s
2025-03-07 09:15:20.770 68462 INFO tempest.lib.common.rest_client [req-06cd28ac-79b3-4429-937d-351970f46a96 req-06cd28ac-79b3-4429-937d-351970f46a96 ] Request (AttachInterfacesV270Test:tearDownClass): 204 DELETE http://10.180.1.21/compute/v2.1/servers/066c1b70-2791-425e-8c10-ec3aaed6044d 1.221s
2025-03-07 09:15:20.774 68406 INFO tempest.lib.common.rest_client [req-a3bb9198-6df5-4b43-999e-c2c2f895bbf8 req-a3bb9198-6df5-4b43-999e-c2c2f895bbf8 ] Request (ServersTestFqdnHostnames:setUpClass): 201 POST http://10.180.1.21/identity/v3/auth/tokens 0.181s
2025-03-07 09:15:20.783 68422 INFO tempest.lib.common.rest_client [req-dee61936-9508-4164-a665-5d5cbbe02e30 req-dee61936-9508-4164-a665-5d5cbbe02e30 ] Request (HypervisorAdminV253TestBase:tearDownClass): 204 DELETE http://10.180.1.21/identity/v3/projects/656d8c1b94ff4b2ea705fe8a46375016 0.139s
2025-03-07 09:15:20.784 68422 INFO tempest.test [-] raised in TestVolumeSwap.setUpClass. Invoking tearDownClass.
2025-03-07 09:15:20.867 68434 INFO tempest.lib.common.rest_client [req-46b0989f-28d0-4931-97c6-5d8c2ea7b19d req-46b0989f-28d0-4931-97c6-5d8c2ea7b19d ] Request (ServersWithSpecificFlavorTestJSON:test_verify_created_server_ephemeral_disk): 200 GET http://10.180.1.21/compute/v2.1/servers/a88ec1b0-abf1-44b6-9fe2-21aa327eb65e 1.251s
2025-03-07 09:15:20.873 68422 INFO tempest.lib.common.rest_client [req-6ac04be8-5472-4ad8-8274-3e3ff0a9aed1 req-6ac04be8-5472-4ad8-8274-3e3ff0a9aed1 ] Request (ListImageFiltersNegativeTestJSON:setUpClass): 201 POST http://10.180.1.21/identity/v3/auth/tokens 0.085s
2025-03-07 09:15:20.909 68458 INFO tempest.lib.common.rest_client [req-2c4cb017-d24f-477f-b515-cb4e474fd3dc req-2c4cb017-d24f-477f-b515-cb4e474fd3dc ] Request (ServerShowV254Test:test_rebuild_server): 200 GET http://10.180.1.21/compute/v2.1/servers/53d44dc8-08be-4e54-a832-98506680ba58 1.170s
2025-03-07 09:15:20.915 68422 INFO tempest.lib.common.rest_client [req-6fe24953-4610-41ec-b2ab-8a3f5008fb8f req-6fe24953-4610-41ec-b2ab-8a3f5008fb8f ] Request (ListImageFiltersNegativeTestJSON:setUpClass): 201 POST http://10.180.1.21/identity/v3/auth/tokens 0.035s
2025-03-07 09:15:20.924 68458 INFO tempest.common.waiters [-] State transition "BUILD/None" ==> "BUILD/spawning" after 14 second wait
2025-03-07 09:15:20.959 68422 INFO tempest.lib.common.rest_client [req-4a05e211-bd52-4c4f-b527-e031fb950ec8 req-4a05e211-bd52-4c4f-b527-e031fb950ec8 ] Request (ListImageFiltersNegativeTestJSON:setUpClass): 200 GET http://10.180.1.21/identity/v3/domains?name=Default 0.044s
2025-03-07 09:15:20.982 68416 INFO tempest.lib.common.rest_client [req-7780cd53-4c9f-4d80-b513-439b50bad5d0 req-7780cd53-4c9f-4d80-b513-439b50bad5d0 ] Request (FloatingIPsAssociationTestJSON:test_associate_already_associated_floating_ip): 200 GET http://10.180.1.21/compute/v2.1/servers/0ef21498-b947-473d-85f7-f998d363d967 1.116s
2025-03-07 09:15:20.992 68422 INFO tempest.lib.common.rest_client [req-b3f0a743-d58a-4a67-bb06-03ac4e89f438 req-b3f0a743-d58a-4a67-bb06-03ac4e89f438 ] Request (ListImageFiltersNegativeTestJSON:setUpClass): 201 POST http://10.180.1.21/identity/v3/projects 0.032s
