2025-03-07 09:16:34.553 68412 INFO tempest.lib.common.rest_client [req-2b238b6f-83ca-4bd2-9c7c-fd2e85eb5ec1 req-2b238b6f-83ca-4bd2-9c7c-fd2e85eb5ec1 ] Request (InstanceActionsTestJSON:setUpClass): 200 GET http://10.180.1.21/compute/v2.1/servers/43b0abe5-0b57-46f0-bccc-0c4398ad8ff5 0.083s
2025-03-07 09:16:34.576 68432 INFO tempest.lib.common.rest_client [req-a9078232-d58b-4153-88d0-5d3edf39c3bb req-a9078232-d58b-4153-88d0-5d3edf39c3bb ] Request (ImagesTestJSON:test_create_image_from_stopped_server): 200 GET http://10.180.1.21/compute/v2.1/servers/b5751918-d166-4b39-a5ee-fe2500f85ace 0.080s
2025-03-07 09:16:34.599 68441 INFO tempest.lib.common.rest_client [req-9de09ec2-b646-4081-9e0d-5b3d163ce1c4 req-9de09ec2-b646-4081-9e0d-5b3d163ce1c4 ] Request (DeleteServersTestJSON:test_delete_server_while_in_attached_volume): 200 GET http://10.180.1.21/compute/v2.1/servers/0d241e7c-dd42-44d5-9872-3745f26d796e 0.058s
2025-03-07 09:16:34.661 68462 INFO tempest.lib.common.rest_client [req-6584642d-baed-4320-850d-277511d9ddb9 req-6584642d-baed-4320-850d-277511d9ddb9 ] Request (ServersTestJSON:setUpClass): 200 GET http://10.180.1.21/compute/v2.1/servers/f73d6245-6df4-47d5-98c4-643dfe7fa81e 0.048s
2025-03-07 09:16:34.726 68418 INFO tempest.lib.common.rest_client [req-ad9a9bed-b29f-4bd6-8d9c-b2015ec1aa0b req-ad9a9bed-b29f-4bd6-8d9c-b2015ec1aa0b ] Request (TenantUsagesTestJSON:setUpClass): 200 GET http://10.180.1.21/compute/v2.1/servers/e433ee92-ece7-4bda-85d1-76cfa321ede9 0.049s
2025-03-07 09:16:34.829 68468 INFO tempest.lib.common.rest_client [req-a36c89d8-65fc-4a46-b443-ec6f17dd0f72 req-a36c89d8-65fc-4a46-b443-ec6f17dd0f72 ] Request (SecurityGroupsTestJSON:test_server_security_groups): 200 GET http://10.180.1.21/compute/v2.1/servers/6bf38e3a-9389-4130-b6a4-4e8ed5db72ed 0.051s
2025-03-07 09:16:34.880 68424 INFO tempest.lib.common.rest_client [req-7f63f76b-7e30-4707-9a2c-e8f47b075b80 req-7f63f76b-7e30-4707-9a2c-e8f47b075b80 ] Request (ListServersNegativeTestJSON:setUpClass): 200 GET http://10.180.1.21/compute/v2.1/servers/7516cc2e-e16f-4751-aa29-8b17dbfcbf97 0.046s
2025-03-07 09:16:34.930 68436 INFO tempest.lib.common.rest_client [req-b35df608-9ed3-4613-8a75-d1bc69e2d05e req-b35df608-9ed3-4613-8a75-d1bc69e2d05e ] Request (DeleteServersAdminTestJSON:test_delete_server_while_in_error_state): 200 GET http://10.180.1.21/compute/v2.1/servers/0f1cb1cd-03e6-40c3-b4f2-7cdfa52e3a4a 0.085s
2025-03-07 09:16:34.949 68464 INFO tempest.lib.common.rest_client [req-9be05df8-38f0-44ee-af82-9d97108c97be req-9be05df8-38f0-44ee-af82-9d97108c97be ] Request (ServersListShow296Test:test_list_show_update_rebuild_server_296): 200 GET http://10.180.1.21/compute/v2.1/servers/db761107-7da8-4117-a5c7-9a9c00780487 0.055s
2025-03-07 09:16:34.981 68456 INFO tempest.lib.common.rest_client [req-c24bcaf0-5e32-4de7-b317-a578b9a12b25 req-c24bcaf0-5e32-4de7-b317-a578b9a12b25 ] Request (ImagesOneServerNegativeTestJSON:_run_cleanups): 200 GET http://10.180.1.21/compute/v2.1/servers/312a2247-d796-4075-81ff-4ee8510fede7 0.080s
2025-03-07 09:16:35.053 68426 INFO tempest.lib.common.rest_client [req-f7992b94-c098-4fff-960e-f40f1a173e95 req-f7992b94-c098-4fff-960e-f40f1a173e95 ] Request (ServerExternalEventsTest:test_create_server_external_events): 200 GET http://10.180.1.21/compute/v2.1/servers/8b53bec3-130d-4624-97f0-ca39d94fcd89 0.053s
2025-03-07 09:16:35.093 68408 INFO tempest.lib.common.rest_client [req-522fbb46-b266-45e7-926b-7127cf68337e req-522fbb46-b266-45e7-926b-7127cf68337e ] Request (MigrationsAdminTest:test_list_migrations_in_flavor_resize_situation): 200 GET http://10.180.1.21/compute/v2.1/servers/cddcefef-6171-42b5-b184-9c7a52ca7f4e 0.103s
2025-03-07 09:16:35.103 68448 WARNING tempest.lib.common.ssh [-] Failed to establish authenticated ssh connection to cirros@10.180.180.171 ([Errno None] Unable to connect to port 22 on 10.180.180.171). Number attempts: 7. Retry after 8 seconds.: paramiko.ssh_exception.NoValidConnectionsError: [Errno None] Unable to connect to port 22 on 10.180.180.171
2025-03-07 09:16:35.121 68420 INFO tempest.lib.common.rest_client [req-c868ceef-3ccd-4306-9f8f-75ea9fb5364a req-c868ceef-3ccd-4306-9f8f-75ea9fb5364a ] Request (ServerDiagnosticsNegativeTest:tearDownClass): 200 GET http://10.180.1.21/compute/v2.1/servers/abe0798c-3711-4b21-a4bd-42a2299e6bcf 0.058s
2025-03-07 09:16:35.153 68428 INFO tempest.lib.common.rest_client [req-d81a4903-8345-41fa-80b4-d48633345d53 req-d81a4903-8345-41fa-80b4-d48633345d53 ] Request (ServersTestMultiNic:test_verify_multiple_nics_order): 200 GET http://10.180.1.21/compute/v2.1/servers/d93aeda1-6df1-4968-89ff-2a4dbf865c98 0.047s
2025-03-07 09:16:35.207 68414 INFO tempest.lib.common.rest_client [req-512ba810-a425-4019-9fd4-d9626648ea18 req-512ba810-a425-4019-9fd4-d9626648ea18 ] Request (ListServerFiltersTestJSON:setUpClass): 200 GET http://10.180.1.21/compute/v2.1/servers/c9b2c2cc-ecdb-4f9a-bb36-dbe5f39405b8 0.049s
2025-03-07 09:16:35.260 68452 INFO tempest.lib.common.rest_client [req-49a60458-3290-4e1f-85e8-1addd1a6b8be req-49a60458-3290-4e1f-85e8-1addd1a6b8be ] Request (ServersAdminTestJSON:test_inject_network_info): 200 GET http://10.180.1.21/compute/v2.1/servers/c7324ad3-0fb9-4322-b708-dd9d86aa6b6d 0.053s
2025-03-07 09:16:35.296 68446 WARNING tempest.lib.common.ssh [-] Failed to establish authenticated ssh connection to cirros@10.180.180.184 ([Errno None] Unable to connect to port 22 on 10.180.180.184). Number attempts: 3. Retry after 4 seconds.: paramiko.ssh_exception.NoValidConnectionsError: [Errno None] Unable to connect to port 22 on 10.180.180.184
2025-03-07 09:16:35.444 68442 INFO tempest.lib.common.rest_client [req-6ed90b52-1e93-4cb5-ae7d-55ca1601f2cd req-6ed90b52-1e93-4cb5-ae7d-55ca1601f2cd ] Request (ServersAdminNegativeTestJSON:test_migrate_server_invalid_state): 200 GET http://10.180.1.21/compute/v2.1/servers/09f7e7be-d9dc-40cd-acd1-1655812fe818 0.047s
2025-03-07 09:16:35.503 68438 INFO tempest.lib.common.rest_client [req-235de5a1-5251-4d58-b123-9bd00a81658f req-235de5a1-5251-4d58-b123-9bd00a81658f ] Request (ServerRescueTestJSON:setUpClass): 200 GET http://10.180.1.21/compute/v2.1/servers/04fe4efc-95d3-4339-b76c-44d720ab2bd4 0.050s
2025-03-07 09:16:35.561 68430 INFO tempest.lib.common.rest_client [req-08a3a19a-9f3f-4457-b5ea-f5e3cf94be43 req-08a3a19a-9f3f-4457-b5ea-f5e3cf94be43 ] Request (AttachInterfacesUnderV243Test:test_add_remove_fixed_ip): 200 GET http://10.180.1.21/compute/v2.1/servers/3d9a341a-b557-4672-8277-ffc6f71c1397 0.051s
2025-03-07 09:16:35.633 68412 INFO tempest.lib.common.rest_client [req-d8ed9dde-60d7-43a1-b7d6-8e0d7188e166 req-d8ed9dde-60d7-43a1-b7d6-8e0d7188e166 ] Request (InstanceActionsTestJSON:setUpClass): 200 GET http://10.180.1.21/compute/v2.1/servers/43b0abe5-0b57-46f0-bccc-0c4398ad8ff5 0.067s
2025-03-07 09:16:35.662 68416 INFO tempest.lib.common.rest_client [req-b8d0d39d-9d5e-4bf6-a04e-db5b50bb55d8 req-b8d0d39d-9d5e-4bf6-a04e-db5b50bb55d8 ] Request (FloatingIPsAssociationTestJSON:tearDownClass): 200 GET http://10.180.1.21/compute/v2.1/servers/abb105e4-4494-4a98-bfa7-11358ddecdea 0.138s
2025-03-07 09:16:35.698 68432 INFO tempest.lib.common.rest_client [req-c196c004-655a-4107-a985-7d8361e4a627 req-c196c004-655a-4107-a985-7d8361e4a627 ] Request (ImagesTestJSON:test_create_image_from_stopped_server): 200 GET http://10.180.1.21/compute/v2.1/servers/b5751918-d166-4b39-a5ee-fe2500f85ace 0.113s
2025-03-07 09:16:35.723 68441 INFO tempest.lib.common.rest_client [req-6d6cf844-b294-4a20-a5d0-5ddc73fa4545 req-6d6cf844-b294-4a20-a5d0-5ddc73fa4545 ] Request (DeleteServersTestJSON:test_delete_server_while_in_attached_volume): 200 GET http://10.180.1.21/compute/v2.1/servers/0d241e7c-dd42-44d5-9872-3745f26d796e 0.117s
2025-03-07 09:16:35.760 68462 INFO tempest.lib.common.rest_client [req-e1c811c0-ac27-4fc1-ad25-3b6cada3d1b3 req-e1c811c0-ac27-4fc1-ad25-3b6cada3d1b3 ] Request (ServersTestJSON:setUpClass): 200 GET http://10.180.1.21/compute/v2.1/servers/f73d6245-6df4-47d5-98c4-643dfe7fa81e 0.091s
2025-03-07 09:16:35.801 68418 INFO tempest.lib.common.rest_client [req-54ae13f7-0150-454c-8b81-5d13a16cbfd5 req-54ae13f7-0150-454c-8b81-5d13a16cbfd5 ] Request (TenantUsagesTestJSON:setUpClass): 200 GET http://10.180.1.21/compute/v2.1/servers/e433ee92-ece7-4bda-85d1-76cfa321ede9 0.067s
2025-03-07 09:16:35.808 68418 INFO tempest.common.waiters [-] State transition "BUILD/None" ==> "BUILD/networking" after 45 second wait
2025-03-07 09:16:35.899 68468 INFO tempest.lib.common.rest_client [req-a6c22aec-620d-468e-a3ab-78823badea34 req-a6c22aec-620d-468e-a3ab-78823badea34 ] Request (SecurityGroupsTestJSON:test_server_security_groups): 200 GET http://10.180.1.21/compute/v2.1/servers/6bf38e3a-9389-4130-b6a4-4e8ed5db72ed 0.062s
2025-03-07 09:16:35.947 68424 INFO tempest.lib.common.rest_client [req-8c8dd2e2-3484-42d3-bb76-8612480de1e1 req-8c8dd2e2-3484-42d3-bb76-8612480de1e1 ] Request (ListServersNegativeTestJSON:setUpClass): 200 GET http://10.180.1.21/compute/v2.1/servers/7516cc2e-e16f-4751-aa29-8b17dbfcbf97 0.058s
2025-03-07 09:16:36.026 68464 INFO tempest.lib.common.rest_client [req-a8da1d30-c0de-4aba-9468-1c247e57192e req-a8da1d30-c0de-4aba-9468-1c247e57192e ] Request (ServersListShow296Test:test_list_show_update_rebuild_server_296): 200 GET http://10.180.1.21/compute/v2.1/servers/db761107-7da8-4117-a5c7-9a9c00780487 0.066s
2025-03-07 09:16:36.035 68464 INFO tempest.common.waiters [-] State transition "REBUILD/rebuilding" ==> "REBUILD/rebuild_spawning" after 4 second wait
2025-03-07 09:16:36.093 68456 INFO tempest.lib.common.rest_client [req-bdbd5c0f-e2c4-44ad-b041-6c2f2bebb01a req-bdbd5c0f-e2c4-44ad-b041-6c2f2bebb01a ] Request (ImagesOneServerNegativeTestJSON:_run_cleanups): 200 GET http://10.180.1.21/compute/v2.1/servers/312a2247-d796-4075-81ff-4ee8510fede7 0.104s
2025-03-07 09:16:36.118 68436 INFO tempest.lib.common.rest_client [req-cc47eb4a-7c11-4548-8992-1df34a6274f4 req-cc47eb4a-7c11-4548-8992-1df34a6274f4 ] Request (DeleteServersAdminTestJSON:test_delete_server_while_in_error_state): 200 GET http://10.180.1.21/compute/v2.1/servers/0f1cb1cd-03e6-40c3-b4f2-7cdfa52e3a4a 0.180s
2025-03-07 09:16:36.130 68436 INFO tempest.common.waiters [-] State transition "BUILD/spawning" ==> "ACTIVE/None" after 55 second wait
2025-03-07 09:16:36.145 68426 INFO tempest.lib.common.rest_client [req-1ea40741-8f3e-44d1-aa88-30a5e45b17ed req-1ea40741-8f3e-44d1-aa88-30a5e45b17ed ] Request (ServerExternalEventsTest:test_create_server_external_events): 200 GET http://10.180.1.21/compute/v2.1/servers/8b53bec3-130d-4624-97f0-ca39d94fcd89 0.083s
2025-03-07 09:16:36.191 68434 WARNING tempest.lib.common.ssh [-] Failed to establish authenticated ssh connection to cirros@10.180.180.138 ([Errno None] Unable to connect to port 22 on 10.180.180.138). Number attempts: 7. Retry after 8 seconds.: paramiko.ssh_exception.NoValidConnectionsError: [Errno None] Unable to connect to port 22 on 10.180.180.138
2025-03-07 09:16:36.197 68420 INFO tempest.lib.common.rest_client [req-163e603a-e121-4fac-b373-09a7f36ec3fb req-163e603a-e121-4fac-b373-09a7f36ec3fb ] Request (ServerDiagnosticsNegativeTest:tearDownClass): 200 GET http://10.180.1.21/compute/v2.1/servers/abe0798c-3711-4b21-a4bd-42a2299e6bcf 0.068s
2025-03-07 09:16:36.243 68408 INFO tempest.lib.common.rest_client [req-0eb99962-c615-442f-b0bc-c8250cbfb2a8 req-0eb99962-c615-442f-b0bc-c8250cbfb2a8 ] Request (MigrationsAdminTest:test_list_migrations_in_flavor_resize_situation): 200 GET http://10.180.1.21/compute/v2.1/servers/cddcefef-6171-42b5-b184-9c7a52ca7f4e 0.141s
2025-03-07 09:16:36.255 68436 INFO tempest.lib.common.rest_client [req-fa977ad1-8dfd-4be1-93da-d4227d0f426e req-fa977ad1-8dfd-4be1-93da-d4227d0f426e ] Request (DeleteServersAdminTestJSON:test_delete_server_while_in_error_state): 202 POST http://10.180.1.21/compute/v2.1/servers/0f1cb1cd-03e6-40c3-b4f2-7cdfa52e3a4a/action 0.125s
2025-03-07 09:16:36.303 68428 INFO tempest.lib.common.rest_client [req-86ca1b3b-d94e-4c5a-9372-a1b157cc8ac9 req-86ca1b3b-d94e-4c5a-9372-a1b157cc8ac9 ] Request (ServersTestMultiNic:test_verify_multiple_nics_order): 200 GET http://10.180.1.21/compute/v2.1/servers/d93aeda1-6df1-4968-89ff-2a4dbf865c98 0.140s
2025-03-07 09:16:36.315 68414 INFO tempest.lib.common.rest_client [req-d26d5e42-e754-4e8a-9b5a-faa5a983c2fa req-d26d5e42-e754-4e8a-9b5a-faa5a983c2fa ] Request (ListServerFiltersTestJSON:setUpClass): 200 GET http://10.180.1.21/compute/v2.1/servers/c9b2c2cc-ecdb-4f9a-bb36-dbe5f39405b8 0.099s
2025-03-07 09:16:36.375 68452 INFO tempest.lib.common.rest_client [req-b4011d4e-bbde-4596-9284-aa4493f2beb6 req-b4011d4e-bbde-4596-9284-aa4493f2beb6 ] Request (ServersAdminTestJSON:test_inject_network_info): 200 GET http://10.180.1.21/compute/v2.1/servers/c7324ad3-0fb9-4322-b708-dd9d86aa6b6d 0.105s
2025-03-07 09:16:36.439 68436 INFO tempest.lib.common.rest_client [req-52d19bf7-f1d2-48ca-a56b-7b6628a36c2d req-52d19bf7-f1d2-48ca-a56b-7b6628a36c2d ] Request (DeleteServersAdminTestJSON:test_delete_server_while_in_error_state): 200 GET http://10.180.1.21/compute/v2.1/servers/0f1cb1cd-03e6-40c3-b4f2-7cdfa52e3a4a 0.183s
2025-03-07 09:16:36.503 68442 INFO tempest.lib.common.rest_client [req-6457f737-0a4a-401a-82ed-2df8e4493c2a req-6457f737-0a4a-401a-82ed-2df8e4493c2a ] Request (ServersAdminNegativeTestJSON:test_migrate_server_invalid_state): 200 GET http://10.180.1.21/compute/v2.1/servers/09f7e7be-d9dc-40cd-acd1-1655812fe818 0.050s
2025-03-07 09:16:36.530 68436 INFO tempest.lib.common.rest_client [req-d46334cc-2a11-4eca-a372-1304bc6676c6 req-d46334cc-2a11-4eca-a372-1304bc6676c6 ] Request (DeleteServersAdminTestJSON:test_delete_server_while_in_error_state): 204 DELETE http://10.180.1.21/compute/v2.1/servers/0f1cb1cd-03e6-40c3-b4f2-7cdfa52e3a4a 0.083s
2025-03-07 09:16:36.562 68438 INFO tempest.lib.common.rest_client [req-0df33c5f-1213-4ff0-8619-f368b52ec431 req-0df33c5f-1213-4ff0-8619-f368b52ec431 ] Request (ServerRescueTestJSON:setUpClass): 200 GET http://10.180.1.21/compute/v2.1/servers/04fe4efc-95d3-4339-b76c-44d720ab2bd4 0.052s
2025-03-07 09:16:36.623 68430 INFO tempest.lib.common.rest_client [req-953423b7-87fb-4ec6-9325-3bb088f69317 req-953423b7-87fb-4ec6-9325-3bb088f69317 ] Request (AttachInterfacesUnderV243Test:test_add_remove_fixed_ip): 200 GET http://10.180.1.21/compute/v2.1/servers/3d9a341a-b557-4672-8277-ffc6f71c1397 0.053s
2025-03-07 09:16:36.637 68436 INFO tempest.lib.common.rest_client [req-8aa84dd4-c7ea-4ad0-b03c-41e949e0f0b5 req-8aa84dd4-c7ea-4ad0-b03c-41e949e0f0b5 ] Request (DeleteServersAdminTestJSON:test_delete_server_while_in_error_state): 200 GET http://10.180.1.21/compute/v2.1/servers/0f1cb1cd-03e6-40c3-b4f2-7cdfa52e3a4a 0.106s
2025-03-07 09:16:36.687 68412 INFO tempest.lib.common.rest_client [req-a38a8a88-be40-4fea-9d2c-3cf04100e88b req-a38a8a88-be40-4fea-9d2c-3cf04100e88b ] Request (InstanceActionsTestJSON:setUpClass): 200 GET http://10.180.1.21/compute/v2.1/servers/43b0abe5-0b57-46f0-bccc-0c4398ad8ff5 0.047s
2025-03-07 09:16:36.719 68416 INFO tempest.lib.common.rest_client [req-18903fff-e317-46dd-9ecb-512d9964ded8 req-18903fff-e317-46dd-9ecb-512d9964ded8 ] Request (FloatingIPsAssociationTestJSON:tearDownClass): 200 GET http://10.180.1.21/compute/v2.1/servers/abb105e4-4494-4a98-bfa7-11358ddecdea 0.049s
2025-03-07 09:16:36.757 68432 INFO tempest.lib.common.rest_client [req-4e5d907d-d641-413b-9b8b-20dc64349a69 req-4e5d907d-d641-413b-9b8b-20dc64349a69 ] Request (ImagesTestJSON:test_create_image_from_stopped_server): 200 GET http://10.180.1.21/compute/v2.1/servers/b5751918-d166-4b39-a5ee-fe2500f85ace 0.047s
2025-03-07 09:16:36.781 68441 INFO tempest.lib.common.rest_client [req-9b2615e3-4bed-4ad0-89a0-c42b2c5f8348 req-9b2615e3-4bed-4ad0-89a0-c42b2c5f8348 ] Request (DeleteServersTestJSON:test_delete_server_while_in_attached_volume): 200 GET http://10.180.1.21/compute/v2.1/servers/0d241e7c-dd42-44d5-9872-3745f26d796e 0.049s
2025-03-07 09:16:36.818 68462 INFO tempest.lib.common.rest_client [req-4f4d3829-7220-421e-b0e8-f375ca992dac req-4f4d3829-7220-421e-b0e8-f375ca992dac ] Request (ServersTestJSON:setUpClass): 200 GET http://10.180.1.21/compute/v2.1/servers/f73d6245-6df4-47d5-98c4-643dfe7fa81e 0.049s
2025-03-07 09:16:36.890 68418 INFO tempest.lib.common.rest_client [req-fee3b973-8d36-4f48-9f49-face0e4e50b2 req-fee3b973-8d36-4f48-9f49-face0e4e50b2 ] Request (TenantUsagesTestJSON:setUpClass): 200 GET http://10.180.1.21/compute/v2.1/servers/e433ee92-ece7-4bda-85d1-76cfa321ede9 0.081s
2025-03-07 09:16:36.896 68418 INFO tempest.common.waiters [-] State transition "BUILD/networking" ==> "BUILD/spawning" after 46 second wait
2025-03-07 09:16:36.961 68468 INFO tempest.lib.common.rest_client [req-4786a681-e7f4-40c3-a713-16b544b7ad77 req-4786a681-e7f4-40c3-a713-16b544b7ad77 ] Request (SecurityGroupsTestJSON:test_server_security_groups): 200 GET http://10.180.1.21/compute/v2.1/servers/6bf38e3a-9389-4130-b6a4-4e8ed5db72ed 0.050s
2025-03-07 09:16:36.999 68424 INFO tempest.lib.common.rest_client [req-a257e160-b8fb-401d-85cd-bdf6b6127b14 req-a257e160-b8fb-401d-85cd-bdf6b6127b14 ] Request (ListServersNegativeTestJSON:setUpClass): 200 GET http://10.180.1.21/compute/v2.1/servers/7516cc2e-e16f-4751-aa29-8b17dbfcbf97 0.044s
2025-03-07 09:16:37.023 68422 WARNING tempest.lib.common.ssh [-] Failed to establish authenticated ssh connection to cirros@10.180.180.228 ([Errno None] Unable to connect to port 22 on 10.180.180.228). Number attempts: 2. Retry after 3 seconds.: paramiko.ssh_exception.NoValidConnectionsError: [Errno None] Unable to connect to port 22 on 10.180.180.228
2025-03-07 09:16:37.099 68464 INFO tempest.lib.common.rest_client [req-b5cf9e46-8199-4247-9ca5-1cbf727f4068 req-b5cf9e46-8199-4247-9ca5-1cbf727f4068 ] Request (ServersListShow296Test:test_list_show_update_rebuild_server_296): 200 GET http://10.180.1.21/compute/v2.1/servers/db761107-7da8-4117-a5c7-9a9c00780487 0.062s
2025-03-07 09:16:37.170 68456 INFO tempest.lib.common.rest_client [req-1dbbc383-bff4-48c6-be77-68e6803e1d7e req-1dbbc383-bff4-48c6-be77-68e6803e1d7e ] Request (ImagesOneServerNegativeTestJSON:_run_cleanups): 200 GET http://10.180.1.21/compute/v2.1/servers/312a2247-d796-4075-81ff-4ee8510fede7 0.067s
2025-03-07 09:16:37.202 68426 INFO tempest.lib.common.rest_client [req-088dc5c1-331b-4d3e-a274-6930365365b8 req-088dc5c1-331b-4d3e-a274-6930365365b8 ] Request (ServerExternalEventsTest:test_create_server_external_events): 200 GET http://10.180.1.21/compute/v2.1/servers/8b53bec3-130d-4624-97f0-ca39d94fcd89 0.048s
2025-03-07 09:16:37.263 68420 INFO tempest.lib.common.rest_client [req-754c7306-026f-4c61-b244-e30163078ead req-754c7306-026f-4c61-b244-e30163078ead ] Request (ServerDiagnosticsNegativeTest:tearDownClass): 200 GET http://10.180.1.21/compute/v2.1/servers/abe0798c-3711-4b21-a4bd-42a2299e6bcf 0.058s
2025-03-07 09:16:37.371 68408 INFO tempest.lib.common.rest_client [req-f24c4e23-7973-4c0d-a9e8-1c2761bc5944 req-f24c4e23-7973-4c0d-a9e8-1c2761bc5944 ] Request (MigrationsAdminTest:test_list_migrations_in_flavor_resize_situation): 200 GET http://10.180.1.21/compute/v2.1/servers/cddcefef-6171-42b5-b184-9c7a52ca7f4e 0.115s
2025-03-07 09:16:37.371 68428 INFO tempest.lib.common.rest_client [req-c390d20a-6d0e-42df-a0b0-b2fedf7147ee req-c390d20a-6d0e-42df-a0b0-b2fedf7147ee ] Request (ServersTestMultiNic:test_verify_multiple_nics_order): 200 GET http://10.180.1.21/compute/v2.1/servers/d93aeda1-6df1-4968-89ff-2a4dbf865c98 0.060s
2025-03-07 09:16:37.425 68414 INFO tempest.lib.common.rest_client [req-4233e8e6-3f35-441d-bc17-2a6ba87ae736 req-4233e8e6-3f35-441d-bc17-2a6ba87ae736 ] Request (ListServerFiltersTestJSON:setUpClass): 200 GET http://10.180.1.21/compute/v2.1/servers/c9b2c2cc-ecdb-4f9a-bb36-dbe5f39405b8 0.103s
2025-03-07 09:16:37.445 68452 INFO tempest.lib.common.rest_client [req-a3f9ce43-fd67-46f4-988b-5a780b1f9848 req-a3f9ce43-fd67-46f4-988b-5a780b1f9848 ] Request (ServersAdminTestJSON:test_inject_network_info): 200 GET http://10.180.1.21/compute/v2.1/servers/c7324ad3-0fb9-4322-b708-dd9d86aa6b6d 0.062s
2025-03-07 09:16:37.593 68442 INFO tempest.lib.common.rest_client [req-31406f57-a9da-4200-9465-1550495edf8f req-31406f57-a9da-4200-9465-1550495edf8f ] Request (ServersAdminNegativeTestJSON:test_migrate_server_invalid_state): 200 GET http://10.180.1.21/compute/v2.1/servers/09f7e7be-d9dc-40cd-acd1-1655812fe818 0.077s
2025-03-07 09:16:37.600 68450 WARNING tempest.lib.common.ssh [-] Failed to establish authenticated ssh connection to cirros@10.180.180.227 ([Errno None] Unable to connect to port 22 on 10.180.180.227). Number attempts: 3. Retry after 4 seconds.: paramiko.ssh_exception.NoValidConnectionsError: [Errno None] Unable to connect to port 22 on 10.180.180.227
2025-03-07 09:16:37.691 68430 INFO tempest.lib.common.rest_client [req-9ed9cff6-da92-4032-94a0-37589d15e56d req-9ed9cff6-da92-4032-94a0-37589d15e56d ] Request (AttachInterfacesUnderV243Test:test_add_remove_fixed_ip): 200 GET http://10.180.1.21/compute/v2.1/servers/3d9a341a-b557-4672-8277-ffc6f71c1397 0.061s
2025-03-07 09:16:38.081 68436 INFO tempest.lib.common.rest_client [req-7ec15e4c-897f-485e-aa1b-b25d7796a3a6 req-7ec15e4c-897f-485e-aa1b-b25d7796a3a6 ] Request (DeleteServersAdminTestJSON:test_delete_server_while_in_error_state): 200 GET http://10.180.1.21/compute/v2.1/servers/0f1cb1cd-03e6-40c3-b4f2-7cdfa52e3a4a 0.437s
2025-03-07 09:16:38.085 68438 INFO tempest.lib.common.rest_client [req-b092ea2a-8908-4f44-b169-898b8581ce8e req-b092ea2a-8908-4f44-b169-898b8581ce8e ] Request (ServerRescueTestJSON:setUpClass): 200 GET http://10.180.1.21/compute/v2.1/servers/04fe4efc-95d3-4339-b76c-44d720ab2bd4 0.515s
2025-03-07 09:16:38.095 68438 INFO tempest.common.waiters [-] State transition "BUILD/scheduling" ==> "BUILD/None" after 45 second wait
2025-03-07 09:16:38.147 68412 INFO tempest.lib.common.rest_client [req-c5951185-f8d0-448e-9e7e-751fda05e2d7 req-c5951185-f8d0-448e-9e7e-751fda05e2d7 ] Request (InstanceActionsTestJSON:setUpClass): 200 GET http://10.180.1.21/compute/v2.1/servers/43b0abe5-0b57-46f0-bccc-0c4398ad8ff5 0.453s
2025-03-07 09:16:38.173 68416 INFO tempest.lib.common.rest_client [req-0903258d-4da2-4742-bb79-2ee7a6bb0605 req-0903258d-4da2-4742-bb79-2ee7a6bb0605 ] Request (FloatingIPsAssociationTestJSON:tearDownClass): 200 GET http://10.180.1.21/compute/v2.1/servers/abb105e4-4494-4a98-bfa7-11358ddecdea 0.445s
2025-03-07 09:16:38.181 68416 INFO tempest.common.waiters [-] State transition "ACTIVE/deleting" ==> "DELETED/None" after 5 second wait
2025-03-07 09:16:38.196 68432 INFO tempest.lib.common.rest_client [req-12ac6bd1-8d30-43ae-b159-f9271c9e4a9a req-12ac6bd1-8d30-43ae-b159-f9271c9e4a9a ] Request (ImagesTestJSON:test_create_image_from_stopped_server): 200 GET http://10.180.1.21/compute/v2.1/servers/b5751918-d166-4b39-a5ee-fe2500f85ace 0.432s
2025-03-07 09:16:38.229 68441 INFO tempest.lib.common.rest_client [req-b40f5c5d-f95c-4a57-8df0-e6b59598fe61 req-b40f5c5d-f95c-4a57-8df0-e6b59598fe61 ] Request (DeleteServersTestJSON:test_delete_server_while_in_attached_volume): 200 GET http://10.180.1.21/compute/v2.1/servers/0d241e7c-dd42-44d5-9872-3745f26d796e 0.440s
2025-03-07 09:16:38.248 68462 INFO tempest.lib.common.rest_client [req-41eec8f7-87c1-4bdb-8b86-e9f09be18705 req-41eec8f7-87c1-4bdb-8b86-e9f09be18705 ] Request (ServersTestJSON:setUpClass): 200 GET http://10.180.1.21/compute/v2.1/servers/f73d6245-6df4-47d5-98c4-643dfe7fa81e 0.422s
2025-03-07 09:16:38.294 68468 INFO tempest.lib.common.rest_client [req-a892ffb5-14c8-494f-b936-b9506eccac6a req-a892ffb5-14c8-494f-b936-b9506eccac6a ] Request (SecurityGroupsTestJSON:test_server_security_groups): 200 GET http://10.180.1.21/compute/v2.1/servers/6bf38e3a-9389-4130-b6a4-4e8ed5db72ed 0.323s
2025-03-07 09:16:38.344 68418 INFO tempest.lib.common.rest_client [req-93f13792-232d-4e12-a35b-02d91263440f req-93f13792-232d-4e12-a35b-02d91263440f ] Request (TenantUsagesTestJSON:setUpClass): 200 GET http://10.180.1.21/compute/v2.1/servers/e433ee92-ece7-4bda-85d1-76cfa321ede9 0.447s
2025-03-07 09:16:38.344 68424 INFO tempest.lib.common.rest_client [req-facef12a-3bd1-40ef-96cf-916289b139a1 req-facef12a-3bd1-40ef-96cf-916289b139a1 ] Request (ListServersNegativeTestJSON:setUpClass): 200 GET http://10.180.1.21/compute/v2.1/servers/7516cc2e-e16f-4751-aa29-8b17dbfcbf97 0.338s
2025-03-07 09:16:38.403 68456 INFO tempest.lib.common.rest_client [req-4625d682-eae6-4a1b-b120-e88cb003abc7 req-4625d682-eae6-4a1b-b120-e88cb003abc7 ] Request (ImagesOneServerNegativeTestJSON:_run_cleanups): 200 GET http://10.180.1.21/compute/v2.1/servers/312a2247-d796-4075-81ff-4ee8510fede7 0.224s
2025-03-07 09:16:38.416 68464 INFO tempest.lib.common.rest_client [req-330bdcea-ee32-478e-a95a-85a2dea58d18 req-330bdcea-ee32-478e-a95a-85a2dea58d18 ] Request (ServersListShow296Test:test_list_show_update_rebuild_server_296): 200 GET http://10.180.1.21/compute/v2.1/servers/db761107-7da8-4117-a5c7-9a9c00780487 0.302s
2025-03-07 09:16:38.438 68420 INFO tempest.lib.common.rest_client [req-b451074d-ab64-480c-b6bb-e3b6e483344f req-b451074d-ab64-480c-b6bb-e3b6e483344f ] Request (ServerDiagnosticsNegativeTest:tearDownClass): 404 GET http://10.180.1.21/compute/v2.1/servers/abe0798c-3711-4b21-a4bd-42a2299e6bcf 0.168s
2025-03-07 09:16:38.454 68426 INFO tempest.lib.common.rest_client [req-0240fea9-c000-4060-a0c9-1706c5560755 req-0240fea9-c000-4060-a0c9-1706c5560755 ] Request (ServerExternalEventsTest:test_create_server_external_events): 200 GET http://10.180.1.21/compute/v2.1/servers/8b53bec3-130d-4624-97f0-ca39d94fcd89 0.244s
2025-03-07 09:16:38.510 68428 INFO tempest.lib.common.rest_client [req-aadac653-a37a-420c-b478-759c2911b344 req-aadac653-a37a-420c-b478-759c2911b344 ] Request (ServersTestMultiNic:test_verify_multiple_nics_order): 200 GET http://10.180.1.21/compute/v2.1/servers/d93aeda1-6df1-4968-89ff-2a4dbf865c98 0.130s
2025-03-07 09:16:38.551 68420 INFO tempest.lib.common.rest_client [req-30fea254-05af-496e-ace6-d73229cc5c47 req-30fea254-05af-496e-ace6-d73229cc5c47 ] Request (ServerDiagnosticsNegativeTest:tearDownClass): 204 DELETE http://10.180.1.21/identity/v3/users/4a7e21d5f22a44139e3fc9d461e3f3e3 0.111s
2025-03-07 09:16:38.553 68408 INFO tempest.lib.common.rest_client [req-0719bc8b-2599-45da-985d-e91d6adc85d0 req-0719bc8b-2599-45da-985d-e91d6adc85d0 ] Request (MigrationsAdminTest:test_list_migrations_in_flavor_resize_situation): 200 GET http://10.180.1.21/compute/v2.1/servers/cddcefef-6171-42b5-b184-9c7a52ca7f4e 0.174s
2025-03-07 09:16:38.563 68414 INFO tempest.lib.common.rest_client [req-bcf9db5c-26f8-4c5e-ad53-7fe6857b2800 req-bcf9db5c-26f8-4c5e-ad53-7fe6857b2800 ] Request (ListServerFiltersTestJSON:setUpClass): 200 GET http://10.180.1.21/compute/v2.1/servers/c9b2c2cc-ecdb-4f9a-bb36-dbe5f39405b8 0.129s
2025-03-07 09:16:38.604 68452 INFO tempest.lib.common.rest_client [req-dd8a3aa8-f610-46eb-8187-8f7e3698277b req-dd8a3aa8-f610-46eb-8187-8f7e3698277b ] Request (ServersAdminTestJSON:test_inject_network_info): 200 GET http://10.180.1.21/compute/v2.1/servers/c7324ad3-0fb9-4322-b708-dd9d86aa6b6d 0.150s
2025-03-07 09:16:38.640 68420 INFO tempest.lib.common.rest_client [req-d03a7864-56d0-4496-8fc3-67c5347dac4f req-d03a7864-56d0-4496-8fc3-67c5347dac4f ] Request (ServerDiagnosticsNegativeTest:tearDownClass): 204 DELETE http://10.180.1.21/identity/v3/users/0875baa6111a426b956bd9b53472f9ca 0.088s
2025-03-07 09:16:38.640 68420 INFO tempest.lib.common.dynamic_creds [-] Deleting project and security group for project: 183747cf74194e44864700acc1a87236
2025-03-07 09:16:38.654 68442 INFO tempest.lib.common.rest_client [req-3283dd30-b74a-4396-893c-0731d199d027 req-3283dd30-b74a-4396-893c-0731d199d027 ] Request (ServersAdminNegativeTestJSON:test_migrate_server_invalid_state): 200 GET http://10.180.1.21/compute/v2.1/servers/09f7e7be-d9dc-40cd-acd1-1655812fe818 0.052s
2025-03-07 09:16:38.689 68466 WARNING tempest.lib.common.ssh [-] Failed to establish authenticated ssh connection to cirros@10.180.180.247 ([Errno None] Unable to connect to port 22 on 10.180.180.247). Number attempts: 10. Retry after 11 seconds.: paramiko.ssh_exception.NoValidConnectionsError: [Errno None] Unable to connect to port 22 on 10.180.180.247
2025-03-07 09:16:38.695 68420 INFO tempest.lib.common.rest_client [req-040b5fb5-ae33-43ee-9bc0-ac4962a85718 req-040b5fb5-ae33-43ee-9bc0-ac4962a85718 ] Request (ServerDiagnosticsNegativeTest:tearDownClass): 201 POST http://10.180.1.21/identity/v3/auth/tokens 0.055s
2025-03-07 09:16:38.763 68430 INFO tempest.lib.common.rest_client [req-df28cdda-1cb4-4a04-9a26-8b03bf84e532 req-df28cdda-1cb4-4a04-9a26-8b03bf84e532 ] Request (AttachInterfacesUnderV243Test:test_add_remove_fixed_ip): 200 GET http://10.180.1.21/compute/v2.1/servers/3d9a341a-b557-4672-8277-ffc6f71c1397 0.065s
2025-03-07 09:16:38.786 68420 INFO tempest.lib.common.rest_client [req-eb6dfe20-b743-49d7-a811-17b0e54d37dc req-eb6dfe20-b743-49d7-a811-17b0e54d37dc ] Request (ServerDiagnosticsNegativeTest:tearDownClass): 200 GET http://10.180.1.21:9696/networking/v2.0/security-groups?tenant_id=183747cf74194e44864700acc1a87236&name=default 0.090s
2025-03-07 09:16:38.882 68420 INFO tempest.lib.common.rest_client [req-b852ec41-0688-4422-bafe-96673173b5d6 req-b852ec41-0688-4422-bafe-96673173b5d6 ] Request (ServerDiagnosticsNegativeTest:tearDownClass): 204 DELETE http://10.180.1.21:9696/networking/v2.0/security-groups/5f512076-920e-4ce2-841a-5c1a401bcd4c 0.095s
2025-03-07 09:16:38.947 68420 INFO tempest.lib.common.rest_client [req-e8f90062-43bd-4450-b925-40355987ef3e req-e8f90062-43bd-4450-b925-40355987ef3e ] Request (ServerDiagnosticsNegativeTest:tearDownClass): 204 DELETE http://10.180.1.21/identity/v3/projects/183747cf74194e44864700acc1a87236 0.064s
2025-03-07 09:16:38.947 68420 INFO tempest.lib.common.dynamic_creds [-] Deleting project and security group for project: da6ff7fe041143d28a3c36c6e8127563
2025-03-07 09:16:39.048 68420 INFO tempest.lib.common.rest_client [req-9d2160f2-fbc4-489f-953d-6ffe36dc9cf5 req-9d2160f2-fbc4-489f-953d-6ffe36dc9cf5 ] Request (ServerDiagnosticsNegativeTest:tearDownClass): 200 GET http://10.180.1.21:9696/networking/v2.0/security-groups?tenant_id=da6ff7fe041143d28a3c36c6e8127563&name=default 0.100s
2025-03-07 09:16:39.115 68420 INFO tempest.lib.common.rest_client [req-bd6a4985-8600-4439-b023-d62f75aa26e9 req-bd6a4985-8600-4439-b023-d62f75aa26e9 ] Request (ServerDiagnosticsNegativeTest:tearDownClass): 204 DELETE http://10.180.1.21:9696/networking/v2.0/security-groups/e9e29fb7-86ad-4b10-bb89-65584386603b 0.067s
2025-03-07 09:16:39.144 68438 INFO tempest.lib.common.rest_client [req-93200b82-3483-4f63-b029-e598d8ea7cdc req-93200b82-3483-4f63-b029-e598d8ea7cdc ] Request (ServerRescueTestJSON:setUpClass): 200 GET http://10.180.1.21/compute/v2.1/servers/04fe4efc-95d3-4339-b76c-44d720ab2bd4 0.048s
2025-03-07 09:16:39.194 68420 INFO tempest.lib.common.rest_client [req-9ebe16e1-ef22-4291-a726-16075f0a52c6 req-9ebe16e1-ef22-4291-a726-16075f0a52c6 ] Request (ServerDiagnosticsNegativeTest:tearDownClass): 204 DELETE http://10.180.1.21/identity/v3/projects/da6ff7fe041143d28a3c36c6e8127563 0.078s
2025-03-07 09:16:39.216 68412 INFO tempest.lib.common.rest_client [req-7df754cc-0743-49ff-89fb-5d1df049c6eb req-7df754cc-0743-49ff-89fb-5d1df049c6eb ] Request (InstanceActionsTestJSON:setUpClass): 200 GET http://10.180.1.21/compute/v2.1/servers/43b0abe5-0b57-46f0-bccc-0c4398ad8ff5 0.061s
2025-03-07 09:16:39.237 68436 INFO tempest.lib.common.rest_client [req-fb7a8be5-2d22-4376-81fa-d1d76148c12f req-fb7a8be5-2d22-4376-81fa-d1d76148c12f ] Request (DeleteServersAdminTestJSON:test_delete_server_while_in_error_state): 200 GET http://10.180.1.21/compute/v2.1/servers/0f1cb1cd-03e6-40c3-b4f2-7cdfa52e3a4a 0.147s
2025-03-07 09:16:39.258 68420 INFO tempest.lib.common.rest_client [req-13ced868-2262-4c43-8e30-e0a6f3af476e req-13ced868-2262-4c43-8e30-e0a6f3af476e ] Request (FloatingIPsTestJSON:setUpClass): 201 POST http://10.180.1.21/identity/v3/auth/tokens 0.061s
2025-03-07 09:16:39.287 68420 INFO tempest.lib.common.rest_client [req-31deda9f-a154-40d6-9002-128163a007a5 req-31deda9f-a154-40d6-9002-128163a007a5 ] Request (FloatingIPsTestJSON:setUpClass): 201 POST http://10.180.1.21/identity/v3/auth/tokens 0.027s
2025-03-07 09:16:39.296 68416 INFO tempest.lib.common.rest_client [req-353f4967-eb13-4a24-be21-3c70aa93c3d3 req-353f4967-eb13-4a24-be21-3c70aa93c3d3 ] Request (FloatingIPsAssociationTestJSON:tearDownClass): 200 GET http://10.180.1.21/compute/v2.1/servers/abb105e4-4494-4a98-bfa7-11358ddecdea 0.113s
2025-03-07 09:16:39.298 68432 INFO tempest.lib.common.rest_client [req-b08acbc4-9f22-4a94-a715-cb579a254304 req-b08acbc4-9f22-4a94-a715-cb579a254304 ] Request (ImagesTestJSON:test_create_image_from_stopped_server): 200 GET http://10.180.1.21/compute/v2.1/servers/b5751918-d166-4b39-a5ee-fe2500f85ace 0.095s
2025-03-07 09:16:39.320 68420 INFO tempest.lib.common.rest_client [req-ef45485b-3cef-4100-8db8-bb399c88f2ed req-ef45485b-3cef-4100-8db8-bb399c88f2ed ] Request (FloatingIPsTestJSON:setUpClass): 200 GET http://10.180.1.21/identity/v3/domains?name=Default 0.033s
2025-03-07 09:16:39.352 68420 INFO tempest.lib.common.rest_client [req-13b417c2-bed1-4d96-aea4-f08dd01a19e6 req-13b417c2-bed1-4d96-aea4-f08dd01a19e6 ] Request (FloatingIPsTestJSON:setUpClass): 201 POST http://10.180.1.21/identity/v3/projects 0.031s
2025-03-07 09:16:39.353 68441 INFO tempest.lib.common.rest_client [req-cfd9e16f-d393-486d-aee5-30b534424ba8 req-cfd9e16f-d393-486d-aee5-30b534424ba8 ] Request (DeleteServersTestJSON:test_delete_server_while_in_attached_volume): 200 GET http://10.180.1.21/compute/v2.1/servers/0d241e7c-dd42-44d5-9872-3745f26d796e 0.117s
2025-03-07 09:16:39.364 68462 INFO tempest.lib.common.rest_client [req-61e285ce-4716-4db1-8e34-48924e6ffa2a req-61e285ce-4716-4db1-8e34-48924e6ffa2a ] Request (ServersTestJSON:setUpClass): 200 GET http://10.180.1.21/compute/v2.1/servers/f73d6245-6df4-47d5-98c4-643dfe7fa81e 0.106s
2025-03-07 09:16:39.420 68424 INFO tempest.lib.common.rest_client [req-69d9756e-93bc-45e6-bf9a-cc468e60432f req-69d9756e-93bc-45e6-bf9a-cc468e60432f ] Request (ListServersNegativeTestJSON:setUpClass): 200 GET http://10.180.1.21/compute/v2.1/servers/7516cc2e-e16f-4751-aa29-8b17dbfcbf97 0.068s
2025-03-07 09:16:39.420 68468 INFO tempest.lib.common.rest_client [req-a67f6888-5874-4796-80c9-f14de0c31098 req-a67f6888-5874-4796-80c9-f14de0c31098 ] Request (SecurityGroupsTestJSON:test_server_security_groups): 200 GET http://10.180.1.21/compute/v2.1/servers/6bf38e3a-9389-4130-b6a4-4e8ed5db72ed 0.119s
2025-03-07 09:16:39.421 68420 INFO tempest.lib.common.rest_client [req-dd60260b-88e5-405b-84ae-dbb5415796b6 req-dd60260b-88e5-405b-84ae-dbb5415796b6 ] Request (FloatingIPsTestJSON:setUpClass): 201 POST http://10.180.1.21/identity/v3/users 0.068s
2025-03-07 09:16:39.453 68420 INFO tempest.lib.common.rest_client [req-fab3d202-c059-45e8-b7b1-69598552cdbe req-fab3d202-c059-45e8-b7b1-69598552cdbe ] Request (FloatingIPsTestJSON:setUpClass): 200 GET http://10.180.1.21/identity/v3/roles 0.031s
2025-03-07 09:16:39.495 68420 INFO tempest.lib.common.rest_client [req-af360f98-0273-4d41-b26f-4c2e297c8754 req-af360f98-0273-4d41-b26f-4c2e297c8754 ] Request (FloatingIPsTestJSON:setUpClass): 204 PUT http://10.180.1.21/identity/v3/projects/df7479de2212478fb7c7de291bfcfd3d/users/144864dd3c87492a84c6be9665964cb3/roles/ff75510f71d64899a99008ca6b7c677c 0.041s
2025-03-07 09:16:39.495 68420 INFO tempest.lib.common.dynamic_creds [-] Dynamic test user 144864dd3c87492a84c6be9665964cb3 is created with scope project and roles: ['member']
2025-03-07 09:16:39.495 68420 INFO tempest.lib.common.dynamic_creds [-] Acquired dynamic creds: credentials: Credentials: {'domain_id': 'default', 'domain_name': 'Default', 'username': 'tempest-FloatingIPsTestJSON-416743569-project-member', 'project_domain_id': 'default', 'project_domain_name': 'Default', 'project_id': 'df7479de2212478fb7c7de291bfcfd3d', 'project_name': 'tempest-FloatingIPsTestJSON-416743569', 'tenant_id': 'df7479de2212478fb7c7de291bfcfd3d', 'tenant_name': 'tempest-FloatingIPsTestJSON-416743569', 'user_domain_id': 'default', 'user_domain_name': 'Default', 'user_id': '144864dd3c87492a84c6be9665964cb3', 'system': None}, Network: None, Subnet: None, Router: None
2025-03-07 09:16:39.509 68456 INFO tempest.lib.common.rest_client [req-7742e120-7eb2-4ce6-be47-e78558c68984 req-7742e120-7eb2-4ce6-be47-e78558c68984 ] Request (ImagesOneServerNegativeTestJSON:_run_cleanups): 200 GET http://10.180.1.21/compute/v2.1/servers/312a2247-d796-4075-81ff-4ee8510fede7 0.099s
2025-03-07 09:16:39.561 68418 INFO tempest.lib.common.rest_client [req-a031df34-4578-4b49-b26a-fe762451f96d req-a031df34-4578-4b49-b26a-fe762451f96d ] Request (TenantUsagesTestJSON:setUpClass): 200 GET http://10.180.1.21/compute/v2.1/servers/e433ee92-ece7-4bda-85d1-76cfa321ede9 0.209s
2025-03-07 09:16:39.566 68420 INFO tempest.lib.common.rest_client [req-c9b6a287-5824-4cbe-9af0-cbae5ad19a9f req-c9b6a287-5824-4cbe-9af0-cbae5ad19a9f ] Request (FloatingIPsTestJSON:setUpClass): 201 POST http://10.180.1.21/identity/v3/auth/tokens 0.070s
2025-03-07 09:16:39.577 68464 INFO tempest.lib.common.rest_client [req-ac55f5a9-dbb0-4af7-8774-18f5fe4d0e9d req-ac55f5a9-dbb0-4af7-8774-18f5fe4d0e9d ] Request (ServersListShow296Test:test_list_show_update_rebuild_server_296): 200 GET http://10.180.1.21/compute/v2.1/servers/db761107-7da8-4117-a5c7-9a9c00780487 0.147s
2025-03-07 09:16:39.633 68426 INFO tempest.lib.common.rest_client [req-54bc3b36-8c86-4ca2-b615-f8434e1b3dc8 req-54bc3b36-8c86-4ca2-b615-f8434e1b3dc8 ] Request (ServerExternalEventsTest:test_create_server_external_events): 200 GET http://10.180.1.21/compute/v2.1/servers/8b53bec3-130d-4624-97f0-ca39d94fcd89 0.170s
2025-03-07 09:16:39.638 68428 INFO tempest.lib.common.rest_client [req-1a2cd237-4354-4348-9665-abfb82fca868 req-1a2cd237-4354-4348-9665-abfb82fca868 ] Request (ServersTestMultiNic:test_verify_multiple_nics_order): 200 GET http://10.180.1.21/compute/v2.1/servers/d93aeda1-6df1-4968-89ff-2a4dbf865c98 0.121s
2025-03-07 09:16:39.703 68414 INFO tempest.lib.common.rest_client [req-cee444c3-dcd2-4967-93a1-ca3bc8ea8e47 req-cee444c3-dcd2-4967-93a1-ca3bc8ea8e47 ] Request (ListServerFiltersTestJSON:setUpClass): 200 GET http://10.180.1.21/compute/v2.1/servers/c9b2c2cc-ecdb-4f9a-bb36-dbe5f39405b8 0.133s
2025-03-07 09:16:39.768 68452 INFO tempest.lib.common.rest_client [req-f2f82ead-6401-4d20-b767-c453d07976c5 req-f2f82ead-6401-4d20-b767-c453d07976c5 ] Request (ServersAdminTestJSON:test_inject_network_info): 200 GET http://10.180.1.21/compute/v2.1/servers/c7324ad3-0fb9-4322-b708-dd9d86aa6b6d 0.157s
2025-03-07 09:16:39.789 68408 INFO tempest.lib.common.rest_client [req-bff87a1d-bff7-4922-a696-9d83d4eab231 req-bff87a1d-bff7-4922-a696-9d83d4eab231 ] Request (MigrationsAdminTest:test_list_migrations_in_flavor_resize_situation): 200 GET http://10.180.1.21/compute/v2.1/servers/cddcefef-6171-42b5-b184-9c7a52ca7f4e 0.227s
2025-03-07 09:16:39.835 68442 INFO tempest.lib.common.rest_client [req-4cd01de2-eb08-44a9-a99c-1b178651460f req-4cd01de2-eb08-44a9-a99c-1b178651460f ] Request (ServersAdminNegativeTestJSON:test_migrate_server_invalid_state): 200 GET http://10.180.1.21/compute/v2.1/servers/09f7e7be-d9dc-40cd-acd1-1655812fe818 0.173s
2025-03-07 09:16:39.852 68430 INFO tempest.lib.common.rest_client [req-17a7c90d-568c-4049-8416-e6ddfd0c14d8 req-17a7c90d-568c-4049-8416-e6ddfd0c14d8 ] Request (AttachInterfacesUnderV243Test:test_add_remove_fixed_ip): 200 GET http://10.180.1.21/compute/v2.1/servers/3d9a341a-b557-4672-8277-ffc6f71c1397 0.081s
2025-03-07 09:16:39.917 68420 INFO tempest.lib.common.rest_client [req-bff1a76a-68b5-4fb5-9915-7ee8aff78541 req-bff1a76a-68b5-4fb5-9915-7ee8aff78541 ] Request (FloatingIPsTestJSON:setUpClass): 201 POST http://10.180.1.21:9696/networking/v2.0/networks 0.350s
2025-03-07 09:16:40.071 68420 INFO tempest.lib.common.rest_client [req-55ed4de4-6aa1-4075-82e1-faa9690fe8f7 req-55ed4de4-6aa1-4075-82e1-faa9690fe8f7 ] Request (FloatingIPsTestJSON:setUpClass): 201 POST http://10.180.1.21:9696/networking/v2.0/subnets 0.153s
2025-03-07 09:16:40.202 68438 INFO tempest.lib.common.rest_client [req-a9fe613e-911e-40eb-8a41-43154adc7fc6 req-a9fe613e-911e-40eb-8a41-43154adc7fc6 ] Request (ServerRescueTestJSON:setUpClass): 200 GET http://10.180.1.21/compute/v2.1/servers/04fe4efc-95d3-4339-b76c-44d720ab2bd4 0.051s
2025-03-07 09:16:40.283 68412 INFO tempest.lib.common.rest_client [req-a630fa0c-98fa-48ad-a4b6-1b17b2d1fff2 req-a630fa0c-98fa-48ad-a4b6-1b17b2d1fff2 ] Request (InstanceActionsTestJSON:setUpClass): 200 GET http://10.180.1.21/compute/v2.1/servers/43b0abe5-0b57-46f0-bccc-0c4398ad8ff5 0.059s
2025-03-07 09:16:40.318 68436 INFO tempest.lib.common.rest_client [req-a0e3b060-7337-445f-84a4-ebd2ad02bdb8 req-a0e3b060-7337-445f-84a4-ebd2ad02bdb8 ] Request (DeleteServersAdminTestJSON:test_delete_server_while_in_error_state): 200 GET http://10.180.1.21/compute/v2.1/servers/0f1cb1cd-03e6-40c3-b4f2-7cdfa52e3a4a 0.070s
2025-03-07 09:16:40.370 68432 INFO tempest.lib.common.rest_client [req-de241db6-1d22-4695-8c09-c61192cd80f6 req-de241db6-1d22-4695-8c09-c61192cd80f6 ] Request (ImagesTestJSON:test_create_image_from_stopped_server): 200 GET http://10.180.1.21/compute/v2.1/servers/b5751918-d166-4b39-a5ee-fe2500f85ace 0.064s
2025-03-07 09:16:40.379 68416 INFO tempest.lib.common.rest_client [req-d7002dd4-628a-4ff5-8590-1e16b926810f req-d7002dd4-628a-4ff5-8590-1e16b926810f ] Request (FloatingIPsAssociationTestJSON:tearDownClass): 200 GET http://10.180.1.21/compute/v2.1/servers/abb105e4-4494-4a98-bfa7-11358ddecdea 0.076s
2025-03-07 09:16:40.432 68441 INFO tempest.lib.common.rest_client [req-72048935-f449-41aa-be7a-57324bbe4368 req-72048935-f449-41aa-be7a-57324bbe4368 ] Request (DeleteServersTestJSON:test_delete_server_while_in_attached_volume): 200 GET http://10.180.1.21/compute/v2.1/servers/0d241e7c-dd42-44d5-9872-3745f26d796e 0.069s
2025-03-07 09:16:40.443 68462 INFO tempest.lib.common.rest_client [req-d185254e-324b-4235-aaff-2bdbcd21f7c2 req-d185254e-324b-4235-aaff-2bdbcd21f7c2 ] Request (ServersTestJSON:setUpClass): 200 GET http://10.180.1.21/compute/v2.1/servers/f73d6245-6df4-47d5-98c4-643dfe7fa81e 0.071s
2025-03-07 09:16:40.505 68424 INFO tempest.lib.common.rest_client [req-6a7b4f6e-9578-4038-abd5-553683e77908 req-6a7b4f6e-9578-4038-abd5-553683e77908 ] Request (ListServersNegativeTestJSON:setUpClass): 200 GET http://10.180.1.21/compute/v2.1/servers/7516cc2e-e16f-4751-aa29-8b17dbfcbf97 0.073s
2025-03-07 09:16:40.509 68468 INFO tempest.lib.common.rest_client [req-fe67e69b-cfc5-413b-af11-ef9634b55f5d req-fe67e69b-cfc5-413b-af11-ef9634b55f5d ] Request (SecurityGroupsTestJSON:test_server_security_groups): 200 GET http://10.180.1.21/compute/v2.1/servers/6bf38e3a-9389-4130-b6a4-4e8ed5db72ed 0.074s
2025-03-07 09:16:40.547 68456 INFO tempest.lib.common.rest_client [req-cfc8a6b7-3a62-4957-b0b3-b27e0e9ddf27 req-cfc8a6b7-3a62-4957-b0b3-b27e0e9ddf27 ] Request (ImagesOneServerNegativeTestJSON:_run_cleanups): 404 GET http://10.180.1.21/compute/v2.1/servers/312a2247-d796-4075-81ff-4ee8510fede7 0.028s
2025-03-07 09:16:40.590 68456 INFO tempest.lib.common.rest_client [req-ae350662-cf98-479a-b4a1-ab7f44539b03 req-ae350662-cf98-479a-b4a1-ab7f44539b03 ] Request (ImagesOneServerNegativeTestJSON:_run_cleanups): 200 POST http://10.180.1.21/compute/v2.1/os-keypairs 0.042s
2025-03-07 09:16:40.665 68464 INFO tempest.lib.common.rest_client [req-7a4d45d2-3328-49b4-b699-dec57cc403e6 req-7a4d45d2-3328-49b4-b699-dec57cc403e6 ] Request (ServersListShow296Test:test_list_show_update_rebuild_server_296): 200 GET http://10.180.1.21/compute/v2.1/servers/db761107-7da8-4117-a5c7-9a9c00780487 0.076s
2025-03-07 09:16:40.721 68418 INFO tempest.lib.common.rest_client [req-745bb8be-2c9d-44b4-a8e0-1e0a53c57214 req-745bb8be-2c9d-44b4-a8e0-1e0a53c57214 ] Request (TenantUsagesTestJSON:setUpClass): 200 GET http://10.180.1.21/compute/v2.1/servers/e433ee92-ece7-4bda-85d1-76cfa321ede9 0.150s
2025-03-07 09:16:40.731 68426 INFO tempest.lib.common.rest_client [req-87bf4ccc-1900-4233-bc93-b7f3d01a6c9e req-87bf4ccc-1900-4233-bc93-b7f3d01a6c9e ] Request (ServerExternalEventsTest:test_create_server_external_events): 200 GET http://10.180.1.21/compute/v2.1/servers/8b53bec3-130d-4624-97f0-ca39d94fcd89 0.091s
2025-03-07 09:16:40.770 68456 INFO tempest.lib.common.rest_client [req-3c7eea3a-0bbf-4656-b4b4-147a810170a8 req-3c7eea3a-0bbf-4656-b4b4-147a810170a8 ] Request (ImagesOneServerNegativeTestJSON:_run_cleanups): 201 POST http://10.180.1.21:9696/networking/v2.0/security-groups 0.178s
2025-03-07 09:16:40.792 68428 INFO tempest.lib.common.rest_client [req-4efd3866-79c1-4244-8b37-31bd02d4a536 req-4efd3866-79c1-4244-8b37-31bd02d4a536 ] Request (ServersTestMultiNic:test_verify_multiple_nics_order): 200 GET http://10.180.1.21/compute/v2.1/servers/d93aeda1-6df1-4968-89ff-2a4dbf865c98 0.143s
2025-03-07 09:16:40.793 68414 INFO tempest.lib.common.rest_client [req-1b60e938-3536-4bf7-a8b1-bc953d767f4c req-1b60e938-3536-4bf7-a8b1-bc953d767f4c ] Request (ListServerFiltersTestJSON:setUpClass): 200 GET http://10.180.1.21/compute/v2.1/servers/c9b2c2cc-ecdb-4f9a-bb36-dbe5f39405b8 0.075s
2025-03-07 09:16:40.854 68452 INFO tempest.lib.common.rest_client [req-2c15b57e-70b3-4a2d-b8ac-7cab645946ff req-2c15b57e-70b3-4a2d-b8ac-7cab645946ff ] Request (ServersAdminTestJSON:test_inject_network_info): 200 GET http://10.180.1.21/compute/v2.1/servers/c7324ad3-0fb9-4322-b708-dd9d86aa6b6d 0.078s
2025-03-07 09:16:40.869 68420 INFO tempest.lib.common.rest_client [req-95a271df-2e66-40a0-a642-a70c6dc582bf req-95a271df-2e66-40a0-a642-a70c6dc582bf ] Request (FloatingIPsTestJSON:setUpClass): 201 POST http://10.180.1.21:9696/networking/v2.0/routers 0.797s
2025-03-07 09:16:40.914 68442 INFO tempest.lib.common.rest_client [req-2d135805-33f8-4774-9146-dc539cf8ad7b req-2d135805-33f8-4774-9146-dc539cf8ad7b ] Request (ServersAdminNegativeTestJSON:test_migrate_server_invalid_state): 200 GET http://10.180.1.21/compute/v2.1/servers/09f7e7be-d9dc-40cd-acd1-1655812fe818 0.071s
2025-03-07 09:16:40.934 68456 INFO tempest.lib.common.rest_client [req-1befa0e8-ea9d-4f96-8889-3d8eb8a9bf03 req-1befa0e8-ea9d-4f96-8889-3d8eb8a9bf03 ] Request (ImagesOneServerNegativeTestJSON:_run_cleanups): 201 POST http://10.180.1.21:9696/networking/v2.0/security-group-rules 0.164s
2025-03-07 09:16:40.938 68408 INFO tempest.lib.common.rest_client [req-a78947f6-e4a0-4069-8c69-46018ae19a21 req-a78947f6-e4a0-4069-8c69-46018ae19a21 ] Request (MigrationsAdminTest:test_list_migrations_in_flavor_resize_situation): 200 GET http://10.180.1.21/compute/v2.1/servers/cddcefef-6171-42b5-b184-9c7a52ca7f4e 0.139s
2025-03-07 09:16:40.985 68430 INFO tempest.lib.common.rest_client [req-00e28027-d687-4012-a89a-9ca27aac2f1f req-00e28027-d687-4012-a89a-9ca27aac2f1f ] Request (AttachInterfacesUnderV243Test:test_add_remove_fixed_ip): 200 GET http://10.180.1.21/compute/v2.1/servers/3d9a341a-b557-4672-8277-ffc6f71c1397 0.125s
2025-03-07 09:16:40.994 68410 WARNING tempest.lib.common.ssh [-] Failed to establish authenticated ssh connection to cirros@10.180.180.192 ([Errno None] Unable to connect to port 22 on 10.180.180.192). Number attempts: 4. Retry after 5 seconds.: paramiko.ssh_exception.NoValidConnectionsError: [Errno None] Unable to connect to port 22 on 10.180.180.192
2025-03-07 09:16:41.028 68456 INFO tempest.lib.common.rest_client [req-9eec4372-e60c-4ab7-a46c-6e9da778a50c req-9eec4372-e60c-4ab7-a46c-6e9da778a50c ] Request (ImagesOneServerNegativeTestJSON:_run_cleanups): 201 POST http://10.180.1.21:9696/networking/v2.0/security-group-rules 0.093s
2025-03-07 09:16:41.119 68406 WARNING tempest.lib.common.ssh [-] Failed to establish authenticated ssh connection to cirros@10.180.180.223 ([Errno None] Unable to connect to port 22 on 10.180.180.223). Number attempts: 5. Retry after 6 seconds.: paramiko.ssh_exception.NoValidConnectionsError: [Errno None] Unable to connect to port 22 on 10.180.180.223
2025-03-07 09:16:41.272 68438 INFO tempest.lib.common.rest_client [req-8a210861-72d0-4819-a602-de2e6c24f5b9 req-8a210861-72d0-4819-a602-de2e6c24f5b9 ] Request (ServerRescueTestJSON:setUpClass): 200 GET http://10.180.1.21/compute/v2.1/servers/04fe4efc-95d3-4339-b76c-44d720ab2bd4 0.062s
2025-03-07 09:16:41.355 68412 INFO tempest.lib.common.rest_client [req-f0376410-ce78-41c5-ade4-330c9c04d31f req-f0376410-ce78-41c5-ade4-330c9c04d31f ] Request (InstanceActionsTestJSON:setUpClass): 200 GET http://10.180.1.21/compute/v2.1/servers/43b0abe5-0b57-46f0-bccc-0c4398ad8ff5 0.063s
2025-03-07 09:16:41.389 68456 INFO tempest.lib.common.rest_client [req-fdd895d6-34dd-4a62-a110-e2563fc98c83 req-fdd895d6-34dd-4a62-a110-e2563fc98c83 ] Request (ImagesOneServerNegativeTestJSON:_run_cleanups): 201 POST http://10.180.1.21:9696/networking/v2.0/floatingips 0.358s
2025-03-07 09:16:41.418 68436 INFO tempest.lib.common.rest_client [req-97f24c85-853a-418c-9c21-2b696db51324 req-97f24c85-853a-418c-9c21-2b696db51324 ] Request (DeleteServersAdminTestJSON:test_delete_server_while_in_error_state): 200 GET http://10.180.1.21/compute/v2.1/servers/0f1cb1cd-03e6-40c3-b4f2-7cdfa52e3a4a 0.092s
2025-03-07 09:16:41.426 68436 INFO tempest.common.waiters [-] State transition "ERROR/deleting" ==> "DELETED/None" after 5 second wait
2025-03-07 09:16:41.439 68432 INFO tempest.lib.common.rest_client [req-efe631fb-0daf-4e04-852e-186a28601491 req-efe631fb-0daf-4e04-852e-186a28601491 ] Request (ImagesTestJSON:test_create_image_from_stopped_server): 200 GET http://10.180.1.21/compute/v2.1/servers/b5751918-d166-4b39-a5ee-fe2500f85ace 0.059s
2025-03-07 09:16:41.492 68416 INFO tempest.lib.common.rest_client [req-5dda9aed-876d-4a20-854b-e641f75a5896 req-5dda9aed-876d-4a20-854b-e641f75a5896 ] Request (FloatingIPsAssociationTestJSON:tearDownClass): 200 GET http://10.180.1.21/compute/v2.1/servers/abb105e4-4494-4a98-bfa7-11358ddecdea 0.105s
2025-03-07 09:16:41.497 68456 INFO tempest.lib.common.rest_client [req-093b874d-5ecd-4de1-b4a1-a28b71057322 req-093b874d-5ecd-4de1-b4a1-a28b71057322 ] Request (ImagesOneServerNegativeTestJSON:_run_cleanups): 201 POST http://10.180.1.21/identity/v3/auth/tokens 0.105s
