2025-03-07 09:17:54.545 68452 INFO tempest.lib.common.rest_client [req-691ee5d1-ddfd-49fd-9b7f-64ea9eea30b2 req-691ee5d1-ddfd-49fd-9b7f-64ea9eea30b2 ] Request (ServersAdminTestJSON:_run_cleanups): 200 GET http://10.180.1.21/compute/v2.1/servers/607865da-9774-47fc-ae4e-1adc0084cec2 0.300s
2025-03-07 09:17:54.578 68468 INFO tempest.lib.common.rest_client [req-23c27f11-0370-41d2-a9e8-1d8c278e2880 req-23c27f11-0370-41d2-a9e8-1d8c278e2880 ] Request (SecurityGroupsTestJSON:test_server_security_groups): 200 GET http://10.180.1.21/compute/v2.1/servers/6bf38e3a-9389-4130-b6a4-4e8ed5db72ed 0.325s
2025-03-07 09:17:54.585 68412 INFO tempest.lib.common.rest_client [req-3cd16a01-0daa-459d-8f5d-4a5ecc699aea req-3cd16a01-0daa-459d-8f5d-4a5ecc699aea ] Request (ServerGroup264TestJSON:tearDownClass): 204 DELETE http://10.180.1.21:9696/networking/v2.0/subnets/ad961ccf-6e7c-4468-b6a9-724b150546ed 0.183s
2025-03-07 09:17:54.682 68418 INFO tempest.lib.common.rest_client [req-c79e506e-246c-4f89-93fe-e3a853121975 req-c79e506e-246c-4f89-93fe-e3a853121975 ] Request (ServerShowV257Test:test_rebuild_server): 200 GET http://10.180.1.21/compute/v2.1/servers/c4c584a9-8846-4623-8082-a25ad4c639c5 0.167s
2025-03-07 09:17:54.736 68432 INFO tempest.lib.common.rest_client [req-c2f74904-3753-4f5e-a0e2-6e87a1a4032e req-c2f74904-3753-4f5e-a0e2-6e87a1a4032e ] Request (ImagesTestJSON:test_create_image_from_suspended_server): 200 GET http://10.180.1.21/compute/v2.1/servers/739fb198-a531-44e0-87eb-383f90ee0ec9 0.136s
2025-03-07 09:17:54.770 68442 INFO tempest.lib.common.rest_client [req-93004c87-b964-4f2e-b3b0-c6affb349b9d req-93004c87-b964-4f2e-b3b0-c6affb349b9d ] Request (ServersAdminNegativeTestJSON:tearDownClass): 200 GET http://10.180.1.21/compute/v2.1/servers/d59e44d7-db1a-467d-a522-ce4fe0ae9d8a 0.489s
2025-03-07 09:17:54.778 68446 WARNING tempest.lib.common.ssh [-] Failed to establish authenticated ssh connection to cirros@10.180.180.184 ([Errno None] Unable to connect to port 22 on 10.180.180.184). Number attempts: 11. Retry after 12 seconds.: paramiko.ssh_exception.NoValidConnectionsError: [Errno None] Unable to connect to port 22 on 10.180.180.184
2025-03-07 09:17:54.814 68462 WARNING tempest.lib.common.ssh [-] Failed to establish authenticated ssh connection to cirros@10.180.180.193 ([Errno None] Unable to connect to port 22 on 10.180.180.193). Number attempts: 5. Retry after 6 seconds.: paramiko.ssh_exception.NoValidConnectionsError: [Errno None] Unable to connect to port 22 on 10.180.180.193
2025-03-07 09:17:54.835 68414 INFO tempest.lib.common.rest_client [req-2acc41a8-b494-46aa-9914-1cd091bbf5a1 req-2acc41a8-b494-46aa-9914-1cd091bbf5a1 ] Request (ListServerFiltersTestJSON:tearDownClass): 200 GET http://10.180.1.21/compute/v2.1/servers/c9b2c2cc-ecdb-4f9a-bb36-dbe5f39405b8 0.230s
2025-03-07 09:17:54.837 68438 INFO tempest.lib.common.rest_client [req-4db27aea-1c1f-4a79-8a76-f5abb3d0ca8a req-4db27aea-1c1f-4a79-8a76-f5abb3d0ca8a ] Request (ServerRescueTestJSON:test_rescue_unrescue_instance): 200 GET http://10.180.1.21/compute/v2.1/servers/1bbefba2-5b43-4ccb-beaa-089c90670020 0.160s
2025-03-07 09:17:54.880 68412 INFO tempest.lib.common.rest_client [req-193c3ce7-d96d-4f7e-aacf-d85c8fb16372 req-193c3ce7-d96d-4f7e-aacf-d85c8fb16372 ] Request (ServerGroup264TestJSON:tearDownClass): 204 DELETE http://10.180.1.21:9696/networking/v2.0/networks/5f4f7957-1ce3-4333-b71a-47f09837bd66 0.294s
2025-03-07 09:17:54.929 68436 INFO tempest.lib.common.rest_client [req-a5192ff9-a8ca-4c6b-833b-6ff20a6f8115 req-a5192ff9-a8ca-4c6b-833b-6ff20a6f8115 ] Request (ServerMetadataNegativeTestJSON:setUpClass): 200 GET http://10.180.1.21/compute/v2.1/servers/a3e1bac3-9013-4f60-aa97-aa1d1502b360 0.076s
2025-03-07 09:17:54.963 68412 INFO tempest.lib.common.rest_client [req-7c01ceb2-85ee-453b-a454-89e2ba3628e9 req-7c01ceb2-85ee-453b-a454-89e2ba3628e9 ] Request (ServerGroup264TestJSON:tearDownClass): 204 DELETE http://10.180.1.21/identity/v3/users/661f93a62be8439392d03cf831f81f5a 0.083s
2025-03-07 09:17:54.964 68412 INFO tempest.lib.common.dynamic_creds [-] Deleting project and security group for project: aa1e49af46e14d4aad8326410e40f6e4
2025-03-07 09:17:54.993 68412 INFO tempest.lib.common.rest_client [req-94c8756c-aa0a-47a4-aeda-0c4208a993ec req-94c8756c-aa0a-47a4-aeda-0c4208a993ec ] Request (ServerGroup264TestJSON:tearDownClass): 200 GET http://10.180.1.21:9696/networking/v2.0/security-groups?tenant_id=aa1e49af46e14d4aad8326410e40f6e4&name=default 0.029s
2025-03-07 09:17:54.994 68428 INFO tempest.lib.common.rest_client [req-cb773ab3-d727-4f25-8c3d-a6729f0a9579 req-cb773ab3-d727-4f25-8c3d-a6729f0a9579 ] Request (ServersTestMultiNic:test_verify_multiple_nics_order): 200 GET http://10.180.1.21/compute/v2.1/servers/d93aeda1-6df1-4968-89ff-2a4dbf865c98 0.211s
2025-03-07 09:17:54.999 68441 INFO tempest.lib.common.rest_client [req-a675a487-8074-4033-8237-6abd86ce1f32 req-a675a487-8074-4033-8237-6abd86ce1f32 ] Request (DeleteServersTestJSON:test_delete_server_while_in_shelved_state): 200 GET http://10.180.1.21/compute/v2.1/servers/b2590528-59c4-4b53-8d98-baeb5e36cc80 0.130s
2025-03-07 09:17:55.000 68428 INFO tempest.common.waiters [-] State transition "BUILD/spawning" ==> "ACTIVE/None" after 92 second wait
2025-03-07 09:17:55.026 68428 INFO tempest.lib.common.rest_client [req-091f609a-ae62-4ca1-99b3-f534ee4dc382 req-091f609a-ae62-4ca1-99b3-f534ee4dc382 ] Request (ServersTestMultiNic:test_verify_multiple_nics_order): 200 GET http://10.180.1.21/compute/v2.1/servers/d93aeda1-6df1-4968-89ff-2a4dbf865c98/ips 0.025s
2025-03-07 09:17:55.058 68420 INFO tempest.lib.common.rest_client [req-746b3805-13b8-4935-a134-f046b209bbf7 req-746b3805-13b8-4935-a134-f046b209bbf7 ] Request (ServerActionsV293TestJSON:setUpClass): 200 GET http://10.180.1.21/compute/v2.1/servers/f93bfb2f-96b2-4f2f-a1c8-dbddb8ca0d58 0.089s
2025-03-07 09:17:55.121 68412 INFO tempest.lib.common.rest_client [req-18524e66-57db-4049-826a-613d6abd63ea req-18524e66-57db-4049-826a-613d6abd63ea ] Request (ServerGroup264TestJSON:tearDownClass): 204 DELETE http://10.180.1.21:9696/networking/v2.0/security-groups/ea177e1b-fbbb-4fee-ad3f-7936a3f57e7f 0.128s
2025-03-07 09:17:55.134 68428 INFO tempest.lib.common.rest_client [req-2f0e512e-8081-49df-a0c2-d3fbae8ca193 req-2f0e512e-8081-49df-a0c2-d3fbae8ca193 ] Request (ServersTestMultiNic:_run_cleanups): 204 DELETE http://10.180.1.21/compute/v2.1/servers/d93aeda1-6df1-4968-89ff-2a4dbf865c98 0.106s
2025-03-07 09:17:55.164 68456 INFO tempest.lib.common.rest_client [req-ba98cc30-2201-4cf3-a542-ada215cbe168 req-ba98cc30-2201-4cf3-a542-ada215cbe168 ] Request (ImagesOneServerNegativeTestJSON:_run_cleanups): 200 GET http://10.180.1.21/compute/v2.1/servers/26a22789-6320-44ea-bd82-9485f81b22d7 0.139s
2025-03-07 09:17:55.196 68424 INFO tempest.lib.common.rest_client [req-288f6a0e-dc7d-4d15-931a-0b8e1e8f801e req-288f6a0e-dc7d-4d15-931a-0b8e1e8f801e ] Request (ListServersNegativeTestJSON:setUpClass): 200 GET http://10.180.1.21/compute/v2.1/servers/06e8e418-ed6c-411b-b4da-f4e033ed0c65 0.165s
2025-03-07 09:17:55.226 68412 INFO tempest.lib.common.rest_client [req-1ddc9e4d-edb1-414e-a212-6896335e279d req-1ddc9e4d-edb1-414e-a212-6896335e279d ] Request (ServerGroup264TestJSON:tearDownClass): 204 DELETE http://10.180.1.21/identity/v3/projects/aa1e49af46e14d4aad8326410e40f6e4 0.104s
2025-03-07 09:17:55.227 68412 INFO tempest.test [-] raised in AttachVolumeMultiAttachTest.setUpClass. Invoking tearDownClass.
2025-03-07 09:17:55.280 68428 INFO tempest.lib.common.rest_client [req-83503d38-34d0-445f-9b8c-c37dd0b866cd req-83503d38-34d0-445f-9b8c-c37dd0b866cd ] Request (ServersTestMultiNic:_run_cleanups): 200 GET http://10.180.1.21/compute/v2.1/servers/d93aeda1-6df1-4968-89ff-2a4dbf865c98 0.146s
2025-03-07 09:17:55.322 68408 INFO tempest.lib.common.rest_client [req-6aa0b5bb-ba3d-4af9-8b24-e54648044a6c req-6aa0b5bb-ba3d-4af9-8b24-e54648044a6c ] Request (MigrationsAdminTest:test_resize_server_revert_deleted_flavor): 200 GET http://10.180.1.21/compute/v2.1/servers/771c988f-c1fb-4ba3-8f25-c17d7caf3c50 0.141s
2025-03-07 09:17:55.374 68426 INFO tempest.lib.common.rest_client [req-016695f1-a716-4155-beaa-4eb3ef3ab87e req-016695f1-a716-4155-beaa-4eb3ef3ab87e ] Request (InstanceActionsV221TestJSON:test_get_list_deleted_instance_actions): 200 GET http://10.180.1.21/compute/v2.1/servers/bb09cb46-74fd-4912-abb7-c392d5a51c49 0.066s
2025-03-07 09:17:55.443 68406 INFO tempest.lib.common.rest_client [req-b7043fc6-e66f-44e7-825c-46f0094fab8d req-b7043fc6-e66f-44e7-825c-46f0094fab8d ] Request (ServersTestFqdnHostnames:tearDownClass): 200 GET http://10.180.1.21/compute/v2.1/servers/e44ce746-0d2b-425f-a4b6-1e2d9608caa5 0.084s
2025-03-07 09:17:55.449 68416 INFO tempest.lib.common.rest_client [req-1e16d497-ea4b-441b-ba34-324735eac386 req-1e16d497-ea4b-441b-ba34-324735eac386 ] Request (FloatingIPsAssociationNegativeTestJSON:setUpClass): 200 GET http://10.180.1.21/compute/v2.1/servers/6a894398-7cdf-4c97-a46e-13992f90a91d 0.081s
2025-03-07 09:17:55.508 68434 INFO tempest.lib.common.rest_client [req-add9bc3b-7e25-4ae4-b0cf-7968dcfb5083 req-add9bc3b-7e25-4ae4-b0cf-7968dcfb5083 ] Request (ServersWithSpecificFlavorTestJSON:test_verify_created_server_ephemeral_disk): 200 GET http://10.180.1.21/compute/v2.1/servers/a277398f-2d2e-4b99-a8db-f5bb587e5cf2 0.087s
2025-03-07 09:17:55.516 68444 INFO tempest.lib.common.rest_client [req-de7e413d-9ecf-4394-bc72-38d30020569c req-de7e413d-9ecf-4394-bc72-38d30020569c ] Request (VolumesAssistedSnapshotsTest:tearDownClass): 200 GET http://10.180.1.21/compute/v2.1/servers/da71d402-1cd8-4859-a0b7-de637efebb69 0.075s
2025-03-07 09:17:55.628 68466 INFO tempest.lib.common.rest_client [req-1222a5a1-598b-48e8-ae11-9180ffd5efe5 req-1222a5a1-598b-48e8-ae11-9180ffd5efe5 ] Request (ServersV294TestFqdnHostnames:tearDownClass): 204 DELETE http://10.180.1.21/compute/v2.1/servers/491bbb1f-0193-4f1d-a7c2-00445e82c8e3 0.089s
2025-03-07 09:17:55.657 68452 INFO tempest.lib.common.rest_client [req-ae4ea566-4730-47bc-83c4-2344a804a76e req-ae4ea566-4730-47bc-83c4-2344a804a76e ] Request (ServersAdminTestJSON:_run_cleanups): 200 GET http://10.180.1.21/compute/v2.1/servers/607865da-9774-47fc-ae4e-1adc0084cec2 0.101s
2025-03-07 09:17:55.735 68468 INFO tempest.lib.common.rest_client [req-c8c91a1f-ff7e-47a4-bced-2f68419b5964 req-c8c91a1f-ff7e-47a4-bced-2f68419b5964 ] Request (SecurityGroupsTestJSON:test_server_security_groups): 200 GET http://10.180.1.21/compute/v2.1/servers/6bf38e3a-9389-4130-b6a4-4e8ed5db72ed 0.142s
2025-03-07 09:17:55.794 68418 INFO tempest.lib.common.rest_client [req-8289c196-8b15-485d-9d71-eb4688d4352c req-8289c196-8b15-485d-9d71-eb4688d4352c ] Request (ServerShowV257Test:test_rebuild_server): 200 GET http://10.180.1.21/compute/v2.1/servers/c4c584a9-8846-4623-8082-a25ad4c639c5 0.101s
2025-03-07 09:17:55.811 68466 INFO tempest.lib.common.rest_client [req-fe0abea2-4b90-4c9d-ba10-df6f9d3a3594 req-fe0abea2-4b90-4c9d-ba10-df6f9d3a3594 ] Request (ServersV294TestFqdnHostnames:tearDownClass): 200 GET http://10.180.1.21/compute/v2.1/servers/491bbb1f-0193-4f1d-a7c2-00445e82c8e3 0.182s
2025-03-07 09:17:55.840 68432 INFO tempest.lib.common.rest_client [req-95afec0d-5a28-411f-8b3a-1e9fba143409 req-95afec0d-5a28-411f-8b3a-1e9fba143409 ] Request (ImagesTestJSON:test_create_image_from_suspended_server): 200 GET http://10.180.1.21/compute/v2.1/servers/739fb198-a531-44e0-87eb-383f90ee0ec9 0.094s
2025-03-07 09:17:55.913 68414 INFO tempest.lib.common.rest_client [req-36a34238-8b48-4d7e-a42d-7f60bc5991c4 req-36a34238-8b48-4d7e-a42d-7f60bc5991c4 ] Request (ListServerFiltersTestJSON:tearDownClass): 200 GET http://10.180.1.21/compute/v2.1/servers/c9b2c2cc-ecdb-4f9a-bb36-dbe5f39405b8 0.067s
2025-03-07 09:17:55.925 68442 INFO tempest.lib.common.rest_client [req-2cc35867-d642-480d-8e7b-0e24ddd6ba1e req-2cc35867-d642-480d-8e7b-0e24ddd6ba1e ] Request (ServersAdminNegativeTestJSON:tearDownClass): 200 GET http://10.180.1.21/compute/v2.1/servers/d59e44d7-db1a-467d-a522-ce4fe0ae9d8a 0.140s
2025-03-07 09:17:55.946 68410 INFO paramiko.transport [-] Connected (version 2.0, client dropbear_2020.81)
2025-03-07 09:17:55.970 68438 INFO tempest.lib.common.rest_client [req-7fac17de-87ba-40f6-a3b4-301f1bbd5133 req-7fac17de-87ba-40f6-a3b4-301f1bbd5133 ] Request (ServerRescueTestJSON:test_rescue_unrescue_instance): 200 GET http://10.180.1.21/compute/v2.1/servers/1bbefba2-5b43-4ccb-beaa-089c90670020 0.118s
2025-03-07 09:17:56.003 68436 INFO tempest.lib.common.rest_client [req-1591b11d-5edf-49cc-ab7b-f29ef6765bf2 req-1591b11d-5edf-49cc-ab7b-f29ef6765bf2 ] Request (ServerMetadataNegativeTestJSON:setUpClass): 200 GET http://10.180.1.21/compute/v2.1/servers/a3e1bac3-9013-4f60-aa97-aa1d1502b360 0.061s
2025-03-07 09:17:56.005 68410 INFO paramiko.transport [-] Authentication (publickey) successful!
2025-03-07 09:17:56.006 68410 INFO tempest.lib.common.ssh [-] ssh connection to cirros@10.180.180.192 successfully created
2025-03-07 09:17:56.094 68441 INFO tempest.lib.common.rest_client [req-0ec8ae3e-7acb-4b60-9f71-16156d595835 req-0ec8ae3e-7acb-4b60-9f71-16156d595835 ] Request (DeleteServersTestJSON:test_delete_server_while_in_shelved_state): 200 GET http://10.180.1.21/compute/v2.1/servers/b2590528-59c4-4b53-8d98-baeb5e36cc80 0.085s
2025-03-07 09:17:56.128 68430 WARNING tempest.lib.common.ssh [-] Failed to establish authenticated ssh connection to cirros@10.180.180.180 ([Errno None] Unable to connect to port 22 on 10.180.180.180). Number attempts: 2. Retry after 3 seconds.: paramiko.ssh_exception.NoValidConnectionsError: [Errno None] Unable to connect to port 22 on 10.180.180.180
2025-03-07 09:17:56.169 68420 INFO tempest.lib.common.rest_client [req-f0f08711-b553-42a6-bdd5-e404ef268204 req-f0f08711-b553-42a6-bdd5-e404ef268204 ] Request (ServerActionsV293TestJSON:setUpClass): 200 GET http://10.180.1.21/compute/v2.1/servers/f93bfb2f-96b2-4f2f-a1c8-dbddb8ca0d58 0.098s
2025-03-07 09:17:56.247 68410 INFO tempest.lib.common.rest_client [req-12d22b92-3adb-48b2-8803-dca025555c54 req-12d22b92-3adb-48b2-8803-dca025555c54 ] Request (ServerActionsTestOtherB:setUp): 200 GET http://10.180.1.21/compute/v2.1/servers/cc928eab-c51b-4f80-a53f-70d55942c69b 0.240s
2025-03-07 09:17:56.323 68424 INFO tempest.lib.common.rest_client [req-f9164fbd-9d02-488c-b101-5a159cf6886c req-f9164fbd-9d02-488c-b101-5a159cf6886c ] Request (ListServersNegativeTestJSON:setUpClass): 200 GET http://10.180.1.21/compute/v2.1/servers/06e8e418-ed6c-411b-b4da-f4e033ed0c65 0.119s
2025-03-07 09:17:56.334 68456 INFO tempest.lib.common.rest_client [req-48211e86-8b17-4fca-825e-7dd2d2acc1a4 req-48211e86-8b17-4fca-825e-7dd2d2acc1a4 ] Request (ImagesOneServerNegativeTestJSON:_run_cleanups): 200 GET http://10.180.1.21/compute/v2.1/servers/26a22789-6320-44ea-bd82-9485f81b22d7 0.162s
2025-03-07 09:17:56.342 68456 INFO tempest.common.waiters [-] State transition "BUILD/spawning" ==> "ACTIVE/None" after 74 second wait
2025-03-07 09:17:56.537 68428 INFO tempest.lib.common.rest_client [req-941c6454-81df-4a76-a534-d481cf1ba83a req-941c6454-81df-4a76-a534-d481cf1ba83a ] Request (ServersTestMultiNic:_run_cleanups): 200 GET http://10.180.1.21/compute/v2.1/servers/d93aeda1-6df1-4968-89ff-2a4dbf865c98 0.241s
2025-03-07 09:17:56.694 68408 INFO tempest.lib.common.rest_client [req-e9a17a9b-5768-4f26-a9f5-2c09627c4440 req-e9a17a9b-5768-4f26-a9f5-2c09627c4440 ] Request (MigrationsAdminTest:test_resize_server_revert_deleted_flavor): 200 GET http://10.180.1.21/compute/v2.1/servers/771c988f-c1fb-4ba3-8f25-c17d7caf3c50 0.364s
2025-03-07 09:17:56.818 68456 INFO tempest.lib.common.rest_client [req-e2b144d3-f6f4-4694-8d39-cfed45ac27bd req-e2b144d3-f6f4-4694-8d39-cfed45ac27bd ] Request (ImagesOneServerNegativeTestJSON:setUp): 200 GET http://10.180.1.21/compute/v2.1/servers/26a22789-6320-44ea-bd82-9485f81b22d7 0.474s
2025-03-07 09:17:56.882 68426 INFO tempest.lib.common.rest_client [req-90a0e8a4-a007-4301-9745-cd5f288f8a69 req-90a0e8a4-a007-4301-9745-cd5f288f8a69 ] Request (InstanceActionsV221TestJSON:test_get_list_deleted_instance_actions): 200 GET http://10.180.1.21/compute/v2.1/servers/bb09cb46-74fd-4912-abb7-c392d5a51c49 0.493s
2025-03-07 09:17:56.890 68410 INFO tempest.lib.common.rest_client [req-23126707-7964-48ff-9154-ec6764d1395e req-23126707-7964-48ff-9154-ec6764d1395e ] Request (ServerActionsTestOtherB:test_create_backup): 202 POST http://10.180.1.21/compute/v2.1/servers/cc928eab-c51b-4f80-a53f-70d55942c69b/action 0.630s
2025-03-07 09:17:56.894 68426 INFO tempest.common.waiters [-] State transition "BUILD/scheduling" ==> "BUILD/None" after 16 second wait
2025-03-07 09:17:56.911 68410 INFO tempest.lib.common.rest_client [req-f7408ac0-45d8-479e-a3ef-f0fe5d64cc55 req-f7408ac0-45d8-479e-a3ef-f0fe5d64cc55 ] Request (ServerActionsTestOtherB:test_create_backup): 200 GET http://10.180.1.21/image/v2/images/bbba14e0-0838-463c-8d38-7d93a65ab79f 0.021s
2025-03-07 09:17:56.957 68416 INFO tempest.lib.common.rest_client [req-8438ec37-c1b3-41f8-add4-9adad12a9549 req-8438ec37-c1b3-41f8-add4-9adad12a9549 ] Request (FloatingIPsAssociationNegativeTestJSON:setUpClass): 200 GET http://10.180.1.21/compute/v2.1/servers/6a894398-7cdf-4c97-a46e-13992f90a91d 0.499s
2025-03-07 09:17:56.965 68406 INFO tempest.lib.common.rest_client [req-de11a2ea-fdd3-4d20-a8a3-aaf97252d9ca req-de11a2ea-fdd3-4d20-a8a3-aaf97252d9ca ] Request (ServersTestFqdnHostnames:tearDownClass): 200 GET http://10.180.1.21/compute/v2.1/servers/e44ce746-0d2b-425f-a4b6-1e2d9608caa5 0.512s
2025-03-07 09:17:57.010 68434 INFO tempest.lib.common.rest_client [req-0ccf3644-32ce-40e2-83c3-6d36d0d455e1 req-0ccf3644-32ce-40e2-83c3-6d36d0d455e1 ] Request (ServersWithSpecificFlavorTestJSON:test_verify_created_server_ephemeral_disk): 200 GET http://10.180.1.21/compute/v2.1/servers/a277398f-2d2e-4b99-a8db-f5bb587e5cf2 0.493s
2025-03-07 09:17:57.024 68444 INFO tempest.lib.common.rest_client [req-a3cddc0e-2a23-4d71-8034-5612fd3a8d4a req-a3cddc0e-2a23-4d71-8034-5612fd3a8d4a ] Request (VolumesAssistedSnapshotsTest:tearDownClass): 200 GET http://10.180.1.21/compute/v2.1/servers/da71d402-1cd8-4859-a0b7-de637efebb69 0.501s
2025-03-07 09:17:57.162 68452 INFO tempest.lib.common.rest_client [req-cab2ddb9-e99b-430a-9a2b-b1f91bfe5562 req-cab2ddb9-e99b-430a-9a2b-b1f91bfe5562 ] Request (ServersAdminTestJSON:_run_cleanups): 200 GET http://10.180.1.21/compute/v2.1/servers/607865da-9774-47fc-ae4e-1adc0084cec2 0.496s
2025-03-07 09:17:57.201 68468 INFO tempest.lib.common.rest_client [req-bef47bd2-8b13-4dd5-a7ee-36b4a76eec34 req-bef47bd2-8b13-4dd5-a7ee-36b4a76eec34 ] Request (SecurityGroupsTestJSON:test_server_security_groups): 200 GET http://10.180.1.21/compute/v2.1/servers/6bf38e3a-9389-4130-b6a4-4e8ed5db72ed 0.457s
2025-03-07 09:17:57.209 68468 INFO tempest.common.waiters [-] State transition "HARD_REBOOT/rebooting_hard" ==> "HARD_REBOOT/reboot_started_hard" after 4 second wait
2025-03-07 09:17:57.218 68418 INFO tempest.lib.common.rest_client [req-85696625-c5d2-4709-b181-f56117375caa req-85696625-c5d2-4709-b181-f56117375caa ] Request (ServerShowV257Test:test_rebuild_server): 200 GET http://10.180.1.21/compute/v2.1/servers/c4c584a9-8846-4623-8082-a25ad4c639c5 0.410s
2025-03-07 09:17:57.306 68466 INFO tempest.lib.common.rest_client [req-6ca5cd6a-b9f2-4a34-bc22-9811974b700d req-6ca5cd6a-b9f2-4a34-bc22-9811974b700d ] Request (ServersV294TestFqdnHostnames:tearDownClass): 200 GET http://10.180.1.21/compute/v2.1/servers/491bbb1f-0193-4f1d-a7c2-00445e82c8e3 0.482s
2025-03-07 09:17:57.356 68432 INFO tempest.lib.common.rest_client [req-20a4af2a-dd26-411f-a52d-8aad4f16c156 req-20a4af2a-dd26-411f-a52d-8aad4f16c156 ] Request (ImagesTestJSON:test_create_image_from_suspended_server): 200 GET http://10.180.1.21/compute/v2.1/servers/739fb198-a531-44e0-87eb-383f90ee0ec9 0.506s
2025-03-07 09:17:57.641 68456 INFO tempest.lib.common.rest_client [req-dcb2a9ab-c1ac-4c66-86ba-19d5d7034ade req-dcb2a9ab-c1ac-4c66-86ba-19d5d7034ade ] Request (ImagesOneServerNegativeTestJSON:test_delete_image_that_is_not_yet_active): 202 POST http://10.180.1.21/compute/v2.1/servers/26a22789-6320-44ea-bd82-9485f81b22d7/action 0.816s
2025-03-07 09:17:57.662 68414 INFO tempest.lib.common.rest_client [req-fcca8e02-b06b-42ba-adcc-bb150bb961f6 req-fcca8e02-b06b-42ba-adcc-bb150bb961f6 ] Request (ListServerFiltersTestJSON:tearDownClass): 200 GET http://10.180.1.21/compute/v2.1/servers/c9b2c2cc-ecdb-4f9a-bb36-dbe5f39405b8 0.741s
2025-03-07 09:17:57.724 68442 INFO tempest.lib.common.rest_client [req-248a255e-f006-4005-b66f-dbae8b3cbda4 req-248a255e-f006-4005-b66f-dbae8b3cbda4 ] Request (ServersAdminNegativeTestJSON:tearDownClass): 200 GET http://10.180.1.21/compute/v2.1/servers/d59e44d7-db1a-467d-a522-ce4fe0ae9d8a 0.788s
2025-03-07 09:17:57.732 68438 INFO tempest.lib.common.rest_client [req-6a7975ce-fd16-4b76-84f0-7db226e380ed req-6a7975ce-fd16-4b76-84f0-7db226e380ed ] Request (ServerRescueTestJSON:test_rescue_unrescue_instance): 200 GET http://10.180.1.21/compute/v2.1/servers/1bbefba2-5b43-4ccb-beaa-089c90670020 0.754s
2025-03-07 09:17:57.803 68441 INFO tempest.lib.common.rest_client [req-bcbdde4a-e286-4af0-82fe-555c168a5589 req-bcbdde4a-e286-4af0-82fe-555c168a5589 ] Request (DeleteServersTestJSON:test_delete_server_while_in_shelved_state): 200 GET http://10.180.1.21/compute/v2.1/servers/b2590528-59c4-4b53-8d98-baeb5e36cc80 0.700s
2025-03-07 09:17:57.808 68436 INFO tempest.lib.common.rest_client [req-8f28276d-3f26-4d7a-b88f-882edf57b926 req-8f28276d-3f26-4d7a-b88f-882edf57b926 ] Request (ServerMetadataNegativeTestJSON:setUpClass): 200 GET http://10.180.1.21/compute/v2.1/servers/a3e1bac3-9013-4f60-aa97-aa1d1502b360 0.793s
2025-03-07 09:17:57.880 68424 INFO tempest.lib.common.rest_client [req-8e2faa5f-97f8-4ff8-9683-f221a32b6a0a req-8e2faa5f-97f8-4ff8-9683-f221a32b6a0a ] Request (ListServersNegativeTestJSON:setUpClass): 200 GET http://10.180.1.21/compute/v2.1/servers/06e8e418-ed6c-411b-b4da-f4e033ed0c65 0.550s
2025-03-07 09:17:57.889 68420 INFO tempest.lib.common.rest_client [req-364c9acf-c3eb-440e-a0d4-002ee8b703cb req-364c9acf-c3eb-440e-a0d4-002ee8b703cb ] Request (ServerActionsV293TestJSON:setUpClass): 200 GET http://10.180.1.21/compute/v2.1/servers/f93bfb2f-96b2-4f2f-a1c8-dbddb8ca0d58 0.707s
2025-03-07 09:17:57.937 68410 INFO tempest.lib.common.rest_client [req-c6216601-4094-4abc-96ae-4927042bfdcb req-c6216601-4094-4abc-96ae-4927042bfdcb ] Request (ServerActionsTestOtherB:test_create_backup): 200 GET http://10.180.1.21/image/v2/images/bbba14e0-0838-463c-8d38-7d93a65ab79f 0.023s
2025-03-07 09:17:57.988 68456 INFO tempest.lib.common.rest_client [req-a67485d2-3dc6-4594-891a-f594dd73c3c4 req-a67485d2-3dc6-4594-891a-f594dd73c3c4 ] Request (ImagesOneServerNegativeTestJSON:test_delete_image_that_is_not_yet_active): 204 DELETE http://10.180.1.21/compute/v2.1/images/2ead290a-fe4f-4743-a6d7-2fbad5dd8623 0.345s
2025-03-07 09:17:58.008 68428 INFO tempest.lib.common.rest_client [req-3a2ba1be-b06d-441c-a39b-620022da192e req-3a2ba1be-b06d-441c-a39b-620022da192e ] Request (ServersTestMultiNic:_run_cleanups): 200 GET http://10.180.1.21/compute/v2.1/servers/d93aeda1-6df1-4968-89ff-2a4dbf865c98 0.458s
2025-03-07 09:17:58.072 68426 INFO tempest.lib.common.rest_client [req-38a0ce31-3d9a-4c8a-b753-943f1374b1b0 req-38a0ce31-3d9a-4c8a-b753-943f1374b1b0 ] Request (InstanceActionsV221TestJSON:test_get_list_deleted_instance_actions): 200 GET http://10.180.1.21/compute/v2.1/servers/bb09cb46-74fd-4912-abb7-c392d5a51c49 0.176s
2025-03-07 09:17:58.125 68416 INFO tempest.lib.common.rest_client [req-bac9f1bb-b87a-4b24-a94b-df18504b4386 req-bac9f1bb-b87a-4b24-a94b-df18504b4386 ] Request (FloatingIPsAssociationNegativeTestJSON:setUpClass): 200 GET http://10.180.1.21/compute/v2.1/servers/6a894398-7cdf-4c97-a46e-13992f90a91d 0.160s
2025-03-07 09:17:58.133 68416 INFO tempest.common.waiters [-] State transition "BUILD/None" ==> "BUILD/networking" after 49 second wait
2025-03-07 09:17:58.142 68408 INFO tempest.lib.common.rest_client [req-06dc4f50-6021-463f-bbdd-593abe33f020 req-06dc4f50-6021-463f-bbdd-593abe33f020 ] Request (MigrationsAdminTest:test_resize_server_revert_deleted_flavor): 200 GET http://10.180.1.21/compute/v2.1/servers/771c988f-c1fb-4ba3-8f25-c17d7caf3c50 0.439s
2025-03-07 09:17:58.165 68456 INFO tempest.lib.common.rest_client [req-e525d04a-1c60-4629-b39b-121d1a52b56f req-e525d04a-1c60-4629-b39b-121d1a52b56f ] Request (ImagesOneServerNegativeTestJSON:test_delete_image_that_is_not_yet_active): 404 GET http://10.180.1.21/compute/v2.1/images/2ead290a-fe4f-4743-a6d7-2fbad5dd8623 0.176s
2025-03-07 09:17:58.202 68406 INFO tempest.lib.common.rest_client [req-60693e26-6ac6-423e-8618-6fe3b4084f2a req-60693e26-6ac6-423e-8618-6fe3b4084f2a ] Request (ServersTestFqdnHostnames:tearDownClass): 200 GET http://10.180.1.21/compute/v2.1/servers/e44ce746-0d2b-425f-a4b6-1e2d9608caa5 0.229s
2025-03-07 09:17:58.231 68434 INFO tempest.lib.common.rest_client [req-362a8dc1-7dc5-46b5-94bd-ef689b09d53c req-362a8dc1-7dc5-46b5-94bd-ef689b09d53c ] Request (ServersWithSpecificFlavorTestJSON:test_verify_created_server_ephemeral_disk): 200 GET http://10.180.1.21/compute/v2.1/servers/a277398f-2d2e-4b99-a8db-f5bb587e5cf2 0.211s
2025-03-07 09:17:58.273 68444 INFO tempest.lib.common.rest_client [req-2f505df4-3f7f-4c7a-8688-d51010234fc7 req-2f505df4-3f7f-4c7a-8688-d51010234fc7 ] Request (VolumesAssistedSnapshotsTest:tearDownClass): 200 GET http://10.180.1.21/compute/v2.1/servers/da71d402-1cd8-4859-a0b7-de637efebb69 0.239s
2025-03-07 09:17:58.358 68456 INFO tempest.lib.common.rest_client [req-438882ab-81aa-4e72-837a-149da5cbbd78 req-438882ab-81aa-4e72-837a-149da5cbbd78 ] Request (ImagesOneServerNegativeTestJSON:tearDown): 200 GET http://10.180.1.21/compute/v2.1/servers/26a22789-6320-44ea-bd82-9485f81b22d7 0.192s
2025-03-07 09:17:58.390 68452 INFO tempest.lib.common.rest_client [req-10a80c60-7d46-4be5-be83-57d6b952093c req-10a80c60-7d46-4be5-be83-57d6b952093c ] Request (ServersAdminTestJSON:_run_cleanups): 200 GET http://10.180.1.21/compute/v2.1/servers/607865da-9774-47fc-ae4e-1adc0084cec2 0.219s
2025-03-07 09:17:58.398 68452 INFO tempest.common.waiters [-] State transition "REBUILD/rebuilding" ==> "REBUILD/rebuild_spawning" after 4 second wait
2025-03-07 09:17:58.453 68418 INFO tempest.lib.common.rest_client [req-0d47929d-612e-478a-b495-dcdc10bdc88b req-0d47929d-612e-478a-b495-dcdc10bdc88b ] Request (ServerShowV257Test:test_rebuild_server): 200 GET http://10.180.1.21/compute/v2.1/servers/c4c584a9-8846-4623-8082-a25ad4c639c5 0.224s
2025-03-07 09:17:58.469 68468 INFO tempest.lib.common.rest_client [req-2dc9f1a6-f4ec-4397-80b9-9ad5d4d467f3 req-2dc9f1a6-f4ec-4397-80b9-9ad5d4d467f3 ] Request (SecurityGroupsTestJSON:test_server_security_groups): 200 GET http://10.180.1.21/compute/v2.1/servers/6bf38e3a-9389-4130-b6a4-4e8ed5db72ed 0.259s
2025-03-07 09:17:58.477 68468 INFO tempest.common.waiters [-] State transition "HARD_REBOOT/reboot_started_hard" ==> "ACTIVE/None" after 5 second wait
2025-03-07 09:17:58.533 68432 INFO tempest.lib.common.rest_client [req-df14031f-a477-4574-a229-9264c674e3e3 req-df14031f-a477-4574-a229-9264c674e3e3 ] Request (ImagesTestJSON:test_create_image_from_suspended_server): 200 GET http://10.180.1.21/compute/v2.1/servers/739fb198-a531-44e0-87eb-383f90ee0ec9 0.170s
2025-03-07 09:17:58.541 68466 INFO tempest.lib.common.rest_client [req-062350d0-5006-4591-8e3c-53bbab2f5e9f req-062350d0-5006-4591-8e3c-53bbab2f5e9f ] Request (ServersV294TestFqdnHostnames:tearDownClass): 200 GET http://10.180.1.21/compute/v2.1/servers/491bbb1f-0193-4f1d-a7c2-00445e82c8e3 0.225s
2025-03-07 09:17:58.751 68414 INFO tempest.lib.common.rest_client [req-159a841d-c19a-4732-a167-6401b5fa8296 req-159a841d-c19a-4732-a167-6401b5fa8296 ] Request (ListServerFiltersTestJSON:tearDownClass): 200 GET http://10.180.1.21/compute/v2.1/servers/c9b2c2cc-ecdb-4f9a-bb36-dbe5f39405b8 0.079s
2025-03-07 09:17:58.834 68442 INFO tempest.lib.common.rest_client [req-dc2e69e3-6723-4bfb-a654-66e8cff7f35a req-dc2e69e3-6723-4bfb-a654-66e8cff7f35a ] Request (ServersAdminNegativeTestJSON:tearDownClass): 200 GET http://10.180.1.21/compute/v2.1/servers/d59e44d7-db1a-467d-a522-ce4fe0ae9d8a 0.101s
2025-03-07 09:17:58.849 68442 INFO tempest.common.waiters [-] State transition "ACTIVE/deleting" ==> "DELETED/None" after 4 second wait
2025-03-07 09:17:58.889 68438 INFO tempest.lib.common.rest_client [req-00cacbc0-8d65-49b6-a585-1f4573256e03 req-00cacbc0-8d65-49b6-a585-1f4573256e03 ] Request (ServerRescueTestJSON:test_rescue_unrescue_instance): 200 GET http://10.180.1.21/compute/v2.1/servers/1bbefba2-5b43-4ccb-beaa-089c90670020 0.147s
2025-03-07 09:17:58.893 68450 WARNING tempest.lib.common.ssh [-] Failed to establish authenticated ssh connection to cirros@10.180.180.227 ([Errno None] Unable to connect to port 22 on 10.180.180.227). Number attempts: 11. Retry after 12 seconds.: paramiko.ssh_exception.NoValidConnectionsError: [Errno None] Unable to connect to port 22 on 10.180.180.227
2025-03-07 09:17:58.904 68468 INFO tempest.lib.common.rest_client [req-35cc9e8a-c94a-4aba-866b-2a092ee9ecf0 req-35cc9e8a-c94a-4aba-866b-2a092ee9ecf0 ] Request (SecurityGroupsTestJSON:test_server_security_groups): 202 POST http://10.180.1.21/compute/v2.1/servers/6bf38e3a-9389-4130-b6a4-4e8ed5db72ed/action 0.426s
2025-03-07 09:17:58.951 68441 INFO tempest.lib.common.rest_client [req-d22dd588-79c6-4a56-bc24-60dbf760dffa req-d22dd588-79c6-4a56-bc24-60dbf760dffa ] Request (DeleteServersTestJSON:test_delete_server_while_in_shelved_state): 200 GET http://10.180.1.21/compute/v2.1/servers/b2590528-59c4-4b53-8d98-baeb5e36cc80 0.138s
2025-03-07 09:17:58.960 68441 INFO tempest.common.waiters [-] State transition "BUILD/scheduling" ==> "BUILD/None" after 5 second wait
2025-03-07 09:17:58.960 68410 INFO tempest.lib.common.rest_client [req-3b75b21c-05cf-46b4-a138-229aa4a10570 req-3b75b21c-05cf-46b4-a138-229aa4a10570 ] Request (ServerActionsTestOtherB:test_create_backup): 200 GET http://10.180.1.21/image/v2/images/bbba14e0-0838-463c-8d38-7d93a65ab79f 0.022s
2025-03-07 09:17:58.971 68436 INFO tempest.lib.common.rest_client [req-0021bf21-5edd-40d6-a699-7700a72910ad req-0021bf21-5edd-40d6-a699-7700a72910ad ] Request (ServerMetadataNegativeTestJSON:setUpClass): 200 GET http://10.180.1.21/compute/v2.1/servers/a3e1bac3-9013-4f60-aa97-aa1d1502b360 0.154s
2025-03-07 09:17:59.028 68424 INFO tempest.lib.common.rest_client [req-d2ba2bde-1cbf-4de3-acdd-e209456d4123 req-d2ba2bde-1cbf-4de3-acdd-e209456d4123 ] Request (ListServersNegativeTestJSON:setUpClass): 200 GET http://10.180.1.21/compute/v2.1/servers/06e8e418-ed6c-411b-b4da-f4e033ed0c65 0.135s
2025-03-07 09:17:59.035 68420 INFO tempest.lib.common.rest_client [req-b875af47-726f-405f-8845-47841ae5da5a req-b875af47-726f-405f-8845-47841ae5da5a ] Request (ServerActionsV293TestJSON:setUpClass): 200 GET http://10.180.1.21/compute/v2.1/servers/f93bfb2f-96b2-4f2f-a1c8-dbddb8ca0d58 0.131s
2025-03-07 09:17:59.087 68428 INFO tempest.lib.common.rest_client [req-7a4fe19c-8c85-4bdf-9e3d-2bfb8d9fcc8b req-7a4fe19c-8c85-4bdf-9e3d-2bfb8d9fcc8b ] Request (ServersTestMultiNic:_run_cleanups): 200 GET http://10.180.1.21/compute/v2.1/servers/d93aeda1-6df1-4968-89ff-2a4dbf865c98 0.071s
2025-03-07 09:17:59.091 68448 WARNING tempest.lib.common.ssh [-] Failed to establish authenticated ssh connection to cirros@10.180.180.171 ([Errno None] Unable to connect to port 22 on 10.180.180.171). Number attempts: 13. Retry after 14 seconds.: paramiko.ssh_exception.NoValidConnectionsError: [Errno None] Unable to connect to port 22 on 10.180.180.171
2025-03-07 09:17:59.093 68468 INFO tempest.lib.common.rest_client [req-460bcb97-9833-413c-8ebf-9407b05ce5ea req-460bcb97-9833-413c-8ebf-9407b05ce5ea ] Request (SecurityGroupsTestJSON:test_server_security_groups): 400 DELETE http://10.180.1.21/compute/v2.1/os-security-groups/8607d9e6-7a0a-4af7-b1db-dee1d9fef35c 0.188s
2025-03-07 09:17:59.143 68426 INFO tempest.lib.common.rest_client [req-f69a4638-e59e-4f71-aa84-7100adfee518 req-f69a4638-e59e-4f71-aa84-7100adfee518 ] Request (InstanceActionsV221TestJSON:test_get_list_deleted_instance_actions): 200 GET http://10.180.1.21/compute/v2.1/servers/bb09cb46-74fd-4912-abb7-c392d5a51c49 0.062s
2025-03-07 09:17:59.192 68468 INFO tempest.lib.common.rest_client [req-84a49dfd-adf1-4643-8413-684962806014 req-84a49dfd-adf1-4643-8413-684962806014 ] Request (SecurityGroupsTestJSON:test_server_security_groups): 204 DELETE http://10.180.1.21/compute/v2.1/servers/6bf38e3a-9389-4130-b6a4-4e8ed5db72ed 0.098s
2025-03-07 09:17:59.291 68416 INFO tempest.lib.common.rest_client [req-dc7adda3-fcce-4507-ae53-110efe5c68b0 req-dc7adda3-fcce-4507-ae53-110efe5c68b0 ] Request (FloatingIPsAssociationNegativeTestJSON:setUpClass): 200 GET http://10.180.1.21/compute/v2.1/servers/6a894398-7cdf-4c97-a46e-13992f90a91d 0.157s
2025-03-07 09:17:59.303 68416 INFO tempest.common.waiters [-] State transition "BUILD/networking" ==> "BUILD/spawning" after 50 second wait
2025-03-07 09:17:59.313 68408 INFO tempest.lib.common.rest_client [req-bbdeec89-05bc-4d1c-84f7-c6b2f8b59b6f req-bbdeec89-05bc-4d1c-84f7-c6b2f8b59b6f ] Request (MigrationsAdminTest:test_resize_server_revert_deleted_flavor): 200 GET http://10.180.1.21/compute/v2.1/servers/771c988f-c1fb-4ba3-8f25-c17d7caf3c50 0.160s
2025-03-07 09:17:59.387 68406 INFO tempest.lib.common.rest_client [req-dcad940e-4958-4e06-ac57-8ac9e7b77a3b req-dcad940e-4958-4e06-ac57-8ac9e7b77a3b ] Request (ServersTestFqdnHostnames:tearDownClass): 200 GET http://10.180.1.21/compute/v2.1/servers/e44ce746-0d2b-425f-a4b6-1e2d9608caa5 0.175s
2025-03-07 09:17:59.400 68468 INFO tempest.lib.common.rest_client [req-7e6bda40-9752-492e-b688-61d6e21abaf7 req-7e6bda40-9752-492e-b688-61d6e21abaf7 ] Request (SecurityGroupsTestJSON:test_server_security_groups): 200 GET http://10.180.1.21/compute/v2.1/servers/6bf38e3a-9389-4130-b6a4-4e8ed5db72ed 0.208s
2025-03-07 09:17:59.438 68434 INFO tempest.lib.common.rest_client [req-0cecbf8c-6814-4d5c-a16c-98a9c9373a73 req-0cecbf8c-6814-4d5c-a16c-98a9c9373a73 ] Request (ServersWithSpecificFlavorTestJSON:test_verify_created_server_ephemeral_disk): 200 GET http://10.180.1.21/compute/v2.1/servers/a277398f-2d2e-4b99-a8db-f5bb587e5cf2 0.194s
2025-03-07 09:17:59.469 68444 INFO tempest.lib.common.rest_client [req-20f9ff8c-bf81-4ee3-9a61-560c5fce0e04 req-20f9ff8c-bf81-4ee3-9a61-560c5fce0e04 ] Request (VolumesAssistedSnapshotsTest:tearDownClass): 200 GET http://10.180.1.21/compute/v2.1/servers/da71d402-1cd8-4859-a0b7-de637efebb69 0.183s
2025-03-07 09:17:59.541 68456 INFO tempest.lib.common.rest_client [req-1ff4f8cd-d9ed-4c41-a736-10be0f917c9f req-1ff4f8cd-d9ed-4c41-a736-10be0f917c9f ] Request (ImagesOneServerNegativeTestJSON:tearDown): 200 GET http://10.180.1.21/compute/v2.1/servers/26a22789-6320-44ea-bd82-9485f81b22d7 0.171s
2025-03-07 09:17:59.550 68456 INFO tempest.common.waiters [-] State transition "ACTIVE/image_snapshot" ==> "ACTIVE/image_pending_upload" after 1 second wait
2025-03-07 09:17:59.609 68418 INFO tempest.lib.common.rest_client [req-fe598482-fcc1-4404-b995-9a10c6bd1132 req-fe598482-fcc1-4404-b995-9a10c6bd1132 ] Request (ServerShowV257Test:test_rebuild_server): 200 GET http://10.180.1.21/compute/v2.1/servers/c4c584a9-8846-4623-8082-a25ad4c639c5 0.143s
2025-03-07 09:17:59.663 68452 INFO tempest.lib.common.rest_client [req-5c293fdf-b6e5-41e3-b898-63c9d3d00386 req-5c293fdf-b6e5-41e3-b898-63c9d3d00386 ] Request (ServersAdminTestJSON:_run_cleanups): 200 GET http://10.180.1.21/compute/v2.1/servers/607865da-9774-47fc-ae4e-1adc0084cec2 0.259s
2025-03-07 09:17:59.664 68432 INFO tempest.lib.common.rest_client [req-cfd3488b-38a8-4afb-b593-2975acda713d req-cfd3488b-38a8-4afb-b593-2975acda713d ] Request (ImagesTestJSON:test_create_image_from_suspended_server): 200 GET http://10.180.1.21/compute/v2.1/servers/739fb198-a531-44e0-87eb-383f90ee0ec9 0.119s
2025-03-07 09:17:59.713 68466 INFO tempest.lib.common.rest_client [req-b75cd579-fd6f-4c31-afb3-b486dec9d6d5 req-b75cd579-fd6f-4c31-afb3-b486dec9d6d5 ] Request (ServersV294TestFqdnHostnames:tearDownClass): 200 GET http://10.180.1.21/compute/v2.1/servers/491bbb1f-0193-4f1d-a7c2-00445e82c8e3 0.158s
2025-03-07 09:17:59.823 68414 INFO tempest.lib.common.rest_client [req-c7c2543f-1397-42ad-b433-10ee936b6531 req-c7c2543f-1397-42ad-b433-10ee936b6531 ] Request (ListServerFiltersTestJSON:tearDownClass): 200 GET http://10.180.1.21/compute/v2.1/servers/c9b2c2cc-ecdb-4f9a-bb36-dbe5f39405b8 0.065s
2025-03-07 09:17:59.921 68442 INFO tempest.lib.common.rest_client [req-27d82826-a35e-4da6-ae00-fc8d6b971afb req-27d82826-a35e-4da6-ae00-fc8d6b971afb ] Request (ServersAdminNegativeTestJSON:tearDownClass): 200 GET http://10.180.1.21/compute/v2.1/servers/d59e44d7-db1a-467d-a522-ce4fe0ae9d8a 0.071s
2025-03-07 09:17:59.962 68438 INFO tempest.lib.common.rest_client [req-885db423-a763-4a8f-bc32-6d615db97592 req-885db423-a763-4a8f-bc32-6d615db97592 ] Request (ServerRescueTestJSON:test_rescue_unrescue_instance): 200 GET http://10.180.1.21/compute/v2.1/servers/1bbefba2-5b43-4ccb-beaa-089c90670020 0.065s
2025-03-07 09:17:59.978 68410 INFO tempest.lib.common.rest_client [req-3dd06555-8bca-4a02-8686-05cfe678858f req-3dd06555-8bca-4a02-8686-05cfe678858f ] Request (ServerActionsTestOtherB:test_create_backup): 200 GET http://10.180.1.21/image/v2/images/bbba14e0-0838-463c-8d38-7d93a65ab79f 0.016s
2025-03-07 09:18:00.032 68441 INFO tempest.lib.common.rest_client [req-a9e18e0a-f09e-45ba-b51f-e55eecba3f9e req-a9e18e0a-f09e-45ba-b51f-e55eecba3f9e ] Request (DeleteServersTestJSON:test_delete_server_while_in_shelved_state): 200 GET http://10.180.1.21/compute/v2.1/servers/b2590528-59c4-4b53-8d98-baeb5e36cc80 0.072s
2025-03-07 09:18:00.041 68436 INFO tempest.lib.common.rest_client [req-6383ae03-5ffc-4380-8b7c-9d1aec26a952 req-6383ae03-5ffc-4380-8b7c-9d1aec26a952 ] Request (ServerMetadataNegativeTestJSON:setUpClass): 200 GET http://10.180.1.21/compute/v2.1/servers/a3e1bac3-9013-4f60-aa97-aa1d1502b360 0.063s
2025-03-07 09:18:00.115 68424 INFO tempest.lib.common.rest_client [req-84a65e71-5131-41d3-8f5e-ce437e1a4190 req-84a65e71-5131-41d3-8f5e-ce437e1a4190 ] Request (ListServersNegativeTestJSON:setUpClass): 200 GET http://10.180.1.21/compute/v2.1/servers/06e8e418-ed6c-411b-b4da-f4e033ed0c65 0.078s
2025-03-07 09:18:00.119 68420 INFO tempest.lib.common.rest_client [req-2a2dff10-9ecf-42a9-be00-b6068dd6f0b8 req-2a2dff10-9ecf-42a9-be00-b6068dd6f0b8 ] Request (ServerActionsV293TestJSON:setUpClass): 200 GET http://10.180.1.21/compute/v2.1/servers/f93bfb2f-96b2-4f2f-a1c8-dbddb8ca0d58 0.073s
2025-03-07 09:18:00.172 68428 INFO tempest.lib.common.rest_client [req-f4ddbd5a-64c2-4543-98fe-e88111a8f533 req-f4ddbd5a-64c2-4543-98fe-e88111a8f533 ] Request (ServersTestMultiNic:_run_cleanups): 200 GET http://10.180.1.21/compute/v2.1/servers/d93aeda1-6df1-4968-89ff-2a4dbf865c98 0.076s
2025-03-07 09:18:00.180 68428 INFO tempest.common.waiters [-] State transition "ACTIVE/deleting" ==> "DELETED/None" after 5 second wait
2025-03-07 09:18:00.216 68426 INFO tempest.lib.common.rest_client [req-702111d9-3037-4c10-805d-ea94598e8118 req-702111d9-3037-4c10-805d-ea94598e8118 ] Request (InstanceActionsV221TestJSON:test_get_list_deleted_instance_actions): 200 GET http://10.180.1.21/compute/v2.1/servers/bb09cb46-74fd-4912-abb7-c392d5a51c49 0.061s
2025-03-07 09:18:00.468 68416 INFO tempest.lib.common.rest_client [req-b48bf381-bf4d-45ff-855f-0ba05497b8b1 req-b48bf381-bf4d-45ff-855f-0ba05497b8b1 ] Request (FloatingIPsAssociationNegativeTestJSON:setUpClass): 200 GET http://10.180.1.21/compute/v2.1/servers/6a894398-7cdf-4c97-a46e-13992f90a91d 0.163s
2025-03-07 09:18:00.521 68408 INFO tempest.lib.common.rest_client [req-078e7fba-b479-4f24-8186-2179848cfbb3 req-078e7fba-b479-4f24-8186-2179848cfbb3 ] Request (MigrationsAdminTest:test_resize_server_revert_deleted_flavor): 200 GET http://10.180.1.21/compute/v2.1/servers/771c988f-c1fb-4ba3-8f25-c17d7caf3c50 0.196s
2025-03-07 09:18:00.531 68406 INFO tempest.lib.common.rest_client [req-4d7ea945-e304-4bad-b396-4ac5da40c3ce req-4d7ea945-e304-4bad-b396-4ac5da40c3ce ] Request (ServersTestFqdnHostnames:tearDownClass): 200 GET http://10.180.1.21/compute/v2.1/servers/e44ce746-0d2b-425f-a4b6-1e2d9608caa5 0.136s
2025-03-07 09:18:00.590 68434 INFO tempest.lib.common.rest_client [req-f14cd7e8-0fe3-45e7-a532-47e0815b6923 req-f14cd7e8-0fe3-45e7-a532-47e0815b6923 ] Request (ServersWithSpecificFlavorTestJSON:test_verify_created_server_ephemeral_disk): 200 GET http://10.180.1.21/compute/v2.1/servers/a277398f-2d2e-4b99-a8db-f5bb587e5cf2 0.143s
2025-03-07 09:18:00.635 68468 INFO tempest.lib.common.rest_client [req-31515e7f-271e-45c8-b2a9-80a4040ac5a0 req-31515e7f-271e-45c8-b2a9-80a4040ac5a0 ] Request (SecurityGroupsTestJSON:test_server_security_groups): 200 GET http://10.180.1.21/compute/v2.1/servers/6bf38e3a-9389-4130-b6a4-4e8ed5db72ed 0.224s
2025-03-07 09:18:00.648 68444 INFO tempest.lib.common.rest_client [req-7990e7b6-94f1-4791-a92c-10d3015224cc req-7990e7b6-94f1-4791-a92c-10d3015224cc ] Request (VolumesAssistedSnapshotsTest:tearDownClass): 200 GET http://10.180.1.21/compute/v2.1/servers/da71d402-1cd8-4859-a0b7-de637efebb69 0.168s
2025-03-07 09:18:00.727 68418 INFO tempest.lib.common.rest_client [req-64f7b6c4-a75f-4706-bb4e-f60449721253 req-64f7b6c4-a75f-4706-bb4e-f60449721253 ] Request (ServerShowV257Test:test_rebuild_server): 200 GET http://10.180.1.21/compute/v2.1/servers/c4c584a9-8846-4623-8082-a25ad4c639c5 0.108s
2025-03-07 09:18:00.756 68456 INFO tempest.lib.common.rest_client [req-8d507997-a9d5-4dd3-8c2a-3d40e2a20aaa req-8d507997-a9d5-4dd3-8c2a-3d40e2a20aaa ] Request (ImagesOneServerNegativeTestJSON:tearDown): 200 GET http://10.180.1.21/compute/v2.1/servers/26a22789-6320-44ea-bd82-9485f81b22d7 0.204s
2025-03-07 09:18:00.776 68432 INFO tempest.lib.common.rest_client [req-9433bba3-1243-483a-b1ae-43f86b79a023 req-9433bba3-1243-483a-b1ae-43f86b79a023 ] Request (ImagesTestJSON:test_create_image_from_suspended_server): 200 GET http://10.180.1.21/compute/v2.1/servers/739fb198-a531-44e0-87eb-383f90ee0ec9 0.104s
2025-03-07 09:18:00.842 68466 INFO tempest.lib.common.rest_client [req-e5da8cd5-6ced-4b02-a897-2e4b0eb51237 req-e5da8cd5-6ced-4b02-a897-2e4b0eb51237 ] Request (ServersV294TestFqdnHostnames:tearDownClass): 200 GET http://10.180.1.21/compute/v2.1/servers/491bbb1f-0193-4f1d-a7c2-00445e82c8e3 0.116s
2025-03-07 09:18:00.852 68466 INFO tempest.common.waiters [-] State transition "ACTIVE/deleting" ==> "DELETED/None" after 5 second wait
2025-03-07 09:18:00.852 68452 INFO tempest.lib.common.rest_client [req-954173ab-2927-40f7-a180-4ccb9ba6f959 req-954173ab-2927-40f7-a180-4ccb9ba6f959 ] Request (ServersAdminTestJSON:_run_cleanups): 200 GET http://10.180.1.21/compute/v2.1/servers/607865da-9774-47fc-ae4e-1adc0084cec2 0.180s
2025-03-07 09:18:00.862 68414 INFO tempest.lib.common.rest_client [req-dedebe49-f009-4bfe-a73d-358e32006e0b req-dedebe49-f009-4bfe-a73d-358e32006e0b ] Request (ListServerFiltersTestJSON:tearDownClass): 404 GET http://10.180.1.21/compute/v2.1/servers/c9b2c2cc-ecdb-4f9a-bb36-dbe5f39405b8 0.030s
2025-03-07 09:18:00.948 68414 INFO tempest.lib.common.rest_client [req-c1d818ba-7c3c-40c8-8e5f-6df0c6a6ba40 req-c1d818ba-7c3c-40c8-8e5f-6df0c6a6ba40 ] Request (ListServerFiltersTestJSON:tearDownClass): 204 DELETE http://10.180.1.21/compute/v2.1/servers/55d3c938-61f2-4c70-8333-2ba3a640b625 0.086s
2025-03-07 09:18:01.009 68442 INFO tempest.lib.common.rest_client [req-fa302359-5e9b-45c0-b78e-2bf3017a90d0 req-fa302359-5e9b-45c0-b78e-2bf3017a90d0 ] Request (ServersAdminNegativeTestJSON:tearDownClass): 200 GET http://10.180.1.21/compute/v2.1/servers/d59e44d7-db1a-467d-a522-ce4fe0ae9d8a 0.080s
2025-03-07 09:18:01.012 68410 INFO tempest.lib.common.rest_client [req-c61de11a-6c09-4491-9b38-fb32896805bd req-c61de11a-6c09-4491-9b38-fb32896805bd ] Request (ServerActionsTestOtherB:test_create_backup): 200 GET http://10.180.1.21/image/v2/images/bbba14e0-0838-463c-8d38-7d93a65ab79f 0.032s
2025-03-07 09:18:01.063 68438 INFO tempest.lib.common.rest_client [req-ca091cdf-5945-4081-8795-04abf8a2d107 req-ca091cdf-5945-4081-8795-04abf8a2d107 ] Request (ServerRescueTestJSON:test_rescue_unrescue_instance): 200 GET http://10.180.1.21/compute/v2.1/servers/1bbefba2-5b43-4ccb-beaa-089c90670020 0.091s
2025-03-07 09:18:01.095 68414 INFO tempest.lib.common.rest_client [req-69ef37c6-8489-4966-ae70-30ad4d68084b req-69ef37c6-8489-4966-ae70-30ad4d68084b ] Request (ListServerFiltersTestJSON:tearDownClass): 200 GET http://10.180.1.21/compute/v2.1/servers/55d3c938-61f2-4c70-8333-2ba3a640b625 0.147s
2025-03-07 09:18:01.113 68441 INFO tempest.lib.common.rest_client [req-f69b5285-99e8-403f-b1fb-3d9340614dd3 req-f69b5285-99e8-403f-b1fb-3d9340614dd3 ] Request (DeleteServersTestJSON:test_delete_server_while_in_shelved_state): 200 GET http://10.180.1.21/compute/v2.1/servers/b2590528-59c4-4b53-8d98-baeb5e36cc80 0.073s
2025-03-07 09:18:01.159 68436 INFO tempest.lib.common.rest_client [req-ff5f45b3-6742-46bd-81bc-4f45162abe3c req-ff5f45b3-6742-46bd-81bc-4f45162abe3c ] Request (ServerMetadataNegativeTestJSON:setUpClass): 200 GET http://10.180.1.21/compute/v2.1/servers/a3e1bac3-9013-4f60-aa97-aa1d1502b360 0.107s
2025-03-07 09:18:01.186 68424 INFO tempest.lib.common.rest_client [req-eb5f4dbb-a6f6-4e4c-97d6-1cb2f4e82930 req-eb5f4dbb-a6f6-4e4c-97d6-1cb2f4e82930 ] Request (ListServersNegativeTestJSON:setUpClass): 200 GET http://10.180.1.21/compute/v2.1/servers/06e8e418-ed6c-411b-b4da-f4e033ed0c65 0.062s
2025-03-07 09:18:01.229 68420 INFO tempest.lib.common.rest_client [req-e5f9f363-7071-4b74-b12c-753713e7c881 req-e5f9f363-7071-4b74-b12c-753713e7c881 ] Request (ServerActionsV293TestJSON:setUpClass): 200 GET http://10.180.1.21/compute/v2.1/servers/f93bfb2f-96b2-4f2f-a1c8-dbddb8ca0d58 0.098s
2025-03-07 09:18:01.257 68428 INFO tempest.lib.common.rest_client [req-7507789f-de43-48bb-945e-17600e3df1d1 req-7507789f-de43-48bb-945e-17600e3df1d1 ] Request (ServersTestMultiNic:_run_cleanups): 200 GET http://10.180.1.21/compute/v2.1/servers/d93aeda1-6df1-4968-89ff-2a4dbf865c98 0.076s
2025-03-07 09:18:01.280 68426 INFO tempest.lib.common.rest_client [req-50b9a9b9-717c-4f5e-be43-a27ded67dd53 req-50b9a9b9-717c-4f5e-be43-a27ded67dd53 ] Request (InstanceActionsV221TestJSON:test_get_list_deleted_instance_actions): 200 GET http://10.180.1.21/compute/v2.1/servers/bb09cb46-74fd-4912-abb7-c392d5a51c49 0.055s
2025-03-07 09:18:01.322 68462 WARNING tempest.lib.common.ssh [-] Failed to establish authenticated ssh connection to cirros@10.180.180.193 ([Errno None] Unable to connect to port 22 on 10.180.180.193). Number attempts: 6. Retry after 7 seconds.: paramiko.ssh_exception.NoValidConnectionsError: [Errno None] Unable to connect to port 22 on 10.180.180.193
2025-03-07 09:18:01.630 68416 INFO tempest.lib.common.rest_client [req-57815925-11a1-4cd3-bd4a-9e4c5a301afb req-57815925-11a1-4cd3-bd4a-9e4c5a301afb ] Request (FloatingIPsAssociationNegativeTestJSON:setUpClass): 200 GET http://10.180.1.21/compute/v2.1/servers/6a894398-7cdf-4c97-a46e-13992f90a91d 0.153s
2025-03-07 09:18:01.660 68408 INFO tempest.lib.common.rest_client [req-c54ea075-136f-416d-be63-2dad55e00b6f req-c54ea075-136f-416d-be63-2dad55e00b6f ] Request (MigrationsAdminTest:test_resize_server_revert_deleted_flavor): 200 GET http://10.180.1.21/compute/v2.1/servers/771c988f-c1fb-4ba3-8f25-c17d7caf3c50 0.128s
2025-03-07 09:18:01.668 68408 INFO tempest.common.waiters [-] State transition "BUILD/spawning" ==> "ACTIVE/None" after 74 second wait
2025-03-07 09:18:01.700 68406 INFO tempest.lib.common.rest_client [req-7de4c1a4-7c0d-4f56-9a32-5f0b68a46e43 req-7de4c1a4-7c0d-4f56-9a32-5f0b68a46e43 ] Request (ServersTestFqdnHostnames:tearDownClass): 200 GET http://10.180.1.21/compute/v2.1/servers/e44ce746-0d2b-425f-a4b6-1e2d9608caa5 0.156s
2025-03-07 09:18:01.717 68434 INFO tempest.lib.common.rest_client [req-357f2b62-fc02-434b-9e1e-db6666a5bed1 req-357f2b62-fc02-434b-9e1e-db6666a5bed1 ] Request (ServersWithSpecificFlavorTestJSON:test_verify_created_server_ephemeral_disk): 200 GET http://10.180.1.21/compute/v2.1/servers/a277398f-2d2e-4b99-a8db-f5bb587e5cf2 0.118s
2025-03-07 09:18:01.786 68444 INFO tempest.lib.common.rest_client [req-a95c9d62-8b9d-43e6-97f2-9b95f6a4d7d5 req-a95c9d62-8b9d-43e6-97f2-9b95f6a4d7d5 ] Request (VolumesAssistedSnapshotsTest:tearDownClass): 200 GET http://10.180.1.21/compute/v2.1/servers/da71d402-1cd8-4859-a0b7-de637efebb69 0.130s
2025-03-07 09:18:01.809 68468 INFO tempest.lib.common.rest_client [req-49c8e472-e5b9-4b4e-8364-591d9588783f req-49c8e472-e5b9-4b4e-8364-591d9588783f ] Request (SecurityGroupsTestJSON:test_server_security_groups): 200 GET http://10.180.1.21/compute/v2.1/servers/6bf38e3a-9389-4130-b6a4-4e8ed5db72ed 0.165s
2025-03-07 09:18:01.873 68418 INFO tempest.lib.common.rest_client [req-ebd16092-9d50-4642-9b8a-06a734eeb45a req-ebd16092-9d50-4642-9b8a-06a734eeb45a ] Request (ServerShowV257Test:test_rebuild_server): 200 GET http://10.180.1.21/compute/v2.1/servers/c4c584a9-8846-4623-8082-a25ad4c639c5 0.136s
2025-03-07 09:18:01.885 68408 INFO tempest.lib.common.rest_client [req-18970e9d-3cb5-479c-a2ba-6d5ab8997225 req-18970e9d-3cb5-479c-a2ba-6d5ab8997225 ] Request (MigrationsAdminTest:test_resize_server_revert_deleted_flavor): 200 GET http://10.180.1.21/compute/v2.1/servers/771c988f-c1fb-4ba3-8f25-c17d7caf3c50 0.216s
2025-03-07 09:18:01.937 68432 INFO tempest.lib.common.rest_client [req-a1cff431-aa5e-4bea-82cb-9a379b8cc778 req-a1cff431-aa5e-4bea-82cb-9a379b8cc778 ] Request (ImagesTestJSON:test_create_image_from_suspended_server): 200 GET http://10.180.1.21/compute/v2.1/servers/739fb198-a531-44e0-87eb-383f90ee0ec9 0.153s
2025-03-07 09:18:01.975 68456 INFO tempest.lib.common.rest_client [req-0d0bd178-fe2e-4d98-955e-c5c341264382 req-0d0bd178-fe2e-4d98-955e-c5c341264382 ] Request (ImagesOneServerNegativeTestJSON:tearDown): 200 GET http://10.180.1.21/compute/v2.1/servers/26a22789-6320-44ea-bd82-9485f81b22d7 0.212s
2025-03-07 09:18:01.983 68456 INFO tempest.common.waiters [-] State transition "ACTIVE/image_pending_upload" ==> "ACTIVE/image_uploading" after 3 second wait
