2025-03-06 02:21:49.478 68544 INFO tempest.lib.common.rest_client [req-e4d50bee-a41c-485a-a7eb-ed2a9d06d4df req-e4d50bee-a41c-485a-a7eb-ed2a9d06d4df ] Request (FlavorsExtraSpecsNegativeTestJSON:setUpClass): 200 POST http://10.180.1.21/compute/v2.1/flavors 2.966s
2025-03-06 02:21:49.478 68490 INFO tempest.lib.common.dynamic_creds [-] Dynamic test user bb6c1515cce74b299f9d8ea6be09412a is created with scope project and roles: ['admin']
2025-03-06 02:21:49.478 68490 INFO tempest.lib.common.dynamic_creds [-] Acquired dynamic creds: credentials: Credentials: {'domain_id': 'default', 'domain_name': 'Default', 'username': 'tempest-ServerDiagnosticsNegativeTest-734591179-project-admin', 'project_domain_id': 'default', 'project_domain_name': 'Default', 'project_id': '098e1acffaf049d2af4f81f11cf8bed4', 'project_name': 'tempest-ServerDiagnosticsNegativeTest-734591179', 'tenant_id': '098e1acffaf049d2af4f81f11cf8bed4', 'tenant_name': 'tempest-ServerDiagnosticsNegativeTest-734591179', 'user_domain_id': 'default', 'user_domain_name': 'Default', 'user_id': 'bb6c1515cce74b299f9d8ea6be09412a', 'system': None}, Network: None, Subnet: None, Router: None
2025-03-06 02:21:49.478 68490 INFO tempest.lib.common.dynamic_creds [-] Created isolated network resources for: credentials: Credentials: {'domain_id': 'default', 'domain_name': 'Default', 'username': 'tempest-ServerDiagnosticsNegativeTest-734591179-project-admin', 'project_domain_id': 'default', 'project_domain_name': 'Default', 'project_id': '098e1acffaf049d2af4f81f11cf8bed4', 'project_name': 'tempest-ServerDiagnosticsNegativeTest-734591179', 'tenant_id': '098e1acffaf049d2af4f81f11cf8bed4', 'tenant_name': 'tempest-ServerDiagnosticsNegativeTest-734591179', 'user_domain_id': 'default', 'user_domain_name': 'Default', 'user_id': 'bb6c1515cce74b299f9d8ea6be09412a', 'system': None}, Network: None, Subnet: None, Router: None
2025-03-06 02:21:49.485 68526 INFO tempest.lib.common.rest_client [req-48baf5af-2604-44c6-b474-cf2ed0ae0460 req-48baf5af-2604-44c6-b474-cf2ed0ae0460 ] Request (MultipleCreateTestJSON:setUpClass): 200 GET http://10.180.1.21/identity/v3/domains?name=Default 0.103s
2025-03-06 02:21:49.525 68542 INFO tempest.lib.common.rest_client [req-d1fdbfd8-b8f0-40ce-b553-eb76d70560c0 req-d1fdbfd8-b8f0-40ce-b553-eb76d70560c0 ] Request (ImagesOneServerNegativeTestJSON:setUpClass): 201 POST http://10.180.1.21:9696/networking/v2.0/subnets 0.256s
2025-03-06 02:21:49.539 68520 INFO tempest.lib.common.rest_client [req-463a95ef-a6fc-4ba8-bcf6-1986dba096b1 req-463a95ef-a6fc-4ba8-bcf6-1986dba096b1 ] Request (InstanceUsageAuditLogTestJSON:setUpClass): 201 POST http://10.180.1.21/identity/v3/auth/tokens 0.078s
2025-03-06 02:21:49.586 68486 INFO tempest.lib.common.rest_client [req-17dc534f-ce97-4cd8-b3f0-c9602db0f666 req-17dc534f-ce97-4cd8-b3f0-c9602db0f666 ] Request (HypervisorAdminNegativeUnderV252Test:test_search_hypervisor_with_non_admin_user): 403 GET http://10.180.1.21/compute/v2.1/os-hypervisors/domain-c8.fc996f14-c53b-4953-92e3-bdfa48f5cc28/search 2.947s
2025-03-06 02:21:49.611 68494 INFO tempest.lib.common.rest_client [req-0511d45a-58a3-4273-9877-731f40d90424 req-0511d45a-58a3-4273-9877-731f40d90424 ] Request (FloatingIPsTestJSON:test_allocate_floating_ip): 200 POST http://10.180.1.21/compute/v2.1/os-floating-ips 3.239s
2025-03-06 02:21:49.611 68490 INFO tempest.lib.common.rest_client [req-95f2dcac-4c61-46a5-8ee8-0769c2296fc4 req-95f2dcac-4c61-46a5-8ee8-0769c2296fc4 ] Request (ServerDiagnosticsNegativeTest:setUpClass): 201 POST http://10.180.1.21/identity/v3/auth/tokens 0.129s
2025-03-06 02:21:49.621 68526 INFO tempest.lib.common.rest_client [req-fdc62556-2372-4468-b25c-b803a727ebdc req-fdc62556-2372-4468-b25c-b803a727ebdc ] Request (MultipleCreateTestJSON:setUpClass): 201 POST http://10.180.1.21/identity/v3/projects 0.135s
2025-03-06 02:21:49.679 68520 INFO tempest.lib.common.rest_client [req-c9a4042d-aa4d-47bf-8084-3bc9cc5b8bcf req-c9a4042d-aa4d-47bf-8084-3bc9cc5b8bcf ] Request (InstanceUsageAuditLogTestJSON:setUpClass): 200 GET http://10.180.1.21/identity/v3/domains?name=Default 0.139s
2025-03-06 02:21:49.682 68498 INFO tempest.lib.common.rest_client [req-c28612c3-0095-4fdb-9546-e96b6ba3fe79 req-c28612c3-0095-4fdb-9546-e96b6ba3fe79 ] Request (QuotaClassesAdminTestJSON:_run_cleanups): 200 PUT http://10.180.1.21/compute/v2.1/os-quota-class-sets/default 2.975s
2025-03-06 02:21:49.683 68490 INFO tempest.lib.common.rest_client [req-16eb9fd6-dd31-4267-be43-c0c7bd9c3af4 req-16eb9fd6-dd31-4267-be43-c0c7bd9c3af4 ] Request (ServerDiagnosticsNegativeTest:test_get_server_diagnostics_by_non_admin): 201 POST http://10.180.1.21/identity/v3/auth/tokens 0.063s
2025-03-06 02:21:49.684 68490 INFO tempest.lib.common.fixed_network [-] (ServerDiagnosticsNegativeTest:test_get_server_diagnostics_by_non_admin) Found network None available for tenant
2025-03-06 02:21:49.699 68516 INFO tempest.lib.common.rest_client [req-3a7f9bb5-e98e-4c24-9f03-d57153f1caae req-3a7f9bb5-e98e-4c24-9f03-d57153f1caae ] Request (HostsAdminNegativeTestJSON:test_shutdown_nonexistent_host): 404 GET http://10.180.1.21/compute/v2.1/os-hosts/nonexistent_hostname/shutdown 2.988s
2025-03-06 02:21:49.707 68526 INFO tempest.lib.common.rest_client [req-56b22ff4-fe09-4857-a952-87d65fdf6552 req-56b22ff4-fe09-4857-a952-87d65fdf6552 ] Request (MultipleCreateTestJSON:setUpClass): 201 POST http://10.180.1.21/identity/v3/users 0.085s
2025-03-06 02:21:49.711 68520 INFO tempest.lib.common.rest_client [req-32ec06e0-2456-4797-b115-56f4e128be4a req-32ec06e0-2456-4797-b115-56f4e128be4a ] Request (InstanceUsageAuditLogTestJSON:setUpClass): 201 POST http://10.180.1.21/identity/v3/projects 0.031s
2025-03-06 02:21:49.799 68498 INFO tempest.lib.common.rest_client [req-78d35a96-adb5-40cf-93bb-e567a6c522ef req-78d35a96-adb5-40cf-93bb-e567a6c522ef ] Request (QuotaClassesAdminTestJSON:tearDownClass): 204 DELETE http://10.180.1.21/identity/v3/users/77d05b6edefe419686d8acb24ff5563c 0.107s
2025-03-06 02:21:49.825 68508 INFO tempest.lib.common.rest_client [req-5655d645-5e9f-4b6c-bd69-fd37fd01445e req-5655d645-5e9f-4b6c-bd69-fd37fd01445e ] Request (ServersAdminNegativeTestJSON:setUpClass): 200 GET http://10.180.1.21/compute/v2.1/servers/938d1523-3ab9-4081-bac4-cad645a8b7ca 3.141s
2025-03-06 02:21:49.859 68526 INFO tempest.lib.common.rest_client [req-06c48183-f0ab-4ac1-b0f4-94c9a3eb4136 req-06c48183-f0ab-4ac1-b0f4-94c9a3eb4136 ] Request (MultipleCreateTestJSON:setUpClass): 200 GET http://10.180.1.21/identity/v3/roles 0.152s
2025-03-06 02:21:49.869 68506 INFO tempest.lib.common.rest_client [req-5ccd782e-f5ab-484b-8f5f-512f84501f56 req-5ccd782e-f5ab-484b-8f5f-512f84501f56 ] Request (HypervisorAdminV253TestBase:test_list_show_detail_hypervisors): 200 GET http://10.180.1.21/compute/v2.1/os-hypervisors/detail?with_servers=True 3.094s
2025-03-06 02:21:49.890 68520 INFO tempest.lib.common.rest_client [req-f147e703-40aa-44c4-9b0f-d9495b14655a req-f147e703-40aa-44c4-9b0f-d9495b14655a ] Request (InstanceUsageAuditLogTestJSON:setUpClass): 201 POST http://10.180.1.21/identity/v3/users 0.179s
2025-03-06 02:21:49.932 68496 INFO tempest.lib.common.rest_client [req-53370e61-e8a0-4bf4-830e-bcbb357de498 req-53370e61-e8a0-4bf4-830e-bcbb357de498 ] Request (FloatingIPsAssociationNegativeTestJSON:setUpClass): 201 POST http://10.180.1.21:9696/networking/v2.0/networks 0.754s
2025-03-06 02:21:49.932 68498 INFO tempest.lib.common.rest_client [req-b656778e-1793-458a-9099-8ca7cf83a618 req-b656778e-1793-458a-9099-8ca7cf83a618 ] Request (QuotaClassesAdminTestJSON:tearDownClass): 204 DELETE http://10.180.1.21/identity/v3/users/56128ae9262d4e28a49ba5d716681a7f 0.132s
2025-03-06 02:21:49.932 68498 INFO tempest.lib.common.dynamic_creds [-] Deleting project and security group for project: a959c82189b1415686fe22d541c6b72f
2025-03-06 02:21:49.961 68484 INFO tempest.lib.common.rest_client [req-3291e7d7-cb95-48d6-adce-4995e06f26a3 req-3291e7d7-cb95-48d6-adce-4995e06f26a3 ] Request (VolumesAssistedSnapshotsTest:setUpClass): 201 POST http://10.180.1.21:9696/networking/v2.0/routers 0.864s
2025-03-06 02:21:49.998 68526 INFO tempest.lib.common.rest_client [req-8c78cd84-959e-4827-879e-52abd141d6f4 req-8c78cd84-959e-4827-879e-52abd141d6f4 ] Request (MultipleCreateTestJSON:setUpClass): 204 PUT http://10.180.1.21/identity/v3/projects/0e9c70cc0c9545979b8186411400644d/users/e71d2642238940e699da71424d3ba2ae/roles/a87cc5a0dd0e4fd780d9b7f869f12210 0.138s
2025-03-06 02:21:49.998 68526 INFO tempest.lib.common.dynamic_creds [-] Dynamic test user e71d2642238940e699da71424d3ba2ae is created with scope project and roles: ['member']
2025-03-06 02:21:49.998 68526 INFO tempest.lib.common.dynamic_creds [-] Acquired dynamic creds: credentials: Credentials: {'domain_id': 'default', 'domain_name': 'Default', 'username': 'tempest-MultipleCreateTestJSON-499512643-project-member', 'project_domain_id': 'default', 'project_domain_name': 'Default', 'project_id': '0e9c70cc0c9545979b8186411400644d', 'project_name': 'tempest-MultipleCreateTestJSON-499512643', 'tenant_id': '0e9c70cc0c9545979b8186411400644d', 'tenant_name': 'tempest-MultipleCreateTestJSON-499512643', 'user_domain_id': 'default', 'user_domain_name': 'Default', 'user_id': 'e71d2642238940e699da71424d3ba2ae', 'system': None}, Network: None, Subnet: None, Router: None
2025-03-06 02:21:50.061 68536 INFO tempest.lib.common.rest_client [req-a6c25617-c58a-47ba-9376-0b4d0778a9ab req-a6c25617-c58a-47ba-9376-0b4d0778a9ab ] Request (FlavorMetadataValidation:test_flavor_update_with_custom_namespace): 200 POST http://10.180.1.21/compute/v2.1/flavors 3.209s
2025-03-06 02:21:50.113 68520 INFO tempest.lib.common.rest_client [req-4e277ca7-ab56-4e4a-9a4d-54ef11f0e984 req-4e277ca7-ab56-4e4a-9a4d-54ef11f0e984 ] Request (InstanceUsageAuditLogTestJSON:setUpClass): 200 GET http://10.180.1.21/identity/v3/roles 0.223s
2025-03-06 02:21:50.118 68498 INFO tempest.lib.common.rest_client [req-b9d1c9d4-17ee-48a1-b062-89f4501eddd3 req-b9d1c9d4-17ee-48a1-b062-89f4501eddd3 ] Request (QuotaClassesAdminTestJSON:tearDownClass): 201 POST http://10.180.1.21/identity/v3/auth/tokens 0.185s
2025-03-06 02:21:50.134 68526 INFO tempest.lib.common.rest_client [req-6423711b-9b86-4868-8242-b1b084d2ba80 req-6423711b-9b86-4868-8242-b1b084d2ba80 ] Request (MultipleCreateTestJSON:setUpClass): 201 POST http://10.180.1.21/identity/v3/auth/tokens 0.135s
2025-03-06 02:21:50.161 68520 INFO tempest.lib.common.rest_client [req-c4a48504-ac6a-4ec4-9fca-9c45cac066b6 req-c4a48504-ac6a-4ec4-9fca-9c45cac066b6 ] Request (InstanceUsageAuditLogTestJSON:setUpClass): 204 PUT http://10.180.1.21/identity/v3/projects/757d6ebb618244f585ada0f3164f3c16/users/50f4690529bc4da6b656cbaa0a7262dc/roles/a87cc5a0dd0e4fd780d9b7f869f12210 0.047s
2025-03-06 02:21:50.161 68520 INFO tempest.lib.common.dynamic_creds [-] Dynamic test user 50f4690529bc4da6b656cbaa0a7262dc is created with scope project and roles: ['member']
2025-03-06 02:21:50.162 68520 INFO tempest.lib.common.dynamic_creds [-] Acquired dynamic creds: credentials: Credentials: {'domain_id': 'default', 'domain_name': 'Default', 'username': 'tempest-InstanceUsageAuditLogTestJSON-11986603-project-member', 'project_domain_id': 'default', 'project_domain_name': 'Default', 'project_id': '757d6ebb618244f585ada0f3164f3c16', 'project_name': 'tempest-InstanceUsageAuditLogTestJSON-11986603', 'tenant_id': '757d6ebb618244f585ada0f3164f3c16', 'tenant_name': 'tempest-InstanceUsageAuditLogTestJSON-11986603', 'user_domain_id': 'default', 'user_domain_name': 'Default', 'user_id': '50f4690529bc4da6b656cbaa0a7262dc', 'system': None}, Network: None, Subnet: None, Router: None
2025-03-06 02:21:50.162 68520 INFO tempest.lib.common.dynamic_creds [-] Created isolated network resources for: credentials: Credentials: {'domain_id': 'default', 'domain_name': 'Default', 'username': 'tempest-InstanceUsageAuditLogTestJSON-11986603-project-member', 'project_domain_id': 'default', 'project_domain_name': 'Default', 'project_id': '757d6ebb618244f585ada0f3164f3c16', 'project_name': 'tempest-InstanceUsageAuditLogTestJSON-11986603', 'tenant_id': '757d6ebb618244f585ada0f3164f3c16', 'tenant_name': 'tempest-InstanceUsageAuditLogTestJSON-11986603', 'user_domain_id': 'default', 'user_domain_name': 'Default', 'user_id': '50f4690529bc4da6b656cbaa0a7262dc', 'system': None}, Network: None, Subnet: None, Router: None
2025-03-06 02:21:50.209 68524 INFO tempest.lib.common.rest_client [req-874ecd00-ea8d-4770-af78-32a45fee50cb req-874ecd00-ea8d-4770-af78-32a45fee50cb ] Request (InstanceUsageAuditLogNegativeTestJSON:test_get_instance_usage_audit_logs_with_invalid_time): 400 GET http://10.180.1.21/compute/v2.1/os-instance_usage_audit_log/invalid_time 3.141s
2025-03-06 02:21:50.254 68496 INFO tempest.lib.common.rest_client [req-e576bdcc-16ee-45cd-a91d-4d7e3bc68c42 req-e576bdcc-16ee-45cd-a91d-4d7e3bc68c42 ] Request (FloatingIPsAssociationNegativeTestJSON:setUpClass): 201 POST http://10.180.1.21:9696/networking/v2.0/subnets 0.321s
2025-03-06 02:21:50.339 68520 INFO tempest.lib.common.rest_client [req-0c5ebab9-f588-48aa-a7b9-fb87f8198532 req-0c5ebab9-f588-48aa-a7b9-fb87f8198532 ] Request (InstanceUsageAuditLogTestJSON:setUpClass): 201 POST http://10.180.1.21/identity/v3/auth/tokens 0.173s
2025-03-06 02:21:50.371 68520 INFO tempest.lib.common.rest_client [req-31df820c-3e5d-433a-95d3-e1c2a980f9d8 req-31df820c-3e5d-433a-95d3-e1c2a980f9d8 ] Request (InstanceUsageAuditLogTestJSON:setUpClass): 201 POST http://10.180.1.21/identity/v3/projects 0.031s
2025-03-06 02:21:50.391 68514 INFO tempest.lib.common.rest_client [req-c5c87fb7-e877-41e8-8c8a-608bf164384f req-c5c87fb7-e877-41e8-8c8a-608bf164384f ] Request (SecurityGroupRulesTestJSON:test_security_group_rules_create): 200 POST http://10.180.1.21/compute/v2.1/os-security-groups 3.396s
2025-03-06 02:21:50.436 68538 INFO tempest.lib.common.rest_client [req-09a2c67c-5b35-4f7c-b9f7-008234a3277c req-09a2c67c-5b35-4f7c-b9f7-008234a3277c ] Request (AggregatesAdminNegativeTestJSON:test_aggregate_add_existent_host): 200 POST http://10.180.1.21/compute/v2.1/os-aggregates 3.174s
2025-03-06 02:21:50.439 68520 INFO tempest.lib.common.rest_client [req-0291fcea-d10e-421c-ba1c-f7d99d6f5d4b req-0291fcea-d10e-421c-ba1c-f7d99d6f5d4b ] Request (InstanceUsageAuditLogTestJSON:setUpClass): 201 POST http://10.180.1.21/identity/v3/users 0.067s
2025-03-06 02:21:50.460 68520 INFO tempest.lib.common.rest_client [req-379ad131-24a9-426d-890f-f7e2912b779a req-379ad131-24a9-426d-890f-f7e2912b779a ] Request (InstanceUsageAuditLogTestJSON:setUpClass): 200 GET http://10.180.1.21/identity/v3/roles 0.020s
2025-03-06 02:21:50.488 68520 INFO tempest.lib.common.rest_client [req-10d9855d-c9c9-4777-a24a-7dbc12de87ea req-10d9855d-c9c9-4777-a24a-7dbc12de87ea ] Request (InstanceUsageAuditLogTestJSON:setUpClass): 204 PUT http://10.180.1.21/identity/v3/projects/95a68a167ef94f328651c9a7b0d93cbc/users/3fe51500317947ed81ff911b84f9f291/roles/91d3aa33c9a54e3889edfdddf6f29088 0.027s
2025-03-06 02:21:50.537 68520 INFO tempest.lib.common.rest_client [req-d2f5b0d7-ddf9-425c-88f2-0784aa12307d req-d2f5b0d7-ddf9-425c-88f2-0784aa12307d ] Request (InstanceUsageAuditLogTestJSON:setUpClass): 200 GET http://10.180.1.21/identity/v3/roles 0.048s
2025-03-06 02:21:50.557 68520 INFO tempest.lib.common.rest_client [req-87f24734-5d97-4272-84f8-0e18336a3688 req-87f24734-5d97-4272-84f8-0e18336a3688 ] Request (InstanceUsageAuditLogTestJSON:setUpClass): 204 PUT http://10.180.1.21/identity/v3/projects/95a68a167ef94f328651c9a7b0d93cbc/users/3fe51500317947ed81ff911b84f9f291/roles/91d3aa33c9a54e3889edfdddf6f29088 0.019s
2025-03-06 02:21:50.557 68520 INFO tempest.lib.common.dynamic_creds [-] Dynamic test user 3fe51500317947ed81ff911b84f9f291 is created with scope project and roles: ['admin']
2025-03-06 02:21:50.557 68520 INFO tempest.lib.common.dynamic_creds [-] Acquired dynamic creds: credentials: Credentials: {'domain_id': 'default', 'domain_name': 'Default', 'username': 'tempest-InstanceUsageAuditLogTestJSON-520439145-project-admin', 'project_domain_id': 'default', 'project_domain_name': 'Default', 'project_id': '95a68a167ef94f328651c9a7b0d93cbc', 'project_name': 'tempest-InstanceUsageAuditLogTestJSON-520439145', 'tenant_id': '95a68a167ef94f328651c9a7b0d93cbc', 'tenant_name': 'tempest-InstanceUsageAuditLogTestJSON-520439145', 'user_domain_id': 'default', 'user_domain_name': 'Default', 'user_id': '3fe51500317947ed81ff911b84f9f291', 'system': None}, Network: None, Subnet: None, Router: None
2025-03-06 02:21:50.558 68520 INFO tempest.lib.common.dynamic_creds [-] Created isolated network resources for: credentials: Credentials: {'domain_id': 'default', 'domain_name': 'Default', 'username': 'tempest-InstanceUsageAuditLogTestJSON-520439145-project-admin', 'project_domain_id': 'default', 'project_domain_name': 'Default', 'project_id': '95a68a167ef94f328651c9a7b0d93cbc', 'project_name': 'tempest-InstanceUsageAuditLogTestJSON-520439145', 'tenant_id': '95a68a167ef94f328651c9a7b0d93cbc', 'tenant_name': 'tempest-InstanceUsageAuditLogTestJSON-520439145', 'user_domain_id': 'default', 'user_domain_name': 'Default', 'user_id': '3fe51500317947ed81ff911b84f9f291', 'system': None}, Network: None, Subnet: None, Router: None
2025-03-06 02:21:50.632 68498 INFO tempest.lib.common.rest_client [req-135be88f-c6e6-4cc7-8eb4-a0f827e93832 req-135be88f-c6e6-4cc7-8eb4-a0f827e93832 ] Request (QuotaClassesAdminTestJSON:tearDownClass): 200 GET http://10.180.1.21:9696/networking/v2.0/security-groups?tenant_id=a959c82189b1415686fe22d541c6b72f&name=default 0.513s
2025-03-06 02:21:50.675 68520 INFO tempest.lib.common.rest_client [req-11166fbb-1725-414c-aed6-766a6b1ee2d1 req-11166fbb-1725-414c-aed6-766a6b1ee2d1 ] Request (InstanceUsageAuditLogTestJSON:setUpClass): 201 POST http://10.180.1.21/identity/v3/auth/tokens 0.114s
2025-03-06 02:21:50.777 68532 INFO tempest.lib.common.rest_client [req-92749d62-e3b8-4ed1-bddf-1af7068d954e req-92749d62-e3b8-4ed1-bddf-1af7068d954e ] Request (SecurityGroupRulesNegativeTestJSON:test_create_security_group_rule_duplicate): 200 POST http://10.180.1.21/compute/v2.1/os-security-groups 3.702s
2025-03-06 02:21:50.788 68492 INFO tempest.lib.common.rest_client [req-a79fc58c-5764-460d-bb91-032d2a7520dc req-a79fc58c-5764-460d-bb91-032d2a7520dc ] Request (KeyPairsV210TestJSON:test_admin_manage_keypairs_for_other_users): 200 GET http://10.180.1.21/compute/v2.1/os-keypairs/tempest-keypair-1314140901?user_id=263876a56e624450af03a49f7675b1f7 3.491s
2025-03-06 02:21:50.843 68498 INFO tempest.lib.common.rest_client [req-76e2a758-c299-4af2-8e28-52f02e1a1643 req-76e2a758-c299-4af2-8e28-52f02e1a1643 ] Request (QuotaClassesAdminTestJSON:tearDownClass): 204 DELETE http://10.180.1.21:9696/networking/v2.0/security-groups/b99981da-a004-4507-971b-d4b343c764f0 0.211s
2025-03-06 02:21:50.901 68510 INFO tempest.lib.common.rest_client [req-9a817efe-2d39-4051-92d7-261560757230 req-9a817efe-2d39-4051-92d7-261560757230 ] Request (ServersWithSpecificFlavorTestJSON:setUpClass): 201 POST http://10.180.1.21:9696/networking/v2.0/routers 1.826s
2025-03-06 02:21:50.923 68526 INFO tempest.lib.common.rest_client [req-6105ffd5-60b5-485b-a6e5-a60a5004923e req-6105ffd5-60b5-485b-a6e5-a60a5004923e ] Request (MultipleCreateTestJSON:setUpClass): 201 POST http://10.180.1.21:9696/networking/v2.0/networks 0.788s
2025-03-06 02:21:50.941 68534 INFO tempest.lib.common.rest_client [req-9cd8e525-cfc7-48a3-9209-3e7d315ad24a req-9cd8e525-cfc7-48a3-9209-3e7d315ad24a ] Request (DeleteServersAdminTestJSON:test_admin_delete_servers_of_others): 202 POST http://10.180.1.21/compute/v2.1/servers 3.673s
2025-03-06 02:21:50.975 68498 INFO tempest.lib.common.rest_client [req-348854b2-463e-4f02-aefe-1a1d2b5b9a6b req-348854b2-463e-4f02-aefe-1a1d2b5b9a6b ] Request (QuotaClassesAdminTestJSON:tearDownClass): 204 DELETE http://10.180.1.21/identity/v3/projects/a959c82189b1415686fe22d541c6b72f 0.131s
2025-03-06 02:21:50.975 68498 INFO tempest.lib.common.dynamic_creds [-] Deleting project and security group for project: 8c9060642cc74427b9d153bafddb1bc7
2025-03-06 02:21:51.056 68500 INFO tempest.lib.common.rest_client [req-133382f4-fe12-4ac9-9445-67cd9ece7f89 req-133382f4-fe12-4ac9-9445-67cd9ece7f89 ] Request (FlavorsV255TestJSON:test_crud_flavor): 200 GET http://10.180.1.21/compute/v2.1/flavors/1795277327 3.397s
2025-03-06 02:21:51.188 68488 INFO tempest.lib.common.rest_client [req-e0d8b394-69bb-4c52-a67d-df192fe0ca03 req-e0d8b394-69bb-4c52-a67d-df192fe0ca03 ] Request (FlavorsAccessTestJSON:test_flavor_access_add_remove): 200 POST http://10.180.1.21/compute/v2.1/flavors/828680887/action 3.524s
2025-03-06 02:21:51.211 68504 INFO tempest.lib.common.rest_client [req-9aaa330e-8876-4be1-8341-9763765db54b req-9aaa330e-8876-4be1-8341-9763765db54b ] Request (FlavorsExtraSpecsTestJSON:test_flavor_non_admin_get_all_keys): 200 POST http://10.180.1.21/compute/v2.1/flavors/30907760/os-extra_specs 3.070s
2025-03-06 02:21:51.221 68540 INFO tempest.lib.common.rest_client [req-78616790-5d8d-4a4b-96fe-66861edf5d8e req-78616790-5d8d-4a4b-96fe-66861edf5d8e ] Request (ServerDiagnosticsTest:test_get_server_diagnostics): 202 POST http://10.180.1.21/compute/v2.1/servers 3.895s
2025-03-06 02:21:51.232 68518 INFO tempest.lib.common.rest_client [req-0ff121ac-1612-4389-8184-6c4ea069ab35 req-0ff121ac-1612-4389-8184-6c4ea069ab35 ] Request (HostsAdminTestJSON:test_list_hosts_with_a_blank_zone): 200 GET http://10.180.1.21/compute/v2.1/os-hosts?zone= 3.028s
2025-03-06 02:21:51.310 68498 INFO tempest.lib.common.rest_client [req-cdda4630-fadf-463f-b162-b93ddc7f49a4 req-cdda4630-fadf-463f-b162-b93ddc7f49a4 ] Request (QuotaClassesAdminTestJSON:tearDownClass): 200 GET http://10.180.1.21:9696/networking/v2.0/security-groups?tenant_id=8c9060642cc74427b9d153bafddb1bc7&name=default 0.334s
2025-03-06 02:21:51.329 68530 INFO tempest.lib.common.rest_client [req-b26ff7f5-5555-4434-b992-d6e8b8ab677c req-b26ff7f5-5555-4434-b992-d6e8b8ab677c ] Request (FlavorsAccessNegativeTestJSON:test_add_flavor_access_duplicate): 200 POST http://10.180.1.21/compute/v2.1/flavors 2.882s
2025-03-06 02:21:51.391 68512 INFO tempest.lib.common.rest_client [req-f2aa4098-0622-4e07-9928-ae9c6b0f9f39 req-f2aa4098-0622-4e07-9928-ae9c6b0f9f39 ] Request (ServersAdmin275Test:test_rebuild_update_server_275): 200 GET http://10.180.1.21/compute/v2.1/servers/157b6f13-23f2-4294-9342-d217ab63fcfd 2.653s
2025-03-06 02:21:51.410 68528 INFO tempest.lib.common.rest_client [req-a3a96788-6931-446c-b332-c16bddd16c6b req-a3a96788-6931-446c-b332-c16bddd16c6b ] Request (HypervisorAdminTestJSON:test_get_hypervisor_list_details): 200 GET http://10.180.1.21/compute/v2.1/os-hypervisors/detail 2.309s
2025-03-06 02:21:51.451 68542 INFO tempest.lib.common.rest_client [req-ada914b5-097b-4bcb-9618-4da7a34af1bf req-ada914b5-097b-4bcb-9618-4da7a34af1bf ] Request (ImagesOneServerNegativeTestJSON:setUpClass): 201 POST http://10.180.1.21:9696/networking/v2.0/routers 1.926s
2025-03-06 02:21:51.488 68526 INFO tempest.lib.common.rest_client [req-5fac48fa-8db0-481d-bb94-440c4a225fb4 req-5fac48fa-8db0-481d-bb94-440c4a225fb4 ] Request (MultipleCreateTestJSON:setUpClass): 201 POST http://10.180.1.21:9696/networking/v2.0/subnets 0.565s
2025-03-06 02:21:51.620 68502 INFO tempest.lib.common.rest_client [req-6646b43e-e4a4-4175-8a73-a0770c55921b req-6646b43e-e4a4-4175-8a73-a0770c55921b ] Request (SecurityGroupsTestAdminJSON:test_list_security_groups_list_all_tenants_filter): 200 POST http://10.180.1.21/compute/v2.1/os-security-groups 2.770s
2025-03-06 02:21:51.733 68544 INFO tempest.lib.common.rest_client [req-f5582b5b-5b5c-44f4-bfdd-a6210f2bc6d2 req-f5582b5b-5b5c-44f4-bfdd-a6210f2bc6d2 ] Request (FlavorsExtraSpecsNegativeTestJSON:test_flavor_get_nonexistent_key): 404 GET http://10.180.1.21/compute/v2.1/flavors/1450800779/os-extra_specs/hw:cpu_thread_policy 2.252s
2025-03-06 02:21:51.744 68498 INFO tempest.lib.common.rest_client [req-e3088a9a-db19-41fc-863f-fc79553392f0 req-e3088a9a-db19-41fc-863f-fc79553392f0 ] Request (QuotaClassesAdminTestJSON:tearDownClass): 204 DELETE http://10.180.1.21:9696/networking/v2.0/security-groups/a341925e-882f-464c-ad11-021582e33770 0.433s
2025-03-06 02:21:51.753 68486 INFO tempest.lib.common.rest_client [req-4b3697b3-6a8e-489c-8888-791c7c1854af req-4b3697b3-6a8e-489c-8888-791c7c1854af ] Request (HypervisorAdminNegativeUnderV252Test:test_search_nonexistent_hypervisor): 404 GET http://10.180.1.21/compute/v2.1/os-hypervisors/nonexistent_hypervisor_name/search 2.159s
2025-03-06 02:21:51.853 68546 INFO tempest.lib.common.rest_client [req-41792c03-8d6c-4cce-ab82-fa9088e8deed req-41792c03-8d6c-4cce-ab82-fa9088e8deed ] Request (MigrationsAdminTest:test_list_migrations_in_flavor_resize_situation): 202 POST http://10.180.1.21/compute/v2.1/servers 2.419s
2025-03-06 02:21:51.882 68498 INFO tempest.lib.common.rest_client [req-1a0c57fb-67c4-452e-abf8-4bd4217cd767 req-1a0c57fb-67c4-452e-abf8-4bd4217cd767 ] Request (QuotaClassesAdminTestJSON:tearDownClass): 204 DELETE http://10.180.1.21/identity/v3/projects/8c9060642cc74427b9d153bafddb1bc7 0.137s
2025-03-06 02:21:51.962 68498 INFO tempest.lib.common.rest_client [req-d216a59b-1e8f-4fbf-9ead-4a7ae9250676 req-d216a59b-1e8f-4fbf-9ead-4a7ae9250676 ] Request (AttachInterfacesUnderV243Test:setUpClass): 201 POST http://10.180.1.21/identity/v3/auth/tokens 0.079s
2025-03-06 02:21:51.984 68494 INFO tempest.lib.common.rest_client [req-32b6aae3-e5f2-43d9-b9a2-f196e4397ed3 req-32b6aae3-e5f2-43d9-b9a2-f196e4397ed3 ] Request (FloatingIPsTestJSON:test_allocate_floating_ip): 200 GET http://10.180.1.21/compute/v2.1/os-floating-ips/28528f23-1a3b-4515-b9d5-7719eb4e15ab 2.365s
2025-03-06 02:21:51.990 68516 INFO tempest.lib.common.rest_client [req-387833eb-8374-4035-95bb-f0fea977c010 req-387833eb-8374-4035-95bb-f0fea977c010 ] Request (HostsAdminNegativeTestJSON:test_startup_host_with_non_admin_user): 403 GET http://10.180.1.21/compute/v2.1/os-hosts/devstack/startup 2.290s
2025-03-06 02:21:52.012 68498 INFO tempest.lib.common.rest_client [req-51d5a232-15ed-4076-b449-58fb0b648de4 req-51d5a232-15ed-4076-b449-58fb0b648de4 ] Request (AttachInterfacesUnderV243Test:setUpClass): 201 POST http://10.180.1.21/identity/v3/auth/tokens 0.048s
2025-03-06 02:21:52.040 68498 INFO tempest.lib.common.rest_client [req-d90e019a-ce71-4988-ab3b-0441a721be36 req-d90e019a-ce71-4988-ab3b-0441a721be36 ] Request (AttachInterfacesUnderV243Test:setUpClass): 200 GET http://10.180.1.21/identity/v3/domains?name=Default 0.027s
2025-03-06 02:21:52.070 68498 INFO tempest.lib.common.rest_client [req-04149f0f-326f-4c71-851f-04f77a3a7145 req-04149f0f-326f-4c71-851f-04f77a3a7145 ] Request (AttachInterfacesUnderV243Test:setUpClass): 201 POST http://10.180.1.21/identity/v3/projects 0.029s
2025-03-06 02:21:52.075 68484 INFO tempest.lib.common.rest_client [req-c6fa3ac1-150b-4b81-a1d6-5f4cd0151997 req-c6fa3ac1-150b-4b81-a1d6-5f4cd0151997 ] Request (VolumesAssistedSnapshotsTest:setUpClass): 200 PUT http://10.180.1.21:9696/networking/v2.0/routers/136a6c81-f061-4f5f-9ace-05aa60a6eaae/add_router_interface 2.113s
2025-03-06 02:21:52.076 68484 INFO tempest.lib.common.dynamic_creds [-] Created isolated network resources for: credentials: Credentials: {'domain_id': 'default', 'domain_name': 'Default', 'username': 'tempest-VolumesAssistedSnapshotsTest-436672258-project-admin', 'project_domain_id': 'default', 'project_domain_name': 'Default', 'project_id': 'b2a66a0c815249e1a5f61640f7364414', 'project_name': 'tempest-VolumesAssistedSnapshotsTest-436672258', 'tenant_id': 'b2a66a0c815249e1a5f61640f7364414', 'tenant_name': 'tempest-VolumesAssistedSnapshotsTest-436672258', 'user_domain_id': 'default', 'user_domain_name': 'Default', 'user_id': 'c7917e612aed4b5898c0cd1a9bc49a77', 'system': None}, Network: {'id': 'e737025a-8835-4c47-8b1f-6aa00e8ad729', 'name': 'tempest-VolumesAssistedSnapshotsTest-1736721423-network', 'tenant_id': 'b2a66a0c815249e1a5f61640f7364414', 'admin_state_up': True, 'mtu': 8950, 'status': 'ACTIVE', 'subnets': [], 'shared': False, 'project_id': 'b2a66a0c815249e1a5f61640f7364414', 'port_security_enabled': True, 'router:external': False, 'provider:network_type': 'vlan', 'provider:physical_network': 'default', 'provider:segmentation_id': 352, 'availability_zone_hints': [], 'availability_zones': [], 'ipv4_address_scope': None, 'ipv6_address_scope': None, 'description': '', 'tags': [], 'created_at': '2025-03-06T02:21:48Z', 'updated_at': '2025-03-06T02:21:48Z', 'revision_number': 1}, Subnet: {'id': 'ba84dc99-c44b-4d89-8b98-f483462cf8f9', 'name': 'tempest-VolumesAssistedSnapshotsTest-1736721423-subnet', 'tenant_id': 'b2a66a0c815249e1a5f61640f7364414', 'network_id': 'e737025a-8835-4c47-8b1f-6aa00e8ad729', 'ip_version': 4, 'subnetpool_id': None, 'enable_dhcp': True, 'ipv6_ra_mode': None, 'ipv6_address_mode': None, 'gateway_ip': '192.168.128.1', 'cidr': '192.168.128.0/28', 'allocation_pools': [{'start': '192.168.128.2', 'end': '192.168.128.14'}], 'host_routes': [], 'dns_nameservers': [], 'description': '', 'router:external': False, 'service_types': [], 'tags': [], 'created_at': '2025-03-06T02:21:48Z', 'updated_at': '2025-03-06T02:21:48Z', 'revision_number': 0, 'project_id': 'b2a66a0c815249e1a5f61640f7364414'}, Router: {'id': '136a6c81-f061-4f5f-9ace-05aa60a6eaae', 'name': 'tempest-VolumesAssistedSnapshotsTest-1736721423-router', 'tenant_id': 'b2a66a0c815249e1a5f61640f7364414', 'admin_state_up': True, 'status': 'ACTIVE', 'external_gateway_info': {'network_id': 'bbe9b5de-5930-4062-ad78-404150c5c315', 'external_fixed_ips': [{'subnet_id': '8fa23fb8-d202-4023-91ac-5d231ab7edb4', 'ip_address': '10.180.180.170'}], 'enable_snat': True}, 'description': '', 'availability_zones': [], 'distributed': False, 'ha': False, 'availability_zone_hints': [], 'routes': [], 'flavor_id': None, 'tags': [], 'created_at': '2025-03-06T02:21:49Z', 'updated_at': '2025-03-06T02:21:49Z', 'revision_number': 2, 'project_id': 'b2a66a0c815249e1a5f61640f7364414'}
2025-03-06 02:21:52.110 68522 INFO tempest.lib.common.rest_client [req-27fa4f3b-a2a7-49fc-88b2-58fd94c183a5 req-27fa4f3b-a2a7-49fc-88b2-58fd94c183a5 ] Request (QuotaClassesAdmin257Test:test_update_default_quotas): 200 GET http://10.180.1.21/compute/v2.1/os-quota-class-sets/default 2.362s
2025-03-06 02:21:52.131 68498 INFO tempest.lib.common.rest_client [req-43feb0b4-d8e1-42b9-bfd0-0b00b1b5d7f2 req-43feb0b4-d8e1-42b9-bfd0-0b00b1b5d7f2 ] Request (AttachInterfacesUnderV243Test:setUpClass): 201 POST http://10.180.1.21/identity/v3/users 0.061s
2025-03-06 02:21:52.160 68484 INFO tempest.lib.common.rest_client [req-3f2d3a20-4e72-4413-8d02-8d6b96b1dc0b req-3f2d3a20-4e72-4413-8d02-8d6b96b1dc0b ] Request (VolumesAssistedSnapshotsTest:setUpClass): 201 POST http://10.180.1.21/identity/v3/auth/tokens 0.082s
2025-03-06 02:21:52.162 68498 INFO tempest.lib.common.rest_client [req-e4cadefe-389b-41f5-b865-e434f9a88b02 req-e4cadefe-389b-41f5-b865-e434f9a88b02 ] Request (AttachInterfacesUnderV243Test:setUpClass): 200 GET http://10.180.1.21/identity/v3/roles 0.030s
2025-03-06 02:21:52.172 68506 INFO tempest.lib.common.rest_client [req-b905249c-692f-4408-a00b-e5fb191a8bfe req-b905249c-692f-4408-a00b-e5fb191a8bfe ] Request (HypervisorAdminV253TestBase:test_list_show_detail_hypervisors): 200 GET http://10.180.1.21/compute/v2.1/os-hypervisors?with_servers=True 2.297s
2025-03-06 02:21:52.203 68498 INFO tempest.lib.common.rest_client [req-e2e3d149-15a4-43d3-a237-5d0202e9334d req-e2e3d149-15a4-43d3-a237-5d0202e9334d ] Request (AttachInterfacesUnderV243Test:setUpClass): 204 PUT http://10.180.1.21/identity/v3/projects/7be96dca3cff45c89e8302e7bd09bfe9/users/efbefa411ebc485b9a3ecc767166a95d/roles/a87cc5a0dd0e4fd780d9b7f869f12210 0.041s
2025-03-06 02:21:52.203 68498 INFO tempest.lib.common.dynamic_creds [-] Dynamic test user efbefa411ebc485b9a3ecc767166a95d is created with scope project and roles: ['member']
2025-03-06 02:21:52.204 68498 INFO tempest.lib.common.dynamic_creds [-] Acquired dynamic creds: credentials: Credentials: {'domain_id': 'default', 'domain_name': 'Default', 'username': 'tempest-AttachInterfacesUnderV243Test-338939060-project-member', 'project_domain_id': 'default', 'project_domain_name': 'Default', 'project_id': '7be96dca3cff45c89e8302e7bd09bfe9', 'project_name': 'tempest-AttachInterfacesUnderV243Test-338939060', 'tenant_id': '7be96dca3cff45c89e8302e7bd09bfe9', 'tenant_name': 'tempest-AttachInterfacesUnderV243Test-338939060', 'user_domain_id': 'default', 'user_domain_name': 'Default', 'user_id': 'efbefa411ebc485b9a3ecc767166a95d', 'system': None}, Network: None, Subnet: None, Router: None
2025-03-06 02:21:52.216 68496 INFO tempest.lib.common.rest_client [req-c934ae30-693a-4993-8677-fb7253a9f3a1 req-c934ae30-693a-4993-8677-fb7253a9f3a1 ] Request (FloatingIPsAssociationNegativeTestJSON:setUpClass): 201 POST http://10.180.1.21:9696/networking/v2.0/routers 1.962s
2025-03-06 02:21:52.231 68484 INFO tempest.lib.common.rest_client [req-0e8dcc66-a070-4068-be3f-e755f148f7b6 req-0e8dcc66-a070-4068-be3f-e755f148f7b6 ] Request (VolumesAssistedSnapshotsTest:setUpClass): 201 POST http://10.180.1.21/identity/v3/projects 0.070s
2025-03-06 02:21:52.268 68490 INFO tempest.lib.common.rest_client [req-208a05d5-a3ca-4e9e-ac82-ea0bee100945 req-208a05d5-a3ca-4e9e-ac82-ea0bee100945 ] Request (ServerDiagnosticsNegativeTest:test_get_server_diagnostics_by_non_admin): 202 POST http://10.180.1.21/compute/v2.1/servers 2.583s
2025-03-06 02:21:52.285 68536 INFO tempest.lib.common.rest_client [req-b2c22309-1fdc-415a-966c-20244e2a7b71 req-b2c22309-1fdc-415a-966c-20244e2a7b71 ] Request (FlavorMetadataValidation:test_flavor_update_with_custom_namespace): 200 POST http://10.180.1.21/compute/v2.1/flavors/1584317912/os-extra_specs 2.219s
2025-03-06 02:21:52.289 68498 INFO tempest.lib.common.rest_client [req-39827804-f425-4d03-8c3d-86135525b42d req-39827804-f425-4d03-8c3d-86135525b42d ] Request (AttachInterfacesUnderV243Test:setUpClass): 201 POST http://10.180.1.21/identity/v3/auth/tokens 0.085s
2025-03-06 02:21:52.306 68484 INFO tempest.lib.common.rest_client [req-de53ed2b-a28d-48c6-ae58-a6bd60b9e562 req-de53ed2b-a28d-48c6-ae58-a6bd60b9e562 ] Request (VolumesAssistedSnapshotsTest:setUpClass): 201 POST http://10.180.1.21/identity/v3/users 0.075s
2025-03-06 02:21:52.390 68484 INFO tempest.lib.common.rest_client [req-00ea74ed-9a10-478b-943e-aaca41736664 req-00ea74ed-9a10-478b-943e-aaca41736664 ] Request (VolumesAssistedSnapshotsTest:setUpClass): 200 GET http://10.180.1.21/identity/v3/roles 0.084s
2025-03-06 02:21:52.414 68524 INFO tempest.lib.common.rest_client [req-9a9da72a-a33d-4136-b96d-caa2e97d8015 req-9a9da72a-a33d-4136-b96d-caa2e97d8015 ] Request (InstanceUsageAuditLogNegativeTestJSON:test_instance_usage_audit_logs_with_nonadmin_user): 403 GET http://10.180.1.21/compute/v2.1/os-instance_usage_audit_log 2.195s
2025-03-06 02:21:52.426 68484 INFO tempest.lib.common.rest_client [req-add93500-b75f-4205-86b1-5618373c4d94 req-add93500-b75f-4205-86b1-5618373c4d94 ] Request (VolumesAssistedSnapshotsTest:setUpClass): 204 PUT http://10.180.1.21/identity/v3/projects/828b5faad9af4e66a2f4b9988def99e1/users/918989b6055248c7b30e4c07fe16df3d/roles/303ead20d2ae44c4bdb38f7729c4c094 0.035s
2025-03-06 02:21:52.490 68484 INFO tempest.lib.common.rest_client [req-1121ccaf-7f63-44c7-be28-5607ae0098f9 req-1121ccaf-7f63-44c7-be28-5607ae0098f9 ] Request (VolumesAssistedSnapshotsTest:setUpClass): 200 GET http://10.180.1.21/identity/v3/roles 0.063s
2025-03-06 02:21:52.520 68484 INFO tempest.lib.common.rest_client [req-bf459acd-4dfb-485c-80e7-7a4417a7a308 req-bf459acd-4dfb-485c-80e7-7a4417a7a308 ] Request (VolumesAssistedSnapshotsTest:setUpClass): 204 PUT http://10.180.1.21/identity/v3/projects/828b5faad9af4e66a2f4b9988def99e1/users/918989b6055248c7b30e4c07fe16df3d/roles/91d3aa33c9a54e3889edfdddf6f29088 0.029s
2025-03-06 02:21:52.521 68484 INFO tempest.lib.common.dynamic_creds [-] Dynamic test user 918989b6055248c7b30e4c07fe16df3d is created with scope project and roles: ['service', 'admin']
2025-03-06 02:21:52.521 68484 INFO tempest.lib.common.dynamic_creds [-] Acquired dynamic creds: credentials: Credentials: {'domain_id': 'default', 'domain_name': 'Default', 'username': 'tempest-VolumesAssistedSnapshotsTest-213457106-project', 'project_domain_id': 'default', 'project_domain_name': 'Default', 'project_id': '828b5faad9af4e66a2f4b9988def99e1', 'project_name': 'tempest-VolumesAssistedSnapshotsTest-213457106', 'tenant_id': '828b5faad9af4e66a2f4b9988def99e1', 'tenant_name': 'tempest-VolumesAssistedSnapshotsTest-213457106', 'user_domain_id': 'default', 'user_domain_name': 'Default', 'user_id': '918989b6055248c7b30e4c07fe16df3d', 'system': None}, Network: None, Subnet: None, Router: None
2025-03-06 02:21:52.636 68514 INFO tempest.lib.common.rest_client [req-8c37e42d-55a4-4e41-b108-e78963c05738 req-8c37e42d-55a4-4e41-b108-e78963c05738 ] Request (SecurityGroupRulesTestJSON:test_security_group_rules_create): 200 POST http://10.180.1.21/compute/v2.1/os-security-group-rules 2.237s
2025-03-06 02:21:52.759 68538 INFO tempest.lib.common.rest_client [req-8f22d409-e8de-4258-a688-eebc0c79dee7 req-8f22d409-e8de-4258-a688-eebc0c79dee7 ] Request (AggregatesAdminNegativeTestJSON:test_aggregate_add_existent_host): 200 POST http://10.180.1.21/compute/v2.1/os-aggregates/1/action 2.320s
2025-03-06 02:21:52.775 68520 INFO tempest.lib.common.rest_client [req-00f58250-1fec-44e5-ad1f-209097ff34cf req-00f58250-1fec-44e5-ad1f-209097ff34cf ] Request (InstanceUsageAuditLogTestJSON:test_get_instance_usage_audit_log): 200 GET http://10.180.1.21/compute/v2.1/os-instance_usage_audit_log/2025-03-06%2002%3A21%3A50 2.098s
2025-03-06 02:21:52.830 68492 INFO tempest.lib.common.rest_client [req-2b901688-4abd-4735-a75a-9b416ec7915f req-2b901688-4abd-4735-a75a-9b416ec7915f ] Request (KeyPairsV210TestJSON:test_admin_manage_keypairs_for_other_users): 201 POST http://10.180.1.21/compute/v2.1/os-keypairs 2.038s
2025-03-06 02:21:53.175 68484 INFO tempest.lib.common.rest_client [req-61a16cb6-7b7e-4b8a-b345-296f9149161c req-61a16cb6-7b7e-4b8a-b345-296f9149161c ] Request (VolumesAssistedSnapshotsTest:setUpClass): 201 POST http://10.180.1.21:9696/networking/v2.0/networks 0.654s
2025-03-06 02:21:53.271 68508 INFO tempest.lib.common.rest_client [req-70f30ef0-48eb-4a9e-ac95-685cbd917df1 req-70f30ef0-48eb-4a9e-ac95-685cbd917df1 ] Request (ServersAdminNegativeTestJSON:setUpClass): 200 GET http://10.180.1.21/compute/v2.1/servers/938d1523-3ab9-4081-bac4-cad645a8b7ca 2.436s
2025-03-06 02:21:53.278 68498 INFO tempest.lib.common.rest_client [req-6eddc880-8463-406a-a65b-35fc6db5afe8 req-6eddc880-8463-406a-a65b-35fc6db5afe8 ] Request (AttachInterfacesUnderV243Test:setUpClass): 201 POST http://10.180.1.21:9696/networking/v2.0/networks 0.989s
2025-03-06 02:21:53.280 68508 INFO tempest.common.waiters [-] State transition "BUILD/None" ==> "BUILD/spawning" after 4 second wait
2025-03-06 02:21:53.377 68534 INFO tempest.lib.common.rest_client [req-73609b1a-c6bf-4b28-820e-17fb371790d8 req-73609b1a-c6bf-4b28-820e-17fb371790d8 ] Request (DeleteServersAdminTestJSON:test_admin_delete_servers_of_others): 200 GET http://10.180.1.21/compute/v2.1/servers/8df86dfd-b28d-4fe5-8af9-e15d41334484 2.434s
2025-03-06 02:21:53.393 68532 INFO tempest.lib.common.rest_client [req-3a90654c-6126-42bc-8258-5609fe917aff req-3a90654c-6126-42bc-8258-5609fe917aff ] Request (SecurityGroupRulesNegativeTestJSON:test_create_security_group_rule_duplicate): 200 POST http://10.180.1.21/compute/v2.1/os-security-group-rules 2.613s
2025-03-06 02:21:53.411 68500 INFO tempest.lib.common.rest_client [req-90a1c768-eefb-4d8a-a100-c4bd6ba6561f req-90a1c768-eefb-4d8a-a100-c4bd6ba6561f ] Request (FlavorsV255TestJSON:test_crud_flavor): 200 PUT http://10.180.1.21/compute/v2.1/flavors/1795277327 2.351s
2025-03-06 02:21:53.491 68504 INFO tempest.lib.common.rest_client [req-437fdf99-a1be-4b1a-b73d-83bb1127c12f req-437fdf99-a1be-4b1a-b73d-83bb1127c12f ] Request (FlavorsExtraSpecsTestJSON:test_flavor_non_admin_get_all_keys): 200 GET http://10.180.1.21/compute/v2.1/flavors/30907760/os-extra_specs 2.278s
2025-03-06 02:21:53.514 68488 INFO tempest.lib.common.rest_client [req-bf711861-af3c-4692-964c-d99c7f7fc355 req-bf711861-af3c-4692-964c-d99c7f7fc355 ] Request (FlavorsAccessTestJSON:test_flavor_access_add_remove): 200 GET http://10.180.1.21/compute/v2.1/flavors/detail 2.325s
2025-03-06 02:21:53.537 68518 INFO tempest.lib.common.rest_client [req-d32d1061-9900-4742-ad30-a5052cc4f03d req-d32d1061-9900-4742-ad30-a5052cc4f03d ] Request (HostsAdminTestJSON:test_list_hosts_with_nonexistent_zone): 200 GET http://10.180.1.21/compute/v2.1/os-hosts?zone=xxx 2.302s
2025-03-06 02:21:53.578 68540 INFO tempest.lib.common.rest_client [req-f3f6a7de-210a-40b6-89c9-6ce74d58e221 req-f3f6a7de-210a-40b6-89c9-6ce74d58e221 ] Request (ServerDiagnosticsTest:test_get_server_diagnostics): 200 GET http://10.180.1.21/compute/v2.1/servers/db4d54f8-1d8e-4e32-ad7c-5e2beef95d88 2.355s
2025-03-06 02:21:53.606 68528 INFO tempest.lib.common.rest_client [req-e8c32f29-3cbf-44cc-8be5-9473996de77c req-e8c32f29-3cbf-44cc-8be5-9473996de77c ] Request (HypervisorAdminTestJSON:test_get_hypervisor_show_details): 200 GET http://10.180.1.21/compute/v2.1/os-hypervisors 2.189s
2025-03-06 02:21:53.654 68530 INFO tempest.lib.common.rest_client [req-7eb6a466-1a38-4ec0-ba13-2d982118ce28 req-7eb6a466-1a38-4ec0-ba13-2d982118ce28 ] Request (FlavorsAccessNegativeTestJSON:test_add_flavor_access_duplicate): 200 POST http://10.180.1.21/compute/v2.1/flavors/484131395/action 2.321s
2025-03-06 02:21:53.661 68544 INFO tempest.lib.common.rest_client [req-9ede7bc3-98db-44ee-b36a-5c3ce03fa580 req-9ede7bc3-98db-44ee-b36a-5c3ce03fa580 ] Request (FlavorsExtraSpecsNegativeTestJSON:test_flavor_non_admin_set_keys): 403 POST http://10.180.1.21/compute/v2.1/flavors/1450800779/os-extra_specs 1.922s
2025-03-06 02:21:53.691 68486 INFO tempest.lib.common.rest_client [req-dd6a3447-ba3e-4cf5-8473-5dc55cd7050f req-dd6a3447-ba3e-4cf5-8473-5dc55cd7050f ] Request (HypervisorAdminNegativeUnderV252Test:test_show_servers_with_non_admin_user): 200 GET http://10.180.1.21/compute/v2.1/os-hypervisors 1.936s
2025-03-06 02:21:53.702 68510 INFO tempest.lib.common.rest_client [req-9f00a73c-1c0a-43ac-a9bb-a67f073ab0e7 req-9f00a73c-1c0a-43ac-a9bb-a67f073ab0e7 ] Request (ServersWithSpecificFlavorTestJSON:setUpClass): 200 PUT http://10.180.1.21:9696/networking/v2.0/routers/bc6a4569-a718-4a3b-8ce2-b5e4d657a96c/add_router_interface 2.801s
2025-03-06 02:21:53.703 68510 INFO tempest.lib.common.dynamic_creds [-] Created isolated network resources for: credentials: Credentials: {'domain_id': 'default', 'domain_name': 'Default', 'username': 'tempest-ServersWithSpecificFlavorTestJSON-1166775044-project-admin', 'project_domain_id': 'default', 'project_domain_name': 'Default', 'project_id': 'edd23226d5d54914864dcfba043f527c', 'project_name': 'tempest-ServersWithSpecificFlavorTestJSON-1166775044', 'tenant_id': 'edd23226d5d54914864dcfba043f527c', 'tenant_name': 'tempest-ServersWithSpecificFlavorTestJSON-1166775044', 'user_domain_id': 'default', 'user_domain_name': 'Default', 'user_id': '323793cc64b34d5b8ffa5a224cf00a9f', 'system': None}, Network: {'id': '037fb782-30b5-47ee-8e16-8ff998dcd662', 'name': 'tempest-ServersWithSpecificFlavorTestJSON-89044814-network', 'tenant_id': 'edd23226d5d54914864dcfba043f527c', 'admin_state_up': True, 'mtu': 8950, 'status': 'ACTIVE', 'subnets': [], 'shared': False, 'project_id': 'edd23226d5d54914864dcfba043f527c', 'port_security_enabled': True, 'router:external': False, 'provider:network_type': 'vlan', 'provider:physical_network': 'default', 'provider:segmentation_id': 786, 'availability_zone_hints': [], 'availability_zones': [], 'ipv4_address_scope': None, 'ipv6_address_scope': None, 'description': '', 'tags': [], 'created_at': '2025-03-06T02:21:48Z', 'updated_at': '2025-03-06T02:21:48Z', 'revision_number': 1}, Subnet: {'id': 'dd3a72c5-b09c-409b-94d2-eab4e921288a', 'name': 'tempest-ServersWithSpecificFlavorTestJSON-89044814-subnet', 'tenant_id': 'edd23226d5d54914864dcfba043f527c', 'network_id': '037fb782-30b5-47ee-8e16-8ff998dcd662', 'ip_version': 4, 'subnetpool_id': None, 'enable_dhcp': True, 'ipv6_ra_mode': None, 'ipv6_address_mode': None, 'gateway_ip': '192.168.128.1', 'cidr': '192.168.128.0/28', 'allocation_pools': [{'start': '192.168.128.2', 'end': '192.168.128.14'}], 'host_routes': [], 'dns_nameservers': [], 'description': '', 'router:external': False, 'service_types': [], 'tags': [], 'created_at': '2025-03-06T02:21:48Z', 'updated_at': '2025-03-06T02:21:48Z', 'revision_number': 0, 'project_id': 'edd23226d5d54914864dcfba043f527c'}, Router: {'id': 'bc6a4569-a718-4a3b-8ce2-b5e4d657a96c', 'name': 'tempest-ServersWithSpecificFlavorTestJSON-89044814-router', 'tenant_id': 'edd23226d5d54914864dcfba043f527c', 'admin_state_up': True, 'status': 'ACTIVE', 'external_gateway_info': {'network_id': 'bbe9b5de-5930-4062-ad78-404150c5c315', 'external_fixed_ips': [{'subnet_id': '8fa23fb8-d202-4023-91ac-5d231ab7edb4', 'ip_address': '10.180.180.168'}], 'enable_snat': True}, 'description': '', 'availability_zones': [], 'distributed': False, 'ha': False, 'availability_zone_hints': [], 'routes': [], 'flavor_id': None, 'tags': [], 'created_at': '2025-03-06T02:21:49Z', 'updated_at': '2025-03-06T02:21:49Z', 'revision_number': 2, 'project_id': 'edd23226d5d54914864dcfba043f527c'}
2025-03-06 02:21:53.778 68546 INFO tempest.lib.common.rest_client [req-0f211d3b-35f9-406c-9782-03ffa5cd7435 req-0f211d3b-35f9-406c-9782-03ffa5cd7435 ] Request (MigrationsAdminTest:test_list_migrations_in_flavor_resize_situation): 200 GET http://10.180.1.21/compute/v2.1/servers/911843cf-65d4-4262-8c80-e352755c8eac 1.922s
2025-03-06 02:21:53.862 68526 INFO tempest.lib.common.rest_client [req-ed838d1a-61f0-466d-94f8-f42e0fbfda50 req-ed838d1a-61f0-466d-94f8-f42e0fbfda50 ] Request (MultipleCreateTestJSON:setUpClass): 201 POST http://10.180.1.21:9696/networking/v2.0/routers 2.373s
2025-03-06 02:21:53.891 68510 INFO tempest.lib.common.rest_client [req-2d1100da-750e-4ca1-989f-0cbec51d81e6 req-2d1100da-750e-4ca1-989f-0cbec51d81e6 ] Request (ServersWithSpecificFlavorTestJSON:setUpClass): 201 POST http://10.180.1.21/identity/v3/auth/tokens 0.185s
2025-03-06 02:21:53.950 68484 INFO tempest.lib.common.rest_client [req-3bf7208b-2f53-40db-82aa-dbf4e1232e18 req-3bf7208b-2f53-40db-82aa-dbf4e1232e18 ] Request (VolumesAssistedSnapshotsTest:setUpClass): 201 POST http://10.180.1.21:9696/networking/v2.0/subnets 0.773s
2025-03-06 02:21:53.951 68498 INFO tempest.lib.common.rest_client [req-ccd7f7e1-5a40-41f5-bf50-c877df63116d req-ccd7f7e1-5a40-41f5-bf50-c877df63116d ] Request (AttachInterfacesUnderV243Test:setUpClass): 201 POST http://10.180.1.21:9696/networking/v2.0/subnets 0.672s
2025-03-06 02:21:54.023 68494 INFO tempest.lib.common.rest_client [req-68c81226-ac64-47af-9e64-8402f62eb7c5 req-68c81226-ac64-47af-9e64-8402f62eb7c5 ] Request (FloatingIPsTestJSON:test_allocate_floating_ip): 200 GET http://10.180.1.21/compute/v2.1/os-floating-ips 2.035s
2025-03-06 02:21:54.041 68516 INFO tempest.lib.common.rest_client [req-d010b673-6fd1-4d12-89e9-d40e287a1c22 req-d010b673-6fd1-4d12-89e9-d40e287a1c22 ] Request (HostsAdminNegativeTestJSON:test_startup_nonexistent_host): 404 GET http://10.180.1.21/compute/v2.1/os-hosts/nonexistent_hostname/startup 2.048s
2025-03-06 02:21:54.107 68522 INFO tempest.lib.common.rest_client [req-916138d0-05f1-4c75-bcbd-e55e76dfdeb3 req-916138d0-05f1-4c75-bcbd-e55e76dfdeb3 ] Request (QuotaClassesAdmin257Test:test_update_default_quotas): 200 PUT http://10.180.1.21/compute/v2.1/os-quota-class-sets/default 1.994s
2025-03-06 02:21:54.134 68506 INFO tempest.lib.common.rest_client [req-14bb4835-b358-436a-afb6-17dc7140a65b req-14bb4835-b358-436a-afb6-17dc7140a65b ] Request (HypervisorAdminV253TestBase:test_list_show_detail_hypervisors): 200 GET http://10.180.1.21/compute/v2.1/os-hypervisors/e8cb01be-33a6-443d-ae9b-c1d57e0c1e5f 1.960s
2025-03-06 02:21:54.139 68542 INFO tempest.lib.common.rest_client [req-b55e43d6-ba2a-4712-aaef-0537d046f5c2 req-b55e43d6-ba2a-4712-aaef-0537d046f5c2 ] Request (ImagesOneServerNegativeTestJSON:setUpClass): 200 PUT http://10.180.1.21:9696/networking/v2.0/routers/f67bfb59-ec56-4b7f-a6f3-c99b58b8f48b/add_router_interface 2.686s
