2025-03-06 02:24:31.648 68490 INFO tempest.lib.common.rest_client [req-a3450a9c-0ee6-4245-a251-b5c32da34f4f req-a3450a9c-0ee6-4245-a251-b5c32da34f4f ] Request (ServersTestFqdnHostnames:test_create_server_with_fqdn_name): 200 GET http://10.180.1.21/compute/v2.1/servers/011fe93e-3749-4b01-837d-a65674e170b3 0.504s
2025-03-06 02:24:31.690 68508 INFO tempest.lib.common.rest_client [req-c91b2395-afc6-4775-a100-219bc654fbd4 req-c91b2395-afc6-4775-a100-219bc654fbd4 ] Request (FloatingIPsAssociationTestJSON:setUpClass): 200 GET http://10.180.1.21/compute/v2.1/servers/fbd3a0fd-9c97-44d5-93ac-907de3599f9e 0.440s
2025-03-06 02:24:31.696 68532 INFO tempest.lib.common.rest_client [req-30356467-ce3b-4dbd-9c8d-e756704dc94e req-30356467-ce3b-4dbd-9c8d-e756704dc94e ] Request (ServerGroupTestJSON:_run_cleanups): 200 GET http://10.180.1.21/compute/v2.1/servers/ca0a52bb-fcec-4bf9-b574-7f51aca6eaa3 0.464s
2025-03-06 02:24:31.753 68504 INFO tempest.lib.common.rest_client [req-b112491a-9a5d-4566-beb6-4c3cd6bc155b req-b112491a-9a5d-4566-beb6-4c3cd6bc155b ] Request (ServerMetadataNegativeTestJSON:tearDownClass): 200 GET http://10.180.1.21/compute/v2.1/servers/7f57b127-7022-4fac-a471-e7be04a7938d 0.497s
2025-03-06 02:24:31.754 68510 INFO tempest.lib.common.rest_client [req-fae624a1-23ba-424a-a9dc-937f5b11cc0c req-fae624a1-23ba-424a-a9dc-937f5b11cc0c ] Request (ServersWithSpecificFlavorTestJSON:test_verify_created_server_ephemeral_disk): 200 GET http://10.180.1.21/compute/v2.1/servers/45f3f52b-8bc1-4795-bea8-2c30a4056f40 0.420s
2025-03-06 02:24:31.825 68518 INFO tempest.lib.common.rest_client [req-2e561d38-bab2-47ff-b33d-2cd30fa4052b req-2e561d38-bab2-47ff-b33d-2cd30fa4052b ] Request (ServerDiskConfigTestJSON:test_rebuild_server_with_manual_disk_config): 200 GET http://10.180.1.21/compute/v2.1/servers/7cef8515-e78d-48f4-85cf-e3cb109db7ae 0.351s
2025-03-06 02:24:31.828 68514 INFO tempest.lib.common.rest_client [req-30d8d172-9f4e-4bae-bc17-7c383327919a req-30d8d172-9f4e-4bae-bc17-7c383327919a ] Request (AttachInterfacesV270Test:tearDownClass): 200 GET http://10.180.1.21/compute/v2.1/servers/a9c8f668-f7f1-4af3-a2e4-6c84df23ae34 0.413s
2025-03-06 02:24:31.832 68534 INFO tempest.lib.common.rest_client [req-13fd702a-5161-4686-8e68-fa3c7b780484 req-13fd702a-5161-4686-8e68-fa3c7b780484 ] Request (VolumesNegativeTest:test_create_volume_with_size_zero): 400 POST http://10.180.1.21/compute/v2.1/os-volumes 0.253s
2025-03-06 02:24:31.888 68492 INFO tempest.lib.common.rest_client [req-7126bb7b-93fc-433d-a34a-971c915168b4 req-7126bb7b-93fc-433d-a34a-971c915168b4 ] Request (InstanceActionsV221TestJSON:test_get_list_deleted_instance_actions): 200 GET http://10.180.1.21/compute/v2.1/servers/ebf24b8c-2e9e-4f2f-99f5-725c87308699 0.316s
2025-03-06 02:24:31.899 68512 INFO tempest.lib.common.rest_client [req-319b6b86-6149-4c73-a276-d2874ef86b5b req-319b6b86-6149-4c73-a276-d2874ef86b5b ] Request (ListServerFiltersTestJSON:setUpClass): 200 GET http://10.180.1.21/compute/v2.1/servers/d2ebe22b-0d4e-4f0a-b19e-c670a2cb7e99 0.269s
2025-03-06 02:24:31.910 68512 INFO tempest.common.waiters [-] State transition "BUILD/None" ==> "BUILD/networking" after 77 second wait
2025-03-06 02:24:31.915 68534 INFO tempest.lib.common.rest_client [req-ca020c02-9910-4e8e-bb21-70fceea085e0 req-ca020c02-9910-4e8e-bb21-70fceea085e0 ] Request (VolumesNegativeTest:test_create_volume_without_passing_size): 400 POST http://10.180.1.21/compute/v2.1/os-volumes 0.081s
2025-03-06 02:24:31.942 68534 INFO tempest.lib.common.rest_client [req-17d3f54d-3de8-460f-bdb6-dd6494fe13d6 req-17d3f54d-3de8-460f-bdb6-dd6494fe13d6 ] Request (VolumesNegativeTest:test_delete_invalid_volume_id): 404 DELETE http://10.180.1.21/compute/v2.1/os-volumes/tempest-invalid-1335594584 0.026s
2025-03-06 02:24:31.945 68488 INFO tempest.lib.common.rest_client [req-01c67d30-2d5d-47b4-a471-0dc34917c6f6 req-01c67d30-2d5d-47b4-a471-0dc34917c6f6 ] Request (ServersTestBootFromVolume:setUpClass): 200 GET http://10.180.1.21/compute/v2.1/servers/f68a1410-3133-43e6-93c8-bfaac9db0840 0.254s
2025-03-06 02:24:31.948 68534 INFO tempest.lib.common.rest_client [req-29ef5908-c131-4e9c-8f68-96ae6cb621a7 req-29ef5908-c131-4e9c-8f68-96ae6cb621a7 ] Request (VolumesNegativeTest:test_delete_volume_without_passing_volume_id): 404 DELETE http://10.180.1.21/compute/v2.1/os-volumes/ 0.005s
2025-03-06 02:24:31.956 68534 INFO tempest.lib.common.rest_client [req-c1b63607-5014-4402-9c71-a93e687a4f86 req-c1b63607-5014-4402-9c71-a93e687a4f86 ] Request (VolumesNegativeTest:test_get_volume_without_passing_volume_id): 404 GET http://10.180.1.21/compute/v2.1/os-volumes/ 0.007s
2025-03-06 02:24:31.986 68534 INFO tempest.lib.common.rest_client [req-3209fb81-55c8-4e73-b7f1-f00607748dd5 req-3209fb81-55c8-4e73-b7f1-f00607748dd5 ] Request (VolumesNegativeTest:test_volume_delete_nonexistent_volume_id): 404 DELETE http://10.180.1.21/compute/v2.1/os-volumes/5849a322-7dd1-4935-bc9c-ec27d5f68ae3 0.029s
2025-03-06 02:24:32.012 68496 INFO tempest.lib.common.rest_client [req-1e74d70b-7b5d-4573-a308-a7e2ae87b34e req-1e74d70b-7b5d-4573-a308-a7e2ae87b34e ] Request (ServersListShow298Test:test_list_show_update_rebuild_server_298): 200 GET http://10.180.1.21/compute/v2.1/servers/e382429d-4899-4e16-b28c-260782a25e50 0.062s
2025-03-06 02:24:32.018 68534 INFO tempest.lib.common.rest_client [req-08d7d25c-cf33-4eac-8075-918961dc50e7 req-08d7d25c-cf33-4eac-8075-918961dc50e7 ] Request (VolumesNegativeTest:test_volume_get_nonexistent_volume_id): 404 GET http://10.180.1.21/compute/v2.1/os-volumes/a6c1df6f-5ae1-41fd-a6f5-3b7d32d37c51 0.030s
2025-03-06 02:24:32.066 68494 INFO tempest.lib.common.rest_client [req-803c2561-ed25-4fb0-a8a4-7282d96d4cdc req-803c2561-ed25-4fb0-a8a4-7282d96d4cdc ] Request (ServerRescueNegativeTestJSON:test_rescued_vm_detach_volume): 200 GET http://10.180.1.21/compute/v2.1/servers/154ba180-8d21-4cab-8614-97d441aa5956 0.062s
2025-03-06 02:24:32.141 68542 INFO tempest.lib.common.rest_client [req-17782360-95cb-4c37-a51f-df4e2487f5a2 req-17782360-95cb-4c37-a51f-df4e2487f5a2 ] Request (ImagesOneServerNegativeTestJSON:_run_cleanups): 200 GET http://10.180.1.21/compute/v2.1/servers/55d5fa0b-4a33-43af-b0a5-ed46c2a9dcd8 0.061s
2025-03-06 02:24:32.151 68484 INFO tempest.lib.common.rest_client [req-8063788e-2555-4341-8797-5444f9ff70d9 req-8063788e-2555-4341-8797-5444f9ff70d9 ] Request (VolumesAssistedSnapshotsTest:test_volume_assisted_snapshot_create_delete): 200 GET http://10.180.1.21/volume/v3/volumes/acd2090b-1d07-4f5c-9db3-aae46de98031 0.044s
2025-03-06 02:24:32.153 68534 INFO tempest.lib.common.rest_client [req-8b5665f8-60b4-40d4-8f11-19cb58f2e5d0 req-8b5665f8-60b4-40d4-8f11-19cb58f2e5d0 ] Request (VolumesNegativeTest:tearDownClass): 204 DELETE http://10.180.1.21/identity/v3/users/5c94531c6a3c40008a107b0f2bbd54d6 0.128s
2025-03-06 02:24:32.153 68534 INFO tempest.lib.common.dynamic_creds [-] Deleting project and security group for project: 77228da2520d45cc98ca3dc3dce5a3f8
2025-03-06 02:24:32.200 68520 INFO tempest.lib.common.rest_client [req-32c0b6c6-cfb9-4ba7-8e9a-deb29f8980c2 req-32c0b6c6-cfb9-4ba7-8e9a-deb29f8980c2 ] Request (SecurityGroupsTestJSON:test_list_security_groups_by_server): 200 GET http://10.180.1.21/compute/v2.1/servers/bcf04501-b20b-4c01-8ca6-d73f5f6e5e26 0.058s
2025-03-06 02:24:32.213 68534 INFO tempest.lib.common.rest_client [req-cacd3192-c4fe-443d-be6a-c901d8ad71e3 req-cacd3192-c4fe-443d-be6a-c901d8ad71e3 ] Request (VolumesNegativeTest:tearDownClass): 201 POST http://10.180.1.21/identity/v3/auth/tokens 0.060s
2025-03-06 02:24:32.298 68516 WARNING tempest.lib.common.ssh [-] Failed to establish authenticated ssh connection to cirros@10.180.180.205 ([Errno None] Unable to connect to port 22 on 10.180.180.205). Number attempts: 6. Retry after 7 seconds.: paramiko.ssh_exception.NoValidConnectionsError: [Errno None] Unable to connect to port 22 on 10.180.180.205
2025-03-06 02:24:32.367 68534 INFO tempest.lib.common.rest_client [req-e26a02d7-580e-4bb9-b0c0-7b7c2924eb75 req-e26a02d7-580e-4bb9-b0c0-7b7c2924eb75 ] Request (VolumesNegativeTest:tearDownClass): 200 GET http://10.180.1.21:9696/networking/v2.0/security-groups?tenant_id=77228da2520d45cc98ca3dc3dce5a3f8&name=default 0.153s
2025-03-06 02:24:32.457 68534 INFO tempest.lib.common.rest_client [req-86f1c2ee-cad7-41f5-8865-53c640f93f42 req-86f1c2ee-cad7-41f5-8865-53c640f93f42 ] Request (VolumesNegativeTest:tearDownClass): 204 DELETE http://10.180.1.21:9696/networking/v2.0/security-groups/e91c5e4d-1924-4392-a1bf-ab409756f4ad 0.090s
2025-03-06 02:24:32.516 68522 INFO tempest.lib.common.rest_client [req-28d73391-45d4-42d0-8532-718ae0f8e0d9 req-28d73391-45d4-42d0-8532-718ae0f8e0d9 ] Request (ServersTestJSON:test_create_server_specify_multibyte_character_name): 200 GET http://10.180.1.21/compute/v2.1/servers/caa0876c-5b5f-402a-a213-c830f3d002ff 0.068s
2025-03-06 02:24:32.522 68546 INFO tempest.lib.common.rest_client [req-25841215-4c8d-47fc-a6f6-b67a0a730118 req-25841215-4c8d-47fc-a6f6-b67a0a730118 ] Request (MigrationsAdminTest:test_resize_server_revert_deleted_flavor): 200 GET http://10.180.1.21/compute/v2.1/servers/06490586-425f-48d3-8ca5-233921272b66 0.089s
2025-03-06 02:24:32.533 68534 INFO tempest.lib.common.rest_client [req-d30518f3-b05e-40e9-bc18-a1b932fc56d3 req-d30518f3-b05e-40e9-bc18-a1b932fc56d3 ] Request (VolumesNegativeTest:tearDownClass): 204 DELETE http://10.180.1.21/identity/v3/projects/77228da2520d45cc98ca3dc3dce5a3f8 0.074s
2025-03-06 02:24:32.593 68502 INFO tempest.lib.common.rest_client [req-fc30b0ff-27a6-46bc-921a-9b9ca77bea15 req-fc30b0ff-27a6-46bc-921a-9b9ca77bea15 ] Request (ImagesOneServerTestJSON:tearDownClass): 200 GET http://10.180.1.21/compute/v2.1/servers/6f5dc2ac-dc34-4b23-83db-fedf1e69c0ae 0.094s
2025-03-06 02:24:32.599 68526 INFO tempest.lib.common.rest_client [req-d08a0a6a-e32b-49fc-9fec-847a8f7883a0 req-d08a0a6a-e32b-49fc-9fec-847a8f7883a0 ] Request (MultipleCreateTestJSON:tearDownClass): 200 GET http://10.180.1.21/compute/v2.1/servers/6c40593d-b531-4c5e-8db1-9d0c9c43900c 0.089s
2025-03-06 02:24:32.648 68506 INFO tempest.lib.common.rest_client [req-4653e293-0a09-4871-bb2e-f6e3599799ba req-4653e293-0a09-4871-bb2e-f6e3599799ba ] Request (ServersNegativeTestJSON:setUpClass): 200 GET http://10.180.1.21/compute/v2.1/servers/1b0f02c6-5620-4f89-830f-e2741ee7fde0 0.095s
2025-03-06 02:24:32.664 68536 INFO tempest.lib.common.rest_client [req-80ceaafb-a355-48f5-ae35-5240dc76076b req-80ceaafb-a355-48f5-ae35-5240dc76076b ] Request (ServersAdminTestJSON:test_inject_network_info): 200 GET http://10.180.1.21/compute/v2.1/servers/ee54c8fd-d1b5-4d12-a744-def735f0fe27 0.056s
2025-03-06 02:24:32.711 68540 INFO tempest.lib.common.rest_client [req-e6f38b89-b032-4316-8bad-5ea9fe02e229 req-e6f38b89-b032-4316-8bad-5ea9fe02e229 ] Request (ImagesTestJSON:test_create_image_from_suspended_server): 200 GET http://10.180.1.21/compute/v2.1/servers/e2fdffd0-ea96-45b4-92b3-a50349316a9c 0.066s
2025-03-06 02:24:32.716 68490 INFO tempest.lib.common.rest_client [req-f30d8cc7-46a3-4eda-8608-27e8c7085bba req-f30d8cc7-46a3-4eda-8608-27e8c7085bba ] Request (ServersTestFqdnHostnames:test_create_server_with_fqdn_name): 200 GET http://10.180.1.21/compute/v2.1/servers/011fe93e-3749-4b01-837d-a65674e170b3 0.060s
2025-03-06 02:24:32.784 68532 INFO tempest.lib.common.rest_client [req-2f387521-9a90-448e-aa15-a6a0e5665fab req-2f387521-9a90-448e-aa15-a6a0e5665fab ] Request (ServerGroupTestJSON:_run_cleanups): 200 GET http://10.180.1.21/compute/v2.1/servers/ca0a52bb-fcec-4bf9-b574-7f51aca6eaa3 0.078s
2025-03-06 02:24:32.786 68508 INFO tempest.lib.common.rest_client [req-5e676649-ee53-4837-8674-f9835da786c0 req-5e676649-ee53-4837-8674-f9835da786c0 ] Request (FloatingIPsAssociationTestJSON:setUpClass): 200 GET http://10.180.1.21/compute/v2.1/servers/fbd3a0fd-9c97-44d5-93ac-907de3599f9e 0.089s
2025-03-06 02:24:32.847 68510 INFO tempest.lib.common.rest_client [req-963bcc3e-8acf-48d7-b47c-c57aa05902d7 req-963bcc3e-8acf-48d7-b47c-c57aa05902d7 ] Request (ServersWithSpecificFlavorTestJSON:test_verify_created_server_ephemeral_disk): 200 GET http://10.180.1.21/compute/v2.1/servers/45f3f52b-8bc1-4795-bea8-2c30a4056f40 0.085s
2025-03-06 02:24:32.855 68504 INFO tempest.lib.common.rest_client [req-5143c483-8bc7-4570-9409-9554dd21491a req-5143c483-8bc7-4570-9409-9554dd21491a ] Request (ServerMetadataNegativeTestJSON:tearDownClass): 200 GET http://10.180.1.21/compute/v2.1/servers/7f57b127-7022-4fac-a471-e7be04a7938d 0.093s
2025-03-06 02:24:32.907 68518 INFO tempest.lib.common.rest_client [req-c850906a-824b-4efc-b045-95f8f0470cf9 req-c850906a-824b-4efc-b045-95f8f0470cf9 ] Request (ServerDiskConfigTestJSON:test_rebuild_server_with_manual_disk_config): 200 GET http://10.180.1.21/compute/v2.1/servers/7cef8515-e78d-48f4-85cf-e3cb109db7ae 0.075s
2025-03-06 02:24:32.916 68514 INFO tempest.lib.common.rest_client [req-ff51e27f-4bc0-4414-b3c1-ef5e52bcf411 req-ff51e27f-4bc0-4414-b3c1-ef5e52bcf411 ] Request (AttachInterfacesV270Test:tearDownClass): 200 GET http://10.180.1.21/compute/v2.1/servers/a9c8f668-f7f1-4af3-a2e4-6c84df23ae34 0.075s
2025-03-06 02:24:32.971 68492 INFO tempest.lib.common.rest_client [req-147d2081-64c8-4b16-9b0c-7621738dafeb req-147d2081-64c8-4b16-9b0c-7621738dafeb ] Request (InstanceActionsV221TestJSON:test_get_list_deleted_instance_actions): 200 GET http://10.180.1.21/compute/v2.1/servers/ebf24b8c-2e9e-4f2f-99f5-725c87308699 0.072s
2025-03-06 02:24:33.029 68488 INFO tempest.lib.common.rest_client [req-a3aa5f95-9a0e-4700-8295-da4b369cc841 req-a3aa5f95-9a0e-4700-8295-da4b369cc841 ] Request (ServersTestBootFromVolume:setUpClass): 200 GET http://10.180.1.21/compute/v2.1/servers/f68a1410-3133-43e6-93c8-bfaac9db0840 0.071s
2025-03-06 02:24:33.054 68512 INFO tempest.lib.common.rest_client [req-42d3f267-34a5-4c86-a1d8-3233d20dbcae req-42d3f267-34a5-4c86-a1d8-3233d20dbcae ] Request (ListServerFiltersTestJSON:setUpClass): 200 GET http://10.180.1.21/compute/v2.1/servers/d2ebe22b-0d4e-4f0a-b19e-c670a2cb7e99 0.144s
2025-03-06 02:24:33.064 68512 INFO tempest.common.waiters [-] State transition "BUILD/networking" ==> "BUILD/block_device_mapping" after 79 second wait
2025-03-06 02:24:33.089 68496 INFO tempest.lib.common.rest_client [req-2ec9f509-a8df-4d77-acc4-45cfef4dee55 req-2ec9f509-a8df-4d77-acc4-45cfef4dee55 ] Request (ServersListShow298Test:test_list_show_update_rebuild_server_298): 200 GET http://10.180.1.21/compute/v2.1/servers/e382429d-4899-4e16-b28c-260782a25e50 0.062s
2025-03-06 02:24:33.125 68494 INFO tempest.lib.common.rest_client [req-21bf2b74-6a4f-4c90-9b8f-88cf8d52ab08 req-21bf2b74-6a4f-4c90-9b8f-88cf8d52ab08 ] Request (ServerRescueNegativeTestJSON:test_rescued_vm_detach_volume): 200 GET http://10.180.1.21/compute/v2.1/servers/154ba180-8d21-4cab-8614-97d441aa5956 0.052s
2025-03-06 02:24:33.183 68484 INFO tempest.lib.common.rest_client [req-2d437984-03f7-4c9d-a20e-2e8a88305bf5 req-2d437984-03f7-4c9d-a20e-2e8a88305bf5 ] Request (VolumesAssistedSnapshotsTest:test_volume_assisted_snapshot_create_delete): 200 GET http://10.180.1.21/volume/v3/volumes/acd2090b-1d07-4f5c-9db3-aae46de98031 0.025s
2025-03-06 02:24:33.200 68542 INFO tempest.lib.common.rest_client [req-e03bea80-4a4f-4336-a891-1acebd605577 req-e03bea80-4a4f-4336-a891-1acebd605577 ] Request (ImagesOneServerNegativeTestJSON:_run_cleanups): 200 GET http://10.180.1.21/compute/v2.1/servers/55d5fa0b-4a33-43af-b0a5-ed46c2a9dcd8 0.049s
2025-03-06 02:24:33.263 68520 INFO tempest.lib.common.rest_client [req-e55ba40a-5c24-4cd1-8551-63a2826964c2 req-e55ba40a-5c24-4cd1-8551-63a2826964c2 ] Request (SecurityGroupsTestJSON:test_list_security_groups_by_server): 200 GET http://10.180.1.21/compute/v2.1/servers/bcf04501-b20b-4c01-8ca6-d73f5f6e5e26 0.050s
2025-03-06 02:24:33.586 68546 INFO tempest.lib.common.rest_client [req-ac453057-9dba-4044-b86b-80a2d1880567 req-ac453057-9dba-4044-b86b-80a2d1880567 ] Request (MigrationsAdminTest:test_resize_server_revert_deleted_flavor): 200 GET http://10.180.1.21/compute/v2.1/servers/06490586-425f-48d3-8ca5-233921272b66 0.054s
2025-03-06 02:24:33.587 68522 INFO tempest.lib.common.rest_client [req-fddb3915-d8a2-4799-abc0-2dc60b450043 req-fddb3915-d8a2-4799-abc0-2dc60b450043 ] Request (ServersTestJSON:test_create_server_specify_multibyte_character_name): 200 GET http://10.180.1.21/compute/v2.1/servers/caa0876c-5b5f-402a-a213-c830f3d002ff 0.056s
2025-03-06 02:24:33.669 68502 INFO tempest.lib.common.rest_client [req-2a574699-8ee7-49d4-8093-a3ccf159d744 req-2a574699-8ee7-49d4-8093-a3ccf159d744 ] Request (ImagesOneServerTestJSON:tearDownClass): 200 GET http://10.180.1.21/compute/v2.1/servers/6f5dc2ac-dc34-4b23-83db-fedf1e69c0ae 0.062s
2025-03-06 02:24:33.689 68526 INFO tempest.lib.common.rest_client [req-707cce54-1c01-4cff-ac0c-78bf10585a2b req-707cce54-1c01-4cff-ac0c-78bf10585a2b ] Request (MultipleCreateTestJSON:tearDownClass): 200 GET http://10.180.1.21/compute/v2.1/servers/6c40593d-b531-4c5e-8db1-9d0c9c43900c 0.081s
2025-03-06 02:24:33.761 68536 INFO tempest.lib.common.rest_client [req-34a87fe5-3649-4038-81fd-3eb67e5a458f req-34a87fe5-3649-4038-81fd-3eb67e5a458f ] Request (ServersAdminTestJSON:test_inject_network_info): 200 GET http://10.180.1.21/compute/v2.1/servers/ee54c8fd-d1b5-4d12-a744-def735f0fe27 0.087s
2025-03-06 02:24:33.778 68506 INFO tempest.lib.common.rest_client [req-e2750e57-c333-4b70-bee6-53233ad5443e req-e2750e57-c333-4b70-bee6-53233ad5443e ] Request (ServersNegativeTestJSON:setUpClass): 200 GET http://10.180.1.21/compute/v2.1/servers/1b0f02c6-5620-4f89-830f-e2741ee7fde0 0.118s
2025-03-06 02:24:33.820 68540 INFO tempest.lib.common.rest_client [req-5f84ee25-dad2-474d-9e5a-88cc4ba23fb2 req-5f84ee25-dad2-474d-9e5a-88cc4ba23fb2 ] Request (ImagesTestJSON:test_create_image_from_suspended_server): 200 GET http://10.180.1.21/compute/v2.1/servers/e2fdffd0-ea96-45b4-92b3-a50349316a9c 0.097s
2025-03-06 02:24:33.845 68490 INFO tempest.lib.common.rest_client [req-32004cec-375a-4693-8e2f-b8762a2f25ed req-32004cec-375a-4693-8e2f-b8762a2f25ed ] Request (ServersTestFqdnHostnames:test_create_server_with_fqdn_name): 200 GET http://10.180.1.21/compute/v2.1/servers/011fe93e-3749-4b01-837d-a65674e170b3 0.119s
2025-03-06 02:24:33.901 68532 INFO tempest.lib.common.rest_client [req-19c8ac84-bb91-42ca-aa8d-97f4a5204b1e req-19c8ac84-bb91-42ca-aa8d-97f4a5204b1e ] Request (ServerGroupTestJSON:_run_cleanups): 200 GET http://10.180.1.21/compute/v2.1/servers/ca0a52bb-fcec-4bf9-b574-7f51aca6eaa3 0.106s
2025-03-06 02:24:33.910 68508 INFO tempest.lib.common.rest_client [req-1af56f02-4a20-4392-87c9-676d961f1ea7 req-1af56f02-4a20-4392-87c9-676d961f1ea7 ] Request (FloatingIPsAssociationTestJSON:setUpClass): 200 GET http://10.180.1.21/compute/v2.1/servers/fbd3a0fd-9c97-44d5-93ac-907de3599f9e 0.109s
2025-03-06 02:24:33.951 68510 INFO tempest.lib.common.rest_client [req-67a84280-a78b-401f-9543-dc287c80b842 req-67a84280-a78b-401f-9543-dc287c80b842 ] Request (ServersWithSpecificFlavorTestJSON:test_verify_created_server_ephemeral_disk): 200 GET http://10.180.1.21/compute/v2.1/servers/45f3f52b-8bc1-4795-bea8-2c30a4056f40 0.095s
2025-03-06 02:24:33.964 68504 INFO tempest.lib.common.rest_client [req-59716532-b7ec-4bcc-8cfe-206a68cc4d35 req-59716532-b7ec-4bcc-8cfe-206a68cc4d35 ] Request (ServerMetadataNegativeTestJSON:tearDownClass): 200 GET http://10.180.1.21/compute/v2.1/servers/7f57b127-7022-4fac-a471-e7be04a7938d 0.093s
2025-03-06 02:24:33.998 68518 INFO tempest.lib.common.rest_client [req-ec0b4bfb-1285-456a-9900-68507737ed06 req-ec0b4bfb-1285-456a-9900-68507737ed06 ] Request (ServerDiskConfigTestJSON:test_rebuild_server_with_manual_disk_config): 200 GET http://10.180.1.21/compute/v2.1/servers/7cef8515-e78d-48f4-85cf-e3cb109db7ae 0.077s
2025-03-06 02:24:34.026 68514 INFO tempest.lib.common.rest_client [req-9e281d18-021d-4121-811d-f772dc9ab9ba req-9e281d18-021d-4121-811d-f772dc9ab9ba ] Request (AttachInterfacesV270Test:tearDownClass): 200 GET http://10.180.1.21/compute/v2.1/servers/a9c8f668-f7f1-4af3-a2e4-6c84df23ae34 0.098s
2025-03-06 02:24:34.050 68492 INFO tempest.lib.common.rest_client [req-009b7228-14aa-41ae-a34f-02ef3d3b118c req-009b7228-14aa-41ae-a34f-02ef3d3b118c ] Request (InstanceActionsV221TestJSON:test_get_list_deleted_instance_actions): 200 GET http://10.180.1.21/compute/v2.1/servers/ebf24b8c-2e9e-4f2f-99f5-725c87308699 0.069s
2025-03-06 02:24:34.095 68488 INFO tempest.lib.common.rest_client [req-eea5ad68-8d2e-4f89-b008-faa41428a70a req-eea5ad68-8d2e-4f89-b008-faa41428a70a ] Request (ServersTestBootFromVolume:setUpClass): 200 GET http://10.180.1.21/compute/v2.1/servers/f68a1410-3133-43e6-93c8-bfaac9db0840 0.056s
2025-03-06 02:24:34.165 68496 INFO tempest.lib.common.rest_client [req-791d8760-7bc6-4e42-84e6-7ad65671f4b9 req-791d8760-7bc6-4e42-84e6-7ad65671f4b9 ] Request (ServersListShow298Test:test_list_show_update_rebuild_server_298): 200 GET http://10.180.1.21/compute/v2.1/servers/e382429d-4899-4e16-b28c-260782a25e50 0.063s
2025-03-06 02:24:34.173 68512 INFO tempest.lib.common.rest_client [req-f08078aa-d17b-4d13-a708-3c8774b63125 req-f08078aa-d17b-4d13-a708-3c8774b63125 ] Request (ListServerFiltersTestJSON:setUpClass): 200 GET http://10.180.1.21/compute/v2.1/servers/d2ebe22b-0d4e-4f0a-b19e-c670a2cb7e99 0.107s
2025-03-06 02:24:34.180 68512 INFO tempest.common.waiters [-] State transition "BUILD/block_device_mapping" ==> "BUILD/spawning" after 80 second wait
2025-03-06 02:24:34.211 68494 INFO tempest.lib.common.rest_client [req-23143258-4949-4bd8-b4ab-42b9020508b5 req-23143258-4949-4bd8-b4ab-42b9020508b5 ] Request (ServerRescueNegativeTestJSON:test_rescued_vm_detach_volume): 200 GET http://10.180.1.21/compute/v2.1/servers/154ba180-8d21-4cab-8614-97d441aa5956 0.078s
2025-03-06 02:24:34.220 68484 INFO tempest.lib.common.rest_client [req-46242c65-3640-4164-b6f8-9ec5650c5926 req-46242c65-3640-4164-b6f8-9ec5650c5926 ] Request (VolumesAssistedSnapshotsTest:test_volume_assisted_snapshot_create_delete): 200 GET http://10.180.1.21/volume/v3/volumes/acd2090b-1d07-4f5c-9db3-aae46de98031 0.030s
2025-03-06 02:24:34.260 68542 INFO tempest.lib.common.rest_client [req-5458500e-7c0a-4fcb-bed4-f4cae6627d98 req-5458500e-7c0a-4fcb-bed4-f4cae6627d98 ] Request (ImagesOneServerNegativeTestJSON:_run_cleanups): 200 GET http://10.180.1.21/compute/v2.1/servers/55d5fa0b-4a33-43af-b0a5-ed46c2a9dcd8 0.051s
2025-03-06 02:24:34.321 68520 INFO tempest.lib.common.rest_client [req-15716206-8aa1-4933-aa23-67e65851ef4f req-15716206-8aa1-4933-aa23-67e65851ef4f ] Request (SecurityGroupsTestJSON:test_list_security_groups_by_server): 200 GET http://10.180.1.21/compute/v2.1/servers/bcf04501-b20b-4c01-8ca6-d73f5f6e5e26 0.049s
2025-03-06 02:24:34.654 68546 INFO tempest.lib.common.rest_client [req-ae2260a3-d392-4bb8-a069-c0466d30ed57 req-ae2260a3-d392-4bb8-a069-c0466d30ed57 ] Request (MigrationsAdminTest:test_resize_server_revert_deleted_flavor): 200 GET http://10.180.1.21/compute/v2.1/servers/06490586-425f-48d3-8ca5-233921272b66 0.060s
2025-03-06 02:24:34.656 68522 INFO tempest.lib.common.rest_client [req-f164efef-ad80-404a-93c8-a6ffffed6042 req-f164efef-ad80-404a-93c8-a6ffffed6042 ] Request (ServersTestJSON:test_create_server_specify_multibyte_character_name): 200 GET http://10.180.1.21/compute/v2.1/servers/caa0876c-5b5f-402a-a213-c830f3d002ff 0.061s
2025-03-06 02:24:34.752 68502 INFO tempest.lib.common.rest_client [req-bf6ac69b-a58c-46a0-a98c-9f30fc739d90 req-bf6ac69b-a58c-46a0-a98c-9f30fc739d90 ] Request (ImagesOneServerTestJSON:tearDownClass): 200 GET http://10.180.1.21/compute/v2.1/servers/6f5dc2ac-dc34-4b23-83db-fedf1e69c0ae 0.074s
2025-03-06 02:24:34.780 68526 INFO tempest.lib.common.rest_client [req-1e6ace7e-59a1-47b6-a81c-c6a78abe0d85 req-1e6ace7e-59a1-47b6-a81c-c6a78abe0d85 ] Request (MultipleCreateTestJSON:tearDownClass): 200 GET http://10.180.1.21/compute/v2.1/servers/6c40593d-b531-4c5e-8db1-9d0c9c43900c 0.080s
2025-03-06 02:24:34.831 68536 INFO tempest.lib.common.rest_client [req-73dd7491-6ab1-468e-956d-a30577d56f52 req-73dd7491-6ab1-468e-956d-a30577d56f52 ] Request (ServersAdminTestJSON:test_inject_network_info): 200 GET http://10.180.1.21/compute/v2.1/servers/ee54c8fd-d1b5-4d12-a744-def735f0fe27 0.061s
2025-03-06 02:24:34.853 68506 INFO tempest.lib.common.rest_client [req-53956468-3e24-4e4f-95b7-475199088bdd req-53956468-3e24-4e4f-95b7-475199088bdd ] Request (ServersNegativeTestJSON:setUpClass): 200 GET http://10.180.1.21/compute/v2.1/servers/1b0f02c6-5620-4f89-830f-e2741ee7fde0 0.067s
2025-03-06 02:24:34.889 68540 INFO tempest.lib.common.rest_client [req-475cf78e-5319-4c67-a462-62a2205b17a8 req-475cf78e-5319-4c67-a462-62a2205b17a8 ] Request (ImagesTestJSON:test_create_image_from_suspended_server): 200 GET http://10.180.1.21/compute/v2.1/servers/e2fdffd0-ea96-45b4-92b3-a50349316a9c 0.062s
2025-03-06 02:24:34.904 68528 INFO paramiko.transport [-] Connected (version 2.0, client dropbear_2020.81)
2025-03-06 02:24:34.914 68490 INFO tempest.lib.common.rest_client [req-f721c0c3-7303-4792-bed6-bc3bf82f9875 req-f721c0c3-7303-4792-bed6-bc3bf82f9875 ] Request (ServersTestFqdnHostnames:test_create_server_with_fqdn_name): 200 GET http://10.180.1.21/compute/v2.1/servers/011fe93e-3749-4b01-837d-a65674e170b3 0.061s
2025-03-06 02:24:34.976 68508 INFO tempest.lib.common.rest_client [req-61db6cff-38f7-4337-9a3a-d8605a656b13 req-61db6cff-38f7-4337-9a3a-d8605a656b13 ] Request (FloatingIPsAssociationTestJSON:setUpClass): 200 GET http://10.180.1.21/compute/v2.1/servers/fbd3a0fd-9c97-44d5-93ac-907de3599f9e 0.056s
2025-03-06 02:24:34.981 68532 INFO tempest.lib.common.rest_client [req-8eec147e-06b6-49f8-ba3a-a87026581a48 req-8eec147e-06b6-49f8-ba3a-a87026581a48 ] Request (ServerGroupTestJSON:_run_cleanups): 200 GET http://10.180.1.21/compute/v2.1/servers/ca0a52bb-fcec-4bf9-b574-7f51aca6eaa3 0.073s
2025-03-06 02:24:35.013 68528 INFO paramiko.transport [-] Authentication (publickey) successful!
2025-03-06 02:24:35.014 68528 INFO tempest.lib.common.ssh [-] ssh connection to cirros@10.180.180.128 successfully created
2025-03-06 02:24:35.022 68510 INFO tempest.lib.common.rest_client [req-0dfc3420-a66f-44e0-8cc2-e8c64bc3612c req-0dfc3420-a66f-44e0-8cc2-e8c64bc3612c ] Request (ServersWithSpecificFlavorTestJSON:test_verify_created_server_ephemeral_disk): 200 GET http://10.180.1.21/compute/v2.1/servers/45f3f52b-8bc1-4795-bea8-2c30a4056f40 0.063s
2025-03-06 02:24:35.024 68528 INFO tempest.lib.common.ssh [-] Creating ssh connection to '10.180.180.128:22' as 'cirros' with public key authentication
2025-03-06 02:24:35.028 68528 INFO paramiko.transport [-] Connected (version 2.0, client dropbear_2020.81)
2025-03-06 02:24:35.046 68504 INFO tempest.lib.common.rest_client [req-8348d786-a231-4ead-841b-86097f7d3be4 req-8348d786-a231-4ead-841b-86097f7d3be4 ] Request (ServerMetadataNegativeTestJSON:tearDownClass): 200 GET http://10.180.1.21/compute/v2.1/servers/7f57b127-7022-4fac-a471-e7be04a7938d 0.074s
2025-03-06 02:24:35.075 68518 INFO tempest.lib.common.rest_client [req-ac2cbb2c-c579-456d-9e1c-5b9fe98f39b8 req-ac2cbb2c-c579-456d-9e1c-5b9fe98f39b8 ] Request (ServerDiskConfigTestJSON:test_rebuild_server_with_manual_disk_config): 200 GET http://10.180.1.21/compute/v2.1/servers/7cef8515-e78d-48f4-85cf-e3cb109db7ae 0.068s
2025-03-06 02:24:35.107 68514 INFO tempest.lib.common.rest_client [req-ce27b6bb-56b8-48ad-acc1-36150d4c39cc req-ce27b6bb-56b8-48ad-acc1-36150d4c39cc ] Request (AttachInterfacesV270Test:tearDownClass): 200 GET http://10.180.1.21/compute/v2.1/servers/a9c8f668-f7f1-4af3-a2e4-6c84df23ae34 0.072s
2025-03-06 02:24:35.122 68492 INFO tempest.lib.common.rest_client [req-95a39137-0195-4213-a1a7-f3b4ecbd9bcf req-95a39137-0195-4213-a1a7-f3b4ecbd9bcf ] Request (InstanceActionsV221TestJSON:test_get_list_deleted_instance_actions): 200 GET http://10.180.1.21/compute/v2.1/servers/ebf24b8c-2e9e-4f2f-99f5-725c87308699 0.061s
2025-03-06 02:24:35.131 68528 INFO paramiko.transport [-] Authentication (publickey) successful!
2025-03-06 02:24:35.132 68528 INFO tempest.lib.common.ssh [-] ssh connection to cirros@10.180.180.128 successfully created
2025-03-06 02:24:35.157 68488 INFO tempest.lib.common.rest_client [req-7ab05d96-f921-4135-9903-65aa530129d5 req-7ab05d96-f921-4135-9903-65aa530129d5 ] Request (ServersTestBootFromVolume:setUpClass): 200 GET http://10.180.1.21/compute/v2.1/servers/f68a1410-3133-43e6-93c8-bfaac9db0840 0.054s
2025-03-06 02:24:35.253 68496 INFO tempest.lib.common.rest_client [req-ef18ee6c-02a2-4fed-b4b8-adf5f1079418 req-ef18ee6c-02a2-4fed-b4b8-adf5f1079418 ] Request (ServersListShow298Test:test_list_show_update_rebuild_server_298): 200 GET http://10.180.1.21/compute/v2.1/servers/e382429d-4899-4e16-b28c-260782a25e50 0.071s
2025-03-06 02:24:35.266 68484 INFO tempest.lib.common.rest_client [req-c4156dd0-236b-4e0e-be35-916e28b7a2aa req-c4156dd0-236b-4e0e-be35-916e28b7a2aa ] Request (VolumesAssistedSnapshotsTest:test_volume_assisted_snapshot_create_delete): 200 GET http://10.180.1.21/volume/v3/volumes/acd2090b-1d07-4f5c-9db3-aae46de98031 0.038s
2025-03-06 02:24:35.276 68484 INFO tempest.common.waiters [-] Attachment f5d54326-9095-4344-9a96-d7a8c80b7fe7 created for volume acd2090b-1d07-4f5c-9db3-aae46de98031 to server 6a2fb82c-cbe7-4955-8f51-a5440d4f1f2c after waiting for 8.275980 seconds
2025-03-06 02:24:35.302 68484 INFO tempest.lib.common.rest_client [req-ed659bff-cde7-4a73-aafa-3fa0e3dd1aa5 req-ed659bff-cde7-4a73-aafa-3fa0e3dd1aa5 ] Request (VolumesAssistedSnapshotsTest:test_volume_assisted_snapshot_create_delete): 200 GET http://10.180.1.21/volume/v3/volumes/acd2090b-1d07-4f5c-9db3-aae46de98031 0.026s
2025-03-06 02:24:35.305 68494 INFO tempest.lib.common.rest_client [req-053e464f-d902-4920-b67b-c35757fccbc7 req-053e464f-d902-4920-b67b-c35757fccbc7 ] Request (ServerRescueNegativeTestJSON:test_rescued_vm_detach_volume): 200 GET http://10.180.1.21/compute/v2.1/servers/154ba180-8d21-4cab-8614-97d441aa5956 0.086s
2025-03-06 02:24:35.308 68512 INFO tempest.lib.common.rest_client [req-6527e969-244b-4ee2-ab03-909db305b80b req-6527e969-244b-4ee2-ab03-909db305b80b ] Request (ListServerFiltersTestJSON:setUpClass): 200 GET http://10.180.1.21/compute/v2.1/servers/d2ebe22b-0d4e-4f0a-b19e-c670a2cb7e99 0.128s
2025-03-06 02:24:35.313 68484 INFO tempest.common.waiters [-] volume acd2090b-1d07-4f5c-9db3-aae46de98031 reached in-use after waiting for 0.313064 seconds
2025-03-06 02:24:35.361 68542 INFO tempest.lib.common.rest_client [req-ebab4db1-afa6-4061-890f-5871f293e4a4 req-ebab4db1-afa6-4061-890f-5871f293e4a4 ] Request (ImagesOneServerNegativeTestJSON:_run_cleanups): 200 GET http://10.180.1.21/compute/v2.1/servers/55d5fa0b-4a33-43af-b0a5-ed46c2a9dcd8 0.093s
2025-03-06 02:24:35.419 68520 INFO tempest.lib.common.rest_client [req-e291fc23-9ae5-4f40-b9f6-a42b719d11c9 req-e291fc23-9ae5-4f40-b9f6-a42b719d11c9 ] Request (SecurityGroupsTestJSON:test_list_security_groups_by_server): 200 GET http://10.180.1.21/compute/v2.1/servers/bcf04501-b20b-4c01-8ca6-d73f5f6e5e26 0.089s
2025-03-06 02:24:35.512 68484 INFO tempest.lib.common.rest_client [req-8c25f661-eced-43f4-8e98-6d95efe697da req-8c25f661-eced-43f4-8e98-6d95efe697da ] Request (VolumesAssistedSnapshotsTest:test_volume_assisted_snapshot_create_delete): 200 POST http://10.180.1.21/compute/v2.1/os-assisted-volume-snapshots 0.199s
2025-03-06 02:24:35.558 68484 INFO tempest.lib.common.rest_client [req-6c2e6c1c-00fe-4d2c-874f-2b2ae01919c6 req-6c2e6c1c-00fe-4d2c-874f-2b2ae01919c6 ] Request (VolumesAssistedSnapshotsTest:test_volume_assisted_snapshot_create_delete): 204 DELETE http://10.180.1.21/compute/v2.1/os-assisted-volume-snapshots/None?delete_info=%7B%22volume_id%22%3A+%22acd2090b-1d07-4f5c-9db3-aae46de98031%22%7D 0.045s
2025-03-06 02:24:35.583 68484 INFO tempest.lib.common.rest_client [req-b4fad92d-2cde-4995-9a96-925a2546b72d req-b4fad92d-2cde-4995-9a96-925a2546b72d ] Request (VolumesAssistedSnapshotsTest:_run_cleanups): 200 GET http://10.180.1.21/volume/v3/volumes/acd2090b-1d07-4f5c-9db3-aae46de98031 0.025s
2025-03-06 02:24:35.716 68546 INFO tempest.lib.common.rest_client [req-7248fc44-4213-4db6-90aa-24dd1e0c0cb8 req-7248fc44-4213-4db6-90aa-24dd1e0c0cb8 ] Request (MigrationsAdminTest:test_resize_server_revert_deleted_flavor): 200 GET http://10.180.1.21/compute/v2.1/servers/06490586-425f-48d3-8ca5-233921272b66 0.054s
2025-03-06 02:24:35.735 68484 INFO tempest.lib.common.rest_client [req-1efe7e39-795f-4a33-9d66-c4894bacbb15 req-1efe7e39-795f-4a33-9d66-c4894bacbb15 ] Request (VolumesAssistedSnapshotsTest:_run_cleanups): 202 DELETE http://10.180.1.21/compute/v2.1/servers/6a2fb82c-cbe7-4955-8f51-a5440d4f1f2c/os-volume_attachments/acd2090b-1d07-4f5c-9db3-aae46de98031 0.145s
2025-03-06 02:24:35.767 68522 INFO tempest.lib.common.rest_client [req-1883a7d9-18fa-4cd8-8627-3f6492fe841c req-1883a7d9-18fa-4cd8-8627-3f6492fe841c ] Request (ServersTestJSON:test_create_server_specify_multibyte_character_name): 200 GET http://10.180.1.21/compute/v2.1/servers/caa0876c-5b5f-402a-a213-c830f3d002ff 0.103s
2025-03-06 02:24:35.795 68484 INFO tempest.lib.common.rest_client [req-b4f4d40d-5592-48d2-b914-a70d4bfc8306 req-b4f4d40d-5592-48d2-b914-a70d4bfc8306 ] Request (VolumesAssistedSnapshotsTest:_run_cleanups): 200 GET http://10.180.1.21/compute/v2.1/servers/6a2fb82c-cbe7-4955-8f51-a5440d4f1f2c/os-volume_attachments 0.059s
2025-03-06 02:24:35.837 68502 INFO tempest.lib.common.rest_client [req-3806b0e0-b1d0-4b98-872c-9f4eab6f1117 req-3806b0e0-b1d0-4b98-872c-9f4eab6f1117 ] Request (ImagesOneServerTestJSON:tearDownClass): 200 GET http://10.180.1.21/compute/v2.1/servers/6f5dc2ac-dc34-4b23-83db-fedf1e69c0ae 0.077s
2025-03-06 02:24:35.857 68526 INFO tempest.lib.common.rest_client [req-2d8804a2-045c-4609-bc60-ceee184ca72b req-2d8804a2-045c-4609-bc60-ceee184ca72b ] Request (MultipleCreateTestJSON:tearDownClass): 200 GET http://10.180.1.21/compute/v2.1/servers/6c40593d-b531-4c5e-8db1-9d0c9c43900c 0.066s
2025-03-06 02:24:35.898 68536 INFO tempest.lib.common.rest_client [req-64659c44-91cf-4d2c-9969-0363f17ed372 req-64659c44-91cf-4d2c-9969-0363f17ed372 ] Request (ServersAdminTestJSON:test_inject_network_info): 200 GET http://10.180.1.21/compute/v2.1/servers/ee54c8fd-d1b5-4d12-a744-def735f0fe27 0.057s
2025-03-06 02:24:35.929 68506 INFO tempest.lib.common.rest_client [req-8bbc8a1e-48c3-492e-ba2b-efc720a517f2 req-8bbc8a1e-48c3-492e-ba2b-efc720a517f2 ] Request (ServersNegativeTestJSON:setUpClass): 200 GET http://10.180.1.21/compute/v2.1/servers/1b0f02c6-5620-4f89-830f-e2741ee7fde0 0.058s
2025-03-06 02:24:35.949 68540 INFO tempest.lib.common.rest_client [req-98a7c955-73a3-4501-80ff-82f0682077a8 req-98a7c955-73a3-4501-80ff-82f0682077a8 ] Request (ImagesTestJSON:test_create_image_from_suspended_server): 200 GET http://10.180.1.21/compute/v2.1/servers/e2fdffd0-ea96-45b4-92b3-a50349316a9c 0.052s
2025-03-06 02:24:35.979 68490 INFO tempest.lib.common.rest_client [req-e5cba7db-f409-4edc-9100-68bd8f520dfb req-e5cba7db-f409-4edc-9100-68bd8f520dfb ] Request (ServersTestFqdnHostnames:test_create_server_with_fqdn_name): 200 GET http://10.180.1.21/compute/v2.1/servers/011fe93e-3749-4b01-837d-a65674e170b3 0.053s
2025-03-06 02:24:35.986 68490 INFO tempest.common.waiters [-] State transition "BUILD/None" ==> "BUILD/networking" after 80 second wait
2025-03-06 02:24:36.032 68508 INFO tempest.lib.common.rest_client [req-5445e9eb-5d99-4c1f-907b-10f9d0c730b7 req-5445e9eb-5d99-4c1f-907b-10f9d0c730b7 ] Request (FloatingIPsAssociationTestJSON:setUpClass): 200 GET http://10.180.1.21/compute/v2.1/servers/fbd3a0fd-9c97-44d5-93ac-907de3599f9e 0.048s
2025-03-06 02:24:36.045 68532 INFO tempest.lib.common.rest_client [req-64dcfca3-5045-4df8-b7f8-905d64bcd874 req-64dcfca3-5045-4df8-b7f8-905d64bcd874 ] Request (ServerGroupTestJSON:_run_cleanups): 200 GET http://10.180.1.21/compute/v2.1/servers/ca0a52bb-fcec-4bf9-b574-7f51aca6eaa3 0.055s
2025-03-06 02:24:36.088 68510 INFO tempest.lib.common.rest_client [req-1dda6930-cae7-42db-bd9a-c53adee0b6ca req-1dda6930-cae7-42db-bd9a-c53adee0b6ca ] Request (ServersWithSpecificFlavorTestJSON:test_verify_created_server_ephemeral_disk): 200 GET http://10.180.1.21/compute/v2.1/servers/45f3f52b-8bc1-4795-bea8-2c30a4056f40 0.055s
2025-03-06 02:24:36.115 68504 INFO tempest.lib.common.rest_client [req-a050a83e-2b80-480a-97cf-1ed6b3d0b124 req-a050a83e-2b80-480a-97cf-1ed6b3d0b124 ] Request (ServerMetadataNegativeTestJSON:tearDownClass): 200 GET http://10.180.1.21/compute/v2.1/servers/7f57b127-7022-4fac-a471-e7be04a7938d 0.057s
2025-03-06 02:24:36.135 68518 INFO tempest.lib.common.rest_client [req-3aba97cf-4ad9-47b6-ac32-75503cd9f8bf req-3aba97cf-4ad9-47b6-ac32-75503cd9f8bf ] Request (ServerDiskConfigTestJSON:test_rebuild_server_with_manual_disk_config): 200 GET http://10.180.1.21/compute/v2.1/servers/7cef8515-e78d-48f4-85cf-e3cb109db7ae 0.051s
2025-03-06 02:24:36.185 68514 INFO tempest.lib.common.rest_client [req-eed4cdcb-52d6-4292-9efc-824ebed3d3d9 req-eed4cdcb-52d6-4292-9efc-824ebed3d3d9 ] Request (AttachInterfacesV270Test:tearDownClass): 200 GET http://10.180.1.21/compute/v2.1/servers/a9c8f668-f7f1-4af3-a2e4-6c84df23ae34 0.068s
2025-03-06 02:24:36.193 68492 INFO tempest.lib.common.rest_client [req-0a9da5b1-df1f-4847-b4da-6d5ce40bf305 req-0a9da5b1-df1f-4847-b4da-6d5ce40bf305 ] Request (InstanceActionsV221TestJSON:test_get_list_deleted_instance_actions): 200 GET http://10.180.1.21/compute/v2.1/servers/ebf24b8c-2e9e-4f2f-99f5-725c87308699 0.061s
2025-03-06 02:24:36.260 68488 INFO tempest.lib.common.rest_client [req-13d00c11-692b-4782-b891-0ace42512772 req-13d00c11-692b-4782-b891-0ace42512772 ] Request (ServersTestBootFromVolume:setUpClass): 200 GET http://10.180.1.21/compute/v2.1/servers/f68a1410-3133-43e6-93c8-bfaac9db0840 0.090s
2025-03-06 02:24:36.261 68528 INFO tempest.lib.common.rest_client [req-1b0e3896-2eb0-4f1f-9923-b198a2331ce4 req-1b0e3896-2eb0-4f1f-9923-b198a2331ce4 ] Request (ServersV294TestFqdnHostnames:tearDownClass): 204 DELETE http://10.180.1.21/compute/v2.1/servers/d9335c00-8fe9-4550-a008-6e3fe9859294 0.103s
2025-03-06 02:24:36.363 68496 INFO tempest.lib.common.rest_client [req-9af6fe95-e8dd-4f19-959e-46a6680b5fc1 req-9af6fe95-e8dd-4f19-959e-46a6680b5fc1 ] Request (ServersListShow298Test:test_list_show_update_rebuild_server_298): 200 GET http://10.180.1.21/compute/v2.1/servers/e382429d-4899-4e16-b28c-260782a25e50 0.096s
2025-03-06 02:24:36.427 68494 INFO tempest.lib.common.rest_client [req-67e04c41-28ab-401e-8089-1c31551e726d req-67e04c41-28ab-401e-8089-1c31551e726d ] Request (ServerRescueNegativeTestJSON:test_rescued_vm_detach_volume): 200 GET http://10.180.1.21/compute/v2.1/servers/154ba180-8d21-4cab-8614-97d441aa5956 0.114s
2025-03-06 02:24:36.435 68528 INFO tempest.lib.common.rest_client [req-ce7b9bbf-9a56-4d27-8206-d2f5e00a4a02 req-ce7b9bbf-9a56-4d27-8206-d2f5e00a4a02 ] Request (ServersV294TestFqdnHostnames:tearDownClass): 200 GET http://10.180.1.21/compute/v2.1/servers/d9335c00-8fe9-4550-a008-6e3fe9859294 0.173s
2025-03-06 02:24:36.502 68542 INFO tempest.lib.common.rest_client [req-9e5b076e-4d0f-4f3e-a579-73962f7c1190 req-9e5b076e-4d0f-4f3e-a579-73962f7c1190 ] Request (ImagesOneServerNegativeTestJSON:_run_cleanups): 200 GET http://10.180.1.21/compute/v2.1/servers/55d5fa0b-4a33-43af-b0a5-ed46c2a9dcd8 0.130s
2025-03-06 02:24:36.532 68512 INFO tempest.lib.common.rest_client [req-b26ca0a3-929b-4564-88ce-e42d2cea5537 req-b26ca0a3-929b-4564-88ce-e42d2cea5537 ] Request (ListServerFiltersTestJSON:setUpClass): 200 GET http://10.180.1.21/compute/v2.1/servers/d2ebe22b-0d4e-4f0a-b19e-c670a2cb7e99 0.217s
2025-03-06 02:24:36.550 68520 INFO tempest.lib.common.rest_client [req-f4b50fcf-2c61-4b0c-82cf-154492dafd25 req-f4b50fcf-2c61-4b0c-82cf-154492dafd25 ] Request (SecurityGroupsTestJSON:test_list_security_groups_by_server): 200 GET http://10.180.1.21/compute/v2.1/servers/bcf04501-b20b-4c01-8ca6-d73f5f6e5e26 0.123s
2025-03-06 02:24:36.775 68546 INFO tempest.lib.common.rest_client [req-94b7287e-73e5-437b-b7c6-4bdf0baef7ba req-94b7287e-73e5-437b-b7c6-4bdf0baef7ba ] Request (MigrationsAdminTest:test_resize_server_revert_deleted_flavor): 200 GET http://10.180.1.21/compute/v2.1/servers/06490586-425f-48d3-8ca5-233921272b66 0.051s
2025-03-06 02:24:36.829 68484 INFO tempest.lib.common.rest_client [req-f3fbf0e2-4709-4695-998c-aac0cf6626e0 req-f3fbf0e2-4709-4695-998c-aac0cf6626e0 ] Request (VolumesAssistedSnapshotsTest:_run_cleanups): 200 GET http://10.180.1.21/compute/v2.1/servers/6a2fb82c-cbe7-4955-8f51-a5440d4f1f2c/os-volume_attachments 0.031s
2025-03-06 02:24:36.833 68522 INFO tempest.lib.common.rest_client [req-a9cd901a-c18e-46d1-b0a6-be2352a9a879 req-a9cd901a-c18e-46d1-b0a6-be2352a9a879 ] Request (ServersTestJSON:test_create_server_specify_multibyte_character_name): 200 GET http://10.180.1.21/compute/v2.1/servers/caa0876c-5b5f-402a-a213-c830f3d002ff 0.058s
2025-03-06 02:24:36.911 68502 INFO tempest.lib.common.rest_client [req-c9b197b9-bf72-4044-9e94-dffbd6c558d5 req-c9b197b9-bf72-4044-9e94-dffbd6c558d5 ] Request (ImagesOneServerTestJSON:tearDownClass): 200 GET http://10.180.1.21/compute/v2.1/servers/6f5dc2ac-dc34-4b23-83db-fedf1e69c0ae 0.066s
2025-03-06 02:24:36.928 68526 INFO tempest.lib.common.rest_client [req-b8c746a5-4e65-4c77-83d9-9a1d6cc31957 req-b8c746a5-4e65-4c77-83d9-9a1d6cc31957 ] Request (MultipleCreateTestJSON:tearDownClass): 200 GET http://10.180.1.21/compute/v2.1/servers/6c40593d-b531-4c5e-8db1-9d0c9c43900c 0.062s
2025-03-06 02:24:36.964 68536 INFO tempest.lib.common.rest_client [req-73634715-270c-4233-906a-26f32a7ca843 req-73634715-270c-4233-906a-26f32a7ca843 ] Request (ServersAdminTestJSON:test_inject_network_info): 200 GET http://10.180.1.21/compute/v2.1/servers/ee54c8fd-d1b5-4d12-a744-def735f0fe27 0.059s
2025-03-06 02:24:36.993 68506 INFO tempest.lib.common.rest_client [req-5bc65269-521a-4afb-aacb-5f1fb6e3e159 req-5bc65269-521a-4afb-aacb-5f1fb6e3e159 ] Request (ServersNegativeTestJSON:setUpClass): 200 GET http://10.180.1.21/compute/v2.1/servers/1b0f02c6-5620-4f89-830f-e2741ee7fde0 0.055s
2025-03-06 02:24:37.018 68540 INFO tempest.lib.common.rest_client [req-d66573e3-4f5f-4a64-993d-0fa9d4588103 req-d66573e3-4f5f-4a64-993d-0fa9d4588103 ] Request (ImagesTestJSON:test_create_image_from_suspended_server): 200 GET http://10.180.1.21/compute/v2.1/servers/e2fdffd0-ea96-45b4-92b3-a50349316a9c 0.061s
2025-03-06 02:24:37.095 68508 INFO tempest.lib.common.rest_client [req-d1735d6a-325f-41a2-87ea-a1384236f360 req-d1735d6a-325f-41a2-87ea-a1384236f360 ] Request (FloatingIPsAssociationTestJSON:setUpClass): 200 GET http://10.180.1.21/compute/v2.1/servers/fbd3a0fd-9c97-44d5-93ac-907de3599f9e 0.055s
2025-03-06 02:24:37.132 68490 INFO tempest.lib.common.rest_client [req-6f6c4197-b0d3-4d12-99f2-e9f8acd9f98c req-6f6c4197-b0d3-4d12-99f2-e9f8acd9f98c ] Request (ServersTestFqdnHostnames:test_create_server_with_fqdn_name): 200 GET http://10.180.1.21/compute/v2.1/servers/011fe93e-3749-4b01-837d-a65674e170b3 0.145s
2025-03-06 02:24:37.139 68490 INFO tempest.common.waiters [-] State transition "BUILD/networking" ==> "BUILD/spawning" after 82 second wait
2025-03-06 02:24:37.146 68532 INFO tempest.lib.common.rest_client [req-cb282b3f-6294-4467-bf85-28c2ed7a8c24 req-cb282b3f-6294-4467-bf85-28c2ed7a8c24 ] Request (ServerGroupTestJSON:_run_cleanups): 200 GET http://10.180.1.21/compute/v2.1/servers/ca0a52bb-fcec-4bf9-b574-7f51aca6eaa3 0.092s
2025-03-06 02:24:37.176 68510 INFO tempest.lib.common.rest_client [req-b8d0d7af-3aa3-49cb-b1e5-1e9999bceb38 req-b8d0d7af-3aa3-49cb-b1e5-1e9999bceb38 ] Request (ServersWithSpecificFlavorTestJSON:test_verify_created_server_ephemeral_disk): 200 GET http://10.180.1.21/compute/v2.1/servers/45f3f52b-8bc1-4795-bea8-2c30a4056f40 0.080s
2025-03-06 02:24:37.196 68504 INFO tempest.lib.common.rest_client [req-ba2c16d1-9a2a-41ea-a0ef-2d1945922c46 req-ba2c16d1-9a2a-41ea-a0ef-2d1945922c46 ] Request (ServerMetadataNegativeTestJSON:tearDownClass): 200 GET http://10.180.1.21/compute/v2.1/servers/7f57b127-7022-4fac-a471-e7be04a7938d 0.073s
2025-03-06 02:24:37.219 68518 INFO tempest.lib.common.rest_client [req-57890841-85a1-4867-9ba8-e12c673f1b6d req-57890841-85a1-4867-9ba8-e12c673f1b6d ] Request (ServerDiskConfigTestJSON:test_rebuild_server_with_manual_disk_config): 200 GET http://10.180.1.21/compute/v2.1/servers/7cef8515-e78d-48f4-85cf-e3cb109db7ae 0.075s
2025-03-06 02:24:37.253 68514 INFO tempest.lib.common.rest_client [req-155e3094-1569-417b-bb4f-660e88ae40ae req-155e3094-1569-417b-bb4f-660e88ae40ae ] Request (AttachInterfacesV270Test:tearDownClass): 200 GET http://10.180.1.21/compute/v2.1/servers/a9c8f668-f7f1-4af3-a2e4-6c84df23ae34 0.054s
2025-03-06 02:24:37.262 68492 INFO tempest.lib.common.rest_client [req-6d01ff5c-a0d2-49a6-8d0e-c9d8ebbb41ae req-6d01ff5c-a0d2-49a6-8d0e-c9d8ebbb41ae ] Request (InstanceActionsV221TestJSON:test_get_list_deleted_instance_actions): 200 GET http://10.180.1.21/compute/v2.1/servers/ebf24b8c-2e9e-4f2f-99f5-725c87308699 0.060s
2025-03-06 02:24:37.324 68488 INFO tempest.lib.common.rest_client [req-b35e4d0b-a340-4eda-834d-f44a32ad0853 req-b35e4d0b-a340-4eda-834d-f44a32ad0853 ] Request (ServersTestBootFromVolume:setUpClass): 200 GET http://10.180.1.21/compute/v2.1/servers/f68a1410-3133-43e6-93c8-bfaac9db0840 0.053s
2025-03-06 02:24:37.435 68496 INFO tempest.lib.common.rest_client [req-b5bfc6eb-5143-4267-842b-76875a6f3731 req-b5bfc6eb-5143-4267-842b-76875a6f3731 ] Request (ServersListShow298Test:test_list_show_update_rebuild_server_298): 200 GET http://10.180.1.21/compute/v2.1/servers/e382429d-4899-4e16-b28c-260782a25e50 0.057s
2025-03-06 02:24:37.495 68494 INFO tempest.lib.common.rest_client [req-e983f24f-2f53-4f4e-b454-0288093761fc req-e983f24f-2f53-4f4e-b454-0288093761fc ] Request (ServerRescueNegativeTestJSON:test_rescued_vm_detach_volume): 200 GET http://10.180.1.21/compute/v2.1/servers/154ba180-8d21-4cab-8614-97d441aa5956 0.060s
2025-03-06 02:24:37.546 68528 INFO tempest.lib.common.rest_client [req-cf96141b-cd80-4139-9198-c81f85d66b52 req-cf96141b-cd80-4139-9198-c81f85d66b52 ] Request (ServersV294TestFqdnHostnames:tearDownClass): 200 GET http://10.180.1.21/compute/v2.1/servers/d9335c00-8fe9-4550-a008-6e3fe9859294 0.101s
2025-03-06 02:24:37.556 68542 INFO tempest.lib.common.rest_client [req-47ccdf96-dab1-4b17-8054-656796c743f3 req-47ccdf96-dab1-4b17-8054-656796c743f3 ] Request (ImagesOneServerNegativeTestJSON:_run_cleanups): 200 GET http://10.180.1.21/compute/v2.1/servers/55d5fa0b-4a33-43af-b0a5-ed46c2a9dcd8 0.046s
2025-03-06 02:24:37.609 68520 INFO tempest.lib.common.rest_client [req-0d122671-b0ee-4c3f-85ab-20c6713566ee req-0d122671-b0ee-4c3f-85ab-20c6713566ee ] Request (SecurityGroupsTestJSON:test_list_security_groups_by_server): 200 GET http://10.180.1.21/compute/v2.1/servers/bcf04501-b20b-4c01-8ca6-d73f5f6e5e26 0.051s
2025-03-06 02:24:37.642 68512 INFO tempest.lib.common.rest_client [req-dd5a8ba2-4a9b-477c-8dca-8a0cdcc5915f req-dd5a8ba2-4a9b-477c-8dca-8a0cdcc5915f ] Request (ListServerFiltersTestJSON:setUpClass): 200 GET http://10.180.1.21/compute/v2.1/servers/d2ebe22b-0d4e-4f0a-b19e-c670a2cb7e99 0.101s
2025-03-06 02:24:37.839 68546 INFO tempest.lib.common.rest_client [req-98d1691c-1aaf-4ab2-b307-d6cc2e124fd8 req-98d1691c-1aaf-4ab2-b307-d6cc2e124fd8 ] Request (MigrationsAdminTest:test_resize_server_revert_deleted_flavor): 200 GET http://10.180.1.21/compute/v2.1/servers/06490586-425f-48d3-8ca5-233921272b66 0.056s
2025-03-06 02:24:37.866 68484 INFO tempest.lib.common.rest_client [req-f44389c7-4f4f-43f9-84b1-8e14ae46569a req-f44389c7-4f4f-43f9-84b1-8e14ae46569a ] Request (VolumesAssistedSnapshotsTest:_run_cleanups): 200 GET http://10.180.1.21/compute/v2.1/servers/6a2fb82c-cbe7-4955-8f51-a5440d4f1f2c/os-volume_attachments 0.034s
2025-03-06 02:24:37.899 68522 INFO tempest.lib.common.rest_client [req-f47131c9-c297-4b59-ad84-8c5bdf47eaed req-f47131c9-c297-4b59-ad84-8c5bdf47eaed ] Request (ServersTestJSON:test_create_server_specify_multibyte_character_name): 200 GET http://10.180.1.21/compute/v2.1/servers/caa0876c-5b5f-402a-a213-c830f3d002ff 0.058s
2025-03-06 02:24:37.998 68502 INFO tempest.lib.common.rest_client [req-363dd485-5faf-4ca6-b1e3-1877109cc44a req-363dd485-5faf-4ca6-b1e3-1877109cc44a ] Request (ImagesOneServerTestJSON:tearDownClass): 200 GET http://10.180.1.21/compute/v2.1/servers/6f5dc2ac-dc34-4b23-83db-fedf1e69c0ae 0.077s
2025-03-06 02:24:38.014 68526 INFO tempest.lib.common.rest_client [req-7c23057b-8d0d-40fb-8f0c-8fc595181e42 req-7c23057b-8d0d-40fb-8f0c-8fc595181e42 ] Request (MultipleCreateTestJSON:tearDownClass): 200 GET http://10.180.1.21/compute/v2.1/servers/6c40593d-b531-4c5e-8db1-9d0c9c43900c 0.078s
2025-03-06 02:24:38.050 68536 INFO tempest.lib.common.rest_client [req-e45553d0-90ce-46bc-9717-5f5c44f339d4 req-e45553d0-90ce-46bc-9717-5f5c44f339d4 ] Request (ServersAdminTestJSON:test_inject_network_info): 200 GET http://10.180.1.21/compute/v2.1/servers/ee54c8fd-d1b5-4d12-a744-def735f0fe27 0.074s
2025-03-06 02:24:38.066 68506 INFO tempest.lib.common.rest_client [req-2e825b30-4fa5-4e12-ba84-f8662b3e6c43 req-2e825b30-4fa5-4e12-ba84-f8662b3e6c43 ] Request (ServersNegativeTestJSON:setUpClass): 200 GET http://10.180.1.21/compute/v2.1/servers/1b0f02c6-5620-4f89-830f-e2741ee7fde0 0.064s
2025-03-06 02:24:38.099 68540 INFO tempest.lib.common.rest_client [req-4d2f4c2e-f1e7-469a-899f-3ef3758e5172 req-4d2f4c2e-f1e7-469a-899f-3ef3758e5172 ] Request (ImagesTestJSON:test_create_image_from_suspended_server): 200 GET http://10.180.1.21/compute/v2.1/servers/e2fdffd0-ea96-45b4-92b3-a50349316a9c 0.073s
2025-03-06 02:24:38.157 68508 INFO tempest.lib.common.rest_client [req-70a66c23-3eb3-456f-b807-3b162fed61b0 req-70a66c23-3eb3-456f-b807-3b162fed61b0 ] Request (FloatingIPsAssociationTestJSON:setUpClass): 200 GET http://10.180.1.21/compute/v2.1/servers/fbd3a0fd-9c97-44d5-93ac-907de3599f9e 0.054s
2025-03-06 02:24:38.215 68532 INFO tempest.lib.common.rest_client [req-55a8e0e5-1bc3-455d-b6f7-b26674f9ac00 req-55a8e0e5-1bc3-455d-b6f7-b26674f9ac00 ] Request (ServerGroupTestJSON:_run_cleanups): 200 GET http://10.180.1.21/compute/v2.1/servers/ca0a52bb-fcec-4bf9-b574-7f51aca6eaa3 0.061s
