2025-03-06 02:22:29.110 68522 INFO tempest.lib.common.dynamic_creds [-] Created isolated network resources for: credentials: Credentials: {'domain_id': 'default', 'domain_name': 'Default', 'username': 'tempest-InstanceActionsTestJSON-177305436-project-member', 'project_domain_id': 'default', 'project_domain_name': 'Default', 'project_id': '48772d7f972a4b21a101434ff4314bbc', 'project_name': 'tempest-InstanceActionsTestJSON-177305436', 'tenant_id': '48772d7f972a4b21a101434ff4314bbc', 'tenant_name': 'tempest-InstanceActionsTestJSON-177305436', 'user_domain_id': 'default', 'user_domain_name': 'Default', 'user_id': '95e44268d79946218d50b60f75910c23', 'system': None}, Network: {'id': '58da584f-0b0e-4e15-89d3-00ae24c56c9a', 'name': 'tempest-InstanceActionsTestJSON-750420278-network', 'tenant_id': '48772d7f972a4b21a101434ff4314bbc', 'admin_state_up': True, 'mtu': 8950, 'status': 'ACTIVE', 'subnets': [], 'shared': False, 'project_id': '48772d7f972a4b21a101434ff4314bbc', 'port_security_enabled': True, 'router:external': False, 'provider:network_type': 'vlan', 'provider:physical_network': 'default', 'provider:segmentation_id': 828, 'availability_zone_hints': [], 'availability_zones': [], 'ipv4_address_scope': None, 'ipv6_address_scope': None, 'description': '', 'tags': [], 'created_at': '2025-03-06T02:22:26Z', 'updated_at': '2025-03-06T02:22:26Z', 'revision_number': 1}, Subnet: {'id': '4c11fdfc-8c1a-4624-a146-d0072e77059d', 'name': 'tempest-InstanceActionsTestJSON-750420278-subnet', 'tenant_id': '48772d7f972a4b21a101434ff4314bbc', 'network_id': '58da584f-0b0e-4e15-89d3-00ae24c56c9a', 'ip_version': 4, 'subnetpool_id': None, 'enable_dhcp': True, 'ipv6_ra_mode': None, 'ipv6_address_mode': None, 'gateway_ip': '192.168.128.1', 'cidr': '192.168.128.0/28', 'allocation_pools': [{'start': '192.168.128.2', 'end': '192.168.128.14'}], 'host_routes': [], 'dns_nameservers': [], 'description': '', 'router:external': False, 'service_types': [], 'tags': [], 'created_at': '2025-03-06T02:22:27Z', 'updated_at': '2025-03-06T02:22:27Z', 'revision_number': 0, 'project_id': '48772d7f972a4b21a101434ff4314bbc'}, Router: {'id': 'ad186342-b1bf-4051-8863-0f1ac4fe45c5', 'name': 'tempest-InstanceActionsTestJSON-750420278-router', 'tenant_id': '48772d7f972a4b21a101434ff4314bbc', 'admin_state_up': True, 'status': 'ACTIVE', 'external_gateway_info': {'network_id': 'bbe9b5de-5930-4062-ad78-404150c5c315', 'external_fixed_ips': [{'subnet_id': '8fa23fb8-d202-4023-91ac-5d231ab7edb4', 'ip_address': '10.180.180.136'}], 'enable_snat': True}, 'description': '', 'availability_zones': [], 'distributed': False, 'ha': False, 'availability_zone_hints': [], 'routes': [], 'flavor_id': None, 'tags': [], 'created_at': '2025-03-06T02:22:27Z', 'updated_at': '2025-03-06T02:22:27Z', 'revision_number': 2, 'project_id': '48772d7f972a4b21a101434ff4314bbc'}
2025-03-06 02:22:29.220 68522 INFO tempest.lib.common.rest_client [req-4fb7ce1a-1422-4b20-8c54-d63ff952b30d req-4fb7ce1a-1422-4b20-8c54-d63ff952b30d ] Request (InstanceActionsTestJSON:setUpClass): 201 POST http://10.180.1.21/identity/v3/auth/tokens 0.107s
2025-03-06 02:22:29.260 68522 INFO tempest.lib.common.rest_client [req-12f6a840-963c-42f4-aff2-add90cba3e20 req-12f6a840-963c-42f4-aff2-add90cba3e20 ] Request (InstanceActionsTestJSON:setUpClass): 201 POST http://10.180.1.21/identity/v3/auth/tokens 0.036s
2025-03-06 02:22:29.261 68522 INFO tempest.lib.common.fixed_network [-] (InstanceActionsTestJSON:setUpClass) Found network {'id': '58da584f-0b0e-4e15-89d3-00ae24c56c9a', 'name': 'tempest-InstanceActionsTestJSON-750420278-network', 'tenant_id': '48772d7f972a4b21a101434ff4314bbc', 'admin_state_up': True, 'mtu': 8950, 'status': 'ACTIVE', 'subnets': [], 'shared': False, 'project_id': '48772d7f972a4b21a101434ff4314bbc', 'port_security_enabled': True, 'router:external': False, 'provider:network_type': 'vlan', 'provider:physical_network': 'default', 'provider:segmentation_id': 828, 'availability_zone_hints': [], 'availability_zones': [], 'ipv4_address_scope': None, 'ipv6_address_scope': None, 'description': '', 'tags': [], 'created_at': '2025-03-06T02:22:26Z', 'updated_at': '2025-03-06T02:22:26Z', 'revision_number': 1} available for tenant
2025-03-06 02:22:29.268 68542 INFO tempest.lib.common.rest_client [req-cc38b318-e0f8-4132-894a-a185a95896fb req-cc38b318-e0f8-4132-894a-a185a95896fb ] Request (ImagesOneServerNegativeTestJSON:tearDown): 200 GET http://10.180.1.21/compute/v2.1/servers/7404a2b9-9b22-476f-a94e-ef47a6c96152 1.283s
2025-03-06 02:22:29.406 68526 INFO tempest.lib.common.rest_client [req-e7675eb1-d6d7-441b-8e13-d6b754af5864 req-e7675eb1-d6d7-441b-8e13-d6b754af5864 ] Request (MultipleCreateTestJSON:_run_cleanups): 204 DELETE http://10.180.1.21/compute/v2.1/servers/f3c2c9c1-f902-4ff6-a458-4f7eca562aa6 1.419s
2025-03-06 02:22:29.427 68504 INFO tempest.lib.common.rest_client [req-44b028b2-5b36-4933-a9bc-6157d3425bdf req-44b028b2-5b36-4933-a9bc-6157d3425bdf ] Request (HypervisorAdminUnderV252Test:test_search_hypervisor): 200 GET http://10.180.1.21/compute/v2.1/os-hypervisors 1.269s
2025-03-06 02:22:29.497 68490 INFO tempest.lib.common.rest_client [req-fb9d9bf9-e098-4f93-a2de-129a1e295352 req-fb9d9bf9-e098-4f93-a2de-129a1e295352 ] Request (ServerDiagnosticsNegativeTest:tearDownClass): 200 GET http://10.180.1.21/compute/v2.1/servers/081158fd-d322-4fb7-bf2d-29291f8877b8 1.248s
2025-03-06 02:22:29.563 68534 INFO tempest.lib.common.rest_client [req-16b89e68-b011-48be-b433-2c20d7a43413 req-16b89e68-b011-48be-b433-2c20d7a43413 ] Request (DeleteServersAdminTestJSON:test_admin_delete_servers_of_others): 200 GET http://10.180.1.21/compute/v2.1/servers/8df86dfd-b28d-4fe5-8af9-e15d41334484 1.236s
2025-03-06 02:22:29.618 68540 INFO tempest.lib.common.rest_client [req-6005a3ed-9266-4d10-8498-244621a087f7 req-6005a3ed-9266-4d10-8498-244621a087f7 ] Request (ServerDiagnosticsTest:tearDownClass): 200 GET http://10.180.1.21/compute/v2.1/servers/db4d54f8-1d8e-4e32-ad7c-5e2beef95d88 1.194s
2025-03-06 02:22:29.676 68496 INFO tempest.lib.common.rest_client [req-297ea814-3ede-4c9e-87e4-127c9c8e2615 req-297ea814-3ede-4c9e-87e4-127c9c8e2615 ] Request (FloatingIPsAssociationNegativeTestJSON:test_associate_ip_to_server_with_floating_ip): 200 POST http://10.180.1.21/compute/v2.1/os-floating-ips 1.886s
2025-03-06 02:22:29.868 68500 INFO tempest.lib.common.rest_client [req-25f3b2f0-c03f-4fd0-83c7-faba73c2ad86 req-25f3b2f0-c03f-4fd0-83c7-faba73c2ad86 ] Request (QuotasAdminNegativeTest:test_create_server_when_instances_quota_is_full): 403 POST http://10.180.1.21/compute/v2.1/servers 1.236s
2025-03-06 02:22:29.906 68516 INFO tempest.lib.common.rest_client [req-28d04421-7d9c-4766-a4ab-ec9417f4ecea req-28d04421-7d9c-4766-a4ab-ec9417f4ecea ] Request (QuotasAdminTestV236:test_get_updated_quotas): 200 GET http://10.180.1.21/compute/v2.1/os-quota-sets/b2ee3fdf5a5b47a3a833ad845e137430?user_id=871b70fd03244df696c2f993a243ae24 1.252s
2025-03-06 02:22:29.925 68488 INFO tempest.lib.common.rest_client [req-86830b91-30fa-49e1-814f-eaa75997e66b req-86830b91-30fa-49e1-814f-eaa75997e66b ] Request (KeyPairsV22TestJSON:_run_cleanups): 204 DELETE http://10.180.1.21/compute/v2.1/os-keypairs/tempest-keypair-833000794 1.170s
2025-03-06 02:22:29.932 68494 INFO tempest.lib.common.rest_client [req-59d9f9ea-1e89-46f1-8f02-14290d9716a6 req-59d9f9ea-1e89-46f1-8f02-14290d9716a6 ] Request (ServerRescueNegativeTestJSON:setUpClass): 202 POST http://10.180.1.21/compute/v2.1/servers 1.373s
2025-03-06 02:22:29.937 68538 INFO tempest.lib.common.rest_client [req-17f7d344-eacd-40a4-a689-23a9b8b8bc98 req-17f7d344-eacd-40a4-a689-23a9b8b8bc98 ] Request (AggregatesAdminNegativeTestJSON:test_aggregate_delete_as_user): 403 DELETE http://10.180.1.21/compute/v2.1/os-aggregates/5 1.146s
2025-03-06 02:22:29.948 68544 INFO tempest.lib.common.rest_client [req-be65535e-9c5e-4c44-8f63-46df821bea91 req-be65535e-9c5e-4c44-8f63-46df821bea91 ] Request (ServicesAdminNegativeV253TestJSON:test_get_service_by_invalid_service_and_valid_host): 200 GET http://10.180.1.21/compute/v2.1/os-services 1.192s
2025-03-06 02:22:29.996 68530 INFO tempest.lib.common.rest_client [req-8e9d12ab-a0d9-4af1-9b97-fd8ec31ddbdc req-8e9d12ab-a0d9-4af1-9b97-fd8ec31ddbdc ] Request (FlavorsAccessNegativeTestJSON:_run_cleanups): 200 POST http://10.180.1.21/compute/v2.1/flavors/1600515090/action 1.181s
2025-03-06 02:22:30.016 68516 INFO tempest.lib.common.rest_client [req-bccf16be-ac17-4195-b2a8-694da255a8bc req-bccf16be-ac17-4195-b2a8-694da255a8bc ] Request (QuotasAdminTestV236:_run_cleanups): 204 DELETE http://10.180.1.21/identity/v3/users/871b70fd03244df696c2f993a243ae24 0.107s
2025-03-06 02:22:30.092 68514 INFO tempest.lib.common.rest_client [req-de6cc0d0-0aee-46fe-876e-92a21cd71706 req-de6cc0d0-0aee-46fe-876e-92a21cd71706 ] Request (SecurityGroupRulesTestJSON:_run_cleanups): 202 DELETE http://10.180.1.21/compute/v2.1/os-security-group-rules/c5a3bb06-f547-4ab4-8877-85d4fbbcc495 1.283s
2025-03-06 02:22:30.137 68516 INFO tempest.lib.common.rest_client [req-337285c1-a37c-4b38-b2d9-5d830eebd769 req-337285c1-a37c-4b38-b2d9-5d830eebd769 ] Request (QuotasAdminTestV236:_run_cleanups): 204 DELETE http://10.180.1.21/identity/v3/projects/b2ee3fdf5a5b47a3a833ad845e137430 0.120s
2025-03-06 02:22:30.147 68524 INFO tempest.lib.common.rest_client [req-fed439ef-5f7e-42b5-af31-03516e475037 req-fed439ef-5f7e-42b5-af31-03516e475037 ] Request (ServersNegativeTestMultiTenantJSON:setUpClass): 200 GET http://10.180.1.21/compute/v2.1/servers/416f940e-9efb-445b-887e-a0b750c6ed96 1.287s
2025-03-06 02:22:30.158 68524 INFO tempest.common.waiters [-] State transition "BUILD/None" ==> "BUILD/spawning" after 15 second wait
2025-03-06 02:22:30.204 68510 INFO tempest.lib.common.rest_client [req-915e0f09-2654-4021-8fa9-bc60fa1d0c6c req-915e0f09-2654-4021-8fa9-bc60fa1d0c6c ] Request (ServersWithSpecificFlavorTestJSON:test_verify_created_server_ephemeral_disk): 200 GET http://10.180.1.21/compute/v2.1/servers/fcdb770c-4c0c-4faa-874d-66f05bbfc873 1.156s
2025-03-06 02:22:30.232 68532 INFO tempest.lib.common.rest_client [req-8913bff8-b4fc-4ebb-b165-8f520d2c3919 req-8913bff8-b4fc-4ebb-b165-8f520d2c3919 ] Request (SecurityGroupRulesNegativeTestJSON:tearDownClass): 202 DELETE http://10.180.1.21/compute/v2.1/os-security-groups/0f93f512-c97c-4fff-8810-2977a94a039c 1.218s
2025-03-06 02:22:30.280 68516 INFO tempest.lib.common.rest_client [req-099a803b-0765-475d-a6ce-fdfe06b15562 req-099a803b-0765-475d-a6ce-fdfe06b15562 ] Request (QuotasAdminTestV236:tearDownClass): 204 DELETE http://10.180.1.21/identity/v3/users/c5a9af9180b6423b8271e51f380b92df 0.142s
2025-03-06 02:22:30.303 68486 INFO tempest.lib.common.rest_client [req-470717f8-1a2b-4af0-aeb4-40052a003901 req-470717f8-1a2b-4af0-aeb4-40052a003901 ] Request (ServersListShow2100Test:test_list_show_rebuild_update_server_2100): 200 GET http://10.180.1.21/compute/v2.1/servers/1a6bac6d-a619-422b-8ca5-98dc565a896e 1.187s
2025-03-06 02:22:30.350 68506 INFO tempest.lib.common.rest_client [req-5f9a2e23-0564-4d44-9feb-83930521e2ed req-5f9a2e23-0564-4d44-9feb-83930521e2ed ] Request (TenantUsagesTestJSON:setUpClass): 200 GET http://10.180.1.21/compute/v2.1/servers/6ab1ccb3-7844-4a17-8747-561d1d96ea38 1.286s
2025-03-06 02:22:30.366 68508 INFO tempest.lib.common.rest_client [req-a6a9b60a-36a5-4738-992e-1e6bb03bf1d8 req-a6a9b60a-36a5-4738-992e-1e6bb03bf1d8 ] Request (ServersAdminNegativeTestJSON:test_migrate_server_invalid_state): 200 GET http://10.180.1.21/compute/v2.1/servers/7f1279fc-2387-487b-905d-2afc8c3caa33 1.250s
2025-03-06 02:22:30.380 68516 INFO tempest.lib.common.rest_client [req-b6b739c5-c4eb-4d0c-ae2b-b4577182c434 req-b6b739c5-c4eb-4d0c-ae2b-b4577182c434 ] Request (QuotasAdminTestV236:tearDownClass): 204 DELETE http://10.180.1.21/identity/v3/users/f510db69d53b4daea2f88a92b989dde3 0.099s
2025-03-06 02:22:30.380 68516 INFO tempest.lib.common.dynamic_creds [-] Deleting project and security group for project: acbcb9a341c64660a61a31c0ca775483
2025-03-06 02:22:30.446 68516 INFO tempest.lib.common.rest_client [req-96eef18e-c288-4932-b879-f32b6ed38621 req-96eef18e-c288-4932-b879-f32b6ed38621 ] Request (QuotasAdminTestV236:tearDownClass): 201 POST http://10.180.1.21/identity/v3/auth/tokens 0.065s
2025-03-06 02:22:30.487 68542 INFO tempest.lib.common.rest_client [req-daafd8ac-e5b7-4d03-98e5-beac9061abf5 req-daafd8ac-e5b7-4d03-98e5-beac9061abf5 ] Request (ImagesOneServerNegativeTestJSON:setUp): 200 GET http://10.180.1.21/compute/v2.1/servers/7404a2b9-9b22-476f-a94e-ef47a6c96152 1.208s
2025-03-06 02:22:30.644 68516 INFO tempest.lib.common.rest_client [req-f88c8d69-423f-426d-b4a5-8bd3f78d7ffa req-f88c8d69-423f-426d-b4a5-8bd3f78d7ffa ] Request (QuotasAdminTestV236:tearDownClass): 200 GET http://10.180.1.21:9696/networking/v2.0/security-groups?tenant_id=acbcb9a341c64660a61a31c0ca775483&name=default 0.198s
2025-03-06 02:22:30.683 68484 INFO tempest.lib.common.rest_client [req-c5cac4d5-8c6e-4d1c-95ba-45e52f7e25ef req-c5cac4d5-8c6e-4d1c-95ba-45e52f7e25ef ] Request (VolumesAssistedSnapshotsTest:test_volume_assisted_snapshot_create_delete): 200 GET http://10.180.1.21/compute/v2.1/servers/6a2fb82c-cbe7-4955-8f51-a5440d4f1f2c 1.390s
2025-03-06 02:22:30.750 68516 INFO tempest.lib.common.rest_client [req-acf7c94f-672b-49ef-9b72-b49601ccf9f4 req-acf7c94f-672b-49ef-9b72-b49601ccf9f4 ] Request (QuotasAdminTestV236:tearDownClass): 204 DELETE http://10.180.1.21:9696/networking/v2.0/security-groups/1913dfd9-2b2a-4f50-bc3f-34282d866ecf 0.105s
2025-03-06 02:22:30.836 68516 INFO tempest.lib.common.rest_client [req-46e97516-982b-47b5-bc5a-7b290045a4b2 req-46e97516-982b-47b5-bc5a-7b290045a4b2 ] Request (QuotasAdminTestV236:tearDownClass): 204 DELETE http://10.180.1.21/identity/v3/projects/acbcb9a341c64660a61a31c0ca775483 0.085s
2025-03-06 02:22:30.836 68516 INFO tempest.lib.common.dynamic_creds [-] Deleting project and security group for project: ba066e8d6cee4ab39ec6aee5dd684b64
2025-03-06 02:22:30.856 68546 INFO tempest.lib.common.rest_client [req-44ea9482-89f6-4e68-a053-3fee8ac4277f req-44ea9482-89f6-4e68-a053-3fee8ac4277f ] Request (MigrationsAdminTest:test_list_migrations_in_flavor_resize_situation): 200 GET http://10.180.1.21/compute/v2.1/servers/911843cf-65d4-4262-8c80-e352755c8eac 1.554s
2025-03-06 02:22:30.924 68528 INFO tempest.lib.common.rest_client [req-2ba13c60-2912-4e66-b584-d74099d33ba9 req-2ba13c60-2912-4e66-b584-d74099d33ba9 ] Request (ServersV294TestFqdnHostnames:setUpClass): 200 GET http://10.180.1.21/compute/v2.1/servers/d9335c00-8fe9-4550-a008-6e3fe9859294 1.570s
2025-03-06 02:22:30.953 68516 INFO tempest.lib.common.rest_client [req-09bab6fa-7cd0-4f1b-ba5f-a45202b25955 req-09bab6fa-7cd0-4f1b-ba5f-a45202b25955 ] Request (QuotasAdminTestV236:tearDownClass): 200 GET http://10.180.1.21:9696/networking/v2.0/security-groups?tenant_id=ba066e8d6cee4ab39ec6aee5dd684b64&name=default 0.116s
2025-03-06 02:22:30.989 68492 INFO tempest.lib.common.rest_client [req-06cf9ba6-60c0-46f3-9984-8ac4d0902608 req-06cf9ba6-60c0-46f3-9984-8ac4d0902608 ] Request (ImagesNegativeTestJSON:test_create_image_from_deleted_server): 200 GET http://10.180.1.21/compute/v2.1/servers/255964fd-0aca-40f7-ae4f-2d4488a5eba0 1.634s
2025-03-06 02:22:31.054 68518 INFO tempest.lib.common.rest_client [req-5cfa59db-5bde-4680-bdf0-8091d4a2e3a5 req-5cfa59db-5bde-4680-bdf0-8091d4a2e3a5 ] Request (ServerDiskConfigTestJSON:test_rebuild_server_with_auto_disk_config): 200 GET http://10.180.1.21/compute/v2.1/servers/dee791a2-b454-4c8c-a507-bc9bece10939 1.655s
2025-03-06 02:22:31.102 68516 INFO tempest.lib.common.rest_client [req-46e1c2ac-f7e2-4fa6-8a71-713c883db385 req-46e1c2ac-f7e2-4fa6-8a71-713c883db385 ] Request (QuotasAdminTestV236:tearDownClass): 204 DELETE http://10.180.1.21:9696/networking/v2.0/security-groups/46126724-49e7-4041-aebe-19c31b7ebc8f 0.148s
2025-03-06 02:22:31.108 68522 INFO tempest.lib.common.rest_client [req-49f15886-9a05-48b5-80e4-f31c63a30a49 req-49f15886-9a05-48b5-80e4-f31c63a30a49 ] Request (InstanceActionsTestJSON:setUpClass): 202 POST http://10.180.1.21/compute/v2.1/servers 1.847s
2025-03-06 02:22:31.172 68526 INFO tempest.lib.common.rest_client [req-749c1cd0-925d-4ef3-ad97-3a199d755dc9 req-749c1cd0-925d-4ef3-ad97-3a199d755dc9 ] Request (MultipleCreateTestJSON:_run_cleanups): 204 DELETE http://10.180.1.21/compute/v2.1/servers/4f616201-6b85-4b7f-9464-a6b42bebee28 1.766s
2025-03-06 02:22:31.199 68504 INFO tempest.lib.common.rest_client [req-15466748-c369-4c33-ad0b-77619a711a93 req-15466748-c369-4c33-ad0b-77619a711a93 ] Request (HypervisorAdminUnderV252Test:test_search_hypervisor): 200 GET http://10.180.1.21/compute/v2.1/os-hypervisors/domain-c8.fc996f14-c53b-4953-92e3-bdfa48f5cc28/search 1.770s
2025-03-06 02:22:31.203 68502 INFO tempest.lib.common.rest_client [req-b3c22af7-bf52-4b40-89af-3091e3235803 req-b3c22af7-bf52-4b40-89af-3091e3235803 ] Request (ImagesOneServerTestJSON:setUpClass): 200 GET http://10.180.1.21/compute/v2.1/servers/6f5dc2ac-dc34-4b23-83db-fedf1e69c0ae 1.789s
2025-03-06 02:22:31.248 68516 INFO tempest.lib.common.rest_client [req-452b4e06-4caa-4936-9b3a-1e7e0a83bf4f req-452b4e06-4caa-4936-9b3a-1e7e0a83bf4f ] Request (QuotasAdminTestV236:tearDownClass): 204 DELETE http://10.180.1.21/identity/v3/projects/ba066e8d6cee4ab39ec6aee5dd684b64 0.146s
2025-03-06 02:22:31.264 68536 INFO tempest.lib.common.rest_client [req-565b512b-5528-457a-807a-33ebcb0bb7db req-565b512b-5528-457a-807a-33ebcb0bb7db ] Request (ServersAdminTestJSON:setUpClass): 200 GET http://10.180.1.21/compute/v2.1/servers/6502ef96-d83f-453d-bf58-4e7b40d15b2d 1.783s
2025-03-06 02:22:31.280 68520 INFO tempest.lib.common.rest_client [req-8f2df9f9-f3ef-43cc-8c8c-6fd5a7f291c3 req-8f2df9f9-f3ef-43cc-8c8c-6fd5a7f291c3 ] Request (ServerExternalEventsTest:test_create_server_external_events): 200 GET http://10.180.1.21/compute/v2.1/servers/2e688e42-39fd-4d9c-a658-fa1a8ff10627 1.735s
2025-03-06 02:22:31.297 68516 INFO tempest.lib.common.rest_client [req-7262be4a-8a4a-4f09-bbc7-2b74d5f3623b req-7262be4a-8a4a-4f09-bbc7-2b74d5f3623b ] Request (VolumesAdminNegativeTest:setUpClass): 201 POST http://10.180.1.21/identity/v3/auth/tokens 0.048s
2025-03-06 02:22:31.328 68504 INFO tempest.lib.common.rest_client [req-ccc09f67-bded-447d-84af-c3d4b6930d87 req-ccc09f67-bded-447d-84af-c3d4b6930d87 ] Request (HypervisorAdminUnderV252Test:tearDownClass): 204 DELETE http://10.180.1.21/identity/v3/users/10f77e2e581d4026a5e2fe0b843c3b18 0.125s
2025-03-06 02:22:31.386 68516 INFO tempest.lib.common.rest_client [req-b529fc9d-cc78-4558-8e5f-d4e8b1f4d28b req-b529fc9d-cc78-4558-8e5f-d4e8b1f4d28b ] Request (VolumesAdminNegativeTest:setUpClass): 201 POST http://10.180.1.21/identity/v3/auth/tokens 0.085s
2025-03-06 02:22:31.414 68516 INFO tempest.lib.common.rest_client [req-7ad37741-d5a6-4b17-843c-eee7502a8d10 req-7ad37741-d5a6-4b17-843c-eee7502a8d10 ] Request (VolumesAdminNegativeTest:setUpClass): 200 GET http://10.180.1.21/identity/v3/domains?name=Default 0.027s
2025-03-06 02:22:31.432 68504 INFO tempest.lib.common.rest_client [req-7fab1570-4205-4a0a-839b-f09dc3c140a7 req-7fab1570-4205-4a0a-839b-f09dc3c140a7 ] Request (HypervisorAdminUnderV252Test:tearDownClass): 204 DELETE http://10.180.1.21/identity/v3/users/089b517488114044af8c5d807a80ea05 0.103s
2025-03-06 02:22:31.432 68504 INFO tempest.lib.common.dynamic_creds [-] Deleting project and security group for project: 999bda75b48e432a90872f74f89b5c94
2025-03-06 02:22:31.484 68498 INFO tempest.lib.common.rest_client [req-856cb0cf-d60c-45fc-85e0-1be81cb3dea3 req-856cb0cf-d60c-45fc-85e0-1be81cb3dea3 ] Request (AttachInterfacesUnderV243Test:test_add_remove_fixed_ip): 200 GET http://10.180.1.21/compute/v2.1/servers/6a77cc49-0b11-4341-a8c9-290cdf086ca0 1.777s
2025-03-06 02:22:31.503 68504 INFO tempest.lib.common.rest_client [req-1860f0ad-f1e9-41b8-bea3-fe10346972a5 req-1860f0ad-f1e9-41b8-bea3-fe10346972a5 ] Request (HypervisorAdminUnderV252Test:tearDownClass): 201 POST http://10.180.1.21/identity/v3/auth/tokens 0.071s
2025-03-06 02:22:31.504 68516 INFO tempest.lib.common.rest_client [req-9deadb37-3714-4988-8bee-d169e6eaafa1 req-9deadb37-3714-4988-8bee-d169e6eaafa1 ] Request (VolumesAdminNegativeTest:setUpClass): 201 POST http://10.180.1.21/identity/v3/projects 0.089s
2025-03-06 02:22:31.569 68512 INFO tempest.lib.common.rest_client [req-27db57c9-c49d-4276-aded-9f6d904bec3b req-27db57c9-c49d-4276-aded-9f6d904bec3b ] Request (ServersAdmin275Test:_run_cleanups): 200 GET http://10.180.1.21/compute/v2.1/servers/157b6f13-23f2-4294-9342-d217ab63fcfd 1.827s
2025-03-06 02:22:31.571 68516 INFO tempest.lib.common.rest_client [req-79837591-f346-4f76-9d80-d5547c43e12b req-79837591-f346-4f76-9d80-d5547c43e12b ] Request (VolumesAdminNegativeTest:setUpClass): 201 POST http://10.180.1.21/identity/v3/users 0.065s
2025-03-06 02:22:31.579 68512 INFO tempest.common.waiters [-] State transition "REBUILD/rebuild_spawning" ==> "ACTIVE/None" after 10 second wait
2025-03-06 02:22:31.596 68516 INFO tempest.lib.common.rest_client [req-0c3f3c92-14f3-4208-a8b8-54b02e4dcc3a req-0c3f3c92-14f3-4208-a8b8-54b02e4dcc3a ] Request (VolumesAdminNegativeTest:setUpClass): 200 GET http://10.180.1.21/identity/v3/roles 0.025s
2025-03-06 02:22:31.635 68516 INFO tempest.lib.common.rest_client [req-d137783c-3b95-4cbb-ad31-eb98303a5627 req-d137783c-3b95-4cbb-ad31-eb98303a5627 ] Request (VolumesAdminNegativeTest:setUpClass): 204 PUT http://10.180.1.21/identity/v3/projects/6b7703de01394b44a8a71db47e154ac8/users/979d364dd01645568e09b933923e26b7/roles/a87cc5a0dd0e4fd780d9b7f869f12210 0.037s
2025-03-06 02:22:31.635 68516 INFO tempest.lib.common.dynamic_creds [-] Dynamic test user 979d364dd01645568e09b933923e26b7 is created with scope project and roles: ['member']
2025-03-06 02:22:31.635 68516 INFO tempest.lib.common.dynamic_creds [-] Acquired dynamic creds: credentials: Credentials: {'domain_id': 'default', 'domain_name': 'Default', 'username': 'tempest-VolumesAdminNegativeTest-1675956731-project-member', 'project_domain_id': 'default', 'project_domain_name': 'Default', 'project_id': '6b7703de01394b44a8a71db47e154ac8', 'project_name': 'tempest-VolumesAdminNegativeTest-1675956731', 'tenant_id': '6b7703de01394b44a8a71db47e154ac8', 'tenant_name': 'tempest-VolumesAdminNegativeTest-1675956731', 'user_domain_id': 'default', 'user_domain_name': 'Default', 'user_id': '979d364dd01645568e09b933923e26b7', 'system': None}, Network: None, Subnet: None, Router: None
2025-03-06 02:22:31.708 68516 INFO tempest.lib.common.rest_client [req-510755e6-788a-4227-8f7c-ca4b6852b2f6 req-510755e6-788a-4227-8f7c-ca4b6852b2f6 ] Request (VolumesAdminNegativeTest:setUpClass): 201 POST http://10.180.1.21/identity/v3/auth/tokens 0.072s
2025-03-06 02:22:31.727 68496 INFO tempest.lib.common.rest_client [req-08347884-2d29-4a1d-9e87-4622cab19362 req-08347884-2d29-4a1d-9e87-4622cab19362 ] Request (FloatingIPsAssociationNegativeTestJSON:test_associate_ip_to_server_with_floating_ip): 400 POST http://10.180.1.21/compute/v2.1/servers/8490d1d5-decb-466c-88e0-40a39956d35c/action 2.048s
2025-03-06 02:22:31.762 68488 INFO tempest.lib.common.rest_client [req-6f9c504c-d74b-4e39-aa32-fedb6d55ad3c req-6f9c504c-d74b-4e39-aa32-fedb6d55ad3c ] Request (KeyPairsV22TestJSON:test_keypairs_create_list_delete): 201 POST http://10.180.1.21/compute/v2.1/os-keypairs 1.835s
2025-03-06 02:22:31.820 68500 INFO tempest.lib.common.rest_client [req-47cf78cd-d947-4481-afae-547a2704fe64 req-47cf78cd-d947-4481-afae-547a2704fe64 ] Request (QuotasAdminNegativeTest:_run_cleanups): 200 PUT http://10.180.1.21/compute/v2.1/os-quota-sets/1ebacfd507b24e13853154c90e61bb9f 1.951s
2025-03-06 02:22:31.844 68538 INFO tempest.lib.common.rest_client [req-f03f22d7-67ad-4e8d-af62-40973f0ba427 req-f03f22d7-67ad-4e8d-af62-40973f0ba427 ] Request (AggregatesAdminNegativeTestJSON:_run_cleanups): 200 DELETE http://10.180.1.21/compute/v2.1/os-aggregates/5 1.907s
2025-03-06 02:22:31.857 68504 INFO tempest.lib.common.rest_client [req-59495df7-f431-4a8b-bf8c-96c02d769236 req-59495df7-f431-4a8b-bf8c-96c02d769236 ] Request (HypervisorAdminUnderV252Test:tearDownClass): 200 GET http://10.180.1.21:9696/networking/v2.0/security-groups?tenant_id=999bda75b48e432a90872f74f89b5c94&name=default 0.353s
2025-03-06 02:22:31.859 68494 INFO tempest.lib.common.rest_client [req-cdff0a02-5725-48fd-896c-a03c95816323 req-cdff0a02-5725-48fd-896c-a03c95816323 ] Request (ServerRescueNegativeTestJSON:setUpClass): 200 GET http://10.180.1.21/compute/v2.1/servers/f94f8d22-0297-418d-b3c0-561a999723ab 1.925s
2025-03-06 02:22:31.872 68544 INFO tempest.lib.common.rest_client [req-61333c69-9b5d-4398-8055-53de7c456558 req-61333c69-9b5d-4398-8055-53de7c456558 ] Request (ServicesAdminNegativeV253TestJSON:test_get_service_by_invalid_service_and_valid_host): 200 GET http://10.180.1.21/compute/v2.1/os-services?host=devstack&binary=xxx 1.919s
2025-03-06 02:22:31.889 68530 INFO tempest.lib.common.rest_client [req-b6f96056-d5b4-4dcc-a4d4-4d67aabb01ab req-b6f96056-d5b4-4dcc-a4d4-4d67aabb01ab ] Request (FlavorsAccessNegativeTestJSON:_run_cleanups): 202 DELETE http://10.180.1.21/compute/v2.1/flavors/1600515090 1.891s
2025-03-06 02:22:32.059 68504 INFO tempest.lib.common.rest_client [req-cbdc0118-3f15-4b38-bd73-3c9ad3c767ea req-cbdc0118-3f15-4b38-bd73-3c9ad3c767ea ] Request (HypervisorAdminUnderV252Test:tearDownClass): 204 DELETE http://10.180.1.21:9696/networking/v2.0/security-groups/41b26586-c1b9-4be3-9ba8-49bdd9b95903 0.202s
2025-03-06 02:22:32.083 68514 INFO tempest.lib.common.rest_client [req-9d0b3f12-3739-495a-8f92-5f3167e59c89 req-9d0b3f12-3739-495a-8f92-5f3167e59c89 ] Request (SecurityGroupRulesTestJSON:tearDownClass): 202 DELETE http://10.180.1.21/compute/v2.1/os-security-groups/d78eb76f-7c3a-4968-bf19-070a4a622edf 1.990s
2025-03-06 02:22:32.093 68532 INFO tempest.lib.common.rest_client [req-e0da9f97-d03c-4b06-9be9-0f3857973786 req-e0da9f97-d03c-4b06-9be9-0f3857973786 ] Request (SecurityGroupRulesNegativeTestJSON:tearDownClass): 202 DELETE http://10.180.1.21/compute/v2.1/os-security-groups/958cdc55-b471-4b35-ab15-5f5d464d6a19 1.860s
2025-03-06 02:22:32.102 68542 INFO tempest.lib.common.rest_client [req-3cf9a4c2-256c-4ce4-9af8-13b96987a74b req-3cf9a4c2-256c-4ce4-9af8-13b96987a74b ] Request (ImagesOneServerNegativeTestJSON:test_create_image_specify_name_over_character_limit): 400 POST http://10.180.1.21/compute/v2.1/servers/7404a2b9-9b22-476f-a94e-ef47a6c96152/action 1.606s
2025-03-06 02:22:32.165 68504 INFO tempest.lib.common.rest_client [req-b1aef817-3e50-489f-ab2e-b60ffe992882 req-b1aef817-3e50-489f-ab2e-b60ffe992882 ] Request (HypervisorAdminUnderV252Test:tearDownClass): 204 DELETE http://10.180.1.21/identity/v3/projects/999bda75b48e432a90872f74f89b5c94 0.105s
2025-03-06 02:22:32.165 68504 INFO tempest.lib.common.dynamic_creds [-] Deleting project and security group for project: f0a09edb082d4a0ca2f8dcf98288e550
2025-03-06 02:22:32.184 68490 INFO tempest.lib.common.rest_client [req-7b993f76-b517-42de-b2e5-c800dfc8e9eb req-7b993f76-b517-42de-b2e5-c800dfc8e9eb ] Request (ServerDiagnosticsNegativeTest:tearDownClass): 200 GET http://10.180.1.21/compute/v2.1/servers/081158fd-d322-4fb7-bf2d-29291f8877b8 1.677s
2025-03-06 02:22:32.196 68534 INFO tempest.lib.common.rest_client [req-8ab152f5-0863-4374-9fd9-809a97e848c8 req-8ab152f5-0863-4374-9fd9-809a97e848c8 ] Request (DeleteServersAdminTestJSON:test_admin_delete_servers_of_others): 200 GET http://10.180.1.21/compute/v2.1/servers/8df86dfd-b28d-4fe5-8af9-e15d41334484 1.624s
2025-03-06 02:22:32.261 68540 INFO tempest.lib.common.rest_client [req-5eaee912-f044-45e5-8613-4cd3b4d65100 req-5eaee912-f044-45e5-8613-4cd3b4d65100 ] Request (ServerDiagnosticsTest:tearDownClass): 200 GET http://10.180.1.21/compute/v2.1/servers/db4d54f8-1d8e-4e32-ad7c-5e2beef95d88 1.630s
2025-03-06 02:22:32.276 68522 INFO tempest.lib.common.rest_client [req-3537d7a2-0ca5-4161-944c-1cfe82a738a8 req-3537d7a2-0ca5-4161-944c-1cfe82a738a8 ] Request (InstanceActionsTestJSON:setUpClass): 200 GET http://10.180.1.21/compute/v2.1/servers/b893c8b7-5398-481e-af5d-db3dc42170b5 1.166s
2025-03-06 02:22:32.350 68526 INFO tempest.lib.common.rest_client [req-4669436e-b51c-462f-91cb-a9abbcbaf4aa req-4669436e-b51c-462f-91cb-a9abbcbaf4aa ] Request (MultipleCreateTestJSON:_run_cleanups): 200 GET http://10.180.1.21/compute/v2.1/servers/f3c2c9c1-f902-4ff6-a458-4f7eca562aa6 1.177s
2025-03-06 02:22:32.352 68516 INFO tempest.lib.common.rest_client [req-187bf2e9-7324-490f-8f3c-e5adc3b88a36 req-187bf2e9-7324-490f-8f3c-e5adc3b88a36 ] Request (VolumesAdminNegativeTest:setUpClass): 201 POST http://10.180.1.21:9696/networking/v2.0/networks 0.642s
2025-03-06 02:22:32.367 68504 INFO tempest.lib.common.rest_client [req-6991ab50-9287-4f0f-addc-569d714b529e req-6991ab50-9287-4f0f-addc-569d714b529e ] Request (HypervisorAdminUnderV252Test:tearDownClass): 200 GET http://10.180.1.21:9696/networking/v2.0/security-groups?tenant_id=f0a09edb082d4a0ca2f8dcf98288e550&name=default 0.201s
2025-03-06 02:22:32.402 68524 INFO tempest.lib.common.rest_client [req-b237c620-f085-4e1d-a0a3-77b0847ede7a req-b237c620-f085-4e1d-a0a3-77b0847ede7a ] Request (ServersNegativeTestMultiTenantJSON:setUpClass): 200 GET http://10.180.1.21/compute/v2.1/servers/416f940e-9efb-445b-887e-a0b750c6ed96 1.242s
2025-03-06 02:22:32.412 68510 INFO tempest.lib.common.rest_client [req-e0031c03-88a1-4f15-9323-bd04af006f54 req-e0031c03-88a1-4f15-9323-bd04af006f54 ] Request (ServersWithSpecificFlavorTestJSON:test_verify_created_server_ephemeral_disk): 200 GET http://10.180.1.21/compute/v2.1/servers/fcdb770c-4c0c-4faa-874d-66f05bbfc873 1.197s
2025-03-06 02:22:32.419 68510 INFO tempest.common.waiters [-] State transition "BUILD/scheduling" ==> "BUILD/None" after 10 second wait
2025-03-06 02:22:32.490 68486 INFO tempest.lib.common.rest_client [req-c7a84e79-1e11-491e-a569-8cfe03b9667c req-c7a84e79-1e11-491e-a569-8cfe03b9667c ] Request (ServersListShow2100Test:test_list_show_rebuild_update_server_2100): 200 GET http://10.180.1.21/compute/v2.1/servers/1a6bac6d-a619-422b-8ca5-98dc565a896e 1.161s
2025-03-06 02:22:32.516 68506 INFO tempest.lib.common.rest_client [req-530962f4-0427-44cb-9fd9-9d1138611e56 req-530962f4-0427-44cb-9fd9-9d1138611e56 ] Request (TenantUsagesTestJSON:setUpClass): 200 GET http://10.180.1.21/compute/v2.1/servers/6ab1ccb3-7844-4a17-8747-561d1d96ea38 1.157s
2025-03-06 02:22:32.522 68504 INFO tempest.lib.common.rest_client [req-ecc3c384-36b5-4cf4-977b-8d7f40a0ef8b req-ecc3c384-36b5-4cf4-977b-8d7f40a0ef8b ] Request (HypervisorAdminUnderV252Test:tearDownClass): 204 DELETE http://10.180.1.21:9696/networking/v2.0/security-groups/420509db-670b-4884-8d9f-6f1e0b9a19f5 0.155s
2025-03-06 02:22:32.532 68506 INFO tempest.common.waiters [-] State transition "BUILD/spawning" ==> "ACTIVE/None" after 28 second wait
2025-03-06 02:22:32.600 68508 INFO tempest.lib.common.rest_client [req-28fbf051-626a-47d7-b97c-a95fdb475f06 req-28fbf051-626a-47d7-b97c-a95fdb475f06 ] Request (ServersAdminNegativeTestJSON:test_migrate_server_invalid_state): 200 GET http://10.180.1.21/compute/v2.1/servers/7f1279fc-2387-487b-905d-2afc8c3caa33 1.224s
2025-03-06 02:22:32.608 68508 INFO tempest.common.waiters [-] State transition "BUILD/None" ==> "BUILD/spawning" after 17 second wait
2025-03-06 02:22:32.617 68512 INFO tempest.lib.common.rest_client [req-aca67276-4208-4ad4-93a8-121f9372ea36 req-aca67276-4208-4ad4-93a8-121f9372ea36 ] Request (ServersAdmin275Test:tearDownClass): 204 DELETE http://10.180.1.21/compute/v2.1/servers/157b6f13-23f2-4294-9342-d217ab63fcfd 1.031s
2025-03-06 02:22:32.676 68504 INFO tempest.lib.common.rest_client [req-a3df1ca2-ee1b-4629-8fc5-07d2548bcb9d req-a3df1ca2-ee1b-4629-8fc5-07d2548bcb9d ] Request (HypervisorAdminUnderV252Test:tearDownClass): 204 DELETE http://10.180.1.21/identity/v3/projects/f0a09edb082d4a0ca2f8dcf98288e550 0.154s
2025-03-06 02:22:32.740 68516 INFO tempest.lib.common.rest_client [req-a64d2776-72ee-4516-9c69-370f07390777 req-a64d2776-72ee-4516-9c69-370f07390777 ] Request (VolumesAdminNegativeTest:setUpClass): 201 POST http://10.180.1.21:9696/networking/v2.0/subnets 0.387s
2025-03-06 02:22:32.757 68504 INFO tempest.lib.common.rest_client [req-5b5de28b-3c22-46f3-8360-f2ac943bac8a req-5b5de28b-3c22-46f3-8360-f2ac943bac8a ] Request (HypervisorAdminNegativeTestJSON:setUpClass): 201 POST http://10.180.1.21/identity/v3/auth/tokens 0.079s
2025-03-06 02:22:32.796 68504 INFO tempest.lib.common.rest_client [req-32c824f8-a777-45ba-aa62-198e20a4d83b req-32c824f8-a777-45ba-aa62-198e20a4d83b ] Request (HypervisorAdminNegativeTestJSON:setUpClass): 201 POST http://10.180.1.21/identity/v3/auth/tokens 0.036s
2025-03-06 02:22:32.829 68504 INFO tempest.lib.common.rest_client [req-b812e4ef-4126-46bd-80c9-c5f4b53c1f19 req-b812e4ef-4126-46bd-80c9-c5f4b53c1f19 ] Request (HypervisorAdminNegativeTestJSON:setUpClass): 200 GET http://10.180.1.21/identity/v3/domains?name=Default 0.032s
2025-03-06 02:22:32.840 68484 INFO tempest.lib.common.rest_client [req-747b3826-fbaa-4136-b71c-99ca77292324 req-747b3826-fbaa-4136-b71c-99ca77292324 ] Request (VolumesAssistedSnapshotsTest:test_volume_assisted_snapshot_create_delete): 200 GET http://10.180.1.21/compute/v2.1/servers/6a2fb82c-cbe7-4955-8f51-a5440d4f1f2c 1.149s
2025-03-06 02:22:32.868 68504 INFO tempest.lib.common.rest_client [req-2d0b14df-c13e-48c4-a609-2297eae4fded req-2d0b14df-c13e-48c4-a609-2297eae4fded ] Request (HypervisorAdminNegativeTestJSON:setUpClass): 201 POST http://10.180.1.21/identity/v3/projects 0.039s
2025-03-06 02:22:32.894 68488 INFO tempest.lib.common.rest_client [req-05120ec4-93a0-4e85-90df-26f97ab54197 req-05120ec4-93a0-4e85-90df-26f97ab54197 ] Request (KeyPairsV22TestJSON:test_keypairs_create_list_delete): 201 POST http://10.180.1.21/compute/v2.1/os-keypairs 1.130s
2025-03-06 02:22:32.942 68504 INFO tempest.lib.common.rest_client [req-986e3157-e775-4739-9d7c-90c15f9e4148 req-986e3157-e775-4739-9d7c-90c15f9e4148 ] Request (HypervisorAdminNegativeTestJSON:setUpClass): 201 POST http://10.180.1.21/identity/v3/users 0.073s
2025-03-06 02:22:32.968 68504 INFO tempest.lib.common.rest_client [req-6c818570-5aa8-4286-9df7-315455c35266 req-6c818570-5aa8-4286-9df7-315455c35266 ] Request (HypervisorAdminNegativeTestJSON:setUpClass): 200 GET http://10.180.1.21/identity/v3/roles 0.026s
2025-03-06 02:22:33.003 68504 INFO tempest.lib.common.rest_client [req-c96f2ec7-6a91-400c-a330-00d5b4e9b0b5 req-c96f2ec7-6a91-400c-a330-00d5b4e9b0b5 ] Request (HypervisorAdminNegativeTestJSON:setUpClass): 204 PUT http://10.180.1.21/identity/v3/projects/8b2a1088fa934af5b2453e54c2fd6388/users/9be744e3897848a2934ec45e3390c6c8/roles/a87cc5a0dd0e4fd780d9b7f869f12210 0.033s
2025-03-06 02:22:33.003 68504 INFO tempest.lib.common.dynamic_creds [-] Dynamic test user 9be744e3897848a2934ec45e3390c6c8 is created with scope project and roles: ['member']
2025-03-06 02:22:33.003 68504 INFO tempest.lib.common.dynamic_creds [-] Acquired dynamic creds: credentials: Credentials: {'domain_id': 'default', 'domain_name': 'Default', 'username': 'tempest-HypervisorAdminNegativeTestJSON-1648672151-project-member', 'project_domain_id': 'default', 'project_domain_name': 'Default', 'project_id': '8b2a1088fa934af5b2453e54c2fd6388', 'project_name': 'tempest-HypervisorAdminNegativeTestJSON-1648672151', 'tenant_id': '8b2a1088fa934af5b2453e54c2fd6388', 'tenant_name': 'tempest-HypervisorAdminNegativeTestJSON-1648672151', 'user_domain_id': 'default', 'user_domain_name': 'Default', 'user_id': '9be744e3897848a2934ec45e3390c6c8', 'system': None}, Network: None, Subnet: None, Router: None
2025-03-06 02:22:33.004 68504 INFO tempest.lib.common.dynamic_creds [-] Created isolated network resources for: credentials: Credentials: {'domain_id': 'default', 'domain_name': 'Default', 'username': 'tempest-HypervisorAdminNegativeTestJSON-1648672151-project-member', 'project_domain_id': 'default', 'project_domain_name': 'Default', 'project_id': '8b2a1088fa934af5b2453e54c2fd6388', 'project_name': 'tempest-HypervisorAdminNegativeTestJSON-1648672151', 'tenant_id': '8b2a1088fa934af5b2453e54c2fd6388', 'tenant_name': 'tempest-HypervisorAdminNegativeTestJSON-1648672151', 'user_domain_id': 'default', 'user_domain_name': 'Default', 'user_id': '9be744e3897848a2934ec45e3390c6c8', 'system': None}, Network: None, Subnet: None, Router: None
2025-03-06 02:22:33.072 68500 INFO tempest.lib.common.rest_client [req-aef3c592-a5b9-4522-a19b-1152f8f5b686 req-aef3c592-a5b9-4522-a19b-1152f8f5b686 ] Request (QuotasAdminNegativeTest:test_create_server_when_memory_quota_is_full): 200 GET http://10.180.1.21/compute/v2.1/os-quota-sets/1ebacfd507b24e13853154c90e61bb9f 1.249s
2025-03-06 02:22:33.081 68504 INFO tempest.lib.common.rest_client [req-2781b608-b59c-4419-8fe9-9d47f82ad70b req-2781b608-b59c-4419-8fe9-9d47f82ad70b ] Request (HypervisorAdminNegativeTestJSON:setUpClass): 201 POST http://10.180.1.21/identity/v3/auth/tokens 0.072s
2025-03-06 02:22:33.090 68538 INFO tempest.lib.common.rest_client [req-d870ea44-752b-4880-b977-defa725d84ab req-d870ea44-752b-4880-b977-defa725d84ab ] Request (AggregatesAdminNegativeTestJSON:test_aggregate_delete_with_invalid_id): 404 DELETE http://10.180.1.21/compute/v2.1/os-aggregates/-1 1.243s
2025-03-06 02:22:33.150 68504 INFO tempest.lib.common.rest_client [req-d0bd62d8-1d56-4162-aee4-5d7dd4b46f33 req-d0bd62d8-1d56-4162-aee4-5d7dd4b46f33 ] Request (HypervisorAdminNegativeTestJSON:setUpClass): 201 POST http://10.180.1.21/identity/v3/projects 0.069s
2025-03-06 02:22:33.227 68504 INFO tempest.lib.common.rest_client [req-b1224aa0-61e9-45c3-8b9e-8cefdefaa19e req-b1224aa0-61e9-45c3-8b9e-8cefdefaa19e ] Request (HypervisorAdminNegativeTestJSON:setUpClass): 201 POST http://10.180.1.21/identity/v3/users 0.076s
2025-03-06 02:22:33.249 68504 INFO tempest.lib.common.rest_client [req-4a1e06b0-c410-46ae-8634-c7cd1f321e54 req-4a1e06b0-c410-46ae-8634-c7cd1f321e54 ] Request (HypervisorAdminNegativeTestJSON:setUpClass): 200 GET http://10.180.1.21/identity/v3/roles 0.022s
2025-03-06 02:22:33.286 68504 INFO tempest.lib.common.rest_client [req-e422d68c-34c1-43de-8020-1a2b59a51c32 req-e422d68c-34c1-43de-8020-1a2b59a51c32 ] Request (HypervisorAdminNegativeTestJSON:setUpClass): 204 PUT http://10.180.1.21/identity/v3/projects/ecc98c7b405e4639be34547123b8462e/users/34c75241c6724b9c883d65a8c0cfa6fd/roles/91d3aa33c9a54e3889edfdddf6f29088 0.036s
2025-03-06 02:22:33.347 68504 INFO tempest.lib.common.rest_client [req-b99a99eb-21e8-4ee5-8a1f-3239c4fbae82 req-b99a99eb-21e8-4ee5-8a1f-3239c4fbae82 ] Request (HypervisorAdminNegativeTestJSON:setUpClass): 200 GET http://10.180.1.21/identity/v3/roles 0.060s
2025-03-06 02:22:33.361 68546 INFO tempest.lib.common.rest_client [req-5182a9ee-8e21-48fe-8341-f3f9a2d78d36 req-5182a9ee-8e21-48fe-8341-f3f9a2d78d36 ] Request (MigrationsAdminTest:test_list_migrations_in_flavor_resize_situation): 200 GET http://10.180.1.21/compute/v2.1/servers/911843cf-65d4-4262-8c80-e352755c8eac 1.493s
2025-03-06 02:22:33.371 68504 INFO tempest.lib.common.rest_client [req-0a9812f3-204e-4d45-ba23-6268343e89eb req-0a9812f3-204e-4d45-ba23-6268343e89eb ] Request (HypervisorAdminNegativeTestJSON:setUpClass): 204 PUT http://10.180.1.21/identity/v3/projects/ecc98c7b405e4639be34547123b8462e/users/34c75241c6724b9c883d65a8c0cfa6fd/roles/91d3aa33c9a54e3889edfdddf6f29088 0.023s
2025-03-06 02:22:33.371 68504 INFO tempest.lib.common.dynamic_creds [-] Dynamic test user 34c75241c6724b9c883d65a8c0cfa6fd is created with scope project and roles: ['admin']
2025-03-06 02:22:33.372 68504 INFO tempest.lib.common.dynamic_creds [-] Acquired dynamic creds: credentials: Credentials: {'domain_id': 'default', 'domain_name': 'Default', 'username': 'tempest-HypervisorAdminNegativeTestJSON-18680828-project-admin', 'project_domain_id': 'default', 'project_domain_name': 'Default', 'project_id': 'ecc98c7b405e4639be34547123b8462e', 'project_name': 'tempest-HypervisorAdminNegativeTestJSON-18680828', 'tenant_id': 'ecc98c7b405e4639be34547123b8462e', 'tenant_name': 'tempest-HypervisorAdminNegativeTestJSON-18680828', 'user_domain_id': 'default', 'user_domain_name': 'Default', 'user_id': '34c75241c6724b9c883d65a8c0cfa6fd', 'system': None}, Network: None, Subnet: None, Router: None
2025-03-06 02:22:33.372 68504 INFO tempest.lib.common.dynamic_creds [-] Created isolated network resources for: credentials: Credentials: {'domain_id': 'default', 'domain_name': 'Default', 'username': 'tempest-HypervisorAdminNegativeTestJSON-18680828-project-admin', 'project_domain_id': 'default', 'project_domain_name': 'Default', 'project_id': 'ecc98c7b405e4639be34547123b8462e', 'project_name': 'tempest-HypervisorAdminNegativeTestJSON-18680828', 'tenant_id': 'ecc98c7b405e4639be34547123b8462e', 'tenant_name': 'tempest-HypervisorAdminNegativeTestJSON-18680828', 'user_domain_id': 'default', 'user_domain_name': 'Default', 'user_id': '34c75241c6724b9c883d65a8c0cfa6fd', 'system': None}, Network: None, Subnet: None, Router: None
2025-03-06 02:22:33.390 68544 INFO tempest.lib.common.rest_client [req-58068294-b69e-460d-ad52-b6dad2b5140d req-58068294-b69e-460d-ad52-b6dad2b5140d ] Request (ServicesAdminNegativeV253TestJSON:test_get_service_with_valid_service_and_invalid_host): 200 GET http://10.180.1.21/compute/v2.1/os-services 1.514s
2025-03-06 02:22:33.414 68530 INFO tempest.lib.common.rest_client [req-50d97ead-819c-4158-ac88-306ea5e90413 req-50d97ead-819c-4158-ac88-306ea5e90413 ] Request (FlavorsAccessNegativeTestJSON:_run_cleanups): 200 GET http://10.180.1.21/compute/v2.1/flavors/detail 1.524s
2025-03-06 02:22:33.415 68496 INFO tempest.lib.common.rest_client [req-ddcd6a71-a9c5-450d-9695-65108f57b290 req-ddcd6a71-a9c5-450d-9695-65108f57b290 ] Request (FloatingIPsAssociationNegativeTestJSON:_run_cleanups): 202 DELETE http://10.180.1.21/compute/v2.1/os-floating-ips/ae367aef-f5c4-4521-9407-e6a4cdbeaf5b 1.688s
2025-03-06 02:22:33.463 68504 INFO tempest.lib.common.rest_client [req-dd217568-ea60-4ff9-a21a-92b369b7dd7e req-dd217568-ea60-4ff9-a21a-92b369b7dd7e ] Request (HypervisorAdminNegativeTestJSON:setUpClass): 201 POST http://10.180.1.21/identity/v3/auth/tokens 0.088s
2025-03-06 02:22:33.483 68528 INFO tempest.lib.common.rest_client [req-c4e35ee2-7761-4c70-8850-06e4e93f2a72 req-c4e35ee2-7761-4c70-8850-06e4e93f2a72 ] Request (ServersV294TestFqdnHostnames:setUpClass): 200 GET http://10.180.1.21/compute/v2.1/servers/d9335c00-8fe9-4550-a008-6e3fe9859294 1.547s
2025-03-06 02:22:33.487 68492 INFO tempest.lib.common.rest_client [req-fcfaeef6-597a-4737-bd77-f2a1960e7d9e req-fcfaeef6-597a-4737-bd77-f2a1960e7d9e ] Request (ImagesNegativeTestJSON:test_create_image_from_deleted_server): 200 GET http://10.180.1.21/compute/v2.1/servers/255964fd-0aca-40f7-ae4f-2d4488a5eba0 1.483s
2025-03-06 02:22:33.502 68514 INFO tempest.lib.common.rest_client [req-1cd9a0d4-cd79-4cd9-97a1-ba77777e7f30 req-1cd9a0d4-cd79-4cd9-97a1-ba77777e7f30 ] Request (SecurityGroupRulesTestJSON:tearDownClass): 404 DELETE http://10.180.1.21/compute/v2.1/os-security-groups/59ebd124-20e0-4a17-bb19-d4f2927f1bf8 1.419s
2025-03-06 02:22:33.548 68518 INFO tempest.lib.common.rest_client [req-7cdea3bb-ecf8-4fa4-b159-80e4219e8e0d req-7cdea3bb-ecf8-4fa4-b159-80e4219e8e0d ] Request (ServerDiskConfigTestJSON:test_rebuild_server_with_auto_disk_config): 200 GET http://10.180.1.21/compute/v2.1/servers/dee791a2-b454-4c8c-a507-bc9bece10939 1.481s
2025-03-06 02:22:33.638 68532 INFO tempest.lib.common.rest_client [req-37dce90d-04e1-4fd7-a7ae-10ac57e2858e req-37dce90d-04e1-4fd7-a7ae-10ac57e2858e ] Request (SecurityGroupRulesNegativeTestJSON:tearDownClass): 202 DELETE http://10.180.1.21/compute/v2.1/os-security-groups/2feebb33-dbee-45c9-9815-2d0cf7e88e1a 1.544s
2025-03-06 02:22:33.666 68542 INFO tempest.lib.common.rest_client [req-174fa1dd-e515-40de-a60d-6bcf9b3df98d req-174fa1dd-e515-40de-a60d-6bcf9b3df98d ] Request (ImagesOneServerNegativeTestJSON:tearDown): 200 GET http://10.180.1.21/compute/v2.1/servers/7404a2b9-9b22-476f-a94e-ef47a6c96152 1.563s
2025-03-06 02:22:33.710 68502 INFO tempest.lib.common.rest_client [req-14339849-0b85-45bf-9cea-ea9350083a28 req-14339849-0b85-45bf-9cea-ea9350083a28 ] Request (ImagesOneServerTestJSON:setUpClass): 200 GET http://10.180.1.21/compute/v2.1/servers/6f5dc2ac-dc34-4b23-83db-fedf1e69c0ae 1.494s
2025-03-06 02:22:33.728 68536 INFO tempest.lib.common.rest_client [req-c82781ae-b931-4a83-b488-61b003867e77 req-c82781ae-b931-4a83-b488-61b003867e77 ] Request (ServersAdminTestJSON:setUpClass): 200 GET http://10.180.1.21/compute/v2.1/servers/6502ef96-d83f-453d-bf58-4e7b40d15b2d 1.453s
2025-03-06 02:22:33.790 68520 INFO tempest.lib.common.rest_client [req-1dfe5dd1-5ad6-4d43-a0d5-bcf4b9d9ee18 req-1dfe5dd1-5ad6-4d43-a0d5-bcf4b9d9ee18 ] Request (ServerExternalEventsTest:test_create_server_external_events): 200 GET http://10.180.1.21/compute/v2.1/servers/2e688e42-39fd-4d9c-a658-fa1a8ff10627 1.498s
2025-03-06 02:22:33.853 68498 INFO tempest.lib.common.rest_client [req-e3ee0f61-19ea-4cc1-89f7-853bceaedf3c req-e3ee0f61-19ea-4cc1-89f7-853bceaedf3c ] Request (AttachInterfacesUnderV243Test:test_add_remove_fixed_ip): 200 GET http://10.180.1.21/compute/v2.1/servers/6a77cc49-0b11-4341-a8c9-290cdf086ca0 1.361s
2025-03-06 02:22:33.857 68516 INFO tempest.lib.common.rest_client [req-aea937d1-407f-4697-a01a-519af68c263a req-aea937d1-407f-4697-a01a-519af68c263a ] Request (VolumesAdminNegativeTest:setUpClass): 201 POST http://10.180.1.21:9696/networking/v2.0/routers 1.117s
2025-03-06 02:22:33.935 68512 INFO tempest.lib.common.rest_client [req-2af737e5-db97-4420-98cb-f7702ae9bac9 req-2af737e5-db97-4420-98cb-f7702ae9bac9 ] Request (ServersAdmin275Test:tearDownClass): 200 GET http://10.180.1.21/compute/v2.1/servers/157b6f13-23f2-4294-9342-d217ab63fcfd 1.318s
2025-03-06 02:22:33.969 68506 INFO tempest.lib.common.rest_client [req-4f682913-dd37-464c-8390-d2caca912e82 req-4f682913-dd37-464c-8390-d2caca912e82 ] Request (TenantUsagesTestJSON:test_get_usage_tenant): 200 GET http://10.180.1.21/compute/v2.1/os-simple-tenant-usage/b13dcf13c09748b39b0e0e38f46263e6?start=2025-03-05T02%3A22%3A32.532305&end=2025-03-07T02%3A22%3A32.532305 1.437s
2025-03-06 02:22:33.993 68494 INFO tempest.lib.common.rest_client [req-ce8a3576-e76b-4428-818e-0d2df803154a req-ce8a3576-e76b-4428-818e-0d2df803154a ] Request (ServerRescueNegativeTestJSON:setUpClass): 200 GET http://10.180.1.21/compute/v2.1/servers/f94f8d22-0297-418d-b3c0-561a999723ab 1.122s
2025-03-06 02:22:34.021 68488 INFO tempest.lib.common.rest_client [req-6b0eea19-af62-4538-bdd1-ccff9877da77 req-6b0eea19-af62-4538-bdd1-ccff9877da77 ] Request (KeyPairsV22TestJSON:test_keypairs_create_list_delete): 201 POST http://10.180.1.21/compute/v2.1/os-keypairs 1.124s
2025-03-06 02:22:34.054 68538 INFO tempest.lib.common.rest_client [req-4d8deeed-d2da-48a8-8d67-b95cd45b1dad req-4d8deeed-d2da-48a8-8d67-b95cd45b1dad ] Request (AggregatesAdminNegativeTestJSON:test_aggregate_get_details_as_user): 200 POST http://10.180.1.21/compute/v2.1/os-aggregates 0.963s
2025-03-06 02:22:34.110 68500 INFO tempest.lib.common.rest_client [req-1e0b90d7-1959-412c-80e3-87388c1cc03f req-1e0b90d7-1959-412c-80e3-87388c1cc03f ] Request (QuotasAdminNegativeTest:test_create_server_when_memory_quota_is_full): 200 PUT http://10.180.1.21/compute/v2.1/os-quota-sets/1ebacfd507b24e13853154c90e61bb9f 1.036s
2025-03-06 02:22:34.120 68490 INFO tempest.lib.common.rest_client [req-3a94c5e3-dda3-47ca-b3db-1550ab334813 req-3a94c5e3-dda3-47ca-b3db-1550ab334813 ] Request (ServerDiagnosticsNegativeTest:tearDownClass): 200 GET http://10.180.1.21/compute/v2.1/servers/081158fd-d322-4fb7-bf2d-29291f8877b8 0.925s
2025-03-06 02:22:34.137 68534 INFO tempest.lib.common.rest_client [req-f45829b5-70bb-4bb1-9b93-04128f396d19 req-f45829b5-70bb-4bb1-9b93-04128f396d19 ] Request (DeleteServersAdminTestJSON:test_admin_delete_servers_of_others): 404 GET http://10.180.1.21/compute/v2.1/servers/8df86dfd-b28d-4fe5-8af9-e15d41334484 0.932s
2025-03-06 02:22:34.189 68540 INFO tempest.lib.common.rest_client [req-52d1db49-ded8-4c90-ac21-3123765f5147 req-52d1db49-ded8-4c90-ac21-3123765f5147 ] Request (ServerDiagnosticsTest:tearDownClass): 200 GET http://10.180.1.21/compute/v2.1/servers/db4d54f8-1d8e-4e32-ad7c-5e2beef95d88 0.916s
2025-03-06 02:22:34.194 68500 INFO tempest.lib.common.rest_client [req-bb340c39-07f5-438c-b3d6-02ec65e19c25 req-bb340c39-07f5-438c-b3d6-02ec65e19c25 ] Request (QuotasAdminNegativeTest:test_create_server_when_memory_quota_is_full): 201 POST http://10.180.1.21/identity/v3/auth/tokens 0.075s
2025-03-06 02:22:34.194 68500 INFO tempest.lib.common.fixed_network [-] (QuotasAdminNegativeTest:test_create_server_when_memory_quota_is_full) Found network None available for tenant
2025-03-06 02:22:34.199 68522 INFO tempest.lib.common.rest_client [req-1c7d007e-8ae5-4b6e-b8d1-494e49f51694 req-1c7d007e-8ae5-4b6e-b8d1-494e49f51694 ] Request (InstanceActionsTestJSON:setUpClass): 200 GET http://10.180.1.21/compute/v2.1/servers/b893c8b7-5398-481e-af5d-db3dc42170b5 0.910s
2025-03-06 02:22:34.209 68534 INFO tempest.lib.common.rest_client [req-477e4cc0-69de-4df8-b910-7cdba88c0c98 req-477e4cc0-69de-4df8-b910-7cdba88c0c98 ] Request (DeleteServersAdminTestJSON:test_delete_server_while_in_error_state): 201 POST http://10.180.1.21/identity/v3/auth/tokens 0.062s
2025-03-06 02:22:34.209 68534 INFO tempest.lib.common.fixed_network [-] (DeleteServersAdminTestJSON:test_delete_server_while_in_error_state) Found network None available for tenant
2025-03-06 02:22:34.221 68544 INFO tempest.lib.common.rest_client [req-cf52c325-b358-4c51-976a-14eaeb14458e req-cf52c325-b358-4c51-976a-14eaeb14458e ] Request (ServicesAdminNegativeV253TestJSON:test_get_service_with_valid_service_and_invalid_host): 200 GET http://10.180.1.21/compute/v2.1/os-services?host=xxx&binary=nova-scheduler 0.828s
2025-03-06 02:22:34.260 68526 INFO tempest.lib.common.rest_client [req-4984a838-154a-4954-8cf4-27c0eb12442f req-4984a838-154a-4954-8cf4-27c0eb12442f ] Request (MultipleCreateTestJSON:_run_cleanups): 200 GET http://10.180.1.21/compute/v2.1/servers/f3c2c9c1-f902-4ff6-a458-4f7eca562aa6 0.899s
2025-03-06 02:22:34.268 68526 INFO tempest.common.waiters [-] State transition "ACTIVE/deleting" ==> "DELETED/None" after 2 second wait
