2025-03-06 02:23:08.044 68532 INFO tempest.lib.common.rest_client [req-fe482627-012c-458e-a595-1ce08245e096 req-fe482627-012c-458e-a595-1ce08245e096 ] Request (ServerGroupTestJSON:test_create_server_with_scheduler_hint_group): 200 GET http://10.180.1.21/compute/v2.1/servers/ca0a52bb-fcec-4bf9-b574-7f51aca6eaa3 0.299s
2025-03-06 02:23:08.057 68536 INFO tempest.lib.common.rest_client [req-cb34e3d7-6ad6-456c-affa-e869227a15e8 req-cb34e3d7-6ad6-456c-affa-e869227a15e8 ] Request (ServersAdminTestJSON:test_create_server_with_scheduling_hint): 200 GET http://10.180.1.21/compute/v2.1/servers/66e60bfd-4e98-417d-9a88-5142ba8d84e9 0.290s
2025-03-06 02:23:08.122 68508 INFO tempest.lib.common.rest_client [req-22b5dacb-a3ad-4131-8fcd-2de27aebedc2 req-22b5dacb-a3ad-4131-8fcd-2de27aebedc2 ] Request (ServersAdminNegativeTestJSON:tearDownClass): 200 GET http://10.180.1.21/compute/v2.1/servers/7f1279fc-2387-487b-905d-2afc8c3caa33 0.262s
2025-03-06 02:23:08.127 68534 INFO tempest.lib.common.rest_client [req-7c65f643-9155-408a-81e2-75145f7dc223 req-7c65f643-9155-408a-81e2-75145f7dc223 ] Request (DeleteServersAdminTestJSON:test_delete_server_while_in_error_state): 200 GET http://10.180.1.21/compute/v2.1/servers/7611362e-08dc-4cab-933a-596bbd8b0671 0.266s
2025-03-06 02:23:08.155 68490 INFO tempest.lib.common.rest_client [req-97be812e-4670-4e1f-a1c6-08e2ce82d535 req-97be812e-4670-4e1f-a1c6-08e2ce82d535 ] Request (ImagesMetadataTestJSON:test_update_image_metadata): 200 GET http://10.180.1.21/compute/v2.1/images/d7124433-117d-499a-9431-9c87f2dd5548/metadata 0.227s
2025-03-06 02:23:08.186 68504 INFO tempest.lib.common.rest_client [req-981c1997-41fd-4be4-8f9c-16889c53a0d3 req-981c1997-41fd-4be4-8f9c-16889c53a0d3 ] Request (ServerMetadataNegativeTestJSON:setUpClass): 200 GET http://10.180.1.21/compute/v2.1/servers/7f57b127-7022-4fac-a471-e7be04a7938d 0.256s
2025-03-06 02:23:08.212 68490 INFO tempest.lib.common.rest_client [req-468b7903-81c4-4ec0-a494-4c3922f8991d req-468b7903-81c4-4ec0-a494-4c3922f8991d ] Request (ImagesMetadataTestJSON:tearDownClass): 204 DELETE http://10.180.1.21/image/v2/images/d7124433-117d-499a-9431-9c87f2dd5548 0.053s
2025-03-06 02:23:08.325 68506 INFO tempest.lib.common.rest_client [req-c13d7bf6-c633-48d2-ad91-336af3706cad req-c13d7bf6-c633-48d2-ad91-336af3706cad ] Request (TenantUsagesTestJSON:tearDownClass): 200 GET http://10.180.1.21/compute/v2.1/servers/6ab1ccb3-7844-4a17-8747-561d1d96ea38 0.060s
2025-03-06 02:23:08.332 68546 INFO tempest.lib.common.rest_client [req-02b32335-3124-446a-83d6-116115fe9299 req-02b32335-3124-446a-83d6-116115fe9299 ] Request (MigrationsAdminTest:test_list_migrations_in_flavor_resize_situation): 200 GET http://10.180.1.21/compute/v2.1/servers/911843cf-65d4-4262-8c80-e352755c8eac 0.131s
2025-03-06 02:23:08.362 68490 INFO tempest.lib.common.rest_client [req-e17cde7d-dc0f-4638-934f-f1c72a5b7782 req-e17cde7d-dc0f-4638-934f-f1c72a5b7782 ] Request (ImagesMetadataTestJSON:tearDownClass): 204 DELETE http://10.180.1.21/identity/v3/users/b35dddad37054e90b7067b2e1e3d8dd0 0.150s
2025-03-06 02:23:08.363 68490 INFO tempest.lib.common.dynamic_creds [-] Deleting project and security group for project: fb032ab79a6b409b81721ba4cea62a77
2025-03-06 02:23:08.420 68490 INFO tempest.lib.common.rest_client [req-814ede66-7c02-48fb-8d93-ef6a1b80836c req-814ede66-7c02-48fb-8d93-ef6a1b80836c ] Request (ImagesMetadataTestJSON:tearDownClass): 201 POST http://10.180.1.21/identity/v3/auth/tokens 0.057s
2025-03-06 02:23:08.507 68510 INFO tempest.lib.common.rest_client [req-b0180e59-287d-4499-9c13-b76095abeaf7 req-b0180e59-287d-4499-9c13-b76095abeaf7 ] Request (ServersWithSpecificFlavorTestJSON:test_verify_created_server_ephemeral_disk): 200 GET http://10.180.1.21/compute/v2.1/servers/fcdb770c-4c0c-4faa-874d-66f05bbfc873 0.112s
2025-03-06 02:23:08.514 68488 INFO tempest.lib.common.rest_client [req-9eb7fac8-7add-433a-bbf6-b1a38061a607 req-9eb7fac8-7add-433a-bbf6-b1a38061a607 ] Request (ServersTestBootFromVolume:setUpClass): 200 GET http://10.180.1.21/volume/v3/volumes/ba9f4782-4ae0-419c-9da3-3d579be319cd 0.028s
2025-03-06 02:23:08.527 68496 INFO tempest.lib.common.rest_client [req-6ae4d7b3-60ee-441a-885a-f766b73af5a3 req-6ae4d7b3-60ee-441a-885a-f766b73af5a3 ] Request (FloatingIPsAssociationNegativeTestJSON:tearDownClass): 200 GET http://10.180.1.21/compute/v2.1/servers/8490d1d5-decb-466c-88e0-40a39956d35c 0.070s
2025-03-06 02:23:08.563 68490 INFO tempest.lib.common.rest_client [req-92ebfdeb-391e-428e-9936-6266dde1f3b7 req-92ebfdeb-391e-428e-9936-6266dde1f3b7 ] Request (ImagesMetadataTestJSON:tearDownClass): 200 GET http://10.180.1.21:9696/networking/v2.0/security-groups?tenant_id=fb032ab79a6b409b81721ba4cea62a77&name=default 0.143s
2025-03-06 02:23:08.577 68486 INFO tempest.lib.common.rest_client [req-eaef9701-e3ba-4b5c-9076-f8fcaf68fb2f req-eaef9701-e3ba-4b5c-9076-f8fcaf68fb2f ] Request (ServersListShow2100Test:test_list_show_rebuild_update_server_2100): 200 GET http://10.180.1.21/compute/v2.1/servers/1a6bac6d-a619-422b-8ca5-98dc565a896e 0.101s
2025-03-06 02:23:08.582 68516 INFO tempest.lib.common.rest_client [req-5dbd5968-fa93-4990-9a99-dddaee6cdcab req-5dbd5968-fa93-4990-9a99-dddaee6cdcab ] Request (VolumesAdminNegativeTest:test_update_attached_volume_with_nonexistent_volume_in_body): 200 GET http://10.180.1.21/compute/v2.1/servers/af19a172-f3dd-4af0-89c7-9fdaa8d5412a 0.073s
2025-03-06 02:23:08.627 68540 INFO tempest.lib.common.rest_client [req-13b261bd-14dd-475c-a3a9-eaefd263e72e req-13b261bd-14dd-475c-a3a9-eaefd263e72e ] Request (ImagesTestJSON:test_create_image_from_stopped_server): 200 GET http://10.180.1.21/compute/v2.1/servers/204cdc86-b961-4e0e-a369-741df2477118 0.051s
2025-03-06 02:23:08.640 68490 INFO tempest.lib.common.rest_client [req-f7e9e6d3-5fbc-402a-9c7c-abd097415971 req-f7e9e6d3-5fbc-402a-9c7c-abd097415971 ] Request (ImagesMetadataTestJSON:tearDownClass): 204 DELETE http://10.180.1.21:9696/networking/v2.0/security-groups/c04e76c3-dd93-40a1-829a-57f6b8c1a242 0.076s
2025-03-06 02:23:08.715 68518 INFO tempest.lib.common.rest_client [req-7a045b57-5cf5-45b7-9343-d862867dffa6 req-7a045b57-5cf5-45b7-9343-d862867dffa6 ] Request (ServerDiskConfigTestJSON:test_rebuild_server_with_auto_disk_config): 200 GET http://10.180.1.21/compute/v2.1/servers/dee791a2-b454-4c8c-a507-bc9bece10939 0.114s
2025-03-06 02:23:08.716 68490 INFO tempest.lib.common.rest_client [req-b2d07bb3-e41e-423f-adf3-b802231fa374 req-b2d07bb3-e41e-423f-adf3-b802231fa374 ] Request (ImagesMetadataTestJSON:tearDownClass): 204 DELETE http://10.180.1.21/identity/v3/projects/fb032ab79a6b409b81721ba4cea62a77 0.075s
2025-03-06 02:23:08.761 68502 INFO tempest.lib.common.rest_client [req-a1d00f79-6b93-46e0-a703-42de924e4f62 req-a1d00f79-6b93-46e0-a703-42de924e4f62 ] Request (ImagesOneServerTestJSON:setUpClass): 200 GET http://10.180.1.21/compute/v2.1/servers/6f5dc2ac-dc34-4b23-83db-fedf1e69c0ae 0.115s
2025-03-06 02:23:08.769 68502 INFO tempest.common.waiters [-] State transition "BUILD/networking" ==> "BUILD/spawning" after 43 second wait
2025-03-06 02:23:08.788 68492 INFO tempest.lib.common.rest_client [req-098ed8f0-6a44-4fb8-994e-3a400ad53091 req-098ed8f0-6a44-4fb8-994e-3a400ad53091 ] Request (ImagesNegativeTestJSON:test_create_image_from_deleted_server): 200 GET http://10.180.1.21/compute/v2.1/servers/255964fd-0aca-40f7-ae4f-2d4488a5eba0 0.122s
2025-03-06 02:23:08.810 68514 INFO tempest.lib.common.rest_client [req-5c4eb4b1-9d8e-4f35-a66d-43c83ebedafb req-5c4eb4b1-9d8e-4f35-a66d-43c83ebedafb ] Request (AttachInterfacesV270Test:test_create_get_list_interfaces): 200 GET http://10.180.1.21/compute/v2.1/servers/a9c8f668-f7f1-4af3-a2e4-6c84df23ae34 0.099s
2025-03-06 02:23:08.813 68490 INFO tempest.lib.common.rest_client [req-3618bc97-20df-46d1-a89f-24a37691232e req-3618bc97-20df-46d1-a89f-24a37691232e ] Request (ServersTestFqdnHostnames:setUpClass): 201 POST http://10.180.1.21/identity/v3/auth/tokens 0.095s
2025-03-06 02:23:08.843 68520 INFO tempest.lib.common.rest_client [req-d0d2b5c1-b4d6-4f25-8b2c-8ea6baad9d28 req-d0d2b5c1-b4d6-4f25-8b2c-8ea6baad9d28 ] Request (ServerExternalEventsTest:tearDownClass): 200 GET http://10.180.1.21/compute/v2.1/servers/2e688e42-39fd-4d9c-a658-fa1a8ff10627 0.108s
2025-03-06 02:23:08.843 68528 WARNING tempest.lib.common.ssh [-] Failed to establish authenticated ssh connection to cirros@10.180.180.128 ([Errno None] Unable to connect to port 22 on 10.180.180.128). Number attempts: 2. Retry after 3 seconds.: paramiko.ssh_exception.NoValidConnectionsError: [Errno None] Unable to connect to port 22 on 10.180.180.128
2025-03-06 02:23:08.851 68490 INFO tempest.lib.common.rest_client [req-66465b0f-d503-4a60-bfdd-1181cf00b7e0 req-66465b0f-d503-4a60-bfdd-1181cf00b7e0 ] Request (ServersTestFqdnHostnames:setUpClass): 201 POST http://10.180.1.21/identity/v3/auth/tokens 0.035s
2025-03-06 02:23:08.852 68520 INFO tempest.common.waiters [-] State transition "ACTIVE/deleting" ==> "DELETED/None" after 4 second wait
2025-03-06 02:23:08.862 68494 INFO tempest.lib.common.rest_client [req-c0b39d7d-ce8a-414d-b4bc-612d006baa62 req-c0b39d7d-ce8a-414d-b4bc-612d006baa62 ] Request (ServerRescueNegativeTestJSON:setUpClass): 200 GET http://10.180.1.21/compute/v2.1/servers/f94f8d22-0297-418d-b3c0-561a999723ab 0.064s
2025-03-06 02:23:08.877 68490 INFO tempest.lib.common.rest_client [req-d0a6410d-7329-4b81-9b68-91f4420c5495 req-d0a6410d-7329-4b81-9b68-91f4420c5495 ] Request (ServersTestFqdnHostnames:setUpClass): 200 GET http://10.180.1.21/identity/v3/domains?name=Default 0.026s
2025-03-06 02:23:08.905 68490 INFO tempest.lib.common.rest_client [req-8554e450-44cc-42de-88af-e15d51a28e6f req-8554e450-44cc-42de-88af-e15d51a28e6f ] Request (ServersTestFqdnHostnames:setUpClass): 201 POST http://10.180.1.21/identity/v3/projects 0.028s
2025-03-06 02:23:08.918 68524 INFO tempest.lib.common.rest_client [req-b9a3333e-6de3-4b13-873d-d6f773c91c26 req-b9a3333e-6de3-4b13-873d-d6f773c91c26 ] Request (ServersNegativeTestMultiTenantJSON:tearDownClass): 200 GET http://10.180.1.21/compute/v2.1/servers/416f940e-9efb-445b-887e-a0b750c6ed96 0.055s
2025-03-06 02:23:08.972 68490 INFO tempest.lib.common.rest_client [req-9aba69a0-5dc3-47bd-8c03-ce5b34028928 req-9aba69a0-5dc3-47bd-8c03-ce5b34028928 ] Request (ServersTestFqdnHostnames:setUpClass): 201 POST http://10.180.1.21/identity/v3/users 0.066s
2025-03-06 02:23:08.986 68526 INFO tempest.lib.common.rest_client [req-92866daf-0ac6-4038-a87d-7ac1e846ea5c req-92866daf-0ac6-4038-a87d-7ac1e846ea5c ] Request (MultipleCreateTestJSON:test_multiple_create_with_reservation_return): 200 GET http://10.180.1.21/compute/v2.1/servers/c75ca399-731b-495e-b764-11d8fd172455 0.068s
2025-03-06 02:23:09.000 68490 INFO tempest.lib.common.rest_client [req-cebe34ea-dbd2-4ac7-ac2b-0773e6b99a3d req-cebe34ea-dbd2-4ac7-ac2b-0773e6b99a3d ] Request (ServersTestFqdnHostnames:setUpClass): 200 GET http://10.180.1.21/identity/v3/roles 0.027s
2025-03-06 02:23:09.035 68522 INFO tempest.lib.common.rest_client [req-05f03fb6-44ae-4f15-9809-be9e6b355df1 req-05f03fb6-44ae-4f15-9809-be9e6b355df1 ] Request (InstanceActionsTestJSON:setUpClass): 200 GET http://10.180.1.21/compute/v2.1/servers/b893c8b7-5398-481e-af5d-db3dc42170b5 0.069s
2025-03-06 02:23:09.035 68484 WARNING tempest.lib.common.ssh [-] Failed to establish authenticated ssh connection to cirros@10.180.180.229 ([Errno None] Unable to connect to port 22 on 10.180.180.229). Number attempts: 5. Retry after 6 seconds.: paramiko.ssh_exception.NoValidConnectionsError: [Errno None] Unable to connect to port 22 on 10.180.180.229
2025-03-06 02:23:09.036 68490 INFO tempest.lib.common.rest_client [req-9a3c22b1-bbba-4d4c-a2b0-ae8433136580 req-9a3c22b1-bbba-4d4c-a2b0-ae8433136580 ] Request (ServersTestFqdnHostnames:setUpClass): 204 PUT http://10.180.1.21/identity/v3/projects/8f78d3ac846a4011b8a542d49b97a98f/users/2faa1f380481463b874ffb15a9fe9281/roles/a87cc5a0dd0e4fd780d9b7f869f12210 0.036s
2025-03-06 02:23:09.037 68490 INFO tempest.lib.common.dynamic_creds [-] Dynamic test user 2faa1f380481463b874ffb15a9fe9281 is created with scope project and roles: ['member']
2025-03-06 02:23:09.037 68490 INFO tempest.lib.common.dynamic_creds [-] Acquired dynamic creds: credentials: Credentials: {'domain_id': 'default', 'domain_name': 'Default', 'username': 'tempest-ServersTestFqdnHostnames-1226130738-project-member', 'project_domain_id': 'default', 'project_domain_name': 'Default', 'project_id': '8f78d3ac846a4011b8a542d49b97a98f', 'project_name': 'tempest-ServersTestFqdnHostnames-1226130738', 'tenant_id': '8f78d3ac846a4011b8a542d49b97a98f', 'tenant_name': 'tempest-ServersTestFqdnHostnames-1226130738', 'user_domain_id': 'default', 'user_domain_name': 'Default', 'user_id': '2faa1f380481463b874ffb15a9fe9281', 'system': None}, Network: None, Subnet: None, Router: None
2025-03-06 02:23:09.082 68512 INFO tempest.lib.common.rest_client [req-68464e84-d6a4-418a-a4b6-aa429fcdcbc3 req-68464e84-d6a4-418a-a4b6-aa429fcdcbc3 ] Request (ServersAdmin275Test:tearDownClass): 200 GET http://10.180.1.21/compute/v2.1/servers/157b6f13-23f2-4294-9342-d217ab63fcfd 0.077s
2025-03-06 02:23:09.097 68490 INFO tempest.lib.common.rest_client [req-c6923a2b-cc52-40aa-8195-fcd4105682dd req-c6923a2b-cc52-40aa-8195-fcd4105682dd ] Request (ServersTestFqdnHostnames:setUpClass): 201 POST http://10.180.1.21/identity/v3/auth/tokens 0.059s
2025-03-06 02:23:09.118 68542 INFO tempest.lib.common.rest_client [req-c7fe9d5b-69b4-481e-a395-ae7657f10a59 req-c7fe9d5b-69b4-481e-a395-ae7657f10a59 ] Request (ImagesOneServerNegativeTestJSON:_run_cleanups): 200 GET http://10.180.1.21/compute/v2.1/servers/7404a2b9-9b22-476f-a94e-ef47a6c96152 0.101s
2025-03-06 02:23:09.133 68532 INFO tempest.lib.common.rest_client [req-7399324e-9bce-4646-87ae-9099b2c1c488 req-7399324e-9bce-4646-87ae-9099b2c1c488 ] Request (ServerGroupTestJSON:test_create_server_with_scheduler_hint_group): 200 GET http://10.180.1.21/compute/v2.1/servers/ca0a52bb-fcec-4bf9-b574-7f51aca6eaa3 0.074s
2025-03-06 02:23:09.166 68536 INFO tempest.lib.common.rest_client [req-e04ac27e-714f-4edf-80bf-3bbaf3b9ae60 req-e04ac27e-714f-4edf-80bf-3bbaf3b9ae60 ] Request (ServersAdminTestJSON:test_create_server_with_scheduling_hint): 200 GET http://10.180.1.21/compute/v2.1/servers/66e60bfd-4e98-417d-9a88-5142ba8d84e9 0.095s
2025-03-06 02:23:09.194 68508 INFO tempest.lib.common.rest_client [req-af57551c-5005-472d-a538-df4ad5e02a8e req-af57551c-5005-472d-a538-df4ad5e02a8e ] Request (ServersAdminNegativeTestJSON:tearDownClass): 200 GET http://10.180.1.21/compute/v2.1/servers/7f1279fc-2387-487b-905d-2afc8c3caa33 0.060s
2025-03-06 02:23:09.213 68534 INFO tempest.lib.common.rest_client [req-cc8c9a3c-aa53-45a7-ace0-784c8a42b036 req-cc8c9a3c-aa53-45a7-ace0-784c8a42b036 ] Request (DeleteServersAdminTestJSON:test_delete_server_while_in_error_state): 200 GET http://10.180.1.21/compute/v2.1/servers/7611362e-08dc-4cab-933a-596bbd8b0671 0.076s
2025-03-06 02:23:09.251 68504 INFO tempest.lib.common.rest_client [req-cb9de47c-1845-4842-b344-30d8dd179827 req-cb9de47c-1845-4842-b344-30d8dd179827 ] Request (ServerMetadataNegativeTestJSON:setUpClass): 200 GET http://10.180.1.21/compute/v2.1/servers/7f57b127-7022-4fac-a471-e7be04a7938d 0.057s
2025-03-06 02:23:09.331 68490 INFO tempest.lib.common.rest_client [req-748e4668-5bc3-4e39-a2a1-7319ac5bc027 req-748e4668-5bc3-4e39-a2a1-7319ac5bc027 ] Request (ServersTestFqdnHostnames:setUpClass): 201 POST http://10.180.1.21:9696/networking/v2.0/networks 0.234s
2025-03-06 02:23:09.409 68506 INFO tempest.lib.common.rest_client [req-39657903-77db-46ae-a6fb-733fcc32840f req-39657903-77db-46ae-a6fb-733fcc32840f ] Request (TenantUsagesTestJSON:tearDownClass): 200 GET http://10.180.1.21/compute/v2.1/servers/6ab1ccb3-7844-4a17-8747-561d1d96ea38 0.071s
2025-03-06 02:23:09.469 68546 INFO tempest.lib.common.rest_client [req-155f72b3-6928-4b57-8c4c-c0401134afd0 req-155f72b3-6928-4b57-8c4c-c0401134afd0 ] Request (MigrationsAdminTest:test_list_migrations_in_flavor_resize_situation): 200 GET http://10.180.1.21/compute/v2.1/servers/911843cf-65d4-4262-8c80-e352755c8eac 0.126s
2025-03-06 02:23:09.479 68490 INFO tempest.lib.common.rest_client [req-d4de4379-0f68-424d-ae1c-3de3dfbd8e53 req-d4de4379-0f68-424d-ae1c-3de3dfbd8e53 ] Request (ServersTestFqdnHostnames:setUpClass): 201 POST http://10.180.1.21:9696/networking/v2.0/subnets 0.147s
2025-03-06 02:23:09.554 68488 INFO tempest.lib.common.rest_client [req-9d049945-c30d-4368-aec8-9e97b1d0aa6f req-9d049945-c30d-4368-aec8-9e97b1d0aa6f ] Request (ServersTestBootFromVolume:setUpClass): 200 GET http://10.180.1.21/volume/v3/volumes/ba9f4782-4ae0-419c-9da3-3d579be319cd 0.033s
2025-03-06 02:23:09.626 68496 INFO tempest.lib.common.rest_client [req-96cf485f-202d-4d56-9fa8-ebf3a1652e70 req-96cf485f-202d-4d56-9fa8-ebf3a1652e70 ] Request (FloatingIPsAssociationNegativeTestJSON:tearDownClass): 200 GET http://10.180.1.21/compute/v2.1/servers/8490d1d5-decb-466c-88e0-40a39956d35c 0.091s
2025-03-06 02:23:09.709 68486 INFO tempest.lib.common.rest_client [req-3fa5ae2c-e4e0-4e1e-9273-2049056d809a req-3fa5ae2c-e4e0-4e1e-9273-2049056d809a ] Request (ServersListShow2100Test:test_list_show_rebuild_update_server_2100): 200 GET http://10.180.1.21/compute/v2.1/servers/1a6bac6d-a619-422b-8ca5-98dc565a896e 0.120s
2025-03-06 02:23:09.792 68516 INFO tempest.lib.common.rest_client [req-a9eef25f-153d-4759-a048-b149497bf0af req-a9eef25f-153d-4759-a048-b149497bf0af ] Request (VolumesAdminNegativeTest:test_update_attached_volume_with_nonexistent_volume_in_body): 200 GET http://10.180.1.21/compute/v2.1/servers/af19a172-f3dd-4af0-89c7-9fdaa8d5412a 0.199s
2025-03-06 02:23:09.806 68510 INFO tempest.lib.common.rest_client [req-f970ea43-ec13-4c83-a123-488c5e46d086 req-f970ea43-ec13-4c83-a123-488c5e46d086 ] Request (ServersWithSpecificFlavorTestJSON:test_verify_created_server_ephemeral_disk): 200 GET http://10.180.1.21/compute/v2.1/servers/fcdb770c-4c0c-4faa-874d-66f05bbfc873 0.290s
2025-03-06 02:23:09.860 68540 INFO tempest.lib.common.rest_client [req-d1268424-dc8a-4f9b-b16c-2346ba077181 req-d1268424-dc8a-4f9b-b16c-2346ba077181 ] Request (ImagesTestJSON:test_create_image_from_stopped_server): 200 GET http://10.180.1.21/compute/v2.1/servers/204cdc86-b961-4e0e-a369-741df2477118 0.221s
2025-03-06 02:23:10.021 68518 INFO tempest.lib.common.rest_client [req-cea158af-f5ec-4d48-bcf9-81444ecefdb5 req-cea158af-f5ec-4d48-bcf9-81444ecefdb5 ] Request (ServerDiskConfigTestJSON:test_rebuild_server_with_auto_disk_config): 200 GET http://10.180.1.21/compute/v2.1/servers/dee791a2-b454-4c8c-a507-bc9bece10939 0.296s
2025-03-06 02:23:10.034 68502 INFO tempest.lib.common.rest_client [req-ba0e3496-2417-4428-b9ca-cf8977269195 req-ba0e3496-2417-4428-b9ca-cf8977269195 ] Request (ImagesOneServerTestJSON:setUpClass): 200 GET http://10.180.1.21/compute/v2.1/servers/6f5dc2ac-dc34-4b23-83db-fedf1e69c0ae 0.264s
2025-03-06 02:23:10.111 68514 INFO tempest.lib.common.rest_client [req-506e8cc5-4c70-45f5-9c9e-24712949412d req-506e8cc5-4c70-45f5-9c9e-24712949412d ] Request (AttachInterfacesV270Test:test_create_get_list_interfaces): 200 GET http://10.180.1.21/compute/v2.1/servers/a9c8f668-f7f1-4af3-a2e4-6c84df23ae34 0.290s
2025-03-06 02:23:10.113 68492 INFO tempest.lib.common.rest_client [req-320e9dde-c20b-4d14-9eb2-aee5793873c8 req-320e9dde-c20b-4d14-9eb2-aee5793873c8 ] Request (ImagesNegativeTestJSON:test_create_image_from_deleted_server): 200 GET http://10.180.1.21/compute/v2.1/servers/255964fd-0aca-40f7-ae4f-2d4488a5eba0 0.314s
2025-03-06 02:23:10.191 68494 INFO tempest.lib.common.rest_client [req-496d2893-4be8-4559-ab88-5e9bb829024b req-496d2893-4be8-4559-ab88-5e9bb829024b ] Request (ServerRescueNegativeTestJSON:setUpClass): 200 GET http://10.180.1.21/compute/v2.1/servers/f94f8d22-0297-418d-b3c0-561a999723ab 0.318s
2025-03-06 02:23:10.197 68520 INFO tempest.lib.common.rest_client [req-6460cd1a-c8ae-4078-8be4-ece99a13a1e9 req-6460cd1a-c8ae-4078-8be4-ece99a13a1e9 ] Request (ServerExternalEventsTest:tearDownClass): 200 GET http://10.180.1.21/compute/v2.1/servers/2e688e42-39fd-4d9c-a658-fa1a8ff10627 0.344s
2025-03-06 02:23:10.266 68526 INFO tempest.lib.common.rest_client [req-9d91f068-0049-43ae-b953-9de1c3b4f505 req-9d91f068-0049-43ae-b953-9de1c3b4f505 ] Request (MultipleCreateTestJSON:test_multiple_create_with_reservation_return): 200 GET http://10.180.1.21/compute/v2.1/servers/c75ca399-731b-495e-b764-11d8fd172455 0.269s
2025-03-06 02:23:10.279 68524 INFO tempest.lib.common.rest_client [req-80a447fb-c8bb-4531-8cca-83b1dffa5dbc req-80a447fb-c8bb-4531-8cca-83b1dffa5dbc ] Request (ServersNegativeTestMultiTenantJSON:tearDownClass): 200 GET http://10.180.1.21/compute/v2.1/servers/416f940e-9efb-445b-887e-a0b750c6ed96 0.350s
2025-03-06 02:23:10.301 68512 INFO tempest.lib.common.rest_client [req-b1192e82-524b-4671-9e4d-c5ecfed68399 req-b1192e82-524b-4671-9e4d-c5ecfed68399 ] Request (ServersAdmin275Test:tearDownClass): 404 GET http://10.180.1.21/compute/v2.1/servers/157b6f13-23f2-4294-9342-d217ab63fcfd 0.203s
2025-03-06 02:23:10.331 68522 INFO tempest.lib.common.rest_client [req-ef755e1c-fc84-4a56-b4f7-b25aaadb8378 req-ef755e1c-fc84-4a56-b4f7-b25aaadb8378 ] Request (InstanceActionsTestJSON:setUpClass): 200 GET http://10.180.1.21/compute/v2.1/servers/b893c8b7-5398-481e-af5d-db3dc42170b5 0.281s
2025-03-06 02:23:10.375 68542 INFO tempest.lib.common.rest_client [req-20c48cc9-6ab9-43cf-bb64-37e0642bf9ff req-20c48cc9-6ab9-43cf-bb64-37e0642bf9ff ] Request (ImagesOneServerNegativeTestJSON:_run_cleanups): 200 GET http://10.180.1.21/compute/v2.1/servers/7404a2b9-9b22-476f-a94e-ef47a6c96152 0.248s
2025-03-06 02:23:10.388 68512 INFO tempest.lib.common.rest_client [req-b64e9106-839b-4472-ac89-80ba5f1857bb req-b64e9106-839b-4472-ac89-80ba5f1857bb ] Request (ServersAdmin275Test:tearDownClass): 204 DELETE http://10.180.1.21/identity/v3/users/d17119bed59345c1baad2539eb8d2a79 0.086s
2025-03-06 02:23:10.403 68532 INFO tempest.lib.common.rest_client [req-511b28e0-a4f7-4145-a781-2509689b7f05 req-511b28e0-a4f7-4145-a781-2509689b7f05 ] Request (ServerGroupTestJSON:test_create_server_with_scheduler_hint_group): 200 GET http://10.180.1.21/compute/v2.1/servers/ca0a52bb-fcec-4bf9-b574-7f51aca6eaa3 0.263s
2025-03-06 02:23:10.429 68536 INFO tempest.lib.common.rest_client [req-fb767e94-f913-4fc9-943e-7bbea2a1161f req-fb767e94-f913-4fc9-943e-7bbea2a1161f ] Request (ServersAdminTestJSON:test_create_server_with_scheduling_hint): 200 GET http://10.180.1.21/compute/v2.1/servers/66e60bfd-4e98-417d-9a88-5142ba8d84e9 0.255s
2025-03-06 02:23:10.468 68508 INFO tempest.lib.common.rest_client [req-09ded832-d21a-46b4-a314-f7cef0aace6c req-09ded832-d21a-46b4-a314-f7cef0aace6c ] Request (ServersAdminNegativeTestJSON:tearDownClass): 200 GET http://10.180.1.21/compute/v2.1/servers/7f1279fc-2387-487b-905d-2afc8c3caa33 0.265s
2025-03-06 02:23:10.478 68512 INFO tempest.lib.common.rest_client [req-1740d8b2-e666-478d-b2f4-bd2675fc35f3 req-1740d8b2-e666-478d-b2f4-bd2675fc35f3 ] Request (ServersAdmin275Test:tearDownClass): 204 DELETE http://10.180.1.21/identity/v3/users/fe5fca2e35b047fc868a02446ee36124 0.089s
2025-03-06 02:23:10.478 68512 INFO tempest.lib.common.dynamic_creds [-] Deleting project and security group for project: 1405cfb65ada4b92ac8843364d966739
2025-03-06 02:23:10.491 68534 INFO tempest.lib.common.rest_client [req-0f5ac4b1-906c-4c1a-bb1f-804bbe17fa2f req-0f5ac4b1-906c-4c1a-bb1f-804bbe17fa2f ] Request (DeleteServersAdminTestJSON:test_delete_server_while_in_error_state): 200 GET http://10.180.1.21/compute/v2.1/servers/7611362e-08dc-4cab-933a-596bbd8b0671 0.270s
2025-03-06 02:23:10.524 68504 INFO tempest.lib.common.rest_client [req-0c5cf0d9-1a65-4af4-96f1-aeca2238ee6f req-0c5cf0d9-1a65-4af4-96f1-aeca2238ee6f ] Request (ServerMetadataNegativeTestJSON:setUpClass): 200 GET http://10.180.1.21/compute/v2.1/servers/7f57b127-7022-4fac-a471-e7be04a7938d 0.264s
2025-03-06 02:23:10.539 68512 INFO tempest.lib.common.rest_client [req-b0d4fd17-8294-4c31-b2cb-dd076a476884 req-b0d4fd17-8294-4c31-b2cb-dd076a476884 ] Request (ServersAdmin275Test:tearDownClass): 201 POST http://10.180.1.21/identity/v3/auth/tokens 0.061s
2025-03-06 02:23:10.557 68506 INFO tempest.lib.common.rest_client [req-ddfba659-24f5-4dfa-a78d-3fee899007ad req-ddfba659-24f5-4dfa-a78d-3fee899007ad ] Request (TenantUsagesTestJSON:tearDownClass): 200 GET http://10.180.1.21/compute/v2.1/servers/6ab1ccb3-7844-4a17-8747-561d1d96ea38 0.139s
2025-03-06 02:23:10.598 68488 INFO tempest.lib.common.rest_client [req-6547ee8c-7ae5-414f-a12b-3172e9a66910 req-6547ee8c-7ae5-414f-a12b-3172e9a66910 ] Request (ServersTestBootFromVolume:setUpClass): 200 GET http://10.180.1.21/volume/v3/volumes/ba9f4782-4ae0-419c-9da3-3d579be319cd 0.036s
2025-03-06 02:23:10.714 68512 INFO tempest.lib.common.rest_client [req-5e6b383b-b09a-49cc-8477-89dd36eaabb7 req-5e6b383b-b09a-49cc-8477-89dd36eaabb7 ] Request (ServersAdmin275Test:tearDownClass): 200 GET http://10.180.1.21:9696/networking/v2.0/security-groups?tenant_id=1405cfb65ada4b92ac8843364d966739&name=default 0.174s
2025-03-06 02:23:10.716 68546 INFO tempest.lib.common.rest_client [req-c830a371-1ae9-4a49-a580-b7460b777eb5 req-c830a371-1ae9-4a49-a580-b7460b777eb5 ] Request (MigrationsAdminTest:test_list_migrations_in_flavor_resize_situation): 200 GET http://10.180.1.21/compute/v2.1/servers/911843cf-65d4-4262-8c80-e352755c8eac 0.237s
2025-03-06 02:23:10.723 68496 INFO tempest.lib.common.rest_client [req-ad88eaef-0c67-4376-b0d2-2b97baaee3e3 req-ad88eaef-0c67-4376-b0d2-2b97baaee3e3 ] Request (FloatingIPsAssociationNegativeTestJSON:tearDownClass): 200 GET http://10.180.1.21/compute/v2.1/servers/8490d1d5-decb-466c-88e0-40a39956d35c 0.089s
2025-03-06 02:23:10.811 68512 INFO tempest.lib.common.rest_client [req-5239d095-5012-404f-9720-248a32ed64f4 req-5239d095-5012-404f-9720-248a32ed64f4 ] Request (ServersAdmin275Test:tearDownClass): 204 DELETE http://10.180.1.21:9696/networking/v2.0/security-groups/69fb1d84-2f22-4c98-b364-b2e454187324 0.096s
2025-03-06 02:23:10.823 68486 INFO tempest.lib.common.rest_client [req-e119db48-2c57-4c31-840d-5abbfc3251d5 req-e119db48-2c57-4c31-840d-5abbfc3251d5 ] Request (ServersListShow2100Test:test_list_show_rebuild_update_server_2100): 200 GET http://10.180.1.21/compute/v2.1/servers/1a6bac6d-a619-422b-8ca5-98dc565a896e 0.098s
2025-03-06 02:23:10.877 68512 INFO tempest.lib.common.rest_client [req-a2cc5f24-be00-4fb8-8c99-77995a3fd4eb req-a2cc5f24-be00-4fb8-8c99-77995a3fd4eb ] Request (ServersAdmin275Test:tearDownClass): 204 DELETE http://10.180.1.21/identity/v3/projects/1405cfb65ada4b92ac8843364d966739 0.066s
2025-03-06 02:23:10.877 68512 INFO tempest.lib.common.dynamic_creds [-] Deleting project and security group for project: 20fff30dd5624ff7abd8722892e772fa
2025-03-06 02:23:10.886 68516 INFO tempest.lib.common.rest_client [req-477adb51-d754-4a76-aa32-7f1c1f94de94 req-477adb51-d754-4a76-aa32-7f1c1f94de94 ] Request (VolumesAdminNegativeTest:test_update_attached_volume_with_nonexistent_volume_in_body): 200 GET http://10.180.1.21/compute/v2.1/servers/af19a172-f3dd-4af0-89c7-9fdaa8d5412a 0.086s
2025-03-06 02:23:10.929 68490 INFO tempest.lib.common.rest_client [req-9b0f9471-4d65-4e01-b1aa-13cb95bf0a23 req-9b0f9471-4d65-4e01-b1aa-13cb95bf0a23 ] Request (ServersTestFqdnHostnames:setUpClass): 201 POST http://10.180.1.21:9696/networking/v2.0/routers 1.449s
2025-03-06 02:23:10.951 68540 INFO tempest.lib.common.rest_client [req-7af7dfd4-a43f-409a-b923-8ab8a7887579 req-7af7dfd4-a43f-409a-b923-8ab8a7887579 ] Request (ImagesTestJSON:test_create_image_from_stopped_server): 200 GET http://10.180.1.21/compute/v2.1/servers/204cdc86-b961-4e0e-a369-741df2477118 0.081s
2025-03-06 02:23:10.986 68510 INFO tempest.lib.common.rest_client [req-15e11b0b-83a2-4544-8dd9-876598a1e1f8 req-15e11b0b-83a2-4544-8dd9-876598a1e1f8 ] Request (ServersWithSpecificFlavorTestJSON:test_verify_created_server_ephemeral_disk): 200 GET http://10.180.1.21/compute/v2.1/servers/fcdb770c-4c0c-4faa-874d-66f05bbfc873 0.172s
2025-03-06 02:23:10.994 68510 INFO tempest.common.waiters [-] State transition "BUILD/spawning" ==> "ACTIVE/None" after 48 second wait
2025-03-06 02:23:11.103 68510 INFO tempest.lib.common.rest_client [req-d0915261-2f86-4e0c-b7cc-dbf18eaa845a req-d0915261-2f86-4e0c-b7cc-dbf18eaa845a ] Request (ServersWithSpecificFlavorTestJSON:test_verify_created_server_ephemeral_disk): 200 GET http://10.180.1.21/compute/v2.1/servers/fcdb770c-4c0c-4faa-874d-66f05bbfc873/os-interface 0.108s
2025-03-06 02:23:11.182 68512 INFO tempest.lib.common.rest_client [req-48927bd1-0e94-493d-a04f-cf32726abf40 req-48927bd1-0e94-493d-a04f-cf32726abf40 ] Request (ServersAdmin275Test:tearDownClass): 200 GET http://10.180.1.21:9696/networking/v2.0/security-groups?tenant_id=20fff30dd5624ff7abd8722892e772fa&name=default 0.304s
2025-03-06 02:23:11.274 68512 INFO tempest.lib.common.rest_client [req-abbdbd8f-cbfc-4e4c-92ba-65324a8dbf3e req-abbdbd8f-cbfc-4e4c-92ba-65324a8dbf3e ] Request (ServersAdmin275Test:tearDownClass): 204 DELETE http://10.180.1.21:9696/networking/v2.0/security-groups/5f4151e4-fe83-41f1-9213-b68e7f8c5024 0.091s
2025-03-06 02:23:11.466 68498 WARNING tempest.lib.common.ssh [-] Failed to establish authenticated ssh connection to cirros@10.180.180.130 ([Errno None] Unable to connect to port 22 on 10.180.180.130). Number attempts: 5. Retry after 6 seconds.: paramiko.ssh_exception.NoValidConnectionsError: [Errno None] Unable to connect to port 22 on 10.180.180.130
2025-03-06 02:23:11.525 68512 INFO tempest.lib.common.rest_client [req-d5618bd0-c12c-4099-9e07-027ead9b6334 req-d5618bd0-c12c-4099-9e07-027ead9b6334 ] Request (ServersAdmin275Test:tearDownClass): 204 DELETE http://10.180.1.21/identity/v3/projects/20fff30dd5624ff7abd8722892e772fa 0.250s
2025-03-06 02:23:11.549 68518 INFO tempest.lib.common.rest_client [req-7e7905dc-b29e-41c7-87af-768d64564b1b req-7e7905dc-b29e-41c7-87af-768d64564b1b ] Request (ServerDiskConfigTestJSON:test_rebuild_server_with_auto_disk_config): 200 GET http://10.180.1.21/compute/v2.1/servers/dee791a2-b454-4c8c-a507-bc9bece10939 0.519s
2025-03-06 02:23:11.571 68502 INFO tempest.lib.common.rest_client [req-507ab81e-d676-4fbc-b213-8826e96ef158 req-507ab81e-d676-4fbc-b213-8826e96ef158 ] Request (ImagesOneServerTestJSON:setUpClass): 200 GET http://10.180.1.21/compute/v2.1/servers/6f5dc2ac-dc34-4b23-83db-fedf1e69c0ae 0.525s
2025-03-06 02:23:11.601 68512 INFO tempest.lib.common.rest_client [req-cc9d1404-012f-431c-9a7e-c7b87d1cd7f6 req-cc9d1404-012f-431c-9a7e-c7b87d1cd7f6 ] Request (ListServerFiltersTestJSON:setUpClass): 201 POST http://10.180.1.21/identity/v3/auth/tokens 0.074s
2025-03-06 02:23:11.631 68512 INFO tempest.lib.common.rest_client [req-3a9e3a64-d548-42db-9c62-8d48f971a06e req-3a9e3a64-d548-42db-9c62-8d48f971a06e ] Request (ListServerFiltersTestJSON:setUpClass): 201 POST http://10.180.1.21/identity/v3/auth/tokens 0.028s
2025-03-06 02:23:11.638 68488 INFO tempest.lib.common.rest_client [req-03617286-532b-40e8-af12-a29fd72b9eeb req-03617286-532b-40e8-af12-a29fd72b9eeb ] Request (ServersTestBootFromVolume:setUpClass): 200 GET http://10.180.1.21/volume/v3/volumes/ba9f4782-4ae0-419c-9da3-3d579be319cd 0.032s
2025-03-06 02:23:11.645 68492 INFO tempest.lib.common.rest_client [req-42609596-aa14-4b9e-8085-e6088adf7a4d req-42609596-aa14-4b9e-8085-e6088adf7a4d ] Request (ImagesNegativeTestJSON:test_create_image_from_deleted_server): 200 GET http://10.180.1.21/compute/v2.1/servers/255964fd-0aca-40f7-ae4f-2d4488a5eba0 0.524s
2025-03-06 02:23:11.665 68512 INFO tempest.lib.common.rest_client [req-a8be1471-abe0-4d31-84d4-43cf2ce2ed19 req-a8be1471-abe0-4d31-84d4-43cf2ce2ed19 ] Request (ListServerFiltersTestJSON:setUpClass): 200 GET http://10.180.1.21/identity/v3/domains?name=Default 0.033s
2025-03-06 02:23:11.666 68514 INFO tempest.lib.common.rest_client [req-1cda5b1c-0285-488a-96a6-aeef6a237416 req-1cda5b1c-0285-488a-96a6-aeef6a237416 ] Request (AttachInterfacesV270Test:test_create_get_list_interfaces): 200 GET http://10.180.1.21/compute/v2.1/servers/a9c8f668-f7f1-4af3-a2e4-6c84df23ae34 0.542s
2025-03-06 02:23:11.678 68514 INFO tempest.common.waiters [-] State transition "BUILD/scheduling" ==> "BUILD/None" after 15 second wait
2025-03-06 02:23:11.698 68512 INFO tempest.lib.common.rest_client [req-6c6d51e2-b5a1-4e80-b25f-8060f8f64ea5 req-6c6d51e2-b5a1-4e80-b25f-8060f8f64ea5 ] Request (ListServerFiltersTestJSON:setUpClass): 201 POST http://10.180.1.21/identity/v3/projects 0.033s
2025-03-06 02:23:11.721 68494 INFO tempest.lib.common.rest_client [req-9ed28220-6801-42d9-8ea6-fec64e2a7e49 req-9ed28220-6801-42d9-8ea6-fec64e2a7e49 ] Request (ServerRescueNegativeTestJSON:setUpClass): 200 GET http://10.180.1.21/compute/v2.1/servers/f94f8d22-0297-418d-b3c0-561a999723ab 0.518s
2025-03-06 02:23:11.746 68520 INFO tempest.lib.common.rest_client [req-90d20a01-8082-4ca4-beb4-c65bb04bc2f8 req-90d20a01-8082-4ca4-beb4-c65bb04bc2f8 ] Request (ServerExternalEventsTest:tearDownClass): 200 GET http://10.180.1.21/compute/v2.1/servers/2e688e42-39fd-4d9c-a658-fa1a8ff10627 0.540s
2025-03-06 02:23:11.763 68512 INFO tempest.lib.common.rest_client [req-42f07f1b-99d6-4b35-8b14-727e23d09fa7 req-42f07f1b-99d6-4b35-8b14-727e23d09fa7 ] Request (ListServerFiltersTestJSON:setUpClass): 201 POST http://10.180.1.21/identity/v3/users 0.064s
2025-03-06 02:23:11.790 68512 INFO tempest.lib.common.rest_client [req-ccdc9394-c02d-42cd-9883-794ed20459b0 req-ccdc9394-c02d-42cd-9883-794ed20459b0 ] Request (ListServerFiltersTestJSON:setUpClass): 200 GET http://10.180.1.21/identity/v3/roles 0.026s
2025-03-06 02:23:11.791 68526 INFO tempest.lib.common.rest_client [req-c2d6720e-4f5b-49f2-bf0e-a67df7bf2209 req-c2d6720e-4f5b-49f2-bf0e-a67df7bf2209 ] Request (MultipleCreateTestJSON:test_multiple_create_with_reservation_return): 200 GET http://10.180.1.21/compute/v2.1/servers/c75ca399-731b-495e-b764-11d8fd172455 0.509s
2025-03-06 02:23:11.821 68512 INFO tempest.lib.common.rest_client [req-52534d36-0466-427a-aa27-00aadc5b801f req-52534d36-0466-427a-aa27-00aadc5b801f ] Request (ListServerFiltersTestJSON:setUpClass): 204 PUT http://10.180.1.21/identity/v3/projects/1731f7c8c1f74cd599fed42bc32e3da7/users/30f9566d75a64bb693dcee53eae97c66/roles/a87cc5a0dd0e4fd780d9b7f869f12210 0.030s
2025-03-06 02:23:11.821 68512 INFO tempest.lib.common.dynamic_creds [-] Dynamic test user 30f9566d75a64bb693dcee53eae97c66 is created with scope project and roles: ['member']
2025-03-06 02:23:11.821 68512 INFO tempest.lib.common.dynamic_creds [-] Acquired dynamic creds: credentials: Credentials: {'domain_id': 'default', 'domain_name': 'Default', 'username': 'tempest-ListServerFiltersTestJSON-917835380-project-member', 'project_domain_id': 'default', 'project_domain_name': 'Default', 'project_id': '1731f7c8c1f74cd599fed42bc32e3da7', 'project_name': 'tempest-ListServerFiltersTestJSON-917835380', 'tenant_id': '1731f7c8c1f74cd599fed42bc32e3da7', 'tenant_name': 'tempest-ListServerFiltersTestJSON-917835380', 'user_domain_id': 'default', 'user_domain_name': 'Default', 'user_id': '30f9566d75a64bb693dcee53eae97c66', 'system': None}, Network: None, Subnet: None, Router: None
2025-03-06 02:23:11.826 68524 INFO tempest.lib.common.rest_client [req-ed09975a-c34f-42b2-ba12-17dd662b9581 req-ed09975a-c34f-42b2-ba12-17dd662b9581 ] Request (ServersNegativeTestMultiTenantJSON:tearDownClass): 200 GET http://10.180.1.21/compute/v2.1/servers/416f940e-9efb-445b-887e-a0b750c6ed96 0.538s
2025-03-06 02:23:11.848 68522 INFO tempest.lib.common.rest_client [req-7b3bd293-37c1-48da-9ee8-27e85d946231 req-7b3bd293-37c1-48da-9ee8-27e85d946231 ] Request (InstanceActionsTestJSON:setUpClass): 200 GET http://10.180.1.21/compute/v2.1/servers/b893c8b7-5398-481e-af5d-db3dc42170b5 0.505s
2025-03-06 02:23:11.876 68512 INFO tempest.lib.common.rest_client [req-2ff5a0b4-de8f-47d6-978d-e4b962534223 req-2ff5a0b4-de8f-47d6-978d-e4b962534223 ] Request (ListServerFiltersTestJSON:setUpClass): 201 POST http://10.180.1.21/identity/v3/auth/tokens 0.055s
2025-03-06 02:23:11.900 68542 INFO tempest.lib.common.rest_client [req-b46031f8-9d41-4a49-b2a1-123ca1952487 req-b46031f8-9d41-4a49-b2a1-123ca1952487 ] Request (ImagesOneServerNegativeTestJSON:_run_cleanups): 200 GET http://10.180.1.21/compute/v2.1/servers/7404a2b9-9b22-476f-a94e-ef47a6c96152 0.513s
2025-03-06 02:23:11.948 68532 INFO tempest.lib.common.rest_client [req-e0b8c795-36b5-405e-91ba-97a53b5ab350 req-e0b8c795-36b5-405e-91ba-97a53b5ab350 ] Request (ServerGroupTestJSON:test_create_server_with_scheduler_hint_group): 200 GET http://10.180.1.21/compute/v2.1/servers/ca0a52bb-fcec-4bf9-b574-7f51aca6eaa3 0.537s
2025-03-06 02:23:11.975 68536 INFO tempest.lib.common.rest_client [req-c8e453c3-7673-4525-8950-59186f2afd09 req-c8e453c3-7673-4525-8950-59186f2afd09 ] Request (ServersAdminTestJSON:test_create_server_with_scheduling_hint): 200 GET http://10.180.1.21/compute/v2.1/servers/66e60bfd-4e98-417d-9a88-5142ba8d84e9 0.538s
2025-03-06 02:23:12.030 68508 INFO tempest.lib.common.rest_client [req-91526224-4fa1-426a-8360-68b2d2c8af8d req-91526224-4fa1-426a-8360-68b2d2c8af8d ] Request (ServersAdminNegativeTestJSON:tearDownClass): 200 GET http://10.180.1.21/compute/v2.1/servers/7f1279fc-2387-487b-905d-2afc8c3caa33 0.554s
2025-03-06 02:23:12.049 68534 INFO tempest.lib.common.rest_client [req-5792ddc6-a1d2-42cf-90f9-de52d68680fb req-5792ddc6-a1d2-42cf-90f9-de52d68680fb ] Request (DeleteServersAdminTestJSON:test_delete_server_while_in_error_state): 200 GET http://10.180.1.21/compute/v2.1/servers/7611362e-08dc-4cab-933a-596bbd8b0671 0.549s
2025-03-06 02:23:12.124 68504 INFO tempest.lib.common.rest_client [req-a4044aa1-806c-4cb5-9d56-73ecc17090fe req-a4044aa1-806c-4cb5-9d56-73ecc17090fe ] Request (ServerMetadataNegativeTestJSON:setUpClass): 200 GET http://10.180.1.21/compute/v2.1/servers/7f57b127-7022-4fac-a471-e7be04a7938d 0.589s
2025-03-06 02:23:12.145 68512 INFO tempest.lib.common.rest_client [req-c5e77b6c-c586-4ed4-92e7-dd05fdd44e97 req-c5e77b6c-c586-4ed4-92e7-dd05fdd44e97 ] Request (ListServerFiltersTestJSON:setUpClass): 201 POST http://10.180.1.21:9696/networking/v2.0/networks 0.268s
2025-03-06 02:23:12.150 68506 INFO tempest.lib.common.rest_client [req-91bb0377-027f-4cc1-b995-db2ea13d9c39 req-91bb0377-027f-4cc1-b995-db2ea13d9c39 ] Request (TenantUsagesTestJSON:tearDownClass): 200 GET http://10.180.1.21/compute/v2.1/servers/6ab1ccb3-7844-4a17-8747-561d1d96ea38 0.583s
2025-03-06 02:23:12.240 68496 INFO tempest.lib.common.rest_client [req-d2026ae0-d348-421d-99b8-537dba9de7a9 req-d2026ae0-d348-421d-99b8-537dba9de7a9 ] Request (FloatingIPsAssociationNegativeTestJSON:tearDownClass): 200 GET http://10.180.1.21/compute/v2.1/servers/8490d1d5-decb-466c-88e0-40a39956d35c 0.507s
2025-03-06 02:23:12.323 68512 INFO tempest.lib.common.rest_client [req-841ad32e-c477-442b-9fb5-86e83595f821 req-841ad32e-c477-442b-9fb5-86e83595f821 ] Request (ListServerFiltersTestJSON:setUpClass): 201 POST http://10.180.1.21:9696/networking/v2.0/subnets 0.177s
2025-03-06 02:23:12.323 68512 INFO tempest.lib.common.dynamic_creds [-] Created isolated network resources for: credentials: Credentials: {'domain_id': 'default', 'domain_name': 'Default', 'username': 'tempest-ListServerFiltersTestJSON-917835380-project-member', 'project_domain_id': 'default', 'project_domain_name': 'Default', 'project_id': '1731f7c8c1f74cd599fed42bc32e3da7', 'project_name': 'tempest-ListServerFiltersTestJSON-917835380', 'tenant_id': '1731f7c8c1f74cd599fed42bc32e3da7', 'tenant_name': 'tempest-ListServerFiltersTestJSON-917835380', 'user_domain_id': 'default', 'user_domain_name': 'Default', 'user_id': '30f9566d75a64bb693dcee53eae97c66', 'system': None}, Network: {'id': 'bbaacf33-9aed-4ddd-8d42-7b4d6c78b2b6', 'name': 'tempest-ListServerFiltersTestJSON-2051659644-network', 'tenant_id': '1731f7c8c1f74cd599fed42bc32e3da7', 'admin_state_up': True, 'mtu': 8950, 'status': 'ACTIVE', 'subnets': [], 'shared': False, 'project_id': '1731f7c8c1f74cd599fed42bc32e3da7', 'port_security_enabled': True, 'router:external': False, 'provider:network_type': 'vlan', 'provider:physical_network': 'default', 'provider:segmentation_id': 476, 'availability_zone_hints': [], 'availability_zones': [], 'ipv4_address_scope': None, 'ipv6_address_scope': None, 'description': '', 'tags': [], 'created_at': '2025-03-06T02:23:12Z', 'updated_at': '2025-03-06T02:23:12Z', 'revision_number': 1}, Subnet: {'id': '3d752d33-577a-4aa9-bb75-b16f91c07607', 'name': 'tempest-ListServerFiltersTestJSON-2051659644-subnet', 'tenant_id': '1731f7c8c1f74cd599fed42bc32e3da7', 'network_id': 'bbaacf33-9aed-4ddd-8d42-7b4d6c78b2b6', 'ip_version': 4, 'subnetpool_id': None, 'enable_dhcp': True, 'ipv6_ra_mode': None, 'ipv6_address_mode': None, 'gateway_ip': '192.168.128.1', 'cidr': '192.168.128.0/28', 'allocation_pools': [{'start': '192.168.128.2', 'end': '192.168.128.14'}], 'host_routes': [], 'dns_nameservers': [], 'description': '', 'router:external': False, 'service_types': [], 'tags': [], 'created_at': '2025-03-06T02:23:12Z', 'updated_at': '2025-03-06T02:23:12Z', 'revision_number': 0, 'project_id': '1731f7c8c1f74cd599fed42bc32e3da7'}, Router: None
2025-03-06 02:23:12.330 68546 INFO tempest.lib.common.rest_client [req-99ab4fa6-29e8-44f3-aa04-98da1a540fed req-99ab4fa6-29e8-44f3-aa04-98da1a540fed ] Request (MigrationsAdminTest:test_list_migrations_in_flavor_resize_situation): 200 GET http://10.180.1.21/compute/v2.1/servers/911843cf-65d4-4262-8c80-e352755c8eac 0.602s
2025-03-06 02:23:12.338 68486 INFO tempest.lib.common.rest_client [req-ec51ed22-885d-45dd-bdf0-52ee3601fc7b req-ec51ed22-885d-45dd-bdf0-52ee3601fc7b ] Request (ServersListShow2100Test:test_list_show_rebuild_update_server_2100): 200 GET http://10.180.1.21/compute/v2.1/servers/1a6bac6d-a619-422b-8ca5-98dc565a896e 0.494s
2025-03-06 02:23:12.357 68486 INFO tempest.common.waiters [-] State transition "BUILD/None" ==> "BUILD/networking" after 44 second wait
2025-03-06 02:23:12.394 68516 INFO tempest.lib.common.rest_client [req-3b3c75fb-3ecd-44bf-a0fd-10f0c61656da req-3b3c75fb-3ecd-44bf-a0fd-10f0c61656da ] Request (VolumesAdminNegativeTest:test_update_attached_volume_with_nonexistent_volume_in_body): 200 GET http://10.180.1.21/compute/v2.1/servers/af19a172-f3dd-4af0-89c7-9fdaa8d5412a 0.499s
2025-03-06 02:23:12.423 68540 INFO tempest.lib.common.rest_client [req-5fa800f5-f11f-4d1b-a4b7-86f3b2894b3d req-5fa800f5-f11f-4d1b-a4b7-86f3b2894b3d ] Request (ImagesTestJSON:test_create_image_from_stopped_server): 200 GET http://10.180.1.21/compute/v2.1/servers/204cdc86-b961-4e0e-a369-741df2477118 0.462s
2025-03-06 02:23:12.432 68512 INFO tempest.lib.common.rest_client [req-eef4bfe1-7673-47c8-81d3-064bfdabe510 req-eef4bfe1-7673-47c8-81d3-064bfdabe510 ] Request (ListServerFiltersTestJSON:setUpClass): 201 POST http://10.180.1.21/identity/v3/auth/tokens 0.100s
2025-03-06 02:23:12.455 68510 INFO tempest.lib.common.rest_client [req-31dd4ba5-3e6c-4ea0-a0c6-fd5bc1262dce req-31dd4ba5-3e6c-4ea0-a0c6-fd5bc1262dce ] Request (ServersWithSpecificFlavorTestJSON:test_verify_created_server_ephemeral_disk): 200 PUT http://10.180.1.21:9696/networking/v2.0/floatingips/9cd67204-9646-496c-a725-5a259aa54e9f 1.348s
2025-03-06 02:23:12.469 68512 INFO tempest.lib.common.rest_client [req-182b2088-7a0d-46c9-a193-a511457aad2a req-182b2088-7a0d-46c9-a193-a511457aad2a ] Request (ListServerFiltersTestJSON:setUpClass): 201 POST http://10.180.1.21/identity/v3/auth/tokens 0.032s
2025-03-06 02:23:12.469 68512 INFO tempest.lib.common.fixed_network [-] (ListServerFiltersTestJSON:setUpClass) Found network {'id': 'bbaacf33-9aed-4ddd-8d42-7b4d6c78b2b6', 'name': 'tempest-ListServerFiltersTestJSON-2051659644-network', 'tenant_id': '1731f7c8c1f74cd599fed42bc32e3da7', 'admin_state_up': True, 'mtu': 8950, 'status': 'ACTIVE', 'subnets': [], 'shared': False, 'project_id': '1731f7c8c1f74cd599fed42bc32e3da7', 'port_security_enabled': True, 'router:external': False, 'provider:network_type': 'vlan', 'provider:physical_network': 'default', 'provider:segmentation_id': 476, 'availability_zone_hints': [], 'availability_zones': [], 'ipv4_address_scope': None, 'ipv6_address_scope': None, 'description': '', 'tags': [], 'created_at': '2025-03-06T02:23:12Z', 'updated_at': '2025-03-06T02:23:12Z', 'revision_number': 1} available for tenant
2025-03-06 02:23:12.500 68512 INFO tempest.lib.common.rest_client [req-1fcf6fa1-935e-4162-82bf-ecaf20683171 req-1fcf6fa1-935e-4162-82bf-ecaf20683171 ] Request (ListServerFiltersTestJSON:setUpClass): 201 POST http://10.180.1.21/identity/v3/auth/tokens 0.028s
2025-03-06 02:23:12.501 68512 INFO tempest.lib.common.fixed_network [-] (ListServerFiltersTestJSON:setUpClass) Found network {'id': 'bbaacf33-9aed-4ddd-8d42-7b4d6c78b2b6', 'name': 'tempest-ListServerFiltersTestJSON-2051659644-network', 'tenant_id': '1731f7c8c1f74cd599fed42bc32e3da7', 'admin_state_up': True, 'mtu': 8950, 'status': 'ACTIVE', 'subnets': [], 'shared': False, 'project_id': '1731f7c8c1f74cd599fed42bc32e3da7', 'port_security_enabled': True, 'router:external': False, 'provider:network_type': 'vlan', 'provider:physical_network': 'default', 'provider:segmentation_id': 476, 'availability_zone_hints': [], 'availability_zones': [], 'ipv4_address_scope': None, 'ipv6_address_scope': None, 'description': '', 'tags': [], 'created_at': '2025-03-06T02:23:12Z', 'updated_at': '2025-03-06T02:23:12Z', 'revision_number': 1} available for tenant
2025-03-06 02:23:12.615 68510 INFO tempest.lib.common.rest_client [req-287f6d52-f3fc-497b-824e-c1bcfc9cbaa8 req-287f6d52-f3fc-497b-824e-c1bcfc9cbaa8 ] Request (ServersWithSpecificFlavorTestJSON:test_verify_created_server_ephemeral_disk): 200 GET http://10.180.1.21/compute/v2.1/servers/fcdb770c-4c0c-4faa-874d-66f05bbfc873 0.160s
2025-03-06 02:23:12.626 68510 INFO tempest.lib.common.ssh [-] Creating ssh connection to '10.180.180.245:22' as 'cirros' with public key authentication
2025-03-06 02:23:12.681 68488 INFO tempest.lib.common.rest_client [req-27a062da-5f96-43e1-8f7c-2c9ef930b7a8 req-27a062da-5f96-43e1-8f7c-2c9ef930b7a8 ] Request (ServersTestBootFromVolume:setUpClass): 200 GET http://10.180.1.21/volume/v3/volumes/ba9f4782-4ae0-419c-9da3-3d579be319cd 0.032s
2025-03-06 02:23:12.846 68518 INFO tempest.lib.common.rest_client [req-9c4d3c3a-ec65-4c25-a25d-47c5fbc24413 req-9c4d3c3a-ec65-4c25-a25d-47c5fbc24413 ] Request (ServerDiskConfigTestJSON:test_rebuild_server_with_auto_disk_config): 200 GET http://10.180.1.21/compute/v2.1/servers/dee791a2-b454-4c8c-a507-bc9bece10939 0.287s
2025-03-06 02:23:13.070 68502 INFO tempest.lib.common.rest_client [req-0529fd75-0fb5-4cf2-b7bb-0855b4ca64b2 req-0529fd75-0fb5-4cf2-b7bb-0855b4ca64b2 ] Request (ImagesOneServerTestJSON:setUpClass): 200 GET http://10.180.1.21/compute/v2.1/servers/6f5dc2ac-dc34-4b23-83db-fedf1e69c0ae 0.483s
2025-03-06 02:23:13.083 68512 INFO tempest.lib.common.rest_client [req-489654f6-c36b-4006-9bc3-637ba8f88922 req-489654f6-c36b-4006-9bc3-637ba8f88922 ] Request (ListServerFiltersTestJSON:setUpClass): 202 POST http://10.180.1.21/compute/v2.1/servers 0.581s
2025-03-06 02:23:13.132 68512 INFO tempest.lib.common.rest_client [req-2df1b5d0-795f-4031-a5f4-8fb0acd2a5d0 req-2df1b5d0-795f-4031-a5f4-8fb0acd2a5d0 ] Request (ListServerFiltersTestJSON:setUpClass): 201 POST http://10.180.1.21/identity/v3/auth/tokens 0.045s
2025-03-06 02:23:13.133 68512 INFO tempest.lib.common.fixed_network [-] (ListServerFiltersTestJSON:setUpClass) Found network {'id': 'bbaacf33-9aed-4ddd-8d42-7b4d6c78b2b6', 'name': 'tempest-ListServerFiltersTestJSON-2051659644-network', 'tenant_id': '1731f7c8c1f74cd599fed42bc32e3da7', 'admin_state_up': True, 'mtu': 8950, 'status': 'ACTIVE', 'subnets': [], 'shared': False, 'project_id': '1731f7c8c1f74cd599fed42bc32e3da7', 'port_security_enabled': True, 'router:external': False, 'provider:network_type': 'vlan', 'provider:physical_network': 'default', 'provider:segmentation_id': 476, 'availability_zone_hints': [], 'availability_zones': [], 'ipv4_address_scope': None, 'ipv6_address_scope': None, 'description': '', 'tags': [], 'created_at': '2025-03-06T02:23:12Z', 'updated_at': '2025-03-06T02:23:12Z', 'revision_number': 1} available for tenant
2025-03-06 02:23:13.142 68492 INFO tempest.lib.common.rest_client [req-226eda5a-f6de-43fc-90cc-62459232cff8 req-226eda5a-f6de-43fc-90cc-62459232cff8 ] Request (ImagesNegativeTestJSON:test_create_image_from_deleted_server): 200 GET http://10.180.1.21/compute/v2.1/servers/255964fd-0aca-40f7-ae4f-2d4488a5eba0 0.486s
2025-03-06 02:23:13.159 68514 INFO tempest.lib.common.rest_client [req-96d78d6a-e517-4a9f-a179-7a0438c37fc9 req-96d78d6a-e517-4a9f-a179-7a0438c37fc9 ] Request (AttachInterfacesV270Test:test_create_get_list_interfaces): 200 GET http://10.180.1.21/compute/v2.1/servers/a9c8f668-f7f1-4af3-a2e4-6c84df23ae34 0.480s
2025-03-06 02:23:13.162 68490 INFO tempest.lib.common.rest_client [req-45707f59-ab55-41d2-9f1c-13f774bed455 req-45707f59-ab55-41d2-9f1c-13f774bed455 ] Request (ServersTestFqdnHostnames:setUpClass): 200 PUT http://10.180.1.21:9696/networking/v2.0/routers/d7d98dcb-9ca8-47e4-aeed-468bec5ea5ae/add_router_interface 2.232s
