2025-03-10 15:04:14.987 69391 INFO tempest.lib.common.dynamic_creds [-] Acquired dynamic creds: credentials: Credentials: {'domain_id': 'default', 'domain_name': 'Default', 'username': 'tempest-ImagesOneServerTestJSON-308000446-project-member', 'project_domain_id': 'default', 'project_domain_name': 'Default', 'project_id': '06ccfeee953844d6bb7bc618ebd9a2ee', 'project_name': 'tempest-ImagesOneServerTestJSON-308000446', 'tenant_id': '06ccfeee953844d6bb7bc618ebd9a2ee', 'tenant_name': 'tempest-ImagesOneServerTestJSON-308000446', 'user_domain_id': 'default', 'user_domain_name': 'Default', 'user_id': '01419647fe6a48de8222f1b9d4ee9657', 'system': None}, Network: None, Subnet: None, Router: None
2025-03-10 15:04:15.039 69393 INFO tempest.lib.common.rest_client [req-60bc52e8-3c74-4795-a332-f0dd7a01ff50 req-60bc52e8-3c74-4795-a332-f0dd7a01ff50 ] Request (MigrationsAdminTest:setUpClass): 204 PUT http://10.180.1.21/identity/v3/projects/901b43576f024251ad7f413cfd3328df/users/a81be039f2ec43dea7fa956c9ef154ea/roles/ecfa372a65f8419ebe8792c0e5a82364 0.404s
2025-03-10 15:04:15.039 69393 INFO tempest.lib.common.dynamic_creds [-] Dynamic test user a81be039f2ec43dea7fa956c9ef154ea is created with scope project and roles: ['admin']
2025-03-10 15:04:15.039 69393 INFO tempest.lib.common.dynamic_creds [-] Acquired dynamic creds: credentials: Credentials: {'domain_id': 'default', 'domain_name': 'Default', 'username': 'tempest-MigrationsAdminTest-73166267-project-admin', 'project_domain_id': 'default', 'project_domain_name': 'Default', 'project_id': '901b43576f024251ad7f413cfd3328df', 'project_name': 'tempest-MigrationsAdminTest-73166267', 'tenant_id': '901b43576f024251ad7f413cfd3328df', 'tenant_name': 'tempest-MigrationsAdminTest-73166267', 'user_domain_id': 'default', 'user_domain_name': 'Default', 'user_id': 'a81be039f2ec43dea7fa956c9ef154ea', 'system': None}, Network: None, Subnet: None, Router: None
2025-03-10 15:04:15.039 69393 INFO tempest.lib.common.dynamic_creds [-] Created isolated network resources for: credentials: Credentials: {'domain_id': 'default', 'domain_name': 'Default', 'username': 'tempest-MigrationsAdminTest-73166267-project-admin', 'project_domain_id': 'default', 'project_domain_name': 'Default', 'project_id': '901b43576f024251ad7f413cfd3328df', 'project_name': 'tempest-MigrationsAdminTest-73166267', 'tenant_id': '901b43576f024251ad7f413cfd3328df', 'tenant_name': 'tempest-MigrationsAdminTest-73166267', 'user_domain_id': 'default', 'user_domain_name': 'Default', 'user_id': 'a81be039f2ec43dea7fa956c9ef154ea', 'system': None}, Network: None, Subnet: None, Router: None
2025-03-10 15:04:15.050 69411 INFO tempest.lib.common.rest_client [req-de905d67-e5eb-4150-9139-e35bcec66869 req-de905d67-e5eb-4150-9139-e35bcec66869 ] Request (FlavorsV255TestJSON:tearDownClass): 204 DELETE http://10.180.1.21:9696/networking/v2.0/security-groups/0104ec95-1779-4ff8-afdd-3528ee1bb2c1 0.221s
2025-03-10 15:04:15.053 69397 INFO tempest.lib.common.rest_client [req-10f1f6b5-1c73-4920-a434-d8fbf23983f6 req-10f1f6b5-1c73-4920-a434-d8fbf23983f6 ] Request (KeyPairsV210TestJSON:tearDownClass): 200 GET http://10.180.1.21:9696/networking/v2.0/security-groups?tenant_id=7ad22fc027974d24b58240b9a9765c0e&name=default 0.323s
2025-03-10 15:04:15.069 69407 INFO tempest.lib.common.rest_client [req-130044fa-a734-492d-b0e5-beed2c4566bb req-130044fa-a734-492d-b0e5-beed2c4566bb ] Request (FlavorsAccessTestJSON:tearDownClass): 200 GET http://10.180.1.21:9696/networking/v2.0/security-groups?tenant_id=43fd6813e945434983846051fdd2fef5&name=default 0.279s
2025-03-10 15:04:15.075 69419 INFO tempest.lib.common.rest_client [req-9ec5c798-e230-4ce3-adc7-468cc46da012 req-9ec5c798-e230-4ce3-adc7-468cc46da012 ] Request (HostsAdminNegativeTestJSON:tearDownClass): 204 DELETE http://10.180.1.21/identity/v3/projects/7dcf8afb530b40a0a690eaf462b6daa2 0.457s
2025-03-10 15:04:15.076 69419 INFO tempest.lib.common.dynamic_creds [-] Deleting project and security group for project: 80e1379a196545f29130fed335daed88
2025-03-10 15:04:15.080 69423 INFO tempest.lib.common.rest_client [req-cca5db9d-1083-4f76-b3dd-2bd4a1465185 req-cca5db9d-1083-4f76-b3dd-2bd4a1465185 ] Request (FlavorsExtraSpecsNegativeTestJSON:tearDownClass): 200 GET http://10.180.1.21:9696/networking/v2.0/security-groups?tenant_id=bc917078fb744c1db7af5511709d88bf&name=default 0.298s
2025-03-10 15:04:15.139 69403 INFO tempest.lib.common.rest_client [req-15d5b87c-d2e5-433f-a030-3f2293207bdf req-15d5b87c-d2e5-433f-a030-3f2293207bdf ] Request (HostsAdminTestJSON:setUpClass): 201 POST http://10.180.1.21/identity/v3/projects 0.403s
2025-03-10 15:04:15.169 69407 INFO tempest.lib.common.rest_client [req-f54b28fe-ef72-477b-b003-074866cd5dc9 req-f54b28fe-ef72-477b-b003-074866cd5dc9 ] Request (FlavorsAccessTestJSON:tearDownClass): 204 DELETE http://10.180.1.21:9696/networking/v2.0/security-groups/3d9cf432-1a84-4ee4-8feb-52d321e79165 0.099s
2025-03-10 15:04:15.209 69375 INFO tempest.lib.common.rest_client [req-eab71f89-4e12-418a-b29b-62ec7838b63d req-eab71f89-4e12-418a-b29b-62ec7838b63d ] Request (ValidationResourcesFixture:setUp): 200 POST http://10.180.1.21/compute/v2.1/os-keypairs 1.642s
2025-03-10 15:04:15.214 69369 INFO tempest.lib.common.rest_client [req-eace671d-91b9-4518-a80f-e9712ff722a6 req-eace671d-91b9-4518-a80f-e9712ff722a6 ] Request (ServersTestBootFromVolume:setUpClass): 200 GET http://10.180.1.21/identity/v3/roles 0.329s
2025-03-10 15:04:15.271 69389 INFO tempest.lib.common.rest_client [req-69f6ce53-a167-478b-8c70-ba15c5c6216a req-69f6ce53-a167-478b-8c70-ba15c5c6216a ] Request (FlavorsV261TestJSON:tearDownClass): 204 DELETE http://10.180.1.21/identity/v3/projects/6420c7c597fa411d866001496d223970 0.370s
2025-03-10 15:04:15.271 69389 INFO tempest.test [-] raised in LiveMigrationRemoteConsolesV26Test.setUpClass. Invoking tearDownClass.
2025-03-10 15:04:15.280 69377 INFO tempest.lib.common.rest_client [req-515bf6d3-3f2e-43ed-89d5-9912fe19c40b req-515bf6d3-3f2e-43ed-89d5-9912fe19c40b ] Request (VolumesAdminNegativeTest:setUpClass): 201 POST http://10.180.1.21/identity/v3/auth/tokens 0.364s
2025-03-10 15:04:15.291 69397 INFO tempest.lib.common.rest_client [req-1e447750-1921-472b-999d-b57a180244cb req-1e447750-1921-472b-999d-b57a180244cb ] Request (KeyPairsV210TestJSON:tearDownClass): 204 DELETE http://10.180.1.21:9696/networking/v2.0/security-groups/2aa9720b-a8df-4e5b-afa7-f69318d35f3a 0.237s
2025-03-10 15:04:15.308 69423 INFO tempest.lib.common.rest_client [req-e56e7099-8e36-4fef-bb56-46444f023ae1 req-e56e7099-8e36-4fef-bb56-46444f023ae1 ] Request (FlavorsExtraSpecsNegativeTestJSON:tearDownClass): 204 DELETE http://10.180.1.21:9696/networking/v2.0/security-groups/45a7bc44-9c0f-4997-b4b3-e375483d190e 0.227s
2025-03-10 15:04:15.310 69375 INFO tempest.lib.common.rest_client [req-202cc190-888c-4cea-bf79-b397a5b53076 req-202cc190-888c-4cea-bf79-b397a5b53076 ] Request (ValidationResourcesFixture:setUp): 201 POST http://10.180.1.21:9696/networking/v2.0/security-groups 0.099s
2025-03-10 15:04:15.322 69419 INFO tempest.lib.common.rest_client [req-252e004b-73ee-44b4-a2f1-89185ee7e1d6 req-252e004b-73ee-44b4-a2f1-89185ee7e1d6 ] Request (HostsAdminNegativeTestJSON:tearDownClass): 200 GET http://10.180.1.21:9696/networking/v2.0/security-groups?tenant_id=80e1379a196545f29130fed335daed88&name=default 0.246s
2025-03-10 15:04:15.338 69367 INFO tempest.lib.common.rest_client [req-0a6f7c64-8708-4f90-80ce-763a72790d5a req-0a6f7c64-8708-4f90-80ce-763a72790d5a ] Request (ServicesAdminNegativeV253TestJSON:setUpClass): 204 PUT http://10.180.1.21/identity/v3/projects/3b4dcbb5e3ad4da8a15248d83884392d/users/49ccf9970f204b7c8aeff70b8e5e48fd/roles/aabb7b0059e043a188839c3e15c13f7a 0.405s
2025-03-10 15:04:15.339 69367 INFO tempest.lib.common.dynamic_creds [-] Dynamic test user 49ccf9970f204b7c8aeff70b8e5e48fd is created with scope project and roles: ['member']
2025-03-10 15:04:15.339 69367 INFO tempest.lib.common.dynamic_creds [-] Acquired dynamic creds: credentials: Credentials: {'domain_id': 'default', 'domain_name': 'Default', 'username': 'tempest-ServicesAdminNegativeV253TestJSON-933365873-project-member', 'project_domain_id': 'default', 'project_domain_name': 'Default', 'project_id': '3b4dcbb5e3ad4da8a15248d83884392d', 'project_name': 'tempest-ServicesAdminNegativeV253TestJSON-933365873', 'tenant_id': '3b4dcbb5e3ad4da8a15248d83884392d', 'tenant_name': 'tempest-ServicesAdminNegativeV253TestJSON-933365873', 'user_domain_id': 'default', 'user_domain_name': 'Default', 'user_id': '49ccf9970f204b7c8aeff70b8e5e48fd', 'system': None}, Network: None, Subnet: None, Router: None
2025-03-10 15:04:15.339 69367 INFO tempest.lib.common.dynamic_creds [-] Created isolated network resources for: credentials: Credentials: {'domain_id': 'default', 'domain_name': 'Default', 'username': 'tempest-ServicesAdminNegativeV253TestJSON-933365873-project-member', 'project_domain_id': 'default', 'project_domain_name': 'Default', 'project_id': '3b4dcbb5e3ad4da8a15248d83884392d', 'project_name': 'tempest-ServicesAdminNegativeV253TestJSON-933365873', 'tenant_id': '3b4dcbb5e3ad4da8a15248d83884392d', 'tenant_name': 'tempest-ServicesAdminNegativeV253TestJSON-933365873', 'user_domain_id': 'default', 'user_domain_name': 'Default', 'user_id': '49ccf9970f204b7c8aeff70b8e5e48fd', 'system': None}, Network: None, Subnet: None, Router: None
2025-03-10 15:04:15.386 69375 INFO tempest.lib.common.rest_client [req-3628420c-ac6a-4253-ba7d-2a8b6e6ddc89 req-3628420c-ac6a-4253-ba7d-2a8b6e6ddc89 ] Request (ValidationResourcesFixture:setUp): 201 POST http://10.180.1.21:9696/networking/v2.0/security-group-rules 0.075s
2025-03-10 15:04:15.389 69387 INFO tempest.lib.common.rest_client [req-771e74a8-dc26-41b4-9ae3-7b91f4ad2312 req-771e74a8-dc26-41b4-9ae3-7b91f4ad2312 ] Request (FlavorsV2TestJSON:test_get_flavor): 200 GET http://10.180.1.21/compute/v2.1/flavors/42 1.305s
2025-03-10 15:04:15.395 69379 INFO tempest.lib.common.rest_client [req-fbe9bdeb-b2da-4a7d-a9fc-6034e3f0c7b4 req-fbe9bdeb-b2da-4a7d-a9fc-6034e3f0c7b4 ] Request (FloatingIPsNegativeTestJSON:setUpClass): 201 POST http://10.180.1.21/identity/v3/auth/tokens 0.432s
2025-03-10 15:04:15.405 69419 INFO tempest.lib.common.rest_client [req-6703a145-d8e7-4444-b656-57129484d1a5 req-6703a145-d8e7-4444-b656-57129484d1a5 ] Request (HostsAdminNegativeTestJSON:tearDownClass): 204 DELETE http://10.180.1.21:9696/networking/v2.0/security-groups/202b3f99-978a-403b-8dc7-5e469cc28c14 0.082s
2025-03-10 15:04:15.418 69391 INFO tempest.lib.common.rest_client [req-7577c65c-63ea-497b-af1f-fcfe00997823 req-7577c65c-63ea-497b-af1f-fcfe00997823 ] Request (ImagesOneServerTestJSON:setUpClass): 201 POST http://10.180.1.21/identity/v3/auth/tokens 0.429s
2025-03-10 15:04:15.428 69383 INFO tempest.lib.common.rest_client [req-2aaa948a-4933-410c-a6a3-9270b86705f6 req-2aaa948a-4933-410c-a6a3-9270b86705f6 ] Request (FloatingIPDetailsTestJSON:setUpClass): 200 GET http://10.180.1.21/identity/v3/roles 0.441s
2025-03-10 15:04:15.459 69375 INFO tempest.lib.common.rest_client [req-1ed45a02-dca0-4b6b-8979-8d0b16aa550d req-1ed45a02-dca0-4b6b-8979-8d0b16aa550d ] Request (ValidationResourcesFixture:setUp): 201 POST http://10.180.1.21:9696/networking/v2.0/security-group-rules 0.072s
2025-03-10 15:04:15.482 69411 INFO tempest.lib.common.rest_client [req-dc1c15cd-a1dd-4261-b2af-9b431ecfe9a0 req-dc1c15cd-a1dd-4261-b2af-9b431ecfe9a0 ] Request (FlavorsV255TestJSON:tearDownClass): 204 DELETE http://10.180.1.21/identity/v3/projects/58c7f45c7d1c4562ba785aa841a6ed1b 0.431s
2025-03-10 15:04:15.500 69393 INFO tempest.lib.common.rest_client [req-47ce7b12-28e6-406f-98a9-788406c1420e req-47ce7b12-28e6-406f-98a9-788406c1420e ] Request (MigrationsAdminTest:setUpClass): 201 POST http://10.180.1.21/identity/v3/auth/tokens 0.459s
2025-03-10 15:04:15.540 69403 INFO tempest.lib.common.rest_client [req-8fa7bd3f-b1bb-4171-aec0-3d0a83f1d460 req-8fa7bd3f-b1bb-4171-aec0-3d0a83f1d460 ] Request (HostsAdminTestJSON:setUpClass): 201 POST http://10.180.1.21/identity/v3/users 0.399s
2025-03-10 15:04:15.572 69407 INFO tempest.lib.common.rest_client [req-495d7484-b5a9-42e2-96e3-d2d22da04587 req-495d7484-b5a9-42e2-96e3-d2d22da04587 ] Request (FlavorsAccessTestJSON:tearDownClass): 204 DELETE http://10.180.1.21/identity/v3/projects/43fd6813e945434983846051fdd2fef5 0.402s
2025-03-10 15:04:15.640 69389 INFO tempest.lib.common.rest_client [req-41b41149-6082-4935-953f-5e5baba75fd1 req-41b41149-6082-4935-953f-5e5baba75fd1 ] Request (ServerDiagnosticsNegativeTest:setUpClass): 201 POST http://10.180.1.21/identity/v3/auth/tokens 0.366s
2025-03-10 15:04:15.650 69369 INFO tempest.lib.common.rest_client [req-8226b853-4140-49bb-98db-9cba9edf8d48 req-8226b853-4140-49bb-98db-9cba9edf8d48 ] Request (ServersTestBootFromVolume:setUpClass): 204 PUT http://10.180.1.21/identity/v3/projects/546517d3e49049fd8be25fdbca294b95/users/3fe2c049b9134b7d87ed9d0ba987ba7d/roles/aabb7b0059e043a188839c3e15c13f7a 0.436s
2025-03-10 15:04:15.651 69369 INFO tempest.lib.common.dynamic_creds [-] Dynamic test user 3fe2c049b9134b7d87ed9d0ba987ba7d is created with scope project and roles: ['member']
2025-03-10 15:04:15.651 69369 INFO tempest.lib.common.dynamic_creds [-] Acquired dynamic creds: credentials: Credentials: {'domain_id': 'default', 'domain_name': 'Default', 'username': 'tempest-ServersTestBootFromVolume-1554797483-project-member', 'project_domain_id': 'default', 'project_domain_name': 'Default', 'project_id': '546517d3e49049fd8be25fdbca294b95', 'project_name': 'tempest-ServersTestBootFromVolume-1554797483', 'tenant_id': '546517d3e49049fd8be25fdbca294b95', 'tenant_name': 'tempest-ServersTestBootFromVolume-1554797483', 'user_domain_id': 'default', 'user_domain_name': 'Default', 'user_id': '3fe2c049b9134b7d87ed9d0ba987ba7d', 'system': None}, Network: None, Subnet: None, Router: None
2025-03-10 15:04:15.696 69377 INFO tempest.lib.common.rest_client [req-9f16f77a-68d4-4441-872e-b7130598133c req-9f16f77a-68d4-4441-872e-b7130598133c ] Request (VolumesAdminNegativeTest:setUpClass): 201 POST http://10.180.1.21/identity/v3/auth/tokens 0.415s
2025-03-10 15:04:15.742 69397 INFO tempest.lib.common.rest_client [req-d69b5d1e-0795-47cf-95c5-ca5a3d23cfef req-d69b5d1e-0795-47cf-95c5-ca5a3d23cfef ] Request (KeyPairsV210TestJSON:tearDownClass): 204 DELETE http://10.180.1.21/identity/v3/projects/7ad22fc027974d24b58240b9a9765c0e 0.450s
2025-03-10 15:04:15.745 69397 INFO tempest.test [-] raised in LiveMigrationTest.setUpClass. Invoking tearDownClass.
2025-03-10 15:04:15.756 69423 INFO tempest.lib.common.rest_client [req-1955e5d5-a7a8-4811-953d-78f89f2ba54c req-1955e5d5-a7a8-4811-953d-78f89f2ba54c ] Request (FlavorsExtraSpecsNegativeTestJSON:tearDownClass): 204 DELETE http://10.180.1.21/identity/v3/projects/bc917078fb744c1db7af5511709d88bf 0.448s
2025-03-10 15:04:15.813 69367 INFO tempest.lib.common.rest_client [req-8387bb6f-c6b5-4198-8075-f871c5689192 req-8387bb6f-c6b5-4198-8075-f871c5689192 ] Request (ServicesAdminNegativeV253TestJSON:setUpClass): 201 POST http://10.180.1.21/identity/v3/auth/tokens 0.470s
2025-03-10 15:04:15.816 69375 INFO tempest.lib.common.rest_client [req-5a9150b3-b27c-4eab-86d0-c44322f5bfc0 req-5a9150b3-b27c-4eab-86d0-c44322f5bfc0 ] Request (ValidationResourcesFixture:setUp): 201 POST http://10.180.1.21:9696/networking/v2.0/floatingips 0.356s
2025-03-10 15:04:15.869 69379 INFO tempest.lib.common.rest_client [req-9367fc2e-6831-472b-80c4-368a03155a03 req-9367fc2e-6831-472b-80c4-368a03155a03 ] Request (FloatingIPsNegativeTestJSON:setUpClass): 200 GET http://10.180.1.21/identity/v3/domains?name=Default 0.473s
2025-03-10 15:04:15.904 69419 INFO tempest.lib.common.rest_client [req-0c4eb852-cfd2-42cb-a469-63e161525342 req-0c4eb852-cfd2-42cb-a469-63e161525342 ] Request (HostsAdminNegativeTestJSON:tearDownClass): 204 DELETE http://10.180.1.21/identity/v3/projects/80e1379a196545f29130fed335daed88 0.498s
2025-03-10 15:04:15.950 69395 INFO tempest.lib.common.rest_client [req-7c9a0461-e023-4594-af02-63efb08e4f5c req-7c9a0461-e023-4594-af02-63efb08e4f5c ] Request (NetworksTest:test_get_network): 200 GET http://10.180.1.21/compute/v2.1/os-networks 1.786s
2025-03-10 15:04:15.961 69383 INFO tempest.lib.common.rest_client [req-0f15602c-4d4f-49a2-845a-5f24998d2762 req-0f15602c-4d4f-49a2-845a-5f24998d2762 ] Request (FloatingIPDetailsTestJSON:setUpClass): 204 PUT http://10.180.1.21/identity/v3/projects/adad11ebd84144b3ab49dc16cfe8f1e4/users/42d6cd818a8d4e4287a227b39d8ab96e/roles/aabb7b0059e043a188839c3e15c13f7a 0.532s
2025-03-10 15:04:15.961 69383 INFO tempest.lib.common.dynamic_creds [-] Dynamic test user 42d6cd818a8d4e4287a227b39d8ab96e is created with scope project and roles: ['member']
2025-03-10 15:04:15.961 69383 INFO tempest.lib.common.dynamic_creds [-] Acquired dynamic creds: credentials: Credentials: {'domain_id': 'default', 'domain_name': 'Default', 'username': 'tempest-FloatingIPDetailsTestJSON-1593860187-project-member', 'project_domain_id': 'default', 'project_domain_name': 'Default', 'project_id': 'adad11ebd84144b3ab49dc16cfe8f1e4', 'project_name': 'tempest-FloatingIPDetailsTestJSON-1593860187', 'tenant_id': 'adad11ebd84144b3ab49dc16cfe8f1e4', 'tenant_name': 'tempest-FloatingIPDetailsTestJSON-1593860187', 'user_domain_id': 'default', 'user_domain_name': 'Default', 'user_id': '42d6cd818a8d4e4287a227b39d8ab96e', 'system': None}, Network: None, Subnet: None, Router: None
2025-03-10 15:04:16.000 69373 INFO tempest.lib.common.rest_client [req-9ed20318-f393-41bf-973c-ad3766fe5127 req-9ed20318-f393-41bf-973c-ad3766fe5127 ] Request (ServersWithSpecificFlavorTestJSON:test_verify_created_server_ephemeral_disk): 200 GET http://10.180.1.21/compute/v2.1/servers/02cf0f6e-82b4-4db4-9f15-3a3770a4781f 1.483s
2025-03-10 15:04:16.018 69411 INFO tempest.lib.common.rest_client [req-585fe172-e77d-4038-aecf-c0f9b198e814 req-585fe172-e77d-4038-aecf-c0f9b198e814 ] Request (ImagesOneServerNegativeTestJSON:setUpClass): 201 POST http://10.180.1.21/identity/v3/auth/tokens 0.534s
2025-03-10 15:04:16.024 69403 INFO tempest.lib.common.rest_client [req-019bbca7-1af6-4307-ab1f-ad00cbab1f6b req-019bbca7-1af6-4307-ab1f-ad00cbab1f6b ] Request (HostsAdminTestJSON:setUpClass): 200 GET http://10.180.1.21/identity/v3/roles 0.484s
2025-03-10 15:04:16.043 69407 INFO tempest.lib.common.rest_client [req-b654da13-97fc-42e5-947d-5ffedfd0618a req-b654da13-97fc-42e5-947d-5ffedfd0618a ] Request (FloatingIPDetailsNegativeTestJSON:setUpClass): 201 POST http://10.180.1.21/identity/v3/auth/tokens 0.470s
2025-03-10 15:04:16.044 69389 INFO tempest.lib.common.rest_client [req-324350c2-7a5b-4db7-8227-bd954ee14958 req-324350c2-7a5b-4db7-8227-bd954ee14958 ] Request (ServerDiagnosticsNegativeTest:setUpClass): 201 POST http://10.180.1.21/identity/v3/auth/tokens 0.401s
2025-03-10 15:04:16.065 69369 INFO tempest.lib.common.rest_client [req-c1f06d89-b4c8-47a4-9475-7b1cb1959115 req-c1f06d89-b4c8-47a4-9475-7b1cb1959115 ] Request (ServersTestBootFromVolume:setUpClass): 201 POST http://10.180.1.21/identity/v3/auth/tokens 0.413s
2025-03-10 15:04:16.090 69377 INFO tempest.lib.common.rest_client [req-ccf934c9-cc90-4dac-8bd6-a2422a3d5ca7 req-ccf934c9-cc90-4dac-8bd6-a2422a3d5ca7 ] Request (VolumesAdminNegativeTest:setUpClass): 200 GET http://10.180.1.21/identity/v3/domains?name=Default 0.393s
2025-03-10 15:04:16.114 69397 INFO tempest.lib.common.rest_client [req-e734e905-0193-4f92-856a-23b914674065 req-e734e905-0193-4f92-856a-23b914674065 ] Request (ServerRescueTestJSON:setUpClass): 201 POST http://10.180.1.21/identity/v3/auth/tokens 0.365s
2025-03-10 15:04:16.136 69423 INFO tempest.lib.common.rest_client [req-c8036457-c87d-41e7-8b5e-f3bd4e40cfe4 req-c8036457-c87d-41e7-8b5e-f3bd4e40cfe4 ] Request (ImagesMetadataTestJSON:setUpClass): 201 POST http://10.180.1.21/identity/v3/auth/tokens 0.377s
2025-03-10 15:04:16.162 69401 INFO tempest.lib.common.rest_client [req-bd98cb7e-f9fb-4719-b9e7-97198f2b7cc2 req-bd98cb7e-f9fb-4719-b9e7-97198f2b7cc2 ] Request (HypervisorAdminUnderV252Test:test_get_hypervisor_show_servers): 200 GET http://10.180.1.21/compute/v2.1/os-hypervisors 1.865s
2025-03-10 15:04:16.167 69367 INFO tempest.lib.common.rest_client [req-c7af5d1d-72b1-4629-a1f8-7eca074a8435 req-c7af5d1d-72b1-4629-a1f8-7eca074a8435 ] Request (ServicesAdminNegativeV253TestJSON:setUpClass): 201 POST http://10.180.1.21/identity/v3/projects 0.353s
2025-03-10 15:04:16.175 69363 INFO tempest.lib.common.rest_client [req-93a1e4cd-62ce-42a5-80cb-63c35d154ccc req-93a1e4cd-62ce-42a5-80cb-63c35d154ccc ] Request (ServerDiskConfigTestJSON:test_rebuild_server_with_auto_disk_config): 200 GET http://10.180.1.21/compute/v2.1/servers/4e05da06-7389-45a1-9347-ed1057e9c050 1.573s
2025-03-10 15:04:16.192 69375 INFO tempest.lib.common.rest_client [req-635b7890-5a79-4fc4-ae3b-cf21895a25f7 req-635b7890-5a79-4fc4-ae3b-cf21895a25f7 ] Request (AttachInterfacesTestJSON:test_create_list_show_delete_interfaces_by_fixed_ip): 201 POST http://10.180.1.21/identity/v3/auth/tokens 0.371s
2025-03-10 15:04:16.193 69375 INFO tempest.lib.common.fixed_network [-] (AttachInterfacesTestJSON:test_create_list_show_delete_interfaces_by_fixed_ip) Found network {'id': '931cb1ec-a7af-4f24-a385-e3ce9a12b537', 'name': 'tempest-AttachInterfacesTestJSON-1605067328-network', 'tenant_id': '72e69e9151cb419d8faae31d3ffbb470', 'admin_state_up': True, 'mtu': 8950, 'status': 'ACTIVE', 'subnets': [], 'shared': False, 'project_id': '72e69e9151cb419d8faae31d3ffbb470', 'port_security_enabled': True, 'router:external': False, 'provider:network_type': 'vlan', 'provider:physical_network': 'default', 'provider:segmentation_id': 390, 'availability_zone_hints': [], 'availability_zones': [], 'ipv4_address_scope': None, 'ipv6_address_scope': None, 'description': '', 'tags': [], 'created_at': '2025-03-10T15:04:09Z', 'updated_at': '2025-03-10T15:04:09Z', 'revision_number': 1} available for tenant
2025-03-10 15:04:16.221 69419 INFO tempest.lib.common.rest_client [req-3c6bde7e-acbc-4bf9-b40e-b33d16f8d402 req-3c6bde7e-acbc-4bf9-b40e-b33d16f8d402 ] Request (ServerExternalEventsTest:setUpClass): 201 POST http://10.180.1.21/identity/v3/auth/tokens 0.316s
2025-03-10 15:04:16.246 69379 INFO tempest.lib.common.rest_client [req-6260c7fd-9794-4241-af89-22272caf70f4 req-6260c7fd-9794-4241-af89-22272caf70f4 ] Request (FloatingIPsNegativeTestJSON:setUpClass): 201 POST http://10.180.1.21/identity/v3/projects 0.377s
2025-03-10 15:04:16.280 69383 INFO tempest.lib.common.rest_client [req-33aa25c9-cde6-40d7-b3d3-0691e37a957c req-33aa25c9-cde6-40d7-b3d3-0691e37a957c ] Request (FloatingIPDetailsTestJSON:setUpClass): 201 POST http://10.180.1.21/identity/v3/auth/tokens 0.319s
2025-03-10 15:04:16.302 69403 INFO tempest.lib.common.rest_client [req-46f2a886-66dc-4132-aa4d-873462b5be26 req-46f2a886-66dc-4132-aa4d-873462b5be26 ] Request (HostsAdminTestJSON:setUpClass): 204 PUT http://10.180.1.21/identity/v3/projects/6b13577585be48dab4de4c1733274957/users/e4f955dfadf943058ba8dc61bbd4ce56/roles/aabb7b0059e043a188839c3e15c13f7a 0.278s
2025-03-10 15:04:16.303 69403 INFO tempest.lib.common.dynamic_creds [-] Dynamic test user e4f955dfadf943058ba8dc61bbd4ce56 is created with scope project and roles: ['member']
2025-03-10 15:04:16.303 69403 INFO tempest.lib.common.dynamic_creds [-] Acquired dynamic creds: credentials: Credentials: {'domain_id': 'default', 'domain_name': 'Default', 'username': 'tempest-HostsAdminTestJSON-450795726-project-member', 'project_domain_id': 'default', 'project_domain_name': 'Default', 'project_id': '6b13577585be48dab4de4c1733274957', 'project_name': 'tempest-HostsAdminTestJSON-450795726', 'tenant_id': '6b13577585be48dab4de4c1733274957', 'tenant_name': 'tempest-HostsAdminTestJSON-450795726', 'user_domain_id': 'default', 'user_domain_name': 'Default', 'user_id': 'e4f955dfadf943058ba8dc61bbd4ce56', 'system': None}, Network: None, Subnet: None, Router: None
2025-03-10 15:04:16.303 69403 INFO tempest.lib.common.dynamic_creds [-] Created isolated network resources for: credentials: Credentials: {'domain_id': 'default', 'domain_name': 'Default', 'username': 'tempest-HostsAdminTestJSON-450795726-project-member', 'project_domain_id': 'default', 'project_domain_name': 'Default', 'project_id': '6b13577585be48dab4de4c1733274957', 'project_name': 'tempest-HostsAdminTestJSON-450795726', 'tenant_id': '6b13577585be48dab4de4c1733274957', 'tenant_name': 'tempest-HostsAdminTestJSON-450795726', 'user_domain_id': 'default', 'user_domain_name': 'Default', 'user_id': 'e4f955dfadf943058ba8dc61bbd4ce56', 'system': None}, Network: None, Subnet: None, Router: None
2025-03-10 15:04:16.307 69411 INFO tempest.lib.common.rest_client [req-38affd71-89f1-4bb1-aa43-f6158081f21f req-38affd71-89f1-4bb1-aa43-f6158081f21f ] Request (ImagesOneServerNegativeTestJSON:setUpClass): 201 POST http://10.180.1.21/identity/v3/auth/tokens 0.286s
2025-03-10 15:04:16.309 69391 INFO tempest.lib.common.rest_client [req-dec3c309-d4c4-4fbc-91d2-654567a8bb55 req-dec3c309-d4c4-4fbc-91d2-654567a8bb55 ] Request (ImagesOneServerTestJSON:setUpClass): 201 POST http://10.180.1.21:9696/networking/v2.0/networks 0.891s
2025-03-10 15:04:16.317 69385 INFO tempest.lib.common.rest_client [req-7200be4f-ea5c-43ba-9d6d-c7b886192b73 req-7200be4f-ea5c-43ba-9d6d-c7b886192b73 ] Request (DeleteServersTestJSON:test_delete_active_server): 200 GET http://10.180.1.21/compute/v2.1/servers/6b9862e1-f436-4d85-a0a4-8a974f755c02 1.637s
2025-03-10 15:04:16.326 69385 INFO tempest.common.waiters [-] State transition "BUILD/networking" ==> "BUILD/spawning" after 10 second wait
2025-03-10 15:04:16.385 69389 INFO tempest.lib.common.rest_client [req-2c51ad24-ccab-46d7-85c0-e0bdfbb2b6b3 req-2c51ad24-ccab-46d7-85c0-e0bdfbb2b6b3 ] Request (ServerDiagnosticsNegativeTest:setUpClass): 200 GET http://10.180.1.21/identity/v3/domains?name=Default 0.340s
2025-03-10 15:04:16.388 69407 INFO tempest.lib.common.rest_client [req-07eeb959-1dc0-4157-a4f0-47a7f8668d82 req-07eeb959-1dc0-4157-a4f0-47a7f8668d82 ] Request (FloatingIPDetailsNegativeTestJSON:setUpClass): 201 POST http://10.180.1.21/identity/v3/auth/tokens 0.341s
2025-03-10 15:04:16.486 69397 INFO tempest.lib.common.rest_client [req-b45e1df5-922c-4f9a-9f50-0ea3a257f6c6 req-b45e1df5-922c-4f9a-9f50-0ea3a257f6c6 ] Request (ServerRescueTestJSON:setUpClass): 201 POST http://10.180.1.21/identity/v3/auth/tokens 0.369s
2025-03-10 15:04:16.498 69377 INFO tempest.lib.common.rest_client [req-c7b9f7e5-7514-4c6c-8c20-aef501f16e69 req-c7b9f7e5-7514-4c6c-8c20-aef501f16e69 ] Request (VolumesAdminNegativeTest:setUpClass): 201 POST http://10.180.1.21/identity/v3/projects 0.408s
2025-03-10 15:04:16.535 69423 INFO tempest.lib.common.rest_client [req-b46f2793-2515-4978-a7f0-0aadcc5754d8 req-b46f2793-2515-4978-a7f0-0aadcc5754d8 ] Request (ImagesMetadataTestJSON:setUpClass): 201 POST http://10.180.1.21/identity/v3/auth/tokens 0.395s
2025-03-10 15:04:16.557 69419 INFO tempest.lib.common.rest_client [req-6da10688-ce59-4377-adf4-0921352a16dc req-6da10688-ce59-4377-adf4-0921352a16dc ] Request (ServerExternalEventsTest:setUpClass): 201 POST http://10.180.1.21/identity/v3/auth/tokens 0.331s
2025-03-10 15:04:16.558 69367 INFO tempest.lib.common.rest_client [req-4e053883-ca3a-41d9-b771-ee03e5a35355 req-4e053883-ca3a-41d9-b771-ee03e5a35355 ] Request (ServicesAdminNegativeV253TestJSON:setUpClass): 201 POST http://10.180.1.21/identity/v3/users 0.390s
2025-03-10 15:04:16.583 69379 INFO tempest.lib.common.rest_client [req-716de9e3-7893-4cc5-ae8d-08bcf748da71 req-716de9e3-7893-4cc5-ae8d-08bcf748da71 ] Request (FloatingIPsNegativeTestJSON:setUpClass): 201 POST http://10.180.1.21/identity/v3/users 0.335s
2025-03-10 15:04:16.611 69411 INFO tempest.lib.common.rest_client [req-ef6ba1c4-2d09-42c2-af17-c0bd63218c0c req-ef6ba1c4-2d09-42c2-af17-c0bd63218c0c ] Request (ImagesOneServerNegativeTestJSON:setUpClass): 200 GET http://10.180.1.21/identity/v3/domains?name=Default 0.303s
2025-03-10 15:04:16.640 69391 INFO tempest.lib.common.rest_client [req-69152bcc-e07a-4713-a00d-fca5ca0f0703 req-69152bcc-e07a-4713-a00d-fca5ca0f0703 ] Request (ImagesOneServerTestJSON:setUpClass): 201 POST http://10.180.1.21:9696/networking/v2.0/subnets 0.328s
2025-03-10 15:04:16.644 69389 INFO tempest.lib.common.rest_client [req-381b1e86-2f6e-4ec5-b483-a3aafcfe2035 req-381b1e86-2f6e-4ec5-b483-a3aafcfe2035 ] Request (ServerDiagnosticsNegativeTest:setUpClass): 201 POST http://10.180.1.21/identity/v3/projects 0.258s
2025-03-10 15:04:16.663 69403 INFO tempest.lib.common.rest_client [req-22f8f27b-d356-4eb2-ab4c-52c6e186066b req-22f8f27b-d356-4eb2-ab4c-52c6e186066b ] Request (HostsAdminTestJSON:setUpClass): 201 POST http://10.180.1.21/identity/v3/auth/tokens 0.352s
2025-03-10 15:04:16.707 69407 INFO tempest.lib.common.rest_client [req-ebcd1cab-f2a2-47aa-9612-23092fe45902 req-ebcd1cab-f2a2-47aa-9612-23092fe45902 ] Request (FloatingIPDetailsNegativeTestJSON:setUpClass): 200 GET http://10.180.1.21/identity/v3/domains?name=Default 0.319s
2025-03-10 15:04:16.727 69397 INFO tempest.lib.common.rest_client [req-7dc98f50-7243-48f9-b441-822b2eb17817 req-7dc98f50-7243-48f9-b441-822b2eb17817 ] Request (ServerRescueTestJSON:setUpClass): 200 GET http://10.180.1.21/identity/v3/domains?name=Default 0.240s
2025-03-10 15:04:16.736 69369 INFO tempest.lib.common.rest_client [req-e364696e-3b6f-4e9d-8aaa-e2eb8358f114 req-e364696e-3b6f-4e9d-8aaa-e2eb8358f114 ] Request (ServersTestBootFromVolume:setUpClass): 201 POST http://10.180.1.21:9696/networking/v2.0/networks 0.671s
2025-03-10 15:04:16.738 69377 INFO tempest.lib.common.rest_client [req-d7f9650a-4077-44e1-98e8-072ee9d4ac8e req-d7f9650a-4077-44e1-98e8-072ee9d4ac8e ] Request (VolumesAdminNegativeTest:setUpClass): 201 POST http://10.180.1.21/identity/v3/users 0.239s
2025-03-10 15:04:16.747 69423 INFO tempest.lib.common.rest_client [req-1c0c4154-215f-4ddd-81c1-0c7ed7c0319c req-1c0c4154-215f-4ddd-81c1-0c7ed7c0319c ] Request (ImagesMetadataTestJSON:setUpClass): 200 GET http://10.180.1.21/identity/v3/domains?name=Default 0.212s
2025-03-10 15:04:16.771 69419 INFO tempest.lib.common.rest_client [req-96ba7418-b969-41d6-b5c1-64097fca3482 req-96ba7418-b969-41d6-b5c1-64097fca3482 ] Request (ServerExternalEventsTest:setUpClass): 200 GET http://10.180.1.21/identity/v3/domains?name=Default 0.213s
2025-03-10 15:04:16.785 69367 INFO tempest.lib.common.rest_client [req-5d53a5f1-a12e-4632-8a0a-c696bd15f411 req-5d53a5f1-a12e-4632-8a0a-c696bd15f411 ] Request (ServicesAdminNegativeV253TestJSON:setUpClass): 200 GET http://10.180.1.21/identity/v3/roles 0.226s
2025-03-10 15:04:16.806 69379 INFO tempest.lib.common.rest_client [req-34bd5927-2131-44cf-a217-708c282e295d req-34bd5927-2131-44cf-a217-708c282e295d ] Request (FloatingIPsNegativeTestJSON:setUpClass): 200 GET http://10.180.1.21/identity/v3/roles 0.223s
2025-03-10 15:04:16.844 69411 INFO tempest.lib.common.rest_client [req-bcdeb89b-11df-48e7-b7d0-7574f3f2b9c7 req-bcdeb89b-11df-48e7-b7d0-7574f3f2b9c7 ] Request (ImagesOneServerNegativeTestJSON:setUpClass): 201 POST http://10.180.1.21/identity/v3/projects 0.230s
2025-03-10 15:04:16.862 69413 INFO tempest.lib.common.rest_client [req-375dd97a-bf7c-4419-87c7-a3e4ec7a7984 req-375dd97a-bf7c-4419-87c7-a3e4ec7a7984 ] Request (FlavorsAccessNegativeTestJSON:test_flavor_non_admin_remove): 200 POST http://10.180.1.21/compute/v2.1/flavors/1089532284/action 2.185s
2025-03-10 15:04:16.872 69415 INFO tempest.lib.common.rest_client [req-9d634138-7687-41d4-b517-6198581e7fe1 req-9d634138-7687-41d4-b517-6198581e7fe1 ] Request (AggregatesAdminNegativeTestJSON:test_aggregate_create_aggregate_name_length_exceeds_255): 400 POST http://10.180.1.21/compute/v2.1/os-aggregates 2.156s
2025-03-10 15:04:16.897 69389 INFO tempest.lib.common.rest_client [req-3cc9934b-ebe2-434a-9789-ab3ed55406cb req-3cc9934b-ebe2-434a-9789-ab3ed55406cb ] Request (ServerDiagnosticsNegativeTest:setUpClass): 201 POST http://10.180.1.21/identity/v3/users 0.253s
2025-03-10 15:04:16.908 69383 INFO tempest.lib.common.rest_client [req-7ab576ed-3029-44e1-ac3f-33b31a138715 req-7ab576ed-3029-44e1-ac3f-33b31a138715 ] Request (FloatingIPDetailsTestJSON:setUpClass): 201 POST http://10.180.1.21:9696/networking/v2.0/networks 0.628s
2025-03-10 15:04:16.924 69403 INFO tempest.lib.common.rest_client [req-c54d2fcf-bb6e-4727-9e7d-11907aecbe9c req-c54d2fcf-bb6e-4727-9e7d-11907aecbe9c ] Request (HostsAdminTestJSON:setUpClass): 201 POST http://10.180.1.21/identity/v3/projects 0.260s
2025-03-10 15:04:16.979 69405 INFO tempest.lib.common.rest_client [req-c10b76bf-39e1-40c6-8071-8a95f3218040 req-c10b76bf-39e1-40c6-8071-8a95f3218040 ] Request (QuotasAdminTestJSON:test_delete_quota): 200 PUT http://10.180.1.21/compute/v2.1/os-quota-sets/2791fa91deca4d7ca7ad259044287fec 2.285s
2025-03-10 15:04:16.981 69407 INFO tempest.lib.common.rest_client [req-c30e2dd9-1c35-4e3e-9970-6863f352a30c req-c30e2dd9-1c35-4e3e-9970-6863f352a30c ] Request (FloatingIPDetailsNegativeTestJSON:setUpClass): 201 POST http://10.180.1.21/identity/v3/projects 0.274s
2025-03-10 15:04:16.985 69397 INFO tempest.lib.common.rest_client [req-856530f0-e645-4b46-84ff-a313a4e5a93b req-856530f0-e645-4b46-84ff-a313a4e5a93b ] Request (ServerRescueTestJSON:setUpClass): 201 POST http://10.180.1.21/identity/v3/projects 0.257s
2025-03-10 15:04:17.006 69387 INFO tempest.lib.common.rest_client [req-5fa2a360-9ad4-49f3-8dbd-dd10538f6b6a req-5fa2a360-9ad4-49f3-8dbd-dd10538f6b6a ] Request (FlavorsV2TestJSON:test_list_flavors): 200 GET http://10.180.1.21/compute/v2.1/flavors 1.610s
2025-03-10 15:04:17.016 69381 INFO tempest.lib.common.rest_client [req-6ce2c7fd-8f08-404b-bce6-3b85d1f40ad1 req-6ce2c7fd-8f08-404b-bce6-3b85d1f40ad1 ] Request (VolumesAssistedSnapshotsTest:test_volume_assisted_snapshot_create_delete): 200 GET http://10.180.1.21/compute/v2.1/servers/766bfef7-c6cc-4a51-9f15-d26db54fffd5 2.267s
2025-03-10 15:04:17.027 69369 INFO tempest.lib.common.rest_client [req-49395c2c-158c-485d-bbd0-d01616690004 req-49395c2c-158c-485d-bbd0-d01616690004 ] Request (ServersTestBootFromVolume:setUpClass): 201 POST http://10.180.1.21:9696/networking/v2.0/subnets 0.290s
2025-03-10 15:04:17.028 69381 INFO tempest.common.waiters [-] State transition "BUILD/scheduling" ==> "BUILD/None" after 4 second wait
2025-03-10 15:04:17.033 69377 INFO tempest.lib.common.rest_client [req-3a0b92ba-7361-4e67-a90c-c5cb3cdc926d req-3a0b92ba-7361-4e67-a90c-c5cb3cdc926d ] Request (VolumesAdminNegativeTest:setUpClass): 200 GET http://10.180.1.21/identity/v3/roles 0.294s
2025-03-10 15:04:17.046 69423 INFO tempest.lib.common.rest_client [req-4fc9f4b3-bd96-4355-81c4-06b8f16c5f12 req-4fc9f4b3-bd96-4355-81c4-06b8f16c5f12 ] Request (ImagesMetadataTestJSON:setUpClass): 201 POST http://10.180.1.21/identity/v3/projects 0.298s
2025-03-10 15:04:17.061 69419 INFO tempest.lib.common.rest_client [req-b9dc9b88-0733-4bd2-9a18-e8cef15015d4 req-b9dc9b88-0733-4bd2-9a18-e8cef15015d4 ] Request (ServerExternalEventsTest:setUpClass): 201 POST http://10.180.1.21/identity/v3/projects 0.290s
2025-03-10 15:04:17.082 69417 INFO tempest.lib.common.rest_client [req-e4eb913c-df8a-4d2b-867a-60e7838c2581 req-e4eb913c-df8a-4d2b-867a-60e7838c2581 ] Request (TenantUsagesTestJSON:setUpClass): 200 GET http://10.180.1.21/compute/v2.1/servers/fc3c31eb-b0c6-4137-871c-5ab05019b8e8 1.415s
2025-03-10 15:04:17.090 69417 INFO tempest.common.waiters [-] State transition "BUILD/scheduling" ==> "BUILD/None" after 3 second wait
2025-03-10 15:04:17.135 69367 INFO tempest.lib.common.rest_client [req-acc525ec-b035-4b57-8978-e119cebb85c1 req-acc525ec-b035-4b57-8978-e119cebb85c1 ] Request (ServicesAdminNegativeV253TestJSON:setUpClass): 204 PUT http://10.180.1.21/identity/v3/projects/1dbf56707ba041948b06126360847c25/users/1ca21eac3edf4427bfe1078e65c73c88/roles/ecfa372a65f8419ebe8792c0e5a82364 0.350s
2025-03-10 15:04:17.140 69379 INFO tempest.lib.common.rest_client [req-11c2a305-e0a9-470c-9df2-f14d5e77a524 req-11c2a305-e0a9-470c-9df2-f14d5e77a524 ] Request (FloatingIPsNegativeTestJSON:setUpClass): 204 PUT http://10.180.1.21/identity/v3/projects/ea20698793624bce9487b341ddf7ef84/users/8cb56bdc074148ecb2e80af16b52076d/roles/aabb7b0059e043a188839c3e15c13f7a 0.334s
2025-03-10 15:04:17.141 69379 INFO tempest.lib.common.dynamic_creds [-] Dynamic test user 8cb56bdc074148ecb2e80af16b52076d is created with scope project and roles: ['member']
2025-03-10 15:04:17.141 69379 INFO tempest.lib.common.dynamic_creds [-] Acquired dynamic creds: credentials: Credentials: {'domain_id': 'default', 'domain_name': 'Default', 'username': 'tempest-FloatingIPsNegativeTestJSON-1703895921-project-member', 'project_domain_id': 'default', 'project_domain_name': 'Default', 'project_id': 'ea20698793624bce9487b341ddf7ef84', 'project_name': 'tempest-FloatingIPsNegativeTestJSON-1703895921', 'tenant_id': 'ea20698793624bce9487b341ddf7ef84', 'tenant_name': 'tempest-FloatingIPsNegativeTestJSON-1703895921', 'user_domain_id': 'default', 'user_domain_name': 'Default', 'user_id': '8cb56bdc074148ecb2e80af16b52076d', 'system': None}, Network: None, Subnet: None, Router: None
2025-03-10 15:04:17.151 69409 INFO tempest.lib.common.rest_client [req-a7a2fc6f-e1b7-4afd-b55f-afd3dcbc743b req-a7a2fc6f-e1b7-4afd-b55f-afd3dcbc743b ] Request (ServerDiagnosticsV248Test:test_get_server_diagnostics): 200 GET http://10.180.1.21/compute/v2.1/servers/ec8304a0-d86a-47e3-ba2a-d63b6f665e48 1.386s
2025-03-10 15:04:17.161 69409 INFO tempest.common.waiters [-] State transition "BUILD/None" ==> "BUILD/spawning" after 10 second wait
2025-03-10 15:04:17.196 69389 INFO tempest.lib.common.rest_client [req-1fe2c00c-a455-465d-afbe-aaccb369567b req-1fe2c00c-a455-465d-afbe-aaccb369567b ] Request (ServerDiagnosticsNegativeTest:setUpClass): 200 GET http://10.180.1.21/identity/v3/roles 0.298s
2025-03-10 15:04:17.206 69383 INFO tempest.lib.common.rest_client [req-42f8f22f-9784-40c5-b5ed-d3fcc204f359 req-42f8f22f-9784-40c5-b5ed-d3fcc204f359 ] Request (FloatingIPDetailsTestJSON:setUpClass): 201 POST http://10.180.1.21:9696/networking/v2.0/subnets 0.297s
2025-03-10 15:04:17.217 69421 INFO tempest.lib.common.rest_client [req-45031436-0ad4-4e99-81f9-ec40b8728681 req-45031436-0ad4-4e99-81f9-ec40b8728681 ] Request (InstanceActionsV221TestJSON:test_get_list_deleted_instance_actions): 200 GET http://10.180.1.21/compute/v2.1/servers/5e4113b3-5053-4ec7-aa93-e4914efe0acf 1.338s
2025-03-10 15:04:17.235 69403 INFO tempest.lib.common.rest_client [req-58f140e7-e6dc-48b9-b437-0230dcefbe6e req-58f140e7-e6dc-48b9-b437-0230dcefbe6e ] Request (HostsAdminTestJSON:setUpClass): 201 POST http://10.180.1.21/identity/v3/users 0.310s
2025-03-10 15:04:17.242 69411 INFO tempest.lib.common.rest_client [req-4d301137-ebc9-4ae8-bbb0-fcdc65152c38 req-4d301137-ebc9-4ae8-bbb0-fcdc65152c38 ] Request (ImagesOneServerNegativeTestJSON:setUpClass): 201 POST http://10.180.1.21/identity/v3/users 0.397s
2025-03-10 15:04:17.267 69407 INFO tempest.lib.common.rest_client [req-bb0f908b-28a3-4235-a0bc-72bda6f3b0d7 req-bb0f908b-28a3-4235-a0bc-72bda6f3b0d7 ] Request (FloatingIPDetailsNegativeTestJSON:setUpClass): 201 POST http://10.180.1.21/identity/v3/users 0.284s
2025-03-10 15:04:17.267 69397 INFO tempest.lib.common.rest_client [req-0930a5b1-2c53-43d6-94e7-5572f8e466d0 req-0930a5b1-2c53-43d6-94e7-5572f8e466d0 ] Request (ServerRescueTestJSON:setUpClass): 201 POST http://10.180.1.21/identity/v3/users 0.282s
2025-03-10 15:04:17.294 69377 INFO tempest.lib.common.rest_client [req-7c110e51-ad5a-4762-9919-0196cd2ea95a req-7c110e51-ad5a-4762-9919-0196cd2ea95a ] Request (VolumesAdminNegativeTest:setUpClass): 204 PUT http://10.180.1.21/identity/v3/projects/600f360295bd4ff0838099b6c6f8146f/users/fff917df879a4512827318debfc0596c/roles/aabb7b0059e043a188839c3e15c13f7a 0.261s
2025-03-10 15:04:17.295 69377 INFO tempest.lib.common.dynamic_creds [-] Dynamic test user fff917df879a4512827318debfc0596c is created with scope project and roles: ['member']
2025-03-10 15:04:17.295 69377 INFO tempest.lib.common.dynamic_creds [-] Acquired dynamic creds: credentials: Credentials: {'domain_id': 'default', 'domain_name': 'Default', 'username': 'tempest-VolumesAdminNegativeTest-1295465813-project-member', 'project_domain_id': 'default', 'project_domain_name': 'Default', 'project_id': '600f360295bd4ff0838099b6c6f8146f', 'project_name': 'tempest-VolumesAdminNegativeTest-1295465813', 'tenant_id': '600f360295bd4ff0838099b6c6f8146f', 'tenant_name': 'tempest-VolumesAdminNegativeTest-1295465813', 'user_domain_id': 'default', 'user_domain_name': 'Default', 'user_id': 'fff917df879a4512827318debfc0596c', 'system': None}, Network: None, Subnet: None, Router: None
2025-03-10 15:04:17.354 69395 INFO tempest.lib.common.rest_client [req-806aee26-8b0e-4684-83fa-48d93c161770 req-806aee26-8b0e-4684-83fa-48d93c161770 ] Request (NetworksTest:test_get_network): 200 GET http://10.180.1.21/compute/v2.1/os-networks/c21e1c88-9e38-4e80-98ef-7712734262c3 1.403s
2025-03-10 15:04:17.365 69423 INFO tempest.lib.common.rest_client [req-dc0bddf2-74f1-4085-9769-4fc953f814c4 req-dc0bddf2-74f1-4085-9769-4fc953f814c4 ] Request (ImagesMetadataTestJSON:setUpClass): 201 POST http://10.180.1.21/identity/v3/users 0.319s
2025-03-10 15:04:17.402 69419 INFO tempest.lib.common.rest_client [req-556ec3e9-905b-44c8-bb96-eb8ac21a247d req-556ec3e9-905b-44c8-bb96-eb8ac21a247d ] Request (ServerExternalEventsTest:setUpClass): 201 POST http://10.180.1.21/identity/v3/users 0.340s
2025-03-10 15:04:17.431 69367 INFO tempest.lib.common.rest_client [req-71f8681b-f635-434e-b6b6-1ba12306ec1c req-71f8681b-f635-434e-b6b6-1ba12306ec1c ] Request (ServicesAdminNegativeV253TestJSON:setUpClass): 200 GET http://10.180.1.21/identity/v3/roles 0.295s
2025-03-10 15:04:17.469 69379 INFO tempest.lib.common.rest_client [req-9ec1b233-3386-4d3c-bd58-3556bff1cdce req-9ec1b233-3386-4d3c-bd58-3556bff1cdce ] Request (FloatingIPsNegativeTestJSON:setUpClass): 201 POST http://10.180.1.21/identity/v3/auth/tokens 0.328s
2025-03-10 15:04:17.478 69389 INFO tempest.lib.common.rest_client [req-a952fd9f-8615-40b0-8bf2-8ea8e79f2313 req-a952fd9f-8615-40b0-8bf2-8ea8e79f2313 ] Request (ServerDiagnosticsNegativeTest:setUpClass): 204 PUT http://10.180.1.21/identity/v3/projects/3ed7c98a51aa4d00ac38ef691983c6df/users/a860eaa4aa7242218357913d8789e3ec/roles/aabb7b0059e043a188839c3e15c13f7a 0.281s
2025-03-10 15:04:17.478 69389 INFO tempest.lib.common.dynamic_creds [-] Dynamic test user a860eaa4aa7242218357913d8789e3ec is created with scope project and roles: ['member']
2025-03-10 15:04:17.478 69389 INFO tempest.lib.common.dynamic_creds [-] Acquired dynamic creds: credentials: Credentials: {'domain_id': 'default', 'domain_name': 'Default', 'username': 'tempest-ServerDiagnosticsNegativeTest-800037345-project-member', 'project_domain_id': 'default', 'project_domain_name': 'Default', 'project_id': '3ed7c98a51aa4d00ac38ef691983c6df', 'project_name': 'tempest-ServerDiagnosticsNegativeTest-800037345', 'tenant_id': '3ed7c98a51aa4d00ac38ef691983c6df', 'tenant_name': 'tempest-ServerDiagnosticsNegativeTest-800037345', 'user_domain_id': 'default', 'user_domain_name': 'Default', 'user_id': 'a860eaa4aa7242218357913d8789e3ec', 'system': None}, Network: None, Subnet: None, Router: None
2025-03-10 15:04:17.478 69389 INFO tempest.lib.common.dynamic_creds [-] Created isolated network resources for: credentials: Credentials: {'domain_id': 'default', 'domain_name': 'Default', 'username': 'tempest-ServerDiagnosticsNegativeTest-800037345-project-member', 'project_domain_id': 'default', 'project_domain_name': 'Default', 'project_id': '3ed7c98a51aa4d00ac38ef691983c6df', 'project_name': 'tempest-ServerDiagnosticsNegativeTest-800037345', 'tenant_id': '3ed7c98a51aa4d00ac38ef691983c6df', 'tenant_name': 'tempest-ServerDiagnosticsNegativeTest-800037345', 'user_domain_id': 'default', 'user_domain_name': 'Default', 'user_id': 'a860eaa4aa7242218357913d8789e3ec', 'system': None}, Network: None, Subnet: None, Router: None
2025-03-10 15:04:17.481 69393 INFO tempest.lib.common.rest_client [req-28968a16-a213-4951-8d6a-41f57bd0a477 req-28968a16-a213-4951-8d6a-41f57bd0a477 ] Request (MigrationsAdminTest:test_list_migrations): 200 GET http://10.180.1.21/compute/v2.1/os-migrations 1.978s
2025-03-10 15:04:17.495 69403 INFO tempest.lib.common.rest_client [req-86335d86-b8f5-4026-81e0-cb7d26982a24 req-86335d86-b8f5-4026-81e0-cb7d26982a24 ] Request (HostsAdminTestJSON:setUpClass): 200 GET http://10.180.1.21/identity/v3/roles 0.260s
2025-03-10 15:04:17.529 69401 INFO tempest.lib.common.rest_client [req-a8dfe458-68b6-484e-9601-5956454d2eb0 req-a8dfe458-68b6-484e-9601-5956454d2eb0 ] Request (HypervisorAdminUnderV252Test:test_get_hypervisor_show_servers): 200 GET http://10.180.1.21/compute/v2.1/os-hypervisors/domain-c8.fc996f14-c53b-4953-92e3-bdfa48f5cc28/servers 1.365s
2025-03-10 15:04:17.532 69411 INFO tempest.lib.common.rest_client [req-a4c7034b-9196-4573-9de2-c5c75768bb18 req-a4c7034b-9196-4573-9de2-c5c75768bb18 ] Request (ImagesOneServerNegativeTestJSON:setUpClass): 200 GET http://10.180.1.21/identity/v3/roles 0.289s
2025-03-10 15:04:17.554 69397 INFO tempest.lib.common.rest_client [req-1ac43e81-c366-4dd5-95ac-8cc520a7fe54 req-1ac43e81-c366-4dd5-95ac-8cc520a7fe54 ] Request (ServerRescueTestJSON:setUpClass): 200 GET http://10.180.1.21/identity/v3/roles 0.285s
2025-03-10 15:04:17.557 69407 INFO tempest.lib.common.rest_client [req-31566824-62c1-41f1-9c97-42a32abc6221 req-31566824-62c1-41f1-9c97-42a32abc6221 ] Request (FloatingIPDetailsNegativeTestJSON:setUpClass): 200 GET http://10.180.1.21/identity/v3/roles 0.289s
2025-03-10 15:04:17.574 69377 INFO tempest.lib.common.rest_client [req-322cb6e9-0bfd-4e6a-aad9-8aa0ccaa7400 req-322cb6e9-0bfd-4e6a-aad9-8aa0ccaa7400 ] Request (VolumesAdminNegativeTest:setUpClass): 201 POST http://10.180.1.21/identity/v3/auth/tokens 0.279s
2025-03-10 15:04:17.577 69423 INFO tempest.lib.common.rest_client [req-6a1a0721-7273-4731-ac50-2e6ecdaaa679 req-6a1a0721-7273-4731-ac50-2e6ecdaaa679 ] Request (ImagesMetadataTestJSON:setUpClass): 200 GET http://10.180.1.21/identity/v3/roles 0.209s
2025-03-10 15:04:17.591 69419 INFO tempest.lib.common.rest_client [req-84fcbf1a-73d8-48ba-aa28-b1f429537445 req-84fcbf1a-73d8-48ba-aa28-b1f429537445 ] Request (ServerExternalEventsTest:setUpClass): 200 GET http://10.180.1.21/identity/v3/roles 0.188s
2025-03-10 15:04:17.599 69367 INFO tempest.lib.common.rest_client [req-60388a45-dfe5-4a11-ad20-42ae021e62b7 req-60388a45-dfe5-4a11-ad20-42ae021e62b7 ] Request (ServicesAdminNegativeV253TestJSON:setUpClass): 204 PUT http://10.180.1.21/identity/v3/projects/1dbf56707ba041948b06126360847c25/users/1ca21eac3edf4427bfe1078e65c73c88/roles/ecfa372a65f8419ebe8792c0e5a82364 0.168s
2025-03-10 15:04:17.599 69367 INFO tempest.lib.common.dynamic_creds [-] Dynamic test user 1ca21eac3edf4427bfe1078e65c73c88 is created with scope project and roles: ['admin']
2025-03-10 15:04:17.600 69367 INFO tempest.lib.common.dynamic_creds [-] Acquired dynamic creds: credentials: Credentials: {'domain_id': 'default', 'domain_name': 'Default', 'username': 'tempest-ServicesAdminNegativeV253TestJSON-6212600-project-admin', 'project_domain_id': 'default', 'project_domain_name': 'Default', 'project_id': '1dbf56707ba041948b06126360847c25', 'project_name': 'tempest-ServicesAdminNegativeV253TestJSON-6212600', 'tenant_id': '1dbf56707ba041948b06126360847c25', 'tenant_name': 'tempest-ServicesAdminNegativeV253TestJSON-6212600', 'user_domain_id': 'default', 'user_domain_name': 'Default', 'user_id': '1ca21eac3edf4427bfe1078e65c73c88', 'system': None}, Network: None, Subnet: None, Router: None
2025-03-10 15:04:17.600 69367 INFO tempest.lib.common.dynamic_creds [-] Created isolated network resources for: credentials: Credentials: {'domain_id': 'default', 'domain_name': 'Default', 'username': 'tempest-ServicesAdminNegativeV253TestJSON-6212600-project-admin', 'project_domain_id': 'default', 'project_domain_name': 'Default', 'project_id': '1dbf56707ba041948b06126360847c25', 'project_name': 'tempest-ServicesAdminNegativeV253TestJSON-6212600', 'tenant_id': '1dbf56707ba041948b06126360847c25', 'tenant_name': 'tempest-ServicesAdminNegativeV253TestJSON-6212600', 'user_domain_id': 'default', 'user_domain_name': 'Default', 'user_id': '1ca21eac3edf4427bfe1078e65c73c88', 'system': None}, Network: None, Subnet: None, Router: None
2025-03-10 15:04:17.666 69371 INFO tempest.lib.common.rest_client [req-a5a3bd33-f775-42c6-91f2-30699cecf345 req-a5a3bd33-f775-42c6-91f2-30699cecf345 ] Request (DeleteServersAdminTestJSON:test_admin_delete_servers_of_others): 200 GET http://10.180.1.21/compute/v2.1/servers/27016579-4942-44e5-b973-9082f79773ae 1.712s
2025-03-10 15:04:17.673 69389 INFO tempest.lib.common.rest_client [req-3e0d42b9-cc03-4f8e-b749-0ccf300fd4ad req-3e0d42b9-cc03-4f8e-b749-0ccf300fd4ad ] Request (ServerDiagnosticsNegativeTest:setUpClass): 201 POST http://10.180.1.21/identity/v3/auth/tokens 0.186s
2025-03-10 15:04:17.673 69413 INFO tempest.lib.common.rest_client [req-fe19905d-f3e1-494e-8376-58aa555fc2d9 req-fe19905d-f3e1-494e-8376-58aa555fc2d9 ] Request (FlavorsAccessNegativeTestJSON:test_flavor_non_admin_remove): 403 POST http://10.180.1.21/compute/v2.1/flavors/1089532284/action 0.809s
2025-03-10 15:04:17.683 69415 INFO tempest.lib.common.rest_client [req-6eca7f91-d80a-4a82-a9bc-4c9cd49b052d req-6eca7f91-d80a-4a82-a9bc-4c9cd49b052d ] Request (AggregatesAdminNegativeTestJSON:test_aggregate_create_aggregate_name_length_less_than_1): 400 POST http://10.180.1.21/compute/v2.1/os-aggregates 0.809s
2025-03-10 15:04:17.697 69405 INFO tempest.lib.common.rest_client [req-270c7ee4-2b09-45ca-9420-837c108d513a req-270c7ee4-2b09-45ca-9420-837c108d513a ] Request (QuotasAdminTestJSON:test_delete_quota): 202 DELETE http://10.180.1.21/compute/v2.1/os-quota-sets/2791fa91deca4d7ca7ad259044287fec 0.716s
2025-03-10 15:04:17.709 69387 INFO tempest.lib.common.rest_client [req-8a9a2681-497c-4af5-8795-58f697dcf6b9 req-8a9a2681-497c-4af5-8795-58f697dcf6b9 ] Request (FlavorsV2TestJSON:test_list_flavors): 200 GET http://10.180.1.21/compute/v2.1/flavors/42 0.699s
