2025-03-10 15:05:25.709 69407 INFO tempest.lib.common.rest_client [req-d3a8ef95-9601-4ac2-9cfc-2186576dfb7e req-d3a8ef95-9601-4ac2-9cfc-2186576dfb7e ] Request (ServerShowV254Test:tearDownClass): 200 GET http://10.180.1.21/compute/v2.1/servers/5f7f901f-d2e6-4133-a646-57c1fc88b9ce 0.165s
2025-03-10 15:05:25.720 69397 INFO tempest.lib.common.rest_client [req-619dd225-1cd2-4459-91d3-d8c6182a602e req-619dd225-1cd2-4459-91d3-d8c6182a602e ] Request (ServerRescueTestJSON:test_rescue_unrescue_instance): 200 GET http://10.180.1.21/compute/v2.1/servers/b8f1d0bd-33ff-43cb-9cb1-8f4be2b78cc3 0.132s
2025-03-10 15:05:25.780 69419 INFO tempest.lib.common.rest_client [req-2e323145-330b-4c2b-8b62-3bcd3a629b3b req-2e323145-330b-4c2b-8b62-3bcd3a629b3b ] Request (ServerExternalEventsTest:tearDownClass): 200 GET http://10.180.1.21/compute/v2.1/servers/63253f5d-2d7b-4917-a246-be959b543bd0 0.174s
2025-03-10 15:05:25.847 69371 INFO tempest.lib.common.rest_client [req-a7fab984-e4e6-4002-a6cd-4affe1382327 req-a7fab984-e4e6-4002-a6cd-4affe1382327 ] Request (DeleteServersAdminTestJSON:test_delete_server_while_in_error_state): 200 GET http://10.180.1.21/compute/v2.1/servers/66dc248c-f0df-44dd-9831-a9d3b11e466b 0.152s
2025-03-10 15:05:25.859 69367 INFO tempest.lib.common.rest_client [req-93e08f32-0a8f-4e85-97dd-fe6e97a598f7 req-93e08f32-0a8f-4e85-97dd-fe6e97a598f7 ] Request (ListImageFiltersTestJSON:setUpClass): 200 GET http://10.180.1.21/compute/v2.1/servers/f1264ae5-081f-4b56-a375-0567fbefd71d 0.109s
2025-03-10 15:05:25.909 69409 INFO tempest.lib.common.rest_client [req-31021f6c-fb57-48f4-8f0f-164b3214ff20 req-31021f6c-fb57-48f4-8f0f-164b3214ff20 ] Request (FloatingIPsAssociationTestJSON:setUpClass): 200 GET http://10.180.1.21/compute/v2.1/servers/5af33240-1cf0-46b1-b9fe-3a1012b23755 0.155s
2025-03-10 15:05:25.918 69385 INFO tempest.lib.common.rest_client [req-a25b3fcd-78a5-491d-bb98-aadfb8b40ef7 req-a25b3fcd-78a5-491d-bb98-aadfb8b40ef7 ] Request (DeleteServersTestJSON:test_delete_server_while_in_attached_volume): 200 GET http://10.180.1.21/compute/v2.1/servers/03a2cb54-acda-4be1-a03f-e0a4274eeaec 0.115s
2025-03-10 15:05:25.930 69385 INFO tempest.common.waiters [-] State transition "BUILD/None" ==> "BUILD/networking" after 24 second wait
2025-03-10 15:05:25.961 69399 INFO tempest.lib.common.rest_client [req-337ff868-524e-45e6-95d5-d5dfe3162c13 req-337ff868-524e-45e6-95d5-d5dfe3162c13 ] Request (AttachInterfacesV270Test:test_create_get_list_interfaces): 200 GET http://10.180.1.21/compute/v2.1/servers/6836ec34-e148-4580-a39b-09bd1fc75d3d 0.115s
2025-03-10 15:05:25.997 69401 INFO tempest.lib.common.rest_client [req-abfca54f-f339-4eb7-8f1a-ac9c0b498053 req-abfca54f-f339-4eb7-8f1a-ac9c0b498053 ] Request (ServerMetadataNegativeTestJSON:tearDownClass): 200 GET http://10.180.1.21/compute/v2.1/servers/f01b646e-c754-42ed-9a53-2dec0cfb6d47 0.064s
2025-03-10 15:05:26.123 69363 INFO tempest.lib.common.rest_client [req-3705b15e-0572-4324-a67c-836cf00108c3 req-3705b15e-0572-4324-a67c-836cf00108c3 ] Request (ServerDiskConfigTestJSON:test_rebuild_server_with_manual_disk_config): 200 GET http://10.180.1.21/compute/v2.1/servers/6765dff9-29d9-477e-be08-bf5cabc069be 0.103s
2025-03-10 15:05:26.136 69395 INFO tempest.lib.common.rest_client [req-53f79b39-b327-4923-9c24-0d4331b4cab8 req-53f79b39-b327-4923-9c24-0d4331b4cab8 ] Request (ServerDiagnosticsTest:tearDownClass): 200 GET http://10.180.1.21/compute/v2.1/servers/a188f4ff-95a4-4dcb-9e13-46bc68f89c99 0.061s
2025-03-10 15:05:26.187 69415 INFO tempest.lib.common.rest_client [req-0890c0a2-e861-4ac3-825f-65ae2552013e req-0890c0a2-e861-4ac3-825f-65ae2552013e ] Request (FloatingIPsAssociationNegativeTestJSON:setUpClass): 200 GET http://10.180.1.21/compute/v2.1/servers/318d124d-0fb0-4bb7-9ae4-89baf3885947 0.065s
2025-03-10 15:05:26.221 69387 INFO tempest.lib.common.rest_client [req-e1a5eb96-1cbd-4881-9600-5d5e550e11f5 req-e1a5eb96-1cbd-4881-9600-5d5e550e11f5 ] Request (ServersTestMultiNic:test_verify_duplicate_network_nics): 200 GET http://10.180.1.21/compute/v2.1/servers/40d98f23-bdd8-4a5d-88a5-51434617b827 0.054s
2025-03-10 15:05:26.291 69389 INFO tempest.lib.common.rest_client [req-8b8f4185-d9b3-4141-af8d-dcdfe37afb38 req-8b8f4185-d9b3-4141-af8d-dcdfe37afb38 ] Request (ServerDiagnosticsNegativeTest:tearDownClass): 200 GET http://10.180.1.21/compute/v2.1/servers/8f35e7b3-e1aa-444b-b6b5-6ada5a8f14a6 0.073s
2025-03-10 15:05:26.293 69421 INFO tempest.lib.common.rest_client [req-d6f7c986-99d1-4c91-9d92-cfe655a95d1a req-d6f7c986-99d1-4c91-9d92-cfe655a95d1a ] Request (ListServersNegativeTestJSON:setUpClass): 200 GET http://10.180.1.21/compute/v2.1/servers/1ec6ac34-9344-4e84-a4ab-8412fdcfc512 0.061s
2025-03-10 15:05:26.326 69391 INFO tempest.lib.common.rest_client [req-a603e233-33b0-47a7-b8f3-e65733d42cf5 req-a603e233-33b0-47a7-b8f3-e65733d42cf5 ] Request (ImagesOneServerTestJSON:test_create_image_specify_multibyte_character_image_name): 200 GET http://10.180.1.21/compute/v2.1/images/e65cdc2d-1447-442f-b125-562e16f0cab5 0.082s
2025-03-10 15:05:26.423 69361 INFO tempest.lib.common.rest_client [req-72d62a67-f6bf-44b0-955c-16d37e4a6fba req-72d62a67-f6bf-44b0-955c-16d37e4a6fba ] Request (ServersAdminNegativeTestJSON:setUpClass): 200 GET http://10.180.1.21/compute/v2.1/servers/3052d916-ba81-4058-bc1e-ff51fc529ce0 0.067s
2025-03-10 15:05:26.431 69411 INFO tempest.lib.common.rest_client [req-0b2eaf19-0869-4b48-ab32-156143ed62b3 req-0b2eaf19-0869-4b48-ab32-156143ed62b3 ] Request (ImagesOneServerNegativeTestJSON:_run_cleanups): 200 GET http://10.180.1.21/compute/v2.1/servers/29ef3ed0-9bf6-45c9-bd7c-0b94a943e867 0.079s
2025-03-10 15:05:26.476 69405 INFO tempest.lib.common.rest_client [req-ad3fc64f-05f3-4777-9e27-af8ba996eaa8 req-ad3fc64f-05f3-4777-9e27-af8ba996eaa8 ] Request (ServersTestFqdnHostnames:test_create_server_with_fqdn_name): 200 GET http://10.180.1.21/compute/v2.1/servers/c3fde463-d065-4ad8-9971-c00929b3873c 0.069s
2025-03-10 15:05:26.493 69365 INFO tempest.lib.common.rest_client [req-2cf49969-6f09-4abb-a76e-efef3e0f6352 req-2cf49969-6f09-4abb-a76e-efef3e0f6352 ] Request (ServerActionsTestOtherA:setUpClass): 200 GET http://10.180.1.21/compute/v2.1/servers/c5fbfa59-eeed-4220-bc40-50618af87a67 0.079s
2025-03-10 15:05:26.532 69413 INFO tempest.lib.common.rest_client [req-80972d85-8ede-4458-acdb-df65c7a686ba req-80972d85-8ede-4458-acdb-df65c7a686ba ] Request (ServersAdminTestJSON:setUpClass): 200 GET http://10.180.1.21/compute/v2.1/servers/d1b5f395-8206-4326-a78a-b4fa7235aebb 0.070s
2025-03-10 15:05:26.679 69383 INFO tempest.lib.common.rest_client [req-b0e7baa2-30a9-44d3-a17a-92739931d92e req-b0e7baa2-30a9-44d3-a17a-92739931d92e ] Request (ServerTagsTestJSON:setUpClass): 200 GET http://10.180.1.21/compute/v2.1/servers/3dfa074e-f205-4cef-91c5-685c51956b35 0.060s
2025-03-10 15:05:26.742 69423 INFO tempest.lib.common.rest_client [req-b182ac4a-60d3-4037-8c6b-d9700442647c req-b182ac4a-60d3-4037-8c6b-d9700442647c ] Request (ServerAddressesNegativeTestJSON:setUpClass): 200 GET http://10.180.1.21/compute/v2.1/servers/7561c1e5-f1c3-4f9b-bb54-74b3ee5c3bce 0.060s
2025-03-10 15:05:26.802 69393 INFO tempest.lib.common.rest_client [req-8ee43914-104b-4a98-a45d-2ab4a65944eb req-8ee43914-104b-4a98-a45d-2ab4a65944eb ] Request (MigrationsAdminTest:test_list_migrations_in_flavor_resize_situation): 200 GET http://10.180.1.21/compute/v2.1/servers/41e6dba2-9431-4197-b797-d486e5c406e1 0.147s
2025-03-10 15:05:26.809 69407 INFO tempest.lib.common.rest_client [req-8f891b82-6e8e-4b15-aa7c-248987c92181 req-8f891b82-6e8e-4b15-aa7c-248987c92181 ] Request (ServerShowV254Test:tearDownClass): 200 GET http://10.180.1.21/compute/v2.1/servers/5f7f901f-d2e6-4133-a646-57c1fc88b9ce 0.089s
2025-03-10 15:05:26.863 69377 WARNING tempest.lib.common.ssh [-] Failed to establish authenticated ssh connection to cirros@10.180.180.226 ([Errno None] Unable to connect to port 22 on 10.180.180.226). Number attempts: 2. Retry after 3 seconds.: paramiko.ssh_exception.NoValidConnectionsError: [Errno None] Unable to connect to port 22 on 10.180.180.226
2025-03-10 15:05:26.869 69419 INFO tempest.lib.common.rest_client [req-699a5c44-cec4-42ce-a6e5-f20849ad28e3 req-699a5c44-cec4-42ce-a6e5-f20849ad28e3 ] Request (ServerExternalEventsTest:tearDownClass): 200 GET http://10.180.1.21/compute/v2.1/servers/63253f5d-2d7b-4917-a246-be959b543bd0 0.080s
2025-03-10 15:05:26.879 69397 INFO tempest.lib.common.rest_client [req-3d2afe2e-c8c9-47d0-9857-bf8ba1dd5b55 req-3d2afe2e-c8c9-47d0-9857-bf8ba1dd5b55 ] Request (ServerRescueTestJSON:test_rescue_unrescue_instance): 200 GET http://10.180.1.21/compute/v2.1/servers/b8f1d0bd-33ff-43cb-9cb1-8f4be2b78cc3 0.151s
2025-03-10 15:05:26.939 69367 INFO tempest.lib.common.rest_client [req-077ab01a-ff44-4d91-a185-e02b6e4e9a25 req-077ab01a-ff44-4d91-a185-e02b6e4e9a25 ] Request (ListImageFiltersTestJSON:setUpClass): 200 GET http://10.180.1.21/compute/v2.1/servers/f1264ae5-081f-4b56-a375-0567fbefd71d 0.067s
2025-03-10 15:05:26.985 69371 INFO tempest.lib.common.rest_client [req-ec0b53e9-561a-4b99-a20d-da028c08f9fe req-ec0b53e9-561a-4b99-a20d-da028c08f9fe ] Request (DeleteServersAdminTestJSON:test_delete_server_while_in_error_state): 200 GET http://10.180.1.21/compute/v2.1/servers/66dc248c-f0df-44dd-9831-a9d3b11e466b 0.128s
2025-03-10 15:05:26.991 69409 INFO tempest.lib.common.rest_client [req-59b9bc67-44f4-419c-8244-6b9a973978a4 req-59b9bc67-44f4-419c-8244-6b9a973978a4 ] Request (FloatingIPsAssociationTestJSON:setUpClass): 200 GET http://10.180.1.21/compute/v2.1/servers/5af33240-1cf0-46b1-b9fe-3a1012b23755 0.073s
2025-03-10 15:05:27.048 69399 INFO tempest.lib.common.rest_client [req-feb198fe-ddc0-4b65-b7ea-a62c5419e198 req-feb198fe-ddc0-4b65-b7ea-a62c5419e198 ] Request (AttachInterfacesV270Test:test_create_get_list_interfaces): 200 GET http://10.180.1.21/compute/v2.1/servers/6836ec34-e148-4580-a39b-09bd1fc75d3d 0.077s
2025-03-10 15:05:27.080 69385 INFO tempest.lib.common.rest_client [req-aca0b4a2-3dae-4efd-8e99-d342ebf75ef9 req-aca0b4a2-3dae-4efd-8e99-d342ebf75ef9 ] Request (DeleteServersTestJSON:test_delete_server_while_in_attached_volume): 200 GET http://10.180.1.21/compute/v2.1/servers/03a2cb54-acda-4be1-a03f-e0a4274eeaec 0.148s
2025-03-10 15:05:27.087 69385 INFO tempest.common.waiters [-] State transition "BUILD/networking" ==> "BUILD/block_device_mapping" after 26 second wait
2025-03-10 15:05:27.241 69363 INFO tempest.lib.common.rest_client [req-c1406728-57da-4fec-adc2-a4af3aa4188f req-c1406728-57da-4fec-adc2-a4af3aa4188f ] Request (ServerDiskConfigTestJSON:test_rebuild_server_with_manual_disk_config): 200 GET http://10.180.1.21/compute/v2.1/servers/6765dff9-29d9-477e-be08-bf5cabc069be 0.109s
2025-03-10 15:05:27.303 69395 INFO tempest.lib.common.rest_client [req-18bed57d-7f98-4f9c-86fa-412953c65669 req-18bed57d-7f98-4f9c-86fa-412953c65669 ] Request (ServerDiagnosticsTest:tearDownClass): 200 GET http://10.180.1.21/compute/v2.1/servers/a188f4ff-95a4-4dcb-9e13-46bc68f89c99 0.153s
2025-03-10 15:05:27.304 69401 INFO tempest.lib.common.rest_client [req-ef5d2762-dafc-435d-8347-e1a3a8623a58 req-ef5d2762-dafc-435d-8347-e1a3a8623a58 ] Request (ServerMetadataNegativeTestJSON:tearDownClass): 200 GET http://10.180.1.21/compute/v2.1/servers/f01b646e-c754-42ed-9a53-2dec0cfb6d47 0.300s
2025-03-10 15:05:27.354 69415 INFO tempest.lib.common.rest_client [req-9a632e64-5be4-4835-9e72-acca03d3f839 req-9a632e64-5be4-4835-9e72-acca03d3f839 ] Request (FloatingIPsAssociationNegativeTestJSON:setUpClass): 200 GET http://10.180.1.21/compute/v2.1/servers/318d124d-0fb0-4bb7-9ae4-89baf3885947 0.157s
2025-03-10 15:05:27.369 69387 INFO tempest.lib.common.rest_client [req-b559453f-43dd-4b9c-8b1d-c530c9bd4d23 req-b559453f-43dd-4b9c-8b1d-c530c9bd4d23 ] Request (ServersTestMultiNic:test_verify_duplicate_network_nics): 200 GET http://10.180.1.21/compute/v2.1/servers/40d98f23-bdd8-4a5d-88a5-51434617b827 0.140s
2025-03-10 15:05:27.402 69421 INFO tempest.lib.common.rest_client [req-b271b006-69b2-497c-a97d-05c89501d20a req-b271b006-69b2-497c-a97d-05c89501d20a ] Request (ListServersNegativeTestJSON:setUpClass): 200 GET http://10.180.1.21/compute/v2.1/servers/1ec6ac34-9344-4e84-a4ab-8412fdcfc512 0.099s
2025-03-10 15:05:27.423 69389 INFO tempest.lib.common.rest_client [req-bf29563d-bde5-43af-ad46-beb21b116c6f req-bf29563d-bde5-43af-ad46-beb21b116c6f ] Request (ServerDiagnosticsNegativeTest:tearDownClass): 200 GET http://10.180.1.21/compute/v2.1/servers/8f35e7b3-e1aa-444b-b6b5-6ada5a8f14a6 0.119s
2025-03-10 15:05:27.441 69391 INFO tempest.lib.common.rest_client [req-030ea722-106d-4d33-bbdd-cc59169b2d28 req-030ea722-106d-4d33-bbdd-cc59169b2d28 ] Request (ImagesOneServerTestJSON:test_create_image_specify_multibyte_character_image_name): 200 GET http://10.180.1.21/compute/v2.1/images/e65cdc2d-1447-442f-b125-562e16f0cab5 0.112s
2025-03-10 15:05:27.491 69361 INFO tempest.lib.common.rest_client [req-287a4d22-7b17-4071-8a34-a4743367894a req-287a4d22-7b17-4071-8a34-a4743367894a ] Request (ServersAdminNegativeTestJSON:setUpClass): 200 GET http://10.180.1.21/compute/v2.1/servers/3052d916-ba81-4058-bc1e-ff51fc529ce0 0.056s
2025-03-10 15:05:27.505 69411 INFO tempest.lib.common.rest_client [req-418235b1-161a-4fbb-a540-d2614ab53bd1 req-418235b1-161a-4fbb-a540-d2614ab53bd1 ] Request (ImagesOneServerNegativeTestJSON:_run_cleanups): 200 GET http://10.180.1.21/compute/v2.1/servers/29ef3ed0-9bf6-45c9-bd7c-0b94a943e867 0.061s
2025-03-10 15:05:27.512 69411 INFO tempest.common.waiters [-] State transition "ACTIVE/deleting" ==> "DELETED/None" after 3 second wait
2025-03-10 15:05:27.543 69405 INFO tempest.lib.common.rest_client [req-7cf2e506-54f5-47c1-82d7-c95c6e582cdb req-7cf2e506-54f5-47c1-82d7-c95c6e582cdb ] Request (ServersTestFqdnHostnames:test_create_server_with_fqdn_name): 200 GET http://10.180.1.21/compute/v2.1/servers/c3fde463-d065-4ad8-9971-c00929b3873c 0.057s
2025-03-10 15:05:27.554 69365 INFO tempest.lib.common.rest_client [req-766aa095-d257-4c50-b4a2-d1c3dd6747ac req-766aa095-d257-4c50-b4a2-d1c3dd6747ac ] Request (ServerActionsTestOtherA:setUpClass): 200 GET http://10.180.1.21/compute/v2.1/servers/c5fbfa59-eeed-4220-bc40-50618af87a67 0.053s
2025-03-10 15:05:27.597 69413 INFO tempest.lib.common.rest_client [req-7f3b9899-9b18-4e85-863f-edc83b3f939e req-7f3b9899-9b18-4e85-863f-edc83b3f939e ] Request (ServersAdminTestJSON:setUpClass): 200 GET http://10.180.1.21/compute/v2.1/servers/d1b5f395-8206-4326-a78a-b4fa7235aebb 0.055s
2025-03-10 15:05:27.632 69369 WARNING tempest.lib.common.ssh [-] Failed to establish authenticated ssh connection to cirros@10.180.180.201 ([Errno None] Unable to connect to port 22 on 10.180.180.201). Number attempts: 1. Retry after 2 seconds.: paramiko.ssh_exception.NoValidConnectionsError: [Errno None] Unable to connect to port 22 on 10.180.180.201
2025-03-10 15:05:27.737 69383 INFO tempest.lib.common.rest_client [req-827511ba-9f8f-4c7a-87aa-1cd1d414db9d req-827511ba-9f8f-4c7a-87aa-1cd1d414db9d ] Request (ServerTagsTestJSON:setUpClass): 200 GET http://10.180.1.21/compute/v2.1/servers/3dfa074e-f205-4cef-91c5-685c51956b35 0.048s
2025-03-10 15:05:27.794 69423 INFO tempest.lib.common.rest_client [req-cf66ce0b-498c-4f53-b2db-5d92dfdcfe73 req-cf66ce0b-498c-4f53-b2db-5d92dfdcfe73 ] Request (ServerAddressesNegativeTestJSON:setUpClass): 200 GET http://10.180.1.21/compute/v2.1/servers/7561c1e5-f1c3-4f9b-bb54-74b3ee5c3bce 0.045s
2025-03-10 15:05:27.880 69407 INFO tempest.lib.common.rest_client [req-e428abe0-b7d6-4d7c-9875-caddf78bfdc9 req-e428abe0-b7d6-4d7c-9875-caddf78bfdc9 ] Request (ServerShowV254Test:tearDownClass): 200 GET http://10.180.1.21/compute/v2.1/servers/5f7f901f-d2e6-4133-a646-57c1fc88b9ce 0.054s
2025-03-10 15:05:27.916 69393 INFO tempest.lib.common.rest_client [req-4a6a8344-a812-4f74-8a05-87e988cdceba req-4a6a8344-a812-4f74-8a05-87e988cdceba ] Request (MigrationsAdminTest:test_list_migrations_in_flavor_resize_situation): 200 GET http://10.180.1.21/compute/v2.1/servers/41e6dba2-9431-4197-b797-d486e5c406e1 0.103s
2025-03-10 15:05:27.931 69419 INFO tempest.lib.common.rest_client [req-59765684-1580-4c35-83f5-11fccc0e7f40 req-59765684-1580-4c35-83f5-11fccc0e7f40 ] Request (ServerExternalEventsTest:tearDownClass): 200 GET http://10.180.1.21/compute/v2.1/servers/63253f5d-2d7b-4917-a246-be959b543bd0 0.054s
2025-03-10 15:05:27.959 69397 INFO tempest.lib.common.rest_client [req-4412996e-487b-418f-bc8c-0069c2d92b41 req-4412996e-487b-418f-bc8c-0069c2d92b41 ] Request (ServerRescueTestJSON:test_rescue_unrescue_instance): 200 GET http://10.180.1.21/compute/v2.1/servers/b8f1d0bd-33ff-43cb-9cb1-8f4be2b78cc3 0.071s
2025-03-10 15:05:28.014 69367 INFO tempest.lib.common.rest_client [req-867d2b4c-1e22-45c4-9320-f747d622f5aa req-867d2b4c-1e22-45c4-9320-f747d622f5aa ] Request (ListImageFiltersTestJSON:setUpClass): 200 GET http://10.180.1.21/compute/v2.1/servers/f1264ae5-081f-4b56-a375-0567fbefd71d 0.064s
2025-03-10 15:05:28.085 69409 INFO tempest.lib.common.rest_client [req-ffcccc97-1a30-4535-afc7-246ddfd58c86 req-ffcccc97-1a30-4535-afc7-246ddfd58c86 ] Request (FloatingIPsAssociationTestJSON:setUpClass): 200 GET http://10.180.1.21/compute/v2.1/servers/5af33240-1cf0-46b1-b9fe-3a1012b23755 0.081s
2025-03-10 15:05:28.139 69371 INFO tempest.lib.common.rest_client [req-93d2374e-7f5c-4033-b898-b105ba8a20c6 req-93d2374e-7f5c-4033-b898-b105ba8a20c6 ] Request (DeleteServersAdminTestJSON:test_delete_server_while_in_error_state): 200 GET http://10.180.1.21/compute/v2.1/servers/66dc248c-f0df-44dd-9831-a9d3b11e466b 0.141s
2025-03-10 15:05:28.149 69399 INFO tempest.lib.common.rest_client [req-5645467d-ec45-4b29-af4b-daa2da32bf3d req-5645467d-ec45-4b29-af4b-daa2da32bf3d ] Request (AttachInterfacesV270Test:test_create_get_list_interfaces): 200 GET http://10.180.1.21/compute/v2.1/servers/6836ec34-e148-4580-a39b-09bd1fc75d3d 0.089s
2025-03-10 15:05:28.259 69385 INFO tempest.lib.common.rest_client [req-01d8cf40-c7a7-485a-a645-783de97e8536 req-01d8cf40-c7a7-485a-a645-783de97e8536 ] Request (DeleteServersTestJSON:test_delete_server_while_in_attached_volume): 200 GET http://10.180.1.21/compute/v2.1/servers/03a2cb54-acda-4be1-a03f-e0a4274eeaec 0.171s
2025-03-10 15:05:28.267 69385 INFO tempest.common.waiters [-] State transition "BUILD/block_device_mapping" ==> "BUILD/spawning" after 27 second wait
2025-03-10 15:05:28.367 69363 INFO tempest.lib.common.rest_client [req-f93bc506-af12-4110-a53c-12dd3da360c4 req-f93bc506-af12-4110-a53c-12dd3da360c4 ] Request (ServerDiskConfigTestJSON:test_rebuild_server_with_manual_disk_config): 200 GET http://10.180.1.21/compute/v2.1/servers/6765dff9-29d9-477e-be08-bf5cabc069be 0.117s
2025-03-10 15:05:28.375 69363 INFO tempest.common.waiters [-] State transition "BUILD/spawning" ==> "ACTIVE/None" after 35 second wait
2025-03-10 15:05:28.405 69395 INFO tempest.lib.common.rest_client [req-227b90e8-7c6e-48a7-a9c7-b55b3f534e7e req-227b90e8-7c6e-48a7-a9c7-b55b3f534e7e ] Request (ServerDiagnosticsTest:tearDownClass): 200 GET http://10.180.1.21/compute/v2.1/servers/a188f4ff-95a4-4dcb-9e13-46bc68f89c99 0.086s
2025-03-10 15:05:28.435 69401 INFO tempest.lib.common.rest_client [req-221fcdd1-1f2c-4411-a5df-62ff5566d7ce req-221fcdd1-1f2c-4411-a5df-62ff5566d7ce ] Request (ServerMetadataNegativeTestJSON:tearDownClass): 200 GET http://10.180.1.21/compute/v2.1/servers/f01b646e-c754-42ed-9a53-2dec0cfb6d47 0.116s
2025-03-10 15:05:28.465 69415 INFO tempest.lib.common.rest_client [req-6352b738-b07e-4822-b497-5afd08f0aee4 req-6352b738-b07e-4822-b497-5afd08f0aee4 ] Request (FloatingIPsAssociationNegativeTestJSON:setUpClass): 200 GET http://10.180.1.21/compute/v2.1/servers/318d124d-0fb0-4bb7-9ae4-89baf3885947 0.098s
2025-03-10 15:05:28.528 69387 INFO tempest.lib.common.rest_client [req-4cdb676e-9ec3-42cc-bff9-8d438220f28b req-4cdb676e-9ec3-42cc-bff9-8d438220f28b ] Request (ServersTestMultiNic:test_verify_duplicate_network_nics): 200 GET http://10.180.1.21/compute/v2.1/servers/40d98f23-bdd8-4a5d-88a5-51434617b827 0.149s
2025-03-10 15:05:28.562 69363 INFO tempest.lib.common.rest_client [req-a0e3ffb5-6e9a-42a5-90b0-9e5b9f8dc890 req-a0e3ffb5-6e9a-42a5-90b0-9e5b9f8dc890 ] Request (ServerDiskConfigTestJSON:test_rebuild_server_with_manual_disk_config): 200 GET http://10.180.1.21/compute/v2.1/servers/6765dff9-29d9-477e-be08-bf5cabc069be 0.186s
2025-03-10 15:05:28.594 69421 INFO tempest.lib.common.rest_client [req-8961a29b-cec7-40ca-86b3-579008dd04df req-8961a29b-cec7-40ca-86b3-579008dd04df ] Request (ListServersNegativeTestJSON:setUpClass): 200 GET http://10.180.1.21/compute/v2.1/servers/1ec6ac34-9344-4e84-a4ab-8412fdcfc512 0.181s
2025-03-10 15:05:28.622 69389 INFO tempest.lib.common.rest_client [req-c0458c42-f6c7-43c3-97ce-34d7a124a00b req-c0458c42-f6c7-43c3-97ce-34d7a124a00b ] Request (ServerDiagnosticsNegativeTest:tearDownClass): 200 GET http://10.180.1.21/compute/v2.1/servers/8f35e7b3-e1aa-444b-b6b5-6ada5a8f14a6 0.190s
2025-03-10 15:05:28.642 69391 INFO tempest.lib.common.rest_client [req-892532b3-663d-4880-ab5d-5e76e6470ad6 req-892532b3-663d-4880-ab5d-5e76e6470ad6 ] Request (ImagesOneServerTestJSON:test_create_image_specify_multibyte_character_image_name): 200 GET http://10.180.1.21/compute/v2.1/images/e65cdc2d-1447-442f-b125-562e16f0cab5 0.193s
2025-03-10 15:05:28.679 69361 INFO tempest.lib.common.rest_client [req-8ebffea4-f085-40db-93fe-08e4292c3123 req-8ebffea4-f085-40db-93fe-08e4292c3123 ] Request (ServersAdminNegativeTestJSON:setUpClass): 200 GET http://10.180.1.21/compute/v2.1/servers/3052d916-ba81-4058-bc1e-ff51fc529ce0 0.179s
2025-03-10 15:05:28.695 69411 INFO tempest.lib.common.rest_client [req-44e19b59-1467-40fb-af7b-4e85ffffd7d4 req-44e19b59-1467-40fb-af7b-4e85ffffd7d4 ] Request (ImagesOneServerNegativeTestJSON:_run_cleanups): 200 GET http://10.180.1.21/compute/v2.1/servers/29ef3ed0-9bf6-45c9-bd7c-0b94a943e867 0.182s
2025-03-10 15:05:28.756 69405 INFO tempest.lib.common.rest_client [req-6bc5d396-53c8-4749-9157-016ef85aefb8 req-6bc5d396-53c8-4749-9157-016ef85aefb8 ] Request (ServersTestFqdnHostnames:test_create_server_with_fqdn_name): 200 GET http://10.180.1.21/compute/v2.1/servers/c3fde463-d065-4ad8-9971-c00929b3873c 0.204s
2025-03-10 15:05:28.758 69365 INFO tempest.lib.common.rest_client [req-970ed42a-88db-4af8-b761-9853b3f09a60 req-970ed42a-88db-4af8-b761-9853b3f09a60 ] Request (ServerActionsTestOtherA:setUpClass): 200 GET http://10.180.1.21/compute/v2.1/servers/c5fbfa59-eeed-4220-bc40-50618af87a67 0.194s
2025-03-10 15:05:28.812 69363 INFO tempest.lib.common.rest_client [req-6ed9d161-277d-4acc-b58d-a1d92fd7029e req-6ed9d161-277d-4acc-b58d-a1d92fd7029e ] Request (ServerDiskConfigTestJSON:test_rebuild_server_with_manual_disk_config): 200 PUT http://10.180.1.21/compute/v2.1/servers/6765dff9-29d9-477e-be08-bf5cabc069be 0.243s
2025-03-10 15:05:28.815 69413 INFO tempest.lib.common.rest_client [req-71b82222-f4be-4515-9910-ea660683733b req-71b82222-f4be-4515-9910-ea660683733b ] Request (ServersAdminTestJSON:setUpClass): 200 GET http://10.180.1.21/compute/v2.1/servers/d1b5f395-8206-4326-a78a-b4fa7235aebb 0.211s
2025-03-10 15:05:28.878 69423 INFO tempest.lib.common.rest_client [req-142e2657-5e2d-4a04-9ebe-8338f75c714e req-142e2657-5e2d-4a04-9ebe-8338f75c714e ] Request (ServerAddressesNegativeTestJSON:setUpClass): 200 GET http://10.180.1.21/compute/v2.1/servers/7561c1e5-f1c3-4f9b-bb54-74b3ee5c3bce 0.077s
2025-03-10 15:05:28.880 69383 INFO tempest.lib.common.rest_client [req-77781897-3446-4a90-9b87-660ef586fdb3 req-77781897-3446-4a90-9b87-660ef586fdb3 ] Request (ServerTagsTestJSON:setUpClass): 200 GET http://10.180.1.21/compute/v2.1/servers/3dfa074e-f205-4cef-91c5-685c51956b35 0.134s
2025-03-10 15:05:28.941 69407 INFO tempest.lib.common.rest_client [req-1f93ce6d-1548-41a1-a517-3ee23669f517 req-1f93ce6d-1548-41a1-a517-3ee23669f517 ] Request (ServerShowV254Test:tearDownClass): 200 GET http://10.180.1.21/compute/v2.1/servers/5f7f901f-d2e6-4133-a646-57c1fc88b9ce 0.051s
2025-03-10 15:05:28.974 69363 INFO tempest.lib.common.rest_client [req-3c83277d-cd86-4e5b-9153-6579424df1ec req-3c83277d-cd86-4e5b-9153-6579424df1ec ] Request (ServerDiskConfigTestJSON:test_rebuild_server_with_manual_disk_config): 200 GET http://10.180.1.21/compute/v2.1/servers/6765dff9-29d9-477e-be08-bf5cabc069be 0.156s
2025-03-10 15:05:29.029 69419 INFO tempest.lib.common.rest_client [req-f5d2f6dc-00fc-40f8-a35b-001a12d25920 req-f5d2f6dc-00fc-40f8-a35b-001a12d25920 ] Request (ServerExternalEventsTest:tearDownClass): 200 GET http://10.180.1.21/compute/v2.1/servers/63253f5d-2d7b-4917-a246-be959b543bd0 0.091s
2025-03-10 15:05:29.037 69393 INFO tempest.lib.common.rest_client [req-457df4b7-e83b-4a72-afee-ed9eaaa854a9 req-457df4b7-e83b-4a72-afee-ed9eaaa854a9 ] Request (MigrationsAdminTest:test_list_migrations_in_flavor_resize_situation): 200 GET http://10.180.1.21/compute/v2.1/servers/41e6dba2-9431-4197-b797-d486e5c406e1 0.112s
2025-03-10 15:05:29.270 69397 INFO tempest.lib.common.rest_client [req-06d6f9da-8cd3-4d33-93e6-041bf7e791b4 req-06d6f9da-8cd3-4d33-93e6-041bf7e791b4 ] Request (ServerRescueTestJSON:test_rescue_unrescue_instance): 200 GET http://10.180.1.21/compute/v2.1/servers/b8f1d0bd-33ff-43cb-9cb1-8f4be2b78cc3 0.302s
2025-03-10 15:05:29.326 69367 INFO tempest.lib.common.rest_client [req-2062cf4c-a426-4205-80ec-3a5c04717ba4 req-2062cf4c-a426-4205-80ec-3a5c04717ba4 ] Request (ListImageFiltersTestJSON:setUpClass): 200 GET http://10.180.1.21/compute/v2.1/servers/f1264ae5-081f-4b56-a375-0567fbefd71d 0.300s
2025-03-10 15:05:29.330 69363 INFO tempest.lib.common.rest_client [req-93bd363e-773c-40fe-94da-eeb39e421c5d req-93bd363e-773c-40fe-94da-eeb39e421c5d ] Request (ServerDiskConfigTestJSON:test_rebuild_server_with_manual_disk_config): 200 GET http://10.180.1.21/compute/v2.1/servers/6765dff9-29d9-477e-be08-bf5cabc069be 0.349s
2025-03-10 15:05:29.377 69409 INFO tempest.lib.common.rest_client [req-e3df772e-f099-4e48-b635-fd23b8a5f5cf req-e3df772e-f099-4e48-b635-fd23b8a5f5cf ] Request (FloatingIPsAssociationTestJSON:setUpClass): 200 GET http://10.180.1.21/compute/v2.1/servers/5af33240-1cf0-46b1-b9fe-3a1012b23755 0.282s
2025-03-10 15:05:29.426 69371 INFO tempest.lib.common.rest_client [req-3b531904-b637-493c-bd4c-3b2044815ab3 req-3b531904-b637-493c-bd4c-3b2044815ab3 ] Request (DeleteServersAdminTestJSON:test_delete_server_while_in_error_state): 200 GET http://10.180.1.21/compute/v2.1/servers/66dc248c-f0df-44dd-9831-a9d3b11e466b 0.277s
2025-03-10 15:05:29.432 69399 INFO tempest.lib.common.rest_client [req-d5399004-29e1-45c6-a322-3b5e04a7e52e req-d5399004-29e1-45c6-a322-3b5e04a7e52e ] Request (AttachInterfacesV270Test:test_create_get_list_interfaces): 200 GET http://10.180.1.21/compute/v2.1/servers/6836ec34-e148-4580-a39b-09bd1fc75d3d 0.272s
2025-03-10 15:05:29.547 69385 INFO tempest.lib.common.rest_client [req-d5369552-858a-4c67-84c7-4afc556b4478 req-d5369552-858a-4c67-84c7-4afc556b4478 ] Request (DeleteServersTestJSON:test_delete_server_while_in_attached_volume): 200 GET http://10.180.1.21/compute/v2.1/servers/03a2cb54-acda-4be1-a03f-e0a4274eeaec 0.278s
2025-03-10 15:05:29.603 69363 INFO tempest.lib.common.rest_client [req-d6b5affa-3ac6-4c19-9590-45a27b73ebb6 req-d6b5affa-3ac6-4c19-9590-45a27b73ebb6 ] Request (ServerDiskConfigTestJSON:test_rebuild_server_with_manual_disk_config): 202 POST http://10.180.1.21/compute/v2.1/servers/6765dff9-29d9-477e-be08-bf5cabc069be/action 0.265s
2025-03-10 15:05:29.618 69395 INFO tempest.lib.common.rest_client [req-cdf03bdb-d7da-4e12-bf4d-def9fc97ac66 req-cdf03bdb-d7da-4e12-bf4d-def9fc97ac66 ] Request (ServerDiagnosticsTest:tearDownClass): 200 GET http://10.180.1.21/compute/v2.1/servers/a188f4ff-95a4-4dcb-9e13-46bc68f89c99 0.203s
2025-03-10 15:05:29.670 69401 INFO tempest.lib.common.rest_client [req-0ab5384e-9346-4a5c-859d-0307e59f035c req-0ab5384e-9346-4a5c-859d-0307e59f035c ] Request (ServerMetadataNegativeTestJSON:tearDownClass): 200 GET http://10.180.1.21/compute/v2.1/servers/f01b646e-c754-42ed-9a53-2dec0cfb6d47 0.222s
2025-03-10 15:05:29.678 69415 INFO tempest.lib.common.rest_client [req-30056c17-7101-432c-b250-69fa37a254d9 req-30056c17-7101-432c-b250-69fa37a254d9 ] Request (FloatingIPsAssociationNegativeTestJSON:setUpClass): 200 GET http://10.180.1.21/compute/v2.1/servers/318d124d-0fb0-4bb7-9ae4-89baf3885947 0.202s
2025-03-10 15:05:29.684 69415 INFO tempest.common.waiters [-] State transition "BUILD/scheduling" ==> "BUILD/None" after 26 second wait
2025-03-10 15:05:29.733 69387 INFO tempest.lib.common.rest_client [req-95caac62-af49-49f2-9bb1-7e99877b08f3 req-95caac62-af49-49f2-9bb1-7e99877b08f3 ] Request (ServersTestMultiNic:test_verify_duplicate_network_nics): 200 GET http://10.180.1.21/compute/v2.1/servers/40d98f23-bdd8-4a5d-88a5-51434617b827 0.195s
2025-03-10 15:05:29.734 69421 INFO tempest.lib.common.rest_client [req-35b20dce-e6b8-4d6d-a211-33b5c6514b67 req-35b20dce-e6b8-4d6d-a211-33b5c6514b67 ] Request (ListServersNegativeTestJSON:setUpClass): 200 GET http://10.180.1.21/compute/v2.1/servers/1ec6ac34-9344-4e84-a4ab-8412fdcfc512 0.130s
2025-03-10 15:05:29.756 69389 INFO tempest.lib.common.rest_client [req-da2c1b7d-a8e1-4db4-b4d4-62083c174ef6 req-da2c1b7d-a8e1-4db4-b4d4-62083c174ef6 ] Request (ServerDiagnosticsNegativeTest:tearDownClass): 404 GET http://10.180.1.21/compute/v2.1/servers/8f35e7b3-e1aa-444b-b6b5-6ada5a8f14a6 0.125s
2025-03-10 15:05:29.790 69391 INFO tempest.lib.common.rest_client [req-2617a1a7-8091-4b21-8966-4b890f12693e req-2617a1a7-8091-4b21-8966-4b890f12693e ] Request (ImagesOneServerTestJSON:test_create_image_specify_multibyte_character_image_name): 200 GET http://10.180.1.21/compute/v2.1/images/e65cdc2d-1447-442f-b125-562e16f0cab5 0.144s
2025-03-10 15:05:29.837 69363 INFO tempest.lib.common.rest_client [req-0aff8455-a3f8-4fbc-9947-076b0ab95e93 req-0aff8455-a3f8-4fbc-9947-076b0ab95e93 ] Request (ServerDiskConfigTestJSON:test_rebuild_server_with_manual_disk_config): 200 GET http://10.180.1.21/compute/v2.1/servers/6765dff9-29d9-477e-be08-bf5cabc069be 0.227s
2025-03-10 15:05:29.840 69389 INFO tempest.lib.common.rest_client [req-3eefdfa0-9971-4741-b4ee-a5c0091adcee req-3eefdfa0-9971-4741-b4ee-a5c0091adcee ] Request (ServerDiagnosticsNegativeTest:tearDownClass): 204 DELETE http://10.180.1.21/identity/v3/users/a860eaa4aa7242218357913d8789e3ec 0.084s
2025-03-10 15:05:29.842 69361 INFO tempest.lib.common.rest_client [req-35763f4a-bc34-4c78-8ef5-eda7966c5271 req-35763f4a-bc34-4c78-8ef5-eda7966c5271 ] Request (ServersAdminNegativeTestJSON:setUpClass): 200 GET http://10.180.1.21/compute/v2.1/servers/3052d916-ba81-4058-bc1e-ff51fc529ce0 0.150s
2025-03-10 15:05:29.896 69405 INFO tempest.lib.common.rest_client [req-002f5a18-d3a2-4791-a5b6-8f02fe6f0632 req-002f5a18-d3a2-4791-a5b6-8f02fe6f0632 ] Request (ServersTestFqdnHostnames:test_create_server_with_fqdn_name): 200 GET http://10.180.1.21/compute/v2.1/servers/c3fde463-d065-4ad8-9971-c00929b3873c 0.132s
2025-03-10 15:05:29.905 69411 INFO tempest.lib.common.rest_client [req-14a2a819-9ba8-45b9-92ca-fc308801f573 req-14a2a819-9ba8-45b9-92ca-fc308801f573 ] Request (ImagesOneServerNegativeTestJSON:_run_cleanups): 200 GET http://10.180.1.21/compute/v2.1/servers/29ef3ed0-9bf6-45c9-bd7c-0b94a943e867 0.201s
2025-03-10 15:05:29.950 69365 INFO tempest.lib.common.rest_client [req-021112d5-4103-40ce-b1a1-09c2dbc04148 req-021112d5-4103-40ce-b1a1-09c2dbc04148 ] Request (ServerActionsTestOtherA:setUpClass): 200 GET http://10.180.1.21/compute/v2.1/servers/c5fbfa59-eeed-4220-bc40-50618af87a67 0.184s
2025-03-10 15:05:29.959 69389 INFO tempest.lib.common.rest_client [req-f9b91043-1ada-4d5e-8f64-2b85a70f95e4 req-f9b91043-1ada-4d5e-8f64-2b85a70f95e4 ] Request (ServerDiagnosticsNegativeTest:tearDownClass): 204 DELETE http://10.180.1.21/identity/v3/users/65e24b8a66764a49b8b41c1f78c91a0c 0.118s
2025-03-10 15:05:29.959 69389 INFO tempest.lib.common.dynamic_creds [-] Deleting project and security group for project: 3ed7c98a51aa4d00ac38ef691983c6df
2025-03-10 15:05:29.963 69413 INFO tempest.lib.common.rest_client [req-48de029b-b9fc-4cbf-a62a-26dcc44d914f req-48de029b-b9fc-4cbf-a62a-26dcc44d914f ] Request (ServersAdminTestJSON:setUpClass): 200 GET http://10.180.1.21/compute/v2.1/servers/d1b5f395-8206-4326-a78a-b4fa7235aebb 0.140s
2025-03-10 15:05:30.012 69423 INFO tempest.lib.common.rest_client [req-1a80109e-e9ea-4f17-9f76-212cc76b2aea req-1a80109e-e9ea-4f17-9f76-212cc76b2aea ] Request (ServerAddressesNegativeTestJSON:setUpClass): 200 GET http://10.180.1.21/compute/v2.1/servers/7561c1e5-f1c3-4f9b-bb54-74b3ee5c3bce 0.125s
2025-03-10 15:05:30.024 69383 INFO tempest.lib.common.rest_client [req-4b049919-505f-4828-af50-d73c1f37d4e0 req-4b049919-505f-4828-af50-d73c1f37d4e0 ] Request (ServerTagsTestJSON:setUpClass): 200 GET http://10.180.1.21/compute/v2.1/servers/3dfa074e-f205-4cef-91c5-685c51956b35 0.133s
2025-03-10 15:05:30.025 69389 INFO tempest.lib.common.rest_client [req-4180018a-6746-4e12-abcf-1acab4badc82 req-4180018a-6746-4e12-abcf-1acab4badc82 ] Request (ServerDiagnosticsNegativeTest:tearDownClass): 201 POST http://10.180.1.21/identity/v3/auth/tokens 0.066s
2025-03-10 15:05:30.080 69407 INFO tempest.lib.common.rest_client [req-5d71c0ba-512c-4fd0-b701-3b82ec9136f3 req-5d71c0ba-512c-4fd0-b701-3b82ec9136f3 ] Request (ServerShowV254Test:tearDownClass): 200 GET http://10.180.1.21/compute/v2.1/servers/5f7f901f-d2e6-4133-a646-57c1fc88b9ce 0.130s
2025-03-10 15:05:30.090 69407 INFO tempest.common.waiters [-] State transition "ACTIVE/deleting" ==> "DELETED/None" after 6 second wait
2025-03-10 15:05:30.111 69419 INFO tempest.lib.common.rest_client [req-f4d991c0-2bdb-47be-b481-9fff49b6b5a5 req-f4d991c0-2bdb-47be-b481-9fff49b6b5a5 ] Request (ServerExternalEventsTest:tearDownClass): 200 GET http://10.180.1.21/compute/v2.1/servers/63253f5d-2d7b-4917-a246-be959b543bd0 0.074s
2025-03-10 15:05:30.125 69389 INFO tempest.lib.common.rest_client [req-7fe5c5ed-62b5-4888-bd53-8fa80a5cd4d8 req-7fe5c5ed-62b5-4888-bd53-8fa80a5cd4d8 ] Request (ServerDiagnosticsNegativeTest:tearDownClass): 200 GET http://10.180.1.21:9696/networking/v2.0/security-groups?tenant_id=3ed7c98a51aa4d00ac38ef691983c6df&name=default 0.100s
2025-03-10 15:05:30.216 69389 INFO tempest.lib.common.rest_client [req-135ce63b-adee-4855-9713-2580c5170640 req-135ce63b-adee-4855-9713-2580c5170640 ] Request (ServerDiagnosticsNegativeTest:tearDownClass): 204 DELETE http://10.180.1.21:9696/networking/v2.0/security-groups/9569bc79-4edb-41f5-a790-0a2c8d1e467b 0.089s
2025-03-10 15:05:30.225 69393 INFO tempest.lib.common.rest_client [req-77deb3bd-b81d-44b7-ad01-d788e86ef746 req-77deb3bd-b81d-44b7-ad01-d788e86ef746 ] Request (MigrationsAdminTest:test_list_migrations_in_flavor_resize_situation): 200 GET http://10.180.1.21/compute/v2.1/servers/41e6dba2-9431-4197-b797-d486e5c406e1 0.177s
2025-03-10 15:05:30.304 69389 INFO tempest.lib.common.rest_client [req-01088926-fae0-45b2-a36a-703118913297 req-01088926-fae0-45b2-a36a-703118913297 ] Request (ServerDiagnosticsNegativeTest:tearDownClass): 204 DELETE http://10.180.1.21/identity/v3/projects/3ed7c98a51aa4d00ac38ef691983c6df 0.088s
2025-03-10 15:05:30.305 69389 INFO tempest.lib.common.dynamic_creds [-] Deleting project and security group for project: f883cfedb9e3465faac814fce8a0ee2b
2025-03-10 15:05:30.319 69375 WARNING tempest.lib.common.ssh [-] Failed to establish authenticated ssh connection to cirros@10.180.180.249 ([Errno None] Unable to connect to port 22 on 10.180.180.249). Number attempts: 6. Retry after 7 seconds.: paramiko.ssh_exception.NoValidConnectionsError: [Errno None] Unable to connect to port 22 on 10.180.180.249
2025-03-10 15:05:30.338 69397 INFO tempest.lib.common.rest_client [req-7c95cad0-1055-44f8-b0f3-6d405d9bd83a req-7c95cad0-1055-44f8-b0f3-6d405d9bd83a ] Request (ServerRescueTestJSON:test_rescue_unrescue_instance): 200 GET http://10.180.1.21/compute/v2.1/servers/b8f1d0bd-33ff-43cb-9cb1-8f4be2b78cc3 0.056s
2025-03-10 15:05:30.391 69367 INFO tempest.lib.common.rest_client [req-d488eb24-4ed2-4918-8849-617339fc892e req-d488eb24-4ed2-4918-8849-617339fc892e ] Request (ListImageFiltersTestJSON:setUpClass): 200 GET http://10.180.1.21/compute/v2.1/servers/f1264ae5-081f-4b56-a375-0567fbefd71d 0.057s
2025-03-10 15:05:30.430 69389 INFO tempest.lib.common.rest_client [req-ff0925ba-3b03-4001-91d9-5618e49b20a8 req-ff0925ba-3b03-4001-91d9-5618e49b20a8 ] Request (ServerDiagnosticsNegativeTest:tearDownClass): 200 GET http://10.180.1.21:9696/networking/v2.0/security-groups?tenant_id=f883cfedb9e3465faac814fce8a0ee2b&name=default 0.125s
2025-03-10 15:05:30.444 69409 INFO tempest.lib.common.rest_client [req-23654999-de18-405c-a118-66b5f2538269 req-23654999-de18-405c-a118-66b5f2538269 ] Request (FloatingIPsAssociationTestJSON:setUpClass): 200 GET http://10.180.1.21/compute/v2.1/servers/5af33240-1cf0-46b1-b9fe-3a1012b23755 0.058s
2025-03-10 15:05:30.511 69399 INFO tempest.lib.common.rest_client [req-7888bd01-0f06-4a0a-8c06-e26636a5bde7 req-7888bd01-0f06-4a0a-8c06-e26636a5bde7 ] Request (AttachInterfacesV270Test:test_create_get_list_interfaces): 200 GET http://10.180.1.21/compute/v2.1/servers/6836ec34-e148-4580-a39b-09bd1fc75d3d 0.066s
2025-03-10 15:05:30.524 69389 INFO tempest.lib.common.rest_client [req-c83c0afd-32c5-4394-90bc-9fd5d3eb1f7d req-c83c0afd-32c5-4394-90bc-9fd5d3eb1f7d ] Request (ServerDiagnosticsNegativeTest:tearDownClass): 204 DELETE http://10.180.1.21:9696/networking/v2.0/security-groups/490240ef-354d-418b-a79c-0c7091f1a40c 0.093s
2025-03-10 15:05:30.549 69371 INFO tempest.lib.common.rest_client [req-47f7eb8a-92cd-4ddc-a157-fb08a7a9b39b req-47f7eb8a-92cd-4ddc-a157-fb08a7a9b39b ] Request (DeleteServersAdminTestJSON:test_delete_server_while_in_error_state): 200 GET http://10.180.1.21/compute/v2.1/servers/66dc248c-f0df-44dd-9831-a9d3b11e466b 0.113s
2025-03-10 15:05:30.616 69389 INFO tempest.lib.common.rest_client [req-c57941fb-b811-4737-9c29-d2d7732fbcbf req-c57941fb-b811-4737-9c29-d2d7732fbcbf ] Request (ServerDiagnosticsNegativeTest:tearDownClass): 204 DELETE http://10.180.1.21/identity/v3/projects/f883cfedb9e3465faac814fce8a0ee2b 0.091s
2025-03-10 15:05:30.644 69385 INFO tempest.lib.common.rest_client [req-13a08afb-4168-40a5-9aae-0e6b3c426df0 req-13a08afb-4168-40a5-9aae-0e6b3c426df0 ] Request (DeleteServersTestJSON:test_delete_server_while_in_attached_volume): 200 GET http://10.180.1.21/compute/v2.1/servers/03a2cb54-acda-4be1-a03f-e0a4274eeaec 0.088s
2025-03-10 15:05:30.678 69389 INFO tempest.lib.common.rest_client [req-201dcfa5-0a47-4488-b572-01560b44cd82 req-201dcfa5-0a47-4488-b572-01560b44cd82 ] Request (ServerActionsTestOtherB:setUpClass): 201 POST http://10.180.1.21/identity/v3/auth/tokens 0.060s
2025-03-10 15:05:30.700 69395 INFO tempest.lib.common.rest_client [req-2d9c4659-fded-4766-845a-8f41b78eb58f req-2d9c4659-fded-4766-845a-8f41b78eb58f ] Request (ServerDiagnosticsTest:tearDownClass): 200 GET http://10.180.1.21/compute/v2.1/servers/a188f4ff-95a4-4dcb-9e13-46bc68f89c99 0.072s
2025-03-10 15:05:30.704 69369 WARNING tempest.lib.common.ssh [-] Failed to establish authenticated ssh connection to cirros@10.180.180.201 ([Errno None] Unable to connect to port 22 on 10.180.180.201). Number attempts: 2. Retry after 3 seconds.: paramiko.ssh_exception.NoValidConnectionsError: [Errno None] Unable to connect to port 22 on 10.180.180.201
2025-03-10 15:05:30.715 69389 INFO tempest.lib.common.rest_client [req-b2dc7b71-441c-4cf3-94ac-e67c402b6f1e req-b2dc7b71-441c-4cf3-94ac-e67c402b6f1e ] Request (ServerActionsTestOtherB:setUpClass): 201 POST http://10.180.1.21/identity/v3/auth/tokens 0.035s
2025-03-10 15:05:30.740 69401 INFO tempest.lib.common.rest_client [req-52a7509a-df6c-48b5-9125-1a087972091b req-52a7509a-df6c-48b5-9125-1a087972091b ] Request (ServerMetadataNegativeTestJSON:tearDownClass): 200 GET http://10.180.1.21/compute/v2.1/servers/f01b646e-c754-42ed-9a53-2dec0cfb6d47 0.062s
2025-03-10 15:05:30.740 69389 INFO tempest.lib.common.rest_client [req-dfa8e88b-ac54-4af7-9f4e-0a4e0175d740 req-dfa8e88b-ac54-4af7-9f4e-0a4e0175d740 ] Request (ServerActionsTestOtherB:setUpClass): 200 GET http://10.180.1.21/identity/v3/domains?name=Default 0.024s
2025-03-10 15:05:30.757 69415 INFO tempest.lib.common.rest_client [req-c6882ea5-b41c-459d-88de-1a2831371e20 req-c6882ea5-b41c-459d-88de-1a2831371e20 ] Request (FloatingIPsAssociationNegativeTestJSON:setUpClass): 200 GET http://10.180.1.21/compute/v2.1/servers/318d124d-0fb0-4bb7-9ae4-89baf3885947 0.072s
2025-03-10 15:05:30.780 69389 INFO tempest.lib.common.rest_client [req-9c435a74-bb14-4c32-99aa-1ef9404da8a6 req-9c435a74-bb14-4c32-99aa-1ef9404da8a6 ] Request (ServerActionsTestOtherB:setUpClass): 201 POST http://10.180.1.21/identity/v3/projects 0.040s
2025-03-10 15:05:30.813 69387 INFO tempest.lib.common.rest_client [req-1861f3fd-19f4-48a3-8c7f-99f901867b7c req-1861f3fd-19f4-48a3-8c7f-99f901867b7c ] Request (ServersTestMultiNic:test_verify_duplicate_network_nics): 200 GET http://10.180.1.21/compute/v2.1/servers/40d98f23-bdd8-4a5d-88a5-51434617b827 0.071s
2025-03-10 15:05:30.821 69421 INFO tempest.lib.common.rest_client [req-7cc43cea-c7e0-4f15-b3f1-c8b1a23eb14f req-7cc43cea-c7e0-4f15-b3f1-c8b1a23eb14f ] Request (ListServersNegativeTestJSON:setUpClass): 200 GET http://10.180.1.21/compute/v2.1/servers/1ec6ac34-9344-4e84-a4ab-8412fdcfc512 0.077s
2025-03-10 15:05:30.842 69389 INFO tempest.lib.common.rest_client [req-f6f93674-0f66-4d58-b2c0-2b63d74a453d req-f6f93674-0f66-4d58-b2c0-2b63d74a453d ] Request (ServerActionsTestOtherB:setUpClass): 201 POST http://10.180.1.21/identity/v3/users 0.061s
2025-03-10 15:05:30.849 69391 INFO tempest.lib.common.rest_client [req-91c61a0b-a98d-4db2-b6df-f60b5b744082 req-91c61a0b-a98d-4db2-b6df-f60b5b744082 ] Request (ImagesOneServerTestJSON:test_create_image_specify_multibyte_character_image_name): 200 GET http://10.180.1.21/compute/v2.1/images/e65cdc2d-1447-442f-b125-562e16f0cab5 0.054s
2025-03-10 15:05:30.871 69389 INFO tempest.lib.common.rest_client [req-c0203d8d-f02d-4714-b464-8e427d05d60b req-c0203d8d-f02d-4714-b464-8e427d05d60b ] Request (ServerActionsTestOtherB:setUpClass): 200 GET http://10.180.1.21/identity/v3/roles 0.028s
2025-03-10 15:05:30.900 69389 INFO tempest.lib.common.rest_client [req-ccad74b2-79e9-42d2-be0a-25a2f4ef42f2 req-ccad74b2-79e9-42d2-be0a-25a2f4ef42f2 ] Request (ServerActionsTestOtherB:setUpClass): 204 PUT http://10.180.1.21/identity/v3/projects/bee19aff2a184f738f1b5dad91cd03e1/users/63a4076a462f4e0e84c6543e9c71925c/roles/aabb7b0059e043a188839c3e15c13f7a 0.028s
2025-03-10 15:05:30.901 69389 INFO tempest.lib.common.dynamic_creds [-] Dynamic test user 63a4076a462f4e0e84c6543e9c71925c is created with scope project and roles: ['member']
2025-03-10 15:05:30.901 69389 INFO tempest.lib.common.dynamic_creds [-] Acquired dynamic creds: credentials: Credentials: {'domain_id': 'default', 'domain_name': 'Default', 'username': 'tempest-ServerActionsTestOtherB-1128032842-project-member', 'project_domain_id': 'default', 'project_domain_name': 'Default', 'project_id': 'bee19aff2a184f738f1b5dad91cd03e1', 'project_name': 'tempest-ServerActionsTestOtherB-1128032842', 'tenant_id': 'bee19aff2a184f738f1b5dad91cd03e1', 'tenant_name': 'tempest-ServerActionsTestOtherB-1128032842', 'user_domain_id': 'default', 'user_domain_name': 'Default', 'user_id': '63a4076a462f4e0e84c6543e9c71925c', 'system': None}, Network: None, Subnet: None, Router: None
2025-03-10 15:05:30.925 69361 INFO tempest.lib.common.rest_client [req-30d8b357-f70e-4a45-829a-fb0a20d59030 req-30d8b357-f70e-4a45-829a-fb0a20d59030 ] Request (ServersAdminNegativeTestJSON:setUpClass): 200 GET http://10.180.1.21/compute/v2.1/servers/3052d916-ba81-4058-bc1e-ff51fc529ce0 0.075s
2025-03-10 15:05:30.964 69389 INFO tempest.lib.common.rest_client [req-b8558598-876c-4d7a-b504-d3cbedb4421f req-b8558598-876c-4d7a-b504-d3cbedb4421f ] Request (ServerActionsTestOtherB:setUpClass): 201 POST http://10.180.1.21/identity/v3/auth/tokens 0.063s
2025-03-10 15:05:30.986 69405 INFO tempest.lib.common.rest_client [req-92baa3fe-347c-495b-84ea-eda7aa1b39aa req-92baa3fe-347c-495b-84ea-eda7aa1b39aa ] Request (ServersTestFqdnHostnames:test_create_server_with_fqdn_name): 200 GET http://10.180.1.21/compute/v2.1/servers/c3fde463-d065-4ad8-9971-c00929b3873c 0.082s
2025-03-10 15:05:31.002 69363 INFO tempest.lib.common.rest_client [req-ec8b6d4f-829e-4cc1-9e55-e530fe479f19 req-ec8b6d4f-829e-4cc1-9e55-e530fe479f19 ] Request (ServerDiskConfigTestJSON:test_rebuild_server_with_manual_disk_config): 200 GET http://10.180.1.21/compute/v2.1/servers/6765dff9-29d9-477e-be08-bf5cabc069be 0.155s
2025-03-10 15:05:31.055 69411 INFO tempest.lib.common.rest_client [req-31536db0-e38c-4fbd-b297-2bb90bc3219c req-31536db0-e38c-4fbd-b297-2bb90bc3219c ] Request (ImagesOneServerNegativeTestJSON:_run_cleanups): 200 GET http://10.180.1.21/compute/v2.1/servers/29ef3ed0-9bf6-45c9-bd7c-0b94a943e867 0.142s
2025-03-10 15:05:31.062 69365 INFO tempest.lib.common.rest_client [req-e400a57a-e301-4731-a4c8-6370cae9a5da req-e400a57a-e301-4731-a4c8-6370cae9a5da ] Request (ServerActionsTestOtherA:setUpClass): 200 GET http://10.180.1.21/compute/v2.1/servers/c5fbfa59-eeed-4220-bc40-50618af87a67 0.104s
2025-03-10 15:05:31.108 69413 INFO tempest.lib.common.rest_client [req-bd7e5dba-294c-4ec5-a7dd-5a807e3aacca req-bd7e5dba-294c-4ec5-a7dd-5a807e3aacca ] Request (ServersAdminTestJSON:setUpClass): 200 GET http://10.180.1.21/compute/v2.1/servers/d1b5f395-8206-4326-a78a-b4fa7235aebb 0.133s
2025-03-10 15:05:31.123 69423 INFO tempest.lib.common.rest_client [req-07c37535-73cb-41ec-b9b0-4273efc42816 req-07c37535-73cb-41ec-b9b0-4273efc42816 ] Request (ServerAddressesNegativeTestJSON:setUpClass): 200 GET http://10.180.1.21/compute/v2.1/servers/7561c1e5-f1c3-4f9b-bb54-74b3ee5c3bce 0.103s
2025-03-10 15:05:31.161 69383 INFO tempest.lib.common.rest_client [req-fc7b3704-3825-45f7-bfec-98cb7b344fbd req-fc7b3704-3825-45f7-bfec-98cb7b344fbd ] Request (ServerTagsTestJSON:setUpClass): 200 GET http://10.180.1.21/compute/v2.1/servers/3dfa074e-f205-4cef-91c5-685c51956b35 0.120s
2025-03-10 15:05:31.197 69407 INFO tempest.lib.common.rest_client [req-74f9fa75-9cc1-4b61-99b0-c7cb814a2421 req-74f9fa75-9cc1-4b61-99b0-c7cb814a2421 ] Request (ServerShowV254Test:tearDownClass): 200 GET http://10.180.1.21/compute/v2.1/servers/5f7f901f-d2e6-4133-a646-57c1fc88b9ce 0.106s
2025-03-10 15:05:31.216 69389 INFO tempest.lib.common.rest_client [req-dd255845-9957-4b81-8fbe-6b69e4eb06b0 req-dd255845-9957-4b81-8fbe-6b69e4eb06b0 ] Request (ServerActionsTestOtherB:setUpClass): 201 POST http://10.180.1.21:9696/networking/v2.0/networks 0.251s
2025-03-10 15:05:31.226 69419 INFO tempest.lib.common.rest_client [req-d8d9b5b7-eeae-4ad8-8cbf-b86b09895205 req-d8d9b5b7-eeae-4ad8-8cbf-b86b09895205 ] Request (ServerExternalEventsTest:tearDownClass): 200 GET http://10.180.1.21/compute/v2.1/servers/63253f5d-2d7b-4917-a246-be959b543bd0 0.108s
2025-03-10 15:05:31.359 69393 INFO tempest.lib.common.rest_client [req-61864c3a-d279-48c5-9f3c-2af31778f3f1 req-61864c3a-d279-48c5-9f3c-2af31778f3f1 ] Request (MigrationsAdminTest:test_list_migrations_in_flavor_resize_situation): 200 GET http://10.180.1.21/compute/v2.1/servers/41e6dba2-9431-4197-b797-d486e5c406e1 0.126s
2025-03-10 15:05:31.401 69389 INFO tempest.lib.common.rest_client [req-dde20055-2c97-490d-87cf-a4b03ea3ea05 req-dde20055-2c97-490d-87cf-a4b03ea3ea05 ] Request (ServerActionsTestOtherB:setUpClass): 201 POST http://10.180.1.21:9696/networking/v2.0/subnets 0.185s
2025-03-10 15:05:31.409 69397 INFO tempest.lib.common.rest_client [req-9e40a395-8f91-45ce-abd2-15673797d675 req-9e40a395-8f91-45ce-abd2-15673797d675 ] Request (ServerRescueTestJSON:test_rescue_unrescue_instance): 200 GET http://10.180.1.21/compute/v2.1/servers/b8f1d0bd-33ff-43cb-9cb1-8f4be2b78cc3 0.063s
2025-03-10 15:05:31.465 69367 INFO tempest.lib.common.rest_client [req-fc18661e-3b16-4d01-b935-8d58bf887234 req-fc18661e-3b16-4d01-b935-8d58bf887234 ] Request (ListImageFiltersTestJSON:setUpClass): 200 GET http://10.180.1.21/compute/v2.1/servers/f1264ae5-081f-4b56-a375-0567fbefd71d 0.065s
2025-03-10 15:05:31.510 69409 INFO tempest.lib.common.rest_client [req-33d7e475-2308-42f4-b9ca-b8d6a4ec6953 req-33d7e475-2308-42f4-b9ca-b8d6a4ec6953 ] Request (FloatingIPsAssociationTestJSON:setUpClass): 200 GET http://10.180.1.21/compute/v2.1/servers/5af33240-1cf0-46b1-b9fe-3a1012b23755 0.057s
2025-03-10 15:05:31.595 69399 INFO tempest.lib.common.rest_client [req-cbce4108-3da7-4d3b-83b8-a58f02f2333c req-cbce4108-3da7-4d3b-83b8-a58f02f2333c ] Request (AttachInterfacesV270Test:test_create_get_list_interfaces): 200 GET http://10.180.1.21/compute/v2.1/servers/6836ec34-e148-4580-a39b-09bd1fc75d3d 0.073s
2025-03-10 15:05:31.664 69381 WARNING tempest.lib.common.ssh [-] Failed to establish authenticated ssh connection to cirros@10.180.180.143 ([Errno None] Unable to connect to port 22 on 10.180.180.143). Number attempts: 7. Retry after 8 seconds.: paramiko.ssh_exception.NoValidConnectionsError: [Errno None] Unable to connect to port 22 on 10.180.180.143
2025-03-10 15:05:31.694 69371 INFO tempest.lib.common.rest_client [req-b4f94ffe-e9c8-4fb6-8d1f-b828d8e4c3a0 req-b4f94ffe-e9c8-4fb6-8d1f-b828d8e4c3a0 ] Request (DeleteServersAdminTestJSON:test_delete_server_while_in_error_state): 200 GET http://10.180.1.21/compute/v2.1/servers/66dc248c-f0df-44dd-9831-a9d3b11e466b 0.137s
2025-03-10 15:05:31.803 69395 INFO tempest.lib.common.rest_client [req-006b20f9-8e77-4f2f-b2ce-fec4a32a45eb req-006b20f9-8e77-4f2f-b2ce-fec4a32a45eb ] Request (ServerDiagnosticsTest:tearDownClass): 200 GET http://10.180.1.21/compute/v2.1/servers/a188f4ff-95a4-4dcb-9e13-46bc68f89c99 0.089s
2025-03-10 15:05:31.847 69385 INFO tempest.lib.common.rest_client [req-7c70c97f-5eaa-49e2-9ba5-4eb3175c219a req-7c70c97f-5eaa-49e2-9ba5-4eb3175c219a ] Request (DeleteServersTestJSON:test_delete_server_while_in_attached_volume): 200 GET http://10.180.1.21/compute/v2.1/servers/03a2cb54-acda-4be1-a03f-e0a4274eeaec 0.194s
2025-03-10 15:05:31.880 69401 INFO tempest.lib.common.rest_client [req-1d0427a3-4611-4827-9e3f-5ea919947702 req-1d0427a3-4611-4827-9e3f-5ea919947702 ] Request (ServerMetadataNegativeTestJSON:tearDownClass): 200 GET http://10.180.1.21/compute/v2.1/servers/f01b646e-c754-42ed-9a53-2dec0cfb6d47 0.133s
