2025-03-10 15:04:32.851 69383 INFO tempest.lib.common.rest_client [req-b84b8667-d7c3-41ba-bccb-471451992f27 req-b84b8667-d7c3-41ba-bccb-471451992f27 ] Request (FloatingIPDetailsTestJSON:setUpClass): 200 POST http://10.180.1.21/compute/v2.1/os-floating-ips 3.030s
2025-03-10 15:04:32.882 69369 INFO tempest.lib.common.rest_client [req-c5b2b747-1073-4c4e-8a5f-2de7a638a78a req-c5b2b747-1073-4c4e-8a5f-2de7a638a78a ] Request (ServersTestBootFromVolume:setUpClass): 200 GET http://10.180.1.21/volume/v3/volumes/76632aea-0396-4956-bbaf-0fd5770ec2dd 0.040s
2025-03-10 15:04:32.908 69413 INFO tempest.lib.common.rest_client [req-d3e09deb-8efc-4f07-a657-8f58149f4e6a req-d3e09deb-8efc-4f07-a657-8f58149f4e6a ] Request (FlavorsExtraSpecsTestJSON:setUpClass): 201 POST http://10.180.1.21/identity/v3/auth/tokens 0.110s
2025-03-10 15:04:32.913 69405 INFO tempest.lib.common.rest_client [req-b942b85c-e054-4350-bd54-5a2c5063279f req-b942b85c-e054-4350-bd54-5a2c5063279f ] Request (QuotasAdminTestJSON:test_update_all_quota_resources_for_tenant): 200 GET http://10.180.1.21/compute/v2.1/os-quota-sets/c400b109e5734e7c928450f7ec495d13/defaults 2.313s
2025-03-10 15:04:32.940 69413 INFO tempest.lib.common.rest_client [req-483da49c-5910-48a4-92e7-b5e5edb42701 req-483da49c-5910-48a4-92e7-b5e5edb42701 ] Request (FlavorsExtraSpecsTestJSON:setUpClass): 201 POST http://10.180.1.21/identity/v3/auth/tokens 0.029s
2025-03-10 15:04:32.971 69413 INFO tempest.lib.common.rest_client [req-a194e708-1e24-4443-98bd-8db82c5a75c4 req-a194e708-1e24-4443-98bd-8db82c5a75c4 ] Request (FlavorsExtraSpecsTestJSON:setUpClass): 200 GET http://10.180.1.21/identity/v3/domains?name=Default 0.031s
2025-03-10 15:04:32.979 69389 INFO tempest.lib.common.rest_client [req-47a5fa42-3e76-4c50-8754-7fc4c5f71fcf req-47a5fa42-3e76-4c50-8754-7fc4c5f71fcf ] Request (ServerDiagnosticsNegativeTest:test_get_server_diagnostics_by_non_admin): 200 GET http://10.180.1.21/compute/v2.1/servers/8f35e7b3-e1aa-444b-b6b5-6ada5a8f14a6 2.189s
2025-03-10 15:04:33.016 69413 INFO tempest.lib.common.rest_client [req-c7b95d42-23d0-4b29-b950-181c3198da7d req-c7b95d42-23d0-4b29-b950-181c3198da7d ] Request (FlavorsExtraSpecsTestJSON:setUpClass): 201 POST http://10.180.1.21/identity/v3/projects 0.045s
2025-03-10 15:04:33.042 69363 INFO tempest.lib.common.rest_client [req-01e6a577-74c9-459d-a70a-805cb1ca5165 req-01e6a577-74c9-459d-a70a-805cb1ca5165 ] Request (ServerDiskConfigTestJSON:test_rebuild_server_with_auto_disk_config): 202 POST http://10.180.1.21/compute/v2.1/servers/4e05da06-7389-45a1-9347-ed1057e9c050/action 2.424s
2025-03-10 15:04:33.079 69403 INFO tempest.lib.common.rest_client [req-0c77c363-0213-4a9e-96ed-2b00173f41c0 req-0c77c363-0213-4a9e-96ed-2b00173f41c0 ] Request (HostsAdminTestJSON:test_show_host_detail): 200 GET http://10.180.1.21/compute/v2.1/os-hosts/cpu-1 2.181s
2025-03-10 15:04:33.094 69415 INFO tempest.lib.common.rest_client [req-6df43b32-6ef7-4334-adc4-19dea44e76f9 req-6df43b32-6ef7-4334-adc4-19dea44e76f9 ] Request (AggregatesAdminNegativeTestJSON:test_aggregate_delete_with_invalid_id): 404 DELETE http://10.180.1.21/compute/v2.1/os-aggregates/-1 2.178s
2025-03-10 15:04:33.104 69413 INFO tempest.lib.common.rest_client [req-45906dea-11bf-4fd9-ac0c-c2689184797d req-45906dea-11bf-4fd9-ac0c-c2689184797d ] Request (FlavorsExtraSpecsTestJSON:setUpClass): 201 POST http://10.180.1.21/identity/v3/users 0.087s
2025-03-10 15:04:33.132 69413 INFO tempest.lib.common.rest_client [req-e1586e8c-a637-4d9b-8c24-e86945b79bec req-e1586e8c-a637-4d9b-8c24-e86945b79bec ] Request (FlavorsExtraSpecsTestJSON:setUpClass): 200 GET http://10.180.1.21/identity/v3/roles 0.027s
2025-03-10 15:04:33.143 69407 INFO tempest.lib.common.rest_client [req-f9fa88f7-e455-4b59-905a-24d55d6060f3 req-f9fa88f7-e455-4b59-905a-24d55d6060f3 ] Request (ServerShowV263Test:tearDownClass): 200 GET http://10.180.1.21:9696/networking/v2.0/security-groups?tenant_id=96b4946349ee45f7ab8f3e67d6326e2c&name=default 0.389s
2025-03-10 15:04:33.165 69413 INFO tempest.lib.common.rest_client [req-ebd237f4-96c3-435d-b8b1-d4a65b77de0b req-ebd237f4-96c3-435d-b8b1-d4a65b77de0b ] Request (FlavorsExtraSpecsTestJSON:setUpClass): 204 PUT http://10.180.1.21/identity/v3/projects/aee0623881144a6284d0db1ebda5899c/users/2faf21b4da83418c8c4b4c576fa20937/roles/aabb7b0059e043a188839c3e15c13f7a 0.032s
2025-03-10 15:04:33.165 69413 INFO tempest.lib.common.dynamic_creds [-] Dynamic test user 2faf21b4da83418c8c4b4c576fa20937 is created with scope project and roles: ['member']
2025-03-10 15:04:33.165 69413 INFO tempest.lib.common.dynamic_creds [-] Acquired dynamic creds: credentials: Credentials: {'domain_id': 'default', 'domain_name': 'Default', 'username': 'tempest-FlavorsExtraSpecsTestJSON-1407134878-project-member', 'project_domain_id': 'default', 'project_domain_name': 'Default', 'project_id': 'aee0623881144a6284d0db1ebda5899c', 'project_name': 'tempest-FlavorsExtraSpecsTestJSON-1407134878', 'tenant_id': 'aee0623881144a6284d0db1ebda5899c', 'tenant_name': 'tempest-FlavorsExtraSpecsTestJSON-1407134878', 'user_domain_id': 'default', 'user_domain_name': 'Default', 'user_id': '2faf21b4da83418c8c4b4c576fa20937', 'system': None}, Network: None, Subnet: None, Router: None
2025-03-10 15:04:33.165 69413 INFO tempest.lib.common.dynamic_creds [-] Created isolated network resources for: credentials: Credentials: {'domain_id': 'default', 'domain_name': 'Default', 'username': 'tempest-FlavorsExtraSpecsTestJSON-1407134878-project-member', 'project_domain_id': 'default', 'project_domain_name': 'Default', 'project_id': 'aee0623881144a6284d0db1ebda5899c', 'project_name': 'tempest-FlavorsExtraSpecsTestJSON-1407134878', 'tenant_id': 'aee0623881144a6284d0db1ebda5899c', 'tenant_name': 'tempest-FlavorsExtraSpecsTestJSON-1407134878', 'user_domain_id': 'default', 'user_domain_name': 'Default', 'user_id': '2faf21b4da83418c8c4b4c576fa20937', 'system': None}, Network: None, Subnet: None, Router: None
2025-03-10 15:04:33.178 69385 INFO tempest.lib.common.rest_client [req-3ed371cb-885d-4b9e-bcf5-c170ff522603 req-3ed371cb-885d-4b9e-bcf5-c170ff522603 ] Request (DeleteServersTestJSON:test_delete_active_server): 200 GET http://10.180.1.21/compute/v2.1/servers/6b9862e1-f436-4d85-a0a4-8a974f755c02 2.309s
2025-03-10 15:04:33.193 69403 INFO tempest.lib.common.rest_client [req-97bb31f0-24cf-49d6-af22-701df9755059 req-97bb31f0-24cf-49d6-af22-701df9755059 ] Request (HostsAdminTestJSON:tearDownClass): 204 DELETE http://10.180.1.21/identity/v3/users/e4f955dfadf943058ba8dc61bbd4ce56 0.110s
2025-03-10 15:04:33.266 69413 INFO tempest.lib.common.rest_client [req-dbf7ddce-7ef6-4afc-8a35-1ac2864e487d req-dbf7ddce-7ef6-4afc-8a35-1ac2864e487d ] Request (FlavorsExtraSpecsTestJSON:setUpClass): 201 POST http://10.180.1.21/identity/v3/auth/tokens 0.098s
2025-03-10 15:04:33.272 69411 INFO tempest.lib.common.rest_client [req-1098a9bd-4e61-48d6-ab58-74c566c0e697 req-1098a9bd-4e61-48d6-ab58-74c566c0e697 ] Request (ImagesOneServerNegativeTestJSON:setUpClass): 200 GET http://10.180.1.21/compute/v2.1/servers/29ef3ed0-9bf6-45c9-bd7c-0b94a943e867 2.136s
2025-03-10 15:04:33.298 69387 INFO tempest.lib.common.rest_client [req-729463a6-c5de-4164-bf1d-c817dd27573f req-729463a6-c5de-4164-bf1d-c817dd27573f ] Request (FlavorsV2TestJSON:test_list_flavors_filter_by_min_disk): 200 GET http://10.180.1.21/compute/v2.1/flavors/42 2.095s
2025-03-10 15:04:33.307 69403 INFO tempest.lib.common.rest_client [req-7c68f4e2-3697-459c-94f9-73110501b8d9 req-7c68f4e2-3697-459c-94f9-73110501b8d9 ] Request (HostsAdminTestJSON:tearDownClass): 204 DELETE http://10.180.1.21/identity/v3/users/7674a0c9df254595acf0345b4d02e2fa 0.114s
2025-03-10 15:04:33.309 69403 INFO tempest.lib.common.dynamic_creds [-] Deleting project and security group for project: 6b13577585be48dab4de4c1733274957
2025-03-10 15:04:33.330 69381 INFO tempest.lib.common.rest_client [req-38be26f6-6c94-4c8b-b8ea-47ea4a3e394a req-38be26f6-6c94-4c8b-b8ea-47ea4a3e394a ] Request (VolumesAssistedSnapshotsTest:test_volume_assisted_snapshot_create_delete): 200 GET http://10.180.1.21/compute/v2.1/servers/766bfef7-c6cc-4a51-9f15-d26db54fffd5 2.236s
2025-03-10 15:04:33.332 69367 INFO tempest.lib.common.rest_client [req-924699bb-c739-4a77-a596-1d4fe7e396f6 req-924699bb-c739-4a77-a596-1d4fe7e396f6 ] Request (ServicesAdminNegativeV253TestJSON:test_get_service_with_valid_service_and_invalid_host): 200 GET http://10.180.1.21/compute/v2.1/os-services 2.058s
2025-03-10 15:04:33.380 69423 INFO tempest.lib.common.rest_client [req-7b6ef202-166c-4b2e-b1e1-aa7420c160e9 req-7b6ef202-166c-4b2e-b1e1-aa7420c160e9 ] Request (ImagesMetadataTestJSON:test_get_image_metadata_item): 200 GET http://10.180.1.21/compute/v2.1/images/1eca4f72-c82e-4157-a054-f1f5e7e466ad/metadata/os_distro 1.868s
2025-03-10 15:04:33.401 69403 INFO tempest.lib.common.rest_client [req-6a36dc3b-e8ce-4733-92b1-c54e7b785ed2 req-6a36dc3b-e8ce-4733-92b1-c54e7b785ed2 ] Request (HostsAdminTestJSON:tearDownClass): 201 POST http://10.180.1.21/identity/v3/auth/tokens 0.091s
2025-03-10 15:04:33.405 69407 INFO tempest.lib.common.rest_client [req-0e6bcd2f-7fbe-4802-aa82-8cd6555d6168 req-0e6bcd2f-7fbe-4802-aa82-8cd6555d6168 ] Request (ServerShowV263Test:tearDownClass): 204 DELETE http://10.180.1.21:9696/networking/v2.0/security-groups/e950c1df-5e34-4567-92fa-9f238699abcb 0.262s
2025-03-10 15:04:33.418 69413 INFO tempest.lib.common.rest_client [req-1d06090f-5df3-4c8c-860f-38ce465dd8df req-1d06090f-5df3-4c8c-860f-38ce465dd8df ] Request (FlavorsExtraSpecsTestJSON:setUpClass): 201 POST http://10.180.1.21/identity/v3/projects 0.151s
2025-03-10 15:04:33.562 69407 INFO tempest.lib.common.rest_client [req-e4684bdf-9a19-4883-8de2-a587346ea27c req-e4684bdf-9a19-4883-8de2-a587346ea27c ] Request (ServerShowV263Test:tearDownClass): 204 DELETE http://10.180.1.21/identity/v3/projects/96b4946349ee45f7ab8f3e67d6326e2c 0.156s
2025-03-10 15:04:33.567 69401 INFO tempest.lib.common.rest_client [req-0e1dc422-f823-437e-a742-25ffda5d3ebe req-0e1dc422-f823-437e-a742-25ffda5d3ebe ] Request (ServerMetadataNegativeTestJSON:setUpClass): 200 PUT http://10.180.1.21:9696/networking/v2.0/routers/3177b105-46b6-4f10-89a6-974b7dcaf1b0/add_router_interface 1.599s
2025-03-10 15:04:33.568 69401 INFO tempest.lib.common.dynamic_creds [-] Created isolated network resources for: credentials: Credentials: {'domain_id': 'default', 'domain_name': 'Default', 'username': 'tempest-ServerMetadataNegativeTestJSON-1867225952-project-member', 'project_domain_id': 'default', 'project_domain_name': 'Default', 'project_id': 'ea80b5c474c447bb9114e1fa5965a43a', 'project_name': 'tempest-ServerMetadataNegativeTestJSON-1867225952', 'tenant_id': 'ea80b5c474c447bb9114e1fa5965a43a', 'tenant_name': 'tempest-ServerMetadataNegativeTestJSON-1867225952', 'user_domain_id': 'default', 'user_domain_name': 'Default', 'user_id': 'd671a3c5488f40efb20cfe0fd76eeb54', 'system': None}, Network: {'id': '21d37c9f-d7e2-4add-b899-af1321625400', 'name': 'tempest-ServerMetadataNegativeTestJSON-1751688143-network', 'tenant_id': 'ea80b5c474c447bb9114e1fa5965a43a', 'admin_state_up': True, 'mtu': 8950, 'status': 'ACTIVE', 'subnets': [], 'shared': False, 'project_id': 'ea80b5c474c447bb9114e1fa5965a43a', 'port_security_enabled': True, 'router:external': False, 'provider:network_type': 'vlan', 'provider:physical_network': 'default', 'provider:segmentation_id': 148, 'availability_zone_hints': [], 'availability_zones': [], 'ipv4_address_scope': None, 'ipv6_address_scope': None, 'description': '', 'tags': [], 'created_at': '2025-03-10T15:04:29Z', 'updated_at': '2025-03-10T15:04:29Z', 'revision_number': 1}, Subnet: {'id': '42a16f4e-8dc5-4165-92a0-b3653e753fed', 'name': 'tempest-ServerMetadataNegativeTestJSON-1751688143-subnet', 'tenant_id': 'ea80b5c474c447bb9114e1fa5965a43a', 'network_id': '21d37c9f-d7e2-4add-b899-af1321625400', 'ip_version': 4, 'subnetpool_id': None, 'enable_dhcp': True, 'ipv6_ra_mode': None, 'ipv6_address_mode': None, 'gateway_ip': '192.168.128.1', 'cidr': '192.168.128.0/28', 'allocation_pools': [{'start': '192.168.128.2', 'end': '192.168.128.14'}], 'host_routes': [], 'dns_nameservers': [], 'description': '', 'router:external': False, 'service_types': [], 'tags': [], 'created_at': '2025-03-10T15:04:29Z', 'updated_at': '2025-03-10T15:04:29Z', 'revision_number': 0, 'project_id': 'ea80b5c474c447bb9114e1fa5965a43a'}, Router: {'id': '3177b105-46b6-4f10-89a6-974b7dcaf1b0', 'name': 'tempest-ServerMetadataNegativeTestJSON-1751688143-router', 'tenant_id': 'ea80b5c474c447bb9114e1fa5965a43a', 'admin_state_up': True, 'status': 'ACTIVE', 'external_gateway_info': {'network_id': 'c21e1c88-9e38-4e80-98ef-7712734262c3', 'external_fixed_ips': [{'subnet_id': 'fb5e80b4-acdd-4678-b899-db209027d3dc', 'ip_address': '10.180.180.179'}], 'enable_snat': True}, 'description': '', 'availability_zones': [], 'distributed': False, 'ha': False, 'availability_zone_hints': [], 'routes': [], 'flavor_id': None, 'tags': [], 'created_at': '2025-03-10T15:04:30Z', 'updated_at': '2025-03-10T15:04:31Z', 'revision_number': 2, 'project_id': 'ea80b5c474c447bb9114e1fa5965a43a'}
2025-03-10 15:04:33.571 69375 INFO tempest.lib.common.rest_client [req-c19488bf-edb8-4f62-9c95-c4c10758ff3d req-c19488bf-edb8-4f62-9c95-c4c10758ff3d ] Request (AttachInterfacesTestJSON:test_create_list_show_delete_interfaces_by_fixed_ip): 200 GET http://10.180.1.21/compute/v2.1/servers/33a5392e-0c18-4262-884d-8d6ebdbaea9a 1.855s
2025-03-10 15:04:33.579 69375 INFO tempest.common.waiters [-] State transition "BUILD/None" ==> "BUILD/block_device_mapping" after 13 second wait
2025-03-10 15:04:33.624 69413 INFO tempest.lib.common.rest_client [req-5d553215-4987-4486-81e7-84fea66a8449 req-5d553215-4987-4486-81e7-84fea66a8449 ] Request (FlavorsExtraSpecsTestJSON:setUpClass): 201 POST http://10.180.1.21/identity/v3/users 0.206s
2025-03-10 15:04:33.668 69377 INFO tempest.lib.common.rest_client [req-15a8cee0-e298-47d3-ac56-7fe5e13ade70 req-15a8cee0-e298-47d3-ac56-7fe5e13ade70 ] Request (VolumesAdminNegativeTest:test_update_attached_volume_with_nonexistent_volume_in_body): 200 POST http://10.180.1.21/compute/v2.1/os-keypairs 1.802s
2025-03-10 15:04:33.684 69407 INFO tempest.lib.common.rest_client [req-ca0ae1f7-933e-48f6-bd32-f02a57b2a4d0 req-ca0ae1f7-933e-48f6-bd32-f02a57b2a4d0 ] Request (ServerShowV254Test:setUpClass): 201 POST http://10.180.1.21/identity/v3/auth/tokens 0.121s
2025-03-10 15:04:33.715 69413 INFO tempest.lib.common.rest_client [req-64926b54-6ac6-4cd4-ae6e-da59823ed36b req-64926b54-6ac6-4cd4-ae6e-da59823ed36b ] Request (FlavorsExtraSpecsTestJSON:setUpClass): 200 GET http://10.180.1.21/identity/v3/roles 0.090s
2025-03-10 15:04:33.727 69401 INFO tempest.lib.common.rest_client [req-cbc84f08-913e-4ce5-9006-22c48bc9c95f req-cbc84f08-913e-4ce5-9006-22c48bc9c95f ] Request (ServerMetadataNegativeTestJSON:setUpClass): 201 POST http://10.180.1.21/identity/v3/auth/tokens 0.151s
2025-03-10 15:04:33.728 69401 WARNING tempest.lib.common.rest_client [-] Deprecated: "tenant_id" property is deprecated for removal, use "project_id" instead
2025-03-10 15:04:33.740 69407 INFO tempest.lib.common.rest_client [req-e648d68a-1502-45df-af04-ba1f213c4450 req-e648d68a-1502-45df-af04-ba1f213c4450 ] Request (ServerShowV254Test:setUpClass): 201 POST http://10.180.1.21/identity/v3/auth/tokens 0.053s
2025-03-10 15:04:33.751 69413 INFO tempest.lib.common.rest_client [req-d1f250a5-5aee-475e-b371-455fc59f04d0 req-d1f250a5-5aee-475e-b371-455fc59f04d0 ] Request (FlavorsExtraSpecsTestJSON:setUpClass): 204 PUT http://10.180.1.21/identity/v3/projects/f358a879718d4ce98a0c936ac26ac0bb/users/0ddd1d56ba3c415ea58d803830a0868d/roles/ecfa372a65f8419ebe8792c0e5a82364 0.036s
2025-03-10 15:04:33.754 69419 INFO tempest.lib.common.rest_client [req-78106485-d05d-4320-b356-796b376a231f req-78106485-d05d-4320-b356-796b376a231f ] Request (ServerExternalEventsTest:test_create_server_external_events): 200 GET http://10.180.1.21/compute/v2.1/servers/63253f5d-2d7b-4917-a246-be959b543bd0 1.506s
2025-03-10 15:04:33.795 69401 INFO tempest.lib.common.rest_client [req-3c759dc3-7712-48cf-aa45-5ce99484f813 req-3c759dc3-7712-48cf-aa45-5ce99484f813 ] Request (ServerMetadataNegativeTestJSON:setUpClass): 201 POST http://10.180.1.21/identity/v3/auth/tokens 0.057s
2025-03-10 15:04:33.795 69401 INFO tempest.lib.common.fixed_network [-] (ServerMetadataNegativeTestJSON:setUpClass) Found network {'id': '21d37c9f-d7e2-4add-b899-af1321625400', 'name': 'tempest-ServerMetadataNegativeTestJSON-1751688143-network', 'tenant_id': 'ea80b5c474c447bb9114e1fa5965a43a', 'admin_state_up': True, 'mtu': 8950, 'status': 'ACTIVE', 'subnets': [], 'shared': False, 'project_id': 'ea80b5c474c447bb9114e1fa5965a43a', 'port_security_enabled': True, 'router:external': False, 'provider:network_type': 'vlan', 'provider:physical_network': 'default', 'provider:segmentation_id': 148, 'availability_zone_hints': [], 'availability_zones': [], 'ipv4_address_scope': None, 'ipv6_address_scope': None, 'description': '', 'tags': [], 'created_at': '2025-03-10T15:04:29Z', 'updated_at': '2025-03-10T15:04:29Z', 'revision_number': 1} available for tenant
2025-03-10 15:04:33.804 69407 INFO tempest.lib.common.rest_client [req-fdd5656f-e94a-4dea-b781-02c6f22dc9a9 req-fdd5656f-e94a-4dea-b781-02c6f22dc9a9 ] Request (ServerShowV254Test:setUpClass): 200 GET http://10.180.1.21/identity/v3/domains?name=Default 0.064s
2025-03-10 15:04:33.808 69379 INFO tempest.lib.common.rest_client [req-a17a4fa1-cf56-4939-b218-dda742a35108 req-a17a4fa1-cf56-4939-b218-dda742a35108 ] Request (FloatingIPsNegativeTestJSON:test_delete_nonexistent_floating_ip): 404 DELETE http://10.180.1.21/compute/v2.1/os-floating-ips/1e8506c9-7fde-4200-a487-86d5b92f4a5e 1.311s
2025-03-10 15:04:33.818 69413 INFO tempest.lib.common.rest_client [req-2dd562f7-5c4b-455d-908b-a339b0b3c413 req-2dd562f7-5c4b-455d-908b-a339b0b3c413 ] Request (FlavorsExtraSpecsTestJSON:setUpClass): 200 GET http://10.180.1.21/identity/v3/roles 0.066s
2025-03-10 15:04:33.834 69407 INFO tempest.lib.common.rest_client [req-51145fe5-6cc7-4fab-b7a2-94cb6f27f376 req-51145fe5-6cc7-4fab-b7a2-94cb6f27f376 ] Request (ServerShowV254Test:setUpClass): 201 POST http://10.180.1.21/identity/v3/projects 0.029s
2025-03-10 15:04:33.839 69413 INFO tempest.lib.common.rest_client [req-7318fa98-feab-4eb1-8617-0d7e3762da28 req-7318fa98-feab-4eb1-8617-0d7e3762da28 ] Request (FlavorsExtraSpecsTestJSON:setUpClass): 204 PUT http://10.180.1.21/identity/v3/projects/f358a879718d4ce98a0c936ac26ac0bb/users/0ddd1d56ba3c415ea58d803830a0868d/roles/ecfa372a65f8419ebe8792c0e5a82364 0.021s
2025-03-10 15:04:33.839 69413 INFO tempest.lib.common.dynamic_creds [-] Dynamic test user 0ddd1d56ba3c415ea58d803830a0868d is created with scope project and roles: ['admin']
2025-03-10 15:04:33.839 69413 INFO tempest.lib.common.dynamic_creds [-] Acquired dynamic creds: credentials: Credentials: {'domain_id': 'default', 'domain_name': 'Default', 'username': 'tempest-FlavorsExtraSpecsTestJSON-1007065718-project-admin', 'project_domain_id': 'default', 'project_domain_name': 'Default', 'project_id': 'f358a879718d4ce98a0c936ac26ac0bb', 'project_name': 'tempest-FlavorsExtraSpecsTestJSON-1007065718', 'tenant_id': 'f358a879718d4ce98a0c936ac26ac0bb', 'tenant_name': 'tempest-FlavorsExtraSpecsTestJSON-1007065718', 'user_domain_id': 'default', 'user_domain_name': 'Default', 'user_id': '0ddd1d56ba3c415ea58d803830a0868d', 'system': None}, Network: None, Subnet: None, Router: None
2025-03-10 15:04:33.840 69413 INFO tempest.lib.common.dynamic_creds [-] Created isolated network resources for: credentials: Credentials: {'domain_id': 'default', 'domain_name': 'Default', 'username': 'tempest-FlavorsExtraSpecsTestJSON-1007065718-project-admin', 'project_domain_id': 'default', 'project_domain_name': 'Default', 'project_id': 'f358a879718d4ce98a0c936ac26ac0bb', 'project_name': 'tempest-FlavorsExtraSpecsTestJSON-1007065718', 'tenant_id': 'f358a879718d4ce98a0c936ac26ac0bb', 'tenant_name': 'tempest-FlavorsExtraSpecsTestJSON-1007065718', 'user_domain_id': 'default', 'user_domain_name': 'Default', 'user_id': '0ddd1d56ba3c415ea58d803830a0868d', 'system': None}, Network: None, Subnet: None, Router: None
2025-03-10 15:04:33.843 69421 INFO tempest.lib.common.rest_client [req-bb58dc66-f872-4800-a737-4dd5fc348c3e req-bb58dc66-f872-4800-a737-4dd5fc348c3e ] Request (InstanceActionsV221TestJSON:test_get_list_deleted_instance_actions): 200 GET http://10.180.1.21/compute/v2.1/servers/5e4113b3-5053-4ec7-aa93-e4914efe0acf 1.698s
2025-03-10 15:04:33.856 69421 INFO tempest.common.waiters [-] State transition "BUILD/spawning" ==> "ACTIVE/None" after 24 second wait
2025-03-10 15:04:33.908 69391 INFO tempest.lib.common.rest_client [req-0309471f-86b7-4553-9f78-cfd05860b841 req-0309471f-86b7-4553-9f78-cfd05860b841 ] Request (ImagesOneServerTestJSON:setUpClass): 200 GET http://10.180.1.21/compute/v2.1/servers/ae0d588e-cddd-4704-9222-a512509267b0 1.297s
2025-03-10 15:04:33.914 69407 INFO tempest.lib.common.rest_client [req-6917267e-1236-4ea3-ae2d-aa63ea55aed6 req-6917267e-1236-4ea3-ae2d-aa63ea55aed6 ] Request (ServerShowV254Test:setUpClass): 201 POST http://10.180.1.21/identity/v3/users 0.079s
2025-03-10 15:04:33.930 69369 INFO tempest.lib.common.rest_client [req-77f82014-2268-47c5-af3e-764d70494b91 req-77f82014-2268-47c5-af3e-764d70494b91 ] Request (ServersTestBootFromVolume:setUpClass): 200 GET http://10.180.1.21/volume/v3/volumes/76632aea-0396-4956-bbaf-0fd5770ec2dd 0.038s
2025-03-10 15:04:33.932 69413 INFO tempest.lib.common.rest_client [req-20242189-b6c0-4ec6-91de-fc8caf7e47f4 req-20242189-b6c0-4ec6-91de-fc8caf7e47f4 ] Request (FlavorsExtraSpecsTestJSON:setUpClass): 201 POST http://10.180.1.21/identity/v3/auth/tokens 0.088s
2025-03-10 15:04:33.933 69407 INFO tempest.lib.common.rest_client [req-a8220293-d810-43f7-b0b0-bca65e71cedb req-a8220293-d810-43f7-b0b0-bca65e71cedb ] Request (ServerShowV254Test:setUpClass): 200 GET http://10.180.1.21/identity/v3/roles 0.019s
2025-03-10 15:04:33.961 69407 INFO tempest.lib.common.rest_client [req-b1a7ba5b-9a5b-49f2-a47f-bea14e9db901 req-b1a7ba5b-9a5b-49f2-a47f-bea14e9db901 ] Request (ServerShowV254Test:setUpClass): 204 PUT http://10.180.1.21/identity/v3/projects/042cc538c2554ee18a5634ef8afacbd9/users/ae29e4c00b744c419d918ddd779c24ba/roles/aabb7b0059e043a188839c3e15c13f7a 0.027s
2025-03-10 15:04:33.961 69407 INFO tempest.lib.common.dynamic_creds [-] Dynamic test user ae29e4c00b744c419d918ddd779c24ba is created with scope project and roles: ['member']
2025-03-10 15:04:33.962 69407 INFO tempest.lib.common.dynamic_creds [-] Acquired dynamic creds: credentials: Credentials: {'domain_id': 'default', 'domain_name': 'Default', 'username': 'tempest-ServerShowV254Test-1627447404-project-member', 'project_domain_id': 'default', 'project_domain_name': 'Default', 'project_id': '042cc538c2554ee18a5634ef8afacbd9', 'project_name': 'tempest-ServerShowV254Test-1627447404', 'tenant_id': '042cc538c2554ee18a5634ef8afacbd9', 'tenant_name': 'tempest-ServerShowV254Test-1627447404', 'user_domain_id': 'default', 'user_domain_name': 'Default', 'user_id': 'ae29e4c00b744c419d918ddd779c24ba', 'system': None}, Network: None, Subnet: None, Router: None
2025-03-10 15:04:33.962 69407 INFO tempest.lib.common.dynamic_creds [-] Created isolated network resources for: credentials: Credentials: {'domain_id': 'default', 'domain_name': 'Default', 'username': 'tempest-ServerShowV254Test-1627447404-project-member', 'project_domain_id': 'default', 'project_domain_name': 'Default', 'project_id': '042cc538c2554ee18a5634ef8afacbd9', 'project_name': 'tempest-ServerShowV254Test-1627447404', 'tenant_id': '042cc538c2554ee18a5634ef8afacbd9', 'tenant_name': 'tempest-ServerShowV254Test-1627447404', 'user_domain_id': 'default', 'user_domain_name': 'Default', 'user_id': 'ae29e4c00b744c419d918ddd779c24ba', 'system': None}, Network: None, Subnet: None, Router: None
2025-03-10 15:04:33.965 69377 INFO tempest.lib.common.rest_client [req-dd474866-74be-4e02-92de-cf20d867d47f req-dd474866-74be-4e02-92de-cf20d867d47f ] Request (VolumesAdminNegativeTest:test_update_attached_volume_with_nonexistent_volume_in_body): 201 POST http://10.180.1.21:9696/networking/v2.0/security-groups 0.296s
2025-03-10 15:04:33.994 69393 INFO tempest.lib.common.rest_client [req-02737a20-af60-41a3-87de-48942ea60b4f req-02737a20-af60-41a3-87de-48942ea60b4f ] Request (MigrationsAdminTest:test_list_migrations_in_flavor_resize_situation): 200 GET http://10.180.1.21/compute/v2.1/servers/41e6dba2-9431-4197-b797-d486e5c406e1 1.304s
2025-03-10 15:04:34.039 69407 INFO tempest.lib.common.rest_client [req-a248a086-30c9-4fc1-bfbf-3c52b59d162e req-a248a086-30c9-4fc1-bfbf-3c52b59d162e ] Request (ServerShowV254Test:setUpClass): 201 POST http://10.180.1.21/identity/v3/auth/tokens 0.073s
2025-03-10 15:04:34.061 69395 INFO tempest.lib.common.rest_client [req-f18f7adf-1214-4625-b450-484b823cc15d req-f18f7adf-1214-4625-b450-484b823cc15d ] Request (ServerDiagnosticsTest:test_get_server_diagnostics): 200 GET http://10.180.1.21/compute/v2.1/servers/a188f4ff-95a4-4dcb-9e13-46bc68f89c99 1.331s
2025-03-10 15:04:34.079 69407 INFO tempest.lib.common.rest_client [req-87876f76-a206-447e-8667-a1d229ffa4d9 req-87876f76-a206-447e-8667-a1d229ffa4d9 ] Request (ServerShowV254Test:test_rebuild_server): 201 POST http://10.180.1.21/identity/v3/auth/tokens 0.035s
2025-03-10 15:04:34.079 69407 INFO tempest.lib.common.fixed_network [-] (ServerShowV254Test:test_rebuild_server) Found network None available for tenant
2025-03-10 15:04:34.141 69403 INFO tempest.lib.common.rest_client [req-d161290b-8b3b-48b9-b683-e400dac29754 req-d161290b-8b3b-48b9-b683-e400dac29754 ] Request (HostsAdminTestJSON:tearDownClass): 200 GET http://10.180.1.21:9696/networking/v2.0/security-groups?tenant_id=6b13577585be48dab4de4c1733274957&name=default 0.740s
2025-03-10 15:04:34.154 69397 INFO tempest.lib.common.rest_client [req-dbe568a1-172d-47c4-9776-bb080cb8ba3c req-dbe568a1-172d-47c4-9776-bb080cb8ba3c ] Request (ServerRescueTestJSON:setUpClass): 200 GET http://10.180.1.21/compute/v2.1/servers/0cabc681-9c9b-49e3-95ca-0b3c80be052b 1.384s
2025-03-10 15:04:34.161 69397 INFO tempest.common.waiters [-] State transition "BUILD/scheduling" ==> "BUILD/None" after 3 second wait
2025-03-10 15:04:34.168 69373 INFO tempest.lib.common.rest_client [req-43e88951-d916-4040-99c8-2c1ffa2eca8d req-43e88951-d916-4040-99c8-2c1ffa2eca8d ] Request (ServersWithSpecificFlavorTestJSON:test_verify_created_server_ephemeral_disk): 200 GET http://10.180.1.21/compute/v2.1/servers/02cf0f6e-82b4-4db4-9f15-3a3770a4781f 1.520s
2025-03-10 15:04:34.373 69403 INFO tempest.lib.common.rest_client [req-4eb00353-8a74-4eb5-9252-a37f66a62e2e req-4eb00353-8a74-4eb5-9252-a37f66a62e2e ] Request (HostsAdminTestJSON:tearDownClass): 204 DELETE http://10.180.1.21:9696/networking/v2.0/security-groups/845c5ec3-88c9-462c-81ef-dc936254ad21 0.231s
2025-03-10 15:04:34.415 69377 INFO tempest.lib.common.rest_client [req-a61c1bb1-8652-471f-a536-9ccbb514d476 req-a61c1bb1-8652-471f-a536-9ccbb514d476 ] Request (VolumesAdminNegativeTest:test_update_attached_volume_with_nonexistent_volume_in_body): 201 POST http://10.180.1.21:9696/networking/v2.0/security-group-rules 0.449s
2025-03-10 15:04:34.423 69405 INFO tempest.lib.common.rest_client [req-cc641c2c-0845-4719-a4f3-812cdd3f056a req-cc641c2c-0845-4719-a4f3-812cdd3f056a ] Request (QuotasAdminTestJSON:test_update_all_quota_resources_for_tenant): 200 PUT http://10.180.1.21/compute/v2.1/os-quota-sets/c400b109e5734e7c928450f7ec495d13 1.508s
2025-03-10 15:04:34.489 69403 INFO tempest.lib.common.rest_client [req-3d4dcf2e-a54c-4926-8930-782004f03c41 req-3d4dcf2e-a54c-4926-8930-782004f03c41 ] Request (HostsAdminTestJSON:tearDownClass): 204 DELETE http://10.180.1.21/identity/v3/projects/6b13577585be48dab4de4c1733274957 0.115s
2025-03-10 15:04:34.489 69403 INFO tempest.lib.common.dynamic_creds [-] Deleting project and security group for project: 754f768ad3f4480595b622435a0cb38d
2025-03-10 15:04:34.594 69403 INFO tempest.lib.common.rest_client [req-a921e549-5e6e-4a05-89d4-5eea03ab81ce req-a921e549-5e6e-4a05-89d4-5eea03ab81ce ] Request (HostsAdminTestJSON:tearDownClass): 200 GET http://10.180.1.21:9696/networking/v2.0/security-groups?tenant_id=754f768ad3f4480595b622435a0cb38d&name=default 0.105s
2025-03-10 15:04:34.652 69417 INFO tempest.lib.common.rest_client [req-e4c7f3c2-cfb2-47e5-8958-ade56a5fdf11 req-e4c7f3c2-cfb2-47e5-8958-ade56a5fdf11 ] Request (TenantUsagesTestJSON:setUpClass): 200 GET http://10.180.1.21/compute/v2.1/servers/fc3c31eb-b0c6-4137-871c-5ab05019b8e8 1.725s
2025-03-10 15:04:34.682 69403 INFO tempest.lib.common.rest_client [req-924e223e-1475-4a9f-8ba2-de34c98f8720 req-924e223e-1475-4a9f-8ba2-de34c98f8720 ] Request (HostsAdminTestJSON:tearDownClass): 204 DELETE http://10.180.1.21:9696/networking/v2.0/security-groups/027088b6-576b-4d74-b2a2-b67ef963f981 0.087s
2025-03-10 15:04:34.692 69377 INFO tempest.lib.common.rest_client [req-584c9e08-378f-4025-ae68-9670ea51c2d1 req-584c9e08-378f-4025-ae68-9670ea51c2d1 ] Request (VolumesAdminNegativeTest:test_update_attached_volume_with_nonexistent_volume_in_body): 201 POST http://10.180.1.21:9696/networking/v2.0/security-group-rules 0.277s
2025-03-10 15:04:34.795 69403 INFO tempest.lib.common.rest_client [req-719181e0-1db0-4886-8776-001f773e8f2b req-719181e0-1db0-4886-8776-001f773e8f2b ] Request (HostsAdminTestJSON:tearDownClass): 204 DELETE http://10.180.1.21/identity/v3/projects/754f768ad3f4480595b622435a0cb38d 0.112s
2025-03-10 15:04:34.854 69403 INFO tempest.lib.common.rest_client [req-0bf26d0c-ecd9-4566-8677-e23ca6c29b0c req-0bf26d0c-ecd9-4566-8677-e23ca6c29b0c ] Request (HypervisorAdminNegativeUnderV252Test:setUpClass): 201 POST http://10.180.1.21/identity/v3/auth/tokens 0.058s
2025-03-10 15:04:34.894 69403 INFO tempest.lib.common.rest_client [req-56908950-f761-45bf-8e36-6e4cc1ca5bb4 req-56908950-f761-45bf-8e36-6e4cc1ca5bb4 ] Request (HypervisorAdminNegativeUnderV252Test:setUpClass): 201 POST http://10.180.1.21/identity/v3/auth/tokens 0.037s
2025-03-10 15:04:34.923 69403 INFO tempest.lib.common.rest_client [req-bf631ba4-890a-4d1b-9fc3-e8aab2a59425 req-bf631ba4-890a-4d1b-9fc3-e8aab2a59425 ] Request (HypervisorAdminNegativeUnderV252Test:setUpClass): 200 GET http://10.180.1.21/identity/v3/domains?name=Default 0.029s
2025-03-10 15:04:34.950 69363 INFO tempest.lib.common.rest_client [req-772d946c-d182-44c7-aa20-2ceac7405111 req-772d946c-d182-44c7-aa20-2ceac7405111 ] Request (ServerDiskConfigTestJSON:test_rebuild_server_with_auto_disk_config): 200 GET http://10.180.1.21/compute/v2.1/servers/4e05da06-7389-45a1-9347-ed1057e9c050 1.900s
2025-03-10 15:04:34.959 69403 INFO tempest.lib.common.rest_client [req-3e024615-58fa-406c-884d-49b645621842 req-3e024615-58fa-406c-884d-49b645621842 ] Request (HypervisorAdminNegativeUnderV252Test:setUpClass): 201 POST http://10.180.1.21/identity/v3/projects 0.035s
2025-03-10 15:04:34.980 69369 INFO tempest.lib.common.rest_client [req-2912cfeb-b6cd-471c-8a08-73630e6ba679 req-2912cfeb-b6cd-471c-8a08-73630e6ba679 ] Request (ServersTestBootFromVolume:setUpClass): 200 GET http://10.180.1.21/volume/v3/volumes/76632aea-0396-4956-bbaf-0fd5770ec2dd 0.039s
2025-03-10 15:04:34.983 69415 INFO tempest.lib.common.rest_client [req-483d457d-3274-41d0-92ac-8a542a02589a req-483d457d-3274-41d0-92ac-8a542a02589a ] Request (AggregatesAdminNegativeTestJSON:test_aggregate_get_details_as_user): 200 POST http://10.180.1.21/compute/v2.1/os-aggregates 1.887s
2025-03-10 15:04:35.013 69387 INFO tempest.lib.common.rest_client [req-d9128922-f99e-4a8d-8d4f-8e6cba0b516d req-d9128922-f99e-4a8d-8d4f-8e6cba0b516d ] Request (FlavorsV2TestJSON:test_list_flavors_filter_by_min_disk): 200 GET http://10.180.1.21/compute/v2.1/flavors?minDisk=2 1.713s
2025-03-10 15:04:35.029 69403 INFO tempest.lib.common.rest_client [req-e2277de8-8609-41f4-9676-3f4dac428d13 req-e2277de8-8609-41f4-9676-3f4dac428d13 ] Request (HypervisorAdminNegativeUnderV252Test:setUpClass): 201 POST http://10.180.1.21/identity/v3/users 0.069s
2025-03-10 15:04:35.033 69367 INFO tempest.lib.common.rest_client [req-db854298-8898-42f2-8cb7-0a48a82c8afa req-db854298-8898-42f2-8cb7-0a48a82c8afa ] Request (ServicesAdminNegativeV253TestJSON:test_get_service_with_valid_service_and_invalid_host): 200 GET http://10.180.1.21/compute/v2.1/os-services?host=xxx&binary=nova-scheduler 1.698s
2025-03-10 15:04:35.059 69403 INFO tempest.lib.common.rest_client [req-ab6e9550-d712-4953-8ecc-be6724e6ff75 req-ab6e9550-d712-4953-8ecc-be6724e6ff75 ] Request (HypervisorAdminNegativeUnderV252Test:setUpClass): 200 GET http://10.180.1.21/identity/v3/roles 0.029s
2025-03-10 15:04:35.092 69403 INFO tempest.lib.common.rest_client [req-33b1985c-26ea-4ff3-b55e-f885f9eb57fb req-33b1985c-26ea-4ff3-b55e-f885f9eb57fb ] Request (HypervisorAdminNegativeUnderV252Test:setUpClass): 204 PUT http://10.180.1.21/identity/v3/projects/b106b4765a4f4cdf99ec4863ee98cc7d/users/3e3bdcb1d393472481c02fee935f74c6/roles/aabb7b0059e043a188839c3e15c13f7a 0.033s
2025-03-10 15:04:35.092 69403 INFO tempest.lib.common.dynamic_creds [-] Dynamic test user 3e3bdcb1d393472481c02fee935f74c6 is created with scope project and roles: ['member']
2025-03-10 15:04:35.092 69403 INFO tempest.lib.common.dynamic_creds [-] Acquired dynamic creds: credentials: Credentials: {'domain_id': 'default', 'domain_name': 'Default', 'username': 'tempest-HypervisorAdminNegativeUnderV252Test-1121669408-project-member', 'project_domain_id': 'default', 'project_domain_name': 'Default', 'project_id': 'b106b4765a4f4cdf99ec4863ee98cc7d', 'project_name': 'tempest-HypervisorAdminNegativeUnderV252Test-1121669408', 'tenant_id': 'b106b4765a4f4cdf99ec4863ee98cc7d', 'tenant_name': 'tempest-HypervisorAdminNegativeUnderV252Test-1121669408', 'user_domain_id': 'default', 'user_domain_name': 'Default', 'user_id': '3e3bdcb1d393472481c02fee935f74c6', 'system': None}, Network: None, Subnet: None, Router: None
2025-03-10 15:04:35.093 69403 INFO tempest.lib.common.dynamic_creds [-] Created isolated network resources for: credentials: Credentials: {'domain_id': 'default', 'domain_name': 'Default', 'username': 'tempest-HypervisorAdminNegativeUnderV252Test-1121669408-project-member', 'project_domain_id': 'default', 'project_domain_name': 'Default', 'project_id': 'b106b4765a4f4cdf99ec4863ee98cc7d', 'project_name': 'tempest-HypervisorAdminNegativeUnderV252Test-1121669408', 'tenant_id': 'b106b4765a4f4cdf99ec4863ee98cc7d', 'tenant_name': 'tempest-HypervisorAdminNegativeUnderV252Test-1121669408', 'user_domain_id': 'default', 'user_domain_name': 'Default', 'user_id': '3e3bdcb1d393472481c02fee935f74c6', 'system': None}, Network: None, Subnet: None, Router: None
2025-03-10 15:04:35.225 69423 INFO tempest.lib.common.rest_client [req-d1ecdc19-5bb9-46a9-8269-fd4e33639dfc req-d1ecdc19-5bb9-46a9-8269-fd4e33639dfc ] Request (ImagesMetadataTestJSON:setUp): 200 PUT http://10.180.1.21/compute/v2.1/images/1eca4f72-c82e-4157-a054-f1f5e7e466ad/metadata 1.843s
2025-03-10 15:04:35.235 69403 INFO tempest.lib.common.rest_client [req-d6624b96-f34b-46cf-99f4-91bccbde721a req-d6624b96-f34b-46cf-99f4-91bccbde721a ] Request (HypervisorAdminNegativeUnderV252Test:setUpClass): 201 POST http://10.180.1.21/identity/v3/auth/tokens 0.138s
2025-03-10 15:04:35.311 69371 INFO tempest.lib.common.rest_client [req-7fbe2809-882e-4caa-9e5d-622221880cfd req-7fbe2809-882e-4caa-9e5d-622221880cfd ] Request (DeleteServersAdminTestJSON:test_admin_delete_servers_of_others): 200 GET http://10.180.1.21/compute/v2.1/servers/27016579-4942-44e5-b973-9082f79773ae 1.591s
2025-03-10 15:04:35.337 69403 INFO tempest.lib.common.rest_client [req-1bf19f9d-cfeb-4ea9-925b-3304b921ecfc req-1bf19f9d-cfeb-4ea9-925b-3304b921ecfc ] Request (HypervisorAdminNegativeUnderV252Test:setUpClass): 201 POST http://10.180.1.21/identity/v3/projects 0.101s
2025-03-10 15:04:35.403 69403 INFO tempest.lib.common.rest_client [req-9baecab3-4d4a-4b8c-b6ed-b3e3369d74e6 req-9baecab3-4d4a-4b8c-b6ed-b3e3369d74e6 ] Request (HypervisorAdminNegativeUnderV252Test:setUpClass): 201 POST http://10.180.1.21/identity/v3/users 0.066s
2025-03-10 15:04:35.427 69403 INFO tempest.lib.common.rest_client [req-b73ea3fe-b256-4614-bf88-4f9da9c3bc60 req-b73ea3fe-b256-4614-bf88-4f9da9c3bc60 ] Request (HypervisorAdminNegativeUnderV252Test:setUpClass): 200 GET http://10.180.1.21/identity/v3/roles 0.023s
2025-03-10 15:04:35.452 69403 INFO tempest.lib.common.rest_client [req-ec23c368-a4e8-4e87-8455-9c20ef8f4699 req-ec23c368-a4e8-4e87-8455-9c20ef8f4699 ] Request (HypervisorAdminNegativeUnderV252Test:setUpClass): 204 PUT http://10.180.1.21/identity/v3/projects/d5a964e7fa4b4a308987ff89b3588160/users/90d95c2c19d94331a67332140a42068e/roles/ecfa372a65f8419ebe8792c0e5a82364 0.024s
2025-03-10 15:04:35.513 69403 INFO tempest.lib.common.rest_client [req-1878ed9f-dabc-47b4-9c5e-72c0ad9705a4 req-1878ed9f-dabc-47b4-9c5e-72c0ad9705a4 ] Request (HypervisorAdminNegativeUnderV252Test:setUpClass): 200 GET http://10.180.1.21/identity/v3/roles 0.061s
2025-03-10 15:04:35.533 69403 INFO tempest.lib.common.rest_client [req-16a593d4-cb99-43b8-af7f-42fb991ca405 req-16a593d4-cb99-43b8-af7f-42fb991ca405 ] Request (HypervisorAdminNegativeUnderV252Test:setUpClass): 204 PUT http://10.180.1.21/identity/v3/projects/d5a964e7fa4b4a308987ff89b3588160/users/90d95c2c19d94331a67332140a42068e/roles/ecfa372a65f8419ebe8792c0e5a82364 0.019s
2025-03-10 15:04:35.533 69403 INFO tempest.lib.common.dynamic_creds [-] Dynamic test user 90d95c2c19d94331a67332140a42068e is created with scope project and roles: ['admin']
2025-03-10 15:04:35.533 69403 INFO tempest.lib.common.dynamic_creds [-] Acquired dynamic creds: credentials: Credentials: {'domain_id': 'default', 'domain_name': 'Default', 'username': 'tempest-HypervisorAdminNegativeUnderV252Test-2094746034-project-admin', 'project_domain_id': 'default', 'project_domain_name': 'Default', 'project_id': 'd5a964e7fa4b4a308987ff89b3588160', 'project_name': 'tempest-HypervisorAdminNegativeUnderV252Test-2094746034', 'tenant_id': 'd5a964e7fa4b4a308987ff89b3588160', 'tenant_name': 'tempest-HypervisorAdminNegativeUnderV252Test-2094746034', 'user_domain_id': 'default', 'user_domain_name': 'Default', 'user_id': '90d95c2c19d94331a67332140a42068e', 'system': None}, Network: None, Subnet: None, Router: None
2025-03-10 15:04:35.534 69403 INFO tempest.lib.common.dynamic_creds [-] Created isolated network resources for: credentials: Credentials: {'domain_id': 'default', 'domain_name': 'Default', 'username': 'tempest-HypervisorAdminNegativeUnderV252Test-2094746034-project-admin', 'project_domain_id': 'default', 'project_domain_name': 'Default', 'project_id': 'd5a964e7fa4b4a308987ff89b3588160', 'project_name': 'tempest-HypervisorAdminNegativeUnderV252Test-2094746034', 'tenant_id': 'd5a964e7fa4b4a308987ff89b3588160', 'tenant_name': 'tempest-HypervisorAdminNegativeUnderV252Test-2094746034', 'user_domain_id': 'default', 'user_domain_name': 'Default', 'user_id': '90d95c2c19d94331a67332140a42068e', 'system': None}, Network: None, Subnet: None, Router: None
2025-03-10 15:04:35.645 69403 INFO tempest.lib.common.rest_client [req-8253a719-8046-4d2d-8c01-3a69f8ddf517 req-8253a719-8046-4d2d-8c01-3a69f8ddf517 ] Request (HypervisorAdminNegativeUnderV252Test:setUpClass): 201 POST http://10.180.1.21/identity/v3/auth/tokens 0.108s
2025-03-10 15:04:35.737 69383 INFO tempest.lib.common.rest_client [req-3a2b4c6b-b117-42bc-9e31-bec7984e2c7c req-3a2b4c6b-b117-42bc-9e31-bec7984e2c7c ] Request (FloatingIPDetailsTestJSON:test_get_floating_ip_details): 200 POST http://10.180.1.21/compute/v2.1/os-floating-ips 2.883s
2025-03-10 15:04:35.807 69377 INFO tempest.lib.common.rest_client [req-f6875c0b-d668-44a3-89dd-06632e425db5 req-f6875c0b-d668-44a3-89dd-06632e425db5 ] Request (VolumesAdminNegativeTest:test_update_attached_volume_with_nonexistent_volume_in_body): 201 POST http://10.180.1.21:9696/networking/v2.0/floatingips 1.114s
2025-03-10 15:04:35.828 69421 INFO tempest.lib.common.rest_client [req-324c2a36-5ec9-439f-8f5f-decf5729f8c2 req-324c2a36-5ec9-439f-8f5f-decf5729f8c2 ] Request (InstanceActionsV221TestJSON:test_get_list_deleted_instance_actions): 204 DELETE http://10.180.1.21/compute/v2.1/servers/5e4113b3-5053-4ec7-aa93-e4914efe0acf 1.970s
2025-03-10 15:04:35.878 69377 INFO tempest.lib.common.rest_client [req-6be3dae1-7abf-4a93-a82c-ea819fa4a029 req-6be3dae1-7abf-4a93-a82c-ea819fa4a029 ] Request (VolumesAdminNegativeTest:test_update_attached_volume_with_nonexistent_volume_in_body): 201 POST http://10.180.1.21/identity/v3/auth/tokens 0.066s
2025-03-10 15:04:35.878 69377 INFO tempest.lib.common.fixed_network [-] (VolumesAdminNegativeTest:test_update_attached_volume_with_nonexistent_volume_in_body) Found network {'id': 'd4759b63-7e25-4073-8cf5-b8e1d1c4d27a', 'name': 'tempest-VolumesAdminNegativeTest-2059695864-network', 'tenant_id': '600f360295bd4ff0838099b6c6f8146f', 'admin_state_up': True, 'mtu': 8950, 'status': 'ACTIVE', 'subnets': [], 'shared': False, 'project_id': '600f360295bd4ff0838099b6c6f8146f', 'port_security_enabled': True, 'router:external': False, 'provider:network_type': 'vlan', 'provider:physical_network': 'default', 'provider:segmentation_id': 449, 'availability_zone_hints': [], 'availability_zones': [], 'ipv4_address_scope': None, 'ipv6_address_scope': None, 'description': '', 'tags': [], 'created_at': '2025-03-10T15:04:18Z', 'updated_at': '2025-03-10T15:04:18Z', 'revision_number': 1} available for tenant
2025-03-10 15:04:35.956 69413 INFO tempest.lib.common.rest_client [req-65ff6664-4145-4a80-a875-dde98bb48522 req-65ff6664-4145-4a80-a875-dde98bb48522 ] Request (FlavorsExtraSpecsTestJSON:setUpClass): 200 POST http://10.180.1.21/compute/v2.1/flavors 2.022s
2025-03-10 15:04:36.015 69369 INFO tempest.lib.common.rest_client [req-1aedef2f-9467-441a-8fb6-4305c8bfeb98 req-1aedef2f-9467-441a-8fb6-4305c8bfeb98 ] Request (ServersTestBootFromVolume:setUpClass): 200 GET http://10.180.1.21/volume/v3/volumes/76632aea-0396-4956-bbaf-0fd5770ec2dd 0.027s
2025-03-10 15:04:36.053 69389 INFO tempest.lib.common.rest_client [req-37a2f35f-b1f6-45eb-af0e-24c67ee18f32 req-37a2f35f-b1f6-45eb-af0e-24c67ee18f32 ] Request (ServerDiagnosticsNegativeTest:test_get_server_diagnostics_by_non_admin): 200 GET http://10.180.1.21/compute/v2.1/servers/8f35e7b3-e1aa-444b-b6b5-6ada5a8f14a6 2.064s
2025-03-10 15:04:36.070 69379 INFO tempest.lib.common.rest_client [req-644ecb5c-07bd-4b8f-beb2-960d84dc39e7 req-644ecb5c-07bd-4b8f-beb2-960d84dc39e7 ] Request (FloatingIPsNegativeTestJSON:tearDownClass): 200 PUT http://10.180.1.21:9696/networking/v2.0/routers/5f3b8917-cd3f-4107-be5b-75401ffa10aa/remove_router_interface 2.260s
2025-03-10 15:04:36.174 69401 INFO tempest.lib.common.rest_client [req-d03ed158-a2fe-4352-8868-937a454af8bc req-d03ed158-a2fe-4352-8868-937a454af8bc ] Request (ServerMetadataNegativeTestJSON:setUpClass): 202 POST http://10.180.1.21/compute/v2.1/servers 2.378s
2025-03-10 15:04:36.216 69407 INFO tempest.lib.common.rest_client [req-fc050032-a04d-4f52-9fe6-5ab13c2a10ad req-fc050032-a04d-4f52-9fe6-5ab13c2a10ad ] Request (ServerShowV254Test:test_rebuild_server): 202 POST http://10.180.1.21/compute/v2.1/servers 2.136s
2025-03-10 15:04:36.244 69385 INFO tempest.lib.common.rest_client [req-c0d7aeeb-1380-40bd-b709-b0934b6250fd req-c0d7aeeb-1380-40bd-b709-b0934b6250fd ] Request (DeleteServersTestJSON:test_delete_active_server): 200 GET http://10.180.1.21/compute/v2.1/servers/6b9862e1-f436-4d85-a0a4-8a974f755c02 2.052s
2025-03-10 15:04:36.256 69385 INFO tempest.common.waiters [-] State transition "ACTIVE/deleting" ==> "DELETED/None" after 3 second wait
2025-03-10 15:04:36.291 69411 INFO tempest.lib.common.rest_client [req-bca444ed-dcf5-46de-b4c1-9cb624a78f26 req-bca444ed-dcf5-46de-b4c1-9cb624a78f26 ] Request (ImagesOneServerNegativeTestJSON:setUpClass): 200 GET http://10.180.1.21/compute/v2.1/servers/29ef3ed0-9bf6-45c9-bd7c-0b94a943e867 2.005s
2025-03-10 15:04:36.411 69381 INFO tempest.lib.common.rest_client [req-cc402dd2-5c43-4104-9649-25725f4e9940 req-cc402dd2-5c43-4104-9649-25725f4e9940 ] Request (VolumesAssistedSnapshotsTest:test_volume_assisted_snapshot_create_delete): 200 GET http://10.180.1.21/compute/v2.1/servers/766bfef7-c6cc-4a51-9f15-d26db54fffd5 2.065s
2025-03-10 15:04:36.523 69375 INFO tempest.lib.common.rest_client [req-559dd4a0-7979-4a74-9afe-4118a1e56f03 req-559dd4a0-7979-4a74-9afe-4118a1e56f03 ] Request (AttachInterfacesTestJSON:test_create_list_show_delete_interfaces_by_fixed_ip): 200 GET http://10.180.1.21/compute/v2.1/servers/33a5392e-0c18-4262-884d-8d6ebdbaea9a 1.943s
2025-03-10 15:04:36.532 69375 INFO tempest.common.waiters [-] State transition "BUILD/block_device_mapping" ==> "BUILD/spawning" after 16 second wait
2025-03-10 15:04:36.582 69405 INFO tempest.lib.common.rest_client [req-a71f7e5a-d9db-4648-b780-bdc2b6423456 req-a71f7e5a-d9db-4648-b780-bdc2b6423456 ] Request (QuotasAdminTestJSON:_run_cleanups): 200 PUT http://10.180.1.21/compute/v2.1/os-quota-sets/c400b109e5734e7c928450f7ec495d13 2.154s
2025-03-10 15:04:36.610 69419 INFO tempest.lib.common.rest_client [req-3e89e55d-ba7d-4f4f-9cf5-e492fa9d835e req-3e89e55d-ba7d-4f4f-9cf5-e492fa9d835e ] Request (ServerExternalEventsTest:test_create_server_external_events): 200 GET http://10.180.1.21/compute/v2.1/servers/63253f5d-2d7b-4917-a246-be959b543bd0 1.845s
2025-03-10 15:04:36.618 69415 INFO tempest.lib.common.rest_client [req-1df087f6-d6a1-4189-9079-4722d6ccfdf2 req-1df087f6-d6a1-4189-9079-4722d6ccfdf2 ] Request (AggregatesAdminNegativeTestJSON:test_aggregate_get_details_as_user): 403 GET http://10.180.1.21/compute/v2.1/os-aggregates/6 1.633s
2025-03-10 15:04:36.648 69391 INFO tempest.lib.common.rest_client [req-ad5ae9bc-800f-4a16-80a7-afa3b7bc0ee2 req-ad5ae9bc-800f-4a16-80a7-afa3b7bc0ee2 ] Request (ImagesOneServerTestJSON:setUpClass): 200 GET http://10.180.1.21/compute/v2.1/servers/ae0d588e-cddd-4704-9222-a512509267b0 1.725s
2025-03-10 15:04:36.670 69387 INFO tempest.lib.common.rest_client [req-ecf64740-3853-4e33-8875-56423994670e req-ecf64740-3853-4e33-8875-56423994670e ] Request (FlavorsV2TestJSON:test_list_flavors_filter_by_min_ram): 200 GET http://10.180.1.21/compute/v2.1/flavors/42 1.650s
2025-03-10 15:04:36.678 69393 INFO tempest.lib.common.rest_client [req-5209acb6-1fda-4551-9f2b-9ac84f759548 req-5209acb6-1fda-4551-9f2b-9ac84f759548 ] Request (MigrationsAdminTest:test_list_migrations_in_flavor_resize_situation): 200 GET http://10.180.1.21/compute/v2.1/servers/41e6dba2-9431-4197-b797-d486e5c406e1 1.673s
2025-03-10 15:04:36.682 69379 INFO tempest.lib.common.rest_client [req-1dca0e01-f6ce-46ac-9ce5-50a189867d12 req-1dca0e01-f6ce-46ac-9ce5-50a189867d12 ] Request (FloatingIPsNegativeTestJSON:tearDownClass): 204 DELETE http://10.180.1.21:9696/networking/v2.0/routers/5f3b8917-cd3f-4107-be5b-75401ffa10aa 0.610s
2025-03-10 15:04:36.686 69393 INFO tempest.common.waiters [-] State transition "BUILD/None" ==> "BUILD/networking" after 14 second wait
2025-03-10 15:04:36.702 69365 INFO tempest.lib.common.rest_client [req-564b282c-5895-42f3-89e9-83e63d917112 req-564b282c-5895-42f3-89e9-83e63d917112 ] Request (QuotasAdminTestV257:test_get_updated_quotas): 200 GET http://10.180.1.21/identity/v3/domains?name=Default 0.073s
2025-03-10 15:04:36.736 69405 INFO tempest.lib.common.rest_client [req-0f76278f-ec66-4e17-9523-f8aed19d6034 req-0f76278f-ec66-4e17-9523-f8aed19d6034 ] Request (QuotasAdminTestJSON:tearDownClass): 204 DELETE http://10.180.1.21/identity/v3/users/085da7ad227a4824ab9ab3ee755b95cc 0.150s
2025-03-10 15:04:36.747 69395 INFO tempest.lib.common.rest_client [req-42738031-ab82-4c49-8550-0ed01290374e req-42738031-ab82-4c49-8550-0ed01290374e ] Request (ServerDiagnosticsTest:test_get_server_diagnostics): 200 GET http://10.180.1.21/compute/v2.1/servers/a188f4ff-95a4-4dcb-9e13-46bc68f89c99 1.676s
2025-03-10 15:04:36.805 69365 INFO tempest.lib.common.rest_client [req-ff89fe66-96c3-4d2b-b5ff-f26170f8ae30 req-ff89fe66-96c3-4d2b-b5ff-f26170f8ae30 ] Request (QuotasAdminTestV257:test_get_updated_quotas): 201 POST http://10.180.1.21/identity/v3/projects 0.103s
2025-03-10 15:04:36.824 69367 INFO tempest.lib.common.rest_client [req-7eb3412f-7f11-40f7-a89a-e0627cb325bd req-7eb3412f-7f11-40f7-a89a-e0627cb325bd ] Request (ServicesAdminNegativeV253TestJSON:test_list_services_with_non_admin_user): 403 GET http://10.180.1.21/compute/v2.1/os-services 1.786s
2025-03-10 15:04:36.880 69397 INFO tempest.lib.common.rest_client [req-3604319f-ddda-4166-9b3f-ed0d92238258 req-3604319f-ddda-4166-9b3f-ed0d92238258 ] Request (ServerRescueTestJSON:setUpClass): 200 GET http://10.180.1.21/compute/v2.1/servers/0cabc681-9c9b-49e3-95ca-0b3c80be052b 1.718s
2025-03-10 15:04:36.897 69365 INFO tempest.lib.common.rest_client [req-e6a6774d-b85d-4d54-a450-45a4ff16a546 req-e6a6774d-b85d-4d54-a450-45a4ff16a546 ] Request (QuotasAdminTestV257:test_get_updated_quotas): 200 GET http://10.180.1.21/identity/v3/domains?name=Default 0.092s
2025-03-10 15:04:36.920 69379 INFO tempest.lib.common.rest_client [req-cceedf7f-93dc-4108-8445-6669c2c1367e req-cceedf7f-93dc-4108-8445-6669c2c1367e ] Request (FloatingIPsNegativeTestJSON:tearDownClass): 204 DELETE http://10.180.1.21:9696/networking/v2.0/subnets/3374de3a-c2dd-4d3e-b9ff-d8f17b9efb09 0.237s
2025-03-10 15:04:36.930 69405 INFO tempest.lib.common.rest_client [req-20256951-095b-4fe3-aa35-7cd16fd40a1e req-20256951-095b-4fe3-aa35-7cd16fd40a1e ] Request (QuotasAdminTestJSON:tearDownClass): 204 DELETE http://10.180.1.21/identity/v3/users/144a3da2e6694d4c80f5cbbf4d990b60 0.191s
2025-03-10 15:04:36.930 69405 INFO tempest.lib.common.dynamic_creds [-] Deleting project and security group for project: c400b109e5734e7c928450f7ec495d13
2025-03-10 15:04:36.933 69423 INFO tempest.lib.common.rest_client [req-b3259066-d7ec-40df-b070-9800be70ec33 req-b3259066-d7ec-40df-b070-9800be70ec33 ] Request (ImagesMetadataTestJSON:test_list_image_metadata): 200 GET http://10.180.1.21/compute/v2.1/images/1eca4f72-c82e-4157-a054-f1f5e7e466ad/metadata 1.707s
