2025-03-10 15:05:19.587 69409 INFO tempest.lib.common.rest_client [req-93abd949-d02b-4f7e-a619-d6e1fc5b5b97 req-93abd949-d02b-4f7e-a619-d6e1fc5b5b97 ] Request (FloatingIPsAssociationTestJSON:setUpClass): 201 POST http://10.180.1.21:9696/networking/v2.0/networks 0.324s
2025-03-10 15:05:19.588 69387 INFO tempest.lib.common.rest_client [req-da2cea78-e6c1-43a8-bfbc-409384b85d28 req-da2cea78-e6c1-43a8-bfbc-409384b85d28 ] Request (ServersTestMultiNic:test_verify_duplicate_network_nics): 200 GET http://10.180.1.21/compute/v2.1/servers/40d98f23-bdd8-4a5d-88a5-51434617b827 0.699s
2025-03-10 15:05:19.674 69389 INFO tempest.lib.common.rest_client [req-94a9e8f5-ac6f-4f61-b8f6-3682d61aa1ab req-94a9e8f5-ac6f-4f61-b8f6-3682d61aa1ab ] Request (ServerDiagnosticsNegativeTest:tearDownClass): 200 GET http://10.180.1.21/compute/v2.1/servers/8f35e7b3-e1aa-444b-b6b5-6ada5a8f14a6 0.778s
2025-03-10 15:05:19.693 69377 INFO tempest.lib.common.rest_client [req-f30c22c2-d6b4-410e-acca-d3b433ed2b82 req-f30c22c2-d6b4-410e-acca-d3b433ed2b82 ] Request (VolumesAdminNegativeTest:test_update_attached_volume_with_nonexistent_volume_in_body): 200 PUT http://10.180.1.21:9696/networking/v2.0/floatingips/397fbb32-5abd-4aad-9b0c-5c5464f181e3 1.689s
2025-03-10 15:05:19.695 69377 INFO tempest.lib.common.ssh [-] Creating ssh connection to '10.180.180.226:22' as 'cirros' with public key authentication
2025-03-10 15:05:19.746 69421 INFO tempest.lib.common.rest_client [req-3a6202fb-cb25-4a2f-ab46-540694468e0d req-3a6202fb-cb25-4a2f-ab46-540694468e0d ] Request (ListServersNegativeTestJSON:setUpClass): 200 GET http://10.180.1.21/compute/v2.1/servers/1ec6ac34-9344-4e84-a4ab-8412fdcfc512 0.512s
2025-03-10 15:05:19.763 69409 INFO tempest.lib.common.rest_client [req-35f0362f-0898-4b12-b4f3-843ce60b5937 req-35f0362f-0898-4b12-b4f3-843ce60b5937 ] Request (FloatingIPsAssociationTestJSON:setUpClass): 201 POST http://10.180.1.21:9696/networking/v2.0/subnets 0.175s
2025-03-10 15:05:19.779 69411 INFO tempest.lib.common.rest_client [req-c0db5836-9e37-40fd-b2a0-ce5203157fc8 req-c0db5836-9e37-40fd-b2a0-ce5203157fc8 ] Request (ImagesOneServerNegativeTestJSON:tearDown): 200 GET http://10.180.1.21/compute/v2.1/servers/29ef3ed0-9bf6-45c9-bd7c-0b94a943e867 0.634s
2025-03-10 15:05:19.789 69411 INFO tempest.common.waiters [-] State transition "ACTIVE/image_pending_upload" ==> "ACTIVE/image_uploading" after 4 second wait
2025-03-10 15:05:19.807 69361 INFO tempest.lib.common.rest_client [req-eb5aa465-9cd2-4016-87b3-153841086f7c req-eb5aa465-9cd2-4016-87b3-153841086f7c ] Request (ServersAdminNegativeTestJSON:setUpClass): 200 GET http://10.180.1.21/compute/v2.1/servers/3052d916-ba81-4058-bc1e-ff51fc529ce0 0.488s
2025-03-10 15:05:19.892 69407 INFO tempest.lib.common.rest_client [req-536f0021-f1f2-441e-becb-c4e9903d830f req-536f0021-f1f2-441e-becb-c4e9903d830f ] Request (ServerShowV254Test:test_rebuild_server): 200 GET http://10.180.1.21/compute/v2.1/servers/5f7f901f-d2e6-4133-a646-57c1fc88b9ce 0.477s
2025-03-10 15:05:19.964 69405 INFO tempest.lib.common.rest_client [req-d9aab86a-ef68-46a2-a4f4-d11c906452ba req-d9aab86a-ef68-46a2-a4f4-d11c906452ba ] Request (ServersTestFqdnHostnames:test_create_server_with_fqdn_name): 200 GET http://10.180.1.21/compute/v2.1/servers/c3fde463-d065-4ad8-9971-c00929b3873c 0.531s
2025-03-10 15:05:19.973 69393 INFO tempest.lib.common.rest_client [req-01901427-ce50-4ed9-b81e-c138dec5c2b1 req-01901427-ce50-4ed9-b81e-c138dec5c2b1 ] Request (MigrationsAdminTest:test_list_migrations_in_flavor_resize_situation): 200 GET http://10.180.1.21/compute/v2.1/servers/41e6dba2-9431-4197-b797-d486e5c406e1 0.636s
2025-03-10 15:05:19.984 69399 INFO tempest.lib.common.rest_client [req-26e27bbc-a6d1-4ec5-8257-edd037e597d0 req-26e27bbc-a6d1-4ec5-8257-edd037e597d0 ] Request (AttachInterfacesV270Test:setUpClass): 201 POST http://10.180.1.21:9696/networking/v2.0/routers 2.155s
2025-03-10 15:05:20.055 69365 INFO tempest.lib.common.rest_client [req-9ce1d7d1-867e-4cd9-9c24-c4cc40b6ad66 req-9ce1d7d1-867e-4cd9-9c24-c4cc40b6ad66 ] Request (ServerActionsTestOtherA:setUpClass): 200 GET http://10.180.1.21/compute/v2.1/servers/c5fbfa59-eeed-4220-bc40-50618af87a67 0.288s
2025-03-10 15:05:20.056 69413 INFO tempest.lib.common.rest_client [req-bb2a8465-23aa-486b-a0a2-12ffa31fda02 req-bb2a8465-23aa-486b-a0a2-12ffa31fda02 ] Request (ServersAdminTestJSON:setUpClass): 200 GET http://10.180.1.21/compute/v2.1/servers/d1b5f395-8206-4326-a78a-b4fa7235aebb 0.291s
2025-03-10 15:05:20.062 69365 INFO tempest.common.waiters [-] State transition "BUILD/scheduling" ==> "BUILD/None" after 17 second wait
2025-03-10 15:05:20.148 69383 INFO tempest.lib.common.rest_client [req-fb4b64cc-eca6-424f-a011-20b302827e35 req-fb4b64cc-eca6-424f-a011-20b302827e35 ] Request (ServerTagsTestJSON:setUpClass): 200 GET http://10.180.1.21/compute/v2.1/servers/3dfa074e-f205-4cef-91c5-685c51956b35 0.298s
2025-03-10 15:05:20.158 69423 INFO tempest.lib.common.rest_client [req-b8ac88e3-0b73-43c6-bfb2-c22c23d67b56 req-b8ac88e3-0b73-43c6-bfb2-c22c23d67b56 ] Request (ServerAddressesNegativeTestJSON:setUpClass): 200 GET http://10.180.1.21/compute/v2.1/servers/7561c1e5-f1c3-4f9b-bb54-74b3ee5c3bce 0.222s
2025-03-10 15:05:20.239 69397 INFO tempest.lib.common.rest_client [req-665648e0-f8eb-48df-8634-6018e610eefe req-665648e0-f8eb-48df-8634-6018e610eefe ] Request (ServerRescueTestJSON:test_rescue_unrescue_instance): 200 GET http://10.180.1.21/compute/v2.1/servers/b8f1d0bd-33ff-43cb-9cb1-8f4be2b78cc3 0.216s
2025-03-10 15:05:20.316 69369 INFO tempest.lib.common.rest_client [req-181d5822-74c3-4992-819b-56b12deb3cb4 req-181d5822-74c3-4992-819b-56b12deb3cb4 ] Request (ServersTestBootFromVolume:setUpClass): 200 GET http://10.180.1.21/compute/v2.1/servers/d60cb023-ee84-44eb-9a37-1299d8042c0f 0.315s
2025-03-10 15:05:20.332 69419 INFO tempest.lib.common.rest_client [req-41add190-82c8-458f-96a4-1408996ada45 req-41add190-82c8-458f-96a4-1408996ada45 ] Request (ServerExternalEventsTest:tearDownClass): 200 GET http://10.180.1.21/compute/v2.1/servers/63253f5d-2d7b-4917-a246-be959b543bd0 0.198s
2025-03-10 15:05:20.410 69371 INFO tempest.lib.common.rest_client [req-d8dbfed7-aa3b-47b2-bcf4-0808ad67502b req-d8dbfed7-aa3b-47b2-bcf4-0808ad67502b ] Request (DeleteServersAdminTestJSON:test_delete_server_while_in_error_state): 200 GET http://10.180.1.21/compute/v2.1/servers/66dc248c-f0df-44dd-9831-a9d3b11e466b 0.174s
2025-03-10 15:05:20.493 69367 INFO tempest.lib.common.rest_client [req-6ee2bdab-6d15-47d4-8ef0-ccb7ab341514 req-6ee2bdab-6d15-47d4-8ef0-ccb7ab341514 ] Request (ListImageFiltersTestJSON:setUpClass): 200 GET http://10.180.1.21/compute/v2.1/servers/f1264ae5-081f-4b56-a375-0567fbefd71d 0.136s
2025-03-10 15:05:20.497 69363 INFO tempest.lib.common.rest_client [req-64a65207-8cbc-4af9-be63-91cb843627ac req-64a65207-8cbc-4af9-be63-91cb843627ac ] Request (ServerDiskConfigTestJSON:test_rebuild_server_with_manual_disk_config): 200 GET http://10.180.1.21/compute/v2.1/servers/6765dff9-29d9-477e-be08-bf5cabc069be 0.221s
2025-03-10 15:05:20.573 69385 INFO tempest.lib.common.rest_client [req-9201810a-2203-46a9-93f3-a2a242c48ecf req-9201810a-2203-46a9-93f3-a2a242c48ecf ] Request (DeleteServersTestJSON:test_delete_server_while_in_attached_volume): 200 GET http://10.180.1.21/compute/v2.1/servers/03a2cb54-acda-4be1-a03f-e0a4274eeaec 0.110s
2025-03-10 15:05:20.583 69409 INFO tempest.lib.common.rest_client [req-0385cb03-c684-43b1-a6d0-6488330f4217 req-0385cb03-c684-43b1-a6d0-6488330f4217 ] Request (FloatingIPsAssociationTestJSON:setUpClass): 201 POST http://10.180.1.21:9696/networking/v2.0/routers 0.819s
2025-03-10 15:05:20.584 69401 INFO tempest.lib.common.rest_client [req-e7934f52-f59f-401b-ae69-d3fe137f6c10 req-e7934f52-f59f-401b-ae69-d3fe137f6c10 ] Request (ServerMetadataNegativeTestJSON:tearDownClass): 200 GET http://10.180.1.21/compute/v2.1/servers/f01b646e-c754-42ed-9a53-2dec0cfb6d47 0.215s
2025-03-10 15:05:20.594 69401 INFO tempest.common.waiters [-] State transition "ACTIVE/deleting" ==> "DELETED/None" after 4 second wait
2025-03-10 15:05:20.622 69391 INFO tempest.lib.common.rest_client [req-9de78c1f-0fee-474e-973f-2f8c2c9c498b req-9de78c1f-0fee-474e-973f-2f8c2c9c498b ] Request (ImagesOneServerTestJSON:test_create_delete_image): 200 GET http://10.180.1.21/compute/v2.1/images/fc74c130-de43-4b93-a79d-65b628ed0f07 0.120s
2025-03-10 15:05:20.641 69395 INFO tempest.lib.common.rest_client [req-d1591b92-03e2-4c76-9a65-b3ac062c35a9 req-d1591b92-03e2-4c76-9a65-b3ac062c35a9 ] Request (ServerDiagnosticsTest:tearDownClass): 200 GET http://10.180.1.21/compute/v2.1/servers/a188f4ff-95a4-4dcb-9e13-46bc68f89c99 0.163s
2025-03-10 15:05:20.699 69415 INFO tempest.lib.common.rest_client [req-ab308fdd-dedf-48e0-a002-c81543f17ee4 req-ab308fdd-dedf-48e0-a002-c81543f17ee4 ] Request (FloatingIPsAssociationNegativeTestJSON:setUpClass): 200 GET http://10.180.1.21/compute/v2.1/servers/318d124d-0fb0-4bb7-9ae4-89baf3885947 0.106s
2025-03-10 15:05:20.718 69387 INFO tempest.lib.common.rest_client [req-dccf3939-c310-4735-a1f6-b7d88767fd96 req-dccf3939-c310-4735-a1f6-b7d88767fd96 ] Request (ServersTestMultiNic:test_verify_duplicate_network_nics): 200 GET http://10.180.1.21/compute/v2.1/servers/40d98f23-bdd8-4a5d-88a5-51434617b827 0.119s
2025-03-10 15:05:20.720 69375 WARNING tempest.lib.common.ssh [-] Failed to establish authenticated ssh connection to cirros@10.180.180.249 ([Errno None] Unable to connect to port 22 on 10.180.180.249). Number attempts: 5. Retry after 6 seconds.: paramiko.ssh_exception.NoValidConnectionsError: [Errno None] Unable to connect to port 22 on 10.180.180.249
2025-03-10 15:05:20.737 69391 INFO tempest.lib.common.rest_client [req-29181953-fdbb-49df-aa56-9f4de93b0574 req-29181953-fdbb-49df-aa56-9f4de93b0574 ] Request (ImagesOneServerTestJSON:test_create_delete_image): 200 GET http://10.180.1.21/compute/v2.1/images/fc74c130-de43-4b93-a79d-65b628ed0f07 0.112s
2025-03-10 15:05:20.795 69389 INFO tempest.lib.common.rest_client [req-d293f9c3-20f8-47db-b91b-96924d0a5a9e req-d293f9c3-20f8-47db-b91b-96924d0a5a9e ] Request (ServerDiagnosticsNegativeTest:tearDownClass): 200 GET http://10.180.1.21/compute/v2.1/servers/8f35e7b3-e1aa-444b-b6b5-6ada5a8f14a6 0.109s
2025-03-10 15:05:20.868 69421 INFO tempest.lib.common.rest_client [req-a97e28fe-f66f-4611-b897-7655e30f47cf req-a97e28fe-f66f-4611-b897-7655e30f47cf ] Request (ListServersNegativeTestJSON:setUpClass): 200 GET http://10.180.1.21/compute/v2.1/servers/1ec6ac34-9344-4e84-a4ab-8412fdcfc512 0.109s
2025-03-10 15:05:21.019 69391 INFO tempest.lib.common.rest_client [req-b0a50c6c-4c56-45c3-b5f2-bccd96545b42 req-b0a50c6c-4c56-45c3-b5f2-bccd96545b42 ] Request (ImagesOneServerTestJSON:test_create_delete_image): 200 GET http://10.180.1.21/compute/v2.1/servers/ae0d588e-cddd-4704-9222-a512509267b0 0.279s
2025-03-10 15:05:21.103 69381 WARNING tempest.lib.common.ssh [-] Failed to establish authenticated ssh connection to cirros@10.180.180.143 ([Errno None] Unable to connect to port 22 on 10.180.180.143). Number attempts: 6. Retry after 7 seconds.: paramiko.ssh_exception.NoValidConnectionsError: [Errno None] Unable to connect to port 22 on 10.180.180.143
2025-03-10 15:05:21.117 69361 INFO tempest.lib.common.rest_client [req-9ae33ec0-5ba3-48ea-ab44-6631753fd1e9 req-9ae33ec0-5ba3-48ea-ab44-6631753fd1e9 ] Request (ServersAdminNegativeTestJSON:setUpClass): 200 GET http://10.180.1.21/compute/v2.1/servers/3052d916-ba81-4058-bc1e-ff51fc529ce0 0.296s
2025-03-10 15:05:21.154 69411 INFO tempest.lib.common.rest_client [req-5fad8699-44ce-4bcf-8578-d4ad0a0de01a req-5fad8699-44ce-4bcf-8578-d4ad0a0de01a ] Request (ImagesOneServerNegativeTestJSON:tearDown): 200 GET http://10.180.1.21/compute/v2.1/servers/29ef3ed0-9bf6-45c9-bd7c-0b94a943e867 0.364s
2025-03-10 15:05:21.186 69407 INFO tempest.lib.common.rest_client [req-8af9fc32-3bcb-4b79-a2a5-bd41e9fb030a req-8af9fc32-3bcb-4b79-a2a5-bd41e9fb030a ] Request (ServerShowV254Test:test_rebuild_server): 200 GET http://10.180.1.21/compute/v2.1/servers/5f7f901f-d2e6-4133-a646-57c1fc88b9ce 0.282s
2025-03-10 15:05:21.230 69405 INFO tempest.lib.common.rest_client [req-2e0d5e4e-9a55-4ea5-b2a6-827108d5f727 req-2e0d5e4e-9a55-4ea5-b2a6-827108d5f727 ] Request (ServersTestFqdnHostnames:test_create_server_with_fqdn_name): 200 GET http://10.180.1.21/compute/v2.1/servers/c3fde463-d065-4ad8-9971-c00929b3873c 0.257s
2025-03-10 15:05:21.308 69365 INFO tempest.lib.common.rest_client [req-5c7702df-9d21-4c71-8336-36da6fc85e19 req-5c7702df-9d21-4c71-8336-36da6fc85e19 ] Request (ServerActionsTestOtherA:setUpClass): 200 GET http://10.180.1.21/compute/v2.1/servers/c5fbfa59-eeed-4220-bc40-50618af87a67 0.245s
2025-03-10 15:05:21.365 69393 INFO tempest.lib.common.rest_client [req-dd8912b0-cf4c-468d-b17a-e39910fffd68 req-dd8912b0-cf4c-468d-b17a-e39910fffd68 ] Request (MigrationsAdminTest:test_list_migrations_in_flavor_resize_situation): 200 GET http://10.180.1.21/compute/v2.1/servers/41e6dba2-9431-4197-b797-d486e5c406e1 0.382s
2025-03-10 15:05:21.393 69413 INFO tempest.lib.common.rest_client [req-3e01846c-e762-4ee1-a7d6-4b624e1d75fd req-3e01846c-e762-4ee1-a7d6-4b624e1d75fd ] Request (ServersAdminTestJSON:setUpClass): 200 GET http://10.180.1.21/compute/v2.1/servers/d1b5f395-8206-4326-a78a-b4fa7235aebb 0.326s
2025-03-10 15:05:21.437 69383 INFO tempest.lib.common.rest_client [req-f9e63455-fc9b-476f-8bc5-4d041dddbbf4 req-f9e63455-fc9b-476f-8bc5-4d041dddbbf4 ] Request (ServerTagsTestJSON:setUpClass): 200 GET http://10.180.1.21/compute/v2.1/servers/3dfa074e-f205-4cef-91c5-685c51956b35 0.274s
2025-03-10 15:05:21.458 69423 INFO tempest.lib.common.rest_client [req-9c1483b2-ebb6-46b2-a041-7bfa75d52378 req-9c1483b2-ebb6-46b2-a041-7bfa75d52378 ] Request (ServerAddressesNegativeTestJSON:setUpClass): 200 GET http://10.180.1.21/compute/v2.1/servers/7561c1e5-f1c3-4f9b-bb54-74b3ee5c3bce 0.291s
2025-03-10 15:05:21.493 69397 INFO tempest.lib.common.rest_client [req-e3b95e07-bf63-4539-a7c9-7fec0de1ac97 req-e3b95e07-bf63-4539-a7c9-7fec0de1ac97 ] Request (ServerRescueTestJSON:test_rescue_unrescue_instance): 200 GET http://10.180.1.21/compute/v2.1/servers/b8f1d0bd-33ff-43cb-9cb1-8f4be2b78cc3 0.240s
2025-03-10 15:05:21.580 69409 INFO tempest.lib.common.rest_client [req-1655d913-0962-4162-917d-9909ef9ad058 req-1655d913-0962-4162-917d-9909ef9ad058 ] Request (FloatingIPsAssociationTestJSON:setUpClass): 200 PUT http://10.180.1.21:9696/networking/v2.0/routers/c8f20581-b60d-40d4-9e4e-83fc6c1f824f/add_router_interface 0.996s
2025-03-10 15:05:21.581 69409 INFO tempest.lib.common.dynamic_creds [-] Created isolated network resources for: credentials: Credentials: {'domain_id': 'default', 'domain_name': 'Default', 'username': 'tempest-FloatingIPsAssociationTestJSON-291289362-project-member', 'project_domain_id': 'default', 'project_domain_name': 'Default', 'project_id': '118f185a0bf04f3f8ebdc461d5370db0', 'project_name': 'tempest-FloatingIPsAssociationTestJSON-291289362', 'tenant_id': '118f185a0bf04f3f8ebdc461d5370db0', 'tenant_name': 'tempest-FloatingIPsAssociationTestJSON-291289362', 'user_domain_id': 'default', 'user_domain_name': 'Default', 'user_id': 'fcf81362ffd441a8a4509eedc0e36833', 'system': None}, Network: {'id': '94d058a2-48f4-4fac-9c7e-b0651fc26505', 'name': 'tempest-FloatingIPsAssociationTestJSON-261053983-network', 'tenant_id': '118f185a0bf04f3f8ebdc461d5370db0', 'admin_state_up': True, 'mtu': 8950, 'status': 'ACTIVE', 'subnets': [], 'shared': False, 'project_id': '118f185a0bf04f3f8ebdc461d5370db0', 'port_security_enabled': True, 'router:external': False, 'provider:network_type': 'vlan', 'provider:physical_network': 'default', 'provider:segmentation_id': 518, 'availability_zone_hints': [], 'availability_zones': [], 'ipv4_address_scope': None, 'ipv6_address_scope': None, 'description': '', 'tags': [], 'created_at': '2025-03-10T15:05:19Z', 'updated_at': '2025-03-10T15:05:19Z', 'revision_number': 1}, Subnet: {'id': '34a90c2a-df92-425f-ae0c-e80f91d51f26', 'name': 'tempest-FloatingIPsAssociationTestJSON-261053983-subnet', 'tenant_id': '118f185a0bf04f3f8ebdc461d5370db0', 'network_id': '94d058a2-48f4-4fac-9c7e-b0651fc26505', 'ip_version': 4, 'subnetpool_id': None, 'enable_dhcp': True, 'ipv6_ra_mode': None, 'ipv6_address_mode': None, 'gateway_ip': '192.168.128.1', 'cidr': '192.168.128.0/28', 'allocation_pools': [{'start': '192.168.128.2', 'end': '192.168.128.14'}], 'host_routes': [], 'dns_nameservers': [], 'description': '', 'router:external': False, 'service_types': [], 'tags': [], 'created_at': '2025-03-10T15:05:19Z', 'updated_at': '2025-03-10T15:05:19Z', 'revision_number': 0, 'project_id': '118f185a0bf04f3f8ebdc461d5370db0'}, Router: {'id': 'c8f20581-b60d-40d4-9e4e-83fc6c1f824f', 'name': 'tempest-FloatingIPsAssociationTestJSON-261053983-router', 'tenant_id': '118f185a0bf04f3f8ebdc461d5370db0', 'admin_state_up': True, 'status': 'ACTIVE', 'external_gateway_info': {'network_id': 'c21e1c88-9e38-4e80-98ef-7712734262c3', 'external_fixed_ips': [{'subnet_id': 'fb5e80b4-acdd-4678-b899-db209027d3dc', 'ip_address': '10.180.180.192'}], 'enable_snat': True}, 'description': '', 'availability_zones': [], 'distributed': False, 'ha': False, 'availability_zone_hints': [], 'routes': [], 'flavor_id': None, 'tags': [], 'created_at': '2025-03-10T15:05:19Z', 'updated_at': '2025-03-10T15:05:20Z', 'revision_number': 2, 'project_id': '118f185a0bf04f3f8ebdc461d5370db0'}
2025-03-10 15:05:21.583 69419 INFO tempest.lib.common.rest_client [req-b2db68c9-f65b-4e6f-956f-437bc80e4094 req-b2db68c9-f65b-4e6f-956f-437bc80e4094 ] Request (ServerExternalEventsTest:tearDownClass): 200 GET http://10.180.1.21/compute/v2.1/servers/63253f5d-2d7b-4917-a246-be959b543bd0 0.238s
2025-03-10 15:05:21.608 69369 INFO tempest.lib.common.rest_client [req-a2a29461-ac14-4f7a-9d5b-c5d6d82d6183 req-a2a29461-ac14-4f7a-9d5b-c5d6d82d6183 ] Request (ServersTestBootFromVolume:setUpClass): 200 GET http://10.180.1.21/compute/v2.1/servers/d60cb023-ee84-44eb-9a37-1299d8042c0f 0.277s
2025-03-10 15:05:21.617 69369 INFO tempest.common.waiters [-] State transition "BUILD/spawning" ==> "ACTIVE/None" after 30 second wait
2025-03-10 15:05:21.657 69371 INFO tempest.lib.common.rest_client [req-ff9fc906-7d57-4aad-8847-d94447107285 req-ff9fc906-7d57-4aad-8847-d94447107285 ] Request (DeleteServersAdminTestJSON:test_delete_server_while_in_error_state): 200 GET http://10.180.1.21/compute/v2.1/servers/66dc248c-f0df-44dd-9831-a9d3b11e466b 0.236s
2025-03-10 15:05:21.686 69409 INFO tempest.lib.common.rest_client [req-1abe5735-2791-43f3-8270-e029b51a3a6e req-1abe5735-2791-43f3-8270-e029b51a3a6e ] Request (FloatingIPsAssociationTestJSON:setUpClass): 201 POST http://10.180.1.21/identity/v3/auth/tokens 0.099s
2025-03-10 15:05:21.725 69409 INFO tempest.lib.common.rest_client [req-95ec01b2-93fb-4eef-963f-6bb7fc7a70db req-95ec01b2-93fb-4eef-963f-6bb7fc7a70db ] Request (FloatingIPsAssociationTestJSON:setUpClass): 201 POST http://10.180.1.21/identity/v3/auth/tokens 0.034s
2025-03-10 15:05:21.725 69409 INFO tempest.lib.common.fixed_network [-] (FloatingIPsAssociationTestJSON:setUpClass) Found network {'id': '94d058a2-48f4-4fac-9c7e-b0651fc26505', 'name': 'tempest-FloatingIPsAssociationTestJSON-261053983-network', 'tenant_id': '118f185a0bf04f3f8ebdc461d5370db0', 'admin_state_up': True, 'mtu': 8950, 'status': 'ACTIVE', 'subnets': [], 'shared': False, 'project_id': '118f185a0bf04f3f8ebdc461d5370db0', 'port_security_enabled': True, 'router:external': False, 'provider:network_type': 'vlan', 'provider:physical_network': 'default', 'provider:segmentation_id': 518, 'availability_zone_hints': [], 'availability_zones': [], 'ipv4_address_scope': None, 'ipv6_address_scope': None, 'description': '', 'tags': [], 'created_at': '2025-03-10T15:05:19Z', 'updated_at': '2025-03-10T15:05:19Z', 'revision_number': 1} available for tenant
2025-03-10 15:05:21.904 69367 INFO tempest.lib.common.rest_client [req-d4cff460-a29a-4026-a05a-39b43fca5f74 req-d4cff460-a29a-4026-a05a-39b43fca5f74 ] Request (ListImageFiltersTestJSON:setUpClass): 200 GET http://10.180.1.21/compute/v2.1/servers/f1264ae5-081f-4b56-a375-0567fbefd71d 0.398s
2025-03-10 15:05:21.937 69399 INFO tempest.lib.common.rest_client [req-4ae94d0a-42a6-453c-a57b-924b731deb2d req-4ae94d0a-42a6-453c-a57b-924b731deb2d ] Request (AttachInterfacesV270Test:setUpClass): 200 PUT http://10.180.1.21:9696/networking/v2.0/routers/ead2acf3-f1c8-44a6-9136-c1f166148164/add_router_interface 1.953s
2025-03-10 15:05:21.938 69399 INFO tempest.lib.common.dynamic_creds [-] Created isolated network resources for: credentials: Credentials: {'domain_id': 'default', 'domain_name': 'Default', 'username': 'tempest-AttachInterfacesV270Test-505134345-project-member', 'project_domain_id': 'default', 'project_domain_name': 'Default', 'project_id': '75b20302b1a5457889b8393d2d0b0949', 'project_name': 'tempest-AttachInterfacesV270Test-505134345', 'tenant_id': '75b20302b1a5457889b8393d2d0b0949', 'tenant_name': 'tempest-AttachInterfacesV270Test-505134345', 'user_domain_id': 'default', 'user_domain_name': 'Default', 'user_id': 'fdf870004ca04ed98c89042e3a083068', 'system': None}, Network: {'id': '53a797f6-255d-4a17-bbb0-360875a67c99', 'name': 'tempest-AttachInterfacesV270Test-232065496-network', 'tenant_id': '75b20302b1a5457889b8393d2d0b0949', 'admin_state_up': True, 'mtu': 8950, 'status': 'ACTIVE', 'subnets': [], 'shared': False, 'project_id': '75b20302b1a5457889b8393d2d0b0949', 'port_security_enabled': True, 'router:external': False, 'provider:network_type': 'vlan', 'provider:physical_network': 'default', 'provider:segmentation_id': 52, 'availability_zone_hints': [], 'availability_zones': [], 'ipv4_address_scope': None, 'ipv6_address_scope': None, 'description': '', 'tags': [], 'created_at': '2025-03-10T15:05:17Z', 'updated_at': '2025-03-10T15:05:17Z', 'revision_number': 1}, Subnet: {'id': '7b272567-5eeb-403b-b917-fe6f710176f3', 'name': 'tempest-AttachInterfacesV270Test-232065496-subnet', 'tenant_id': '75b20302b1a5457889b8393d2d0b0949', 'network_id': '53a797f6-255d-4a17-bbb0-360875a67c99', 'ip_version': 4, 'subnetpool_id': None, 'enable_dhcp': True, 'ipv6_ra_mode': None, 'ipv6_address_mode': None, 'gateway_ip': '192.168.128.1', 'cidr': '192.168.128.0/28', 'allocation_pools': [{'start': '192.168.128.2', 'end': '192.168.128.14'}], 'host_routes': [], 'dns_nameservers': [], 'description': '', 'router:external': False, 'service_types': [], 'tags': [], 'created_at': '2025-03-10T15:05:17Z', 'updated_at': '2025-03-10T15:05:17Z', 'revision_number': 0, 'project_id': '75b20302b1a5457889b8393d2d0b0949'}, Router: {'id': 'ead2acf3-f1c8-44a6-9136-c1f166148164', 'name': 'tempest-AttachInterfacesV270Test-232065496-router', 'tenant_id': '75b20302b1a5457889b8393d2d0b0949', 'admin_state_up': True, 'status': 'ACTIVE', 'external_gateway_info': {'network_id': 'c21e1c88-9e38-4e80-98ef-7712734262c3', 'external_fixed_ips': [{'subnet_id': 'fb5e80b4-acdd-4678-b899-db209027d3dc', 'ip_address': '10.180.180.145'}], 'enable_snat': True}, 'description': '', 'availability_zones': [], 'distributed': False, 'ha': False, 'availability_zone_hints': [], 'routes': [], 'flavor_id': None, 'tags': [], 'created_at': '2025-03-10T15:05:17Z', 'updated_at': '2025-03-10T15:05:19Z', 'revision_number': 2, 'project_id': '75b20302b1a5457889b8393d2d0b0949'}
2025-03-10 15:05:21.968 69385 INFO tempest.lib.common.rest_client [req-ab1eaf95-64f1-449d-b4de-bc7c27c76322 req-ab1eaf95-64f1-449d-b4de-bc7c27c76322 ] Request (DeleteServersTestJSON:test_delete_server_while_in_attached_volume): 200 GET http://10.180.1.21/compute/v2.1/servers/03a2cb54-acda-4be1-a03f-e0a4274eeaec 0.382s
2025-03-10 15:05:22.012 69363 INFO tempest.lib.common.rest_client [req-1e897998-4cde-4f82-b7ee-566aa3e322b3 req-1e897998-4cde-4f82-b7ee-566aa3e322b3 ] Request (ServerDiskConfigTestJSON:test_rebuild_server_with_manual_disk_config): 200 GET http://10.180.1.21/compute/v2.1/servers/6765dff9-29d9-477e-be08-bf5cabc069be 0.500s
2025-03-10 15:05:22.024 69401 INFO tempest.lib.common.rest_client [req-413dd820-f30e-4197-bf87-eaefa44aa01a req-413dd820-f30e-4197-bf87-eaefa44aa01a ] Request (ServerMetadataNegativeTestJSON:tearDownClass): 200 GET http://10.180.1.21/compute/v2.1/servers/f01b646e-c754-42ed-9a53-2dec0cfb6d47 0.428s
2025-03-10 15:05:22.029 69399 INFO tempest.lib.common.rest_client [req-118895db-dfe9-416a-8265-a7dc57c4d42f req-118895db-dfe9-416a-8265-a7dc57c4d42f ] Request (AttachInterfacesV270Test:setUpClass): 201 POST http://10.180.1.21/identity/v3/auth/tokens 0.087s
2025-03-10 15:05:22.071 69399 INFO tempest.lib.common.rest_client [req-9751fcc9-1142-42cb-b575-8b62d3e826a3 req-9751fcc9-1142-42cb-b575-8b62d3e826a3 ] Request (AttachInterfacesV270Test:test_create_get_list_interfaces): 201 POST http://10.180.1.21/identity/v3/auth/tokens 0.038s
2025-03-10 15:05:22.072 69399 INFO tempest.lib.common.fixed_network [-] (AttachInterfacesV270Test:test_create_get_list_interfaces) Found network {'id': '53a797f6-255d-4a17-bbb0-360875a67c99', 'name': 'tempest-AttachInterfacesV270Test-232065496-network', 'tenant_id': '75b20302b1a5457889b8393d2d0b0949', 'admin_state_up': True, 'mtu': 8950, 'status': 'ACTIVE', 'subnets': [], 'shared': False, 'project_id': '75b20302b1a5457889b8393d2d0b0949', 'port_security_enabled': True, 'router:external': False, 'provider:network_type': 'vlan', 'provider:physical_network': 'default', 'provider:segmentation_id': 52, 'availability_zone_hints': [], 'availability_zones': [], 'ipv4_address_scope': None, 'ipv6_address_scope': None, 'description': '', 'tags': [], 'created_at': '2025-03-10T15:05:17Z', 'updated_at': '2025-03-10T15:05:17Z', 'revision_number': 1} available for tenant
2025-03-10 15:05:22.084 69369 INFO tempest.lib.common.rest_client [req-76b43ea1-2be4-4956-9ee5-2806917120eb req-76b43ea1-2be4-4956-9ee5-2806917120eb ] Request (ServersTestBootFromVolume:setUpClass): 200 GET http://10.180.1.21/compute/v2.1/servers/d60cb023-ee84-44eb-9a37-1299d8042c0f/os-interface 0.466s
2025-03-10 15:05:22.106 69395 INFO tempest.lib.common.rest_client [req-dc22f6ec-0b24-48bf-966f-73b3f4b6403f req-dc22f6ec-0b24-48bf-966f-73b3f4b6403f ] Request (ServerDiagnosticsTest:tearDownClass): 200 GET http://10.180.1.21/compute/v2.1/servers/a188f4ff-95a4-4dcb-9e13-46bc68f89c99 0.453s
2025-03-10 15:05:22.150 69415 INFO tempest.lib.common.rest_client [req-dc68ae4f-2176-442e-81df-6e5b400f67bc req-dc68ae4f-2176-442e-81df-6e5b400f67bc ] Request (FloatingIPsAssociationNegativeTestJSON:setUpClass): 200 GET http://10.180.1.21/compute/v2.1/servers/318d124d-0fb0-4bb7-9ae4-89baf3885947 0.440s
2025-03-10 15:05:22.204 69387 INFO tempest.lib.common.rest_client [req-497e90ee-35b0-4635-bbf7-b3de909e39c6 req-497e90ee-35b0-4635-bbf7-b3de909e39c6 ] Request (ServersTestMultiNic:test_verify_duplicate_network_nics): 200 GET http://10.180.1.21/compute/v2.1/servers/40d98f23-bdd8-4a5d-88a5-51434617b827 0.473s
2025-03-10 15:05:22.288 69389 INFO tempest.lib.common.rest_client [req-f8ec976b-78d0-4280-a871-10f401d6c0aa req-f8ec976b-78d0-4280-a871-10f401d6c0aa ] Request (ServerDiagnosticsNegativeTest:tearDownClass): 200 GET http://10.180.1.21/compute/v2.1/servers/8f35e7b3-e1aa-444b-b6b5-6ada5a8f14a6 0.483s
2025-03-10 15:05:22.364 69421 INFO tempest.lib.common.rest_client [req-f489ac12-fc68-4ead-bfa6-d5a31af44d89 req-f489ac12-fc68-4ead-bfa6-d5a31af44d89 ] Request (ListServersNegativeTestJSON:setUpClass): 200 GET http://10.180.1.21/compute/v2.1/servers/1ec6ac34-9344-4e84-a4ab-8412fdcfc512 0.484s
2025-03-10 15:05:22.535 69391 INFO tempest.lib.common.rest_client [req-5a12f61f-6a05-4aa5-9f45-f40b02e28886 req-5a12f61f-6a05-4aa5-9f45-f40b02e28886 ] Request (ImagesOneServerTestJSON:test_create_delete_image): 200 GET http://10.180.1.21/compute/v2.1/servers/ae0d588e-cddd-4704-9222-a512509267b0 0.500s
2025-03-10 15:05:22.623 69369 INFO tempest.lib.common.rest_client [req-48adb4e0-287f-4908-9f33-4dca77c13210 req-48adb4e0-287f-4908-9f33-4dca77c13210 ] Request (ServersTestBootFromVolume:setUpClass): 200 PUT http://10.180.1.21:9696/networking/v2.0/floatingips/133cbead-7677-42f2-b086-16a20a5ca701 0.537s
2025-03-10 15:05:22.706 69409 INFO tempest.lib.common.rest_client [req-79a3c5ea-990e-4e76-84cc-9de2f6930a2f req-79a3c5ea-990e-4e76-84cc-9de2f6930a2f ] Request (FloatingIPsAssociationTestJSON:setUpClass): 202 POST http://10.180.1.21/compute/v2.1/servers 0.980s
2025-03-10 15:05:22.768 69361 INFO tempest.lib.common.rest_client [req-1c06d446-1ce4-49cb-8a5e-1e3917827dcf req-1c06d446-1ce4-49cb-8a5e-1e3917827dcf ] Request (ServersAdminNegativeTestJSON:setUpClass): 200 GET http://10.180.1.21/compute/v2.1/servers/3052d916-ba81-4058-bc1e-ff51fc529ce0 0.644s
2025-03-10 15:05:22.901 69411 INFO tempest.lib.common.rest_client [req-c69e977e-0f01-4fa8-aaa6-788371fb5d52 req-c69e977e-0f01-4fa8-aaa6-788371fb5d52 ] Request (ImagesOneServerNegativeTestJSON:tearDown): 200 GET http://10.180.1.21/compute/v2.1/servers/29ef3ed0-9bf6-45c9-bd7c-0b94a943e867 0.737s
2025-03-10 15:05:22.918 69411 INFO tempest.common.waiters [-] State transition "ACTIVE/image_uploading" ==> "ACTIVE/None" after 7 second wait
2025-03-10 15:05:22.967 69399 INFO tempest.lib.common.rest_client [req-3e19c16c-48c2-4800-9f94-52e237350389 req-3e19c16c-48c2-4800-9f94-52e237350389 ] Request (AttachInterfacesV270Test:test_create_get_list_interfaces): 202 POST http://10.180.1.21/compute/v2.1/servers 0.894s
2025-03-10 15:05:22.994 69407 INFO tempest.lib.common.rest_client [req-7bd17b27-0b4d-4eca-85e6-6b1a9584618e req-7bd17b27-0b4d-4eca-85e6-6b1a9584618e ] Request (ServerShowV254Test:test_rebuild_server): 200 GET http://10.180.1.21/compute/v2.1/servers/5f7f901f-d2e6-4133-a646-57c1fc88b9ce 0.798s
2025-03-10 15:05:23.009 69407 INFO tempest.common.waiters [-] State transition "REBUILD/rebuild_spawning" ==> "ACTIVE/None" after 11 second wait
2025-03-10 15:05:23.031 69405 INFO tempest.lib.common.rest_client [req-c95d41c2-ef03-4c7c-93bc-9ff7d5074bc8 req-c95d41c2-ef03-4c7c-93bc-9ff7d5074bc8 ] Request (ServersTestFqdnHostnames:test_create_server_with_fqdn_name): 200 GET http://10.180.1.21/compute/v2.1/servers/c3fde463-d065-4ad8-9971-c00929b3873c 0.792s
2025-03-10 15:05:23.066 69365 INFO tempest.lib.common.rest_client [req-d6e11644-42af-4d3b-af08-f2d5fea011c8 req-d6e11644-42af-4d3b-af08-f2d5fea011c8 ] Request (ServerActionsTestOtherA:setUpClass): 200 GET http://10.180.1.21/compute/v2.1/servers/c5fbfa59-eeed-4220-bc40-50618af87a67 0.748s
2025-03-10 15:05:23.138 69413 INFO tempest.lib.common.rest_client [req-0268a64f-8ab2-4321-b9c9-afafa57e1c8c req-0268a64f-8ab2-4321-b9c9-afafa57e1c8c ] Request (ServersAdminTestJSON:setUpClass): 200 GET http://10.180.1.21/compute/v2.1/servers/d1b5f395-8206-4326-a78a-b4fa7235aebb 0.734s
2025-03-10 15:05:23.150 69393 INFO tempest.lib.common.rest_client [req-6aab760d-3bb7-4398-b2a5-c906fd606c14 req-6aab760d-3bb7-4398-b2a5-c906fd606c14 ] Request (MigrationsAdminTest:test_list_migrations_in_flavor_resize_situation): 200 GET http://10.180.1.21/compute/v2.1/servers/41e6dba2-9431-4197-b797-d486e5c406e1 0.773s
2025-03-10 15:05:23.210 69383 INFO tempest.lib.common.rest_client [req-88a50f45-c447-4211-8e29-9e0131fd9e4e req-88a50f45-c447-4211-8e29-9e0131fd9e4e ] Request (ServerTagsTestJSON:setUpClass): 200 GET http://10.180.1.21/compute/v2.1/servers/3dfa074e-f205-4cef-91c5-685c51956b35 0.761s
2025-03-10 15:05:23.233 69423 INFO tempest.lib.common.rest_client [req-9f9a41e0-8563-4d89-8c79-b99ccea8d858 req-9f9a41e0-8563-4d89-8c79-b99ccea8d858 ] Request (ServerAddressesNegativeTestJSON:setUpClass): 200 GET http://10.180.1.21/compute/v2.1/servers/7561c1e5-f1c3-4f9b-bb54-74b3ee5c3bce 0.765s
2025-03-10 15:05:23.280 69397 INFO tempest.lib.common.rest_client [req-ea932310-74d1-47e7-bb38-2dbb2c069f6d req-ea932310-74d1-47e7-bb38-2dbb2c069f6d ] Request (ServerRescueTestJSON:test_rescue_unrescue_instance): 200 GET http://10.180.1.21/compute/v2.1/servers/b8f1d0bd-33ff-43cb-9cb1-8f4be2b78cc3 0.777s
2025-03-10 15:05:23.481 69369 INFO tempest.lib.common.rest_client [req-8704a79f-f5e6-4bcb-9ead-6a6d1ebb8f9c req-8704a79f-f5e6-4bcb-9ead-6a6d1ebb8f9c ] Request (ServersTestBootFromVolume:setUpClass): 200 GET http://10.180.1.21/compute/v2.1/servers/d60cb023-ee84-44eb-9a37-1299d8042c0f 0.856s
2025-03-10 15:05:23.496 69369 INFO tempest.lib.common.ssh [-] Creating ssh connection to '10.180.180.201:22' as 'cirros' with public key authentication
2025-03-10 15:05:23.521 69419 INFO tempest.lib.common.rest_client [req-9dd0e6af-e034-4d66-a2c5-c97317ef96b1 req-9dd0e6af-e034-4d66-a2c5-c97317ef96b1 ] Request (ServerExternalEventsTest:tearDownClass): 200 GET http://10.180.1.21/compute/v2.1/servers/63253f5d-2d7b-4917-a246-be959b543bd0 0.926s
2025-03-10 15:05:23.569 69371 INFO tempest.lib.common.rest_client [req-acb7670a-3dda-4fe7-9c92-2273281e515a req-acb7670a-3dda-4fe7-9c92-2273281e515a ] Request (DeleteServersAdminTestJSON:test_delete_server_while_in_error_state): 200 GET http://10.180.1.21/compute/v2.1/servers/66dc248c-f0df-44dd-9831-a9d3b11e466b 0.903s
2025-03-10 15:05:23.576 69371 INFO tempest.common.waiters [-] State transition "BUILD/None" ==> "BUILD/networking" after 28 second wait
2025-03-10 15:05:23.580 69409 INFO tempest.lib.common.rest_client [req-6ba59f8e-244a-493e-9fcb-16be0a06d43c req-6ba59f8e-244a-493e-9fcb-16be0a06d43c ] Request (FloatingIPsAssociationTestJSON:setUpClass): 200 GET http://10.180.1.21/compute/v2.1/servers/5af33240-1cf0-46b1-b9fe-3a1012b23755 0.871s
2025-03-10 15:05:23.636 69367 INFO tempest.lib.common.rest_client [req-798a3c56-04da-4e0a-9e43-e5d2f9d13810 req-798a3c56-04da-4e0a-9e43-e5d2f9d13810 ] Request (ListImageFiltersTestJSON:setUpClass): 200 GET http://10.180.1.21/compute/v2.1/servers/f1264ae5-081f-4b56-a375-0567fbefd71d 0.723s
2025-03-10 15:05:23.644 69367 INFO tempest.common.waiters [-] State transition "BUILD/scheduling" ==> "BUILD/None" after 20 second wait
2025-03-10 15:05:23.666 69411 INFO tempest.lib.common.rest_client [req-788e22ab-1440-4636-9973-264f6b3ed473 req-788e22ab-1440-4636-9973-264f6b3ed473 ] Request (ImagesOneServerNegativeTestJSON:_run_cleanups): 204 DELETE http://10.180.1.21/compute/v2.1/servers/29ef3ed0-9bf6-45c9-bd7c-0b94a943e867 0.747s
2025-03-10 15:05:23.733 69385 INFO tempest.lib.common.rest_client [req-22fa279d-cde3-4465-94b2-febc65ac700b req-22fa279d-cde3-4465-94b2-febc65ac700b ] Request (DeleteServersTestJSON:test_delete_server_while_in_attached_volume): 200 GET http://10.180.1.21/compute/v2.1/servers/03a2cb54-acda-4be1-a03f-e0a4274eeaec 0.755s
2025-03-10 15:05:23.737 69399 INFO tempest.lib.common.rest_client [req-e2ac6c1f-b5d7-43b2-9aea-3adb93ea7219 req-e2ac6c1f-b5d7-43b2-9aea-3adb93ea7219 ] Request (AttachInterfacesV270Test:test_create_get_list_interfaces): 200 GET http://10.180.1.21/compute/v2.1/servers/6836ec34-e148-4580-a39b-09bd1fc75d3d 0.769s
2025-03-10 15:05:23.757 69407 INFO tempest.lib.common.rest_client [req-68070ded-2c28-4e2d-99a0-a9e8ec1a99bd req-68070ded-2c28-4e2d-99a0-a9e8ec1a99bd ] Request (ServerShowV254Test:_run_cleanups): 204 DELETE http://10.180.1.21/compute/v2.1/os-keypairs/tempest-ServerShowV254Test-keypair-1564439041 0.748s
2025-03-10 15:05:23.793 69377 WARNING tempest.lib.common.ssh [-] Failed to establish authenticated ssh connection to cirros@10.180.180.226 ([Errno None] Unable to connect to port 22 on 10.180.180.226). Number attempts: 1. Retry after 2 seconds.: paramiko.ssh_exception.NoValidConnectionsError: [Errno None] Unable to connect to port 22 on 10.180.180.226
2025-03-10 15:05:23.859 69401 INFO tempest.lib.common.rest_client [req-acd04774-1593-4220-b7fe-e2febfe7ac8b req-acd04774-1593-4220-b7fe-e2febfe7ac8b ] Request (ServerMetadataNegativeTestJSON:tearDownClass): 200 GET http://10.180.1.21/compute/v2.1/servers/f01b646e-c754-42ed-9a53-2dec0cfb6d47 0.824s
2025-03-10 15:05:23.892 69363 INFO tempest.lib.common.rest_client [req-fb893c31-b0d6-4645-a383-50b6e406e013 req-fb893c31-b0d6-4645-a383-50b6e406e013 ] Request (ServerDiskConfigTestJSON:test_rebuild_server_with_manual_disk_config): 200 GET http://10.180.1.21/compute/v2.1/servers/6765dff9-29d9-477e-be08-bf5cabc069be 0.871s
2025-03-10 15:05:23.943 69395 INFO tempest.lib.common.rest_client [req-eb30b6b5-ea9b-4428-9974-08e964f8c191 req-eb30b6b5-ea9b-4428-9974-08e964f8c191 ] Request (ServerDiagnosticsTest:tearDownClass): 200 GET http://10.180.1.21/compute/v2.1/servers/a188f4ff-95a4-4dcb-9e13-46bc68f89c99 0.829s
2025-03-10 15:05:23.965 69415 INFO tempest.lib.common.rest_client [req-1120bc92-c50c-4768-85df-d80ef3e9a0b3 req-1120bc92-c50c-4768-85df-d80ef3e9a0b3 ] Request (FloatingIPsAssociationNegativeTestJSON:setUpClass): 200 GET http://10.180.1.21/compute/v2.1/servers/318d124d-0fb0-4bb7-9ae4-89baf3885947 0.802s
2025-03-10 15:05:24.025 69387 INFO tempest.lib.common.rest_client [req-c51bc681-69f2-4989-817d-f2deb2cd997f req-c51bc681-69f2-4989-817d-f2deb2cd997f ] Request (ServersTestMultiNic:test_verify_duplicate_network_nics): 200 GET http://10.180.1.21/compute/v2.1/servers/40d98f23-bdd8-4a5d-88a5-51434617b827 0.811s
2025-03-10 15:05:24.046 69389 INFO tempest.lib.common.rest_client [req-4761e2bc-5c59-4214-aa76-2acacc15673a req-4761e2bc-5c59-4214-aa76-2acacc15673a ] Request (ServerDiagnosticsNegativeTest:tearDownClass): 200 GET http://10.180.1.21/compute/v2.1/servers/8f35e7b3-e1aa-444b-b6b5-6ada5a8f14a6 0.746s
2025-03-10 15:05:24.090 69421 INFO tempest.lib.common.rest_client [req-6d904a28-9d50-49a9-b083-fbc48d836cad req-6d904a28-9d50-49a9-b083-fbc48d836cad ] Request (ListServersNegativeTestJSON:setUpClass): 200 GET http://10.180.1.21/compute/v2.1/servers/1ec6ac34-9344-4e84-a4ab-8412fdcfc512 0.714s
2025-03-10 15:05:24.178 69391 INFO tempest.lib.common.rest_client [req-65ab03e7-056d-430a-9c88-230c90836e5d req-65ab03e7-056d-430a-9c88-230c90836e5d ] Request (ImagesOneServerTestJSON:test_create_delete_image): 200 GET http://10.180.1.21/compute/v2.1/servers/ae0d588e-cddd-4704-9222-a512509267b0 0.635s
2025-03-10 15:05:24.190 69391 INFO tempest.common.waiters [-] State transition "ACTIVE/image_uploading" ==> "ACTIVE/None" after 3 second wait
2025-03-10 15:05:24.218 69411 INFO tempest.lib.common.rest_client [req-fad49b4c-ea14-4053-a69f-dd98316919a7 req-fad49b4c-ea14-4053-a69f-dd98316919a7 ] Request (ImagesOneServerNegativeTestJSON:_run_cleanups): 200 GET http://10.180.1.21/compute/v2.1/servers/29ef3ed0-9bf6-45c9-bd7c-0b94a943e867 0.552s
2025-03-10 15:05:24.247 69407 INFO tempest.lib.common.rest_client [req-5246dfc8-f7d9-4498-b4e9-491e2cea18b1 req-5246dfc8-f7d9-4498-b4e9-491e2cea18b1 ] Request (ServerShowV254Test:tearDownClass): 204 DELETE http://10.180.1.21/compute/v2.1/servers/5f7f901f-d2e6-4133-a646-57c1fc88b9ce 0.484s
2025-03-10 15:05:24.269 69361 INFO tempest.lib.common.rest_client [req-0707e5ab-0e4a-43da-8e43-23c9389d926e req-0707e5ab-0e4a-43da-8e43-23c9389d926e ] Request (ServersAdminNegativeTestJSON:setUpClass): 200 GET http://10.180.1.21/compute/v2.1/servers/3052d916-ba81-4058-bc1e-ff51fc529ce0 0.492s
2025-03-10 15:05:24.304 69405 INFO tempest.lib.common.rest_client [req-1dd3115d-436f-4ac6-ab76-60108337dbbe req-1dd3115d-436f-4ac6-ab76-60108337dbbe ] Request (ServersTestFqdnHostnames:test_create_server_with_fqdn_name): 200 GET http://10.180.1.21/compute/v2.1/servers/c3fde463-d065-4ad8-9971-c00929b3873c 0.262s
2025-03-10 15:05:24.320 69365 INFO tempest.lib.common.rest_client [req-853c8908-d3db-4332-815f-9037e95294a0 req-853c8908-d3db-4332-815f-9037e95294a0 ] Request (ServerActionsTestOtherA:setUpClass): 200 GET http://10.180.1.21/compute/v2.1/servers/c5fbfa59-eeed-4220-bc40-50618af87a67 0.245s
2025-03-10 15:05:24.363 69413 INFO tempest.lib.common.rest_client [req-d2702e0e-159a-4168-8694-3c5320e7c7fa req-d2702e0e-159a-4168-8694-3c5320e7c7fa ] Request (ServersAdminTestJSON:setUpClass): 200 GET http://10.180.1.21/compute/v2.1/servers/d1b5f395-8206-4326-a78a-b4fa7235aebb 0.213s
2025-03-10 15:05:24.411 69391 INFO tempest.lib.common.rest_client [req-7562ab04-3d4e-4a2b-8765-0125e561da26 req-7562ab04-3d4e-4a2b-8765-0125e561da26 ] Request (ImagesOneServerTestJSON:test_create_delete_image): 200 GET http://10.180.1.21/compute/v2.1/images/a17951c8-e6c8-413c-9c3b-51d6987c2367 0.219s
2025-03-10 15:05:24.470 69383 INFO tempest.lib.common.rest_client [req-3a30cd5b-fcc9-4362-9be2-5f19b8f7e577 req-3a30cd5b-fcc9-4362-9be2-5f19b8f7e577 ] Request (ServerTagsTestJSON:setUpClass): 200 GET http://10.180.1.21/compute/v2.1/servers/3dfa074e-f205-4cef-91c5-685c51956b35 0.244s
2025-03-10 15:05:24.479 69393 INFO tempest.lib.common.rest_client [req-09f597cc-059a-444f-8ef0-35419613300a req-09f597cc-059a-444f-8ef0-35419613300a ] Request (MigrationsAdminTest:test_list_migrations_in_flavor_resize_situation): 200 GET http://10.180.1.21/compute/v2.1/servers/41e6dba2-9431-4197-b797-d486e5c406e1 0.315s
2025-03-10 15:05:24.489 69393 INFO tempest.common.waiters [-] State transition "RESIZE/resize_prep" ==> "RESIZE/resize_migrating" after 31 second wait
2025-03-10 15:05:24.497 69373 WARNING tempest.lib.common.ssh [-] Failed to establish authenticated ssh connection to cirros@10.180.180.246 ([Errno None] Unable to connect to port 22 on 10.180.180.246). Number attempts: 6. Retry after 7 seconds.: paramiko.ssh_exception.NoValidConnectionsError: [Errno None] Unable to connect to port 22 on 10.180.180.246
2025-03-10 15:05:24.528 69423 INFO tempest.lib.common.rest_client [req-58f311af-08d1-4fa8-9e2e-05849cd8ea37 req-58f311af-08d1-4fa8-9e2e-05849cd8ea37 ] Request (ServerAddressesNegativeTestJSON:setUpClass): 200 GET http://10.180.1.21/compute/v2.1/servers/7561c1e5-f1c3-4f9b-bb54-74b3ee5c3bce 0.285s
2025-03-10 15:05:24.531 69407 INFO tempest.lib.common.rest_client [req-a0af9712-2f88-4657-97f7-cc71e69e272f req-a0af9712-2f88-4657-97f7-cc71e69e272f ] Request (ServerShowV254Test:tearDownClass): 200 GET http://10.180.1.21/compute/v2.1/servers/5f7f901f-d2e6-4133-a646-57c1fc88b9ce 0.284s
2025-03-10 15:05:24.548 69391 INFO tempest.lib.common.rest_client [req-5671c0d0-8bf8-4645-b574-1ebaf595a68c req-5671c0d0-8bf8-4645-b574-1ebaf595a68c ] Request (ImagesOneServerTestJSON:test_create_delete_image): 200 GET http://10.180.1.21/compute/v2.1/flavors/42 0.132s
2025-03-10 15:05:24.580 69397 INFO tempest.lib.common.rest_client [req-9a11b18f-d6a4-4580-b511-a460bd8bcbc7 req-9a11b18f-d6a4-4580-b511-a460bd8bcbc7 ] Request (ServerRescueTestJSON:test_rescue_unrescue_instance): 200 GET http://10.180.1.21/compute/v2.1/servers/b8f1d0bd-33ff-43cb-9cb1-8f4be2b78cc3 0.287s
2025-03-10 15:05:24.598 69419 INFO tempest.lib.common.rest_client [req-b823d5ba-5880-4271-b1fa-b79c78b761d0 req-b823d5ba-5880-4271-b1fa-b79c78b761d0 ] Request (ServerExternalEventsTest:tearDownClass): 200 GET http://10.180.1.21/compute/v2.1/servers/63253f5d-2d7b-4917-a246-be959b543bd0 0.062s
2025-03-10 15:05:24.685 69391 INFO tempest.lib.common.rest_client [req-538721c7-d4b4-4935-83c7-58c2b0235bad req-538721c7-d4b4-4935-83c7-58c2b0235bad ] Request (ImagesOneServerTestJSON:test_create_delete_image): 204 DELETE http://10.180.1.21/compute/v2.1/images/fc74c130-de43-4b93-a79d-65b628ed0f07 0.136s
2025-03-10 15:05:24.687 69371 INFO tempest.lib.common.rest_client [req-99597f02-3952-4e36-b657-9fa066f1a097 req-99597f02-3952-4e36-b657-9fa066f1a097 ] Request (DeleteServersAdminTestJSON:test_delete_server_while_in_error_state): 200 GET http://10.180.1.21/compute/v2.1/servers/66dc248c-f0df-44dd-9831-a9d3b11e466b 0.108s
2025-03-10 15:05:24.694 69371 INFO tempest.common.waiters [-] State transition "BUILD/networking" ==> "BUILD/spawning" after 29 second wait
2025-03-10 15:05:24.742 69367 INFO tempest.lib.common.rest_client [req-dc92a4dd-8b11-4d52-8372-319aaf53c53c req-dc92a4dd-8b11-4d52-8372-319aaf53c53c ] Request (ListImageFiltersTestJSON:setUpClass): 200 GET http://10.180.1.21/compute/v2.1/servers/f1264ae5-081f-4b56-a375-0567fbefd71d 0.097s
2025-03-10 15:05:24.743 69409 INFO tempest.lib.common.rest_client [req-7133ef37-4cf5-4204-90c3-fec935c3b6ce req-7133ef37-4cf5-4204-90c3-fec935c3b6ce ] Request (FloatingIPsAssociationTestJSON:setUpClass): 200 GET http://10.180.1.21/compute/v2.1/servers/5af33240-1cf0-46b1-b9fe-3a1012b23755 0.151s
2025-03-10 15:05:24.762 69391 INFO tempest.lib.common.rest_client [req-e55a9b61-b47e-418a-9e3b-433ef77154db req-e55a9b61-b47e-418a-9e3b-433ef77154db ] Request (ImagesOneServerTestJSON:test_create_delete_image): 404 GET http://10.180.1.21/compute/v2.1/images/fc74c130-de43-4b93-a79d-65b628ed0f07 0.076s
2025-03-10 15:05:24.796 69385 INFO tempest.lib.common.rest_client [req-407d5f53-8fe1-469f-ae4f-a5e2e3929d11 req-407d5f53-8fe1-469f-ae4f-a5e2e3929d11 ] Request (DeleteServersTestJSON:test_delete_server_while_in_attached_volume): 200 GET http://10.180.1.21/compute/v2.1/servers/03a2cb54-acda-4be1-a03f-e0a4274eeaec 0.053s
2025-03-10 15:05:24.835 69399 INFO tempest.lib.common.rest_client [req-5b8eec6c-427e-4e8c-84d6-0d5ba1d8664c req-5b8eec6c-427e-4e8c-84d6-0d5ba1d8664c ] Request (AttachInterfacesV270Test:test_create_get_list_interfaces): 200 GET http://10.180.1.21/compute/v2.1/servers/6836ec34-e148-4580-a39b-09bd1fc75d3d 0.080s
2025-03-10 15:05:24.924 69401 INFO tempest.lib.common.rest_client [req-2d61ebd3-89f4-4d10-8037-9557c8b6878d req-2d61ebd3-89f4-4d10-8037-9557c8b6878d ] Request (ServerMetadataNegativeTestJSON:tearDownClass): 200 GET http://10.180.1.21/compute/v2.1/servers/f01b646e-c754-42ed-9a53-2dec0cfb6d47 0.057s
2025-03-10 15:05:25.012 69363 INFO tempest.lib.common.rest_client [req-8e34feb3-f7e7-45fb-b47b-097ff49d97ea req-8e34feb3-f7e7-45fb-b47b-097ff49d97ea ] Request (ServerDiskConfigTestJSON:test_rebuild_server_with_manual_disk_config): 200 GET http://10.180.1.21/compute/v2.1/servers/6765dff9-29d9-477e-be08-bf5cabc069be 0.112s
2025-03-10 15:05:25.067 69395 INFO tempest.lib.common.rest_client [req-87210dc9-8005-4030-8b52-d6927f1a54fc req-87210dc9-8005-4030-8b52-d6927f1a54fc ] Request (ServerDiagnosticsTest:tearDownClass): 200 GET http://10.180.1.21/compute/v2.1/servers/a188f4ff-95a4-4dcb-9e13-46bc68f89c99 0.113s
2025-03-10 15:05:25.115 69415 INFO tempest.lib.common.rest_client [req-0ed2f5a3-0b4f-4762-bc2e-8e768a47fc57 req-0ed2f5a3-0b4f-4762-bc2e-8e768a47fc57 ] Request (FloatingIPsAssociationNegativeTestJSON:setUpClass): 200 GET http://10.180.1.21/compute/v2.1/servers/318d124d-0fb0-4bb7-9ae4-89baf3885947 0.142s
2025-03-10 15:05:25.158 69387 INFO tempest.lib.common.rest_client [req-6950454c-a9f4-499b-9e26-415e34668ff2 req-6950454c-a9f4-499b-9e26-415e34668ff2 ] Request (ServersTestMultiNic:test_verify_duplicate_network_nics): 200 GET http://10.180.1.21/compute/v2.1/servers/40d98f23-bdd8-4a5d-88a5-51434617b827 0.121s
2025-03-10 15:05:25.177 69391 INFO tempest.lib.common.rest_client [req-66b24d58-f5b2-4ebe-8bc5-ee2baaaaef8c req-66b24d58-f5b2-4ebe-8bc5-ee2baaaaef8c ] Request (ImagesOneServerTestJSON:test_create_image_specify_multibyte_character_image_name): 202 POST http://10.180.1.21/compute/v2.1/servers/ae0d588e-cddd-4704-9222-a512509267b0/action 0.413s
2025-03-10 15:05:25.210 69389 INFO tempest.lib.common.rest_client [req-605b81a3-55a8-4e54-b91b-fd2edcb8bc52 req-605b81a3-55a8-4e54-b91b-fd2edcb8bc52 ] Request (ServerDiagnosticsNegativeTest:tearDownClass): 200 GET http://10.180.1.21/compute/v2.1/servers/8f35e7b3-e1aa-444b-b6b5-6ada5a8f14a6 0.154s
2025-03-10 15:05:25.224 69421 INFO tempest.lib.common.rest_client [req-3441d329-ae8d-4ab6-bf94-263cb298a489 req-3441d329-ae8d-4ab6-bf94-263cb298a489 ] Request (ListServersNegativeTestJSON:setUpClass): 200 GET http://10.180.1.21/compute/v2.1/servers/1ec6ac34-9344-4e84-a4ab-8412fdcfc512 0.125s
2025-03-10 15:05:25.240 69391 INFO tempest.lib.common.rest_client [req-f1080a6a-6e07-4a54-972c-22c2113d5bfb req-f1080a6a-6e07-4a54-972c-22c2113d5bfb ] Request (ImagesOneServerTestJSON:test_create_image_specify_multibyte_character_image_name): 200 GET http://10.180.1.21/compute/v2.1/images/e65cdc2d-1447-442f-b125-562e16f0cab5 0.061s
2025-03-10 15:05:25.343 69411 INFO tempest.lib.common.rest_client [req-cdd087f2-9f4a-403f-aab2-1f4418259cb8 req-cdd087f2-9f4a-403f-aab2-1f4418259cb8 ] Request (ImagesOneServerNegativeTestJSON:_run_cleanups): 200 GET http://10.180.1.21/compute/v2.1/servers/29ef3ed0-9bf6-45c9-bd7c-0b94a943e867 0.117s
2025-03-10 15:05:25.347 69361 INFO tempest.lib.common.rest_client [req-f3e54102-ffc0-4849-bc4a-1b1ee2e4a822 req-f3e54102-ffc0-4849-bc4a-1b1ee2e4a822 ] Request (ServersAdminNegativeTestJSON:setUpClass): 200 GET http://10.180.1.21/compute/v2.1/servers/3052d916-ba81-4058-bc1e-ff51fc529ce0 0.067s
2025-03-10 15:05:25.400 69405 INFO tempest.lib.common.rest_client [req-0b890ecf-c40f-498b-be8d-de9c271577e5 req-0b890ecf-c40f-498b-be8d-de9c271577e5 ] Request (ServersTestFqdnHostnames:test_create_server_with_fqdn_name): 200 GET http://10.180.1.21/compute/v2.1/servers/c3fde463-d065-4ad8-9971-c00929b3873c 0.087s
2025-03-10 15:05:25.406 69365 INFO tempest.lib.common.rest_client [req-58bc144a-920a-4f52-a486-d61b506761d3 req-58bc144a-920a-4f52-a486-d61b506761d3 ] Request (ServerActionsTestOtherA:setUpClass): 200 GET http://10.180.1.21/compute/v2.1/servers/c5fbfa59-eeed-4220-bc40-50618af87a67 0.077s
2025-03-10 15:05:25.453 69413 INFO tempest.lib.common.rest_client [req-c149536b-d382-4db6-90a2-132e52cb7df0 req-c149536b-d382-4db6-90a2-132e52cb7df0 ] Request (ServersAdminTestJSON:setUpClass): 200 GET http://10.180.1.21/compute/v2.1/servers/d1b5f395-8206-4326-a78a-b4fa7235aebb 0.080s
2025-03-10 15:05:25.609 69383 INFO tempest.lib.common.rest_client [req-84bbdce8-b00c-4ae4-9bdf-34028d6af5cd req-84bbdce8-b00c-4ae4-9bdf-34028d6af5cd ] Request (ServerTagsTestJSON:setUpClass): 200 GET http://10.180.1.21/compute/v2.1/servers/3dfa074e-f205-4cef-91c5-685c51956b35 0.129s
2025-03-10 15:05:25.642 69393 INFO tempest.lib.common.rest_client [req-cea03055-9856-46a8-bd05-37128f9f6fb4 req-cea03055-9856-46a8-bd05-37128f9f6fb4 ] Request (MigrationsAdminTest:test_list_migrations_in_flavor_resize_situation): 200 GET http://10.180.1.21/compute/v2.1/servers/41e6dba2-9431-4197-b797-d486e5c406e1 0.152s
2025-03-10 15:05:25.670 69423 INFO tempest.lib.common.rest_client [req-4a59200d-020b-43bd-b72f-47faea8856dc req-4a59200d-020b-43bd-b72f-47faea8856dc ] Request (ServerAddressesNegativeTestJSON:setUpClass): 200 GET http://10.180.1.21/compute/v2.1/servers/7561c1e5-f1c3-4f9b-bb54-74b3ee5c3bce 0.133s
