2025-03-10 15:06:30.330 69423 INFO tempest.lib.common.rest_client [req-5744b5a2-0c9c-470e-af38-09e328c97a4c req-5744b5a2-0c9c-470e-af38-09e328c97a4c ] Request (ServerAddressesNegativeTestJSON:tearDownClass): 200 GET http://10.180.1.21/compute/v2.1/servers/7561c1e5-f1c3-4f9b-bb54-74b3ee5c3bce 0.076s
2025-03-10 15:06:30.387 69421 INFO tempest.lib.common.rest_client [req-cc72ab2c-f733-4031-bc02-3bc34e7700ac req-cc72ab2c-f733-4031-bc02-3bc34e7700ac ] Request (ListServersNegativeTestJSON:setUpClass): 200 GET http://10.180.1.21/compute/v2.1/servers/1ec6ac34-9344-4e84-a4ab-8412fdcfc512 0.064s
2025-03-10 15:06:30.398 69387 INFO tempest.lib.common.rest_client [req-3018e556-9d55-4fe6-8b73-c57212e14c12 req-3018e556-9d55-4fe6-8b73-c57212e14c12 ] Request (ServersTestMultiNic:_run_cleanups): 204 DELETE http://10.180.1.21:9696/networking/v2.0/subnets/6d81db95-e595-469f-ae25-575853242eb4 0.151s
2025-03-10 15:06:30.424 69371 INFO tempest.lib.common.rest_client [req-4e1a4ea3-2624-42b4-857c-fb4ab3727d9b req-4e1a4ea3-2624-42b4-857c-fb4ab3727d9b ] Request (ImagesTestJSON:test_create_image_from_stopped_server): 200 GET http://10.180.1.21/compute/v2.1/servers/a0359bd2-810e-482e-ab77-6a4f2c46872a 0.058s
2025-03-10 15:06:30.484 69361 INFO tempest.lib.common.rest_client [req-436a62b3-5c70-4add-849a-bfc4d766a06a req-436a62b3-5c70-4add-849a-bfc4d766a06a ] Request (ServersAdminNegativeTestJSON:test_migrate_server_invalid_state): 200 GET http://10.180.1.21/compute/v2.1/servers/e042d33d-8024-4cad-b057-dc0c8036024e 0.069s
2025-03-10 15:06:30.494 69361 INFO tempest.common.waiters [-] State transition "BUILD/scheduling" ==> "BUILD/None" after 44 second wait
2025-03-10 15:06:30.513 69373 INFO tempest.lib.common.rest_client [req-946ecd9f-09ef-4c59-88b3-b63f1b71cbc0 req-946ecd9f-09ef-4c59-88b3-b63f1b71cbc0 ] Request (ServersWithSpecificFlavorTestJSON:test_verify_created_server_ephemeral_disk): 200 GET http://10.180.1.21/compute/v2.1/servers/0a09110f-f96d-4f19-92bb-984ebafb9f76 0.054s
2025-03-10 15:06:30.571 69413 INFO tempest.lib.common.rest_client [req-df149c4f-1b6b-4561-8c71-5734f95843fa req-df149c4f-1b6b-4561-8c71-5734f95843fa ] Request (ServersAdminTestJSON:test_create_server_with_scheduling_hint): 200 GET http://10.180.1.21/compute/v2.1/servers/d437a775-e75e-4593-a0b5-1e7f249eb942 0.051s
2025-03-10 15:06:30.631 69387 INFO tempest.lib.common.rest_client [req-7769f1eb-48f2-4191-90a7-c96f1930ae27 req-7769f1eb-48f2-4191-90a7-c96f1930ae27 ] Request (ServersTestMultiNic:_run_cleanups): 204 DELETE http://10.180.1.21:9696/networking/v2.0/networks/2abaa59b-461e-4705-af19-635cce7c23f7 0.232s
2025-03-10 15:06:30.709 69389 INFO tempest.lib.common.rest_client [req-445e51fa-359d-4cc7-acc5-4adee34d555d req-445e51fa-359d-4cc7-acc5-4adee34d555d ] Request (ServerActionsTestOtherB:setUpClass): 200 GET http://10.180.1.21/compute/v2.1/servers/983aa6f2-dc56-45d9-8b35-688d75f63525 0.055s
2025-03-10 15:06:30.715 69393 INFO tempest.lib.common.rest_client [req-6250902f-bed8-4303-a34e-7c5f3d81f364 req-6250902f-bed8-4303-a34e-7c5f3d81f364 ] Request (MigrationsAdminTest:test_resize_server_revert_deleted_flavor): 200 GET http://10.180.1.21/compute/v2.1/servers/d623caaa-5a89-4a77-8551-af042fdfa849 0.057s
2025-03-10 15:06:30.736 69387 INFO tempest.lib.common.rest_client [req-47798bcc-e78c-424b-a869-9a30e234cc7e req-47798bcc-e78c-424b-a869-9a30e234cc7e ] Request (ServersTestMultiNic:test_verify_multiple_nics_order): 201 POST http://10.180.1.21:9696/networking/v2.0/networks 0.103s
2025-03-10 15:06:30.764 69391 INFO tempest.lib.common.rest_client [req-3ce34f9f-180e-4f82-a3a0-acb5d31309f7 req-3ce34f9f-180e-4f82-a3a0-acb5d31309f7 ] Request (ServersTestJSON:setUpClass): 200 GET http://10.180.1.21/compute/v2.1/servers/13669a24-f475-4bb4-89d7-c63f2b3d7cb7 0.058s
2025-03-10 15:06:30.831 69411 INFO tempest.lib.common.rest_client [req-bb7d9339-bbdb-4dc6-ac3d-f15a61b0fcf4 req-bb7d9339-bbdb-4dc6-ac3d-f15a61b0fcf4 ] Request (ImagesOneServerNegativeTestJSON:_run_cleanups): 200 GET http://10.180.1.21/compute/v2.1/servers/5e59e394-e20c-4046-89f6-df939d8353fa 0.058s
2025-03-10 15:06:30.913 69387 INFO tempest.lib.common.rest_client [req-cc2e15b6-cf2f-4083-9765-818767a416fb req-cc2e15b6-cf2f-4083-9765-818767a416fb ] Request (ServersTestMultiNic:test_verify_multiple_nics_order): 201 POST http://10.180.1.21:9696/networking/v2.0/subnets 0.177s
2025-03-10 15:06:31.006 69387 INFO tempest.lib.common.rest_client [req-17c90f88-95df-441c-af32-9283bfe3ea9b req-17c90f88-95df-441c-af32-9283bfe3ea9b ] Request (ServersTestMultiNic:test_verify_multiple_nics_order): 201 POST http://10.180.1.21:9696/networking/v2.0/networks 0.092s
2025-03-10 15:06:31.100 69395 INFO tempest.lib.common.rest_client [req-45529a78-e70b-4fb0-9eac-c5e9a58047c4 req-45529a78-e70b-4fb0-9eac-c5e9a58047c4 ] Request (ServersAdmin275Test:test_rebuild_update_server_275): 200 GET http://10.180.1.21/compute/v2.1/servers/c73bd3ee-de47-4233-8e0c-afc51c210f96 0.061s
2025-03-10 15:06:31.155 69397 INFO tempest.lib.common.rest_client [req-073c3916-01dd-4036-b2e0-cdd796dc5b6a req-073c3916-01dd-4036-b2e0-cdd796dc5b6a ] Request (ServerRescueTestJSON:test_rescue_unrescue_instance): 200 GET http://10.180.1.21/compute/v2.1/servers/b8f1d0bd-33ff-43cb-9cb1-8f4be2b78cc3 0.074s
2025-03-10 15:06:31.198 69383 INFO tempest.lib.common.rest_client [req-9f99246c-f8c7-4058-b6d7-05ea190dae8f req-9f99246c-f8c7-4058-b6d7-05ea190dae8f ] Request (ServerTagsTestJSON:tearDownClass): 200 GET http://10.180.1.21/compute/v2.1/servers/3dfa074e-f205-4cef-91c5-685c51956b35 0.145s
2025-03-10 15:06:31.201 69387 INFO tempest.lib.common.rest_client [req-e182020d-8d8d-4757-958f-58f889e9eb8c req-e182020d-8d8d-4757-958f-58f889e9eb8c ] Request (ServersTestMultiNic:test_verify_multiple_nics_order): 201 POST http://10.180.1.21:9696/networking/v2.0/subnets 0.194s
2025-03-10 15:06:31.211 69385 INFO tempest.lib.common.rest_client [req-1c0bd7a9-8692-499e-b3eb-6dc1e0dfb2ce req-1c0bd7a9-8692-499e-b3eb-6dc1e0dfb2ce ] Request (DeleteServersTestJSON:test_delete_server_while_in_shelved_state): 200 GET http://10.180.1.21/compute/v2.1/servers/6bf2a94d-6a19-4fce-a7f2-157b8b59d980 0.108s
2025-03-10 15:06:31.250 69409 INFO tempest.lib.common.rest_client [req-21215ec6-da81-4700-9d0d-a6a12434357f req-21215ec6-da81-4700-9d0d-a6a12434357f ] Request (FloatingIPsAssociationTestJSON:setUpClass): 200 GET http://10.180.1.21/compute/v2.1/servers/5af33240-1cf0-46b1-b9fe-3a1012b23755 0.110s
2025-03-10 15:06:31.264 69363 INFO tempest.lib.common.rest_client [req-e54f1017-0b37-406a-8dfd-3691c8a46ed0 req-e54f1017-0b37-406a-8dfd-3691c8a46ed0 ] Request (ServerDiskConfigTestJSON:test_resize_server_from_auto_to_manual): 200 GET http://10.180.1.21/compute/v2.1/servers/fc2e1749-d081-4b11-a32d-303fb3675481 0.121s
2025-03-10 15:06:31.275 69387 INFO tempest.lib.common.rest_client [req-1814aeb5-61a6-483d-a01e-7081ccb14ae4 req-1814aeb5-61a6-483d-a01e-7081ccb14ae4 ] Request (ServersTestMultiNic:test_verify_multiple_nics_order): 201 POST http://10.180.1.21/identity/v3/auth/tokens 0.071s
2025-03-10 15:06:31.276 69387 INFO tempest.lib.common.fixed_network [-] (ServersTestMultiNic:test_verify_multiple_nics_order) Found network {'id': '2a449918-4c39-4eec-930b-40e3c89e7517', 'name': 'tempest-ServersTestMultiNic-454523562-network', 'tenant_id': 'c31754310d7a4b42bad6895bcdfb35de', 'admin_state_up': True, 'mtu': 8950, 'status': 'ACTIVE', 'subnets': [], 'shared': False, 'project_id': 'c31754310d7a4b42bad6895bcdfb35de', 'port_security_enabled': True, 'router:external': False, 'provider:network_type': 'vlan', 'provider:physical_network': 'default', 'provider:segmentation_id': 721, 'availability_zone_hints': [], 'availability_zones': [], 'ipv4_address_scope': None, 'ipv6_address_scope': None, 'description': '', 'tags': [], 'created_at': '2025-03-10T15:04:44Z', 'updated_at': '2025-03-10T15:04:44Z', 'revision_number': 1} available for tenant
2025-03-10 15:06:31.307 69399 INFO tempest.lib.common.rest_client [req-a15efed6-2aaf-4710-a809-d9c798f162d1 req-a15efed6-2aaf-4710-a809-d9c798f162d1 ] Request (AttachInterfacesV270Test:test_create_get_list_interfaces): 200 GET http://10.180.1.21/compute/v2.1/servers/6836ec34-e148-4580-a39b-09bd1fc75d3d 0.119s
2025-03-10 15:06:31.346 69415 INFO tempest.lib.common.rest_client [req-cf16dfba-4a81-4eee-bb03-f2163a7927d5 req-cf16dfba-4a81-4eee-bb03-f2163a7927d5 ] Request (FloatingIPsAssociationNegativeTestJSON:tearDownClass): 200 GET http://10.180.1.21/compute/v2.1/servers/318d124d-0fb0-4bb7-9ae4-89baf3885947 0.095s
2025-03-10 15:06:31.381 69367 INFO tempest.lib.common.rest_client [req-4895075a-c9cf-4a34-b3d2-01d6277f545a req-4895075a-c9cf-4a34-b3d2-01d6277f545a ] Request (ListImageFiltersTestJSON:setUpClass): 200 GET http://10.180.1.21/compute/v2.1/images/d4244f05-46e7-4927-8749-f89ac84de8c6 0.077s
2025-03-10 15:06:31.463 69423 INFO tempest.lib.common.rest_client [req-91e69de5-f7e6-4e77-92a6-6c85ebe14845 req-91e69de5-f7e6-4e77-92a6-6c85ebe14845 ] Request (ServerAddressesNegativeTestJSON:tearDownClass): 200 GET http://10.180.1.21/compute/v2.1/servers/7561c1e5-f1c3-4f9b-bb54-74b3ee5c3bce 0.121s
2025-03-10 15:06:31.532 69421 INFO tempest.lib.common.rest_client [req-9f7ef7d7-70b0-475d-aa35-f55600321055 req-9f7ef7d7-70b0-475d-aa35-f55600321055 ] Request (ListServersNegativeTestJSON:setUpClass): 200 GET http://10.180.1.21/compute/v2.1/servers/1ec6ac34-9344-4e84-a4ab-8412fdcfc512 0.138s
2025-03-10 15:06:31.589 69371 INFO tempest.lib.common.rest_client [req-68186665-10c4-4795-8b6f-12c7e992f1ba req-68186665-10c4-4795-8b6f-12c7e992f1ba ] Request (ImagesTestJSON:test_create_image_from_stopped_server): 200 GET http://10.180.1.21/compute/v2.1/servers/a0359bd2-810e-482e-ab77-6a4f2c46872a 0.153s
2025-03-10 15:06:31.655 69361 INFO tempest.lib.common.rest_client [req-284d1164-50f3-4e97-aa14-a6f37101db5c req-284d1164-50f3-4e97-aa14-a6f37101db5c ] Request (ServersAdminNegativeTestJSON:test_migrate_server_invalid_state): 200 GET http://10.180.1.21/compute/v2.1/servers/e042d33d-8024-4cad-b057-dc0c8036024e 0.159s
2025-03-10 15:06:31.714 69373 INFO tempest.lib.common.rest_client [req-c4692275-9d93-451d-b8ff-0516a674327c req-c4692275-9d93-451d-b8ff-0516a674327c ] Request (ServersWithSpecificFlavorTestJSON:test_verify_created_server_ephemeral_disk): 200 GET http://10.180.1.21/compute/v2.1/servers/0a09110f-f96d-4f19-92bb-984ebafb9f76 0.192s
2025-03-10 15:06:31.766 69413 INFO tempest.lib.common.rest_client [req-9b695142-15ad-4caf-a583-b1cdc2a88b27 req-9b695142-15ad-4caf-a583-b1cdc2a88b27 ] Request (ServersAdminTestJSON:test_create_server_with_scheduling_hint): 200 GET http://10.180.1.21/compute/v2.1/servers/d437a775-e75e-4593-a0b5-1e7f249eb942 0.186s
2025-03-10 15:06:31.791 69387 INFO tempest.lib.common.rest_client [req-c110cbb9-223d-4ec7-a185-a312aa2788ec req-c110cbb9-223d-4ec7-a185-a312aa2788ec ] Request (ServersTestMultiNic:test_verify_multiple_nics_order): 202 POST http://10.180.1.21/compute/v2.1/servers 0.515s
2025-03-10 15:06:31.812 69389 INFO tempest.lib.common.rest_client [req-77e75e0f-0824-46a0-99d6-ef2741c503a6 req-77e75e0f-0824-46a0-99d6-ef2741c503a6 ] Request (ServerActionsTestOtherB:setUpClass): 200 GET http://10.180.1.21/compute/v2.1/servers/983aa6f2-dc56-45d9-8b35-688d75f63525 0.091s
2025-03-10 15:06:31.839 69393 INFO tempest.lib.common.rest_client [req-a70778ac-47f2-4ddc-bc96-b5c76bd20e0c req-a70778ac-47f2-4ddc-bc96-b5c76bd20e0c ] Request (MigrationsAdminTest:test_resize_server_revert_deleted_flavor): 200 GET http://10.180.1.21/compute/v2.1/servers/d623caaa-5a89-4a77-8551-af042fdfa849 0.115s
2025-03-10 15:06:31.861 69391 INFO tempest.lib.common.rest_client [req-a454ad44-38f3-4af5-b29e-6d57fa7eee84 req-a454ad44-38f3-4af5-b29e-6d57fa7eee84 ] Request (ServersTestJSON:setUpClass): 200 GET http://10.180.1.21/compute/v2.1/servers/13669a24-f475-4bb4-89d7-c63f2b3d7cb7 0.087s
2025-03-10 15:06:31.875 69387 INFO tempest.lib.common.rest_client [req-111bea9e-e1bf-41c6-969a-3b169459ee21 req-111bea9e-e1bf-41c6-969a-3b169459ee21 ] Request (ServersTestMultiNic:test_verify_multiple_nics_order): 200 GET http://10.180.1.21/compute/v2.1/servers/d246bc31-b065-414f-bec4-98bb0d2828c6 0.082s
2025-03-10 15:06:31.905 69411 INFO tempest.lib.common.rest_client [req-1dae7704-b939-41fd-9b60-334a23daf568 req-1dae7704-b939-41fd-9b60-334a23daf568 ] Request (ImagesOneServerNegativeTestJSON:_run_cleanups): 200 GET http://10.180.1.21/compute/v2.1/servers/5e59e394-e20c-4046-89f6-df939d8353fa 0.064s
2025-03-10 15:06:32.161 69395 INFO tempest.lib.common.rest_client [req-71fb0b88-f928-4964-baef-87edf88c53b9 req-71fb0b88-f928-4964-baef-87edf88c53b9 ] Request (ServersAdmin275Test:test_rebuild_update_server_275): 200 GET http://10.180.1.21/compute/v2.1/servers/c73bd3ee-de47-4233-8e0c-afc51c210f96 0.051s
2025-03-10 15:06:32.215 69397 INFO tempest.lib.common.rest_client [req-32799d1b-e700-4e8a-9b46-ce0f489fd5ac req-32799d1b-e700-4e8a-9b46-ce0f489fd5ac ] Request (ServerRescueTestJSON:test_rescue_unrescue_instance): 200 GET http://10.180.1.21/compute/v2.1/servers/b8f1d0bd-33ff-43cb-9cb1-8f4be2b78cc3 0.048s
2025-03-10 15:06:32.275 69385 INFO tempest.lib.common.rest_client [req-83df4be6-5c62-44dd-a481-b5e895866ad1 req-83df4be6-5c62-44dd-a481-b5e895866ad1 ] Request (DeleteServersTestJSON:test_delete_server_while_in_shelved_state): 200 GET http://10.180.1.21/compute/v2.1/servers/6bf2a94d-6a19-4fce-a7f2-157b8b59d980 0.052s
2025-03-10 15:06:32.307 69383 INFO tempest.lib.common.rest_client [req-bbc04d5c-89cd-43ed-bec1-eabcd3ebbf2b req-bbc04d5c-89cd-43ed-bec1-eabcd3ebbf2b ] Request (ServerTagsTestJSON:tearDownClass): 200 GET http://10.180.1.21/compute/v2.1/servers/3dfa074e-f205-4cef-91c5-685c51956b35 0.095s
2025-03-10 15:06:32.321 69409 INFO tempest.lib.common.rest_client [req-00a42943-5ca6-45f9-aacf-415b6d9572f2 req-00a42943-5ca6-45f9-aacf-415b6d9572f2 ] Request (FloatingIPsAssociationTestJSON:setUpClass): 200 GET http://10.180.1.21/compute/v2.1/servers/5af33240-1cf0-46b1-b9fe-3a1012b23755 0.062s
2025-03-10 15:06:32.357 69363 INFO tempest.lib.common.rest_client [req-feb1e2b5-c250-448f-921e-620c59fcce83 req-feb1e2b5-c250-448f-921e-620c59fcce83 ] Request (ServerDiskConfigTestJSON:test_resize_server_from_auto_to_manual): 200 GET http://10.180.1.21/compute/v2.1/servers/fc2e1749-d081-4b11-a32d-303fb3675481 0.084s
2025-03-10 15:06:32.375 69399 INFO tempest.lib.common.rest_client [req-8b22a576-f84d-4315-aa8a-7d78adb37541 req-8b22a576-f84d-4315-aa8a-7d78adb37541 ] Request (AttachInterfacesV270Test:test_create_get_list_interfaces): 200 GET http://10.180.1.21/compute/v2.1/servers/6836ec34-e148-4580-a39b-09bd1fc75d3d 0.056s
2025-03-10 15:06:32.418 69415 INFO tempest.lib.common.rest_client [req-70864d31-62ca-47f9-8d26-84c4ea4dee2e req-70864d31-62ca-47f9-8d26-84c4ea4dee2e ] Request (FloatingIPsAssociationNegativeTestJSON:tearDownClass): 200 GET http://10.180.1.21/compute/v2.1/servers/318d124d-0fb0-4bb7-9ae4-89baf3885947 0.060s
2025-03-10 15:06:32.418 69367 INFO tempest.lib.common.rest_client [req-68cf1e40-dd19-4080-a9a7-e2bc5b5ad13c req-68cf1e40-dd19-4080-a9a7-e2bc5b5ad13c ] Request (ListImageFiltersTestJSON:setUpClass): 200 GET http://10.180.1.21/compute/v2.1/images/d4244f05-46e7-4927-8749-f89ac84de8c6 0.033s
2025-03-10 15:06:32.528 69423 INFO tempest.lib.common.rest_client [req-37df31c4-6a22-4aa4-a530-253ca8658536 req-37df31c4-6a22-4aa4-a530-253ca8658536 ] Request (ServerAddressesNegativeTestJSON:tearDownClass): 200 GET http://10.180.1.21/compute/v2.1/servers/7561c1e5-f1c3-4f9b-bb54-74b3ee5c3bce 0.056s
2025-03-10 15:06:32.681 69371 INFO tempest.lib.common.rest_client [req-3e14b5be-5cbd-4118-85b9-c7b22ed08605 req-3e14b5be-5cbd-4118-85b9-c7b22ed08605 ] Request (ImagesTestJSON:test_create_image_from_stopped_server): 200 GET http://10.180.1.21/compute/v2.1/servers/a0359bd2-810e-482e-ab77-6a4f2c46872a 0.083s
2025-03-10 15:06:32.713 69421 INFO tempest.lib.common.rest_client [req-800317b4-12de-4781-a387-a2519a0c098d req-800317b4-12de-4781-a387-a2519a0c098d ] Request (ListServersNegativeTestJSON:setUpClass): 200 GET http://10.180.1.21/compute/v2.1/servers/1ec6ac34-9344-4e84-a4ab-8412fdcfc512 0.174s
2025-03-10 15:06:32.721 69421 INFO tempest.common.waiters [-] State transition "BUILD/None" ==> "BUILD/networking" after 80 second wait
2025-03-10 15:06:32.728 69361 INFO tempest.lib.common.rest_client [req-95456ec2-04b2-4e22-aae6-fef264364e15 req-95456ec2-04b2-4e22-aae6-fef264364e15 ] Request (ServersAdminNegativeTestJSON:test_migrate_server_invalid_state): 200 GET http://10.180.1.21/compute/v2.1/servers/e042d33d-8024-4cad-b057-dc0c8036024e 0.065s
2025-03-10 15:06:32.775 69377 WARNING tempest.lib.common.ssh [-] Failed to establish authenticated ssh connection to cirros@10.180.180.226 ([Errno None] Unable to connect to port 22 on 10.180.180.226). Number attempts: 9. Retry after 10 seconds.: paramiko.ssh_exception.NoValidConnectionsError: [Errno None] Unable to connect to port 22 on 10.180.180.226
2025-03-10 15:06:32.797 69373 INFO tempest.lib.common.rest_client [req-21cda86d-38bf-4d38-a3fc-01a4223f2b12 req-21cda86d-38bf-4d38-a3fc-01a4223f2b12 ] Request (ServersWithSpecificFlavorTestJSON:test_verify_created_server_ephemeral_disk): 200 GET http://10.180.1.21/compute/v2.1/servers/0a09110f-f96d-4f19-92bb-984ebafb9f76 0.073s
2025-03-10 15:06:32.858 69413 INFO tempest.lib.common.rest_client [req-90bb674b-9dda-48b5-8e10-d0da3e2c01d3 req-90bb674b-9dda-48b5-8e10-d0da3e2c01d3 ] Request (ServersAdminTestJSON:test_create_server_with_scheduling_hint): 200 GET http://10.180.1.21/compute/v2.1/servers/d437a775-e75e-4593-a0b5-1e7f249eb942 0.084s
2025-03-10 15:06:32.925 69393 INFO tempest.lib.common.rest_client [req-aac1a54a-8ad4-44f1-8882-3ce72fd0b6bd req-aac1a54a-8ad4-44f1-8882-3ce72fd0b6bd ] Request (MigrationsAdminTest:test_resize_server_revert_deleted_flavor): 200 GET http://10.180.1.21/compute/v2.1/servers/d623caaa-5a89-4a77-8551-af042fdfa849 0.078s
2025-03-10 15:06:32.925 69389 INFO tempest.lib.common.rest_client [req-541f5595-a145-455b-9639-1c49b4bfb516 req-541f5595-a145-455b-9639-1c49b4bfb516 ] Request (ServerActionsTestOtherB:setUpClass): 200 GET http://10.180.1.21/compute/v2.1/servers/983aa6f2-dc56-45d9-8b35-688d75f63525 0.105s
2025-03-10 15:06:33.001 69387 INFO tempest.lib.common.rest_client [req-2266e527-811f-427e-90fa-483636f7b9b0 req-2266e527-811f-427e-90fa-483636f7b9b0 ] Request (ServersTestMultiNic:test_verify_multiple_nics_order): 200 GET http://10.180.1.21/compute/v2.1/servers/d246bc31-b065-414f-bec4-98bb0d2828c6 0.118s
2025-03-10 15:06:33.010 69391 INFO tempest.lib.common.rest_client [req-0e488c9d-1e40-4c69-8be0-afdfd9605ec0 req-0e488c9d-1e40-4c69-8be0-afdfd9605ec0 ] Request (ServersTestJSON:setUpClass): 200 GET http://10.180.1.21/compute/v2.1/servers/13669a24-f475-4bb4-89d7-c63f2b3d7cb7 0.139s
2025-03-10 15:06:33.072 69411 INFO tempest.lib.common.rest_client [req-1ce87b29-415f-4b6a-922d-bb856ae42b3d req-1ce87b29-415f-4b6a-922d-bb856ae42b3d ] Request (ImagesOneServerNegativeTestJSON:_run_cleanups): 200 GET http://10.180.1.21/compute/v2.1/servers/5e59e394-e20c-4046-89f6-df939d8353fa 0.160s
2025-03-10 15:06:33.232 69375 WARNING tempest.lib.common.ssh [-] Failed to establish authenticated ssh connection to cirros@10.180.180.249 ([Errno None] Unable to connect to port 22 on 10.180.180.249). Number attempts: 11. Retry after 12 seconds.: paramiko.ssh_exception.NoValidConnectionsError: [Errno None] Unable to connect to port 22 on 10.180.180.249
2025-03-10 15:06:33.237 69395 INFO tempest.lib.common.rest_client [req-6ea8146f-8364-40e1-ae12-2c3ce4af4828 req-6ea8146f-8364-40e1-ae12-2c3ce4af4828 ] Request (ServersAdmin275Test:test_rebuild_update_server_275): 200 GET http://10.180.1.21/compute/v2.1/servers/c73bd3ee-de47-4233-8e0c-afc51c210f96 0.066s
2025-03-10 15:06:33.281 69397 INFO tempest.lib.common.rest_client [req-5058107a-9277-4d00-9929-93c823fac626 req-5058107a-9277-4d00-9929-93c823fac626 ] Request (ServerRescueTestJSON:test_rescue_unrescue_instance): 200 GET http://10.180.1.21/compute/v2.1/servers/b8f1d0bd-33ff-43cb-9cb1-8f4be2b78cc3 0.057s
2025-03-10 15:06:33.335 69385 INFO tempest.lib.common.rest_client [req-eb6aca4f-1c57-4245-967f-b0eb9b353320 req-eb6aca4f-1c57-4245-967f-b0eb9b353320 ] Request (DeleteServersTestJSON:test_delete_server_while_in_shelved_state): 200 GET http://10.180.1.21/compute/v2.1/servers/6bf2a94d-6a19-4fce-a7f2-157b8b59d980 0.053s
2025-03-10 15:06:33.390 69383 INFO tempest.lib.common.rest_client [req-eb0d2f2b-1ee2-44f2-89e5-fa0311e5334d req-eb0d2f2b-1ee2-44f2-89e5-fa0311e5334d ] Request (ServerTagsTestJSON:tearDownClass): 200 GET http://10.180.1.21/compute/v2.1/servers/3dfa074e-f205-4cef-91c5-685c51956b35 0.073s
2025-03-10 15:06:33.393 69409 INFO tempest.lib.common.rest_client [req-d6b70d00-11b3-486d-a5a6-d31f67f78719 req-d6b70d00-11b3-486d-a5a6-d31f67f78719 ] Request (FloatingIPsAssociationTestJSON:setUpClass): 200 GET http://10.180.1.21/compute/v2.1/servers/5af33240-1cf0-46b1-b9fe-3a1012b23755 0.063s
2025-03-10 15:06:33.450 69363 INFO tempest.lib.common.rest_client [req-2d8ae214-fb97-4ec4-84f7-05946d9b2b72 req-2d8ae214-fb97-4ec4-84f7-05946d9b2b72 ] Request (ServerDiskConfigTestJSON:test_resize_server_from_auto_to_manual): 200 GET http://10.180.1.21/compute/v2.1/servers/fc2e1749-d081-4b11-a32d-303fb3675481 0.085s
2025-03-10 15:06:33.453 69399 INFO tempest.lib.common.rest_client [req-f6e96399-5f61-4747-ac03-8c51ca23cd8f req-f6e96399-5f61-4747-ac03-8c51ca23cd8f ] Request (AttachInterfacesV270Test:test_create_get_list_interfaces): 200 GET http://10.180.1.21/compute/v2.1/servers/6836ec34-e148-4580-a39b-09bd1fc75d3d 0.068s
2025-03-10 15:06:33.490 69367 INFO tempest.lib.common.rest_client [req-e3782778-48b8-42cd-844a-1f3c177b38f7 req-e3782778-48b8-42cd-844a-1f3c177b38f7 ] Request (ListImageFiltersTestJSON:setUpClass): 200 GET http://10.180.1.21/compute/v2.1/images/d4244f05-46e7-4927-8749-f89ac84de8c6 0.068s
2025-03-10 15:06:33.511 69415 INFO tempest.lib.common.rest_client [req-3a23271b-34eb-4d1b-bd9c-cdffd965f983 req-3a23271b-34eb-4d1b-bd9c-cdffd965f983 ] Request (FloatingIPsAssociationNegativeTestJSON:tearDownClass): 200 GET http://10.180.1.21/compute/v2.1/servers/318d124d-0fb0-4bb7-9ae4-89baf3885947 0.083s
2025-03-10 15:06:33.608 69423 INFO tempest.lib.common.rest_client [req-17928048-81fb-43f9-933b-9f9b0bb47ff1 req-17928048-81fb-43f9-933b-9f9b0bb47ff1 ] Request (ServerAddressesNegativeTestJSON:tearDownClass): 200 GET http://10.180.1.21/compute/v2.1/servers/7561c1e5-f1c3-4f9b-bb54-74b3ee5c3bce 0.071s
2025-03-10 15:06:33.737 69371 INFO tempest.lib.common.rest_client [req-52a5c6a6-2f35-4712-9bd4-b6ac3203f7fb req-52a5c6a6-2f35-4712-9bd4-b6ac3203f7fb ] Request (ImagesTestJSON:test_create_image_from_stopped_server): 200 GET http://10.180.1.21/compute/v2.1/servers/a0359bd2-810e-482e-ab77-6a4f2c46872a 0.048s
2025-03-10 15:06:33.795 69361 INFO tempest.lib.common.rest_client [req-f378ecd3-bd86-4299-9e8e-db6f7c9e07cb req-f378ecd3-bd86-4299-9e8e-db6f7c9e07cb ] Request (ServersAdminNegativeTestJSON:test_migrate_server_invalid_state): 200 GET http://10.180.1.21/compute/v2.1/servers/e042d33d-8024-4cad-b057-dc0c8036024e 0.058s
2025-03-10 15:06:33.839 69421 INFO tempest.lib.common.rest_client [req-820f4395-0e9c-4d84-925a-b57777a0a2c6 req-820f4395-0e9c-4d84-925a-b57777a0a2c6 ] Request (ListServersNegativeTestJSON:setUpClass): 200 GET http://10.180.1.21/compute/v2.1/servers/1ec6ac34-9344-4e84-a4ab-8412fdcfc512 0.117s
2025-03-10 15:06:33.847 69421 INFO tempest.common.waiters [-] State transition "BUILD/networking" ==> "BUILD/spawning" after 81 second wait
2025-03-10 15:06:33.867 69373 INFO tempest.lib.common.rest_client [req-fb3e881c-d0db-4800-8969-c894c1442137 req-fb3e881c-d0db-4800-8969-c894c1442137 ] Request (ServersWithSpecificFlavorTestJSON:test_verify_created_server_ephemeral_disk): 200 GET http://10.180.1.21/compute/v2.1/servers/0a09110f-f96d-4f19-92bb-984ebafb9f76 0.054s
2025-03-10 15:06:33.930 69413 INFO tempest.lib.common.rest_client [req-c43cfb9d-ae7a-4fa9-b070-6df2ef05ad81 req-c43cfb9d-ae7a-4fa9-b070-6df2ef05ad81 ] Request (ServersAdminTestJSON:test_create_server_with_scheduling_hint): 200 GET http://10.180.1.21/compute/v2.1/servers/d437a775-e75e-4593-a0b5-1e7f249eb942 0.062s
2025-03-10 15:06:34.000 69393 INFO tempest.lib.common.rest_client [req-69305fbc-d368-4d04-b0ba-70e9b80de4aa req-69305fbc-d368-4d04-b0ba-70e9b80de4aa ] Request (MigrationsAdminTest:test_resize_server_revert_deleted_flavor): 200 GET http://10.180.1.21/compute/v2.1/servers/d623caaa-5a89-4a77-8551-af042fdfa849 0.061s
2025-03-10 15:06:34.001 69389 INFO tempest.lib.common.rest_client [req-a31c1bff-620c-43ba-a0ae-5bf1ea4e27b0 req-a31c1bff-620c-43ba-a0ae-5bf1ea4e27b0 ] Request (ServerActionsTestOtherB:setUpClass): 200 GET http://10.180.1.21/compute/v2.1/servers/983aa6f2-dc56-45d9-8b35-688d75f63525 0.062s
2025-03-10 15:06:34.068 69387 INFO tempest.lib.common.rest_client [req-657c9e33-9eac-49ef-9230-f3ad6fdef6c0 req-657c9e33-9eac-49ef-9230-f3ad6fdef6c0 ] Request (ServersTestMultiNic:test_verify_multiple_nics_order): 200 GET http://10.180.1.21/compute/v2.1/servers/d246bc31-b065-414f-bec4-98bb0d2828c6 0.058s
2025-03-10 15:06:34.084 69391 INFO tempest.lib.common.rest_client [req-2502db1d-86dd-4646-b55d-3ab0c428b8e8 req-2502db1d-86dd-4646-b55d-3ab0c428b8e8 ] Request (ServersTestJSON:setUpClass): 200 GET http://10.180.1.21/compute/v2.1/servers/13669a24-f475-4bb4-89d7-c63f2b3d7cb7 0.066s
2025-03-10 15:06:34.137 69411 INFO tempest.lib.common.rest_client [req-c92c963c-277d-45fe-a111-334e9f59ae8a req-c92c963c-277d-45fe-a111-334e9f59ae8a ] Request (ImagesOneServerNegativeTestJSON:_run_cleanups): 200 GET http://10.180.1.21/compute/v2.1/servers/5e59e394-e20c-4046-89f6-df939d8353fa 0.057s
2025-03-10 15:06:34.308 69395 INFO tempest.lib.common.rest_client [req-1404096d-1e14-4f38-a605-eb8b4bd6cd33 req-1404096d-1e14-4f38-a605-eb8b4bd6cd33 ] Request (ServersAdmin275Test:test_rebuild_update_server_275): 200 GET http://10.180.1.21/compute/v2.1/servers/c73bd3ee-de47-4233-8e0c-afc51c210f96 0.060s
2025-03-10 15:06:34.343 69397 INFO tempest.lib.common.rest_client [req-013fb65f-a29a-48ca-887f-503061a53df2 req-013fb65f-a29a-48ca-887f-503061a53df2 ] Request (ServerRescueTestJSON:test_rescue_unrescue_instance): 200 GET http://10.180.1.21/compute/v2.1/servers/b8f1d0bd-33ff-43cb-9cb1-8f4be2b78cc3 0.054s
2025-03-10 15:06:34.399 69385 INFO tempest.lib.common.rest_client [req-72a2ee5c-a914-41df-ae1a-10f483202f7e req-72a2ee5c-a914-41df-ae1a-10f483202f7e ] Request (DeleteServersTestJSON:test_delete_server_while_in_shelved_state): 200 GET http://10.180.1.21/compute/v2.1/servers/6bf2a94d-6a19-4fce-a7f2-157b8b59d980 0.056s
2025-03-10 15:06:34.458 69409 INFO tempest.lib.common.rest_client [req-f0ec5432-d0f6-43a5-8650-065627d0d029 req-f0ec5432-d0f6-43a5-8650-065627d0d029 ] Request (FloatingIPsAssociationTestJSON:setUpClass): 200 GET http://10.180.1.21/compute/v2.1/servers/5af33240-1cf0-46b1-b9fe-3a1012b23755 0.057s
2025-03-10 15:06:34.470 69383 INFO tempest.lib.common.rest_client [req-504b8131-53fb-4151-920b-14c2bfa73c44 req-504b8131-53fb-4151-920b-14c2bfa73c44 ] Request (ServerTagsTestJSON:tearDownClass): 200 GET http://10.180.1.21/compute/v2.1/servers/3dfa074e-f205-4cef-91c5-685c51956b35 0.068s
2025-03-10 15:06:34.480 69383 INFO tempest.common.waiters [-] State transition "ACTIVE/deleting" ==> "DELETED/None" after 4 second wait
2025-03-10 15:06:34.534 69363 INFO tempest.lib.common.rest_client [req-ad9444d9-62f9-4145-b371-fd1943350412 req-ad9444d9-62f9-4145-b371-fd1943350412 ] Request (ServerDiskConfigTestJSON:test_resize_server_from_auto_to_manual): 200 GET http://10.180.1.21/compute/v2.1/servers/fc2e1749-d081-4b11-a32d-303fb3675481 0.073s
2025-03-10 15:06:34.537 69399 INFO tempest.lib.common.rest_client [req-6ab5efe9-2175-4d9d-ab01-62ab60c974bd req-6ab5efe9-2175-4d9d-ab01-62ab60c974bd ] Request (AttachInterfacesV270Test:test_create_get_list_interfaces): 200 GET http://10.180.1.21/compute/v2.1/servers/6836ec34-e148-4580-a39b-09bd1fc75d3d 0.072s
2025-03-10 15:06:34.574 69367 INFO tempest.lib.common.rest_client [req-68b3d7b8-1783-42de-af67-9037de19568a req-68b3d7b8-1783-42de-af67-9037de19568a ] Request (ListImageFiltersTestJSON:setUpClass): 200 GET http://10.180.1.21/compute/v2.1/images/d4244f05-46e7-4927-8749-f89ac84de8c6 0.079s
2025-03-10 15:06:34.599 69415 INFO tempest.lib.common.rest_client [req-58485575-8ace-40f4-b873-1ab5f44f37cf req-58485575-8ace-40f4-b873-1ab5f44f37cf ] Request (FloatingIPsAssociationNegativeTestJSON:tearDownClass): 200 GET http://10.180.1.21/compute/v2.1/servers/318d124d-0fb0-4bb7-9ae4-89baf3885947 0.081s
2025-03-10 15:06:34.679 69423 INFO tempest.lib.common.rest_client [req-eb425ff6-79b6-40be-8eec-5ceacc42b1e0 req-eb425ff6-79b6-40be-8eec-5ceacc42b1e0 ] Request (ServerAddressesNegativeTestJSON:tearDownClass): 200 GET http://10.180.1.21/compute/v2.1/servers/7561c1e5-f1c3-4f9b-bb54-74b3ee5c3bce 0.058s
2025-03-10 15:06:34.741 69369 WARNING tempest.lib.common.ssh [-] Failed to establish authenticated ssh connection to cirros@10.180.180.201 ([Errno None] Unable to connect to port 22 on 10.180.180.201). Number attempts: 9. Retry after 10 seconds.: paramiko.ssh_exception.NoValidConnectionsError: [Errno None] Unable to connect to port 22 on 10.180.180.201
2025-03-10 15:06:34.798 69371 INFO tempest.lib.common.rest_client [req-9e1d2a03-4752-4784-a234-5d94f3ce680e req-9e1d2a03-4752-4784-a234-5d94f3ce680e ] Request (ImagesTestJSON:test_create_image_from_stopped_server): 200 GET http://10.180.1.21/compute/v2.1/servers/a0359bd2-810e-482e-ab77-6a4f2c46872a 0.053s
2025-03-10 15:06:34.862 69361 INFO tempest.lib.common.rest_client [req-052776dd-5b6c-48ad-9000-3d974c9f4a62 req-052776dd-5b6c-48ad-9000-3d974c9f4a62 ] Request (ServersAdminNegativeTestJSON:test_migrate_server_invalid_state): 200 GET http://10.180.1.21/compute/v2.1/servers/e042d33d-8024-4cad-b057-dc0c8036024e 0.058s
2025-03-10 15:06:34.933 69373 INFO tempest.lib.common.rest_client [req-5de379dd-3a2a-4550-99d6-de2e2a6a7d44 req-5de379dd-3a2a-4550-99d6-de2e2a6a7d44 ] Request (ServersWithSpecificFlavorTestJSON:test_verify_created_server_ephemeral_disk): 200 GET http://10.180.1.21/compute/v2.1/servers/0a09110f-f96d-4f19-92bb-984ebafb9f76 0.059s
2025-03-10 15:06:34.948 69421 INFO tempest.lib.common.rest_client [req-47ed7440-540f-410f-b220-bd6543fb465c req-47ed7440-540f-410f-b220-bd6543fb465c ] Request (ListServersNegativeTestJSON:setUpClass): 200 GET http://10.180.1.21/compute/v2.1/servers/1ec6ac34-9344-4e84-a4ab-8412fdcfc512 0.100s
2025-03-10 15:06:34.986 69413 INFO tempest.lib.common.rest_client [req-f79d19bd-7d5b-43ac-a6d0-7fab216938fe req-f79d19bd-7d5b-43ac-a6d0-7fab216938fe ] Request (ServersAdminTestJSON:test_create_server_with_scheduling_hint): 200 GET http://10.180.1.21/compute/v2.1/servers/d437a775-e75e-4593-a0b5-1e7f249eb942 0.049s
2025-03-10 15:06:35.065 69393 INFO tempest.lib.common.rest_client [req-eb2c52f0-06b0-4320-b147-7d143981b34b req-eb2c52f0-06b0-4320-b147-7d143981b34b ] Request (MigrationsAdminTest:test_resize_server_revert_deleted_flavor): 200 GET http://10.180.1.21/compute/v2.1/servers/d623caaa-5a89-4a77-8551-af042fdfa849 0.057s
2025-03-10 15:06:35.074 69389 INFO tempest.lib.common.rest_client [req-71bc7649-92f8-4f4d-9f82-077c709acd0b req-71bc7649-92f8-4f4d-9f82-077c709acd0b ] Request (ServerActionsTestOtherB:setUpClass): 200 GET http://10.180.1.21/compute/v2.1/servers/983aa6f2-dc56-45d9-8b35-688d75f63525 0.064s
2025-03-10 15:06:35.133 69387 INFO tempest.lib.common.rest_client [req-914d5de5-bc24-4fc1-9933-e9e3ac7cb59e req-914d5de5-bc24-4fc1-9933-e9e3ac7cb59e ] Request (ServersTestMultiNic:test_verify_multiple_nics_order): 200 GET http://10.180.1.21/compute/v2.1/servers/d246bc31-b065-414f-bec4-98bb0d2828c6 0.054s
2025-03-10 15:06:35.145 69391 INFO tempest.lib.common.rest_client [req-e012a7dd-3667-4c54-904a-7e40cce0c9c8 req-e012a7dd-3667-4c54-904a-7e40cce0c9c8 ] Request (ServersTestJSON:setUpClass): 200 GET http://10.180.1.21/compute/v2.1/servers/13669a24-f475-4bb4-89d7-c63f2b3d7cb7 0.053s
2025-03-10 15:06:35.211 69411 INFO tempest.lib.common.rest_client [req-8a008ca2-0e0f-4ce4-8cab-2d67e51e3e99 req-8a008ca2-0e0f-4ce4-8cab-2d67e51e3e99 ] Request (ImagesOneServerNegativeTestJSON:_run_cleanups): 200 GET http://10.180.1.21/compute/v2.1/servers/5e59e394-e20c-4046-89f6-df939d8353fa 0.062s
2025-03-10 15:06:35.221 69411 INFO tempest.common.waiters [-] State transition "BUILD/scheduling" ==> "BUILD/None" after 36 second wait
2025-03-10 15:06:35.404 69395 INFO tempest.lib.common.rest_client [req-6b3391ed-7d65-46d6-946e-190ea39295e7 req-6b3391ed-7d65-46d6-946e-190ea39295e7 ] Request (ServersAdmin275Test:test_rebuild_update_server_275): 200 GET http://10.180.1.21/compute/v2.1/servers/c73bd3ee-de47-4233-8e0c-afc51c210f96 0.084s
2025-03-10 15:06:35.480 69385 INFO tempest.lib.common.rest_client [req-3a5af725-54df-422d-a088-4768f2473b96 req-3a5af725-54df-422d-a088-4768f2473b96 ] Request (DeleteServersTestJSON:test_delete_server_while_in_shelved_state): 200 GET http://10.180.1.21/compute/v2.1/servers/6bf2a94d-6a19-4fce-a7f2-157b8b59d980 0.072s
2025-03-10 15:06:35.543 69409 INFO tempest.lib.common.rest_client [req-7318b487-8d42-4566-a6fd-8c275d7d94aa req-7318b487-8d42-4566-a6fd-8c275d7d94aa ] Request (FloatingIPsAssociationTestJSON:setUpClass): 200 GET http://10.180.1.21/compute/v2.1/servers/5af33240-1cf0-46b1-b9fe-3a1012b23755 0.076s
2025-03-10 15:06:35.576 69397 INFO tempest.lib.common.rest_client [req-6d4093b7-1722-48cd-9b3b-27925292e8da req-6d4093b7-1722-48cd-9b3b-27925292e8da ] Request (ServerRescueTestJSON:test_rescue_unrescue_instance): 200 GET http://10.180.1.21/compute/v2.1/servers/b8f1d0bd-33ff-43cb-9cb1-8f4be2b78cc3 0.225s
2025-03-10 15:06:35.584 69397 INFO tempest.common.waiters [-] State transition "BUILD/None" ==> "BUILD/networking" after 81 second wait
2025-03-10 15:06:35.624 69383 INFO tempest.lib.common.rest_client [req-16ae8fd0-15f4-48bd-83a0-d6f0c5800539 req-16ae8fd0-15f4-48bd-83a0-d6f0c5800539 ] Request (ServerTagsTestJSON:tearDownClass): 200 GET http://10.180.1.21/compute/v2.1/servers/3dfa074e-f205-4cef-91c5-685c51956b35 0.143s
2025-03-10 15:06:35.645 69363 INFO tempest.lib.common.rest_client [req-638209d2-3c7a-4c27-aab1-95890baae157 req-638209d2-3c7a-4c27-aab1-95890baae157 ] Request (ServerDiskConfigTestJSON:test_resize_server_from_auto_to_manual): 200 GET http://10.180.1.21/compute/v2.1/servers/fc2e1749-d081-4b11-a32d-303fb3675481 0.103s
2025-03-10 15:06:35.681 69367 INFO tempest.lib.common.rest_client [req-c7ad6fe2-a7c6-4ece-ba5b-dead9c49627a req-c7ad6fe2-a7c6-4ece-ba5b-dead9c49627a ] Request (ListImageFiltersTestJSON:setUpClass): 200 GET http://10.180.1.21/compute/v2.1/images/d4244f05-46e7-4927-8749-f89ac84de8c6 0.103s
2025-03-10 15:06:35.683 69399 INFO tempest.lib.common.rest_client [req-442ed95f-639d-423c-a38b-1ed9b5bffd1c req-442ed95f-639d-423c-a38b-1ed9b5bffd1c ] Request (AttachInterfacesV270Test:test_create_get_list_interfaces): 200 GET http://10.180.1.21/compute/v2.1/servers/6836ec34-e148-4580-a39b-09bd1fc75d3d 0.133s
2025-03-10 15:06:35.755 69423 INFO tempest.lib.common.rest_client [req-4066d37e-f5b4-432d-a38a-383298ee9e7e req-4066d37e-f5b4-432d-a38a-383298ee9e7e ] Request (ServerAddressesNegativeTestJSON:tearDownClass): 200 GET http://10.180.1.21/compute/v2.1/servers/7561c1e5-f1c3-4f9b-bb54-74b3ee5c3bce 0.069s
2025-03-10 15:06:35.755 69415 INFO tempest.lib.common.rest_client [req-bd2b9ff0-5562-4265-bb35-78f66f4e4dfc req-bd2b9ff0-5562-4265-bb35-78f66f4e4dfc ] Request (FloatingIPsAssociationNegativeTestJSON:tearDownClass): 200 GET http://10.180.1.21/compute/v2.1/servers/318d124d-0fb0-4bb7-9ae4-89baf3885947 0.148s
2025-03-10 15:06:35.862 69371 INFO tempest.lib.common.rest_client [req-ec7221f1-9757-46ce-a719-456bf442d941 req-ec7221f1-9757-46ce-a719-456bf442d941 ] Request (ImagesTestJSON:test_create_image_from_stopped_server): 200 GET http://10.180.1.21/compute/v2.1/servers/a0359bd2-810e-482e-ab77-6a4f2c46872a 0.055s
2025-03-10 15:06:35.923 69361 INFO tempest.lib.common.rest_client [req-d04b47b3-e58d-477c-9dbd-e0edd92f4d95 req-d04b47b3-e58d-477c-9dbd-e0edd92f4d95 ] Request (ServersAdminNegativeTestJSON:test_migrate_server_invalid_state): 200 GET http://10.180.1.21/compute/v2.1/servers/e042d33d-8024-4cad-b057-dc0c8036024e 0.053s
2025-03-10 15:06:35.994 69373 INFO tempest.lib.common.rest_client [req-6f828c91-8ff0-4312-912f-9987c8233b1e req-6f828c91-8ff0-4312-912f-9987c8233b1e ] Request (ServersWithSpecificFlavorTestJSON:test_verify_created_server_ephemeral_disk): 200 GET http://10.180.1.21/compute/v2.1/servers/0a09110f-f96d-4f19-92bb-984ebafb9f76 0.052s
2025-03-10 15:06:36.056 69413 INFO tempest.lib.common.rest_client [req-1b2bb4a8-da8e-4ace-8b36-01e6cf318f19 req-1b2bb4a8-da8e-4ace-8b36-01e6cf318f19 ] Request (ServersAdminTestJSON:test_create_server_with_scheduling_hint): 200 GET http://10.180.1.21/compute/v2.1/servers/d437a775-e75e-4593-a0b5-1e7f249eb942 0.059s
2025-03-10 15:06:36.064 69421 INFO tempest.lib.common.rest_client [req-9582f580-cf38-456e-882f-7c0a56c00fd6 req-9582f580-cf38-456e-882f-7c0a56c00fd6 ] Request (ListServersNegativeTestJSON:setUpClass): 200 GET http://10.180.1.21/compute/v2.1/servers/1ec6ac34-9344-4e84-a4ab-8412fdcfc512 0.108s
2025-03-10 15:06:36.129 69393 INFO tempest.lib.common.rest_client [req-de152704-06dc-4676-be98-7c0fd86c23e5 req-de152704-06dc-4676-be98-7c0fd86c23e5 ] Request (MigrationsAdminTest:test_resize_server_revert_deleted_flavor): 200 GET http://10.180.1.21/compute/v2.1/servers/d623caaa-5a89-4a77-8551-af042fdfa849 0.055s
2025-03-10 15:06:36.143 69389 INFO tempest.lib.common.rest_client [req-36290b3f-b3d5-4dbf-b049-7365eaff8ae7 req-36290b3f-b3d5-4dbf-b049-7365eaff8ae7 ] Request (ServerActionsTestOtherB:setUpClass): 200 GET http://10.180.1.21/compute/v2.1/servers/983aa6f2-dc56-45d9-8b35-688d75f63525 0.054s
2025-03-10 15:06:36.442 69391 INFO tempest.lib.common.rest_client [req-f507fc04-a964-46b3-960a-f9020423f3e7 req-f507fc04-a964-46b3-960a-f9020423f3e7 ] Request (ServersTestJSON:setUpClass): 200 GET http://10.180.1.21/compute/v2.1/servers/13669a24-f475-4bb4-89d7-c63f2b3d7cb7 0.288s
2025-03-10 15:06:36.451 69387 INFO tempest.lib.common.rest_client [req-f780c9a5-33e9-4b0a-8b67-c8d2632e9661 req-f780c9a5-33e9-4b0a-8b67-c8d2632e9661 ] Request (ServersTestMultiNic:test_verify_multiple_nics_order): 200 GET http://10.180.1.21/compute/v2.1/servers/d246bc31-b065-414f-bec4-98bb0d2828c6 0.298s
2025-03-10 15:06:36.495 69411 INFO tempest.lib.common.rest_client [req-e8f53822-35c4-46b0-8af8-9cc31be8b4e5 req-e8f53822-35c4-46b0-8af8-9cc31be8b4e5 ] Request (ImagesOneServerNegativeTestJSON:_run_cleanups): 200 GET http://10.180.1.21/compute/v2.1/servers/5e59e394-e20c-4046-89f6-df939d8353fa 0.273s
2025-03-10 15:06:36.514 69395 INFO tempest.lib.common.rest_client [req-d2c44f5c-1772-4bae-95f7-14517af25e9a req-d2c44f5c-1772-4bae-95f7-14517af25e9a ] Request (ServersAdmin275Test:test_rebuild_update_server_275): 200 GET http://10.180.1.21/compute/v2.1/servers/c73bd3ee-de47-4233-8e0c-afc51c210f96 0.098s
2025-03-10 15:06:36.543 69385 INFO tempest.lib.common.rest_client [req-1501bbf7-919a-46cc-b994-9d2d0d933a9c req-1501bbf7-919a-46cc-b994-9d2d0d933a9c ] Request (DeleteServersTestJSON:test_delete_server_while_in_shelved_state): 200 GET http://10.180.1.21/compute/v2.1/servers/6bf2a94d-6a19-4fce-a7f2-157b8b59d980 0.055s
2025-03-10 15:06:36.609 69409 INFO tempest.lib.common.rest_client [req-65ed1653-d7a2-4b89-b4a3-798ef8b331f7 req-65ed1653-d7a2-4b89-b4a3-798ef8b331f7 ] Request (FloatingIPsAssociationTestJSON:setUpClass): 200 GET http://10.180.1.21/compute/v2.1/servers/5af33240-1cf0-46b1-b9fe-3a1012b23755 0.052s
2025-03-10 15:06:36.705 69397 INFO tempest.lib.common.rest_client [req-e86d9d20-b540-4051-9189-a27509274405 req-e86d9d20-b540-4051-9189-a27509274405 ] Request (ServerRescueTestJSON:test_rescue_unrescue_instance): 200 GET http://10.180.1.21/compute/v2.1/servers/b8f1d0bd-33ff-43cb-9cb1-8f4be2b78cc3 0.120s
2025-03-10 15:06:36.706 69383 INFO tempest.lib.common.rest_client [req-da20760a-3636-4909-8413-f3088993b882 req-da20760a-3636-4909-8413-f3088993b882 ] Request (ServerTagsTestJSON:tearDownClass): 200 GET http://10.180.1.21/compute/v2.1/servers/3dfa074e-f205-4cef-91c5-685c51956b35 0.068s
2025-03-10 15:06:36.713 69397 INFO tempest.common.waiters [-] State transition "BUILD/networking" ==> "BUILD/spawning" after 82 second wait
2025-03-10 15:06:36.734 69367 INFO tempest.lib.common.rest_client [req-44661a19-6257-4034-ae56-939bce90cb97 req-44661a19-6257-4034-ae56-939bce90cb97 ] Request (ListImageFiltersTestJSON:setUpClass): 200 GET http://10.180.1.21/compute/v2.1/images/d4244f05-46e7-4927-8749-f89ac84de8c6 0.045s
2025-03-10 15:06:36.754 69363 INFO tempest.lib.common.rest_client [req-9d2e7ff5-1bd6-42e3-a055-245d46b415ff req-9d2e7ff5-1bd6-42e3-a055-245d46b415ff ] Request (ServerDiskConfigTestJSON:test_resize_server_from_auto_to_manual): 200 GET http://10.180.1.21/compute/v2.1/servers/fc2e1749-d081-4b11-a32d-303fb3675481 0.100s
2025-03-10 15:06:36.789 69399 INFO tempest.lib.common.rest_client [req-c673b1bc-7d9b-493d-9144-ec3d7974a010 req-c673b1bc-7d9b-493d-9144-ec3d7974a010 ] Request (AttachInterfacesV270Test:test_create_get_list_interfaces): 200 GET http://10.180.1.21/compute/v2.1/servers/6836ec34-e148-4580-a39b-09bd1fc75d3d 0.096s
2025-03-10 15:06:36.834 69423 INFO tempest.lib.common.rest_client [req-9a825b45-2d3e-4913-ac54-8128c8f4d828 req-9a825b45-2d3e-4913-ac54-8128c8f4d828 ] Request (ServerAddressesNegativeTestJSON:tearDownClass): 200 GET http://10.180.1.21/compute/v2.1/servers/7561c1e5-f1c3-4f9b-bb54-74b3ee5c3bce 0.072s
2025-03-10 15:06:36.857 69415 INFO tempest.lib.common.rest_client [req-1e8d9096-2c63-435a-b16c-5090d04b4e13 req-1e8d9096-2c63-435a-b16c-5090d04b4e13 ] Request (FloatingIPsAssociationNegativeTestJSON:tearDownClass): 200 GET http://10.180.1.21/compute/v2.1/servers/318d124d-0fb0-4bb7-9ae4-89baf3885947 0.091s
2025-03-10 15:06:36.928 69371 INFO tempest.lib.common.rest_client [req-56c87c2c-3ffb-4952-b064-e2d9aa2c019a req-56c87c2c-3ffb-4952-b064-e2d9aa2c019a ] Request (ImagesTestJSON:test_create_image_from_stopped_server): 200 GET http://10.180.1.21/compute/v2.1/servers/a0359bd2-810e-482e-ab77-6a4f2c46872a 0.057s
2025-03-10 15:06:36.981 69361 INFO tempest.lib.common.rest_client [req-def267f2-1fbc-4d05-a3ba-ec0df8c28b93 req-def267f2-1fbc-4d05-a3ba-ec0df8c28b93 ] Request (ServersAdminNegativeTestJSON:test_migrate_server_invalid_state): 200 GET http://10.180.1.21/compute/v2.1/servers/e042d33d-8024-4cad-b057-dc0c8036024e 0.051s
2025-03-10 15:06:37.058 69373 INFO tempest.lib.common.rest_client [req-bbb60834-3c31-44fc-89b5-d45985a3ceac req-bbb60834-3c31-44fc-89b5-d45985a3ceac ] Request (ServersWithSpecificFlavorTestJSON:test_verify_created_server_ephemeral_disk): 200 GET http://10.180.1.21/compute/v2.1/servers/0a09110f-f96d-4f19-92bb-984ebafb9f76 0.055s
2025-03-10 15:06:37.120 69413 INFO tempest.lib.common.rest_client [req-cd87984b-baf2-4f1c-b6a6-dff07bf821e1 req-cd87984b-baf2-4f1c-b6a6-dff07bf821e1 ] Request (ServersAdminTestJSON:test_create_server_with_scheduling_hint): 200 GET http://10.180.1.21/compute/v2.1/servers/d437a775-e75e-4593-a0b5-1e7f249eb942 0.056s
2025-03-10 15:06:37.168 69421 INFO tempest.lib.common.rest_client [req-0b21db92-5abd-4cd7-b287-c9b362d3cb9f req-0b21db92-5abd-4cd7-b287-c9b362d3cb9f ] Request (ListServersNegativeTestJSON:setUpClass): 200 GET http://10.180.1.21/compute/v2.1/servers/1ec6ac34-9344-4e84-a4ab-8412fdcfc512 0.097s
2025-03-10 15:06:37.184 69393 INFO tempest.lib.common.rest_client [req-d21b5994-c166-4cdf-ab39-5a3c05a9fad7 req-d21b5994-c166-4cdf-ab39-5a3c05a9fad7 ] Request (MigrationsAdminTest:test_resize_server_revert_deleted_flavor): 200 GET http://10.180.1.21/compute/v2.1/servers/d623caaa-5a89-4a77-8551-af042fdfa849 0.046s
2025-03-10 15:06:37.192 69393 INFO tempest.common.waiters [-] State transition "BUILD/scheduling" ==> "BUILD/None" after 21 second wait
2025-03-10 15:06:37.217 69389 INFO tempest.lib.common.rest_client [req-a1380f3b-713e-41df-b561-31bac7525fa5 req-a1380f3b-713e-41df-b561-31bac7525fa5 ] Request (ServerActionsTestOtherB:setUpClass): 200 GET http://10.180.1.21/compute/v2.1/servers/983aa6f2-dc56-45d9-8b35-688d75f63525 0.063s
2025-03-10 15:06:37.514 69391 INFO tempest.lib.common.rest_client [req-d501b780-eac5-4688-9344-4ebc131bfa69 req-d501b780-eac5-4688-9344-4ebc131bfa69 ] Request (ServersTestJSON:setUpClass): 200 GET http://10.180.1.21/compute/v2.1/servers/13669a24-f475-4bb4-89d7-c63f2b3d7cb7 0.059s
2025-03-10 15:06:37.518 69387 INFO tempest.lib.common.rest_client [req-a974bad7-809d-40af-91cb-ce3d0abca3e3 req-a974bad7-809d-40af-91cb-ce3d0abca3e3 ] Request (ServersTestMultiNic:test_verify_multiple_nics_order): 200 GET http://10.180.1.21/compute/v2.1/servers/d246bc31-b065-414f-bec4-98bb0d2828c6 0.060s
2025-03-10 15:06:37.560 69411 INFO tempest.lib.common.rest_client [req-74d0365d-c82c-4476-830d-4371866bd402 req-74d0365d-c82c-4476-830d-4371866bd402 ] Request (ImagesOneServerNegativeTestJSON:_run_cleanups): 200 GET http://10.180.1.21/compute/v2.1/servers/5e59e394-e20c-4046-89f6-df939d8353fa 0.056s
2025-03-10 15:06:37.575 69395 INFO tempest.lib.common.rest_client [req-be1987e5-e33f-4035-856d-c809f4ff30d4 req-be1987e5-e33f-4035-856d-c809f4ff30d4 ] Request (ServersAdmin275Test:test_rebuild_update_server_275): 200 GET http://10.180.1.21/compute/v2.1/servers/c73bd3ee-de47-4233-8e0c-afc51c210f96 0.050s
2025-03-10 15:06:37.602 69385 INFO tempest.lib.common.rest_client [req-c7377520-4e40-4d7c-9d33-9c1ba4160747 req-c7377520-4e40-4d7c-9d33-9c1ba4160747 ] Request (DeleteServersTestJSON:test_delete_server_while_in_shelved_state): 200 GET http://10.180.1.21/compute/v2.1/servers/6bf2a94d-6a19-4fce-a7f2-157b8b59d980 0.051s
2025-03-10 15:06:37.668 69409 INFO tempest.lib.common.rest_client [req-3b10c86c-3fa0-4d49-9969-b8a089c6710e req-3b10c86c-3fa0-4d49-9969-b8a089c6710e ] Request (FloatingIPsAssociationTestJSON:setUpClass): 200 GET http://10.180.1.21/compute/v2.1/servers/5af33240-1cf0-46b1-b9fe-3a1012b23755 0.051s
2025-03-10 15:06:37.674 69409 INFO tempest.common.waiters [-] State transition "BUILD/None" ==> "BUILD/networking" after 74 second wait
2025-03-10 15:06:37.715 69405 WARNING tempest.lib.common.ssh [-] Failed to establish authenticated ssh connection to cirros@10.180.180.250 ([Errno None] Unable to connect to port 22 on 10.180.180.250). Number attempts: 7. Retry after 8 seconds.: paramiko.ssh_exception.NoValidConnectionsError: [Errno None] Unable to connect to port 22 on 10.180.180.250
2025-03-10 15:06:37.783 69383 INFO tempest.lib.common.rest_client [req-fab79d5f-07e8-45c4-b91a-ade720acf395 req-fab79d5f-07e8-45c4-b91a-ade720acf395 ] Request (ServerTagsTestJSON:tearDownClass): 200 GET http://10.180.1.21/compute/v2.1/servers/3dfa074e-f205-4cef-91c5-685c51956b35 0.067s
2025-03-10 15:06:37.820 69367 INFO tempest.lib.common.rest_client [req-d3e1aa97-7520-47f0-82e9-105bc2fa93af req-d3e1aa97-7520-47f0-82e9-105bc2fa93af ] Request (ListImageFiltersTestJSON:setUpClass): 200 GET http://10.180.1.21/compute/v2.1/images/d4244f05-46e7-4927-8749-f89ac84de8c6 0.081s
2025-03-10 15:06:37.820 69397 INFO tempest.lib.common.rest_client [req-db2c1fb5-a819-4470-8692-26f315282353 req-db2c1fb5-a819-4470-8692-26f315282353 ] Request (ServerRescueTestJSON:test_rescue_unrescue_instance): 200 GET http://10.180.1.21/compute/v2.1/servers/b8f1d0bd-33ff-43cb-9cb1-8f4be2b78cc3 0.106s
2025-03-10 15:06:37.826 69365 INFO paramiko.transport [-] Connected (version 2.0, client dropbear_2020.81)
2025-03-10 15:06:37.879 69363 INFO tempest.lib.common.rest_client [req-d432dda8-5f57-4894-b2dc-c6dc4e88ad7f req-d432dda8-5f57-4894-b2dc-c6dc4e88ad7f ] Request (ServerDiskConfigTestJSON:test_resize_server_from_auto_to_manual): 200 GET http://10.180.1.21/compute/v2.1/servers/fc2e1749-d081-4b11-a32d-303fb3675481 0.117s
2025-03-10 15:06:37.885 69399 INFO tempest.lib.common.rest_client [req-a243bf18-9d96-4d96-8188-7e83cbc2d539 req-a243bf18-9d96-4d96-8188-7e83cbc2d539 ] Request (AttachInterfacesV270Test:test_create_get_list_interfaces): 200 GET http://10.180.1.21/compute/v2.1/servers/6836ec34-e148-4580-a39b-09bd1fc75d3d 0.084s
2025-03-10 15:06:37.889 69365 INFO paramiko.transport [-] Authentication (publickey) successful!
2025-03-10 15:06:37.890 69365 INFO tempest.lib.common.ssh [-] ssh connection to cirros@10.180.180.165 successfully created
2025-03-10 15:06:37.945 69415 INFO tempest.lib.common.rest_client [req-d4432383-439a-46b1-bdfc-cadfef8d10b1 req-d4432383-439a-46b1-bdfc-cadfef8d10b1 ] Request (FloatingIPsAssociationNegativeTestJSON:tearDownClass): 200 GET http://10.180.1.21/compute/v2.1/servers/318d124d-0fb0-4bb7-9ae4-89baf3885947 0.081s
2025-03-10 15:06:37.957 69423 INFO tempest.lib.common.rest_client [req-86af33be-b512-424f-afe8-3d19049b45e1 req-86af33be-b512-424f-afe8-3d19049b45e1 ] Request (ServerAddressesNegativeTestJSON:tearDownClass): 200 GET http://10.180.1.21/compute/v2.1/servers/7561c1e5-f1c3-4f9b-bb54-74b3ee5c3bce 0.116s
2025-03-10 15:06:38.011 69371 INFO tempest.lib.common.rest_client [req-0a77aa55-6690-4348-aeda-6abba251c74e req-0a77aa55-6690-4348-aeda-6abba251c74e ] Request (ImagesTestJSON:test_create_image_from_stopped_server): 200 GET http://10.180.1.21/compute/v2.1/servers/a0359bd2-810e-482e-ab77-6a4f2c46872a 0.076s
2025-03-10 15:06:38.071 69361 INFO tempest.lib.common.rest_client [req-be54709c-88ba-4f53-ae0f-7b247e0ca2a4 req-be54709c-88ba-4f53-ae0f-7b247e0ca2a4 ] Request (ServersAdminNegativeTestJSON:test_migrate_server_invalid_state): 200 GET http://10.180.1.21/compute/v2.1/servers/e042d33d-8024-4cad-b057-dc0c8036024e 0.080s
2025-03-10 15:06:38.108 69365 INFO tempest.lib.common.rest_client [req-98df319f-5735-4a39-8149-5fc3c66ba58a req-98df319f-5735-4a39-8149-5fc3c66ba58a ] Request (ServerActionsTestOtherA:setUp): 200 GET http://10.180.1.21/compute/v2.1/servers/c5fbfa59-eeed-4220-bc40-50618af87a67 0.217s
2025-03-10 15:06:38.135 69373 INFO tempest.lib.common.rest_client [req-cba3c949-cb91-483f-bb98-9613975d7560 req-cba3c949-cb91-483f-bb98-9613975d7560 ] Request (ServersWithSpecificFlavorTestJSON:test_verify_created_server_ephemeral_disk): 200 GET http://10.180.1.21/compute/v2.1/servers/0a09110f-f96d-4f19-92bb-984ebafb9f76 0.067s
