2025-03-10 01:45:00.465 71398 INFO tempest.lib.common.rest_client [req-5aebc73e-9c24-483e-8b19-f8b327ae8473 req-5aebc73e-9c24-483e-8b19-f8b327ae8473 ] Request (ServersTestMultiNic:test_verify_duplicate_network_nics): 201 POST http://10.180.1.21:9696/networking/v2.0/networks 0.189s
2025-03-10 01:45:00.504 71382 INFO tempest.lib.common.rest_client [req-f74afb59-c03e-4028-9027-d341081bf74a req-f74afb59-c03e-4028-9027-d341081bf74a ] Request (ServersAdmin275Test:test_rebuild_update_server_275): 200 GET http://10.180.1.21/compute/v2.1/servers/2329624f-45b8-4304-ad2f-a304d4520a8b 1.108s
2025-03-10 01:45:00.540 71390 INFO tempest.lib.common.rest_client [req-5e81fcfc-e276-434f-b3d2-e6eb0e4bdf5b req-5e81fcfc-e276-434f-b3d2-e6eb0e4bdf5b ] Request (ServerDiagnosticsNegativeTest:test_get_server_diagnostics_by_non_admin): 403 GET http://10.180.1.21/compute/v2.1/servers/d2b49aba-df56-436a-9e6c-c3a879676d43/diagnostics 1.101s
2025-03-10 01:45:00.553 71434 INFO tempest.lib.common.rest_client [req-8782076a-de6a-4a11-88e2-0a652cb95c68 req-8782076a-de6a-4a11-88e2-0a652cb95c68 ] Request (ImagesOneServerTestJSON:setUpClass): 202 POST http://10.180.1.21/compute/v2.1/servers 1.400s
2025-03-10 01:45:00.565 71438 INFO tempest.lib.common.rest_client [req-9228bb9c-b654-41ec-8cac-69a42ec10769 req-9228bb9c-b654-41ec-8cac-69a42ec10769 ] Request (ServerDiagnosticsV248Test:tearDownClass): 204 DELETE http://10.180.1.21/identity/v3/users/e15edd422bcf4e528fbca4ea3a722de0 0.138s
2025-03-10 01:45:00.565 71438 INFO tempest.lib.common.dynamic_creds [-] Deleting project and security group for project: 39f565761d5f449abf65fcf17ae8fca7
2025-03-10 01:45:00.612 71426 INFO tempest.lib.common.rest_client [req-76624be4-2716-4139-b59f-141bcd6c3bdb req-76624be4-2716-4139-b59f-141bcd6c3bdb ] Request (MultipleCreateTestJSON:test_multiple_create): 200 GET http://10.180.1.21/compute/v2.1/servers/04017607-9f22-4f9f-b039-29f0feb65b9e 1.158s
2025-03-10 01:45:00.631 71416 INFO tempest.lib.common.rest_client [req-1a1f91aa-6d90-4ca0-8d8c-e1efadfeb0f6 req-1a1f91aa-6d90-4ca0-8d8c-e1efadfeb0f6 ] Request (ServersListShow296Test:tearDownClass): 204 DELETE http://10.180.1.21/compute/v2.1/servers/77d111eb-71b1-4758-998e-2760512a6b43 1.178s
2025-03-10 01:45:00.653 71438 INFO tempest.lib.common.rest_client [req-eb10c9ed-ac81-4983-8229-2335ececdc32 req-eb10c9ed-ac81-4983-8229-2335ececdc32 ] Request (ServerDiagnosticsV248Test:tearDownClass): 201 POST http://10.180.1.21/identity/v3/auth/tokens 0.087s
2025-03-10 01:45:00.682 71432 INFO tempest.lib.common.rest_client [req-4857f01e-bf21-41c5-93d5-065389434e2f req-4857f01e-bf21-41c5-93d5-065389434e2f ] Request (ServerAddressesTestJSON:setUpClass): 200 GET http://10.180.1.21/compute/v2.1/servers/930310c2-c565-4987-9762-2d3dc5538a41 1.122s
2025-03-10 01:45:00.697 71396 INFO tempest.lib.common.rest_client [req-3b4dcabd-c791-4625-9dd8-6dea9052be85 req-3b4dcabd-c791-4625-9dd8-6dea9052be85 ] Request (ServerActionsTestOtherB:setUpClass): 200 GET http://10.180.1.21/compute/v2.1/servers/4795f420-9f4e-4eab-98d7-9eaf0da179bf 1.052s
2025-03-10 01:45:00.697 71432 INFO tempest.common.waiters [-] State transition "BUILD/scheduling" ==> "BUILD/None" after 15 second wait
2025-03-10 01:45:00.857 71414 INFO tempest.lib.common.rest_client [req-698475ad-8c65-4d94-ba12-2266e0536dde req-698475ad-8c65-4d94-ba12-2266e0536dde ] Request (ServerRescueTestJSONUnderV235:setUpClass): 200 GET http://10.180.1.21/compute/v2.1/servers/7427d6f7-0b5f-4aa9-a957-49f5140af50d 0.895s
2025-03-10 01:45:00.910 71428 INFO tempest.lib.common.rest_client [req-2c14a516-ebe9-4104-9032-a7686ce82f18 req-2c14a516-ebe9-4104-9032-a7686ce82f18 ] Request (MigrationsAdminTest:test_list_migrations_in_flavor_resize_situation): 200 GET http://10.180.1.21/compute/v2.1/servers/5be4e13c-8434-4410-a8c4-b91a70b0ad8c 1.109s
2025-03-10 01:45:00.934 71404 INFO tempest.lib.common.rest_client [req-ae1fabeb-dfbf-440e-b8f2-9390fad003a2 req-ae1fabeb-dfbf-440e-b8f2-9390fad003a2 ] Request (VolumesAdminNegativeTest:test_update_attached_volume_with_nonexistent_volume_in_body): 200 GET http://10.180.1.21/compute/v2.1/servers/bacce8da-7475-425b-8e5e-4700e31e5f53 0.896s
2025-03-10 01:45:00.957 71398 INFO tempest.lib.common.rest_client [req-c22103b1-3058-4374-8b2d-5aeb95781dcb req-c22103b1-3058-4374-8b2d-5aeb95781dcb ] Request (ServersTestMultiNic:test_verify_duplicate_network_nics): 201 POST http://10.180.1.21:9696/networking/v2.0/subnets 0.492s
2025-03-10 01:45:00.969 71438 INFO tempest.lib.common.rest_client [req-be06965a-5f35-46d5-9b1a-733663de3498 req-be06965a-5f35-46d5-9b1a-733663de3498 ] Request (ServerDiagnosticsV248Test:tearDownClass): 200 GET http://10.180.1.21:9696/networking/v2.0/security-groups?tenant_id=39f565761d5f449abf65fcf17ae8fca7&name=default 0.316s
2025-03-10 01:45:00.990 71388 INFO tempest.lib.common.rest_client [req-4056114d-6ecd-4047-8d31-21d4766fa658 req-4056114d-6ecd-4047-8d31-21d4766fa658 ] Request (ServersAdminNegativeTestJSON:test_migrate_server_invalid_state): 200 GET http://10.180.1.21/compute/v2.1/servers/68c09dd6-7df0-4dfa-957c-7e4e68092865 0.886s
2025-03-10 01:45:01.016 71400 INFO tempest.lib.common.rest_client [req-0069c230-60e5-4ba2-b4d6-f63e6fae2ee0 req-0069c230-60e5-4ba2-b4d6-f63e6fae2ee0 ] Request (FloatingIPsAssociationNegativeTestJSON:tearDownClass): 200 GET http://10.180.1.21/compute/v2.1/servers/fc0e7536-f62d-42d7-a9aa-1e2000e65b9b 0.821s
2025-03-10 01:45:01.048 71398 INFO tempest.lib.common.rest_client [req-11140b8f-6faa-43ae-8abf-252f75fe9cb8 req-11140b8f-6faa-43ae-8abf-252f75fe9cb8 ] Request (ServersTestMultiNic:test_verify_duplicate_network_nics): 201 POST http://10.180.1.21/identity/v3/auth/tokens 0.088s
2025-03-10 01:45:01.048 71398 INFO tempest.lib.common.fixed_network [-] (ServersTestMultiNic:test_verify_duplicate_network_nics) Found network {'id': '17bd0ca1-9d07-4d1d-b9bb-24cddba569a6', 'name': 'tempest-ServersTestMultiNic-1830499773-network', 'tenant_id': '4b21d5ba483f43528a132952afe31171', 'admin_state_up': True, 'mtu': 8950, 'status': 'ACTIVE', 'subnets': [], 'shared': False, 'project_id': '4b21d5ba483f43528a132952afe31171', 'port_security_enabled': True, 'router:external': False, 'provider:network_type': 'vlan', 'provider:physical_network': 'default', 'provider:segmentation_id': 614, 'availability_zone_hints': [], 'availability_zones': [], 'ipv4_address_scope': None, 'ipv6_address_scope': None, 'description': '', 'tags': [], 'created_at': '2025-03-10T01:44:55Z', 'updated_at': '2025-03-10T01:44:55Z', 'revision_number': 1} available for tenant
2025-03-10 01:45:01.083 71436 INFO tempest.lib.common.rest_client [req-03a6f08b-c2a8-4f9d-8611-f96519457deb req-03a6f08b-c2a8-4f9d-8611-f96519457deb ] Request (FloatingIPsAssociationTestJSON:test_associate_already_associated_floating_ip): 200 GET http://10.180.1.21/compute/v2.1/servers/4b8b28a1-d95b-4d60-8ff2-5902810d5512 0.827s
2025-03-10 01:45:01.128 71438 INFO tempest.lib.common.rest_client [req-6ff4e942-dc17-4bcc-aee9-ee11041280f7 req-6ff4e942-dc17-4bcc-aee9-ee11041280f7 ] Request (ServerDiagnosticsV248Test:tearDownClass): 204 DELETE http://10.180.1.21:9696/networking/v2.0/security-groups/703e0633-1db3-4f5c-a213-311d7b0cf4e8 0.158s
2025-03-10 01:45:01.141 71406 INFO tempest.lib.common.rest_client [req-db0b639b-d7ca-4618-943e-04a6e33ba93a req-db0b639b-d7ca-4618-943e-04a6e33ba93a ] Request (ServerTagsTestJSON:setUpClass): 200 GET http://10.180.1.21/compute/v2.1/servers/be7fda89-cf49-4802-a1d6-d08c26d08892 0.942s
2025-03-10 01:45:01.153 71406 INFO tempest.common.waiters [-] State transition "BUILD/block_device_mapping" ==> "BUILD/spawning" after 32 second wait
2025-03-10 01:45:01.153 71412 INFO tempest.lib.common.rest_client [req-245a7cee-932b-4a69-a8ed-10458dcaa718 req-245a7cee-932b-4a69-a8ed-10458dcaa718 ] Request (ImagesOneServerNegativeTestJSON:setUpClass): 200 GET http://10.180.1.21/compute/v2.1/servers/52feaf82-91c1-444a-95de-22b86fc8b5d0 0.895s
2025-03-10 01:45:01.180 71402 INFO tempest.lib.common.rest_client [req-64378cfe-1fe8-4bce-b915-4d9f2b44b650 req-64378cfe-1fe8-4bce-b915-4d9f2b44b650 ] Request (FlavorsAdminTestJSON:_run_cleanups): 200 GET http://10.180.1.21/compute/v2.1/flavors/detail 0.867s
2025-03-10 01:45:01.227 71418 INFO tempest.lib.common.rest_client [req-8d5dbbd0-9d62-4bc8-a9b9-f3be317c69e8 req-8d5dbbd0-9d62-4bc8-a9b9-f3be317c69e8 ] Request (ServerExternalEventsTest:tearDownClass): 200 GET http://10.180.1.21/compute/v2.1/servers/584834f7-f7e6-4b90-8406-f5f550b1b97d 0.941s
2025-03-10 01:45:01.246 71378 INFO tempest.lib.common.rest_client [req-51521b8d-f7bf-4e6b-a1fd-7dd82efc06ad req-51521b8d-f7bf-4e6b-a1fd-7dd82efc06ad ] Request (ServersTestBootFromVolume:setUpClass): 200 GET http://10.180.1.21/volume/v3/volumes/68015219-6c9d-418e-9c2f-f3eb4a004984 0.047s
2025-03-10 01:45:01.248 71392 INFO tempest.lib.common.rest_client [req-f75d024e-b5c2-4d37-b68d-75d6d13f5c89 req-f75d024e-b5c2-4d37-b68d-75d6d13f5c89 ] Request (TenantUsagesTestJSON:setUpClass): 200 GET http://10.180.1.21/compute/v2.1/servers/888b8479-2a85-435b-bf2e-85734fa81afa 0.885s
2025-03-10 01:45:01.264 71438 INFO tempest.lib.common.rest_client [req-24b6627f-8ce9-4782-953d-47915fc38002 req-24b6627f-8ce9-4782-953d-47915fc38002 ] Request (ServerDiagnosticsV248Test:tearDownClass): 204 DELETE http://10.180.1.21/identity/v3/projects/39f565761d5f449abf65fcf17ae8fca7 0.134s
2025-03-10 01:45:01.264 71438 INFO tempest.lib.common.dynamic_creds [-] Deleting project and security group for project: 22816488417a4c3196142fbcef998b18
2025-03-10 01:45:01.311 71430 INFO tempest.lib.common.rest_client [req-4bc50f72-0ce0-4133-a35c-6d2d137be522 req-4bc50f72-0ce0-4133-a35c-6d2d137be522 ] Request (AttachInterfacesV270Test:test_create_get_list_interfaces): 200 GET http://10.180.1.21/compute/v2.1/servers/00f0cd82-d2d7-45e0-9144-b71308e99032 0.791s
2025-03-10 01:45:01.328 71410 INFO tempest.lib.common.rest_client [req-83935e13-181e-4a9a-a7e9-c72d4ae17548 req-83935e13-181e-4a9a-a7e9-c72d4ae17548 ] Request (ServersV294TestFqdnHostnames:setUpClass): 200 GET http://10.180.1.21/compute/v2.1/servers/0ca370e4-fd6f-4221-89b6-c282f8827dc7 0.800s
2025-03-10 01:45:01.337 71402 INFO tempest.lib.common.rest_client [req-619792d7-b44f-4826-ab59-0550885d48b1 req-619792d7-b44f-4826-ab59-0550885d48b1 ] Request (FlavorsAdminTestJSON:tearDownClass): 204 DELETE http://10.180.1.21/identity/v3/users/6c9c900ba07f451c8940abe8c15535a1 0.149s
2025-03-10 01:45:01.386 71438 INFO tempest.lib.common.rest_client [req-c9041bec-2a36-4414-8a38-b0beeb1468e3 req-c9041bec-2a36-4414-8a38-b0beeb1468e3 ] Request (ServerDiagnosticsV248Test:tearDownClass): 200 GET http://10.180.1.21:9696/networking/v2.0/security-groups?tenant_id=22816488417a4c3196142fbcef998b18&name=default 0.122s
2025-03-10 01:45:01.390 71434 INFO tempest.lib.common.rest_client [req-b9329f6a-7349-4174-aefe-76ff38734045 req-b9329f6a-7349-4174-aefe-76ff38734045 ] Request (ImagesOneServerTestJSON:setUpClass): 200 GET http://10.180.1.21/compute/v2.1/servers/9f4a62c4-d259-4eb9-a43a-78d3bf9dac5a 0.835s
2025-03-10 01:45:01.427 71390 INFO tempest.lib.common.rest_client [req-55150d7b-1556-4719-9d32-d1a0c06f3b82 req-55150d7b-1556-4719-9d32-d1a0c06f3b82 ] Request (ServerDiagnosticsNegativeTest:tearDownClass): 204 DELETE http://10.180.1.21/compute/v2.1/servers/d2b49aba-df56-436a-9e6c-c3a879676d43 0.885s
2025-03-10 01:45:01.456 71422 WARNING tempest.lib.common.ssh [-] Failed to establish authenticated ssh connection to cirros@10.180.180.172 ([Errno None] Unable to connect to port 22 on 10.180.180.172). Number attempts: 4. Retry after 5 seconds.: paramiko.ssh_exception.NoValidConnectionsError: [Errno None] Unable to connect to port 22 on 10.180.180.172
2025-03-10 01:45:01.456 71402 INFO tempest.lib.common.rest_client [req-096db746-73f2-44a7-8b0b-3442d336af95 req-096db746-73f2-44a7-8b0b-3442d336af95 ] Request (FlavorsAdminTestJSON:tearDownClass): 204 DELETE http://10.180.1.21/identity/v3/users/4219995b6d414491b803a8e7c5a5c3e0 0.118s
2025-03-10 01:45:01.456 71402 INFO tempest.lib.common.dynamic_creds [-] Deleting project and security group for project: 2e1d0bd926b34f739e639a00b8f24e29
2025-03-10 01:45:01.457 71386 INFO tempest.lib.common.rest_client [req-65fecc92-7cfe-4cce-b430-746a774134a7 req-65fecc92-7cfe-4cce-b430-746a774134a7 ] Request (DeleteServersAdminTestJSON:test_admin_delete_servers_of_others): 200 GET http://10.180.1.21/compute/v2.1/servers/ca008d27-75fe-423f-979a-d8eff2564f94 0.875s
2025-03-10 01:45:01.485 71438 INFO tempest.lib.common.rest_client [req-042d7240-7f6f-4ae5-a1d3-68c1ff3f3120 req-042d7240-7f6f-4ae5-a1d3-68c1ff3f3120 ] Request (ServerDiagnosticsV248Test:tearDownClass): 204 DELETE http://10.180.1.21:9696/networking/v2.0/security-groups/7f39d308-60d4-466b-8f89-63968ecc7a99 0.098s
2025-03-10 01:45:01.520 71416 INFO tempest.lib.common.rest_client [req-38ce08ab-0cd1-4252-a408-d56925a77912 req-38ce08ab-0cd1-4252-a408-d56925a77912 ] Request (ServersListShow296Test:tearDownClass): 200 GET http://10.180.1.21/compute/v2.1/servers/77d111eb-71b1-4758-998e-2760512a6b43 0.889s
2025-03-10 01:45:01.527 71402 INFO tempest.lib.common.rest_client [req-242d34c4-7893-4eb0-a420-5a368282ab40 req-242d34c4-7893-4eb0-a420-5a368282ab40 ] Request (FlavorsAdminTestJSON:tearDownClass): 201 POST http://10.180.1.21/identity/v3/auth/tokens 0.071s
2025-03-10 01:45:01.583 71438 INFO tempest.lib.common.rest_client [req-779f21a2-497e-4feb-bc7a-483014667ea4 req-779f21a2-497e-4feb-bc7a-483014667ea4 ] Request (ServerDiagnosticsV248Test:tearDownClass): 204 DELETE http://10.180.1.21/identity/v3/projects/22816488417a4c3196142fbcef998b18 0.098s
2025-03-10 01:45:01.649 71420 INFO tempest.lib.common.rest_client [req-ee149c62-5260-413a-8f09-a99977671416 req-ee149c62-5260-413a-8f09-a99977671416 ] Request (ImagesTestJSON:test_create_image_from_stopped_server): 200 GET http://10.180.1.21/compute/v2.1/servers/89643822-f00e-481e-a770-ca0a18a1b07f 0.578s
2025-03-10 01:45:01.659 71438 INFO tempest.lib.common.rest_client [req-7b28764c-2bfc-43d0-b4b3-4d0ae6e476a5 req-7b28764c-2bfc-43d0-b4b3-4d0ae6e476a5 ] Request (ImagesMetadataNegativeTestJSON:setUpClass): 201 POST http://10.180.1.21/identity/v3/auth/tokens 0.074s
2025-03-10 01:45:01.689 71438 INFO tempest.lib.common.rest_client [req-b3234be0-3af9-4f35-bc9d-5fa5cbce2d2a req-b3234be0-3af9-4f35-bc9d-5fa5cbce2d2a ] Request (ImagesMetadataNegativeTestJSON:setUpClass): 201 POST http://10.180.1.21/identity/v3/auth/tokens 0.028s
2025-03-10 01:45:01.717 71438 INFO tempest.lib.common.rest_client [req-47aecfbd-fc2d-4223-8c91-a779f3be5192 req-47aecfbd-fc2d-4223-8c91-a779f3be5192 ] Request (ImagesMetadataNegativeTestJSON:setUpClass): 200 GET http://10.180.1.21/identity/v3/domains?name=Default 0.027s
2025-03-10 01:45:01.750 71438 INFO tempest.lib.common.rest_client [req-16d91a83-7428-4fb4-b155-5be7a56a77bb req-16d91a83-7428-4fb4-b155-5be7a56a77bb ] Request (ImagesMetadataNegativeTestJSON:setUpClass): 201 POST http://10.180.1.21/identity/v3/projects 0.033s
2025-03-10 01:45:01.759 71402 INFO tempest.lib.common.rest_client [req-68d55ac6-6ea4-4a59-bfa1-a780468adfff req-68d55ac6-6ea4-4a59-bfa1-a780468adfff ] Request (FlavorsAdminTestJSON:tearDownClass): 200 GET http://10.180.1.21:9696/networking/v2.0/security-groups?tenant_id=2e1d0bd926b34f739e639a00b8f24e29&name=default 0.232s
2025-03-10 01:45:01.774 71424 INFO tempest.lib.common.rest_client [req-f5d6d094-1afa-43d1-89c3-9e7b85332ae3 req-f5d6d094-1afa-43d1-89c3-9e7b85332ae3 ] Request (DeleteServersTestJSON:test_delete_active_server): 200 GET http://10.180.1.21/compute/v2.1/servers/f620dc99-9e9e-4734-b079-e1de9682ab86 0.356s
2025-03-10 01:45:01.823 71438 INFO tempest.lib.common.rest_client [req-20b6a3ab-4473-4f96-b627-57c9b59a0d34 req-20b6a3ab-4473-4f96-b627-57c9b59a0d34 ] Request (ImagesMetadataNegativeTestJSON:setUpClass): 201 POST http://10.180.1.21/identity/v3/users 0.072s
2025-03-10 01:45:01.846 71438 INFO tempest.lib.common.rest_client [req-3ef23be4-2421-4e1e-b651-3e22fd63c0c8 req-3ef23be4-2421-4e1e-b651-3e22fd63c0c8 ] Request (ImagesMetadataNegativeTestJSON:setUpClass): 200 GET http://10.180.1.21/identity/v3/roles 0.023s
2025-03-10 01:45:01.848 71402 INFO tempest.lib.common.rest_client [req-b82e2e9a-2006-46c1-98eb-f723272b0ff5 req-b82e2e9a-2006-46c1-98eb-f723272b0ff5 ] Request (FlavorsAdminTestJSON:tearDownClass): 204 DELETE http://10.180.1.21:9696/networking/v2.0/security-groups/bf3a8336-8657-4fee-a2f0-e487ac8ddae7 0.088s
2025-03-10 01:45:01.876 71438 INFO tempest.lib.common.rest_client [req-82806a24-05ee-49b5-8335-fa5dd1d33bb9 req-82806a24-05ee-49b5-8335-fa5dd1d33bb9 ] Request (ImagesMetadataNegativeTestJSON:setUpClass): 204 PUT http://10.180.1.21/identity/v3/projects/f7b8065799b04f1dac885b0efcaf5e8c/users/5e607e44d8c848f19a33b60301568820/roles/175cc2ef116748359738ff262cc23db7 0.029s
2025-03-10 01:45:01.876 71438 INFO tempest.lib.common.dynamic_creds [-] Dynamic test user 5e607e44d8c848f19a33b60301568820 is created with scope project and roles: ['member']
2025-03-10 01:45:01.876 71438 INFO tempest.lib.common.dynamic_creds [-] Acquired dynamic creds: credentials: Credentials: {'domain_id': 'default', 'domain_name': 'Default', 'username': 'tempest-ImagesMetadataNegativeTestJSON-1399121979-project-member', 'project_domain_id': 'default', 'project_domain_name': 'Default', 'project_id': 'f7b8065799b04f1dac885b0efcaf5e8c', 'project_name': 'tempest-ImagesMetadataNegativeTestJSON-1399121979', 'tenant_id': 'f7b8065799b04f1dac885b0efcaf5e8c', 'tenant_name': 'tempest-ImagesMetadataNegativeTestJSON-1399121979', 'user_domain_id': 'default', 'user_domain_name': 'Default', 'user_id': '5e607e44d8c848f19a33b60301568820', 'system': None}, Network: None, Subnet: None, Router: None
2025-03-10 01:45:01.876 71438 INFO tempest.lib.common.dynamic_creds [-] Created isolated network resources for: credentials: Credentials: {'domain_id': 'default', 'domain_name': 'Default', 'username': 'tempest-ImagesMetadataNegativeTestJSON-1399121979-project-member', 'project_domain_id': 'default', 'project_domain_name': 'Default', 'project_id': 'f7b8065799b04f1dac885b0efcaf5e8c', 'project_name': 'tempest-ImagesMetadataNegativeTestJSON-1399121979', 'tenant_id': 'f7b8065799b04f1dac885b0efcaf5e8c', 'tenant_name': 'tempest-ImagesMetadataNegativeTestJSON-1399121979', 'user_domain_id': 'default', 'user_domain_name': 'Default', 'user_id': '5e607e44d8c848f19a33b60301568820', 'system': None}, Network: None, Subnet: None, Router: None
2025-03-10 01:45:01.914 71390 INFO tempest.lib.common.rest_client [req-fd4e9f49-c188-4438-ab3b-f661efe0387e req-fd4e9f49-c188-4438-ab3b-f661efe0387e ] Request (ServerDiagnosticsNegativeTest:tearDownClass): 200 GET http://10.180.1.21/compute/v2.1/servers/d2b49aba-df56-436a-9e6c-c3a879676d43 0.487s
2025-03-10 01:45:01.920 71402 INFO tempest.lib.common.rest_client [req-1bfe273c-a2af-4d4b-b813-88275037db12 req-1bfe273c-a2af-4d4b-b813-88275037db12 ] Request (FlavorsAdminTestJSON:tearDownClass): 204 DELETE http://10.180.1.21/identity/v3/projects/2e1d0bd926b34f739e639a00b8f24e29 0.070s
2025-03-10 01:45:01.920 71402 INFO tempest.lib.common.dynamic_creds [-] Deleting project and security group for project: fb84abccbbc141eca80451239ae1b217
2025-03-10 01:45:01.963 71438 INFO tempest.lib.common.rest_client [req-14359a26-0fa0-42ba-8dd5-7664d5e55813 req-14359a26-0fa0-42ba-8dd5-7664d5e55813 ] Request (ImagesMetadataNegativeTestJSON:setUpClass): 201 POST http://10.180.1.21/identity/v3/auth/tokens 0.083s
2025-03-10 01:45:01.990 71382 INFO tempest.lib.common.rest_client [req-9e269597-ea7b-429a-8919-daaf995c946a req-9e269597-ea7b-429a-8919-daaf995c946a ] Request (ServersAdmin275Test:test_rebuild_update_server_275): 200 GET http://10.180.1.21/compute/v2.1/servers/2329624f-45b8-4304-ad2f-a304d4520a8b 0.473s
2025-03-10 01:45:01.999 71382 INFO tempest.common.waiters [-] State transition "REBUILD/rebuild_spawning" ==> "ACTIVE/None" after 10 second wait
2025-03-10 01:45:02.021 71402 INFO tempest.lib.common.rest_client [req-4dd2b7f8-f466-473d-9baa-ed9cbdb9f602 req-4dd2b7f8-f466-473d-9baa-ed9cbdb9f602 ] Request (FlavorsAdminTestJSON:tearDownClass): 200 GET http://10.180.1.21:9696/networking/v2.0/security-groups?tenant_id=fb84abccbbc141eca80451239ae1b217&name=default 0.100s
2025-03-10 01:45:02.036 71426 INFO tempest.lib.common.rest_client [req-87a7e638-1108-4749-be36-5ccb566e9f13 req-87a7e638-1108-4749-be36-5ccb566e9f13 ] Request (MultipleCreateTestJSON:test_multiple_create): 200 GET http://10.180.1.21/compute/v2.1/servers/04017607-9f22-4f9f-b039-29f0feb65b9e 0.409s
2025-03-10 01:45:02.042 71398 INFO tempest.lib.common.rest_client [req-b358e530-fc1e-490f-8bd5-e2eb04330af1 req-b358e530-fc1e-490f-8bd5-e2eb04330af1 ] Request (ServersTestMultiNic:test_verify_duplicate_network_nics): 202 POST http://10.180.1.21/compute/v2.1/servers 0.992s
2025-03-10 01:45:02.090 71432 INFO tempest.lib.common.rest_client [req-8805851a-0bb5-4647-b948-c00055ae0edf req-8805851a-0bb5-4647-b948-c00055ae0edf ] Request (ServerAddressesTestJSON:setUpClass): 200 GET http://10.180.1.21/compute/v2.1/servers/930310c2-c565-4987-9762-2d3dc5538a41 0.391s
2025-03-10 01:45:02.102 71396 INFO tempest.lib.common.rest_client [req-fbf134c6-bb52-4c77-830c-8e80a732d749 req-fbf134c6-bb52-4c77-830c-8e80a732d749 ] Request (ServerActionsTestOtherB:setUpClass): 200 GET http://10.180.1.21/compute/v2.1/servers/4795f420-9f4e-4eab-98d7-9eaf0da179bf 0.393s
2025-03-10 01:45:02.108 71402 INFO tempest.lib.common.rest_client [req-f1fd13e6-371d-4d41-98c7-e9d90baec2d2 req-f1fd13e6-371d-4d41-98c7-e9d90baec2d2 ] Request (FlavorsAdminTestJSON:tearDownClass): 204 DELETE http://10.180.1.21:9696/networking/v2.0/security-groups/a73eb677-a06b-462c-9464-54d1f0a85534 0.087s
2025-03-10 01:45:02.232 71402 INFO tempest.lib.common.rest_client [req-627e0452-6ca4-4b17-800e-7ed13d52a45f req-627e0452-6ca4-4b17-800e-7ed13d52a45f ] Request (FlavorsAdminTestJSON:tearDownClass): 204 DELETE http://10.180.1.21/identity/v3/projects/fb84abccbbc141eca80451239ae1b217 0.124s
2025-03-10 01:45:02.238 71428 INFO tempest.lib.common.rest_client [req-86b3915f-48ce-4ed0-a741-d2ea476e56a0 req-86b3915f-48ce-4ed0-a741-d2ea476e56a0 ] Request (MigrationsAdminTest:test_list_migrations_in_flavor_resize_situation): 200 GET http://10.180.1.21/compute/v2.1/servers/5be4e13c-8434-4410-a8c4-b91a70b0ad8c 0.314s
2025-03-10 01:45:02.293 71414 INFO tempest.lib.common.rest_client [req-648ccc1b-4647-4c18-bd20-9e45bcda4ded req-648ccc1b-4647-4c18-bd20-9e45bcda4ded ] Request (ServerRescueTestJSONUnderV235:setUpClass): 200 GET http://10.180.1.21/compute/v2.1/servers/7427d6f7-0b5f-4aa9-a957-49f5140af50d 0.425s
2025-03-10 01:45:02.297 71378 INFO tempest.lib.common.rest_client [req-3559c513-5780-448e-b1bd-21f00adb8d83 req-3559c513-5780-448e-b1bd-21f00adb8d83 ] Request (ServersTestBootFromVolume:setUpClass): 200 GET http://10.180.1.21/volume/v3/volumes/68015219-6c9d-418e-9c2f-f3eb4a004984 0.039s
2025-03-10 01:45:02.329 71402 INFO tempest.lib.common.rest_client [req-32d798c2-28b8-4e00-99c7-f33ee8f6ac9e req-32d798c2-28b8-4e00-99c7-f33ee8f6ac9e ] Request (HypervisorAdminNegativeTestJSON:setUpClass): 201 POST http://10.180.1.21/identity/v3/auth/tokens 0.095s
2025-03-10 01:45:02.344 71404 INFO tempest.lib.common.rest_client [req-d7b1806f-e16d-40c3-bd44-acd6545f405c req-d7b1806f-e16d-40c3-bd44-acd6545f405c ] Request (VolumesAdminNegativeTest:test_update_attached_volume_with_nonexistent_volume_in_body): 200 GET http://10.180.1.21/compute/v2.1/servers/bacce8da-7475-425b-8e5e-4700e31e5f53 0.396s
2025-03-10 01:45:02.368 71402 INFO tempest.lib.common.rest_client [req-307bffc8-bad4-41fe-8318-d93e8691eb69 req-307bffc8-bad4-41fe-8318-d93e8691eb69 ] Request (HypervisorAdminNegativeTestJSON:setUpClass): 201 POST http://10.180.1.21/identity/v3/auth/tokens 0.035s
2025-03-10 01:45:02.391 71402 INFO tempest.lib.common.rest_client [req-c43b8f49-447c-4c4e-b939-f23b00e81734 req-c43b8f49-447c-4c4e-b939-f23b00e81734 ] Request (HypervisorAdminNegativeTestJSON:setUpClass): 200 GET http://10.180.1.21/identity/v3/domains?name=Default 0.023s
2025-03-10 01:45:02.406 71388 INFO tempest.lib.common.rest_client [req-c4f0b06a-dbea-449f-942f-a793fcde0a73 req-c4f0b06a-dbea-449f-942f-a793fcde0a73 ] Request (ServersAdminNegativeTestJSON:test_migrate_server_invalid_state): 200 GET http://10.180.1.21/compute/v2.1/servers/68c09dd6-7df0-4dfa-957c-7e4e68092865 0.406s
2025-03-10 01:45:02.424 71402 INFO tempest.lib.common.rest_client [req-63094113-7327-40a2-8396-6b6206b26f83 req-63094113-7327-40a2-8396-6b6206b26f83 ] Request (HypervisorAdminNegativeTestJSON:setUpClass): 201 POST http://10.180.1.21/identity/v3/projects 0.032s
2025-03-10 01:45:02.432 71438 INFO tempest.lib.common.rest_client [req-6c491e37-2062-4d7c-b2d8-c0a9aa8c3858 req-6c491e37-2062-4d7c-b2d8-c0a9aa8c3858 ] Request (ImagesMetadataNegativeTestJSON:test_delete_nonexistent_image_metadata_item): 404 DELETE http://10.180.1.21/compute/v2.1/images/ddfa290d-4247-4d2c-a012-888235825c7c/metadata/os_distro 0.467s
2025-03-10 01:45:02.489 71402 INFO tempest.lib.common.rest_client [req-c6acba0b-6c2a-4cfc-b1f8-228dc51d949f req-c6acba0b-6c2a-4cfc-b1f8-228dc51d949f ] Request (HypervisorAdminNegativeTestJSON:setUpClass): 201 POST http://10.180.1.21/identity/v3/users 0.064s
2025-03-10 01:45:02.512 71402 INFO tempest.lib.common.rest_client [req-476fc395-0095-46c5-ab12-95fd0e99dc35 req-476fc395-0095-46c5-ab12-95fd0e99dc35 ] Request (HypervisorAdminNegativeTestJSON:setUpClass): 200 GET http://10.180.1.21/identity/v3/roles 0.023s
2025-03-10 01:45:02.530 71400 INFO tempest.lib.common.rest_client [req-09346b60-c2ff-4c4e-adee-ce7e9d8733a9 req-09346b60-c2ff-4c4e-adee-ce7e9d8733a9 ] Request (FloatingIPsAssociationNegativeTestJSON:tearDownClass): 200 GET http://10.180.1.21/compute/v2.1/servers/fc0e7536-f62d-42d7-a9aa-1e2000e65b9b 0.503s
2025-03-10 01:45:02.540 71402 INFO tempest.lib.common.rest_client [req-035e52fa-8f72-4637-804b-f0ec7832a8f7 req-035e52fa-8f72-4637-804b-f0ec7832a8f7 ] Request (HypervisorAdminNegativeTestJSON:setUpClass): 204 PUT http://10.180.1.21/identity/v3/projects/cfd1f47d3f48443893110541625f419c/users/83ed8f24715a4eeb887f3ec55f8b3eec/roles/175cc2ef116748359738ff262cc23db7 0.027s
2025-03-10 01:45:02.540 71402 INFO tempest.lib.common.dynamic_creds [-] Dynamic test user 83ed8f24715a4eeb887f3ec55f8b3eec is created with scope project and roles: ['member']
2025-03-10 01:45:02.541 71402 INFO tempest.lib.common.dynamic_creds [-] Acquired dynamic creds: credentials: Credentials: {'domain_id': 'default', 'domain_name': 'Default', 'username': 'tempest-HypervisorAdminNegativeTestJSON-1313122490-project-member', 'project_domain_id': 'default', 'project_domain_name': 'Default', 'project_id': 'cfd1f47d3f48443893110541625f419c', 'project_name': 'tempest-HypervisorAdminNegativeTestJSON-1313122490', 'tenant_id': 'cfd1f47d3f48443893110541625f419c', 'tenant_name': 'tempest-HypervisorAdminNegativeTestJSON-1313122490', 'user_domain_id': 'default', 'user_domain_name': 'Default', 'user_id': '83ed8f24715a4eeb887f3ec55f8b3eec', 'system': None}, Network: None, Subnet: None, Router: None
2025-03-10 01:45:02.541 71402 INFO tempest.lib.common.dynamic_creds [-] Created isolated network resources for: credentials: Credentials: {'domain_id': 'default', 'domain_name': 'Default', 'username': 'tempest-HypervisorAdminNegativeTestJSON-1313122490-project-member', 'project_domain_id': 'default', 'project_domain_name': 'Default', 'project_id': 'cfd1f47d3f48443893110541625f419c', 'project_name': 'tempest-HypervisorAdminNegativeTestJSON-1313122490', 'tenant_id': 'cfd1f47d3f48443893110541625f419c', 'tenant_name': 'tempest-HypervisorAdminNegativeTestJSON-1313122490', 'user_domain_id': 'default', 'user_domain_name': 'Default', 'user_id': '83ed8f24715a4eeb887f3ec55f8b3eec', 'system': None}, Network: None, Subnet: None, Router: None
2025-03-10 01:45:02.586 71398 INFO tempest.lib.common.rest_client [req-54a92d6f-e841-48bc-a377-046457d1bde7 req-54a92d6f-e841-48bc-a377-046457d1bde7 ] Request (ServersTestMultiNic:test_verify_duplicate_network_nics): 200 GET http://10.180.1.21/compute/v2.1/servers/d539eca1-6015-404f-9c18-4bb81ef3ed33 0.542s
2025-03-10 01:45:02.625 71402 INFO tempest.lib.common.rest_client [req-aa3fdec9-6601-482a-a8e5-ef75255f0093 req-aa3fdec9-6601-482a-a8e5-ef75255f0093 ] Request (HypervisorAdminNegativeTestJSON:setUpClass): 201 POST http://10.180.1.21/identity/v3/auth/tokens 0.081s
2025-03-10 01:45:02.644 71436 INFO tempest.lib.common.rest_client [req-a39ccdcd-b2d4-4501-baaa-fa597fe9073d req-a39ccdcd-b2d4-4501-baaa-fa597fe9073d ] Request (FloatingIPsAssociationTestJSON:test_associate_already_associated_floating_ip): 200 GET http://10.180.1.21/compute/v2.1/servers/4b8b28a1-d95b-4d60-8ff2-5902810d5512 0.548s
2025-03-10 01:45:02.690 71402 INFO tempest.lib.common.rest_client [req-dc508e71-60a9-4072-94ed-e83c84a52fe3 req-dc508e71-60a9-4072-94ed-e83c84a52fe3 ] Request (HypervisorAdminNegativeTestJSON:setUpClass): 201 POST http://10.180.1.21/identity/v3/projects 0.064s
2025-03-10 01:45:02.763 71402 INFO tempest.lib.common.rest_client [req-9ea40161-5cc9-4d17-bc72-3883b4b1258e req-9ea40161-5cc9-4d17-bc72-3883b4b1258e ] Request (HypervisorAdminNegativeTestJSON:setUpClass): 201 POST http://10.180.1.21/identity/v3/users 0.072s
2025-03-10 01:45:02.774 71406 INFO tempest.lib.common.rest_client [req-df272816-25b3-49ab-9f8a-53cb8d59b0cb req-df272816-25b3-49ab-9f8a-53cb8d59b0cb ] Request (ServerTagsTestJSON:setUpClass): 200 GET http://10.180.1.21/compute/v2.1/servers/be7fda89-cf49-4802-a1d6-d08c26d08892 0.620s
2025-03-10 01:45:02.794 71402 INFO tempest.lib.common.rest_client [req-cdc8d206-923c-4313-be7c-e4af909d1987 req-cdc8d206-923c-4313-be7c-e4af909d1987 ] Request (HypervisorAdminNegativeTestJSON:setUpClass): 200 GET http://10.180.1.21/identity/v3/roles 0.030s
2025-03-10 01:45:02.805 71382 INFO tempest.lib.common.rest_client [req-18581eba-6015-4d22-ad93-41b3cba9b5ed req-18581eba-6015-4d22-ad93-41b3cba9b5ed ] Request (ServersAdmin275Test:test_rebuild_update_server_275): 202 POST http://10.180.1.21/compute/v2.1/servers/2329624f-45b8-4304-ad2f-a304d4520a8b/action 0.805s
2025-03-10 01:45:02.828 71418 INFO tempest.lib.common.rest_client [req-d7b5afb2-0bf8-404a-8a43-38bedc65c13c req-d7b5afb2-0bf8-404a-8a43-38bedc65c13c ] Request (ServerExternalEventsTest:tearDownClass): 404 GET http://10.180.1.21/compute/v2.1/servers/584834f7-f7e6-4b90-8406-f5f550b1b97d 0.582s
2025-03-10 01:45:02.841 71402 INFO tempest.lib.common.rest_client [req-3abc09d8-f061-4dae-9d20-7b33d7e42cbd req-3abc09d8-f061-4dae-9d20-7b33d7e42cbd ] Request (HypervisorAdminNegativeTestJSON:setUpClass): 204 PUT http://10.180.1.21/identity/v3/projects/76bd2e537f7c454f969f7e0fc59a9ad7/users/931a6619baea40c2a95687fd0ba35ba1/roles/665cd43de74c42418a4d6823da20f1d3 0.046s
2025-03-10 01:45:02.858 71412 INFO tempest.lib.common.rest_client [req-73d04316-896c-4cb1-b904-cb5b532d3027 req-73d04316-896c-4cb1-b904-cb5b532d3027 ] Request (ImagesOneServerNegativeTestJSON:setUpClass): 200 GET http://10.180.1.21/compute/v2.1/servers/52feaf82-91c1-444a-95de-22b86fc8b5d0 0.695s
2025-03-10 01:45:02.903 71402 INFO tempest.lib.common.rest_client [req-580afc06-3099-4b0c-acad-ef0c9181ee69 req-580afc06-3099-4b0c-acad-ef0c9181ee69 ] Request (HypervisorAdminNegativeTestJSON:setUpClass): 200 GET http://10.180.1.21/identity/v3/roles 0.061s
2025-03-10 01:45:02.904 71392 INFO tempest.lib.common.rest_client [req-f556ad29-6828-4c9f-9a65-8680cb0e5028 req-f556ad29-6828-4c9f-9a65-8680cb0e5028 ] Request (TenantUsagesTestJSON:setUpClass): 200 GET http://10.180.1.21/compute/v2.1/servers/888b8479-2a85-435b-bf2e-85734fa81afa 0.644s
2025-03-10 01:45:02.918 71430 INFO tempest.lib.common.rest_client [req-aeff2a1e-133a-4047-9f54-4ce3a6cc16ea req-aeff2a1e-133a-4047-9f54-4ce3a6cc16ea ] Request (AttachInterfacesV270Test:test_create_get_list_interfaces): 200 GET http://10.180.1.21/compute/v2.1/servers/00f0cd82-d2d7-45e0-9144-b71308e99032 0.589s
2025-03-10 01:45:02.934 71402 INFO tempest.lib.common.rest_client [req-78120960-2f5b-42f6-9c2f-49e8f4d9ee6f req-78120960-2f5b-42f6-9c2f-49e8f4d9ee6f ] Request (HypervisorAdminNegativeTestJSON:setUpClass): 204 PUT http://10.180.1.21/identity/v3/projects/76bd2e537f7c454f969f7e0fc59a9ad7/users/931a6619baea40c2a95687fd0ba35ba1/roles/665cd43de74c42418a4d6823da20f1d3 0.030s
2025-03-10 01:45:02.934 71402 INFO tempest.lib.common.dynamic_creds [-] Dynamic test user 931a6619baea40c2a95687fd0ba35ba1 is created with scope project and roles: ['admin']
2025-03-10 01:45:02.934 71402 INFO tempest.lib.common.dynamic_creds [-] Acquired dynamic creds: credentials: Credentials: {'domain_id': 'default', 'domain_name': 'Default', 'username': 'tempest-HypervisorAdminNegativeTestJSON-1274224440-project-admin', 'project_domain_id': 'default', 'project_domain_name': 'Default', 'project_id': '76bd2e537f7c454f969f7e0fc59a9ad7', 'project_name': 'tempest-HypervisorAdminNegativeTestJSON-1274224440', 'tenant_id': '76bd2e537f7c454f969f7e0fc59a9ad7', 'tenant_name': 'tempest-HypervisorAdminNegativeTestJSON-1274224440', 'user_domain_id': 'default', 'user_domain_name': 'Default', 'user_id': '931a6619baea40c2a95687fd0ba35ba1', 'system': None}, Network: None, Subnet: None, Router: None
2025-03-10 01:45:02.935 71402 INFO tempest.lib.common.dynamic_creds [-] Created isolated network resources for: credentials: Credentials: {'domain_id': 'default', 'domain_name': 'Default', 'username': 'tempest-HypervisorAdminNegativeTestJSON-1274224440-project-admin', 'project_domain_id': 'default', 'project_domain_name': 'Default', 'project_id': '76bd2e537f7c454f969f7e0fc59a9ad7', 'project_name': 'tempest-HypervisorAdminNegativeTestJSON-1274224440', 'tenant_id': '76bd2e537f7c454f969f7e0fc59a9ad7', 'tenant_name': 'tempest-HypervisorAdminNegativeTestJSON-1274224440', 'user_domain_id': 'default', 'user_domain_name': 'Default', 'user_id': '931a6619baea40c2a95687fd0ba35ba1', 'system': None}, Network: None, Subnet: None, Router: None
2025-03-10 01:45:02.967 71418 INFO tempest.lib.common.rest_client [req-09e73bde-cc68-4ff1-a02e-bf39963432f0 req-09e73bde-cc68-4ff1-a02e-bf39963432f0 ] Request (ServerExternalEventsTest:tearDownClass): 204 DELETE http://10.180.1.21/identity/v3/users/a08d67d2eb4d47e9a6bbe459f49b0a74 0.138s
2025-03-10 01:45:02.968 71410 INFO tempest.lib.common.rest_client [req-138f56cc-3d55-4458-8842-30877bcb0a14 req-138f56cc-3d55-4458-8842-30877bcb0a14 ] Request (ServersV294TestFqdnHostnames:setUpClass): 200 GET http://10.180.1.21/compute/v2.1/servers/0ca370e4-fd6f-4221-89b6-c282f8827dc7 0.627s
2025-03-10 01:45:02.982 71434 INFO tempest.lib.common.rest_client [req-7123a138-75cb-40b1-8da4-8938cc5a686a req-7123a138-75cb-40b1-8da4-8938cc5a686a ] Request (ImagesOneServerTestJSON:setUpClass): 200 GET http://10.180.1.21/compute/v2.1/servers/9f4a62c4-d259-4eb9-a43a-78d3bf9dac5a 0.579s
2025-03-10 01:45:02.991 71438 INFO tempest.lib.common.rest_client [req-26924132-b602-4f9c-b37e-dcb4c49a9c0d req-26924132-b602-4f9c-b37e-dcb4c49a9c0d ] Request (ImagesMetadataNegativeTestJSON:test_get_nonexistent_image_metadata_item): 404 GET http://10.180.1.21/compute/v2.1/images/30fa6020-acdc-42f7-83e5-874e90a71e0c/metadata/os_version 0.558s
2025-03-10 01:45:03.024 71402 INFO tempest.lib.common.rest_client [req-a4923585-f0e3-4f94-8d92-5b37a47f6650 req-a4923585-f0e3-4f94-8d92-5b37a47f6650 ] Request (HypervisorAdminNegativeTestJSON:setUpClass): 201 POST http://10.180.1.21/identity/v3/auth/tokens 0.087s
2025-03-10 01:45:03.050 71386 INFO tempest.lib.common.rest_client [req-2c5534b1-9f28-404b-a3e7-82be51379a76 req-2c5534b1-9f28-404b-a3e7-82be51379a76 ] Request (DeleteServersAdminTestJSON:test_admin_delete_servers_of_others): 200 GET http://10.180.1.21/compute/v2.1/servers/ca008d27-75fe-423f-979a-d8eff2564f94 0.583s
2025-03-10 01:45:03.063 71416 INFO tempest.lib.common.rest_client [req-ced6f45e-ec0f-4019-b1cf-da38babe78ca req-ced6f45e-ec0f-4019-b1cf-da38babe78ca ] Request (ServersListShow296Test:tearDownClass): 200 GET http://10.180.1.21/compute/v2.1/servers/77d111eb-71b1-4758-998e-2760512a6b43 0.528s
2025-03-10 01:45:03.083 71418 INFO tempest.lib.common.rest_client [req-955f3144-5be4-42e4-b25f-0d6811e94046 req-955f3144-5be4-42e4-b25f-0d6811e94046 ] Request (ServerExternalEventsTest:tearDownClass): 204 DELETE http://10.180.1.21/identity/v3/users/9670a60f02e14e5ba6776058cc552451 0.116s
2025-03-10 01:45:03.142 71424 INFO tempest.lib.common.rest_client [req-7c349ff1-1cbe-4a20-8709-c8a08808bde9 req-7c349ff1-1cbe-4a20-8709-c8a08808bde9 ] Request (DeleteServersTestJSON:test_delete_active_server): 200 GET http://10.180.1.21/compute/v2.1/servers/f620dc99-9e9e-4734-b079-e1de9682ab86 0.359s
2025-03-10 01:45:03.170 71420 INFO tempest.lib.common.rest_client [req-bc27d9e9-6983-44c1-aa69-04162fcf537f req-bc27d9e9-6983-44c1-aa69-04162fcf537f ] Request (ImagesTestJSON:test_create_image_from_stopped_server): 200 GET http://10.180.1.21/compute/v2.1/servers/89643822-f00e-481e-a770-ca0a18a1b07f 0.512s
2025-03-10 01:45:03.181 71418 INFO tempest.lib.common.rest_client [req-22184a3e-7446-4fd0-8e95-17d54be92204 req-22184a3e-7446-4fd0-8e95-17d54be92204 ] Request (ServerExternalEventsTest:tearDownClass): 204 DELETE http://10.180.1.21/identity/v3/users/74b0573401fb4b2e9b62c6e5123bccc9 0.097s
2025-03-10 01:45:03.181 71418 INFO tempest.lib.common.dynamic_creds [-] Deleting project and security group for project: 59397271107949cd92a0c344c84cb500
2025-03-10 01:45:03.246 71418 INFO tempest.lib.common.rest_client [req-6523ba7f-c091-4e5f-bc9c-4446b0070952 req-6523ba7f-c091-4e5f-bc9c-4446b0070952 ] Request (ServerExternalEventsTest:tearDownClass): 201 POST http://10.180.1.21/identity/v3/auth/tokens 0.065s
2025-03-10 01:45:03.250 71382 INFO tempest.lib.common.rest_client [req-c59ec7f2-cec7-417b-afd9-2b642dcad917 req-c59ec7f2-cec7-417b-afd9-2b642dcad917 ] Request (ServersAdmin275Test:_run_cleanups): 200 GET http://10.180.1.21/compute/v2.1/servers/2329624f-45b8-4304-ad2f-a304d4520a8b 0.432s
2025-03-10 01:45:03.271 71438 INFO tempest.lib.common.rest_client [req-9771884d-ccdf-42ac-85e6-d3b8663aa6bb req-9771884d-ccdf-42ac-85e6-d3b8663aa6bb ] Request (ImagesMetadataNegativeTestJSON:test_list_nonexistent_image_metadata): 404 GET http://10.180.1.21/compute/v2.1/images/09db3666-8316-4d9c-9c61-cddb0d8ae09f/metadata 0.278s
2025-03-10 01:45:03.310 71390 INFO tempest.lib.common.rest_client [req-269049e0-184b-49ff-8020-c5b743ec5e05 req-269049e0-184b-49ff-8020-c5b743ec5e05 ] Request (ServerDiagnosticsNegativeTest:tearDownClass): 200 GET http://10.180.1.21/compute/v2.1/servers/d2b49aba-df56-436a-9e6c-c3a879676d43 0.382s
2025-03-10 01:45:03.384 71426 INFO tempest.lib.common.rest_client [req-3cd03528-2cea-474a-9ba1-58807d48ae6d req-3cd03528-2cea-474a-9ba1-58807d48ae6d ] Request (MultipleCreateTestJSON:test_multiple_create): 200 GET http://10.180.1.21/compute/v2.1/servers/04017607-9f22-4f9f-b039-29f0feb65b9e 0.340s
2025-03-10 01:45:03.404 71402 INFO tempest.lib.common.rest_client [req-5d34ddfe-42d0-43a0-8b13-6e33bb8ac125 req-5d34ddfe-42d0-43a0-8b13-6e33bb8ac125 ] Request (HypervisorAdminNegativeTestJSON:test_get_hypervisor_list_details_with_non_admin_user): 403 GET http://10.180.1.21/compute/v2.1/os-hypervisors/detail 0.378s
2025-03-10 01:45:03.445 71432 INFO tempest.lib.common.rest_client [req-e359bfa2-30b6-40d4-9548-327ecf844ea3 req-e359bfa2-30b6-40d4-9548-327ecf844ea3 ] Request (ServerAddressesTestJSON:setUpClass): 200 GET http://10.180.1.21/compute/v2.1/servers/930310c2-c565-4987-9762-2d3dc5538a41 0.343s
2025-03-10 01:45:03.471 71396 INFO tempest.lib.common.rest_client [req-47f7c556-0ae4-4cfd-852f-da695a51b313 req-47f7c556-0ae4-4cfd-852f-da695a51b313 ] Request (ServerActionsTestOtherB:setUpClass): 200 GET http://10.180.1.21/compute/v2.1/servers/4795f420-9f4e-4eab-98d7-9eaf0da179bf 0.358s
2025-03-10 01:45:03.483 71378 INFO tempest.lib.common.rest_client [req-aa2988a9-ceaa-4e41-ab85-2ad39e261c3f req-aa2988a9-ceaa-4e41-ab85-2ad39e261c3f ] Request (ServersTestBootFromVolume:setUpClass): 200 GET http://10.180.1.21/volume/v3/volumes/68015219-6c9d-418e-9c2f-f3eb4a004984 0.178s
2025-03-10 01:45:03.495 71438 INFO tempest.lib.common.rest_client [req-d81690cc-881a-4904-9199-f1e2c1d9fc03 req-d81690cc-881a-4904-9199-f1e2c1d9fc03 ] Request (ImagesMetadataNegativeTestJSON:test_set_nonexistent_image_metadata): 404 PUT http://10.180.1.21/compute/v2.1/images/aa8620ab-a666-4cc8-90f7-75cf868b57ae/metadata 0.221s
2025-03-10 01:45:03.524 71418 INFO tempest.lib.common.rest_client [req-dde98fc4-1f61-4293-8bf0-169a44f2bff4 req-dde98fc4-1f61-4293-8bf0-169a44f2bff4 ] Request (ServerExternalEventsTest:tearDownClass): 200 GET http://10.180.1.21:9696/networking/v2.0/security-groups?tenant_id=59397271107949cd92a0c344c84cb500&name=default 0.277s
2025-03-10 01:45:03.609 71428 INFO tempest.lib.common.rest_client [req-875cccae-efcd-40d3-b3d1-cfcb7ae2faff req-875cccae-efcd-40d3-b3d1-cfcb7ae2faff ] Request (MigrationsAdminTest:test_list_migrations_in_flavor_resize_situation): 200 GET http://10.180.1.21/compute/v2.1/servers/5be4e13c-8434-4410-a8c4-b91a70b0ad8c 0.359s
2025-03-10 01:45:03.611 71418 INFO tempest.lib.common.rest_client [req-206a1328-67ee-4def-a43b-909c7b209b36 req-206a1328-67ee-4def-a43b-909c7b209b36 ] Request (ServerExternalEventsTest:tearDownClass): 204 DELETE http://10.180.1.21:9696/networking/v2.0/security-groups/0408e123-f43d-4de2-a302-faf600220fe2 0.086s
2025-03-10 01:45:03.621 71414 INFO tempest.lib.common.rest_client [req-a62b634a-6491-4487-93b8-30f9210c36a9 req-a62b634a-6491-4487-93b8-30f9210c36a9 ] Request (ServerRescueTestJSONUnderV235:setUpClass): 200 GET http://10.180.1.21/compute/v2.1/servers/7427d6f7-0b5f-4aa9-a957-49f5140af50d 0.311s
2025-03-10 01:45:03.627 71402 INFO tempest.lib.common.rest_client [req-999d2f56-7109-444a-89e1-fa1e74091b1c req-999d2f56-7109-444a-89e1-fa1e74091b1c ] Request (HypervisorAdminNegativeTestJSON:test_get_hypervisor_list_with_non_admin_user): 403 GET http://10.180.1.21/compute/v2.1/os-hypervisors 0.221s
2025-03-10 01:45:03.632 71440 WARNING tempest.lib.common.ssh [-] Failed to establish authenticated ssh connection to cirros@10.180.180.152 ([Errno None] Unable to connect to port 22 on 10.180.180.152). Number attempts: 4. Retry after 5 seconds.: paramiko.ssh_exception.NoValidConnectionsError: [Errno None] Unable to connect to port 22 on 10.180.180.152
2025-03-10 01:45:03.681 71404 INFO tempest.lib.common.rest_client [req-2b822814-30f0-4498-8bbe-31c15ea66e9b req-2b822814-30f0-4498-8bbe-31c15ea66e9b ] Request (VolumesAdminNegativeTest:test_update_attached_volume_with_nonexistent_volume_in_body): 200 GET http://10.180.1.21/compute/v2.1/servers/bacce8da-7475-425b-8e5e-4700e31e5f53 0.321s
2025-03-10 01:45:03.690 71418 INFO tempest.lib.common.rest_client [req-a372093e-9293-46c9-9819-6c882c5e0816 req-a372093e-9293-46c9-9819-6c882c5e0816 ] Request (ServerExternalEventsTest:tearDownClass): 204 DELETE http://10.180.1.21/identity/v3/projects/59397271107949cd92a0c344c84cb500 0.078s
2025-03-10 01:45:03.690 71418 INFO tempest.lib.common.dynamic_creds [-] Deleting project and security group for project: 9038d8840bbc42849c5695c0540e0d02
2025-03-10 01:45:03.693 71388 INFO tempest.lib.common.rest_client [req-14071534-3acb-4b6b-91b4-6ec1cc09c9b8 req-14071534-3acb-4b6b-91b4-6ec1cc09c9b8 ] Request (ServersAdminNegativeTestJSON:test_migrate_server_invalid_state): 200 GET http://10.180.1.21/compute/v2.1/servers/68c09dd6-7df0-4dfa-957c-7e4e68092865 0.276s
2025-03-10 01:45:03.706 71438 INFO tempest.lib.common.rest_client [req-0a5c960b-c58b-49d2-b009-2325699dfa5a req-0a5c960b-c58b-49d2-b009-2325699dfa5a ] Request (ImagesMetadataNegativeTestJSON:test_set_nonexistent_image_metadata_item): 404 PUT http://10.180.1.21/compute/v2.1/images/06c0b605-665e-45a4-8ce1-abc8ab3a33e4/metadata/os_distro 0.209s
2025-03-10 01:45:03.764 71400 INFO tempest.lib.common.rest_client [req-347db428-a84e-4768-9e38-28a3dc272b3e req-347db428-a84e-4768-9e38-28a3dc272b3e ] Request (FloatingIPsAssociationNegativeTestJSON:tearDownClass): 200 GET http://10.180.1.21/compute/v2.1/servers/fc0e7536-f62d-42d7-a9aa-1e2000e65b9b 0.224s
2025-03-10 01:45:03.771 71398 INFO tempest.lib.common.rest_client [req-db1b419f-600c-463a-a552-b0905e93e9be req-db1b419f-600c-463a-a552-b0905e93e9be ] Request (ServersTestMultiNic:test_verify_duplicate_network_nics): 200 GET http://10.180.1.21/compute/v2.1/servers/d539eca1-6015-404f-9c18-4bb81ef3ed33 0.174s
2025-03-10 01:45:03.775 71402 INFO tempest.lib.common.rest_client [req-f08c23af-ba84-403f-a9e4-f889d203a7f6 req-f08c23af-ba84-403f-a9e4-f889d203a7f6 ] Request (HypervisorAdminNegativeTestJSON:test_get_hypervisor_stats_with_non_admin_user): 403 GET http://10.180.1.21/compute/v2.1/os-hypervisors/statistics 0.145s
2025-03-10 01:45:03.791 71438 INFO tempest.lib.common.rest_client [req-da06f7f0-2f50-47ca-b30a-ddfa530805a3 req-da06f7f0-2f50-47ca-b30a-ddfa530805a3 ] Request (ImagesMetadataNegativeTestJSON:test_update_nonexistent_image_metadata): 404 POST http://10.180.1.21/compute/v2.1/images/60426bc3-8a28-4c0e-8ff7-8d27aab208ec/metadata 0.083s
2025-03-10 01:45:03.849 71436 INFO tempest.lib.common.rest_client [req-1861f8e2-c153-4805-adcd-1aa3a8fbee70 req-1861f8e2-c153-4805-adcd-1aa3a8fbee70 ] Request (FloatingIPsAssociationTestJSON:test_associate_already_associated_floating_ip): 200 GET http://10.180.1.21/compute/v2.1/servers/4b8b28a1-d95b-4d60-8ff2-5902810d5512 0.196s
2025-03-10 01:45:03.880 71418 INFO tempest.lib.common.rest_client [req-458e0a7d-1260-4e0e-8d40-0b092d959468 req-458e0a7d-1260-4e0e-8d40-0b092d959468 ] Request (ServerExternalEventsTest:tearDownClass): 200 GET http://10.180.1.21:9696/networking/v2.0/security-groups?tenant_id=9038d8840bbc42849c5695c0540e0d02&name=default 0.189s
2025-03-10 01:45:03.915 71438 INFO tempest.lib.common.rest_client [req-3011ddf8-dd30-4a67-8e40-c9647bd96e46 req-3011ddf8-dd30-4a67-8e40-c9647bd96e46 ] Request (ImagesMetadataNegativeTestJSON:tearDownClass): 204 DELETE http://10.180.1.21/identity/v3/users/5e607e44d8c848f19a33b60301568820 0.123s
2025-03-10 01:45:03.915 71438 INFO tempest.lib.common.dynamic_creds [-] Deleting project and security group for project: f7b8065799b04f1dac885b0efcaf5e8c
2025-03-10 01:45:03.962 71406 INFO tempest.lib.common.rest_client [req-9a3942c9-b4da-460d-9261-bcbfdf4c0b6c req-9a3942c9-b4da-460d-9261-bcbfdf4c0b6c ] Request (ServerTagsTestJSON:setUpClass): 200 GET http://10.180.1.21/compute/v2.1/servers/be7fda89-cf49-4802-a1d6-d08c26d08892 0.172s
2025-03-10 01:45:03.970 71402 INFO tempest.lib.common.rest_client [req-eb0ccedc-47d1-418b-8416-3806dfc9f129 req-eb0ccedc-47d1-418b-8416-3806dfc9f129 ] Request (HypervisorAdminNegativeTestJSON:test_get_hypervisor_uptime_with_non_admin_user): 200 GET http://10.180.1.21/compute/v2.1/os-hypervisors 0.192s
2025-03-10 01:45:03.982 71438 INFO tempest.lib.common.rest_client [req-5c06b642-b309-4df1-9fc2-f0b1237cec29 req-5c06b642-b309-4df1-9fc2-f0b1237cec29 ] Request (ImagesMetadataNegativeTestJSON:tearDownClass): 201 POST http://10.180.1.21/identity/v3/auth/tokens 0.067s
2025-03-10 01:45:04.029 71418 INFO tempest.lib.common.rest_client [req-7e7cbb7f-ceeb-46dd-be1c-b17756a6b530 req-7e7cbb7f-ceeb-46dd-be1c-b17756a6b530 ] Request (ServerExternalEventsTest:tearDownClass): 204 DELETE http://10.180.1.21:9696/networking/v2.0/security-groups/3b0e930f-7b24-4e18-947c-9ab3146e0561 0.149s
2025-03-10 01:45:04.030 71412 INFO tempest.lib.common.rest_client [req-0f60711c-4dd4-44d4-ba4d-f3e3b18ca771 req-0f60711c-4dd4-44d4-ba4d-f3e3b18ca771 ] Request (ImagesOneServerNegativeTestJSON:setUpClass): 200 GET http://10.180.1.21/compute/v2.1/servers/52feaf82-91c1-444a-95de-22b86fc8b5d0 0.157s
2025-03-10 01:45:04.048 71392 INFO tempest.lib.common.rest_client [req-59cc7d6b-72fc-41ce-b4d2-7b3137814ead req-59cc7d6b-72fc-41ce-b4d2-7b3137814ead ] Request (TenantUsagesTestJSON:setUpClass): 200 GET http://10.180.1.21/compute/v2.1/servers/888b8479-2a85-435b-bf2e-85734fa81afa 0.135s
2025-03-10 01:45:04.056 71402 INFO tempest.lib.common.rest_client [req-08ab8b86-02e9-4b26-90ad-e3147b81f9d2 req-08ab8b86-02e9-4b26-90ad-e3147b81f9d2 ] Request (HypervisorAdminNegativeTestJSON:test_get_hypervisor_uptime_with_non_admin_user): 403 GET http://10.180.1.21/compute/v2.1/os-hypervisors/1/uptime 0.082s
2025-03-10 01:45:04.104 71430 INFO tempest.lib.common.rest_client [req-7ff5b1b4-0dfd-4f84-826a-001a20682a12 req-7ff5b1b4-0dfd-4f84-826a-001a20682a12 ] Request (AttachInterfacesV270Test:test_create_get_list_interfaces): 200 GET http://10.180.1.21/compute/v2.1/servers/00f0cd82-d2d7-45e0-9144-b71308e99032 0.173s
2025-03-10 01:45:04.113 71418 INFO tempest.lib.common.rest_client [req-460bd7f5-f632-4ac1-9668-4b1da9e43f2c req-460bd7f5-f632-4ac1-9668-4b1da9e43f2c ] Request (ServerExternalEventsTest:tearDownClass): 204 DELETE http://10.180.1.21/identity/v3/projects/9038d8840bbc42849c5695c0540e0d02 0.084s
2025-03-10 01:45:04.113 71418 INFO tempest.lib.common.dynamic_creds [-] Deleting project and security group for project: 57098984d21140de8fee1ebb3329813f
2025-03-10 01:45:04.124 71410 INFO tempest.lib.common.rest_client [req-1f58bcde-6df8-4528-b588-3a2579fe1a45 req-1f58bcde-6df8-4528-b588-3a2579fe1a45 ] Request (ServersV294TestFqdnHostnames:setUpClass): 200 GET http://10.180.1.21/compute/v2.1/servers/0ca370e4-fd6f-4221-89b6-c282f8827dc7 0.141s
2025-03-10 01:45:04.132 71402 INFO tempest.lib.common.rest_client [req-d1b17b49-f4cb-4404-bdfe-b7a2bfd8c28c req-d1b17b49-f4cb-4404-bdfe-b7a2bfd8c28c ] Request (HypervisorAdminNegativeTestJSON:test_get_nonexistent_hypervisor_uptime): 404 GET http://10.180.1.21/compute/v2.1/os-hypervisors/58778678-620e-4b2e-bec0-81cb7ef3c333/uptime 0.075s
2025-03-10 01:45:04.160 71418 INFO tempest.lib.common.rest_client [req-2b8eeff4-dd72-4f52-84fc-1ec2dcc37462 req-2b8eeff4-dd72-4f52-84fc-1ec2dcc37462 ] Request (ServerExternalEventsTest:tearDownClass): 200 GET http://10.180.1.21:9696/networking/v2.0/security-groups?tenant_id=57098984d21140de8fee1ebb3329813f&name=default 0.046s
2025-03-10 01:45:04.178 71434 INFO tempest.lib.common.rest_client [req-6a9923e4-409d-4198-9870-14a0206000ce req-6a9923e4-409d-4198-9870-14a0206000ce ] Request (ImagesOneServerTestJSON:setUpClass): 200 GET http://10.180.1.21/compute/v2.1/servers/9f4a62c4-d259-4eb9-a43a-78d3bf9dac5a 0.184s
