2025-05-22 21:51:49.538 69509 INFO tempest.lib.common.rest_client [req-78fde74f-0b31-4293-b1ca-f911e1aa42af req-78fde74f-0b31-4293-b1ca-f911e1aa42af ] Request (ServerAddressesTestJSON:tearDownClass): 204 DELETE http://10.180.1.21:9696/networking/v2.0/routers/c1e249b8-c2cb-4cac-8847-d25712e3e83a 1.098s
2025-05-22 21:51:49.541 69497 INFO tempest.lib.common.rest_client [req-e35f6de9-c767-47b4-857b-a65f140cd40c req-e35f6de9-c767-47b4-857b-a65f140cd40c ] Request (HypervisorAdminV228Test:setUpClass): 201 POST http://10.180.1.21/identity/v3/projects 0.033s
2025-05-22 21:51:49.548 69461 INFO tempest.lib.common.rest_client [req-4c9d1dd8-c196-40fc-be67-b78ad13a91c3 req-4c9d1dd8-c196-40fc-be67-b78ad13a91c3 ] Request (FlavorsAccessNegativeTestJSON:tearDownClass): 200 GET http://10.180.1.21:9696/networking/v2.0/security-groups?tenant_id=cbe23632ce1140baac410ad413a84ddd&name=default 0.219s
2025-05-22 21:51:49.555 69491 INFO tempest.lib.common.rest_client [req-c1e0fe78-220e-4c06-8126-5b5fc09dadc9 req-c1e0fe78-220e-4c06-8126-5b5fc09dadc9 ] Request (InstanceActionsTestJSON:setUpClass): 200 GET http://10.180.1.21/compute/v2.1/servers/17c421bd-a02f-41a6-9074-8c143e423c79 0.773s
2025-05-22 21:51:49.580 69493 INFO tempest.lib.common.rest_client [req-c3f0acba-59a3-45ac-864a-50f447dff204 req-c3f0acba-59a3-45ac-864a-50f447dff204 ] Request (ServerDiskConfigTestJSON:test_rebuild_server_with_auto_disk_config): 200 GET http://10.180.1.21/compute/v2.1/servers/a1a8aca5-e4b3-4927-9c7d-b86c58c9c9e8 0.779s
2025-05-22 21:51:49.613 69497 INFO tempest.lib.common.rest_client [req-89dfa5c5-b0f8-47e9-886f-c0e631fd526e req-89dfa5c5-b0f8-47e9-886f-c0e631fd526e ] Request (HypervisorAdminV228Test:setUpClass): 201 POST http://10.180.1.21/identity/v3/users 0.072s
2025-05-22 21:51:49.625 69489 INFO tempest.lib.common.rest_client [req-5f098340-e335-4148-90e7-54e100827beb req-5f098340-e335-4148-90e7-54e100827beb ] Request (VolumesAdminNegativeTest:test_update_attached_volume_with_nonexistent_volume_in_uri): 200 GET http://10.180.1.21/compute/v2.1/servers/ea94a5c3-226a-4866-8d96-2e5c341d4636 0.761s
2025-05-22 21:51:49.639 69479 INFO tempest.lib.common.rest_client [req-60f39e3d-0617-4a8f-a744-67b8e9710272 req-60f39e3d-0617-4a8f-a744-67b8e9710272 ] Request (ServersTestBootFromVolume:setUpClass): 200 GET http://10.180.1.21/volume/v3/e79e6f22715445819a466f1cb9f3faef/volumes/c9c3e960-b32e-44fd-8673-dee1cdf69239 0.030s
2025-05-22 21:51:49.644 69497 INFO tempest.lib.common.rest_client [req-37650290-aa82-4d9b-9267-bd638318641a req-37650290-aa82-4d9b-9267-bd638318641a ] Request (HypervisorAdminV228Test:setUpClass): 200 GET http://10.180.1.21/identity/v3/roles 0.030s
2025-05-22 21:51:49.660 69459 INFO tempest.lib.common.rest_client [req-2dcc5489-5d24-4934-99e4-7bd5a14aed60 req-2dcc5489-5d24-4934-99e4-7bd5a14aed60 ] Request (FloatingIPsAssociationTestJSON:setUpClass): 200 GET http://10.180.1.21/compute/v2.1/servers/221be95e-aac8-4551-8525-9745480ea8c6 0.714s
2025-05-22 21:51:49.681 69497 INFO tempest.lib.common.rest_client [req-1ade89aa-4d57-47b5-bfc0-232a106f1a51 req-1ade89aa-4d57-47b5-bfc0-232a106f1a51 ] Request (HypervisorAdminV228Test:setUpClass): 204 PUT http://10.180.1.21/identity/v3/projects/4bc08a2c82bf4244bf9030f3849356b4/users/e6551be7434844baa9dcaf3eb843478c/roles/862171c0d4e2480ca37d12d9a2587538 0.036s
2025-05-22 21:51:49.682 69497 INFO tempest.lib.common.dynamic_creds [-] Dynamic test user e6551be7434844baa9dcaf3eb843478c is created with scope project and roles: ['member']
2025-05-22 21:51:49.682 69497 INFO tempest.lib.common.dynamic_creds [-] Acquired dynamic creds: credentials: Credentials: {'domain_id': 'default', 'domain_name': 'Default', 'username': 'tempest-HypervisorAdminV228Test-1996026090-project-member', 'project_domain_id': 'default', 'project_domain_name': 'Default', 'project_id': '4bc08a2c82bf4244bf9030f3849356b4', 'project_name': 'tempest-HypervisorAdminV228Test-1996026090', 'tenant_id': '4bc08a2c82bf4244bf9030f3849356b4', 'tenant_name': 'tempest-HypervisorAdminV228Test-1996026090', 'user_domain_id': 'default', 'user_domain_name': 'Default', 'user_id': 'e6551be7434844baa9dcaf3eb843478c', 'system': None}, Network: None, Subnet: None, Router: None
2025-05-22 21:51:49.682 69497 INFO tempest.lib.common.dynamic_creds [-] Created isolated network resources for: credentials: Credentials: {'domain_id': 'default', 'domain_name': 'Default', 'username': 'tempest-HypervisorAdminV228Test-1996026090-project-member', 'project_domain_id': 'default', 'project_domain_name': 'Default', 'project_id': '4bc08a2c82bf4244bf9030f3849356b4', 'project_name': 'tempest-HypervisorAdminV228Test-1996026090', 'tenant_id': '4bc08a2c82bf4244bf9030f3849356b4', 'tenant_name': 'tempest-HypervisorAdminV228Test-1996026090', 'user_domain_id': 'default', 'user_domain_name': 'Default', 'user_id': 'e6551be7434844baa9dcaf3eb843478c', 'system': None}, Network: None, Subnet: None, Router: None
2025-05-22 21:51:49.685 69467 INFO tempest.lib.common.rest_client [req-35b4d03a-b193-434e-89d2-60f018d572f6 req-35b4d03a-b193-434e-89d2-60f018d572f6 ] Request (InstanceActionsNegativeTestJSON:setUpClass): 200 GET http://10.180.1.21/compute/v2.1/servers/4c5586e7-333c-44b0-aef9-4d1b7988826d 0.599s
2025-05-22 21:51:49.701 69461 INFO tempest.lib.common.rest_client [req-98cad053-8e41-479a-8746-817f4446f27d req-98cad053-8e41-479a-8746-817f4446f27d ] Request (FlavorsAccessNegativeTestJSON:tearDownClass): 204 DELETE http://10.180.1.21:9696/networking/v2.0/security-groups/5a8ae6da-7e28-4467-97e4-964ff921abd1 0.152s
2025-05-22 21:51:49.766 69497 INFO tempest.lib.common.rest_client [req-b0c2eedd-ab6e-465a-be29-783691191076 req-b0c2eedd-ab6e-465a-be29-783691191076 ] Request (HypervisorAdminV228Test:setUpClass): 201 POST http://10.180.1.21/identity/v3/auth/tokens 0.078s
2025-05-22 21:51:49.802 69509 INFO tempest.lib.common.rest_client [req-b286fc74-0faa-406a-bd7e-e8f525cd2446 req-b286fc74-0faa-406a-bd7e-e8f525cd2446 ] Request (ServerAddressesTestJSON:tearDownClass): 204 DELETE http://10.180.1.21:9696/networking/v2.0/subnets/53f74bce-5d63-4f7d-b947-98b5ea045255 0.264s
2025-05-22 21:51:49.806 69483 INFO tempest.lib.common.rest_client [req-a32b0426-3f37-40d4-8e06-39ddea798e70 req-a32b0426-3f37-40d4-8e06-39ddea798e70 ] Request (ServerActionsV293TestJSON:setUpClass): 200 GET http://10.180.1.21/volume/v3/e2572d9a7bf14b1fb924a9e48aefa2d8/volumes/3ea95a61-7411-4aff-a1c6-b2d04ecb7a79 0.043s
2025-05-22 21:51:49.809 69497 INFO tempest.lib.common.rest_client [req-9c6f61a5-5271-4aaa-bc14-d726c52006d6 req-9c6f61a5-5271-4aaa-bc14-d726c52006d6 ] Request (HypervisorAdminV228Test:setUpClass): 201 POST http://10.180.1.21/identity/v3/projects 0.042s
2025-05-22 21:51:49.857 69461 INFO tempest.lib.common.rest_client [req-afaf516a-ae2b-459d-aa37-58bee0f5ffb5 req-afaf516a-ae2b-459d-aa37-58bee0f5ffb5 ] Request (FlavorsAccessNegativeTestJSON:tearDownClass): 204 DELETE http://10.180.1.21/identity/v3/projects/cbe23632ce1140baac410ad413a84ddd 0.156s
2025-05-22 21:51:49.858 69461 INFO tempest.test [-] raised in UpdateMultiattachVolumeNegativeTest.setUpClass. Invoking tearDownClass.
2025-05-22 21:51:49.859 69481 INFO tempest.lib.common.rest_client [req-2a5d2568-b06b-4f08-9445-5793b7a67dd3 req-2a5d2568-b06b-4f08-9445-5793b7a67dd3 ] Request (AbsoluteLimitsNegativeTestJSON:test_max_metadata_exceed_limit): 403 POST http://10.180.1.21/compute/v2.1/servers 0.763s
2025-05-22 21:51:49.871 69497 INFO tempest.lib.common.rest_client [req-7487b516-be7a-4896-9792-b132605b8a3d req-7487b516-be7a-4896-9792-b132605b8a3d ] Request (HypervisorAdminV228Test:setUpClass): 201 POST http://10.180.1.21/identity/v3/users 0.062s
2025-05-22 21:51:49.897 69461 INFO tempest.lib.common.rest_client [req-e15ce07c-d452-4267-b5b7-dfa7ba9989fa req-e15ce07c-d452-4267-b5b7-dfa7ba9989fa ] Request (ServersTestJSON:setUpClass): 201 POST http://10.180.1.21/identity/v3/auth/tokens 0.035s
2025-05-22 21:51:49.907 69475 INFO tempest.lib.common.rest_client [req-bc89a34e-e899-4775-9394-5d98f0d0faa2 req-bc89a34e-e899-4775-9394-5d98f0d0faa2 ] Request (ServersTestMultiNic:test_verify_multiple_nics_order): 200 GET http://10.180.1.21/compute/v2.1/servers/05eacaa7-1a14-4834-86ee-7f6dcaf21b85 0.543s
2025-05-22 21:51:49.927 69497 INFO tempest.lib.common.rest_client [req-d75b01e3-9117-433c-ada4-7e8b81d752fa req-d75b01e3-9117-433c-ada4-7e8b81d752fa ] Request (HypervisorAdminV228Test:setUpClass): 200 GET http://10.180.1.21/identity/v3/roles 0.055s
2025-05-22 21:51:49.936 69519 INFO tempest.lib.common.rest_client [req-88f80097-a312-470a-8585-33dc38322afd req-88f80097-a312-470a-8585-33dc38322afd ] Request (MultipleCreateTestJSON:test_multiple_create): 204 DELETE http://10.180.1.21/compute/v2.1/servers/598fe41b-debf-4fbd-ac21-5cda132d2fea 0.791s
2025-05-22 21:51:50.001 69507 INFO tempest.lib.common.rest_client [req-c0ded0b0-0510-4a9f-8fcc-a6a3a35fbab8 req-c0ded0b0-0510-4a9f-8fcc-a6a3a35fbab8 ] Request (QuotasAdminTestV257:test_get_updated_quotas): 200 GET http://10.180.1.21/identity/v3/domains?name=Default 0.121s
2025-05-22 21:51:50.028 69501 INFO tempest.lib.common.rest_client [req-df2b34e9-204f-445c-837b-c651907154c2 req-df2b34e9-204f-445c-837b-c651907154c2 ] Request (ServersTestManualDisk:setUpClass): 200 GET http://10.180.1.21/compute/v2.1/servers/d4220806-373f-45cc-82d0-cc70ca2c26ef 0.255s
2025-05-22 21:51:50.030 69469 INFO tempest.lib.common.rest_client [req-cef1d0d2-c36c-49f7-a485-0dcd9b4ed1ea req-cef1d0d2-c36c-49f7-a485-0dcd9b4ed1ea ] Request (ImagesTestJSON:test_delete_saving_image): 200 GET http://10.180.1.21/compute/v2.1/servers/9bd1c816-5248-4e48-89f8-f3b999d50bff 0.203s
2025-05-22 21:51:50.042 69469 INFO tempest.common.waiters [-] State transition "BUILD/scheduling" ==> "BUILD/None" after 12 second wait
2025-05-22 21:51:50.057 69481 INFO tempest.lib.common.rest_client [req-2b80fe90-7546-4ecf-8591-3bea4558163c req-2b80fe90-7546-4ecf-8591-3bea4558163c ] Request (AbsoluteLimitsNegativeTestJSON:tearDownClass): 204 DELETE http://10.180.1.21/identity/v3/users/44f4ec5590bb445e84ebf19d10490bf7 0.195s
2025-05-22 21:51:50.057 69481 INFO tempest.lib.common.dynamic_creds [-] Deleting project and security group for project: bb80ff91a1c34354b0c95fb3c7c287e7
2025-05-22 21:51:50.065 69461 INFO tempest.lib.common.rest_client [req-9b3dc360-bcd8-4008-aac7-42fe3c216ee0 req-9b3dc360-bcd8-4008-aac7-42fe3c216ee0 ] Request (ServersTestJSON:setUpClass): 201 POST http://10.180.1.21/identity/v3/auth/tokens 0.165s
2025-05-22 21:51:50.107 69473 INFO tempest.lib.common.rest_client [req-646cff15-3f4a-43df-aaf2-1d79ca1fc908 req-646cff15-3f4a-43df-aaf2-1d79ca1fc908 ] Request (ServersAdminNegativeTestJSON:tearDownClass): 200 GET http://10.180.1.21/compute/v2.1/servers/8e6a9d73-6705-484c-82e0-70c6a6860211 0.233s
2025-05-22 21:51:50.130 69497 INFO tempest.lib.common.rest_client [req-dc0cf0ac-0890-4f7a-9429-589a2521bbc4 req-dc0cf0ac-0890-4f7a-9429-589a2521bbc4 ] Request (HypervisorAdminV228Test:setUpClass): 204 PUT http://10.180.1.21/identity/v3/projects/b040502c135c47a1bc34a3404d4ce05a/users/b1ae14be7d354ffa97a647bf40ca8eb6/roles/6624b881d427485fa31f7b5835b34caf 0.203s
2025-05-22 21:51:50.202 69481 INFO tempest.lib.common.rest_client [req-90aedb6a-f114-4543-9940-cae44c65d74c req-90aedb6a-f114-4543-9940-cae44c65d74c ] Request (AbsoluteLimitsNegativeTestJSON:tearDownClass): 201 POST http://10.180.1.21/identity/v3/auth/tokens 0.144s
2025-05-22 21:51:50.218 69507 INFO tempest.lib.common.rest_client [req-5e2452d7-a478-49bf-ab58-8b7548aeddc1 req-5e2452d7-a478-49bf-ab58-8b7548aeddc1 ] Request (QuotasAdminTestV257:test_get_updated_quotas): 201 POST http://10.180.1.21/identity/v3/projects 0.215s
2025-05-22 21:51:50.225 69461 INFO tempest.lib.common.rest_client [req-0944bd43-53c7-4a9e-a1f6-8ac97a5b03ee req-0944bd43-53c7-4a9e-a1f6-8ac97a5b03ee ] Request (ServersTestJSON:setUpClass): 200 GET http://10.180.1.21/identity/v3/domains?name=Default 0.160s
2025-05-22 21:51:50.275 69497 INFO tempest.lib.common.rest_client [req-4515d898-b57e-4db0-8015-f094bbadc289 req-4515d898-b57e-4db0-8015-f094bbadc289 ] Request (HypervisorAdminV228Test:setUpClass): 200 GET http://10.180.1.21/identity/v3/roles 0.144s
2025-05-22 21:51:50.282 69485 INFO tempest.lib.common.rest_client [req-cba89903-1ba2-4f1f-b8dc-bec604f300c5 req-cba89903-1ba2-4f1f-b8dc-bec604f300c5 ] Request (DeleteServersTestJSON:test_delete_active_server): 200 GET http://10.180.1.21/compute/v2.1/servers/9a29b0d3-9de0-476b-8559-672010f02caa 0.074s
2025-05-22 21:51:50.312 69519 INFO tempest.lib.common.rest_client [req-05832d89-2c73-4312-945a-6f194df93cd0 req-05832d89-2c73-4312-945a-6f194df93cd0 ] Request (MultipleCreateTestJSON:test_multiple_create): 204 DELETE http://10.180.1.21/compute/v2.1/servers/7a5215be-525e-4400-8972-4d6a949f5c24 0.375s
2025-05-22 21:51:50.322 69465 INFO tempest.lib.common.rest_client [req-f77a4c5f-b32b-451f-8f99-562dad520da7 req-f77a4c5f-b32b-451f-8f99-562dad520da7 ] Request (ServerMetadataTestJSON:setUpClass): 201 POST http://10.180.1.21:9696/networking/v2.0/routers 1.775s
2025-05-22 21:51:50.337 69519 INFO tempest.lib.common.rest_client [req-e2b8fed3-2e0c-4ae5-9c23-fcbffafeb288 req-e2b8fed3-2e0c-4ae5-9c23-fcbffafeb288 ] Request (MultipleCreateTestJSON:test_multiple_create): 404 GET http://10.180.1.21/compute/v2.1/servers/598fe41b-debf-4fbd-ac21-5cda132d2fea 0.025s
2025-05-22 21:51:50.347 69517 INFO tempest.lib.common.rest_client [req-a15f8801-10f3-4771-a32b-780d2df7c937 req-a15f8801-10f3-4771-a32b-780d2df7c937 ] Request (SecurityGroupsTestJSON:test_list_security_groups_by_server): 200 GET http://10.180.1.21/compute/v2.1/servers/d0facc29-338c-4d0d-a9f3-a37781c19b68 0.075s
2025-05-22 21:51:50.352 69507 INFO tempest.lib.common.rest_client [req-de85c2f8-0e82-4c5a-a53d-1fe4c084eb2f req-de85c2f8-0e82-4c5a-a53d-1fe4c084eb2f ] Request (QuotasAdminTestV257:test_get_updated_quotas): 200 GET http://10.180.1.21/identity/v3/domains?name=Default 0.134s
2025-05-22 21:51:50.360 69461 INFO tempest.lib.common.rest_client [req-d1bfa86a-b5eb-43d4-8aaa-8f105dc4adbe req-d1bfa86a-b5eb-43d4-8aaa-8f105dc4adbe ] Request (ServersTestJSON:setUpClass): 201 POST http://10.180.1.21/identity/v3/projects 0.134s
2025-05-22 21:51:50.391 69519 INFO tempest.lib.common.rest_client [req-d0189d8e-2ab4-4702-97f6-d265402694af req-d0189d8e-2ab4-4702-97f6-d265402694af ] Request (MultipleCreateTestJSON:test_multiple_create): 404 GET http://10.180.1.21/compute/v2.1/servers/7a5215be-525e-4400-8972-4d6a949f5c24 0.053s
2025-05-22 21:51:50.421 69513 INFO tempest.lib.common.rest_client [req-97be4767-7972-4b5a-b696-60825f0ac0fa req-97be4767-7972-4b5a-b696-60825f0ac0fa ] Request (ServersTestJSON:test_create_server_with_ipv6_addr_only): 200 GET http://10.180.1.21/compute/v2.1/servers/6cdbe208-0eb2-4493-a477-daeb70739f95 0.090s
2025-05-22 21:51:50.428 69497 INFO tempest.lib.common.rest_client [req-b5dd4aee-c5c2-4d58-99d6-68f9a2732b10 req-b5dd4aee-c5c2-4d58-99d6-68f9a2732b10 ] Request (HypervisorAdminV228Test:setUpClass): 204 PUT http://10.180.1.21/identity/v3/projects/b040502c135c47a1bc34a3404d4ce05a/users/b1ae14be7d354ffa97a647bf40ca8eb6/roles/6624b881d427485fa31f7b5835b34caf 0.153s
2025-05-22 21:51:50.428 69497 INFO tempest.lib.common.dynamic_creds [-] Dynamic test user b1ae14be7d354ffa97a647bf40ca8eb6 is created with scope project and roles: ['admin']
2025-05-22 21:51:50.429 69497 INFO tempest.lib.common.dynamic_creds [-] Acquired dynamic creds: credentials: Credentials: {'domain_id': 'default', 'domain_name': 'Default', 'username': 'tempest-HypervisorAdminV228Test-1188149246-project-admin', 'project_domain_id': 'default', 'project_domain_name': 'Default', 'project_id': 'b040502c135c47a1bc34a3404d4ce05a', 'project_name': 'tempest-HypervisorAdminV228Test-1188149246', 'tenant_id': 'b040502c135c47a1bc34a3404d4ce05a', 'tenant_name': 'tempest-HypervisorAdminV228Test-1188149246', 'user_domain_id': 'default', 'user_domain_name': 'Default', 'user_id': 'b1ae14be7d354ffa97a647bf40ca8eb6', 'system': None}, Network: None, Subnet: None, Router: None
2025-05-22 21:51:50.429 69497 INFO tempest.lib.common.dynamic_creds [-] Created isolated network resources for: credentials: Credentials: {'domain_id': 'default', 'domain_name': 'Default', 'username': 'tempest-HypervisorAdminV228Test-1188149246-project-admin', 'project_domain_id': 'default', 'project_domain_name': 'Default', 'project_id': 'b040502c135c47a1bc34a3404d4ce05a', 'project_name': 'tempest-HypervisorAdminV228Test-1188149246', 'tenant_id': 'b040502c135c47a1bc34a3404d4ce05a', 'tenant_name': 'tempest-HypervisorAdminV228Test-1188149246', 'user_domain_id': 'default', 'user_domain_name': 'Default', 'user_id': 'b1ae14be7d354ffa97a647bf40ca8eb6', 'system': None}, Network: None, Subnet: None, Router: None
2025-05-22 21:51:50.429 69461 INFO tempest.lib.common.rest_client [req-8e9e3487-8522-4d9b-a7fe-0f7e4be8a468 req-8e9e3487-8522-4d9b-a7fe-0f7e4be8a468 ] Request (ServersTestJSON:setUpClass): 201 POST http://10.180.1.21/identity/v3/users 0.069s
2025-05-22 21:51:50.486 69519 INFO tempest.lib.common.rest_client [req-39a48240-3d68-4440-bd0b-98737b96faf7 req-39a48240-3d68-4440-bd0b-98737b96faf7 ] Request (MultipleCreateTestJSON:test_multiple_create_with_reservation_return): 201 POST http://10.180.1.21/identity/v3/auth/tokens 0.087s
2025-05-22 21:51:50.490 69519 INFO tempest.lib.common.fixed_network [-] (MultipleCreateTestJSON:test_multiple_create_with_reservation_return) Found network {'id': '2f437cda-40aa-461d-8191-8d7871e5b435', 'name': 'tempest-MultipleCreateTestJSON-2028003468-network', 'tenant_id': 'f347f7671f9b4bf1936fd4645bbfa18e', 'admin_state_up': True, 'mtu': 8950, 'status': 'ACTIVE', 'subnets': [], 'shared': False, 'project_id': 'f347f7671f9b4bf1936fd4645bbfa18e', 'port_security_enabled': True, 'router:external': False, 'provider:network_type': 'vlan', 'provider:physical_network': 'default', 'provider:segmentation_id': 212, 'is_default': False, 'availability_zone_hints': [], 'availability_zones': [], 'ipv4_address_scope': None, 'ipv6_address_scope': None, 'description': '', 'tags': [], 'created_at': '2025-05-22T21:51:03Z', 'updated_at': '2025-05-22T21:51:03Z', 'revision_number': 1} available for tenant
2025-05-22 21:51:50.494 69509 INFO tempest.lib.common.rest_client [req-f9daebdb-e950-475a-baff-717010e7debd req-f9daebdb-e950-475a-baff-717010e7debd ] Request (ServerAddressesTestJSON:tearDownClass): 204 DELETE http://10.180.1.21:9696/networking/v2.0/networks/f9fcb081-52f9-4788-ad91-e08a7fe3091b 0.691s
2025-05-22 21:51:50.539 69461 INFO tempest.lib.common.rest_client [req-e490f4c7-a8e0-41e0-94d9-1e962400f461 req-e490f4c7-a8e0-41e0-94d9-1e962400f461 ] Request (ServersTestJSON:setUpClass): 200 GET http://10.180.1.21/identity/v3/roles 0.109s
2025-05-22 21:51:50.540 69496 INFO tempest.lib.common.rest_client [req-c26f9b2c-685e-43d9-9354-cf8ff7acffe8 req-c26f9b2c-685e-43d9-9354-cf8ff7acffe8 ] Request (MigrationsAdminTest:test_resize_server_revert_deleted_flavor): 200 GET http://10.180.1.21/compute/v2.1/servers/155b53f6-a42a-48ad-bbfb-a99fc9eba789 0.131s
2025-05-22 21:51:50.584 69497 INFO tempest.lib.common.rest_client [req-f7797350-44e9-4f4f-ba9c-fc35959a4673 req-f7797350-44e9-4f4f-ba9c-fc35959a4673 ] Request (HypervisorAdminV228Test:setUpClass): 201 POST http://10.180.1.21/identity/v3/auth/tokens 0.152s
2025-05-22 21:51:50.619 69509 INFO tempest.lib.common.rest_client [req-d5553963-0968-44af-80ec-cf9b7c8da455 req-d5553963-0968-44af-80ec-cf9b7c8da455 ] Request (ServerAddressesTestJSON:tearDownClass): 204 DELETE http://10.180.1.21/identity/v3/users/01925ce0fef644c09f0f08e45f37aa09 0.125s
2025-05-22 21:51:50.620 69509 INFO tempest.lib.common.dynamic_creds [-] Deleting project and security group for project: 8181ff36bd014c3784247629c608b8e0
2025-05-22 21:51:50.639 69481 INFO tempest.lib.common.rest_client [req-f2fe3e47-7668-4a18-8356-cb341173b36c req-f2fe3e47-7668-4a18-8356-cb341173b36c ] Request (AbsoluteLimitsNegativeTestJSON:tearDownClass): 200 GET http://10.180.1.21:9696/networking/v2.0/security-groups?tenant_id=bb80ff91a1c34354b0c95fb3c7c287e7&name=default 0.436s
2025-05-22 21:51:50.644 69463 INFO tempest.lib.common.rest_client [req-7b361824-2cc7-441b-81db-b761dffa2986 req-7b361824-2cc7-441b-81db-b761dffa2986 ] Request (AttachInterfacesUnderV243Test:test_add_remove_fixed_ip): 200 GET http://10.180.1.21/compute/v2.1/servers/14990d60-4a6a-4896-816f-7bd7d5af19a5 0.201s
2025-05-22 21:51:50.678 69509 INFO tempest.lib.common.rest_client [req-6face797-c534-40e9-a1ac-596616283f38 req-6face797-c534-40e9-a1ac-596616283f38 ] Request (ServerAddressesTestJSON:tearDownClass): 200 GET http://10.180.1.21:9696/networking/v2.0/security-groups?tenant_id=8181ff36bd014c3784247629c608b8e0&name=default 0.058s
2025-05-22 21:51:50.688 69479 INFO tempest.lib.common.rest_client [req-27d0a652-96db-41c6-82ba-680ddc62a0c9 req-27d0a652-96db-41c6-82ba-680ddc62a0c9 ] Request (ServersTestBootFromVolume:setUpClass): 200 GET http://10.180.1.21/volume/v3/e79e6f22715445819a466f1cb9f3faef/volumes/c9c3e960-b32e-44fd-8673-dee1cdf69239 0.036s
2025-05-22 21:51:50.688 69461 INFO tempest.lib.common.rest_client [req-c0e1550f-418f-4d9c-aad9-4894342368d8 req-c0e1550f-418f-4d9c-aad9-4894342368d8 ] Request (ServersTestJSON:setUpClass): 204 PUT http://10.180.1.21/identity/v3/projects/516938faa4ca4af38c45aa011e8c6372/users/82342dff155c4d37b1dfb4b4db92c251/roles/862171c0d4e2480ca37d12d9a2587538 0.149s
2025-05-22 21:51:50.688 69461 INFO tempest.lib.common.dynamic_creds [-] Dynamic test user 82342dff155c4d37b1dfb4b4db92c251 is created with scope project and roles: ['member']
2025-05-22 21:51:50.688 69461 INFO tempest.lib.common.dynamic_creds [-] Acquired dynamic creds: credentials: Credentials: {'domain_id': 'default', 'domain_name': 'Default', 'username': 'tempest-ServersTestJSON-898140240-project-member', 'project_domain_id': 'default', 'project_domain_name': 'Default', 'project_id': '516938faa4ca4af38c45aa011e8c6372', 'project_name': 'tempest-ServersTestJSON-898140240', 'tenant_id': '516938faa4ca4af38c45aa011e8c6372', 'tenant_name': 'tempest-ServersTestJSON-898140240', 'user_domain_id': 'default', 'user_domain_name': 'Default', 'user_id': '82342dff155c4d37b1dfb4b4db92c251', 'system': None}, Network: None, Subnet: None, Router: None
2025-05-22 21:51:50.751 69461 INFO tempest.lib.common.rest_client [req-e33681be-539b-4114-9336-165772c6b868 req-e33681be-539b-4114-9336-165772c6b868 ] Request (ServersTestJSON:setUpClass): 201 POST http://10.180.1.21/identity/v3/auth/tokens 0.063s
2025-05-22 21:51:50.797 69507 INFO tempest.lib.common.rest_client [req-c4dde864-629c-401d-8fff-b5a4b07254d3 req-c4dde864-629c-401d-8fff-b5a4b07254d3 ] Request (QuotasAdminTestV257:test_get_updated_quotas): 200 PUT http://10.180.1.21/compute/v2.1/os-quota-sets/8443f29eafda4319956cae105564be92 0.444s
2025-05-22 21:51:50.845 69483 INFO tempest.lib.common.rest_client [req-5faa05fa-b271-408c-ad87-ee0cb7a84862 req-5faa05fa-b271-408c-ad87-ee0cb7a84862 ] Request (ServerActionsV293TestJSON:setUpClass): 200 GET http://10.180.1.21/volume/v3/e2572d9a7bf14b1fb924a9e48aefa2d8/volumes/3ea95a61-7411-4aff-a1c6-b2d04ecb7a79 0.027s
2025-05-22 21:51:50.914 69481 INFO tempest.lib.common.rest_client [req-bfc74090-8272-4824-b78d-d591ceb9374a req-bfc74090-8272-4824-b78d-d591ceb9374a ] Request (AbsoluteLimitsNegativeTestJSON:tearDownClass): 204 DELETE http://10.180.1.21:9696/networking/v2.0/security-groups/a6a07969-ba03-4688-858f-de64604b2b56 0.273s
2025-05-22 21:51:50.924 69487 INFO tempest.lib.common.rest_client [req-ce966ca7-5555-4586-8953-fc1be71422d0 req-ce966ca7-5555-4586-8953-fc1be71422d0 ] Request (ServersNegativeTestMultiTenantJSON:setUpClass): 200 GET http://10.180.1.21/compute/v2.1/servers/47c2201c-a952-4474-88e1-2773f04494aa 0.440s
2025-05-22 21:51:50.996 69481 INFO tempest.lib.common.rest_client [req-37724564-1ee8-4dd4-8cae-07b849129885 req-37724564-1ee8-4dd4-8cae-07b849129885 ] Request (AbsoluteLimitsNegativeTestJSON:tearDownClass): 204 DELETE http://10.180.1.21/identity/v3/projects/bb80ff91a1c34354b0c95fb3c7c287e7 0.082s
2025-05-22 21:51:51.028 69477 INFO tempest.lib.common.rest_client [req-b866d7e3-9cf1-4df1-a539-fdf78b23a7e3 req-b866d7e3-9cf1-4df1-a539-fdf78b23a7e3 ] Request (TenantUsagesTestJSON:setUpClass): 200 GET http://10.180.1.21/compute/v2.1/servers/377a8d4c-f905-4c09-ac2e-01c5f5bc5ad3 0.509s
2025-05-22 21:51:51.038 69477 INFO tempest.common.waiters [-] State transition "BUILD/None" ==> "ERROR/None" after 31 second wait
2025-05-22 21:51:51.071 69509 INFO tempest.lib.common.rest_client [req-ad5e8ba0-888b-49f3-a3c2-73f8efa211fb req-ad5e8ba0-888b-49f3-a3c2-73f8efa211fb ] Request (ServerAddressesTestJSON:tearDownClass): 204 DELETE http://10.180.1.21:9696/networking/v2.0/security-groups/ab46707c-8089-4f2a-bb1c-2731bd3e6c9d 0.393s
2025-05-22 21:51:51.087 69481 INFO tempest.lib.common.rest_client [req-e5ffc95d-ca77-4fae-9a4e-7d096f50bf9a req-e5ffc95d-ca77-4fae-9a4e-7d096f50bf9a ] Request (ServerTagsTestJSON:setUpClass): 201 POST http://10.180.1.21/identity/v3/auth/tokens 0.088s
2025-05-22 21:51:51.107 69491 INFO tempest.lib.common.rest_client [req-77743445-08e1-4236-8409-3068d1be3a53 req-77743445-08e1-4236-8409-3068d1be3a53 ] Request (InstanceActionsTestJSON:setUpClass): 200 GET http://10.180.1.21/compute/v2.1/servers/17c421bd-a02f-41a6-9074-8c143e423c79 0.541s
2025-05-22 21:51:51.170 69481 INFO tempest.lib.common.rest_client [req-c61cafdd-b44b-4c9d-b571-739e32bef7a8 req-c61cafdd-b44b-4c9d-b571-739e32bef7a8 ] Request (ServerTagsTestJSON:setUpClass): 201 POST http://10.180.1.21/identity/v3/auth/tokens 0.081s
2025-05-22 21:51:51.177 69509 INFO tempest.lib.common.rest_client [req-0fdfde0f-d95d-4af4-afa9-951152126605 req-0fdfde0f-d95d-4af4-afa9-951152126605 ] Request (ServerAddressesTestJSON:tearDownClass): 204 DELETE http://10.180.1.21/identity/v3/projects/8181ff36bd014c3784247629c608b8e0 0.104s
2025-05-22 21:51:51.202 69481 INFO tempest.lib.common.rest_client [req-5e5c3a4e-d063-4c40-98aa-19e61d4defbd req-5e5c3a4e-d063-4c40-98aa-19e61d4defbd ] Request (ServerTagsTestJSON:setUpClass): 200 GET http://10.180.1.21/identity/v3/domains?name=Default 0.032s
2025-05-22 21:51:51.210 69461 INFO tempest.lib.common.rest_client [req-ebe5241b-7ab9-4af4-88fc-7400a4ca5cc3 req-ebe5241b-7ab9-4af4-88fc-7400a4ca5cc3 ] Request (ServersTestJSON:setUpClass): 201 POST http://10.180.1.21:9696/networking/v2.0/networks 0.458s
2025-05-22 21:51:51.236 69509 INFO tempest.lib.common.rest_client [req-879aa2e9-0994-4539-976e-b6a2c0ca70ed req-879aa2e9-0994-4539-976e-b6a2c0ca70ed ] Request (ComputeTenantNetworksTest:setUpClass): 201 POST http://10.180.1.21/identity/v3/auth/tokens 0.055s
2025-05-22 21:51:51.263 69481 INFO tempest.lib.common.rest_client [req-110181c6-1a70-46cf-86be-048eee6539b9 req-110181c6-1a70-46cf-86be-048eee6539b9 ] Request (ServerTagsTestJSON:setUpClass): 201 POST http://10.180.1.21/identity/v3/projects 0.060s
2025-05-22 21:51:51.320 69497 INFO tempest.lib.common.rest_client [req-489cf559-4497-46e8-bb8f-53e5483262ff req-489cf559-4497-46e8-bb8f-53e5483262ff ] Request (HypervisorAdminV228Test:test_get_list_hypervisor_details): 200 GET http://10.180.1.21/compute/v2.1/os-hypervisors 0.733s
2025-05-22 21:51:51.325 69509 INFO tempest.lib.common.rest_client [req-e970fccf-12eb-4f1d-9922-70fc8738a111 req-e970fccf-12eb-4f1d-9922-70fc8738a111 ] Request (ComputeTenantNetworksTest:setUpClass): 201 POST http://10.180.1.21/identity/v3/auth/tokens 0.085s
2025-05-22 21:51:51.352 69509 INFO tempest.lib.common.rest_client [req-aad39af4-8cce-4352-8419-b0b5ff746cf1 req-aad39af4-8cce-4352-8419-b0b5ff746cf1 ] Request (ComputeTenantNetworksTest:setUpClass): 200 GET http://10.180.1.21/identity/v3/domains?name=Default 0.023s
2025-05-22 21:51:51.353 69481 INFO tempest.lib.common.rest_client [req-c784c4d4-1855-4f82-8a2e-61a8fb6bef2b req-c784c4d4-1855-4f82-8a2e-61a8fb6bef2b ] Request (ServerTagsTestJSON:setUpClass): 201 POST http://10.180.1.21/identity/v3/users 0.089s
2025-05-22 21:51:51.382 69481 INFO tempest.lib.common.rest_client [req-105f0249-0a34-4d5a-91bf-c3144b83ca5f req-105f0249-0a34-4d5a-91bf-c3144b83ca5f ] Request (ServerTagsTestJSON:setUpClass): 200 GET http://10.180.1.21/identity/v3/roles 0.029s
2025-05-22 21:51:51.387 69509 INFO tempest.lib.common.rest_client [req-3e8b7378-1d3c-4546-b661-3e32928d2ca3 req-3e8b7378-1d3c-4546-b661-3e32928d2ca3 ] Request (ComputeTenantNetworksTest:setUpClass): 201 POST http://10.180.1.21/identity/v3/projects 0.034s
2025-05-22 21:51:51.389 69519 INFO tempest.lib.common.rest_client [req-db1a4811-b06a-40ee-bc0d-6c4b8484560f req-db1a4811-b06a-40ee-bc0d-6c4b8484560f ] Request (MultipleCreateTestJSON:test_multiple_create_with_reservation_return): 202 POST http://10.180.1.21/compute/v2.1/servers 0.898s
2025-05-22 21:51:51.405 69493 INFO tempest.lib.common.rest_client [req-a36db0ed-262b-437d-9de4-d59494f9bb6c req-a36db0ed-262b-437d-9de4-d59494f9bb6c ] Request (ServerDiskConfigTestJSON:test_rebuild_server_with_auto_disk_config): 200 GET http://10.180.1.21/compute/v2.1/servers/a1a8aca5-e4b3-4927-9c7d-b86c58c9c9e8 0.813s
2025-05-22 21:51:51.454 69481 INFO tempest.lib.common.rest_client [req-df90339d-5d5a-4cf7-a486-e80261b33eff req-df90339d-5d5a-4cf7-a486-e80261b33eff ] Request (ServerTagsTestJSON:setUpClass): 204 PUT http://10.180.1.21/identity/v3/projects/e584ad5496634dc49c3985a6054f26c7/users/144912962ad449af87333bc13f211700/roles/862171c0d4e2480ca37d12d9a2587538 0.071s
2025-05-22 21:51:51.454 69481 INFO tempest.lib.common.dynamic_creds [-] Dynamic test user 144912962ad449af87333bc13f211700 is created with scope project and roles: ['member']
2025-05-22 21:51:51.454 69481 INFO tempest.lib.common.dynamic_creds [-] Acquired dynamic creds: credentials: Credentials: {'domain_id': 'default', 'domain_name': 'Default', 'username': 'tempest-ServerTagsTestJSON-1357548978-project-member', 'project_domain_id': 'default', 'project_domain_name': 'Default', 'project_id': 'e584ad5496634dc49c3985a6054f26c7', 'project_name': 'tempest-ServerTagsTestJSON-1357548978', 'tenant_id': 'e584ad5496634dc49c3985a6054f26c7', 'tenant_name': 'tempest-ServerTagsTestJSON-1357548978', 'user_domain_id': 'default', 'user_domain_name': 'Default', 'user_id': '144912962ad449af87333bc13f211700', 'system': None}, Network: None, Subnet: None, Router: None
2025-05-22 21:51:51.457 69509 INFO tempest.lib.common.rest_client [req-c001a670-9a15-4a6a-a0ee-ee0b73f69155 req-c001a670-9a15-4a6a-a0ee-ee0b73f69155 ] Request (ComputeTenantNetworksTest:setUpClass): 201 POST http://10.180.1.21/identity/v3/users 0.069s
2025-05-22 21:51:51.476 69489 INFO tempest.lib.common.rest_client [req-7f49a4bb-003b-43fc-a56a-d3e735766a13 req-7f49a4bb-003b-43fc-a56a-d3e735766a13 ] Request (VolumesAdminNegativeTest:test_update_attached_volume_with_nonexistent_volume_in_uri): 200 GET http://10.180.1.21/compute/v2.1/servers/ea94a5c3-226a-4866-8d96-2e5c341d4636 0.841s
2025-05-22 21:51:51.509 69481 INFO tempest.lib.common.rest_client [req-d436582d-9f03-4867-b487-02d24ce84508 req-d436582d-9f03-4867-b487-02d24ce84508 ] Request (ServerTagsTestJSON:setUpClass): 201 POST http://10.180.1.21/identity/v3/auth/tokens 0.054s
2025-05-22 21:51:51.510 69509 INFO tempest.lib.common.rest_client [req-1e88a663-aa26-47b4-ab7e-1e7ac93fd29b req-1e88a663-aa26-47b4-ab7e-1e7ac93fd29b ] Request (ComputeTenantNetworksTest:setUpClass): 200 GET http://10.180.1.21/identity/v3/roles 0.052s
2025-05-22 21:51:51.523 69459 INFO tempest.lib.common.rest_client [req-f0652091-8d4e-4182-a66e-165bc2528560 req-f0652091-8d4e-4182-a66e-165bc2528560 ] Request (FloatingIPsAssociationTestJSON:setUpClass): 200 GET http://10.180.1.21/compute/v2.1/servers/221be95e-aac8-4551-8525-9745480ea8c6 0.853s
2025-05-22 21:51:51.544 69509 INFO tempest.lib.common.rest_client [req-54eee80e-8357-4995-bb84-25832c581085 req-54eee80e-8357-4995-bb84-25832c581085 ] Request (ComputeTenantNetworksTest:setUpClass): 204 PUT http://10.180.1.21/identity/v3/projects/ac522379a2be4210a915df6446888a99/users/9e208562adf8445ab6b651b913ce48bf/roles/862171c0d4e2480ca37d12d9a2587538 0.034s
2025-05-22 21:51:51.545 69509 INFO tempest.lib.common.dynamic_creds [-] Dynamic test user 9e208562adf8445ab6b651b913ce48bf is created with scope project and roles: ['member']
2025-05-22 21:51:51.545 69509 INFO tempest.lib.common.dynamic_creds [-] Acquired dynamic creds: credentials: Credentials: {'domain_id': 'default', 'domain_name': 'Default', 'username': 'tempest-ComputeTenantNetworksTest-678023223-project-member', 'project_domain_id': 'default', 'project_domain_name': 'Default', 'project_id': 'ac522379a2be4210a915df6446888a99', 'project_name': 'tempest-ComputeTenantNetworksTest-678023223', 'tenant_id': 'ac522379a2be4210a915df6446888a99', 'tenant_name': 'tempest-ComputeTenantNetworksTest-678023223', 'user_domain_id': 'default', 'user_domain_name': 'Default', 'user_id': '9e208562adf8445ab6b651b913ce48bf', 'system': None}, Network: None, Subnet: None, Router: None
2025-05-22 21:51:51.569 69461 INFO tempest.lib.common.rest_client [req-9464902a-1be5-44b3-a91d-8038ef0387af req-9464902a-1be5-44b3-a91d-8038ef0387af ] Request (ServersTestJSON:setUpClass): 201 POST http://10.180.1.21:9696/networking/v2.0/subnets 0.356s
2025-05-22 21:51:51.570 69467 INFO tempest.lib.common.rest_client [req-74ab5120-ecda-40d0-9aab-4e457c138162 req-74ab5120-ecda-40d0-9aab-4e457c138162 ] Request (InstanceActionsNegativeTestJSON:setUpClass): 200 GET http://10.180.1.21/compute/v2.1/servers/4c5586e7-333c-44b0-aef9-4d1b7988826d 0.873s
2025-05-22 21:51:51.644 69475 INFO tempest.lib.common.rest_client [req-f6563fdb-a436-496c-b3e2-5105a86066b1 req-f6563fdb-a436-496c-b3e2-5105a86066b1 ] Request (ServersTestMultiNic:test_verify_multiple_nics_order): 200 GET http://10.180.1.21/compute/v2.1/servers/05eacaa7-1a14-4834-86ee-7f6dcaf21b85 0.722s
2025-05-22 21:51:51.644 69509 INFO tempest.lib.common.rest_client [req-2d276d10-1cd6-4819-aeba-fcc4c3dfce25 req-2d276d10-1cd6-4819-aeba-fcc4c3dfce25 ] Request (ComputeTenantNetworksTest:setUpClass): 201 POST http://10.180.1.21/identity/v3/auth/tokens 0.098s
2025-05-22 21:51:51.713 69501 INFO tempest.lib.common.rest_client [req-3591a3e6-4eff-47c9-b06f-1fdb7c319bc0 req-3591a3e6-4eff-47c9-b06f-1fdb7c319bc0 ] Request (ServersTestManualDisk:setUpClass): 200 GET http://10.180.1.21/compute/v2.1/servers/d4220806-373f-45cc-82d0-cc70ca2c26ef 0.676s
2025-05-22 21:51:51.747 69479 INFO tempest.lib.common.rest_client [req-08be5537-3a1b-4f51-bc1e-cb2bd5a166f4 req-08be5537-3a1b-4f51-bc1e-cb2bd5a166f4 ] Request (ServersTestBootFromVolume:setUpClass): 200 GET http://10.180.1.21/volume/v3/e79e6f22715445819a466f1cb9f3faef/volumes/c9c3e960-b32e-44fd-8673-dee1cdf69239 0.050s
2025-05-22 21:51:51.776 69465 INFO tempest.lib.common.rest_client [req-48deb12d-1b14-49da-95bc-e8bac126f3b1 req-48deb12d-1b14-49da-95bc-e8bac126f3b1 ] Request (ServerMetadataTestJSON:setUpClass): 200 PUT http://10.180.1.21:9696/networking/v2.0/routers/e92e8ed5-be24-4f11-bf19-4407d23e201d/add_router_interface 1.453s
2025-05-22 21:51:51.778 69465 INFO tempest.lib.common.dynamic_creds [-] Created isolated network resources for: credentials: Credentials: {'domain_id': 'default', 'domain_name': 'Default', 'username': 'tempest-ServerMetadataTestJSON-1366804275-project-member', 'project_domain_id': 'default', 'project_domain_name': 'Default', 'project_id': 'e7e464da7ca347d6b65c580d7c4fa699', 'project_name': 'tempest-ServerMetadataTestJSON-1366804275', 'tenant_id': 'e7e464da7ca347d6b65c580d7c4fa699', 'tenant_name': 'tempest-ServerMetadataTestJSON-1366804275', 'user_domain_id': 'default', 'user_domain_name': 'Default', 'user_id': 'a5a370379c064335927cce8af2b38462', 'system': None}, Network: {'id': '6211200c-148b-4610-9abf-376a64a25019', 'name': 'tempest-ServerMetadataTestJSON-2045251863-network', 'tenant_id': 'e7e464da7ca347d6b65c580d7c4fa699', 'admin_state_up': True, 'mtu': 8950, 'status': 'ACTIVE', 'subnets': [], 'shared': False, 'project_id': 'e7e464da7ca347d6b65c580d7c4fa699', 'port_security_enabled': True, 'router:external': False, 'provider:network_type': 'vlan', 'provider:physical_network': 'default', 'provider:segmentation_id': 754, 'is_default': False, 'availability_zone_hints': [], 'availability_zones': [], 'ipv4_address_scope': None, 'ipv6_address_scope': None, 'description': '', 'tags': [], 'created_at': '2025-05-22T21:51:47Z', 'updated_at': '2025-05-22T21:51:47Z', 'revision_number': 1}, Subnet: {'id': 'ff16dd38-c8ef-4d65-8c21-c3cfc0ae07f4', 'name': 'tempest-ServerMetadataTestJSON-2045251863-subnet', 'tenant_id': 'e7e464da7ca347d6b65c580d7c4fa699', 'network_id': '6211200c-148b-4610-9abf-376a64a25019', 'ip_version': 4, 'subnetpool_id': None, 'enable_dhcp': True, 'ipv6_ra_mode': None, 'ipv6_address_mode': None, 'gateway_ip': '192.168.128.1', 'cidr': '192.168.128.0/28', 'allocation_pools': [{'start': '192.168.128.2', 'end': '192.168.128.14'}], 'host_routes': [], 'dns_nameservers': [], 'description': '', 'router:external': False, 'service_types': [], 'tags': [], 'created_at': '2025-05-22T21:51:48Z', 'updated_at': '2025-05-22T21:51:48Z', 'revision_number': 0, 'project_id': 'e7e464da7ca347d6b65c580d7c4fa699'}, Router: {'id': 'e92e8ed5-be24-4f11-bf19-4407d23e201d', 'name': 'tempest-ServerMetadataTestJSON-2045251863-router', 'tenant_id': 'e7e464da7ca347d6b65c580d7c4fa699', 'admin_state_up': True, 'status': 'ACTIVE', 'external_gateway_info': {'network_id': '559372f5-b60d-48f0-b3b2-7e495a177b1b', 'external_fixed_ips': [{'subnet_id': '0e6feab3-80ea-4e77-87ac-6a5571bd5601', 'ip_address': '10.180.180.246'}], 'enable_snat': True}, 'description': '', 'availability_zones': [], 'distributed': False, 'ha': False, 'availability_zone_hints': [], 'routes': [], 'flavor_id': None, 'tags': [], 'created_at': '2025-05-22T21:51:48Z', 'updated_at': '2025-05-22T21:51:49Z', 'revision_number': 2, 'project_id': 'e7e464da7ca347d6b65c580d7c4fa699'}
2025-05-22 21:51:51.811 69507 INFO tempest.lib.common.rest_client [req-f12d9aa4-635e-48e6-a673-6a78887e707e req-f12d9aa4-635e-48e6-a673-6a78887e707e ] Request (QuotasAdminTestV257:test_get_updated_quotas): 200 GET http://10.180.1.21/compute/v2.1/os-quota-sets/8443f29eafda4319956cae105564be92/detail 1.012s
2025-05-22 21:51:51.863 69507 INFO tempest.lib.common.rest_client [req-b32077e3-731a-4290-a4cb-f828f0c8276c req-b32077e3-731a-4290-a4cb-f828f0c8276c ] Request (QuotasAdminTestV257:test_get_updated_quotas): 200 GET http://10.180.1.21/identity/v3/domains?name=Default 0.049s
2025-05-22 21:51:51.873 69465 INFO tempest.lib.common.rest_client [req-290938b2-b92d-4331-b40a-502961e4706f req-290938b2-b92d-4331-b40a-502961e4706f ] Request (ServerMetadataTestJSON:setUpClass): 201 POST http://10.180.1.21/identity/v3/auth/tokens 0.086s
2025-05-22 21:51:51.903 69483 INFO tempest.lib.common.rest_client [req-14981ddb-bb7e-4de7-984b-611b7635a05a req-14981ddb-bb7e-4de7-984b-611b7635a05a ] Request (ServerActionsV293TestJSON:setUpClass): 200 GET http://10.180.1.21/volume/v3/e2572d9a7bf14b1fb924a9e48aefa2d8/volumes/3ea95a61-7411-4aff-a1c6-b2d04ecb7a79 0.046s
2025-05-22 21:51:51.905 69465 INFO tempest.lib.common.rest_client [req-f5156677-6562-416a-ac77-8aa7ed73948e req-f5156677-6562-416a-ac77-8aa7ed73948e ] Request (ServerMetadataTestJSON:setUpClass): 201 POST http://10.180.1.21/identity/v3/auth/tokens 0.028s
2025-05-22 21:51:51.905 69465 INFO tempest.lib.common.fixed_network [-] (ServerMetadataTestJSON:setUpClass) Found network {'id': '6211200c-148b-4610-9abf-376a64a25019', 'name': 'tempest-ServerMetadataTestJSON-2045251863-network', 'tenant_id': 'e7e464da7ca347d6b65c580d7c4fa699', 'admin_state_up': True, 'mtu': 8950, 'status': 'ACTIVE', 'subnets': [], 'shared': False, 'project_id': 'e7e464da7ca347d6b65c580d7c4fa699', 'port_security_enabled': True, 'router:external': False, 'provider:network_type': 'vlan', 'provider:physical_network': 'default', 'provider:segmentation_id': 754, 'is_default': False, 'availability_zone_hints': [], 'availability_zones': [], 'ipv4_address_scope': None, 'ipv6_address_scope': None, 'description': '', 'tags': [], 'created_at': '2025-05-22T21:51:47Z', 'updated_at': '2025-05-22T21:51:47Z', 'revision_number': 1} available for tenant
2025-05-22 21:51:51.922 69507 INFO tempest.lib.common.rest_client [req-4ad35989-721c-480e-8333-7b0c8cea9841 req-4ad35989-721c-480e-8333-7b0c8cea9841 ] Request (QuotasAdminTestV257:test_get_updated_quotas): 201 POST http://10.180.1.21/identity/v3/users 0.057s
2025-05-22 21:51:51.929 69469 INFO tempest.lib.common.rest_client [req-5bddf9b9-ea8e-49b3-abe7-5634c7b871d9 req-5bddf9b9-ea8e-49b3-abe7-5634c7b871d9 ] Request (ImagesTestJSON:test_delete_saving_image): 200 GET http://10.180.1.21/compute/v2.1/servers/9bd1c816-5248-4e48-89f8-f3b999d50bff 0.885s
2025-05-22 21:51:51.951 69507 INFO tempest.lib.common.rest_client [req-b1eae970-a047-4b13-b5e2-62df8d6181f6 req-b1eae970-a047-4b13-b5e2-62df8d6181f6 ] Request (QuotasAdminTestV257:test_get_updated_quotas): 200 GET http://10.180.1.21/identity/v3/domains?name=Default 0.028s
2025-05-22 21:51:52.008 69477 INFO tempest.lib.common.rest_client [req-062db7ad-06a1-49b4-b7cc-4a5aed436d22 req-062db7ad-06a1-49b4-b7cc-4a5aed436d22 ] Request (TenantUsagesTestJSON:setUpClass): 204 DELETE http://10.180.1.21/compute/v2.1/servers/377a8d4c-f905-4c09-ac2e-01c5f5bc5ad3 0.969s
2025-05-22 21:51:52.021 69473 INFO tempest.lib.common.rest_client [req-bbd27acf-b293-47cc-9c18-542c7611e5f2 req-bbd27acf-b293-47cc-9c18-542c7611e5f2 ] Request (ServersAdminNegativeTestJSON:tearDownClass): 200 GET http://10.180.1.21/compute/v2.1/servers/8e6a9d73-6705-484c-82e0-70c6a6860211 0.900s
2025-05-22 21:51:52.057 69497 INFO tempest.lib.common.rest_client [req-06cc3ac8-4a86-45b8-b9ce-2e29c717c0b7 req-06cc3ac8-4a86-45b8-b9ce-2e29c717c0b7 ] Request (HypervisorAdminV228Test:test_get_list_hypervisor_details): 200 GET http://10.180.1.21/compute/v2.1/os-hypervisors/1 0.735s
2025-05-22 21:51:52.093 69485 INFO tempest.lib.common.rest_client [req-12ce5b53-7009-43f6-b8af-fde359826062 req-12ce5b53-7009-43f6-b8af-fde359826062 ] Request (DeleteServersTestJSON:test_delete_active_server): 200 GET http://10.180.1.21/compute/v2.1/servers/9a29b0d3-9de0-476b-8559-672010f02caa 0.803s
2025-05-22 21:51:52.103 69485 INFO tempest.common.waiters [-] State transition "BUILD/scheduling" ==> "BUILD/None" after 11 second wait
2025-05-22 21:51:52.137 69517 INFO tempest.lib.common.rest_client [req-9c0fc6a9-c8d9-4c46-8a93-313c615390cc req-9c0fc6a9-c8d9-4c46-8a93-313c615390cc ] Request (SecurityGroupsTestJSON:test_list_security_groups_by_server): 200 GET http://10.180.1.21/compute/v2.1/servers/d0facc29-338c-4d0d-a9f3-a37781c19b68 0.766s
2025-05-22 21:51:52.173 69519 INFO tempest.lib.common.rest_client [req-d35973e2-ad71-4b18-9b20-dfca9854e566 req-d35973e2-ad71-4b18-9b20-dfca9854e566 ] Request (MultipleCreateTestJSON:test_multiple_create_with_reservation_return): 200 GET http://10.180.1.21/compute/v2.1/servers 0.783s
2025-05-22 21:51:52.216 69513 INFO tempest.lib.common.rest_client [req-655ff018-29fd-4ab6-834f-35e8c30e4e12 req-655ff018-29fd-4ab6-834f-35e8c30e4e12 ] Request (ServersTestJSON:test_create_server_with_ipv6_addr_only): 200 GET http://10.180.1.21/compute/v2.1/servers/6cdbe208-0eb2-4493-a477-daeb70739f95 0.785s
2025-05-22 21:51:52.250 69497 INFO tempest.lib.common.rest_client [req-5ff29063-58a5-4665-96ed-36370ab66412 req-5ff29063-58a5-4665-96ed-36370ab66412 ] Request (HypervisorAdminV228Test:tearDownClass): 204 DELETE http://10.180.1.21/identity/v3/users/e6551be7434844baa9dcaf3eb843478c 0.187s
2025-05-22 21:51:52.267 69496 INFO tempest.lib.common.rest_client [req-93889108-8791-45e5-84b3-96852e2a4341 req-93889108-8791-45e5-84b3-96852e2a4341 ] Request (MigrationsAdminTest:test_resize_server_revert_deleted_flavor): 200 GET http://10.180.1.21/compute/v2.1/servers/155b53f6-a42a-48ad-bbfb-a99fc9eba789 0.711s
2025-05-22 21:51:52.286 69509 INFO tempest.lib.common.rest_client [req-e4255a93-994f-4d4d-bc31-16385ddf5c48 req-e4255a93-994f-4d4d-bc31-16385ddf5c48 ] Request (ComputeTenantNetworksTest:setUpClass): 201 POST http://10.180.1.21:9696/networking/v2.0/networks 0.640s
2025-05-22 21:51:52.286 69509 INFO tempest.lib.common.dynamic_creds [-] Created isolated network resources for: credentials: Credentials: {'domain_id': 'default', 'domain_name': 'Default', 'username': 'tempest-ComputeTenantNetworksTest-678023223-project-member', 'project_domain_id': 'default', 'project_domain_name': 'Default', 'project_id': 'ac522379a2be4210a915df6446888a99', 'project_name': 'tempest-ComputeTenantNetworksTest-678023223', 'tenant_id': 'ac522379a2be4210a915df6446888a99', 'tenant_name': 'tempest-ComputeTenantNetworksTest-678023223', 'user_domain_id': 'default', 'user_domain_name': 'Default', 'user_id': '9e208562adf8445ab6b651b913ce48bf', 'system': None}, Network: {'id': '89daa35d-c26d-47f0-86b4-c8fd42aa701c', 'name': 'tempest-ComputeTenantNetworksTest-271121305-network', 'tenant_id': 'ac522379a2be4210a915df6446888a99', 'admin_state_up': True, 'mtu': 8950, 'status': 'ACTIVE', 'subnets': [], 'shared': False, 'project_id': 'ac522379a2be4210a915df6446888a99', 'port_security_enabled': True, 'router:external': False, 'provider:network_type': 'vlan', 'provider:physical_network': 'default', 'provider:segmentation_id': 110, 'is_default': False, 'availability_zone_hints': [], 'availability_zones': [], 'ipv4_address_scope': None, 'ipv6_address_scope': None, 'description': '', 'tags': [], 'created_at': '2025-05-22T21:51:52Z', 'updated_at': '2025-05-22T21:51:52Z', 'revision_number': 1}, Subnet: None, Router: None
2025-05-22 21:51:52.303 69463 INFO tempest.lib.common.rest_client [req-e9011093-dae5-44ba-8403-326ee927e658 req-e9011093-dae5-44ba-8403-326ee927e658 ] Request (AttachInterfacesUnderV243Test:test_add_remove_fixed_ip): 200 GET http://10.180.1.21/compute/v2.1/servers/14990d60-4a6a-4896-816f-7bd7d5af19a5 0.648s
2025-05-22 21:51:52.311 69481 INFO tempest.lib.common.rest_client [req-26bcd284-c3e2-475e-a57a-933bcd41d71a req-26bcd284-c3e2-475e-a57a-933bcd41d71a ] Request (ServerTagsTestJSON:setUpClass): 201 POST http://10.180.1.21:9696/networking/v2.0/networks 0.801s
2025-05-22 21:51:52.385 69487 INFO tempest.lib.common.rest_client [req-8584cac5-6967-462c-9c3a-aa0aa5ada3c2 req-8584cac5-6967-462c-9c3a-aa0aa5ada3c2 ] Request (ServersNegativeTestMultiTenantJSON:setUpClass): 200 GET http://10.180.1.21/compute/v2.1/servers/47c2201c-a952-4474-88e1-2773f04494aa 0.450s
2025-05-22 21:51:52.438 69497 INFO tempest.lib.common.rest_client [req-e0d8cc59-03b3-4bd8-9c92-003f06e7e64b req-e0d8cc59-03b3-4bd8-9c92-003f06e7e64b ] Request (HypervisorAdminV228Test:tearDownClass): 204 DELETE http://10.180.1.21/identity/v3/users/b1ae14be7d354ffa97a647bf40ca8eb6 0.188s
2025-05-22 21:51:52.440 69497 INFO tempest.lib.common.dynamic_creds [-] Deleting project and security group for project: 4bc08a2c82bf4244bf9030f3849356b4
2025-05-22 21:51:52.517 69497 INFO tempest.lib.common.rest_client [req-bf352f29-c9f4-4e7d-a0fb-be70423f4909 req-bf352f29-c9f4-4e7d-a0fb-be70423f4909 ] Request (HypervisorAdminV228Test:tearDownClass): 201 POST http://10.180.1.21/identity/v3/auth/tokens 0.076s
2025-05-22 21:51:52.554 69509 INFO tempest.lib.common.rest_client [req-81bb14be-2bc4-4863-bdbe-870d0c3e8211 req-81bb14be-2bc4-4863-bdbe-870d0c3e8211 ] Request (ComputeTenantNetworksTest:setUpClass): 201 POST http://10.180.1.21/identity/v3/auth/tokens 0.263s
2025-05-22 21:51:52.638 69481 INFO tempest.lib.common.rest_client [req-02b21a48-5782-48e3-b1da-ce5eee42e7e5 req-02b21a48-5782-48e3-b1da-ce5eee42e7e5 ] Request (ServerTagsTestJSON:setUpClass): 201 POST http://10.180.1.21:9696/networking/v2.0/subnets 0.326s
2025-05-22 21:51:52.649 69509 INFO tempest.lib.common.rest_client [req-4e8183d4-16e5-49d3-8aae-785f5ff49c1a req-4e8183d4-16e5-49d3-8aae-785f5ff49c1a ] Request (ComputeTenantNetworksTest:setUpClass): 201 POST http://10.180.1.21/identity/v3/auth/tokens 0.091s
2025-05-22 21:51:52.649 69509 INFO tempest.lib.common.fixed_network [-] (ComputeTenantNetworksTest:setUpClass) Found network {'id': '89daa35d-c26d-47f0-86b4-c8fd42aa701c', 'name': 'tempest-ComputeTenantNetworksTest-271121305-network', 'tenant_id': 'ac522379a2be4210a915df6446888a99', 'admin_state_up': True, 'mtu': 8950, 'status': 'ACTIVE', 'subnets': [], 'shared': False, 'project_id': 'ac522379a2be4210a915df6446888a99', 'port_security_enabled': True, 'router:external': False, 'provider:network_type': 'vlan', 'provider:physical_network': 'default', 'provider:segmentation_id': 110, 'is_default': False, 'availability_zone_hints': [], 'availability_zones': [], 'ipv4_address_scope': None, 'ipv6_address_scope': None, 'description': '', 'tags': [], 'created_at': '2025-05-22T21:51:52Z', 'updated_at': '2025-05-22T21:51:52Z', 'revision_number': 1} available for tenant
2025-05-22 21:51:52.733 69507 INFO tempest.lib.common.rest_client [req-181dd3e2-3486-4e77-aa38-6ed4202c5806 req-181dd3e2-3486-4e77-aa38-6ed4202c5806 ] Request (QuotasAdminTestV257:test_get_updated_quotas): 200 PUT http://10.180.1.21/compute/v2.1/os-quota-sets/8443f29eafda4319956cae105564be92?user_id=769120c93d23436597a95c1a9470d201 0.779s
2025-05-22 21:51:52.759 69477 INFO tempest.lib.common.rest_client [req-ba381dcc-1c49-454a-8cad-d0ea1c7249ca req-ba381dcc-1c49-454a-8cad-d0ea1c7249ca ] Request (TenantUsagesTestJSON:setUpClass): 404 GET http://10.180.1.21/compute/v2.1/servers/377a8d4c-f905-4c09-ac2e-01c5f5bc5ad3 0.749s
2025-05-22 21:51:52.759 69477 INFO tempest.test [-] raised in TenantUsagesTestJSON.setUpClass. Invoking tearDownClass.
2025-05-22 21:51:52.804 69479 INFO tempest.lib.common.rest_client [req-840d78d8-4330-4523-ba1e-af25008e8605 req-840d78d8-4330-4523-ba1e-af25008e8605 ] Request (ServersTestBootFromVolume:setUpClass): 200 GET http://10.180.1.21/volume/v3/e79e6f22715445819a466f1cb9f3faef/volumes/c9c3e960-b32e-44fd-8673-dee1cdf69239 0.037s
2025-05-22 21:51:52.813 69479 INFO tempest.common.waiters [-] volume c9c3e960-b32e-44fd-8673-dee1cdf69239 reached available after waiting for 30.812604 seconds
2025-05-22 21:51:52.847 69477 INFO tempest.lib.common.rest_client [req-ed57006b-b734-41b3-9337-0fbe80c5cce1 req-ed57006b-b734-41b3-9337-0fbe80c5cce1 ] Request (TenantUsagesTestJSON:tearDownClass): 204 DELETE http://10.180.1.21/identity/v3/users/571538c1b57f4f048c58c1a316a1cb05 0.087s
