2025-05-22 21:51:22.282 69479 INFO tempest.lib.common.rest_client [req-dd5f855b-f0d4-4292-890c-5d8e4dfd9d93 req-dd5f855b-f0d4-4292-890c-5d8e4dfd9d93 ] Request (ServersTestBootFromVolume:setUpClass): 200 GET http://10.180.1.21/volume/v3/e79e6f22715445819a466f1cb9f3faef/volumes/c9c3e960-b32e-44fd-8673-dee1cdf69239 0.034s
2025-05-22 21:51:22.301 69519 INFO tempest.lib.common.rest_client [req-9b1f45f9-7f53-409b-a9e7-35f9817ae4f4 req-9b1f45f9-7f53-409b-a9e7-35f9817ae4f4 ] Request (MultipleCreateTestJSON:test_multiple_create): 200 GET http://10.180.1.21/compute/v2.1/servers/598fe41b-debf-4fbd-ac21-5cda132d2fea 1.774s
2025-05-22 21:51:22.321 69467 INFO tempest.lib.common.rest_client [req-24e90e9d-3505-4ba9-9ac9-e95b785de18f req-24e90e9d-3505-4ba9-9ac9-e95b785de18f ] Request (ImagesMetadataNegativeTestJSON:test_list_nonexistent_image_metadata): 404 GET http://10.180.1.21/compute/v2.1/images/19f8a022-b765-4dc9-b33e-4fd023dd32d8/metadata 1.752s
2025-05-22 21:51:22.328 69489 INFO tempest.lib.common.rest_client [req-6d308b1f-35d9-49eb-903f-9d4cb360c3f3 req-6d308b1f-35d9-49eb-903f-9d4cb360c3f3 ] Request (VolumesAdminNegativeTest:test_update_attached_volume_with_nonexistent_volume_in_body): 204 DELETE http://10.180.1.21/compute/v2.1/servers/4b5077a6-2877-4e72-a85f-99a76d1a159c 2.270s
2025-05-22 21:51:22.361 69496 INFO tempest.lib.common.rest_client [req-bde8c1b0-f928-4219-aaad-79b75c9c3d35 req-bde8c1b0-f928-4219-aaad-79b75c9c3d35 ] Request (MigrationsAdminTest:test_resize_server_revert_deleted_flavor): 200 POST http://10.180.1.21/compute/v2.1/flavors/99313d6a-e066-479a-a275-ebacd51028b2/os-extra_specs 1.764s
2025-05-22 21:51:22.402 69485 INFO tempest.lib.common.rest_client [req-9f0fe872-7673-4fa4-8358-3a356eac5dd3 req-9f0fe872-7673-4fa4-8358-3a356eac5dd3 ] Request (VolumesAssistedSnapshotsTest:tearDownClass): 204 DELETE http://10.180.1.21/identity/v3/users/5f62c01dc2094551b9b19944b17dd6fd 0.189s
2025-05-22 21:51:22.402 69485 INFO tempest.lib.common.dynamic_creds [-] Deleting project and security group for project: 7d521555f3434ee39f94188f25ffc81d
2025-05-22 21:51:22.403 69522 INFO tempest.lib.common.rest_client [req-a78f031b-c1ed-4592-b916-d175cceee175 req-a78f031b-c1ed-4592-b916-d175cceee175 ] Request (VolumesTestJSON:test_volume_list_with_detail_param_offset_and_limit): 200 GET http://10.180.1.21/compute/v2.1/os-volumes/detail?offset=1&limit=1 1.597s
2025-05-22 21:51:22.442 69507 INFO tempest.lib.common.rest_client [req-baf9dbd4-7249-47f5-bd13-ffcadc3df12e req-baf9dbd4-7249-47f5-bd13-ffcadc3df12e ] Request (AggregatesAdminNegativeTestJSON:test_aggregate_remove_nonexistent_host): 404 POST http://10.180.1.21/compute/v2.1/os-aggregates/8/action 1.509s
2025-05-22 21:51:22.449 69485 INFO tempest.lib.common.rest_client [req-a073d21f-8001-4f3d-84d6-380af6e583d9 req-a073d21f-8001-4f3d-84d6-380af6e583d9 ] Request (VolumesAssistedSnapshotsTest:tearDownClass): 200 GET http://10.180.1.21:9696/networking/v2.0/security-groups?tenant_id=7d521555f3434ee39f94188f25ffc81d&name=default 0.046s
2025-05-22 21:51:22.462 69496 INFO tempest.lib.common.rest_client [req-88eddfbe-e4fe-455f-8546-755d17bddec9 req-88eddfbe-e4fe-455f-8546-755d17bddec9 ] Request (MigrationsAdminTest:test_resize_server_revert_deleted_flavor): 201 POST http://10.180.1.21/identity/v3/auth/tokens 0.093s
2025-05-22 21:51:22.462 69496 INFO tempest.lib.common.fixed_network [-] (MigrationsAdminTest:test_resize_server_revert_deleted_flavor) Found network None available for tenant
2025-05-22 21:51:22.507 69511 INFO tempest.lib.common.rest_client [req-a6b9cd9c-ad1a-4c46-a88e-574355e018ac req-a6b9cd9c-ad1a-4c46-a88e-574355e018ac ] Request (ServerRescueNegativeTestJSON:setUpClass): 200 GET http://10.180.1.21/compute/v2.1/servers/e1498893-a512-4b47-b22a-66c9e78df3de 1.365s
2025-05-22 21:51:22.532 69473 INFO tempest.lib.common.rest_client [req-93165546-75fa-4f0e-aa13-8e7623558752 req-93165546-75fa-4f0e-aa13-8e7623558752 ] Request (ServersAdminNegativeTestJSON:test_resize_server_using_overlimit_vcpus): 200 GET http://10.180.1.21/compute/v2.1/os-quota-sets/3c172f50844f4288a046d57b26aabbcc 1.945s
2025-05-22 21:51:22.593 69487 INFO tempest.lib.common.rest_client [req-5f937f2f-1c5e-4471-9470-5786bc19938d req-5f937f2f-1c5e-4471-9470-5786bc19938d ] Request (ServersAaction247Test:test_create_backup): 200 GET http://10.180.1.21/compute/v2.1/servers/f8c018fc-4d2e-4d71-ba99-7ca512c122df 1.381s
2025-05-22 21:51:22.623 69485 INFO tempest.lib.common.rest_client [req-9675a06b-3c0c-4fc4-b5c6-5a2741b82b54 req-9675a06b-3c0c-4fc4-b5c6-5a2741b82b54 ] Request (VolumesAssistedSnapshotsTest:tearDownClass): 204 DELETE http://10.180.1.21:9696/networking/v2.0/security-groups/714a2059-a93e-4c2d-9ba8-ca275080cc11 0.174s
2025-05-22 21:51:22.649 69513 INFO tempest.lib.common.rest_client [req-c3177c20-ecea-4bdf-be8b-57d0da89b95b req-c3177c20-ecea-4bdf-be8b-57d0da89b95b ] Request (ServersTestJSON:test_create_server_specify_multibyte_character_name): 200 GET http://10.180.1.21/compute/v2.1/servers/d615fad6-4666-4a8d-a580-fc501abe501a 1.356s
2025-05-22 21:51:22.714 69471 INFO tempest.lib.common.rest_client [req-08cf9c2d-8f24-4fad-9a4b-e16fda82d6e1 req-08cf9c2d-8f24-4fad-9a4b-e16fda82d6e1 ] Request (ImagesOneServerNegativeTestJSON:setUpClass): 200 GET http://10.180.1.21/compute/v2.1/servers/9f311bf0-31a1-46a9-911d-4e393c2279be 1.350s
2025-05-22 21:51:22.715 69517 INFO tempest.lib.common.rest_client [req-31b2e40d-8750-415d-8e28-a2b785a72a7b req-31b2e40d-8750-415d-8e28-a2b785a72a7b ] Request (SecurityGroupsTestJSON:setUpClass): 200 PUT http://10.180.1.21:9696/networking/v2.0/routers/b0f755f5-1089-49c7-a04b-b20641782529/add_router_interface 1.220s
2025-05-22 21:51:22.715 69517 INFO tempest.lib.common.dynamic_creds [-] Created isolated network resources for: credentials: Credentials: {'domain_id': 'default', 'domain_name': 'Default', 'username': 'tempest-SecurityGroupsTestJSON-1011558079-project-member', 'project_domain_id': 'default', 'project_domain_name': 'Default', 'project_id': 'a739fafc052d40bfbb905fa4c1017626', 'project_name': 'tempest-SecurityGroupsTestJSON-1011558079', 'tenant_id': 'a739fafc052d40bfbb905fa4c1017626', 'tenant_name': 'tempest-SecurityGroupsTestJSON-1011558079', 'user_domain_id': 'default', 'user_domain_name': 'Default', 'user_id': 'c2add0b2404b4d73918be8ffb0001ba0', 'system': None}, Network: {'id': 'f66c0d2a-717e-4c76-93ad-15217a0d0121', 'name': 'tempest-SecurityGroupsTestJSON-1332454271-network', 'tenant_id': 'a739fafc052d40bfbb905fa4c1017626', 'admin_state_up': True, 'mtu': 8950, 'status': 'ACTIVE', 'subnets': [], 'shared': False, 'project_id': 'a739fafc052d40bfbb905fa4c1017626', 'port_security_enabled': True, 'router:external': False, 'provider:network_type': 'vlan', 'provider:physical_network': 'default', 'provider:segmentation_id': 368, 'is_default': False, 'availability_zone_hints': [], 'availability_zones': [], 'ipv4_address_scope': None, 'ipv6_address_scope': None, 'description': '', 'tags': [], 'created_at': '2025-05-22T21:51:19Z', 'updated_at': '2025-05-22T21:51:19Z', 'revision_number': 1}, Subnet: {'id': 'dc092a92-26af-4452-bab6-a204697e864f', 'name': 'tempest-SecurityGroupsTestJSON-1332454271-subnet', 'tenant_id': 'a739fafc052d40bfbb905fa4c1017626', 'network_id': 'f66c0d2a-717e-4c76-93ad-15217a0d0121', 'ip_version': 4, 'subnetpool_id': None, 'enable_dhcp': True, 'ipv6_ra_mode': None, 'ipv6_address_mode': None, 'gateway_ip': '192.168.128.1', 'cidr': '192.168.128.0/28', 'allocation_pools': [{'start': '192.168.128.2', 'end': '192.168.128.14'}], 'host_routes': [], 'dns_nameservers': [], 'description': '', 'router:external': False, 'service_types': [], 'tags': [], 'created_at': '2025-05-22T21:51:19Z', 'updated_at': '2025-05-22T21:51:19Z', 'revision_number': 0, 'project_id': 'a739fafc052d40bfbb905fa4c1017626'}, Router: {'id': 'b0f755f5-1089-49c7-a04b-b20641782529', 'name': 'tempest-SecurityGroupsTestJSON-1332454271-router', 'tenant_id': 'a739fafc052d40bfbb905fa4c1017626', 'admin_state_up': True, 'status': 'ACTIVE', 'external_gateway_info': {'network_id': '559372f5-b60d-48f0-b3b2-7e495a177b1b', 'external_fixed_ips': [{'subnet_id': '0e6feab3-80ea-4e77-87ac-6a5571bd5601', 'ip_address': '10.180.180.195'}], 'enable_snat': True}, 'description': '', 'availability_zones': [], 'distributed': False, 'ha': False, 'availability_zone_hints': [], 'routes': [], 'flavor_id': None, 'tags': [], 'created_at': '2025-05-22T21:51:20Z', 'updated_at': '2025-05-22T21:51:20Z', 'revision_number': 2, 'project_id': 'a739fafc052d40bfbb905fa4c1017626'}
2025-05-22 21:51:22.723 69471 INFO tempest.common.waiters [-] State transition "BUILD/None" ==> "ERROR/None" after 25 second wait
2025-05-22 21:51:22.724 69459 INFO tempest.lib.common.rest_client [req-e2446bb6-5ef2-4103-b89a-59185008eb77 req-e2446bb6-5ef2-4103-b89a-59185008eb77 ] Request (SecurityGroupsTestAdminJSON:test_list_security_groups_list_all_tenants_filter): 200 POST http://10.180.1.21/compute/v2.1/os-security-groups 1.447s
2025-05-22 21:51:22.763 69485 INFO tempest.lib.common.rest_client [req-70787a7b-058f-4cb1-9963-41630e66d315 req-70787a7b-058f-4cb1-9963-41630e66d315 ] Request (VolumesAssistedSnapshotsTest:tearDownClass): 204 DELETE http://10.180.1.21/identity/v3/projects/7d521555f3434ee39f94188f25ffc81d 0.140s
2025-05-22 21:51:22.764 69485 INFO tempest.lib.common.dynamic_creds [-] Deleting project and security group for project: 281b5af7f6924a0497211dba25b8ca67
2025-05-22 21:51:22.768 69497 INFO tempest.lib.common.rest_client [req-c74332ac-04d7-4b2f-a4fa-cc48653b8010 req-c74332ac-04d7-4b2f-a4fa-cc48653b8010 ] Request (DeleteServersAdminTestJSON:test_delete_server_while_in_error_state): 200 GET http://10.180.1.21/compute/v2.1/servers/62f1950f-631d-4f07-8526-2155d4e1bc7c 1.369s
2025-05-22 21:51:22.797 69485 INFO tempest.lib.common.rest_client [req-7786c114-47b3-48a0-a9af-9f9f4c9bb6ad req-7786c114-47b3-48a0-a9af-9f9f4c9bb6ad ] Request (VolumesAssistedSnapshotsTest:tearDownClass): 200 GET http://10.180.1.21:9696/networking/v2.0/security-groups?tenant_id=281b5af7f6924a0497211dba25b8ca67&name=default 0.033s
2025-05-22 21:51:22.799 69503 INFO tempest.lib.common.rest_client [req-6f5aaabc-3cb3-4763-b0af-1d0618ef6453 req-6f5aaabc-3cb3-4763-b0af-1d0618ef6453 ] Request (ServersListShow296Test:test_list_show_update_rebuild_server_296): 200 GET http://10.180.1.21/compute/v2.1/servers/4c596d23-7da7-4367-a60c-fe3b789516d9 1.359s
2025-05-22 21:51:22.800 69517 INFO tempest.lib.common.rest_client [req-06b7201c-02ea-467e-a750-a75eacec31ce req-06b7201c-02ea-467e-a750-a75eacec31ce ] Request (SecurityGroupsTestJSON:setUpClass): 201 POST http://10.180.1.21/identity/v3/auth/tokens 0.080s
2025-05-22 21:51:22.821 69509 INFO tempest.lib.common.rest_client [req-c7e35ada-3792-446d-931b-121c92a59f27 req-c7e35ada-3792-446d-931b-121c92a59f27 ] Request (ServerAddressesTestJSON:setUpClass): 200 GET http://10.180.1.21/compute/v2.1/servers/e0f59163-b386-45d3-87d7-1271deebe2f2 1.321s
2025-05-22 21:51:22.851 69481 INFO tempest.lib.common.rest_client [req-8e9a7c42-c01c-45e5-b37b-62f01f754ec4 req-8e9a7c42-c01c-45e5-b37b-62f01f754ec4 ] Request (FloatingIPsAssociationNegativeTestJSON:setUpClass): 200 GET http://10.180.1.21/compute/v2.1/servers/f1a31770-1165-4143-be50-0e6a6ce2f041 1.280s
2025-05-22 21:51:22.871 69485 INFO tempest.lib.common.rest_client [req-1b8ea27a-213c-4bef-9527-81f23a9a9c73 req-1b8ea27a-213c-4bef-9527-81f23a9a9c73 ] Request (VolumesAssistedSnapshotsTest:tearDownClass): 204 DELETE http://10.180.1.21:9696/networking/v2.0/security-groups/0b425b67-85e8-451a-80f5-9188f91948ec 0.073s
2025-05-22 21:51:22.875 69465 INFO tempest.lib.common.rest_client [req-751c6bc1-75da-43e2-bcb8-86bd4c9a7bdd req-751c6bc1-75da-43e2-bcb8-86bd4c9a7bdd ] Request (ServersAdmin275Test:test_rebuild_update_server_275): 200 GET http://10.180.1.21/compute/v2.1/servers/363084be-ae28-433b-b7e0-d0a4eccbff6a 1.220s
2025-05-22 21:51:22.886 69465 INFO tempest.common.waiters [-] State transition "BUILD/scheduling" ==> "BUILD/None" after 2 second wait
2025-05-22 21:51:22.911 69463 INFO tempest.lib.common.rest_client [req-3c31e821-11e9-4e5d-80f3-c5d24ed7f251 req-3c31e821-11e9-4e5d-80f3-c5d24ed7f251 ] Request (AttachInterfacesUnderV243Test:test_add_remove_fixed_ip): 200 GET http://10.180.1.21/compute/v2.1/servers/14990d60-4a6a-4896-816f-7bd7d5af19a5 1.144s
2025-05-22 21:51:22.928 69477 INFO tempest.lib.common.rest_client [req-5aeecc66-cec4-4ed3-8005-407d1ae6383e req-5aeecc66-cec4-4ed3-8005-407d1ae6383e ] Request (TenantUsagesTestJSON:setUpClass): 200 GET http://10.180.1.21/compute/v2.1/servers/377a8d4c-f905-4c09-ac2e-01c5f5bc5ad3 1.012s
2025-05-22 21:51:22.967 69491 INFO tempest.lib.common.rest_client [req-ea277eba-cb5d-4582-90a9-71e3f7edca54 req-ea277eba-cb5d-4582-90a9-71e3f7edca54 ] Request (InstanceActionsTestJSON:setUpClass): 200 GET http://10.180.1.21/compute/v2.1/servers/17c421bd-a02f-41a6-9074-8c143e423c79 1.025s
2025-05-22 21:51:22.971 69485 INFO tempest.lib.common.rest_client [req-29cd3dc1-2c4b-4416-9a6b-fbe001633917 req-29cd3dc1-2c4b-4416-9a6b-fbe001633917 ] Request (VolumesAssistedSnapshotsTest:tearDownClass): 204 DELETE http://10.180.1.21/identity/v3/projects/281b5af7f6924a0497211dba25b8ca67 0.099s
2025-05-22 21:51:22.971 69485 INFO tempest.lib.common.dynamic_creds [-] Deleting project and security group for project: 25e7c90c124745c4b8d6bf3332f9392a
2025-05-22 21:51:22.988 69461 INFO tempest.lib.common.rest_client [req-929d8049-d312-49cc-94d4-295121bcc328 req-929d8049-d312-49cc-94d4-295121bcc328 ] Request (ServersWithSpecificFlavorTestJSON:_run_cleanups): 200 GET http://10.180.1.21/compute/v2.1/flavors/detail 1.016s
2025-05-22 21:51:23.018 69500 INFO tempest.lib.common.rest_client [req-688dfa5f-e45f-481e-af55-9da2a9f0946c req-688dfa5f-e45f-481e-af55-9da2a9f0946c ] Request (KeyPairsV22TestJSON:_run_cleanups): 204 DELETE http://10.180.1.21/compute/v2.1/os-keypairs/tempest-keypair-1558199263 0.970s
2025-05-22 21:51:23.076 69485 INFO tempest.lib.common.rest_client [req-5092e644-aa3b-4497-b5bd-18d965d716c9 req-5092e644-aa3b-4497-b5bd-18d965d716c9 ] Request (VolumesAssistedSnapshotsTest:tearDownClass): 200 GET http://10.180.1.21:9696/networking/v2.0/security-groups?tenant_id=25e7c90c124745c4b8d6bf3332f9392a&name=default 0.103s
2025-05-22 21:51:23.218 69485 INFO tempest.lib.common.rest_client [req-b82941ee-741f-4ba5-bc19-86dc5491bdac req-b82941ee-741f-4ba5-bc19-86dc5491bdac ] Request (VolumesAssistedSnapshotsTest:tearDownClass): 204 DELETE http://10.180.1.21:9696/networking/v2.0/security-groups/0b1e82ae-066d-4ad1-896d-12bc30b062ca 0.141s
2025-05-22 21:51:23.246 69493 INFO tempest.lib.common.rest_client [req-1e8068f6-2ee3-46c1-bae5-851e49e180de req-1e8068f6-2ee3-46c1-bae5-851e49e180de ] Request (ServersAdminTestJSON:tearDownClass): 204 DELETE http://10.180.1.21/compute/v2.1/servers/8e1d7fef-6ff1-4866-bcd0-9f46abb62a7d 1.274s
2025-05-22 21:51:23.267 69467 INFO tempest.lib.common.rest_client [req-927f09fa-c809-4f19-a4d0-adbe0b3427a2 req-927f09fa-c809-4f19-a4d0-adbe0b3427a2 ] Request (ImagesMetadataNegativeTestJSON:test_set_nonexistent_image_metadata): 404 PUT http://10.180.1.21/compute/v2.1/images/f2589a81-27d9-4b57-845a-03b6c5e99822/metadata 0.943s
2025-05-22 21:51:23.290 69489 INFO tempest.lib.common.rest_client [req-e7b7e009-74e1-42c8-b441-99fc4ff118c7 req-e7b7e009-74e1-42c8-b441-99fc4ff118c7 ] Request (VolumesAdminNegativeTest:test_update_attached_volume_with_nonexistent_volume_in_body): 404 GET http://10.180.1.21/compute/v2.1/servers/4b5077a6-2877-4e72-a85f-99a76d1a159c 0.962s
2025-05-22 21:51:23.326 69479 INFO tempest.lib.common.rest_client [req-c7c284b4-e57e-42fd-8a87-c01f6ba45f98 req-c7c284b4-e57e-42fd-8a87-c01f6ba45f98 ] Request (ServersTestBootFromVolume:setUpClass): 200 GET http://10.180.1.21/volume/v3/e79e6f22715445819a466f1cb9f3faef/volumes/c9c3e960-b32e-44fd-8673-dee1cdf69239 0.032s
2025-05-22 21:51:23.349 69485 INFO tempest.lib.common.rest_client [req-93c9a948-f0a4-46cf-8ff4-273ea324a0ad req-93c9a948-f0a4-46cf-8ff4-273ea324a0ad ] Request (VolumesAssistedSnapshotsTest:tearDownClass): 204 DELETE http://10.180.1.21/identity/v3/projects/25e7c90c124745c4b8d6bf3332f9392a 0.131s
2025-05-22 21:51:23.364 69489 INFO tempest.lib.common.rest_client [req-fef6474f-dde4-4f6e-a355-a371fed7677c req-fef6474f-dde4-4f6e-a355-a371fed7677c ] Request (VolumesAdminNegativeTest:test_update_attached_volume_with_nonexistent_volume_in_uri): 201 POST http://10.180.1.21/identity/v3/auth/tokens 0.064s
2025-05-22 21:51:23.365 69489 INFO tempest.lib.common.fixed_network [-] (VolumesAdminNegativeTest:test_update_attached_volume_with_nonexistent_volume_in_uri) Found network {'id': 'c34b9d24-0adc-4de6-96d3-671773e666c8', 'name': 'tempest-VolumesAdminNegativeTest-535303671-network', 'tenant_id': '05a2e612f894436c96cdcaaf02737f4f', 'admin_state_up': True, 'mtu': 8950, 'status': 'ACTIVE', 'subnets': [], 'shared': False, 'project_id': '05a2e612f894436c96cdcaaf02737f4f', 'port_security_enabled': True, 'router:external': False, 'provider:network_type': 'vlan', 'provider:physical_network': 'default', 'provider:segmentation_id': 986, 'is_default': False, 'availability_zone_hints': [], 'availability_zones': [], 'ipv4_address_scope': None, 'ipv6_address_scope': None, 'description': '', 'tags': [], 'created_at': '2025-05-22T21:50:34Z', 'updated_at': '2025-05-22T21:50:34Z', 'revision_number': 1} available for tenant
2025-05-22 21:51:23.421 69485 INFO tempest.lib.common.rest_client [req-d563bd80-9175-41ad-b18e-f91f43e3ed8f req-d563bd80-9175-41ad-b18e-f91f43e3ed8f ] Request (NetworksTest:setUpClass): 201 POST http://10.180.1.21/identity/v3/auth/tokens 0.069s
2025-05-22 21:51:23.422 69475 INFO tempest.lib.common.rest_client [req-a556719a-5119-4403-b4c6-74be8123837b req-a556719a-5119-4403-b4c6-74be8123837b ] Request (ServersTestMultiNic:test_verify_duplicate_network_nics): 200 GET http://10.180.1.21/compute/v2.1/servers/3b8a2f7d-51a2-42f1-ad30-12e3a1083037 1.037s
2025-05-22 21:51:23.452 69485 INFO tempest.lib.common.rest_client [req-0ecbb214-4816-48b4-8d83-ad87c8eeed62 req-0ecbb214-4816-48b4-8d83-ad87c8eeed62 ] Request (NetworksTest:setUpClass): 201 POST http://10.180.1.21/identity/v3/auth/tokens 0.029s
2025-05-22 21:51:23.469 69522 INFO tempest.lib.common.rest_client [req-94cfe07d-f955-4554-9db7-69a19bb4f063 req-94cfe07d-f955-4554-9db7-69a19bb4f063 ] Request (VolumesTestJSON:test_volume_list_with_details): 200 GET http://10.180.1.21/compute/v2.1/os-volumes/detail 1.057s
2025-05-22 21:51:23.482 69485 INFO tempest.lib.common.rest_client [req-82e151f6-5e47-4e75-ab83-dbac7d1cf83d req-82e151f6-5e47-4e75-ab83-dbac7d1cf83d ] Request (NetworksTest:setUpClass): 200 GET http://10.180.1.21/identity/v3/domains?name=Default 0.029s
2025-05-22 21:51:23.490 69507 INFO tempest.lib.common.rest_client [req-c02060ea-c4cc-46bb-b1fe-a24089e34601 req-c02060ea-c4cc-46bb-b1fe-a24089e34601 ] Request (AggregatesAdminNegativeTestJSON:_run_cleanups): 200 DELETE http://10.180.1.21/compute/v2.1/os-aggregates/8 1.047s
2025-05-22 21:51:23.531 69485 INFO tempest.lib.common.rest_client [req-b13b411a-3f1e-4559-86d7-1f39ddfdd731 req-b13b411a-3f1e-4559-86d7-1f39ddfdd731 ] Request (NetworksTest:setUpClass): 201 POST http://10.180.1.21/identity/v3/projects 0.048s
2025-05-22 21:51:23.542 69522 INFO tempest.lib.common.rest_client [req-a8caacca-6d66-469f-8cae-c887ebbce415 req-a8caacca-6d66-469f-8cae-c887ebbce415 ] Request (VolumesTestJSON:tearDownClass): 202 DELETE http://10.180.1.21/volume/v3/72c486fbae474d0ab71f81ebbc4827d9/volumes/0dee7894-efc2-4e91-9262-2fe70d2fc120 0.066s
2025-05-22 21:51:23.589 69522 INFO tempest.lib.common.rest_client [req-d351806d-6f48-48bf-a242-88574ad4578a req-d351806d-6f48-48bf-a242-88574ad4578a ] Request (VolumesTestJSON:tearDownClass): 200 GET http://10.180.1.21/volume/v3/72c486fbae474d0ab71f81ebbc4827d9/volumes/0dee7894-efc2-4e91-9262-2fe70d2fc120 0.046s
2025-05-22 21:51:23.603 69507 INFO tempest.lib.common.rest_client [req-7338e316-bd5d-4beb-8157-4a9ec2e86238 req-7338e316-bd5d-4beb-8157-4a9ec2e86238 ] Request (AggregatesAdminNegativeTestJSON:tearDownClass): 204 DELETE http://10.180.1.21/identity/v3/users/d49ba552be1544b3b40e5766ed9e7442 0.110s
2025-05-22 21:51:23.651 69485 INFO tempest.lib.common.rest_client [req-876079de-5f41-4ea8-8de3-c001d2b79e19 req-876079de-5f41-4ea8-8de3-c001d2b79e19 ] Request (NetworksTest:setUpClass): 201 POST http://10.180.1.21/identity/v3/users 0.120s
2025-05-22 21:51:23.677 69485 INFO tempest.lib.common.rest_client [req-cd1795cc-d7b1-4475-911d-87530f54d267 req-cd1795cc-d7b1-4475-911d-87530f54d267 ] Request (NetworksTest:setUpClass): 200 GET http://10.180.1.21/identity/v3/roles 0.024s
2025-05-22 21:51:23.700 69507 INFO tempest.lib.common.rest_client [req-67f96115-0239-41e8-bd9f-5127c14295f1 req-67f96115-0239-41e8-bd9f-5127c14295f1 ] Request (AggregatesAdminNegativeTestJSON:tearDownClass): 204 DELETE http://10.180.1.21/identity/v3/users/b117282734d44c5898cdcffad0e51442 0.096s
2025-05-22 21:51:23.700 69507 INFO tempest.lib.common.dynamic_creds [-] Deleting project and security group for project: 4c8a04952d174b388044aa910f8b1419
2025-05-22 21:51:23.739 69485 INFO tempest.lib.common.rest_client [req-52f04bc5-82ad-437c-9c0c-0d79caa9b9fc req-52f04bc5-82ad-437c-9c0c-0d79caa9b9fc ] Request (NetworksTest:setUpClass): 204 PUT http://10.180.1.21/identity/v3/projects/48c8e1a501ee4cd9a00ed1ef3a11216e/users/d5db51fda66b4bfd97ab5f29cdd1370b/roles/862171c0d4e2480ca37d12d9a2587538 0.062s
2025-05-22 21:51:23.739 69485 INFO tempest.lib.common.dynamic_creds [-] Dynamic test user d5db51fda66b4bfd97ab5f29cdd1370b is created with scope project and roles: ['member']
2025-05-22 21:51:23.740 69485 INFO tempest.lib.common.dynamic_creds [-] Acquired dynamic creds: credentials: Credentials: {'domain_id': 'default', 'domain_name': 'Default', 'username': 'tempest-NetworksTest-117167060-project-member', 'project_domain_id': 'default', 'project_domain_name': 'Default', 'project_id': '48c8e1a501ee4cd9a00ed1ef3a11216e', 'project_name': 'tempest-NetworksTest-117167060', 'tenant_id': '48c8e1a501ee4cd9a00ed1ef3a11216e', 'tenant_name': 'tempest-NetworksTest-117167060', 'user_domain_id': 'default', 'user_domain_name': 'Default', 'user_id': 'd5db51fda66b4bfd97ab5f29cdd1370b', 'system': None}, Network: None, Subnet: None, Router: None
2025-05-22 21:51:23.740 69485 INFO tempest.lib.common.dynamic_creds [-] Created isolated network resources for: credentials: Credentials: {'domain_id': 'default', 'domain_name': 'Default', 'username': 'tempest-NetworksTest-117167060-project-member', 'project_domain_id': 'default', 'project_domain_name': 'Default', 'project_id': '48c8e1a501ee4cd9a00ed1ef3a11216e', 'project_name': 'tempest-NetworksTest-117167060', 'tenant_id': '48c8e1a501ee4cd9a00ed1ef3a11216e', 'tenant_name': 'tempest-NetworksTest-117167060', 'user_domain_id': 'default', 'user_domain_name': 'Default', 'user_id': 'd5db51fda66b4bfd97ab5f29cdd1370b', 'system': None}, Network: None, Subnet: None, Router: None
2025-05-22 21:51:23.760 69507 INFO tempest.lib.common.rest_client [req-f7b73bae-b4e5-4005-ac46-1f61404f2d2e req-f7b73bae-b4e5-4005-ac46-1f61404f2d2e ] Request (AggregatesAdminNegativeTestJSON:tearDownClass): 201 POST http://10.180.1.21/identity/v3/auth/tokens 0.059s
2025-05-22 21:51:23.817 69485 INFO tempest.lib.common.rest_client [req-cf1e39aa-21f8-4b9e-b24e-69869d0dbd45 req-cf1e39aa-21f8-4b9e-b24e-69869d0dbd45 ] Request (NetworksTest:setUpClass): 201 POST http://10.180.1.21/identity/v3/auth/tokens 0.072s
2025-05-22 21:51:23.892 69485 INFO tempest.lib.common.rest_client [req-edf84145-6673-4a7e-9a7f-25dc38326c19 req-edf84145-6673-4a7e-9a7f-25dc38326c19 ] Request (NetworksTest:setUpClass): 201 POST http://10.180.1.21/identity/v3/projects 0.074s
2025-05-22 21:51:23.912 69496 INFO tempest.lib.common.rest_client [req-8b83b162-c605-4f6b-90ab-b62593d2f5e1 req-8b83b162-c605-4f6b-90ab-b62593d2f5e1 ] Request (MigrationsAdminTest:test_resize_server_revert_deleted_flavor): 202 POST http://10.180.1.21/compute/v2.1/servers 1.449s
2025-05-22 21:51:23.935 69473 INFO tempest.lib.common.rest_client [req-19750ae6-57cc-4a0a-8207-f6582034f3ba req-19750ae6-57cc-4a0a-8207-f6582034f3ba ] Request (ServersAdminNegativeTestJSON:test_resize_server_using_overlimit_vcpus): 200 POST http://10.180.1.21/compute/v2.1/flavors 1.401s
2025-05-22 21:51:23.945 69483 INFO tempest.lib.common.rest_client [req-e5d09c27-0054-40b4-89d3-d5ae0275e50e req-e5d09c27-0054-40b4-89d3-d5ae0275e50e ] Request (FloatingIPDetailsTestJSON:_run_cleanups): 202 DELETE http://10.180.1.21/compute/v2.1/os-floating-ips/01be732f-8bc3-41b9-bd0d-b70ba64c8179 1.716s
2025-05-22 21:51:23.966 69485 INFO tempest.lib.common.rest_client [req-a07177ae-a9b8-4ca1-98d0-6e58efffc41e req-a07177ae-a9b8-4ca1-98d0-6e58efffc41e ] Request (NetworksTest:setUpClass): 201 POST http://10.180.1.21/identity/v3/users 0.074s
2025-05-22 21:51:23.996 69485 INFO tempest.lib.common.rest_client [req-fc7db300-cf09-4ca1-9a32-e709024b988b req-fc7db300-cf09-4ca1-9a32-e709024b988b ] Request (NetworksTest:setUpClass): 200 GET http://10.180.1.21/identity/v3/roles 0.028s
2025-05-22 21:51:24.001 69507 INFO tempest.lib.common.rest_client [req-22281011-ad62-4d3c-82aa-6f0ef8921b17 req-22281011-ad62-4d3c-82aa-6f0ef8921b17 ] Request (AggregatesAdminNegativeTestJSON:tearDownClass): 200 GET http://10.180.1.21:9696/networking/v2.0/security-groups?tenant_id=4c8a04952d174b388044aa910f8b1419&name=default 0.240s
2025-05-22 21:51:24.039 69485 INFO tempest.lib.common.rest_client [req-32d14191-8573-49c5-ae8a-64532f78055d req-32d14191-8573-49c5-ae8a-64532f78055d ] Request (NetworksTest:setUpClass): 204 PUT http://10.180.1.21/identity/v3/projects/7b2c99fe2aad496ea4f333c06c130f4f/users/3742512b7eb74193ae758b779f97951c/roles/6624b881d427485fa31f7b5835b34caf 0.043s
2025-05-22 21:51:24.117 69485 INFO tempest.lib.common.rest_client [req-d6619c7c-1dff-4d65-8a93-b1c6c583be4e req-d6619c7c-1dff-4d65-8a93-b1c6c583be4e ] Request (NetworksTest:setUpClass): 200 GET http://10.180.1.21/identity/v3/roles 0.077s
2025-05-22 21:51:24.123 69507 INFO tempest.lib.common.rest_client [req-b4c2f2dd-d8f4-4c39-acff-f9a44ad1ee6e req-b4c2f2dd-d8f4-4c39-acff-f9a44ad1ee6e ] Request (AggregatesAdminNegativeTestJSON:tearDownClass): 204 DELETE http://10.180.1.21:9696/networking/v2.0/security-groups/4d6efff0-ea0e-402b-b631-8fc8e16b524c 0.122s
2025-05-22 21:51:24.157 69485 INFO tempest.lib.common.rest_client [req-c5d4b978-2165-4bc2-b0a1-1a94c864f1c0 req-c5d4b978-2165-4bc2-b0a1-1a94c864f1c0 ] Request (NetworksTest:setUpClass): 204 PUT http://10.180.1.21/identity/v3/projects/7b2c99fe2aad496ea4f333c06c130f4f/users/3742512b7eb74193ae758b779f97951c/roles/6624b881d427485fa31f7b5835b34caf 0.040s
2025-05-22 21:51:24.158 69485 INFO tempest.lib.common.dynamic_creds [-] Dynamic test user 3742512b7eb74193ae758b779f97951c is created with scope project and roles: ['admin']
2025-05-22 21:51:24.158 69485 INFO tempest.lib.common.dynamic_creds [-] Acquired dynamic creds: credentials: Credentials: {'domain_id': 'default', 'domain_name': 'Default', 'username': 'tempest-NetworksTest-48272912-project-admin', 'project_domain_id': 'default', 'project_domain_name': 'Default', 'project_id': '7b2c99fe2aad496ea4f333c06c130f4f', 'project_name': 'tempest-NetworksTest-48272912', 'tenant_id': '7b2c99fe2aad496ea4f333c06c130f4f', 'tenant_name': 'tempest-NetworksTest-48272912', 'user_domain_id': 'default', 'user_domain_name': 'Default', 'user_id': '3742512b7eb74193ae758b779f97951c', 'system': None}, Network: None, Subnet: None, Router: None
2025-05-22 21:51:24.158 69485 INFO tempest.lib.common.dynamic_creds [-] Created isolated network resources for: credentials: Credentials: {'domain_id': 'default', 'domain_name': 'Default', 'username': 'tempest-NetworksTest-48272912-project-admin', 'project_domain_id': 'default', 'project_domain_name': 'Default', 'project_id': '7b2c99fe2aad496ea4f333c06c130f4f', 'project_name': 'tempest-NetworksTest-48272912', 'tenant_id': '7b2c99fe2aad496ea4f333c06c130f4f', 'tenant_name': 'tempest-NetworksTest-48272912', 'user_domain_id': 'default', 'user_domain_name': 'Default', 'user_id': '3742512b7eb74193ae758b779f97951c', 'system': None}, Network: None, Subnet: None, Router: None
2025-05-22 21:51:24.207 69507 INFO tempest.lib.common.rest_client [req-8ce1e07c-cbaa-4427-a84d-a229012fe926 req-8ce1e07c-cbaa-4427-a84d-a229012fe926 ] Request (AggregatesAdminNegativeTestJSON:tearDownClass): 204 DELETE http://10.180.1.21/identity/v3/projects/4c8a04952d174b388044aa910f8b1419 0.083s
2025-05-22 21:51:24.207 69507 INFO tempest.lib.common.dynamic_creds [-] Deleting project and security group for project: 9e4e95e7513b4659bd47b3e51aa9d6e2
2025-05-22 21:51:24.234 69471 INFO tempest.lib.common.rest_client [req-967b11fe-8607-49e8-8b9a-0cec83c41bca req-967b11fe-8607-49e8-8b9a-0cec83c41bca ] Request (ImagesOneServerNegativeTestJSON:setUpClass): 204 DELETE http://10.180.1.21/compute/v2.1/servers/9f311bf0-31a1-46a9-911d-4e393c2279be 1.510s
2025-05-22 21:51:24.272 69485 INFO tempest.lib.common.rest_client [req-45045340-915e-45a6-bbe5-9c6dbc4c3d00 req-45045340-915e-45a6-bbe5-9c6dbc4c3d00 ] Request (NetworksTest:setUpClass): 201 POST http://10.180.1.21/identity/v3/auth/tokens 0.110s
2025-05-22 21:51:24.361 69479 INFO tempest.lib.common.rest_client [req-6b8af8e0-fa74-4545-a34e-7466be630e2d req-6b8af8e0-fa74-4545-a34e-7466be630e2d ] Request (ServersTestBootFromVolume:setUpClass): 200 GET http://10.180.1.21/volume/v3/e79e6f22715445819a466f1cb9f3faef/volumes/c9c3e960-b32e-44fd-8673-dee1cdf69239 0.025s
2025-05-22 21:51:24.485 69507 INFO tempest.lib.common.rest_client [req-fabbe9e1-b5a6-432d-879a-5f10145caed6 req-fabbe9e1-b5a6-432d-879a-5f10145caed6 ] Request (AggregatesAdminNegativeTestJSON:tearDownClass): 200 GET http://10.180.1.21:9696/networking/v2.0/security-groups?tenant_id=9e4e95e7513b4659bd47b3e51aa9d6e2&name=default 0.277s
2025-05-22 21:51:24.572 69507 INFO tempest.lib.common.rest_client [req-63e2a199-51ad-41bd-8ffe-80c44be162ef req-63e2a199-51ad-41bd-8ffe-80c44be162ef ] Request (AggregatesAdminNegativeTestJSON:tearDownClass): 204 DELETE http://10.180.1.21:9696/networking/v2.0/security-groups/143d4c4d-18bd-4336-a7c3-05e5f4d6711e 0.087s
2025-05-22 21:51:24.612 69522 INFO tempest.lib.common.rest_client [req-9935026e-73b8-4cc9-bcfb-74b484cabaa3 req-9935026e-73b8-4cc9-bcfb-74b484cabaa3 ] Request (VolumesTestJSON:tearDownClass): 404 GET http://10.180.1.21/volume/v3/72c486fbae474d0ab71f81ebbc4827d9/volumes/0dee7894-efc2-4e91-9262-2fe70d2fc120 0.014s
2025-05-22 21:51:24.618 69517 INFO tempest.lib.common.rest_client [req-6219f880-474a-4fd8-aa20-01788e4cb77c req-6219f880-474a-4fd8-aa20-01788e4cb77c ] Request (SecurityGroupsTestJSON:test_list_security_groups_by_server): 200 POST http://10.180.1.21/compute/v2.1/os-security-groups 1.817s
2025-05-22 21:51:24.659 69522 INFO tempest.lib.common.rest_client [req-1989ebec-857f-495b-9dc4-3216c198c618 req-1989ebec-857f-495b-9dc4-3216c198c618 ] Request (VolumesTestJSON:tearDownClass): 202 DELETE http://10.180.1.21/volume/v3/72c486fbae474d0ab71f81ebbc4827d9/volumes/11f19b32-4756-44ce-aa3e-bc851e0436b8 0.047s
2025-05-22 21:51:24.690 69522 INFO tempest.lib.common.rest_client [req-2d2be403-497b-4686-a7bc-f180b6214a85 req-2d2be403-497b-4686-a7bc-f180b6214a85 ] Request (VolumesTestJSON:tearDownClass): 200 GET http://10.180.1.21/volume/v3/72c486fbae474d0ab71f81ebbc4827d9/volumes/11f19b32-4756-44ce-aa3e-bc851e0436b8 0.030s
2025-05-22 21:51:24.690 69501 INFO tempest.lib.common.rest_client [req-f1f4d0fb-d95d-42ed-a684-b21611825c4a req-f1f4d0fb-d95d-42ed-a684-b21611825c4a ] Request (ServersTestManualDisk:setUpClass): 200 GET http://10.180.1.21/compute/v2.1/servers/d4220806-373f-45cc-82d0-cc70ca2c26ef 1.831s
2025-05-22 21:51:24.704 69507 INFO tempest.lib.common.rest_client [req-931f9898-4499-4e36-955c-0bb67318ac1b req-931f9898-4499-4e36-955c-0bb67318ac1b ] Request (AggregatesAdminNegativeTestJSON:tearDownClass): 204 DELETE http://10.180.1.21/identity/v3/projects/9e4e95e7513b4659bd47b3e51aa9d6e2 0.131s
2025-05-22 21:51:24.754 69469 INFO tempest.lib.common.rest_client [req-59a057b1-c1ca-45c7-8030-181c4f79b158 req-59a057b1-c1ca-45c7-8030-181c4f79b158 ] Request (ImagesTestJSON:test_create_server_from_snapshot): 200 GET http://10.180.1.21/compute/v2.1/servers/bd91753e-aced-4c58-a6f1-f1baabbdd8c4 1.818s
2025-05-22 21:51:24.765 69507 INFO tempest.lib.common.rest_client [req-6e3a59d7-07e0-4039-be3d-49e687b6614c req-6e3a59d7-07e0-4039-be3d-49e687b6614c ] Request (FlavorsExtraSpecsNegativeTestJSON:setUpClass): 201 POST http://10.180.1.21/identity/v3/auth/tokens 0.059s
2025-05-22 21:51:24.795 69500 INFO tempest.lib.common.rest_client [req-9fa87015-06d1-42f7-bfff-bd583500052e req-9fa87015-06d1-42f7-bfff-bd583500052e ] Request (KeyPairsV22TestJSON:test_keypair_create_with_pub_key): 201 POST http://10.180.1.21/compute/v2.1/os-keypairs 1.776s
2025-05-22 21:51:24.800 69507 INFO tempest.lib.common.rest_client [req-385e812e-df97-4719-989f-4a24f8f6b468 req-385e812e-df97-4719-989f-4a24f8f6b468 ] Request (FlavorsExtraSpecsNegativeTestJSON:setUpClass): 201 POST http://10.180.1.21/identity/v3/auth/tokens 0.031s
2025-05-22 21:51:24.819 69493 INFO tempest.lib.common.rest_client [req-c0d2ad1f-a8e9-4662-9da7-1f93b7b3b6bb req-c0d2ad1f-a8e9-4662-9da7-1f93b7b3b6bb ] Request (ServersAdminTestJSON:tearDownClass): 404 GET http://10.180.1.21/compute/v2.1/servers/8e1d7fef-6ff1-4866-bcd0-9f46abb62a7d 1.573s
2025-05-22 21:51:24.824 69507 INFO tempest.lib.common.rest_client [req-53cfcb68-8132-4ff5-8267-3dc0db7094b3 req-53cfcb68-8132-4ff5-8267-3dc0db7094b3 ] Request (FlavorsExtraSpecsNegativeTestJSON:setUpClass): 200 GET http://10.180.1.21/identity/v3/domains?name=Default 0.024s
2025-05-22 21:51:24.831 69461 INFO tempest.lib.common.rest_client [req-017e0d10-8bb3-4c34-bffe-53d2093d140f req-017e0d10-8bb3-4c34-bffe-53d2093d140f ] Request (ServersWithSpecificFlavorTestJSON:tearDownClass): 200 PUT http://10.180.1.21:9696/networking/v2.0/routers/aec0a89d-2a66-494c-a155-8f56dc11b4c9/remove_router_interface 1.827s
2025-05-22 21:51:24.844 69467 INFO tempest.lib.common.rest_client [req-1ea10c61-8fc1-4fb7-906e-696441a138bc req-1ea10c61-8fc1-4fb7-906e-696441a138bc ] Request (ImagesMetadataNegativeTestJSON:test_set_nonexistent_image_metadata_item): 404 PUT http://10.180.1.21/compute/v2.1/images/1fb163c8-a736-49cc-bc83-434b5e7a8107/metadata/os_distro 1.576s
2025-05-22 21:51:24.851 69507 INFO tempest.lib.common.rest_client [req-abfca3ef-db20-45cd-98ff-f2e75e40a6f4 req-abfca3ef-db20-45cd-98ff-f2e75e40a6f4 ] Request (FlavorsExtraSpecsNegativeTestJSON:setUpClass): 201 POST http://10.180.1.21/identity/v3/projects 0.026s
2025-05-22 21:51:24.914 69519 INFO tempest.lib.common.rest_client [req-ccb8685a-e344-4b52-b5b8-a53423f47bab req-ccb8685a-e344-4b52-b5b8-a53423f47bab ] Request (MultipleCreateTestJSON:test_multiple_create): 200 GET http://10.180.1.21/compute/v2.1/servers/598fe41b-debf-4fbd-ac21-5cda132d2fea 1.601s
2025-05-22 21:51:24.919 69507 INFO tempest.lib.common.rest_client [req-f2d27397-37af-44cb-98d6-7c6101452de8 req-f2d27397-37af-44cb-98d6-7c6101452de8 ] Request (FlavorsExtraSpecsNegativeTestJSON:setUpClass): 201 POST http://10.180.1.21/identity/v3/users 0.067s
2025-05-22 21:51:24.940 69507 INFO tempest.lib.common.rest_client [req-c295538f-a76b-4a9a-948c-7947e4e04e7e req-c295538f-a76b-4a9a-948c-7947e4e04e7e ] Request (FlavorsExtraSpecsNegativeTestJSON:setUpClass): 200 GET http://10.180.1.21/identity/v3/roles 0.021s
2025-05-22 21:51:24.998 69507 INFO tempest.lib.common.rest_client [req-4121b7ba-c698-4916-8b2c-ca861f49a898 req-4121b7ba-c698-4916-8b2c-ca861f49a898 ] Request (FlavorsExtraSpecsNegativeTestJSON:setUpClass): 204 PUT http://10.180.1.21/identity/v3/projects/e990ed975c5846a9aaa61aae4082a238/users/a5cbb06f9f1547319c1f6967c17d5788/roles/862171c0d4e2480ca37d12d9a2587538 0.057s
2025-05-22 21:51:25.000 69507 INFO tempest.lib.common.dynamic_creds [-] Dynamic test user a5cbb06f9f1547319c1f6967c17d5788 is created with scope project and roles: ['member']
2025-05-22 21:51:25.000 69507 INFO tempest.lib.common.dynamic_creds [-] Acquired dynamic creds: credentials: Credentials: {'domain_id': 'default', 'domain_name': 'Default', 'username': 'tempest-FlavorsExtraSpecsNegativeTestJSON-173078595-project-member', 'project_domain_id': 'default', 'project_domain_name': 'Default', 'project_id': 'e990ed975c5846a9aaa61aae4082a238', 'project_name': 'tempest-FlavorsExtraSpecsNegativeTestJSON-173078595', 'tenant_id': 'e990ed975c5846a9aaa61aae4082a238', 'tenant_name': 'tempest-FlavorsExtraSpecsNegativeTestJSON-173078595', 'user_domain_id': 'default', 'user_domain_name': 'Default', 'user_id': 'a5cbb06f9f1547319c1f6967c17d5788', 'system': None}, Network: None, Subnet: None, Router: None
2025-05-22 21:51:25.000 69507 INFO tempest.lib.common.dynamic_creds [-] Created isolated network resources for: credentials: Credentials: {'domain_id': 'default', 'domain_name': 'Default', 'username': 'tempest-FlavorsExtraSpecsNegativeTestJSON-173078595-project-member', 'project_domain_id': 'default', 'project_domain_name': 'Default', 'project_id': 'e990ed975c5846a9aaa61aae4082a238', 'project_name': 'tempest-FlavorsExtraSpecsNegativeTestJSON-173078595', 'tenant_id': 'e990ed975c5846a9aaa61aae4082a238', 'tenant_name': 'tempest-FlavorsExtraSpecsNegativeTestJSON-173078595', 'user_domain_id': 'default', 'user_domain_name': 'Default', 'user_id': 'a5cbb06f9f1547319c1f6967c17d5788', 'system': None}, Network: None, Subnet: None, Router: None
2025-05-22 21:51:25.106 69507 INFO tempest.lib.common.rest_client [req-5ec281a5-38c8-4f1f-a805-f483f7e7dace req-5ec281a5-38c8-4f1f-a805-f483f7e7dace ] Request (FlavorsExtraSpecsNegativeTestJSON:setUpClass): 201 POST http://10.180.1.21/identity/v3/auth/tokens 0.103s
2025-05-22 21:51:25.184 69507 INFO tempest.lib.common.rest_client [req-8f6126c5-f6d2-4511-908d-9bfa90748ad1 req-8f6126c5-f6d2-4511-908d-9bfa90748ad1 ] Request (FlavorsExtraSpecsNegativeTestJSON:setUpClass): 201 POST http://10.180.1.21/identity/v3/projects 0.077s
2025-05-22 21:51:25.257 69507 INFO tempest.lib.common.rest_client [req-e100d3f7-465a-47be-bfb5-1fb3b2cbdb16 req-e100d3f7-465a-47be-bfb5-1fb3b2cbdb16 ] Request (FlavorsExtraSpecsNegativeTestJSON:setUpClass): 201 POST http://10.180.1.21/identity/v3/users 0.072s
2025-05-22 21:51:25.278 69507 INFO tempest.lib.common.rest_client [req-98dc2128-b1ba-4ee7-b398-dbb88c6326d6 req-98dc2128-b1ba-4ee7-b398-dbb88c6326d6 ] Request (FlavorsExtraSpecsNegativeTestJSON:setUpClass): 200 GET http://10.180.1.21/identity/v3/roles 0.020s
2025-05-22 21:51:25.305 69507 INFO tempest.lib.common.rest_client [req-5db71c83-cdad-4aea-ade4-ba8b525fb64c req-5db71c83-cdad-4aea-ade4-ba8b525fb64c ] Request (FlavorsExtraSpecsNegativeTestJSON:setUpClass): 204 PUT http://10.180.1.21/identity/v3/projects/844eda4040824b139906ef153c28a6c2/users/f71960dacea54a45bf85e1658ba563fd/roles/6624b881d427485fa31f7b5835b34caf 0.026s
2025-05-22 21:51:25.357 69507 INFO tempest.lib.common.rest_client [req-f85a320f-ca12-4b17-9284-a4ad235f8e67 req-f85a320f-ca12-4b17-9284-a4ad235f8e67 ] Request (FlavorsExtraSpecsNegativeTestJSON:setUpClass): 200 GET http://10.180.1.21/identity/v3/roles 0.051s
2025-05-22 21:51:25.376 69507 INFO tempest.lib.common.rest_client [req-5e4792a3-4dbd-473a-9fb1-3231ca265de8 req-5e4792a3-4dbd-473a-9fb1-3231ca265de8 ] Request (FlavorsExtraSpecsNegativeTestJSON:setUpClass): 204 PUT http://10.180.1.21/identity/v3/projects/844eda4040824b139906ef153c28a6c2/users/f71960dacea54a45bf85e1658ba563fd/roles/6624b881d427485fa31f7b5835b34caf 0.019s
2025-05-22 21:51:25.376 69507 INFO tempest.lib.common.dynamic_creds [-] Dynamic test user f71960dacea54a45bf85e1658ba563fd is created with scope project and roles: ['admin']
2025-05-22 21:51:25.377 69507 INFO tempest.lib.common.dynamic_creds [-] Acquired dynamic creds: credentials: Credentials: {'domain_id': 'default', 'domain_name': 'Default', 'username': 'tempest-FlavorsExtraSpecsNegativeTestJSON-2446138-project-admin', 'project_domain_id': 'default', 'project_domain_name': 'Default', 'project_id': '844eda4040824b139906ef153c28a6c2', 'project_name': 'tempest-FlavorsExtraSpecsNegativeTestJSON-2446138', 'tenant_id': '844eda4040824b139906ef153c28a6c2', 'tenant_name': 'tempest-FlavorsExtraSpecsNegativeTestJSON-2446138', 'user_domain_id': 'default', 'user_domain_name': 'Default', 'user_id': 'f71960dacea54a45bf85e1658ba563fd', 'system': None}, Network: None, Subnet: None, Router: None
2025-05-22 21:51:25.377 69507 INFO tempest.lib.common.dynamic_creds [-] Created isolated network resources for: credentials: Credentials: {'domain_id': 'default', 'domain_name': 'Default', 'username': 'tempest-FlavorsExtraSpecsNegativeTestJSON-2446138-project-admin', 'project_domain_id': 'default', 'project_domain_name': 'Default', 'project_id': '844eda4040824b139906ef153c28a6c2', 'project_name': 'tempest-FlavorsExtraSpecsNegativeTestJSON-2446138', 'tenant_id': '844eda4040824b139906ef153c28a6c2', 'tenant_name': 'tempest-FlavorsExtraSpecsNegativeTestJSON-2446138', 'user_domain_id': 'default', 'user_domain_name': 'Default', 'user_id': 'f71960dacea54a45bf85e1658ba563fd', 'system': None}, Network: None, Subnet: None, Router: None
2025-05-22 21:51:25.410 69479 INFO tempest.lib.common.rest_client [req-f428f311-ff73-433d-9988-7e3bd93c3b7a req-f428f311-ff73-433d-9988-7e3bd93c3b7a ] Request (ServersTestBootFromVolume:setUpClass): 200 GET http://10.180.1.21/volume/v3/e79e6f22715445819a466f1cb9f3faef/volumes/c9c3e960-b32e-44fd-8673-dee1cdf69239 0.042s
2025-05-22 21:51:25.473 69507 INFO tempest.lib.common.rest_client [req-1f1fdb56-9043-4a9a-9df1-4d3952f02966 req-1f1fdb56-9043-4a9a-9df1-4d3952f02966 ] Request (FlavorsExtraSpecsNegativeTestJSON:setUpClass): 201 POST http://10.180.1.21/identity/v3/auth/tokens 0.094s
2025-05-22 21:51:25.619 69493 INFO tempest.lib.common.rest_client [req-8636d4c2-1aea-4c03-a62c-e5408e68b260 req-8636d4c2-1aea-4c03-a62c-e5408e68b260 ] Request (ServersAdminTestJSON:tearDownClass): 200 PUT http://10.180.1.21:9696/networking/v2.0/routers/0f58d504-10d5-4712-b438-52547f38e000/remove_router_interface 0.799s
2025-05-22 21:51:25.625 69489 INFO tempest.lib.common.rest_client [req-982aac5f-f885-4a00-a095-1f366e2e723c req-982aac5f-f885-4a00-a095-1f366e2e723c ] Request (VolumesAdminNegativeTest:test_update_attached_volume_with_nonexistent_volume_in_uri): 202 POST http://10.180.1.21/compute/v2.1/servers 2.259s
2025-05-22 21:51:25.676 69461 INFO tempest.lib.common.rest_client [req-6987f295-2b67-4f7b-bcbd-aa8c7b3e6ec7 req-6987f295-2b67-4f7b-bcbd-aa8c7b3e6ec7 ] Request (ServersWithSpecificFlavorTestJSON:tearDownClass): 204 DELETE http://10.180.1.21:9696/networking/v2.0/routers/aec0a89d-2a66-494c-a155-8f56dc11b4c9 0.841s
2025-05-22 21:51:25.712 69511 INFO tempest.lib.common.rest_client [req-cfc5850b-f2dc-408b-8213-a38c83ad6170 req-cfc5850b-f2dc-408b-8213-a38c83ad6170 ] Request (ServerRescueNegativeTestJSON:setUpClass): 200 GET http://10.180.1.21/compute/v2.1/servers/e1498893-a512-4b47-b22a-66c9e78df3de 2.192s
2025-05-22 21:51:25.726 69522 INFO tempest.lib.common.rest_client [req-1b2e0a2e-7060-4d1c-a12e-a4407b68a685 req-1b2e0a2e-7060-4d1c-a12e-a4407b68a685 ] Request (VolumesTestJSON:tearDownClass): 404 GET http://10.180.1.21/volume/v3/72c486fbae474d0ab71f81ebbc4827d9/volumes/11f19b32-4756-44ce-aa3e-bc851e0436b8 0.027s
2025-05-22 21:51:25.727 69511 INFO tempest.common.waiters [-] State transition "BUILD/None" ==> "ERROR/None" after 26 second wait
2025-05-22 21:51:25.788 69522 INFO tempest.lib.common.rest_client [req-fbcac9b1-6d8d-497b-b122-79457b6bbce0 req-fbcac9b1-6d8d-497b-b122-79457b6bbce0 ] Request (VolumesTestJSON:tearDownClass): 202 DELETE http://10.180.1.21/volume/v3/72c486fbae474d0ab71f81ebbc4827d9/volumes/af6c675d-2d03-4f3a-bc97-cc11e48b2e37 0.061s
2025-05-22 21:51:25.813 69487 INFO tempest.lib.common.rest_client [req-6524ac7f-4ac1-49b2-978e-22f45a152a0f req-6524ac7f-4ac1-49b2-978e-22f45a152a0f ] Request (ServersAaction247Test:test_create_backup): 200 GET http://10.180.1.21/compute/v2.1/servers/f8c018fc-4d2e-4d71-ba99-7ca512c122df 2.205s
2025-05-22 21:51:25.834 69522 INFO tempest.lib.common.rest_client [req-4583f322-003a-4a4f-bccd-df0ecf79a12c req-4583f322-003a-4a4f-bccd-df0ecf79a12c ] Request (VolumesTestJSON:tearDownClass): 200 GET http://10.180.1.21/volume/v3/72c486fbae474d0ab71f81ebbc4827d9/volumes/af6c675d-2d03-4f3a-bc97-cc11e48b2e37 0.045s
2025-05-22 21:51:25.895 69513 INFO tempest.lib.common.rest_client [req-551ab843-4002-4235-8a41-5ed2fd4ec769 req-551ab843-4002-4235-8a41-5ed2fd4ec769 ] Request (ServersTestJSON:test_create_server_specify_multibyte_character_name): 200 GET http://10.180.1.21/compute/v2.1/servers/d615fad6-4666-4a8d-a580-fc501abe501a 2.236s
2025-05-22 21:51:25.905 69513 INFO tempest.common.waiters [-] State transition "BUILD/None" ==> "BUILD/scheduling" after 26 second wait
2025-05-22 21:51:25.953 69497 INFO tempest.lib.common.rest_client [req-39b02bed-3a3c-4b86-9148-8ddb13e5c6a1 req-39b02bed-3a3c-4b86-9148-8ddb13e5c6a1 ] Request (DeleteServersAdminTestJSON:test_delete_server_while_in_error_state): 200 GET http://10.180.1.21/compute/v2.1/servers/62f1950f-631d-4f07-8526-2155d4e1bc7c 2.174s
2025-05-22 21:51:25.985 69461 INFO tempest.lib.common.rest_client [req-821210de-1b52-4f6f-999a-7e07ba3562ef req-821210de-1b52-4f6f-999a-7e07ba3562ef ] Request (ServersWithSpecificFlavorTestJSON:tearDownClass): 204 DELETE http://10.180.1.21:9696/networking/v2.0/subnets/a2e33e66-d77b-488e-87a3-961a0effd4c5 0.308s
2025-05-22 21:51:26.051 69503 INFO tempest.lib.common.rest_client [req-f92f6ac1-b702-46e5-9d10-4476d2e2b864 req-f92f6ac1-b702-46e5-9d10-4476d2e2b864 ] Request (ServersListShow296Test:test_list_show_update_rebuild_server_296): 200 GET http://10.180.1.21/compute/v2.1/servers/4c596d23-7da7-4367-a60c-fe3b789516d9 2.234s
2025-05-22 21:51:26.114 69509 INFO tempest.lib.common.rest_client [req-28e0fd83-1b11-42b8-a543-a1e6d2cf74e3 req-28e0fd83-1b11-42b8-a543-a1e6d2cf74e3 ] Request (ServerAddressesTestJSON:setUpClass): 200 GET http://10.180.1.21/compute/v2.1/servers/e0f59163-b386-45d3-87d7-1271deebe2f2 2.283s
2025-05-22 21:51:26.122 69509 INFO tempest.common.waiters [-] State transition "BUILD/scheduling" ==> "BUILD/None" after 6 second wait
2025-05-22 21:51:26.176 69481 INFO tempest.lib.common.rest_client [req-ac51be0d-1bff-4ecd-80a8-c6ea9232eb68 req-ac51be0d-1bff-4ecd-80a8-c6ea9232eb68 ] Request (FloatingIPsAssociationNegativeTestJSON:setUpClass): 200 GET http://10.180.1.21/compute/v2.1/servers/f1a31770-1165-4143-be50-0e6a6ce2f041 2.316s
2025-05-22 21:51:26.243 69465 INFO tempest.lib.common.rest_client [req-dfcddb30-b022-4c2d-b689-a58d4cdd95b8 req-dfcddb30-b022-4c2d-b689-a58d4cdd95b8 ] Request (ServersAdmin275Test:test_rebuild_update_server_275): 200 GET http://10.180.1.21/compute/v2.1/servers/363084be-ae28-433b-b7e0-d0a4eccbff6a 2.356s
2025-05-22 21:51:26.273 69493 INFO tempest.lib.common.rest_client [req-d63dfee8-52ae-479c-8196-4ce23b1a8911 req-d63dfee8-52ae-479c-8196-4ce23b1a8911 ] Request (ServersAdminTestJSON:tearDownClass): 204 DELETE http://10.180.1.21:9696/networking/v2.0/routers/0f58d504-10d5-4712-b438-52547f38e000 0.653s
2025-05-22 21:51:26.298 69496 INFO tempest.lib.common.rest_client [req-9fe199a8-0890-4a3a-b0e0-f084a9540697 req-9fe199a8-0890-4a3a-b0e0-f084a9540697 ] Request (MigrationsAdminTest:test_resize_server_revert_deleted_flavor): 200 GET http://10.180.1.21/compute/v2.1/servers/155b53f6-a42a-48ad-bbfb-a99fc9eba789 2.384s
2025-05-22 21:51:26.355 69463 INFO tempest.lib.common.rest_client [req-c7f4b591-d97c-4262-bf40-fca52fccfcc5 req-c7f4b591-d97c-4262-bf40-fca52fccfcc5 ] Request (AttachInterfacesUnderV243Test:test_add_remove_fixed_ip): 200 GET http://10.180.1.21/compute/v2.1/servers/14990d60-4a6a-4896-816f-7bd7d5af19a5 2.435s
2025-05-22 21:51:26.382 69461 INFO tempest.lib.common.rest_client [req-636a1bbb-476b-4bb2-8848-ffc298764e58 req-636a1bbb-476b-4bb2-8848-ffc298764e58 ] Request (ServersWithSpecificFlavorTestJSON:tearDownClass): 204 DELETE http://10.180.1.21:9696/networking/v2.0/networks/ec26c636-b6a1-4bc2-babf-a6bd77ca8fa3 0.396s
2025-05-22 21:51:26.418 69477 INFO tempest.lib.common.rest_client [req-6c4d5c06-a4c3-4198-ad0e-b1b01b40a238 req-6c4d5c06-a4c3-4198-ad0e-b1b01b40a238 ] Request (TenantUsagesTestJSON:setUpClass): 200 GET http://10.180.1.21/compute/v2.1/servers/377a8d4c-f905-4c09-ac2e-01c5f5bc5ad3 2.479s
2025-05-22 21:51:26.447 69479 INFO tempest.lib.common.rest_client [req-64180038-fe81-4bbc-bb61-490d9ae90c3b req-64180038-fe81-4bbc-bb61-490d9ae90c3b ] Request (ServersTestBootFromVolume:setUpClass): 200 GET http://10.180.1.21/volume/v3/e79e6f22715445819a466f1cb9f3faef/volumes/c9c3e960-b32e-44fd-8673-dee1cdf69239 0.029s
2025-05-22 21:51:26.477 69473 INFO tempest.lib.common.rest_client [req-a33bd946-dd51-49c6-b66b-f435f5b313cd req-a33bd946-dd51-49c6-b66b-f435f5b313cd ] Request (ServersAdminNegativeTestJSON:test_resize_server_using_overlimit_vcpus): 403 POST http://10.180.1.21/compute/v2.1/servers/8e6a9d73-6705-484c-82e0-70c6a6860211/action 2.539s
2025-05-22 21:51:26.507 69493 INFO tempest.lib.common.rest_client [req-3747c300-06c8-45e1-a573-2bedb59dde53 req-3747c300-06c8-45e1-a573-2bedb59dde53 ] Request (ServersAdminTestJSON:tearDownClass): 204 DELETE http://10.180.1.21:9696/networking/v2.0/subnets/dfdb4f69-c7f1-4fc6-a5ac-9de39d8b6e46 0.234s
2025-05-22 21:51:26.597 69483 INFO tempest.lib.common.rest_client [req-f2e348c3-732c-4c3f-b598-2c28b654f6c5 req-f2e348c3-732c-4c3f-b598-2c28b654f6c5 ] Request (FloatingIPDetailsTestJSON:test_list_floating_ips): 200 GET http://10.180.1.21/compute/v2.1/os-floating-ips 2.649s
2025-05-22 21:51:26.651 69491 INFO tempest.lib.common.rest_client [req-67f9be1c-736d-4a3d-a170-7789d1660035 req-67f9be1c-736d-4a3d-a170-7789d1660035 ] Request (InstanceActionsTestJSON:setUpClass): 200 GET http://10.180.1.21/compute/v2.1/servers/17c421bd-a02f-41a6-9074-8c143e423c79 2.672s
2025-05-22 21:51:26.671 69471 INFO tempest.lib.common.rest_client [req-a107d7b9-5f4b-470c-9060-15314a6ae5de req-a107d7b9-5f4b-470c-9060-15314a6ae5de ] Request (ImagesOneServerNegativeTestJSON:setUpClass): 404 GET http://10.180.1.21/compute/v2.1/servers/9f311bf0-31a1-46a9-911d-4e393c2279be 2.437s
