2025-05-22 21:50:19.664 69485 INFO tempest.lib.common.dynamic_creds [-] Created isolated network resources for: credentials: Credentials: {'domain_id': 'default', 'domain_name': 'Default', 'username': 'tempest-VolumesAssistedSnapshotsTest-763965943-project-admin', 'project_domain_id': 'default', 'project_domain_name': 'Default', 'project_id': '25e7c90c124745c4b8d6bf3332f9392a', 'project_name': 'tempest-VolumesAssistedSnapshotsTest-763965943', 'tenant_id': '25e7c90c124745c4b8d6bf3332f9392a', 'tenant_name': 'tempest-VolumesAssistedSnapshotsTest-763965943', 'user_domain_id': 'default', 'user_domain_name': 'Default', 'user_id': '46377a73c3534292815e0b55a0a5ad53', 'system': None}, Network: {'id': '23f8a84c-665c-41fd-bbf5-206a584bf178', 'name': 'tempest-VolumesAssistedSnapshotsTest-1383588206-network', 'tenant_id': '25e7c90c124745c4b8d6bf3332f9392a', 'admin_state_up': True, 'mtu': 8950, 'status': 'ACTIVE', 'subnets': [], 'shared': False, 'project_id': '25e7c90c124745c4b8d6bf3332f9392a', 'port_security_enabled': True, 'router:external': False, 'provider:network_type': 'vlan', 'provider:physical_network': 'default', 'provider:segmentation_id': 983, 'is_default': False, 'availability_zone_hints': [], 'availability_zones': [], 'ipv4_address_scope': None, 'ipv6_address_scope': None, 'description': '', 'tags': [], 'created_at': '2025-05-22T21:50:12Z', 'updated_at': '2025-05-22T21:50:12Z', 'revision_number': 1}, Subnet: {'id': '01a9ec6e-0b30-4ab8-b199-12c2a8d17f1d', 'name': 'tempest-VolumesAssistedSnapshotsTest-1383588206-subnet', 'tenant_id': '25e7c90c124745c4b8d6bf3332f9392a', 'network_id': '23f8a84c-665c-41fd-bbf5-206a584bf178', 'ip_version': 4, 'subnetpool_id': None, 'enable_dhcp': True, 'ipv6_ra_mode': None, 'ipv6_address_mode': None, 'gateway_ip': '192.168.128.1', 'cidr': '192.168.128.0/28', 'allocation_pools': [{'start': '192.168.128.2', 'end': '192.168.128.14'}], 'host_routes': [], 'dns_nameservers': [], 'description': '', 'router:external': False, 'service_types': [], 'tags': [], 'created_at': '2025-05-22T21:50:13Z', 'updated_at': '2025-05-22T21:50:13Z', 'revision_number': 0, 'project_id': '25e7c90c124745c4b8d6bf3332f9392a'}, Router: {'id': 'a5da1985-66e3-4a6a-b627-1e50b758f3cc', 'name': 'tempest-VolumesAssistedSnapshotsTest-1383588206-router', 'tenant_id': '25e7c90c124745c4b8d6bf3332f9392a', 'admin_state_up': True, 'status': 'ACTIVE', 'external_gateway_info': {'network_id': '559372f5-b60d-48f0-b3b2-7e495a177b1b', 'external_fixed_ips': [{'subnet_id': '0e6feab3-80ea-4e77-87ac-6a5571bd5601', 'ip_address': '10.180.180.181'}], 'enable_snat': True}, 'description': '', 'availability_zones': [], 'distributed': False, 'ha': False, 'availability_zone_hints': [], 'routes': [], 'flavor_id': None, 'tags': [], 'created_at': '2025-05-22T21:50:13Z', 'updated_at': '2025-05-22T21:50:15Z', 'revision_number': 2, 'project_id': '25e7c90c124745c4b8d6bf3332f9392a'}
2025-05-22 21:50:19.691 69522 INFO tempest.lib.common.rest_client [req-a7e7f805-8ab5-4a5d-bcd7-2026b2eabb21 req-a7e7f805-8ab5-4a5d-bcd7-2026b2eabb21 ] Request (HypervisorAdminV253TestBase:test_list_show_detail_hypervisors): 200 GET http://10.180.1.21/compute/v2.1/os-hypervisors?with_servers=True 3.619s
2025-05-22 21:50:19.772 69491 INFO tempest.lib.common.rest_client [req-a5b2060f-108f-4216-9355-8c6fe6c3da9b req-a5b2060f-108f-4216-9355-8c6fe6c3da9b ] Request (SecurityGroupRulesTestJSON:test_security_group_rules_create): 200 POST http://10.180.1.21/compute/v2.1/os-security-group-rules 3.774s
2025-05-22 21:50:19.786 69485 INFO tempest.lib.common.rest_client [req-4a7ddf8a-3f33-4105-a0d9-835e8978d653 req-4a7ddf8a-3f33-4105-a0d9-835e8978d653 ] Request (VolumesAssistedSnapshotsTest:setUpClass): 201 POST http://10.180.1.21/identity/v3/auth/tokens 0.118s
2025-05-22 21:50:19.816 69461 INFO tempest.lib.common.rest_client [req-b1a03bae-d74a-4d2e-ade3-9b3834970248 req-b1a03bae-d74a-4d2e-ade3-9b3834970248 ] Request (ServersWithSpecificFlavorTestJSON:test_verify_created_server_ephemeral_disk): 200 GET http://10.180.1.21/compute/v2.1/flavors/42 3.523s
2025-05-22 21:50:19.835 69485 INFO tempest.lib.common.rest_client [req-3cc40fe7-e22b-4e19-8419-cd35e22a6b56 req-3cc40fe7-e22b-4e19-8419-cd35e22a6b56 ] Request (VolumesAssistedSnapshotsTest:setUpClass): 201 POST http://10.180.1.21/identity/v3/projects 0.048s
2025-05-22 21:50:19.888 69500 INFO tempest.lib.common.rest_client [req-b5e9583c-9985-48a9-af39-23b0f09e8f7f req-b5e9583c-9985-48a9-af39-23b0f09e8f7f ] Request (AZAdminV2TestJSON:tearDownClass): 200 GET http://10.180.1.21:9696/networking/v2.0/security-groups?tenant_id=31bdaf896b064693b0b88021d869e5dd&name=default 0.924s
2025-05-22 21:50:19.932 69485 INFO tempest.lib.common.rest_client [req-9e5ef10e-12b6-416b-af0c-dc09d3bf16f3 req-9e5ef10e-12b6-416b-af0c-dc09d3bf16f3 ] Request (VolumesAssistedSnapshotsTest:setUpClass): 201 POST http://10.180.1.21/identity/v3/users 0.096s
2025-05-22 21:50:19.934 69477 INFO tempest.lib.common.rest_client [req-14cc62a7-a5d4-4572-ae4e-70261db612cf req-14cc62a7-a5d4-4572-ae4e-70261db612cf ] Request (ServerDiagnosticsV248Test:test_get_server_diagnostics): 200 GET http://10.180.1.21/compute/v2.1/servers/6a29d495-c938-41ad-97b6-1331b6eff589 3.570s
2025-05-22 21:50:19.966 69485 INFO tempest.lib.common.rest_client [req-34d171c7-35a4-4c95-8ffd-c77d0c7767dc req-34d171c7-35a4-4c95-8ffd-c77d0c7767dc ] Request (VolumesAssistedSnapshotsTest:setUpClass): 200 GET http://10.180.1.21/identity/v3/roles 0.033s
2025-05-22 21:50:20.014 69485 INFO tempest.lib.common.rest_client [req-3feb91f7-68ba-46f7-9dd1-b7810fdfb59a req-3feb91f7-68ba-46f7-9dd1-b7810fdfb59a ] Request (VolumesAssistedSnapshotsTest:setUpClass): 204 PUT http://10.180.1.21/identity/v3/projects/281b5af7f6924a0497211dba25b8ca67/users/5f62c01dc2094551b9b19944b17dd6fd/roles/136a6561318c440eb8b88b2b8c23b930 0.044s
2025-05-22 21:50:20.101 69485 INFO tempest.lib.common.rest_client [req-4c7f08b1-9fe3-4e9e-9375-9f3bb5568377 req-4c7f08b1-9fe3-4e9e-9375-9f3bb5568377 ] Request (VolumesAssistedSnapshotsTest:setUpClass): 200 GET http://10.180.1.21/identity/v3/roles 0.087s
2025-05-22 21:50:20.131 69485 INFO tempest.lib.common.rest_client [req-c7c9b668-4cb9-4abb-8abc-dec2060d4efe req-c7c9b668-4cb9-4abb-8abc-dec2060d4efe ] Request (VolumesAssistedSnapshotsTest:setUpClass): 204 PUT http://10.180.1.21/identity/v3/projects/281b5af7f6924a0497211dba25b8ca67/users/5f62c01dc2094551b9b19944b17dd6fd/roles/6624b881d427485fa31f7b5835b34caf 0.028s
2025-05-22 21:50:20.131 69485 INFO tempest.lib.common.dynamic_creds [-] Dynamic test user 5f62c01dc2094551b9b19944b17dd6fd is created with scope project and roles: ['service', 'admin']
2025-05-22 21:50:20.131 69485 INFO tempest.lib.common.dynamic_creds [-] Acquired dynamic creds: credentials: Credentials: {'domain_id': 'default', 'domain_name': 'Default', 'username': 'tempest-VolumesAssistedSnapshotsTest-797404758-project', 'project_domain_id': 'default', 'project_domain_name': 'Default', 'project_id': '281b5af7f6924a0497211dba25b8ca67', 'project_name': 'tempest-VolumesAssistedSnapshotsTest-797404758', 'tenant_id': '281b5af7f6924a0497211dba25b8ca67', 'tenant_name': 'tempest-VolumesAssistedSnapshotsTest-797404758', 'user_domain_id': 'default', 'user_domain_name': 'Default', 'user_id': '5f62c01dc2094551b9b19944b17dd6fd', 'system': None}, Network: None, Subnet: None, Router: None
2025-05-22 21:50:20.327 69473 INFO tempest.lib.common.rest_client [req-bef5b492-1501-4238-9f47-932d25a3aaf5 req-bef5b492-1501-4238-9f47-932d25a3aaf5 ] Request (ServersAdminNegativeTestJSON:setUpClass): 200 GET http://10.180.1.21/compute/v2.1/servers/8e6a9d73-6705-484c-82e0-70c6a6860211 3.933s
2025-05-22 21:50:20.334 69473 INFO tempest.common.waiters [-] State transition "BUILD/None" ==> "BUILD/spawning" after 5 second wait
2025-05-22 21:50:20.340 69487 INFO tempest.lib.common.rest_client [req-2572e12a-287f-475f-99ad-2a9b7dffcb2c req-2572e12a-287f-475f-99ad-2a9b7dffcb2c ] Request (ListServersNegativeTestJSON:setUpClass): 201 POST http://10.180.1.21:9696/networking/v2.0/routers 2.114s
2025-05-22 21:50:20.362 69459 INFO tempest.lib.common.rest_client [req-a618f2e0-2b48-42cf-8f3b-ec899d1c44b3 req-a618f2e0-2b48-42cf-8f3b-ec899d1c44b3 ] Request (FlavorsAdminTestJSON:test_create_server_with_non_public_flavor): 200 POST http://10.180.1.21/compute/v2.1/flavors 3.963s
2025-05-22 21:50:20.376 69500 INFO tempest.lib.common.rest_client [req-04310091-a810-49f8-af71-d515a4ae4a46 req-04310091-a810-49f8-af71-d515a4ae4a46 ] Request (AZAdminV2TestJSON:tearDownClass): 204 DELETE http://10.180.1.21:9696/networking/v2.0/security-groups/65e9e065-459a-4d7f-bc02-95bbfa9a94d2 0.487s
2025-05-22 21:50:20.499 69500 INFO tempest.lib.common.rest_client [req-7da56db1-74f0-4450-b29a-724588143a07 req-7da56db1-74f0-4450-b29a-724588143a07 ] Request (AZAdminV2TestJSON:tearDownClass): 204 DELETE http://10.180.1.21/identity/v3/projects/31bdaf896b064693b0b88021d869e5dd 0.122s
2025-05-22 21:50:20.499 69500 INFO tempest.lib.common.dynamic_creds [-] Deleting project and security group for project: 5292acf8fc014c9daa7ba3ca683cdec4
2025-05-22 21:50:20.529 69485 INFO tempest.lib.common.rest_client [req-94bfed26-8e68-4362-b962-4520d01bd704 req-94bfed26-8e68-4362-b962-4520d01bd704 ] Request (VolumesAssistedSnapshotsTest:setUpClass): 201 POST http://10.180.1.21:9696/networking/v2.0/networks 0.398s
2025-05-22 21:50:20.761 69500 INFO tempest.lib.common.rest_client [req-2417d2bb-0cb7-4065-8d46-267c8e80fb47 req-2417d2bb-0cb7-4065-8d46-267c8e80fb47 ] Request (AZAdminV2TestJSON:tearDownClass): 200 GET http://10.180.1.21:9696/networking/v2.0/security-groups?tenant_id=5292acf8fc014c9daa7ba3ca683cdec4&name=default 0.261s
2025-05-22 21:50:20.960 69485 INFO tempest.lib.common.rest_client [req-39d5693b-1794-4592-acf5-98cf166d9dbf req-39d5693b-1794-4592-acf5-98cf166d9dbf ] Request (VolumesAssistedSnapshotsTest:setUpClass): 201 POST http://10.180.1.21:9696/networking/v2.0/subnets 0.430s
2025-05-22 21:50:20.979 69500 INFO tempest.lib.common.rest_client [req-e6100d46-755f-4279-b166-3669de60398d req-e6100d46-755f-4279-b166-3669de60398d ] Request (AZAdminV2TestJSON:tearDownClass): 204 DELETE http://10.180.1.21:9696/networking/v2.0/security-groups/6e833e74-11e1-45d9-b4c5-e46ff569c0c2 0.218s
2025-05-22 21:50:20.988 69469 INFO tempest.lib.common.rest_client [req-aaf260d0-cc63-422d-8a27-60af29733529 req-aaf260d0-cc63-422d-8a27-60af29733529 ] Request (ImagesTestJSON:test_create_image_from_stopped_server): 202 POST http://10.180.1.21/compute/v2.1/servers 4.650s
2025-05-22 21:50:21.091 69465 INFO tempest.lib.common.rest_client [req-d87cc083-16e5-424b-8d78-a56db0ce1133 req-d87cc083-16e5-424b-8d78-a56db0ce1133 ] Request (ServerDiagnosticsTest:test_get_server_diagnostics): 200 GET http://10.180.1.21/compute/v2.1/servers/4c0f5ce7-ba5b-4000-b8ad-638d0b2fbf03 3.988s
2025-05-22 21:50:21.145 69500 INFO tempest.lib.common.rest_client [req-eb8166d3-cfd9-4824-8d76-9610493dc7af req-eb8166d3-cfd9-4824-8d76-9610493dc7af ] Request (AZAdminV2TestJSON:tearDownClass): 204 DELETE http://10.180.1.21/identity/v3/projects/5292acf8fc014c9daa7ba3ca683cdec4 0.165s
2025-05-22 21:50:21.152 69505 INFO tempest.lib.common.rest_client [req-01763217-c608-45be-8468-50bf1723ecad req-01763217-c608-45be-8468-50bf1723ecad ] Request (HypervisorAdminUnderV252Test:test_get_hypervisor_show_servers): 200 GET http://10.180.1.21/compute/v2.1/os-hypervisors/domain-c8.fc996f14-c53b-4953-92e3-bdfa48f5cc28/servers 3.711s
2025-05-22 21:50:21.186 69507 INFO tempest.lib.common.rest_client [req-e0357af0-b3e0-49fc-8e18-2d7ece9f1ae9 req-e0357af0-b3e0-49fc-8e18-2d7ece9f1ae9 ] Request (AggregatesAdminNegativeTestJSON:test_aggregate_add_existent_host): 200 POST http://10.180.1.21/compute/v2.1/os-aggregates 3.541s
2025-05-22 21:50:21.214 69513 INFO tempest.lib.common.rest_client [req-48dcf33a-b365-4242-b81a-fa51334d4b49 req-48dcf33a-b365-4242-b81a-fa51334d4b49 ] Request (ServerAddressesNegativeTestJSON:setUpClass): 202 POST http://10.180.1.21/compute/v2.1/servers 4.706s
2025-05-22 21:50:21.245 69500 INFO tempest.lib.common.rest_client [req-ea1a0f72-ca95-492c-9cdf-46302333054b req-ea1a0f72-ca95-492c-9cdf-46302333054b ] Request (ImagesNegativeTestJSON:setUpClass): 201 POST http://10.180.1.21/identity/v3/auth/tokens 0.099s
2025-05-22 21:50:21.275 69500 INFO tempest.lib.common.rest_client [req-f0c737e0-4e63-4a8c-aa4c-9217147669a2 req-f0c737e0-4e63-4a8c-aa4c-9217147669a2 ] Request (ImagesNegativeTestJSON:setUpClass): 201 POST http://10.180.1.21/identity/v3/auth/tokens 0.028s
2025-05-22 21:50:21.276 69497 INFO tempest.lib.common.rest_client [req-3642010b-4d54-4789-b5c2-53ab7b197067 req-3642010b-4d54-4789-b5c2-53ab7b197067 ] Request (DeleteServersAdminTestJSON:test_admin_delete_servers_of_others): 200 GET http://10.180.1.21/compute/v2.1/servers/fa5997fa-817c-42b6-a7fa-b3b85a109b6d 3.084s
2025-05-22 21:50:21.318 69500 INFO tempest.lib.common.rest_client [req-818379dc-f8d9-4ddf-9e82-7afd867d51f0 req-818379dc-f8d9-4ddf-9e82-7afd867d51f0 ] Request (ImagesNegativeTestJSON:setUpClass): 200 GET http://10.180.1.21/identity/v3/domains?name=Default 0.042s
2025-05-22 21:50:21.338 69489 INFO tempest.lib.common.rest_client [req-fddba80f-3b03-4a72-90f1-857622cb097f req-fddba80f-3b03-4a72-90f1-857622cb097f ] Request (KeyPairsV210TestJSON:test_admin_manage_keypairs_for_other_users): 200 GET http://10.180.1.21/compute/v2.1/os-keypairs/tempest-keypair-686662819?user_id=f68398c0d3f448d4b32b09181c727a9d 3.099s
2025-05-22 21:50:21.346 69500 INFO tempest.lib.common.rest_client [req-842a302f-848b-4ce1-8a1d-1e209c49fd3a req-842a302f-848b-4ce1-8a1d-1e209c49fd3a ] Request (ImagesNegativeTestJSON:setUpClass): 201 POST http://10.180.1.21/identity/v3/projects 0.028s
2025-05-22 21:50:21.367 69471 INFO tempest.lib.common.rest_client [req-19f74f91-cea5-4fdf-811b-9f4508da0129 req-19f74f91-cea5-4fdf-811b-9f4508da0129 ] Request (HostsAdminTestJSON:test_list_hosts_with_nonexistent_zone): 200 GET http://10.180.1.21/compute/v2.1/os-hosts?zone=xxx 3.102s
2025-05-22 21:50:21.432 69500 INFO tempest.lib.common.rest_client [req-df96fea9-a57a-45a5-87c9-903b12ce58e2 req-df96fea9-a57a-45a5-87c9-903b12ce58e2 ] Request (ImagesNegativeTestJSON:setUpClass): 201 POST http://10.180.1.21/identity/v3/users 0.085s
2025-05-22 21:50:21.453 69479 INFO tempest.lib.common.rest_client [req-f07c0ae5-2493-40e4-a176-404644a3b264 req-f07c0ae5-2493-40e4-a176-404644a3b264 ] Request (FloatingIPsTestJSON:test_allocate_floating_ip): 200 GET http://10.180.1.21/compute/v2.1/os-floating-ips/ba2ba085-d709-491f-8041-ecf2e2640bca 3.262s
2025-05-22 21:50:21.470 69500 INFO tempest.lib.common.rest_client [req-787e5a61-88d1-416c-b7ea-d34f767489dc req-787e5a61-88d1-416c-b7ea-d34f767489dc ] Request (ImagesNegativeTestJSON:setUpClass): 200 GET http://10.180.1.21/identity/v3/roles 0.037s
2025-05-22 21:50:21.479 69503 INFO tempest.lib.common.rest_client [req-896bd845-a268-4c8b-bf41-bb419709878b req-896bd845-a268-4c8b-bf41-bb419709878b ] Request (FlavorMetadataValidation:_run_cleanups): 202 DELETE http://10.180.1.21/compute/v2.1/flavors/1850073524 3.121s
2025-05-22 21:50:21.508 69517 INFO tempest.lib.common.rest_client [req-5b392eab-fcd5-4217-899c-914b551f3311 req-5b392eab-fcd5-4217-899c-914b551f3311 ] Request (FlavorsV261TestJSON:test_crud_flavor): 200 PUT http://10.180.1.21/compute/v2.1/flavors/1778007717 3.026s
2025-05-22 21:50:21.511 69500 INFO tempest.lib.common.rest_client [req-3ceb4c93-11f8-4018-aad1-0740d01a43d7 req-3ceb4c93-11f8-4018-aad1-0740d01a43d7 ] Request (ImagesNegativeTestJSON:setUpClass): 204 PUT http://10.180.1.21/identity/v3/projects/3f64a19bd42344aebf9527a786ff6bfb/users/60b6af0d5d6b4e91873f7f1658a95d77/roles/862171c0d4e2480ca37d12d9a2587538 0.041s
2025-05-22 21:50:21.512 69500 INFO tempest.lib.common.dynamic_creds [-] Dynamic test user 60b6af0d5d6b4e91873f7f1658a95d77 is created with scope project and roles: ['member']
2025-05-22 21:50:21.512 69500 INFO tempest.lib.common.dynamic_creds [-] Acquired dynamic creds: credentials: Credentials: {'domain_id': 'default', 'domain_name': 'Default', 'username': 'tempest-ImagesNegativeTestJSON-1685407278-project-member', 'project_domain_id': 'default', 'project_domain_name': 'Default', 'project_id': '3f64a19bd42344aebf9527a786ff6bfb', 'project_name': 'tempest-ImagesNegativeTestJSON-1685407278', 'tenant_id': '3f64a19bd42344aebf9527a786ff6bfb', 'tenant_name': 'tempest-ImagesNegativeTestJSON-1685407278', 'user_domain_id': 'default', 'user_domain_name': 'Default', 'user_id': '60b6af0d5d6b4e91873f7f1658a95d77', 'system': None}, Network: None, Subnet: None, Router: None
2025-05-22 21:50:21.554 69519 INFO tempest.lib.common.rest_client [req-12697cdd-3209-439f-b139-9c191806bc66 req-12697cdd-3209-439f-b139-9c191806bc66 ] Request (ServersV294TestFqdnHostnames:setUpClass): 201 POST http://10.180.1.21/compute/v2.1/os-keypairs 3.209s
2025-05-22 21:50:21.601 69500 INFO tempest.lib.common.rest_client [req-05e4470b-94ea-4ac1-b9b9-24f3b1a09fac req-05e4470b-94ea-4ac1-b9b9-24f3b1a09fac ] Request (ImagesNegativeTestJSON:setUpClass): 201 POST http://10.180.1.21/identity/v3/auth/tokens 0.088s
2025-05-22 21:50:21.602 69493 INFO tempest.lib.common.rest_client [req-29a3b1e1-7eb3-4199-bddc-0eaadb858ccf req-29a3b1e1-7eb3-4199-bddc-0eaadb858ccf ] Request (FlavorsV255TestJSON:test_crud_flavor): 200 PUT http://10.180.1.21/compute/v2.1/flavors/157440158 2.917s
2025-05-22 21:50:21.680 69463 INFO tempest.lib.common.rest_client [req-4d726cd6-b84a-424e-ab66-867f46ed61e5 req-4d726cd6-b84a-424e-ab66-867f46ed61e5 ] Request (FlavorsExtraSpecsTestJSON:test_flavor_non_admin_get_all_keys): 200 GET http://10.180.1.21/compute/v2.1/flavors/281093611/os-extra_specs 2.969s
2025-05-22 21:50:21.698 69475 INFO tempest.lib.common.rest_client [req-5331e245-78d5-44a1-a745-48b836966df0 req-5331e245-78d5-44a1-a745-48b836966df0 ] Request (FlavorsV2TestJSON:test_list_flavors): 200 GET http://10.180.1.21/compute/v2.1/flavors 2.806s
2025-05-22 21:50:21.729 69501 INFO tempest.lib.common.rest_client [req-7e411e05-1197-476a-a39c-df9e56f459cf req-7e411e05-1197-476a-a39c-df9e56f459cf ] Request (QuotasAdminNegativeTest:_run_cleanups): 200 PUT http://10.180.1.21/compute/v2.1/os-quota-sets/ca3cf2c23c1740619f8ea99d5b2aaabc 3.189s
2025-05-22 21:50:21.780 69515 INFO tempest.lib.common.rest_client [req-083bcc8a-5be5-4036-98b4-411500599077 req-083bcc8a-5be5-4036-98b4-411500599077 ] Request (ServicesAdminTestJSON:test_get_service_by_service_binary_name): 200 GET http://10.180.1.21/compute/v2.1/os-services?binary=nova-compute 2.653s
2025-05-22 21:50:21.800 69467 INFO tempest.lib.common.rest_client [req-d337cc92-25e6-4e72-9252-2f593564bf0b req-d337cc92-25e6-4e72-9252-2f593564bf0b ] Request (ServerExternalEventsTest:test_create_server_external_events): 200 GET http://10.180.1.21/compute/v2.1/servers/f4ac66bd-c113-4c9f-a0ac-8eadbeba4de9 2.713s
2025-05-22 21:50:21.804 69519 INFO tempest.lib.common.rest_client [req-43dcbab3-f76b-471f-9175-4b52322ffe71 req-43dcbab3-f76b-471f-9175-4b52322ffe71 ] Request (ServersV294TestFqdnHostnames:setUpClass): 201 POST http://10.180.1.21:9696/networking/v2.0/security-groups 0.248s
2025-05-22 21:50:21.819 69511 INFO tempest.lib.common.rest_client [req-4175d8eb-ca9b-4cb5-96b6-ac1270f38961 req-4175d8eb-ca9b-4cb5-96b6-ac1270f38961 ] Request (QuotaClassesAdminTestJSON:test_update_default_quotas): 200 GET http://10.180.1.21/compute/v2.1/os-quota-class-sets/default 2.184s
2025-05-22 21:50:21.848 69522 INFO tempest.lib.common.rest_client [req-cb7f03f5-a06c-49e6-abfc-1dac53d4b816 req-cb7f03f5-a06c-49e6-abfc-1dac53d4b816 ] Request (HypervisorAdminV253TestBase:test_list_show_detail_hypervisors): 200 GET http://10.180.1.21/compute/v2.1/os-hypervisors/560320dd-0035-4785-a81a-5134ce1f7aaa 2.153s
2025-05-22 21:50:21.874 69509 INFO tempest.lib.common.rest_client [req-7d904bb7-e804-4bd3-92df-78d1141834fe req-7d904bb7-e804-4bd3-92df-78d1141834fe ] Request (FlavorsAccessTestJSON:test_flavor_access_add_remove): 200 GET http://10.180.1.21/compute/v2.1/flavors/detail 2.443s
2025-05-22 21:50:21.980 69522 INFO tempest.lib.common.rest_client [req-bec2078c-bc18-4c52-b4f9-3c50a3755f3e req-bec2078c-bc18-4c52-b4f9-3c50a3755f3e ] Request (HypervisorAdminV253TestBase:tearDownClass): 204 DELETE http://10.180.1.21/identity/v3/users/7b326deef71c483a9fc3b9bc5e9dde59 0.121s
2025-05-22 21:50:21.980 69461 INFO tempest.lib.common.rest_client [req-fcbd888a-6cbc-49e2-89e9-a1e24baf0d7a req-fcbd888a-6cbc-49e2-89e9-a1e24baf0d7a ] Request (ServersWithSpecificFlavorTestJSON:test_verify_created_server_ephemeral_disk): 200 POST http://10.180.1.21/compute/v2.1/flavors 2.161s
2025-05-22 21:50:22.116 69519 INFO tempest.lib.common.rest_client [req-40ce1f7e-575e-4d3a-ab57-dc90ddf27389 req-40ce1f7e-575e-4d3a-ab57-dc90ddf27389 ] Request (ServersV294TestFqdnHostnames:setUpClass): 201 POST http://10.180.1.21:9696/networking/v2.0/security-group-rules 0.311s
2025-05-22 21:50:22.119 69522 INFO tempest.lib.common.rest_client [req-68aad182-95b9-4092-a917-a98db47e3651 req-68aad182-95b9-4092-a917-a98db47e3651 ] Request (HypervisorAdminV253TestBase:tearDownClass): 204 DELETE http://10.180.1.21/identity/v3/users/6b2332977413409b95f5464bfa421561 0.139s
2025-05-22 21:50:22.120 69522 INFO tempest.lib.common.dynamic_creds [-] Deleting project and security group for project: 587f5728a56e4690ab6df87c65cfb9ca
2025-05-22 21:50:22.170 69491 INFO tempest.lib.common.rest_client [req-6942f204-3324-4af4-b3ad-459c88fef80b req-6942f204-3324-4af4-b3ad-459c88fef80b ] Request (SecurityGroupRulesTestJSON:test_security_group_rules_create_with_optional_cidr): 200 POST http://10.180.1.21/compute/v2.1/os-security-groups 2.389s
2025-05-22 21:50:22.180 69500 INFO tempest.lib.common.rest_client [req-3fd13abd-4d1b-4ff6-8d57-150e2193a553 req-3fd13abd-4d1b-4ff6-8d57-150e2193a553 ] Request (ImagesNegativeTestJSON:setUpClass): 201 POST http://10.180.1.21:9696/networking/v2.0/networks 0.578s
2025-05-22 21:50:22.193 69459 INFO tempest.lib.common.rest_client [req-c676f6d7-d250-48c7-a257-1fc4cafd4bbe req-c676f6d7-d250-48c7-a257-1fc4cafd4bbe ] Request (FlavorsAdminTestJSON:test_create_server_with_non_public_flavor): 400 POST http://10.180.1.21/compute/v2.1/servers 1.829s
2025-05-22 21:50:22.200 69522 INFO tempest.lib.common.rest_client [req-e76eb260-5791-4468-aa91-9fa9b3254a9b req-e76eb260-5791-4468-aa91-9fa9b3254a9b ] Request (HypervisorAdminV253TestBase:tearDownClass): 201 POST http://10.180.1.21/identity/v3/auth/tokens 0.080s
2025-05-22 21:50:22.226 69481 INFO tempest.lib.common.rest_client [req-7b65ab64-2d49-43b9-9155-4ee5d595c5bf req-7b65ab64-2d49-43b9-9155-4ee5d595c5bf ] Request (ServerDiagnosticsNegativeTest:test_get_server_diagnostics_by_non_admin): 200 GET http://10.180.1.21/compute/v2.1/servers/f5a71cca-1e32-4c3c-9bb8-83e634a864f7 1.962s
2025-05-22 21:50:22.334 69477 INFO tempest.lib.common.rest_client [req-20870e7f-1190-4641-82e5-17b8d2da51f3 req-20870e7f-1190-4641-82e5-17b8d2da51f3 ] Request (ServerDiagnosticsV248Test:test_get_server_diagnostics): 200 GET http://10.180.1.21/compute/v2.1/servers/6a29d495-c938-41ad-97b6-1331b6eff589 1.388s
2025-05-22 21:50:22.345 69477 INFO tempest.common.waiters [-] State transition "BUILD/None" ==> "BUILD/spawning" after 3 second wait
2025-05-22 21:50:22.396 69519 INFO tempest.lib.common.rest_client [req-782a39dc-1036-465c-9448-f76b3e11d39e req-782a39dc-1036-465c-9448-f76b3e11d39e ] Request (ServersV294TestFqdnHostnames:setUpClass): 201 POST http://10.180.1.21:9696/networking/v2.0/security-group-rules 0.280s
2025-05-22 21:50:22.421 69469 INFO tempest.lib.common.rest_client [req-18b16acc-beb0-4274-8e9f-23991e33dae9 req-18b16acc-beb0-4274-8e9f-23991e33dae9 ] Request (ImagesTestJSON:test_create_image_from_stopped_server): 200 GET http://10.180.1.21/compute/v2.1/servers/23e40e0a-45e2-4735-b953-2c165d318c50 1.431s
2025-05-22 21:50:22.429 69496 INFO tempest.lib.common.rest_client [req-1aaa224d-6a9a-4a33-8feb-2cf8656425b5 req-1aaa224d-6a9a-4a33-8feb-2cf8656425b5 ] Request (MigrationsAdminTest:test_list_migrations_in_flavor_resize_situation): 200 GET http://10.180.1.21/compute/v2.1/servers/f8b20421-15d3-46f3-a504-172d044ff4d3 2.043s
2025-05-22 21:50:22.448 69505 INFO tempest.lib.common.rest_client [req-11749c34-e46f-49d7-9fe6-d5588bd7089a req-11749c34-e46f-49d7-9fe6-d5588bd7089a ] Request (HypervisorAdminUnderV252Test:test_search_hypervisor): 200 GET http://10.180.1.21/compute/v2.1/os-hypervisors 1.288s
2025-05-22 21:50:22.525 69513 INFO tempest.lib.common.rest_client [req-ff0902c8-5441-4eef-8741-ae9c21ffc299 req-ff0902c8-5441-4eef-8741-ae9c21ffc299 ] Request (ServerAddressesNegativeTestJSON:setUpClass): 200 GET http://10.180.1.21/compute/v2.1/servers/836c5a40-0325-49d5-90d2-bd86cb3748ab 1.309s
2025-05-22 21:50:22.544 69487 INFO tempest.lib.common.rest_client [req-04823373-3801-493e-8d7e-559b3fea1c59 req-04823373-3801-493e-8d7e-559b3fea1c59 ] Request (ListServersNegativeTestJSON:setUpClass): 200 PUT http://10.180.1.21:9696/networking/v2.0/routers/d3f00aa9-f8f4-47b1-91a9-ae5566fa8606/add_router_interface 2.203s
2025-05-22 21:50:22.544 69487 INFO tempest.lib.common.dynamic_creds [-] Created isolated network resources for: credentials: Credentials: {'domain_id': 'default', 'domain_name': 'Default', 'username': 'tempest-ListServersNegativeTestJSON-103081067-project-member', 'project_domain_id': 'default', 'project_domain_name': 'Default', 'project_id': '2fc7cbefacab4125b8a11ae1e0163141', 'project_name': 'tempest-ListServersNegativeTestJSON-103081067', 'tenant_id': '2fc7cbefacab4125b8a11ae1e0163141', 'tenant_name': 'tempest-ListServersNegativeTestJSON-103081067', 'user_domain_id': 'default', 'user_domain_name': 'Default', 'user_id': '5169b30c0f564c1b85c709154b3378f6', 'system': None}, Network: {'id': '1308d268-27da-496e-a232-741e07288b49', 'name': 'tempest-ListServersNegativeTestJSON-745893875-network', 'tenant_id': '2fc7cbefacab4125b8a11ae1e0163141', 'admin_state_up': True, 'mtu': 8950, 'status': 'ACTIVE', 'subnets': [], 'shared': False, 'project_id': '2fc7cbefacab4125b8a11ae1e0163141', 'port_security_enabled': True, 'router:external': False, 'provider:network_type': 'vlan', 'provider:physical_network': 'default', 'provider:segmentation_id': 403, 'is_default': False, 'availability_zone_hints': [], 'availability_zones': [], 'ipv4_address_scope': None, 'ipv6_address_scope': None, 'description': '', 'tags': [], 'created_at': '2025-05-22T21:50:17Z', 'updated_at': '2025-05-22T21:50:17Z', 'revision_number': 1}, Subnet: {'id': 'bbc7e4af-5902-49fd-ad83-60b0f98c5a5e', 'name': 'tempest-ListServersNegativeTestJSON-745893875-subnet', 'tenant_id': '2fc7cbefacab4125b8a11ae1e0163141', 'network_id': '1308d268-27da-496e-a232-741e07288b49', 'ip_version': 4, 'subnetpool_id': None, 'enable_dhcp': True, 'ipv6_ra_mode': None, 'ipv6_address_mode': None, 'gateway_ip': '192.168.128.1', 'cidr': '192.168.128.0/28', 'allocation_pools': [{'start': '192.168.128.2', 'end': '192.168.128.14'}], 'host_routes': [], 'dns_nameservers': [], 'description': '', 'router:external': False, 'service_types': [], 'tags': [], 'created_at': '2025-05-22T21:50:17Z', 'updated_at': '2025-05-22T21:50:17Z', 'revision_number': 0, 'project_id': '2fc7cbefacab4125b8a11ae1e0163141'}, Router: {'id': 'd3f00aa9-f8f4-47b1-91a9-ae5566fa8606', 'name': 'tempest-ListServersNegativeTestJSON-745893875-router', 'tenant_id': '2fc7cbefacab4125b8a11ae1e0163141', 'admin_state_up': True, 'status': 'ACTIVE', 'external_gateway_info': {'network_id': '559372f5-b60d-48f0-b3b2-7e495a177b1b', 'external_fixed_ips': [{'subnet_id': '0e6feab3-80ea-4e77-87ac-6a5571bd5601', 'ip_address': '10.180.180.145'}], 'enable_snat': True}, 'description': '', 'availability_zones': [], 'distributed': False, 'ha': False, 'availability_zone_hints': [], 'routes': [], 'flavor_id': None, 'tags': [], 'created_at': '2025-05-22T21:50:18Z', 'updated_at': '2025-05-22T21:50:19Z', 'revision_number': 2, 'project_id': '2fc7cbefacab4125b8a11ae1e0163141'}
2025-05-22 21:50:22.545 69522 INFO tempest.lib.common.rest_client [req-058c3dfc-c522-46ec-8285-7da4d75fbb64 req-058c3dfc-c522-46ec-8285-7da4d75fbb64 ] Request (HypervisorAdminV253TestBase:tearDownClass): 200 GET http://10.180.1.21:9696/networking/v2.0/security-groups?tenant_id=587f5728a56e4690ab6df87c65cfb9ca&name=default 0.344s
2025-05-22 21:50:22.665 69487 INFO tempest.lib.common.rest_client [req-edb5ae2f-71ac-43a6-9561-d2f3db75e894 req-edb5ae2f-71ac-43a6-9561-d2f3db75e894 ] Request (ListServersNegativeTestJSON:setUpClass): 201 POST http://10.180.1.21/identity/v3/auth/tokens 0.111s
2025-05-22 21:50:22.701 69500 INFO tempest.lib.common.rest_client [req-02507568-be11-42bf-b626-34c9efc0ddf9 req-02507568-be11-42bf-b626-34c9efc0ddf9 ] Request (ImagesNegativeTestJSON:setUpClass): 201 POST http://10.180.1.21:9696/networking/v2.0/subnets 0.520s
2025-05-22 21:50:22.727 69473 INFO tempest.lib.common.rest_client [req-c99c621e-718e-48e5-b8cb-cf4bab872f44 req-c99c621e-718e-48e5-b8cb-cf4bab872f44 ] Request (ServersAdminNegativeTestJSON:setUpClass): 200 GET http://10.180.1.21/compute/v2.1/servers/8e6a9d73-6705-484c-82e0-70c6a6860211 1.391s
2025-05-22 21:50:22.753 69487 INFO tempest.lib.common.rest_client [req-b4ba37b4-8399-468d-a9b6-590075a73a1d req-b4ba37b4-8399-468d-a9b6-590075a73a1d ] Request (ListServersNegativeTestJSON:setUpClass): 201 POST http://10.180.1.21/identity/v3/auth/tokens 0.084s
2025-05-22 21:50:22.754 69487 INFO tempest.lib.common.fixed_network [-] (ListServersNegativeTestJSON:setUpClass) Found network {'id': '1308d268-27da-496e-a232-741e07288b49', 'name': 'tempest-ListServersNegativeTestJSON-745893875-network', 'tenant_id': '2fc7cbefacab4125b8a11ae1e0163141', 'admin_state_up': True, 'mtu': 8950, 'status': 'ACTIVE', 'subnets': [], 'shared': False, 'project_id': '2fc7cbefacab4125b8a11ae1e0163141', 'port_security_enabled': True, 'router:external': False, 'provider:network_type': 'vlan', 'provider:physical_network': 'default', 'provider:segmentation_id': 403, 'is_default': False, 'availability_zone_hints': [], 'availability_zones': [], 'ipv4_address_scope': None, 'ipv6_address_scope': None, 'description': '', 'tags': [], 'created_at': '2025-05-22T21:50:17Z', 'updated_at': '2025-05-22T21:50:17Z', 'revision_number': 1} available for tenant
2025-05-22 21:50:22.765 69522 INFO tempest.lib.common.rest_client [req-4b0ec634-640e-4d0a-83f6-8c764f0e6c3a req-4b0ec634-640e-4d0a-83f6-8c764f0e6c3a ] Request (HypervisorAdminV253TestBase:tearDownClass): 204 DELETE http://10.180.1.21:9696/networking/v2.0/security-groups/7e6bfc98-8f22-474c-a2bf-91a4e7bf91c3 0.220s
2025-05-22 21:50:22.811 69489 INFO tempest.lib.common.rest_client [req-c1129a3d-1056-4efb-859d-33af6793fc34 req-c1129a3d-1056-4efb-859d-33af6793fc34 ] Request (KeyPairsV210TestJSON:test_admin_manage_keypairs_for_other_users): 201 POST http://10.180.1.21/compute/v2.1/os-keypairs 1.470s
2025-05-22 21:50:22.891 69522 INFO tempest.lib.common.rest_client [req-b6ac95c4-91e5-4197-9389-027aba861943 req-b6ac95c4-91e5-4197-9389-027aba861943 ] Request (HypervisorAdminV253TestBase:tearDownClass): 204 DELETE http://10.180.1.21/identity/v3/projects/587f5728a56e4690ab6df87c65cfb9ca 0.125s
2025-05-22 21:50:22.891 69522 INFO tempest.lib.common.dynamic_creds [-] Deleting project and security group for project: 062eab2aaaef4c19b99e0fe6ae624c44
2025-05-22 21:50:22.901 69507 INFO tempest.lib.common.rest_client [req-c45ce6ed-9621-4f35-acd5-d4274ca6f0dc req-c45ce6ed-9621-4f35-acd5-d4274ca6f0dc ] Request (AggregatesAdminNegativeTestJSON:test_aggregate_add_existent_host): 200 POST http://10.180.1.21/compute/v2.1/os-aggregates/1/action 1.711s
2025-05-22 21:50:22.930 69503 INFO tempest.lib.common.rest_client [req-cd5454b2-6201-4522-9914-23cdd1caeac4 req-cd5454b2-6201-4522-9914-23cdd1caeac4 ] Request (FlavorMetadataValidation:_run_cleanups): 200 GET http://10.180.1.21/compute/v2.1/flavors/detail 1.448s
2025-05-22 21:50:22.969 69485 INFO tempest.lib.common.rest_client [req-f1f892ef-18c1-4fe8-9520-306f3ec27c53 req-f1f892ef-18c1-4fe8-9520-306f3ec27c53 ] Request (VolumesAssistedSnapshotsTest:setUpClass): 201 POST http://10.180.1.21:9696/networking/v2.0/routers 2.009s
2025-05-22 21:50:22.980 69517 INFO tempest.lib.common.rest_client [req-436fd3e3-9d06-4f8a-a903-424d579dec55 req-436fd3e3-9d06-4f8a-a903-424d579dec55 ] Request (FlavorsV261TestJSON:test_crud_flavor): 200 GET http://10.180.1.21/compute/v2.1/flavors/detail 1.468s
2025-05-22 21:50:23.014 69493 INFO tempest.lib.common.rest_client [req-6c884f97-dd76-4a27-8249-b09c80024451 req-6c884f97-dd76-4a27-8249-b09c80024451 ] Request (FlavorsV255TestJSON:test_crud_flavor): 200 GET http://10.180.1.21/compute/v2.1/flavors/detail 1.409s
2025-05-22 21:50:23.043 69463 INFO tempest.lib.common.rest_client [req-dbeabba8-c2e5-4d74-959e-928fb7abe22f req-dbeabba8-c2e5-4d74-959e-928fb7abe22f ] Request (FlavorsExtraSpecsTestJSON:test_flavor_non_admin_get_specific_key): 200 POST http://10.180.1.21/compute/v2.1/flavors/281093611/os-extra_specs 1.355s
2025-05-22 21:50:23.057 69475 INFO tempest.lib.common.rest_client [req-4272c332-97e3-44dc-bfc5-eca540d718b1 req-4272c332-97e3-44dc-bfc5-eca540d718b1 ] Request (FlavorsV2TestJSON:test_list_flavors): 200 GET http://10.180.1.21/compute/v2.1/flavors/42 1.354s
2025-05-22 21:50:23.063 69501 INFO tempest.lib.common.rest_client [req-f4a45399-9d0a-4975-9bf6-21122068595e req-f4a45399-9d0a-4975-9bf6-21122068595e ] Request (QuotasAdminNegativeTest:test_update_quota_normal_user): 403 PUT http://10.180.1.21/compute/v2.1/os-quota-sets/ca3cf2c23c1740619f8ea99d5b2aaabc 1.331s
2025-05-22 21:50:23.104 69515 INFO tempest.lib.common.rest_client [req-d4e1a376-106f-4147-885a-af1dfe85622d req-d4e1a376-106f-4147-885a-af1dfe85622d ] Request (ServicesAdminTestJSON:test_list_services): 200 GET http://10.180.1.21/compute/v2.1/os-services 1.319s
2025-05-22 21:50:23.172 69501 INFO tempest.lib.common.rest_client [req-6903ebc3-13c4-40a8-b4df-f838608d649f req-6903ebc3-13c4-40a8-b4df-f838608d649f ] Request (QuotasAdminNegativeTest:tearDownClass): 204 DELETE http://10.180.1.21/identity/v3/users/c90905e784f543598d58a63e47da255e 0.107s
2025-05-22 21:50:23.185 69503 INFO tempest.lib.common.rest_client [req-20cd0905-4dc2-47cb-a0d1-ac10c2a09189 req-20cd0905-4dc2-47cb-a0d1-ac10c2a09189 ] Request (FlavorMetadataValidation:tearDownClass): 204 DELETE http://10.180.1.21/identity/v3/users/2379b4cd55b1449191db023d480bf9fd 0.240s
2025-05-22 21:50:23.189 69511 INFO tempest.lib.common.rest_client [req-4bfe629a-a061-4dba-9f7a-a8b9b2de2de9 req-4bfe629a-a061-4dba-9f7a-a8b9b2de2de9 ] Request (QuotaClassesAdminTestJSON:_run_cleanups): 200 PUT http://10.180.1.21/compute/v2.1/os-quota-class-sets/default 1.368s
2025-05-22 21:50:23.221 69479 INFO tempest.lib.common.rest_client [req-320dea68-12c4-4e92-b8e8-ebefacfd1acf req-320dea68-12c4-4e92-b8e8-ebefacfd1acf ] Request (FloatingIPsTestJSON:test_allocate_floating_ip): 200 GET http://10.180.1.21/compute/v2.1/os-floating-ips 1.766s
2025-05-22 21:50:23.247 69461 INFO tempest.lib.common.rest_client [req-aa7a077c-0ffc-430f-94fa-431ba1a23d40 req-aa7a077c-0ffc-430f-94fa-431ba1a23d40 ] Request (ServersWithSpecificFlavorTestJSON:test_verify_created_server_ephemeral_disk): 200 GET http://10.180.1.21/compute/v2.1/flavors/42/os-extra_specs 1.263s
2025-05-22 21:50:23.255 69522 INFO tempest.lib.common.rest_client [req-f12f99ac-a74f-4228-8550-fc69c13013ff req-f12f99ac-a74f-4228-8550-fc69c13013ff ] Request (HypervisorAdminV253TestBase:tearDownClass): 200 GET http://10.180.1.21:9696/networking/v2.0/security-groups?tenant_id=062eab2aaaef4c19b99e0fe6ae624c44&name=default 0.363s
2025-05-22 21:50:23.330 69515 INFO tempest.lib.common.rest_client [req-0db9a746-6e71-4e54-8b82-9e9c99e13b95 req-0db9a746-6e71-4e54-8b82-9e9c99e13b95 ] Request (ServicesAdminTestJSON:tearDownClass): 204 DELETE http://10.180.1.21/identity/v3/users/e645036bc2484dbe9006c092f4052adc 0.218s
2025-05-22 21:50:23.336 69501 INFO tempest.lib.common.rest_client [req-a186a8c8-938e-4d7d-bfab-7fe02919e9d0 req-a186a8c8-938e-4d7d-bfab-7fe02919e9d0 ] Request (QuotasAdminNegativeTest:tearDownClass): 204 DELETE http://10.180.1.21/identity/v3/users/311201eb57fd44668890914f1274427e 0.164s
2025-05-22 21:50:23.336 69501 INFO tempest.lib.common.dynamic_creds [-] Deleting project and security group for project: ca3cf2c23c1740619f8ea99d5b2aaabc
2025-05-22 21:50:23.442 69511 INFO tempest.lib.common.rest_client [req-3cb85693-1e61-4817-9dc6-bf68a4195e22 req-3cb85693-1e61-4817-9dc6-bf68a4195e22 ] Request (QuotaClassesAdminTestJSON:tearDownClass): 204 DELETE http://10.180.1.21/identity/v3/users/c20cadf72c1e4c869554664b91d4b11b 0.243s
2025-05-22 21:50:23.455 69503 INFO tempest.lib.common.rest_client [req-bb29751b-78ff-4ff4-aeba-94652e3ccdb4 req-bb29751b-78ff-4ff4-aeba-94652e3ccdb4 ] Request (FlavorMetadataValidation:tearDownClass): 204 DELETE http://10.180.1.21/identity/v3/users/37475d6d796c43f7984f780aec2af11a 0.270s
2025-05-22 21:50:23.455 69503 INFO tempest.lib.common.dynamic_creds [-] Deleting project and security group for project: 9b27a586080b401d97c35cb9825acd91
2025-05-22 21:50:23.521 69465 INFO tempest.lib.common.rest_client [req-ffdbc8f6-b497-4fc5-8689-b6f6b4d86be5 req-ffdbc8f6-b497-4fc5-8689-b6f6b4d86be5 ] Request (ServerDiagnosticsTest:test_get_server_diagnostics): 200 GET http://10.180.1.21/compute/v2.1/servers/4c0f5ce7-ba5b-4000-b8ad-638d0b2fbf03 1.417s
2025-05-22 21:50:23.533 69465 INFO tempest.common.waiters [-] State transition "BUILD/None" ==> "BUILD/networking" after 2 second wait
2025-05-22 21:50:23.536 69483 INFO tempest.lib.common.rest_client [req-2a0afa9d-d35e-4163-9728-865555d662b9 req-2a0afa9d-d35e-4163-9728-865555d662b9 ] Request (QuotasAdminTestJSON:test_delete_quota): 200 GET http://10.180.1.21/identity/v3/domains?name=Default 0.297s
2025-05-22 21:50:23.558 69515 INFO tempest.lib.common.rest_client [req-05b84344-9bde-4e37-823e-65c2b5a6970b req-05b84344-9bde-4e37-823e-65c2b5a6970b ] Request (ServicesAdminTestJSON:tearDownClass): 204 DELETE http://10.180.1.21/identity/v3/users/8d18770a80f647c3be9fb619c0164be8 0.228s
2025-05-22 21:50:23.559 69515 INFO tempest.lib.common.dynamic_creds [-] Deleting project and security group for project: 173c24563d624ba1bb4ef536224be34f
2025-05-22 21:50:23.593 69501 INFO tempest.lib.common.rest_client [req-8098e4e3-f170-46cd-a965-e3c49edeadfa req-8098e4e3-f170-46cd-a965-e3c49edeadfa ] Request (QuotasAdminNegativeTest:tearDownClass): 201 POST http://10.180.1.21/identity/v3/auth/tokens 0.256s
2025-05-22 21:50:23.668 69509 INFO tempest.lib.common.rest_client [req-0b589b24-6fe1-4021-ac34-113372e98a49 req-0b589b24-6fe1-4021-ac34-113372e98a49 ] Request (FlavorsAccessTestJSON:test_flavor_access_add_remove): 200 POST http://10.180.1.21/compute/v2.1/flavors/1077317065/action 1.788s
2025-05-22 21:50:23.684 69459 INFO tempest.lib.common.rest_client [req-90789be5-535d-4fcf-b7d8-639cd503b584 req-90789be5-535d-4fcf-b7d8-639cd503b584 ] Request (FlavorsAdminTestJSON:_run_cleanups): 202 DELETE http://10.180.1.21/compute/v2.1/flavors/1076552994 1.488s
2025-05-22 21:50:23.690 69511 INFO tempest.lib.common.rest_client [req-7a52ee13-577b-42ea-9990-9e4ac3f1a900 req-7a52ee13-577b-42ea-9990-9e4ac3f1a900 ] Request (QuotaClassesAdminTestJSON:tearDownClass): 204 DELETE http://10.180.1.21/identity/v3/users/cadc61c55ca54f9f8df6147a3f45a0e7 0.248s
2025-05-22 21:50:23.690 69511 INFO tempest.lib.common.dynamic_creds [-] Deleting project and security group for project: 594d222f78624793a22122cf5d555316
2025-05-22 21:50:23.709 69522 INFO tempest.lib.common.rest_client [req-58c014fc-99f9-40ab-9647-bcae7def76fb req-58c014fc-99f9-40ab-9647-bcae7def76fb ] Request (HypervisorAdminV253TestBase:tearDownClass): 204 DELETE http://10.180.1.21:9696/networking/v2.0/security-groups/bcf46105-1877-4a31-bd0b-e7fe59eafb19 0.453s
2025-05-22 21:50:23.712 69503 INFO tempest.lib.common.rest_client [req-11cc1d08-f420-43f2-a111-fc3cbce0a1ac req-11cc1d08-f420-43f2-a111-fc3cbce0a1ac ] Request (FlavorMetadataValidation:tearDownClass): 201 POST http://10.180.1.21/identity/v3/auth/tokens 0.257s
2025-05-22 21:50:23.762 69483 INFO tempest.lib.common.rest_client [req-26ece64e-5f78-4658-afb9-d3df155f59d1 req-26ece64e-5f78-4658-afb9-d3df155f59d1 ] Request (QuotasAdminTestJSON:test_delete_quota): 201 POST http://10.180.1.21/identity/v3/projects 0.225s
2025-05-22 21:50:23.780 69515 INFO tempest.lib.common.rest_client [req-b65cf3b9-309f-4643-83a3-98b0345122db req-b65cf3b9-309f-4643-83a3-98b0345122db ] Request (ServicesAdminTestJSON:tearDownClass): 201 POST http://10.180.1.21/identity/v3/auth/tokens 0.221s
2025-05-22 21:50:23.805 69497 INFO tempest.lib.common.rest_client [req-bd74f42f-9e6e-4ed4-bfa1-5d5fe77d7cc6 req-bd74f42f-9e6e-4ed4-bfa1-5d5fe77d7cc6 ] Request (DeleteServersAdminTestJSON:test_admin_delete_servers_of_others): 200 GET http://10.180.1.21/compute/v2.1/servers/fa5997fa-817c-42b6-a7fa-b3b85a109b6d 1.514s
2025-05-22 21:50:23.827 69505 INFO tempest.lib.common.rest_client [req-7f0c6be6-18db-43f5-94e3-892b854918ef req-7f0c6be6-18db-43f5-94e3-892b854918ef ] Request (HypervisorAdminUnderV252Test:test_search_hypervisor): 200 GET http://10.180.1.21/compute/v2.1/os-hypervisors/domain-c8.fc996f14-c53b-4953-92e3-bdfa48f5cc28/search 1.377s
2025-05-22 21:50:23.842 69519 INFO tempest.lib.common.rest_client [req-22887fca-1f65-4dea-befb-6b35c9962f70 req-22887fca-1f65-4dea-befb-6b35c9962f70 ] Request (ServersV294TestFqdnHostnames:setUpClass): 201 POST http://10.180.1.21:9696/networking/v2.0/floatingips 1.445s
2025-05-22 21:50:23.844 69511 INFO tempest.lib.common.rest_client [req-d605c347-61c6-4625-a5e5-31361a3530d0 req-d605c347-61c6-4625-a5e5-31361a3530d0 ] Request (QuotaClassesAdminTestJSON:tearDownClass): 201 POST http://10.180.1.21/identity/v3/auth/tokens 0.154s
2025-05-22 21:50:23.919 69522 INFO tempest.lib.common.rest_client [req-bfa7c9a9-76e7-4467-9a95-9db5feebd495 req-bfa7c9a9-76e7-4467-9a95-9db5feebd495 ] Request (HypervisorAdminV253TestBase:tearDownClass): 204 DELETE http://10.180.1.21/identity/v3/projects/062eab2aaaef4c19b99e0fe6ae624c44 0.209s
2025-05-22 21:50:23.942 69491 INFO tempest.lib.common.rest_client [req-983cee1d-92b8-4e28-be69-10d97da1a478 req-983cee1d-92b8-4e28-be69-10d97da1a478 ] Request (SecurityGroupRulesTestJSON:test_security_group_rules_create_with_optional_cidr): 200 POST http://10.180.1.21/compute/v2.1/os-security-group-rules 1.769s
2025-05-22 21:50:23.956 69489 INFO tempest.lib.common.rest_client [req-3de05b55-9766-408a-9324-062537689bae req-3de05b55-9766-408a-9324-062537689bae ] Request (KeyPairsV210TestJSON:test_admin_manage_keypairs_for_other_users): 200 GET http://10.180.1.21/compute/v2.1/os-keypairs?user_id=f68398c0d3f448d4b32b09181c727a9d 1.144s
2025-05-22 21:50:23.972 69483 INFO tempest.lib.common.rest_client [req-01bca34a-5d9b-4937-8b39-50b5d4b6da62 req-01bca34a-5d9b-4937-8b39-50b5d4b6da62 ] Request (QuotasAdminTestJSON:test_delete_quota): 200 GET http://10.180.1.21/identity/v3/domains?name=Default 0.210s
2025-05-22 21:50:24.066 69467 INFO tempest.lib.common.rest_client [req-022adf0f-9064-4766-8042-e3d08d12b7c8 req-022adf0f-9064-4766-8042-e3d08d12b7c8 ] Request (ServerExternalEventsTest:test_create_server_external_events): 200 GET http://10.180.1.21/compute/v2.1/servers/f4ac66bd-c113-4c9f-a0ac-8eadbeba4de9 1.250s
2025-05-22 21:50:24.130 69505 INFO tempest.lib.common.rest_client [req-2cfd509b-0053-461e-8b09-256ce32d7d41 req-2cfd509b-0053-461e-8b09-256ce32d7d41 ] Request (HypervisorAdminUnderV252Test:tearDownClass): 204 DELETE http://10.180.1.21/identity/v3/users/063e2bf2a0594c2aa58a11576debdb25 0.301s
2025-05-22 21:50:24.143 69507 INFO tempest.lib.common.rest_client [req-9a923835-7361-4da0-97b9-39c17116d076 req-9a923835-7361-4da0-97b9-39c17116d076 ] Request (AggregatesAdminNegativeTestJSON:test_aggregate_add_existent_host): 409 POST http://10.180.1.21/compute/v2.1/os-aggregates/1/action 1.238s
2025-05-22 21:50:24.146 69519 INFO tempest.lib.common.rest_client [req-4955c56d-b846-4f66-aa7d-b9e1c1ec29a3 req-4955c56d-b846-4f66-aa7d-b9e1c1ec29a3 ] Request (ServersV294TestFqdnHostnames:setUpClass): 201 POST http://10.180.1.21/identity/v3/auth/tokens 0.295s
2025-05-22 21:50:24.146 69519 INFO tempest.lib.common.fixed_network [-] (ServersV294TestFqdnHostnames:setUpClass) Found network {'id': '4b250acf-6d47-437c-81d2-13bfc530a768', 'name': 'tempest-ServersV294TestFqdnHostnames-1013162464-network', 'tenant_id': '318b5b0d4201472f9b75b83960843602', 'admin_state_up': True, 'mtu': 8950, 'status': 'ACTIVE', 'subnets': [], 'shared': False, 'project_id': '318b5b0d4201472f9b75b83960843602', 'port_security_enabled': True, 'router:external': False, 'provider:network_type': 'vlan', 'provider:physical_network': 'default', 'provider:segmentation_id': 998, 'is_default': False, 'availability_zone_hints': [], 'availability_zones': [], 'ipv4_address_scope': None, 'ipv6_address_scope': None, 'description': '', 'tags': [], 'created_at': '2025-05-22T21:50:10Z', 'updated_at': '2025-05-22T21:50:10Z', 'revision_number': 1} available for tenant
2025-05-22 21:50:24.170 69517 INFO tempest.lib.common.rest_client [req-03862d3f-78e3-4285-b917-4232eba17394 req-03862d3f-78e3-4285-b917-4232eba17394 ] Request (FlavorsV261TestJSON:test_crud_flavor): 200 GET http://10.180.1.21/compute/v2.1/flavors 1.180s
2025-05-22 21:50:24.191 69493 INFO tempest.lib.common.rest_client [req-f6183bca-f0be-4b94-8086-0970ad5154ac req-f6183bca-f0be-4b94-8086-0970ad5154ac ] Request (FlavorsV255TestJSON:test_crud_flavor): 200 GET http://10.180.1.21/compute/v2.1/flavors 1.166s
2025-05-22 21:50:24.205 69522 INFO tempest.lib.common.rest_client [req-376a5a5e-802d-491c-ac4a-d72f28b1a18f req-376a5a5e-802d-491c-ac4a-d72f28b1a18f ] Request (HypervisorAdminNegativeTestJSON:setUpClass): 201 POST http://10.180.1.21/identity/v3/auth/tokens 0.282s
2025-05-22 21:50:24.207 69463 INFO tempest.lib.common.rest_client [req-ca42ba5f-6896-4e3a-baed-a0e4ff2d1eea req-ca42ba5f-6896-4e3a-baed-a0e4ff2d1eea ] Request (FlavorsExtraSpecsTestJSON:test_flavor_non_admin_get_specific_key): 200 GET http://10.180.1.21/compute/v2.1/flavors/281093611/os-extra_specs/hw:numa_nodes 1.163s
2025-05-22 21:50:24.222 69475 INFO tempest.lib.common.rest_client [req-c6a46e7b-f8f3-4015-87d9-9d6b71853aea req-c6a46e7b-f8f3-4015-87d9-9d6b71853aea ] Request (FlavorsV2TestJSON:test_list_flavors_detailed_filter_by_min_disk): 200 GET http://10.180.1.21/compute/v2.1/flavors/42 1.156s
2025-05-22 21:50:24.272 69505 INFO tempest.lib.common.rest_client [req-93e0ad3b-7364-478c-852c-400cac86a168 req-93e0ad3b-7364-478c-852c-400cac86a168 ] Request (HypervisorAdminUnderV252Test:tearDownClass): 204 DELETE http://10.180.1.21/identity/v3/users/e4c2a9e71c19424db8c111bfc4f3d7c9 0.142s
2025-05-22 21:50:24.272 69505 INFO tempest.lib.common.dynamic_creds [-] Deleting project and security group for project: 5311f1581b4e459198340204530b7bcf
2025-05-22 21:50:24.299 69522 INFO tempest.lib.common.rest_client [req-b8822184-f793-4943-abc1-30c4e695229e req-b8822184-f793-4943-abc1-30c4e695229e ] Request (HypervisorAdminNegativeTestJSON:setUpClass): 201 POST http://10.180.1.21/identity/v3/auth/tokens 0.092s
2025-05-22 21:50:24.358 69505 INFO tempest.lib.common.rest_client [req-219d3ee4-ec29-4be0-a6ac-0e5dbaffd4b7 req-219d3ee4-ec29-4be0-a6ac-0e5dbaffd4b7 ] Request (HypervisorAdminUnderV252Test:tearDownClass): 201 POST http://10.180.1.21/identity/v3/auth/tokens 0.085s
2025-05-22 21:50:24.368 69522 INFO tempest.lib.common.rest_client [req-bcae091e-0e5d-4ab7-ad45-19b4341776aa req-bcae091e-0e5d-4ab7-ad45-19b4341776aa ] Request (HypervisorAdminNegativeTestJSON:setUpClass): 200 GET http://10.180.1.21/identity/v3/domains?name=Default 0.069s
2025-05-22 21:50:24.405 69522 INFO tempest.lib.common.rest_client [req-a920ff97-9ad0-4934-8cd2-bbc87af6d2c0 req-a920ff97-9ad0-4934-8cd2-bbc87af6d2c0 ] Request (HypervisorAdminNegativeTestJSON:setUpClass): 201 POST http://10.180.1.21/identity/v3/projects 0.036s
2025-05-22 21:50:24.410 69511 INFO tempest.lib.common.rest_client [req-071907bd-afae-401c-9c19-749d48996b2e req-071907bd-afae-401c-9c19-749d48996b2e ] Request (QuotaClassesAdminTestJSON:tearDownClass): 200 GET http://10.180.1.21:9696/networking/v2.0/security-groups?tenant_id=594d222f78624793a22122cf5d555316&name=default 0.565s
2025-05-22 21:50:24.418 69501 INFO tempest.lib.common.rest_client [req-cc3ab7eb-3c68-4985-b441-3d78b1945dc6 req-cc3ab7eb-3c68-4985-b441-3d78b1945dc6 ] Request (QuotasAdminNegativeTest:tearDownClass): 200 GET http://10.180.1.21:9696/networking/v2.0/security-groups?tenant_id=ca3cf2c23c1740619f8ea99d5b2aaabc&name=default 0.824s
2025-05-22 21:50:24.430 69503 INFO tempest.lib.common.rest_client [req-582416f2-0e16-4238-9b3c-43b0f4b69ef9 req-582416f2-0e16-4238-9b3c-43b0f4b69ef9 ] Request (FlavorMetadataValidation:tearDownClass): 200 GET http://10.180.1.21:9696/networking/v2.0/security-groups?tenant_id=9b27a586080b401d97c35cb9825acd91&name=default 0.717s
2025-05-22 21:50:24.467 69522 INFO tempest.lib.common.rest_client [req-0f102314-fe79-42af-8603-388a4898cc5f req-0f102314-fe79-42af-8603-388a4898cc5f ] Request (HypervisorAdminNegativeTestJSON:setUpClass): 201 POST http://10.180.1.21/identity/v3/users 0.061s
2025-05-22 21:50:24.485 69522 INFO tempest.lib.common.rest_client [req-f10f817a-a60f-446b-9c8c-0918492eba12 req-f10f817a-a60f-446b-9c8c-0918492eba12 ] Request (HypervisorAdminNegativeTestJSON:setUpClass): 200 GET http://10.180.1.21/identity/v3/roles 0.017s
2025-05-22 21:50:24.514 69522 INFO tempest.lib.common.rest_client [req-6663b133-5d67-4b87-a885-dfac2b0c7ada req-6663b133-5d67-4b87-a885-dfac2b0c7ada ] Request (HypervisorAdminNegativeTestJSON:setUpClass): 204 PUT http://10.180.1.21/identity/v3/projects/b81b70f8d9b24225bb2213d6bcba8ef2/users/91313f05b8434dc2b305e4561e406829/roles/862171c0d4e2480ca37d12d9a2587538 0.029s
2025-05-22 21:50:24.515 69522 INFO tempest.lib.common.dynamic_creds [-] Dynamic test user 91313f05b8434dc2b305e4561e406829 is created with scope project and roles: ['member']
