2025-05-22 21:51:56.305 69519 INFO tempest.lib.common.rest_client [req-b35a1e7e-1563-4df9-9ead-18732844282c req-b35a1e7e-1563-4df9-9ead-18732844282c ] Request (MultipleCreateTestJSON:test_multiple_create_with_reservation_return): 200 GET http://10.180.1.21/compute/v2.1/servers/55cf3ad8-d03c-4ac0-9c48-0a9382bc8628 0.355s
2025-05-22 21:51:56.317 69493 INFO tempest.lib.common.rest_client [req-eb918588-8afd-46af-9662-7abcbc312450 req-eb918588-8afd-46af-9662-7abcbc312450 ] Request (ServerDiskConfigTestJSON:test_rebuild_server_with_auto_disk_config): 200 GET http://10.180.1.21/compute/v2.1/servers/a1a8aca5-e4b3-4927-9c7d-b86c58c9c9e8 0.358s
2025-05-22 21:51:56.385 69489 INFO tempest.lib.common.rest_client [req-5b783a17-dce4-4c2f-b4bd-991208bbc591 req-5b783a17-dce4-4c2f-b4bd-991208bbc591 ] Request (VolumesAdminNegativeTest:test_update_attached_volume_with_nonexistent_volume_in_uri): 200 GET http://10.180.1.21/compute/v2.1/servers/ea94a5c3-226a-4866-8d96-2e5c341d4636 0.320s
2025-05-22 21:51:56.509 69477 INFO tempest.lib.common.rest_client [req-f46a3f5c-c098-45d4-b393-71df1239c147 req-f46a3f5c-c098-45d4-b393-71df1239c147 ] Request (FlavorsV2NegativeTest:test_boot_with_low_ram): 200 GET http://10.180.1.21/compute/v2.1/flavors/42 0.442s
2025-05-22 21:51:56.529 69501 INFO tempest.lib.common.rest_client [req-278d76e8-17e9-4fd0-8d9d-8b9f60c3d8d5 req-278d76e8-17e9-4fd0-8d9d-8b9f60c3d8d5 ] Request (ServersTestManualDisk:tearDownClass): 204 DELETE http://10.180.1.21:9696/networking/v2.0/floatingips/0b05f9d3-aa70-42d6-81dc-a4662b9466dc 0.224s
2025-05-22 21:51:56.551 69463 INFO tempest.lib.common.rest_client [req-bd8e3f7f-27b9-44f1-a556-3e2be61f22af req-bd8e3f7f-27b9-44f1-a556-3e2be61f22af ] Request (AttachInterfacesUnderV243Test:test_add_remove_fixed_ip): 204 DELETE http://10.180.1.21/compute/v2.1/servers/14990d60-4a6a-4896-816f-7bd7d5af19a5 0.536s
2025-05-22 21:51:56.606 69459 INFO tempest.lib.common.rest_client [req-7c1656ad-352b-4eab-9e0e-cb36abe4b91a req-7c1656ad-352b-4eab-9e0e-cb36abe4b91a ] Request (FloatingIPsAssociationTestJSON:setUpClass): 200 GET http://10.180.1.21/compute/v2.1/servers/221be95e-aac8-4551-8525-9745480ea8c6 0.500s
2025-05-22 21:51:56.617 69497 INFO tempest.lib.common.rest_client [req-e098a147-6c82-4116-9a52-bfee517b8f06 req-e098a147-6c82-4116-9a52-bfee517b8f06 ] Request (TenantUsagesNegativeTestJSON:test_get_usage_tenant_with_invalid_date): 400 GET http://10.180.1.21/compute/v2.1/os-simple-tenant-usage/d3d9799261cf40c8afa302a6b60b800a?start=2025-05-23T21%3A51%3A55.573880&end=2025-05-21T21%3A51%3A55.573880 0.418s
2025-05-22 21:51:56.630 69467 INFO tempest.lib.common.rest_client [req-3677eea4-8b5d-4d8c-a62d-352cafca3c13 req-3677eea4-8b5d-4d8c-a62d-352cafca3c13 ] Request (InstanceActionsNegativeTestJSON:setUpClass): 200 GET http://10.180.1.21/compute/v2.1/servers/4c5586e7-333c-44b0-aef9-4d1b7988826d 0.441s
2025-05-22 21:51:56.686 69473 INFO tempest.lib.common.rest_client [req-4dcaabb7-fb86-45cb-839b-d9274d7ad74d req-4dcaabb7-fb86-45cb-839b-d9274d7ad74d ] Request (ListImageFiltersNegativeTestJSON:test_get_nonexistent_image): 404 GET http://10.180.1.21/compute/v2.1/images/5981cf10-4e5a-4067-a172-969ba63fa8fd 0.433s
2025-05-22 21:51:56.726 69475 INFO tempest.lib.common.rest_client [req-8635ba8f-00ed-41e8-895e-f15e0a13a704 req-8635ba8f-00ed-41e8-895e-f15e0a13a704 ] Request (ServersTestMultiNic:test_verify_multiple_nics_order): 200 GET http://10.180.1.21/compute/v2.1/servers/05eacaa7-1a14-4834-86ee-7f6dcaf21b85 0.505s
2025-05-22 21:51:56.796 69479 INFO tempest.lib.common.rest_client [req-449c1757-1669-4463-9235-d4b43d23df2c req-449c1757-1669-4463-9235-d4b43d23df2c ] Request (ServersTestBootFromVolume:setUpClass): 200 GET http://10.180.1.21/compute/v2.1/servers/6664e9ec-4c43-464d-9117-92967031fe55 0.485s
2025-05-22 21:51:56.815 69469 INFO tempest.lib.common.rest_client [req-77351b2e-d926-460e-be60-6e7f9a2f659d req-77351b2e-d926-460e-be60-6e7f9a2f659d ] Request (ImagesTestJSON:test_delete_saving_image): 200 GET http://10.180.1.21/compute/v2.1/servers/9bd1c816-5248-4e48-89f8-f3b999d50bff 0.411s
2025-05-22 21:51:56.836 69473 INFO tempest.lib.common.rest_client [req-1c0db9e7-ed38-4129-8ff5-73afaf18b0fc req-1c0db9e7-ed38-4129-8ff5-73afaf18b0fc ] Request (ListImageFiltersNegativeTestJSON:tearDownClass): 204 DELETE http://10.180.1.21/identity/v3/users/0c679e94a6524864b9b117f1fbea6cc6 0.149s
2025-05-22 21:51:56.837 69473 INFO tempest.lib.common.dynamic_creds [-] Deleting project and security group for project: ab9a080a9616469a984e923a7278b701
2025-05-22 21:51:56.854 69463 INFO tempest.lib.common.rest_client [req-23a15f48-d781-42ac-9ad6-686900d48917 req-23a15f48-d781-42ac-9ad6-686900d48917 ] Request (AttachInterfacesUnderV243Test:test_add_remove_fixed_ip): 404 GET http://10.180.1.21/compute/v2.1/servers/14990d60-4a6a-4896-816f-7bd7d5af19a5 0.301s
2025-05-22 21:51:56.891 69485 INFO tempest.lib.common.rest_client [req-54910c4b-04bf-431e-8521-6d95fbb68358 req-54910c4b-04bf-431e-8521-6d95fbb68358 ] Request (DeleteServersTestJSON:test_delete_active_server): 200 GET http://10.180.1.21/compute/v2.1/servers/9a29b0d3-9de0-476b-8559-672010f02caa 0.411s
2025-05-22 21:51:56.894 69481 INFO tempest.lib.common.rest_client [req-acb3abb9-83bc-45eb-b1c9-6cd974ff88a2 req-acb3abb9-83bc-45eb-b1c9-6cd974ff88a2 ] Request (ServerTagsTestJSON:setUpClass): 200 PUT http://10.180.1.21:9696/networking/v2.0/routers/1aea8f3c-9f58-43ad-b697-63d6e3e7194b/add_router_interface 2.521s
2025-05-22 21:51:56.895 69481 INFO tempest.lib.common.dynamic_creds [-] Created isolated network resources for: credentials: Credentials: {'domain_id': 'default', 'domain_name': 'Default', 'username': 'tempest-ServerTagsTestJSON-1357548978-project-member', 'project_domain_id': 'default', 'project_domain_name': 'Default', 'project_id': 'e584ad5496634dc49c3985a6054f26c7', 'project_name': 'tempest-ServerTagsTestJSON-1357548978', 'tenant_id': 'e584ad5496634dc49c3985a6054f26c7', 'tenant_name': 'tempest-ServerTagsTestJSON-1357548978', 'user_domain_id': 'default', 'user_domain_name': 'Default', 'user_id': '144912962ad449af87333bc13f211700', 'system': None}, Network: {'id': 'b490e148-b95b-44ac-be27-1078c60a1f4a', 'name': 'tempest-ServerTagsTestJSON-300577674-network', 'tenant_id': 'e584ad5496634dc49c3985a6054f26c7', 'admin_state_up': True, 'mtu': 8950, 'status': 'ACTIVE', 'subnets': [], 'shared': False, 'project_id': 'e584ad5496634dc49c3985a6054f26c7', 'port_security_enabled': True, 'router:external': False, 'provider:network_type': 'vlan', 'provider:physical_network': 'default', 'provider:segmentation_id': 868, 'is_default': False, 'availability_zone_hints': [], 'availability_zones': [], 'ipv4_address_scope': None, 'ipv6_address_scope': None, 'description': '', 'tags': [], 'created_at': '2025-05-22T21:51:51Z', 'updated_at': '2025-05-22T21:51:52Z', 'revision_number': 1}, Subnet: {'id': '4e84bdf3-8f89-4462-b337-2bc229abffa2', 'name': 'tempest-ServerTagsTestJSON-300577674-subnet', 'tenant_id': 'e584ad5496634dc49c3985a6054f26c7', 'network_id': 'b490e148-b95b-44ac-be27-1078c60a1f4a', 'ip_version': 4, 'subnetpool_id': None, 'enable_dhcp': True, 'ipv6_ra_mode': None, 'ipv6_address_mode': None, 'gateway_ip': '192.168.128.1', 'cidr': '192.168.128.0/28', 'allocation_pools': [{'start': '192.168.128.2', 'end': '192.168.128.14'}], 'host_routes': [], 'dns_nameservers': [], 'description': '', 'router:external': False, 'service_types': [], 'tags': [], 'created_at': '2025-05-22T21:51:52Z', 'updated_at': '2025-05-22T21:51:52Z', 'revision_number': 0, 'project_id': 'e584ad5496634dc49c3985a6054f26c7'}, Router: {'id': '1aea8f3c-9f58-43ad-b697-63d6e3e7194b', 'name': 'tempest-ServerTagsTestJSON-300577674-router', 'tenant_id': 'e584ad5496634dc49c3985a6054f26c7', 'admin_state_up': True, 'status': 'ACTIVE', 'external_gateway_info': {'network_id': '559372f5-b60d-48f0-b3b2-7e495a177b1b', 'external_fixed_ips': [{'subnet_id': '0e6feab3-80ea-4e77-87ac-6a5571bd5601', 'ip_address': '10.180.180.211'}], 'enable_snat': True}, 'description': '', 'availability_zones': [], 'distributed': False, 'ha': False, 'availability_zone_hints': [], 'routes': [], 'flavor_id': None, 'tags': [], 'created_at': '2025-05-22T21:51:52Z', 'updated_at': '2025-05-22T21:51:53Z', 'revision_number': 2, 'project_id': 'e584ad5496634dc49c3985a6054f26c7'}
2025-05-22 21:51:56.920 69473 INFO tempest.lib.common.rest_client [req-95b52114-c5fa-4b2a-9bd5-310c426c9bcd req-95b52114-c5fa-4b2a-9bd5-310c426c9bcd ] Request (ListImageFiltersNegativeTestJSON:tearDownClass): 201 POST http://10.180.1.21/identity/v3/auth/tokens 0.083s
2025-05-22 21:51:56.927 69465 INFO tempest.lib.common.rest_client [req-b0e48756-a64e-440e-8750-4fbc1a9bbd65 req-b0e48756-a64e-440e-8750-4fbc1a9bbd65 ] Request (ServerMetadataTestJSON:setUpClass): 200 GET http://10.180.1.21/compute/v2.1/servers/62fecdeb-6657-4fc5-934c-5c459e7287d7 0.343s
2025-05-22 21:51:56.927 69477 INFO tempest.lib.common.rest_client [req-83c0c141-d1a3-49b5-90bd-238494a4870b req-83c0c141-d1a3-49b5-90bd-238494a4870b ] Request (FlavorsV2NegativeTest:test_boot_with_low_ram): 201 POST http://10.180.1.21/image/v2/images 0.412s
2025-05-22 21:51:56.992 69481 INFO tempest.lib.common.rest_client [req-dd7fe904-9b28-401c-8245-9c82cbe1bb54 req-dd7fe904-9b28-401c-8245-9c82cbe1bb54 ] Request (ServerTagsTestJSON:setUpClass): 201 POST http://10.180.1.21/identity/v3/auth/tokens 0.093s
2025-05-22 21:51:56.996 69517 INFO tempest.lib.common.rest_client [req-7988694c-fec4-4b43-afc7-766a4fcae645 req-7988694c-fec4-4b43-afc7-766a4fcae645 ] Request (SecurityGroupsTestJSON:test_list_security_groups_by_server): 200 GET http://10.180.1.21/compute/v2.1/servers/d0facc29-338c-4d0d-a9f3-a37781c19b68 0.354s
2025-05-22 21:51:57.022 69497 INFO tempest.lib.common.rest_client [req-8f5ca7ea-f44e-41e9-b5b0-1c3729432cd4 req-8f5ca7ea-f44e-41e9-b5b0-1c3729432cd4 ] Request (TenantUsagesNegativeTestJSON:test_list_usage_all_tenants_with_non_admin_user): 403 GET http://10.180.1.21/compute/v2.1/os-simple-tenant-usage?start=2025-05-21T21%3A51%3A55.573880&end=2025-05-23T21%3A51%3A55.573880&detailed=1 0.403s
2025-05-22 21:51:57.024 69463 INFO tempest.lib.common.rest_client [req-f3c29a74-2090-40ea-bbfd-20399eef50dd req-f3c29a74-2090-40ea-bbfd-20399eef50dd ] Request (AttachInterfacesUnderV243Test:_run_cleanups): 202 DELETE http://10.180.1.21/compute/v2.1/os-keypairs/tempest-keypair-1109071569 0.167s
2025-05-22 21:51:57.100 69481 INFO tempest.lib.common.rest_client [req-2ab4b0a8-07ba-4ef6-9a9a-125cdf65ca73 req-2ab4b0a8-07ba-4ef6-9a9a-125cdf65ca73 ] Request (ServerTagsTestJSON:setUpClass): 201 POST http://10.180.1.21/identity/v3/auth/tokens 0.103s
2025-05-22 21:51:57.100 69481 INFO tempest.lib.common.fixed_network [-] (ServerTagsTestJSON:setUpClass) Found network {'id': 'b490e148-b95b-44ac-be27-1078c60a1f4a', 'name': 'tempest-ServerTagsTestJSON-300577674-network', 'tenant_id': 'e584ad5496634dc49c3985a6054f26c7', 'admin_state_up': True, 'mtu': 8950, 'status': 'ACTIVE', 'subnets': [], 'shared': False, 'project_id': 'e584ad5496634dc49c3985a6054f26c7', 'port_security_enabled': True, 'router:external': False, 'provider:network_type': 'vlan', 'provider:physical_network': 'default', 'provider:segmentation_id': 868, 'is_default': False, 'availability_zone_hints': [], 'availability_zones': [], 'ipv4_address_scope': None, 'ipv6_address_scope': None, 'description': '', 'tags': [], 'created_at': '2025-05-22T21:51:51Z', 'updated_at': '2025-05-22T21:51:52Z', 'revision_number': 1} available for tenant
2025-05-22 21:51:57.138 69513 INFO tempest.lib.common.rest_client [req-7640f1fc-ec78-44e4-bf46-4935f4786b58 req-7640f1fc-ec78-44e4-bf46-4935f4786b58 ] Request (ServersTestJSON:test_create_server_with_ipv6_addr_only): 200 GET http://10.180.1.21/compute/v2.1/servers/6cdbe208-0eb2-4493-a477-daeb70739f95 0.237s
2025-05-22 21:51:57.145 69496 INFO tempest.lib.common.rest_client [req-d20ab8cb-9892-439f-8b75-8f3ffc6de5f1 req-d20ab8cb-9892-439f-8b75-8f3ffc6de5f1 ] Request (MigrationsAdminTest:test_resize_server_revert_deleted_flavor): 200 GET http://10.180.1.21/compute/v2.1/servers/155b53f6-a42a-48ad-bbfb-a99fc9eba789 0.212s
2025-05-22 21:51:57.178 69497 INFO tempest.lib.common.rest_client [req-ddbc1376-4c17-4e2c-a21d-9d681351cd1e req-ddbc1376-4c17-4e2c-a21d-9d681351cd1e ] Request (TenantUsagesNegativeTestJSON:tearDownClass): 204 DELETE http://10.180.1.21/identity/v3/users/2c9b8f5848504bc1bea1b6c9cfca74d7 0.153s
2025-05-22 21:51:57.205 69483 INFO tempest.lib.common.rest_client [req-633186e3-ae52-4823-9c13-bdb401c21831 req-633186e3-ae52-4823-9c13-bdb401c21831 ] Request (ServerActionsV293TestJSON:setUpClass): 200 GET http://10.180.1.21/volume/v3/e2572d9a7bf14b1fb924a9e48aefa2d8/volumes/3ea95a61-7411-4aff-a1c6-b2d04ecb7a79 0.048s
2025-05-22 21:51:57.225 69473 INFO tempest.lib.common.rest_client [req-53664f52-d841-4c91-a5b5-8239d02afaaa req-53664f52-d841-4c91-a5b5-8239d02afaaa ] Request (ListImageFiltersNegativeTestJSON:tearDownClass): 200 GET http://10.180.1.21:9696/networking/v2.0/security-groups?tenant_id=ab9a080a9616469a984e923a7278b701&name=default 0.304s
2025-05-22 21:51:57.235 69487 INFO tempest.lib.common.rest_client [req-ef657d0e-aeb2-4456-ad44-04a79aba956a req-ef657d0e-aeb2-4456-ad44-04a79aba956a ] Request (ServersNegativeTestMultiTenantJSON:setUpClass): 200 GET http://10.180.1.21/compute/v2.1/servers/47c2201c-a952-4474-88e1-2773f04494aa 0.124s
2025-05-22 21:51:57.246 69487 INFO tempest.common.waiters [-] State transition "BUILD/scheduling" ==> "BUILD/None" after 8 second wait
2025-05-22 21:51:57.315 69491 INFO tempest.lib.common.rest_client [req-d74171f9-d837-4a59-a532-0c37c5e40fbe req-d74171f9-d837-4a59-a532-0c37c5e40fbe ] Request (InstanceActionsTestJSON:setUpClass): 200 GET http://10.180.1.21/compute/v2.1/servers/17c421bd-a02f-41a6-9074-8c143e423c79 0.094s
2025-05-22 21:51:57.327 69497 INFO tempest.lib.common.rest_client [req-1fbb93df-01d9-4560-a49b-5486b4c88c21 req-1fbb93df-01d9-4560-a49b-5486b4c88c21 ] Request (TenantUsagesNegativeTestJSON:tearDownClass): 204 DELETE http://10.180.1.21/identity/v3/users/1821b5c889854fe691d33c1651043a10 0.148s
2025-05-22 21:51:57.327 69497 INFO tempest.lib.common.dynamic_creds [-] Deleting project and security group for project: 05adb0ceae6b4992bd24307afc448f40
2025-05-22 21:51:57.353 69461 INFO tempest.lib.common.rest_client [req-c5c91b78-93b7-443a-83b1-e2b63705cc79 req-c5c91b78-93b7-443a-83b1-e2b63705cc79 ] Request (ServersTestJSON:setUpClass): 201 POST http://10.180.1.21:9696/networking/v2.0/floatingips 1.275s
2025-05-22 21:51:57.353 69473 INFO tempest.lib.common.rest_client [req-53a1e465-07a4-4dc9-977b-0d21f42ae478 req-53a1e465-07a4-4dc9-977b-0d21f42ae478 ] Request (ListImageFiltersNegativeTestJSON:tearDownClass): 204 DELETE http://10.180.1.21:9696/networking/v2.0/security-groups/4cbed3f9-bdf3-415e-a97d-2e273047b829 0.128s
2025-05-22 21:51:57.390 69519 INFO tempest.lib.common.rest_client [req-4211714d-c895-4f7d-b518-33e3748c0133 req-4211714d-c895-4f7d-b518-33e3748c0133 ] Request (MultipleCreateTestJSON:test_multiple_create_with_reservation_return): 200 GET http://10.180.1.21/compute/v2.1/servers/55cf3ad8-d03c-4ac0-9c48-0a9382bc8628 0.071s
2025-05-22 21:51:57.397 69497 INFO tempest.lib.common.rest_client [req-7eb14414-bd1b-40ab-9296-cb357f0c7f63 req-7eb14414-bd1b-40ab-9296-cb357f0c7f63 ] Request (TenantUsagesNegativeTestJSON:tearDownClass): 201 POST http://10.180.1.21/identity/v3/auth/tokens 0.069s
2025-05-22 21:51:57.397 69463 INFO tempest.lib.common.rest_client [req-616ccc6e-c16f-4dc7-9601-17e13d7d0ee9 req-616ccc6e-c16f-4dc7-9601-17e13d7d0ee9 ] Request (AttachInterfacesUnderV243Test:_run_cleanups): 204 DELETE http://10.180.1.21:9696/networking/v2.0/security-groups/0d87ef94-39bb-463f-be35-15a3ce51a70a 0.371s
2025-05-22 21:51:57.429 69463 INFO tempest.lib.common.rest_client [req-298710da-1537-47c1-950e-0459e701f144 req-298710da-1537-47c1-950e-0459e701f144 ] Request (AttachInterfacesUnderV243Test:_run_cleanups): 404 GET http://10.180.1.21:9696/networking/v2.0/security-groups/0d87ef94-39bb-463f-be35-15a3ce51a70a 0.031s
2025-05-22 21:51:57.456 69473 INFO tempest.lib.common.rest_client [req-6a2341b5-ef03-4d3a-b6b5-8ce9b0d9c4b2 req-6a2341b5-ef03-4d3a-b6b5-8ce9b0d9c4b2 ] Request (ListImageFiltersNegativeTestJSON:tearDownClass): 204 DELETE http://10.180.1.21/identity/v3/projects/ab9a080a9616469a984e923a7278b701 0.102s
2025-05-22 21:51:57.467 69493 INFO tempest.lib.common.rest_client [req-743c9096-00c0-4711-8c33-021c2749d348 req-743c9096-00c0-4711-8c33-021c2749d348 ] Request (ServerDiskConfigTestJSON:test_rebuild_server_with_auto_disk_config): 200 GET http://10.180.1.21/compute/v2.1/servers/a1a8aca5-e4b3-4927-9c7d-b86c58c9c9e8 0.132s
2025-05-22 21:51:57.471 69461 INFO tempest.lib.common.rest_client [req-657c0384-9a74-4173-8a04-4045bf896a4e req-657c0384-9a74-4173-8a04-4045bf896a4e ] Request (ServersTestJSON:setUpClass): 201 POST http://10.180.1.21/identity/v3/auth/tokens 0.115s
2025-05-22 21:51:57.472 69461 INFO tempest.lib.common.fixed_network [-] (ServersTestJSON:setUpClass) Found network {'id': '10086de3-d7bd-4a3f-8c6f-4433495fb3e7', 'name': 'tempest-ServersTestJSON-566561448-network', 'tenant_id': '516938faa4ca4af38c45aa011e8c6372', 'admin_state_up': True, 'mtu': 8950, 'status': 'ACTIVE', 'subnets': [], 'shared': False, 'project_id': '516938faa4ca4af38c45aa011e8c6372', 'port_security_enabled': True, 'router:external': False, 'provider:network_type': 'vlan', 'provider:physical_network': 'default', 'provider:segmentation_id': 215, 'is_default': False, 'availability_zone_hints': [], 'availability_zones': [], 'ipv4_address_scope': None, 'ipv6_address_scope': None, 'description': '', 'tags': [], 'created_at': '2025-05-22T21:51:51Z', 'updated_at': '2025-05-22T21:51:51Z', 'revision_number': 1} available for tenant
2025-05-22 21:51:57.554 69489 INFO tempest.lib.common.rest_client [req-36000f8f-c644-4eef-b398-c2d000bcabd1 req-36000f8f-c644-4eef-b398-c2d000bcabd1 ] Request (VolumesAdminNegativeTest:test_update_attached_volume_with_nonexistent_volume_in_uri): 200 GET http://10.180.1.21/compute/v2.1/servers/ea94a5c3-226a-4866-8d96-2e5c341d4636 0.159s
2025-05-22 21:51:57.616 69473 INFO tempest.lib.common.rest_client [req-b7336176-9dbe-4607-8dd3-12a783c5abc8 req-b7336176-9dbe-4607-8dd3-12a783c5abc8 ] Request (AbsoluteLimitsTestJSON:setUpClass): 201 POST http://10.180.1.21/identity/v3/auth/tokens 0.159s
2025-05-22 21:51:57.652 69473 INFO tempest.lib.common.rest_client [req-5949a0a3-a0e9-426b-9721-f228bea71f13 req-5949a0a3-a0e9-426b-9721-f228bea71f13 ] Request (AbsoluteLimitsTestJSON:setUpClass): 201 POST http://10.180.1.21/identity/v3/auth/tokens 0.032s
2025-05-22 21:51:57.666 69463 INFO tempest.lib.common.rest_client [req-07a57003-1712-4b8c-bdac-3aa5c2b0e016 req-07a57003-1712-4b8c-bdac-3aa5c2b0e016 ] Request (AttachInterfacesUnderV243Test:_run_cleanups): 204 DELETE http://10.180.1.21:9696/networking/v2.0/floatingips/8402d557-311d-4033-9602-dce970e9d3b0 0.236s
2025-05-22 21:51:57.679 69473 INFO tempest.lib.common.rest_client [req-0ece0bcf-4d15-43dd-80a1-826340252222 req-0ece0bcf-4d15-43dd-80a1-826340252222 ] Request (AbsoluteLimitsTestJSON:setUpClass): 200 GET http://10.180.1.21/identity/v3/domains?name=Default 0.027s
2025-05-22 21:51:57.717 69473 INFO tempest.lib.common.rest_client [req-a96f6536-217a-495e-8909-697401457641 req-a96f6536-217a-495e-8909-697401457641 ] Request (AbsoluteLimitsTestJSON:setUpClass): 201 POST http://10.180.1.21/identity/v3/projects 0.037s
2025-05-22 21:51:57.821 69473 INFO tempest.lib.common.rest_client [req-f974e27e-6f40-44a9-b4ce-65668144f3ce req-f974e27e-6f40-44a9-b4ce-65668144f3ce ] Request (AbsoluteLimitsTestJSON:setUpClass): 201 POST http://10.180.1.21/identity/v3/users 0.103s
2025-05-22 21:51:57.851 69473 INFO tempest.lib.common.rest_client [req-06ebc399-ebd7-4bc8-b706-4669ef21f98c req-06ebc399-ebd7-4bc8-b706-4669ef21f98c ] Request (AbsoluteLimitsTestJSON:setUpClass): 200 GET http://10.180.1.21/identity/v3/roles 0.029s
2025-05-22 21:51:57.893 69473 INFO tempest.lib.common.rest_client [req-fdd770a9-79e0-48be-ad57-44f91289f281 req-fdd770a9-79e0-48be-ad57-44f91289f281 ] Request (AbsoluteLimitsTestJSON:setUpClass): 204 PUT http://10.180.1.21/identity/v3/projects/40e55076fcef4c2cb8e734fb7ed482c4/users/2bb21ee682af41bb906d3bf1423079e5/roles/862171c0d4e2480ca37d12d9a2587538 0.041s
2025-05-22 21:51:57.893 69473 INFO tempest.lib.common.dynamic_creds [-] Dynamic test user 2bb21ee682af41bb906d3bf1423079e5 is created with scope project and roles: ['member']
2025-05-22 21:51:57.893 69473 INFO tempest.lib.common.dynamic_creds [-] Acquired dynamic creds: credentials: Credentials: {'domain_id': 'default', 'domain_name': 'Default', 'username': 'tempest-AbsoluteLimitsTestJSON-965479958-project-member', 'project_domain_id': 'default', 'project_domain_name': 'Default', 'project_id': '40e55076fcef4c2cb8e734fb7ed482c4', 'project_name': 'tempest-AbsoluteLimitsTestJSON-965479958', 'tenant_id': '40e55076fcef4c2cb8e734fb7ed482c4', 'tenant_name': 'tempest-AbsoluteLimitsTestJSON-965479958', 'user_domain_id': 'default', 'user_domain_name': 'Default', 'user_id': '2bb21ee682af41bb906d3bf1423079e5', 'system': None}, Network: None, Subnet: None, Router: None
2025-05-22 21:51:57.893 69473 INFO tempest.lib.common.dynamic_creds [-] Created isolated network resources for: credentials: Credentials: {'domain_id': 'default', 'domain_name': 'Default', 'username': 'tempest-AbsoluteLimitsTestJSON-965479958-project-member', 'project_domain_id': 'default', 'project_domain_name': 'Default', 'project_id': '40e55076fcef4c2cb8e734fb7ed482c4', 'project_name': 'tempest-AbsoluteLimitsTestJSON-965479958', 'tenant_id': '40e55076fcef4c2cb8e734fb7ed482c4', 'tenant_name': 'tempest-AbsoluteLimitsTestJSON-965479958', 'user_domain_id': 'default', 'user_domain_name': 'Default', 'user_id': '2bb21ee682af41bb906d3bf1423079e5', 'system': None}, Network: None, Subnet: None, Router: None
2025-05-22 21:51:57.974 69497 INFO tempest.lib.common.rest_client [req-0762acc0-9023-4283-90c8-0526cbe3c710 req-0762acc0-9023-4283-90c8-0526cbe3c710 ] Request (TenantUsagesNegativeTestJSON:tearDownClass): 200 GET http://10.180.1.21:9696/networking/v2.0/security-groups?tenant_id=05adb0ceae6b4992bd24307afc448f40&name=default 0.577s
2025-05-22 21:51:57.985 69473 INFO tempest.lib.common.rest_client [req-b76e3519-f668-438d-bbae-6b2d22520b1d req-b76e3519-f668-438d-bbae-6b2d22520b1d ] Request (AbsoluteLimitsTestJSON:setUpClass): 201 POST http://10.180.1.21/identity/v3/auth/tokens 0.086s
2025-05-22 21:51:58.021 69481 INFO tempest.lib.common.rest_client [req-1047acdf-e0ce-4da3-acb3-b873a32ca708 req-1047acdf-e0ce-4da3-acb3-b873a32ca708 ] Request (ServerTagsTestJSON:setUpClass): 202 POST http://10.180.1.21/compute/v2.1/servers 0.920s
2025-05-22 21:51:58.146 69459 INFO tempest.lib.common.rest_client [req-82c8c5c6-dfb8-4d6f-b798-c85a4258fae3 req-82c8c5c6-dfb8-4d6f-b798-c85a4258fae3 ] Request (FloatingIPsAssociationTestJSON:setUpClass): 200 GET http://10.180.1.21/compute/v2.1/servers/221be95e-aac8-4551-8525-9745480ea8c6 0.531s
2025-05-22 21:51:58.180 69477 INFO tempest.lib.common.rest_client [req-f2b0e84f-6e94-402a-8d41-15caf968c2b9 req-f2b0e84f-6e94-402a-8d41-15caf968c2b9 ] Request (FlavorsV2NegativeTest:test_boot_with_low_ram): 204 PUT http://10.180.1.21/image/v2/images/ef1e6e07-5017-4f40-a2dd-a930418d27a6/file 1.252s
2025-05-22 21:51:58.260 69483 INFO tempest.lib.common.rest_client [req-32630045-811c-4796-9ba9-b1c158d12cba req-32630045-811c-4796-9ba9-b1c158d12cba ] Request (ServerActionsV293TestJSON:setUpClass): 200 GET http://10.180.1.21/volume/v3/e2572d9a7bf14b1fb924a9e48aefa2d8/volumes/3ea95a61-7411-4aff-a1c6-b2d04ecb7a79 0.043s
2025-05-22 21:51:58.263 69467 INFO tempest.lib.common.rest_client [req-413252d4-c2c0-400f-a450-72a987ebb6cd req-413252d4-c2c0-400f-a450-72a987ebb6cd ] Request (InstanceActionsNegativeTestJSON:setUpClass): 200 GET http://10.180.1.21/compute/v2.1/servers/4c5586e7-333c-44b0-aef9-4d1b7988826d 0.622s
2025-05-22 21:51:58.266 69477 INFO tempest.lib.common.rest_client [req-e45b3fbb-5540-4c8e-86e0-0e776a32a143 req-e45b3fbb-5540-4c8e-86e0-0e776a32a143 ] Request (FlavorsV2NegativeTest:test_boot_with_low_ram): 201 POST http://10.180.1.21/identity/v3/auth/tokens 0.083s
2025-05-22 21:51:58.267 69477 INFO tempest.lib.common.fixed_network [-] (FlavorsV2NegativeTest:test_boot_with_low_ram) Found network None available for tenant
2025-05-22 21:51:58.323 69497 INFO tempest.lib.common.rest_client [req-6551015b-f95d-4627-8050-cc04c949ae4f req-6551015b-f95d-4627-8050-cc04c949ae4f ] Request (TenantUsagesNegativeTestJSON:tearDownClass): 204 DELETE http://10.180.1.21:9696/networking/v2.0/security-groups/b5ac0781-8484-4b6e-b144-5d2a34dcaef9 0.349s
2025-05-22 21:51:58.351 69475 INFO tempest.lib.common.rest_client [req-b960dc23-862a-479b-950b-05d7375bc9dc req-b960dc23-862a-479b-950b-05d7375bc9dc ] Request (ServersTestMultiNic:test_verify_multiple_nics_order): 200 GET http://10.180.1.21/compute/v2.1/servers/05eacaa7-1a14-4834-86ee-7f6dcaf21b85 0.611s
2025-05-22 21:51:58.443 69479 INFO tempest.lib.common.rest_client [req-c297f470-7c9d-4579-9810-c714ca3700fa req-c297f470-7c9d-4579-9810-c714ca3700fa ] Request (ServersTestBootFromVolume:setUpClass): 200 GET http://10.180.1.21/compute/v2.1/servers/6664e9ec-4c43-464d-9117-92967031fe55 0.636s
2025-05-22 21:51:58.467 69501 INFO tempest.lib.common.rest_client [req-1d388c12-19e7-415d-b074-b7eecd78b620 req-1d388c12-19e7-415d-b074-b7eecd78b620 ] Request (ServersTestManualDisk:tearDownClass): 200 PUT http://10.180.1.21:9696/networking/v2.0/routers/3c5c4999-ca49-41a6-aefc-6c6861cda44b/remove_router_interface 1.937s
2025-05-22 21:51:58.494 69497 INFO tempest.lib.common.rest_client [req-a55dc78c-eefd-471f-8476-b62fe8288fbc req-a55dc78c-eefd-471f-8476-b62fe8288fbc ] Request (TenantUsagesNegativeTestJSON:tearDownClass): 204 DELETE http://10.180.1.21/identity/v3/projects/05adb0ceae6b4992bd24307afc448f40 0.170s
2025-05-22 21:51:58.494 69497 INFO tempest.lib.common.dynamic_creds [-] Deleting project and security group for project: d3d9799261cf40c8afa302a6b60b800a
2025-05-22 21:51:58.532 69469 INFO tempest.lib.common.rest_client [req-c4bf8c26-a8ed-4591-bd3b-6a930d8c6032 req-c4bf8c26-a8ed-4591-bd3b-6a930d8c6032 ] Request (ImagesTestJSON:test_delete_saving_image): 200 GET http://10.180.1.21/compute/v2.1/servers/9bd1c816-5248-4e48-89f8-f3b999d50bff 0.702s
2025-05-22 21:51:58.559 69461 INFO tempest.lib.common.rest_client [req-3a61a5e1-63f8-4c88-abdc-2f2abe2781b4 req-3a61a5e1-63f8-4c88-abdc-2f2abe2781b4 ] Request (ServersTestJSON:setUpClass): 202 POST http://10.180.1.21/compute/v2.1/servers 1.085s
2025-05-22 21:51:58.694 69485 INFO tempest.lib.common.rest_client [req-038c27ae-6dcd-4362-b811-7fc4311ac7e4 req-038c27ae-6dcd-4362-b811-7fc4311ac7e4 ] Request (DeleteServersTestJSON:test_delete_active_server): 200 GET http://10.180.1.21/compute/v2.1/servers/9a29b0d3-9de0-476b-8559-672010f02caa 0.787s
2025-05-22 21:51:58.712 69465 INFO tempest.lib.common.rest_client [req-bd191b33-1955-4afd-879a-f096533f6653 req-bd191b33-1955-4afd-879a-f096533f6653 ] Request (ServerMetadataTestJSON:setUpClass): 200 GET http://10.180.1.21/compute/v2.1/servers/62fecdeb-6657-4fc5-934c-5c459e7287d7 0.776s
2025-05-22 21:51:58.882 69463 INFO tempest.lib.common.rest_client [req-7970a218-c402-49ed-9978-d6bd366370bd req-7970a218-c402-49ed-9978-d6bd366370bd ] Request (AttachInterfacesUnderV243Test:tearDownClass): 200 PUT http://10.180.1.21:9696/networking/v2.0/routers/0e18825c-f3b9-496b-ae75-83f61bc98773/remove_router_interface 1.214s
2025-05-22 21:51:58.930 69473 INFO tempest.lib.common.rest_client [req-035ffbda-1daf-47a9-942c-44bbf9bf80a6 req-035ffbda-1daf-47a9-942c-44bbf9bf80a6 ] Request (AbsoluteLimitsTestJSON:test_absLimits_get): 200 GET http://10.180.1.21/compute/v2.1/limits 0.941s
2025-05-22 21:51:59.063 69497 INFO tempest.lib.common.rest_client [req-dfb59efc-f6b7-480b-aa49-c5b903d4991c req-dfb59efc-f6b7-480b-aa49-c5b903d4991c ] Request (TenantUsagesNegativeTestJSON:tearDownClass): 200 GET http://10.180.1.21:9696/networking/v2.0/security-groups?tenant_id=d3d9799261cf40c8afa302a6b60b800a&name=default 0.568s
2025-05-22 21:51:59.092 69473 INFO tempest.lib.common.rest_client [req-21a00a7c-e82c-4e39-950f-e746970901e3 req-21a00a7c-e82c-4e39-950f-e746970901e3 ] Request (AbsoluteLimitsTestJSON:tearDownClass): 204 DELETE http://10.180.1.21/identity/v3/users/2bb21ee682af41bb906d3bf1423079e5 0.150s
2025-05-22 21:51:59.093 69473 INFO tempest.lib.common.dynamic_creds [-] Deleting project and security group for project: 40e55076fcef4c2cb8e734fb7ed482c4
2025-05-22 21:51:59.107 69481 INFO tempest.lib.common.rest_client [req-d174db7a-2fb3-489b-a03d-07d62808433a req-d174db7a-2fb3-489b-a03d-07d62808433a ] Request (ServerTagsTestJSON:setUpClass): 200 GET http://10.180.1.21/compute/v2.1/servers/0c0f5347-23e3-4e69-8b9d-56eeebf39a6f 1.082s
2025-05-22 21:51:59.117 69517 INFO tempest.lib.common.rest_client [req-5aba5e36-6c1a-478d-8d3b-7a44f4cf5422 req-5aba5e36-6c1a-478d-8d3b-7a44f4cf5422 ] Request (SecurityGroupsTestJSON:test_list_security_groups_by_server): 200 GET http://10.180.1.21/compute/v2.1/servers/d0facc29-338c-4d0d-a9f3-a37781c19b68 1.106s
2025-05-22 21:51:59.222 69473 INFO tempest.lib.common.rest_client [req-74ccb3a5-c8b7-49de-a9d5-c933cc82334b req-74ccb3a5-c8b7-49de-a9d5-c933cc82334b ] Request (AbsoluteLimitsTestJSON:tearDownClass): 201 POST http://10.180.1.21/identity/v3/auth/tokens 0.129s
2025-05-22 21:51:59.224 69513 INFO tempest.lib.common.rest_client [req-e3198f8c-8404-4ff7-bb73-c7a13dbf6549 req-e3198f8c-8404-4ff7-bb73-c7a13dbf6549 ] Request (ServersTestJSON:test_create_server_with_ipv6_addr_only): 200 GET http://10.180.1.21/compute/v2.1/servers/6cdbe208-0eb2-4493-a477-daeb70739f95 1.072s
2025-05-22 21:51:59.224 69496 INFO tempest.lib.common.rest_client [req-3998dda6-0c60-4009-a152-a1c1166ff759 req-3998dda6-0c60-4009-a152-a1c1166ff759 ] Request (MigrationsAdminTest:test_resize_server_revert_deleted_flavor): 200 GET http://10.180.1.21/compute/v2.1/servers/155b53f6-a42a-48ad-bbfb-a99fc9eba789 1.069s
2025-05-22 21:51:59.271 69497 INFO tempest.lib.common.rest_client [req-52de0207-e374-4bbf-bf6c-ef37e78538c6 req-52de0207-e374-4bbf-bf6c-ef37e78538c6 ] Request (TenantUsagesNegativeTestJSON:tearDownClass): 204 DELETE http://10.180.1.21:9696/networking/v2.0/security-groups/cbb6033f-bba8-48ef-9f10-8c2db09ccc0d 0.207s
2025-05-22 21:51:59.316 69483 INFO tempest.lib.common.rest_client [req-fb5a69a7-c9a1-4d96-8198-acdcfa13c35b req-fb5a69a7-c9a1-4d96-8198-acdcfa13c35b ] Request (ServerActionsV293TestJSON:setUpClass): 200 GET http://10.180.1.21/volume/v3/e2572d9a7bf14b1fb924a9e48aefa2d8/volumes/3ea95a61-7411-4aff-a1c6-b2d04ecb7a79 0.040s
2025-05-22 21:51:59.317 69487 INFO tempest.lib.common.rest_client [req-7c526a29-c3e6-4191-a2d6-283cae4f5003 req-7c526a29-c3e6-4191-a2d6-283cae4f5003 ] Request (ServersNegativeTestMultiTenantJSON:setUpClass): 200 GET http://10.180.1.21/compute/v2.1/servers/47c2201c-a952-4474-88e1-2773f04494aa 1.069s
2025-05-22 21:51:59.400 69497 INFO tempest.lib.common.rest_client [req-1e9c199b-4bb9-438c-986d-90e44675a211 req-1e9c199b-4bb9-438c-986d-90e44675a211 ] Request (TenantUsagesNegativeTestJSON:tearDownClass): 204 DELETE http://10.180.1.21/identity/v3/projects/d3d9799261cf40c8afa302a6b60b800a 0.128s
2025-05-22 21:51:59.403 69497 INFO tempest.test [-] raised in TestMultiAttachVolumeSwap.setUpClass. Invoking tearDownClass.
2025-05-22 21:51:59.411 69491 INFO tempest.lib.common.rest_client [req-382f6962-fac5-4d08-b939-05da67499f8b req-382f6962-fac5-4d08-b939-05da67499f8b ] Request (InstanceActionsTestJSON:setUpClass): 200 GET http://10.180.1.21/compute/v2.1/servers/17c421bd-a02f-41a6-9074-8c143e423c79 1.084s
2025-05-22 21:51:59.429 69491 INFO tempest.common.waiters [-] State transition "BUILD/None" ==> "ERROR/None" after 37 second wait
2025-05-22 21:51:59.491 69519 INFO tempest.lib.common.rest_client [req-622e2052-3f43-46ba-844d-d08af0d59c8f req-622e2052-3f43-46ba-844d-d08af0d59c8f ] Request (MultipleCreateTestJSON:test_multiple_create_with_reservation_return): 200 GET http://10.180.1.21/compute/v2.1/servers/55cf3ad8-d03c-4ac0-9c48-0a9382bc8628 1.091s
2025-05-22 21:51:59.539 69477 INFO tempest.lib.common.rest_client [req-b503b1cb-730d-4c21-b426-f2efe5d65142 req-b503b1cb-730d-4c21-b426-f2efe5d65142 ] Request (FlavorsV2NegativeTest:test_boot_with_low_ram): 400 POST http://10.180.1.21/compute/v2.1/servers 1.271s
2025-05-22 21:51:59.560 69473 INFO tempest.lib.common.rest_client [req-94d8352d-b204-402d-a354-3b566e0295bc req-94d8352d-b204-402d-a354-3b566e0295bc ] Request (AbsoluteLimitsTestJSON:tearDownClass): 200 GET http://10.180.1.21:9696/networking/v2.0/security-groups?tenant_id=40e55076fcef4c2cb8e734fb7ed482c4&name=default 0.338s
2025-05-22 21:51:59.562 69493 INFO tempest.lib.common.rest_client [req-d89e8c6e-ce36-455b-9505-84050177b3bc req-d89e8c6e-ce36-455b-9505-84050177b3bc ] Request (ServerDiskConfigTestJSON:test_rebuild_server_with_auto_disk_config): 200 GET http://10.180.1.21/compute/v2.1/servers/a1a8aca5-e4b3-4927-9c7d-b86c58c9c9e8 1.084s
2025-05-22 21:51:59.608 69477 INFO tempest.lib.common.rest_client [req-27d4e2b2-ad8b-4a1d-99b4-c3cd54b7d925 req-27d4e2b2-ad8b-4a1d-99b4-c3cd54b7d925 ] Request (FlavorsV2NegativeTest:_run_cleanups): 204 DELETE http://10.180.1.21/image/v2/images/ef1e6e07-5017-4f40-a2dd-a930418d27a6 0.069s
2025-05-22 21:51:59.643 69463 INFO tempest.lib.common.rest_client [req-5e84bd09-701b-4b45-9a25-c66cc40b2d87 req-5e84bd09-701b-4b45-9a25-c66cc40b2d87 ] Request (AttachInterfacesUnderV243Test:tearDownClass): 204 DELETE http://10.180.1.21:9696/networking/v2.0/routers/0e18825c-f3b9-496b-ae75-83f61bc98773 0.760s
2025-05-22 21:51:59.646 69461 INFO tempest.lib.common.rest_client [req-542083de-efa1-4c47-8207-f4df83255284 req-542083de-efa1-4c47-8207-f4df83255284 ] Request (ServersTestJSON:setUpClass): 200 GET http://10.180.1.21/compute/v2.1/servers/aee814d6-dfc7-4ea9-84ec-585c6d5ea0e3 1.085s
2025-05-22 21:51:59.652 69489 INFO tempest.lib.common.rest_client [req-1941d606-dd12-4138-a57f-fc52b60aed27 req-1941d606-dd12-4138-a57f-fc52b60aed27 ] Request (VolumesAdminNegativeTest:test_update_attached_volume_with_nonexistent_volume_in_uri): 200 GET http://10.180.1.21/compute/v2.1/servers/ea94a5c3-226a-4866-8d96-2e5c341d4636 1.087s
2025-05-22 21:51:59.724 69467 INFO tempest.lib.common.rest_client [req-fdf3971b-2546-4e22-9582-f3dead76a85f req-fdf3971b-2546-4e22-9582-f3dead76a85f ] Request (InstanceActionsNegativeTestJSON:setUpClass): 200 GET http://10.180.1.21/compute/v2.1/servers/4c5586e7-333c-44b0-aef9-4d1b7988826d 0.444s
2025-05-22 21:51:59.728 69477 INFO tempest.lib.common.rest_client [req-76b5aaa7-c075-4d95-baf0-e30c6efa1efd req-76b5aaa7-c075-4d95-baf0-e30c6efa1efd ] Request (FlavorsV2NegativeTest:tearDownClass): 204 DELETE http://10.180.1.21/identity/v3/users/3037a4b99cd8430ba6dad4a8f282ad06 0.119s
2025-05-22 21:51:59.729 69477 INFO tempest.lib.common.dynamic_creds [-] Deleting project and security group for project: aadbaa83bf64461fa85bd0a117f20c05
2025-05-22 21:51:59.741 69459 INFO tempest.lib.common.rest_client [req-2cf15545-6e3f-4938-936a-53ae1afd1333 req-2cf15545-6e3f-4938-936a-53ae1afd1333 ] Request (FloatingIPsAssociationTestJSON:setUpClass): 200 GET http://10.180.1.21/compute/v2.1/servers/221be95e-aac8-4551-8525-9745480ea8c6 0.584s
2025-05-22 21:51:59.761 69463 INFO tempest.lib.common.rest_client [req-d49b93f7-d200-469d-92c9-4be93b0950e8 req-d49b93f7-d200-469d-92c9-4be93b0950e8 ] Request (AttachInterfacesUnderV243Test:tearDownClass): 204 DELETE http://10.180.1.21:9696/networking/v2.0/subnets/44b0a0b6-7ed2-4623-8054-d42b165a64c1 0.118s
2025-05-22 21:51:59.786 69475 INFO tempest.lib.common.rest_client [req-f549d90d-e253-474f-acbc-a161da15fbca req-f549d90d-e253-474f-acbc-a161da15fbca ] Request (ServersTestMultiNic:test_verify_multiple_nics_order): 200 GET http://10.180.1.21/compute/v2.1/servers/05eacaa7-1a14-4834-86ee-7f6dcaf21b85 0.425s
2025-05-22 21:51:59.806 69477 INFO tempest.lib.common.rest_client [req-016544cb-a99e-4f5b-9fbd-7b1028f3109c req-016544cb-a99e-4f5b-9fbd-7b1028f3109c ] Request (FlavorsV2NegativeTest:tearDownClass): 201 POST http://10.180.1.21/identity/v3/auth/tokens 0.077s
2025-05-22 21:51:59.811 69473 INFO tempest.lib.common.rest_client [req-72fc91fa-1a44-4afa-a8d1-e93211b49d4f req-72fc91fa-1a44-4afa-a8d1-e93211b49d4f ] Request (AbsoluteLimitsTestJSON:tearDownClass): 204 DELETE http://10.180.1.21:9696/networking/v2.0/security-groups/9d7cdf44-39e1-4080-b5cd-18107b6fc51c 0.250s
2025-05-22 21:51:59.823 69501 INFO tempest.lib.common.rest_client [req-aca7b7c3-ec03-4278-a487-f03b99482ea1 req-aca7b7c3-ec03-4278-a487-f03b99482ea1 ] Request (ServersTestManualDisk:tearDownClass): 204 DELETE http://10.180.1.21:9696/networking/v2.0/routers/3c5c4999-ca49-41a6-aefc-6c6861cda44b 1.356s
2025-05-22 21:51:59.853 69479 INFO tempest.lib.common.rest_client [req-dbb21f2b-bda2-4654-b5ea-410937495ab2 req-dbb21f2b-bda2-4654-b5ea-410937495ab2 ] Request (ServersTestBootFromVolume:setUpClass): 200 GET http://10.180.1.21/compute/v2.1/servers/6664e9ec-4c43-464d-9117-92967031fe55 0.399s
2025-05-22 21:51:59.897 69473 INFO tempest.lib.common.rest_client [req-baead4cd-0623-4cdd-ba5d-779bf3ec381a req-baead4cd-0623-4cdd-ba5d-779bf3ec381a ] Request (AbsoluteLimitsTestJSON:tearDownClass): 204 DELETE http://10.180.1.21/identity/v3/projects/40e55076fcef4c2cb8e734fb7ed482c4 0.086s
2025-05-22 21:51:59.925 69469 INFO tempest.lib.common.rest_client [req-e1a51373-5695-4bba-b37a-a954524b7380 req-e1a51373-5695-4bba-b37a-a954524b7380 ] Request (ImagesTestJSON:test_delete_saving_image): 200 GET http://10.180.1.21/compute/v2.1/servers/9bd1c816-5248-4e48-89f8-f3b999d50bff 0.382s
2025-05-22 21:51:59.959 69473 INFO tempest.lib.common.rest_client [req-410f0383-7fdc-46f0-8b15-0040fcb31c04 req-410f0383-7fdc-46f0-8b15-0040fcb31c04 ] Request (ServersTestFqdnHostnames:setUpClass): 201 POST http://10.180.1.21/identity/v3/auth/tokens 0.060s
2025-05-22 21:52:00.005 69473 INFO tempest.lib.common.rest_client [req-648900e1-ba31-40be-86d5-c25bf612e1ea req-648900e1-ba31-40be-86d5-c25bf612e1ea ] Request (ServersTestFqdnHostnames:setUpClass): 201 POST http://10.180.1.21/identity/v3/auth/tokens 0.040s
2025-05-22 21:52:00.022 69491 INFO tempest.lib.common.rest_client [req-8b5060f1-d47e-4c2d-85bb-a29061e94f57 req-8b5060f1-d47e-4c2d-85bb-a29061e94f57 ] Request (InstanceActionsTestJSON:setUpClass): 204 DELETE http://10.180.1.21/compute/v2.1/servers/17c421bd-a02f-41a6-9074-8c143e423c79 0.590s
2025-05-22 21:52:00.037 69473 INFO tempest.lib.common.rest_client [req-d5d6e019-def8-4293-beb2-da9d5365a876 req-d5d6e019-def8-4293-beb2-da9d5365a876 ] Request (ServersTestFqdnHostnames:setUpClass): 200 GET http://10.180.1.21/identity/v3/domains?name=Default 0.031s
2025-05-22 21:52:00.045 69485 INFO tempest.lib.common.rest_client [req-2538bc85-b305-4ee1-bc3c-f7d676566860 req-2538bc85-b305-4ee1-bc3c-f7d676566860 ] Request (DeleteServersTestJSON:test_delete_active_server): 200 GET http://10.180.1.21/compute/v2.1/servers/9a29b0d3-9de0-476b-8559-672010f02caa 0.334s
2025-05-22 21:52:00.093 69491 INFO tempest.lib.common.rest_client [req-2c09a9cc-0d27-46c2-be12-fb120e9be29f req-2c09a9cc-0d27-46c2-be12-fb120e9be29f ] Request (InstanceActionsTestJSON:setUpClass): 404 GET http://10.180.1.21/compute/v2.1/servers/17c421bd-a02f-41a6-9074-8c143e423c79 0.071s
2025-05-22 21:52:00.093 69491 INFO tempest.test [-] raised in InstanceActionsTestJSON.setUpClass. Invoking tearDownClass.
2025-05-22 21:52:00.111 69473 INFO tempest.lib.common.rest_client [req-2603f926-538d-4d92-8276-d209459448fc req-2603f926-538d-4d92-8276-d209459448fc ] Request (ServersTestFqdnHostnames:setUpClass): 201 POST http://10.180.1.21/identity/v3/projects 0.073s
2025-05-22 21:52:00.117 69501 INFO tempest.lib.common.rest_client [req-22e9f8b1-24cf-477a-b142-82aaaec25718 req-22e9f8b1-24cf-477a-b142-82aaaec25718 ] Request (ServersTestManualDisk:tearDownClass): 204 DELETE http://10.180.1.21:9696/networking/v2.0/subnets/541ec414-57a2-4626-8922-33325d9695c1 0.293s
2025-05-22 21:52:00.124 69465 INFO tempest.lib.common.rest_client [req-b8968258-f831-4b01-8b0f-3768e1ff27a8 req-b8968258-f831-4b01-8b0f-3768e1ff27a8 ] Request (ServerMetadataTestJSON:setUpClass): 200 GET http://10.180.1.21/compute/v2.1/servers/62fecdeb-6657-4fc5-934c-5c459e7287d7 0.403s
2025-05-22 21:52:00.134 69477 INFO tempest.lib.common.rest_client [req-ded5f6b2-88ae-4095-8fba-c60a2fd01c80 req-ded5f6b2-88ae-4095-8fba-c60a2fd01c80 ] Request (FlavorsV2NegativeTest:tearDownClass): 200 GET http://10.180.1.21:9696/networking/v2.0/security-groups?tenant_id=aadbaa83bf64461fa85bd0a117f20c05&name=default 0.328s
2025-05-22 21:52:00.148 69463 INFO tempest.lib.common.rest_client [req-6cbeddef-b38a-409c-a629-b3e4d802839d req-6cbeddef-b38a-409c-a629-b3e4d802839d ] Request (AttachInterfacesUnderV243Test:tearDownClass): 204 DELETE http://10.180.1.21:9696/networking/v2.0/networks/3b269aca-f52b-44ab-9997-21e18d89105d 0.387s
2025-05-22 21:52:00.215 69481 INFO tempest.lib.common.rest_client [req-ae22da25-cfec-4775-bf0e-6cd938a5275b req-ae22da25-cfec-4775-bf0e-6cd938a5275b ] Request (ServerTagsTestJSON:setUpClass): 200 GET http://10.180.1.21/compute/v2.1/servers/0c0f5347-23e3-4e69-8b9d-56eeebf39a6f 0.094s
2025-05-22 21:52:00.228 69473 INFO tempest.lib.common.rest_client [req-7a2b2e33-8e2b-4a38-81b7-b7fe0e0eec53 req-7a2b2e33-8e2b-4a38-81b7-b7fe0e0eec53 ] Request (ServersTestFqdnHostnames:setUpClass): 201 POST http://10.180.1.21/identity/v3/users 0.117s
2025-05-22 21:52:00.241 69517 INFO tempest.lib.common.rest_client [req-7cc2a639-83ae-482f-ae85-fb9f68c598ad req-7cc2a639-83ae-482f-ae85-fb9f68c598ad ] Request (SecurityGroupsTestJSON:test_list_security_groups_by_server): 200 GET http://10.180.1.21/compute/v2.1/servers/d0facc29-338c-4d0d-a9f3-a37781c19b68 0.112s
2025-05-22 21:52:00.254 69473 INFO tempest.lib.common.rest_client [req-1a37b0dd-9101-4a7b-92a5-8a20b68ba9c9 req-1a37b0dd-9101-4a7b-92a5-8a20b68ba9c9 ] Request (ServersTestFqdnHostnames:setUpClass): 200 GET http://10.180.1.21/identity/v3/roles 0.024s
2025-05-22 21:52:00.283 69463 INFO tempest.lib.common.rest_client [req-acf9523f-84de-4183-b13a-8fd0073314a7 req-acf9523f-84de-4183-b13a-8fd0073314a7 ] Request (AttachInterfacesUnderV243Test:tearDownClass): 204 DELETE http://10.180.1.21/identity/v3/users/ef6e9f19f8524351b41aaabc71a0edec 0.134s
2025-05-22 21:52:00.284 69463 INFO tempest.lib.common.dynamic_creds [-] Deleting project and security group for project: c8d3b13878884bd98bf97a1b9a184415
2025-05-22 21:52:00.341 69496 INFO tempest.lib.common.rest_client [req-c65fa801-2d97-49d5-b066-0d431599f08c req-c65fa801-2d97-49d5-b066-0d431599f08c ] Request (MigrationsAdminTest:test_resize_server_revert_deleted_flavor): 200 GET http://10.180.1.21/compute/v2.1/servers/155b53f6-a42a-48ad-bbfb-a99fc9eba789 0.103s
2025-05-22 21:52:00.349 69473 INFO tempest.lib.common.rest_client [req-b4f7cba8-ac82-4d11-a51b-af24f43e6327 req-b4f7cba8-ac82-4d11-a51b-af24f43e6327 ] Request (ServersTestFqdnHostnames:setUpClass): 204 PUT http://10.180.1.21/identity/v3/projects/e669f1a4d5b9416b88fd44e5ba511263/users/62e2ce3ba3394488a33db0b1c1b91992/roles/862171c0d4e2480ca37d12d9a2587538 0.094s
2025-05-22 21:52:00.349 69473 INFO tempest.lib.common.dynamic_creds [-] Dynamic test user 62e2ce3ba3394488a33db0b1c1b91992 is created with scope project and roles: ['member']
2025-05-22 21:52:00.349 69473 INFO tempest.lib.common.dynamic_creds [-] Acquired dynamic creds: credentials: Credentials: {'domain_id': 'default', 'domain_name': 'Default', 'username': 'tempest-ServersTestFqdnHostnames-1379955857-project-member', 'project_domain_id': 'default', 'project_domain_name': 'Default', 'project_id': 'e669f1a4d5b9416b88fd44e5ba511263', 'project_name': 'tempest-ServersTestFqdnHostnames-1379955857', 'tenant_id': 'e669f1a4d5b9416b88fd44e5ba511263', 'tenant_name': 'tempest-ServersTestFqdnHostnames-1379955857', 'user_domain_id': 'default', 'user_domain_name': 'Default', 'user_id': '62e2ce3ba3394488a33db0b1c1b91992', 'system': None}, Network: None, Subnet: None, Router: None
2025-05-22 21:52:00.357 69513 INFO tempest.lib.common.rest_client [req-1cbe5dc7-aa3a-46a0-9174-5544846fc7cb req-1cbe5dc7-aa3a-46a0-9174-5544846fc7cb ] Request (ServersTestJSON:test_create_server_with_ipv6_addr_only): 200 GET http://10.180.1.21/compute/v2.1/servers/6cdbe208-0eb2-4493-a477-daeb70739f95 0.121s
2025-05-22 21:52:00.374 69483 INFO tempest.lib.common.rest_client [req-bc2d82ec-f9db-4725-8003-2792e1ac2b4e req-bc2d82ec-f9db-4725-8003-2792e1ac2b4e ] Request (ServerActionsV293TestJSON:setUpClass): 200 GET http://10.180.1.21/volume/v3/e2572d9a7bf14b1fb924a9e48aefa2d8/volumes/3ea95a61-7411-4aff-a1c6-b2d04ecb7a79 0.043s
2025-05-22 21:52:00.386 69477 INFO tempest.lib.common.rest_client [req-a55a0836-b8ae-45f5-8492-ae179b2d7e87 req-a55a0836-b8ae-45f5-8492-ae179b2d7e87 ] Request (FlavorsV2NegativeTest:tearDownClass): 204 DELETE http://10.180.1.21:9696/networking/v2.0/security-groups/742fcb5f-bc74-4f52-b61a-164518595f2a 0.250s
2025-05-22 21:52:00.397 69463 INFO tempest.lib.common.rest_client [req-5560b352-5d3c-4b46-ad14-bcec40a3f439 req-5560b352-5d3c-4b46-ad14-bcec40a3f439 ] Request (AttachInterfacesUnderV243Test:tearDownClass): 200 GET http://10.180.1.21:9696/networking/v2.0/security-groups?tenant_id=c8d3b13878884bd98bf97a1b9a184415&name=default 0.113s
2025-05-22 21:52:00.412 69487 INFO tempest.lib.common.rest_client [req-1863bbd5-a07b-4b80-a400-fd5ce4967df9 req-1863bbd5-a07b-4b80-a400-fd5ce4967df9 ] Request (ServersNegativeTestMultiTenantJSON:setUpClass): 200 GET http://10.180.1.21/compute/v2.1/servers/47c2201c-a952-4474-88e1-2773f04494aa 0.085s
2025-05-22 21:52:00.424 69473 INFO tempest.lib.common.rest_client [req-ee84fa54-6e66-4a36-ae2a-a04c250b1eb6 req-ee84fa54-6e66-4a36-ae2a-a04c250b1eb6 ] Request (ServersTestFqdnHostnames:setUpClass): 201 POST http://10.180.1.21/identity/v3/auth/tokens 0.075s
2025-05-22 21:52:00.495 69477 INFO tempest.lib.common.rest_client [req-35787154-d0fc-4a31-8949-afa1d9abd6b0 req-35787154-d0fc-4a31-8949-afa1d9abd6b0 ] Request (FlavorsV2NegativeTest:tearDownClass): 204 DELETE http://10.180.1.21/identity/v3/projects/aadbaa83bf64461fa85bd0a117f20c05 0.109s
2025-05-22 21:52:00.499 69501 INFO tempest.lib.common.rest_client [req-546531ae-70dd-498e-90b5-30a2e8c03d39 req-546531ae-70dd-498e-90b5-30a2e8c03d39 ] Request (ServersTestManualDisk:tearDownClass): 204 DELETE http://10.180.1.21:9696/networking/v2.0/networks/5f996c2a-b8cf-4324-bb88-8afc8826122a 0.382s
2025-05-22 21:52:00.512 69463 INFO tempest.lib.common.rest_client [req-631a6ba6-6abe-45b9-8108-d2cbda473aec req-631a6ba6-6abe-45b9-8108-d2cbda473aec ] Request (AttachInterfacesUnderV243Test:tearDownClass): 204 DELETE http://10.180.1.21:9696/networking/v2.0/security-groups/31a900ed-4dd3-4ba7-9c01-670435b4188d 0.114s
2025-05-22 21:52:00.573 69519 INFO tempest.lib.common.rest_client [req-e971e28e-c92e-4837-a748-14e4d26d3617 req-e971e28e-c92e-4837-a748-14e4d26d3617 ] Request (MultipleCreateTestJSON:test_multiple_create_with_reservation_return): 200 GET http://10.180.1.21/compute/v2.1/servers/55cf3ad8-d03c-4ac0-9c48-0a9382bc8628 0.071s
2025-05-22 21:52:00.581 69477 INFO tempest.lib.common.rest_client [req-752e77ff-a463-4cc2-94ca-e1875c243a01 req-752e77ff-a463-4cc2-94ca-e1875c243a01 ] Request (AttachInterfacesTestJSON:setUpClass): 201 POST http://10.180.1.21/identity/v3/auth/tokens 0.083s
2025-05-22 21:52:00.617 69501 INFO tempest.lib.common.rest_client [req-be332890-7636-404c-8ad7-75502812e173 req-be332890-7636-404c-8ad7-75502812e173 ] Request (ServersTestManualDisk:tearDownClass): 204 DELETE http://10.180.1.21/identity/v3/users/797b45a13c90448695c2521379865ad8 0.117s
2025-05-22 21:52:00.618 69501 INFO tempest.lib.common.dynamic_creds [-] Deleting project and security group for project: 173d39b9002b4c1db69862d2315f0f95
2025-05-22 21:52:00.648 69493 INFO tempest.lib.common.rest_client [req-ff0b5a47-339c-4c5d-8e76-5693dc47eaa6 req-ff0b5a47-339c-4c5d-8e76-5693dc47eaa6 ] Request (ServerDiskConfigTestJSON:test_rebuild_server_with_auto_disk_config): 200 GET http://10.180.1.21/compute/v2.1/servers/a1a8aca5-e4b3-4927-9c7d-b86c58c9c9e8 0.074s
2025-05-22 21:52:00.657 69501 INFO tempest.lib.common.rest_client [req-d6c10945-cb5e-4160-ba04-234abf3dfdc5 req-d6c10945-cb5e-4160-ba04-234abf3dfdc5 ] Request (ServersTestManualDisk:tearDownClass): 200 GET http://10.180.1.21:9696/networking/v2.0/security-groups?tenant_id=173d39b9002b4c1db69862d2315f0f95&name=default 0.039s
2025-05-22 21:52:00.657 69493 INFO tempest.common.waiters [-] State transition "BUILD/scheduling" ==> "BUILD/None" after 11 second wait
2025-05-22 21:52:00.680 69463 INFO tempest.lib.common.rest_client [req-691eebb7-c8e2-4b5c-a1b2-73cd019564bc req-691eebb7-c8e2-4b5c-a1b2-73cd019564bc ] Request (AttachInterfacesUnderV243Test:tearDownClass): 204 DELETE http://10.180.1.21/identity/v3/projects/c8d3b13878884bd98bf97a1b9a184415 0.168s
2025-05-22 21:52:00.689 69477 INFO tempest.lib.common.rest_client [req-a0e27b77-9a9d-468c-acad-840ab3e62ad0 req-a0e27b77-9a9d-468c-acad-840ab3e62ad0 ] Request (AttachInterfacesTestJSON:setUpClass): 201 POST http://10.180.1.21/identity/v3/auth/tokens 0.105s
2025-05-22 21:52:00.740 69461 INFO tempest.lib.common.rest_client [req-ecb626bd-12fc-4abb-83b4-267e5d847222 req-ecb626bd-12fc-4abb-83b4-267e5d847222 ] Request (ServersTestJSON:setUpClass): 200 GET http://10.180.1.21/compute/v2.1/servers/aee814d6-dfc7-4ea9-84ec-585c6d5ea0e3 0.084s
2025-05-22 21:52:00.748 69477 INFO tempest.lib.common.rest_client [req-cc697834-b032-4145-b3fd-8f79c2d65276 req-cc697834-b032-4145-b3fd-8f79c2d65276 ] Request (AttachInterfacesTestJSON:setUpClass): 200 GET http://10.180.1.21/identity/v3/domains?name=Default 0.059s
2025-05-22 21:52:00.751 69489 INFO tempest.lib.common.rest_client [req-14a9eb1d-4e1b-45e9-9c23-d0cd8501e30c req-14a9eb1d-4e1b-45e9-9c23-d0cd8501e30c ] Request (VolumesAdminNegativeTest:test_update_attached_volume_with_nonexistent_volume_in_uri): 200 GET http://10.180.1.21/compute/v2.1/servers/ea94a5c3-226a-4866-8d96-2e5c341d4636 0.088s
