2025-05-22 21:50:44.262 69471 INFO tempest.lib.common.rest_client [req-82404e2a-7928-40b3-b2df-efb1ef92d3dd req-82404e2a-7928-40b3-b2df-efb1ef92d3dd ] Request (QuotasSecurityGroupAdminNegativeTest:tearDownClass): 201 POST http://10.180.1.21/identity/v3/auth/tokens 0.088s
2025-05-22 21:50:44.297 69505 INFO tempest.lib.common.rest_client [req-aacc0d4e-aa71-4c77-94ba-f647984a283c req-aacc0d4e-aa71-4c77-94ba-f647984a283c ] Request (InstanceActionsV221TestJSON:test_get_list_deleted_instance_actions): 200 GET http://10.180.1.21/compute/v2.1/servers/dffe1923-6324-415c-9e38-680e2b213dca 1.678s
2025-05-22 21:50:44.317 69479 INFO tempest.lib.common.rest_client [req-a3002b5b-8bf3-4d0d-8042-a5614dd8e5d5 req-a3002b5b-8bf3-4d0d-8042-a5614dd8e5d5 ] Request (SecurityGroupsNegativeTestJSON:setUpClass): 201 POST http://10.180.1.21/identity/v3/projects 0.061s
2025-05-22 21:50:44.430 69479 INFO tempest.lib.common.rest_client [req-67ca5e11-af0b-43d7-826d-e044459d1f6c req-67ca5e11-af0b-43d7-826d-e044459d1f6c ] Request (SecurityGroupsNegativeTestJSON:setUpClass): 201 POST http://10.180.1.21/identity/v3/users 0.111s
2025-05-22 21:50:44.451 69479 INFO tempest.lib.common.rest_client [req-31f40295-640c-4cdd-a8a3-b7855a0d69cb req-31f40295-640c-4cdd-a8a3-b7855a0d69cb ] Request (SecurityGroupsNegativeTestJSON:setUpClass): 200 GET http://10.180.1.21/identity/v3/roles 0.021s
2025-05-22 21:50:44.469 69483 INFO tempest.lib.common.rest_client [req-876e2bc2-09b9-49d3-8009-75478d7a704d req-876e2bc2-09b9-49d3-8009-75478d7a704d ] Request (QuotasAdminTestJSON:test_get_updated_quotas): 200 PUT http://10.180.1.21/compute/v2.1/os-quota-sets/8733a2247c90406da1f629d6c5dd2eec?user_id=d0e967ecd8e545e6b6eca6dec1d4cfc0 1.922s
2025-05-22 21:50:44.478 69479 INFO tempest.lib.common.rest_client [req-cad4cde4-4c37-4f62-a28c-41b9aa6f8d2e req-cad4cde4-4c37-4f62-a28c-41b9aa6f8d2e ] Request (SecurityGroupsNegativeTestJSON:setUpClass): 204 PUT http://10.180.1.21/identity/v3/projects/8345bee9201145e5a78a01f76502a9b3/users/96debc08fef44db69e210f0aa27b0ebf/roles/862171c0d4e2480ca37d12d9a2587538 0.027s
2025-05-22 21:50:44.479 69479 INFO tempest.lib.common.dynamic_creds [-] Dynamic test user 96debc08fef44db69e210f0aa27b0ebf is created with scope project and roles: ['member']
2025-05-22 21:50:44.479 69479 INFO tempest.lib.common.dynamic_creds [-] Acquired dynamic creds: credentials: Credentials: {'domain_id': 'default', 'domain_name': 'Default', 'username': 'tempest-SecurityGroupsNegativeTestJSON-1060093800-project-member', 'project_domain_id': 'default', 'project_domain_name': 'Default', 'project_id': '8345bee9201145e5a78a01f76502a9b3', 'project_name': 'tempest-SecurityGroupsNegativeTestJSON-1060093800', 'tenant_id': '8345bee9201145e5a78a01f76502a9b3', 'tenant_name': 'tempest-SecurityGroupsNegativeTestJSON-1060093800', 'user_domain_id': 'default', 'user_domain_name': 'Default', 'user_id': '96debc08fef44db69e210f0aa27b0ebf', 'system': None}, Network: None, Subnet: None, Router: None
2025-05-22 21:50:44.544 69479 INFO tempest.lib.common.rest_client [req-f4f2c23e-b527-4309-ad18-151919df7a2a req-f4f2c23e-b527-4309-ad18-151919df7a2a ] Request (SecurityGroupsNegativeTestJSON:setUpClass): 201 POST http://10.180.1.21/identity/v3/auth/tokens 0.064s
2025-05-22 21:50:44.603 69471 INFO tempest.lib.common.rest_client [req-09ad45c2-566e-40ec-99a2-9abfb1e2ea9e req-09ad45c2-566e-40ec-99a2-9abfb1e2ea9e ] Request (QuotasSecurityGroupAdminNegativeTest:tearDownClass): 200 GET http://10.180.1.21:9696/networking/v2.0/security-groups?tenant_id=1bb7f6ca29a84dcf9e3c6991bfbc6574&name=default 0.340s
2025-05-22 21:50:44.655 69511 INFO tempest.lib.common.rest_client [req-b93e4282-9e4d-4ca0-8255-d82096125909 req-b93e4282-9e4d-4ca0-8255-d82096125909 ] Request (ServicesAdminNegativeTestJSON:tearDownClass): 204 DELETE http://10.180.1.21:9696/networking/v2.0/security-groups/63cc159c-672c-4a89-9298-bbd90865b266 0.490s
2025-05-22 21:50:44.684 69515 INFO tempest.lib.common.rest_client [req-8496d143-a88a-43a3-9563-af923e144434 req-8496d143-a88a-43a3-9563-af923e144434 ] Request (FloatingIPsNegativeTestJSON:tearDownClass): 204 DELETE http://10.180.1.21:9696/networking/v2.0/networks/63fa91aa-96f6-496c-9e2c-36c388c46fdc 0.550s
2025-05-22 21:50:44.755 69511 INFO tempest.lib.common.rest_client [req-94438e93-84e0-4093-91bf-a76986ffb2a4 req-94438e93-84e0-4093-91bf-a76986ffb2a4 ] Request (ServicesAdminNegativeTestJSON:tearDownClass): 204 DELETE http://10.180.1.21/identity/v3/projects/c32c637e16904fe7bbe2b9e3c5188f4f 0.099s
2025-05-22 21:50:44.756 69511 INFO tempest.lib.common.dynamic_creds [-] Deleting project and security group for project: 597ed6a2b68244e085c27d14ebc5bf50
2025-05-22 21:50:44.832 69471 INFO tempest.lib.common.rest_client [req-aaa987f1-f966-4e1c-9320-7ef74eb52be6 req-aaa987f1-f966-4e1c-9320-7ef74eb52be6 ] Request (QuotasSecurityGroupAdminNegativeTest:tearDownClass): 204 DELETE http://10.180.1.21:9696/networking/v2.0/security-groups/3cd0132e-ba71-4dd2-a7ca-d3f937a7421e 0.229s
2025-05-22 21:50:44.844 69515 INFO tempest.lib.common.rest_client [req-aff9cdc7-7b12-4824-bec9-8ee201b3d98a req-aff9cdc7-7b12-4824-bec9-8ee201b3d98a ] Request (FloatingIPsNegativeTestJSON:tearDownClass): 204 DELETE http://10.180.1.21/identity/v3/users/60a877e70d6c40e0a906b130775d6259 0.156s
2025-05-22 21:50:44.844 69515 INFO tempest.lib.common.dynamic_creds [-] Deleting project and security group for project: 23031ccef2e94ee1a9eca4370da0ca80
2025-05-22 21:50:44.960 69471 INFO tempest.lib.common.rest_client [req-77530ec6-2111-4876-bdf8-8796c32add92 req-77530ec6-2111-4876-bdf8-8796c32add92 ] Request (QuotasSecurityGroupAdminNegativeTest:tearDownClass): 204 DELETE http://10.180.1.21/identity/v3/projects/1bb7f6ca29a84dcf9e3c6991bfbc6574 0.127s
2025-05-22 21:50:44.960 69471 INFO tempest.lib.common.dynamic_creds [-] Deleting project and security group for project: ed8851e696a649b7b68fd304a47bee6a
2025-05-22 21:50:45.135 69515 INFO tempest.lib.common.rest_client [req-2e97c491-22ac-4f56-ac2e-1e9d8aaddd58 req-2e97c491-22ac-4f56-ac2e-1e9d8aaddd58 ] Request (FloatingIPsNegativeTestJSON:tearDownClass): 200 GET http://10.180.1.21:9696/networking/v2.0/security-groups?tenant_id=23031ccef2e94ee1a9eca4370da0ca80&name=default 0.291s
2025-05-22 21:50:45.141 69465 INFO tempest.lib.common.rest_client [req-da26e254-c8d6-4c99-9e94-b71d4ea7da74 req-da26e254-c8d6-4c99-9e94-b71d4ea7da74 ] Request (ServerDiagnosticsTest:tearDownClass): 200 GET http://10.180.1.21/compute/v2.1/servers/4c0f5ce7-ba5b-4000-b8ad-638d0b2fbf03 2.388s
2025-05-22 21:50:45.148 69496 INFO tempest.lib.common.rest_client [req-42c2a645-be37-4fc9-be83-f6e5c19522f9 req-42c2a645-be37-4fc9-be83-f6e5c19522f9 ] Request (MigrationsAdminTest:test_list_migrations_in_flavor_resize_situation): 200 GET http://10.180.1.21/compute/v2.1/servers/f8b20421-15d3-46f3-a504-172d044ff4d3 2.321s
2025-05-22 21:50:45.174 69463 INFO tempest.lib.common.rest_client [req-973e0804-78cc-49b3-baa7-13d149b12834 req-973e0804-78cc-49b3-baa7-13d149b12834 ] Request (FlavorsExtraSpecsTestJSON:tearDownClass): 200 GET http://10.180.1.21/compute/v2.1/flavors/detail 2.144s
2025-05-22 21:50:45.176 69501 INFO tempest.lib.common.rest_client [req-bf012688-2b11-4dea-bb33-d7a4fcb838ac req-bf012688-2b11-4dea-bb33-d7a4fcb838ac ] Request (ServicesAdminNegativeV253TestJSON:test_get_service_with_valid_service_and_invalid_host): 200 GET http://10.180.1.21/compute/v2.1/os-services 2.166s
2025-05-22 21:50:45.184 69507 INFO tempest.lib.common.rest_client [req-9884d5bb-c908-45c5-b588-3a59dd29ee94 req-9884d5bb-c908-45c5-b588-3a59dd29ee94 ] Request (AggregatesAdminNegativeTestJSON:test_aggregate_create_aggregate_name_length_exceeds_255): 400 POST http://10.180.1.21/compute/v2.1/os-aggregates 2.135s
2025-05-22 21:50:45.200 69475 INFO tempest.lib.common.rest_client [req-ecbc1479-ed07-4b78-93c8-942cde14accb req-ecbc1479-ed07-4b78-93c8-942cde14accb ] Request (FlavorsV2TestJSON:test_list_flavors_filter_by_min_ram): 200 GET http://10.180.1.21/compute/v2.1/flavors/42 2.122s
2025-05-22 21:50:45.208 69522 INFO tempest.lib.common.rest_client [req-0b1c093c-a960-4b8a-ad60-ca9cda971a0f req-0b1c093c-a960-4b8a-ad60-ca9cda971a0f ] Request (HypervisorAdminNegativeTestJSON:test_show_nonexistent_hypervisor): 404 GET http://10.180.1.21/compute/v2.1/os-hypervisors/aaf6f98b-e3ec-485e-8c5b-3baeea0786a8 2.123s
2025-05-22 21:50:45.228 69459 INFO tempest.lib.common.rest_client [req-6f9dc370-c604-4ebd-ac04-3212d7d41e7f req-6f9dc370-c604-4ebd-ac04-3212d7d41e7f ] Request (FlavorsAdminTestJSON:test_is_public_string_variations): 200 GET http://10.180.1.21/compute/v2.1/flavors/detail?is_public=yes 2.120s
2025-05-22 21:50:45.317 69463 INFO tempest.lib.common.rest_client [req-9d1f750e-2318-482a-8905-960cd017902a req-9d1f750e-2318-482a-8905-960cd017902a ] Request (FlavorsExtraSpecsTestJSON:tearDownClass): 204 DELETE http://10.180.1.21/identity/v3/users/78f3f44367ab4fe490cfe77160aa589c 0.133s
2025-05-22 21:50:45.319 69511 INFO tempest.lib.common.rest_client [req-4c3e177c-c680-4a0a-a0e0-9f7d47cad6fc req-4c3e177c-c680-4a0a-a0e0-9f7d47cad6fc ] Request (ServicesAdminNegativeTestJSON:tearDownClass): 200 GET http://10.180.1.21:9696/networking/v2.0/security-groups?tenant_id=597ed6a2b68244e085c27d14ebc5bf50&name=default 0.563s
2025-05-22 21:50:45.336 69481 INFO tempest.lib.common.rest_client [req-07efc277-6503-4d79-b2ba-944957da837c req-07efc277-6503-4d79-b2ba-944957da837c ] Request (ServerDiagnosticsNegativeTest:tearDownClass): 200 GET http://10.180.1.21/compute/v2.1/servers/f5a71cca-1e32-4c3c-9bb8-83e634a864f7 2.152s
2025-05-22 21:50:45.357 69509 INFO tempest.lib.common.rest_client [req-eefc8a77-5f17-4aea-8f09-2938a096589e req-eefc8a77-5f17-4aea-8f09-2938a096589e ] Request (KeyPairsNegativeTestJSON:test_create_keypair_invalid_name): 400 POST http://10.180.1.21/compute/v2.1/os-keypairs 2.294s
2025-05-22 21:50:45.368 69479 INFO tempest.lib.common.rest_client [req-fcc4ffbf-3fd4-4a06-905b-c1e9f86e70c0 req-fcc4ffbf-3fd4-4a06-905b-c1e9f86e70c0 ] Request (SecurityGroupsNegativeTestJSON:setUpClass): 201 POST http://10.180.1.21:9696/networking/v2.0/networks 0.823s
2025-05-22 21:50:45.414 69522 INFO tempest.lib.common.rest_client [req-36a86668-b448-4b92-9b8f-ab7adbf6f067 req-36a86668-b448-4b92-9b8f-ab7adbf6f067 ] Request (HypervisorAdminNegativeTestJSON:tearDownClass): 204 DELETE http://10.180.1.21/identity/v3/users/91313f05b8434dc2b305e4561e406829 0.205s
2025-05-22 21:50:45.415 69463 INFO tempest.lib.common.rest_client [req-77a7d5eb-0c58-42da-b2d4-2cbb61cc3f60 req-77a7d5eb-0c58-42da-b2d4-2cbb61cc3f60 ] Request (FlavorsExtraSpecsTestJSON:tearDownClass): 204 DELETE http://10.180.1.21/identity/v3/users/d3ccd474fea0477d8254017e25d395c8 0.097s
2025-05-22 21:50:45.415 69463 INFO tempest.lib.common.dynamic_creds [-] Deleting project and security group for project: e583109629af4b72a846a4a7d5123bd8
2025-05-22 21:50:45.430 69515 INFO tempest.lib.common.rest_client [req-571330a1-8c2b-42e4-be92-c329aad617a3 req-571330a1-8c2b-42e4-be92-c329aad617a3 ] Request (FloatingIPsNegativeTestJSON:tearDownClass): 204 DELETE http://10.180.1.21:9696/networking/v2.0/security-groups/ea64cecc-c59d-4e8e-8607-11aedbb989b8 0.294s
2025-05-22 21:50:45.461 69485 INFO tempest.lib.common.rest_client [req-7a7d52b6-2c67-4fe3-a202-3834f838a178 req-7a7d52b6-2c67-4fe3-a202-3834f838a178 ] Request (VolumesAssistedSnapshotsTest:test_volume_assisted_snapshot_create_delete): 200 GET http://10.180.1.21/compute/v2.1/servers/b41adb4d-5a5d-4e48-a4ed-6163e9c40e75 2.153s
2025-05-22 21:50:45.467 69471 INFO tempest.lib.common.rest_client [req-5453cb89-a303-45cb-8a4f-8eba25a8ede7 req-5453cb89-a303-45cb-8a4f-8eba25a8ede7 ] Request (QuotasSecurityGroupAdminNegativeTest:tearDownClass): 200 GET http://10.180.1.21:9696/networking/v2.0/security-groups?tenant_id=ed8851e696a649b7b68fd304a47bee6a&name=default 0.505s
2025-05-22 21:50:45.475 69463 INFO tempest.lib.common.rest_client [req-ad3ba9f8-e111-4cf8-82f7-1f739bead6a7 req-ad3ba9f8-e111-4cf8-82f7-1f739bead6a7 ] Request (FlavorsExtraSpecsTestJSON:tearDownClass): 201 POST http://10.180.1.21/identity/v3/auth/tokens 0.059s
2025-05-22 21:50:45.515 69511 INFO tempest.lib.common.rest_client [req-976d0052-6a01-495c-ae54-1e344dcbf7f2 req-976d0052-6a01-495c-ae54-1e344dcbf7f2 ] Request (ServicesAdminNegativeTestJSON:tearDownClass): 204 DELETE http://10.180.1.21:9696/networking/v2.0/security-groups/de0db8e7-dd09-4e3e-a60f-e1152d695515 0.196s
2025-05-22 21:50:45.537 69515 INFO tempest.lib.common.rest_client [req-57036b7e-f341-46f7-bf80-3c336af725c0 req-57036b7e-f341-46f7-bf80-3c336af725c0 ] Request (FloatingIPsNegativeTestJSON:tearDownClass): 204 DELETE http://10.180.1.21/identity/v3/projects/23031ccef2e94ee1a9eca4370da0ca80 0.106s
2025-05-22 21:50:45.537 69515 INFO tempest.test [-] raised in ComputeNetworksTest.setUpClass. Invoking tearDownClass.
2025-05-22 21:50:45.559 69522 INFO tempest.lib.common.rest_client [req-63ee9e6c-d7f0-46b0-86d5-033d1874e259 req-63ee9e6c-d7f0-46b0-86d5-033d1874e259 ] Request (HypervisorAdminNegativeTestJSON:tearDownClass): 204 DELETE http://10.180.1.21/identity/v3/users/0e2c35ba8cf54751938ebd32d0589074 0.144s
2025-05-22 21:50:45.560 69522 INFO tempest.lib.common.dynamic_creds [-] Deleting project and security group for project: b81b70f8d9b24225bb2213d6bcba8ef2
2025-05-22 21:50:45.564 69469 INFO tempest.lib.common.rest_client [req-28f0effb-15a8-421f-89e4-1d5a9ec85f3a req-28f0effb-15a8-421f-89e4-1d5a9ec85f3a ] Request (ImagesTestJSON:test_create_image_from_suspended_server): 200 GET http://10.180.1.21/compute/v2.1/servers/5d5ed70b-6de9-4fd9-8f22-10dc9aa1c28d 1.898s
2025-05-22 21:50:45.647 69515 INFO tempest.lib.common.rest_client [req-817e36fb-7c0e-47fd-8bd5-f7e58d036760 req-817e36fb-7c0e-47fd-8bd5-f7e58d036760 ] Request (TestVersions:setUpClass): 201 POST http://10.180.1.21/identity/v3/auth/tokens 0.107s
2025-05-22 21:50:45.650 69471 INFO tempest.lib.common.rest_client [req-66f0dbea-c513-44a9-90ca-d785be39fe52 req-66f0dbea-c513-44a9-90ca-d785be39fe52 ] Request (QuotasSecurityGroupAdminNegativeTest:tearDownClass): 204 DELETE http://10.180.1.21:9696/networking/v2.0/security-groups/d3e18c1a-e6c8-418a-8882-b6668a684d35 0.182s
2025-05-22 21:50:45.672 69511 INFO tempest.lib.common.rest_client [req-5ebaf40d-29b9-43d4-83cf-27d31c7cb8bf req-5ebaf40d-29b9-43d4-83cf-27d31c7cb8bf ] Request (ServicesAdminNegativeTestJSON:tearDownClass): 204 DELETE http://10.180.1.21/identity/v3/projects/597ed6a2b68244e085c27d14ebc5bf50 0.156s
2025-05-22 21:50:45.673 69511 INFO tempest.test [-] raised in ServerStableDeviceRescueTest.setUpClass. Invoking tearDownClass.
2025-05-22 21:50:45.681 69461 INFO tempest.lib.common.rest_client [req-deba8698-ad5a-41cb-8ef6-b775aebc4f76 req-deba8698-ad5a-41cb-8ef6-b775aebc4f76 ] Request (ServersWithSpecificFlavorTestJSON:test_verify_created_server_ephemeral_disk): 200 GET http://10.180.1.21/compute/v2.1/servers/dfb3061a-b4e7-4d8a-bd71-876c88ff32d0 2.009s
2025-05-22 21:50:45.726 69467 INFO tempest.lib.common.rest_client [req-da1564f0-a487-42dc-abb4-e1ba1e55346c req-da1564f0-a487-42dc-abb4-e1ba1e55346c ] Request (ImagesMetadataTestJSON:setUpClass): 200 GET http://10.180.1.21/compute/v2.1/images/86480e64-1bb6-4fe4-8fc9-755cbfd409cc 2.041s
2025-05-22 21:50:45.734 69522 INFO tempest.lib.common.rest_client [req-dadab7bf-67ac-4f94-8921-870c219d2ef0 req-dadab7bf-67ac-4f94-8921-870c219d2ef0 ] Request (HypervisorAdminNegativeTestJSON:tearDownClass): 201 POST http://10.180.1.21/identity/v3/auth/tokens 0.173s
2025-05-22 21:50:45.736 69479 INFO tempest.lib.common.rest_client [req-0401f660-a23d-4894-a3d4-30239fb887e6 req-0401f660-a23d-4894-a3d4-30239fb887e6 ] Request (SecurityGroupsNegativeTestJSON:setUpClass): 201 POST http://10.180.1.21:9696/networking/v2.0/subnets 0.367s
2025-05-22 21:50:45.745 69515 INFO tempest.lib.common.rest_client [req-326e2a27-aedb-4f57-90a4-31291270da4f req-326e2a27-aedb-4f57-90a4-31291270da4f ] Request (TestVersions:setUpClass): 201 POST http://10.180.1.21/identity/v3/auth/tokens 0.095s
2025-05-22 21:50:45.774 69511 INFO tempest.lib.common.rest_client [req-2948b62f-f328-4f5f-be9c-6e606bfc129e req-2948b62f-f328-4f5f-be9c-6e606bfc129e ] Request (ServerRescueNegativeTestJSON:setUpClass): 201 POST http://10.180.1.21/identity/v3/auth/tokens 0.094s
2025-05-22 21:50:45.792 69513 INFO tempest.lib.common.rest_client [req-09575c19-f270-4119-b3a2-b3606ac27450 req-09575c19-f270-4119-b3a2-b3606ac27450 ] Request (ServerAddressesNegativeTestJSON:tearDownClass): 200 PUT http://10.180.1.21:9696/networking/v2.0/routers/ad1bf629-9866-45e4-99fa-7c31ee98da70/remove_router_interface 4.014s
2025-05-22 21:50:45.810 69471 INFO tempest.lib.common.rest_client [req-3509c1f9-352f-47a3-8452-93ecca7d9275 req-3509c1f9-352f-47a3-8452-93ecca7d9275 ] Request (QuotasSecurityGroupAdminNegativeTest:tearDownClass): 204 DELETE http://10.180.1.21/identity/v3/projects/ed8851e696a649b7b68fd304a47bee6a 0.156s
2025-05-22 21:50:45.858 69517 INFO tempest.lib.common.rest_client [req-b3fa76c7-3d2d-43ed-950e-13bac9c539ce req-b3fa76c7-3d2d-43ed-950e-13bac9c539ce ] Request (ImagesOneServerTestJSON:setUpClass): 200 GET http://10.180.1.21/compute/v2.1/servers/7a8fcc85-7f53-46fd-ad72-faea95991df1 1.824s
2025-05-22 21:50:45.868 69515 INFO tempest.lib.common.rest_client [req-c376d900-6fd8-424d-8630-cd7824990a36 req-c376d900-6fd8-424d-8630-cd7824990a36 ] Request (TestVersions:setUpClass): 200 GET http://10.180.1.21/identity/v3/domains?name=Default 0.122s
2025-05-22 21:50:45.912 69471 INFO tempest.lib.common.rest_client [req-58415052-b538-4adb-a453-ab5e5a8ece20 req-58415052-b538-4adb-a453-ab5e5a8ece20 ] Request (ImagesOneServerNegativeTestJSON:setUpClass): 201 POST http://10.180.1.21/identity/v3/auth/tokens 0.101s
2025-05-22 21:50:45.912 69511 INFO tempest.lib.common.rest_client [req-0d3ddd41-c89e-4644-a76e-e8c7ce07b4fc req-0d3ddd41-c89e-4644-a76e-e8c7ce07b4fc ] Request (ServerRescueNegativeTestJSON:setUpClass): 201 POST http://10.180.1.21/identity/v3/auth/tokens 0.134s
2025-05-22 21:50:45.948 69511 INFO tempest.lib.common.rest_client [req-1021ee38-28ba-403e-a776-bcef9b29c974 req-1021ee38-28ba-403e-a776-bcef9b29c974 ] Request (ServerRescueNegativeTestJSON:setUpClass): 200 GET http://10.180.1.21/identity/v3/domains?name=Default 0.035s
2025-05-22 21:50:45.959 69515 INFO tempest.lib.common.rest_client [req-855d42b0-7a4e-4036-b93f-d4279089b59a req-855d42b0-7a4e-4036-b93f-d4279089b59a ] Request (TestVersions:setUpClass): 201 POST http://10.180.1.21/identity/v3/projects 0.087s
2025-05-22 21:50:45.986 69491 INFO tempest.lib.common.rest_client [req-9691f599-55c9-4cfa-92e1-99df0208253e req-9691f599-55c9-4cfa-92e1-99df0208253e ] Request (SecurityGroupRulesTestJSON:test_security_group_rules_list): 200 POST http://10.180.1.21/compute/v2.1/os-security-groups 2.706s
2025-05-22 21:50:46.040 69471 INFO tempest.lib.common.rest_client [req-7400a971-b69f-4a14-8fd4-c569f9d71d72 req-7400a971-b69f-4a14-8fd4-c569f9d71d72 ] Request (ImagesOneServerNegativeTestJSON:setUpClass): 201 POST http://10.180.1.21/identity/v3/auth/tokens 0.123s
2025-05-22 21:50:46.053 69463 INFO tempest.lib.common.rest_client [req-03796373-739f-4c3d-b9ec-5c2e35485006 req-03796373-739f-4c3d-b9ec-5c2e35485006 ] Request (FlavorsExtraSpecsTestJSON:tearDownClass): 200 GET http://10.180.1.21:9696/networking/v2.0/security-groups?tenant_id=e583109629af4b72a846a4a7d5123bd8&name=default 0.578s
2025-05-22 21:50:46.075 69511 INFO tempest.lib.common.rest_client [req-f015c72a-806e-4990-b2fe-7075933ef891 req-f015c72a-806e-4990-b2fe-7075933ef891 ] Request (ServerRescueNegativeTestJSON:setUpClass): 201 POST http://10.180.1.21/identity/v3/projects 0.126s
2025-05-22 21:50:46.079 69515 INFO tempest.lib.common.rest_client [req-14cdf654-4e1f-4958-9403-1b90ceaf9cf1 req-14cdf654-4e1f-4958-9403-1b90ceaf9cf1 ] Request (TestVersions:setUpClass): 201 POST http://10.180.1.21/identity/v3/users 0.119s
2025-05-22 21:50:46.135 69511 INFO tempest.lib.common.rest_client [req-ae6c1210-9762-4210-9f89-bddb1d2a07e5 req-ae6c1210-9762-4210-9f89-bddb1d2a07e5 ] Request (ServerRescueNegativeTestJSON:setUpClass): 201 POST http://10.180.1.21/identity/v3/users 0.059s
2025-05-22 21:50:46.152 69515 INFO tempest.lib.common.rest_client [req-461c85c1-479f-4738-920b-98f18acb3a51 req-461c85c1-479f-4738-920b-98f18acb3a51 ] Request (TestVersions:setUpClass): 200 GET http://10.180.1.21/identity/v3/roles 0.072s
2025-05-22 21:50:46.161 69471 INFO tempest.lib.common.rest_client [req-03cc9b85-6420-4e8b-bb35-4bcd485a32b0 req-03cc9b85-6420-4e8b-bb35-4bcd485a32b0 ] Request (ImagesOneServerNegativeTestJSON:setUpClass): 200 GET http://10.180.1.21/identity/v3/domains?name=Default 0.120s
2025-05-22 21:50:46.170 69511 INFO tempest.lib.common.rest_client [req-36da6c1f-4d65-4f6b-b768-1887b340efd3 req-36da6c1f-4d65-4f6b-b768-1887b340efd3 ] Request (ServerRescueNegativeTestJSON:setUpClass): 200 GET http://10.180.1.21/identity/v3/roles 0.035s
2025-05-22 21:50:46.185 69515 INFO tempest.lib.common.rest_client [req-ec1aea77-cbf3-44d5-9c8f-f81cb48013bf req-ec1aea77-cbf3-44d5-9c8f-f81cb48013bf ] Request (TestVersions:setUpClass): 204 PUT http://10.180.1.21/identity/v3/projects/dde0deca5f6f4ed68c320ed522627df5/users/6ecff71cf6494964bdf50a9e72dc9f4c/roles/862171c0d4e2480ca37d12d9a2587538 0.033s
2025-05-22 21:50:46.185 69515 INFO tempest.lib.common.dynamic_creds [-] Dynamic test user 6ecff71cf6494964bdf50a9e72dc9f4c is created with scope project and roles: ['member']
2025-05-22 21:50:46.185 69515 INFO tempest.lib.common.dynamic_creds [-] Acquired dynamic creds: credentials: Credentials: {'domain_id': 'default', 'domain_name': 'Default', 'username': 'tempest-TestVersions-1108310214-project-member', 'project_domain_id': 'default', 'project_domain_name': 'Default', 'project_id': 'dde0deca5f6f4ed68c320ed522627df5', 'project_name': 'tempest-TestVersions-1108310214', 'tenant_id': 'dde0deca5f6f4ed68c320ed522627df5', 'tenant_name': 'tempest-TestVersions-1108310214', 'user_domain_id': 'default', 'user_domain_name': 'Default', 'user_id': '6ecff71cf6494964bdf50a9e72dc9f4c', 'system': None}, Network: None, Subnet: None, Router: None
2025-05-22 21:50:46.186 69515 INFO tempest.lib.common.dynamic_creds [-] Created isolated network resources for: credentials: Credentials: {'domain_id': 'default', 'domain_name': 'Default', 'username': 'tempest-TestVersions-1108310214-project-member', 'project_domain_id': 'default', 'project_domain_name': 'Default', 'project_id': 'dde0deca5f6f4ed68c320ed522627df5', 'project_name': 'tempest-TestVersions-1108310214', 'tenant_id': 'dde0deca5f6f4ed68c320ed522627df5', 'tenant_name': 'tempest-TestVersions-1108310214', 'user_domain_id': 'default', 'user_domain_name': 'Default', 'user_id': '6ecff71cf6494964bdf50a9e72dc9f4c', 'system': None}, Network: None, Subnet: None, Router: None
2025-05-22 21:50:46.199 69471 INFO tempest.lib.common.rest_client [req-6db52168-cb7d-439e-97f2-a0e15b06d2a0 req-6db52168-cb7d-439e-97f2-a0e15b06d2a0 ] Request (ImagesOneServerNegativeTestJSON:setUpClass): 201 POST http://10.180.1.21/identity/v3/projects 0.036s
2025-05-22 21:50:46.287 69522 INFO tempest.lib.common.rest_client [req-d6a9bd03-e391-4a15-bf94-a9d6e676afa5 req-d6a9bd03-e391-4a15-bf94-a9d6e676afa5 ] Request (HypervisorAdminNegativeTestJSON:tearDownClass): 200 GET http://10.180.1.21:9696/networking/v2.0/security-groups?tenant_id=b81b70f8d9b24225bb2213d6bcba8ef2&name=default 0.552s
2025-05-22 21:50:46.308 69511 INFO tempest.lib.common.rest_client [req-61915e62-87f2-447b-9e92-88ae42891870 req-61915e62-87f2-447b-9e92-88ae42891870 ] Request (ServerRescueNegativeTestJSON:setUpClass): 204 PUT http://10.180.1.21/identity/v3/projects/3b0ecb40a6764bd3bc720e3ee371d3fc/users/0df4cd676e844119b4d4d7010b49704c/roles/862171c0d4e2480ca37d12d9a2587538 0.137s
2025-05-22 21:50:46.308 69511 INFO tempest.lib.common.dynamic_creds [-] Dynamic test user 0df4cd676e844119b4d4d7010b49704c is created with scope project and roles: ['member']
2025-05-22 21:50:46.308 69511 INFO tempest.lib.common.dynamic_creds [-] Acquired dynamic creds: credentials: Credentials: {'domain_id': 'default', 'domain_name': 'Default', 'username': 'tempest-ServerRescueNegativeTestJSON-443950041-project-member', 'project_domain_id': 'default', 'project_domain_name': 'Default', 'project_id': '3b0ecb40a6764bd3bc720e3ee371d3fc', 'project_name': 'tempest-ServerRescueNegativeTestJSON-443950041', 'tenant_id': '3b0ecb40a6764bd3bc720e3ee371d3fc', 'tenant_name': 'tempest-ServerRescueNegativeTestJSON-443950041', 'user_domain_id': 'default', 'user_domain_name': 'Default', 'user_id': '0df4cd676e844119b4d4d7010b49704c', 'system': None}, Network: None, Subnet: None, Router: None
2025-05-22 21:50:46.309 69515 INFO tempest.lib.common.rest_client [req-f24bd273-6842-4cf1-b978-09d480e543aa req-f24bd273-6842-4cf1-b978-09d480e543aa ] Request (TestVersions:setUpClass): 201 POST http://10.180.1.21/identity/v3/auth/tokens 0.117s
2025-05-22 21:50:46.354 69497 INFO tempest.lib.common.rest_client [req-0db9a8e6-a34d-4892-a13a-20f91e08d631 req-0db9a8e6-a34d-4892-a13a-20f91e08d631 ] Request (DeleteServersAdminTestJSON:test_admin_delete_servers_of_others): 200 GET http://10.180.1.21/compute/v2.1/servers/fa5997fa-817c-42b6-a7fa-b3b85a109b6d 2.308s
2025-05-22 21:50:46.364 69487 INFO tempest.lib.common.rest_client [req-5db8a8fb-ff3f-47f7-ac77-48b13bbb0669 req-5db8a8fb-ff3f-47f7-ac77-48b13bbb0669 ] Request (ListServersNegativeTestJSON:setUpClass): 204 DELETE http://10.180.1.21/compute/v2.1/servers/5d998742-aa79-4b5b-8448-16ae18fa7b35 2.175s
2025-05-22 21:50:46.368 69511 INFO tempest.lib.common.rest_client [req-f1771fc8-bd82-4918-a15c-2d304a3e3ecd req-f1771fc8-bd82-4918-a15c-2d304a3e3ecd ] Request (ServerRescueNegativeTestJSON:setUpClass): 201 POST http://10.180.1.21/identity/v3/auth/tokens 0.060s
2025-05-22 21:50:46.382 69471 INFO tempest.lib.common.rest_client [req-7868161a-0d6e-47c0-9b6b-c77b83949473 req-7868161a-0d6e-47c0-9b6b-c77b83949473 ] Request (ImagesOneServerNegativeTestJSON:setUpClass): 201 POST http://10.180.1.21/identity/v3/users 0.182s
2025-05-22 21:50:46.407 69471 INFO tempest.lib.common.rest_client [req-24ac4117-f05f-4f7e-8938-1a6e0058aab5 req-24ac4117-f05f-4f7e-8938-1a6e0058aab5 ] Request (ImagesOneServerNegativeTestJSON:setUpClass): 200 GET http://10.180.1.21/identity/v3/roles 0.025s
2025-05-22 21:50:46.456 69473 INFO tempest.lib.common.rest_client [req-428d222f-4f98-4300-92b0-7f506b9eb5ab req-428d222f-4f98-4300-92b0-7f506b9eb5ab ] Request (ServersAdminNegativeTestJSON:test_migrate_server_invalid_state): 200 GET http://10.180.1.21/compute/v2.1/servers/f4387f56-2438-4373-bcf5-7aee060b0d8c 2.019s
2025-05-22 21:50:46.485 69471 INFO tempest.lib.common.rest_client [req-bd7d6ec2-2826-4e69-8c9e-5ce7cf6f9054 req-bd7d6ec2-2826-4e69-8c9e-5ce7cf6f9054 ] Request (ImagesOneServerNegativeTestJSON:setUpClass): 204 PUT http://10.180.1.21/identity/v3/projects/b1aba46112eb4f38a601dcc68f7151d9/users/552c7635a7004101a584e2447add3d27/roles/862171c0d4e2480ca37d12d9a2587538 0.077s
2025-05-22 21:50:46.486 69471 INFO tempest.lib.common.dynamic_creds [-] Dynamic test user 552c7635a7004101a584e2447add3d27 is created with scope project and roles: ['member']
2025-05-22 21:50:46.487 69471 INFO tempest.lib.common.dynamic_creds [-] Acquired dynamic creds: credentials: Credentials: {'domain_id': 'default', 'domain_name': 'Default', 'username': 'tempest-ImagesOneServerNegativeTestJSON-412142896-project-member', 'project_domain_id': 'default', 'project_domain_name': 'Default', 'project_id': 'b1aba46112eb4f38a601dcc68f7151d9', 'project_name': 'tempest-ImagesOneServerNegativeTestJSON-412142896', 'tenant_id': 'b1aba46112eb4f38a601dcc68f7151d9', 'tenant_name': 'tempest-ImagesOneServerNegativeTestJSON-412142896', 'user_domain_id': 'default', 'user_domain_name': 'Default', 'user_id': '552c7635a7004101a584e2447add3d27', 'system': None}, Network: None, Subnet: None, Router: None
2025-05-22 21:50:46.541 69463 INFO tempest.lib.common.rest_client [req-17f7f102-ce71-4524-b919-30d1998b201e req-17f7f102-ce71-4524-b919-30d1998b201e ] Request (FlavorsExtraSpecsTestJSON:tearDownClass): 204 DELETE http://10.180.1.21:9696/networking/v2.0/security-groups/4231ebff-6069-4b4d-b07b-7be4de17533a 0.488s
2025-05-22 21:50:46.564 69500 INFO tempest.lib.common.rest_client [req-317971dd-0f4e-435e-b758-3a3970bb74cc req-317971dd-0f4e-435e-b758-3a3970bb74cc ] Request (ImagesNegativeTestJSON:test_create_image_from_deleted_server): 200 GET http://10.180.1.21/compute/v2.1/servers/eb6e8ba7-7ebd-48ec-b536-7e0468011057 1.994s
2025-05-22 21:50:46.584 69483 INFO tempest.lib.common.rest_client [req-129d79fe-71c0-4ef3-867b-f71391bd6c10 req-129d79fe-71c0-4ef3-867b-f71391bd6c10 ] Request (QuotasAdminTestJSON:test_get_updated_quotas): 200 GET http://10.180.1.21/compute/v2.1/os-quota-sets/8733a2247c90406da1f629d6c5dd2eec?user_id=d0e967ecd8e545e6b6eca6dec1d4cfc0 2.113s
2025-05-22 21:50:46.590 69507 INFO tempest.lib.common.rest_client [req-957cee98-b1ea-4bac-b337-7ce12cca5e8c req-957cee98-b1ea-4bac-b337-7ce12cca5e8c ] Request (AggregatesAdminNegativeTestJSON:test_aggregate_create_aggregate_name_length_less_than_1): 400 POST http://10.180.1.21/compute/v2.1/os-aggregates 1.405s
2025-05-22 21:50:46.595 69471 INFO tempest.lib.common.rest_client [req-1efa51c2-f57e-4f05-9104-c5daf0c9fb03 req-1efa51c2-f57e-4f05-9104-c5daf0c9fb03 ] Request (ImagesOneServerNegativeTestJSON:setUpClass): 201 POST http://10.180.1.21/identity/v3/auth/tokens 0.108s
2025-05-22 21:50:46.600 69501 INFO tempest.lib.common.rest_client [req-5878a1bd-5a59-4124-8529-c5798ae98f10 req-5878a1bd-5a59-4124-8529-c5798ae98f10 ] Request (ServicesAdminNegativeV253TestJSON:test_get_service_with_valid_service_and_invalid_host): 200 GET http://10.180.1.21/compute/v2.1/os-services?host=xxx&binary=nova-scheduler 1.422s
2025-05-22 21:50:46.637 69475 INFO tempest.lib.common.rest_client [req-fead6820-4cd5-4067-aad0-0d728c0a9399 req-fead6820-4cd5-4067-aad0-0d728c0a9399 ] Request (FlavorsV2TestJSON:test_list_flavors_filter_by_min_ram): 200 GET http://10.180.1.21/compute/v2.1/flavors?minRam=193 1.432s
2025-05-22 21:50:46.657 69463 INFO tempest.lib.common.rest_client [req-faaa838f-30a6-4c08-8f0a-93610698a857 req-faaa838f-30a6-4c08-8f0a-93610698a857 ] Request (FlavorsExtraSpecsTestJSON:tearDownClass): 204 DELETE http://10.180.1.21/identity/v3/projects/e583109629af4b72a846a4a7d5123bd8 0.115s
2025-05-22 21:50:46.657 69459 INFO tempest.lib.common.rest_client [req-49daee2f-a5ae-40d4-a4fe-b62eb040337c req-49daee2f-a5ae-40d4-a4fe-b62eb040337c ] Request (FlavorsAdminTestJSON:test_is_public_string_variations): 200 GET http://10.180.1.21/compute/v2.1/flavors/detail?is_public=1 1.421s
2025-05-22 21:50:46.657 69463 INFO tempest.lib.common.dynamic_creds [-] Deleting project and security group for project: 044f12d173e14b4fa5676c3d54638d67
2025-05-22 21:50:46.685 69522 INFO tempest.lib.common.rest_client [req-f76f3db5-ab2c-4ff0-8e90-603dc88bc85e req-f76f3db5-ab2c-4ff0-8e90-603dc88bc85e ] Request (HypervisorAdminNegativeTestJSON:tearDownClass): 204 DELETE http://10.180.1.21:9696/networking/v2.0/security-groups/9ff4b996-a305-4a45-8ab7-e484e1568563 0.397s
2025-05-22 21:50:46.724 69483 INFO tempest.lib.common.rest_client [req-1b3f8900-2ada-46b1-ae3e-900cf9bcc2ef req-1b3f8900-2ada-46b1-ae3e-900cf9bcc2ef ] Request (QuotasAdminTestJSON:_run_cleanups): 204 DELETE http://10.180.1.21/identity/v3/users/d0e967ecd8e545e6b6eca6dec1d4cfc0 0.137s
2025-05-22 21:50:46.728 69519 INFO tempest.lib.common.rest_client [req-1f16ecb3-b663-4901-a114-e41bdaf48ff8 req-1f16ecb3-b663-4901-a114-e41bdaf48ff8 ] Request (ServersV294TestFqdnHostnames:setUpClass): 200 GET http://10.180.1.21/compute/v2.1/servers/62413635-6f32-4539-b9ee-6ebe50733cf1 1.536s
2025-05-22 21:50:46.730 69505 INFO tempest.lib.common.rest_client [req-32dabdb9-1865-4613-8973-63720ef0cf43 req-32dabdb9-1865-4613-8973-63720ef0cf43 ] Request (InstanceActionsV221TestJSON:test_get_list_deleted_instance_actions): 200 GET http://10.180.1.21/compute/v2.1/servers/dffe1923-6324-415c-9e38-680e2b213dca 1.422s
2025-05-22 21:50:46.778 69509 INFO tempest.lib.common.rest_client [req-125aad6c-7f7a-425d-a102-b796b53010ab req-125aad6c-7f7a-425d-a102-b796b53010ab ] Request (KeyPairsNegativeTestJSON:test_create_keypair_when_public_key_bits_exceeds_maximum): 400 POST http://10.180.1.21/compute/v2.1/os-keypairs 1.418s
2025-05-22 21:50:46.855 69522 INFO tempest.lib.common.rest_client [req-a0a0abbd-a2cc-44af-8529-83e81c635a7f req-a0a0abbd-a2cc-44af-8529-83e81c635a7f ] Request (HypervisorAdminNegativeTestJSON:tearDownClass): 204 DELETE http://10.180.1.21/identity/v3/projects/b81b70f8d9b24225bb2213d6bcba8ef2 0.169s
2025-05-22 21:50:46.855 69522 INFO tempest.lib.common.dynamic_creds [-] Deleting project and security group for project: de0b33ad172f42f8918b52bbe2118232
2025-05-22 21:50:46.916 69483 INFO tempest.lib.common.rest_client [req-c721263f-b45a-4626-9d76-e80008d4c188 req-c721263f-b45a-4626-9d76-e80008d4c188 ] Request (QuotasAdminTestJSON:_run_cleanups): 204 DELETE http://10.180.1.21/identity/v3/projects/8733a2247c90406da1f629d6c5dd2eec 0.191s
2025-05-22 21:50:46.958 69513 INFO tempest.lib.common.rest_client [req-9373ba22-17f8-4c74-a0f1-d5eda61bbd2c req-9373ba22-17f8-4c74-a0f1-d5eda61bbd2c ] Request (ServerAddressesNegativeTestJSON:tearDownClass): 204 DELETE http://10.180.1.21:9696/networking/v2.0/routers/ad1bf629-9866-45e4-99fa-7c31ee98da70 1.166s
2025-05-22 21:50:47.065 69467 INFO tempest.lib.common.rest_client [req-893e80d4-0853-4a04-b068-a89e4559e60f req-893e80d4-0853-4a04-b068-a89e4559e60f ] Request (ImagesMetadataTestJSON:setUp): 200 PUT http://10.180.1.21/compute/v2.1/images/86480e64-1bb6-4fe4-8fc9-755cbfd409cc/metadata 1.330s
2025-05-22 21:50:47.150 69511 INFO tempest.lib.common.rest_client [req-9f60027f-539e-42a8-bab3-7cf7ab80d2ad req-9f60027f-539e-42a8-bab3-7cf7ab80d2ad ] Request (ServerRescueNegativeTestJSON:setUpClass): 201 POST http://10.180.1.21:9696/networking/v2.0/networks 0.781s
2025-05-22 21:50:47.243 69463 INFO tempest.lib.common.rest_client [req-c49f4af1-db13-4b10-a512-5554f8ac0378 req-c49f4af1-db13-4b10-a512-5554f8ac0378 ] Request (FlavorsExtraSpecsTestJSON:tearDownClass): 200 GET http://10.180.1.21:9696/networking/v2.0/security-groups?tenant_id=044f12d173e14b4fa5676c3d54638d67&name=default 0.586s
2025-05-22 21:50:47.264 69477 INFO tempest.lib.common.rest_client [req-8aba5d5c-4a50-4803-8950-20fa391f818d req-8aba5d5c-4a50-4803-8950-20fa391f818d ] Request (ServerDiagnosticsV248Test:test_get_server_diagnostics): 200 GET http://10.180.1.21/compute/v2.1/servers/6a29d495-c938-41ad-97b6-1331b6eff589/diagnostics 1.788s
2025-05-22 21:50:47.271 69513 INFO tempest.lib.common.rest_client [req-6d8dabd7-e82f-4349-b6f1-640e5057649b req-6d8dabd7-e82f-4349-b6f1-640e5057649b ] Request (ServerAddressesNegativeTestJSON:tearDownClass): 204 DELETE http://10.180.1.21:9696/networking/v2.0/subnets/76c5b618-58f2-4d0d-949a-e02d26caec82 0.313s
2025-05-22 21:50:47.431 69463 INFO tempest.lib.common.rest_client [req-ba22692b-7617-43c7-9c4d-00a1d6236e96 req-ba22692b-7617-43c7-9c4d-00a1d6236e96 ] Request (FlavorsExtraSpecsTestJSON:tearDownClass): 204 DELETE http://10.180.1.21:9696/networking/v2.0/security-groups/d5b10ebf-fd02-46f3-9b13-ffdb83d62be3 0.187s
2025-05-22 21:50:47.482 69511 INFO tempest.lib.common.rest_client [req-b8b047fe-aa8c-46da-9f49-aba5622d50f8 req-b8b047fe-aa8c-46da-9f49-aba5622d50f8 ] Request (ServerRescueNegativeTestJSON:setUpClass): 201 POST http://10.180.1.21:9696/networking/v2.0/subnets 0.330s
2025-05-22 21:50:47.563 69493 INFO tempest.lib.common.rest_client [req-73bac83a-5866-4f50-8343-55ca45901eb1 req-73bac83a-5866-4f50-8343-55ca45901eb1 ] Request (ServersAdminTestJSON:setUpClass): 200 PUT http://10.180.1.21:9696/networking/v2.0/routers/55fec054-f320-45c0-ad6c-c2749048971a/add_router_interface 5.337s
2025-05-22 21:50:47.563 69493 INFO tempest.lib.common.dynamic_creds [-] Created isolated network resources for: credentials: Credentials: {'domain_id': 'default', 'domain_name': 'Default', 'username': 'tempest-ServersAdminTestJSON-1916382444-project-admin', 'project_domain_id': 'default', 'project_domain_name': 'Default', 'project_id': 'cfe7d15acd234ba38851f5045c41d814', 'project_name': 'tempest-ServersAdminTestJSON-1916382444', 'tenant_id': 'cfe7d15acd234ba38851f5045c41d814', 'tenant_name': 'tempest-ServersAdminTestJSON-1916382444', 'user_domain_id': 'default', 'user_domain_name': 'Default', 'user_id': 'bcd50f685c5c437fa483f7529ac05625', 'system': None}, Network: {'id': 'f9c053a7-eaf8-4b52-98cf-de9be521027e', 'name': 'tempest-ServersAdminTestJSON-2049278738-network', 'tenant_id': 'cfe7d15acd234ba38851f5045c41d814', 'admin_state_up': True, 'mtu': 8950, 'status': 'ACTIVE', 'subnets': [], 'shared': False, 'project_id': 'cfe7d15acd234ba38851f5045c41d814', 'port_security_enabled': True, 'router:external': False, 'provider:network_type': 'vlan', 'provider:physical_network': 'default', 'provider:segmentation_id': 815, 'is_default': False, 'availability_zone_hints': [], 'availability_zones': [], 'ipv4_address_scope': None, 'ipv6_address_scope': None, 'description': '', 'tags': [], 'created_at': '2025-05-22T21:50:38Z', 'updated_at': '2025-05-22T21:50:38Z', 'revision_number': 1}, Subnet: {'id': '92567c19-c83b-4056-8f3c-da82ab21776f', 'name': 'tempest-ServersAdminTestJSON-2049278738-subnet', 'tenant_id': 'cfe7d15acd234ba38851f5045c41d814', 'network_id': 'f9c053a7-eaf8-4b52-98cf-de9be521027e', 'ip_version': 4, 'subnetpool_id': None, 'enable_dhcp': True, 'ipv6_ra_mode': None, 'ipv6_address_mode': None, 'gateway_ip': '192.168.128.1', 'cidr': '192.168.128.0/28', 'allocation_pools': [{'start': '192.168.128.2', 'end': '192.168.128.14'}], 'host_routes': [], 'dns_nameservers': [], 'description': '', 'router:external': False, 'service_types': [], 'tags': [], 'created_at': '2025-05-22T21:50:38Z', 'updated_at': '2025-05-22T21:50:38Z', 'revision_number': 0, 'project_id': 'cfe7d15acd234ba38851f5045c41d814'}, Router: {'id': '55fec054-f320-45c0-ad6c-c2749048971a', 'name': 'tempest-ServersAdminTestJSON-2049278738-router', 'tenant_id': 'cfe7d15acd234ba38851f5045c41d814', 'admin_state_up': True, 'status': 'ACTIVE', 'external_gateway_info': {'network_id': '559372f5-b60d-48f0-b3b2-7e495a177b1b', 'external_fixed_ips': [{'subnet_id': '0e6feab3-80ea-4e77-87ac-6a5571bd5601', 'ip_address': '10.180.180.214'}], 'enable_snat': True}, 'description': '', 'availability_zones': [], 'distributed': False, 'ha': False, 'availability_zone_hints': [], 'routes': [], 'flavor_id': None, 'tags': [], 'created_at': '2025-05-22T21:50:39Z', 'updated_at': '2025-05-22T21:50:40Z', 'revision_number': 2, 'project_id': 'cfe7d15acd234ba38851f5045c41d814'}
2025-05-22 21:50:47.583 69522 INFO tempest.lib.common.rest_client [req-2f64729e-51a3-4201-b2f2-75160146f5e7 req-2f64729e-51a3-4201-b2f2-75160146f5e7 ] Request (HypervisorAdminNegativeTestJSON:tearDownClass): 200 GET http://10.180.1.21:9696/networking/v2.0/security-groups?tenant_id=de0b33ad172f42f8918b52bbe2118232&name=default 0.727s
2025-05-22 21:50:47.602 69463 INFO tempest.lib.common.rest_client [req-e043ecd5-5d9d-476a-819c-5cae28e0045b req-e043ecd5-5d9d-476a-819c-5cae28e0045b ] Request (FlavorsExtraSpecsTestJSON:tearDownClass): 204 DELETE http://10.180.1.21/identity/v3/projects/044f12d173e14b4fa5676c3d54638d67 0.171s
2025-05-22 21:50:47.674 69463 INFO tempest.lib.common.rest_client [req-eb670d8d-130c-4c91-897b-be273d806d8d req-eb670d8d-130c-4c91-897b-be273d806d8d ] Request (HypervisorAdminNegativeUnderV252Test:setUpClass): 201 POST http://10.180.1.21/identity/v3/auth/tokens 0.070s
2025-05-22 21:50:47.679 69493 INFO tempest.lib.common.rest_client [req-889e0d3b-5a88-4997-96d6-fd6312771a81 req-889e0d3b-5a88-4997-96d6-fd6312771a81 ] Request (ServersAdminTestJSON:setUpClass): 201 POST http://10.180.1.21/identity/v3/auth/tokens 0.113s
2025-05-22 21:50:47.711 69463 INFO tempest.lib.common.rest_client [req-72e99915-0e5a-4205-9f63-9d19ccdb79f2 req-72e99915-0e5a-4205-9f63-9d19ccdb79f2 ] Request (HypervisorAdminNegativeUnderV252Test:setUpClass): 201 POST http://10.180.1.21/identity/v3/auth/tokens 0.034s
2025-05-22 21:50:47.734 69463 INFO tempest.lib.common.rest_client [req-2eabbb4a-5a02-41b9-a23a-e3f16df4a206 req-2eabbb4a-5a02-41b9-a23a-e3f16df4a206 ] Request (HypervisorAdminNegativeUnderV252Test:setUpClass): 200 GET http://10.180.1.21/identity/v3/domains?name=Default 0.023s
2025-05-22 21:50:47.749 69513 INFO tempest.lib.common.rest_client [req-e3e18aea-d636-45f6-af9e-5be75a38b497 req-e3e18aea-d636-45f6-af9e-5be75a38b497 ] Request (ServerAddressesNegativeTestJSON:tearDownClass): 204 DELETE http://10.180.1.21:9696/networking/v2.0/networks/687d9f41-b862-4859-8095-06c0af44496e 0.477s
2025-05-22 21:50:47.754 69493 INFO tempest.lib.common.rest_client [req-4a2ada38-5336-4e89-8ec9-262fdee00710 req-4a2ada38-5336-4e89-8ec9-262fdee00710 ] Request (ServersAdminTestJSON:setUpClass): 201 POST http://10.180.1.21/identity/v3/auth/tokens 0.071s
2025-05-22 21:50:47.755 69493 INFO tempest.lib.common.fixed_network [-] (ServersAdminTestJSON:setUpClass) Found network {'id': '7b2aef2b-f1d1-4a48-aed5-7a27e1991aa5', 'name': 'tempest-ServersAdminTestJSON-7471540-network', 'tenant_id': '40450a7e73914cca907af19a432cba9c', 'admin_state_up': True, 'mtu': 8950, 'status': 'ACTIVE', 'subnets': [], 'shared': False, 'project_id': '40450a7e73914cca907af19a432cba9c', 'port_security_enabled': True, 'router:external': False, 'provider:network_type': 'vlan', 'provider:physical_network': 'default', 'provider:segmentation_id': 462, 'is_default': False, 'availability_zone_hints': [], 'availability_zones': [], 'ipv4_address_scope': None, 'ipv6_address_scope': None, 'description': '', 'tags': [], 'created_at': '2025-05-22T21:50:34Z', 'updated_at': '2025-05-22T21:50:34Z', 'revision_number': 1} available for tenant
2025-05-22 21:50:47.766 69463 INFO tempest.lib.common.rest_client [req-30d7a4e1-f6fd-4e86-baef-a50f5b8cd768 req-30d7a4e1-f6fd-4e86-baef-a50f5b8cd768 ] Request (HypervisorAdminNegativeUnderV252Test:setUpClass): 201 POST http://10.180.1.21/identity/v3/projects 0.031s
2025-05-22 21:50:47.798 69496 INFO tempest.lib.common.rest_client [req-d831b52f-f06c-470d-978d-2a56f4e58d05 req-d831b52f-f06c-470d-978d-2a56f4e58d05 ] Request (MigrationsAdminTest:test_list_migrations_in_flavor_resize_situation): 200 GET http://10.180.1.21/compute/v2.1/servers/f8b20421-15d3-46f3-a504-172d044ff4d3 1.642s
2025-05-22 21:50:47.821 69513 INFO tempest.lib.common.rest_client [req-c08ce75f-b903-440a-be28-9af4cc268a3f req-c08ce75f-b903-440a-be28-9af4cc268a3f ] Request (ServerAddressesNegativeTestJSON:tearDownClass): 204 DELETE http://10.180.1.21/identity/v3/users/7d367314b43b4c4b845818a97c63f6e2 0.071s
2025-05-22 21:50:47.821 69513 INFO tempest.lib.common.dynamic_creds [-] Deleting project and security group for project: 77d56f53ff9f47d083c9d6bb7d3caf65
2025-05-22 21:50:47.861 69463 INFO tempest.lib.common.rest_client [req-aa7bdc11-762a-48d5-b93e-c7fb3fa70d49 req-aa7bdc11-762a-48d5-b93e-c7fb3fa70d49 ] Request (HypervisorAdminNegativeUnderV252Test:setUpClass): 201 POST http://10.180.1.21/identity/v3/users 0.094s
2025-05-22 21:50:47.874 69513 INFO tempest.lib.common.rest_client [req-8a5d5d30-cb17-4c1d-a2be-fe1ece395092 req-8a5d5d30-cb17-4c1d-a2be-fe1ece395092 ] Request (ServerAddressesNegativeTestJSON:tearDownClass): 200 GET http://10.180.1.21:9696/networking/v2.0/security-groups?tenant_id=77d56f53ff9f47d083c9d6bb7d3caf65&name=default 0.052s
2025-05-22 21:50:47.914 69465 INFO tempest.lib.common.rest_client [req-1fba4aeb-34c0-4746-b03f-4d202ee0cb6c req-1fba4aeb-34c0-4746-b03f-4d202ee0cb6c ] Request (ServerDiagnosticsTest:tearDownClass): 200 GET http://10.180.1.21/compute/v2.1/servers/4c0f5ce7-ba5b-4000-b8ad-638d0b2fbf03 1.757s
2025-05-22 21:50:47.924 69491 INFO tempest.lib.common.rest_client [req-7244a592-fea2-4976-ba28-ff96f9e94144 req-7244a592-fea2-4976-ba28-ff96f9e94144 ] Request (SecurityGroupRulesTestJSON:test_security_group_rules_list): 200 POST http://10.180.1.21/compute/v2.1/os-security-group-rules 1.934s
2025-05-22 21:50:47.924 69515 INFO tempest.lib.common.rest_client [-] Request (TestVersions:test_get_version_details): 200 GET http://10.180.1.21/compute/ 1.613s
2025-05-22 21:50:47.927 69465 INFO tempest.common.waiters [-] State transition "ACTIVE/deleting" ==> "DELETED/None" after 2 second wait
2025-05-22 21:50:47.945 69463 INFO tempest.lib.common.rest_client [req-6bdab61e-062d-457a-8b8d-5408b97923cc req-6bdab61e-062d-457a-8b8d-5408b97923cc ] Request (HypervisorAdminNegativeUnderV252Test:setUpClass): 200 GET http://10.180.1.21/identity/v3/roles 0.084s
2025-05-22 21:50:47.950 69471 INFO tempest.lib.common.rest_client [req-631cf880-0c5a-46b1-8da4-fedd551e87a9 req-631cf880-0c5a-46b1-8da4-fedd551e87a9 ] Request (ImagesOneServerNegativeTestJSON:setUpClass): 201 POST http://10.180.1.21:9696/networking/v2.0/networks 1.355s
2025-05-22 21:50:47.987 69463 INFO tempest.lib.common.rest_client [req-1ece6acd-3f20-4b85-af83-a65b9625667e req-1ece6acd-3f20-4b85-af83-a65b9625667e ] Request (HypervisorAdminNegativeUnderV252Test:setUpClass): 204 PUT http://10.180.1.21/identity/v3/projects/171d7e6ee53d4571867c182859e631ec/users/69b4540970294458a952000d63cc5b2a/roles/862171c0d4e2480ca37d12d9a2587538 0.041s
2025-05-22 21:50:47.987 69463 INFO tempest.lib.common.dynamic_creds [-] Dynamic test user 69b4540970294458a952000d63cc5b2a is created with scope project and roles: ['member']
2025-05-22 21:50:47.987 69463 INFO tempest.lib.common.dynamic_creds [-] Acquired dynamic creds: credentials: Credentials: {'domain_id': 'default', 'domain_name': 'Default', 'username': 'tempest-HypervisorAdminNegativeUnderV252Test-1975104863-project-member', 'project_domain_id': 'default', 'project_domain_name': 'Default', 'project_id': '171d7e6ee53d4571867c182859e631ec', 'project_name': 'tempest-HypervisorAdminNegativeUnderV252Test-1975104863', 'tenant_id': '171d7e6ee53d4571867c182859e631ec', 'tenant_name': 'tempest-HypervisorAdminNegativeUnderV252Test-1975104863', 'user_domain_id': 'default', 'user_domain_name': 'Default', 'user_id': '69b4540970294458a952000d63cc5b2a', 'system': None}, Network: None, Subnet: None, Router: None
2025-05-22 21:50:47.987 69463 INFO tempest.lib.common.dynamic_creds [-] Created isolated network resources for: credentials: Credentials: {'domain_id': 'default', 'domain_name': 'Default', 'username': 'tempest-HypervisorAdminNegativeUnderV252Test-1975104863-project-member', 'project_domain_id': 'default', 'project_domain_name': 'Default', 'project_id': '171d7e6ee53d4571867c182859e631ec', 'project_name': 'tempest-HypervisorAdminNegativeUnderV252Test-1975104863', 'tenant_id': '171d7e6ee53d4571867c182859e631ec', 'tenant_name': 'tempest-HypervisorAdminNegativeUnderV252Test-1975104863', 'user_domain_id': 'default', 'user_domain_name': 'Default', 'user_id': '69b4540970294458a952000d63cc5b2a', 'system': None}, Network: None, Subnet: None, Router: None
2025-05-22 21:50:48.002 69522 INFO tempest.lib.common.rest_client [req-aa8deb9e-8835-4bdf-bb3b-2ee2beee449b req-aa8deb9e-8835-4bdf-bb3b-2ee2beee449b ] Request (HypervisorAdminNegativeTestJSON:tearDownClass): 204 DELETE http://10.180.1.21:9696/networking/v2.0/security-groups/0d14f186-d3fe-48a5-9232-844ad4540e22 0.418s
2025-05-22 21:50:48.050 69481 INFO tempest.lib.common.rest_client [req-0d924817-c58d-43bf-9a99-33c6ea86d647 req-0d924817-c58d-43bf-9a99-33c6ea86d647 ] Request (ServerDiagnosticsNegativeTest:tearDownClass): 200 GET http://10.180.1.21/compute/v2.1/servers/f5a71cca-1e32-4c3c-9bb8-83e634a864f7 1.699s
2025-05-22 21:50:48.090 69463 INFO tempest.lib.common.rest_client [req-5b7adbc2-13ba-40fd-9283-ce69b7e7201b req-5b7adbc2-13ba-40fd-9283-ce69b7e7201b ] Request (HypervisorAdminNegativeUnderV252Test:setUpClass): 201 POST http://10.180.1.21/identity/v3/auth/tokens 0.096s
2025-05-22 21:50:48.103 69513 INFO tempest.lib.common.rest_client [req-640580bc-9c9e-46a5-abf4-34cfe3599850 req-640580bc-9c9e-46a5-abf4-34cfe3599850 ] Request (ServerAddressesNegativeTestJSON:tearDownClass): 204 DELETE http://10.180.1.21:9696/networking/v2.0/security-groups/a250f59f-191e-4a6f-92e9-d49f88fd2613 0.228s
2025-05-22 21:50:48.124 69463 INFO tempest.lib.common.rest_client [req-079f8fa6-ccd8-4948-bcb4-f0ff12b6a9f0 req-079f8fa6-ccd8-4948-bcb4-f0ff12b6a9f0 ] Request (HypervisorAdminNegativeUnderV252Test:setUpClass): 201 POST http://10.180.1.21/identity/v3/projects 0.033s
2025-05-22 21:50:48.165 69485 INFO tempest.lib.common.rest_client [req-37914ca1-fb27-4a08-b452-bafae7955fa5 req-37914ca1-fb27-4a08-b452-bafae7955fa5 ] Request (VolumesAssistedSnapshotsTest:test_volume_assisted_snapshot_create_delete): 200 GET http://10.180.1.21/compute/v2.1/servers/b41adb4d-5a5d-4e48-a4ed-6163e9c40e75 1.686s
2025-05-22 21:50:48.172 69522 INFO tempest.lib.common.rest_client [req-2db446a0-3ebc-4af4-a3d7-3878da8688fd req-2db446a0-3ebc-4af4-a3d7-3878da8688fd ] Request (HypervisorAdminNegativeTestJSON:tearDownClass): 204 DELETE http://10.180.1.21/identity/v3/projects/de0b33ad172f42f8918b52bbe2118232 0.170s
2025-05-22 21:50:48.238 69469 INFO tempest.lib.common.rest_client [req-8834ff4a-3f7f-4435-a73f-23c764d95c9c req-8834ff4a-3f7f-4435-a73f-23c764d95c9c ] Request (ImagesTestJSON:test_create_image_from_suspended_server): 200 GET http://10.180.1.21/compute/v2.1/servers/5d5ed70b-6de9-4fd9-8f22-10dc9aa1c28d 1.663s
2025-05-22 21:50:48.252 69507 INFO tempest.lib.common.rest_client [req-c3e8d64d-1548-4773-923b-443ec4a2e426 req-c3e8d64d-1548-4773-923b-443ec4a2e426 ] Request (AggregatesAdminNegativeTestJSON:test_aggregate_create_as_user): 403 POST http://10.180.1.21/compute/v2.1/os-aggregates 1.656s
2025-05-22 21:50:48.259 69463 INFO tempest.lib.common.rest_client [req-08350197-6cc3-4d0f-aae3-2aea8bdc885f req-08350197-6cc3-4d0f-aae3-2aea8bdc885f ] Request (HypervisorAdminNegativeUnderV252Test:setUpClass): 201 POST http://10.180.1.21/identity/v3/users 0.135s
2025-05-22 21:50:48.278 69487 INFO tempest.lib.common.rest_client [req-fbdb964f-39b6-4bbe-a08b-6ee431de7c56 req-fbdb964f-39b6-4bbe-a08b-6ee431de7c56 ] Request (ListServersNegativeTestJSON:setUpClass): 204 DELETE http://10.180.1.21/compute/v2.1/servers/d8590a5d-0b74-46da-93e4-01cb4d37c7d1 1.914s
