2025-05-22 21:50:55.995 69459 INFO tempest.lib.common.rest_client [req-cb4e65e6-1c29-4290-bebe-9da4106c6edc req-cb4e65e6-1c29-4290-bebe-9da4106c6edc ] Request (FlavorsAdminTestJSON:test_list_non_public_flavor): 200 GET http://10.180.1.21/compute/v2.1/flavors/detail 2.069s
2025-05-22 21:50:56.004 69509 INFO tempest.lib.common.rest_client [req-9729d1ae-abe4-44eb-923a-b7f2e11819cd req-9729d1ae-abe4-44eb-923a-b7f2e11819cd ] Request (KeyPairsNegativeTestJSON:test_create_keypair_with_long_keynames): 400 POST http://10.180.1.21/compute/v2.1/os-keypairs 2.029s
2025-05-22 21:50:56.057 69491 INFO tempest.lib.common.rest_client [req-fbe31412-fae2-46d4-bd54-05899a1ce0d0 req-fbe31412-fae2-46d4-bd54-05899a1ce0d0 ] Request (SecurityGroupRulesTestJSON:tearDownClass): 404 DELETE http://10.180.1.21/compute/v2.1/os-security-groups/0c93c75b-14cc-4daa-af9a-c892725d077e 2.003s
2025-05-22 21:50:56.061 69522 INFO tempest.lib.common.rest_client [req-c066f50b-f69d-444a-94e1-5ec3e3cf5b4d req-c066f50b-f69d-444a-94e1-5ec3e3cf5b4d ] Request (InstanceUsageAuditLogNegativeTestJSON:tearDownClass): 200 GET http://10.180.1.21:9696/networking/v2.0/security-groups?tenant_id=2a759056d04a4c359eaf09ca0764fede&name=default 0.374s
2025-05-22 21:50:56.136 69487 INFO tempest.lib.common.rest_client [req-e14709d1-db64-4735-ad4c-f6451a022ccd req-e14709d1-db64-4735-ad4c-f6451a022ccd ] Request (ListServersNegativeTestJSON:tearDownClass): 200 PUT http://10.180.1.21:9696/networking/v2.0/routers/d3f00aa9-f8f4-47b1-91a9-ae5566fa8606/remove_router_interface 2.250s
2025-05-22 21:50:56.225 69483 INFO tempest.lib.common.rest_client [req-08cf2602-29d6-4696-be9b-d9d8cdfbd5d5 req-08cf2602-29d6-4696-be9b-d9d8cdfbd5d5 ] Request (FloatingIPDetailsTestJSON:setUpClass): 201 POST http://10.180.1.21:9696/networking/v2.0/subnets 0.396s
2025-05-22 21:50:56.247 69481 INFO tempest.lib.common.rest_client [req-f7782a2f-82dc-467c-9266-9278581439bb req-f7782a2f-82dc-467c-9266-9278581439bb ] Request (ServerDiagnosticsNegativeTest:tearDownClass): 200 GET http://10.180.1.21/compute/v2.1/servers/f5a71cca-1e32-4c3c-9bb8-83e634a864f7 2.192s
2025-05-22 21:50:56.256 69481 INFO tempest.common.waiters [-] State transition "DELETED/None" ==> "ERROR/None" after 18 second wait
2025-05-22 21:50:56.256 69481 ERROR tempest.test [-] teardown of resources failed: (, Resource %(resource_id)s failed to delete and is in ERROR status Details: Server f5a71cca-1e32-4c3c-9bb8-83e634a864f7 failed to delete and is in ERROR status., ): testtools.runtest.MultipleExceptions: (, Resource %(resource_id)s failed to delete and is in ERROR status Details: Server f5a71cca-1e32-4c3c-9bb8-83e634a864f7 failed to delete and is in ERROR status., )
2025-05-22 21:50:56.256 69481 ERROR tempest.test
Traceback (most recent call last):
2025-05-22 21:50:56.256 69481 ERROR tempest.test
File "/opt/stack/tempest/tempest/test.py", line 210, in tearDownClass
2025-05-22 21:50:56.256 69481 ERROR tempest.test teardown()
2025-05-22 21:50:56.256 69481 ERROR tempest.test
File "/opt/stack/tempest/tempest/test.py", line 628, in resource_cleanup
2025-05-22 21:50:56.256 69481 ERROR tempest.test raise testtools.MultipleExceptions(*cleanup_errors)
2025-05-22 21:50:56.256 69481 ERROR tempest.test testtools.runtest.MultipleExceptions: (, Resource %(resource_id)s failed to delete and is in ERROR status
2025-05-22 21:50:56.256 69481 ERROR tempest.test Details: Server f5a71cca-1e32-4c3c-9bb8-83e634a864f7 failed to delete and is in ERROR status., )
2025-05-22 21:50:56.256 69481 ERROR tempest.test
2025-05-22 21:50:56.347 69485 INFO tempest.lib.common.rest_client [req-7ac3e79d-d753-47b8-ad58-58c4dce0c24a req-7ac3e79d-d753-47b8-ad58-58c4dce0c24a ] Request (VolumesAssistedSnapshotsTest:test_volume_assisted_snapshot_create_delete): 200 GET http://10.180.1.21/compute/v2.1/servers/b41adb4d-5a5d-4e48-a4ed-6163e9c40e75 1.939s
2025-05-22 21:50:56.354 69485 INFO tempest.common.waiters [-] State transition "BUILD/None" ==> "ERROR/None" after 18 second wait
2025-05-22 21:50:56.358 69475 INFO tempest.lib.common.rest_client [req-eadf14ad-685e-4093-946a-39f0d4719d24 req-eadf14ad-685e-4093-946a-39f0d4719d24 ] Request (ServersTestMultiNic:setUpClass): 201 POST http://10.180.1.21:9696/networking/v2.0/networks 0.629s
2025-05-22 21:50:56.362 69481 INFO tempest.lib.common.rest_client [req-758aa8f0-704e-42df-b36d-b5203bbb935b req-758aa8f0-704e-42df-b36d-b5203bbb935b ] Request (ServerDiagnosticsNegativeTest:tearDownClass): 204 DELETE http://10.180.1.21/identity/v3/users/eb5d5af0cd4449c4b577c02bf053f571 0.103s
2025-05-22 21:50:56.413 69479 INFO tempest.lib.common.rest_client [req-cbaa141a-bd1a-4b3b-8ee4-1b9d223ac383 req-cbaa141a-bd1a-4b3b-8ee4-1b9d223ac383 ] Request (SecurityGroupsNegativeTestJSON:test_delete_the_default_security_group): 200 GET http://10.180.1.21/compute/v2.1/os-security-groups 2.482s
2025-05-22 21:50:56.452 69493 INFO tempest.lib.common.rest_client [req-a5b8522c-837d-43b8-b652-a3aa8c05a7be req-a5b8522c-837d-43b8-b652-a3aa8c05a7be ] Request (ServersAdminTestJSON:setUpClass): 200 GET http://10.180.1.21/compute/v2.1/servers/dfcf5a0c-1378-4dc6-8627-14a84919ce10 1.991s
2025-05-22 21:50:56.470 69481 INFO tempest.lib.common.rest_client [req-ad77dc04-fee9-4c42-9564-690f7c24eeee req-ad77dc04-fee9-4c42-9564-690f7c24eeee ] Request (ServerDiagnosticsNegativeTest:tearDownClass): 204 DELETE http://10.180.1.21/identity/v3/users/d5acd65724ea4d94a88d0369243b5009 0.108s
2025-05-22 21:50:56.471 69481 INFO tempest.lib.common.dynamic_creds [-] Deleting project and security group for project: 5118de9152184b858f7826d7113e5d2b
2025-05-22 21:50:56.473 69522 INFO tempest.lib.common.rest_client [req-40aa05d7-2a1f-495b-808d-6b5a20663964 req-40aa05d7-2a1f-495b-808d-6b5a20663964 ] Request (InstanceUsageAuditLogNegativeTestJSON:tearDownClass): 204 DELETE http://10.180.1.21:9696/networking/v2.0/security-groups/01ffcc08-a067-4052-973b-fe5ccb5465e4 0.412s
2025-05-22 21:50:56.505 69489 INFO tempest.lib.common.rest_client [req-998e3402-b61b-48c3-92b0-dc3e2e00cd10 req-998e3402-b61b-48c3-92b0-dc3e2e00cd10 ] Request (VolumesAdminNegativeTest:test_update_attached_volume_with_nonexistent_volume_in_body): 200 GET http://10.180.1.21/compute/v2.1/servers/4b5077a6-2877-4e72-a85f-99a76d1a159c 2.002s
2025-05-22 21:50:56.538 69481 INFO tempest.lib.common.rest_client [req-80cbba8d-1b2d-4f29-8bc1-8be4af3532c9 req-80cbba8d-1b2d-4f29-8bc1-8be4af3532c9 ] Request (ServerDiagnosticsNegativeTest:tearDownClass): 201 POST http://10.180.1.21/identity/v3/auth/tokens 0.067s
2025-05-22 21:50:56.548 69469 INFO tempest.lib.common.rest_client [req-202ea788-c358-402f-b3dc-2d6b1c854329 req-202ea788-c358-402f-b3dc-2d6b1c854329 ] Request (ImagesTestJSON:test_create_image_from_suspended_server): 200 GET http://10.180.1.21/compute/v2.1/servers/5d5ed70b-6de9-4fd9-8f22-10dc9aa1c28d 1.948s
2025-05-22 21:50:56.584 69522 INFO tempest.lib.common.rest_client [req-4f0ac116-2bf3-43d3-80a2-1a13eccc89fb req-4f0ac116-2bf3-43d3-80a2-1a13eccc89fb ] Request (InstanceUsageAuditLogNegativeTestJSON:tearDownClass): 204 DELETE http://10.180.1.21/identity/v3/projects/2a759056d04a4c359eaf09ca0764fede 0.110s
2025-05-22 21:50:56.606 69461 INFO tempest.lib.common.rest_client [req-4839d299-b19e-49e2-be2c-b6d40e5bc44f req-4839d299-b19e-49e2-be2c-b6d40e5bc44f ] Request (ServersWithSpecificFlavorTestJSON:test_verify_created_server_ephemeral_disk): 200 GET http://10.180.1.21/compute/v2.1/servers/dfb3061a-b4e7-4d8a-bd71-876c88ff32d0 1.914s
2025-05-22 21:50:56.620 69501 INFO tempest.lib.common.rest_client [req-eef00463-9692-4f2e-9e5e-6ace7c1842e9 req-eef00463-9692-4f2e-9e5e-6ace7c1842e9 ] Request (ListImagesTestJSON:tearDownClass): 200 GET http://10.180.1.21:9696/networking/v2.0/security-groups?tenant_id=477a8f384b7e49b38ba9ca745b19a649&name=default 0.675s
2025-05-22 21:50:56.655 69467 INFO tempest.lib.common.rest_client [req-906c1abf-e710-4493-9669-ad5ec20a18f7 req-906c1abf-e710-4493-9669-ad5ec20a18f7 ] Request (ImagesMetadataTestJSON:test_list_image_metadata): 200 GET http://10.180.1.21/compute/v2.1/images/86480e64-1bb6-4fe4-8fc9-755cbfd409cc/metadata 1.891s
2025-05-22 21:50:56.721 69522 INFO tempest.lib.common.rest_client [req-228b5282-d758-450f-b62f-516bba157451 req-228b5282-d758-450f-b62f-516bba157451 ] Request (VolumesTestJSON:setUpClass): 201 POST http://10.180.1.21/identity/v3/auth/tokens 0.135s
2025-05-22 21:50:56.729 69503 INFO tempest.lib.common.rest_client [req-8c19f6e5-4959-4bea-a54d-4ae87b4cff8b req-8c19f6e5-4959-4bea-a54d-4ae87b4cff8b ] Request (QuotasAdminTestV236:test_get_updated_quotas): 200 GET http://10.180.1.21/compute/v2.1/os-quota-sets/98843e0d6f754b8b97fbee7320862790/detail 2.023s
2025-05-22 21:50:56.742 69517 INFO tempest.lib.common.rest_client [req-14383985-ba22-48f3-8a92-993257b5cc4f req-14383985-ba22-48f3-8a92-993257b5cc4f ] Request (ImagesOneServerTestJSON:setUpClass): 200 GET http://10.180.1.21/compute/v2.1/servers/7a8fcc85-7f53-46fd-ad72-faea95991df1 1.964s
2025-05-22 21:50:56.754 69522 INFO tempest.lib.common.rest_client [req-a056d1e7-08f1-4543-acfe-298e51727b21 req-a056d1e7-08f1-4543-acfe-298e51727b21 ] Request (VolumesTestJSON:setUpClass): 201 POST http://10.180.1.21/identity/v3/auth/tokens 0.029s
2025-05-22 21:50:56.769 69503 INFO tempest.lib.common.rest_client [req-bef4f7d9-2887-4653-9375-31aad0e26875 req-bef4f7d9-2887-4653-9375-31aad0e26875 ] Request (QuotasAdminTestV236:test_get_updated_quotas): 200 GET http://10.180.1.21/identity/v3/domains?name=Default 0.033s
2025-05-22 21:50:56.779 69522 INFO tempest.lib.common.rest_client [req-f61a3bd2-3454-45ed-b0c0-7f930de5c8e8 req-f61a3bd2-3454-45ed-b0c0-7f930de5c8e8 ] Request (VolumesTestJSON:setUpClass): 200 GET http://10.180.1.21/identity/v3/domains?name=Default 0.025s
2025-05-22 21:50:56.813 69503 INFO tempest.lib.common.rest_client [req-fc62ba9a-dd5a-4b5c-864d-b5971b3f7191 req-fc62ba9a-dd5a-4b5c-864d-b5971b3f7191 ] Request (QuotasAdminTestV236:test_get_updated_quotas): 201 POST http://10.180.1.21/identity/v3/users 0.043s
2025-05-22 21:50:56.813 69522 INFO tempest.lib.common.rest_client [req-6882b3d1-fe62-47c4-950d-43ca3f89ec26 req-6882b3d1-fe62-47c4-950d-43ca3f89ec26 ] Request (VolumesTestJSON:setUpClass): 201 POST http://10.180.1.21/identity/v3/projects 0.033s
2025-05-22 21:50:56.838 69497 INFO tempest.lib.common.rest_client [req-987241b1-6911-4dc6-9243-483438e521af req-987241b1-6911-4dc6-9243-483438e521af ] Request (DeleteServersAdminTestJSON:test_admin_delete_servers_of_others): 200 GET http://10.180.1.21/compute/v2.1/servers/fa5997fa-817c-42b6-a7fa-b3b85a109b6d 2.055s
2025-05-22 21:50:56.850 69473 INFO tempest.lib.common.rest_client [req-17c8b1fd-5578-4ebf-a346-42e7ce04c71a req-17c8b1fd-5578-4ebf-a346-42e7ce04c71a ] Request (ServersAdminNegativeTestJSON:test_migrate_server_invalid_state): 200 GET http://10.180.1.21/compute/v2.1/servers/f4387f56-2438-4373-bcf5-7aee060b0d8c 2.005s
2025-05-22 21:50:56.855 69500 INFO tempest.lib.common.rest_client [req-c4d8cba7-7233-4bcb-9147-bca154d7e381 req-c4d8cba7-7233-4bcb-9147-bca154d7e381 ] Request (ImagesNegativeTestJSON:test_create_image_from_invalid_server): 404 POST http://10.180.1.21/compute/v2.1/servers/tempest-invalid-114541381/action 1.988s
2025-05-22 21:50:56.866 69463 INFO tempest.lib.common.rest_client [req-a2b1fd06-9403-4b3d-8bc5-1590ca4e24e1 req-a2b1fd06-9403-4b3d-8bc5-1590ca4e24e1 ] Request (HypervisorAdminNegativeUnderV252Test:test_show_servers_with_non_admin_user): 403 GET http://10.180.1.21/compute/v2.1/os-hypervisors/1/servers 1.967s
2025-05-22 21:50:56.894 69503 INFO tempest.lib.common.rest_client [req-3837626b-aaa8-4b5a-b545-cca08f63ff4a req-3837626b-aaa8-4b5a-b545-cca08f63ff4a ] Request (QuotasAdminTestV236:test_get_updated_quotas): 200 GET http://10.180.1.21/identity/v3/domains?name=Default 0.080s
2025-05-22 21:50:56.929 69522 INFO tempest.lib.common.rest_client [req-9f4ecb2b-0dff-4bf6-b668-96f4947595fc req-9f4ecb2b-0dff-4bf6-b668-96f4947595fc ] Request (VolumesTestJSON:setUpClass): 201 POST http://10.180.1.21/identity/v3/users 0.116s
2025-05-22 21:50:56.952 69522 INFO tempest.lib.common.rest_client [req-2761a343-c728-4fa8-a190-eb7563731a4d req-2761a343-c728-4fa8-a190-eb7563731a4d ] Request (VolumesTestJSON:setUpClass): 200 GET http://10.180.1.21/identity/v3/roles 0.021s
2025-05-22 21:50:56.961 69501 INFO tempest.lib.common.rest_client [req-7179c921-134e-46f7-8d7e-53ca0ccfe94c req-7179c921-134e-46f7-8d7e-53ca0ccfe94c ] Request (ListImagesTestJSON:tearDownClass): 204 DELETE http://10.180.1.21:9696/networking/v2.0/security-groups/94845034-2969-4e90-99bb-0d7ea02f8de6 0.339s
2025-05-22 21:50:56.970 69481 INFO tempest.lib.common.rest_client [req-e84ca73e-833d-4390-b75a-94a7dfae8491 req-e84ca73e-833d-4390-b75a-94a7dfae8491 ] Request (ServerDiagnosticsNegativeTest:tearDownClass): 200 GET http://10.180.1.21:9696/networking/v2.0/security-groups?tenant_id=5118de9152184b858f7826d7113e5d2b&name=default 0.431s
2025-05-22 21:50:56.997 69522 INFO tempest.lib.common.rest_client [req-e7e0b290-ad0e-485d-b6b0-4f7f327d50d3 req-e7e0b290-ad0e-485d-b6b0-4f7f327d50d3 ] Request (VolumesTestJSON:setUpClass): 204 PUT http://10.180.1.21/identity/v3/projects/72c486fbae474d0ab71f81ebbc4827d9/users/c3fbe712e32a4ae48f3d0974d4bc5e1f/roles/862171c0d4e2480ca37d12d9a2587538 0.045s
2025-05-22 21:50:56.997 69522 INFO tempest.lib.common.dynamic_creds [-] Dynamic test user c3fbe712e32a4ae48f3d0974d4bc5e1f is created with scope project and roles: ['member']
2025-05-22 21:50:56.997 69522 INFO tempest.lib.common.dynamic_creds [-] Acquired dynamic creds: credentials: Credentials: {'domain_id': 'default', 'domain_name': 'Default', 'username': 'tempest-VolumesTestJSON-1420040195-project-member', 'project_domain_id': 'default', 'project_domain_name': 'Default', 'project_id': '72c486fbae474d0ab71f81ebbc4827d9', 'project_name': 'tempest-VolumesTestJSON-1420040195', 'tenant_id': '72c486fbae474d0ab71f81ebbc4827d9', 'tenant_name': 'tempest-VolumesTestJSON-1420040195', 'user_domain_id': 'default', 'user_domain_name': 'Default', 'user_id': 'c3fbe712e32a4ae48f3d0974d4bc5e1f', 'system': None}, Network: None, Subnet: None, Router: None
2025-05-22 21:50:56.998 69522 INFO tempest.lib.common.dynamic_creds [-] Created isolated network resources for: credentials: Credentials: {'domain_id': 'default', 'domain_name': 'Default', 'username': 'tempest-VolumesTestJSON-1420040195-project-member', 'project_domain_id': 'default', 'project_domain_name': 'Default', 'project_id': '72c486fbae474d0ab71f81ebbc4827d9', 'project_name': 'tempest-VolumesTestJSON-1420040195', 'tenant_id': '72c486fbae474d0ab71f81ebbc4827d9', 'tenant_name': 'tempest-VolumesTestJSON-1420040195', 'user_domain_id': 'default', 'user_domain_name': 'Default', 'user_id': 'c3fbe712e32a4ae48f3d0974d4bc5e1f', 'system': None}, Network: None, Subnet: None, Router: None
2025-05-22 21:50:57.165 69505 INFO tempest.lib.common.rest_client [req-8a16c225-37f3-4258-94a9-00fe85e087db req-8a16c225-37f3-4258-94a9-00fe85e087db ] Request (InstanceActionsV221TestJSON:test_get_list_deleted_instance_actions): 204 DELETE http://10.180.1.21/compute/v2.1/servers/dffe1923-6324-415c-9e38-680e2b213dca 2.312s
2025-05-22 21:50:57.168 69522 INFO tempest.lib.common.rest_client [req-4d1df155-64b1-4783-a312-d0ca88d3e01c req-4d1df155-64b1-4783-a312-d0ca88d3e01c ] Request (VolumesTestJSON:setUpClass): 201 POST http://10.180.1.21/identity/v3/auth/tokens 0.165s
2025-05-22 21:50:57.168 69501 INFO tempest.lib.common.rest_client [req-006e090c-a8e3-4132-b5db-03c3fa058bdf req-006e090c-a8e3-4132-b5db-03c3fa058bdf ] Request (ListImagesTestJSON:tearDownClass): 204 DELETE http://10.180.1.21/identity/v3/projects/477a8f384b7e49b38ba9ca745b19a649 0.207s
2025-05-22 21:50:57.174 69475 INFO tempest.lib.common.rest_client [req-d3f4f596-62e9-4298-b2bc-4eb798981b74 req-d3f4f596-62e9-4298-b2bc-4eb798981b74 ] Request (ServersTestMultiNic:setUpClass): 201 POST http://10.180.1.21:9696/networking/v2.0/subnets 0.815s
2025-05-22 21:50:57.189 69519 INFO tempest.lib.common.rest_client [req-b82a7524-0e58-4383-a3c4-4a1de53555e1 req-b82a7524-0e58-4383-a3c4-4a1de53555e1 ] Request (ServersV294TestFqdnHostnames:tearDownClass): 200 PUT http://10.180.1.21:9696/networking/v2.0/routers/a4695cae-ea72-4683-8ada-5b985f80728a/remove_router_interface 2.711s
2025-05-22 21:50:57.253 69501 INFO tempest.lib.common.rest_client [req-fdba9b52-5f76-4b6e-b3e3-382b21f4efd0 req-fdba9b52-5f76-4b6e-b3e3-382b21f4efd0 ] Request (ServersTestManualDisk:setUpClass): 201 POST http://10.180.1.21/identity/v3/auth/tokens 0.082s
2025-05-22 21:50:57.297 69501 INFO tempest.lib.common.rest_client [req-ee710198-7b97-4220-a64d-31445497578a req-ee710198-7b97-4220-a64d-31445497578a ] Request (ServersTestManualDisk:setUpClass): 201 POST http://10.180.1.21/identity/v3/auth/tokens 0.039s
2025-05-22 21:50:57.340 69501 INFO tempest.lib.common.rest_client [req-376e1044-413c-4462-8ff6-5c141b171e01 req-376e1044-413c-4462-8ff6-5c141b171e01 ] Request (ServersTestManualDisk:setUpClass): 200 GET http://10.180.1.21/identity/v3/domains?name=Default 0.043s
2025-05-22 21:50:57.387 69501 INFO tempest.lib.common.rest_client [req-3292c8a3-ba80-40b3-ba73-eb8414b92f55 req-3292c8a3-ba80-40b3-ba73-eb8414b92f55 ] Request (ServersTestManualDisk:setUpClass): 201 POST http://10.180.1.21/identity/v3/projects 0.046s
2025-05-22 21:50:57.426 69481 INFO tempest.lib.common.rest_client [req-be6b1239-e290-458b-aff2-5e10c64daad7 req-be6b1239-e290-458b-aff2-5e10c64daad7 ] Request (ServerDiagnosticsNegativeTest:tearDownClass): 204 DELETE http://10.180.1.21:9696/networking/v2.0/security-groups/ada4e89e-960e-4c59-b9aa-477f6576977f 0.456s
2025-05-22 21:50:57.456 69501 INFO tempest.lib.common.rest_client [req-ee2a8e81-f64e-4074-bf39-bed865eb9b97 req-ee2a8e81-f64e-4074-bf39-bed865eb9b97 ] Request (ServersTestManualDisk:setUpClass): 201 POST http://10.180.1.21/identity/v3/users 0.068s
2025-05-22 21:50:57.477 69501 INFO tempest.lib.common.rest_client [req-7fb9c71d-4217-4a9f-9dff-477478cdc27c req-7fb9c71d-4217-4a9f-9dff-477478cdc27c ] Request (ServersTestManualDisk:setUpClass): 200 GET http://10.180.1.21/identity/v3/roles 0.021s
2025-05-22 21:50:57.513 69481 INFO tempest.lib.common.rest_client [req-0288adf5-e5bd-490c-8ea8-5fc3f41066c0 req-0288adf5-e5bd-490c-8ea8-5fc3f41066c0 ] Request (ServerDiagnosticsNegativeTest:tearDownClass): 204 DELETE http://10.180.1.21/identity/v3/projects/5118de9152184b858f7826d7113e5d2b 0.086s
2025-05-22 21:50:57.513 69481 INFO tempest.lib.common.dynamic_creds [-] Deleting project and security group for project: c585337456cb43cd88b98586d3d9eea1
2025-05-22 21:50:57.536 69501 INFO tempest.lib.common.rest_client [req-65cdc8f6-b734-48be-89fd-a06d804a1b5e req-65cdc8f6-b734-48be-89fd-a06d804a1b5e ] Request (ServersTestManualDisk:setUpClass): 204 PUT http://10.180.1.21/identity/v3/projects/173d39b9002b4c1db69862d2315f0f95/users/797b45a13c90448695c2521379865ad8/roles/862171c0d4e2480ca37d12d9a2587538 0.059s
2025-05-22 21:50:57.537 69501 INFO tempest.lib.common.dynamic_creds [-] Dynamic test user 797b45a13c90448695c2521379865ad8 is created with scope project and roles: ['member']
2025-05-22 21:50:57.537 69501 INFO tempest.lib.common.dynamic_creds [-] Acquired dynamic creds: credentials: Credentials: {'domain_id': 'default', 'domain_name': 'Default', 'username': 'tempest-ServersTestManualDisk-1313495267-project-member', 'project_domain_id': 'default', 'project_domain_name': 'Default', 'project_id': '173d39b9002b4c1db69862d2315f0f95', 'project_name': 'tempest-ServersTestManualDisk-1313495267', 'tenant_id': '173d39b9002b4c1db69862d2315f0f95', 'tenant_name': 'tempest-ServersTestManualDisk-1313495267', 'user_domain_id': 'default', 'user_domain_name': 'Default', 'user_id': '797b45a13c90448695c2521379865ad8', 'system': None}, Network: None, Subnet: None, Router: None
2025-05-22 21:50:57.560 69487 INFO tempest.lib.common.rest_client [req-3be5ce24-2195-404f-89ee-1f309966b76f req-3be5ce24-2195-404f-89ee-1f309966b76f ] Request (ListServersNegativeTestJSON:tearDownClass): 204 DELETE http://10.180.1.21:9696/networking/v2.0/routers/d3f00aa9-f8f4-47b1-91a9-ae5566fa8606 1.424s
2025-05-22 21:50:57.602 69501 INFO tempest.lib.common.rest_client [req-6f420667-135a-4d3d-82a9-7421234b1a28 req-6f420667-135a-4d3d-82a9-7421234b1a28 ] Request (ServersTestManualDisk:setUpClass): 201 POST http://10.180.1.21/identity/v3/auth/tokens 0.065s
2025-05-22 21:50:57.626 69481 INFO tempest.lib.common.rest_client [req-43637812-f57a-4689-93d5-24f4ba5c7100 req-43637812-f57a-4689-93d5-24f4ba5c7100 ] Request (ServerDiagnosticsNegativeTest:tearDownClass): 200 GET http://10.180.1.21:9696/networking/v2.0/security-groups?tenant_id=c585337456cb43cd88b98586d3d9eea1&name=default 0.112s
2025-05-22 21:50:57.638 69522 INFO tempest.lib.common.rest_client [req-704c9b4e-9c01-4b0d-8815-66887ae222d0 req-704c9b4e-9c01-4b0d-8815-66887ae222d0 ] Request (VolumesTestJSON:setUpClass): 202 POST http://10.180.1.21/volume/v3/72c486fbae474d0ab71f81ebbc4827d9/volumes 0.469s
2025-05-22 21:50:57.703 69522 INFO tempest.lib.common.rest_client [req-64fec392-8395-4990-b95f-afa241ce83a2 req-64fec392-8395-4990-b95f-afa241ce83a2 ] Request (VolumesTestJSON:setUpClass): 200 GET http://10.180.1.21/volume/v3/72c486fbae474d0ab71f81ebbc4827d9/volumes/af6c675d-2d03-4f3a-bc97-cc11e48b2e37 0.055s
2025-05-22 21:50:57.853 69511 INFO tempest.lib.common.rest_client [req-12b35e3e-31f6-4228-954b-d385369e8f13 req-12b35e3e-31f6-4228-954b-d385369e8f13 ] Request (ServerRescueNegativeTestJSON:setUpClass): 202 POST http://10.180.1.21/compute/v2.1/servers 2.707s
2025-05-22 21:50:57.889 69507 INFO tempest.lib.common.rest_client [req-17ef3028-636e-426b-b1ff-76b474f1c5e9 req-17ef3028-636e-426b-b1ff-76b474f1c5e9 ] Request (AggregatesAdminNegativeTestJSON:_run_cleanups): 200 DELETE http://10.180.1.21/compute/v2.1/os-aggregates/5 2.010s
2025-05-22 21:50:57.947 69483 INFO tempest.lib.common.rest_client [req-b701c2cd-c1ea-43ca-86ff-f9a87671dd98 req-b701c2cd-c1ea-43ca-86ff-f9a87671dd98 ] Request (FloatingIPDetailsTestJSON:setUpClass): 201 POST http://10.180.1.21:9696/networking/v2.0/routers 1.721s
2025-05-22 21:50:57.957 69481 INFO tempest.lib.common.rest_client [req-a66de808-0187-48e5-9a65-46ec774e7705 req-a66de808-0187-48e5-9a65-46ec774e7705 ] Request (ServerDiagnosticsNegativeTest:tearDownClass): 204 DELETE http://10.180.1.21:9696/networking/v2.0/security-groups/07d4e44f-9446-4a78-933f-ccbd0ff2df0f 0.331s
2025-05-22 21:50:57.986 69471 INFO tempest.lib.common.rest_client [req-5a5717ab-5fc3-4e32-b6a8-55e2076f2465 req-5a5717ab-5fc3-4e32-b6a8-55e2076f2465 ] Request (ImagesOneServerNegativeTestJSON:setUpClass): 200 GET http://10.180.1.21/compute/v2.1/servers/9f311bf0-31a1-46a9-911d-4e393c2279be 1.999s
2025-05-22 21:50:57.990 69487 INFO tempest.lib.common.rest_client [req-0770fdab-00c8-42b9-8541-6cc197c519c6 req-0770fdab-00c8-42b9-8541-6cc197c519c6 ] Request (ListServersNegativeTestJSON:tearDownClass): 204 DELETE http://10.180.1.21:9696/networking/v2.0/subnets/bbc7e4af-5902-49fd-ad83-60b0f98c5a5e 0.429s
2025-05-22 21:50:58.016 69513 INFO tempest.lib.common.rest_client [req-91c40c51-79d5-4f1b-a4ad-644c48f0eb55 req-91c40c51-79d5-4f1b-a4ad-644c48f0eb55 ] Request (ServersTestJSON:test_create_server_specify_multibyte_character_name): 202 POST http://10.180.1.21/compute/v2.1/servers 3.093s
2025-05-22 21:50:58.030 69509 INFO tempest.lib.common.rest_client [req-d64e2d21-8d4d-41d1-9c77-5f7ff59dcf01 req-d64e2d21-8d4d-41d1-9c77-5f7ff59dcf01 ] Request (KeyPairsNegativeTestJSON:test_keypair_create_with_invalid_pub_key): 400 POST http://10.180.1.21/compute/v2.1/os-keypairs 2.024s
2025-05-22 21:50:58.035 69459 INFO tempest.lib.common.rest_client [req-63335ecd-a671-40e1-883e-ca87da64a294 req-63335ecd-a671-40e1-883e-ca87da64a294 ] Request (FlavorsAdminTestJSON:test_list_non_public_flavor): 200 GET http://10.180.1.21/compute/v2.1/flavors/detail 2.025s
2025-05-22 21:50:58.092 69481 INFO tempest.lib.common.rest_client [req-1c6a89dc-5aae-49d4-95d5-b820a9354f38 req-1c6a89dc-5aae-49d4-95d5-b820a9354f38 ] Request (ServerDiagnosticsNegativeTest:tearDownClass): 204 DELETE http://10.180.1.21/identity/v3/projects/c585337456cb43cd88b98586d3d9eea1 0.134s
2025-05-22 21:50:58.206 69481 INFO tempest.lib.common.rest_client [req-e723e626-e58d-4e15-9f94-b64766d77ec7 req-e723e626-e58d-4e15-9f94-b64766d77ec7 ] Request (FloatingIPsAssociationNegativeTestJSON:setUpClass): 201 POST http://10.180.1.21/identity/v3/auth/tokens 0.110s
2025-05-22 21:50:58.259 69481 INFO tempest.lib.common.rest_client [req-65f3c092-070e-410e-b4c9-c41e4f6fa320 req-65f3c092-070e-410e-b4c9-c41e4f6fa320 ] Request (FloatingIPsAssociationNegativeTestJSON:setUpClass): 201 POST http://10.180.1.21/identity/v3/auth/tokens 0.049s
2025-05-22 21:50:58.290 69481 INFO tempest.lib.common.rest_client [req-bf61e424-66ad-467b-ab85-f4ca3df19509 req-bf61e424-66ad-467b-ab85-f4ca3df19509 ] Request (FloatingIPsAssociationNegativeTestJSON:setUpClass): 200 GET http://10.180.1.21/identity/v3/domains?name=Default 0.031s
2025-05-22 21:50:58.331 69481 INFO tempest.lib.common.rest_client [req-40aa26b6-5255-4a4e-96f3-b5089ad4f2ec req-40aa26b6-5255-4a4e-96f3-b5089ad4f2ec ] Request (FloatingIPsAssociationNegativeTestJSON:setUpClass): 201 POST http://10.180.1.21/identity/v3/projects 0.040s
2025-05-22 21:50:58.346 69485 INFO tempest.lib.common.rest_client [req-d1443c48-37dd-4a0f-8d75-8a59443a630f req-d1443c48-37dd-4a0f-8d75-8a59443a630f ] Request (VolumesAssistedSnapshotsTest:test_volume_assisted_snapshot_create_delete): 204 DELETE http://10.180.1.21/compute/v2.1/servers/b41adb4d-5a5d-4e48-a4ed-6163e9c40e75 1.991s
2025-05-22 21:50:58.359 69491 INFO tempest.lib.common.rest_client [req-f77371ff-7975-45ee-92da-92d99715a06a req-f77371ff-7975-45ee-92da-92d99715a06a ] Request (SecurityGroupRulesTestJSON:tearDownClass): 202 DELETE http://10.180.1.21/compute/v2.1/os-security-groups/b2cd8625-fd9b-453e-b7ff-8056d3326b4a 2.302s
2025-05-22 21:50:58.419 69481 INFO tempest.lib.common.rest_client [req-06e54599-d907-4681-97f9-cbae58427c84 req-06e54599-d907-4681-97f9-cbae58427c84 ] Request (FloatingIPsAssociationNegativeTestJSON:setUpClass): 201 POST http://10.180.1.21/identity/v3/users 0.087s
2025-05-22 21:50:58.448 69481 INFO tempest.lib.common.rest_client [req-e37981c3-5b58-49a4-8ae1-a31814e6549f req-e37981c3-5b58-49a4-8ae1-a31814e6549f ] Request (FloatingIPsAssociationNegativeTestJSON:setUpClass): 200 GET http://10.180.1.21/identity/v3/roles 0.029s
2025-05-22 21:50:58.478 69479 INFO tempest.lib.common.rest_client [req-b0c49f02-d307-442e-acc5-56d59c753199 req-b0c49f02-d307-442e-acc5-56d59c753199 ] Request (SecurityGroupsNegativeTestJSON:test_delete_the_default_security_group): 400 DELETE http://10.180.1.21/compute/v2.1/os-security-groups/952aac8b-4d25-4849-92f2-2e6f1bf4fd93 2.052s
2025-05-22 21:50:58.485 69481 INFO tempest.lib.common.rest_client [req-c144b5f4-bc1c-498b-a272-8542d36c785f req-c144b5f4-bc1c-498b-a272-8542d36c785f ] Request (FloatingIPsAssociationNegativeTestJSON:setUpClass): 204 PUT http://10.180.1.21/identity/v3/projects/c3ac73a7a35543849a82fe4cc658071b/users/84bd58b1330d46548cb4d7d84ebae08d/roles/862171c0d4e2480ca37d12d9a2587538 0.037s
2025-05-22 21:50:58.486 69481 INFO tempest.lib.common.dynamic_creds [-] Dynamic test user 84bd58b1330d46548cb4d7d84ebae08d is created with scope project and roles: ['member']
2025-05-22 21:50:58.486 69481 INFO tempest.lib.common.dynamic_creds [-] Acquired dynamic creds: credentials: Credentials: {'domain_id': 'default', 'domain_name': 'Default', 'username': 'tempest-FloatingIPsAssociationNegativeTestJSON-1901514175-project-member', 'project_domain_id': 'default', 'project_domain_name': 'Default', 'project_id': 'c3ac73a7a35543849a82fe4cc658071b', 'project_name': 'tempest-FloatingIPsAssociationNegativeTestJSON-1901514175', 'tenant_id': 'c3ac73a7a35543849a82fe4cc658071b', 'tenant_name': 'tempest-FloatingIPsAssociationNegativeTestJSON-1901514175', 'user_domain_id': 'default', 'user_domain_name': 'Default', 'user_id': '84bd58b1330d46548cb4d7d84ebae08d', 'system': None}, Network: None, Subnet: None, Router: None
2025-05-22 21:50:58.557 69467 INFO tempest.lib.common.rest_client [req-52f6b471-7167-4a0e-9488-b978dca7d587 req-52f6b471-7167-4a0e-9488-b978dca7d587 ] Request (ImagesMetadataTestJSON:setUp): 200 PUT http://10.180.1.21/compute/v2.1/images/86480e64-1bb6-4fe4-8fc9-755cbfd409cc/metadata 1.901s
2025-05-22 21:50:58.564 69481 INFO tempest.lib.common.rest_client [req-fbfcb8fe-2cc2-45cd-a144-2ac9b7f6eb10 req-fbfcb8fe-2cc2-45cd-a144-2ac9b7f6eb10 ] Request (FloatingIPsAssociationNegativeTestJSON:setUpClass): 201 POST http://10.180.1.21/identity/v3/auth/tokens 0.077s
2025-05-22 21:50:58.565 69500 INFO tempest.lib.common.rest_client [req-3d92f610-1b9d-4859-9a59-a6db918c9c92 req-3d92f610-1b9d-4859-9a59-a6db918c9c92 ] Request (ImagesNegativeTestJSON:test_create_image_specify_uuid_35_characters_or_less): 404 POST http://10.180.1.21/compute/v2.1/servers/aaaaaaaaaaaaaaaaaaaaaaaaaaaaaaaaaaa/action 1.708s
2025-05-22 21:50:58.584 69463 INFO tempest.lib.common.rest_client [req-2def0ef4-58b5-4696-87b9-f700fcd16486 req-2def0ef4-58b5-4696-87b9-f700fcd16486 ] Request (HypervisorAdminNegativeUnderV252Test:test_show_servers_with_nonexistent_hypervisor): 404 GET http://10.180.1.21/compute/v2.1/os-hypervisors/e8a48215-b6a4-433a-a6bb-f688afe5e5f5/servers 1.716s
2025-05-22 21:50:58.624 69487 INFO tempest.lib.common.rest_client [req-a5cb7491-3025-4d94-b08d-917190f052cb req-a5cb7491-3025-4d94-b08d-917190f052cb ] Request (ListServersNegativeTestJSON:tearDownClass): 204 DELETE http://10.180.1.21:9696/networking/v2.0/networks/1308d268-27da-496e-a232-741e07288b49 0.633s
2025-05-22 21:50:58.712 69477 INFO tempest.lib.common.rest_client [req-c1acdee9-7c60-4a8d-99b6-e6ebb5845f09 req-c1acdee9-7c60-4a8d-99b6-e6ebb5845f09 ] Request (ServerDiagnosticsV248Test:tearDownClass): 200 GET http://10.180.1.21/compute/v2.1/servers/6a29d495-c938-41ad-97b6-1331b6eff589 1.825s
2025-05-22 21:50:58.763 69463 INFO tempest.lib.common.rest_client [req-f20bd311-38b9-4d8f-b3dd-7c9f2249fa4b req-f20bd311-38b9-4d8f-b3dd-7c9f2249fa4b ] Request (HypervisorAdminNegativeUnderV252Test:tearDownClass): 204 DELETE http://10.180.1.21/identity/v3/users/69b4540970294458a952000d63cc5b2a 0.172s
2025-05-22 21:50:58.768 69522 INFO tempest.lib.common.rest_client [req-b939fae0-f6d8-4495-869f-f2f89b40e214 req-b939fae0-f6d8-4495-869f-f2f89b40e214 ] Request (VolumesTestJSON:setUpClass): 200 GET http://10.180.1.21/volume/v3/72c486fbae474d0ab71f81ebbc4827d9/volumes/af6c675d-2d03-4f3a-bc97-cc11e48b2e37 0.053s
2025-05-22 21:50:58.783 69487 INFO tempest.lib.common.rest_client [req-4d4a67e2-2347-485e-8483-6bb1f08ae2ec req-4d4a67e2-2347-485e-8483-6bb1f08ae2ec ] Request (ListServersNegativeTestJSON:tearDownClass): 204 DELETE http://10.180.1.21/identity/v3/users/5169b30c0f564c1b85c709154b3378f6 0.158s
2025-05-22 21:50:58.783 69487 INFO tempest.lib.common.dynamic_creds [-] Deleting project and security group for project: 2fc7cbefacab4125b8a11ae1e0163141
2025-05-22 21:50:58.788 69522 INFO tempest.common.waiters [-] volume af6c675d-2d03-4f3a-bc97-cc11e48b2e37 reached available after waiting for 1.788338 seconds
2025-05-22 21:50:58.789 69496 INFO tempest.lib.common.rest_client [req-43363f28-21b9-4616-bb37-2e5b6235d935 req-43363f28-21b9-4616-bb37-2e5b6235d935 ] Request (MigrationsAdminTest:test_list_migrations_in_flavor_resize_situation): 200 GET http://10.180.1.21/compute/v2.1/servers/f8b20421-15d3-46f3-a504-172d044ff4d3 2.081s
2025-05-22 21:50:58.842 69519 INFO tempest.lib.common.rest_client [req-076b67b9-b80f-4448-bfb1-a77d4a32425a req-076b67b9-b80f-4448-bfb1-a77d4a32425a ] Request (ServersV294TestFqdnHostnames:tearDownClass): 204 DELETE http://10.180.1.21:9696/networking/v2.0/routers/a4695cae-ea72-4683-8ada-5b985f80728a 1.653s
2025-05-22 21:50:58.847 69501 INFO tempest.lib.common.rest_client [req-f0544db7-263c-47f1-a14d-6cb9dc649c45 req-f0544db7-263c-47f1-a14d-6cb9dc649c45 ] Request (ServersTestManualDisk:setUpClass): 201 POST http://10.180.1.21:9696/networking/v2.0/networks 1.244s
2025-05-22 21:50:58.848 69487 INFO tempest.lib.common.rest_client [req-ff965f26-b15f-4986-9743-aff1a8f1a8b8 req-ff965f26-b15f-4986-9743-aff1a8f1a8b8 ] Request (ListServersNegativeTestJSON:tearDownClass): 200 GET http://10.180.1.21:9696/networking/v2.0/security-groups?tenant_id=2fc7cbefacab4125b8a11ae1e0163141&name=default 0.065s
2025-05-22 21:50:58.958 69463 INFO tempest.lib.common.rest_client [req-f8b6c745-a6af-46ab-9e60-47c8f24e0968 req-f8b6c745-a6af-46ab-9e60-47c8f24e0968 ] Request (HypervisorAdminNegativeUnderV252Test:tearDownClass): 204 DELETE http://10.180.1.21/identity/v3/users/eff55ebf06e742489acdb9afc4b0d7dc 0.194s
2025-05-22 21:50:58.959 69463 INFO tempest.lib.common.dynamic_creds [-] Deleting project and security group for project: 171d7e6ee53d4571867c182859e631ec
2025-05-22 21:50:59.023 69503 INFO tempest.lib.common.rest_client [req-6bb652a8-3215-412d-9a28-c3c4bedcad20 req-6bb652a8-3215-412d-9a28-c3c4bedcad20 ] Request (QuotasAdminTestV236:test_get_updated_quotas): 200 PUT http://10.180.1.21/compute/v2.1/os-quota-sets/98843e0d6f754b8b97fbee7320862790?user_id=7c1c8da857144111a3e732fd31a6d76b 2.128s
2025-05-22 21:50:59.049 69505 INFO tempest.lib.common.rest_client [req-6622433f-8eed-4b95-80e3-460daf4994e0 req-6622433f-8eed-4b95-80e3-460daf4994e0 ] Request (InstanceActionsV221TestJSON:test_get_list_deleted_instance_actions): 404 GET http://10.180.1.21/compute/v2.1/servers/dffe1923-6324-415c-9e38-680e2b213dca 1.883s
2025-05-22 21:50:59.055 69463 INFO tempest.lib.common.rest_client [req-cfb35e11-5407-4add-8b00-abcc655b4b6d req-cfb35e11-5407-4add-8b00-abcc655b4b6d ] Request (HypervisorAdminNegativeUnderV252Test:tearDownClass): 201 POST http://10.180.1.21/identity/v3/auth/tokens 0.096s
2025-05-22 21:50:59.141 69465 INFO tempest.lib.common.rest_client [req-a7272b3b-eb85-4f09-8a62-a20318d102a5 req-a7272b3b-eb85-4f09-8a62-a20318d102a5 ] Request (ServerDiagnosticsTest:tearDownClass): 200 GET http://10.180.1.21/compute/v2.1/servers/4c0f5ce7-ba5b-4000-b8ad-638d0b2fbf03 2.164s
2025-05-22 21:50:59.174 69487 INFO tempest.lib.common.rest_client [req-5b605f45-97f3-4bcc-b9f0-3b412fa86e3d req-5b605f45-97f3-4bcc-b9f0-3b412fa86e3d ] Request (ListServersNegativeTestJSON:tearDownClass): 204 DELETE http://10.180.1.21:9696/networking/v2.0/security-groups/adb6226c-c555-49b3-af77-ce32af3746f9 0.323s
2025-05-22 21:50:59.178 69493 INFO tempest.lib.common.rest_client [req-c50eac52-307a-489c-8f20-27216ecd50c4 req-c50eac52-307a-489c-8f20-27216ecd50c4 ] Request (ServersAdminTestJSON:setUpClass): 200 GET http://10.180.1.21/compute/v2.1/servers/dfcf5a0c-1378-4dc6-8627-14a84919ce10 1.716s
2025-05-22 21:50:59.238 69489 INFO tempest.lib.common.rest_client [req-f82368e1-d61f-4aa7-b588-0a1f0fd9f67c req-f82368e1-d61f-4aa7-b588-0a1f0fd9f67c ] Request (VolumesAdminNegativeTest:test_update_attached_volume_with_nonexistent_volume_in_body): 200 GET http://10.180.1.21/compute/v2.1/servers/4b5077a6-2877-4e72-a85f-99a76d1a159c 1.714s
2025-05-22 21:50:59.269 69469 INFO tempest.lib.common.rest_client [req-7ee77e25-91a7-4be2-b25c-2ccf1ef0c5af req-7ee77e25-91a7-4be2-b25c-2ccf1ef0c5af ] Request (ImagesTestJSON:test_create_image_from_suspended_server): 200 GET http://10.180.1.21/compute/v2.1/servers/5d5ed70b-6de9-4fd9-8f22-10dc9aa1c28d 1.709s
2025-05-22 21:50:59.313 69487 INFO tempest.lib.common.rest_client [req-1c39e783-4198-4550-8e00-9c34a997997f req-1c39e783-4198-4550-8e00-9c34a997997f ] Request (ListServersNegativeTestJSON:tearDownClass): 204 DELETE http://10.180.1.21/identity/v3/projects/2fc7cbefacab4125b8a11ae1e0163141 0.139s
2025-05-22 21:50:59.390 69461 INFO tempest.lib.common.rest_client [req-830996e9-0f42-483d-ba91-058d0645ff81 req-830996e9-0f42-483d-ba91-058d0645ff81 ] Request (ServersWithSpecificFlavorTestJSON:test_verify_created_server_ephemeral_disk): 200 GET http://10.180.1.21/compute/v2.1/servers/dfb3061a-b4e7-4d8a-bd71-876c88ff32d0 1.768s
2025-05-22 21:50:59.400 69517 INFO tempest.lib.common.rest_client [req-934b11fc-5f0b-424f-85ec-54704f01b43f req-934b11fc-5f0b-424f-85ec-54704f01b43f ] Request (ImagesOneServerTestJSON:setUpClass): 200 GET http://10.180.1.21/compute/v2.1/servers/7a8fcc85-7f53-46fd-ad72-faea95991df1 1.643s
2025-05-22 21:50:59.414 69487 INFO tempest.lib.common.rest_client [req-ed86b015-70f6-4d87-808c-152fd4b1d907 req-ed86b015-70f6-4d87-808c-152fd4b1d907 ] Request (ServersAaction247Test:setUpClass): 201 POST http://10.180.1.21/identity/v3/auth/tokens 0.094s
2025-05-22 21:50:59.465 69487 INFO tempest.lib.common.rest_client [req-741a88c7-32f3-44f9-b270-d1ef32f8e052 req-741a88c7-32f3-44f9-b270-d1ef32f8e052 ] Request (ServersAaction247Test:setUpClass): 201 POST http://10.180.1.21/identity/v3/auth/tokens 0.044s
2025-05-22 21:50:59.502 69487 INFO tempest.lib.common.rest_client [req-5297104d-19a0-4525-91bb-1473f2973533 req-5297104d-19a0-4525-91bb-1473f2973533 ] Request (ServersAaction247Test:setUpClass): 200 GET http://10.180.1.21/identity/v3/domains?name=Default 0.036s
2025-05-22 21:50:59.515 69497 INFO tempest.lib.common.rest_client [req-b9346e41-f3cf-4803-947b-0f2274e9e6eb req-b9346e41-f3cf-4803-947b-0f2274e9e6eb ] Request (DeleteServersAdminTestJSON:test_admin_delete_servers_of_others): 200 GET http://10.180.1.21/compute/v2.1/servers/fa5997fa-817c-42b6-a7fa-b3b85a109b6d 1.657s
2025-05-22 21:50:59.516 69511 INFO tempest.lib.common.rest_client [req-526b4b40-2891-4674-af51-a1f478fc37d8 req-526b4b40-2891-4674-af51-a1f478fc37d8 ] Request (ServerRescueNegativeTestJSON:setUpClass): 200 GET http://10.180.1.21/compute/v2.1/servers/e1498893-a512-4b47-b22a-66c9e78df3de 1.660s
2025-05-22 21:50:59.541 69507 INFO tempest.lib.common.rest_client [req-ff8b8a3a-e335-4b94-b306-9fc440d9c8e0 req-ff8b8a3a-e335-4b94-b306-9fc440d9c8e0 ] Request (AggregatesAdminNegativeTestJSON:test_aggregate_delete_with_invalid_id): 404 DELETE http://10.180.1.21/compute/v2.1/os-aggregates/-1 1.651s
2025-05-22 21:50:59.547 69487 INFO tempest.lib.common.rest_client [req-4fe5d889-4401-4a53-808d-17c0361ce144 req-4fe5d889-4401-4a53-808d-17c0361ce144 ] Request (ServersAaction247Test:setUpClass): 201 POST http://10.180.1.21/identity/v3/projects 0.045s
2025-05-22 21:50:59.579 69463 INFO tempest.lib.common.rest_client [req-08b21723-65a8-4249-92f2-98ed441492ec req-08b21723-65a8-4249-92f2-98ed441492ec ] Request (HypervisorAdminNegativeUnderV252Test:tearDownClass): 200 GET http://10.180.1.21:9696/networking/v2.0/security-groups?tenant_id=171d7e6ee53d4571867c182859e631ec&name=default 0.523s
2025-05-22 21:50:59.618 69519 INFO tempest.lib.common.rest_client [req-264c1a6f-f125-4115-9878-46b02f6fa7ba req-264c1a6f-f125-4115-9878-46b02f6fa7ba ] Request (ServersV294TestFqdnHostnames:tearDownClass): 204 DELETE http://10.180.1.21:9696/networking/v2.0/subnets/2760aa89-4445-4e85-ba2c-80cc9d843e6c 0.775s
2025-05-22 21:50:59.632 69513 INFO tempest.lib.common.rest_client [req-581bb4ca-c004-4eab-a540-3d5344cea438 req-581bb4ca-c004-4eab-a540-3d5344cea438 ] Request (ServersTestJSON:test_create_server_specify_multibyte_character_name): 200 GET http://10.180.1.21/compute/v2.1/servers/d615fad6-4666-4a8d-a580-fc501abe501a 1.614s
2025-05-22 21:50:59.634 69481 INFO tempest.lib.common.rest_client [req-5792ab9e-699d-4192-ab7c-29a36888b22e req-5792ab9e-699d-4192-ab7c-29a36888b22e ] Request (FloatingIPsAssociationNegativeTestJSON:setUpClass): 201 POST http://10.180.1.21:9696/networking/v2.0/networks 1.070s
2025-05-22 21:50:59.641 69473 INFO tempest.lib.common.rest_client [req-85e4b41f-565b-4c0e-8b98-e6934076aca2 req-85e4b41f-565b-4c0e-8b98-e6934076aca2 ] Request (ServersAdminNegativeTestJSON:test_migrate_server_invalid_state): 200 GET http://10.180.1.21/compute/v2.1/servers/f4387f56-2438-4373-bcf5-7aee060b0d8c 1.769s
2025-05-22 21:50:59.647 69487 INFO tempest.lib.common.rest_client [req-efca09f5-d2ef-4e8f-9917-56b492576431 req-efca09f5-d2ef-4e8f-9917-56b492576431 ] Request (ServersAaction247Test:setUpClass): 201 POST http://10.180.1.21/identity/v3/users 0.099s
2025-05-22 21:50:59.650 69473 INFO tempest.common.waiters [-] State transition "BUILD/None" ==> "ERROR/None" after 19 second wait
2025-05-22 21:50:59.651 69509 INFO tempest.lib.common.rest_client [req-41c4b084-2a99-4031-ac76-aad687391636 req-41c4b084-2a99-4031-ac76-aad687391636 ] Request (KeyPairsNegativeTestJSON:test_keypair_delete_nonexistent_key): 404 DELETE http://10.180.1.21/compute/v2.1/os-keypairs/tempest-keypair-non-existent-195720423 1.620s
2025-05-22 21:50:59.668 69459 INFO tempest.lib.common.rest_client [req-1dc41177-6ecb-47ad-91bf-3c451b62768f req-1dc41177-6ecb-47ad-91bf-3c451b62768f ] Request (FlavorsAdminTestJSON:_run_cleanups): 202 DELETE http://10.180.1.21/compute/v2.1/flavors/1788008119 1.618s
2025-05-22 21:50:59.680 69485 INFO tempest.lib.common.rest_client [req-61dbfd45-f083-4373-9c7f-fd3afbc505a5 req-61dbfd45-f083-4373-9c7f-fd3afbc505a5 ] Request (VolumesAssistedSnapshotsTest:test_volume_assisted_snapshot_create_delete): 404 GET http://10.180.1.21/compute/v2.1/servers/b41adb4d-5a5d-4e48-a4ed-6163e9c40e75 1.334s
2025-05-22 21:50:59.687 69487 INFO tempest.lib.common.rest_client [req-b999a5ac-4892-4f4c-883e-e7c3a9a2c2f9 req-b999a5ac-4892-4f4c-883e-e7c3a9a2c2f9 ] Request (ServersAaction247Test:setUpClass): 200 GET http://10.180.1.21/identity/v3/roles 0.039s
2025-05-22 21:50:59.733 69487 INFO tempest.lib.common.rest_client [req-c077eb0e-ed14-454a-82d0-5fd8e84e6061 req-c077eb0e-ed14-454a-82d0-5fd8e84e6061 ] Request (ServersAaction247Test:setUpClass): 204 PUT http://10.180.1.21/identity/v3/projects/a37433c888624475975aca893f4afa1f/users/2864a7fd1272413baef5bc722556e9bf/roles/862171c0d4e2480ca37d12d9a2587538 0.045s
2025-05-22 21:50:59.733 69487 INFO tempest.lib.common.dynamic_creds [-] Dynamic test user 2864a7fd1272413baef5bc722556e9bf is created with scope project and roles: ['member']
2025-05-22 21:50:59.733 69487 INFO tempest.lib.common.dynamic_creds [-] Acquired dynamic creds: credentials: Credentials: {'domain_id': 'default', 'domain_name': 'Default', 'username': 'tempest-ServersAaction247Test-2092532634-project-member', 'project_domain_id': 'default', 'project_domain_name': 'Default', 'project_id': 'a37433c888624475975aca893f4afa1f', 'project_name': 'tempest-ServersAaction247Test-2092532634', 'tenant_id': 'a37433c888624475975aca893f4afa1f', 'tenant_name': 'tempest-ServersAaction247Test-2092532634', 'user_domain_id': 'default', 'user_domain_name': 'Default', 'user_id': '2864a7fd1272413baef5bc722556e9bf', 'system': None}, Network: None, Subnet: None, Router: None
2025-05-22 21:50:59.733 69487 INFO tempest.lib.common.dynamic_creds [-] Created isolated network resources for: credentials: Credentials: {'domain_id': 'default', 'domain_name': 'Default', 'username': 'tempest-ServersAaction247Test-2092532634-project-member', 'project_domain_id': 'default', 'project_domain_name': 'Default', 'project_id': 'a37433c888624475975aca893f4afa1f', 'project_name': 'tempest-ServersAaction247Test-2092532634', 'tenant_id': 'a37433c888624475975aca893f4afa1f', 'tenant_name': 'tempest-ServersAaction247Test-2092532634', 'user_domain_id': 'default', 'user_domain_name': 'Default', 'user_id': '2864a7fd1272413baef5bc722556e9bf', 'system': None}, Network: None, Subnet: None, Router: None
2025-05-22 21:50:59.748 69485 INFO tempest.lib.common.rest_client [req-9d227c13-45c6-42e0-9cee-3ab81239120c req-9d227c13-45c6-42e0-9cee-3ab81239120c ] Request (VolumesAssistedSnapshotsTest:_run_cleanups): 202 DELETE http://10.180.1.21/volume/v3/25e7c90c124745c4b8d6bf3332f9392a/volumes/140568e6-0aba-4eec-9da9-ba01661ab9e2 0.065s
2025-05-22 21:50:59.759 69509 INFO tempest.lib.common.rest_client [req-de0f1c66-33a1-46cf-8fbd-c0d667bf4271 req-de0f1c66-33a1-46cf-8fbd-c0d667bf4271 ] Request (KeyPairsNegativeTestJSON:tearDownClass): 204 DELETE http://10.180.1.21/identity/v3/users/ae4de4cf72294baf93f6510744306883 0.106s
2025-05-22 21:50:59.760 69509 INFO tempest.lib.common.dynamic_creds [-] Deleting project and security group for project: a9e46f9b8b46472e969eaede5b1912ee
2025-05-22 21:50:59.782 69485 INFO tempest.lib.common.rest_client [req-31022c14-f31e-4252-9fba-f468d087df03 req-31022c14-f31e-4252-9fba-f468d087df03 ] Request (VolumesAssistedSnapshotsTest:_run_cleanups): 200 GET http://10.180.1.21/volume/v3/25e7c90c124745c4b8d6bf3332f9392a/volumes/140568e6-0aba-4eec-9da9-ba01661ab9e2 0.034s
2025-05-22 21:50:59.801 69479 INFO tempest.lib.common.rest_client [req-67b99170-44d8-4403-ac71-7581dbf47b3a req-67b99170-44d8-4403-ac71-7581dbf47b3a ] Request (SecurityGroupsNegativeTestJSON:test_security_group_get_nonexistent_group): 404 GET http://10.180.1.21/compute/v2.1/os-security-groups/c470ceaf-cb91-4632-be2d-40df73a3db36 1.318s
2025-05-22 21:50:59.831 69487 INFO tempest.lib.common.rest_client [req-4fc6ba3f-3db9-4fbb-ad6c-e7bc431d3bb6 req-4fc6ba3f-3db9-4fbb-ad6c-e7bc431d3bb6 ] Request (ServersAaction247Test:setUpClass): 201 POST http://10.180.1.21/identity/v3/auth/tokens 0.095s
2025-05-22 21:50:59.836 69509 INFO tempest.lib.common.rest_client [req-cc1ea971-9921-4e94-bdf1-4a895746df81 req-cc1ea971-9921-4e94-bdf1-4a895746df81 ] Request (KeyPairsNegativeTestJSON:tearDownClass): 201 POST http://10.180.1.21/identity/v3/auth/tokens 0.077s
2025-05-22 21:50:59.870 69487 INFO tempest.lib.common.rest_client [req-88bbbc8b-7eea-4cd6-a987-cc75d6993288 req-88bbbc8b-7eea-4cd6-a987-cc75d6993288 ] Request (ServersAaction247Test:test_create_backup): 201 POST http://10.180.1.21/identity/v3/auth/tokens 0.034s
2025-05-22 21:50:59.872 69487 INFO tempest.lib.common.fixed_network [-] (ServersAaction247Test:test_create_backup) Found network None available for tenant
2025-05-22 21:50:59.909 69501 INFO tempest.lib.common.rest_client [req-9184613c-382e-4bc3-8f35-36650b87964a req-9184613c-382e-4bc3-8f35-36650b87964a ] Request (ServersTestManualDisk:setUpClass): 201 POST http://10.180.1.21:9696/networking/v2.0/subnets 1.061s
2025-05-22 21:50:59.925 69463 INFO tempest.lib.common.rest_client [req-6d04f157-ad44-4d08-b53c-4a61aaafd7a9 req-6d04f157-ad44-4d08-b53c-4a61aaafd7a9 ] Request (HypervisorAdminNegativeUnderV252Test:tearDownClass): 204 DELETE http://10.180.1.21:9696/networking/v2.0/security-groups/dde7968f-f6ed-4616-9666-d9234c9a0e0f 0.345s
2025-05-22 21:51:00.003 69463 INFO tempest.lib.common.rest_client [req-44238271-1b84-4a27-9974-65cdf6f39cde req-44238271-1b84-4a27-9974-65cdf6f39cde ] Request (HypervisorAdminNegativeUnderV252Test:tearDownClass): 204 DELETE http://10.180.1.21/identity/v3/projects/171d7e6ee53d4571867c182859e631ec 0.078s
2025-05-22 21:51:00.004 69463 INFO tempest.lib.common.dynamic_creds [-] Deleting project and security group for project: 79793a32e95641a7a2c30a683471f910
2025-05-22 21:51:00.036 69475 INFO tempest.lib.common.rest_client [req-ebebd6d2-5d06-477f-9f72-8ea24f9e6b68 req-ebebd6d2-5d06-477f-9f72-8ea24f9e6b68 ] Request (ServersTestMultiNic:setUpClass): 201 POST http://10.180.1.21:9696/networking/v2.0/routers 2.861s
2025-05-22 21:51:00.095 69467 INFO tempest.lib.common.rest_client [req-9da0588d-e876-4d5c-871a-6c13d9244124 req-9da0588d-e876-4d5c-871a-6c13d9244124 ] Request (ImagesMetadataTestJSON:test_set_image_metadata): 200 PUT http://10.180.1.21/compute/v2.1/images/86480e64-1bb6-4fe4-8fc9-755cbfd409cc/metadata 1.537s
2025-05-22 21:51:00.101 69500 INFO tempest.lib.common.rest_client [req-a68d56a1-2aff-4ed9-af5e-021634660274 req-a68d56a1-2aff-4ed9-af5e-021634660274 ] Request (ImagesNegativeTestJSON:test_create_image_specify_uuid_37_characters_or_more): 404 POST http://10.180.1.21/compute/v2.1/servers/aaaaaaaaaaaaaaaaaaaaaaaaaaaaaaaaaaaaa/action 1.535s
2025-05-22 21:51:00.160 69522 INFO tempest.lib.common.rest_client [req-2e346662-cd6d-4045-b81c-1d12b818e33a req-2e346662-cd6d-4045-b81c-1d12b818e33a ] Request (VolumesTestJSON:setUpClass): 200 GET http://10.180.1.21/compute/v2.1/os-volumes/af6c675d-2d03-4f3a-bc97-cc11e48b2e37 1.372s
2025-05-22 21:51:00.163 69491 INFO tempest.lib.common.rest_client [req-f33ca130-b666-4c12-8865-66cbe05e41e6 req-f33ca130-b666-4c12-8865-66cbe05e41e6 ] Request (SecurityGroupRulesTestJSON:tearDownClass): 202 DELETE http://10.180.1.21/compute/v2.1/os-security-groups/d5a4159a-57e0-47eb-8399-6a25b6057bbd 1.803s
2025-05-22 21:51:00.281 69471 INFO tempest.lib.common.rest_client [req-73ad771a-7b00-4f5d-9b55-3b05f31fca89 req-73ad771a-7b00-4f5d-9b55-3b05f31fca89 ] Request (ImagesOneServerNegativeTestJSON:setUpClass): 200 GET http://10.180.1.21/compute/v2.1/servers/9f311bf0-31a1-46a9-911d-4e393c2279be 1.283s
2025-05-22 21:51:00.325 69507 INFO tempest.lib.common.rest_client [req-7bb1c04f-ab1b-4cb2-84fe-e338841b19cb req-7bb1c04f-ab1b-4cb2-84fe-e338841b19cb ] Request (AggregatesAdminNegativeTestJSON:test_aggregate_get_details_as_user): 200 POST http://10.180.1.21/compute/v2.1/os-aggregates 0.783s
2025-05-22 21:51:00.351 69522 INFO tempest.lib.common.rest_client [req-baa33889-ae08-434e-bf33-8291465e9f2b req-baa33889-ae08-434e-bf33-8291465e9f2b ] Request (VolumesTestJSON:setUpClass): 202 POST http://10.180.1.21/volume/v3/72c486fbae474d0ab71f81ebbc4827d9/volumes 0.188s
2025-05-22 21:51:00.360 69503 INFO tempest.lib.common.rest_client [req-fbd353fa-1a56-4f8e-97a1-3db0302a8152 req-fbd353fa-1a56-4f8e-97a1-3db0302a8152 ] Request (QuotasAdminTestV236:test_get_updated_quotas): 200 GET http://10.180.1.21/compute/v2.1/os-quota-sets/98843e0d6f754b8b97fbee7320862790?user_id=7c1c8da857144111a3e732fd31a6d76b 1.336s
2025-05-22 21:51:00.371 69481 INFO tempest.lib.common.rest_client [req-fe049d17-a16c-4224-a8cf-ce6de07ae527 req-fe049d17-a16c-4224-a8cf-ce6de07ae527 ] Request (FloatingIPsAssociationNegativeTestJSON:setUpClass): 201 POST http://10.180.1.21:9696/networking/v2.0/subnets 0.736s
2025-05-22 21:51:00.382 69459 INFO tempest.lib.common.rest_client [req-d4ed706b-1013-4750-9608-91c37bba5180 req-d4ed706b-1013-4750-9608-91c37bba5180 ] Request (FlavorsAdminTestJSON:_run_cleanups): 200 GET http://10.180.1.21/compute/v2.1/flavors/detail 0.713s
2025-05-22 21:51:00.405 69522 INFO tempest.lib.common.rest_client [req-4dcf36c9-52a3-4d69-8237-2f1c6bf6a279 req-4dcf36c9-52a3-4d69-8237-2f1c6bf6a279 ] Request (VolumesTestJSON:setUpClass): 200 GET http://10.180.1.21/volume/v3/72c486fbae474d0ab71f81ebbc4827d9/volumes/11f19b32-4756-44ce-aa3e-bc851e0436b8 0.046s
