2025-03-10 15:53:02.213 68589 INFO tempest.lib.common.rest_client [req-b380e162-6bc0-4a74-be89-48bd074b5cb7 req-b380e162-6bc0-4a74-be89-48bd074b5cb7 ] Request (FloatingIPsAssociationTestJSON:tearDownClass): 200 GET http://10.180.1.21/compute/v2.1/servers/11de7da5-1d73-4536-b2a1-f7dbbdec14b8 0.148s
2025-03-10 15:53:02.216 68587 INFO tempest.lib.common.rest_client [req-b3b6f561-547c-4178-a8e5-5802f2fb661a req-b3b6f561-547c-4178-a8e5-5802f2fb661a ] Request (ServerTagsTestJSON:test_check_tag_existence): 204 GET http://10.180.1.21/compute/v2.1/servers/631fe0ee-73a6-48c5-9a14-f6a00d2c2942/tags/tempest-tag-1532477750 0.117s
2025-03-10 15:53:02.253 68591 INFO tempest.lib.common.rest_client [req-1507a390-e750-483f-b46c-18adeb95cece req-1507a390-e750-483f-b46c-18adeb95cece ] Request (FloatingIPDetailsNegativeTestJSON:setUpClass): 201 POST http://10.180.1.21/identity/v3/users 0.075s
2025-03-10 15:53:02.270 68599 INFO tempest.lib.common.rest_client [req-546b5826-f159-422a-9200-9e942d813b9c req-546b5826-f159-422a-9200-9e942d813b9c ] Request (MigrationsAdminTest:test_resize_server_revert_deleted_flavor): 200 GET http://10.180.1.21/compute/v2.1/servers/b3b7f551-81aa-4ac4-9906-020fac5f01f7 0.113s
2025-03-10 15:53:02.278 68587 INFO tempest.lib.common.rest_client [req-0f351cca-8e8f-4bf7-97de-6cf481307417 req-0f351cca-8e8f-4bf7-97de-6cf481307417 ] Request (ServerTagsTestJSON:_run_cleanups): 204 DELETE http://10.180.1.21/compute/v2.1/servers/631fe0ee-73a6-48c5-9a14-f6a00d2c2942/tags 0.061s
2025-03-10 15:53:02.280 68591 INFO tempest.lib.common.rest_client [req-520d78f6-bfc4-4bdc-8e6a-198a2067dd66 req-520d78f6-bfc4-4bdc-8e6a-198a2067dd66 ] Request (FloatingIPDetailsNegativeTestJSON:setUpClass): 200 GET http://10.180.1.21/identity/v3/roles 0.026s
2025-03-10 15:53:02.296 68587 INFO tempest.lib.common.rest_client [req-dcac1c6f-2a3b-4b35-95a1-b2c38251b446 req-dcac1c6f-2a3b-4b35-95a1-b2c38251b446 ] Request (ServerTagsTestJSON:test_create_delete_tag): 200 GET http://10.180.1.21/compute/v2.1/servers/631fe0ee-73a6-48c5-9a14-f6a00d2c2942/tags 0.016s
2025-03-10 15:53:02.308 68591 INFO tempest.lib.common.rest_client [req-da8e2404-25a5-4f9e-9a85-ccce26e4f487 req-da8e2404-25a5-4f9e-9a85-ccce26e4f487 ] Request (FloatingIPDetailsNegativeTestJSON:setUpClass): 204 PUT http://10.180.1.21/identity/v3/projects/7e6de0056eab49499c8cbc84e888091e/users/9d43bf24531747849aca423667b90ef6/roles/13d1a290192241bb9787521a3e32f7e2 0.027s
2025-03-10 15:53:02.308 68591 INFO tempest.lib.common.dynamic_creds [-] Dynamic test user 9d43bf24531747849aca423667b90ef6 is created with scope project and roles: ['member']
2025-03-10 15:53:02.309 68591 INFO tempest.lib.common.dynamic_creds [-] Acquired dynamic creds: credentials: Credentials: {'domain_id': 'default', 'domain_name': 'Default', 'username': 'tempest-FloatingIPDetailsNegativeTestJSON-1170425857-project-member', 'project_domain_id': 'default', 'project_domain_name': 'Default', 'project_id': '7e6de0056eab49499c8cbc84e888091e', 'project_name': 'tempest-FloatingIPDetailsNegativeTestJSON-1170425857', 'tenant_id': '7e6de0056eab49499c8cbc84e888091e', 'tenant_name': 'tempest-FloatingIPDetailsNegativeTestJSON-1170425857', 'user_domain_id': 'default', 'user_domain_name': 'Default', 'user_id': '9d43bf24531747849aca423667b90ef6', 'system': None}, Network: None, Subnet: None, Router: None
2025-03-10 15:53:02.321 68603 WARNING tempest.lib.common.ssh [-] Failed to establish authenticated ssh connection to cirros@10.180.180.150 ([Errno None] Unable to connect to port 22 on 10.180.180.150). Number attempts: 7. Retry after 8 seconds.: paramiko.ssh_exception.NoValidConnectionsError: [Errno None] Unable to connect to port 22 on 10.180.180.150
2025-03-10 15:53:02.322 68573 INFO tempest.lib.common.rest_client [req-333b9adc-3bc3-4cb3-bfff-9ea15a853827 req-333b9adc-3bc3-4cb3-bfff-9ea15a853827 ] Request (AttachVolumeNegativeTest:test_attach_attached_volume_to_different_server): 200 GET http://10.180.1.21/compute/v2.1/servers/d4f20336-9c29-4aac-8c0d-f577749cd7d7 0.088s
2025-03-10 15:53:02.352 68587 INFO tempest.lib.common.rest_client [req-137edd63-2fa3-4e42-b301-83d04b10f4c4 req-137edd63-2fa3-4e42-b301-83d04b10f4c4 ] Request (ServerTagsTestJSON:test_create_delete_tag): 201 PUT http://10.180.1.21/compute/v2.1/servers/631fe0ee-73a6-48c5-9a14-f6a00d2c2942/tags/tempest-tag-1203257900 0.055s
2025-03-10 15:53:02.370 68587 INFO tempest.lib.common.rest_client [req-323208ff-836d-4cf2-a153-ba5c701bdaed req-323208ff-836d-4cf2-a153-ba5c701bdaed ] Request (ServerTagsTestJSON:test_create_delete_tag): 200 GET http://10.180.1.21/compute/v2.1/servers/631fe0ee-73a6-48c5-9a14-f6a00d2c2942/tags 0.017s
2025-03-10 15:53:02.374 68591 INFO tempest.lib.common.rest_client [req-fd68351e-025a-4161-80c4-8785daaa1bb6 req-fd68351e-025a-4161-80c4-8785daaa1bb6 ] Request (FloatingIPDetailsNegativeTestJSON:setUpClass): 201 POST http://10.180.1.21/identity/v3/auth/tokens 0.062s
2025-03-10 15:53:02.397 68571 INFO tempest.lib.common.rest_client [req-7bf11bb8-f67f-4551-a8d2-d8a9683f98ea req-7bf11bb8-f67f-4551-a8d2-d8a9683f98ea ] Request (DeleteServersTestJSON:test_delete_server_while_in_attached_volume): 200 GET http://10.180.1.21/compute/v2.1/servers/2a1cc678-2bb2-403e-b6e8-afdeb8362eac 0.073s
2025-03-10 15:53:02.418 68587 INFO tempest.lib.common.rest_client [req-e35fd5ef-75b3-4ea8-b2cc-6fb7f5bca414 req-e35fd5ef-75b3-4ea8-b2cc-6fb7f5bca414 ] Request (ServerTagsTestJSON:test_create_delete_tag): 204 DELETE http://10.180.1.21/compute/v2.1/servers/631fe0ee-73a6-48c5-9a14-f6a00d2c2942/tags/tempest-tag-1203257900 0.047s
2025-03-10 15:53:02.435 68587 INFO tempest.lib.common.rest_client [req-01b49980-8c35-47eb-9184-30a7028ded8b req-01b49980-8c35-47eb-9184-30a7028ded8b ] Request (ServerTagsTestJSON:test_create_delete_tag): 200 GET http://10.180.1.21/compute/v2.1/servers/631fe0ee-73a6-48c5-9a14-f6a00d2c2942/tags 0.016s
2025-03-10 15:53:02.467 68624 INFO tempest.lib.common.rest_client [req-3845cf89-b696-425b-87ca-3f8abcd61d70 req-3845cf89-b696-425b-87ca-3f8abcd61d70 ] Request (ServersAaction247Test:test_create_backup): 200 GET http://10.180.1.21/compute/v2.1/servers/c7ab28c3-a316-4685-b876-a0e7c657ec35 0.062s
2025-03-10 15:53:02.486 68587 INFO tempest.lib.common.rest_client [req-9d2b7456-1aa1-47a8-9686-ef869e65af39 req-9d2b7456-1aa1-47a8-9686-ef869e65af39 ] Request (ServerTagsTestJSON:_run_cleanups): 204 DELETE http://10.180.1.21/compute/v2.1/servers/631fe0ee-73a6-48c5-9a14-f6a00d2c2942/tags 0.049s
2025-03-10 15:53:02.535 68613 INFO tempest.lib.common.rest_client [req-a8eb3404-6c75-48db-a524-ebf5d8377f5b req-a8eb3404-6c75-48db-a524-ebf5d8377f5b ] Request (ImagesTestJSON:test_create_image_from_stopped_server): 200 GET http://10.180.1.21/compute/v2.1/servers/5266817c-ce3b-4c96-a3bd-32b631c29b81 0.058s
2025-03-10 15:53:02.543 68587 INFO tempest.lib.common.rest_client [req-f624f2bf-b833-4b9f-b905-f9a00128183c req-f624f2bf-b833-4b9f-b905-f9a00128183c ] Request (ServerTagsTestJSON:test_delete_all_tags): 201 PUT http://10.180.1.21/compute/v2.1/servers/631fe0ee-73a6-48c5-9a14-f6a00d2c2942/tags/tempest-tag-757869434 0.056s
2025-03-10 15:53:02.596 68579 INFO tempest.lib.common.rest_client [req-85dd558f-aa9c-4498-9452-469aa1be642d req-85dd558f-aa9c-4498-9452-469aa1be642d ] Request (ServersAdminTestJSON:test_inject_network_info): 200 GET http://10.180.1.21/compute/v2.1/servers/7df1a9b4-e363-4e35-a8d5-6b09b671e6a5 0.056s
2025-03-10 15:53:02.598 68587 INFO tempest.lib.common.rest_client [req-9a6255d4-7fe1-458c-98c5-574618dae6b1 req-9a6255d4-7fe1-458c-98c5-574618dae6b1 ] Request (ServerTagsTestJSON:test_delete_all_tags): 201 PUT http://10.180.1.21/compute/v2.1/servers/631fe0ee-73a6-48c5-9a14-f6a00d2c2942/tags/tempest-tag-2021327744 0.055s
2025-03-10 15:53:02.613 68563 INFO tempest.lib.common.rest_client [req-5f5c79f6-0b45-45f2-83a3-efc093e3bf8b req-5f5c79f6-0b45-45f2-83a3-efc093e3bf8b ] Request (ServerAddressesNegativeTestJSON:setUpClass): 201 POST http://10.180.1.21:9696/networking/v2.0/routers 0.900s
2025-03-10 15:53:02.659 68587 INFO tempest.lib.common.rest_client [req-835ed432-7d9e-4bac-b981-315c6511892c req-835ed432-7d9e-4bac-b981-315c6511892c ] Request (ServerTagsTestJSON:test_delete_all_tags): 204 DELETE http://10.180.1.21/compute/v2.1/servers/631fe0ee-73a6-48c5-9a14-f6a00d2c2942/tags 0.060s
2025-03-10 15:53:02.665 68581 INFO tempest.lib.common.rest_client [req-142957b9-04dd-4d43-ae80-b6a77c1f4583 req-142957b9-04dd-4d43-ae80-b6a77c1f4583 ] Request (ServerDiskConfigTestJSON:test_rebuild_server_with_auto_disk_config): 200 GET http://10.180.1.21/compute/v2.1/servers/d1b5abfa-fd38-4d17-b75f-5036af841d24 0.062s
2025-03-10 15:53:02.715 68607 INFO tempest.lib.common.rest_client [req-4b787f40-8b55-4cea-a91c-c795ddc0c59a req-4b787f40-8b55-4cea-a91c-c795ddc0c59a ] Request (VolumesAssistedSnapshotsTest:_run_cleanups): 200 GET http://10.180.1.21/compute/v2.1/servers/5b58896c-cb07-48c8-ace0-385486a3e19d/os-volume_attachments 0.066s
2025-03-10 15:53:02.718 68615 INFO paramiko.transport [-] Connected (version 2.0, client dropbear_2020.81)
2025-03-10 15:53:02.732 68587 INFO tempest.lib.common.rest_client [req-94af8847-659c-425a-91be-acad26296a22 req-94af8847-659c-425a-91be-acad26296a22 ] Request (ServerTagsTestJSON:test_delete_all_tags): 200 GET http://10.180.1.21/compute/v2.1/servers/631fe0ee-73a6-48c5-9a14-f6a00d2c2942/tags 0.070s
2025-03-10 15:53:02.752 68611 INFO tempest.lib.common.rest_client [req-2b621412-0611-4049-b2cf-bc61a113a921 req-2b621412-0611-4049-b2cf-bc61a113a921 ] Request (ServerExternalEventsTest:tearDownClass): 200 GET http://10.180.1.21/compute/v2.1/servers/d2c3e3eb-4b05-4e08-bd08-0f42560fcdba 0.131s
2025-03-10 15:53:02.763 68607 INFO tempest.lib.common.rest_client [req-d29abf11-36bb-45c6-8de7-5e4746b32037 req-d29abf11-36bb-45c6-8de7-5e4746b32037 ] Request (VolumesAssistedSnapshotsTest:_run_cleanups): 200 GET http://10.180.1.21/volume/v3/volumes/c8b8da28-c2a3-4a88-b6c4-807c92e3bf87 0.047s
2025-03-10 15:53:02.773 68607 INFO tempest.common.waiters [-] volume c8b8da28-c2a3-4a88-b6c4-807c92e3bf87 reached available after waiting for 0.773023 seconds
2025-03-10 15:53:02.779 68615 INFO paramiko.transport [-] Authentication (publickey) successful!
2025-03-10 15:53:02.781 68615 INFO tempest.lib.common.ssh [-] ssh connection to cirros@10.180.180.225 successfully created
2025-03-10 15:53:02.805 68565 INFO tempest.lib.common.rest_client [req-c950d99d-f2a4-4359-8536-2365693fc363 req-c950d99d-f2a4-4359-8536-2365693fc363 ] Request (ServerActionsTestOtherA:test_rebuild_server_in_stop_state): 200 GET http://10.180.1.21/compute/v2.1/servers/c690490f-9278-4595-8286-d4fd970bbc39 0.091s
2025-03-10 15:53:02.809 68591 INFO tempest.lib.common.rest_client [req-e824d6c3-29bd-4dbc-a099-c3ce6d6a9385 req-e824d6c3-29bd-4dbc-a099-c3ce6d6a9385 ] Request (FloatingIPDetailsNegativeTestJSON:setUpClass): 201 POST http://10.180.1.21:9696/networking/v2.0/networks 0.435s
2025-03-10 15:53:02.815 68587 INFO tempest.lib.common.rest_client [req-4e1d3dad-d6b6-4432-9c1f-b6de663bd4a4 req-4e1d3dad-d6b6-4432-9c1f-b6de663bd4a4 ] Request (ServerTagsTestJSON:_run_cleanups): 204 DELETE http://10.180.1.21/compute/v2.1/servers/631fe0ee-73a6-48c5-9a14-f6a00d2c2942/tags 0.081s
2025-03-10 15:53:02.825 68607 INFO tempest.lib.common.rest_client [req-d0093e93-e9bf-4b27-8471-5258ae4c80ed req-d0093e93-e9bf-4b27-8471-5258ae4c80ed ] Request (VolumesAssistedSnapshotsTest:_run_cleanups): 202 DELETE http://10.180.1.21/volume/v3/volumes/c8b8da28-c2a3-4a88-b6c4-807c92e3bf87 0.052s
2025-03-10 15:53:02.862 68607 INFO tempest.lib.common.rest_client [req-09a2b966-7d1e-4626-be48-6f6bb31a3cc8 req-09a2b966-7d1e-4626-be48-6f6bb31a3cc8 ] Request (VolumesAssistedSnapshotsTest:_run_cleanups): 200 GET http://10.180.1.21/volume/v3/volumes/c8b8da28-c2a3-4a88-b6c4-807c92e3bf87 0.036s
2025-03-10 15:53:02.886 68587 INFO tempest.lib.common.rest_client [req-51e898e5-43cc-457d-8336-f7822c18e51a req-51e898e5-43cc-457d-8336-f7822c18e51a ] Request (ServerTagsTestJSON:test_update_all_tags): 201 PUT http://10.180.1.21/compute/v2.1/servers/631fe0ee-73a6-48c5-9a14-f6a00d2c2942/tags/tempest-tag-523204076 0.070s
2025-03-10 15:53:02.910 68615 INFO tempest.lib.common.rest_client [req-1a408ea5-80c2-4171-8aa5-753e89e8c229 req-1a408ea5-80c2-4171-8aa5-753e89e8c229 ] Request (ServersWithSpecificFlavorTestJSON:test_verify_created_server_ephemeral_disk): 204 DELETE http://10.180.1.21/compute/v2.1/servers/12fad42a-1011-4563-b11f-7b141b2a1670 0.119s
2025-03-10 15:53:02.968 68587 INFO tempest.lib.common.rest_client [req-785691f2-58bd-445e-a010-d11c1bcbf6e5 req-785691f2-58bd-445e-a010-d11c1bcbf6e5 ] Request (ServerTagsTestJSON:test_update_all_tags): 201 PUT http://10.180.1.21/compute/v2.1/servers/631fe0ee-73a6-48c5-9a14-f6a00d2c2942/tags/tempest-tag-1970474304 0.081s
2025-03-10 15:53:02.978 68615 INFO tempest.lib.common.rest_client [req-65abde55-c2bf-4646-ab43-6d07b19ee402 req-65abde55-c2bf-4646-ab43-6d07b19ee402 ] Request (ServersWithSpecificFlavorTestJSON:test_verify_created_server_ephemeral_disk): 201 POST http://10.180.1.21/identity/v3/auth/tokens 0.065s
2025-03-10 15:53:02.979 68615 INFO tempest.lib.common.fixed_network [-] (ServersWithSpecificFlavorTestJSON:test_verify_created_server_ephemeral_disk) Found network {'id': 'f7a43f6f-f31d-4b2c-a140-2b4d0375ff45', 'name': 'tempest-ServersWithSpecificFlavorTestJSON-1101832130-network', 'tenant_id': '53c6c9c73f07454fbe69beeee428a15a', 'admin_state_up': True, 'mtu': 8950, 'status': 'ACTIVE', 'subnets': [], 'shared': False, 'project_id': '53c6c9c73f07454fbe69beeee428a15a', 'port_security_enabled': True, 'router:external': False, 'provider:network_type': 'vlan', 'provider:physical_network': 'default', 'provider:segmentation_id': 627, 'availability_zone_hints': [], 'availability_zones': [], 'ipv4_address_scope': None, 'ipv6_address_scope': None, 'description': '', 'tags': [], 'created_at': '2025-03-10T15:50:13Z', 'updated_at': '2025-03-10T15:50:13Z', 'revision_number': 1} available for tenant
2025-03-10 15:53:03.046 68567 INFO tempest.lib.common.rest_client [req-58573bde-4387-46b0-8ad7-580cecb2ded5 req-58573bde-4387-46b0-8ad7-580cecb2ded5 ] Request (ImagesOneServerNegativeTestJSON:_run_cleanups): 200 GET http://10.180.1.21/compute/v2.1/servers/324cc3e5-1c81-498e-b520-e9fca26013ef 0.102s
2025-03-10 15:53:03.070 68619 INFO tempest.lib.common.rest_client [req-bda381bf-5659-41d8-b941-4f967cf0f4e8 req-bda381bf-5659-41d8-b941-4f967cf0f4e8 ] Request (SecurityGroupsTestJSON:test_server_security_groups): 200 GET http://10.180.1.21/compute/v2.1/servers/3e656d8d-bd06-4886-9424-4ed76b98aae9 0.187s
2025-03-10 15:53:03.116 68601 INFO tempest.lib.common.rest_client [req-4c938907-8f31-49aa-8073-90d67a571d6b req-4c938907-8f31-49aa-8073-90d67a571d6b ] Request (InstanceActionsV221TestJSON:test_get_list_deleted_instance_actions): 200 GET http://10.180.1.21/compute/v2.1/servers/753bb2f7-bf0a-401e-81af-93982558d3b7 0.164s
2025-03-10 15:53:03.123 68587 INFO tempest.lib.common.rest_client [req-41478343-9696-4104-9e91-19cec6d39c19 req-41478343-9696-4104-9e91-19cec6d39c19 ] Request (ServerTagsTestJSON:test_update_all_tags): 200 PUT http://10.180.1.21/compute/v2.1/servers/631fe0ee-73a6-48c5-9a14-f6a00d2c2942/tags 0.154s
2025-03-10 15:53:03.185 68591 INFO tempest.lib.common.rest_client [req-0a0560df-3660-46c5-a5f5-08d53496e7c6 req-0a0560df-3660-46c5-a5f5-08d53496e7c6 ] Request (FloatingIPDetailsNegativeTestJSON:setUpClass): 201 POST http://10.180.1.21:9696/networking/v2.0/subnets 0.375s
2025-03-10 15:53:03.213 68561 INFO tempest.lib.common.rest_client [req-b874cea1-614b-42e2-abaa-82aefd55613a req-b874cea1-614b-42e2-abaa-82aefd55613a ] Request (ListServerFiltersTestJSON:tearDownClass): 200 GET http://10.180.1.21/compute/v2.1/servers/bda5b2fb-1875-4078-a4c1-f76f6abeaaf5 0.194s
2025-03-10 15:53:03.280 68595 INFO tempest.lib.common.rest_client [req-7ee6b0df-5b67-49f0-a7d2-856cf9cd49e5 req-7ee6b0df-5b67-49f0-a7d2-856cf9cd49e5 ] Request (ServersTestMultiNic:test_verify_multiple_nics_order): 200 GET http://10.180.1.21/compute/v2.1/servers/8b473550-4a40-48a5-9e1c-7c48df828e61 0.261s
2025-03-10 15:53:03.288 68595 INFO tempest.common.waiters [-] State transition "BUILD/scheduling" ==> "BUILD/None" after 3 second wait
2025-03-10 15:53:03.313 68587 INFO tempest.lib.common.rest_client [req-880c1bab-58a9-4e73-a267-5b2a49ce707f req-880c1bab-58a9-4e73-a267-5b2a49ce707f ] Request (ServerTagsTestJSON:test_update_all_tags): 200 GET http://10.180.1.21/compute/v2.1/servers/631fe0ee-73a6-48c5-9a14-f6a00d2c2942/tags 0.188s
2025-03-10 15:53:03.481 68577 INFO tempest.lib.common.rest_client [req-2ef1a244-42eb-4bf0-99dc-5d557a20f7e5 req-2ef1a244-42eb-4bf0-99dc-5d557a20f7e5 ] Request (ServerMetadataTestJSON:setUpClass): 200 GET http://10.180.1.21/compute/v2.1/servers/940e0328-970d-4f49-a102-d8a00b8c299b 0.349s
2025-03-10 15:53:03.536 68617 INFO tempest.lib.common.rest_client [req-8e176041-37b1-4e2e-b14a-df3d3d2fc918 req-8e176041-37b1-4e2e-b14a-df3d3d2fc918 ] Request (VolumesAdminNegativeTest:test_update_attached_volume_with_nonexistent_volume_in_uri): 200 GET http://10.180.1.21/compute/v2.1/servers/c0409ef9-bd21-4d42-9992-eb5ff7bbcb3e 0.374s
2025-03-10 15:53:03.598 68609 INFO tempest.lib.common.rest_client [req-8a5520fa-a899-409a-9d03-21ca2aa20ff4 req-8a5520fa-a899-409a-9d03-21ca2aa20ff4 ] Request (ServerShowV254Test:tearDownClass): 200 GET http://10.180.1.21/compute/v2.1/servers/29981c10-c6dd-4852-94ad-1f8f0135b8cc 0.394s
2025-03-10 15:53:03.663 68563 INFO tempest.lib.common.rest_client [req-cc52a5ea-dbcc-4dbf-87a5-d6bc72c509ce req-cc52a5ea-dbcc-4dbf-87a5-d6bc72c509ce ] Request (ServerAddressesNegativeTestJSON:setUpClass): 200 PUT http://10.180.1.21:9696/networking/v2.0/routers/57a82454-1dc3-40d0-b9dc-0cd1524a13ed/add_router_interface 1.049s
2025-03-10 15:53:03.663 68563 INFO tempest.lib.common.dynamic_creds [-] Created isolated network resources for: credentials: Credentials: {'domain_id': 'default', 'domain_name': 'Default', 'username': 'tempest-ServerAddressesNegativeTestJSON-928636979-project-member', 'project_domain_id': 'default', 'project_domain_name': 'Default', 'project_id': '8da261a2538c41d983fee93cf80ed3c5', 'project_name': 'tempest-ServerAddressesNegativeTestJSON-928636979', 'tenant_id': '8da261a2538c41d983fee93cf80ed3c5', 'tenant_name': 'tempest-ServerAddressesNegativeTestJSON-928636979', 'user_domain_id': 'default', 'user_domain_name': 'Default', 'user_id': 'f6ef4303767040dc98414bfaa2932b85', 'system': None}, Network: {'id': 'f43186f2-844c-4873-ad76-9f7f2146d2fb', 'name': 'tempest-ServerAddressesNegativeTestJSON-1883567126-network', 'tenant_id': '8da261a2538c41d983fee93cf80ed3c5', 'admin_state_up': True, 'mtu': 8950, 'status': 'ACTIVE', 'subnets': [], 'shared': False, 'project_id': '8da261a2538c41d983fee93cf80ed3c5', 'port_security_enabled': True, 'router:external': False, 'provider:network_type': 'vlan', 'provider:physical_network': 'default', 'provider:segmentation_id': 800, 'availability_zone_hints': [], 'availability_zones': [], 'ipv4_address_scope': None, 'ipv6_address_scope': None, 'description': '', 'tags': [], 'created_at': '2025-03-10T15:53:01Z', 'updated_at': '2025-03-10T15:53:01Z', 'revision_number': 1}, Subnet: {'id': '1d9b9f13-ae6f-4247-aacf-1f2354203e5e', 'name': 'tempest-ServerAddressesNegativeTestJSON-1883567126-subnet', 'tenant_id': '8da261a2538c41d983fee93cf80ed3c5', 'network_id': 'f43186f2-844c-4873-ad76-9f7f2146d2fb', 'ip_version': 4, 'subnetpool_id': None, 'enable_dhcp': True, 'ipv6_ra_mode': None, 'ipv6_address_mode': None, 'gateway_ip': '192.168.128.1', 'cidr': '192.168.128.0/28', 'allocation_pools': [{'start': '192.168.128.2', 'end': '192.168.128.14'}], 'host_routes': [], 'dns_nameservers': [], 'description': '', 'router:external': False, 'service_types': [], 'tags': [], 'created_at': '2025-03-10T15:53:01Z', 'updated_at': '2025-03-10T15:53:01Z', 'revision_number': 0, 'project_id': '8da261a2538c41d983fee93cf80ed3c5'}, Router: {'id': '57a82454-1dc3-40d0-b9dc-0cd1524a13ed', 'name': 'tempest-ServerAddressesNegativeTestJSON-1883567126-router', 'tenant_id': '8da261a2538c41d983fee93cf80ed3c5', 'admin_state_up': True, 'status': 'ACTIVE', 'external_gateway_info': {'network_id': '25fe8df5-b7d9-4a0c-ac71-05fca4658ae6', 'external_fixed_ips': [{'subnet_id': '5a905900-35bd-42ce-b7c2-c94d26004da3', 'ip_address': '10.180.180.243'}], 'enable_snat': True}, 'description': '', 'availability_zones': [], 'distributed': False, 'ha': False, 'availability_zone_hints': [], 'routes': [], 'flavor_id': None, 'tags': [], 'created_at': '2025-03-10T15:53:01Z', 'updated_at': '2025-03-10T15:53:02Z', 'revision_number': 2, 'project_id': '8da261a2538c41d983fee93cf80ed3c5'}
2025-03-10 15:53:03.679 68589 INFO tempest.lib.common.rest_client [req-5387599f-021f-4936-93f2-34e13fe69d4f req-5387599f-021f-4936-93f2-34e13fe69d4f ] Request (FloatingIPsAssociationTestJSON:tearDownClass): 200 GET http://10.180.1.21/compute/v2.1/servers/11de7da5-1d73-4536-b2a1-f7dbbdec14b8 0.455s
2025-03-10 15:53:03.787 68615 INFO tempest.lib.common.rest_client [req-4296e44b-533f-4115-8131-92eda071cc04 req-4296e44b-533f-4115-8131-92eda071cc04 ] Request (ServersWithSpecificFlavorTestJSON:test_verify_created_server_ephemeral_disk): 202 POST http://10.180.1.21/compute/v2.1/servers 0.807s
2025-03-10 15:53:03.805 68563 INFO tempest.lib.common.rest_client [req-366071a9-e32c-4622-a2f3-5a355c9203ed req-366071a9-e32c-4622-a2f3-5a355c9203ed ] Request (ServerAddressesNegativeTestJSON:setUpClass): 201 POST http://10.180.1.21/identity/v3/auth/tokens 0.134s
2025-03-10 15:53:03.854 68563 INFO tempest.lib.common.rest_client [req-12d3901b-3327-4a9f-8355-e23ba6c4e933 req-12d3901b-3327-4a9f-8355-e23ba6c4e933 ] Request (ServerAddressesNegativeTestJSON:setUpClass): 201 POST http://10.180.1.21/identity/v3/auth/tokens 0.038s
2025-03-10 15:53:03.854 68563 INFO tempest.lib.common.fixed_network [-] (ServerAddressesNegativeTestJSON:setUpClass) Found network {'id': 'f43186f2-844c-4873-ad76-9f7f2146d2fb', 'name': 'tempest-ServerAddressesNegativeTestJSON-1883567126-network', 'tenant_id': '8da261a2538c41d983fee93cf80ed3c5', 'admin_state_up': True, 'mtu': 8950, 'status': 'ACTIVE', 'subnets': [], 'shared': False, 'project_id': '8da261a2538c41d983fee93cf80ed3c5', 'port_security_enabled': True, 'router:external': False, 'provider:network_type': 'vlan', 'provider:physical_network': 'default', 'provider:segmentation_id': 800, 'availability_zone_hints': [], 'availability_zones': [], 'ipv4_address_scope': None, 'ipv6_address_scope': None, 'description': '', 'tags': [], 'created_at': '2025-03-10T15:53:01Z', 'updated_at': '2025-03-10T15:53:01Z', 'revision_number': 1} available for tenant
2025-03-10 15:53:03.858 68587 INFO tempest.lib.common.rest_client [req-b8b0dcc0-bd82-4356-bd97-5f1d8572727d req-b8b0dcc0-bd82-4356-bd97-5f1d8572727d ] Request (ServerTagsTestJSON:_run_cleanups): 204 DELETE http://10.180.1.21/compute/v2.1/servers/631fe0ee-73a6-48c5-9a14-f6a00d2c2942/tags 0.544s
2025-03-10 15:53:03.874 68599 INFO tempest.lib.common.rest_client [req-f049903d-8c1b-4331-b791-15515f311e23 req-f049903d-8c1b-4331-b791-15515f311e23 ] Request (MigrationsAdminTest:test_resize_server_revert_deleted_flavor): 200 GET http://10.180.1.21/compute/v2.1/servers/b3b7f551-81aa-4ac4-9906-020fac5f01f7 0.596s
2025-03-10 15:53:03.886 68599 INFO tempest.common.waiters [-] State transition "BUILD/None" ==> "BUILD/networking" after 58 second wait
2025-03-10 15:53:03.918 68607 INFO tempest.lib.common.rest_client [req-e4496f94-75d7-493b-95d3-f656688c3331 req-e4496f94-75d7-493b-95d3-f656688c3331 ] Request (VolumesAssistedSnapshotsTest:_run_cleanups): 200 GET http://10.180.1.21/volume/v3/volumes/c8b8da28-c2a3-4a88-b6c4-807c92e3bf87 0.042s
2025-03-10 15:53:03.939 68573 INFO tempest.lib.common.rest_client [req-38763f0d-d364-4a43-9eeb-9b6f0e192787 req-38763f0d-d364-4a43-9eeb-9b6f0e192787 ] Request (AttachVolumeNegativeTest:test_attach_attached_volume_to_different_server): 200 GET http://10.180.1.21/compute/v2.1/servers/d4f20336-9c29-4aac-8c0d-f577749cd7d7 0.607s
2025-03-10 15:53:03.962 68571 INFO tempest.lib.common.rest_client [req-e12324a3-9000-4891-89a2-0c32bf539bda req-e12324a3-9000-4891-89a2-0c32bf539bda ] Request (DeleteServersTestJSON:test_delete_server_while_in_attached_volume): 200 GET http://10.180.1.21/compute/v2.1/servers/2a1cc678-2bb2-403e-b6e8-afdeb8362eac 0.553s
2025-03-10 15:53:04.011 68624 INFO tempest.lib.common.rest_client [req-05de8574-21c4-4ee7-ae3c-285492733b11 req-05de8574-21c4-4ee7-ae3c-285492733b11 ] Request (ServersAaction247Test:test_create_backup): 200 GET http://10.180.1.21/compute/v2.1/servers/c7ab28c3-a316-4685-b876-a0e7c657ec35 0.528s
2025-03-10 15:53:04.030 68613 INFO tempest.lib.common.rest_client [req-e9077f59-3e26-475b-b92b-43fa885d049f req-e9077f59-3e26-475b-b92b-43fa885d049f ] Request (ImagesTestJSON:test_create_image_from_stopped_server): 200 GET http://10.180.1.21/compute/v2.1/servers/5266817c-ce3b-4c96-a3bd-32b631c29b81 0.484s
2025-03-10 15:53:04.087 68579 INFO tempest.lib.common.rest_client [req-f6c2ed83-86f0-4759-b0aa-aad8d25d2eff req-f6c2ed83-86f0-4759-b0aa-aad8d25d2eff ] Request (ServersAdminTestJSON:test_inject_network_info): 200 GET http://10.180.1.21/compute/v2.1/servers/7df1a9b4-e363-4e35-a8d5-6b09b671e6a5 0.482s
2025-03-10 15:53:04.102 68581 INFO tempest.lib.common.rest_client [req-816a6734-3f6d-4373-84d5-ff1be81435b4 req-816a6734-3f6d-4373-84d5-ff1be81435b4 ] Request (ServerDiskConfigTestJSON:test_rebuild_server_with_auto_disk_config): 200 GET http://10.180.1.21/compute/v2.1/servers/d1b5abfa-fd38-4d17-b75f-5036af841d24 0.423s
2025-03-10 15:53:04.142 68591 INFO tempest.lib.common.rest_client [req-57662056-a0dc-4cb8-90a0-86c7ca301a67 req-57662056-a0dc-4cb8-90a0-86c7ca301a67 ] Request (FloatingIPDetailsNegativeTestJSON:setUpClass): 201 POST http://10.180.1.21:9696/networking/v2.0/routers 0.956s
2025-03-10 15:53:04.172 68615 INFO tempest.lib.common.rest_client [req-49c2d633-b97e-4431-ad71-a645dcc4f2c1 req-49c2d633-b97e-4431-ad71-a645dcc4f2c1 ] Request (ServersWithSpecificFlavorTestJSON:test_verify_created_server_ephemeral_disk): 200 GET http://10.180.1.21/compute/v2.1/servers/f13ad5e7-341f-4475-b334-2144b0923e3b 0.381s
2025-03-10 15:53:04.180 68611 INFO tempest.lib.common.rest_client [req-6820ff92-6582-437c-9d0a-ab595e4f3153 req-6820ff92-6582-437c-9d0a-ab595e4f3153 ] Request (ServerExternalEventsTest:tearDownClass): 200 GET http://10.180.1.21/compute/v2.1/servers/d2c3e3eb-4b05-4e08-bd08-0f42560fcdba 0.416s
2025-03-10 15:53:04.267 68565 INFO tempest.lib.common.rest_client [req-14582a84-dceb-45ed-814e-27d8dc100cde req-14582a84-dceb-45ed-814e-27d8dc100cde ] Request (ServerActionsTestOtherA:test_rebuild_server_in_stop_state): 200 GET http://10.180.1.21/compute/v2.1/servers/c690490f-9278-4595-8286-d4fd970bbc39 0.452s
2025-03-10 15:53:04.367 68587 INFO tempest.lib.common.rest_client [req-2069a59d-ad15-46aa-84da-d768045200d8 req-2069a59d-ad15-46aa-84da-d768045200d8 ] Request (ServerTagsTestJSON:tearDownClass): 204 DELETE http://10.180.1.21/compute/v2.1/servers/631fe0ee-73a6-48c5-9a14-f6a00d2c2942 0.508s
2025-03-10 15:53:04.453 68567 INFO tempest.lib.common.rest_client [req-b4295802-bfbe-4b89-a468-8d1586dce2ac req-b4295802-bfbe-4b89-a468-8d1586dce2ac ] Request (ImagesOneServerNegativeTestJSON:_run_cleanups): 200 GET http://10.180.1.21/compute/v2.1/servers/324cc3e5-1c81-498e-b520-e9fca26013ef 0.397s
2025-03-10 15:53:04.724 68619 INFO tempest.lib.common.rest_client [req-b06ad908-3f21-4ec3-b7da-2d3d7547bc6d req-b06ad908-3f21-4ec3-b7da-2d3d7547bc6d ] Request (SecurityGroupsTestJSON:test_server_security_groups): 200 GET http://10.180.1.21/compute/v2.1/servers/3e656d8d-bd06-4886-9424-4ed76b98aae9 0.645s
2025-03-10 15:53:04.733 68619 INFO tempest.common.waiters [-] State transition "HARD_REBOOT/rebooting_hard" ==> "HARD_REBOOT/reboot_started_hard" after 4 second wait
2025-03-10 15:53:04.810 68601 INFO tempest.lib.common.rest_client [req-f6f72aa8-cedd-435c-9cd8-6eede1e55a9b req-f6f72aa8-cedd-435c-9cd8-6eede1e55a9b ] Request (InstanceActionsV221TestJSON:test_get_list_deleted_instance_actions): 200 GET http://10.180.1.21/compute/v2.1/servers/753bb2f7-bf0a-401e-81af-93982558d3b7 0.681s
2025-03-10 15:53:04.883 68561 INFO tempest.lib.common.rest_client [req-33b82a31-11b9-4f64-89e8-ef7f3ec510a2 req-33b82a31-11b9-4f64-89e8-ef7f3ec510a2 ] Request (ListServerFiltersTestJSON:tearDownClass): 200 GET http://10.180.1.21/compute/v2.1/servers/bda5b2fb-1875-4078-a4c1-f76f6abeaaf5 0.660s
2025-03-10 15:53:04.921 68563 INFO tempest.lib.common.rest_client [req-c959dc39-019b-4a60-a131-a5031f7f404d req-c959dc39-019b-4a60-a131-a5031f7f404d ] Request (ServerAddressesNegativeTestJSON:setUpClass): 202 POST http://10.180.1.21/compute/v2.1/servers 1.063s
2025-03-10 15:53:04.958 68595 INFO tempest.lib.common.rest_client [req-f39c8228-f8a5-4dc1-bd1a-06bc2b879e0f req-f39c8228-f8a5-4dc1-bd1a-06bc2b879e0f ] Request (ServersTestMultiNic:test_verify_multiple_nics_order): 200 GET http://10.180.1.21/compute/v2.1/servers/8b473550-4a40-48a5-9e1c-7c48df828e61 0.670s
2025-03-10 15:53:04.965 68607 INFO tempest.lib.common.rest_client [req-92cc6b55-0159-450d-a614-e79307785f8f req-92cc6b55-0159-450d-a614-e79307785f8f ] Request (VolumesAssistedSnapshotsTest:_run_cleanups): 200 GET http://10.180.1.21/volume/v3/volumes/c8b8da28-c2a3-4a88-b6c4-807c92e3bf87 0.038s
2025-03-10 15:53:05.018 68591 INFO tempest.lib.common.rest_client [req-35fe603b-defe-4ca8-9b39-428ae19f214e req-35fe603b-defe-4ca8-9b39-428ae19f214e ] Request (FloatingIPDetailsNegativeTestJSON:setUpClass): 200 PUT http://10.180.1.21:9696/networking/v2.0/routers/9e69ad57-0f2a-4825-b857-9c9b149d61e9/add_router_interface 0.876s
2025-03-10 15:53:05.018 68591 INFO tempest.lib.common.dynamic_creds [-] Created isolated network resources for: credentials: Credentials: {'domain_id': 'default', 'domain_name': 'Default', 'username': 'tempest-FloatingIPDetailsNegativeTestJSON-1170425857-project-member', 'project_domain_id': 'default', 'project_domain_name': 'Default', 'project_id': '7e6de0056eab49499c8cbc84e888091e', 'project_name': 'tempest-FloatingIPDetailsNegativeTestJSON-1170425857', 'tenant_id': '7e6de0056eab49499c8cbc84e888091e', 'tenant_name': 'tempest-FloatingIPDetailsNegativeTestJSON-1170425857', 'user_domain_id': 'default', 'user_domain_name': 'Default', 'user_id': '9d43bf24531747849aca423667b90ef6', 'system': None}, Network: {'id': '9cb9f791-a56f-4e41-aa25-ca6a986d78e5', 'name': 'tempest-FloatingIPDetailsNegativeTestJSON-1651957162-network', 'tenant_id': '7e6de0056eab49499c8cbc84e888091e', 'admin_state_up': True, 'mtu': 8950, 'status': 'ACTIVE', 'subnets': [], 'shared': False, 'project_id': '7e6de0056eab49499c8cbc84e888091e', 'port_security_enabled': True, 'router:external': False, 'provider:network_type': 'vlan', 'provider:physical_network': 'default', 'provider:segmentation_id': 134, 'availability_zone_hints': [], 'availability_zones': [], 'ipv4_address_scope': None, 'ipv6_address_scope': None, 'description': '', 'tags': [], 'created_at': '2025-03-10T15:53:02Z', 'updated_at': '2025-03-10T15:53:02Z', 'revision_number': 1}, Subnet: {'id': '3981e603-a210-41fa-b943-d418a3813350', 'name': 'tempest-FloatingIPDetailsNegativeTestJSON-1651957162-subnet', 'tenant_id': '7e6de0056eab49499c8cbc84e888091e', 'network_id': '9cb9f791-a56f-4e41-aa25-ca6a986d78e5', 'ip_version': 4, 'subnetpool_id': None, 'enable_dhcp': True, 'ipv6_ra_mode': None, 'ipv6_address_mode': None, 'gateway_ip': '192.168.128.1', 'cidr': '192.168.128.0/28', 'allocation_pools': [{'start': '192.168.128.2', 'end': '192.168.128.14'}], 'host_routes': [], 'dns_nameservers': [], 'description': '', 'router:external': False, 'service_types': [], 'tags': [], 'created_at': '2025-03-10T15:53:02Z', 'updated_at': '2025-03-10T15:53:02Z', 'revision_number': 0, 'project_id': '7e6de0056eab49499c8cbc84e888091e'}, Router: {'id': '9e69ad57-0f2a-4825-b857-9c9b149d61e9', 'name': 'tempest-FloatingIPDetailsNegativeTestJSON-1651957162-router', 'tenant_id': '7e6de0056eab49499c8cbc84e888091e', 'admin_state_up': True, 'status': 'ACTIVE', 'external_gateway_info': {'network_id': '25fe8df5-b7d9-4a0c-ac71-05fca4658ae6', 'external_fixed_ips': [{'subnet_id': '5a905900-35bd-42ce-b7c2-c94d26004da3', 'ip_address': '10.180.180.205'}], 'enable_snat': True}, 'description': '', 'availability_zones': [], 'distributed': False, 'ha': False, 'availability_zone_hints': [], 'routes': [], 'flavor_id': None, 'tags': [], 'created_at': '2025-03-10T15:53:03Z', 'updated_at': '2025-03-10T15:53:03Z', 'revision_number': 2, 'project_id': '7e6de0056eab49499c8cbc84e888091e'}
2025-03-10 15:53:05.063 68587 INFO tempest.lib.common.rest_client [req-6343a6a2-2c50-495b-9269-9f209a1fe5cf req-6343a6a2-2c50-495b-9269-9f209a1fe5cf ] Request (ServerTagsTestJSON:tearDownClass): 200 GET http://10.180.1.21/compute/v2.1/servers/631fe0ee-73a6-48c5-9a14-f6a00d2c2942 0.695s
2025-03-10 15:53:05.136 68577 INFO tempest.lib.common.rest_client [req-51258051-8728-4221-abd8-7d42b33dcac2 req-51258051-8728-4221-abd8-7d42b33dcac2 ] Request (ServerMetadataTestJSON:setUpClass): 200 GET http://10.180.1.21/compute/v2.1/servers/940e0328-970d-4f49-a102-d8a00b8c299b 0.643s
2025-03-10 15:53:05.146 68617 INFO tempest.lib.common.rest_client [req-eb78f6e6-ade0-4c4c-ad49-e642a9f8ec4c req-eb78f6e6-ade0-4c4c-ad49-e642a9f8ec4c ] Request (VolumesAdminNegativeTest:test_update_attached_volume_with_nonexistent_volume_in_uri): 200 GET http://10.180.1.21/compute/v2.1/servers/c0409ef9-bd21-4d42-9992-eb5ff7bbcb3e 0.599s
2025-03-10 15:53:05.156 68591 INFO tempest.lib.common.rest_client [req-d415e799-e4b8-4365-9767-84db8718f442 req-d415e799-e4b8-4365-9767-84db8718f442 ] Request (FloatingIPDetailsNegativeTestJSON:setUpClass): 201 POST http://10.180.1.21/identity/v3/auth/tokens 0.130s
2025-03-10 15:53:05.215 68609 INFO tempest.lib.common.rest_client [req-bba25e54-e094-4f8a-89c1-b2984329667b req-bba25e54-e094-4f8a-89c1-b2984329667b ] Request (ServerShowV254Test:tearDownClass): 200 GET http://10.180.1.21/compute/v2.1/servers/29981c10-c6dd-4852-94ad-1f8f0135b8cc 0.606s
2025-03-10 15:53:05.227 68589 INFO tempest.lib.common.rest_client [req-24f25162-73c9-47a9-9410-952f9a76f699 req-24f25162-73c9-47a9-9410-952f9a76f699 ] Request (FloatingIPsAssociationTestJSON:tearDownClass): 200 GET http://10.180.1.21/compute/v2.1/servers/11de7da5-1d73-4536-b2a1-f7dbbdec14b8 0.532s
2025-03-10 15:53:05.319 68563 INFO tempest.lib.common.rest_client [req-64690ab8-2d7a-4681-abf4-638178f09b2c req-64690ab8-2d7a-4681-abf4-638178f09b2c ] Request (ServerAddressesNegativeTestJSON:setUpClass): 200 GET http://10.180.1.21/compute/v2.1/servers/14285f6e-10a4-4077-a666-3c8d0cc1b87c 0.395s
2025-03-10 15:53:05.678 68573 INFO tempest.lib.common.rest_client [req-1295a197-f42e-4848-a2ee-b28b9b501695 req-1295a197-f42e-4848-a2ee-b28b9b501695 ] Request (AttachVolumeNegativeTest:test_attach_attached_volume_to_different_server): 200 GET http://10.180.1.21/compute/v2.1/servers/d4f20336-9c29-4aac-8c0d-f577749cd7d7 0.728s
2025-03-10 15:53:05.743 68599 INFO tempest.lib.common.rest_client [req-3022910d-a9f1-4c3a-b1ee-e27e2a5e2a3c req-3022910d-a9f1-4c3a-b1ee-e27e2a5e2a3c ] Request (MigrationsAdminTest:test_resize_server_revert_deleted_flavor): 200 GET http://10.180.1.21/compute/v2.1/servers/b3b7f551-81aa-4ac4-9906-020fac5f01f7 0.857s
2025-03-10 15:53:05.750 68599 INFO tempest.common.waiters [-] State transition "BUILD/networking" ==> "BUILD/spawning" after 60 second wait
2025-03-10 15:53:05.754 68597 WARNING tempest.lib.common.ssh [-] Failed to establish authenticated ssh connection to cirros@10.180.180.236 ([Errno None] Unable to connect to port 22 on 10.180.180.236). Number attempts: 11. Retry after 12 seconds.: paramiko.ssh_exception.NoValidConnectionsError: [Errno None] Unable to connect to port 22 on 10.180.180.236
2025-03-10 15:53:05.763 68571 INFO tempest.lib.common.rest_client [req-96f18caa-3bd0-4c60-a900-227fb0c55519 req-96f18caa-3bd0-4c60-a900-227fb0c55519 ] Request (DeleteServersTestJSON:test_delete_server_while_in_attached_volume): 200 GET http://10.180.1.21/compute/v2.1/servers/2a1cc678-2bb2-403e-b6e8-afdeb8362eac 0.789s
2025-03-10 15:53:05.818 68624 INFO tempest.lib.common.rest_client [req-99258922-66d3-439a-b039-a4facd101d55 req-99258922-66d3-439a-b039-a4facd101d55 ] Request (ServersAaction247Test:test_create_backup): 200 GET http://10.180.1.21/compute/v2.1/servers/c7ab28c3-a316-4685-b876-a0e7c657ec35 0.790s
2025-03-10 15:53:05.831 68613 INFO tempest.lib.common.rest_client [req-987dd93b-ecd7-4b09-9a93-6a48faac5196 req-987dd93b-ecd7-4b09-9a93-6a48faac5196 ] Request (ImagesTestJSON:test_create_image_from_stopped_server): 200 GET http://10.180.1.21/compute/v2.1/servers/5266817c-ce3b-4c96-a3bd-32b631c29b81 0.787s
2025-03-10 15:53:05.842 68613 INFO tempest.common.waiters [-] State transition "BUILD/None" ==> "BUILD/networking" after 56 second wait
2025-03-10 15:53:05.885 68579 INFO tempest.lib.common.rest_client [req-f4d9a8b3-571c-4e0d-99c3-05bde7a04b1b req-f4d9a8b3-571c-4e0d-99c3-05bde7a04b1b ] Request (ServersAdminTestJSON:test_inject_network_info): 200 GET http://10.180.1.21/compute/v2.1/servers/7df1a9b4-e363-4e35-a8d5-6b09b671e6a5 0.787s
2025-03-10 15:53:05.893 68581 INFO tempest.lib.common.rest_client [req-0241737e-b9c8-4536-bb25-e0235782da78 req-0241737e-b9c8-4536-bb25-e0235782da78 ] Request (ServerDiskConfigTestJSON:test_rebuild_server_with_auto_disk_config): 200 GET http://10.180.1.21/compute/v2.1/servers/d1b5abfa-fd38-4d17-b75f-5036af841d24 0.779s
2025-03-10 15:53:05.965 68591 INFO tempest.lib.common.rest_client [req-3308a06b-ae8a-4b58-bdaf-72a6d342cade req-3308a06b-ae8a-4b58-bdaf-72a6d342cade ] Request (FloatingIPDetailsNegativeTestJSON:test_get_nonexistent_floating_ip_details): 404 GET http://10.180.1.21/compute/v2.1/os-floating-ips/969d09bf-6c72-44f1-a071-6dd30caca6ba 0.805s
2025-03-10 15:53:05.985 68611 INFO tempest.lib.common.rest_client [req-db9a94ff-a8e0-48de-9c15-92ef46b03410 req-db9a94ff-a8e0-48de-9c15-92ef46b03410 ] Request (ServerExternalEventsTest:tearDownClass): 200 GET http://10.180.1.21/compute/v2.1/servers/d2c3e3eb-4b05-4e08-bd08-0f42560fcdba 0.792s
2025-03-10 15:53:05.998 68607 INFO tempest.lib.common.rest_client [req-0d9f70d9-4550-43a4-b3ef-5f575779d3f3 req-0d9f70d9-4550-43a4-b3ef-5f575779d3f3 ] Request (VolumesAssistedSnapshotsTest:_run_cleanups): 404 GET http://10.180.1.21/volume/v3/volumes/c8b8da28-c2a3-4a88-b6c4-807c92e3bf87 0.021s
2025-03-10 15:53:06.044 68615 INFO tempest.lib.common.rest_client [req-07099c80-3276-477a-91f8-e2c7cd62d3ae req-07099c80-3276-477a-91f8-e2c7cd62d3ae ] Request (ServersWithSpecificFlavorTestJSON:test_verify_created_server_ephemeral_disk): 200 GET http://10.180.1.21/compute/v2.1/servers/f13ad5e7-341f-4475-b334-2144b0923e3b 0.850s
2025-03-10 15:53:06.072 68565 INFO tempest.lib.common.rest_client [req-3a83afd8-8227-48a4-9dd1-e0a37aad40d3 req-3a83afd8-8227-48a4-9dd1-e0a37aad40d3 ] Request (ServerActionsTestOtherA:test_rebuild_server_in_stop_state): 200 GET http://10.180.1.21/compute/v2.1/servers/c690490f-9278-4595-8286-d4fd970bbc39 0.795s
2025-03-10 15:53:06.172 68567 INFO tempest.lib.common.rest_client [req-a80620c4-a604-4343-827e-777967e52934 req-a80620c4-a604-4343-827e-777967e52934 ] Request (ImagesOneServerNegativeTestJSON:_run_cleanups): 200 GET http://10.180.1.21/compute/v2.1/servers/324cc3e5-1c81-498e-b520-e9fca26013ef 0.706s
2025-03-10 15:53:06.285 68601 INFO tempest.lib.common.rest_client [req-0b3b8c2a-0dff-47b8-84d1-f04b024b85a0 req-0b3b8c2a-0dff-47b8-84d1-f04b024b85a0 ] Request (InstanceActionsV221TestJSON:test_get_list_deleted_instance_actions): 200 GET http://10.180.1.21/compute/v2.1/servers/753bb2f7-bf0a-401e-81af-93982558d3b7 0.464s
2025-03-10 15:53:06.304 68619 INFO tempest.lib.common.rest_client [req-5422c35f-0b30-4951-83e5-3e14b4529eb6 req-5422c35f-0b30-4951-83e5-3e14b4529eb6 ] Request (SecurityGroupsTestJSON:test_server_security_groups): 200 GET http://10.180.1.21/compute/v2.1/servers/3e656d8d-bd06-4886-9424-4ed76b98aae9 0.570s
2025-03-10 15:53:06.314 68619 INFO tempest.common.waiters [-] State transition "HARD_REBOOT/reboot_started_hard" ==> "ACTIVE/None" after 6 second wait
2025-03-10 15:53:06.384 68561 INFO tempest.lib.common.rest_client [req-4f6bcc2a-d889-4c72-89c2-19378324b3a9 req-4f6bcc2a-d889-4c72-89c2-19378324b3a9 ] Request (ListServerFiltersTestJSON:tearDownClass): 200 GET http://10.180.1.21/compute/v2.1/servers/bda5b2fb-1875-4078-a4c1-f76f6abeaaf5 0.492s
2025-03-10 15:53:06.403 68595 INFO tempest.lib.common.rest_client [req-d751f8af-8cd5-4e0c-b9b1-f96318c36517 req-d751f8af-8cd5-4e0c-b9b1-f96318c36517 ] Request (ServersTestMultiNic:test_verify_multiple_nics_order): 200 GET http://10.180.1.21/compute/v2.1/servers/8b473550-4a40-48a5-9e1c-7c48df828e61 0.437s
2025-03-10 15:53:06.468 68607 INFO tempest.lib.common.rest_client [req-83b22e0c-5cc6-46b7-a64c-834013e4cc1d req-83b22e0c-5cc6-46b7-a64c-834013e4cc1d ] Request (VolumesAssistedSnapshotsTest:tearDownClass): 204 DELETE http://10.180.1.21/compute/v2.1/servers/5b58896c-cb07-48c8-ace0-385486a3e19d 0.459s
2025-03-10 15:53:06.599 68587 INFO tempest.lib.common.rest_client [req-dbb75f5a-bf2d-4002-bb65-f2c44c85caaa req-dbb75f5a-bf2d-4002-bb65-f2c44c85caaa ] Request (ServerTagsTestJSON:tearDownClass): 200 GET http://10.180.1.21/compute/v2.1/servers/631fe0ee-73a6-48c5-9a14-f6a00d2c2942 0.525s
2025-03-10 15:53:06.728 68617 INFO tempest.lib.common.rest_client [req-7a8a2859-5302-412c-aa82-3bbc5ae83f05 req-7a8a2859-5302-412c-aa82-3bbc5ae83f05 ] Request (VolumesAdminNegativeTest:test_update_attached_volume_with_nonexistent_volume_in_uri): 200 GET http://10.180.1.21/compute/v2.1/servers/c0409ef9-bd21-4d42-9992-eb5ff7bbcb3e 0.571s
2025-03-10 15:53:06.831 68609 INFO tempest.lib.common.rest_client [req-50a53410-bc3e-4527-a881-3cc911b57dd6 req-50a53410-bc3e-4527-a881-3cc911b57dd6 ] Request (ServerShowV254Test:tearDownClass): 200 GET http://10.180.1.21/compute/v2.1/servers/29981c10-c6dd-4852-94ad-1f8f0135b8cc 0.603s
2025-03-10 15:53:06.873 68577 INFO tempest.lib.common.rest_client [req-7356246a-6b62-461f-82cc-a53d7e58e820 req-7356246a-6b62-461f-82cc-a53d7e58e820 ] Request (ServerMetadataTestJSON:setUpClass): 200 GET http://10.180.1.21/compute/v2.1/servers/940e0328-970d-4f49-a102-d8a00b8c299b 0.724s
2025-03-10 15:53:06.912 68589 INFO tempest.lib.common.rest_client [req-ab04240d-56b2-4c58-b56f-37f326e956b0 req-ab04240d-56b2-4c58-b56f-37f326e956b0 ] Request (FloatingIPsAssociationTestJSON:tearDownClass): 200 GET http://10.180.1.21/compute/v2.1/servers/11de7da5-1d73-4536-b2a1-f7dbbdec14b8 0.676s
2025-03-10 15:53:07.011 68563 INFO tempest.lib.common.rest_client [req-092f51d2-dae8-494f-bb4a-82383add352e req-092f51d2-dae8-494f-bb4a-82383add352e ] Request (ServerAddressesNegativeTestJSON:setUpClass): 200 GET http://10.180.1.21/compute/v2.1/servers/14285f6e-10a4-4077-a666-3c8d0cc1b87c 0.682s
2025-03-10 15:53:07.367 68607 INFO tempest.lib.common.rest_client [req-108a58d7-8e47-4588-ae1d-d09d77e5f2e8 req-108a58d7-8e47-4588-ae1d-d09d77e5f2e8 ] Request (VolumesAssistedSnapshotsTest:tearDownClass): 200 GET http://10.180.1.21/compute/v2.1/servers/5b58896c-cb07-48c8-ace0-385486a3e19d 0.897s
2025-03-10 15:53:07.473 68573 INFO tempest.lib.common.rest_client [req-f8a7264d-022c-4f6e-aa16-ceeab01d0927 req-f8a7264d-022c-4f6e-aa16-ceeab01d0927 ] Request (AttachVolumeNegativeTest:test_attach_attached_volume_to_different_server): 200 GET http://10.180.1.21/compute/v2.1/servers/d4f20336-9c29-4aac-8c0d-f577749cd7d7 0.782s
2025-03-10 15:53:07.669 68599 INFO tempest.lib.common.rest_client [req-374d2375-b89d-4f25-b381-9204a356e77f req-374d2375-b89d-4f25-b381-9204a356e77f ] Request (MigrationsAdminTest:test_resize_server_revert_deleted_flavor): 200 GET http://10.180.1.21/compute/v2.1/servers/b3b7f551-81aa-4ac4-9906-020fac5f01f7 0.918s
2025-03-10 15:53:07.987 68571 INFO tempest.lib.common.rest_client [req-79622334-d643-4bf9-b99c-be2cae239d45 req-79622334-d643-4bf9-b99c-be2cae239d45 ] Request (DeleteServersTestJSON:test_delete_server_while_in_attached_volume): 200 GET http://10.180.1.21/compute/v2.1/servers/2a1cc678-2bb2-403e-b6e8-afdeb8362eac 1.214s
2025-03-10 15:53:08.050 68624 INFO tempest.lib.common.rest_client [req-57d80916-f192-47ce-aac3-533eecb6740f req-57d80916-f192-47ce-aac3-533eecb6740f ] Request (ServersAaction247Test:test_create_backup): 200 GET http://10.180.1.21/compute/v2.1/servers/c7ab28c3-a316-4685-b876-a0e7c657ec35 1.221s
2025-03-10 15:53:08.214 68619 INFO tempest.lib.common.rest_client [req-400ebf6c-a0a9-496f-be78-f5005543f6cf req-400ebf6c-a0a9-496f-be78-f5005543f6cf ] Request (SecurityGroupsTestJSON:test_server_security_groups): 202 POST http://10.180.1.21/compute/v2.1/servers/3e656d8d-bd06-4886-9424-4ed76b98aae9/action 1.900s
2025-03-10 15:53:08.275 68579 INFO tempest.lib.common.rest_client [req-a401d517-ac24-450b-a593-313ff5f6ab9a req-a401d517-ac24-450b-a593-313ff5f6ab9a ] Request (ServersAdminTestJSON:test_inject_network_info): 200 GET http://10.180.1.21/compute/v2.1/servers/7df1a9b4-e363-4e35-a8d5-6b09b671e6a5 1.379s
2025-03-10 15:53:08.280 68613 INFO tempest.lib.common.rest_client [req-3263a4d3-d981-410f-a2c3-54911e4c7036 req-3263a4d3-d981-410f-a2c3-54911e4c7036 ] Request (ImagesTestJSON:test_create_image_from_stopped_server): 200 GET http://10.180.1.21/compute/v2.1/servers/5266817c-ce3b-4c96-a3bd-32b631c29b81 1.436s
2025-03-10 15:53:08.288 68613 INFO tempest.common.waiters [-] State transition "BUILD/networking" ==> "BUILD/spawning" after 59 second wait
2025-03-10 15:53:08.342 68581 INFO tempest.lib.common.rest_client [req-96852d23-05cf-49db-ae0d-1147b70b627c req-96852d23-05cf-49db-ae0d-1147b70b627c ] Request (ServerDiskConfigTestJSON:test_rebuild_server_with_auto_disk_config): 200 GET http://10.180.1.21/compute/v2.1/servers/d1b5abfa-fd38-4d17-b75f-5036af841d24 1.435s
2025-03-10 15:53:08.349 68581 INFO tempest.common.waiters [-] State transition "BUILD/None" ==> "BUILD/networking" after 57 second wait
2025-03-10 15:53:08.354 68611 INFO tempest.lib.common.rest_client [req-dbd3a1a6-1ef0-48ea-bb92-daf3bc5ff7d6 req-dbd3a1a6-1ef0-48ea-bb92-daf3bc5ff7d6 ] Request (ServerExternalEventsTest:tearDownClass): 200 GET http://10.180.1.21/compute/v2.1/servers/d2c3e3eb-4b05-4e08-bd08-0f42560fcdba 1.359s
2025-03-10 15:53:08.359 68591 INFO tempest.lib.common.rest_client [req-2f2a5c39-e91f-49c7-b6c3-375bfa6e5f7c req-2f2a5c39-e91f-49c7-b6c3-375bfa6e5f7c ] Request (FloatingIPDetailsNegativeTestJSON:tearDownClass): 200 PUT http://10.180.1.21:9696/networking/v2.0/routers/9e69ad57-0f2a-4825-b857-9c9b149d61e9/remove_router_interface 2.393s
2025-03-10 15:53:08.406 68615 INFO tempest.lib.common.rest_client [req-c64a1cda-8358-40f6-8750-51d88200fa3a req-c64a1cda-8358-40f6-8750-51d88200fa3a ] Request (ServersWithSpecificFlavorTestJSON:test_verify_created_server_ephemeral_disk): 200 GET http://10.180.1.21/compute/v2.1/servers/f13ad5e7-341f-4475-b334-2144b0923e3b 1.349s
2025-03-10 15:53:08.417 68565 INFO tempest.lib.common.rest_client [req-bcc929db-1bbe-4bbf-bdd0-4078c71a6885 req-bcc929db-1bbe-4bbf-bdd0-4078c71a6885 ] Request (ServerActionsTestOtherA:test_rebuild_server_in_stop_state): 200 GET http://10.180.1.21/compute/v2.1/servers/c690490f-9278-4595-8286-d4fd970bbc39 1.333s
2025-03-10 15:53:08.478 68567 INFO tempest.lib.common.rest_client [req-2335c945-b301-4cb6-8665-fa2f3dbec0e9 req-2335c945-b301-4cb6-8665-fa2f3dbec0e9 ] Request (ImagesOneServerNegativeTestJSON:_run_cleanups): 200 GET http://10.180.1.21/compute/v2.1/servers/324cc3e5-1c81-498e-b520-e9fca26013ef 1.297s
2025-03-10 15:53:08.488 68601 INFO tempest.lib.common.rest_client [req-c1901af6-a245-4ca3-9b85-1278643658a9 req-c1901af6-a245-4ca3-9b85-1278643658a9 ] Request (InstanceActionsV221TestJSON:test_get_list_deleted_instance_actions): 200 GET http://10.180.1.21/compute/v2.1/servers/753bb2f7-bf0a-401e-81af-93982558d3b7 1.191s
2025-03-10 15:53:08.546 68561 INFO tempest.lib.common.rest_client [req-12325694-5f53-4b0c-9a66-b954586969f4 req-12325694-5f53-4b0c-9a66-b954586969f4 ] Request (ListServerFiltersTestJSON:tearDownClass): 200 GET http://10.180.1.21/compute/v2.1/servers/bda5b2fb-1875-4078-a4c1-f76f6abeaaf5 1.152s
2025-03-10 15:53:08.558 68595 INFO tempest.lib.common.rest_client [req-a7fa3232-8bbf-43b0-a120-f799d351ab26 req-a7fa3232-8bbf-43b0-a120-f799d351ab26 ] Request (ServersTestMultiNic:test_verify_multiple_nics_order): 200 GET http://10.180.1.21/compute/v2.1/servers/8b473550-4a40-48a5-9e1c-7c48df828e61 1.145s
2025-03-10 15:53:08.622 68587 INFO tempest.lib.common.rest_client [req-523a273e-69b5-4e71-95b7-f0defd1dfce7 req-523a273e-69b5-4e71-95b7-f0defd1dfce7 ] Request (ServerTagsTestJSON:tearDownClass): 200 GET http://10.180.1.21/compute/v2.1/servers/631fe0ee-73a6-48c5-9a14-f6a00d2c2942 1.008s
2025-03-10 15:53:08.631 68587 INFO tempest.common.waiters [-] State transition "ACTIVE/deleting" ==> "DELETED/None" after 3 second wait
2025-03-10 15:53:08.636 68617 INFO tempest.lib.common.rest_client [req-4d8a8b8a-76c5-44bc-8911-2b02749766e7 req-4d8a8b8a-76c5-44bc-8911-2b02749766e7 ] Request (VolumesAdminNegativeTest:test_update_attached_volume_with_nonexistent_volume_in_uri): 200 GET http://10.180.1.21/compute/v2.1/servers/c0409ef9-bd21-4d42-9992-eb5ff7bbcb3e 0.895s
2025-03-10 15:53:08.704 68609 INFO tempest.lib.common.rest_client [req-4611c8f4-52f4-41ea-8752-6bc7dc3cd1f8 req-4611c8f4-52f4-41ea-8752-6bc7dc3cd1f8 ] Request (ServerShowV254Test:tearDownClass): 200 GET http://10.180.1.21/compute/v2.1/servers/29981c10-c6dd-4852-94ad-1f8f0135b8cc 0.859s
2025-03-10 15:53:08.795 68589 INFO tempest.lib.common.rest_client [req-5757efcc-5b40-4530-a7c0-ef2c57822c2b req-5757efcc-5b40-4530-a7c0-ef2c57822c2b ] Request (FloatingIPsAssociationTestJSON:tearDownClass): 200 GET http://10.180.1.21/compute/v2.1/servers/11de7da5-1d73-4536-b2a1-f7dbbdec14b8 0.872s
2025-03-10 15:53:08.821 68577 INFO tempest.lib.common.rest_client [req-8e2693aa-33a3-4a77-9a8c-029e47e1c024 req-8e2693aa-33a3-4a77-9a8c-029e47e1c024 ] Request (ServerMetadataTestJSON:setUpClass): 200 GET http://10.180.1.21/compute/v2.1/servers/940e0328-970d-4f49-a102-d8a00b8c299b 0.940s
