2025-03-10 15:52:43.011 68601 INFO tempest.lib.common.rest_client [req-b51d2114-bd93-4d42-bd93-1f92a9c96e36 req-b51d2114-bd93-4d42-bd93-1f92a9c96e36 ] Request (InstanceActionsV221TestJSON:test_get_list_deleted_instance_actions): 200 GET http://10.180.1.21/compute/v2.1/servers/753bb2f7-bf0a-401e-81af-93982558d3b7 0.093s
2025-03-10 15:52:43.020 68601 INFO tempest.common.waiters [-] State transition "BUILD/None" ==> "BUILD/networking" after 69 second wait
2025-03-10 15:52:43.080 68605 INFO tempest.lib.common.rest_client [req-6b0b7bb9-4177-44f4-8b1a-dd892a408c13 req-6b0b7bb9-4177-44f4-8b1a-dd892a408c13 ] Request (ServerMetadataNegativeTestJSON:tearDownClass): 200 GET http://10.180.1.21/compute/v2.1/servers/c8784827-a928-439d-abdf-d82b62a61152 0.089s
2025-03-10 15:52:43.118 68573 INFO tempest.lib.common.rest_client [req-12edeec1-d1ad-4ded-813d-5a14c244fd3e req-12edeec1-d1ad-4ded-813d-5a14c244fd3e ] Request (AttachVolumeNegativeTest:setUpClass): 201 POST http://10.180.1.21:9696/networking/v2.0/networks 0.278s
2025-03-10 15:52:43.154 68613 INFO tempest.lib.common.rest_client [req-fe608f90-7035-4273-9243-da4f48826eae req-fe608f90-7035-4273-9243-da4f48826eae ] Request (ImagesTestJSON:test_create_image_from_stopped_server): 200 GET http://10.180.1.21/compute/v2.1/servers/5266817c-ce3b-4c96-a3bd-32b631c29b81 0.079s
2025-03-10 15:52:43.243 68561 INFO tempest.lib.common.rest_client [req-6349e99a-79d6-4838-b367-24a36b00888d req-6349e99a-79d6-4838-b367-24a36b00888d ] Request (ListServerFiltersTestJSON:test_list_servers_filter_by_shutoff_status): 200 GET http://10.180.1.21/compute/v2.1/servers/b0f32ce2-92fd-4290-a2f4-e5658f775f4f 0.208s
2025-03-10 15:52:43.246 68579 INFO tempest.lib.common.rest_client [req-9feebf24-53ff-42cf-ae75-d31d3e36985c req-9feebf24-53ff-42cf-ae75-d31d3e36985c ] Request (ServersAdminTestJSON:test_inject_network_info): 200 GET http://10.180.1.21/compute/v2.1/servers/7df1a9b4-e363-4e35-a8d5-6b09b671e6a5 0.154s
2025-03-10 15:52:43.255 68561 INFO tempest.common.waiters [-] State transition "ACTIVE/powering-off" ==> "SHUTOFF/None" after 3 second wait
2025-03-10 15:52:43.303 68573 INFO tempest.lib.common.rest_client [req-c4d5abc3-9639-4ed6-9592-afb77fd4f11a req-c4d5abc3-9639-4ed6-9592-afb77fd4f11a ] Request (AttachVolumeNegativeTest:setUpClass): 201 POST http://10.180.1.21:9696/networking/v2.0/subnets 0.185s
2025-03-10 15:52:43.332 68611 INFO tempest.lib.common.rest_client [req-9b7e695c-a66b-4703-bdae-45c7cc5a0b20 req-9b7e695c-a66b-4703-bdae-45c7cc5a0b20 ] Request (ServerExternalEventsTest:tearDownClass): 200 GET http://10.180.1.21/compute/v2.1/servers/d2c3e3eb-4b05-4e08-bd08-0f42560fcdba 0.152s
2025-03-10 15:52:43.346 68611 INFO tempest.common.waiters [-] State transition "ACTIVE/deleting" ==> "DELETED/None" after 4 second wait
2025-03-10 15:52:43.379 68561 INFO tempest.lib.common.rest_client [req-2b156ea2-1a52-4b84-9da0-43e0774113f7 req-2b156ea2-1a52-4b84-9da0-43e0774113f7 ] Request (ListServerFiltersTestJSON:test_list_servers_filter_by_shutoff_status): 200 GET http://10.180.1.21/compute/v2.1/servers?status=shutoff 0.123s
2025-03-10 15:52:43.400 68587 INFO tempest.lib.common.rest_client [req-1e3094f6-d025-4bac-9265-5f6f1b16d23b req-1e3094f6-d025-4bac-9265-5f6f1b16d23b ] Request (ServerTagsTestJSON:setUpClass): 200 GET http://10.180.1.21/compute/v2.1/servers/631fe0ee-73a6-48c5-9a14-f6a00d2c2942 0.141s
2025-03-10 15:52:43.713 68581 INFO tempest.lib.common.rest_client [req-f853c030-b82b-45ca-adad-e8b1c7011f51 req-f853c030-b82b-45ca-adad-e8b1c7011f51 ] Request (ServerDiskConfigTestJSON:test_rebuild_server_with_auto_disk_config): 200 GET http://10.180.1.21/compute/v2.1/servers/d1b5abfa-fd38-4d17-b75f-5036af841d24 0.401s
2025-03-10 15:52:43.714 68563 INFO tempest.lib.common.rest_client [req-df5e2263-3aef-46dc-aaec-725b6855ed8e req-df5e2263-3aef-46dc-aaec-725b6855ed8e ] Request (ListServersNegativeTestJSON:tearDownClass): 200 GET http://10.180.1.21/compute/v2.1/servers/ee45231a-80f2-49b9-8bc7-03a0c920a668 0.456s
2025-03-10 15:52:43.792 68577 INFO tempest.lib.common.rest_client [req-a4389dbd-0368-4dba-9f91-d1267b43332f req-a4389dbd-0368-4dba-9f91-d1267b43332f ] Request (ServerMetadataTestJSON:setUpClass): 200 GET http://10.180.1.21/compute/v2.1/servers/940e0328-970d-4f49-a102-d8a00b8c299b 0.428s
2025-03-10 15:52:43.805 68561 INFO tempest.lib.common.rest_client [req-31ce4e87-0c2a-4e5d-9e0c-509cde4ea9dd req-31ce4e87-0c2a-4e5d-9e0c-509cde4ea9dd ] Request (ListServerFiltersTestJSON:test_list_servers_filter_by_shutoff_status): 202 POST http://10.180.1.21/compute/v2.1/servers/b0f32ce2-92fd-4290-a2f4-e5658f775f4f/action 0.424s
2025-03-10 15:52:43.898 68591 INFO tempest.lib.common.rest_client [req-ac7255e5-0b16-4df5-9d8e-33edeb1c34b4 req-ac7255e5-0b16-4df5-9d8e-33edeb1c34b4 ] Request (ServersAdminNegativeTestJSON:tearDownClass): 200 GET http://10.180.1.21/compute/v2.1/servers/fe9a8a13-73ec-4556-a62c-cc49fd01f539 0.477s
2025-03-10 15:52:43.900 68589 INFO tempest.lib.common.rest_client [req-fbd70d4e-31ec-4c6a-b146-f8c48b2f00d7 req-fbd70d4e-31ec-4c6a-b146-f8c48b2f00d7 ] Request (FloatingIPsAssociationTestJSON:tearDownClass): 200 GET http://10.180.1.21/compute/v2.1/servers/11de7da5-1d73-4536-b2a1-f7dbbdec14b8 0.464s
2025-03-10 15:52:43.989 68595 INFO tempest.lib.common.rest_client [req-3b9f1e00-a1f9-48e2-937e-b85557e1bdcf req-3b9f1e00-a1f9-48e2-937e-b85557e1bdcf ] Request (ServersTestMultiNic:_run_cleanups): 200 GET http://10.180.1.21/compute/v2.1/servers/1c42043d-f8db-4cb9-8147-48d0d32c982b 0.465s
2025-03-10 15:52:43.991 68599 INFO tempest.lib.common.rest_client [req-9bf5acca-853c-4b3d-8ffb-0d9f4b2ea4e2 req-9bf5acca-853c-4b3d-8ffb-0d9f4b2ea4e2 ] Request (MigrationsAdminTest:test_resize_server_revert_deleted_flavor): 200 GET http://10.180.1.21/compute/v2.1/servers/b3b7f551-81aa-4ac4-9906-020fac5f01f7 0.412s
2025-03-10 15:52:44.013 68617 INFO tempest.lib.common.rest_client [req-fc069c67-2061-4cfa-9566-1a097a1b82f5 req-fc069c67-2061-4cfa-9566-1a097a1b82f5 ] Request (VolumesAdminNegativeTest:test_update_attached_volume_with_nonexistent_volume_in_body): 200 GET http://10.180.1.21/volume/v3/volumes/446502c1-41d3-42eb-aded-5e5732e3748e 0.049s
2025-03-10 15:52:44.026 68573 INFO tempest.lib.common.rest_client [req-c9ea8cfb-14a5-4c38-9d35-46dd955effcc req-c9ea8cfb-14a5-4c38-9d35-46dd955effcc ] Request (AttachVolumeNegativeTest:setUpClass): 201 POST http://10.180.1.21:9696/networking/v2.0/routers 0.722s
2025-03-10 15:52:44.080 68619 INFO tempest.lib.common.rest_client [req-8dcb140e-d62c-4900-a612-d1899299a727 req-8dcb140e-d62c-4900-a612-d1899299a727 ] Request (SecurityGroupsTestJSON:test_server_security_groups): 200 GET http://10.180.1.21/compute/v2.1/servers/3e656d8d-bd06-4886-9424-4ed76b98aae9 0.492s
2025-03-10 15:52:44.179 68571 INFO tempest.lib.common.rest_client [req-ffbafa25-bdff-4f08-b381-0f7faad8ec21 req-ffbafa25-bdff-4f08-b381-0f7faad8ec21 ] Request (DeleteServersTestJSON:test_delete_server_while_in_attached_volume): 200 GET http://10.180.1.21/compute/v2.1/servers/2a1cc678-2bb2-403e-b6e8-afdeb8362eac 0.304s
2025-03-10 15:52:44.212 68561 INFO tempest.lib.common.rest_client [req-bbcc7174-d216-4bc9-b830-0a6c41f7f693 req-bbcc7174-d216-4bc9-b830-0a6c41f7f693 ] Request (ListServerFiltersTestJSON:test_list_servers_filter_by_shutoff_status): 200 GET http://10.180.1.21/compute/v2.1/servers/b0f32ce2-92fd-4290-a2f4-e5658f775f4f 0.406s
2025-03-10 15:52:44.265 68609 INFO tempest.lib.common.rest_client [req-bbc1e738-8bb3-41bb-bb2b-4e88d08670e0 req-bbc1e738-8bb3-41bb-bb2b-4e88d08670e0 ] Request (ServerShowV254Test:test_rebuild_server): 200 GET http://10.180.1.21/compute/v2.1/servers/29981c10-c6dd-4852-94ad-1f8f0135b8cc 0.307s
2025-03-10 15:52:44.273 68609 INFO tempest.common.waiters [-] State transition "REBUILD/rebuilding" ==> "REBUILD/rebuild_spawning" after 4 second wait
2025-03-10 15:52:44.413 68567 INFO tempest.lib.common.rest_client [req-79421c26-24fb-4be0-b8d7-2a9343cc30d2 req-79421c26-24fb-4be0-b8d7-2a9343cc30d2 ] Request (ImagesOneServerNegativeTestJSON:setUpClass): 200 GET http://10.180.1.21/compute/v2.1/servers/324cc3e5-1c81-498e-b520-e9fca26013ef 0.443s
2025-03-10 15:52:44.423 68567 INFO tempest.common.waiters [-] State transition "BUILD/spawning" ==> "ACTIVE/None" after 71 second wait
2025-03-10 15:52:44.456 68601 INFO tempest.lib.common.rest_client [req-e13d3944-2a7a-4dd4-9112-825face75f0b req-e13d3944-2a7a-4dd4-9112-825face75f0b ] Request (InstanceActionsV221TestJSON:test_get_list_deleted_instance_actions): 200 GET http://10.180.1.21/compute/v2.1/servers/753bb2f7-bf0a-401e-81af-93982558d3b7 0.435s
2025-03-10 15:52:44.467 68601 INFO tempest.common.waiters [-] State transition "BUILD/networking" ==> "BUILD/spawning" after 70 second wait
2025-03-10 15:52:44.495 68605 INFO tempest.lib.common.rest_client [req-71abf950-e657-42cf-b04d-06bf3813f9a3 req-71abf950-e657-42cf-b04d-06bf3813f9a3 ] Request (ServerMetadataNegativeTestJSON:tearDownClass): 200 GET http://10.180.1.21/compute/v2.1/servers/c8784827-a928-439d-abdf-d82b62a61152 0.407s
2025-03-10 15:52:44.529 68613 INFO tempest.lib.common.rest_client [req-717e9d41-b50f-43e5-8799-5b9166a65a8b req-717e9d41-b50f-43e5-8799-5b9166a65a8b ] Request (ImagesTestJSON:test_create_image_from_stopped_server): 200 GET http://10.180.1.21/compute/v2.1/servers/5266817c-ce3b-4c96-a3bd-32b631c29b81 0.366s
2025-03-10 15:52:44.583 68579 INFO tempest.lib.common.rest_client [req-184663d1-96e8-49d2-8edb-9de07a830318 req-184663d1-96e8-49d2-8edb-9de07a830318 ] Request (ServersAdminTestJSON:test_inject_network_info): 200 GET http://10.180.1.21/compute/v2.1/servers/7df1a9b4-e363-4e35-a8d5-6b09b671e6a5 0.321s
2025-03-10 15:52:44.614 68611 INFO tempest.lib.common.rest_client [req-2730e0e3-9226-47d8-8621-96a0a406a89e req-2730e0e3-9226-47d8-8621-96a0a406a89e ] Request (ServerExternalEventsTest:tearDownClass): 200 GET http://10.180.1.21/compute/v2.1/servers/d2c3e3eb-4b05-4e08-bd08-0f42560fcdba 0.266s
2025-03-10 15:52:44.666 68587 INFO tempest.lib.common.rest_client [req-e8335189-6c91-48b6-b730-f863cb7abe7b req-e8335189-6c91-48b6-b730-f863cb7abe7b ] Request (ServerTagsTestJSON:setUpClass): 200 GET http://10.180.1.21/compute/v2.1/servers/631fe0ee-73a6-48c5-9a14-f6a00d2c2942 0.255s
2025-03-10 15:52:44.797 68567 INFO tempest.lib.common.rest_client [req-051bb457-872a-41cf-bcfa-e90fcc74c58e req-051bb457-872a-41cf-bcfa-e90fcc74c58e ] Request (ImagesOneServerNegativeTestJSON:setUp): 200 GET http://10.180.1.21/compute/v2.1/servers/324cc3e5-1c81-498e-b520-e9fca26013ef 0.374s
2025-03-10 15:52:44.822 68624 INFO tempest.lib.common.rest_client [req-19722d8c-e639-4193-ab6c-25e9cb3b3fc2 req-19722d8c-e639-4193-ab6c-25e9cb3b3fc2 ] Request (SecurityGroupRulesTestJSON:tearDownClass): 200 PUT http://10.180.1.21:9696/networking/v2.0/routers/ab122bef-30c8-4489-86fc-be8e03dae970/remove_router_interface 2.024s
2025-03-10 15:52:44.822 68563 INFO tempest.lib.common.rest_client [req-b3dc3270-4ea6-4574-96e6-d70ece00ca18 req-b3dc3270-4ea6-4574-96e6-d70ece00ca18 ] Request (ListServersNegativeTestJSON:tearDownClass): 200 GET http://10.180.1.21/compute/v2.1/servers/ee45231a-80f2-49b9-8bc7-03a0c920a668 0.097s
2025-03-10 15:52:44.863 68581 INFO tempest.lib.common.rest_client [req-3f1c0d70-9945-4cea-a7b0-bd529631ff1f req-3f1c0d70-9945-4cea-a7b0-bd529631ff1f ] Request (ServerDiskConfigTestJSON:test_rebuild_server_with_auto_disk_config): 200 GET http://10.180.1.21/compute/v2.1/servers/d1b5abfa-fd38-4d17-b75f-5036af841d24 0.138s
2025-03-10 15:52:44.869 68567 INFO tempest.lib.common.rest_client [req-462043cf-5939-4de1-9ff4-801ac1a57e8e req-462043cf-5939-4de1-9ff4-801ac1a57e8e ] Request (ImagesOneServerNegativeTestJSON:test_create_image_specify_invalid_metadata): 400 POST http://10.180.1.21/compute/v2.1/servers/324cc3e5-1c81-498e-b520-e9fca26013ef/action 0.061s
2025-03-10 15:52:44.885 68577 INFO tempest.lib.common.rest_client [req-4c84400f-a398-4092-aa55-f1d38216f8e6 req-4c84400f-a398-4092-aa55-f1d38216f8e6 ] Request (ServerMetadataTestJSON:setUpClass): 200 GET http://10.180.1.21/compute/v2.1/servers/940e0328-970d-4f49-a102-d8a00b8c299b 0.083s
2025-03-10 15:52:44.969 68567 INFO tempest.lib.common.rest_client [req-0591f4b1-c764-413d-9026-1634c926955b req-0591f4b1-c764-413d-9026-1634c926955b ] Request (ImagesOneServerNegativeTestJSON:tearDown): 200 GET http://10.180.1.21/compute/v2.1/servers/324cc3e5-1c81-498e-b520-e9fca26013ef 0.099s
2025-03-10 15:52:44.981 68591 INFO tempest.lib.common.rest_client [req-4f2da97f-4e3b-4339-b39e-09f547d4c43b req-4f2da97f-4e3b-4339-b39e-09f547d4c43b ] Request (ServersAdminNegativeTestJSON:tearDownClass): 200 GET http://10.180.1.21/compute/v2.1/servers/fe9a8a13-73ec-4556-a62c-cc49fd01f539 0.069s
2025-03-10 15:52:45.043 68589 INFO tempest.lib.common.rest_client [req-9449a510-9fce-46a9-948d-6e2461b46053 req-9449a510-9fce-46a9-948d-6e2461b46053 ] Request (FloatingIPsAssociationTestJSON:tearDownClass): 200 GET http://10.180.1.21/compute/v2.1/servers/11de7da5-1d73-4536-b2a1-f7dbbdec14b8 0.129s
2025-03-10 15:52:45.063 68617 INFO tempest.lib.common.rest_client [req-e90ce014-3536-4892-ad63-17447f8f4987 req-e90ce014-3536-4892-ad63-17447f8f4987 ] Request (VolumesAdminNegativeTest:test_update_attached_volume_with_nonexistent_volume_in_body): 200 GET http://10.180.1.21/volume/v3/volumes/446502c1-41d3-42eb-aded-5e5732e3748e 0.039s
2025-03-10 15:52:45.093 68567 INFO tempest.lib.common.rest_client [req-06c6c073-7d9a-4bf3-aec5-97750d2954bb req-06c6c073-7d9a-4bf3-aec5-97750d2954bb ] Request (ImagesOneServerNegativeTestJSON:setUp): 200 GET http://10.180.1.21/compute/v2.1/servers/324cc3e5-1c81-498e-b520-e9fca26013ef 0.114s
2025-03-10 15:52:45.112 68599 INFO tempest.lib.common.rest_client [req-03c98d68-82d6-428e-8aca-6f3413e2dfd7 req-03c98d68-82d6-428e-8aca-6f3413e2dfd7 ] Request (MigrationsAdminTest:test_resize_server_revert_deleted_flavor): 200 GET http://10.180.1.21/compute/v2.1/servers/b3b7f551-81aa-4ac4-9906-020fac5f01f7 0.114s
2025-03-10 15:52:45.161 68595 INFO tempest.lib.common.rest_client [req-c29f1516-bf15-4e43-a0d5-28c3673ee68a req-c29f1516-bf15-4e43-a0d5-28c3673ee68a ] Request (ServersTestMultiNic:_run_cleanups): 200 GET http://10.180.1.21/compute/v2.1/servers/1c42043d-f8db-4cb9-8147-48d0d32c982b 0.162s
2025-03-10 15:52:45.163 68619 INFO tempest.lib.common.rest_client [req-6a696650-9482-49eb-8c35-3cc29033bb1e req-6a696650-9482-49eb-8c35-3cc29033bb1e ] Request (SecurityGroupsTestJSON:test_server_security_groups): 200 GET http://10.180.1.21/compute/v2.1/servers/3e656d8d-bd06-4886-9424-4ed76b98aae9 0.074s
2025-03-10 15:52:45.168 68567 INFO tempest.lib.common.rest_client [req-d2eb93c7-b0ff-4517-8e00-0cb231aaa415 req-d2eb93c7-b0ff-4517-8e00-0cb231aaa415 ] Request (ImagesOneServerNegativeTestJSON:test_create_image_specify_metadata_over_limits): 400 POST http://10.180.1.21/compute/v2.1/servers/324cc3e5-1c81-498e-b520-e9fca26013ef/action 0.064s
2025-03-10 15:52:45.225 68603 WARNING tempest.lib.common.ssh [-] Failed to establish authenticated ssh connection to cirros@10.180.180.150 ([Errno None] Unable to connect to port 22 on 10.180.180.150). Number attempts: 5. Retry after 6 seconds.: paramiko.ssh_exception.NoValidConnectionsError: [Errno None] Unable to connect to port 22 on 10.180.180.150
2025-03-10 15:52:45.287 68571 INFO tempest.lib.common.rest_client [req-73c31796-3eab-4903-8a4b-38840b97dad1 req-73c31796-3eab-4903-8a4b-38840b97dad1 ] Request (DeleteServersTestJSON:test_delete_server_while_in_attached_volume): 200 GET http://10.180.1.21/compute/v2.1/servers/2a1cc678-2bb2-403e-b6e8-afdeb8362eac 0.094s
2025-03-10 15:52:45.317 68567 INFO tempest.lib.common.rest_client [req-ae46170b-54d2-4f56-915c-8b8b3cbdf956 req-ae46170b-54d2-4f56-915c-8b8b3cbdf956 ] Request (ImagesOneServerNegativeTestJSON:tearDown): 200 GET http://10.180.1.21/compute/v2.1/servers/324cc3e5-1c81-498e-b520-e9fca26013ef 0.148s
2025-03-10 15:52:45.422 68609 INFO tempest.lib.common.rest_client [req-08cbf069-637a-46b1-9a22-7c2ae47012a1 req-08cbf069-637a-46b1-9a22-7c2ae47012a1 ] Request (ServerShowV254Test:test_rebuild_server): 200 GET http://10.180.1.21/compute/v2.1/servers/29981c10-c6dd-4852-94ad-1f8f0135b8cc 0.147s
2025-03-10 15:52:45.430 68573 INFO tempest.lib.common.rest_client [req-88847708-81c3-43be-8b42-a70e3f5bc7bb req-88847708-81c3-43be-8b42-a70e3f5bc7bb ] Request (AttachVolumeNegativeTest:setUpClass): 200 PUT http://10.180.1.21:9696/networking/v2.0/routers/e5427f1c-d7a2-4bdf-8f7d-07c16bb688a9/add_router_interface 1.403s
2025-03-10 15:52:45.430 68573 INFO tempest.lib.common.dynamic_creds [-] Created isolated network resources for: credentials: Credentials: {'domain_id': 'default', 'domain_name': 'Default', 'username': 'tempest-AttachVolumeNegativeTest-362351866-project-member', 'project_domain_id': 'default', 'project_domain_name': 'Default', 'project_id': '923c0329269c41159ae4469d358fe25f', 'project_name': 'tempest-AttachVolumeNegativeTest-362351866', 'tenant_id': '923c0329269c41159ae4469d358fe25f', 'tenant_name': 'tempest-AttachVolumeNegativeTest-362351866', 'user_domain_id': 'default', 'user_domain_name': 'Default', 'user_id': '080ca112b7534d1284942bdd41514e66', 'system': None}, Network: {'id': 'bb60b055-2ac4-4c81-ad65-5edcbc6023f6', 'name': 'tempest-AttachVolumeNegativeTest-684439242-network', 'tenant_id': '923c0329269c41159ae4469d358fe25f', 'admin_state_up': True, 'mtu': 8950, 'status': 'ACTIVE', 'subnets': [], 'shared': False, 'project_id': '923c0329269c41159ae4469d358fe25f', 'port_security_enabled': True, 'router:external': False, 'provider:network_type': 'vlan', 'provider:physical_network': 'default', 'provider:segmentation_id': 658, 'availability_zone_hints': [], 'availability_zones': [], 'ipv4_address_scope': None, 'ipv6_address_scope': None, 'description': '', 'tags': [], 'created_at': '2025-03-10T15:52:43Z', 'updated_at': '2025-03-10T15:52:43Z', 'revision_number': 1}, Subnet: {'id': '3b449cc5-6f33-4a3a-84f4-99facdd55be5', 'name': 'tempest-AttachVolumeNegativeTest-684439242-subnet', 'tenant_id': '923c0329269c41159ae4469d358fe25f', 'network_id': 'bb60b055-2ac4-4c81-ad65-5edcbc6023f6', 'ip_version': 4, 'subnetpool_id': None, 'enable_dhcp': True, 'ipv6_ra_mode': None, 'ipv6_address_mode': None, 'gateway_ip': '192.168.128.1', 'cidr': '192.168.128.0/28', 'allocation_pools': [{'start': '192.168.128.2', 'end': '192.168.128.14'}], 'host_routes': [], 'dns_nameservers': [], 'description': '', 'router:external': False, 'service_types': [], 'tags': [], 'created_at': '2025-03-10T15:52:43Z', 'updated_at': '2025-03-10T15:52:43Z', 'revision_number': 0, 'project_id': '923c0329269c41159ae4469d358fe25f'}, Router: {'id': 'e5427f1c-d7a2-4bdf-8f7d-07c16bb688a9', 'name': 'tempest-AttachVolumeNegativeTest-684439242-router', 'tenant_id': '923c0329269c41159ae4469d358fe25f', 'admin_state_up': True, 'status': 'ACTIVE', 'external_gateway_info': {'network_id': '25fe8df5-b7d9-4a0c-ac71-05fca4658ae6', 'external_fixed_ips': [{'subnet_id': '5a905900-35bd-42ce-b7c2-c94d26004da3', 'ip_address': '10.180.180.188'}], 'enable_snat': True}, 'description': '', 'availability_zones': [], 'distributed': False, 'ha': False, 'availability_zone_hints': [], 'routes': [], 'flavor_id': None, 'tags': [], 'created_at': '2025-03-10T15:52:43Z', 'updated_at': '2025-03-10T15:52:43Z', 'revision_number': 2, 'project_id': '923c0329269c41159ae4469d358fe25f'}
2025-03-10 15:52:45.455 68561 INFO tempest.lib.common.rest_client [req-126242b5-aa6a-485d-8fdf-c374f157a4c1 req-126242b5-aa6a-485d-8fdf-c374f157a4c1 ] Request (ListServerFiltersTestJSON:test_list_servers_filter_by_shutoff_status): 200 GET http://10.180.1.21/compute/v2.1/servers/b0f32ce2-92fd-4290-a2f4-e5658f775f4f 0.216s
2025-03-10 15:52:45.498 68624 INFO tempest.lib.common.rest_client [req-66d0296b-fee3-4316-88a2-888c25ead435 req-66d0296b-fee3-4316-88a2-888c25ead435 ] Request (SecurityGroupRulesTestJSON:tearDownClass): 204 DELETE http://10.180.1.21:9696/networking/v2.0/routers/ab122bef-30c8-4489-86fc-be8e03dae970 0.676s
2025-03-10 15:52:45.539 68573 INFO tempest.lib.common.rest_client [req-1c7bbdef-4f63-4fc5-890b-c1b977f06c82 req-1c7bbdef-4f63-4fc5-890b-c1b977f06c82 ] Request (AttachVolumeNegativeTest:setUpClass): 201 POST http://10.180.1.21/identity/v3/auth/tokens 0.102s
2025-03-10 15:52:45.596 68567 INFO tempest.lib.common.rest_client [req-5baa1bb0-20e9-4d7c-9a1a-506f144223c9 req-5baa1bb0-20e9-4d7c-9a1a-506f144223c9 ] Request (ImagesOneServerNegativeTestJSON:setUp): 200 GET http://10.180.1.21/compute/v2.1/servers/324cc3e5-1c81-498e-b520-e9fca26013ef 0.259s
2025-03-10 15:52:45.606 68601 INFO tempest.lib.common.rest_client [req-5324c166-8ae8-4de2-85e4-dac8f1694257 req-5324c166-8ae8-4de2-85e4-dac8f1694257 ] Request (InstanceActionsV221TestJSON:test_get_list_deleted_instance_actions): 200 GET http://10.180.1.21/compute/v2.1/servers/753bb2f7-bf0a-401e-81af-93982558d3b7 0.138s
2025-03-10 15:52:45.626 68605 INFO tempest.lib.common.rest_client [req-d792cf56-e27b-40e0-9575-90af6282d312 req-d792cf56-e27b-40e0-9575-90af6282d312 ] Request (ServerMetadataNegativeTestJSON:tearDownClass): 404 GET http://10.180.1.21/compute/v2.1/servers/c8784827-a928-439d-abdf-d82b62a61152 0.122s
2025-03-10 15:52:45.678 68624 INFO tempest.lib.common.rest_client [req-58e05aa6-14d2-4cf6-b70d-4e605dcc3ab1 req-58e05aa6-14d2-4cf6-b70d-4e605dcc3ab1 ] Request (SecurityGroupRulesTestJSON:tearDownClass): 204 DELETE http://10.180.1.21:9696/networking/v2.0/subnets/7a617e18-81fc-4d28-aad2-c6ecbad21a0b 0.180s
2025-03-10 15:52:45.690 68613 INFO tempest.lib.common.rest_client [req-c6dee267-a1c5-457c-b237-745bc6d8eda8 req-c6dee267-a1c5-457c-b237-745bc6d8eda8 ] Request (ImagesTestJSON:test_create_image_from_stopped_server): 200 GET http://10.180.1.21/compute/v2.1/servers/5266817c-ce3b-4c96-a3bd-32b631c29b81 0.150s
2025-03-10 15:52:45.774 68573 INFO tempest.lib.common.rest_client [req-3bda2250-5005-46d2-b823-4cfa57f4cfec req-3bda2250-5005-46d2-b823-4cfa57f4cfec ] Request (ValidationResourcesFixture:setUp): 200 POST http://10.180.1.21/compute/v2.1/os-keypairs 0.233s
2025-03-10 15:52:45.780 68579 INFO tempest.lib.common.rest_client [req-5143538e-3673-40ec-b2e0-292b8aca6074 req-5143538e-3673-40ec-b2e0-292b8aca6074 ] Request (ServersAdminTestJSON:test_inject_network_info): 200 GET http://10.180.1.21/compute/v2.1/servers/7df1a9b4-e363-4e35-a8d5-6b09b671e6a5 0.181s
2025-03-10 15:52:45.784 68567 INFO tempest.lib.common.rest_client [req-fd5f04b3-0093-4fdf-959b-15476630ac1d req-fd5f04b3-0093-4fdf-959b-15476630ac1d ] Request (ImagesOneServerNegativeTestJSON:test_create_image_specify_name_over_character_limit): 400 POST http://10.180.1.21/compute/v2.1/servers/324cc3e5-1c81-498e-b520-e9fca26013ef/action 0.178s
2025-03-10 15:52:45.865 68587 INFO tempest.lib.common.rest_client [req-dc748695-3417-4a5b-a948-f676dd0b29e8 req-dc748695-3417-4a5b-a948-f676dd0b29e8 ] Request (ServerTagsTestJSON:setUpClass): 200 GET http://10.180.1.21/compute/v2.1/servers/631fe0ee-73a6-48c5-9a14-f6a00d2c2942 0.189s
2025-03-10 15:52:45.897 68611 INFO tempest.lib.common.rest_client [req-7b4aa348-d1ee-4ca9-9a30-688f9fad07de req-7b4aa348-d1ee-4ca9-9a30-688f9fad07de ] Request (ServerExternalEventsTest:tearDownClass): 200 GET http://10.180.1.21/compute/v2.1/servers/d2c3e3eb-4b05-4e08-bd08-0f42560fcdba 0.269s
2025-03-10 15:52:45.943 68573 INFO tempest.lib.common.rest_client [req-a12f3c8e-e16e-4cd1-bac0-5da81c49a160 req-a12f3c8e-e16e-4cd1-bac0-5da81c49a160 ] Request (ValidationResourcesFixture:setUp): 201 POST http://10.180.1.21:9696/networking/v2.0/security-groups 0.167s
2025-03-10 15:52:45.982 68563 INFO tempest.lib.common.rest_client [req-b091413e-512a-41ba-985e-8cee51a17d2b req-b091413e-512a-41ba-985e-8cee51a17d2b ] Request (ListServersNegativeTestJSON:tearDownClass): 200 GET http://10.180.1.21/compute/v2.1/servers/ee45231a-80f2-49b9-8bc7-03a0c920a668 0.151s
2025-03-10 15:52:46.046 68624 INFO tempest.lib.common.rest_client [req-7bbf16f1-68e8-4d76-a565-28e3eef4e99c req-7bbf16f1-68e8-4d76-a565-28e3eef4e99c ] Request (SecurityGroupRulesTestJSON:tearDownClass): 204 DELETE http://10.180.1.21:9696/networking/v2.0/networks/eb5265f2-6ca2-46b2-a9b5-76a716c0cebe 0.368s
2025-03-10 15:52:46.065 68573 INFO tempest.lib.common.rest_client [req-6f699a41-d93e-43ff-abe8-1028a480415b req-6f699a41-d93e-43ff-abe8-1028a480415b ] Request (ValidationResourcesFixture:setUp): 201 POST http://10.180.1.21:9696/networking/v2.0/security-group-rules 0.121s
2025-03-10 15:52:46.084 68581 INFO tempest.lib.common.rest_client [req-ebda71af-54a5-4804-b485-c5d78a4131a4 req-ebda71af-54a5-4804-b485-c5d78a4131a4 ] Request (ServerDiskConfigTestJSON:test_rebuild_server_with_auto_disk_config): 200 GET http://10.180.1.21/compute/v2.1/servers/d1b5abfa-fd38-4d17-b75f-5036af841d24 0.209s
2025-03-10 15:52:46.109 68617 INFO tempest.lib.common.rest_client [req-1f80db12-ea1b-4c8e-a526-7826b318db66 req-1f80db12-ea1b-4c8e-a526-7826b318db66 ] Request (VolumesAdminNegativeTest:test_update_attached_volume_with_nonexistent_volume_in_body): 200 GET http://10.180.1.21/volume/v3/volumes/446502c1-41d3-42eb-aded-5e5732e3748e 0.039s
2025-03-10 15:52:46.119 68617 INFO tempest.common.waiters [-] Attachment fde9de4d-026e-4d49-8291-fe38595093e8 created for volume 446502c1-41d3-42eb-aded-5e5732e3748e to server 52fbfbe4-1807-4d6d-9139-ebe30e6bf647 after waiting for 9.119359 seconds
2025-03-10 15:52:46.147 68573 INFO tempest.lib.common.rest_client [req-81f08889-eba3-4bd6-a93d-dd36ccee6503 req-81f08889-eba3-4bd6-a93d-dd36ccee6503 ] Request (ValidationResourcesFixture:setUp): 201 POST http://10.180.1.21:9696/networking/v2.0/security-group-rules 0.082s
2025-03-10 15:52:46.149 68624 INFO tempest.lib.common.rest_client [req-ff076605-be4d-47e9-9832-a509b383274a req-ff076605-be4d-47e9-9832-a509b383274a ] Request (SecurityGroupRulesTestJSON:tearDownClass): 204 DELETE http://10.180.1.21/identity/v3/users/f86bb486e43f49acabf91298ba01ff84 0.102s
2025-03-10 15:52:46.149 68624 INFO tempest.lib.common.dynamic_creds [-] Deleting project and security group for project: 70772cb5e3fc44b1b2df53f27730d927
2025-03-10 15:52:46.153 68617 INFO tempest.lib.common.rest_client [req-adb5253c-47b0-4913-97a1-bcb65070c2d0 req-adb5253c-47b0-4913-97a1-bcb65070c2d0 ] Request (VolumesAdminNegativeTest:test_update_attached_volume_with_nonexistent_volume_in_body): 200 GET http://10.180.1.21/volume/v3/volumes/446502c1-41d3-42eb-aded-5e5732e3748e 0.034s
2025-03-10 15:52:46.160 68617 INFO tempest.common.waiters [-] volume 446502c1-41d3-42eb-aded-5e5732e3748e reached in-use after waiting for 0.160605 seconds
2025-03-10 15:52:46.176 68577 INFO tempest.lib.common.rest_client [req-fd90afcc-8276-40e5-896e-ec715d3fd7ef req-fd90afcc-8276-40e5-896e-ec715d3fd7ef ] Request (ServerMetadataTestJSON:setUpClass): 200 GET http://10.180.1.21/compute/v2.1/servers/940e0328-970d-4f49-a102-d8a00b8c299b 0.280s
2025-03-10 15:52:46.187 68624 INFO tempest.lib.common.rest_client [req-16583d3b-4afd-42e3-b3e0-1b5358b11087 req-16583d3b-4afd-42e3-b3e0-1b5358b11087 ] Request (SecurityGroupRulesTestJSON:tearDownClass): 200 GET http://10.180.1.21:9696/networking/v2.0/security-groups?tenant_id=70772cb5e3fc44b1b2df53f27730d927&name=default 0.037s
2025-03-10 15:52:46.268 68591 INFO tempest.lib.common.rest_client [req-cb160958-4244-4bb9-be5f-0688a1435134 req-cb160958-4244-4bb9-be5f-0688a1435134 ] Request (ServersAdminNegativeTestJSON:tearDownClass): 200 GET http://10.180.1.21/compute/v2.1/servers/fe9a8a13-73ec-4556-a62c-cc49fd01f539 0.273s
2025-03-10 15:52:46.285 68567 INFO tempest.lib.common.rest_client [req-bbca0c5a-cbe4-489e-ab3f-3f4008561cff req-bbca0c5a-cbe4-489e-ab3f-3f4008561cff ] Request (ImagesOneServerNegativeTestJSON:tearDown): 200 GET http://10.180.1.21/compute/v2.1/servers/324cc3e5-1c81-498e-b520-e9fca26013ef 0.501s
2025-03-10 15:52:46.311 68624 INFO tempest.lib.common.rest_client [req-ef343df0-8cae-4d16-b21c-6a3390f4e58d req-ef343df0-8cae-4d16-b21c-6a3390f4e58d ] Request (SecurityGroupRulesTestJSON:tearDownClass): 204 DELETE http://10.180.1.21:9696/networking/v2.0/security-groups/78946063-bbea-4308-90cd-d0b39c6555a4 0.124s
2025-03-10 15:52:46.364 68589 INFO tempest.lib.common.rest_client [req-f616ba42-28bf-4b97-b1f1-63d683d07a05 req-f616ba42-28bf-4b97-b1f1-63d683d07a05 ] Request (FloatingIPsAssociationTestJSON:tearDownClass): 200 GET http://10.180.1.21/compute/v2.1/servers/11de7da5-1d73-4536-b2a1-f7dbbdec14b8 0.310s
2025-03-10 15:52:46.378 68599 INFO tempest.lib.common.rest_client [req-2f9ed84f-87ef-4f34-afc8-ef1ba18fdd31 req-2f9ed84f-87ef-4f34-afc8-ef1ba18fdd31 ] Request (MigrationsAdminTest:test_resize_server_revert_deleted_flavor): 200 GET http://10.180.1.21/compute/v2.1/servers/b3b7f551-81aa-4ac4-9906-020fac5f01f7 0.258s
2025-03-10 15:52:46.441 68624 INFO tempest.lib.common.rest_client [req-f9ebcb60-183a-4652-8fd9-e8578ac607d4 req-f9ebcb60-183a-4652-8fd9-e8578ac607d4 ] Request (SecurityGroupRulesTestJSON:tearDownClass): 204 DELETE http://10.180.1.21/identity/v3/projects/70772cb5e3fc44b1b2df53f27730d927 0.129s
2025-03-10 15:52:46.474 68595 INFO tempest.lib.common.rest_client [req-b20d15ba-a33c-45dc-a537-e5bbe5febaab req-b20d15ba-a33c-45dc-a537-e5bbe5febaab ] Request (ServersTestMultiNic:_run_cleanups): 200 GET http://10.180.1.21/compute/v2.1/servers/1c42043d-f8db-4cb9-8147-48d0d32c982b 0.303s
2025-03-10 15:52:46.503 68624 INFO tempest.lib.common.rest_client [req-83e2c260-5716-4c63-886c-39e9984460a0 req-83e2c260-5716-4c63-886c-39e9984460a0 ] Request (ServersAaction247Test:setUpClass): 201 POST http://10.180.1.21/identity/v3/auth/tokens 0.060s
2025-03-10 15:52:46.531 68624 INFO tempest.lib.common.rest_client [req-52e112f0-3499-4354-9356-9bf7306f76ee req-52e112f0-3499-4354-9356-9bf7306f76ee ] Request (ServersAaction247Test:setUpClass): 201 POST http://10.180.1.21/identity/v3/auth/tokens 0.026s
2025-03-10 15:52:46.558 68624 INFO tempest.lib.common.rest_client [req-943694db-c5e2-499f-b02c-1a4a389846f6 req-943694db-c5e2-499f-b02c-1a4a389846f6 ] Request (ServersAaction247Test:setUpClass): 200 GET http://10.180.1.21/identity/v3/domains?name=Default 0.027s
2025-03-10 15:52:46.560 68619 INFO tempest.lib.common.rest_client [req-325bd010-9f52-48dd-919a-3584b0a6e385 req-325bd010-9f52-48dd-919a-3584b0a6e385 ] Request (SecurityGroupsTestJSON:test_server_security_groups): 200 GET http://10.180.1.21/compute/v2.1/servers/3e656d8d-bd06-4886-9424-4ed76b98aae9 0.383s
2025-03-10 15:52:46.601 68624 INFO tempest.lib.common.rest_client [req-43d0f69f-d50d-4a39-b4ee-28b109173871 req-43d0f69f-d50d-4a39-b4ee-28b109173871 ] Request (ServersAaction247Test:setUpClass): 201 POST http://10.180.1.21/identity/v3/projects 0.043s
2025-03-10 15:52:46.618 68617 INFO tempest.lib.common.rest_client [req-00127fb8-74e6-4b93-b16b-e549671d59f8 req-00127fb8-74e6-4b93-b16b-e549671d59f8 ] Request (VolumesAdminNegativeTest:test_update_attached_volume_with_nonexistent_volume_in_body): 400 PUT http://10.180.1.21/compute/v2.1/servers/52fbfbe4-1807-4d6d-9139-ebe30e6bf647/os-volume_attachments/446502c1-41d3-42eb-aded-5e5732e3748e 0.457s
2025-03-10 15:52:46.628 68573 INFO tempest.lib.common.rest_client [req-8e7bb397-7fe3-4a36-b9f2-7fa9f047c783 req-8e7bb397-7fe3-4a36-b9f2-7fa9f047c783 ] Request (ValidationResourcesFixture:setUp): 201 POST http://10.180.1.21:9696/networking/v2.0/floatingips 0.480s
2025-03-10 15:52:46.649 68617 INFO tempest.lib.common.rest_client [req-4ffb4cb9-2008-45a5-b1a9-adebbf7b92b8 req-4ffb4cb9-2008-45a5-b1a9-adebbf7b92b8 ] Request (VolumesAdminNegativeTest:_run_cleanups): 200 GET http://10.180.1.21/volume/v3/volumes/446502c1-41d3-42eb-aded-5e5732e3748e 0.030s
2025-03-10 15:52:46.669 68624 INFO tempest.lib.common.rest_client [req-7f9edf6c-5b76-457d-96d5-07052334f453 req-7f9edf6c-5b76-457d-96d5-07052334f453 ] Request (ServersAaction247Test:setUpClass): 201 POST http://10.180.1.21/identity/v3/users 0.067s
2025-03-10 15:52:46.690 68624 INFO tempest.lib.common.rest_client [req-07e2e906-4ef1-490f-947b-0eeabe7a6caf req-07e2e906-4ef1-490f-947b-0eeabe7a6caf ] Request (ServersAaction247Test:setUpClass): 200 GET http://10.180.1.21/identity/v3/roles 0.020s
2025-03-10 15:52:46.699 68573 INFO tempest.lib.common.rest_client [req-5775dd58-4344-47a9-b9c7-f6d178168e3b req-5775dd58-4344-47a9-b9c7-f6d178168e3b ] Request (AttachVolumeNegativeTest:test_attach_attached_volume_to_different_server): 201 POST http://10.180.1.21/identity/v3/auth/tokens 0.065s
2025-03-10 15:52:46.700 68573 INFO tempest.lib.common.fixed_network [-] (AttachVolumeNegativeTest:test_attach_attached_volume_to_different_server) Found network {'id': 'bb60b055-2ac4-4c81-ad65-5edcbc6023f6', 'name': 'tempest-AttachVolumeNegativeTest-684439242-network', 'tenant_id': '923c0329269c41159ae4469d358fe25f', 'admin_state_up': True, 'mtu': 8950, 'status': 'ACTIVE', 'subnets': [], 'shared': False, 'project_id': '923c0329269c41159ae4469d358fe25f', 'port_security_enabled': True, 'router:external': False, 'provider:network_type': 'vlan', 'provider:physical_network': 'default', 'provider:segmentation_id': 658, 'availability_zone_hints': [], 'availability_zones': [], 'ipv4_address_scope': None, 'ipv6_address_scope': None, 'description': '', 'tags': [], 'created_at': '2025-03-10T15:52:43Z', 'updated_at': '2025-03-10T15:52:43Z', 'revision_number': 1} available for tenant
2025-03-10 15:52:46.703 68571 INFO tempest.lib.common.rest_client [req-f84458a5-be8d-44aa-aa2c-42835f79c4ff req-f84458a5-be8d-44aa-aa2c-42835f79c4ff ] Request (DeleteServersTestJSON:test_delete_server_while_in_attached_volume): 200 GET http://10.180.1.21/compute/v2.1/servers/2a1cc678-2bb2-403e-b6e8-afdeb8362eac 0.403s
2025-03-10 15:52:46.726 68624 INFO tempest.lib.common.rest_client [req-627f2a41-afed-4f5d-9c16-380ccb077631 req-627f2a41-afed-4f5d-9c16-380ccb077631 ] Request (ServersAaction247Test:setUpClass): 204 PUT http://10.180.1.21/identity/v3/projects/878380b1de2647bc8513cd1ad7694474/users/081644764c9c4622a934c6f27741098e/roles/13d1a290192241bb9787521a3e32f7e2 0.036s
2025-03-10 15:52:46.727 68624 INFO tempest.lib.common.dynamic_creds [-] Dynamic test user 081644764c9c4622a934c6f27741098e is created with scope project and roles: ['member']
2025-03-10 15:52:46.727 68624 INFO tempest.lib.common.dynamic_creds [-] Acquired dynamic creds: credentials: Credentials: {'domain_id': 'default', 'domain_name': 'Default', 'username': 'tempest-ServersAaction247Test-481979879-project-member', 'project_domain_id': 'default', 'project_domain_name': 'Default', 'project_id': '878380b1de2647bc8513cd1ad7694474', 'project_name': 'tempest-ServersAaction247Test-481979879', 'tenant_id': '878380b1de2647bc8513cd1ad7694474', 'tenant_name': 'tempest-ServersAaction247Test-481979879', 'user_domain_id': 'default', 'user_domain_name': 'Default', 'user_id': '081644764c9c4622a934c6f27741098e', 'system': None}, Network: None, Subnet: None, Router: None
2025-03-10 15:52:46.727 68624 INFO tempest.lib.common.dynamic_creds [-] Created isolated network resources for: credentials: Credentials: {'domain_id': 'default', 'domain_name': 'Default', 'username': 'tempest-ServersAaction247Test-481979879-project-member', 'project_domain_id': 'default', 'project_domain_name': 'Default', 'project_id': '878380b1de2647bc8513cd1ad7694474', 'project_name': 'tempest-ServersAaction247Test-481979879', 'tenant_id': '878380b1de2647bc8513cd1ad7694474', 'tenant_name': 'tempest-ServersAaction247Test-481979879', 'user_domain_id': 'default', 'user_domain_name': 'Default', 'user_id': '081644764c9c4622a934c6f27741098e', 'system': None}, Network: None, Subnet: None, Router: None
2025-03-10 15:52:46.730 68567 INFO tempest.lib.common.rest_client [req-18e0fe96-e294-48f3-8d0c-62ceda609557 req-18e0fe96-e294-48f3-8d0c-62ceda609557 ] Request (ImagesOneServerNegativeTestJSON:setUp): 200 GET http://10.180.1.21/compute/v2.1/servers/324cc3e5-1c81-498e-b520-e9fca26013ef 0.433s
2025-03-10 15:52:46.781 68609 INFO tempest.lib.common.rest_client [req-a3bb2f97-9f00-42ca-80c2-016da823cd4a req-a3bb2f97-9f00-42ca-80c2-016da823cd4a ] Request (ServerShowV254Test:test_rebuild_server): 200 GET http://10.180.1.21/compute/v2.1/servers/29981c10-c6dd-4852-94ad-1f8f0135b8cc 0.341s
2025-03-10 15:52:46.801 68624 INFO tempest.lib.common.rest_client [req-ac1e6e0b-c0f4-483f-a49a-cc75dfe3a716 req-ac1e6e0b-c0f4-483f-a49a-cc75dfe3a716 ] Request (ServersAaction247Test:setUpClass): 201 POST http://10.180.1.21/identity/v3/auth/tokens 0.069s
2025-03-10 15:52:46.841 68624 INFO tempest.lib.common.rest_client [req-42be274d-d558-4599-85d5-a2833b5e4133 req-42be274d-d558-4599-85d5-a2833b5e4133 ] Request (ServersAaction247Test:test_create_backup): 201 POST http://10.180.1.21/identity/v3/auth/tokens 0.032s
2025-03-10 15:52:46.842 68624 INFO tempest.lib.common.fixed_network [-] (ServersAaction247Test:test_create_backup) Found network None available for tenant
2025-03-10 15:52:46.960 68601 INFO tempest.lib.common.rest_client [req-7804c08b-67be-4905-b9b4-74477a8d443d req-7804c08b-67be-4905-b9b4-74477a8d443d ] Request (InstanceActionsV221TestJSON:test_get_list_deleted_instance_actions): 200 GET http://10.180.1.21/compute/v2.1/servers/753bb2f7-bf0a-401e-81af-93982558d3b7 0.341s
2025-03-10 15:52:46.963 68561 INFO tempest.lib.common.rest_client [req-1245c557-f6cd-4485-b7b1-49e9bbc909db req-1245c557-f6cd-4485-b7b1-49e9bbc909db ] Request (ListServerFiltersTestJSON:test_list_servers_filter_by_shutoff_status): 200 GET http://10.180.1.21/compute/v2.1/servers/b0f32ce2-92fd-4290-a2f4-e5658f775f4f 0.490s
2025-03-10 15:52:47.137 68617 INFO tempest.lib.common.rest_client [req-92ed92ce-4979-42fa-9e8d-69a38d2888b4 req-92ed92ce-4979-42fa-9e8d-69a38d2888b4 ] Request (VolumesAdminNegativeTest:_run_cleanups): 202 DELETE http://10.180.1.21/compute/v2.1/servers/52fbfbe4-1807-4d6d-9139-ebe30e6bf647/os-volume_attachments/446502c1-41d3-42eb-aded-5e5732e3748e 0.480s
2025-03-10 15:52:47.320 68613 INFO tempest.lib.common.rest_client [req-807d6c54-5764-4a90-b77d-915f66114e06 req-807d6c54-5764-4a90-b77d-915f66114e06 ] Request (ImagesTestJSON:test_create_image_from_stopped_server): 200 GET http://10.180.1.21/compute/v2.1/servers/5266817c-ce3b-4c96-a3bd-32b631c29b81 0.618s
2025-03-10 15:52:47.432 68605 INFO tempest.lib.common.rest_client [req-66634dc1-4c48-4d7b-a379-7c2bdece38eb req-66634dc1-4c48-4d7b-a379-7c2bdece38eb ] Request (ServerMetadataNegativeTestJSON:tearDownClass): 200 PUT http://10.180.1.21:9696/networking/v2.0/routers/1dfe8804-8038-4c95-beb2-bcf9fc477b35/remove_router_interface 1.805s
2025-03-10 15:52:47.598 68573 INFO tempest.lib.common.rest_client [req-0ccabd15-0097-40e5-86ae-eafc15f751bd req-0ccabd15-0097-40e5-86ae-eafc15f751bd ] Request (AttachVolumeNegativeTest:test_attach_attached_volume_to_different_server): 202 POST http://10.180.1.21/compute/v2.1/servers 0.897s
2025-03-10 15:52:47.660 68579 INFO tempest.lib.common.rest_client [req-cc7871ba-c9a5-45c0-a3dd-2e5df3469874 req-cc7871ba-c9a5-45c0-a3dd-2e5df3469874 ] Request (ServersAdminTestJSON:test_inject_network_info): 200 GET http://10.180.1.21/compute/v2.1/servers/7df1a9b4-e363-4e35-a8d5-6b09b671e6a5 0.869s
2025-03-10 15:52:47.829 68605 INFO tempest.lib.common.rest_client [req-043696e8-c0d0-4be1-b6fa-05b5cec626e5 req-043696e8-c0d0-4be1-b6fa-05b5cec626e5 ] Request (ServerMetadataNegativeTestJSON:tearDownClass): 204 DELETE http://10.180.1.21:9696/networking/v2.0/routers/1dfe8804-8038-4c95-beb2-bcf9fc477b35 0.396s
2025-03-10 15:52:47.868 68624 INFO tempest.lib.common.rest_client [req-dc765635-7ba7-41cd-91fa-a874e5d3c671 req-dc765635-7ba7-41cd-91fa-a874e5d3c671 ] Request (ServersAaction247Test:test_create_backup): 202 POST http://10.180.1.21/compute/v2.1/servers 1.026s
2025-03-10 15:52:47.944 68587 INFO tempest.lib.common.rest_client [req-8e6de07f-3a76-495b-a7d2-497d0f092efd req-8e6de07f-3a76-495b-a7d2-497d0f092efd ] Request (ServerTagsTestJSON:setUpClass): 200 GET http://10.180.1.21/compute/v2.1/servers/631fe0ee-73a6-48c5-9a14-f6a00d2c2942 1.070s
2025-03-10 15:52:47.947 68605 INFO tempest.lib.common.rest_client [req-b684f22a-6059-4c07-ae21-60367272d776 req-b684f22a-6059-4c07-ae21-60367272d776 ] Request (ServerMetadataNegativeTestJSON:tearDownClass): 204 DELETE http://10.180.1.21:9696/networking/v2.0/subnets/f9dbc6b5-ffe7-43a3-9af6-cfd52984d9b6 0.118s
2025-03-10 15:52:48.036 68611 INFO tempest.lib.common.rest_client [req-95d7bef2-ed42-461e-bb67-53e966dccdb9 req-95d7bef2-ed42-461e-bb67-53e966dccdb9 ] Request (ServerExternalEventsTest:tearDownClass): 200 GET http://10.180.1.21/compute/v2.1/servers/d2c3e3eb-4b05-4e08-bd08-0f42560fcdba 1.131s
2025-03-10 15:52:48.072 68567 INFO tempest.lib.common.rest_client [req-7c883f6b-d52e-45a5-933a-08236dbd10e7 req-7c883f6b-d52e-45a5-933a-08236dbd10e7 ] Request (ImagesOneServerNegativeTestJSON:test_create_second_image_when_first_image_is_being_saved): 202 POST http://10.180.1.21/compute/v2.1/servers/324cc3e5-1c81-498e-b520-e9fca26013ef/action 1.334s
2025-03-10 15:52:48.119 68563 INFO tempest.lib.common.rest_client [req-16243986-5fcb-4a6e-ac2e-ab656ebc7e48 req-16243986-5fcb-4a6e-ac2e-ab656ebc7e48 ] Request (ListServersNegativeTestJSON:tearDownClass): 200 GET http://10.180.1.21/compute/v2.1/servers/ee45231a-80f2-49b9-8bc7-03a0c920a668 1.129s
2025-03-10 15:52:48.125 68581 INFO tempest.lib.common.rest_client [req-44ecadbc-12d1-45e0-9740-52cb2fe55035 req-44ecadbc-12d1-45e0-9740-52cb2fe55035 ] Request (ServerDiskConfigTestJSON:test_rebuild_server_with_auto_disk_config): 200 GET http://10.180.1.21/compute/v2.1/servers/d1b5abfa-fd38-4d17-b75f-5036af841d24 1.029s
2025-03-10 15:52:48.157 68617 INFO tempest.lib.common.rest_client [req-4ae34a5a-11c3-426a-a9e5-6e9e83724f0f req-4ae34a5a-11c3-426a-a9e5-6e9e83724f0f ] Request (VolumesAdminNegativeTest:_run_cleanups): 200 GET http://10.180.1.21/compute/v2.1/servers/52fbfbe4-1807-4d6d-9139-ebe30e6bf647/os-volume_attachments 1.019s
2025-03-10 15:52:48.186 68577 INFO tempest.lib.common.rest_client [req-c5a91c25-7a0a-4a1f-8b14-957bc533b9b4 req-c5a91c25-7a0a-4a1f-8b14-957bc533b9b4 ] Request (ServerMetadataTestJSON:setUpClass): 200 GET http://10.180.1.21/compute/v2.1/servers/940e0328-970d-4f49-a102-d8a00b8c299b 1.001s
2025-03-10 15:52:48.187 68605 INFO tempest.lib.common.rest_client [req-d324add4-931c-4a5a-bbc0-adb2998f2130 req-d324add4-931c-4a5a-bbc0-adb2998f2130 ] Request (ServerMetadataNegativeTestJSON:tearDownClass): 204 DELETE http://10.180.1.21:9696/networking/v2.0/networks/1e4937a9-cd6f-4fdc-9eb2-27e2750ba9c5 0.239s
2025-03-10 15:52:48.231 68591 INFO tempest.lib.common.rest_client [req-683aabf4-00e8-4e24-8d0d-c9861b245eff req-683aabf4-00e8-4e24-8d0d-c9861b245eff ] Request (ServersAdminNegativeTestJSON:tearDownClass): 200 GET http://10.180.1.21/compute/v2.1/servers/fe9a8a13-73ec-4556-a62c-cc49fd01f539 0.954s
2025-03-10 15:52:48.259 68589 INFO tempest.lib.common.rest_client [req-76b3b6f4-3585-4dab-b2e5-72dd00ab03ab req-76b3b6f4-3585-4dab-b2e5-72dd00ab03ab ] Request (FloatingIPsAssociationTestJSON:tearDownClass): 200 GET http://10.180.1.21/compute/v2.1/servers/11de7da5-1d73-4536-b2a1-f7dbbdec14b8 0.887s
2025-03-10 15:52:48.296 68599 INFO tempest.lib.common.rest_client [req-6da845f6-83c3-48ed-9d95-b353806a6420 req-6da845f6-83c3-48ed-9d95-b353806a6420 ] Request (MigrationsAdminTest:test_resize_server_revert_deleted_flavor): 200 GET http://10.180.1.21/compute/v2.1/servers/b3b7f551-81aa-4ac4-9906-020fac5f01f7 0.907s
2025-03-10 15:52:48.329 68595 INFO tempest.lib.common.rest_client [req-1bc18fd9-2667-44b6-92c4-cfda0549df99 req-1bc18fd9-2667-44b6-92c4-cfda0549df99 ] Request (ServersTestMultiNic:_run_cleanups): 200 GET http://10.180.1.21/compute/v2.1/servers/1c42043d-f8db-4cb9-8147-48d0d32c982b 0.842s
2025-03-10 15:52:48.336 68605 INFO tempest.lib.common.rest_client [req-3232c711-1aac-4078-8bb3-b3e9c716fc1a req-3232c711-1aac-4078-8bb3-b3e9c716fc1a ] Request (ServerMetadataNegativeTestJSON:tearDownClass): 204 DELETE http://10.180.1.21/identity/v3/users/a4400d8f8e7a445c8f04d56cf7d0aef8 0.149s
2025-03-10 15:52:48.337 68605 INFO tempest.lib.common.dynamic_creds [-] Deleting project and security group for project: 76ac2f0f1f5844b6a8682c10e5a75003
2025-03-10 15:52:48.363 68619 INFO tempest.lib.common.rest_client [req-c4fe9bcd-e80a-4e24-adf8-91c2cf376c3e req-c4fe9bcd-e80a-4e24-adf8-91c2cf376c3e ] Request (SecurityGroupsTestJSON:test_server_security_groups): 200 GET http://10.180.1.21/compute/v2.1/servers/3e656d8d-bd06-4886-9424-4ed76b98aae9 0.789s
2025-03-10 15:52:48.370 68619 INFO tempest.common.waiters [-] State transition "BUILD/None" ==> "BUILD/networking" after 67 second wait
2025-03-10 15:52:48.400 68573 INFO tempest.lib.common.rest_client [req-be6efb39-52d1-4c45-8c4b-c34f1728b95e req-be6efb39-52d1-4c45-8c4b-c34f1728b95e ] Request (AttachVolumeNegativeTest:test_attach_attached_volume_to_different_server): 200 GET http://10.180.1.21/compute/v2.1/servers/d4f20336-9c29-4aac-8c0d-f577749cd7d7 0.801s
2025-03-10 15:52:48.420 68605 INFO tempest.lib.common.rest_client [req-2ace26f8-a753-4280-a8dc-8251248e55a5 req-2ace26f8-a753-4280-a8dc-8251248e55a5 ] Request (ServerMetadataNegativeTestJSON:tearDownClass): 200 GET http://10.180.1.21:9696/networking/v2.0/security-groups?tenant_id=76ac2f0f1f5844b6a8682c10e5a75003&name=default 0.083s
2025-03-10 15:52:48.421 68571 INFO tempest.lib.common.rest_client [req-0821a043-8d16-4083-af5d-b49c0993bee4 req-0821a043-8d16-4083-af5d-b49c0993bee4 ] Request (DeleteServersTestJSON:test_delete_server_while_in_attached_volume): 200 GET http://10.180.1.21/compute/v2.1/servers/2a1cc678-2bb2-403e-b6e8-afdeb8362eac 0.710s
2025-03-10 15:52:48.471 68609 INFO tempest.lib.common.rest_client [req-bfd0ddb4-667a-4353-94aa-2c039c0cc0ce req-bfd0ddb4-667a-4353-94aa-2c039c0cc0ce ] Request (ServerShowV254Test:test_rebuild_server): 200 GET http://10.180.1.21/compute/v2.1/servers/29981c10-c6dd-4852-94ad-1f8f0135b8cc 0.679s
2025-03-10 15:52:48.472 68585 WARNING tempest.lib.common.ssh [-] Failed to establish authenticated ssh connection to cirros@10.180.180.181 ([Errno None] Unable to connect to port 22 on 10.180.180.181). Number attempts: 6. Retry after 7 seconds.: paramiko.ssh_exception.NoValidConnectionsError: [Errno None] Unable to connect to port 22 on 10.180.180.181
2025-03-10 15:52:48.484 68624 INFO tempest.lib.common.rest_client [req-718b7004-237b-40d8-a055-b01fa5020e90 req-718b7004-237b-40d8-a055-b01fa5020e90 ] Request (ServersAaction247Test:test_create_backup): 200 GET http://10.180.1.21/compute/v2.1/servers/c7ab28c3-a316-4685-b876-a0e7c657ec35 0.614s
2025-03-10 15:52:48.647 68605 INFO tempest.lib.common.rest_client [req-4db7fb09-74e7-401b-b010-bd1888dda166 req-4db7fb09-74e7-401b-b010-bd1888dda166 ] Request (ServerMetadataNegativeTestJSON:tearDownClass): 204 DELETE http://10.180.1.21:9696/networking/v2.0/security-groups/408cfe32-3d41-4a38-8f8f-5dd027bb56a1 0.227s
2025-03-10 15:52:48.663 68601 INFO tempest.lib.common.rest_client [req-3f355501-aee9-4dd8-a2a5-273a1726f110 req-3f355501-aee9-4dd8-a2a5-273a1726f110 ] Request (InstanceActionsV221TestJSON:test_get_list_deleted_instance_actions): 200 GET http://10.180.1.21/compute/v2.1/servers/753bb2f7-bf0a-401e-81af-93982558d3b7 0.694s
2025-03-10 15:52:48.682 68561 INFO tempest.lib.common.rest_client [req-39bde804-7574-4012-8233-7b85f2fc0079 req-39bde804-7574-4012-8233-7b85f2fc0079 ] Request (ListServerFiltersTestJSON:test_list_servers_filter_by_shutoff_status): 200 GET http://10.180.1.21/compute/v2.1/servers/b0f32ce2-92fd-4290-a2f4-e5658f775f4f 0.708s
2025-03-10 15:52:48.722 68567 INFO tempest.lib.common.rest_client [req-8b566417-b8b4-4f7b-be0f-851f0639f3a1 req-8b566417-b8b4-4f7b-be0f-851f0639f3a1 ] Request (ImagesOneServerNegativeTestJSON:test_create_second_image_when_first_image_is_being_saved): 409 POST http://10.180.1.21/compute/v2.1/servers/324cc3e5-1c81-498e-b520-e9fca26013ef/action 0.648s
2025-03-10 15:52:48.770 68613 INFO tempest.lib.common.rest_client [req-ccc62e29-e95c-408a-a802-62bef2cfadf1 req-ccc62e29-e95c-408a-a802-62bef2cfadf1 ] Request (ImagesTestJSON:test_create_image_from_stopped_server): 200 GET http://10.180.1.21/compute/v2.1/servers/5266817c-ce3b-4c96-a3bd-32b631c29b81 0.440s
2025-03-10 15:52:48.798 68579 INFO tempest.lib.common.rest_client [req-0c8a5c54-0eeb-4beb-8d59-e73e6c084aa1 req-0c8a5c54-0eeb-4beb-8d59-e73e6c084aa1 ] Request (ServersAdminTestJSON:test_inject_network_info): 200 GET http://10.180.1.21/compute/v2.1/servers/7df1a9b4-e363-4e35-a8d5-6b09b671e6a5 0.126s
2025-03-10 15:52:48.836 68605 INFO tempest.lib.common.rest_client [req-69607e1e-abaa-4180-ac7a-7286cc18afe3 req-69607e1e-abaa-4180-ac7a-7286cc18afe3 ] Request (ServerMetadataNegativeTestJSON:tearDownClass): 204 DELETE http://10.180.1.21/identity/v3/projects/76ac2f0f1f5844b6a8682c10e5a75003 0.188s
2025-03-10 15:52:48.837 68605 INFO tempest.test [-] raised in ComputeNetworksTest.setUpClass. Invoking tearDownClass.
2025-03-10 15:52:48.851 68565 WARNING tempest.lib.common.ssh [-] Failed to establish authenticated ssh connection to cirros@10.180.180.239 ([Errno None] Unable to connect to port 22 on 10.180.180.239). Number attempts: 10. Retry after 11 seconds.: paramiko.ssh_exception.NoValidConnectionsError: [Errno None] Unable to connect to port 22 on 10.180.180.239
2025-03-10 15:52:48.877 68567 INFO tempest.lib.common.rest_client [req-671c7fc1-939d-4d5f-843f-f1b9ab397381 req-671c7fc1-939d-4d5f-843f-f1b9ab397381 ] Request (ImagesOneServerNegativeTestJSON:test_create_second_image_when_first_image_is_being_saved): 204 DELETE http://10.180.1.21/compute/v2.1/images/1ccf110b-dc59-470f-846b-3e2f555b3297 0.154s
2025-03-10 15:52:49.030 68567 INFO tempest.lib.common.rest_client [req-8a9cd55f-3205-4b8b-8b78-39b39d5bcf7b req-8a9cd55f-3205-4b8b-8b78-39b39d5bcf7b ] Request (ImagesOneServerNegativeTestJSON:tearDown): 200 GET http://10.180.1.21/compute/v2.1/servers/324cc3e5-1c81-498e-b520-e9fca26013ef 0.153s
2025-03-10 15:52:49.040 68587 INFO tempest.lib.common.rest_client [req-290748e4-ecc5-4b27-a394-926144cca652 req-290748e4-ecc5-4b27-a394-926144cca652 ] Request (ServerTagsTestJSON:setUpClass): 200 GET http://10.180.1.21/compute/v2.1/servers/631fe0ee-73a6-48c5-9a14-f6a00d2c2942 0.081s
2025-03-10 15:52:49.041 68607 INFO paramiko.transport [-] Connected (version 2.0, client dropbear_2020.81)
