2025-03-10 15:53:14.595 68591 INFO tempest.lib.common.rest_client [req-894e2bea-cc49-48d3-b8ab-d50220423ba3 req-894e2bea-cc49-48d3-b8ab-d50220423ba3 ] Request (KeyPairsV22TestJSON:tearDownClass): 200 GET http://10.180.1.21:9696/networking/v2.0/security-groups?tenant_id=f3b5793ef2284a7c9c439411ef1b09e8&name=default 0.144s
2025-03-10 15:53:14.665 68591 INFO tempest.lib.common.rest_client [req-78a21817-00d9-4ba2-9a9c-99110d632502 req-78a21817-00d9-4ba2-9a9c-99110d632502 ] Request (KeyPairsV22TestJSON:tearDownClass): 204 DELETE http://10.180.1.21:9696/networking/v2.0/security-groups/5a0e0982-e271-451b-aa0a-a8844ab9357e 0.070s
2025-03-10 15:53:14.723 68591 INFO tempest.lib.common.rest_client [req-caa2866f-a16a-4b7a-a31f-ffd838537a3c req-caa2866f-a16a-4b7a-a31f-ffd838537a3c ] Request (KeyPairsV22TestJSON:tearDownClass): 204 DELETE http://10.180.1.21/identity/v3/projects/f3b5793ef2284a7c9c439411ef1b09e8 0.057s
2025-03-10 15:53:14.724 68591 INFO tempest.test [-] raised in NoVNCConsoleTestJSON.setUpClass. Invoking tearDownClass.
2025-03-10 15:53:14.810 68579 INFO tempest.lib.common.rest_client [req-184fc630-5b7d-49a9-941a-e0c6230e1bd4 req-184fc630-5b7d-49a9-941a-e0c6230e1bd4 ] Request (ServersAdminTestJSON:test_inject_network_info): 200 GET http://10.180.1.21/compute/v2.1/servers/7df1a9b4-e363-4e35-a8d5-6b09b671e6a5 0.144s
2025-03-10 15:53:14.816 68579 INFO tempest.common.waiters [-] State transition "BUILD/block_device_mapping" ==> "BUILD/spawning" after 54 second wait
2025-03-10 15:53:14.836 68599 INFO tempest.lib.common.rest_client [req-184c6256-25c9-4bfb-ab8f-7318035d9a1f req-184c6256-25c9-4bfb-ab8f-7318035d9a1f ] Request (MigrationsAdminTest:test_resize_server_revert_deleted_flavor): 200 GET http://10.180.1.21/compute/v2.1/servers/b3b7f551-81aa-4ac4-9906-020fac5f01f7 0.161s
2025-03-10 15:53:14.847 68599 INFO tempest.common.waiters [-] State transition "BUILD/spawning" ==> "ACTIVE/None" after 69 second wait
2025-03-10 15:53:14.953 68611 INFO tempest.lib.common.rest_client [req-ea9e840f-f1cc-424a-9414-dee2f63a5754 req-ea9e840f-f1cc-424a-9414-dee2f63a5754 ] Request (ServerExternalEventsTest:tearDownClass): 200 GET http://10.180.1.21/compute/v2.1/servers/d2c3e3eb-4b05-4e08-bd08-0f42560fcdba 0.088s
2025-03-10 15:53:14.994 68599 INFO tempest.lib.common.rest_client [req-0016bcab-a115-4ed8-b4a4-5ab7b9c6b751 req-0016bcab-a115-4ed8-b4a4-5ab7b9c6b751 ] Request (MigrationsAdminTest:test_resize_server_revert_deleted_flavor): 200 GET http://10.180.1.21/compute/v2.1/servers/b3b7f551-81aa-4ac4-9906-020fac5f01f7 0.146s
2025-03-10 15:53:15.059 68565 INFO tempest.lib.common.rest_client [req-5f4e2b83-25b6-4468-bcbc-460e9ab54cae req-5f4e2b83-25b6-4468-bcbc-460e9ab54cae ] Request (ServerActionsTestOtherA:test_rebuild_server_in_stop_state): 200 GET http://10.180.1.21/compute/v2.1/servers/c690490f-9278-4595-8286-d4fd970bbc39 0.138s
2025-03-10 15:53:15.127 68615 INFO tempest.lib.common.rest_client [req-7f529697-04ee-4120-9a8c-e9b1ff2b5b87 req-7f529697-04ee-4120-9a8c-e9b1ff2b5b87 ] Request (ServersWithSpecificFlavorTestJSON:test_verify_created_server_ephemeral_disk): 200 GET http://10.180.1.21/compute/v2.1/servers/f13ad5e7-341f-4475-b334-2144b0923e3b 0.148s
2025-03-10 15:53:15.132 68613 INFO tempest.lib.common.rest_client [req-61c81db1-c875-461b-9410-b9259ccd9222 req-61c81db1-c875-461b-9410-b9259ccd9222 ] Request (ImagesTestJSON:test_create_image_from_stopped_server): 200 GET http://10.180.1.21/compute/v2.1/servers/5266817c-ce3b-4c96-a3bd-32b631c29b81 0.267s
2025-03-10 15:53:15.151 68599 INFO tempest.lib.common.rest_client [req-33597c43-08bf-46db-b5cf-d6bad4beeb70 req-33597c43-08bf-46db-b5cf-d6bad4beeb70 ] Request (MigrationsAdminTest:test_resize_server_revert_deleted_flavor): 202 DELETE http://10.180.1.21/compute/v2.1/flavors/5d08af6e-040e-4fac-974b-cfa5ed6c710a 0.147s
2025-03-10 15:53:15.229 68567 INFO tempest.lib.common.rest_client [req-20292512-c3a6-4e54-a03b-c70414956ac5 req-20292512-c3a6-4e54-a03b-c70414956ac5 ] Request (ImagesOneServerNegativeTestJSON:_run_cleanups): 200 GET http://10.180.1.21/compute/v2.1/servers/324cc3e5-1c81-498e-b520-e9fca26013ef 0.189s
2025-03-10 15:53:15.297 68601 INFO tempest.lib.common.rest_client [req-35b06c9f-2fe1-4074-97d0-f49aec90d6df req-35b06c9f-2fe1-4074-97d0-f49aec90d6df ] Request (InstanceActionsV221TestJSON:test_get_list_deleted_instance_actions): 200 GET http://10.180.1.21/compute/v2.1/servers/753bb2f7-bf0a-401e-81af-93982558d3b7 0.247s
2025-03-10 15:53:15.312 68581 INFO tempest.lib.common.rest_client [req-785c5d35-83d3-4c7d-9ff2-dd231dd11166 req-785c5d35-83d3-4c7d-9ff2-dd231dd11166 ] Request (ServerDiskConfigTestJSON:test_rebuild_server_with_auto_disk_config): 200 GET http://10.180.1.21/compute/v2.1/servers/d1b5abfa-fd38-4d17-b75f-5036af841d24 0.328s
2025-03-10 15:53:15.368 68619 INFO tempest.lib.common.rest_client [req-de847731-f88f-4493-b5cb-ecba804c5077 req-de847731-f88f-4493-b5cb-ecba804c5077 ] Request (SecurityGroupsTestJSON:test_server_security_groups): 200 GET http://10.180.1.21/compute/v2.1/servers/3e656d8d-bd06-4886-9424-4ed76b98aae9 0.266s
2025-03-10 15:53:15.371 68595 INFO tempest.lib.common.rest_client [req-c538d6e8-5758-41ed-adc3-444820c542bf req-c538d6e8-5758-41ed-adc3-444820c542bf ] Request (ServersTestMultiNic:test_verify_multiple_nics_order): 200 GET http://10.180.1.21/compute/v2.1/servers/8b473550-4a40-48a5-9e1c-7c48df828e61 0.259s
2025-03-10 15:53:15.404 68599 INFO tempest.lib.common.rest_client [req-f3869889-12a2-4598-91f9-4bbba72f8d73 req-f3869889-12a2-4598-91f9-4bbba72f8d73 ] Request (MigrationsAdminTest:test_resize_server_revert_deleted_flavor): 200 GET http://10.180.1.21/compute/v2.1/flavors/detail 0.252s
2025-03-10 15:53:15.437 68561 INFO tempest.lib.common.rest_client [req-8a4a6e8a-9e44-4f26-b7f3-b349f89252e5 req-8a4a6e8a-9e44-4f26-b7f3-b349f89252e5 ] Request (ListServerFiltersTestJSON:tearDownClass): 200 GET http://10.180.1.21/compute/v2.1/servers/bda5b2fb-1875-4078-a4c1-f76f6abeaaf5 0.281s
2025-03-10 15:53:15.465 68587 INFO tempest.lib.common.rest_client [req-665e8d8f-e897-4a3e-9402-5359ad4ff18d req-665e8d8f-e897-4a3e-9402-5359ad4ff18d ] Request (ServerTagsTestJSON:tearDownClass): 200 GET http://10.180.1.21/compute/v2.1/servers/631fe0ee-73a6-48c5-9a14-f6a00d2c2942 0.262s
2025-03-10 15:53:15.483 68617 INFO tempest.lib.common.rest_client [req-f735c025-e926-44e2-9217-f3e2c64ddd5d req-f735c025-e926-44e2-9217-f3e2c64ddd5d ] Request (VolumesAdminNegativeTest:test_update_attached_volume_with_nonexistent_volume_in_uri): 200 GET http://10.180.1.21/compute/v2.1/servers/c0409ef9-bd21-4d42-9992-eb5ff7bbcb3e 0.278s
2025-03-10 15:53:15.503 68589 INFO tempest.lib.common.rest_client [req-614b384b-9234-4b79-a850-1294257acbfa req-614b384b-9234-4b79-a850-1294257acbfa ] Request (FloatingIPsAssociationTestJSON:tearDownClass): 404 GET http://10.180.1.21/compute/v2.1/servers/11de7da5-1d73-4536-b2a1-f7dbbdec14b8 0.238s
2025-03-10 15:53:15.531 68609 INFO tempest.lib.common.rest_client [req-3e41d5a9-164e-4d54-8618-32e0d48da98e req-3e41d5a9-164e-4d54-8618-32e0d48da98e ] Request (ServerShowV254Test:tearDownClass): 200 GET http://10.180.1.21/compute/v2.1/servers/29981c10-c6dd-4852-94ad-1f8f0135b8cc 0.273s
2025-03-10 15:53:15.555 68563 INFO tempest.lib.common.rest_client [req-8294f426-8f1c-4323-97b6-91396d227b34 req-8294f426-8f1c-4323-97b6-91396d227b34 ] Request (ServerAddressesNegativeTestJSON:setUpClass): 200 GET http://10.180.1.21/compute/v2.1/servers/14285f6e-10a4-4077-a666-3c8d0cc1b87c 0.243s
2025-03-10 15:53:15.608 68573 INFO tempest.lib.common.rest_client [req-2649f99d-218d-4d48-94bd-15ca2fa13a53 req-2649f99d-218d-4d48-94bd-15ca2fa13a53 ] Request (AttachVolumeNegativeTest:test_attach_attached_volume_to_different_server): 200 GET http://10.180.1.21/compute/v2.1/servers/d4f20336-9c29-4aac-8c0d-f577749cd7d7 0.214s
2025-03-10 15:53:15.612 68607 INFO tempest.lib.common.rest_client [req-c91ac082-0fd4-4b74-9cb6-de1c7d42fcef req-c91ac082-0fd4-4b74-9cb6-de1c7d42fcef ] Request (VolumesAssistedSnapshotsTest:tearDownClass): 200 GET http://10.180.1.21/compute/v2.1/servers/5b58896c-cb07-48c8-ace0-385486a3e19d 0.246s
2025-03-10 15:53:15.673 68571 INFO tempest.lib.common.rest_client [req-eb89efeb-bf2a-4c53-a0dc-8e43219930fb req-eb89efeb-bf2a-4c53-a0dc-8e43219930fb ] Request (DeleteServersTestJSON:test_delete_server_while_in_attached_volume): 200 GET http://10.180.1.21/compute/v2.1/servers/2a1cc678-2bb2-403e-b6e8-afdeb8362eac 0.259s
2025-03-10 15:53:15.681 68571 INFO tempest.common.waiters [-] State transition "BUILD/None" ==> "BUILD/networking" after 36 second wait
2025-03-10 15:53:15.739 68624 INFO tempest.lib.common.rest_client [req-aaa45468-28c8-4d06-8a97-050ff4862534 req-aaa45468-28c8-4d06-8a97-050ff4862534 ] Request (ServersAaction247Test:test_create_backup): 200 GET http://10.180.1.21/compute/v2.1/servers/c7ab28c3-a316-4685-b876-a0e7c657ec35 0.284s
2025-03-10 15:53:15.809 68599 INFO tempest.lib.common.rest_client [req-802100c4-dcb3-46b4-8e07-25ccbcb3f683 req-802100c4-dcb3-46b4-8e07-25ccbcb3f683 ] Request (MigrationsAdminTest:test_resize_server_revert_deleted_flavor): 202 POST http://10.180.1.21/compute/v2.1/servers/b3b7f551-81aa-4ac4-9906-020fac5f01f7/action 0.397s
2025-03-10 15:53:15.898 68577 INFO tempest.lib.common.rest_client [req-87c108bb-4ba1-4310-ba9e-28eaf9861180 req-87c108bb-4ba1-4310-ba9e-28eaf9861180 ] Request (ServerMetadataTestJSON:tearDownClass): 200 GET http://10.180.1.21/compute/v2.1/servers/940e0328-970d-4f49-a102-d8a00b8c299b 0.361s
2025-03-10 15:53:15.976 68599 INFO tempest.lib.common.rest_client [req-1a813308-4a76-4ecf-ba51-6a2a2fba2e5d req-1a813308-4a76-4ecf-ba51-6a2a2fba2e5d ] Request (MigrationsAdminTest:test_resize_server_revert_deleted_flavor): 200 GET http://10.180.1.21/compute/v2.1/servers/b3b7f551-81aa-4ac4-9906-020fac5f01f7 0.167s
2025-03-10 15:53:15.998 68611 INFO tempest.lib.common.rest_client [req-67616980-4e9b-4a8c-9d94-352a8e623fdf req-67616980-4e9b-4a8c-9d94-352a8e623fdf ] Request (ServerExternalEventsTest:tearDownClass): 404 GET http://10.180.1.21/compute/v2.1/servers/d2c3e3eb-4b05-4e08-bd08-0f42560fcdba 0.035s
2025-03-10 15:53:16.032 68579 INFO tempest.lib.common.rest_client [req-0d9c28f1-e088-44aa-8750-a545b12f4507 req-0d9c28f1-e088-44aa-8750-a545b12f4507 ] Request (ServersAdminTestJSON:test_inject_network_info): 200 GET http://10.180.1.21/compute/v2.1/servers/7df1a9b4-e363-4e35-a8d5-6b09b671e6a5 0.215s
2025-03-10 15:53:16.123 68611 INFO tempest.lib.common.rest_client [req-eaf2c374-85e9-4ba9-b690-2d2bd18cdd44 req-eaf2c374-85e9-4ba9-b690-2d2bd18cdd44 ] Request (ServerExternalEventsTest:tearDownClass): 204 DELETE http://10.180.1.21/identity/v3/users/407484812afe4dbc8dce6dbd62791e90 0.124s
2025-03-10 15:53:16.134 68565 INFO tempest.lib.common.rest_client [req-1823abe4-6cf7-4e79-84f5-0283c8cf114c req-1823abe4-6cf7-4e79-84f5-0283c8cf114c ] Request (ServerActionsTestOtherA:test_rebuild_server_in_stop_state): 200 GET http://10.180.1.21/compute/v2.1/servers/c690490f-9278-4595-8286-d4fd970bbc39 0.066s
2025-03-10 15:53:16.220 68615 INFO tempest.lib.common.rest_client [req-82b4a6c2-6090-41ca-b2bc-1308569b4a6a req-82b4a6c2-6090-41ca-b2bc-1308569b4a6a ] Request (ServersWithSpecificFlavorTestJSON:test_verify_created_server_ephemeral_disk): 200 GET http://10.180.1.21/compute/v2.1/servers/f13ad5e7-341f-4475-b334-2144b0923e3b 0.085s
2025-03-10 15:53:16.231 68615 INFO tempest.common.waiters [-] State transition "BUILD/scheduling" ==> "BUILD/None" after 12 second wait
2025-03-10 15:53:16.258 68611 INFO tempest.lib.common.rest_client [req-4d106fe8-23b7-4f45-a755-28fd23e8cb35 req-4d106fe8-23b7-4f45-a755-28fd23e8cb35 ] Request (ServerExternalEventsTest:tearDownClass): 204 DELETE http://10.180.1.21/identity/v3/users/ec4493d540cb47fb9f56925635305866 0.134s
2025-03-10 15:53:16.287 68613 INFO tempest.lib.common.rest_client [req-6a3d7e90-cb83-4b38-9d78-c99532bd9c9a req-6a3d7e90-cb83-4b38-9d78-c99532bd9c9a ] Request (ImagesTestJSON:test_create_image_from_stopped_server): 200 GET http://10.180.1.21/compute/v2.1/servers/5266817c-ce3b-4c96-a3bd-32b631c29b81 0.146s
2025-03-10 15:53:16.295 68613 INFO tempest.common.waiters [-] State transition "BUILD/spawning" ==> "ACTIVE/None" after 67 second wait
2025-03-10 15:53:16.312 68567 INFO tempest.lib.common.rest_client [req-3b7708a6-349c-4cbb-a147-3c6b9a145150 req-3b7708a6-349c-4cbb-a147-3c6b9a145150 ] Request (ImagesOneServerNegativeTestJSON:_run_cleanups): 200 GET http://10.180.1.21/compute/v2.1/servers/324cc3e5-1c81-498e-b520-e9fca26013ef 0.076s
2025-03-10 15:53:16.359 68613 INFO tempest.lib.common.rest_client [req-c84c6878-40f4-4a99-ae2c-1373a6febd22 req-c84c6878-40f4-4a99-ae2c-1373a6febd22 ] Request (ImagesTestJSON:test_create_image_from_stopped_server): 202 POST http://10.180.1.21/compute/v2.1/servers/5266817c-ce3b-4c96-a3bd-32b631c29b81/action 0.063s
2025-03-10 15:53:16.362 68611 INFO tempest.lib.common.rest_client [req-8668110f-89fe-4bb0-a3f8-540d70caf15b req-8668110f-89fe-4bb0-a3f8-540d70caf15b ] Request (ServerExternalEventsTest:tearDownClass): 204 DELETE http://10.180.1.21/identity/v3/users/647aab9a0c37438bb484714d717ce74f 0.103s
2025-03-10 15:53:16.362 68611 INFO tempest.lib.common.dynamic_creds [-] Deleting project and security group for project: 2896577f1a134bd4b5a2948454e57192
2025-03-10 15:53:16.390 68601 INFO tempest.lib.common.rest_client [req-35433554-22dd-4632-b79f-6f9df5f852ef req-35433554-22dd-4632-b79f-6f9df5f852ef ] Request (InstanceActionsV221TestJSON:test_get_list_deleted_instance_actions): 200 GET http://10.180.1.21/compute/v2.1/servers/753bb2f7-bf0a-401e-81af-93982558d3b7 0.077s
2025-03-10 15:53:16.438 68611 INFO tempest.lib.common.rest_client [req-97428618-1522-403b-9857-6c2e15a2b46c req-97428618-1522-403b-9857-6c2e15a2b46c ] Request (ServerExternalEventsTest:tearDownClass): 201 POST http://10.180.1.21/identity/v3/auth/tokens 0.075s
2025-03-10 15:53:16.580 68581 INFO tempest.lib.common.rest_client [req-72365e4b-be18-4915-8f9e-991de526c065 req-72365e4b-be18-4915-8f9e-991de526c065 ] Request (ServerDiskConfigTestJSON:test_rebuild_server_with_auto_disk_config): 200 GET http://10.180.1.21/compute/v2.1/servers/d1b5abfa-fd38-4d17-b75f-5036af841d24 0.258s
2025-03-10 15:53:16.585 68613 INFO tempest.lib.common.rest_client [req-24ecab45-044e-4917-8054-6f14a62b730c req-24ecab45-044e-4917-8054-6f14a62b730c ] Request (ImagesTestJSON:test_create_image_from_stopped_server): 200 GET http://10.180.1.21/compute/v2.1/servers/5266817c-ce3b-4c96-a3bd-32b631c29b81 0.226s
2025-03-10 15:53:16.661 68595 INFO tempest.lib.common.rest_client [req-9575d53c-3696-4606-824e-8113eb377eb9 req-9575d53c-3696-4606-824e-8113eb377eb9 ] Request (ServersTestMultiNic:test_verify_multiple_nics_order): 200 GET http://10.180.1.21/compute/v2.1/servers/8b473550-4a40-48a5-9e1c-7c48df828e61 0.278s
2025-03-10 15:53:16.671 68619 INFO tempest.lib.common.rest_client [req-bede599f-7599-4762-bd80-95bfe37392b0 req-bede599f-7599-4762-bd80-95bfe37392b0 ] Request (SecurityGroupsTestJSON:test_server_security_groups): 200 GET http://10.180.1.21/compute/v2.1/servers/3e656d8d-bd06-4886-9424-4ed76b98aae9 0.295s
2025-03-10 15:53:16.677 68589 INFO tempest.lib.common.rest_client [req-a7fd5abb-07dd-4e74-ab59-0008283ffb62 req-a7fd5abb-07dd-4e74-ab59-0008283ffb62 ] Request (FloatingIPsAssociationTestJSON:tearDownClass): 200 PUT http://10.180.1.21:9696/networking/v2.0/routers/903c8201-cd3a-46c3-8bb9-5475c6ae120e/remove_router_interface 1.174s
2025-03-10 15:53:16.696 68575 WARNING tempest.lib.common.ssh [-] Failed to establish authenticated ssh connection to cirros@10.180.180.207 ([Errno None] Unable to connect to port 22 on 10.180.180.207). Number attempts: 14. Retry after 15 seconds.: paramiko.ssh_exception.NoValidConnectionsError: [Errno None] Unable to connect to port 22 on 10.180.180.207
2025-03-10 15:53:16.730 68611 INFO tempest.lib.common.rest_client [req-7f86f8ee-e36c-4abb-8821-db503dd25acd req-7f86f8ee-e36c-4abb-8821-db503dd25acd ] Request (ServerExternalEventsTest:tearDownClass): 200 GET http://10.180.1.21:9696/networking/v2.0/security-groups?tenant_id=2896577f1a134bd4b5a2948454e57192&name=default 0.292s
2025-03-10 15:53:16.761 68561 INFO tempest.lib.common.rest_client [req-a7d6cda6-81f9-47f4-b559-ab8f7ff7c69f req-a7d6cda6-81f9-47f4-b559-ab8f7ff7c69f ] Request (ListServerFiltersTestJSON:tearDownClass): 200 GET http://10.180.1.21/compute/v2.1/servers/bda5b2fb-1875-4078-a4c1-f76f6abeaaf5 0.317s
2025-03-10 15:53:16.764 68587 INFO tempest.lib.common.rest_client [req-967f31f4-14ad-4f07-a836-04653799d211 req-967f31f4-14ad-4f07-a836-04653799d211 ] Request (ServerTagsTestJSON:tearDownClass): 200 GET http://10.180.1.21/compute/v2.1/servers/631fe0ee-73a6-48c5-9a14-f6a00d2c2942 0.288s
2025-03-10 15:53:16.837 68617 INFO tempest.lib.common.rest_client [req-29c19706-da4c-4a70-90b2-882be0def590 req-29c19706-da4c-4a70-90b2-882be0def590 ] Request (VolumesAdminNegativeTest:test_update_attached_volume_with_nonexistent_volume_in_uri): 200 GET http://10.180.1.21/compute/v2.1/servers/c0409ef9-bd21-4d42-9992-eb5ff7bbcb3e 0.345s
2025-03-10 15:53:16.838 68609 INFO tempest.lib.common.rest_client [req-f05281b1-027e-42ce-a29e-000a35279ae9 req-f05281b1-027e-42ce-a29e-000a35279ae9 ] Request (ServerShowV254Test:tearDownClass): 200 GET http://10.180.1.21/compute/v2.1/servers/29981c10-c6dd-4852-94ad-1f8f0135b8cc 0.297s
2025-03-10 15:53:16.884 68611 INFO tempest.lib.common.rest_client [req-b7ada7c7-703b-4769-bede-d7f63677a259 req-b7ada7c7-703b-4769-bede-d7f63677a259 ] Request (ServerExternalEventsTest:tearDownClass): 204 DELETE http://10.180.1.21:9696/networking/v2.0/security-groups/d760c9b0-7344-4783-b178-2bfbadef0612 0.153s
2025-03-10 15:53:16.904 68573 INFO tempest.lib.common.rest_client [req-9f789998-6e6f-4638-a2c0-4542fc8ebe2a req-9f789998-6e6f-4638-a2c0-4542fc8ebe2a ] Request (AttachVolumeNegativeTest:test_attach_attached_volume_to_different_server): 200 GET http://10.180.1.21/compute/v2.1/servers/d4f20336-9c29-4aac-8c0d-f577749cd7d7 0.284s
2025-03-10 15:53:16.915 68563 INFO tempest.lib.common.rest_client [req-7926a841-e7d1-4eda-91b5-69511ce32b6f req-7926a841-e7d1-4eda-91b5-69511ce32b6f ] Request (ServerAddressesNegativeTestJSON:setUpClass): 200 GET http://10.180.1.21/compute/v2.1/servers/14285f6e-10a4-4077-a666-3c8d0cc1b87c 0.343s
2025-03-10 15:53:16.971 68611 INFO tempest.lib.common.rest_client [req-437c2ae5-e770-44a1-86d9-ed7792f2837d req-437c2ae5-e770-44a1-86d9-ed7792f2837d ] Request (ServerExternalEventsTest:tearDownClass): 204 DELETE http://10.180.1.21/identity/v3/projects/2896577f1a134bd4b5a2948454e57192 0.086s
2025-03-10 15:53:16.972 68611 INFO tempest.lib.common.dynamic_creds [-] Deleting project and security group for project: d031b28813554f658818a43c1cf566bc
2025-03-10 15:53:16.975 68607 INFO tempest.lib.common.rest_client [req-d50f2af3-71c7-44a5-ab2e-914592ce8f3c req-d50f2af3-71c7-44a5-ab2e-914592ce8f3c ] Request (VolumesAssistedSnapshotsTest:tearDownClass): 200 GET http://10.180.1.21/compute/v2.1/servers/5b58896c-cb07-48c8-ace0-385486a3e19d 0.354s
2025-03-10 15:53:17.009 68611 INFO tempest.lib.common.rest_client [req-4de19c01-d5a7-4e03-9091-e8a8b752c999 req-4de19c01-d5a7-4e03-9091-e8a8b752c999 ] Request (ServerExternalEventsTest:tearDownClass): 200 GET http://10.180.1.21:9696/networking/v2.0/security-groups?tenant_id=d031b28813554f658818a43c1cf566bc&name=default 0.036s
2025-03-10 15:53:17.041 68624 INFO tempest.lib.common.rest_client [req-328548ed-18b4-452e-9a27-571369ee1ead req-328548ed-18b4-452e-9a27-571369ee1ead ] Request (ServersAaction247Test:test_create_backup): 200 GET http://10.180.1.21/compute/v2.1/servers/c7ab28c3-a316-4685-b876-a0e7c657ec35 0.288s
2025-03-10 15:53:17.086 68611 INFO tempest.lib.common.rest_client [req-8c8b27ad-f1e2-4e5a-8a25-fa235dfe44c0 req-8c8b27ad-f1e2-4e5a-8a25-fa235dfe44c0 ] Request (ServerExternalEventsTest:tearDownClass): 204 DELETE http://10.180.1.21:9696/networking/v2.0/security-groups/c5b8860b-ea0e-4904-ad62-678075ee3306 0.076s
2025-03-10 15:53:17.106 68571 INFO tempest.lib.common.rest_client [req-077aa0f0-3003-4e54-8995-3771b89d9ecf req-077aa0f0-3003-4e54-8995-3771b89d9ecf ] Request (DeleteServersTestJSON:test_delete_server_while_in_attached_volume): 200 GET http://10.180.1.21/compute/v2.1/servers/2a1cc678-2bb2-403e-b6e8-afdeb8362eac 0.423s
2025-03-10 15:53:17.115 68571 INFO tempest.common.waiters [-] State transition "BUILD/networking" ==> "BUILD/spawning" after 38 second wait
2025-03-10 15:53:17.123 68577 INFO tempest.lib.common.rest_client [req-721c6cf4-28c4-4577-885c-6e8e33a94434 req-721c6cf4-28c4-4577-885c-6e8e33a94434 ] Request (ServerMetadataTestJSON:tearDownClass): 200 GET http://10.180.1.21/compute/v2.1/servers/940e0328-970d-4f49-a102-d8a00b8c299b 0.209s
2025-03-10 15:53:17.185 68611 INFO tempest.lib.common.rest_client [req-99248186-0466-41c5-b46b-6382f7e21b82 req-99248186-0466-41c5-b46b-6382f7e21b82 ] Request (ServerExternalEventsTest:tearDownClass): 204 DELETE http://10.180.1.21/identity/v3/projects/d031b28813554f658818a43c1cf566bc 0.099s
2025-03-10 15:53:17.185 68611 INFO tempest.lib.common.dynamic_creds [-] Deleting project and security group for project: 3591902124584b7094c3ad65a2ea2658
2025-03-10 15:53:17.262 68589 INFO tempest.lib.common.rest_client [req-19b1b05a-daff-4287-a5ca-7c300aa1e31f req-19b1b05a-daff-4287-a5ca-7c300aa1e31f ] Request (FloatingIPsAssociationTestJSON:tearDownClass): 204 DELETE http://10.180.1.21:9696/networking/v2.0/routers/903c8201-cd3a-46c3-8bb9-5475c6ae120e 0.584s
2025-03-10 15:53:17.273 68599 INFO tempest.lib.common.rest_client [req-3839ccf8-4e5e-4ff8-986d-1499c5152b40 req-3839ccf8-4e5e-4ff8-986d-1499c5152b40 ] Request (MigrationsAdminTest:test_resize_server_revert_deleted_flavor): 200 GET http://10.180.1.21/compute/v2.1/servers/b3b7f551-81aa-4ac4-9906-020fac5f01f7 0.286s
2025-03-10 15:53:17.277 68579 INFO tempest.lib.common.rest_client [req-0489ccdf-8a1e-458e-9474-e530efe67ff4 req-0489ccdf-8a1e-458e-9474-e530efe67ff4 ] Request (ServersAdminTestJSON:test_inject_network_info): 200 GET http://10.180.1.21/compute/v2.1/servers/7df1a9b4-e363-4e35-a8d5-6b09b671e6a5 0.236s
2025-03-10 15:53:17.290 68611 INFO tempest.lib.common.rest_client [req-69437b48-7b75-43c4-91c4-643d3bad74eb req-69437b48-7b75-43c4-91c4-643d3bad74eb ] Request (ServerExternalEventsTest:tearDownClass): 200 GET http://10.180.1.21:9696/networking/v2.0/security-groups?tenant_id=3591902124584b7094c3ad65a2ea2658&name=default 0.105s
2025-03-10 15:53:17.333 68565 INFO tempest.lib.common.rest_client [req-f6a4009f-a93f-4120-8531-213d4553f591 req-f6a4009f-a93f-4120-8531-213d4553f591 ] Request (ServerActionsTestOtherA:test_rebuild_server_in_stop_state): 200 GET http://10.180.1.21/compute/v2.1/servers/c690490f-9278-4595-8286-d4fd970bbc39 0.191s
2025-03-10 15:53:17.337 68615 INFO tempest.lib.common.rest_client [req-5851ec03-0815-4c4e-aee6-5554462b9120 req-5851ec03-0815-4c4e-aee6-5554462b9120 ] Request (ServersWithSpecificFlavorTestJSON:test_verify_created_server_ephemeral_disk): 200 GET http://10.180.1.21/compute/v2.1/servers/f13ad5e7-341f-4475-b334-2144b0923e3b 0.105s
2025-03-10 15:53:17.397 68567 INFO tempest.lib.common.rest_client [req-8f657463-13c5-4f02-9f43-ccdd8c68bab6 req-8f657463-13c5-4f02-9f43-ccdd8c68bab6 ] Request (ImagesOneServerNegativeTestJSON:_run_cleanups): 200 GET http://10.180.1.21/compute/v2.1/servers/324cc3e5-1c81-498e-b520-e9fca26013ef 0.074s
2025-03-10 15:53:17.414 68611 INFO tempest.lib.common.rest_client [req-25d46159-4aa7-42f0-9676-9196899cdcf7 req-25d46159-4aa7-42f0-9676-9196899cdcf7 ] Request (ServerExternalEventsTest:tearDownClass): 204 DELETE http://10.180.1.21:9696/networking/v2.0/security-groups/439957c7-45ee-4ad3-a3e5-286ef840b0ed 0.122s
2025-03-10 15:53:17.440 68589 INFO tempest.lib.common.rest_client [req-7a93518b-02b6-495a-bdf9-0f13df218337 req-7a93518b-02b6-495a-bdf9-0f13df218337 ] Request (FloatingIPsAssociationTestJSON:tearDownClass): 204 DELETE http://10.180.1.21:9696/networking/v2.0/subnets/80cbc294-84a8-4af1-9407-8fc051c04649 0.178s
2025-03-10 15:53:17.486 68601 INFO tempest.lib.common.rest_client [req-f2f53aeb-ade9-4e2f-97ee-eb8ecc1c477d req-f2f53aeb-ade9-4e2f-97ee-eb8ecc1c477d ] Request (InstanceActionsV221TestJSON:test_get_list_deleted_instance_actions): 200 GET http://10.180.1.21/compute/v2.1/servers/753bb2f7-bf0a-401e-81af-93982558d3b7 0.086s
2025-03-10 15:53:17.539 68611 INFO tempest.lib.common.rest_client [req-9f7cdffe-7b29-4022-8249-dca9512469cf req-9f7cdffe-7b29-4022-8249-dca9512469cf ] Request (ServerExternalEventsTest:tearDownClass): 204 DELETE http://10.180.1.21/identity/v3/projects/3591902124584b7094c3ad65a2ea2658 0.124s
2025-03-10 15:53:17.618 68611 INFO tempest.lib.common.rest_client [req-fa64300d-5946-4aed-bf2b-6061ded8491f req-fa64300d-5946-4aed-bf2b-6061ded8491f ] Request (ServersAdmin275Test:setUpClass): 201 POST http://10.180.1.21/identity/v3/auth/tokens 0.076s
2025-03-10 15:53:17.653 68611 INFO tempest.lib.common.rest_client [req-be34eb1d-686f-4dd8-b90b-ffa967d3b01b req-be34eb1d-686f-4dd8-b90b-ffa967d3b01b ] Request (ServersAdmin275Test:setUpClass): 201 POST http://10.180.1.21/identity/v3/auth/tokens 0.032s
2025-03-10 15:53:17.682 68611 INFO tempest.lib.common.rest_client [req-57d05df7-3fc7-408d-b803-8fcfcf4a992d req-57d05df7-3fc7-408d-b803-8fcfcf4a992d ] Request (ServersAdmin275Test:setUpClass): 200 GET http://10.180.1.21/identity/v3/domains?name=Default 0.029s
2025-03-10 15:53:17.724 68611 INFO tempest.lib.common.rest_client [req-8d88219e-340d-424f-8da0-0b2f2b4e7c6f req-8d88219e-340d-424f-8da0-0b2f2b4e7c6f ] Request (ServersAdmin275Test:setUpClass): 201 POST http://10.180.1.21/identity/v3/projects 0.041s
2025-03-10 15:53:17.745 68589 INFO tempest.lib.common.rest_client [req-a6dd10d4-1938-4fad-9e2c-333ffb8065c4 req-a6dd10d4-1938-4fad-9e2c-333ffb8065c4 ] Request (FloatingIPsAssociationTestJSON:tearDownClass): 204 DELETE http://10.180.1.21:9696/networking/v2.0/networks/23f2c3a4-b609-4f2b-82ea-30d2f16df8e6 0.304s
2025-03-10 15:53:17.765 68613 INFO tempest.lib.common.rest_client [req-fa03cf11-977e-4c5e-b31d-5fc1bfd504b9 req-fa03cf11-977e-4c5e-b31d-5fc1bfd504b9 ] Request (ImagesTestJSON:test_create_image_from_stopped_server): 200 GET http://10.180.1.21/compute/v2.1/servers/5266817c-ce3b-4c96-a3bd-32b631c29b81 0.166s
2025-03-10 15:53:17.765 68581 INFO tempest.lib.common.rest_client [req-21bcaad8-a55d-4b71-8b7d-c28e51a2874a req-21bcaad8-a55d-4b71-8b7d-c28e51a2874a ] Request (ServerDiskConfigTestJSON:test_rebuild_server_with_auto_disk_config): 200 GET http://10.180.1.21/compute/v2.1/servers/d1b5abfa-fd38-4d17-b75f-5036af841d24 0.174s
2025-03-10 15:53:17.804 68611 INFO tempest.lib.common.rest_client [req-e0d5e2a7-9443-436b-be22-1d06e6fe8420 req-e0d5e2a7-9443-436b-be22-1d06e6fe8420 ] Request (ServersAdmin275Test:setUpClass): 201 POST http://10.180.1.21/identity/v3/users 0.079s
2025-03-10 15:53:17.823 68611 INFO tempest.lib.common.rest_client [req-bcc1cd62-5cca-4719-ab86-9d285f1a4165 req-bcc1cd62-5cca-4719-ab86-9d285f1a4165 ] Request (ServersAdmin275Test:setUpClass): 200 GET http://10.180.1.21/identity/v3/roles 0.019s
2025-03-10 15:53:17.833 68595 INFO tempest.lib.common.rest_client [req-e38cb042-d192-4f2c-ba6a-39f847e44822 req-e38cb042-d192-4f2c-ba6a-39f847e44822 ] Request (ServersTestMultiNic:test_verify_multiple_nics_order): 200 GET http://10.180.1.21/compute/v2.1/servers/8b473550-4a40-48a5-9e1c-7c48df828e61 0.162s
2025-03-10 15:53:17.839 68619 INFO tempest.lib.common.rest_client [req-2bbbccc0-3dfa-4f84-8b37-57ffcb197a05 req-2bbbccc0-3dfa-4f84-8b37-57ffcb197a05 ] Request (SecurityGroupsTestJSON:test_server_security_groups): 200 GET http://10.180.1.21/compute/v2.1/servers/3e656d8d-bd06-4886-9424-4ed76b98aae9 0.159s
2025-03-10 15:53:17.849 68589 INFO tempest.lib.common.rest_client [req-d7192126-f1c8-4222-9dea-239df6ce616f req-d7192126-f1c8-4222-9dea-239df6ce616f ] Request (FloatingIPsAssociationTestJSON:tearDownClass): 204 DELETE http://10.180.1.21/identity/v3/users/91e07beda91348ff873672d51166c05e 0.103s
2025-03-10 15:53:17.849 68589 INFO tempest.lib.common.dynamic_creds [-] Deleting project and security group for project: 53261bb9432948b58692227101a4717b
2025-03-10 15:53:17.875 68589 INFO tempest.lib.common.rest_client [req-2232530c-c719-48d2-80c4-d8f4b1c7d215 req-2232530c-c719-48d2-80c4-d8f4b1c7d215 ] Request (FloatingIPsAssociationTestJSON:tearDownClass): 200 GET http://10.180.1.21:9696/networking/v2.0/security-groups?tenant_id=53261bb9432948b58692227101a4717b&name=default 0.025s
2025-03-10 15:53:17.879 68611 INFO tempest.lib.common.rest_client [req-71ac3ba0-663b-4262-b1ab-6a0a8bf262cf req-71ac3ba0-663b-4262-b1ab-6a0a8bf262cf ] Request (ServersAdmin275Test:setUpClass): 204 PUT http://10.180.1.21/identity/v3/projects/b550daefa1584080b3d761d3f3ae2956/users/f0b13d070047483d9ccc783df5cfe676/roles/13d1a290192241bb9787521a3e32f7e2 0.055s
2025-03-10 15:53:17.879 68611 INFO tempest.lib.common.dynamic_creds [-] Dynamic test user f0b13d070047483d9ccc783df5cfe676 is created with scope project and roles: ['member']
2025-03-10 15:53:17.879 68611 INFO tempest.lib.common.dynamic_creds [-] Acquired dynamic creds: credentials: Credentials: {'domain_id': 'default', 'domain_name': 'Default', 'username': 'tempest-ServersAdmin275Test-205570985-project-member', 'project_domain_id': 'default', 'project_domain_name': 'Default', 'project_id': 'b550daefa1584080b3d761d3f3ae2956', 'project_name': 'tempest-ServersAdmin275Test-205570985', 'tenant_id': 'b550daefa1584080b3d761d3f3ae2956', 'tenant_name': 'tempest-ServersAdmin275Test-205570985', 'user_domain_id': 'default', 'user_domain_name': 'Default', 'user_id': 'f0b13d070047483d9ccc783df5cfe676', 'system': None}, Network: None, Subnet: None, Router: None
2025-03-10 15:53:17.879 68611 INFO tempest.lib.common.dynamic_creds [-] Created isolated network resources for: credentials: Credentials: {'domain_id': 'default', 'domain_name': 'Default', 'username': 'tempest-ServersAdmin275Test-205570985-project-member', 'project_domain_id': 'default', 'project_domain_name': 'Default', 'project_id': 'b550daefa1584080b3d761d3f3ae2956', 'project_name': 'tempest-ServersAdmin275Test-205570985', 'tenant_id': 'b550daefa1584080b3d761d3f3ae2956', 'tenant_name': 'tempest-ServersAdmin275Test-205570985', 'user_domain_id': 'default', 'user_domain_name': 'Default', 'user_id': 'f0b13d070047483d9ccc783df5cfe676', 'system': None}, Network: None, Subnet: None, Router: None
2025-03-10 15:53:17.895 68561 INFO tempest.lib.common.rest_client [req-d625aa87-dac7-41d9-b1ce-043a4b3c32bb req-d625aa87-dac7-41d9-b1ce-043a4b3c32bb ] Request (ListServerFiltersTestJSON:tearDownClass): 200 GET http://10.180.1.21/compute/v2.1/servers/bda5b2fb-1875-4078-a4c1-f76f6abeaaf5 0.124s
2025-03-10 15:53:17.901 68587 INFO tempest.lib.common.rest_client [req-6e31704c-09fa-413e-9857-345331c68ae8 req-6e31704c-09fa-413e-9857-345331c68ae8 ] Request (ServerTagsTestJSON:tearDownClass): 200 GET http://10.180.1.21/compute/v2.1/servers/631fe0ee-73a6-48c5-9a14-f6a00d2c2942 0.127s
2025-03-10 15:53:17.942 68611 INFO tempest.lib.common.rest_client [req-5a2f43a7-edc2-4c10-bfba-c4cb38cbb6e7 req-5a2f43a7-edc2-4c10-bfba-c4cb38cbb6e7 ] Request (ServersAdmin275Test:setUpClass): 201 POST http://10.180.1.21/identity/v3/auth/tokens 0.060s
2025-03-10 15:53:17.955 68589 INFO tempest.lib.common.rest_client [req-ceb1f618-5e6a-48ad-9bc9-7de383f6ef23 req-ceb1f618-5e6a-48ad-9bc9-7de383f6ef23 ] Request (FloatingIPsAssociationTestJSON:tearDownClass): 204 DELETE http://10.180.1.21:9696/networking/v2.0/security-groups/2e79d1e5-cfcf-40c0-9820-fbcbfe0a4029 0.080s
2025-03-10 15:53:17.958 68617 INFO tempest.lib.common.rest_client [req-64117e03-060f-4580-a7c4-10f2378ffacd req-64117e03-060f-4580-a7c4-10f2378ffacd ] Request (VolumesAdminNegativeTest:test_update_attached_volume_with_nonexistent_volume_in_uri): 200 GET http://10.180.1.21/compute/v2.1/servers/c0409ef9-bd21-4d42-9992-eb5ff7bbcb3e 0.113s
2025-03-10 15:53:17.962 68609 INFO tempest.lib.common.rest_client [req-413e7c61-6c34-4240-8ddd-4e00ddc82929 req-413e7c61-6c34-4240-8ddd-4e00ddc82929 ] Request (ServerShowV254Test:tearDownClass): 200 GET http://10.180.1.21/compute/v2.1/servers/29981c10-c6dd-4852-94ad-1f8f0135b8cc 0.113s
2025-03-10 15:53:18.014 68611 INFO tempest.lib.common.rest_client [req-f084128a-12cb-4dcd-b55d-3b68b06b54c8 req-f084128a-12cb-4dcd-b55d-3b68b06b54c8 ] Request (ServersAdmin275Test:setUpClass): 201 POST http://10.180.1.21/identity/v3/projects 0.071s
2025-03-10 15:53:18.015 68563 INFO tempest.lib.common.rest_client [req-53c44a6b-44f3-4b68-b531-6963e6cf134a req-53c44a6b-44f3-4b68-b531-6963e6cf134a ] Request (ServerAddressesNegativeTestJSON:setUpClass): 200 GET http://10.180.1.21/compute/v2.1/servers/14285f6e-10a4-4077-a666-3c8d0cc1b87c 0.091s
2025-03-10 15:53:18.022 68563 INFO tempest.common.waiters [-] State transition "BUILD/scheduling" ==> "BUILD/None" after 13 second wait
2025-03-10 15:53:18.024 68573 INFO tempest.lib.common.rest_client [req-92ffce7c-39de-434d-b12c-a461838aefa6 req-92ffce7c-39de-434d-b12c-a461838aefa6 ] Request (AttachVolumeNegativeTest:test_attach_attached_volume_to_different_server): 200 GET http://10.180.1.21/compute/v2.1/servers/d4f20336-9c29-4aac-8c0d-f577749cd7d7 0.110s
2025-03-10 15:53:18.031 68573 INFO tempest.common.waiters [-] State transition "BUILD/None" ==> "BUILD/networking" after 30 second wait
2025-03-10 15:53:18.051 68589 INFO tempest.lib.common.rest_client [req-2dad9e68-cb65-48b2-a0bd-9684d18cdda2 req-2dad9e68-cb65-48b2-a0bd-9684d18cdda2 ] Request (FloatingIPsAssociationTestJSON:tearDownClass): 204 DELETE http://10.180.1.21/identity/v3/projects/53261bb9432948b58692227101a4717b 0.095s
2025-03-10 15:53:18.076 68607 INFO tempest.lib.common.rest_client [req-a2eb3ca1-8782-4516-bbec-f4036db22f91 req-a2eb3ca1-8782-4516-bbec-f4036db22f91 ] Request (VolumesAssistedSnapshotsTest:tearDownClass): 200 GET http://10.180.1.21/compute/v2.1/servers/5b58896c-cb07-48c8-ace0-385486a3e19d 0.092s
2025-03-10 15:53:18.110 68589 INFO tempest.lib.common.rest_client [req-6ee7bb73-3f56-44b5-bc29-f611f88cb0eb req-6ee7bb73-3f56-44b5-bc29-f611f88cb0eb ] Request (ServerRescueTestJSONUnderV235:setUpClass): 201 POST http://10.180.1.21/identity/v3/auth/tokens 0.057s
2025-03-10 15:53:18.115 68624 INFO tempest.lib.common.rest_client [req-b7f9c712-84bc-401e-9726-4e7f37d6f05e req-b7f9c712-84bc-401e-9726-4e7f37d6f05e ] Request (ServersAaction247Test:test_create_backup): 200 GET http://10.180.1.21/compute/v2.1/servers/c7ab28c3-a316-4685-b876-a0e7c657ec35 0.063s
2025-03-10 15:53:18.132 68611 INFO tempest.lib.common.rest_client [req-6a98daf8-74ff-4c94-a9a2-4341692bab12 req-6a98daf8-74ff-4c94-a9a2-4341692bab12 ] Request (ServersAdmin275Test:setUpClass): 201 POST http://10.180.1.21/identity/v3/users 0.117s
2025-03-10 15:53:18.140 68589 INFO tempest.lib.common.rest_client [req-a08f97fe-219b-40ee-848c-8675e1249168 req-a08f97fe-219b-40ee-848c-8675e1249168 ] Request (ServerRescueTestJSONUnderV235:setUpClass): 201 POST http://10.180.1.21/identity/v3/auth/tokens 0.028s
2025-03-10 15:53:18.160 68611 INFO tempest.lib.common.rest_client [req-88d1a249-3f73-4eb8-84f2-fa7b03b1a373 req-88d1a249-3f73-4eb8-84f2-fa7b03b1a373 ] Request (ServersAdmin275Test:setUpClass): 200 GET http://10.180.1.21/identity/v3/roles 0.028s
2025-03-10 15:53:18.165 68589 INFO tempest.lib.common.rest_client [req-b5c8b121-6762-4b1a-8e38-5f0d47da5bd1 req-b5c8b121-6762-4b1a-8e38-5f0d47da5bd1 ] Request (ServerRescueTestJSONUnderV235:setUpClass): 200 GET http://10.180.1.21/identity/v3/domains?name=Default 0.024s
2025-03-10 15:53:18.188 68611 INFO tempest.lib.common.rest_client [req-a745cabe-a07b-4224-94fc-b1ca6e7a1824 req-a745cabe-a07b-4224-94fc-b1ca6e7a1824 ] Request (ServersAdmin275Test:setUpClass): 204 PUT http://10.180.1.21/identity/v3/projects/03beb67a08604f129474c8a527ae0be4/users/87a2375526f249549869755529d89cfe/roles/755ea83697eb4befbf4f5585c2b10554 0.027s
2025-03-10 15:53:18.194 68589 INFO tempest.lib.common.rest_client [req-6c6be292-8ae2-4191-8e67-326f63399ba0 req-6c6be292-8ae2-4191-8e67-326f63399ba0 ] Request (ServerRescueTestJSONUnderV235:setUpClass): 201 POST http://10.180.1.21/identity/v3/projects 0.028s
2025-03-10 15:53:18.228 68577 INFO tempest.lib.common.rest_client [req-f49e12aa-505b-4c4c-8b9d-b79067438319 req-f49e12aa-505b-4c4c-8b9d-b79067438319 ] Request (ServerMetadataTestJSON:tearDownClass): 200 GET http://10.180.1.21/compute/v2.1/servers/940e0328-970d-4f49-a102-d8a00b8c299b 0.094s
2025-03-10 15:53:18.238 68577 INFO tempest.common.waiters [-] State transition "ACTIVE/deleting" ==> "DELETED/None" after 4 second wait
2025-03-10 15:53:18.252 68589 INFO tempest.lib.common.rest_client [req-b50cdf24-8a89-455e-9c14-3ce2cfdba39e req-b50cdf24-8a89-455e-9c14-3ce2cfdba39e ] Request (ServerRescueTestJSONUnderV235:setUpClass): 201 POST http://10.180.1.21/identity/v3/users 0.057s
2025-03-10 15:53:18.260 68571 INFO tempest.lib.common.rest_client [req-33fa8817-da15-4130-b29f-64befe446f61 req-33fa8817-da15-4130-b29f-64befe446f61 ] Request (DeleteServersTestJSON:test_delete_server_while_in_attached_volume): 200 GET http://10.180.1.21/compute/v2.1/servers/2a1cc678-2bb2-403e-b6e8-afdeb8362eac 0.144s
2025-03-10 15:53:18.271 68589 INFO tempest.lib.common.rest_client [req-18c7f4e0-722e-4769-8362-f2b1bef4bcf7 req-18c7f4e0-722e-4769-8362-f2b1bef4bcf7 ] Request (ServerRescueTestJSONUnderV235:setUpClass): 200 GET http://10.180.1.21/identity/v3/roles 0.019s
2025-03-10 15:53:18.273 68611 INFO tempest.lib.common.rest_client [req-a2c4f3b7-4adf-45df-b9c0-7dcb5d4eb98a req-a2c4f3b7-4adf-45df-b9c0-7dcb5d4eb98a ] Request (ServersAdmin275Test:setUpClass): 200 GET http://10.180.1.21/identity/v3/roles 0.084s
2025-03-10 15:53:18.290 68611 INFO tempest.lib.common.rest_client [req-c74c279e-9f1d-4e40-ac24-5d34157dfd53 req-c74c279e-9f1d-4e40-ac24-5d34157dfd53 ] Request (ServersAdmin275Test:setUpClass): 204 PUT http://10.180.1.21/identity/v3/projects/03beb67a08604f129474c8a527ae0be4/users/87a2375526f249549869755529d89cfe/roles/755ea83697eb4befbf4f5585c2b10554 0.016s
2025-03-10 15:53:18.290 68611 INFO tempest.lib.common.dynamic_creds [-] Dynamic test user 87a2375526f249549869755529d89cfe is created with scope project and roles: ['admin']
2025-03-10 15:53:18.290 68611 INFO tempest.lib.common.dynamic_creds [-] Acquired dynamic creds: credentials: Credentials: {'domain_id': 'default', 'domain_name': 'Default', 'username': 'tempest-ServersAdmin275Test-1650465497-project-admin', 'project_domain_id': 'default', 'project_domain_name': 'Default', 'project_id': '03beb67a08604f129474c8a527ae0be4', 'project_name': 'tempest-ServersAdmin275Test-1650465497', 'tenant_id': '03beb67a08604f129474c8a527ae0be4', 'tenant_name': 'tempest-ServersAdmin275Test-1650465497', 'user_domain_id': 'default', 'user_domain_name': 'Default', 'user_id': '87a2375526f249549869755529d89cfe', 'system': None}, Network: None, Subnet: None, Router: None
2025-03-10 15:53:18.291 68611 INFO tempest.lib.common.dynamic_creds [-] Created isolated network resources for: credentials: Credentials: {'domain_id': 'default', 'domain_name': 'Default', 'username': 'tempest-ServersAdmin275Test-1650465497-project-admin', 'project_domain_id': 'default', 'project_domain_name': 'Default', 'project_id': '03beb67a08604f129474c8a527ae0be4', 'project_name': 'tempest-ServersAdmin275Test-1650465497', 'tenant_id': '03beb67a08604f129474c8a527ae0be4', 'tenant_name': 'tempest-ServersAdmin275Test-1650465497', 'user_domain_id': 'default', 'user_domain_name': 'Default', 'user_id': '87a2375526f249549869755529d89cfe', 'system': None}, Network: None, Subnet: None, Router: None
2025-03-10 15:53:18.298 68589 INFO tempest.lib.common.rest_client [req-2606c6f1-da4a-4855-9311-ec6571b883a5 req-2606c6f1-da4a-4855-9311-ec6571b883a5 ] Request (ServerRescueTestJSONUnderV235:setUpClass): 204 PUT http://10.180.1.21/identity/v3/projects/31396f8bc32b48e883ef6bd7c38ad3c0/users/b1407761c80e4451a5725ac25ed91450/roles/13d1a290192241bb9787521a3e32f7e2 0.027s
2025-03-10 15:53:18.299 68589 INFO tempest.lib.common.dynamic_creds [-] Dynamic test user b1407761c80e4451a5725ac25ed91450 is created with scope project and roles: ['member']
2025-03-10 15:53:18.299 68589 INFO tempest.lib.common.dynamic_creds [-] Acquired dynamic creds: credentials: Credentials: {'domain_id': 'default', 'domain_name': 'Default', 'username': 'tempest-ServerRescueTestJSONUnderV235-12826845-project-member', 'project_domain_id': 'default', 'project_domain_name': 'Default', 'project_id': '31396f8bc32b48e883ef6bd7c38ad3c0', 'project_name': 'tempest-ServerRescueTestJSONUnderV235-12826845', 'tenant_id': '31396f8bc32b48e883ef6bd7c38ad3c0', 'tenant_name': 'tempest-ServerRescueTestJSONUnderV235-12826845', 'user_domain_id': 'default', 'user_domain_name': 'Default', 'user_id': 'b1407761c80e4451a5725ac25ed91450', 'system': None}, Network: None, Subnet: None, Router: None
2025-03-10 15:53:18.354 68589 INFO tempest.lib.common.rest_client [req-2be5a004-fce7-444f-a52e-5c31d57cfd96 req-2be5a004-fce7-444f-a52e-5c31d57cfd96 ] Request (ServerRescueTestJSONUnderV235:setUpClass): 201 POST http://10.180.1.21/identity/v3/auth/tokens 0.054s
2025-03-10 15:53:18.368 68611 INFO tempest.lib.common.rest_client [req-5f3ad0cd-7bb6-405d-9e88-c7e25aee770b req-5f3ad0cd-7bb6-405d-9e88-c7e25aee770b ] Request (ServersAdmin275Test:setUpClass): 201 POST http://10.180.1.21/identity/v3/auth/tokens 0.073s
2025-03-10 15:53:18.424 68611 INFO tempest.lib.common.rest_client [req-95d3d49b-b129-4ece-966c-cd684feccdfa req-95d3d49b-b129-4ece-966c-cd684feccdfa ] Request (ServersAdmin275Test:test_rebuild_update_server_275): 201 POST http://10.180.1.21/identity/v3/auth/tokens 0.048s
2025-03-10 15:53:18.424 68611 INFO tempest.lib.common.fixed_network [-] (ServersAdmin275Test:test_rebuild_update_server_275) Found network None available for tenant
2025-03-10 15:53:18.841 68599 INFO tempest.lib.common.rest_client [req-4e0a5809-7bc8-491f-8a79-3387a88e62dc req-4e0a5809-7bc8-491f-8a79-3387a88e62dc ] Request (MigrationsAdminTest:test_resize_server_revert_deleted_flavor): 200 GET http://10.180.1.21/compute/v2.1/servers/b3b7f551-81aa-4ac4-9906-020fac5f01f7 0.557s
2025-03-10 15:53:18.904 68565 INFO tempest.lib.common.rest_client [req-dffd0a03-4ce8-4d49-b377-202039ee12f9 req-dffd0a03-4ce8-4d49-b377-202039ee12f9 ] Request (ServerActionsTestOtherA:test_rebuild_server_in_stop_state): 200 GET http://10.180.1.21/compute/v2.1/servers/c690490f-9278-4595-8286-d4fd970bbc39 0.563s
2025-03-10 15:53:18.913 68579 INFO tempest.lib.common.rest_client [req-036372ab-0a18-476a-8177-99f9af2e0121 req-036372ab-0a18-476a-8177-99f9af2e0121 ] Request (ServersAdminTestJSON:test_inject_network_info): 200 GET http://10.180.1.21/compute/v2.1/servers/7df1a9b4-e363-4e35-a8d5-6b09b671e6a5 0.626s
2025-03-10 15:53:18.964 68615 INFO tempest.lib.common.rest_client [req-9364f7f9-372b-48a9-9db0-67e3030bcb20 req-9364f7f9-372b-48a9-9db0-67e3030bcb20 ] Request (ServersWithSpecificFlavorTestJSON:test_verify_created_server_ephemeral_disk): 200 GET http://10.180.1.21/compute/v2.1/servers/f13ad5e7-341f-4475-b334-2144b0923e3b 0.612s
2025-03-10 15:53:18.979 68567 INFO tempest.lib.common.rest_client [req-002d5a41-f3a2-426a-bcfa-450005510386 req-002d5a41-f3a2-426a-bcfa-450005510386 ] Request (ImagesOneServerNegativeTestJSON:_run_cleanups): 200 GET http://10.180.1.21/compute/v2.1/servers/324cc3e5-1c81-498e-b520-e9fca26013ef 0.566s
2025-03-10 15:53:19.039 68601 INFO tempest.lib.common.rest_client [req-ade89fad-f407-4f8b-9b54-ad766c3e7173 req-ade89fad-f407-4f8b-9b54-ad766c3e7173 ] Request (InstanceActionsV221TestJSON:test_get_list_deleted_instance_actions): 200 GET http://10.180.1.21/compute/v2.1/servers/753bb2f7-bf0a-401e-81af-93982558d3b7 0.541s
2025-03-10 15:53:19.110 68589 INFO tempest.lib.common.rest_client [req-f7d204b3-988f-4e14-9e55-73534a0223fc req-f7d204b3-988f-4e14-9e55-73534a0223fc ] Request (ServerRescueTestJSONUnderV235:setUpClass): 201 POST http://10.180.1.21:9696/networking/v2.0/networks 0.756s
2025-03-10 15:53:19.191 68611 INFO tempest.lib.common.rest_client [req-f57830a0-7f58-45e4-ac98-eea65bbf85dd req-f57830a0-7f58-45e4-ac98-eea65bbf85dd ] Request (ServersAdmin275Test:test_rebuild_update_server_275): 202 POST http://10.180.1.21/compute/v2.1/servers 0.765s
2025-03-10 15:53:19.213 68613 INFO tempest.lib.common.rest_client [req-fc19451d-2a17-4962-8969-2f2b5cb699d2 req-fc19451d-2a17-4962-8969-2f2b5cb699d2 ] Request (ImagesTestJSON:test_create_image_from_stopped_server): 200 GET http://10.180.1.21/compute/v2.1/servers/5266817c-ce3b-4c96-a3bd-32b631c29b81 0.439s
2025-03-10 15:53:19.223 68613 INFO tempest.common.waiters [-] State transition "ACTIVE/powering-off" ==> "SHUTOFF/None" after 3 second wait
2025-03-10 15:53:19.283 68595 INFO tempest.lib.common.rest_client [req-33443eb9-b2a5-4486-ba69-e19ab10f4e24 req-33443eb9-b2a5-4486-ba69-e19ab10f4e24 ] Request (ServersTestMultiNic:test_verify_multiple_nics_order): 200 GET http://10.180.1.21/compute/v2.1/servers/8b473550-4a40-48a5-9e1c-7c48df828e61 0.436s
2025-03-10 15:53:19.332 68581 INFO tempest.lib.common.rest_client [req-0f1d0344-87a3-4216-b50f-ebcfd8244c59 req-0f1d0344-87a3-4216-b50f-ebcfd8244c59 ] Request (ServerDiskConfigTestJSON:test_rebuild_server_with_auto_disk_config): 200 GET http://10.180.1.21/compute/v2.1/servers/d1b5abfa-fd38-4d17-b75f-5036af841d24 0.506s
2025-03-10 15:53:19.350 68619 INFO tempest.lib.common.rest_client [req-533191bd-fce9-4b6a-bd64-f6f1661504d9 req-533191bd-fce9-4b6a-bd64-f6f1661504d9 ] Request (SecurityGroupsTestJSON:test_server_security_groups): 200 GET http://10.180.1.21/compute/v2.1/servers/3e656d8d-bd06-4886-9424-4ed76b98aae9 0.495s
2025-03-10 15:53:19.373 68589 INFO tempest.lib.common.rest_client [req-f3d9e396-d867-4182-9c23-209f80bf7267 req-f3d9e396-d867-4182-9c23-209f80bf7267 ] Request (ServerRescueTestJSONUnderV235:setUpClass): 201 POST http://10.180.1.21:9696/networking/v2.0/subnets 0.263s
2025-03-10 15:53:19.415 68561 INFO tempest.lib.common.rest_client [req-e7bd2780-aef5-4405-ac24-6553077c4945 req-e7bd2780-aef5-4405-ac24-6553077c4945 ] Request (ListServerFiltersTestJSON:tearDownClass): 200 GET http://10.180.1.21/compute/v2.1/servers/bda5b2fb-1875-4078-a4c1-f76f6abeaaf5 0.509s
2025-03-10 15:53:19.427 68587 INFO tempest.lib.common.rest_client [req-46f6b484-5df7-4b59-915f-f08224fdd1ec req-46f6b484-5df7-4b59-915f-f08224fdd1ec ] Request (ServerTagsTestJSON:tearDownClass): 200 GET http://10.180.1.21/compute/v2.1/servers/631fe0ee-73a6-48c5-9a14-f6a00d2c2942 0.515s
2025-03-10 15:53:19.472 68617 INFO tempest.lib.common.rest_client [req-b5f2f148-891c-42e2-ba20-361564c65a50 req-b5f2f148-891c-42e2-ba20-361564c65a50 ] Request (VolumesAdminNegativeTest:test_update_attached_volume_with_nonexistent_volume_in_uri): 200 GET http://10.180.1.21/compute/v2.1/servers/c0409ef9-bd21-4d42-9992-eb5ff7bbcb3e 0.504s
2025-03-10 15:53:19.484 68609 INFO tempest.lib.common.rest_client [req-60351070-1458-4e24-b493-2c72753b3d2c req-60351070-1458-4e24-b493-2c72753b3d2c ] Request (ServerShowV254Test:tearDownClass): 200 GET http://10.180.1.21/compute/v2.1/servers/29981c10-c6dd-4852-94ad-1f8f0135b8cc 0.511s
2025-03-10 15:53:19.546 68563 INFO tempest.lib.common.rest_client [req-bfb0ada5-9e39-4b37-9783-bf22a915a33c req-bfb0ada5-9e39-4b37-9783-bf22a915a33c ] Request (ServerAddressesNegativeTestJSON:setUpClass): 200 GET http://10.180.1.21/compute/v2.1/servers/14285f6e-10a4-4077-a666-3c8d0cc1b87c 0.523s
2025-03-10 15:53:19.638 68607 INFO tempest.lib.common.rest_client [req-e5ed0d4f-917b-4ef1-8223-bef9aa282820 req-e5ed0d4f-917b-4ef1-8223-bef9aa282820 ] Request (VolumesAssistedSnapshotsTest:tearDownClass): 200 GET http://10.180.1.21/compute/v2.1/servers/5b58896c-cb07-48c8-ace0-385486a3e19d 0.550s
2025-03-10 15:53:19.671 68573 INFO tempest.lib.common.rest_client [req-e118075b-8bc4-4a5b-aa3b-155a5f2d901a req-e118075b-8bc4-4a5b-aa3b-155a5f2d901a ] Request (AttachVolumeNegativeTest:test_attach_attached_volume_to_different_server): 200 GET http://10.180.1.21/compute/v2.1/servers/d4f20336-9c29-4aac-8c0d-f577749cd7d7 0.639s
2025-03-10 15:53:19.679 68573 INFO tempest.common.waiters [-] State transition "BUILD/networking" ==> "BUILD/spawning" after 31 second wait
2025-03-10 15:53:19.695 68624 INFO tempest.lib.common.rest_client [req-3bc245d7-05f2-4353-997b-774a86cd740c req-3bc245d7-05f2-4353-997b-774a86cd740c ] Request (ServersAaction247Test:test_create_backup): 200 GET http://10.180.1.21/compute/v2.1/servers/c7ab28c3-a316-4685-b876-a0e7c657ec35 0.565s
2025-03-10 15:53:19.737 68611 INFO tempest.lib.common.rest_client [req-7b0f493a-ba25-4a75-8393-7aa142feee70 req-7b0f493a-ba25-4a75-8393-7aa142feee70 ] Request (ServersAdmin275Test:test_rebuild_update_server_275): 200 PUT http://10.180.1.21/compute/v2.1/servers/8a848ec8-1ae0-4437-be4f-49219214d11f 0.544s
2025-03-10 15:53:19.811 68577 INFO tempest.lib.common.rest_client [req-e7d0de29-acd7-46d9-990b-37655323a827 req-e7d0de29-acd7-46d9-990b-37655323a827 ] Request (ServerMetadataTestJSON:tearDownClass): 200 GET http://10.180.1.21/compute/v2.1/servers/940e0328-970d-4f49-a102-d8a00b8c299b 0.571s
2025-03-10 15:53:20.064 68571 INFO tempest.lib.common.rest_client [req-e76a67dd-79c0-47ad-82d3-151ffa28c701 req-e76a67dd-79c0-47ad-82d3-151ffa28c701 ] Request (DeleteServersTestJSON:test_delete_server_while_in_attached_volume): 200 GET http://10.180.1.21/compute/v2.1/servers/2a1cc678-2bb2-403e-b6e8-afdeb8362eac 0.796s
2025-03-10 15:53:20.129 68611 INFO tempest.lib.common.rest_client [req-15d87b3e-2c33-425f-8784-bdb7d5bd6058 req-15d87b3e-2c33-425f-8784-bdb7d5bd6058 ] Request (ServersAdmin275Test:test_rebuild_update_server_275): 200 GET http://10.180.1.21/compute/v2.1/servers/8a848ec8-1ae0-4437-be4f-49219214d11f 0.375s
2025-03-10 15:53:20.160 68613 INFO tempest.lib.common.rest_client [req-d5512c96-ed16-4726-91c0-47d9afc70767 req-d5512c96-ed16-4726-91c0-47d9afc70767 ] Request (ImagesTestJSON:test_create_image_from_stopped_server): 202 POST http://10.180.1.21/compute/v2.1/servers/5266817c-ce3b-4c96-a3bd-32b631c29b81/action 0.936s
