2025-03-10 15:51:40.788 68577 INFO tempest.lib.common.dynamic_creds [-] Created isolated network resources for: credentials: Credentials: {'domain_id': 'default', 'domain_name': 'Default', 'username': 'tempest-QuotasSecurityGroupAdminNegativeTest-1983326626-project-member', 'project_domain_id': 'default', 'project_domain_name': 'Default', 'project_id': 'f94fd69924834e5eb7f8ab57e8efcaf2', 'project_name': 'tempest-QuotasSecurityGroupAdminNegativeTest-1983326626', 'tenant_id': 'f94fd69924834e5eb7f8ab57e8efcaf2', 'tenant_name': 'tempest-QuotasSecurityGroupAdminNegativeTest-1983326626', 'user_domain_id': 'default', 'user_domain_name': 'Default', 'user_id': '9802afe3a09045e08b7bf3c802aed494', 'system': None}, Network: None, Subnet: None, Router: None
2025-03-10 15:51:40.810 68579 INFO tempest.lib.common.rest_client [req-c70e0ce2-6b83-4987-89d0-816bc14e75cd req-c70e0ce2-6b83-4987-89d0-816bc14e75cd ] Request (ServersAdminTestJSON:test_create_server_with_scheduling_hint): 200 GET http://10.180.1.21/compute/v2.1/servers/1b9dd0e2-781f-43d7-a66e-e718a0972c78 0.258s
2025-03-10 15:51:40.863 68605 INFO tempest.lib.common.rest_client [req-cf4c191a-43ad-4a37-bda8-95bc71d834fd req-cf4c191a-43ad-4a37-bda8-95bc71d834fd ] Request (ServerMetadataNegativeTestJSON:setUpClass): 200 GET http://10.180.1.21/compute/v2.1/servers/c8784827-a928-439d-abdf-d82b62a61152 0.236s
2025-03-10 15:51:40.869 68577 INFO tempest.lib.common.rest_client [req-d5599192-737f-4b61-8ea7-5e70118afda8 req-d5599192-737f-4b61-8ea7-5e70118afda8 ] Request (QuotasSecurityGroupAdminNegativeTest:setUpClass): 201 POST http://10.180.1.21/identity/v3/auth/tokens 0.076s
2025-03-10 15:51:40.888 68565 WARNING tempest.lib.common.ssh [-] Failed to establish authenticated ssh connection to cirros@10.180.180.239 ([Errno None] Unable to connect to port 22 on 10.180.180.239). Number attempts: 3. Retry after 4 seconds.: paramiko.ssh_exception.NoValidConnectionsError: [Errno None] Unable to connect to port 22 on 10.180.180.239
2025-03-10 15:51:40.919 68587 INFO tempest.lib.common.rest_client [req-047f4ac7-6c07-431e-a212-5034f01541e7 req-047f4ac7-6c07-431e-a212-5034f01541e7 ] Request (ServerTagsTestJSON:setUpClass): 201 POST http://10.180.1.21:9696/networking/v2.0/subnets 0.149s
2025-03-10 15:51:40.935 68577 INFO tempest.lib.common.rest_client [req-edcc1392-e17b-410e-8cc7-4d9cb84f484a req-edcc1392-e17b-410e-8cc7-4d9cb84f484a ] Request (QuotasSecurityGroupAdminNegativeTest:setUpClass): 201 POST http://10.180.1.21/identity/v3/projects 0.066s
2025-03-10 15:51:40.979 68589 INFO tempest.lib.common.rest_client [req-4315f989-0128-4e61-b457-1473035fe7db req-4315f989-0128-4e61-b457-1473035fe7db ] Request (FloatingIPsAssociationTestJSON:test_associate_already_associated_floating_ip): 200 GET http://10.180.1.21/compute/v2.1/servers/8bedba57-e7c8-4fa8-b171-f6d74550a31c 0.279s
2025-03-10 15:51:40.992 68577 INFO tempest.lib.common.rest_client [req-8cc937f9-3c0a-49ca-9d91-ee9cec9f6fad req-8cc937f9-3c0a-49ca-9d91-ee9cec9f6fad ] Request (QuotasSecurityGroupAdminNegativeTest:setUpClass): 201 POST http://10.180.1.21/identity/v3/users 0.056s
2025-03-10 15:51:41.014 68577 INFO tempest.lib.common.rest_client [req-87ad0b4f-47a2-4576-a3b0-5bfca5e5916f req-87ad0b4f-47a2-4576-a3b0-5bfca5e5916f ] Request (QuotasSecurityGroupAdminNegativeTest:setUpClass): 200 GET http://10.180.1.21/identity/v3/roles 0.021s
2025-03-10 15:51:41.031 68603 INFO tempest.lib.common.rest_client [req-13262edb-1d5a-43aa-bfaa-168e16d576d7 req-13262edb-1d5a-43aa-bfaa-168e16d576d7 ] Request (ServersTestFqdnHostnames:test_create_server_with_fqdn_name): 200 GET http://10.180.1.21/compute/v2.1/servers/a2a7590d-c415-4955-8a25-4b1411449557 0.260s
2025-03-10 15:51:41.048 68577 INFO tempest.lib.common.rest_client [req-b859fa2a-0d10-4eb9-ae15-1cc998631614 req-b859fa2a-0d10-4eb9-ae15-1cc998631614 ] Request (QuotasSecurityGroupAdminNegativeTest:setUpClass): 204 PUT http://10.180.1.21/identity/v3/projects/661011b5e6a5497c8573a3f97dfe7c5d/users/9aa009ccb2964e22912a0a8aa62747a3/roles/755ea83697eb4befbf4f5585c2b10554 0.034s
2025-03-10 15:51:41.065 68619 INFO tempest.lib.common.rest_client [req-9b0b02d3-6a6b-4ae7-ba36-52b617831d46 req-9b0b02d3-6a6b-4ae7-ba36-52b617831d46 ] Request (SecurityGroupsTestJSON:test_server_security_groups): 202 POST http://10.180.1.21/compute/v2.1/servers 0.679s
2025-03-10 15:51:41.086 68624 INFO tempest.lib.common.rest_client [req-540820ee-57cf-4dd2-8050-b6c184f7ccb3 req-540820ee-57cf-4dd2-8050-b6c184f7ccb3 ] Request (DeleteServersAdminTestJSON:test_delete_server_while_in_error_state): 200 GET http://10.180.1.21/compute/v2.1/servers/95f5e902-6385-4602-8458-7d7b2069a9da 0.256s
2025-03-10 15:51:41.106 68577 INFO tempest.lib.common.rest_client [req-919dc0e3-8d14-49ee-9299-cc8209e9f776 req-919dc0e3-8d14-49ee-9299-cc8209e9f776 ] Request (QuotasSecurityGroupAdminNegativeTest:setUpClass): 200 GET http://10.180.1.21/identity/v3/roles 0.058s
2025-03-10 15:51:41.135 68573 INFO tempest.lib.common.rest_client [req-476b894f-664b-4fd5-af28-1c8080739512 req-476b894f-664b-4fd5-af28-1c8080739512 ] Request (InstanceActionsNegativeTestJSON:setUpClass): 200 GET http://10.180.1.21/compute/v2.1/servers/65f289bb-6e97-47ad-8531-c06a9cce302f 0.177s
2025-03-10 15:51:41.138 68577 INFO tempest.lib.common.rest_client [req-a4dfefd8-dfa4-468e-ba95-c843ab2e2528 req-a4dfefd8-dfa4-468e-ba95-c843ab2e2528 ] Request (QuotasSecurityGroupAdminNegativeTest:setUpClass): 204 PUT http://10.180.1.21/identity/v3/projects/661011b5e6a5497c8573a3f97dfe7c5d/users/9aa009ccb2964e22912a0a8aa62747a3/roles/755ea83697eb4befbf4f5585c2b10554 0.030s
2025-03-10 15:51:41.138 68577 INFO tempest.lib.common.dynamic_creds [-] Dynamic test user 9aa009ccb2964e22912a0a8aa62747a3 is created with scope project and roles: ['admin']
2025-03-10 15:51:41.138 68577 INFO tempest.lib.common.dynamic_creds [-] Acquired dynamic creds: credentials: Credentials: {'domain_id': 'default', 'domain_name': 'Default', 'username': 'tempest-QuotasSecurityGroupAdminNegativeTest-1096793316-project-admin', 'project_domain_id': 'default', 'project_domain_name': 'Default', 'project_id': '661011b5e6a5497c8573a3f97dfe7c5d', 'project_name': 'tempest-QuotasSecurityGroupAdminNegativeTest-1096793316', 'tenant_id': '661011b5e6a5497c8573a3f97dfe7c5d', 'tenant_name': 'tempest-QuotasSecurityGroupAdminNegativeTest-1096793316', 'user_domain_id': 'default', 'user_domain_name': 'Default', 'user_id': '9aa009ccb2964e22912a0a8aa62747a3', 'system': None}, Network: None, Subnet: None, Router: None
2025-03-10 15:51:41.138 68577 INFO tempest.lib.common.dynamic_creds [-] Created isolated network resources for: credentials: Credentials: {'domain_id': 'default', 'domain_name': 'Default', 'username': 'tempest-QuotasSecurityGroupAdminNegativeTest-1096793316-project-admin', 'project_domain_id': 'default', 'project_domain_name': 'Default', 'project_id': '661011b5e6a5497c8573a3f97dfe7c5d', 'project_name': 'tempest-QuotasSecurityGroupAdminNegativeTest-1096793316', 'tenant_id': '661011b5e6a5497c8573a3f97dfe7c5d', 'tenant_name': 'tempest-QuotasSecurityGroupAdminNegativeTest-1096793316', 'user_domain_id': 'default', 'user_domain_name': 'Default', 'user_id': '9aa009ccb2964e22912a0a8aa62747a3', 'system': None}, Network: None, Subnet: None, Router: None
2025-03-10 15:51:41.187 68595 INFO tempest.lib.common.rest_client [req-e021190c-be48-4b4b-b42d-977621f1abb5 req-e021190c-be48-4b4b-b42d-977621f1abb5 ] Request (ServersTestMultiNic:test_verify_duplicate_network_nics): 200 GET http://10.180.1.21/compute/v2.1/servers/1c42043d-f8db-4cb9-8147-48d0d32c982b 0.216s
2025-03-10 15:51:41.215 68577 INFO tempest.lib.common.rest_client [req-53756fc5-b437-4ae0-bff3-9f32826ac8aa req-53756fc5-b437-4ae0-bff3-9f32826ac8aa ] Request (QuotasSecurityGroupAdminNegativeTest:setUpClass): 201 POST http://10.180.1.21/identity/v3/auth/tokens 0.074s
2025-03-10 15:51:41.216 68577 WARNING tempest.lib.common.rest_client [-] Deprecated: "tenant_id" property is deprecated for removal, use "project_id" instead
2025-03-10 15:51:41.250 68613 INFO tempest.lib.common.rest_client [req-ce010968-222e-48ef-8e48-04fabe14ef3c req-ce010968-222e-48ef-8e48-04fabe14ef3c ] Request (FloatingIPsAssociationNegativeTestJSON:tearDownClass): 200 GET http://10.180.1.21/compute/v2.1/servers/9f4b2b94-ec19-4a8e-8663-ab71c417d093 0.210s
2025-03-10 15:51:41.347 68577 INFO tempest.lib.common.rest_client [req-8337d30b-c883-4ac4-b8c6-f68f7ad420ea req-8337d30b-c883-4ac4-b8c6-f68f7ad420ea ] Request (QuotasSecurityGroupAdminNegativeTest:tearDownClass): 204 DELETE http://10.180.1.21/identity/v3/users/9802afe3a09045e08b7bf3c802aed494 0.128s
2025-03-10 15:51:41.450 68577 INFO tempest.lib.common.rest_client [req-be45332f-9a7c-4b34-b141-5e2e3ed310db req-be45332f-9a7c-4b34-b141-5e2e3ed310db ] Request (QuotasSecurityGroupAdminNegativeTest:tearDownClass): 204 DELETE http://10.180.1.21/identity/v3/users/9aa009ccb2964e22912a0a8aa62747a3 0.102s
2025-03-10 15:51:41.450 68577 INFO tempest.lib.common.dynamic_creds [-] Deleting project and security group for project: f94fd69924834e5eb7f8ab57e8efcaf2
2025-03-10 15:51:41.506 68619 INFO tempest.lib.common.rest_client [req-36e98add-57ad-4f1c-820d-93892225d076 req-36e98add-57ad-4f1c-820d-93892225d076 ] Request (SecurityGroupsTestJSON:test_server_security_groups): 200 GET http://10.180.1.21/compute/v2.1/servers/3e656d8d-bd06-4886-9424-4ed76b98aae9 0.438s
2025-03-10 15:51:41.507 68577 INFO tempest.lib.common.rest_client [req-2dec9fff-e8f6-4c6a-8580-84858875973b req-2dec9fff-e8f6-4c6a-8580-84858875973b ] Request (QuotasSecurityGroupAdminNegativeTest:tearDownClass): 201 POST http://10.180.1.21/identity/v3/auth/tokens 0.057s
2025-03-10 15:51:41.522 68567 INFO tempest.lib.common.rest_client [req-f14d7e1c-25a4-4cc1-9146-242ae74bf42f req-f14d7e1c-25a4-4cc1-9146-242ae74bf42f ] Request (ImagesOneServerNegativeTestJSON:setUpClass): 200 GET http://10.180.1.21/compute/v2.1/servers/324cc3e5-1c81-498e-b520-e9fca26013ef 0.631s
2025-03-10 15:51:41.675 68587 INFO tempest.lib.common.rest_client [req-c42df1c8-de02-42aa-a6cf-27eae2e5e5be req-c42df1c8-de02-42aa-a6cf-27eae2e5e5be ] Request (ServerTagsTestJSON:setUpClass): 201 POST http://10.180.1.21:9696/networking/v2.0/routers 0.756s
2025-03-10 15:51:41.707 68563 INFO tempest.lib.common.rest_client [req-1e38f765-afb9-438a-902c-fb48566757a6 req-1e38f765-afb9-438a-902c-fb48566757a6 ] Request (ListServersNegativeTestJSON:setUpClass): 200 GET http://10.180.1.21/compute/v2.1/servers/0d13cc84-bbf2-4e8b-8344-d69acac6bd35 0.516s
2025-03-10 15:51:41.715 68563 INFO tempest.common.waiters [-] State transition "BUILD/spawning" ==> "ACTIVE/None" after 46 second wait
2025-03-10 15:51:41.718 68581 INFO tempest.lib.common.rest_client [req-422c9ecf-0d18-4983-aadd-c2e549916fd1 req-422c9ecf-0d18-4983-aadd-c2e549916fd1 ] Request (ImagesOneServerTestJSON:tearDownClass): 200 GET http://10.180.1.21/compute/v2.1/servers/ef0636f4-3149-44e8-a4a3-62b9ede5dc28 0.587s
2025-03-10 15:51:41.794 68577 INFO tempest.lib.common.rest_client [req-63e20647-8c0a-45d2-91f9-55ad566e8466 req-63e20647-8c0a-45d2-91f9-55ad566e8466 ] Request (QuotasSecurityGroupAdminNegativeTest:tearDownClass): 200 GET http://10.180.1.21:9696/networking/v2.0/security-groups?tenant_id=f94fd69924834e5eb7f8ab57e8efcaf2&name=default 0.287s
2025-03-10 15:51:41.818 68609 INFO tempest.lib.common.rest_client [req-77912799-0b08-4266-b1f2-3dc7dc9f8dff req-77912799-0b08-4266-b1f2-3dc7dc9f8dff ] Request (ServerShowV254Test:test_rebuild_server): 200 GET http://10.180.1.21/compute/v2.1/servers/29981c10-c6dd-4852-94ad-1f8f0135b8cc 0.483s
2025-03-10 15:51:41.820 68601 INFO tempest.lib.common.rest_client [req-4a1ad5ad-a4e1-42c6-a411-c6a6b545bb70 req-4a1ad5ad-a4e1-42c6-a411-c6a6b545bb70 ] Request (InstanceActionsV221TestJSON:test_get_list_deleted_instance_actions): 200 GET http://10.180.1.21/compute/v2.1/servers/753bb2f7-bf0a-401e-81af-93982558d3b7 0.551s
2025-03-10 15:51:41.948 68577 INFO tempest.lib.common.rest_client [req-9f8db9bc-1f50-4715-a0b2-8b2706a044e9 req-9f8db9bc-1f50-4715-a0b2-8b2706a044e9 ] Request (QuotasSecurityGroupAdminNegativeTest:tearDownClass): 204 DELETE http://10.180.1.21:9696/networking/v2.0/security-groups/26505bd2-ef66-4b7b-b776-248c14ea6742 0.152s
2025-03-10 15:51:42.042 68577 INFO tempest.lib.common.rest_client [req-d84ddc64-6f0b-4609-99b7-6d4ecbacb92b req-d84ddc64-6f0b-4609-99b7-6d4ecbacb92b ] Request (QuotasSecurityGroupAdminNegativeTest:tearDownClass): 204 DELETE http://10.180.1.21/identity/v3/projects/f94fd69924834e5eb7f8ab57e8efcaf2 0.090s
2025-03-10 15:51:42.042 68577 INFO tempest.lib.common.dynamic_creds [-] Deleting project and security group for project: 661011b5e6a5497c8573a3f97dfe7c5d
2025-03-10 15:51:42.049 68591 INFO tempest.lib.common.rest_client [req-c925d6c7-7bf5-4c5c-8ed9-f42f419fe7b3 req-c925d6c7-7bf5-4c5c-8ed9-f42f419fe7b3 ] Request (ServersAdminNegativeTestJSON:test_migrate_server_invalid_state): 200 GET http://10.180.1.21/compute/v2.1/servers/f0145d64-60e4-4ad5-a6ea-6c5d40780df5 0.509s
2025-03-10 15:51:42.123 68571 INFO tempest.lib.common.rest_client [req-b1c4931c-860b-4d49-bba0-003e20325d60 req-b1c4931c-860b-4d49-bba0-003e20325d60 ] Request (DeleteServersTestJSON:test_delete_active_server): 200 GET http://10.180.1.21/compute/v2.1/servers/7dca07f4-78aa-45e4-954a-c9f4d58e7c84 0.500s
2025-03-10 15:51:42.135 68569 INFO tempest.lib.common.rest_client [req-6aac9492-d0ac-45cf-8e90-b7bb9267bf0f req-6aac9492-d0ac-45cf-8e90-b7bb9267bf0f ] Request (AttachVolumeTestJSON:test_attach_detach_volume): 200 GET http://10.180.1.21/compute/v2.1/servers/5e101d74-7a82-4118-8f4c-7af9a6b0917a 0.643s
2025-03-10 15:51:42.189 68577 INFO tempest.lib.common.rest_client [req-4e95b412-d2ba-492e-a22e-bcbc5a4175f2 req-4e95b412-d2ba-492e-a22e-bcbc5a4175f2 ] Request (QuotasSecurityGroupAdminNegativeTest:tearDownClass): 200 GET http://10.180.1.21:9696/networking/v2.0/security-groups?tenant_id=661011b5e6a5497c8573a3f97dfe7c5d&name=default 0.146s
2025-03-10 15:51:42.229 68585 INFO tempest.lib.common.rest_client [req-c284dd8d-a320-46ee-a8b7-0df6032e3525 req-c284dd8d-a320-46ee-a8b7-0df6032e3525 ] Request (ServerActionsTestOtherB:setUpClass): 200 GET http://10.180.1.21/compute/v2.1/servers/34aeba05-804e-444c-8e58-69c7721b10b1 0.539s
2025-03-10 15:51:42.309 68561 INFO tempest.lib.common.rest_client [req-3f24dcec-b041-4dbb-8729-440bceab28a6 req-3f24dcec-b041-4dbb-8729-440bceab28a6 ] Request (ListServerFiltersTestJSON:setUpClass): 200 GET http://10.180.1.21/compute/v2.1/servers/bda5b2fb-1875-4078-a4c1-f76f6abeaaf5 0.613s
2025-03-10 15:51:42.312 68577 INFO tempest.lib.common.rest_client [req-73b6c530-a7c3-46ee-b44a-013e593adc82 req-73b6c530-a7c3-46ee-b44a-013e593adc82 ] Request (QuotasSecurityGroupAdminNegativeTest:tearDownClass): 204 DELETE http://10.180.1.21:9696/networking/v2.0/security-groups/5eed3218-74ca-4bf6-a2b8-f113dd9083a9 0.123s
2025-03-10 15:51:42.326 68599 INFO tempest.lib.common.rest_client [req-e47d47a0-716e-4fbd-ae09-30a3bfe1a321 req-e47d47a0-716e-4fbd-ae09-30a3bfe1a321 ] Request (MigrationsAdminTest:test_list_migrations_in_flavor_resize_situation): 200 GET http://10.180.1.21/compute/v2.1/servers/a97df3d2-c182-46d8-95c2-61caccade285 0.699s
2025-03-10 15:51:42.419 68611 INFO tempest.lib.common.rest_client [req-456da080-e314-4e5d-8c38-88238fd1b7bf req-456da080-e314-4e5d-8c38-88238fd1b7bf ] Request (ServerExternalEventsTest:test_create_server_external_events): 200 GET http://10.180.1.21/compute/v2.1/servers/d2c3e3eb-4b05-4e08-bd08-0f42560fcdba 0.664s
2025-03-10 15:51:42.433 68577 INFO tempest.lib.common.rest_client [req-009f221f-deea-4d22-9089-b19f161d6142 req-009f221f-deea-4d22-9089-b19f161d6142 ] Request (QuotasSecurityGroupAdminNegativeTest:tearDownClass): 204 DELETE http://10.180.1.21/identity/v3/projects/661011b5e6a5497c8573a3f97dfe7c5d 0.120s
2025-03-10 15:51:42.486 68579 INFO tempest.lib.common.rest_client [req-e4f53f22-1702-4a62-8314-74cf62dc143c req-e4f53f22-1702-4a62-8314-74cf62dc143c ] Request (ServersAdminTestJSON:test_create_server_with_scheduling_hint): 200 GET http://10.180.1.21/compute/v2.1/servers/1b9dd0e2-781f-43d7-a66e-e718a0972c78 0.666s
2025-03-10 15:51:42.494 68577 INFO tempest.lib.common.rest_client [req-79e3b2f6-c785-4bc5-b84b-3a45660f8128 req-79e3b2f6-c785-4bc5-b84b-3a45660f8128 ] Request (ImagesDeleteNegativeTestJSON:setUpClass): 201 POST http://10.180.1.21/identity/v3/auth/tokens 0.059s
2025-03-10 15:51:42.525 68577 INFO tempest.lib.common.rest_client [req-bfe9f3eb-0719-4977-8c82-f8bb3b6cbc75 req-bfe9f3eb-0719-4977-8c82-f8bb3b6cbc75 ] Request (ImagesDeleteNegativeTestJSON:setUpClass): 201 POST http://10.180.1.21/identity/v3/auth/tokens 0.027s
2025-03-10 15:51:42.552 68605 INFO tempest.lib.common.rest_client [req-13006855-74f4-4ce2-bc2b-8066f91778ef req-13006855-74f4-4ce2-bc2b-8066f91778ef ] Request (ServerMetadataNegativeTestJSON:setUpClass): 200 GET http://10.180.1.21/compute/v2.1/servers/c8784827-a928-439d-abdf-d82b62a61152 0.682s
2025-03-10 15:51:42.557 68577 INFO tempest.lib.common.rest_client [req-b77ffce6-db7b-44ac-90f7-00fb8d2df33c req-b77ffce6-db7b-44ac-90f7-00fb8d2df33c ] Request (ImagesDeleteNegativeTestJSON:setUpClass): 200 GET http://10.180.1.21/identity/v3/domains?name=Default 0.031s
2025-03-10 15:51:42.583 68563 INFO tempest.lib.common.rest_client [req-ecb0d4ae-0d64-48ed-a4a1-7383c0e6aaca req-ecb0d4ae-0d64-48ed-a4a1-7383c0e6aaca ] Request (ListServersNegativeTestJSON:setUpClass): 200 GET http://10.180.1.21/compute/v2.1/servers/81fe4854-1094-4c42-9df5-05325d961146 0.868s
2025-03-10 15:51:42.599 68577 INFO tempest.lib.common.rest_client [req-fa7a98af-89be-49e6-b091-525fa0808fe8 req-fa7a98af-89be-49e6-b091-525fa0808fe8 ] Request (ImagesDeleteNegativeTestJSON:setUpClass): 201 POST http://10.180.1.21/identity/v3/projects 0.041s
2025-03-10 15:51:42.688 68603 INFO tempest.lib.common.rest_client [req-ad3ab792-72bb-47d9-aeea-35ba5441e97b req-ad3ab792-72bb-47d9-aeea-35ba5441e97b ] Request (ServersTestFqdnHostnames:test_create_server_with_fqdn_name): 200 GET http://10.180.1.21/compute/v2.1/servers/a2a7590d-c415-4955-8a25-4b1411449557 0.646s
2025-03-10 15:51:42.690 68577 INFO tempest.lib.common.rest_client [req-f996aceb-cbb3-42c7-ba8f-2cc4c5d72009 req-f996aceb-cbb3-42c7-ba8f-2cc4c5d72009 ] Request (ImagesDeleteNegativeTestJSON:setUpClass): 201 POST http://10.180.1.21/identity/v3/users 0.090s
2025-03-10 15:51:42.703 68603 INFO tempest.common.waiters [-] State transition "BUILD/scheduling" ==> "BUILD/None" after 27 second wait
2025-03-10 15:51:42.720 68577 INFO tempest.lib.common.rest_client [req-29907cab-952a-4db6-b666-b14afcf68a4c req-29907cab-952a-4db6-b666-b14afcf68a4c ] Request (ImagesDeleteNegativeTestJSON:setUpClass): 200 GET http://10.180.1.21/identity/v3/roles 0.030s
2025-03-10 15:51:42.736 68589 INFO tempest.lib.common.rest_client [req-82107dff-1769-4b2a-90ad-41dbdd51576e req-82107dff-1769-4b2a-90ad-41dbdd51576e ] Request (FloatingIPsAssociationTestJSON:test_associate_already_associated_floating_ip): 200 GET http://10.180.1.21/compute/v2.1/servers/8bedba57-e7c8-4fa8-b171-f6d74550a31c 0.747s
2025-03-10 15:51:42.759 68577 INFO tempest.lib.common.rest_client [req-0c7c2410-632e-4205-a436-8f998d9531f0 req-0c7c2410-632e-4205-a436-8f998d9531f0 ] Request (ImagesDeleteNegativeTestJSON:setUpClass): 204 PUT http://10.180.1.21/identity/v3/projects/af7858ca436e4977971f7f014c685c47/users/6ea2746b938c4868b3c023ac61d93703/roles/13d1a290192241bb9787521a3e32f7e2 0.038s
2025-03-10 15:51:42.759 68577 INFO tempest.lib.common.dynamic_creds [-] Dynamic test user 6ea2746b938c4868b3c023ac61d93703 is created with scope project and roles: ['member']
2025-03-10 15:51:42.759 68577 INFO tempest.lib.common.dynamic_creds [-] Acquired dynamic creds: credentials: Credentials: {'domain_id': 'default', 'domain_name': 'Default', 'username': 'tempest-ImagesDeleteNegativeTestJSON-957183835-project-member', 'project_domain_id': 'default', 'project_domain_name': 'Default', 'project_id': 'af7858ca436e4977971f7f014c685c47', 'project_name': 'tempest-ImagesDeleteNegativeTestJSON-957183835', 'tenant_id': 'af7858ca436e4977971f7f014c685c47', 'tenant_name': 'tempest-ImagesDeleteNegativeTestJSON-957183835', 'user_domain_id': 'default', 'user_domain_name': 'Default', 'user_id': '6ea2746b938c4868b3c023ac61d93703', 'system': None}, Network: None, Subnet: None, Router: None
2025-03-10 15:51:42.759 68577 INFO tempest.lib.common.dynamic_creds [-] Created isolated network resources for: credentials: Credentials: {'domain_id': 'default', 'domain_name': 'Default', 'username': 'tempest-ImagesDeleteNegativeTestJSON-957183835-project-member', 'project_domain_id': 'default', 'project_domain_name': 'Default', 'project_id': 'af7858ca436e4977971f7f014c685c47', 'project_name': 'tempest-ImagesDeleteNegativeTestJSON-957183835', 'tenant_id': 'af7858ca436e4977971f7f014c685c47', 'tenant_name': 'tempest-ImagesDeleteNegativeTestJSON-957183835', 'user_domain_id': 'default', 'user_domain_name': 'Default', 'user_id': '6ea2746b938c4868b3c023ac61d93703', 'system': None}, Network: None, Subnet: None, Router: None
2025-03-10 15:51:42.774 68587 INFO tempest.lib.common.rest_client [req-0c07d4de-e746-4c05-bf50-d68fc3da7e8b req-0c07d4de-e746-4c05-bf50-d68fc3da7e8b ] Request (ServerTagsTestJSON:setUpClass): 200 PUT http://10.180.1.21:9696/networking/v2.0/routers/694b7a5e-e992-4d00-8e4f-926a9a28c029/add_router_interface 1.098s
2025-03-10 15:51:42.774 68587 INFO tempest.lib.common.dynamic_creds [-] Created isolated network resources for: credentials: Credentials: {'domain_id': 'default', 'domain_name': 'Default', 'username': 'tempest-ServerTagsTestJSON-1175634675-project-member', 'project_domain_id': 'default', 'project_domain_name': 'Default', 'project_id': 'bd0cb899a56c409b8210dfc378cd6908', 'project_name': 'tempest-ServerTagsTestJSON-1175634675', 'tenant_id': 'bd0cb899a56c409b8210dfc378cd6908', 'tenant_name': 'tempest-ServerTagsTestJSON-1175634675', 'user_domain_id': 'default', 'user_domain_name': 'Default', 'user_id': 'dc9efb325ae246a0955c6e87881c2c53', 'system': None}, Network: {'id': 'e47fbb13-1f41-4b39-bc77-8f54dd2fbc8b', 'name': 'tempest-ServerTagsTestJSON-426739278-network', 'tenant_id': 'bd0cb899a56c409b8210dfc378cd6908', 'admin_state_up': True, 'mtu': 8950, 'status': 'ACTIVE', 'subnets': [], 'shared': False, 'project_id': 'bd0cb899a56c409b8210dfc378cd6908', 'port_security_enabled': True, 'router:external': False, 'provider:network_type': 'vlan', 'provider:physical_network': 'default', 'provider:segmentation_id': 529, 'availability_zone_hints': [], 'availability_zones': [], 'ipv4_address_scope': None, 'ipv6_address_scope': None, 'description': '', 'tags': [], 'created_at': '2025-03-10T15:51:40Z', 'updated_at': '2025-03-10T15:51:40Z', 'revision_number': 1}, Subnet: {'id': '0df13461-7b2b-44cc-b5f5-3e8c80473bdf', 'name': 'tempest-ServerTagsTestJSON-426739278-subnet', 'tenant_id': 'bd0cb899a56c409b8210dfc378cd6908', 'network_id': 'e47fbb13-1f41-4b39-bc77-8f54dd2fbc8b', 'ip_version': 4, 'subnetpool_id': None, 'enable_dhcp': True, 'ipv6_ra_mode': None, 'ipv6_address_mode': None, 'gateway_ip': '192.168.128.1', 'cidr': '192.168.128.0/28', 'allocation_pools': [{'start': '192.168.128.2', 'end': '192.168.128.14'}], 'host_routes': [], 'dns_nameservers': [], 'description': '', 'router:external': False, 'service_types': [], 'tags': [], 'created_at': '2025-03-10T15:51:40Z', 'updated_at': '2025-03-10T15:51:40Z', 'revision_number': 0, 'project_id': 'bd0cb899a56c409b8210dfc378cd6908'}, Router: {'id': '694b7a5e-e992-4d00-8e4f-926a9a28c029', 'name': 'tempest-ServerTagsTestJSON-426739278-router', 'tenant_id': 'bd0cb899a56c409b8210dfc378cd6908', 'admin_state_up': True, 'status': 'ACTIVE', 'external_gateway_info': {'network_id': '25fe8df5-b7d9-4a0c-ac71-05fca4658ae6', 'external_fixed_ips': [{'subnet_id': '5a905900-35bd-42ce-b7c2-c94d26004da3', 'ip_address': '10.180.180.145'}], 'enable_snat': True}, 'description': '', 'availability_zones': [], 'distributed': False, 'ha': False, 'availability_zone_hints': [], 'routes': [], 'flavor_id': None, 'tags': [], 'created_at': '2025-03-10T15:51:40Z', 'updated_at': '2025-03-10T15:51:41Z', 'revision_number': 2, 'project_id': 'bd0cb899a56c409b8210dfc378cd6908'}
2025-03-10 15:51:42.819 68573 INFO tempest.lib.common.rest_client [req-50940592-1d89-49ab-bc9d-1520443f71ee req-50940592-1d89-49ab-bc9d-1520443f71ee ] Request (InstanceActionsNegativeTestJSON:setUpClass): 200 GET http://10.180.1.21/compute/v2.1/servers/65f289bb-6e97-47ad-8531-c06a9cce302f 0.674s
2025-03-10 15:51:42.851 68624 INFO tempest.lib.common.rest_client [req-eeb90972-145e-4211-a9aa-585183f118a9 req-eeb90972-145e-4211-a9aa-585183f118a9 ] Request (DeleteServersAdminTestJSON:test_delete_server_while_in_error_state): 200 GET http://10.180.1.21/compute/v2.1/servers/95f5e902-6385-4602-8458-7d7b2069a9da 0.755s
2025-03-10 15:51:42.861 68624 INFO tempest.common.waiters [-] State transition "BUILD/None" ==> "BUILD/block_device_mapping" after 32 second wait
2025-03-10 15:51:42.874 68577 INFO tempest.lib.common.rest_client [req-29d2927f-1208-4042-80e9-c80b32676f4e req-29d2927f-1208-4042-80e9-c80b32676f4e ] Request (ImagesDeleteNegativeTestJSON:setUpClass): 201 POST http://10.180.1.21/identity/v3/auth/tokens 0.108s
2025-03-10 15:51:42.874 68587 INFO tempest.lib.common.rest_client [req-7a7e6b33-e52d-4326-94fd-f735aaeff908 req-7a7e6b33-e52d-4326-94fd-f735aaeff908 ] Request (ServerTagsTestJSON:setUpClass): 201 POST http://10.180.1.21/identity/v3/auth/tokens 0.094s
2025-03-10 15:51:42.898 68595 INFO tempest.lib.common.rest_client [req-5f518d72-e099-400f-919e-b065a7e7b877 req-5f518d72-e099-400f-919e-b065a7e7b877 ] Request (ServersTestMultiNic:test_verify_duplicate_network_nics): 200 GET http://10.180.1.21/compute/v2.1/servers/1c42043d-f8db-4cb9-8147-48d0d32c982b 0.704s
2025-03-10 15:51:42.915 68587 INFO tempest.lib.common.rest_client [req-5738df28-e30f-4c58-970d-b66c8f1e1c99 req-5738df28-e30f-4c58-970d-b66c8f1e1c99 ] Request (ServerTagsTestJSON:setUpClass): 201 POST http://10.180.1.21/identity/v3/auth/tokens 0.035s
2025-03-10 15:51:42.915 68587 INFO tempest.lib.common.fixed_network [-] (ServerTagsTestJSON:setUpClass) Found network {'id': 'e47fbb13-1f41-4b39-bc77-8f54dd2fbc8b', 'name': 'tempest-ServerTagsTestJSON-426739278-network', 'tenant_id': 'bd0cb899a56c409b8210dfc378cd6908', 'admin_state_up': True, 'mtu': 8950, 'status': 'ACTIVE', 'subnets': [], 'shared': False, 'project_id': 'bd0cb899a56c409b8210dfc378cd6908', 'port_security_enabled': True, 'router:external': False, 'provider:network_type': 'vlan', 'provider:physical_network': 'default', 'provider:segmentation_id': 529, 'availability_zone_hints': [], 'availability_zones': [], 'ipv4_address_scope': None, 'ipv6_address_scope': None, 'description': '', 'tags': [], 'created_at': '2025-03-10T15:51:40Z', 'updated_at': '2025-03-10T15:51:40Z', 'revision_number': 1} available for tenant
2025-03-10 15:51:42.938 68613 INFO tempest.lib.common.rest_client [req-0d48fb13-0414-46c3-bac5-2ab5d71221a5 req-0d48fb13-0414-46c3-bac5-2ab5d71221a5 ] Request (FloatingIPsAssociationNegativeTestJSON:tearDownClass): 200 GET http://10.180.1.21/compute/v2.1/servers/9f4b2b94-ec19-4a8e-8663-ab71c417d093 0.679s
2025-03-10 15:51:42.963 68619 INFO tempest.lib.common.rest_client [req-ee14211a-b2f3-4156-9a35-4482fe2bb3d9 req-ee14211a-b2f3-4156-9a35-4482fe2bb3d9 ] Request (SecurityGroupsTestJSON:test_server_security_groups): 200 GET http://10.180.1.21/compute/v2.1/servers/3e656d8d-bd06-4886-9424-4ed76b98aae9 0.449s
2025-03-10 15:51:42.998 68567 INFO tempest.lib.common.rest_client [req-c82ad003-9d13-46cd-b13c-dfe3e8f66a18 req-c82ad003-9d13-46cd-b13c-dfe3e8f66a18 ] Request (ImagesOneServerNegativeTestJSON:setUpClass): 200 GET http://10.180.1.21/compute/v2.1/servers/324cc3e5-1c81-498e-b520-e9fca26013ef 0.459s
2025-03-10 15:51:43.095 68581 INFO tempest.lib.common.rest_client [req-5036b75f-556d-4fe6-945e-2e3fb9646621 req-5036b75f-556d-4fe6-945e-2e3fb9646621 ] Request (ImagesOneServerTestJSON:tearDownClass): 200 GET http://10.180.1.21/compute/v2.1/servers/ef0636f4-3149-44e8-a4a3-62b9ede5dc28 0.362s
2025-03-10 15:51:43.110 68563 INFO tempest.lib.common.rest_client [req-8f0ee122-e447-42a0-b3a1-4c034fe97611 req-8f0ee122-e447-42a0-b3a1-4c034fe97611 ] Request (ListServersNegativeTestJSON:setUpClass): 200 GET http://10.180.1.21/compute/v2.1/servers/ee45231a-80f2-49b9-8bc7-03a0c920a668 0.515s
2025-03-10 15:51:43.170 68609 INFO tempest.lib.common.rest_client [req-f29b47dd-cee6-40b8-b175-8c5e2c9c7760 req-f29b47dd-cee6-40b8-b175-8c5e2c9c7760 ] Request (ServerShowV254Test:test_rebuild_server): 200 GET http://10.180.1.21/compute/v2.1/servers/29981c10-c6dd-4852-94ad-1f8f0135b8cc 0.332s
2025-03-10 15:51:43.182 68601 INFO tempest.lib.common.rest_client [req-459fc931-e47e-4617-b38e-66cf5b3f84a1 req-459fc931-e47e-4617-b38e-66cf5b3f84a1 ] Request (InstanceActionsV221TestJSON:test_get_list_deleted_instance_actions): 200 GET http://10.180.1.21/compute/v2.1/servers/753bb2f7-bf0a-401e-81af-93982558d3b7 0.342s
2025-03-10 15:51:43.249 68577 INFO tempest.lib.common.rest_client [req-752ab920-f785-4165-9276-63c3c78750f8 req-752ab920-f785-4165-9276-63c3c78750f8 ] Request (ImagesDeleteNegativeTestJSON:test_delete_image_blank_id): 404 DELETE http://10.180.1.21/compute/v2.1/images/ 0.374s
2025-03-10 15:51:43.371 68591 INFO tempest.lib.common.rest_client [req-65822fd3-6118-4397-8689-bd5bc04c730c req-65822fd3-6118-4397-8689-bd5bc04c730c ] Request (ServersAdminNegativeTestJSON:test_migrate_server_invalid_state): 200 GET http://10.180.1.21/compute/v2.1/servers/f0145d64-60e4-4ad5-a6ea-6c5d40780df5 0.312s
2025-03-10 15:51:43.378 68591 INFO tempest.common.waiters [-] State transition "BUILD/spawning" ==> "ACTIVE/None" after 40 second wait
2025-03-10 15:51:43.452 68563 INFO tempest.lib.common.rest_client [req-780b1495-7bfb-47fc-a1d3-4c9a4eb0aa27 req-780b1495-7bfb-47fc-a1d3-4c9a4eb0aa27 ] Request (ListServersNegativeTestJSON:setUpClass): 204 DELETE http://10.180.1.21/compute/v2.1/servers/81fe4854-1094-4c42-9df5-05325d961146 0.334s
2025-03-10 15:51:43.508 68571 INFO tempest.lib.common.rest_client [req-5a534348-d849-49e9-ae0d-8880423a08fa req-5a534348-d849-49e9-ae0d-8880423a08fa ] Request (DeleteServersTestJSON:test_delete_active_server): 200 GET http://10.180.1.21/compute/v2.1/servers/7dca07f4-78aa-45e4-954a-c9f4d58e7c84 0.376s
2025-03-10 15:51:43.611 68587 INFO tempest.lib.common.rest_client [req-8ada1fd5-7d4a-468a-afc9-6dc6ba6bae41 req-8ada1fd5-7d4a-468a-afc9-6dc6ba6bae41 ] Request (ServerTagsTestJSON:setUpClass): 202 POST http://10.180.1.21/compute/v2.1/servers 0.695s
2025-03-10 15:51:43.641 68569 INFO tempest.lib.common.rest_client [req-d9462162-069b-4368-aff5-43b305f92e74 req-d9462162-069b-4368-aff5-43b305f92e74 ] Request (AttachVolumeTestJSON:test_attach_detach_volume): 200 GET http://10.180.1.21/compute/v2.1/servers/5e101d74-7a82-4118-8f4c-7af9a6b0917a 0.490s
2025-03-10 15:51:43.675 68577 INFO tempest.lib.common.rest_client [req-b5eca7d7-218f-4fa7-9bc8-6451290e146e req-b5eca7d7-218f-4fa7-9bc8-6451290e146e ] Request (ImagesDeleteNegativeTestJSON:test_delete_image_negative_image_id): 404 DELETE http://10.180.1.21/compute/v2.1/images/-1 0.424s
2025-03-10 15:51:43.676 68585 INFO tempest.lib.common.rest_client [req-f23fda65-27db-4529-bac8-8ae5137d7874 req-f23fda65-27db-4529-bac8-8ae5137d7874 ] Request (ServerActionsTestOtherB:setUpClass): 200 GET http://10.180.1.21/compute/v2.1/servers/34aeba05-804e-444c-8e58-69c7721b10b1 0.436s
2025-03-10 15:51:43.756 68561 INFO tempest.lib.common.rest_client [req-4b7eb1af-2cdb-4b36-8c77-09a58c97e2c3 req-4b7eb1af-2cdb-4b36-8c77-09a58c97e2c3 ] Request (ListServerFiltersTestJSON:setUpClass): 200 GET http://10.180.1.21/compute/v2.1/servers/bda5b2fb-1875-4078-a4c1-f76f6abeaaf5 0.438s
2025-03-10 15:51:43.853 68599 INFO tempest.lib.common.rest_client [req-61fcf366-4882-43c9-9ef8-d984b299d279 req-61fcf366-4882-43c9-9ef8-d984b299d279 ] Request (MigrationsAdminTest:test_list_migrations_in_flavor_resize_situation): 200 GET http://10.180.1.21/compute/v2.1/servers/a97df3d2-c182-46d8-95c2-61caccade285 0.515s
2025-03-10 15:51:43.901 68591 INFO tempest.lib.common.rest_client [req-c4a54fd7-5dd7-4858-83bd-b397f66cfc7e req-c4a54fd7-5dd7-4858-83bd-b397f66cfc7e ] Request (ServersAdminNegativeTestJSON:test_migrate_server_invalid_state): 202 POST http://10.180.1.21/compute/v2.1/servers/f0145d64-60e4-4ad5-a6ea-6c5d40780df5/action 0.523s
2025-03-10 15:51:43.927 68611 INFO tempest.lib.common.rest_client [req-45fc48d9-54b7-4e4c-893c-a745d1522514 req-45fc48d9-54b7-4e4c-893c-a745d1522514 ] Request (ServerExternalEventsTest:test_create_server_external_events): 200 GET http://10.180.1.21/compute/v2.1/servers/d2c3e3eb-4b05-4e08-bd08-0f42560fcdba 0.500s
2025-03-10 15:51:43.983 68579 INFO tempest.lib.common.rest_client [req-d7a31009-4e1c-4795-9e07-bf9159900e80 req-d7a31009-4e1c-4795-9e07-bf9159900e80 ] Request (ServersAdminTestJSON:test_create_server_with_scheduling_hint): 200 GET http://10.180.1.21/compute/v2.1/servers/1b9dd0e2-781f-43d7-a66e-e718a0972c78 0.482s
2025-03-10 15:51:43.991 68579 INFO tempest.common.waiters [-] State transition "BUILD/scheduling" ==> "BUILD/None" after 26 second wait
2025-03-10 15:51:44.017 68563 INFO tempest.lib.common.rest_client [req-3905b5ee-2cfb-437d-bb1d-3754ea514e13 req-3905b5ee-2cfb-437d-bb1d-3754ea514e13 ] Request (ListServersNegativeTestJSON:setUpClass): 200 GET http://10.180.1.21/compute/v2.1/servers/81fe4854-1094-4c42-9df5-05325d961146 0.564s
2025-03-10 15:51:44.043 68605 INFO tempest.lib.common.rest_client [req-5741876c-4375-47c2-8136-707a7a2748b3 req-5741876c-4375-47c2-8136-707a7a2748b3 ] Request (ServerMetadataNegativeTestJSON:setUpClass): 200 GET http://10.180.1.21/compute/v2.1/servers/c8784827-a928-439d-abdf-d82b62a61152 0.478s
2025-03-10 15:51:44.056 68587 INFO tempest.lib.common.rest_client [req-0a2264a0-30dc-4791-8d37-85ac96029f0d req-0a2264a0-30dc-4791-8d37-85ac96029f0d ] Request (ServerTagsTestJSON:setUpClass): 200 GET http://10.180.1.21/compute/v2.1/servers/631fe0ee-73a6-48c5-9a14-f6a00d2c2942 0.442s
2025-03-10 15:51:44.068 68577 INFO tempest.lib.common.rest_client [req-dbace9ac-3ce0-40f5-8017-8cd5875814e4 req-dbace9ac-3ce0-40f5-8017-8cd5875814e4 ] Request (ImagesDeleteNegativeTestJSON:test_delete_image_non_hex_string_id): 404 DELETE http://10.180.1.21/compute/v2.1/images/f806c2d4-4d47-45c4-a340-f416fccbdf1j 0.391s
2025-03-10 15:51:44.106 68603 INFO tempest.lib.common.rest_client [req-2cd5d8c9-073d-4cb8-a15b-250fb21054ce req-2cd5d8c9-073d-4cb8-a15b-250fb21054ce ] Request (ServersTestFqdnHostnames:test_create_server_with_fqdn_name): 200 GET http://10.180.1.21/compute/v2.1/servers/a2a7590d-c415-4955-8a25-4b1411449557 0.402s
2025-03-10 15:51:44.156 68573 INFO tempest.lib.common.rest_client [req-a03d1b26-1496-476f-9d76-a849bc34eed1 req-a03d1b26-1496-476f-9d76-a849bc34eed1 ] Request (InstanceActionsNegativeTestJSON:setUpClass): 200 GET http://10.180.1.21/compute/v2.1/servers/65f289bb-6e97-47ad-8531-c06a9cce302f 0.326s
2025-03-10 15:51:44.201 68589 INFO tempest.lib.common.rest_client [req-181d4922-9308-4fef-aee2-736282acd849 req-181d4922-9308-4fef-aee2-736282acd849 ] Request (FloatingIPsAssociationTestJSON:test_associate_already_associated_floating_ip): 200 GET http://10.180.1.21/compute/v2.1/servers/8bedba57-e7c8-4fa8-b171-f6d74550a31c 0.453s
2025-03-10 15:51:44.319 68624 INFO tempest.lib.common.rest_client [req-cc4420e3-9a9c-439a-9eaf-3cd70db1ccbf req-cc4420e3-9a9c-439a-9eaf-3cd70db1ccbf ] Request (DeleteServersAdminTestJSON:test_delete_server_while_in_error_state): 200 GET http://10.180.1.21/compute/v2.1/servers/95f5e902-6385-4602-8458-7d7b2069a9da 0.457s
2025-03-10 15:51:44.330 68624 INFO tempest.common.waiters [-] State transition "BUILD/block_device_mapping" ==> "BUILD/spawning" after 34 second wait
2025-03-10 15:51:44.374 68595 INFO tempest.lib.common.rest_client [req-7b032717-5a21-4447-be2d-891282e97855 req-7b032717-5a21-4447-be2d-891282e97855 ] Request (ServersTestMultiNic:test_verify_duplicate_network_nics): 200 GET http://10.180.1.21/compute/v2.1/servers/1c42043d-f8db-4cb9-8147-48d0d32c982b 0.464s
2025-03-10 15:51:44.450 68613 INFO tempest.lib.common.rest_client [req-5b546685-c31d-4003-98b7-2c1e3bc78447 req-5b546685-c31d-4003-98b7-2c1e3bc78447 ] Request (FloatingIPsAssociationNegativeTestJSON:tearDownClass): 200 GET http://10.180.1.21/compute/v2.1/servers/9f4b2b94-ec19-4a8e-8663-ab71c417d093 0.503s
2025-03-10 15:51:44.530 68619 INFO tempest.lib.common.rest_client [req-7590fa90-84a5-4664-82d4-e93ededb2538 req-7590fa90-84a5-4664-82d4-e93ededb2538 ] Request (SecurityGroupsTestJSON:test_server_security_groups): 200 GET http://10.180.1.21/compute/v2.1/servers/3e656d8d-bd06-4886-9424-4ed76b98aae9 0.559s
2025-03-10 15:51:44.563 68591 INFO tempest.lib.common.rest_client [req-2450e63a-f7c6-4f32-8fcc-cc2a7fb5a1fd req-2450e63a-f7c6-4f32-8fcc-cc2a7fb5a1fd ] Request (ServersAdminNegativeTestJSON:test_migrate_server_invalid_state): 200 GET http://10.180.1.21/compute/v2.1/servers/f0145d64-60e4-4ad5-a6ea-6c5d40780df5 0.661s
2025-03-10 15:51:44.582 68577 INFO tempest.lib.common.rest_client [req-be9553d1-cb22-4ca0-82e7-39cf7cbc7601 req-be9553d1-cb22-4ca0-82e7-39cf7cbc7601 ] Request (ImagesDeleteNegativeTestJSON:test_delete_image_with_id_over_character_limit): 404 DELETE http://10.180.1.21/compute/v2.1/images/c6911587-918a-4677-8225-1fc8d7c9472a1 0.511s
2025-03-10 15:51:44.604 68567 INFO tempest.lib.common.rest_client [req-3aa47936-eb62-42e9-acb4-334ca34a2212 req-3aa47936-eb62-42e9-acb4-334ca34a2212 ] Request (ImagesOneServerNegativeTestJSON:setUpClass): 200 GET http://10.180.1.21/compute/v2.1/servers/324cc3e5-1c81-498e-b520-e9fca26013ef 0.594s
2025-03-10 15:51:44.665 68597 WARNING tempest.lib.common.ssh [-] Failed to establish authenticated ssh connection to cirros@10.180.180.236 ([Errno None] Unable to connect to port 22 on 10.180.180.236). Number attempts: 4. Retry after 5 seconds.: paramiko.ssh_exception.NoValidConnectionsError: [Errno None] Unable to connect to port 22 on 10.180.180.236
2025-03-10 15:51:44.693 68609 INFO tempest.lib.common.rest_client [req-ba4ec79f-c562-46d8-aa19-7144614fae67 req-ba4ec79f-c562-46d8-aa19-7144614fae67 ] Request (ServerShowV254Test:test_rebuild_server): 200 GET http://10.180.1.21/compute/v2.1/servers/29981c10-c6dd-4852-94ad-1f8f0135b8cc 0.512s
2025-03-10 15:51:44.715 68581 INFO tempest.lib.common.rest_client [req-84de17cc-9aca-47f3-8b11-7498100d6fb7 req-84de17cc-9aca-47f3-8b11-7498100d6fb7 ] Request (ImagesOneServerTestJSON:tearDownClass): 200 GET http://10.180.1.21/compute/v2.1/servers/ef0636f4-3149-44e8-a4a3-62b9ede5dc28 0.606s
2025-03-10 15:51:44.728 68581 INFO tempest.common.waiters [-] State transition "ACTIVE/deleting" ==> "DELETED/None" after 4 second wait
2025-03-10 15:51:44.811 68571 INFO tempest.lib.common.rest_client [req-03e9e4b4-35e7-4033-863a-3f54babef927 req-03e9e4b4-35e7-4033-863a-3f54babef927 ] Request (DeleteServersTestJSON:test_delete_active_server): 200 GET http://10.180.1.21/compute/v2.1/servers/7dca07f4-78aa-45e4-954a-c9f4d58e7c84 0.292s
2025-03-10 15:51:44.818 68601 INFO tempest.lib.common.rest_client [req-990142c7-affd-40ed-9cff-ea9b16a05bf4 req-990142c7-affd-40ed-9cff-ea9b16a05bf4 ] Request (InstanceActionsV221TestJSON:test_get_list_deleted_instance_actions): 200 GET http://10.180.1.21/compute/v2.1/servers/753bb2f7-bf0a-401e-81af-93982558d3b7 0.625s
2025-03-10 15:51:44.822 68571 INFO tempest.common.waiters [-] State transition "BUILD/None" ==> "BUILD/networking" after 32 second wait
2025-03-10 15:51:44.836 68577 INFO tempest.lib.common.rest_client [req-da117c05-3d49-4ca1-9c3a-67c646c84414 req-da117c05-3d49-4ca1-9c3a-67c646c84414 ] Request (ImagesDeleteNegativeTestJSON:test_delete_image_with_invalid_image_id): 404 DELETE http://10.180.1.21/compute/v2.1/images/tempest-invalid-1480510183 0.251s
2025-03-10 15:51:44.911 68585 INFO tempest.lib.common.rest_client [req-128920ab-ab85-40d0-9f96-201a9f2b5eb9 req-128920ab-ab85-40d0-9f96-201a9f2b5eb9 ] Request (ServerActionsTestOtherB:setUpClass): 200 GET http://10.180.1.21/compute/v2.1/servers/34aeba05-804e-444c-8e58-69c7721b10b1 0.222s
2025-03-10 15:51:44.998 68561 INFO tempest.lib.common.rest_client [req-ac49d2d4-d34f-48b9-80fb-136b61b7bc3f req-ac49d2d4-d34f-48b9-80fb-136b61b7bc3f ] Request (ListServerFiltersTestJSON:setUpClass): 200 GET http://10.180.1.21/compute/v2.1/servers/bda5b2fb-1875-4078-a4c1-f76f6abeaaf5 0.229s
2025-03-10 15:51:45.008 68569 INFO tempest.lib.common.rest_client [req-82f95c11-61b4-487d-ace7-f45e090d2571 req-82f95c11-61b4-487d-ace7-f45e090d2571 ] Request (AttachVolumeTestJSON:test_attach_detach_volume): 200 GET http://10.180.1.21/compute/v2.1/servers/5e101d74-7a82-4118-8f4c-7af9a6b0917a 0.354s
2025-03-10 15:51:45.019 68577 INFO tempest.lib.common.rest_client [req-8997fc08-1e42-41c5-9810-e513352c29b2 req-8997fc08-1e42-41c5-9810-e513352c29b2 ] Request (ImagesDeleteNegativeTestJSON:test_delete_non_existent_image): 404 DELETE http://10.180.1.21/compute/v2.1/images/e61337f3-848d-4619-9474-4c94c76081e1 0.181s
2025-03-10 15:51:45.092 68611 INFO tempest.lib.common.rest_client [req-6642b609-a0a8-4d67-a6ea-7c191bab5349 req-6642b609-a0a8-4d67-a6ea-7c191bab5349 ] Request (ServerExternalEventsTest:test_create_server_external_events): 200 GET http://10.180.1.21/compute/v2.1/servers/d2c3e3eb-4b05-4e08-bd08-0f42560fcdba 0.156s
2025-03-10 15:51:45.158 68579 INFO tempest.lib.common.rest_client [req-10595a60-e857-4d5c-8664-bedd072c8a9a req-10595a60-e857-4d5c-8664-bedd072c8a9a ] Request (ServersAdminTestJSON:test_create_server_with_scheduling_hint): 200 GET http://10.180.1.21/compute/v2.1/servers/1b9dd0e2-781f-43d7-a66e-e718a0972c78 0.165s
2025-03-10 15:51:45.168 68599 INFO tempest.lib.common.rest_client [req-c96db5af-610c-4d71-9bbf-351f386cf954 req-c96db5af-610c-4d71-9bbf-351f386cf954 ] Request (MigrationsAdminTest:test_list_migrations_in_flavor_resize_situation): 200 GET http://10.180.1.21/compute/v2.1/servers/a97df3d2-c182-46d8-95c2-61caccade285 0.299s
2025-03-10 15:51:45.198 68577 INFO tempest.lib.common.rest_client [req-46b0a50a-3655-4d08-8188-4fe825e3879b req-46b0a50a-3655-4d08-8188-4fe825e3879b ] Request (ImagesDeleteNegativeTestJSON:tearDownClass): 204 DELETE http://10.180.1.21/identity/v3/users/6ea2746b938c4868b3c023ac61d93703 0.176s
2025-03-10 15:51:45.198 68577 INFO tempest.lib.common.dynamic_creds [-] Deleting project and security group for project: af7858ca436e4977971f7f014c685c47
2025-03-10 15:51:45.240 68615 WARNING tempest.lib.common.ssh [-] Failed to establish authenticated ssh connection to cirros@10.180.180.225 ([Errno None] Unable to connect to port 22 on 10.180.180.225). Number attempts: 5. Retry after 6 seconds.: paramiko.ssh_exception.NoValidConnectionsError: [Errno None] Unable to connect to port 22 on 10.180.180.225
2025-03-10 15:51:45.267 68605 INFO tempest.lib.common.rest_client [req-7f16bb9d-0135-41bd-8fe0-fd0ff4266b72 req-7f16bb9d-0135-41bd-8fe0-fd0ff4266b72 ] Request (ServerMetadataNegativeTestJSON:setUpClass): 200 GET http://10.180.1.21/compute/v2.1/servers/c8784827-a928-439d-abdf-d82b62a61152 0.213s
2025-03-10 15:51:45.287 68577 INFO tempest.lib.common.rest_client [req-9b5c6c7d-c6da-4d2e-9060-7252e7924e39 req-9b5c6c7d-c6da-4d2e-9060-7252e7924e39 ] Request (ImagesDeleteNegativeTestJSON:tearDownClass): 201 POST http://10.180.1.21/identity/v3/auth/tokens 0.089s
2025-03-10 15:51:45.306 68563 INFO tempest.lib.common.rest_client [req-11453cff-6f8f-4b61-a532-ecef86375334 req-11453cff-6f8f-4b61-a532-ecef86375334 ] Request (ListServersNegativeTestJSON:setUpClass): 200 GET http://10.180.1.21/compute/v2.1/servers/81fe4854-1094-4c42-9df5-05325d961146 0.281s
2025-03-10 15:51:45.329 68587 INFO tempest.lib.common.rest_client [req-6a840905-b2fc-41f0-9ec3-8ca7f11f338f req-6a840905-b2fc-41f0-9ec3-8ca7f11f338f ] Request (ServerTagsTestJSON:setUpClass): 200 GET http://10.180.1.21/compute/v2.1/servers/631fe0ee-73a6-48c5-9a14-f6a00d2c2942 0.259s
2025-03-10 15:51:45.393 68603 INFO tempest.lib.common.rest_client [req-844d1eee-97fa-41b7-bbd6-f254aa7f661e req-844d1eee-97fa-41b7-bbd6-f254aa7f661e ] Request (ServersTestFqdnHostnames:test_create_server_with_fqdn_name): 200 GET http://10.180.1.21/compute/v2.1/servers/a2a7590d-c415-4955-8a25-4b1411449557 0.277s
2025-03-10 15:51:45.412 68573 INFO tempest.lib.common.rest_client [req-e24563ae-03cc-4362-80f4-9e7e734a087b req-e24563ae-03cc-4362-80f4-9e7e734a087b ] Request (InstanceActionsNegativeTestJSON:setUpClass): 200 GET http://10.180.1.21/compute/v2.1/servers/65f289bb-6e97-47ad-8531-c06a9cce302f 0.248s
2025-03-10 15:51:45.487 68577 INFO tempest.lib.common.rest_client [req-9fde2d19-8930-4348-b3c6-29398db8ba86 req-9fde2d19-8930-4348-b3c6-29398db8ba86 ] Request (ImagesDeleteNegativeTestJSON:tearDownClass): 200 GET http://10.180.1.21:9696/networking/v2.0/security-groups?tenant_id=af7858ca436e4977971f7f014c685c47&name=default 0.199s
2025-03-10 15:51:45.557 68589 INFO tempest.lib.common.rest_client [req-0dc27f3c-4a70-4730-90f9-d3dbc9130693 req-0dc27f3c-4a70-4730-90f9-d3dbc9130693 ] Request (FloatingIPsAssociationTestJSON:test_associate_already_associated_floating_ip): 200 GET http://10.180.1.21/compute/v2.1/servers/8bedba57-e7c8-4fa8-b171-f6d74550a31c 0.343s
2025-03-10 15:51:45.631 68577 INFO tempest.lib.common.rest_client [req-80a5de1c-8145-4a44-9797-cd6b259020f3 req-80a5de1c-8145-4a44-9797-cd6b259020f3 ] Request (ImagesDeleteNegativeTestJSON:tearDownClass): 204 DELETE http://10.180.1.21:9696/networking/v2.0/security-groups/6445536c-cc91-489e-b609-2c52f7654835 0.144s
2025-03-10 15:51:45.635 68624 INFO tempest.lib.common.rest_client [req-57c2b592-ecb8-40bf-8b5e-163a90fe3f2e req-57c2b592-ecb8-40bf-8b5e-163a90fe3f2e ] Request (DeleteServersAdminTestJSON:test_delete_server_while_in_error_state): 200 GET http://10.180.1.21/compute/v2.1/servers/95f5e902-6385-4602-8458-7d7b2069a9da 0.302s
2025-03-10 15:51:45.657 68595 INFO tempest.lib.common.rest_client [req-9f658bbc-f051-4283-98b0-7cb1cf787283 req-9f658bbc-f051-4283-98b0-7cb1cf787283 ] Request (ServersTestMultiNic:test_verify_duplicate_network_nics): 200 GET http://10.180.1.21/compute/v2.1/servers/1c42043d-f8db-4cb9-8147-48d0d32c982b 0.274s
2025-03-10 15:51:45.690 68607 WARNING tempest.lib.common.ssh [-] Failed to establish authenticated ssh connection to cirros@10.180.180.132 ([Errno None] Unable to connect to port 22 on 10.180.180.132). Number attempts: 5. Retry after 6 seconds.: paramiko.ssh_exception.NoValidConnectionsError: [Errno None] Unable to connect to port 22 on 10.180.180.132
2025-03-10 15:51:45.751 68577 INFO tempest.lib.common.rest_client [req-d9f15a57-bcd9-4c43-a133-fa9ba781bce9 req-d9f15a57-bcd9-4c43-a133-fa9ba781bce9 ] Request (ImagesDeleteNegativeTestJSON:tearDownClass): 204 DELETE http://10.180.1.21/identity/v3/projects/af7858ca436e4977971f7f014c685c47 0.117s
2025-03-10 15:51:45.759 68613 INFO tempest.lib.common.rest_client [req-ed226a75-901f-405a-909d-973c9f5c2197 req-ed226a75-901f-405a-909d-973c9f5c2197 ] Request (FloatingIPsAssociationNegativeTestJSON:tearDownClass): 200 GET http://10.180.1.21/compute/v2.1/servers/9f4b2b94-ec19-4a8e-8663-ab71c417d093 0.295s
2025-03-10 15:51:45.776 68619 INFO tempest.lib.common.rest_client [req-b1be97db-d600-4d3c-accc-27719003d096 req-b1be97db-d600-4d3c-accc-27719003d096 ] Request (SecurityGroupsTestJSON:test_server_security_groups): 200 GET http://10.180.1.21/compute/v2.1/servers/3e656d8d-bd06-4886-9424-4ed76b98aae9 0.226s
2025-03-10 15:51:45.852 68577 INFO tempest.lib.common.rest_client [req-fa16807e-68d8-4654-9d8e-3e40b6ab0fa8 req-fa16807e-68d8-4654-9d8e-3e40b6ab0fa8 ] Request (ServerMetadataTestJSON:setUpClass): 201 POST http://10.180.1.21/identity/v3/auth/tokens 0.099s
2025-03-10 15:51:45.862 68567 INFO tempest.lib.common.rest_client [req-fd6ae91a-02a6-4f82-84f1-193d73f83a2c req-fd6ae91a-02a6-4f82-84f1-193d73f83a2c ] Request (ImagesOneServerNegativeTestJSON:setUpClass): 200 GET http://10.180.1.21/compute/v2.1/servers/324cc3e5-1c81-498e-b520-e9fca26013ef 0.250s
2025-03-10 15:51:45.886 68577 INFO tempest.lib.common.rest_client [req-cd265a32-dcfa-4dfc-8282-07d50760cbbe req-cd265a32-dcfa-4dfc-8282-07d50760cbbe ] Request (ServerMetadataTestJSON:setUpClass): 201 POST http://10.180.1.21/identity/v3/auth/tokens 0.028s
2025-03-10 15:51:45.915 68577 INFO tempest.lib.common.rest_client [req-17913c95-a0cf-429d-9dec-e9781b0e2df3 req-17913c95-a0cf-429d-9dec-e9781b0e2df3 ] Request (ServerMetadataTestJSON:setUpClass): 200 GET http://10.180.1.21/identity/v3/domains?name=Default 0.027s
2025-03-10 15:51:45.928 68609 INFO tempest.lib.common.rest_client [req-1f305772-1620-4b81-91f9-52023a173d22 req-1f305772-1620-4b81-91f9-52023a173d22 ] Request (ServerShowV254Test:test_rebuild_server): 200 GET http://10.180.1.21/compute/v2.1/servers/29981c10-c6dd-4852-94ad-1f8f0135b8cc 0.223s
2025-03-10 15:51:45.947 68591 INFO tempest.lib.common.rest_client [req-5275fbae-373e-459b-8787-2dffa1f0ba91 req-5275fbae-373e-459b-8787-2dffa1f0ba91 ] Request (ServersAdminNegativeTestJSON:test_migrate_server_invalid_state): 200 GET http://10.180.1.21/compute/v2.1/servers/f0145d64-60e4-4ad5-a6ea-6c5d40780df5 0.377s
2025-03-10 15:51:45.958 68591 INFO tempest.common.waiters [-] State transition "ACTIVE/suspending" ==> "SUSPENDED/None" after 1 second wait
2025-03-10 15:51:45.959 68577 INFO tempest.lib.common.rest_client [req-08edb5e0-edc7-49ca-841c-6e488b10adfd req-08edb5e0-edc7-49ca-841c-6e488b10adfd ] Request (ServerMetadataTestJSON:setUpClass): 201 POST http://10.180.1.21/identity/v3/projects 0.043s
2025-03-10 15:51:45.989 68581 INFO tempest.lib.common.rest_client [req-83ab9986-8391-4c1f-97a3-2b73a58836d4 req-83ab9986-8391-4c1f-97a3-2b73a58836d4 ] Request (ImagesOneServerTestJSON:tearDownClass): 200 GET http://10.180.1.21/compute/v2.1/servers/ef0636f4-3149-44e8-a4a3-62b9ede5dc28 0.259s
2025-03-10 15:51:46.020 68577 INFO tempest.lib.common.rest_client [req-bb1ce793-fc5d-4d81-b36d-1044e0a7edb5 req-bb1ce793-fc5d-4d81-b36d-1044e0a7edb5 ] Request (ServerMetadataTestJSON:setUpClass): 201 POST http://10.180.1.21/identity/v3/users 0.060s
