2025-03-10 15:50:39.904 68621 INFO tempest.lib.common.dynamic_creds [-] Acquired dynamic creds: credentials: Credentials: {'domain_id': 'default', 'domain_name': 'Default', 'username': 'tempest-SecurityGroupRulesNegativeTestJSON-1195344699-project-member', 'project_domain_id': 'default', 'project_domain_name': 'Default', 'project_id': 'ebe6b853d68746e4baf1ae81f294aa30', 'project_name': 'tempest-SecurityGroupRulesNegativeTestJSON-1195344699', 'tenant_id': 'ebe6b853d68746e4baf1ae81f294aa30', 'tenant_name': 'tempest-SecurityGroupRulesNegativeTestJSON-1195344699', 'user_domain_id': 'default', 'user_domain_name': 'Default', 'user_id': '4cd5ceddd1754558b4a8733b7107f998', 'system': None}, Network: None, Subnet: None, Router: None
2025-03-10 15:50:39.970 68583 INFO tempest.lib.common.rest_client [req-d602ac3b-f76b-4d3a-b00d-43ad72efa3b8 req-d602ac3b-f76b-4d3a-b00d-43ad72efa3b8 ] Request (SecurityGroupsTestAdminJSON:test_list_security_groups_list_all_tenants_filter): 200 GET http://10.180.1.21/compute/v2.1/os-security-groups?all_tenants=true 5.027s
2025-03-10 15:50:39.971 68619 INFO tempest.lib.common.rest_client [req-9e3ff502-b8ef-4bad-9594-30f33de9d2fd req-9e3ff502-b8ef-4bad-9594-30f33de9d2fd ] Request (SecurityGroupsTestJSON:setUpClass): 201 POST http://10.180.1.21:9696/networking/v2.0/routers 1.024s
2025-03-10 15:50:39.980 68621 INFO tempest.lib.common.rest_client [req-da01059d-32ee-42e9-a3c3-69636d2bdd00 req-da01059d-32ee-42e9-a3c3-69636d2bdd00 ] Request (SecurityGroupRulesNegativeTestJSON:setUpClass): 201 POST http://10.180.1.21/identity/v3/auth/tokens 0.076s
2025-03-10 15:50:40.021 68595 INFO tempest.lib.common.rest_client [req-943f79d5-ef5d-42ab-a596-ea128fe8bb83 req-943f79d5-ef5d-42ab-a596-ea128fe8bb83 ] Request (ImagesMetadataTestJSON:test_set_image_metadata): 200 GET http://10.180.1.21/compute/v2.1/images/43f5ba37-3fec-4d6b-818d-1c6752089318/metadata 2.636s
2025-03-10 15:50:40.045 68573 INFO tempest.lib.common.rest_client [req-fb02c5a6-56bd-479d-80bd-8e2e38cb08b1 req-fb02c5a6-56bd-479d-80bd-8e2e38cb08b1 ] Request (InstanceUsageAuditLogTestJSON:tearDownClass): 204 DELETE http://10.180.1.21:9696/networking/v2.0/security-groups/76e43bf3-e719-46c1-a050-82acc8f0f163 0.224s
2025-03-10 15:50:40.137 68573 INFO tempest.lib.common.rest_client [req-11998d07-0bef-4abc-8868-76d3caf12329 req-11998d07-0bef-4abc-8868-76d3caf12329 ] Request (InstanceUsageAuditLogTestJSON:tearDownClass): 204 DELETE http://10.180.1.21/identity/v3/projects/1766960776aa472cb9226d2466ba1126 0.092s
2025-03-10 15:50:40.218 68573 INFO tempest.lib.common.rest_client [req-37e78ca3-9bd4-4926-bb39-6cdc734aaac5 req-37e78ca3-9bd4-4926-bb39-6cdc734aaac5 ] Request (SecurityGroupsNegativeTestJSON:setUpClass): 201 POST http://10.180.1.21/identity/v3/auth/tokens 0.079s
2025-03-10 15:50:40.276 68615 INFO tempest.lib.common.rest_client [req-e000f485-a65e-4d35-ac57-48c518b22413 req-e000f485-a65e-4d35-ac57-48c518b22413 ] Request (ServersWithSpecificFlavorTestJSON:test_verify_created_server_ephemeral_disk): 202 POST http://10.180.1.21/compute/v2.1/servers 2.962s
2025-03-10 15:50:40.282 68573 INFO tempest.lib.common.rest_client [req-04aad43e-f2d6-459f-bafa-9da618b16f4c req-04aad43e-f2d6-459f-bafa-9da618b16f4c ] Request (SecurityGroupsNegativeTestJSON:setUpClass): 201 POST http://10.180.1.21/identity/v3/auth/tokens 0.057s
2025-03-10 15:50:40.333 68573 INFO tempest.lib.common.rest_client [req-08275d14-d926-48a0-a817-10a9ce51ede8 req-08275d14-d926-48a0-a817-10a9ce51ede8 ] Request (SecurityGroupsNegativeTestJSON:setUpClass): 200 GET http://10.180.1.21/identity/v3/domains?name=Default 0.051s
2025-03-10 15:50:40.389 68573 INFO tempest.lib.common.rest_client [req-da731432-bf75-4cae-a684-facb2831cd91 req-da731432-bf75-4cae-a684-facb2831cd91 ] Request (SecurityGroupsNegativeTestJSON:setUpClass): 201 POST http://10.180.1.21/identity/v3/projects 0.056s
2025-03-10 15:50:40.515 68601 INFO tempest.lib.common.rest_client [req-68e65c98-2697-485f-86aa-a2f3eb249d35 req-68e65c98-2697-485f-86aa-a2f3eb249d35 ] Request (TenantUsagesTestJSON:setUpClass): 200 GET http://10.180.1.21/compute/v2.1/servers/682c3b6e-a605-486a-86c8-af173d80cbcf 2.970s
2025-03-10 15:50:40.578 68573 INFO tempest.lib.common.rest_client [req-ce1e7183-5b82-4294-92f3-87e35e6be1a1 req-ce1e7183-5b82-4294-92f3-87e35e6be1a1 ] Request (SecurityGroupsNegativeTestJSON:setUpClass): 201 POST http://10.180.1.21/identity/v3/users 0.188s
2025-03-10 15:50:40.606 68573 INFO tempest.lib.common.rest_client [req-27b7a6ca-fdc6-47ba-9653-4d1ba104cb18 req-27b7a6ca-fdc6-47ba-9653-4d1ba104cb18 ] Request (SecurityGroupsNegativeTestJSON:setUpClass): 200 GET http://10.180.1.21/identity/v3/roles 0.026s
2025-03-10 15:50:40.638 68573 INFO tempest.lib.common.rest_client [req-74115b57-707b-4dd4-b972-5b6fe3f5ef7a req-74115b57-707b-4dd4-b972-5b6fe3f5ef7a ] Request (SecurityGroupsNegativeTestJSON:setUpClass): 204 PUT http://10.180.1.21/identity/v3/projects/167112529fb445c0bb047a324ddf9f6f/users/ed6b4f04d06249dc99006cf1dcda89b5/roles/13d1a290192241bb9787521a3e32f7e2 0.031s
2025-03-10 15:50:40.638 68573 INFO tempest.lib.common.dynamic_creds [-] Dynamic test user ed6b4f04d06249dc99006cf1dcda89b5 is created with scope project and roles: ['member']
2025-03-10 15:50:40.638 68573 INFO tempest.lib.common.dynamic_creds [-] Acquired dynamic creds: credentials: Credentials: {'domain_id': 'default', 'domain_name': 'Default', 'username': 'tempest-SecurityGroupsNegativeTestJSON-977364968-project-member', 'project_domain_id': 'default', 'project_domain_name': 'Default', 'project_id': '167112529fb445c0bb047a324ddf9f6f', 'project_name': 'tempest-SecurityGroupsNegativeTestJSON-977364968', 'tenant_id': '167112529fb445c0bb047a324ddf9f6f', 'tenant_name': 'tempest-SecurityGroupsNegativeTestJSON-977364968', 'user_domain_id': 'default', 'user_domain_name': 'Default', 'user_id': 'ed6b4f04d06249dc99006cf1dcda89b5', 'system': None}, Network: None, Subnet: None, Router: None
2025-03-10 15:50:40.692 68621 INFO tempest.lib.common.rest_client [req-7e1ee2d6-a204-45b6-90e6-b4c6fefdadf5 req-7e1ee2d6-a204-45b6-90e6-b4c6fefdadf5 ] Request (SecurityGroupRulesNegativeTestJSON:setUpClass): 201 POST http://10.180.1.21:9696/networking/v2.0/networks 0.711s
2025-03-10 15:50:40.701 68573 INFO tempest.lib.common.rest_client [req-e3487598-3427-4b76-9034-fcaca5c2c9ba req-e3487598-3427-4b76-9034-fcaca5c2c9ba ] Request (SecurityGroupsNegativeTestJSON:setUpClass): 201 POST http://10.180.1.21/identity/v3/auth/tokens 0.062s
2025-03-10 15:50:40.759 68597 INFO tempest.lib.common.rest_client [req-6bd45304-fb28-4bd1-994c-e5e43030c1db req-6bd45304-fb28-4bd1-994c-e5e43030c1db ] Request (AttachInterfacesUnderV243Test:test_add_remove_fixed_ip): 202 POST http://10.180.1.21/compute/v2.1/servers 3.215s
2025-03-10 15:50:40.781 68605 INFO tempest.lib.common.rest_client [req-3c682be5-d5a3-4cd1-b1fc-89f475dd84bb req-3c682be5-d5a3-4cd1-b1fc-89f475dd84bb ] Request (FlavorsExtraSpecsTestJSON:tearDownClass): 202 DELETE http://10.180.1.21/compute/v2.1/flavors/39829670 3.195s
2025-03-10 15:50:40.791 68571 INFO tempest.lib.common.rest_client [req-6409f6eb-b844-4b1e-bb39-cc018621c377 req-6409f6eb-b844-4b1e-bb39-cc018621c377 ] Request (QuotasAdminNegativeTest:test_create_server_when_memory_quota_is_full): 200 PUT http://10.180.1.21/compute/v2.1/os-quota-sets/c6bdb74870744833bc1f74d81a6a465e 3.221s
2025-03-10 15:50:40.800 68561 INFO tempest.lib.common.rest_client [req-1bc8d752-1c0f-4218-9002-ba6d05275073 req-1bc8d752-1c0f-4218-9002-ba6d05275073 ] Request (HostsAdminNegativeTestJSON:test_update_host_with_non_admin_user): 403 PUT http://10.180.1.21/compute/v2.1/os-hosts/devstack 3.124s
2025-03-10 15:50:40.825 68587 INFO tempest.lib.common.rest_client [req-f392244b-e68a-4e0a-b6c0-dca05632e51f req-f392244b-e68a-4e0a-b6c0-dca05632e51f ] Request (AggregatesAdminNegativeTestJSON:_run_cleanups): 200 DELETE http://10.180.1.21/compute/v2.1/os-aggregates/3 3.160s
2025-03-10 15:50:40.874 68571 INFO tempest.lib.common.rest_client [req-0f98bb70-e888-421d-9401-68ce2d2b5475 req-0f98bb70-e888-421d-9401-68ce2d2b5475 ] Request (QuotasAdminNegativeTest:test_create_server_when_memory_quota_is_full): 201 POST http://10.180.1.21/identity/v3/auth/tokens 0.077s
2025-03-10 15:50:40.875 68571 INFO tempest.lib.common.fixed_network [-] (QuotasAdminNegativeTest:test_create_server_when_memory_quota_is_full) Found network None available for tenant
2025-03-10 15:50:40.939 68609 INFO tempest.lib.common.rest_client [req-a59e7ad2-78f0-4749-a3fa-8cbc74f52a6e req-a59e7ad2-78f0-4749-a3fa-8cbc74f52a6e ] Request (FlavorsAccessNegativeTestJSON:test_flavor_non_admin_add): 403 POST http://10.180.1.21/compute/v2.1/flavors/1125096185/action 3.239s
2025-03-10 15:50:41.044 68611 INFO tempest.lib.common.rest_client [req-2d39f562-2309-477e-9601-bcf7d4536c1b req-2d39f562-2309-477e-9601-bcf7d4536c1b ] Request (ServerDiagnosticsTest:test_get_server_diagnostics): 200 GET http://10.180.1.21/compute/v2.1/servers/f26a5b02-c71f-4f04-a8b2-4e284a6e37a6 3.172s
2025-03-10 15:50:41.109 68599 INFO tempest.lib.common.rest_client [req-d4ef2234-05b7-4d92-be0e-bfd56a5c3599 req-d4ef2234-05b7-4d92-be0e-bfd56a5c3599 ] Request (MigrationsAdminTest:test_list_migrations_in_flavor_resize_situation): 200 GET http://10.180.1.21/compute/v2.1/servers/a97df3d2-c182-46d8-95c2-61caccade285 3.165s
2025-03-10 15:50:41.118 68599 INFO tempest.common.waiters [-] State transition "BUILD/networking" ==> "BUILD/spawning" after 18 second wait
2025-03-10 15:50:41.177 68579 INFO tempest.lib.common.rest_client [req-59bc7045-e694-470f-8676-80a2c756d2f2 req-59bc7045-e694-470f-8676-80a2c756d2f2 ] Request (ServersAdminTestJSON:setUpClass): 200 GET http://10.180.1.21/compute/v2.1/servers/60144efd-061e-4144-9541-b2321c9b0ec1 3.153s
2025-03-10 15:50:41.179 68565 INFO tempest.lib.common.rest_client [req-1373cffe-e09a-4022-a629-6b00cddd36e8 req-1373cffe-e09a-4022-a629-6b00cddd36e8 ] Request (ServerActionsTestOtherA:setUpClass): 200 POST http://10.180.1.21/compute/v2.1/os-keypairs 3.221s
2025-03-10 15:50:41.189 68579 INFO tempest.common.waiters [-] State transition "BUILD/scheduling" ==> "BUILD/None" after 7 second wait
2025-03-10 15:50:41.245 68591 INFO tempest.lib.common.rest_client [req-9f5ff2d5-2cb5-4f88-9e53-4d26e4108644 req-9f5ff2d5-2cb5-4f88-9e53-4d26e4108644 ] Request (ServersAdminNegativeTestJSON:setUpClass): 200 GET http://10.180.1.21/compute/v2.1/servers/fe9a8a13-73ec-4556-a62c-cc49fd01f539 3.146s
2025-03-10 15:50:41.271 68563 INFO tempest.lib.common.rest_client [req-3ce2a4b5-40ab-45d2-a7c0-392b7008e7d4 req-3ce2a4b5-40ab-45d2-a7c0-392b7008e7d4 ] Request (ServicesAdminTestJSON:test_get_service_by_service_binary_name): 200 GET http://10.180.1.21/compute/v2.1/os-services?binary=nova-compute 3.051s
2025-03-10 15:50:41.293 68585 INFO tempest.lib.common.rest_client [req-f126dba5-d3fc-44ba-b962-2b453fc152f3 req-f126dba5-d3fc-44ba-b962-2b453fc152f3 ] Request (ServicesAdminNegativeTestJSON:test_get_service_by_invalid_service_and_valid_host): 200 GET http://10.180.1.21/compute/v2.1/os-services 2.689s
2025-03-10 15:50:41.319 68577 INFO tempest.lib.common.rest_client [req-fad8dac4-8ae8-43b5-9a0b-cc0908e4125f req-fad8dac4-8ae8-43b5-9a0b-cc0908e4125f ] Request (FlavorsAdminTestJSON:_run_cleanups): 200 GET http://10.180.1.21/compute/v2.1/flavors/detail 2.683s
2025-03-10 15:50:41.336 68575 INFO tempest.lib.common.rest_client [req-1dc26f53-d52d-458c-911b-544b191f4dbe req-1dc26f53-d52d-458c-911b-544b191f4dbe ] Request (ServersV294TestFqdnHostnames:setUpClass): 200 GET http://10.180.1.21/compute/v2.1/servers/e28d0927-17c2-4256-93d4-ef0cc2c9b92a/os-interface 3.129s
2025-03-10 15:50:41.343 68603 INFO tempest.lib.common.rest_client [req-328aecca-22f6-4332-9e0a-fef7cca4d58f req-328aecca-22f6-4332-9e0a-fef7cca4d58f ] Request (KeyPairsV2TestJSON:_run_cleanups): 202 DELETE http://10.180.1.21/compute/v2.1/os-keypairs/tempest-keypair-418444375 2.670s
2025-03-10 15:50:41.353 68621 INFO tempest.lib.common.rest_client [req-e1f23c7d-d7eb-4e03-8b83-8ed2de0ec33b req-e1f23c7d-d7eb-4e03-8b83-8ed2de0ec33b ] Request (SecurityGroupRulesNegativeTestJSON:setUpClass): 201 POST http://10.180.1.21:9696/networking/v2.0/subnets 0.660s
2025-03-10 15:50:41.392 68573 INFO tempest.lib.common.rest_client [req-f66d867e-b52d-421b-bfd3-104eee3ca691 req-f66d867e-b52d-421b-bfd3-104eee3ca691 ] Request (SecurityGroupsNegativeTestJSON:setUpClass): 201 POST http://10.180.1.21:9696/networking/v2.0/networks 0.691s
2025-03-10 15:50:41.452 68589 INFO tempest.lib.common.rest_client [req-ae99fc32-be04-4f69-bfae-080da218c41f req-ae99fc32-be04-4f69-bfae-080da218c41f ] Request (FloatingIPsAssociationTestJSON:setUpClass): 200 GET http://10.180.1.21/compute/v2.1/servers/11de7da5-1d73-4536-b2a1-f7dbbdec14b8 2.567s
2025-03-10 15:50:41.596 68565 INFO tempest.lib.common.rest_client [req-bdbae594-e1e2-4551-8075-17cdc93bd34d req-bdbae594-e1e2-4551-8075-17cdc93bd34d ] Request (ServerActionsTestOtherA:setUpClass): 201 POST http://10.180.1.21:9696/networking/v2.0/security-groups 0.413s
2025-03-10 15:50:41.600 68617 INFO tempest.lib.common.rest_client [req-6bbbb858-8a4d-4008-949f-e1dd5330a424 req-6bbbb858-8a4d-4008-949f-e1dd5330a424 ] Request (VolumesAdminNegativeTest:test_update_attached_volume_with_nonexistent_volume_in_body): 200 GET http://10.180.1.21/compute/v2.1/servers/52fbfbe4-1807-4d6d-9139-ebe30e6bf647 2.801s
2025-03-10 15:50:41.607 68617 INFO tempest.common.waiters [-] State transition "BUILD/None" ==> "BUILD/spawning" after 14 second wait
2025-03-10 15:50:41.706 68619 INFO tempest.lib.common.rest_client [req-2907b705-5e3c-4186-a488-5b00b4d74f9c req-2907b705-5e3c-4186-a488-5b00b4d74f9c ] Request (SecurityGroupsTestJSON:setUpClass): 200 PUT http://10.180.1.21:9696/networking/v2.0/routers/52f93897-8c41-44a9-a8a3-d3d77e7eb44c/add_router_interface 1.735s
2025-03-10 15:50:41.707 68619 INFO tempest.lib.common.dynamic_creds [-] Created isolated network resources for: credentials: Credentials: {'domain_id': 'default', 'domain_name': 'Default', 'username': 'tempest-SecurityGroupsTestJSON-538611863-project-member', 'project_domain_id': 'default', 'project_domain_name': 'Default', 'project_id': 'f0df6f9cd11e4cbea0a5d25e546ade05', 'project_name': 'tempest-SecurityGroupsTestJSON-538611863', 'tenant_id': 'f0df6f9cd11e4cbea0a5d25e546ade05', 'tenant_name': 'tempest-SecurityGroupsTestJSON-538611863', 'user_domain_id': 'default', 'user_domain_name': 'Default', 'user_id': '712fb26143084c72a09ca405f7f44467', 'system': None}, Network: {'id': '24216eb9-67ca-4587-9dce-0239c567b87e', 'name': 'tempest-SecurityGroupsTestJSON-463162314-network', 'tenant_id': 'f0df6f9cd11e4cbea0a5d25e546ade05', 'admin_state_up': True, 'mtu': 8950, 'status': 'ACTIVE', 'subnets': [], 'shared': False, 'project_id': 'f0df6f9cd11e4cbea0a5d25e546ade05', 'port_security_enabled': True, 'router:external': False, 'provider:network_type': 'vlan', 'provider:physical_network': 'default', 'provider:segmentation_id': 870, 'availability_zone_hints': [], 'availability_zones': [], 'ipv4_address_scope': None, 'ipv6_address_scope': None, 'description': '', 'tags': [], 'created_at': '2025-03-10T15:50:38Z', 'updated_at': '2025-03-10T15:50:38Z', 'revision_number': 1}, Subnet: {'id': 'a2edc2af-f84a-4115-b8c9-fd23c2a3b708', 'name': 'tempest-SecurityGroupsTestJSON-463162314-subnet', 'tenant_id': 'f0df6f9cd11e4cbea0a5d25e546ade05', 'network_id': '24216eb9-67ca-4587-9dce-0239c567b87e', 'ip_version': 4, 'subnetpool_id': None, 'enable_dhcp': True, 'ipv6_ra_mode': None, 'ipv6_address_mode': None, 'gateway_ip': '192.168.128.1', 'cidr': '192.168.128.0/28', 'allocation_pools': [{'start': '192.168.128.2', 'end': '192.168.128.14'}], 'host_routes': [], 'dns_nameservers': [], 'description': '', 'router:external': False, 'service_types': [], 'tags': [], 'created_at': '2025-03-10T15:50:38Z', 'updated_at': '2025-03-10T15:50:38Z', 'revision_number': 0, 'project_id': 'f0df6f9cd11e4cbea0a5d25e546ade05'}, Router: {'id': '52f93897-8c41-44a9-a8a3-d3d77e7eb44c', 'name': 'tempest-SecurityGroupsTestJSON-463162314-router', 'tenant_id': 'f0df6f9cd11e4cbea0a5d25e546ade05', 'admin_state_up': True, 'status': 'ACTIVE', 'external_gateway_info': {'network_id': '25fe8df5-b7d9-4a0c-ac71-05fca4658ae6', 'external_fixed_ips': [{'subnet_id': '5a905900-35bd-42ce-b7c2-c94d26004da3', 'ip_address': '10.180.180.162'}], 'enable_snat': True}, 'description': '', 'availability_zones': [], 'distributed': False, 'ha': False, 'availability_zone_hints': [], 'routes': [], 'flavor_id': None, 'tags': [], 'created_at': '2025-03-10T15:50:38Z', 'updated_at': '2025-03-10T15:50:39Z', 'revision_number': 2, 'project_id': 'f0df6f9cd11e4cbea0a5d25e546ade05'}
2025-03-10 15:50:41.710 68569 INFO tempest.lib.common.rest_client [req-8cdf87e3-97f6-4f50-ae3c-d1102196285d req-8cdf87e3-97f6-4f50-ae3c-d1102196285d ] Request (ImagesMetadataNegativeTestJSON:test_delete_nonexistent_image_metadata_item): 404 DELETE http://10.180.1.21/compute/v2.1/images/adf8154d-7b0f-4c23-b25f-8f60d17f7900/metadata/os_distro 2.286s
2025-03-10 15:50:41.795 68573 INFO tempest.lib.common.rest_client [req-47a67256-46b8-4350-bf7d-845b9e0362b6 req-47a67256-46b8-4350-bf7d-845b9e0362b6 ] Request (SecurityGroupsNegativeTestJSON:setUpClass): 201 POST http://10.180.1.21:9696/networking/v2.0/subnets 0.402s
2025-03-10 15:50:41.821 68619 INFO tempest.lib.common.rest_client [req-ba3a2ae5-1634-493a-b3ef-f63c03463dfb req-ba3a2ae5-1634-493a-b3ef-f63c03463dfb ] Request (SecurityGroupsTestJSON:setUpClass): 201 POST http://10.180.1.21/identity/v3/auth/tokens 0.110s
2025-03-10 15:50:41.990 68581 INFO tempest.lib.common.rest_client [req-b99426cd-cab2-46ad-995b-bb817b8f90a9 req-b99426cd-cab2-46ad-995b-bb817b8f90a9 ] Request (ImagesOneServerTestJSON:setUpClass): 200 GET http://10.180.1.21/compute/v2.1/servers/ef0636f4-3149-44e8-a4a3-62b9ede5dc28 2.400s
2025-03-10 15:50:41.998 68581 INFO tempest.common.waiters [-] State transition "BUILD/spawning" ==> "ACTIVE/None" after 20 second wait
2025-03-10 15:50:42.052 68565 INFO tempest.lib.common.rest_client [req-77e64144-f305-4fc6-9592-1a61c2a362b8 req-77e64144-f305-4fc6-9592-1a61c2a362b8 ] Request (ServerActionsTestOtherA:setUpClass): 201 POST http://10.180.1.21:9696/networking/v2.0/security-group-rules 0.456s
2025-03-10 15:50:42.202 68567 INFO tempest.lib.common.rest_client [req-4ae4ad2a-f431-4049-bef5-db29cb654998 req-4ae4ad2a-f431-4049-bef5-db29cb654998 ] Request (ServerDiagnosticsV248Test:test_get_server_diagnostics): 200 GET http://10.180.1.21/compute/v2.1/servers/9b34b7bf-c0f4-488d-bb38-61c0a5cabbfa/diagnostics 2.803s
2025-03-10 15:50:42.332 68607 INFO tempest.lib.common.rest_client [req-ec1b5181-b760-4482-98c9-5fa1cb8918c6 req-ec1b5181-b760-4482-98c9-5fa1cb8918c6 ] Request (VolumesAssistedSnapshotsTest:test_volume_assisted_snapshot_create_delete): 200 GET http://10.180.1.21/compute/v2.1/servers/5b58896c-cb07-48c8-ace0-385486a3e19d 2.406s
2025-03-10 15:50:42.343 68607 INFO tempest.common.waiters [-] State transition "BUILD/scheduling" ==> "BUILD/None" after 7 second wait
2025-03-10 15:50:42.405 68565 INFO tempest.lib.common.rest_client [req-285b8d04-b134-4b79-b5e6-bcecc503894a req-285b8d04-b134-4b79-b5e6-bcecc503894a ] Request (ServerActionsTestOtherA:setUpClass): 201 POST http://10.180.1.21:9696/networking/v2.0/security-group-rules 0.353s
2025-03-10 15:50:42.638 68583 INFO tempest.lib.common.rest_client [req-4ed8a73d-c0ed-4048-94ed-d8d990f9a4b4 req-4ed8a73d-c0ed-4048-94ed-d8d990f9a4b4 ] Request (SecurityGroupsTestAdminJSON:test_list_security_groups_list_all_tenants_filter): 200 GET http://10.180.1.21/compute/v2.1/os-security-groups?all_tenants=true 2.654s
2025-03-10 15:50:42.831 68621 INFO tempest.lib.common.rest_client [req-55c20aeb-586e-4f63-9955-c400d42311d1 req-55c20aeb-586e-4f63-9955-c400d42311d1 ] Request (SecurityGroupRulesNegativeTestJSON:setUpClass): 201 POST http://10.180.1.21:9696/networking/v2.0/routers 1.477s
2025-03-10 15:50:42.866 68613 INFO tempest.lib.common.rest_client [req-4e8c1d86-ca16-4ac4-8d92-93c02472c5b6 req-4e8c1d86-ca16-4ac4-8d92-93c02472c5b6 ] Request (FloatingIPsAssociationNegativeTestJSON:setUpClass): 202 POST http://10.180.1.21/compute/v2.1/servers 3.139s
2025-03-10 15:50:42.917 68595 INFO tempest.lib.common.rest_client [req-9c88a9a1-b2fe-42ea-81d7-f4d30905e4cf req-9c88a9a1-b2fe-42ea-81d7-f4d30905e4cf ] Request (ImagesMetadataTestJSON:setUp): 200 PUT http://10.180.1.21/compute/v2.1/images/43f5ba37-3fec-4d6b-818d-1c6752089318/metadata 2.893s
2025-03-10 15:50:42.999 68615 INFO tempest.lib.common.rest_client [req-1c587fee-0189-4d74-adb7-9b432998a0b4 req-1c587fee-0189-4d74-adb7-9b432998a0b4 ] Request (ServersWithSpecificFlavorTestJSON:test_verify_created_server_ephemeral_disk): 200 GET http://10.180.1.21/compute/v2.1/servers/12fad42a-1011-4563-b11f-7b141b2a1670 2.720s
2025-03-10 15:50:43.233 68573 INFO tempest.lib.common.rest_client [req-329413d1-057a-4395-b047-afe3d98af70d req-329413d1-057a-4395-b047-afe3d98af70d ] Request (SecurityGroupsNegativeTestJSON:setUpClass): 201 POST http://10.180.1.21:9696/networking/v2.0/routers 1.437s
2025-03-10 15:50:43.239 68575 INFO tempest.lib.common.rest_client [req-fd1bb134-2b5f-4104-8ba8-ab14a1226326 req-fd1bb134-2b5f-4104-8ba8-ab14a1226326 ] Request (ServersV294TestFqdnHostnames:setUpClass): 200 PUT http://10.180.1.21:9696/networking/v2.0/floatingips/bd275c07-2867-4334-9e66-055c7b872c5a 1.900s
2025-03-10 15:50:43.256 68597 INFO tempest.lib.common.rest_client [req-f80f8369-084f-4341-8129-310e838fb41b req-f80f8369-084f-4341-8129-310e838fb41b ] Request (AttachInterfacesUnderV243Test:test_add_remove_fixed_ip): 200 GET http://10.180.1.21/compute/v2.1/servers/87582063-50f9-4518-ad2d-915c9cd49b19 2.496s
2025-03-10 15:50:43.302 68605 INFO tempest.lib.common.rest_client [req-fa130ffb-7471-405f-98b7-2ebf2e278e5e req-fa130ffb-7471-405f-98b7-2ebf2e278e5e ] Request (FlavorsExtraSpecsTestJSON:tearDownClass): 200 GET http://10.180.1.21/compute/v2.1/flavors/detail 2.520s
2025-03-10 15:50:43.313 68561 INFO tempest.lib.common.rest_client [req-a6a7b5f9-8ff5-4375-9038-318dd01e37cb req-a6a7b5f9-8ff5-4375-9038-318dd01e37cb ] Request (HostsAdminNegativeTestJSON:test_update_host_without_param): 400 PUT http://10.180.1.21/compute/v2.1/os-hosts/devstack 2.511s
2025-03-10 15:50:43.327 68587 INFO tempest.lib.common.rest_client [req-a3d86a9b-e328-4dc3-a4b9-689a51729a50 req-a3d86a9b-e328-4dc3-a4b9-689a51729a50 ] Request (AggregatesAdminNegativeTestJSON:test_aggregate_create_aggregate_name_length_exceeds_255): 400 POST http://10.180.1.21/compute/v2.1/os-aggregates 2.500s
2025-03-10 15:50:43.341 68624 INFO tempest.lib.common.rest_client [req-2da95b51-9d79-4323-9e2b-2c2d83aaded2 req-2da95b51-9d79-4323-9e2b-2c2d83aaded2 ] Request (DeleteServersAdminTestJSON:test_admin_delete_servers_of_others): 200 GET http://10.180.1.21/compute/v2.1/servers/105f0ad6-1591-40b9-997c-280860bd6501 3.090s
2025-03-10 15:50:43.348 68624 INFO tempest.common.waiters [-] State transition "BUILD/spawning" ==> "ACTIVE/None" after 21 second wait
2025-03-10 15:50:43.371 68609 INFO tempest.lib.common.rest_client [req-f02e0694-db28-44c7-9e3b-72f38206536a req-f02e0694-db28-44c7-9e3b-72f38206536a ] Request (FlavorsAccessNegativeTestJSON:_run_cleanups): 202 DELETE http://10.180.1.21/compute/v2.1/flavors/1125096185 2.431s
2025-03-10 15:50:43.396 68563 INFO tempest.lib.common.rest_client [req-915dd239-dbce-4376-84ac-f55e05c63b09 req-915dd239-dbce-4376-84ac-f55e05c63b09 ] Request (ServicesAdminTestJSON:test_list_services): 200 GET http://10.180.1.21/compute/v2.1/os-services 2.122s
2025-03-10 15:50:43.419 68585 INFO tempest.lib.common.rest_client [req-2c804bd6-d495-42a8-8fd7-579f1058a9d1 req-2c804bd6-d495-42a8-8fd7-579f1058a9d1 ] Request (ServicesAdminNegativeTestJSON:test_get_service_by_invalid_service_and_valid_host): 200 GET http://10.180.1.21/compute/v2.1/os-services?host=devstack&binary=xxx 2.124s
2025-03-10 15:50:43.446 68605 INFO tempest.lib.common.rest_client [req-97612595-25c4-40c5-8f4b-b67af2975f73 req-97612595-25c4-40c5-8f4b-b67af2975f73 ] Request (FlavorsExtraSpecsTestJSON:tearDownClass): 204 DELETE http://10.180.1.21/identity/v3/users/9c86e12029424e6cb8999b394f59e230 0.137s
2025-03-10 15:50:43.452 68577 INFO tempest.lib.common.rest_client [req-cb74ac2c-7fc2-4f6f-942c-eb9e504a53fb req-cb74ac2c-7fc2-4f6f-942c-eb9e504a53fb ] Request (FlavorsAdminTestJSON:test_create_flavor_with_uuid_id): 200 POST http://10.180.1.21/compute/v2.1/flavors 2.119s
2025-03-10 15:50:43.500 68603 INFO tempest.lib.common.rest_client [req-9616e4d8-2dee-4dba-88e6-3c115655d469 req-9616e4d8-2dee-4dba-88e6-3c115655d469 ] Request (KeyPairsV2TestJSON:test_keypair_create_with_pub_key): 200 POST http://10.180.1.21/compute/v2.1/os-keypairs 2.155s
2025-03-10 15:50:43.565 68605 INFO tempest.lib.common.rest_client [req-2bf9ad7a-f072-4d65-b271-e2dce9f0b361 req-2bf9ad7a-f072-4d65-b271-e2dce9f0b361 ] Request (FlavorsExtraSpecsTestJSON:tearDownClass): 204 DELETE http://10.180.1.21/identity/v3/users/a549beae1812446295f134ea8142d629 0.119s
2025-03-10 15:50:43.568 68605 INFO tempest.lib.common.dynamic_creds [-] Deleting project and security group for project: 9141477fc6154a218fa4edd7de3d3437
2025-03-10 15:50:43.604 68563 INFO tempest.lib.common.rest_client [req-181ab5cd-847a-4fec-aa9f-d271de8a9f79 req-181ab5cd-847a-4fec-aa9f-d271de8a9f79 ] Request (ServicesAdminTestJSON:tearDownClass): 204 DELETE http://10.180.1.21/identity/v3/users/0954f2ee82704e84805043e4f995a087 0.200s
2025-03-10 15:50:43.631 68571 INFO tempest.lib.common.rest_client [req-697d6115-42ed-421c-9c3d-c6055b2ad604 req-697d6115-42ed-421c-9c3d-c6055b2ad604 ] Request (QuotasAdminNegativeTest:test_create_server_when_memory_quota_is_full): 403 POST http://10.180.1.21/compute/v2.1/servers 2.755s
2025-03-10 15:50:43.632 68605 INFO tempest.lib.common.rest_client [req-7bf1dd09-0e47-46af-b5a7-43b688f91b82 req-7bf1dd09-0e47-46af-b5a7-43b688f91b82 ] Request (FlavorsExtraSpecsTestJSON:tearDownClass): 201 POST http://10.180.1.21/identity/v3/auth/tokens 0.064s
2025-03-10 15:50:43.656 68569 INFO tempest.lib.common.rest_client [req-0daa68ca-d0a4-4b08-844c-6327fc5abf5b req-0daa68ca-d0a4-4b08-844c-6327fc5abf5b ] Request (ImagesMetadataNegativeTestJSON:test_get_nonexistent_image_metadata_item): 404 GET http://10.180.1.21/compute/v2.1/images/500c3a38-b00d-4133-a99d-e5d7671a6adc/metadata/os_version 1.945s
2025-03-10 15:50:43.668 68565 INFO tempest.lib.common.rest_client [req-472969a0-a759-431b-bcd7-71db41c08d3d req-472969a0-a759-431b-bcd7-71db41c08d3d ] Request (ServerActionsTestOtherA:setUpClass): 201 POST http://10.180.1.21:9696/networking/v2.0/floatingips 1.261s
2025-03-10 15:50:43.722 68601 INFO tempest.lib.common.rest_client [req-49bafd16-23f0-4b2a-ac33-c866beb277f3 req-49bafd16-23f0-4b2a-ac33-c866beb277f3 ] Request (TenantUsagesTestJSON:setUpClass): 200 GET http://10.180.1.21/compute/v2.1/servers/682c3b6e-a605-486a-86c8-af173d80cbcf 2.190s
2025-03-10 15:50:43.733 68563 INFO tempest.lib.common.rest_client [req-1bc27d51-41b4-4c04-99e4-ccdafe3f58a6 req-1bc27d51-41b4-4c04-99e4-ccdafe3f58a6 ] Request (ServicesAdminTestJSON:tearDownClass): 204 DELETE http://10.180.1.21/identity/v3/users/4780cc52f7544635935773e3a66d7d35 0.128s
2025-03-10 15:50:43.733 68563 INFO tempest.lib.common.dynamic_creds [-] Deleting project and security group for project: 5a8681d121394e41b3c3a723976b83de
2025-03-10 15:50:43.813 68565 INFO tempest.lib.common.rest_client [req-2dec8fcd-58fa-4b21-a358-812e5c406923 req-2dec8fcd-58fa-4b21-a358-812e5c406923 ] Request (ServerActionsTestOtherA:setUpClass): 201 POST http://10.180.1.21/identity/v3/auth/tokens 0.141s
2025-03-10 15:50:43.813 68565 INFO tempest.lib.common.fixed_network [-] (ServerActionsTestOtherA:setUpClass) Found network {'id': '53ea04ee-4511-482b-bccd-ad5d0afcc49d', 'name': 'tempest-ServerActionsTestOtherA-1214018874-network', 'tenant_id': '4471597d3345443aa28b97acd91847e0', 'admin_state_up': True, 'mtu': 8950, 'status': 'ACTIVE', 'subnets': [], 'shared': False, 'project_id': '4471597d3345443aa28b97acd91847e0', 'port_security_enabled': True, 'router:external': False, 'provider:network_type': 'vlan', 'provider:physical_network': 'default', 'provider:segmentation_id': 619, 'availability_zone_hints': [], 'availability_zones': [], 'ipv4_address_scope': None, 'ipv6_address_scope': None, 'description': '', 'tags': [], 'created_at': '2025-03-10T15:50:32Z', 'updated_at': '2025-03-10T15:50:32Z', 'revision_number': 1} available for tenant
2025-03-10 15:50:43.873 68563 INFO tempest.lib.common.rest_client [req-9890ac7d-0594-48c6-a7bc-be01e95cd9e4 req-9890ac7d-0594-48c6-a7bc-be01e95cd9e4 ] Request (ServicesAdminTestJSON:tearDownClass): 201 POST http://10.180.1.21/identity/v3/auth/tokens 0.140s
2025-03-10 15:50:43.980 68605 INFO tempest.lib.common.rest_client [req-01d0e9bc-b349-4f81-984e-0b4fe33a80e0 req-01d0e9bc-b349-4f81-984e-0b4fe33a80e0 ] Request (FlavorsExtraSpecsTestJSON:tearDownClass): 200 GET http://10.180.1.21:9696/networking/v2.0/security-groups?tenant_id=9141477fc6154a218fa4edd7de3d3437&name=default 0.347s
2025-03-10 15:50:44.085 68619 INFO tempest.lib.common.rest_client [req-073c88e6-cb83-4b2a-8971-8bdbcadd109d req-073c88e6-cb83-4b2a-8971-8bdbcadd109d ] Request (SecurityGroupsTestJSON:test_list_security_groups_by_server): 200 POST http://10.180.1.21/compute/v2.1/os-security-groups 2.262s
2025-03-10 15:50:44.456 68611 INFO tempest.lib.common.rest_client [req-8dff1653-ca5c-44c2-a1b2-aed6b964e5e7 req-8dff1653-ca5c-44c2-a1b2-aed6b964e5e7 ] Request (ServerDiagnosticsTest:test_get_server_diagnostics): 200 GET http://10.180.1.21/compute/v2.1/servers/f26a5b02-c71f-4f04-a8b2-4e284a6e37a6 2.400s
2025-03-10 15:50:44.580 68605 INFO tempest.lib.common.rest_client [req-1da36e7c-e9f5-4628-9718-51587aa593ad req-1da36e7c-e9f5-4628-9718-51587aa593ad ] Request (FlavorsExtraSpecsTestJSON:tearDownClass): 204 DELETE http://10.180.1.21:9696/networking/v2.0/security-groups/770a3eab-68fb-4011-a744-9de98bf575bb 0.600s
2025-03-10 15:50:44.594 68581 INFO tempest.lib.common.rest_client [req-16986546-f862-4570-aac7-0deef3d30ff8 req-16986546-f862-4570-aac7-0deef3d30ff8 ] Request (ImagesOneServerTestJSON:test_create_delete_image): 202 POST http://10.180.1.21/compute/v2.1/servers/ef0636f4-3149-44e8-a4a3-62b9ede5dc28/action 2.595s
2025-03-10 15:50:44.635 68563 INFO tempest.lib.common.rest_client [req-d8cc9801-7ac1-45b6-aa4d-d126b8640c1c req-d8cc9801-7ac1-45b6-aa4d-d126b8640c1c ] Request (ServicesAdminTestJSON:tearDownClass): 200 GET http://10.180.1.21:9696/networking/v2.0/security-groups?tenant_id=5a8681d121394e41b3c3a723976b83de&name=default 0.761s
2025-03-10 15:50:44.667 68599 INFO tempest.lib.common.rest_client [req-2f0e5342-e88a-4423-b45a-4ff4084ac12f req-2f0e5342-e88a-4423-b45a-4ff4084ac12f ] Request (MigrationsAdminTest:test_list_migrations_in_flavor_resize_situation): 200 GET http://10.180.1.21/compute/v2.1/servers/a97df3d2-c182-46d8-95c2-61caccade285 2.548s
2025-03-10 15:50:44.699 68579 INFO tempest.lib.common.rest_client [req-db4026df-1571-4c57-9650-ae4c863fbc06 req-db4026df-1571-4c57-9650-ae4c863fbc06 ] Request (ServersAdminTestJSON:setUpClass): 200 GET http://10.180.1.21/compute/v2.1/servers/60144efd-061e-4144-9541-b2321c9b0ec1 2.508s
2025-03-10 15:50:44.708 68605 INFO tempest.lib.common.rest_client [req-2829a71d-2897-4a3e-b1a5-ce50640ec389 req-2829a71d-2897-4a3e-b1a5-ce50640ec389 ] Request (FlavorsExtraSpecsTestJSON:tearDownClass): 204 DELETE http://10.180.1.21/identity/v3/projects/9141477fc6154a218fa4edd7de3d3437 0.127s
2025-03-10 15:50:44.708 68605 INFO tempest.lib.common.dynamic_creds [-] Deleting project and security group for project: dbcda47a86564791b8bde24890848b7a
2025-03-10 15:50:44.803 68589 INFO tempest.lib.common.rest_client [req-4e7e5e16-4a26-4fdb-bddf-fec50d8e494b req-4e7e5e16-4a26-4fdb-bddf-fec50d8e494b ] Request (FloatingIPsAssociationTestJSON:setUpClass): 200 GET http://10.180.1.21/compute/v2.1/servers/11de7da5-1d73-4536-b2a1-f7dbbdec14b8 2.342s
2025-03-10 15:50:44.818 68589 INFO tempest.common.waiters [-] State transition "BUILD/None" ==> "BUILD/networking" after 13 second wait
2025-03-10 15:50:44.857 68591 INFO tempest.lib.common.rest_client [req-af3f3a2e-d25f-469d-8e7e-608c9408d37c req-af3f3a2e-d25f-469d-8e7e-608c9408d37c ] Request (ServersAdminNegativeTestJSON:setUpClass): 200 GET http://10.180.1.21/compute/v2.1/servers/fe9a8a13-73ec-4556-a62c-cc49fd01f539 2.603s
2025-03-10 15:50:44.868 68591 INFO tempest.common.waiters [-] State transition "BUILD/None" ==> "BUILD/spawning" after 16 second wait
2025-03-10 15:50:44.918 68563 INFO tempest.lib.common.rest_client [req-6493df77-1eaf-471b-97ec-dd40e403e41a req-6493df77-1eaf-471b-97ec-dd40e403e41a ] Request (ServicesAdminTestJSON:tearDownClass): 204 DELETE http://10.180.1.21:9696/networking/v2.0/security-groups/3c12d4d6-9983-48bc-8474-100f8a05095b 0.283s
2025-03-10 15:50:45.025 68617 INFO tempest.lib.common.rest_client [req-753d8621-3492-4cf9-826e-7488ffb9aed8 req-753d8621-3492-4cf9-826e-7488ffb9aed8 ] Request (VolumesAdminNegativeTest:test_update_attached_volume_with_nonexistent_volume_in_body): 200 GET http://10.180.1.21/compute/v2.1/servers/52fbfbe4-1807-4d6d-9139-ebe30e6bf647 2.417s
2025-03-10 15:50:45.039 68605 INFO tempest.lib.common.rest_client [req-f23ea991-40fe-438f-be08-c78fa8b1de5f req-f23ea991-40fe-438f-be08-c78fa8b1de5f ] Request (FlavorsExtraSpecsTestJSON:tearDownClass): 200 GET http://10.180.1.21:9696/networking/v2.0/security-groups?tenant_id=dbcda47a86564791b8bde24890848b7a&name=default 0.330s
2025-03-10 15:50:45.085 68563 INFO tempest.lib.common.rest_client [req-6fdbc39d-5850-4ef6-857d-5fc6fb76a85e req-6fdbc39d-5850-4ef6-857d-5fc6fb76a85e ] Request (ServicesAdminTestJSON:tearDownClass): 204 DELETE http://10.180.1.21/identity/v3/projects/5a8681d121394e41b3c3a723976b83de 0.166s
2025-03-10 15:50:45.085 68563 INFO tempest.lib.common.dynamic_creds [-] Deleting project and security group for project: 533114a1be114aacb2aec166462a90a8
2025-03-10 15:50:45.127 68613 INFO tempest.lib.common.rest_client [req-d74da634-5e96-4633-8964-b551223e38c0 req-d74da634-5e96-4633-8964-b551223e38c0 ] Request (FloatingIPsAssociationNegativeTestJSON:setUpClass): 200 GET http://10.180.1.21/compute/v2.1/servers/9f4b2b94-ec19-4a8e-8663-ab71c417d093 2.258s
2025-03-10 15:50:45.155 68583 INFO tempest.lib.common.rest_client [req-1cc8f138-880c-478e-94ac-15bef492f36a req-1cc8f138-880c-478e-94ac-15bef492f36a ] Request (SecurityGroupsTestAdminJSON:_run_cleanups): 202 DELETE http://10.180.1.21/compute/v2.1/os-security-groups/8782fb6d-b5c7-4785-84f4-5f92fd3225d3 2.513s
2025-03-10 15:50:45.298 68605 INFO tempest.lib.common.rest_client [req-5ec2dfff-6a70-44b0-a026-fa0b72894f93 req-5ec2dfff-6a70-44b0-a026-fa0b72894f93 ] Request (FlavorsExtraSpecsTestJSON:tearDownClass): 204 DELETE http://10.180.1.21:9696/networking/v2.0/security-groups/113c1762-041d-4ddd-8a7c-0ac0695991da 0.258s
2025-03-10 15:50:45.373 68595 INFO tempest.lib.common.rest_client [req-8eada3f7-85b8-41a1-ba44-99a74188c529 req-8eada3f7-85b8-41a1-ba44-99a74188c529 ] Request (ImagesMetadataTestJSON:test_set_image_metadata_item): 200 PUT http://10.180.1.21/compute/v2.1/images/43f5ba37-3fec-4d6b-818d-1c6752089318/metadata/os_version 2.456s
2025-03-10 15:50:45.389 68561 INFO tempest.lib.common.rest_client [req-7ba308c4-dddb-430a-98f3-5f8e9c6acc06 req-7ba308c4-dddb-430a-98f3-5f8e9c6acc06 ] Request (HostsAdminNegativeTestJSON:test_update_nonexistent_host): 404 PUT http://10.180.1.21/compute/v2.1/os-hosts/nonexistent_hostname 2.074s
2025-03-10 15:50:45.400 68587 INFO tempest.lib.common.rest_client [req-6d4c97a0-6052-42c7-8f81-78d063b415ac req-6d4c97a0-6052-42c7-8f81-78d063b415ac ] Request (AggregatesAdminNegativeTestJSON:test_aggregate_create_aggregate_name_length_less_than_1): 400 POST http://10.180.1.21/compute/v2.1/os-aggregates 2.069s
2025-03-10 15:50:45.413 68563 INFO tempest.lib.common.rest_client [req-92d04f89-d582-4188-a708-de6d1c218301 req-92d04f89-d582-4188-a708-de6d1c218301 ] Request (ServicesAdminTestJSON:tearDownClass): 200 GET http://10.180.1.21:9696/networking/v2.0/security-groups?tenant_id=533114a1be114aacb2aec166462a90a8&name=default 0.327s
2025-03-10 15:50:45.425 68605 INFO tempest.lib.common.rest_client [req-083eee1a-1c19-43c6-9646-84ecdbee8ce3 req-083eee1a-1c19-43c6-9646-84ecdbee8ce3 ] Request (FlavorsExtraSpecsTestJSON:tearDownClass): 204 DELETE http://10.180.1.21/identity/v3/projects/dbcda47a86564791b8bde24890848b7a 0.127s
2025-03-10 15:50:45.447 68575 INFO tempest.lib.common.rest_client [req-8f6ca106-35d8-4d95-ba9d-14fe7514764d req-8f6ca106-35d8-4d95-ba9d-14fe7514764d ] Request (ServersV294TestFqdnHostnames:setUpClass): 200 GET http://10.180.1.21/compute/v2.1/servers/e28d0927-17c2-4256-93d4-ef0cc2c9b92a 2.207s
2025-03-10 15:50:45.461 68607 INFO tempest.lib.common.rest_client [req-a0a28708-f93d-4e3a-a102-31a975356f30 req-a0a28708-f93d-4e3a-a102-31a975356f30 ] Request (VolumesAssistedSnapshotsTest:test_volume_assisted_snapshot_create_delete): 200 GET http://10.180.1.21/compute/v2.1/servers/5b58896c-cb07-48c8-ace0-385486a3e19d 2.118s
2025-03-10 15:50:45.465 68575 INFO tempest.api.compute.base [-] Attempting to verify tagged devices in server e28d0927-17c2-4256-93d4-ef0cc2c9b92a via the metadata service: http://169.254.169.254/openstack/latest/meta_data.json
2025-03-10 15:50:45.465 68575 INFO tempest.lib.common.ssh [-] Creating ssh connection to '10.180.180.207:22' as 'cirros' with public key authentication
2025-03-10 15:50:45.488 68609 INFO tempest.lib.common.rest_client [req-67205176-92ae-4f9f-8471-6070225c9190 req-67205176-92ae-4f9f-8471-6070225c9190 ] Request (FlavorsAccessNegativeTestJSON:_run_cleanups): 200 GET http://10.180.1.21/compute/v2.1/flavors/detail 2.117s
2025-03-10 15:50:45.509 68585 INFO tempest.lib.common.rest_client [req-6f39a002-e0c1-406f-ac2d-22f7499f556e req-6f39a002-e0c1-406f-ac2d-22f7499f556e ] Request (ServicesAdminNegativeTestJSON:test_get_service_with_valid_service_and_invalid_host): 200 GET http://10.180.1.21/compute/v2.1/os-services 2.081s
2025-03-10 15:50:45.527 68605 INFO tempest.lib.common.rest_client [req-51ce7777-5470-445e-a320-94f42b3c796b req-51ce7777-5470-445e-a320-94f42b3c796b ] Request (QuotasAdminTestV236:setUpClass): 201 POST http://10.180.1.21/identity/v3/auth/tokens 0.101s
2025-03-10 15:50:45.530 68577 INFO tempest.lib.common.rest_client [req-8c7d0a32-cbc1-4de3-8bf3-6450ca90ad5f req-8c7d0a32-cbc1-4de3-8bf3-6450ca90ad5f ] Request (FlavorsAdminTestJSON:_run_cleanups): 202 DELETE http://10.180.1.21/compute/v2.1/flavors/65791699-fba7-4e0d-a7f6-b7ae27e43e38 2.075s
2025-03-10 15:50:45.557 68603 INFO tempest.lib.common.rest_client [req-62ce83ca-70fd-4c40-92b9-e7b10b97011e req-62ce83ca-70fd-4c40-92b9-e7b10b97011e ] Request (KeyPairsV2TestJSON:_run_cleanups): 202 DELETE http://10.180.1.21/compute/v2.1/os-keypairs/tempest-keypair-751792241 2.052s
2025-03-10 15:50:45.574 68561 INFO tempest.lib.common.rest_client [req-add903c3-59cc-434c-9cfd-dbf6842060a5 req-add903c3-59cc-434c-9cfd-dbf6842060a5 ] Request (HostsAdminNegativeTestJSON:tearDownClass): 204 DELETE http://10.180.1.21/identity/v3/users/e716c53aac1a40348afe8415e409a699 0.183s
2025-03-10 15:50:45.656 68605 INFO tempest.lib.common.rest_client [req-f532c1f4-9a76-49a4-b858-1259f6ee9a3f req-f532c1f4-9a76-49a4-b858-1259f6ee9a3f ] Request (QuotasAdminTestV236:setUpClass): 201 POST http://10.180.1.21/identity/v3/auth/tokens 0.126s
2025-03-10 15:50:45.666 68563 INFO tempest.lib.common.rest_client [req-e1912786-3468-4747-9371-a420718afaa2 req-e1912786-3468-4747-9371-a420718afaa2 ] Request (ServicesAdminTestJSON:tearDownClass): 204 DELETE http://10.180.1.21:9696/networking/v2.0/security-groups/18b29078-b65b-43cc-92d3-5df88c0b7cbc 0.252s
2025-03-10 15:50:45.691 68621 INFO tempest.lib.common.rest_client [req-b5964b51-c086-4ca3-957c-acd3ecfd545b req-b5964b51-c086-4ca3-957c-acd3ecfd545b ] Request (SecurityGroupRulesNegativeTestJSON:setUpClass): 200 PUT http://10.180.1.21:9696/networking/v2.0/routers/530dc209-e496-45e1-a3d5-88e3e9023a66/add_router_interface 2.858s
2025-03-10 15:50:45.691 68621 INFO tempest.lib.common.dynamic_creds [-] Created isolated network resources for: credentials: Credentials: {'domain_id': 'default', 'domain_name': 'Default', 'username': 'tempest-SecurityGroupRulesNegativeTestJSON-1195344699-project-member', 'project_domain_id': 'default', 'project_domain_name': 'Default', 'project_id': 'ebe6b853d68746e4baf1ae81f294aa30', 'project_name': 'tempest-SecurityGroupRulesNegativeTestJSON-1195344699', 'tenant_id': 'ebe6b853d68746e4baf1ae81f294aa30', 'tenant_name': 'tempest-SecurityGroupRulesNegativeTestJSON-1195344699', 'user_domain_id': 'default', 'user_domain_name': 'Default', 'user_id': '4cd5ceddd1754558b4a8733b7107f998', 'system': None}, Network: {'id': '433c8bac-5dbc-4211-9bf1-2a9addf7df44', 'name': 'tempest-SecurityGroupRulesNegativeTestJSON-650473088-network', 'tenant_id': 'ebe6b853d68746e4baf1ae81f294aa30', 'admin_state_up': True, 'mtu': 8950, 'status': 'ACTIVE', 'subnets': [], 'shared': False, 'project_id': 'ebe6b853d68746e4baf1ae81f294aa30', 'port_security_enabled': True, 'router:external': False, 'provider:network_type': 'vlan', 'provider:physical_network': 'default', 'provider:segmentation_id': 321, 'availability_zone_hints': [], 'availability_zones': [], 'ipv4_address_scope': None, 'ipv6_address_scope': None, 'description': '', 'tags': [], 'created_at': '2025-03-10T15:50:40Z', 'updated_at': '2025-03-10T15:50:40Z', 'revision_number': 1}, Subnet: {'id': 'e5489555-3799-4068-a984-55703e72004b', 'name': 'tempest-SecurityGroupRulesNegativeTestJSON-650473088-subnet', 'tenant_id': 'ebe6b853d68746e4baf1ae81f294aa30', 'network_id': '433c8bac-5dbc-4211-9bf1-2a9addf7df44', 'ip_version': 4, 'subnetpool_id': None, 'enable_dhcp': True, 'ipv6_ra_mode': None, 'ipv6_address_mode': None, 'gateway_ip': '192.168.128.1', 'cidr': '192.168.128.0/28', 'allocation_pools': [{'start': '192.168.128.2', 'end': '192.168.128.14'}], 'host_routes': [], 'dns_nameservers': [], 'description': '', 'router:external': False, 'service_types': [], 'tags': [], 'created_at': '2025-03-10T15:50:40Z', 'updated_at': '2025-03-10T15:50:40Z', 'revision_number': 0, 'project_id': 'ebe6b853d68746e4baf1ae81f294aa30'}, Router: {'id': '530dc209-e496-45e1-a3d5-88e3e9023a66', 'name': 'tempest-SecurityGroupRulesNegativeTestJSON-650473088-router', 'tenant_id': 'ebe6b853d68746e4baf1ae81f294aa30', 'admin_state_up': True, 'status': 'ACTIVE', 'external_gateway_info': {'network_id': '25fe8df5-b7d9-4a0c-ac71-05fca4658ae6', 'external_fixed_ips': [{'subnet_id': '5a905900-35bd-42ce-b7c2-c94d26004da3', 'ip_address': '10.180.180.251'}], 'enable_snat': True}, 'description': '', 'availability_zones': [], 'distributed': False, 'ha': False, 'availability_zone_hints': [], 'routes': [], 'flavor_id': None, 'tags': [], 'created_at': '2025-03-10T15:50:41Z', 'updated_at': '2025-03-10T15:50:42Z', 'revision_number': 2, 'project_id': 'ebe6b853d68746e4baf1ae81f294aa30'}
2025-03-10 15:50:45.708 68605 INFO tempest.lib.common.rest_client [req-e0014825-7b96-4f23-ab89-9fcfe9c90cf9 req-e0014825-7b96-4f23-ab89-9fcfe9c90cf9 ] Request (QuotasAdminTestV236:setUpClass): 200 GET http://10.180.1.21/identity/v3/domains?name=Default 0.051s
2025-03-10 15:50:45.779 68561 INFO tempest.lib.common.rest_client [req-1c8d08d2-e0b2-4c1a-9084-a747587c15ee req-1c8d08d2-e0b2-4c1a-9084-a747587c15ee ] Request (HostsAdminNegativeTestJSON:tearDownClass): 204 DELETE http://10.180.1.21/identity/v3/users/c849c5ba92bb4d7aa1621578a099dcd7 0.205s
2025-03-10 15:50:45.780 68561 INFO tempest.lib.common.dynamic_creds [-] Deleting project and security group for project: 26e2f842cc0042638225395064bb99e0
2025-03-10 15:50:45.824 68624 INFO tempest.lib.common.rest_client [req-701dcdc6-2a1d-41df-ba89-40073b1004b2 req-701dcdc6-2a1d-41df-ba89-40073b1004b2 ] Request (DeleteServersAdminTestJSON:test_admin_delete_servers_of_others): 204 DELETE http://10.180.1.21/compute/v2.1/servers/105f0ad6-1591-40b9-997c-280860bd6501 2.475s
2025-03-10 15:50:45.855 68569 INFO tempest.lib.common.rest_client [req-b481da6b-f964-4fe3-9ba1-742a5ceee24d req-b481da6b-f964-4fe3-9ba1-742a5ceee24d ] Request (ImagesMetadataNegativeTestJSON:test_list_nonexistent_image_metadata): 404 GET http://10.180.1.21/compute/v2.1/images/fb15f881-d561-48a7-997f-0a7cd43fe285/metadata 2.196s
2025-03-10 15:50:45.887 68563 INFO tempest.lib.common.rest_client [req-b4aa2c89-2e00-4488-a1d4-bfb76dc91e1f req-b4aa2c89-2e00-4488-a1d4-bfb76dc91e1f ] Request (ServicesAdminTestJSON:tearDownClass): 204 DELETE http://10.180.1.21/identity/v3/projects/533114a1be114aacb2aec166462a90a8 0.220s
2025-03-10 15:50:45.911 68571 INFO tempest.lib.common.rest_client [req-b79dafe8-7546-4851-bd9c-1529119da306 req-b79dafe8-7546-4851-bd9c-1529119da306 ] Request (QuotasAdminNegativeTest:_run_cleanups): 200 PUT http://10.180.1.21/compute/v2.1/os-quota-sets/c6bdb74870744833bc1f74d81a6a465e 2.279s
2025-03-10 15:50:45.925 68621 INFO tempest.lib.common.rest_client [req-e444f7bc-d629-4980-8777-7b6fd0eff10d req-e444f7bc-d629-4980-8777-7b6fd0eff10d ] Request (SecurityGroupRulesNegativeTestJSON:setUpClass): 201 POST http://10.180.1.21/identity/v3/auth/tokens 0.229s
2025-03-10 15:50:45.950 68561 INFO tempest.lib.common.rest_client [req-bc5237d7-0ce9-4a61-966b-806eb67ec941 req-bc5237d7-0ce9-4a61-966b-806eb67ec941 ] Request (HostsAdminNegativeTestJSON:tearDownClass): 201 POST http://10.180.1.21/identity/v3/auth/tokens 0.170s
2025-03-10 15:50:45.976 68563 INFO tempest.lib.common.rest_client [req-a32e3b5e-2dae-4c92-a1e1-f3f26fa6347d req-a32e3b5e-2dae-4c92-a1e1-f3f26fa6347d ] Request (ListServersNegativeTestJSON:setUpClass): 201 POST http://10.180.1.21/identity/v3/auth/tokens 0.087s
2025-03-10 15:50:45.985 68605 INFO tempest.lib.common.rest_client [req-00041e55-0c44-48d9-9e30-47460c177af7 req-00041e55-0c44-48d9-9e30-47460c177af7 ] Request (QuotasAdminTestV236:setUpClass): 201 POST http://10.180.1.21/identity/v3/projects 0.277s
2025-03-10 15:50:45.992 68615 INFO tempest.lib.common.rest_client [req-d605a175-2127-42cb-85fa-1cd7f0b3506d req-d605a175-2127-42cb-85fa-1cd7f0b3506d ] Request (ServersWithSpecificFlavorTestJSON:test_verify_created_server_ephemeral_disk): 200 GET http://10.180.1.21/compute/v2.1/servers/12fad42a-1011-4563-b11f-7b141b2a1670 1.977s
2025-03-10 15:50:46.050 68563 INFO tempest.lib.common.rest_client [req-6a41e7e3-1d2b-4534-b4e1-65a4528cd8ee req-6a41e7e3-1d2b-4534-b4e1-65a4528cd8ee ] Request (ListServersNegativeTestJSON:setUpClass): 201 POST http://10.180.1.21/identity/v3/auth/tokens 0.072s
2025-03-10 15:50:46.063 68573 INFO tempest.lib.common.rest_client [req-7172c440-0132-49db-9647-87a7d9d0ba6d req-7172c440-0132-49db-9647-87a7d9d0ba6d ] Request (SecurityGroupsNegativeTestJSON:setUpClass): 200 PUT http://10.180.1.21:9696/networking/v2.0/routers/5e5d271d-7558-4031-a4da-899b0476e156/add_router_interface 2.829s
2025-03-10 15:50:46.063 68573 INFO tempest.lib.common.dynamic_creds [-] Created isolated network resources for: credentials: Credentials: {'domain_id': 'default', 'domain_name': 'Default', 'username': 'tempest-SecurityGroupsNegativeTestJSON-977364968-project-member', 'project_domain_id': 'default', 'project_domain_name': 'Default', 'project_id': '167112529fb445c0bb047a324ddf9f6f', 'project_name': 'tempest-SecurityGroupsNegativeTestJSON-977364968', 'tenant_id': '167112529fb445c0bb047a324ddf9f6f', 'tenant_name': 'tempest-SecurityGroupsNegativeTestJSON-977364968', 'user_domain_id': 'default', 'user_domain_name': 'Default', 'user_id': 'ed6b4f04d06249dc99006cf1dcda89b5', 'system': None}, Network: {'id': '9ead20f1-eff5-409f-b08e-542ec3f7d952', 'name': 'tempest-SecurityGroupsNegativeTestJSON-1509939885-network', 'tenant_id': '167112529fb445c0bb047a324ddf9f6f', 'admin_state_up': True, 'mtu': 8950, 'status': 'ACTIVE', 'subnets': [], 'shared': False, 'project_id': '167112529fb445c0bb047a324ddf9f6f', 'port_security_enabled': True, 'router:external': False, 'provider:network_type': 'vlan', 'provider:physical_network': 'default', 'provider:segmentation_id': 491, 'availability_zone_hints': [], 'availability_zones': [], 'ipv4_address_scope': None, 'ipv6_address_scope': None, 'description': '', 'tags': [], 'created_at': '2025-03-10T15:50:41Z', 'updated_at': '2025-03-10T15:50:41Z', 'revision_number': 1}, Subnet: {'id': 'ac40bcd2-cd77-48b2-9ea1-51104375d306', 'name': 'tempest-SecurityGroupsNegativeTestJSON-1509939885-subnet', 'tenant_id': '167112529fb445c0bb047a324ddf9f6f', 'network_id': '9ead20f1-eff5-409f-b08e-542ec3f7d952', 'ip_version': 4, 'subnetpool_id': None, 'enable_dhcp': True, 'ipv6_ra_mode': None, 'ipv6_address_mode': None, 'gateway_ip': '192.168.128.1', 'cidr': '192.168.128.0/28', 'allocation_pools': [{'start': '192.168.128.2', 'end': '192.168.128.14'}], 'host_routes': [], 'dns_nameservers': [], 'description': '', 'router:external': False, 'service_types': [], 'tags': [], 'created_at': '2025-03-10T15:50:41Z', 'updated_at': '2025-03-10T15:50:41Z', 'revision_number': 0, 'project_id': '167112529fb445c0bb047a324ddf9f6f'}, Router: {'id': '5e5d271d-7558-4031-a4da-899b0476e156', 'name': 'tempest-SecurityGroupsNegativeTestJSON-1509939885-router', 'tenant_id': '167112529fb445c0bb047a324ddf9f6f', 'admin_state_up': True, 'status': 'ACTIVE', 'external_gateway_info': {'network_id': '25fe8df5-b7d9-4a0c-ac71-05fca4658ae6', 'external_fixed_ips': [{'subnet_id': '5a905900-35bd-42ce-b7c2-c94d26004da3', 'ip_address': '10.180.180.189'}], 'enable_snat': True}, 'description': '', 'availability_zones': [], 'distributed': False, 'ha': False, 'availability_zone_hints': [], 'routes': [], 'flavor_id': None, 'tags': [], 'created_at': '2025-03-10T15:50:41Z', 'updated_at': '2025-03-10T15:50:42Z', 'revision_number': 2, 'project_id': '167112529fb445c0bb047a324ddf9f6f'}
2025-03-10 15:50:46.072 68605 INFO tempest.lib.common.rest_client [req-ea4f50b1-30f9-471f-80aa-1121afc6f4bb req-ea4f50b1-30f9-471f-80aa-1121afc6f4bb ] Request (QuotasAdminTestV236:setUpClass): 201 POST http://10.180.1.21/identity/v3/users 0.086s
