2025-03-17 09:37:55.361 68758 INFO tempest.lib.common.rest_client [req-efd2320e-2125-4cab-b6d4-0c5d88179811 req-efd2320e-2125-4cab-b6d4-0c5d88179811 ] Request (ServerTagsTestJSON:setUpClass): 200 GET http://10.180.1.21/compute/v2.1/servers/14ea71d3-251f-4b36-a4dc-b23750b7e83b 0.195s
2025-03-17 09:37:55.387 68716 INFO tempest.lib.common.rest_client [req-55b571c5-30c7-438d-b812-aed8ccf1cd79 req-55b571c5-30c7-438d-b812-aed8ccf1cd79 ] Request (ServersAdminTestJSON:test_create_server_with_scheduling_hint): 200 GET http://10.180.1.21/compute/v2.1/servers/eb194a52-be98-458f-aae2-60d43617fd1b 0.171s
2025-03-17 09:37:55.412 68724 INFO tempest.lib.common.rest_client [req-0e2192bd-e147-4d29-8cf1-499ab9b2ffd4 req-0e2192bd-e147-4d29-8cf1-499ab9b2ffd4 ] Request (ServersNegativeTestJSON:setUpClass): 201 POST http://10.180.1.21:9696/networking/v2.0/subnets 0.252s
2025-03-17 09:37:55.479 68710 INFO tempest.lib.common.rest_client [req-fd515703-85d0-4d21-bff8-d69cab2b4bcb req-fd515703-85d0-4d21-bff8-d69cab2b4bcb ] Request (MigrationsAdminTest:test_resize_server_revert_deleted_flavor): 200 GET http://10.180.1.21/compute/v2.1/servers/3ebfcb0d-4fd5-4d7f-9caa-c2e47886a0ef 0.198s
2025-03-17 09:37:55.514 68734 INFO tempest.lib.common.rest_client [req-69b1dc97-7d56-4edb-b2fb-e92f04934264 req-69b1dc97-7d56-4edb-b2fb-e92f04934264 ] Request (ServerActionsTestOtherA:setUpClass): 200 GET http://10.180.1.21/compute/v2.1/servers/d6b19435-f7df-4b89-b0b1-b147ff8d8f64 0.282s
2025-03-17 09:37:55.568 68708 INFO tempest.lib.common.rest_client [req-19ac070e-6347-4e88-a704-43041488c9d5 req-19ac070e-6347-4e88-a704-43041488c9d5 ] Request (DeleteServersTestJSON:test_delete_server_while_in_attached_volume): 200 GET http://10.180.1.21/compute/v2.1/servers/e13a7461-a57f-4cd6-86e2-f7a513b0c5a0 0.231s
2025-03-17 09:37:55.602 68766 INFO tempest.lib.common.rest_client [req-9b1be80b-5c82-4c0a-af42-96649c6b528d req-9b1be80b-5c82-4c0a-af42-96649c6b528d ] Request (ImagesNegativeTestJSON:test_create_image_from_deleted_server): 200 GET http://10.180.1.21/compute/v2.1/servers/6ab608b6-6828-46a0-a62a-ac56156c4be3 0.208s
2025-03-17 09:37:55.628 68738 INFO tempest.lib.common.rest_client [req-487913c5-f9e8-4bb3-9f0d-a2bd7b9ba671 req-487913c5-f9e8-4bb3-9f0d-a2bd7b9ba671 ] Request (ServersTestMultiNic:test_verify_duplicate_network_nics): 200 GET http://10.180.1.21/compute/v2.1/servers/954b77db-199c-4472-a489-e6b57ac2af67 0.227s
2025-03-17 09:37:55.659 68756 INFO tempest.lib.common.rest_client [req-4424e5f6-fbfb-4d12-921f-509338bc7038 req-4424e5f6-fbfb-4d12-921f-509338bc7038 ] Request (MultipleCreateTestJSON:test_multiple_create_with_reservation_return): 200 GET http://10.180.1.21/compute/v2.1/servers/7cf7d50a-e2f5-4288-8120-0f73e85bb66a 0.216s
2025-03-17 09:37:55.683 68742 INFO tempest.lib.common.rest_client [req-78b0876b-546c-4db4-8fa7-ac08afbc124d req-78b0876b-546c-4db4-8fa7-ac08afbc124d ] Request (ServersTestBootFromVolume:setUpClass): 200 GET http://10.180.1.21/compute/v2.1/servers/22c69ccb-39b6-411a-bed9-03c7555aaeff 0.219s
2025-03-17 09:37:55.712 68714 INFO tempest.lib.common.rest_client [req-4bbe0c22-1f6d-469a-ba9b-6b384bd51a98 req-4bbe0c22-1f6d-469a-ba9b-6b384bd51a98 ] Request (ListImageFiltersTestJSON:tearDownClass): 200 GET http://10.180.1.21/compute/v2.1/servers/828732f1-e0d2-4e9c-83f1-7f43892ba7be 0.209s
2025-03-17 09:37:55.747 68722 INFO tempest.lib.common.rest_client [req-cd8e5344-299e-4fb2-a24e-b82cc52b4a89 req-cd8e5344-299e-4fb2-a24e-b82cc52b4a89 ] Request (AttachInterfacesUnderV243Test:test_add_remove_fixed_ip): 200 GET http://10.180.1.21/compute/v2.1/servers/ec6ae023-f376-4c2f-9d3d-31144b5b007e 0.166s
2025-03-17 09:37:55.819 68744 INFO tempest.lib.common.rest_client [req-bcc53a56-47d7-4567-8255-b19622e7992c req-bcc53a56-47d7-4567-8255-b19622e7992c ] Request (DeleteServersAdminTestJSON:test_delete_server_while_in_error_state): 200 GET http://10.180.1.21/compute/v2.1/servers/03e4e020-511f-4d10-87a7-5e14a74cd77b 0.103s
2025-03-17 09:37:55.842 68770 INFO tempest.lib.common.rest_client [req-9114da2c-0c0e-4e8a-9edc-59229d0c7086 req-9114da2c-0c0e-4e8a-9edc-59229d0c7086 ] Request (ImagesTestJSON:test_create_image_from_stopped_server): 200 GET http://10.180.1.21/compute/v2.1/servers/0ce27112-6779-453d-845a-eb7bd66c49f9 0.181s
2025-03-17 09:37:55.850 68770 INFO tempest.common.waiters [-] State transition "BUILD/spawning" ==> "ACTIVE/None" after 81 second wait
2025-03-17 09:37:55.909 68762 INFO tempest.lib.common.rest_client [req-8c22fd13-d940-4e52-ac6e-18ba1558bdd4 req-8c22fd13-d940-4e52-ac6e-18ba1558bdd4 ] Request (ServerRescueTestJSONUnderV235:tearDownClass): 200 GET http://10.180.1.21/compute/v2.1/servers/e2c3bcf8-8270-4bf9-a599-ba2cc8311f5d 0.134s
2025-03-17 09:37:55.940 68746 INFO tempest.lib.common.rest_client [req-fa937d41-4e21-4d14-8cfd-a5cf2ca29d98 req-fa937d41-4e21-4d14-8cfd-a5cf2ca29d98 ] Request (ListServerFiltersTestJSON:test_list_servers_filter_by_shutoff_status): 200 GET http://10.180.1.21/compute/v2.1/servers/6e3dde6e-00a4-465d-bf1f-5bd1ab28761d 0.168s
2025-03-17 09:37:55.968 68770 INFO tempest.lib.common.rest_client [req-15a95f4f-37cf-4a53-8820-3a90a3e4dd89 req-15a95f4f-37cf-4a53-8820-3a90a3e4dd89 ] Request (ImagesTestJSON:test_create_image_from_stopped_server): 202 POST http://10.180.1.21/compute/v2.1/servers/0ce27112-6779-453d-845a-eb7bd66c49f9/action 0.117s
2025-03-17 09:37:56.009 68736 INFO tempest.lib.common.rest_client [req-b707201b-2a21-468b-8165-a130b7f729dc req-b707201b-2a21-468b-8165-a130b7f729dc ] Request (ServersListShow298Test:test_list_show_update_rebuild_server_298): 200 GET http://10.180.1.21/compute/v2.1/servers/69f2e7b4-4673-4707-87e3-e40032f09a10 0.118s
2025-03-17 09:37:56.034 68750 INFO tempest.lib.common.rest_client [req-f6e79e78-10d5-48b0-9fc9-daf451f0f0da req-f6e79e78-10d5-48b0-9fc9-daf451f0f0da ] Request (ServerGroupTestJSON:test_create_server_with_scheduler_hint_group): 200 GET http://10.180.1.21/compute/v2.1/servers/899fb4f5-ddf8-4295-8abe-99669680d1d2 0.115s
2025-03-17 09:37:56.115 68748 INFO tempest.lib.common.rest_client [req-06901b8c-c3d7-4e31-a02c-39d9cd4ec679 req-06901b8c-c3d7-4e31-a02c-39d9cd4ec679 ] Request (ServersTestManualDisk:setUpClass): 200 GET http://10.180.1.21/compute/v2.1/servers/4874b0c8-bcd3-4eca-a82f-f76539d141bb 0.139s
2025-03-17 09:37:56.123 68770 INFO tempest.lib.common.rest_client [req-291f13b7-8368-4d99-bf44-cb617215bbf8 req-291f13b7-8368-4d99-bf44-cb617215bbf8 ] Request (ImagesTestJSON:test_create_image_from_stopped_server): 200 GET http://10.180.1.21/compute/v2.1/servers/0ce27112-6779-453d-845a-eb7bd66c49f9 0.154s
2025-03-17 09:37:56.144 68768 INFO tempest.lib.common.rest_client [req-a390fd0f-05a0-4e42-87a0-d9fed38f43d7 req-a390fd0f-05a0-4e42-87a0-d9fed38f43d7 ] Request (InstanceActionsV221TestJSON:test_get_list_deleted_instance_actions): 404 GET http://10.180.1.21/compute/v2.1/servers/f2771b69-6f75-4311-a727-ce7261fe1cf5 0.035s
2025-03-17 09:37:56.193 68726 INFO tempest.lib.common.rest_client [req-467bb4b3-75cc-4293-98a1-5501ae957110 req-467bb4b3-75cc-4293-98a1-5501ae957110 ] Request (ServersAaction247Test:test_create_backup): 200 GET http://10.180.1.21/compute/v2.1/servers/9158ca40-77ed-46cc-9e18-701703d52463 0.141s
2025-03-17 09:37:56.201 68768 INFO tempest.lib.common.rest_client [req-bce5092d-15d3-49a8-9802-0323c386b763 req-bce5092d-15d3-49a8-9802-0323c386b763 ] Request (InstanceActionsV221TestJSON:test_get_list_deleted_instance_actions): 200 GET http://10.180.1.21/compute/v2.1/servers/f2771b69-6f75-4311-a727-ce7261fe1cf5/os-instance-actions 0.056s
2025-03-17 09:37:56.225 68768 INFO tempest.lib.common.rest_client [req-138a8044-ded6-4cde-b97c-abdf619f8397 req-138a8044-ded6-4cde-b97c-abdf619f8397 ] Request (InstanceActionsV221TestJSON:tearDownClass): 404 DELETE http://10.180.1.21/compute/v2.1/servers/f2771b69-6f75-4311-a727-ce7261fe1cf5 0.021s
2025-03-17 09:37:56.250 68768 INFO tempest.lib.common.rest_client [req-fb9ee3c1-5d3a-4543-a52f-bef60e5c823b req-fb9ee3c1-5d3a-4543-a52f-bef60e5c823b ] Request (InstanceActionsV221TestJSON:tearDownClass): 404 GET http://10.180.1.21/compute/v2.1/servers/f2771b69-6f75-4311-a727-ce7261fe1cf5 0.024s
2025-03-17 09:37:56.269 68740 INFO tempest.lib.common.rest_client [req-917fb20c-11fb-4007-8d3e-d06d47c1b59c req-917fb20c-11fb-4007-8d3e-d06d47c1b59c ] Request (SecurityGroupsTestJSON:test_list_security_groups_by_server): 200 GET http://10.180.1.21/compute/v2.1/servers/09d2b78c-7aab-4af8-b794-8381516c89b8 0.069s
2025-03-17 09:37:56.288 68718 INFO tempest.lib.common.rest_client [req-6637cad7-a440-4b60-b38a-46690728019d req-6637cad7-a440-4b60-b38a-46690728019d ] Request (VolumesAssistedSnapshotsTest:_run_cleanups): 200 GET http://10.180.1.21/compute/v2.1/servers/669b4866-63c3-4467-bd68-478e604042c1/os-volume_attachments 0.059s
2025-03-17 09:37:56.363 68728 INFO tempest.lib.common.rest_client [req-0b89788b-10fd-444c-9c37-5830bd140fdc req-0b89788b-10fd-444c-9c37-5830bd140fdc ] Request (ServersAdminNegativeTestJSON:tearDownClass): 200 GET http://10.180.1.21/compute/v2.1/servers/071bfe29-85ee-4aaa-99ea-0d81dc2de1a1 0.066s
2025-03-17 09:37:56.395 68720 INFO tempest.lib.common.rest_client [req-d8f7708c-f8b8-4c44-9bb7-8513ccb456a5 req-d8f7708c-f8b8-4c44-9bb7-8513ccb456a5 ] Request (FloatingIPsAssociationTestJSON:tearDownClass): 200 GET http://10.180.1.21/compute/v2.1/servers/39cf4eea-900e-4211-9afe-ae2735af2661 0.068s
2025-03-17 09:37:56.400 68724 INFO tempest.lib.common.rest_client [req-69b01810-cb64-4beb-b4d4-f44ed30a8d32 req-69b01810-cb64-4beb-b4d4-f44ed30a8d32 ] Request (ServersNegativeTestJSON:setUpClass): 201 POST http://10.180.1.21:9696/networking/v2.0/routers 0.987s
2025-03-17 09:37:56.442 68758 INFO tempest.lib.common.rest_client [req-1dcc16b2-afce-495c-bbba-8c5585a1bce4 req-1dcc16b2-afce-495c-bbba-8c5585a1bce4 ] Request (ServerTagsTestJSON:setUpClass): 200 GET http://10.180.1.21/compute/v2.1/servers/14ea71d3-251f-4b36-a4dc-b23750b7e83b 0.071s
2025-03-17 09:37:56.469 68716 INFO tempest.lib.common.rest_client [req-8e5febeb-289f-4979-aa61-2c96e281ce7c req-8e5febeb-289f-4979-aa61-2c96e281ce7c ] Request (ServersAdminTestJSON:test_create_server_with_scheduling_hint): 200 GET http://10.180.1.21/compute/v2.1/servers/eb194a52-be98-458f-aae2-60d43617fd1b 0.069s
2025-03-17 09:37:56.554 68710 INFO tempest.lib.common.rest_client [req-7e60478f-4428-41b1-9265-5514e92a88c8 req-7e60478f-4428-41b1-9265-5514e92a88c8 ] Request (MigrationsAdminTest:test_resize_server_revert_deleted_flavor): 200 GET http://10.180.1.21/compute/v2.1/servers/3ebfcb0d-4fd5-4d7f-9caa-c2e47886a0ef 0.066s
2025-03-17 09:37:56.634 68708 INFO tempest.lib.common.rest_client [req-25a81fe5-6e5a-46bc-823a-2081513d6626 req-25a81fe5-6e5a-46bc-823a-2081513d6626 ] Request (DeleteServersTestJSON:test_delete_server_while_in_attached_volume): 200 GET http://10.180.1.21/compute/v2.1/servers/e13a7461-a57f-4cd6-86e2-f7a513b0c5a0 0.058s
2025-03-17 09:37:56.704 68766 INFO tempest.lib.common.rest_client [req-e926b173-6c76-4f59-8830-d6f4e2097d05 req-e926b173-6c76-4f59-8830-d6f4e2097d05 ] Request (ImagesNegativeTestJSON:test_create_image_from_deleted_server): 200 GET http://10.180.1.21/compute/v2.1/servers/6ab608b6-6828-46a0-a62a-ac56156c4be3 0.088s
2025-03-17 09:37:56.761 68738 INFO tempest.lib.common.rest_client [req-d210f2b5-1de6-45f0-a4a0-a28e24478aa5 req-d210f2b5-1de6-45f0-a4a0-a28e24478aa5 ] Request (ServersTestMultiNic:test_verify_duplicate_network_nics): 200 GET http://10.180.1.21/compute/v2.1/servers/954b77db-199c-4472-a489-e6b57ac2af67 0.119s
2025-03-17 09:37:56.832 68756 INFO tempest.lib.common.rest_client [req-c62a6aa8-cecd-4020-9380-74480e988073 req-c62a6aa8-cecd-4020-9380-74480e988073 ] Request (MultipleCreateTestJSON:test_multiple_create_with_reservation_return): 200 GET http://10.180.1.21/compute/v2.1/servers/7cf7d50a-e2f5-4288-8120-0f73e85bb66a 0.159s
2025-03-17 09:37:56.863 68734 INFO tempest.lib.common.rest_client [req-642aae07-7c82-46b3-a711-908a932648d4 req-642aae07-7c82-46b3-a711-908a932648d4 ] Request (ServerActionsTestOtherA:setUpClass): 200 GET http://10.180.1.21/compute/v2.1/servers/d6b19435-f7df-4b89-b0b1-b147ff8d8f64 0.341s
2025-03-17 09:37:56.901 68742 INFO tempest.lib.common.rest_client [req-cd08cc66-87ea-48cd-9d4e-86f17c07c41c req-cd08cc66-87ea-48cd-9d4e-86f17c07c41c ] Request (ServersTestBootFromVolume:setUpClass): 200 GET http://10.180.1.21/compute/v2.1/servers/22c69ccb-39b6-411a-bed9-03c7555aaeff 0.211s
2025-03-17 09:37:56.943 68714 INFO tempest.lib.common.rest_client [req-bf59d3e6-a7d5-4e7b-9881-1ec28fd619a1 req-bf59d3e6-a7d5-4e7b-9881-1ec28fd619a1 ] Request (ListImageFiltersTestJSON:tearDownClass): 200 GET http://10.180.1.21/compute/v2.1/servers/828732f1-e0d2-4e9c-83f1-7f43892ba7be 0.223s
2025-03-17 09:37:56.983 68722 INFO tempest.lib.common.rest_client [req-1cf56d2a-26a8-4489-aa2b-475d2bf93891 req-1cf56d2a-26a8-4489-aa2b-475d2bf93891 ] Request (AttachInterfacesUnderV243Test:test_add_remove_fixed_ip): 200 GET http://10.180.1.21/compute/v2.1/servers/ec6ae023-f376-4c2f-9d3d-31144b5b007e 0.225s
2025-03-17 09:37:57.022 68744 INFO tempest.lib.common.rest_client [req-61ea93fc-8145-4814-92b2-969391f93c92 req-61ea93fc-8145-4814-92b2-969391f93c92 ] Request (DeleteServersAdminTestJSON:test_delete_server_while_in_error_state): 200 GET http://10.180.1.21/compute/v2.1/servers/03e4e020-511f-4d10-87a7-5e14a74cd77b 0.196s
2025-03-17 09:37:57.065 68762 INFO tempest.lib.common.rest_client [req-6f6faa63-b630-4180-b8d8-8e49588e9bcd req-6f6faa63-b630-4180-b8d8-8e49588e9bcd ] Request (ServerRescueTestJSONUnderV235:tearDownClass): 200 GET http://10.180.1.21/compute/v2.1/servers/e2c3bcf8-8270-4bf9-a599-ba2cc8311f5d 0.149s
2025-03-17 09:37:57.144 68736 INFO tempest.lib.common.rest_client [req-757cc618-d949-45c9-9687-eda23defe6b0 req-757cc618-d949-45c9-9687-eda23defe6b0 ] Request (ServersListShow298Test:test_list_show_update_rebuild_server_298): 200 GET http://10.180.1.21/compute/v2.1/servers/69f2e7b4-4673-4707-87e3-e40032f09a10 0.120s
2025-03-17 09:37:57.203 68746 INFO tempest.lib.common.rest_client [req-7077877e-8186-4c1f-8a86-d82e011db1e7 req-7077877e-8186-4c1f-8a86-d82e011db1e7 ] Request (ListServerFiltersTestJSON:test_list_servers_filter_by_shutoff_status): 200 GET http://10.180.1.21/compute/v2.1/servers/6e3dde6e-00a4-465d-bf1f-5bd1ab28761d 0.251s
2025-03-17 09:37:57.212 68750 INFO tempest.lib.common.rest_client [req-9c816b24-50f2-42b5-9618-51123cfb29c0 req-9c816b24-50f2-42b5-9618-51123cfb29c0 ] Request (ServerGroupTestJSON:test_create_server_with_scheduler_hint_group): 200 GET http://10.180.1.21/compute/v2.1/servers/899fb4f5-ddf8-4295-8abe-99669680d1d2 0.170s
2025-03-17 09:37:57.271 68748 INFO tempest.lib.common.rest_client [req-33096a0b-08ea-4017-8a43-a4d1028d41ee req-33096a0b-08ea-4017-8a43-a4d1028d41ee ] Request (ServersTestManualDisk:setUpClass): 200 GET http://10.180.1.21/compute/v2.1/servers/4874b0c8-bcd3-4eca-a82f-f76539d141bb 0.138s
2025-03-17 09:37:57.319 68768 INFO tempest.lib.common.rest_client [req-5625e7d1-23a5-45d3-9797-b46f841ebd64 req-5625e7d1-23a5-45d3-9797-b46f841ebd64 ] Request (InstanceActionsV221TestJSON:tearDownClass): 200 PUT http://10.180.1.21:9696/networking/v2.0/routers/d820c737-b6ec-470d-b5ad-bb3667892f20/remove_router_interface 1.068s
2025-03-17 09:37:57.338 68726 INFO tempest.lib.common.rest_client [req-e1e40bf4-c9e8-40dd-af2e-78a549293c55 req-e1e40bf4-c9e8-40dd-af2e-78a549293c55 ] Request (ServersAaction247Test:test_create_backup): 200 GET http://10.180.1.21/compute/v2.1/servers/9158ca40-77ed-46cc-9e18-701703d52463 0.129s
2025-03-17 09:37:57.367 68770 INFO tempest.lib.common.rest_client [req-dbb634ec-7bbc-4526-9fa4-c1086f44e1c9 req-dbb634ec-7bbc-4526-9fa4-c1086f44e1c9 ] Request (ImagesTestJSON:test_create_image_from_stopped_server): 200 GET http://10.180.1.21/compute/v2.1/servers/0ce27112-6779-453d-845a-eb7bd66c49f9 0.230s
2025-03-17 09:37:57.392 68740 INFO tempest.lib.common.rest_client [req-59248a3a-cb05-46fb-a82c-51d5acf44aab req-59248a3a-cb05-46fb-a82c-51d5acf44aab ] Request (SecurityGroupsTestJSON:test_list_security_groups_by_server): 200 GET http://10.180.1.21/compute/v2.1/servers/09d2b78c-7aab-4af8-b794-8381516c89b8 0.111s
2025-03-17 09:37:57.395 68718 INFO tempest.lib.common.rest_client [req-0d5981d1-56f0-4b02-8a0c-c4c5c0eacf44 req-0d5981d1-56f0-4b02-8a0c-c4c5c0eacf44 ] Request (VolumesAssistedSnapshotsTest:_run_cleanups): 200 GET http://10.180.1.21/compute/v2.1/servers/669b4866-63c3-4467-bd68-478e604042c1/os-volume_attachments 0.106s
2025-03-17 09:37:57.453 68728 INFO tempest.lib.common.rest_client [req-483e4f8f-6a98-4d7f-b9ae-4959d32f1068 req-483e4f8f-6a98-4d7f-b9ae-4959d32f1068 ] Request (ServersAdminNegativeTestJSON:tearDownClass): 200 GET http://10.180.1.21/compute/v2.1/servers/071bfe29-85ee-4aaa-99ea-0d81dc2de1a1 0.082s
2025-03-17 09:37:57.462 68728 INFO tempest.common.waiters [-] State transition "ACTIVE/deleting" ==> "DELETED/None" after 3 second wait
2025-03-17 09:37:57.473 68720 INFO tempest.lib.common.rest_client [req-efe81933-2a01-453d-84d4-68ba46e18533 req-efe81933-2a01-453d-84d4-68ba46e18533 ] Request (FloatingIPsAssociationTestJSON:tearDownClass): 200 GET http://10.180.1.21/compute/v2.1/servers/39cf4eea-900e-4211-9afe-ae2735af2661 0.066s
2025-03-17 09:37:57.521 68758 INFO tempest.lib.common.rest_client [req-7487db26-39f0-47fe-abe2-c94a8d239415 req-7487db26-39f0-47fe-abe2-c94a8d239415 ] Request (ServerTagsTestJSON:setUpClass): 200 GET http://10.180.1.21/compute/v2.1/servers/14ea71d3-251f-4b36-a4dc-b23750b7e83b 0.069s
2025-03-17 09:37:57.533 68724 INFO tempest.lib.common.rest_client [req-3fca580a-cdaa-4378-838f-688390028f0c req-3fca580a-cdaa-4378-838f-688390028f0c ] Request (ServersNegativeTestJSON:setUpClass): 200 PUT http://10.180.1.21:9696/networking/v2.0/routers/dbefd5b9-f199-43c8-baee-740953103134/add_router_interface 1.133s
2025-03-17 09:37:57.534 68724 INFO tempest.lib.common.dynamic_creds [-] Created isolated network resources for: credentials: Credentials: {'domain_id': 'default', 'domain_name': 'Default', 'username': 'tempest-ServersNegativeTestJSON-1153463135-project-member', 'project_domain_id': 'default', 'project_domain_name': 'Default', 'project_id': 'baa91632df62443f90f1bd59cb669f91', 'project_name': 'tempest-ServersNegativeTestJSON-1153463135', 'tenant_id': 'baa91632df62443f90f1bd59cb669f91', 'tenant_name': 'tempest-ServersNegativeTestJSON-1153463135', 'user_domain_id': 'default', 'user_domain_name': 'Default', 'user_id': 'aff49021f54e4e47829c854bd8ad765e', 'system': None}, Network: {'id': 'cb61484d-cb80-445f-b598-cfdb44a84d87', 'name': 'tempest-ServersNegativeTestJSON-741119720-network', 'tenant_id': 'baa91632df62443f90f1bd59cb669f91', 'admin_state_up': True, 'mtu': 8950, 'status': 'ACTIVE', 'subnets': [], 'shared': False, 'project_id': 'baa91632df62443f90f1bd59cb669f91', 'port_security_enabled': True, 'router:external': False, 'provider:network_type': 'vlan', 'provider:physical_network': 'default', 'provider:segmentation_id': 480, 'availability_zone_hints': [], 'availability_zones': [], 'ipv4_address_scope': None, 'ipv6_address_scope': None, 'description': '', 'tags': [], 'created_at': '2025-03-17T09:37:55Z', 'updated_at': '2025-03-17T09:37:55Z', 'revision_number': 1}, Subnet: {'id': 'e0d15577-1e83-41b2-b802-e35c52d5046f', 'name': 'tempest-ServersNegativeTestJSON-741119720-subnet', 'tenant_id': 'baa91632df62443f90f1bd59cb669f91', 'network_id': 'cb61484d-cb80-445f-b598-cfdb44a84d87', 'ip_version': 4, 'subnetpool_id': None, 'enable_dhcp': True, 'ipv6_ra_mode': None, 'ipv6_address_mode': None, 'gateway_ip': '192.168.128.1', 'cidr': '192.168.128.0/28', 'allocation_pools': [{'start': '192.168.128.2', 'end': '192.168.128.14'}], 'host_routes': [], 'dns_nameservers': [], 'description': '', 'router:external': False, 'service_types': [], 'tags': [], 'created_at': '2025-03-17T09:37:55Z', 'updated_at': '2025-03-17T09:37:55Z', 'revision_number': 0, 'project_id': 'baa91632df62443f90f1bd59cb669f91'}, Router: {'id': 'dbefd5b9-f199-43c8-baee-740953103134', 'name': 'tempest-ServersNegativeTestJSON-741119720-router', 'tenant_id': 'baa91632df62443f90f1bd59cb669f91', 'admin_state_up': True, 'status': 'ACTIVE', 'external_gateway_info': {'network_id': 'f8ccdb4c-2249-4acc-91d5-9777bb8b0317', 'external_fixed_ips': [{'subnet_id': 'fbb391e0-8415-4dc2-8540-3df3c1ff088f', 'ip_address': '10.180.180.198'}], 'enable_snat': True}, 'description': '', 'availability_zones': [], 'distributed': False, 'ha': False, 'availability_zone_hints': [], 'routes': [], 'flavor_id': None, 'tags': [], 'created_at': '2025-03-17T09:37:55Z', 'updated_at': '2025-03-17T09:37:55Z', 'revision_number': 2, 'project_id': 'baa91632df62443f90f1bd59cb669f91'}
2025-03-17 09:37:57.538 68716 INFO tempest.lib.common.rest_client [req-5f621182-ccd5-4cca-9ea5-091a1c1bcdd2 req-5f621182-ccd5-4cca-9ea5-091a1c1bcdd2 ] Request (ServersAdminTestJSON:test_create_server_with_scheduling_hint): 200 GET http://10.180.1.21/compute/v2.1/servers/eb194a52-be98-458f-aae2-60d43617fd1b 0.059s
2025-03-17 09:37:57.618 68710 INFO tempest.lib.common.rest_client [req-dab51b0b-63cc-4c0e-b4c8-f8bbba683db5 req-dab51b0b-63cc-4c0e-b4c8-f8bbba683db5 ] Request (MigrationsAdminTest:test_resize_server_revert_deleted_flavor): 200 GET http://10.180.1.21/compute/v2.1/servers/3ebfcb0d-4fd5-4d7f-9caa-c2e47886a0ef 0.055s
2025-03-17 09:37:57.624 68724 INFO tempest.lib.common.rest_client [req-0bf8b267-5ee1-482b-9830-faf763dd1c18 req-0bf8b267-5ee1-482b-9830-faf763dd1c18 ] Request (ServersNegativeTestJSON:setUpClass): 201 POST http://10.180.1.21/identity/v3/auth/tokens 0.087s
2025-03-17 09:37:57.660 68724 INFO tempest.lib.common.rest_client [req-8feb4e32-cd06-4396-8c31-69d2dd23e1b1 req-8feb4e32-cd06-4396-8c31-69d2dd23e1b1 ] Request (ServersNegativeTestJSON:setUpClass): 201 POST http://10.180.1.21/identity/v3/auth/tokens 0.032s
2025-03-17 09:37:57.660 68724 INFO tempest.lib.common.fixed_network [-] (ServersNegativeTestJSON:setUpClass) Found network {'id': 'cb61484d-cb80-445f-b598-cfdb44a84d87', 'name': 'tempest-ServersNegativeTestJSON-741119720-network', 'tenant_id': 'baa91632df62443f90f1bd59cb669f91', 'admin_state_up': True, 'mtu': 8950, 'status': 'ACTIVE', 'subnets': [], 'shared': False, 'project_id': 'baa91632df62443f90f1bd59cb669f91', 'port_security_enabled': True, 'router:external': False, 'provider:network_type': 'vlan', 'provider:physical_network': 'default', 'provider:segmentation_id': 480, 'availability_zone_hints': [], 'availability_zones': [], 'ipv4_address_scope': None, 'ipv6_address_scope': None, 'description': '', 'tags': [], 'created_at': '2025-03-17T09:37:55Z', 'updated_at': '2025-03-17T09:37:55Z', 'revision_number': 1} available for tenant
2025-03-17 09:37:57.674 68730 WARNING tempest.lib.common.ssh [-] Failed to establish authenticated ssh connection to cirros@10.180.180.147 ([Errno None] Unable to connect to port 22 on 10.180.180.147). Number attempts: 7. Retry after 8 seconds.: paramiko.ssh_exception.NoValidConnectionsError: [Errno None] Unable to connect to port 22 on 10.180.180.147
2025-03-17 09:37:57.714 68708 INFO tempest.lib.common.rest_client [req-24b3f258-379b-486a-827b-914f61c33165 req-24b3f258-379b-486a-827b-914f61c33165 ] Request (DeleteServersTestJSON:test_delete_server_while_in_attached_volume): 200 GET http://10.180.1.21/compute/v2.1/servers/e13a7461-a57f-4cd6-86e2-f7a513b0c5a0 0.068s
2025-03-17 09:37:57.731 68768 INFO tempest.lib.common.rest_client [req-9a595a7c-af12-4472-a064-6f97f40a76e5 req-9a595a7c-af12-4472-a064-6f97f40a76e5 ] Request (InstanceActionsV221TestJSON:tearDownClass): 204 DELETE http://10.180.1.21:9696/networking/v2.0/routers/d820c737-b6ec-470d-b5ad-bb3667892f20 0.412s
2025-03-17 09:37:57.769 68766 INFO tempest.lib.common.rest_client [req-3df09754-4de1-40b4-9f0b-f198773b9962 req-3df09754-4de1-40b4-9f0b-f198773b9962 ] Request (ImagesNegativeTestJSON:test_create_image_from_deleted_server): 200 GET http://10.180.1.21/compute/v2.1/servers/6ab608b6-6828-46a0-a62a-ac56156c4be3 0.057s
2025-03-17 09:37:57.830 68738 INFO tempest.lib.common.rest_client [req-c4a3b0ff-26ed-4406-b928-9229143e2891 req-c4a3b0ff-26ed-4406-b928-9229143e2891 ] Request (ServersTestMultiNic:test_verify_duplicate_network_nics): 200 GET http://10.180.1.21/compute/v2.1/servers/954b77db-199c-4472-a489-e6b57ac2af67 0.054s
2025-03-17 09:37:57.876 68768 INFO tempest.lib.common.rest_client [req-712c182c-80c4-4a05-9cab-3109ca205d43 req-712c182c-80c4-4a05-9cab-3109ca205d43 ] Request (InstanceActionsV221TestJSON:tearDownClass): 204 DELETE http://10.180.1.21:9696/networking/v2.0/subnets/07d49695-7d0e-4889-b52b-a014c476d78c 0.144s
2025-03-17 09:37:57.922 68756 INFO tempest.lib.common.rest_client [req-d3cf44d3-9431-4519-a0b3-45d3bbaad3d7 req-d3cf44d3-9431-4519-a0b3-45d3bbaad3d7 ] Request (MultipleCreateTestJSON:test_multiple_create_with_reservation_return): 200 GET http://10.180.1.21/compute/v2.1/servers/7cf7d50a-e2f5-4288-8120-0f73e85bb66a 0.074s
2025-03-17 09:37:58.004 68752 WARNING tempest.lib.common.ssh [-] Failed to establish authenticated ssh connection to cirros@10.180.180.191 ([Errno None] Unable to connect to port 22 on 10.180.180.191). Number attempts: 8. Retry after 9 seconds.: paramiko.ssh_exception.NoValidConnectionsError: [Errno None] Unable to connect to port 22 on 10.180.180.191
2025-03-17 09:37:58.070 68724 INFO tempest.lib.common.rest_client [req-4b506a4a-1bb6-43fc-bf9d-f49a4759c4b2 req-4b506a4a-1bb6-43fc-bf9d-f49a4759c4b2 ] Request (ServersNegativeTestJSON:setUpClass): 202 POST http://10.180.1.21/compute/v2.1/servers 0.408s
2025-03-17 09:37:58.078 68734 INFO tempest.lib.common.rest_client [req-12aa8663-bb1d-4598-9099-e80a338821e4 req-12aa8663-bb1d-4598-9099-e80a338821e4 ] Request (ServerActionsTestOtherA:setUpClass): 200 GET http://10.180.1.21/compute/v2.1/servers/d6b19435-f7df-4b89-b0b1-b147ff8d8f64 0.207s
2025-03-17 09:37:58.143 68742 INFO tempest.lib.common.rest_client [req-91800484-d99a-4ec2-a0e0-6cae55495d52 req-91800484-d99a-4ec2-a0e0-6cae55495d52 ] Request (ServersTestBootFromVolume:setUpClass): 200 GET http://10.180.1.21/compute/v2.1/servers/22c69ccb-39b6-411a-bed9-03c7555aaeff 0.232s
2025-03-17 09:37:58.160 68714 INFO tempest.lib.common.rest_client [req-69d4bf91-7ca4-4a1e-8c8b-03ae074e92b5 req-69d4bf91-7ca4-4a1e-8c8b-03ae074e92b5 ] Request (ListImageFiltersTestJSON:tearDownClass): 200 GET http://10.180.1.21/compute/v2.1/servers/828732f1-e0d2-4e9c-83f1-7f43892ba7be 0.205s
2025-03-17 09:37:58.216 68722 INFO tempest.lib.common.rest_client [req-b1e8514b-8e7a-44d9-98a2-8b69630f515c req-b1e8514b-8e7a-44d9-98a2-8b69630f515c ] Request (AttachInterfacesUnderV243Test:test_add_remove_fixed_ip): 200 GET http://10.180.1.21/compute/v2.1/servers/ec6ae023-f376-4c2f-9d3d-31144b5b007e 0.222s
2025-03-17 09:37:58.237 68744 INFO tempest.lib.common.rest_client [req-04c70218-4b43-4233-94ac-5302b88b2665 req-04c70218-4b43-4233-94ac-5302b88b2665 ] Request (DeleteServersAdminTestJSON:test_delete_server_while_in_error_state): 200 GET http://10.180.1.21/compute/v2.1/servers/03e4e020-511f-4d10-87a7-5e14a74cd77b 0.202s
2025-03-17 09:37:58.261 68724 INFO tempest.lib.common.rest_client [req-14a203d3-4eb4-437d-9637-5caa01ee6b9e req-14a203d3-4eb4-437d-9637-5caa01ee6b9e ] Request (ServersNegativeTestJSON:setUpClass): 200 GET http://10.180.1.21/compute/v2.1/servers/38da167e-1f64-462f-9847-b4daa77d0390 0.189s
2025-03-17 09:37:58.283 68768 INFO tempest.lib.common.rest_client [req-1dff1057-8b44-4317-b6ff-cd14dd4f0bba req-1dff1057-8b44-4317-b6ff-cd14dd4f0bba ] Request (InstanceActionsV221TestJSON:tearDownClass): 204 DELETE http://10.180.1.21:9696/networking/v2.0/networks/640a98b6-018a-4399-aa0e-afaab195ffab 0.406s
2025-03-17 09:37:58.302 68762 INFO tempest.lib.common.rest_client [req-4ee08839-bebc-41a7-80c3-f9fe7a28b35a req-4ee08839-bebc-41a7-80c3-f9fe7a28b35a ] Request (ServerRescueTestJSONUnderV235:tearDownClass): 200 GET http://10.180.1.21/compute/v2.1/servers/e2c3bcf8-8270-4bf9-a599-ba2cc8311f5d 0.228s
2025-03-17 09:37:58.330 68736 INFO tempest.lib.common.rest_client [req-88cb90e8-1af1-4b3b-b5d3-51f57b2d799c req-88cb90e8-1af1-4b3b-b5d3-51f57b2d799c ] Request (ServersListShow298Test:test_list_show_update_rebuild_server_298): 200 GET http://10.180.1.21/compute/v2.1/servers/69f2e7b4-4673-4707-87e3-e40032f09a10 0.166s
2025-03-17 09:37:58.368 68768 INFO tempest.lib.common.rest_client [req-5041cf81-c1f6-44d8-9c49-d751cd2b91f6 req-5041cf81-c1f6-44d8-9c49-d751cd2b91f6 ] Request (InstanceActionsV221TestJSON:tearDownClass): 204 DELETE http://10.180.1.21/identity/v3/users/dca23f22e0884654843e6a01369ec491 0.085s
2025-03-17 09:37:58.368 68768 INFO tempest.lib.common.dynamic_creds [-] Deleting project and security group for project: 5d1aa35a0c91499c8274b641a3ba376f
2025-03-17 09:37:58.385 68750 INFO tempest.lib.common.rest_client [req-d9f3bcae-c4f3-44bd-a7f1-26eaf2940dba req-d9f3bcae-c4f3-44bd-a7f1-26eaf2940dba ] Request (ServerGroupTestJSON:test_create_server_with_scheduler_hint_group): 200 GET http://10.180.1.21/compute/v2.1/servers/899fb4f5-ddf8-4295-8abe-99669680d1d2 0.150s
2025-03-17 09:37:58.406 68768 INFO tempest.lib.common.rest_client [req-2f0be56a-351c-4570-8b8e-22beba746bd1 req-2f0be56a-351c-4570-8b8e-22beba746bd1 ] Request (InstanceActionsV221TestJSON:tearDownClass): 200 GET http://10.180.1.21:9696/networking/v2.0/security-groups?tenant_id=5d1aa35a0c91499c8274b641a3ba376f&name=default 0.037s
2025-03-17 09:37:58.415 68746 INFO tempest.lib.common.rest_client [req-21b958b4-954d-4d4b-9bdf-18317b60ad63 req-21b958b4-954d-4d4b-9bdf-18317b60ad63 ] Request (ListServerFiltersTestJSON:test_list_servers_filter_by_shutoff_status): 200 GET http://10.180.1.21/compute/v2.1/servers/6e3dde6e-00a4-465d-bf1f-5bd1ab28761d 0.200s
2025-03-17 09:37:58.442 68748 INFO tempest.lib.common.rest_client [req-df000d83-1853-4a16-87c0-58372c6d4046 req-df000d83-1853-4a16-87c0-58372c6d4046 ] Request (ServersTestManualDisk:setUpClass): 200 GET http://10.180.1.21/compute/v2.1/servers/4874b0c8-bcd3-4eca-a82f-f76539d141bb 0.158s
2025-03-17 09:37:58.474 68726 INFO tempest.lib.common.rest_client [req-d20aa333-b239-46c1-b41c-ce354f278bc4 req-d20aa333-b239-46c1-b41c-ce354f278bc4 ] Request (ServersAaction247Test:test_create_backup): 200 GET http://10.180.1.21/compute/v2.1/servers/9158ca40-77ed-46cc-9e18-701703d52463 0.116s
2025-03-17 09:37:58.504 68718 INFO tempest.lib.common.rest_client [req-209deb72-e4d4-4d10-b9a3-80c594369807 req-209deb72-e4d4-4d10-b9a3-80c594369807 ] Request (VolumesAssistedSnapshotsTest:_run_cleanups): 200 GET http://10.180.1.21/compute/v2.1/servers/669b4866-63c3-4467-bd68-478e604042c1/os-volume_attachments 0.106s
2025-03-17 09:37:58.520 68768 INFO tempest.lib.common.rest_client [req-9318627b-aed0-40fb-92f0-305e4b9a153d req-9318627b-aed0-40fb-92f0-305e4b9a153d ] Request (InstanceActionsV221TestJSON:tearDownClass): 204 DELETE http://10.180.1.21:9696/networking/v2.0/security-groups/5eaa8a59-e90f-44e1-a446-ebd3c5446465 0.114s
2025-03-17 09:37:58.533 68718 INFO tempest.lib.common.rest_client [req-2213b9a5-28f4-4308-8c80-d402d7c03e8f req-2213b9a5-28f4-4308-8c80-d402d7c03e8f ] Request (VolumesAssistedSnapshotsTest:_run_cleanups): 200 GET http://10.180.1.21/volume/v3/volumes/9c4f61f9-0fad-4b75-974f-c4dad23bc850 0.027s
2025-03-17 09:37:58.540 68718 INFO tempest.common.waiters [-] volume 9c4f61f9-0fad-4b75-974f-c4dad23bc850 reached available after waiting for 0.540359 seconds
2025-03-17 09:37:58.546 68770 INFO tempest.lib.common.rest_client [req-15dd7d7c-6ef4-4794-9ad4-23aa88cd374a req-15dd7d7c-6ef4-4794-9ad4-23aa88cd374a ] Request (ImagesTestJSON:test_create_image_from_stopped_server): 200 GET http://10.180.1.21/compute/v2.1/servers/0ce27112-6779-453d-845a-eb7bd66c49f9 0.169s
2025-03-17 09:37:58.557 68770 INFO tempest.common.waiters [-] State transition "ACTIVE/powering-off" ==> "SHUTOFF/None" after 2 second wait
2025-03-17 09:37:58.559 68740 INFO tempest.lib.common.rest_client [req-c51ffa9b-57e5-4909-bfd3-e7adedcbeab8 req-c51ffa9b-57e5-4909-bfd3-e7adedcbeab8 ] Request (SecurityGroupsTestJSON:test_list_security_groups_by_server): 200 GET http://10.180.1.21/compute/v2.1/servers/09d2b78c-7aab-4af8-b794-8381516c89b8 0.158s
2025-03-17 09:37:58.592 68718 INFO tempest.lib.common.rest_client [req-9e729aff-547f-4a8e-9400-399e25515485 req-9e729aff-547f-4a8e-9400-399e25515485 ] Request (VolumesAssistedSnapshotsTest:_run_cleanups): 202 DELETE http://10.180.1.21/volume/v3/volumes/9c4f61f9-0fad-4b75-974f-c4dad23bc850 0.051s
2025-03-17 09:37:58.618 68728 INFO tempest.lib.common.rest_client [req-bab63682-ed24-4a4a-8959-17391220987c req-bab63682-ed24-4a4a-8959-17391220987c ] Request (ServersAdminNegativeTestJSON:tearDownClass): 200 GET http://10.180.1.21/compute/v2.1/servers/071bfe29-85ee-4aaa-99ea-0d81dc2de1a1 0.155s
2025-03-17 09:37:58.627 68718 INFO tempest.lib.common.rest_client [req-7c60b017-f059-4466-90c4-e68fe3075bec req-7c60b017-f059-4466-90c4-e68fe3075bec ] Request (VolumesAssistedSnapshotsTest:_run_cleanups): 200 GET http://10.180.1.21/volume/v3/volumes/9c4f61f9-0fad-4b75-974f-c4dad23bc850 0.034s
2025-03-17 09:37:58.630 68720 INFO tempest.lib.common.rest_client [req-d0b60f08-be97-4807-8ec6-af07bb2dec9d req-d0b60f08-be97-4807-8ec6-af07bb2dec9d ] Request (FloatingIPsAssociationTestJSON:tearDownClass): 200 GET http://10.180.1.21/compute/v2.1/servers/39cf4eea-900e-4211-9afe-ae2735af2661 0.145s
2025-03-17 09:37:58.649 68768 INFO tempest.lib.common.rest_client [req-ad7cf8da-7c2a-4517-84f0-93a4f618c4aa req-ad7cf8da-7c2a-4517-84f0-93a4f618c4aa ] Request (InstanceActionsV221TestJSON:tearDownClass): 204 DELETE http://10.180.1.21/identity/v3/projects/5d1aa35a0c91499c8274b641a3ba376f 0.129s
2025-03-17 09:37:58.683 68716 INFO tempest.lib.common.rest_client [req-ee036f3e-8869-49a2-9c22-2df44ed4dfbd req-ee036f3e-8869-49a2-9c22-2df44ed4dfbd ] Request (ServersAdminTestJSON:test_create_server_with_scheduling_hint): 200 GET http://10.180.1.21/compute/v2.1/servers/eb194a52-be98-458f-aae2-60d43617fd1b 0.135s
2025-03-17 09:37:58.689 68758 INFO tempest.lib.common.rest_client [req-b6c46932-dfdf-4931-810d-cd8888dc7396 req-b6c46932-dfdf-4931-810d-cd8888dc7396 ] Request (ServerTagsTestJSON:setUpClass): 200 GET http://10.180.1.21/compute/v2.1/servers/14ea71d3-251f-4b36-a4dc-b23750b7e83b 0.156s
2025-03-17 09:37:58.728 68768 INFO tempest.lib.common.rest_client [req-ff85ba05-1ed7-48bc-b7c6-f8694b0aaaa2 req-ff85ba05-1ed7-48bc-b7c6-f8694b0aaaa2 ] Request (ListServersNegativeTestJSON:setUpClass): 201 POST http://10.180.1.21/identity/v3/auth/tokens 0.076s
2025-03-17 09:37:58.739 68710 INFO tempest.lib.common.rest_client [req-c16e8887-d51f-4ac4-94fa-58475454cfc6 req-c16e8887-d51f-4ac4-94fa-58475454cfc6 ] Request (MigrationsAdminTest:test_resize_server_revert_deleted_flavor): 200 GET http://10.180.1.21/compute/v2.1/servers/3ebfcb0d-4fd5-4d7f-9caa-c2e47886a0ef 0.109s
2025-03-17 09:37:58.763 68768 INFO tempest.lib.common.rest_client [req-9e84bce9-7bdd-46d0-9bc0-6c5112a554e0 req-9e84bce9-7bdd-46d0-9bc0-6c5112a554e0 ] Request (ListServersNegativeTestJSON:setUpClass): 201 POST http://10.180.1.21/identity/v3/auth/tokens 0.032s
2025-03-17 09:37:58.788 68708 INFO tempest.lib.common.rest_client [req-d9999f82-ce23-42f1-90cb-b97a34b84aee req-d9999f82-ce23-42f1-90cb-b97a34b84aee ] Request (DeleteServersTestJSON:test_delete_server_while_in_attached_volume): 200 GET http://10.180.1.21/compute/v2.1/servers/e13a7461-a57f-4cd6-86e2-f7a513b0c5a0 0.064s
2025-03-17 09:37:58.788 68768 INFO tempest.lib.common.rest_client [req-a6ed2cd3-b0a7-49e1-8198-25de0b680d0e req-a6ed2cd3-b0a7-49e1-8198-25de0b680d0e ] Request (ListServersNegativeTestJSON:setUpClass): 200 GET http://10.180.1.21/identity/v3/domains?name=Default 0.024s
2025-03-17 09:37:58.817 68768 INFO tempest.lib.common.rest_client [req-431ab103-4cd6-4b7f-bd0e-3c46d2073d00 req-431ab103-4cd6-4b7f-bd0e-3c46d2073d00 ] Request (ListServersNegativeTestJSON:setUpClass): 201 POST http://10.180.1.21/identity/v3/projects 0.028s
2025-03-17 09:37:58.846 68766 INFO tempest.lib.common.rest_client [req-d997d832-76a4-4cf2-8cc3-cdbf8581c505 req-d997d832-76a4-4cf2-8cc3-cdbf8581c505 ] Request (ImagesNegativeTestJSON:test_create_image_from_deleted_server): 200 GET http://10.180.1.21/compute/v2.1/servers/6ab608b6-6828-46a0-a62a-ac56156c4be3 0.067s
2025-03-17 09:37:58.872 68768 INFO tempest.lib.common.rest_client [req-c29692ff-4974-4c15-a60f-11f484431ea2 req-c29692ff-4974-4c15-a60f-11f484431ea2 ] Request (ListServersNegativeTestJSON:setUpClass): 201 POST http://10.180.1.21/identity/v3/users 0.054s
2025-03-17 09:37:58.892 68768 INFO tempest.lib.common.rest_client [req-b0251a55-608f-4ff1-8796-1c2d89dc858c req-b0251a55-608f-4ff1-8796-1c2d89dc858c ] Request (ListServersNegativeTestJSON:setUpClass): 200 GET http://10.180.1.21/identity/v3/roles 0.019s
2025-03-17 09:37:58.895 68738 INFO tempest.lib.common.rest_client [req-de06a9d5-b2b4-4b21-88b1-74182472b9c2 req-de06a9d5-b2b4-4b21-88b1-74182472b9c2 ] Request (ServersTestMultiNic:test_verify_duplicate_network_nics): 200 GET http://10.180.1.21/compute/v2.1/servers/954b77db-199c-4472-a489-e6b57ac2af67 0.053s
2025-03-17 09:37:58.915 68768 INFO tempest.lib.common.rest_client [req-c5bf54fc-226e-453d-9a6a-07d454a3a1a3 req-c5bf54fc-226e-453d-9a6a-07d454a3a1a3 ] Request (ListServersNegativeTestJSON:setUpClass): 204 PUT http://10.180.1.21/identity/v3/projects/e200f02e53734fd7bcf980a114e719e0/users/a8e0e2d8190f48b5904bf8bd82cd6d67/roles/541f57a06cd348609b3ca5d058046afa 0.023s
2025-03-17 09:37:58.915 68768 INFO tempest.lib.common.dynamic_creds [-] Dynamic test user a8e0e2d8190f48b5904bf8bd82cd6d67 is created with scope project and roles: ['member']
2025-03-17 09:37:58.916 68768 INFO tempest.lib.common.dynamic_creds [-] Acquired dynamic creds: credentials: Credentials: {'domain_id': 'default', 'domain_name': 'Default', 'username': 'tempest-ListServersNegativeTestJSON-844528478-project-member', 'project_domain_id': 'default', 'project_domain_name': 'Default', 'project_id': 'e200f02e53734fd7bcf980a114e719e0', 'project_name': 'tempest-ListServersNegativeTestJSON-844528478', 'tenant_id': 'e200f02e53734fd7bcf980a114e719e0', 'tenant_name': 'tempest-ListServersNegativeTestJSON-844528478', 'user_domain_id': 'default', 'user_domain_name': 'Default', 'user_id': 'a8e0e2d8190f48b5904bf8bd82cd6d67', 'system': None}, Network: None, Subnet: None, Router: None
2025-03-17 09:37:58.983 68768 INFO tempest.lib.common.rest_client [req-0a99f1d1-f1bc-4429-bfa6-ea5f684a39ae req-0a99f1d1-f1bc-4429-bfa6-ea5f684a39ae ] Request (ListServersNegativeTestJSON:setUpClass): 201 POST http://10.180.1.21/identity/v3/auth/tokens 0.067s
2025-03-17 09:37:58.991 68756 INFO tempest.lib.common.rest_client [req-237cf0c3-2ad5-414a-8dd1-ce1553da04f4 req-237cf0c3-2ad5-414a-8dd1-ce1553da04f4 ] Request (MultipleCreateTestJSON:test_multiple_create_with_reservation_return): 200 GET http://10.180.1.21/compute/v2.1/servers/7cf7d50a-e2f5-4288-8120-0f73e85bb66a 0.060s
2025-03-17 09:37:59.126 68770 INFO tempest.lib.common.rest_client [req-bca6b0a3-45a0-43f6-afc8-ec0d8efaa78b req-bca6b0a3-45a0-43f6-afc8-ec0d8efaa78b ] Request (ImagesTestJSON:test_create_image_from_stopped_server): 202 POST http://10.180.1.21/compute/v2.1/servers/0ce27112-6779-453d-845a-eb7bd66c49f9/action 0.568s
2025-03-17 09:37:59.188 68770 INFO tempest.lib.common.rest_client [req-903fce90-7e84-401e-affc-c2ed9447bf74 req-903fce90-7e84-401e-affc-c2ed9447bf74 ] Request (ImagesTestJSON:test_create_image_from_stopped_server): 200 GET http://10.180.1.21/compute/v2.1/images/112a4a23-3a65-4f9a-8990-a83685e74202 0.060s
2025-03-17 09:37:59.222 68734 INFO tempest.lib.common.rest_client [req-c6807e84-a63c-44e2-868b-c3bbbed96abb req-c6807e84-a63c-44e2-868b-c3bbbed96abb ] Request (ServerActionsTestOtherA:setUpClass): 200 GET http://10.180.1.21/compute/v2.1/servers/d6b19435-f7df-4b89-b0b1-b147ff8d8f64 0.133s
2025-03-17 09:37:59.233 68734 INFO tempest.common.waiters [-] State transition "BUILD/spawning" ==> "ACTIVE/None" after 80 second wait
2025-03-17 09:37:59.271 68742 INFO tempest.lib.common.rest_client [req-cf8d8c3b-a2b5-43ab-9109-167f41482abc req-cf8d8c3b-a2b5-43ab-9109-167f41482abc ] Request (ServersTestBootFromVolume:setUpClass): 200 GET http://10.180.1.21/compute/v2.1/servers/22c69ccb-39b6-411a-bed9-03c7555aaeff 0.116s
2025-03-17 09:37:59.298 68714 INFO tempest.lib.common.rest_client [req-60433a14-f4d3-4596-8242-ad3d41dcd3e9 req-60433a14-f4d3-4596-8242-ad3d41dcd3e9 ] Request (ListImageFiltersTestJSON:tearDownClass): 200 GET http://10.180.1.21/compute/v2.1/servers/828732f1-e0d2-4e9c-83f1-7f43892ba7be 0.124s
2025-03-17 09:37:59.306 68768 INFO tempest.lib.common.rest_client [req-68f011fa-442e-4fdc-95fe-4fdc8afaa992 req-68f011fa-442e-4fdc-95fe-4fdc8afaa992 ] Request (ListServersNegativeTestJSON:setUpClass): 201 POST http://10.180.1.21:9696/networking/v2.0/networks 0.323s
2025-03-17 09:37:59.329 68722 INFO tempest.lib.common.rest_client [req-a186e7fb-56d9-42e7-8fc1-fae7a75f86b1 req-a186e7fb-56d9-42e7-8fc1-fae7a75f86b1 ] Request (AttachInterfacesUnderV243Test:test_add_remove_fixed_ip): 200 GET http://10.180.1.21/compute/v2.1/servers/ec6ae023-f376-4c2f-9d3d-31144b5b007e 0.102s
2025-03-17 09:37:59.385 68734 INFO tempest.lib.common.rest_client [req-990954ce-2aad-4738-b4b4-b5e27b7c082f req-990954ce-2aad-4738-b4b4-b5e27b7c082f ] Request (ServerActionsTestOtherA:setUpClass): 200 GET http://10.180.1.21/compute/v2.1/servers/d6b19435-f7df-4b89-b0b1-b147ff8d8f64/os-interface 0.152s
2025-03-17 09:37:59.388 68744 INFO tempest.lib.common.rest_client [req-df20129c-01e1-4d46-b918-347660450b5a req-df20129c-01e1-4d46-b918-347660450b5a ] Request (DeleteServersAdminTestJSON:test_delete_server_while_in_error_state): 200 GET http://10.180.1.21/compute/v2.1/servers/03e4e020-511f-4d10-87a7-5e14a74cd77b 0.135s
2025-03-17 09:37:59.450 68724 INFO tempest.lib.common.rest_client [req-c449fe9f-041f-4015-8b44-c51acc9e7326 req-c449fe9f-041f-4015-8b44-c51acc9e7326 ] Request (ServersNegativeTestJSON:setUpClass): 200 GET http://10.180.1.21/compute/v2.1/servers/38da167e-1f64-462f-9847-b4daa77d0390 0.180s
2025-03-17 09:37:59.455 68762 INFO tempest.lib.common.rest_client [req-c5a59f64-3eaf-42e4-892e-35962cf39250 req-c5a59f64-3eaf-42e4-892e-35962cf39250 ] Request (ServerRescueTestJSONUnderV235:tearDownClass): 200 GET http://10.180.1.21/compute/v2.1/servers/e2c3bcf8-8270-4bf9-a599-ba2cc8311f5d 0.140s
2025-03-17 09:37:59.514 68750 INFO tempest.lib.common.rest_client [req-41d17ab3-54ad-4620-be3f-8a54210c26e0 req-41d17ab3-54ad-4620-be3f-8a54210c26e0 ] Request (ServerGroupTestJSON:test_create_server_with_scheduler_hint_group): 200 GET http://10.180.1.21/compute/v2.1/servers/899fb4f5-ddf8-4295-8abe-99669680d1d2 0.116s
2025-03-17 09:37:59.520 68736 INFO tempest.lib.common.rest_client [req-9b80c3d3-becd-463d-a807-7543ac44513b req-9b80c3d3-becd-463d-a807-7543ac44513b ] Request (ServersListShow298Test:test_list_show_update_rebuild_server_298): 200 GET http://10.180.1.21/compute/v2.1/servers/69f2e7b4-4673-4707-87e3-e40032f09a10 0.176s
2025-03-17 09:37:59.526 68750 INFO tempest.common.waiters [-] State transition "BUILD/None" ==> "BUILD/networking" after 79 second wait
2025-03-17 09:37:59.571 68748 INFO tempest.lib.common.rest_client [req-1264a80a-b254-4601-bebf-21bc2a97926e req-1264a80a-b254-4601-bebf-21bc2a97926e ] Request (ServersTestManualDisk:setUpClass): 200 GET http://10.180.1.21/compute/v2.1/servers/4874b0c8-bcd3-4eca-a82f-f76539d141bb 0.113s
2025-03-17 09:37:59.643 68726 INFO tempest.lib.common.rest_client [req-1472b351-1d96-4614-9312-de712fc5bf2f req-1472b351-1d96-4614-9312-de712fc5bf2f ] Request (ServersAaction247Test:test_create_backup): 200 GET http://10.180.1.21/compute/v2.1/servers/9158ca40-77ed-46cc-9e18-701703d52463 0.155s
2025-03-17 09:37:59.643 68768 INFO tempest.lib.common.rest_client [req-ebf8bcf0-6a56-4de5-aaf4-f42f38a20c95 req-ebf8bcf0-6a56-4de5-aaf4-f42f38a20c95 ] Request (ListServersNegativeTestJSON:setUpClass): 201 POST http://10.180.1.21:9696/networking/v2.0/subnets 0.337s
2025-03-17 09:37:59.678 68746 INFO tempest.lib.common.rest_client [req-24d45f20-dd5c-42c9-8866-1f6ea20c68ed req-24d45f20-dd5c-42c9-8866-1f6ea20c68ed ] Request (ListServerFiltersTestJSON:test_list_servers_filter_by_shutoff_status): 200 GET http://10.180.1.21/compute/v2.1/servers/6e3dde6e-00a4-465d-bf1f-5bd1ab28761d 0.254s
2025-03-17 09:37:59.678 68718 INFO tempest.lib.common.rest_client [req-7c179333-6f4f-405e-91a0-1c1e5d444c15 req-7c179333-6f4f-405e-91a0-1c1e5d444c15 ] Request (VolumesAssistedSnapshotsTest:_run_cleanups): 200 GET http://10.180.1.21/volume/v3/volumes/9c4f61f9-0fad-4b75-974f-c4dad23bc850 0.041s
2025-03-17 09:37:59.689 68746 INFO tempest.common.waiters [-] State transition "SHUTOFF/powering-on" ==> "ACTIVE/None" after 5 second wait
2025-03-17 09:37:59.705 68740 INFO tempest.lib.common.rest_client [req-a61eb88c-4d26-4be9-8a14-19fca8286f52 req-a61eb88c-4d26-4be9-8a14-19fca8286f52 ] Request (SecurityGroupsTestJSON:test_list_security_groups_by_server): 200 GET http://10.180.1.21/compute/v2.1/servers/09d2b78c-7aab-4af8-b794-8381516c89b8 0.136s
2025-03-17 09:37:59.721 68732 INFO paramiko.transport [-] Connected (version 2.0, client dropbear_2020.81)
2025-03-17 09:37:59.746 68728 INFO tempest.lib.common.rest_client [req-94a13dee-c905-480d-a2f8-d6be1aa34145 req-94a13dee-c905-480d-a2f8-d6be1aa34145 ] Request (ServersAdminNegativeTestJSON:tearDownClass): 200 GET http://10.180.1.21/compute/v2.1/servers/071bfe29-85ee-4aaa-99ea-0d81dc2de1a1 0.120s
2025-03-17 09:37:59.757 68746 INFO tempest.lib.common.rest_client [req-b28dbc24-431e-4a6b-a8e9-ebba810aa36c req-b28dbc24-431e-4a6b-a8e9-ebba810aa36c ] Request (ListServerFiltersTestJSON:test_list_servers_filter_by_zero_limit): 200 GET http://10.180.1.21/compute/v2.1/servers?limit=0 0.067s
2025-03-17 09:37:59.785 68720 INFO tempest.lib.common.rest_client [req-6a2ba3d6-68a4-4133-9d37-064f0f5825a0 req-6a2ba3d6-68a4-4133-9d37-064f0f5825a0 ] Request (FloatingIPsAssociationTestJSON:tearDownClass): 200 GET http://10.180.1.21/compute/v2.1/servers/39cf4eea-900e-4211-9afe-ae2735af2661 0.145s
2025-03-17 09:37:59.816 68716 INFO tempest.lib.common.rest_client [req-d8c74d81-6f55-4aa8-9cf9-9df8e66f31bc req-d8c74d81-6f55-4aa8-9cf9-9df8e66f31bc ] Request (ServersAdminTestJSON:test_create_server_with_scheduling_hint): 200 GET http://10.180.1.21/compute/v2.1/servers/eb194a52-be98-458f-aae2-60d43617fd1b 0.125s
2025-03-17 09:37:59.829 68732 INFO paramiko.transport [-] Authentication (publickey) successful!
2025-03-17 09:37:59.829 68732 INFO tempest.lib.common.ssh [-] ssh connection to cirros@10.180.180.206 successfully created
2025-03-17 09:37:59.842 68758 INFO tempest.lib.common.rest_client [req-3e336179-2a4c-4007-ad46-bdfa94dccf8e req-3e336179-2a4c-4007-ad46-bdfa94dccf8e ] Request (ServerTagsTestJSON:setUpClass): 200 GET http://10.180.1.21/compute/v2.1/servers/14ea71d3-251f-4b36-a4dc-b23750b7e83b 0.141s
2025-03-17 09:37:59.872 68710 INFO tempest.lib.common.rest_client [req-017f4aa3-4fbd-4fb8-b51f-0884fbf39afd req-017f4aa3-4fbd-4fb8-b51f-0884fbf39afd ] Request (MigrationsAdminTest:test_resize_server_revert_deleted_flavor): 200 GET http://10.180.1.21/compute/v2.1/servers/3ebfcb0d-4fd5-4d7f-9caa-c2e47886a0ef 0.122s
2025-03-17 09:37:59.923 68708 INFO tempest.lib.common.rest_client [req-48f45ebd-2b82-4771-9e88-6cad521ad455 req-48f45ebd-2b82-4771-9e88-6cad521ad455 ] Request (DeleteServersTestJSON:test_delete_server_while_in_attached_volume): 200 GET http://10.180.1.21/compute/v2.1/servers/e13a7461-a57f-4cd6-86e2-f7a513b0c5a0 0.125s
2025-03-17 09:37:59.985 68746 INFO tempest.lib.common.rest_client [req-a224db47-9099-47ae-af87-7a42e1922891 req-a224db47-9099-47ae-af87-7a42e1922891 ] Request (ListServerFiltersTestJSON:test_list_servers_filtered_by_ip): 200 GET http://10.180.1.21/compute/v2.1/servers/6e3dde6e-00a4-465d-bf1f-5bd1ab28761d 0.225s
2025-03-17 09:37:59.989 68732 INFO tempest.lib.common.rest_client [req-7144f67f-58d3-420c-854d-d87d469caac2 req-7144f67f-58d3-420c-854d-d87d469caac2 ] Request (VolumesAdminNegativeTest:test_update_attached_volume_with_nonexistent_volume_in_body): 202 POST http://10.180.1.21/volume/v3/volumes 0.159s
2025-03-17 09:37:59.993 68766 INFO tempest.lib.common.rest_client [req-7075d28b-e88c-45b2-acd2-519d400dcb75 req-7075d28b-e88c-45b2-acd2-519d400dcb75 ] Request (ImagesNegativeTestJSON:test_create_image_from_deleted_server): 200 GET http://10.180.1.21/compute/v2.1/servers/6ab608b6-6828-46a0-a62a-ac56156c4be3 0.139s
2025-03-17 09:38:00.028 68732 INFO tempest.lib.common.rest_client [req-d2bb5760-dd47-44d2-a2ff-9a9454eb4e2b req-d2bb5760-dd47-44d2-a2ff-9a9454eb4e2b ] Request (VolumesAdminNegativeTest:test_update_attached_volume_with_nonexistent_volume_in_body): 200 GET http://10.180.1.21/volume/v3/volumes/5f9d65b8-6b3d-419c-8756-7f44ff411c85 0.029s
2025-03-17 09:38:00.061 68738 INFO tempest.lib.common.rest_client [req-50731500-befb-47de-abe3-fbd8db44add3 req-50731500-befb-47de-abe3-fbd8db44add3 ] Request (ServersTestMultiNic:test_verify_duplicate_network_nics): 200 GET http://10.180.1.21/compute/v2.1/servers/954b77db-199c-4472-a489-e6b57ac2af67 0.159s
2025-03-17 09:38:00.094 68746 INFO tempest.lib.common.rest_client [req-95ae74cc-0106-495a-9d00-37b338080fa4 req-95ae74cc-0106-495a-9d00-37b338080fa4 ] Request (ListServerFiltersTestJSON:test_list_servers_filtered_by_ip): 200 GET http://10.180.1.21/compute/v2.1/servers/c0e89e9f-edee-4adb-8efd-5ea5ae8fbc55 0.099s
2025-03-17 09:38:00.133 68756 INFO tempest.lib.common.rest_client [req-0432ff4c-9fbd-4251-a6e4-075781c11410 req-0432ff4c-9fbd-4251-a6e4-075781c11410 ] Request (MultipleCreateTestJSON:test_multiple_create_with_reservation_return): 200 GET http://10.180.1.21/compute/v2.1/servers/7cf7d50a-e2f5-4288-8120-0f73e85bb66a 0.133s
2025-03-17 09:38:00.147 68756 INFO tempest.common.waiters [-] State transition "BUILD/scheduling" ==> "BUILD/None" after 49 second wait
2025-03-17 09:38:00.234 68770 INFO tempest.lib.common.rest_client [req-76e1822d-43b9-43ff-9b11-9d772bd52d55 req-76e1822d-43b9-43ff-9b11-9d772bd52d55 ] Request (ImagesTestJSON:test_create_image_from_stopped_server): 200 GET http://10.180.1.21/compute/v2.1/images/112a4a23-3a65-4f9a-8990-a83685e74202 0.039s
