2025-03-17 09:36:42.140 68712 INFO tempest.lib.common.rest_client [req-ad277c32-6420-4a04-b4a0-1b02918346ee req-ad277c32-6420-4a04-b4a0-1b02918346ee ] Request (QuotaClassesAdminTestJSON:tearDownClass): 204 DELETE http://10.180.1.21/identity/v3/projects/d8d2ab9140d8436fa83b3e2cce793803 0.101s
2025-03-17 09:36:42.140 68712 INFO tempest.lib.common.dynamic_creds [-] Deleting project and security group for project: 14aed50ce81c4de28ef578dbdce2f4a7
2025-03-17 09:36:42.178 68722 INFO tempest.lib.common.rest_client [req-5b2a240e-2aca-4fb9-a7cc-7af7998d0760 req-5b2a240e-2aca-4fb9-a7cc-7af7998d0760 ] Request (AttachInterfacesUnderV243Test:test_add_remove_fixed_ip): 201 POST http://10.180.1.21/identity/v3/auth/tokens 0.097s
2025-03-17 09:36:42.178 68722 INFO tempest.lib.common.fixed_network [-] (AttachInterfacesUnderV243Test:test_add_remove_fixed_ip) Found network {'id': '1d8c67a2-eb92-4af8-a49d-7dfb3456129d', 'name': 'tempest-AttachInterfacesUnderV243Test-1013569110-network', 'tenant_id': '55319323a02849888d38b247420b8627', 'admin_state_up': True, 'mtu': 8950, 'status': 'ACTIVE', 'subnets': [], 'shared': False, 'project_id': '55319323a02849888d38b247420b8627', 'port_security_enabled': True, 'router:external': False, 'provider:network_type': 'vlan', 'provider:physical_network': 'default', 'provider:segmentation_id': 355, 'availability_zone_hints': [], 'availability_zones': [], 'ipv4_address_scope': None, 'ipv6_address_scope': None, 'description': '', 'tags': [], 'created_at': '2025-03-17T09:36:36Z', 'updated_at': '2025-03-17T09:36:36Z', 'revision_number': 1} available for tenant
2025-03-17 09:36:42.183 68750 INFO tempest.lib.common.rest_client [req-bcd3b923-b4e9-455e-9ad4-30d32d5df932 req-bcd3b923-b4e9-455e-9ad4-30d32d5df932 ] Request (ServerGroupTestJSON:test_create_server_with_scheduler_hint_group): 200 GET http://10.180.1.21/compute/v2.1/servers/899fb4f5-ddf8-4295-8abe-99669680d1d2 0.466s
2025-03-17 09:36:42.219 68710 INFO tempest.lib.common.rest_client [req-39a41aa0-3054-463e-84f3-0fef3a64509f req-39a41aa0-3054-463e-84f3-0fef3a64509f ] Request (MigrationsAdminTest:test_list_migrations_in_flavor_resize_situation): 200 GET http://10.180.1.21/compute/v2.1/servers/1b07d836-07a1-437f-8890-59630b092bca 0.669s
2025-03-17 09:36:42.316 68712 INFO tempest.lib.common.rest_client [req-3e88acc6-8da4-4629-a961-183c0cb0a6d9 req-3e88acc6-8da4-4629-a961-183c0cb0a6d9 ] Request (QuotaClassesAdminTestJSON:tearDownClass): 200 GET http://10.180.1.21:9696/networking/v2.0/security-groups?tenant_id=14aed50ce81c4de28ef578dbdce2f4a7&name=default 0.176s
2025-03-17 09:36:42.320 68748 INFO tempest.lib.common.rest_client [req-be478762-928e-4afe-9b3b-341cd66fdbbe req-be478762-928e-4afe-9b3b-341cd66fdbbe ] Request (FloatingIPsAssociationNegativeTestJSON:tearDownClass): 200 GET http://10.180.1.21/compute/v2.1/servers/85e6230e-00fc-4099-bebd-5a2b0f7d8402 0.531s
2025-03-17 09:36:42.339 68732 INFO tempest.lib.common.rest_client [req-4f67f09d-8280-4300-9bdd-d50a4bf85dfc req-4f67f09d-8280-4300-9bdd-d50a4bf85dfc ] Request (VolumesAdminNegativeTest:test_update_attached_volume_with_nonexistent_volume_in_body): 200 GET http://10.180.1.21/compute/v2.1/servers/7b44d5c5-c6e2-403e-8d0a-6580e3877e8e 0.611s
2025-03-17 09:36:42.397 68734 INFO tempest.lib.common.rest_client [req-d67067b6-2f89-49dc-85aa-f9facd1ba889 req-d67067b6-2f89-49dc-85aa-f9facd1ba889 ] Request (ServerActionsTestOtherA:setUpClass): 200 GET http://10.180.1.21/compute/v2.1/servers/d6b19435-f7df-4b89-b0b1-b147ff8d8f64 0.606s
2025-03-17 09:36:42.459 68738 INFO tempest.lib.common.rest_client [req-db052c51-96b8-46c4-be39-53cf9ce0ff08 req-db052c51-96b8-46c4-be39-53cf9ce0ff08 ] Request (SecurityGroupRulesNegativeTestJSON:tearDownClass): 202 DELETE http://10.180.1.21/compute/v2.1/os-security-groups/dc52c4ef-dc27-4304-b652-e89fce19278a 0.659s
2025-03-17 09:36:42.467 68716 INFO tempest.lib.common.rest_client [req-c380dd61-aaef-4170-ab1b-90eeb6eeb28a req-c380dd61-aaef-4170-ab1b-90eeb6eeb28a ] Request (ServersAdminTestJSON:setUpClass): 200 GET http://10.180.1.21/compute/v2.1/servers/03d0a82a-7689-4d48-9a5f-508f55a76ee3 0.614s
2025-03-17 09:36:42.497 68712 INFO tempest.lib.common.rest_client [req-79354638-f376-4d57-9355-2b052ad22c4a req-79354638-f376-4d57-9355-2b052ad22c4a ] Request (QuotaClassesAdminTestJSON:tearDownClass): 204 DELETE http://10.180.1.21:9696/networking/v2.0/security-groups/afb4cc72-4ae1-45e7-a62d-01bb72656b8e 0.181s
2025-03-17 09:36:42.542 68756 INFO tempest.lib.common.rest_client [req-db9c5a9e-c54d-4e65-ac99-1273f3a41904 req-db9c5a9e-c54d-4e65-ac99-1273f3a41904 ] Request (MultipleCreateTestJSON:_run_cleanups): 200 GET http://10.180.1.21/compute/v2.1/servers/e356559c-e4ae-4a13-8605-edb2c6608463 0.425s
2025-03-17 09:36:42.550 68760 INFO tempest.lib.common.rest_client [req-d4982827-0504-4f06-8bd5-f5ebab81d98c req-d4982827-0504-4f06-8bd5-f5ebab81d98c ] Request (ServerMetadataTestJSON:tearDownClass): 200 GET http://10.180.1.21/compute/v2.1/servers/04218161-39eb-419d-96ea-c624f6e18e66 0.626s
2025-03-17 09:36:42.597 68744 INFO tempest.lib.common.rest_client [req-8d7e9536-2974-4b72-826e-dc96c722b587 req-8d7e9536-2974-4b72-826e-dc96c722b587 ] Request (DeleteServersAdminTestJSON:test_delete_server_while_in_error_state): 200 GET http://10.180.1.21/compute/v2.1/servers/03e4e020-511f-4d10-87a7-5e14a74cd77b 0.475s
2025-03-17 09:36:42.623 68712 INFO tempest.lib.common.rest_client [req-e6c6b255-2f90-4b60-ac1e-97180a8579d8 req-e6c6b255-2f90-4b60-ac1e-97180a8579d8 ] Request (QuotaClassesAdminTestJSON:tearDownClass): 204 DELETE http://10.180.1.21/identity/v3/projects/14aed50ce81c4de28ef578dbdce2f4a7 0.124s
2025-03-17 09:36:42.700 68712 INFO tempest.lib.common.rest_client [req-2c45a921-c6f0-4a4b-b622-abd2a11fb793 req-2c45a921-c6f0-4a4b-b622-abd2a11fb793 ] Request (KeyPairsV22TestJSON:setUpClass): 201 POST http://10.180.1.21/identity/v3/auth/tokens 0.076s
2025-03-17 09:36:42.710 68720 INFO tempest.lib.common.rest_client [req-48da32e1-17f1-49fe-b7c7-947e2805ec6a req-48da32e1-17f1-49fe-b7c7-947e2805ec6a ] Request (FloatingIPsAssociationTestJSON:test_associate_already_associated_floating_ip): 200 GET http://10.180.1.21/compute/v2.1/servers/11e16402-9fbd-4dc8-855b-b8db7dd1434c 0.381s
2025-03-17 09:36:42.742 68712 INFO tempest.lib.common.rest_client [req-9bd4fefa-74af-4cc6-b5ae-cdb7f3fac279 req-9bd4fefa-74af-4cc6-b5ae-cdb7f3fac279 ] Request (KeyPairsV22TestJSON:setUpClass): 201 POST http://10.180.1.21/identity/v3/auth/tokens 0.038s
2025-03-17 09:36:42.777 68712 INFO tempest.lib.common.rest_client [req-d593cddf-6343-4b54-adea-b183104b3bfd req-d593cddf-6343-4b54-adea-b183104b3bfd ] Request (KeyPairsV22TestJSON:setUpClass): 200 GET http://10.180.1.21/identity/v3/domains?name=Default 0.034s
2025-03-17 09:36:42.810 68712 INFO tempest.lib.common.rest_client [req-38b2cdd8-0a6a-41fb-b459-eb35bb4eb29c req-38b2cdd8-0a6a-41fb-b459-eb35bb4eb29c ] Request (KeyPairsV22TestJSON:setUpClass): 201 POST http://10.180.1.21/identity/v3/projects 0.033s
2025-03-17 09:36:42.817 68714 INFO tempest.lib.common.rest_client [req-5305b34c-d0c0-479f-85db-fefe97c8b56e req-5305b34c-d0c0-479f-85db-fefe97c8b56e ] Request (ListImageFiltersTestJSON:setUpClass): 200 GET http://10.180.1.21/compute/v2.1/servers/828732f1-e0d2-4e9c-83f1-7f43892ba7be 0.485s
2025-03-17 09:36:42.822 68742 INFO tempest.lib.common.rest_client [req-4c1171d6-810c-4294-898c-571ba661240d req-4c1171d6-810c-4294-898c-571ba661240d ] Request (ServersTestBootFromVolume:setUpClass): 200 GET http://10.180.1.21/volume/v3/volumes/b615b341-83c8-4d07-b2c3-ad19117c9eee 0.041s
2025-03-17 09:36:42.877 68770 INFO tempest.lib.common.rest_client [req-b5be9637-d89d-4593-ac74-dc446318e293 req-b5be9637-d89d-4593-ac74-dc446318e293 ] Request (ImagesTestJSON:test_create_image_from_stopped_server): 200 GET http://10.180.1.21/compute/v2.1/servers/0ce27112-6779-453d-845a-eb7bd66c49f9 0.448s
2025-03-17 09:36:42.884 68712 INFO tempest.lib.common.rest_client [req-0e4eafc5-5a1a-4df3-a7ea-10596f21b2a8 req-0e4eafc5-5a1a-4df3-a7ea-10596f21b2a8 ] Request (KeyPairsV22TestJSON:setUpClass): 201 POST http://10.180.1.21/identity/v3/users 0.074s
2025-03-17 09:36:42.913 68712 INFO tempest.lib.common.rest_client [req-3e33617a-97aa-4771-a451-dda6b60304b5 req-3e33617a-97aa-4771-a451-dda6b60304b5 ] Request (KeyPairsV22TestJSON:setUpClass): 200 GET http://10.180.1.21/identity/v3/roles 0.028s
2025-03-17 09:36:42.934 68768 INFO tempest.lib.common.rest_client [req-3f1f07db-601b-40c1-aea3-c528e633056a req-3f1f07db-601b-40c1-aea3-c528e633056a ] Request (InstanceActionsV221TestJSON:test_get_list_deleted_instance_actions): 200 GET http://10.180.1.21/compute/v2.1/servers/f2771b69-6f75-4311-a727-ce7261fe1cf5 0.484s
2025-03-17 09:36:42.946 68722 INFO tempest.lib.common.rest_client [req-4fe90c52-2421-4e61-b245-b1604658a9db req-4fe90c52-2421-4e61-b245-b1604658a9db ] Request (AttachInterfacesUnderV243Test:test_add_remove_fixed_ip): 202 POST http://10.180.1.21/compute/v2.1/servers 0.767s
2025-03-17 09:36:42.951 68712 INFO tempest.lib.common.rest_client [req-2bfde093-dc0e-49d5-a601-3b3752f11b6b req-2bfde093-dc0e-49d5-a601-3b3752f11b6b ] Request (KeyPairsV22TestJSON:setUpClass): 204 PUT http://10.180.1.21/identity/v3/projects/d937684eb0ef42b2b0ec3670e1277273/users/bce748c30adf4f01bf680567281d18fb/roles/541f57a06cd348609b3ca5d058046afa 0.037s
2025-03-17 09:36:42.951 68712 INFO tempest.lib.common.dynamic_creds [-] Dynamic test user bce748c30adf4f01bf680567281d18fb is created with scope project and roles: ['member']
2025-03-17 09:36:42.951 68712 INFO tempest.lib.common.dynamic_creds [-] Acquired dynamic creds: credentials: Credentials: {'domain_id': 'default', 'domain_name': 'Default', 'username': 'tempest-KeyPairsV22TestJSON-784106959-project-member', 'project_domain_id': 'default', 'project_domain_name': 'Default', 'project_id': 'd937684eb0ef42b2b0ec3670e1277273', 'project_name': 'tempest-KeyPairsV22TestJSON-784106959', 'tenant_id': 'd937684eb0ef42b2b0ec3670e1277273', 'tenant_name': 'tempest-KeyPairsV22TestJSON-784106959', 'user_domain_id': 'default', 'user_domain_name': 'Default', 'user_id': 'bce748c30adf4f01bf680567281d18fb', 'system': None}, Network: None, Subnet: None, Router: None
2025-03-17 09:36:42.951 68712 INFO tempest.lib.common.dynamic_creds [-] Created isolated network resources for: credentials: Credentials: {'domain_id': 'default', 'domain_name': 'Default', 'username': 'tempest-KeyPairsV22TestJSON-784106959-project-member', 'project_domain_id': 'default', 'project_domain_name': 'Default', 'project_id': 'd937684eb0ef42b2b0ec3670e1277273', 'project_name': 'tempest-KeyPairsV22TestJSON-784106959', 'tenant_id': 'd937684eb0ef42b2b0ec3670e1277273', 'tenant_name': 'tempest-KeyPairsV22TestJSON-784106959', 'user_domain_id': 'default', 'user_domain_name': 'Default', 'user_id': 'bce748c30adf4f01bf680567281d18fb', 'system': None}, Network: None, Subnet: None, Router: None
2025-03-17 09:36:42.997 68766 INFO tempest.lib.common.rest_client [req-2b0ee16a-ae17-43e3-b2ef-5befb89763d7 req-2b0ee16a-ae17-43e3-b2ef-5befb89763d7 ] Request (ImagesNegativeTestJSON:test_create_image_from_deleted_server): 200 GET http://10.180.1.21/compute/v2.1/servers/6ab608b6-6828-46a0-a62a-ac56156c4be3 0.492s
2025-03-17 09:36:43.024 68736 INFO tempest.lib.common.rest_client [req-41e65a74-a10f-40eb-9c36-d4493c55e36e req-41e65a74-a10f-40eb-9c36-d4493c55e36e ] Request (ServerDiagnosticsTest:tearDownClass): 404 GET http://10.180.1.21/compute/v2.1/servers/7eea385c-cd21-4229-84ca-60ebfaa72460 0.511s
2025-03-17 09:36:43.029 68712 INFO tempest.lib.common.rest_client [req-95640170-2cd2-4d3d-9950-363d8fa108e7 req-95640170-2cd2-4d3d-9950-363d8fa108e7 ] Request (KeyPairsV22TestJSON:setUpClass): 201 POST http://10.180.1.21/identity/v3/auth/tokens 0.075s
2025-03-17 09:36:43.064 68738 INFO tempest.lib.common.rest_client [req-f750d749-d40f-441b-9b3d-b8c61d94e5bd req-f750d749-d40f-441b-9b3d-b8c61d94e5bd ] Request (SecurityGroupRulesNegativeTestJSON:tearDownClass): 202 DELETE http://10.180.1.21/compute/v2.1/os-security-groups/6e5d84bf-4363-40bf-b17b-3984d42b3462 0.604s
2025-03-17 09:36:43.090 68730 INFO tempest.lib.common.rest_client [req-994530ec-ac91-454a-8d87-b7ad7960a667 req-994530ec-ac91-454a-8d87-b7ad7960a667 ] Request (ServersTestFqdnHostnames:test_create_server_with_fqdn_name): 200 GET http://10.180.1.21/compute/v2.1/servers/336e7166-5e3f-4de1-b3af-14b521ec8147 0.511s
2025-03-17 09:36:43.130 68752 INFO tempest.lib.common.rest_client [req-2aa0d4ab-3638-4d2c-8ef0-9e09854039ec req-2aa0d4ab-3638-4d2c-8ef0-9e09854039ec ] Request (AttachInterfacesTestJSON:test_create_list_show_delete_interfaces_by_fixed_ip): 200 GET http://10.180.1.21/compute/v2.1/servers/0b5b4adf-a2bd-4255-964e-bb70a52c056e 0.512s
2025-03-17 09:36:43.152 68728 INFO tempest.lib.common.rest_client [req-07268986-6c6d-4b41-abbc-e7ea7c0572a5 req-07268986-6c6d-4b41-abbc-e7ea7c0572a5 ] Request (ServersAdminNegativeTestJSON:test_migrate_server_invalid_state): 200 GET http://10.180.1.21/compute/v2.1/servers/78c655a8-fc5e-462e-b7f0-6d17345654f7 0.502s
2025-03-17 09:36:43.153 68736 INFO tempest.lib.common.rest_client [req-5f1ca33c-fafb-4799-92da-ced65dcfd7f0 req-5f1ca33c-fafb-4799-92da-ced65dcfd7f0 ] Request (ServerDiagnosticsTest:tearDownClass): 204 DELETE http://10.180.1.21/identity/v3/users/4aa85208c98041ec9f8067e433160150 0.129s
2025-03-17 09:36:43.165 68758 INFO tempest.lib.common.rest_client [req-e492a833-d856-4c84-85ce-d56856440626 req-e492a833-d856-4c84-85ce-d56856440626 ] Request (ImagesOneServerTestJSON:test_create_image_specify_multibyte_character_image_name): 200 GET http://10.180.1.21/compute/v2.1/images/79b0000e-6f3a-45b7-b4c8-99fc5ecc8420 0.500s
2025-03-17 09:36:43.213 68724 INFO tempest.lib.common.rest_client [req-07987767-97d8-44a9-8805-7a58c3129ef0 req-07987767-97d8-44a9-8805-7a58c3129ef0 ] Request (ServersAdmin275Test:test_rebuild_update_server_275): 200 GET http://10.180.1.21/compute/v2.1/servers/04a75416-4760-4c14-9e8e-5458a095866e 0.451s
2025-03-17 09:36:43.225 68724 INFO tempest.common.waiters [-] State transition "REBUILD/rebuilding" ==> "REBUILD/rebuild_spawning" after 3 second wait
2025-03-17 09:36:43.243 68726 INFO tempest.lib.common.rest_client [req-4066937d-64e7-4b95-bea4-ca7f415684d4 req-4066937d-64e7-4b95-bea4-ca7f415684d4 ] Request (InstanceActionsTestJSON:tearDownClass): 200 GET http://10.180.1.21/compute/v2.1/servers/a40e75b5-1c76-4f37-8452-6f2769a5978e 0.476s
2025-03-17 09:36:43.264 68736 INFO tempest.lib.common.rest_client [req-9bc5d681-de13-4357-9e53-95a4863e76e6 req-9bc5d681-de13-4357-9e53-95a4863e76e6 ] Request (ServerDiagnosticsTest:tearDownClass): 204 DELETE http://10.180.1.21/identity/v3/users/b6ee2de125c845068606fe4c8a44e1da 0.110s
2025-03-17 09:36:43.264 68736 INFO tempest.lib.common.dynamic_creds [-] Deleting project and security group for project: 4a4ac0c72a4e4c87b0b8a23d5a36ca9b
2025-03-17 09:36:43.281 68740 INFO tempest.lib.common.rest_client [req-48434adb-140e-4ab7-b8e3-66cc25e057e9 req-48434adb-140e-4ab7-b8e3-66cc25e057e9 ] Request (ServerDiagnosticsV248Test:test_get_server_diagnostics): 200 GET http://10.180.1.21/compute/v2.1/servers/e10449a8-0e0b-496e-8861-84708e325079 0.380s
2025-03-17 09:36:43.291 68740 INFO tempest.common.waiters [-] State transition "BUILD/block_device_mapping" ==> "BUILD/spawning" after 35 second wait
2025-03-17 09:36:43.292 68722 INFO tempest.lib.common.rest_client [req-93bdd2f7-e12f-44c7-ae42-915b25195ec8 req-93bdd2f7-e12f-44c7-ae42-915b25195ec8 ] Request (AttachInterfacesUnderV243Test:test_add_remove_fixed_ip): 200 GET http://10.180.1.21/compute/v2.1/servers/ec6ae023-f376-4c2f-9d3d-31144b5b007e 0.344s
2025-03-17 09:36:43.336 68736 INFO tempest.lib.common.rest_client [req-129c1bab-3a6e-4b49-beca-ce1da03f1665 req-129c1bab-3a6e-4b49-beca-ce1da03f1665 ] Request (ServerDiagnosticsTest:tearDownClass): 201 POST http://10.180.1.21/identity/v3/auth/tokens 0.072s
2025-03-17 09:36:43.340 68762 INFO tempest.lib.common.rest_client [req-ef19d3d3-c65c-45a6-b3af-f196600bd57b req-ef19d3d3-c65c-45a6-b3af-f196600bd57b ] Request (ServerRescueTestJSONUnderV235:setUpClass): 200 GET http://10.180.1.21/compute/v2.1/servers/e2c3bcf8-8270-4bf9-a599-ba2cc8311f5d 0.370s
2025-03-17 09:36:43.404 68746 INFO tempest.lib.common.rest_client [req-e07e40ae-48c6-487a-8d04-8279c1e4b4ed req-e07e40ae-48c6-487a-8d04-8279c1e4b4ed ] Request (ListServerFiltersTestJSON:setUpClass): 200 GET http://10.180.1.21/compute/v2.1/servers/0a48b910-7213-4d2e-a33e-727304c3a810 0.357s
2025-03-17 09:36:43.434 68736 INFO tempest.lib.common.rest_client [req-fa9d4740-b584-4afe-b871-93e4629f4b83 req-fa9d4740-b584-4afe-b871-93e4629f4b83 ] Request (ServerDiagnosticsTest:tearDownClass): 200 GET http://10.180.1.21:9696/networking/v2.0/security-groups?tenant_id=4a4ac0c72a4e4c87b0b8a23d5a36ca9b&name=default 0.097s
2025-03-17 09:36:43.460 68712 INFO tempest.lib.common.rest_client [req-090cbfde-e32e-4567-8629-6841070d812c req-090cbfde-e32e-4567-8629-6841070d812c ] Request (KeyPairsV22TestJSON:test_get_keypair_detail): 201 POST http://10.180.1.21/compute/v2.1/os-keypairs 0.428s
2025-03-17 09:36:43.517 68708 INFO tempest.lib.common.rest_client [req-c354715e-62b6-4f29-98c9-0b37d3e86262 req-c354715e-62b6-4f29-98c9-0b37d3e86262 ] Request (DeleteServersTestJSON:test_delete_active_server): 200 GET http://10.180.1.21/compute/v2.1/servers/27d98b28-1248-40cf-8a75-121ce862be45 0.388s
2025-03-17 09:36:43.549 68738 INFO tempest.lib.common.rest_client [req-d3ec80cb-6754-4eec-9189-4550d67bff3a req-d3ec80cb-6754-4eec-9189-4550d67bff3a ] Request (SecurityGroupRulesNegativeTestJSON:tearDownClass): 202 DELETE http://10.180.1.21/compute/v2.1/os-security-groups/6f49fc8e-f0b3-4746-9a3b-12f8e9613f3a 0.485s
2025-03-17 09:36:43.562 68736 INFO tempest.lib.common.rest_client [req-ba2f4d3a-cddc-464e-92a8-9d4fae56fc3e req-ba2f4d3a-cddc-464e-92a8-9d4fae56fc3e ] Request (ServerDiagnosticsTest:tearDownClass): 204 DELETE http://10.180.1.21:9696/networking/v2.0/security-groups/5322b06c-7ffa-4d74-a87f-fae379fd3fce 0.128s
2025-03-17 09:36:43.581 68750 INFO tempest.lib.common.rest_client [req-cdd0d7f6-037f-4343-a9db-c1a83e0ff648 req-cdd0d7f6-037f-4343-a9db-c1a83e0ff648 ] Request (ServerGroupTestJSON:test_create_server_with_scheduler_hint_group): 200 GET http://10.180.1.21/compute/v2.1/servers/899fb4f5-ddf8-4295-8abe-99669680d1d2 0.389s
2025-03-17 09:36:43.639 68736 INFO tempest.lib.common.rest_client [req-d96f7524-4311-4a89-acee-ec8bd1dd41d3 req-d96f7524-4311-4a89-acee-ec8bd1dd41d3 ] Request (ServerDiagnosticsTest:tearDownClass): 204 DELETE http://10.180.1.21/identity/v3/projects/4a4ac0c72a4e4c87b0b8a23d5a36ca9b 0.076s
2025-03-17 09:36:43.639 68736 INFO tempest.lib.common.dynamic_creds [-] Deleting project and security group for project: 65cbb5d966864e479ec905ce58ef2d17
2025-03-17 09:36:43.650 68748 INFO tempest.lib.common.rest_client [req-1f54944a-3f43-45f8-aef9-c05c8228518e req-1f54944a-3f43-45f8-aef9-c05c8228518e ] Request (FloatingIPsAssociationNegativeTestJSON:tearDownClass): 200 GET http://10.180.1.21/compute/v2.1/servers/85e6230e-00fc-4099-bebd-5a2b0f7d8402 0.319s
2025-03-17 09:36:43.690 68710 INFO tempest.lib.common.rest_client [req-21f61ea1-2db6-4202-9f0a-efa2ddb643a2 req-21f61ea1-2db6-4202-9f0a-efa2ddb643a2 ] Request (MigrationsAdminTest:test_list_migrations_in_flavor_resize_situation): 200 GET http://10.180.1.21/compute/v2.1/servers/1b07d836-07a1-437f-8890-59630b092bca 0.458s
2025-03-17 09:36:43.743 68734 INFO tempest.lib.common.rest_client [req-102d01a2-b0b5-4ceb-8a95-b2f603ec1954 req-102d01a2-b0b5-4ceb-8a95-b2f603ec1954 ] Request (ServerActionsTestOtherA:setUpClass): 200 GET http://10.180.1.21/compute/v2.1/servers/d6b19435-f7df-4b89-b0b1-b147ff8d8f64 0.338s
2025-03-17 09:36:43.752 68712 INFO tempest.lib.common.rest_client [req-228936b7-d60b-42d3-abf2-bff4451c9b5d req-228936b7-d60b-42d3-abf2-bff4451c9b5d ] Request (KeyPairsV22TestJSON:test_get_keypair_detail): 200 GET http://10.180.1.21/compute/v2.1/os-keypairs/tempest-keypair-1442629713 0.290s
2025-03-17 09:36:43.782 68732 INFO tempest.lib.common.rest_client [req-5c30d8ef-5065-48c6-af1e-5ca7d7281721 req-5c30d8ef-5065-48c6-af1e-5ca7d7281721 ] Request (VolumesAdminNegativeTest:test_update_attached_volume_with_nonexistent_volume_in_body): 200 GET http://10.180.1.21/compute/v2.1/servers/7b44d5c5-c6e2-403e-8d0a-6580e3877e8e 0.436s
2025-03-17 09:36:43.782 68736 INFO tempest.lib.common.rest_client [req-84fbcf3a-7e41-416b-8458-96746894c1d8 req-84fbcf3a-7e41-416b-8458-96746894c1d8 ] Request (ServerDiagnosticsTest:tearDownClass): 200 GET http://10.180.1.21:9696/networking/v2.0/security-groups?tenant_id=65cbb5d966864e479ec905ce58ef2d17&name=default 0.142s
2025-03-17 09:36:43.817 68716 INFO tempest.lib.common.rest_client [req-bb383779-56af-479c-8b23-35e2912caae0 req-bb383779-56af-479c-8b23-35e2912caae0 ] Request (ServersAdminTestJSON:setUpClass): 200 GET http://10.180.1.21/compute/v2.1/servers/03d0a82a-7689-4d48-9a5f-508f55a76ee3 0.335s
2025-03-17 09:36:43.866 68742 INFO tempest.lib.common.rest_client [req-6e7b67cf-e13b-4d58-b399-bf7441ffaaeb req-6e7b67cf-e13b-4d58-b399-bf7441ffaaeb ] Request (ServersTestBootFromVolume:setUpClass): 200 GET http://10.180.1.21/volume/v3/volumes/b615b341-83c8-4d07-b2c3-ad19117c9eee 0.037s
2025-03-17 09:36:43.879 68736 INFO tempest.lib.common.rest_client [req-b8c8a735-8825-48b0-b517-f2fb667d0772 req-b8c8a735-8825-48b0-b517-f2fb667d0772 ] Request (ServerDiagnosticsTest:tearDownClass): 204 DELETE http://10.180.1.21:9696/networking/v2.0/security-groups/560a9b99-8f0b-4e99-9293-84a8eeae187d 0.096s
2025-03-17 09:36:43.903 68756 INFO tempest.lib.common.rest_client [req-eeb110d4-5fe9-41e1-8c73-cfdbe307a04c req-eeb110d4-5fe9-41e1-8c73-cfdbe307a04c ] Request (MultipleCreateTestJSON:_run_cleanups): 200 GET http://10.180.1.21/compute/v2.1/servers/e356559c-e4ae-4a13-8605-edb2c6608463 0.353s
2025-03-17 09:36:43.904 68738 INFO tempest.lib.common.rest_client [req-d20597f0-9bcd-476a-a695-580eb16f61d9 req-d20597f0-9bcd-476a-a695-580eb16f61d9 ] Request (SecurityGroupRulesNegativeTestJSON:tearDownClass): 202 DELETE http://10.180.1.21/compute/v2.1/os-security-groups/56b89fce-d2a3-41ca-8465-da19cc39801d 0.354s
2025-03-17 09:36:43.962 68744 INFO tempest.lib.common.rest_client [req-3771b125-b68d-4dc6-aa53-07e95821c3b4 req-3771b125-b68d-4dc6-aa53-07e95821c3b4 ] Request (DeleteServersAdminTestJSON:test_delete_server_while_in_error_state): 200 GET http://10.180.1.21/compute/v2.1/servers/03e4e020-511f-4d10-87a7-5e14a74cd77b 0.355s
2025-03-17 09:36:43.963 68760 INFO tempest.lib.common.rest_client [req-39d96c8c-6700-40e9-a757-f6049d34e496 req-39d96c8c-6700-40e9-a757-f6049d34e496 ] Request (ServerMetadataTestJSON:tearDownClass): 200 GET http://10.180.1.21/compute/v2.1/servers/04218161-39eb-419d-96ea-c624f6e18e66 0.405s
2025-03-17 09:36:43.982 68712 INFO tempest.lib.common.rest_client [req-117d69b3-6e08-4a6b-aaf5-f13eb610b328 req-117d69b3-6e08-4a6b-aaf5-f13eb610b328 ] Request (KeyPairsV22TestJSON:_run_cleanups): 204 DELETE http://10.180.1.21/compute/v2.1/os-keypairs/tempest-keypair-1442629713 0.228s
2025-03-17 09:36:43.995 68736 INFO tempest.lib.common.rest_client [req-bc4a78a0-3a5b-4537-be51-5aa371ba30d7 req-bc4a78a0-3a5b-4537-be51-5aa371ba30d7 ] Request (ServerDiagnosticsTest:tearDownClass): 204 DELETE http://10.180.1.21/identity/v3/projects/65cbb5d966864e479ec905ce58ef2d17 0.115s
2025-03-17 09:36:43.996 68736 INFO tempest.test [-] raised in ServerStableDeviceRescueTestIDE.setUpClass. Invoking tearDownClass.
2025-03-17 09:36:44.075 68736 INFO tempest.lib.common.rest_client [req-9a054f71-8ae7-40b4-9897-82c9ba304f4b req-9a054f71-8ae7-40b4-9897-82c9ba304f4b ] Request (ServersListShow298Test:setUpClass): 201 POST http://10.180.1.21/identity/v3/auth/tokens 0.076s
2025-03-17 09:36:44.083 68714 INFO tempest.lib.common.rest_client [req-b1f68ec7-d71a-42d1-ade8-490651ec20bc req-b1f68ec7-d71a-42d1-ade8-490651ec20bc ] Request (ListImageFiltersTestJSON:setUpClass): 200 GET http://10.180.1.21/compute/v2.1/servers/828732f1-e0d2-4e9c-83f1-7f43892ba7be 0.257s
2025-03-17 09:36:44.094 68714 INFO tempest.common.waiters [-] State transition "BUILD/spawning" ==> "ACTIVE/None" after 47 second wait
2025-03-17 09:36:44.106 68720 INFO tempest.lib.common.rest_client [req-dd44d227-3b92-4ccf-95be-fb8ddcaf287b req-dd44d227-3b92-4ccf-95be-fb8ddcaf287b ] Request (FloatingIPsAssociationTestJSON:test_associate_already_associated_floating_ip): 200 GET http://10.180.1.21/compute/v2.1/servers/11e16402-9fbd-4dc8-855b-b8db7dd1434c 0.379s
2025-03-17 09:36:44.119 68736 INFO tempest.lib.common.rest_client [req-f7c48019-fa47-4d44-88da-5f3597ffe7ef req-f7c48019-fa47-4d44-88da-5f3597ffe7ef ] Request (ServersListShow298Test:setUpClass): 201 POST http://10.180.1.21/identity/v3/auth/tokens 0.041s
2025-03-17 09:36:44.147 68770 INFO tempest.lib.common.rest_client [req-471c8b93-7930-4019-b114-4d2bb72ad4a6 req-471c8b93-7930-4019-b114-4d2bb72ad4a6 ] Request (ImagesTestJSON:test_create_image_from_stopped_server): 200 GET http://10.180.1.21/compute/v2.1/servers/0ce27112-6779-453d-845a-eb7bd66c49f9 0.262s
2025-03-17 09:36:44.162 68736 INFO tempest.lib.common.rest_client [req-390d1a4c-649c-4d1d-af71-f1d14a322d07 req-390d1a4c-649c-4d1d-af71-f1d14a322d07 ] Request (ServersListShow298Test:setUpClass): 200 GET http://10.180.1.21/identity/v3/domains?name=Default 0.042s
2025-03-17 09:36:44.201 68736 INFO tempest.lib.common.rest_client [req-98b3835a-432f-444b-8c2a-1bab6b6d603c req-98b3835a-432f-444b-8c2a-1bab6b6d603c ] Request (ServersListShow298Test:setUpClass): 201 POST http://10.180.1.21/identity/v3/projects 0.039s
2025-03-17 09:36:44.210 68768 INFO tempest.lib.common.rest_client [req-3fe5c1d7-324a-48da-9fb7-b747289566ba req-3fe5c1d7-324a-48da-9fb7-b747289566ba ] Request (InstanceActionsV221TestJSON:test_get_list_deleted_instance_actions): 200 GET http://10.180.1.21/compute/v2.1/servers/f2771b69-6f75-4311-a727-ce7261fe1cf5 0.266s
2025-03-17 09:36:44.243 68712 INFO tempest.lib.common.rest_client [req-60cc9da1-8145-417b-866c-c0b849b9b7d2 req-60cc9da1-8145-417b-866c-c0b849b9b7d2 ] Request (KeyPairsV22TestJSON:test_keypair_create_delete): 201 POST http://10.180.1.21/compute/v2.1/os-keypairs 0.259s
2025-03-17 09:36:44.253 68738 INFO tempest.lib.common.rest_client [req-628400c2-6766-4f4f-a55f-2bc66213d9bb req-628400c2-6766-4f4f-a55f-2bc66213d9bb ] Request (SecurityGroupRulesNegativeTestJSON:tearDownClass): 202 DELETE http://10.180.1.21/compute/v2.1/os-security-groups/c2f57cc5-4f66-44f3-9b1c-0a98d2c52e08 0.348s
2025-03-17 09:36:44.269 68736 INFO tempest.lib.common.rest_client [req-5df70e9a-e431-45a2-9bfc-2f0abe29d3e3 req-5df70e9a-e431-45a2-9bfc-2f0abe29d3e3 ] Request (ServersListShow298Test:setUpClass): 201 POST http://10.180.1.21/identity/v3/users 0.067s
2025-03-17 09:36:44.293 68736 INFO tempest.lib.common.rest_client [req-d01c82b3-72e9-49ac-871c-22da084bb175 req-d01c82b3-72e9-49ac-871c-22da084bb175 ] Request (ServersListShow298Test:setUpClass): 200 GET http://10.180.1.21/identity/v3/roles 0.023s
2025-03-17 09:36:44.300 68766 INFO tempest.lib.common.rest_client [req-c14d4f35-f265-4944-937f-a24e1a7d8250 req-c14d4f35-f265-4944-937f-a24e1a7d8250 ] Request (ImagesNegativeTestJSON:test_create_image_from_deleted_server): 200 GET http://10.180.1.21/compute/v2.1/servers/6ab608b6-6828-46a0-a62a-ac56156c4be3 0.293s
2025-03-17 09:36:44.327 68736 INFO tempest.lib.common.rest_client [req-c88cd413-2cc2-41be-a206-eeca0c3bd55d req-c88cd413-2cc2-41be-a206-eeca0c3bd55d ] Request (ServersListShow298Test:setUpClass): 204 PUT http://10.180.1.21/identity/v3/projects/3092dc6a6b51463481eadbf566c91fe7/users/32457e340992453396b8a99fbe543279/roles/541f57a06cd348609b3ca5d058046afa 0.033s
2025-03-17 09:36:44.328 68736 INFO tempest.lib.common.dynamic_creds [-] Dynamic test user 32457e340992453396b8a99fbe543279 is created with scope project and roles: ['member']
2025-03-17 09:36:44.328 68736 INFO tempest.lib.common.dynamic_creds [-] Acquired dynamic creds: credentials: Credentials: {'domain_id': 'default', 'domain_name': 'Default', 'username': 'tempest-ServersListShow298Test-290670968-project-member', 'project_domain_id': 'default', 'project_domain_name': 'Default', 'project_id': '3092dc6a6b51463481eadbf566c91fe7', 'project_name': 'tempest-ServersListShow298Test-290670968', 'tenant_id': '3092dc6a6b51463481eadbf566c91fe7', 'tenant_name': 'tempest-ServersListShow298Test-290670968', 'user_domain_id': 'default', 'user_domain_name': 'Default', 'user_id': '32457e340992453396b8a99fbe543279', 'system': None}, Network: None, Subnet: None, Router: None
2025-03-17 09:36:44.328 68736 INFO tempest.lib.common.dynamic_creds [-] Created isolated network resources for: credentials: Credentials: {'domain_id': 'default', 'domain_name': 'Default', 'username': 'tempest-ServersListShow298Test-290670968-project-member', 'project_domain_id': 'default', 'project_domain_name': 'Default', 'project_id': '3092dc6a6b51463481eadbf566c91fe7', 'project_name': 'tempest-ServersListShow298Test-290670968', 'tenant_id': '3092dc6a6b51463481eadbf566c91fe7', 'tenant_name': 'tempest-ServersListShow298Test-290670968', 'user_domain_id': 'default', 'user_domain_name': 'Default', 'user_id': '32457e340992453396b8a99fbe543279', 'system': None}, Network: None, Subnet: None, Router: None
2025-03-17 09:36:44.359 68730 INFO tempest.lib.common.rest_client [req-4e0e83d2-2860-4a26-8f8d-1697226d1b85 req-4e0e83d2-2860-4a26-8f8d-1697226d1b85 ] Request (ServersTestFqdnHostnames:test_create_server_with_fqdn_name): 200 GET http://10.180.1.21/compute/v2.1/servers/336e7166-5e3f-4de1-b3af-14b521ec8147 0.259s
2025-03-17 09:36:44.403 68714 INFO tempest.lib.common.rest_client [req-69b4c13d-94f6-4d01-809c-5dcb25ad6c3b req-69b4c13d-94f6-4d01-809c-5dcb25ad6c3b ] Request (ListImageFiltersTestJSON:setUpClass): 200 GET http://10.180.1.21/compute/v2.1/servers/291661a1-659b-45a6-b35f-2db187f17324 0.309s
2025-03-17 09:36:44.409 68736 INFO tempest.lib.common.rest_client [req-2c97ebf0-82b3-4803-a244-659ca057efb3 req-2c97ebf0-82b3-4803-a244-659ca057efb3 ] Request (ServersListShow298Test:setUpClass): 201 POST http://10.180.1.21/identity/v3/auth/tokens 0.078s
2025-03-17 09:36:44.425 68752 INFO tempest.lib.common.rest_client [req-e8817e16-e02f-4166-a708-ea363d5f08f3 req-e8817e16-e02f-4166-a708-ea363d5f08f3 ] Request (AttachInterfacesTestJSON:test_create_list_show_delete_interfaces_by_fixed_ip): 200 GET http://10.180.1.21/compute/v2.1/servers/0b5b4adf-a2bd-4255-964e-bb70a52c056e 0.278s
2025-03-17 09:36:44.449 68736 INFO tempest.lib.common.rest_client [req-e2406d16-33ac-4a25-8354-f8ed1b8e78a7 req-e2406d16-33ac-4a25-8354-f8ed1b8e78a7 ] Request (ServersListShow298Test:test_list_show_update_rebuild_server_298): 201 POST http://10.180.1.21/identity/v3/auth/tokens 0.031s
2025-03-17 09:36:44.449 68736 INFO tempest.lib.common.fixed_network [-] (ServersListShow298Test:test_list_show_update_rebuild_server_298) Found network None available for tenant
2025-03-17 09:36:44.459 68758 INFO tempest.lib.common.rest_client [req-d523b830-186e-4ea2-9bf6-2e7421541cdb req-d523b830-186e-4ea2-9bf6-2e7421541cdb ] Request (ImagesOneServerTestJSON:test_create_image_specify_multibyte_character_image_name): 200 GET http://10.180.1.21/compute/v2.1/images/79b0000e-6f3a-45b7-b4c8-99fc5ecc8420 0.289s
2025-03-17 09:36:44.463 68728 INFO tempest.lib.common.rest_client [req-374ca3b5-3ed3-4277-b2da-fe654d2dca57 req-374ca3b5-3ed3-4277-b2da-fe654d2dca57 ] Request (ServersAdminNegativeTestJSON:test_migrate_server_invalid_state): 200 GET http://10.180.1.21/compute/v2.1/servers/78c655a8-fc5e-462e-b7f0-6d17345654f7 0.300s
2025-03-17 09:36:44.477 68712 INFO tempest.lib.common.rest_client [req-69edf65d-a3e9-4914-b118-2122d75bf06b req-69edf65d-a3e9-4914-b118-2122d75bf06b ] Request (KeyPairsV22TestJSON:_run_cleanups): 204 DELETE http://10.180.1.21/compute/v2.1/os-keypairs/tempest-keypair-1396737555 0.232s
2025-03-17 09:36:44.520 68724 INFO tempest.lib.common.rest_client [req-acbf88ce-0207-4326-a4f7-909ed49c29ee req-acbf88ce-0207-4326-a4f7-909ed49c29ee ] Request (ServersAdmin275Test:test_rebuild_update_server_275): 200 GET http://10.180.1.21/compute/v2.1/servers/04a75416-4760-4c14-9e8e-5458a095866e 0.293s
2025-03-17 09:36:44.549 68726 INFO tempest.lib.common.rest_client [req-dee04c4e-e638-4e3b-91c6-15dd2715b220 req-dee04c4e-e638-4e3b-91c6-15dd2715b220 ] Request (InstanceActionsTestJSON:tearDownClass): 200 GET http://10.180.1.21/compute/v2.1/servers/a40e75b5-1c76-4f37-8452-6f2769a5978e 0.296s
2025-03-17 09:36:44.579 68740 INFO tempest.lib.common.rest_client [req-d42eae22-7613-49fd-8fc0-346cb5d6154b req-d42eae22-7613-49fd-8fc0-346cb5d6154b ] Request (ServerDiagnosticsV248Test:test_get_server_diagnostics): 200 GET http://10.180.1.21/compute/v2.1/servers/e10449a8-0e0b-496e-8861-84708e325079 0.287s
2025-03-17 09:36:44.607 68722 INFO tempest.lib.common.rest_client [req-afcdd8ae-12d9-43c1-88a3-9281e61423f8 req-afcdd8ae-12d9-43c1-88a3-9281e61423f8 ] Request (AttachInterfacesUnderV243Test:test_add_remove_fixed_ip): 200 GET http://10.180.1.21/compute/v2.1/servers/ec6ae023-f376-4c2f-9d3d-31144b5b007e 0.304s
2025-03-17 09:36:44.631 68762 INFO tempest.lib.common.rest_client [req-132c5f6c-f1a6-4420-9064-af4731023734 req-132c5f6c-f1a6-4420-9064-af4731023734 ] Request (ServerRescueTestJSONUnderV235:setUpClass): 200 GET http://10.180.1.21/compute/v2.1/servers/e2c3bcf8-8270-4bf9-a599-ba2cc8311f5d 0.282s
2025-03-17 09:36:44.684 68746 INFO tempest.lib.common.rest_client [req-eb84d923-65c1-469f-bb3e-75ff188d7c8e req-eb84d923-65c1-469f-bb3e-75ff188d7c8e ] Request (ListServerFiltersTestJSON:setUpClass): 200 GET http://10.180.1.21/compute/v2.1/servers/0a48b910-7213-4d2e-a33e-727304c3a810 0.267s
2025-03-17 09:36:44.902 68742 INFO tempest.lib.common.rest_client [req-e57f6dbe-a6bd-4274-992a-187fd9b59bc8 req-e57f6dbe-a6bd-4274-992a-187fd9b59bc8 ] Request (ServersTestBootFromVolume:setUpClass): 200 GET http://10.180.1.21/volume/v3/volumes/b615b341-83c8-4d07-b2c3-ad19117c9eee 0.026s
2025-03-17 09:36:44.996 68738 INFO tempest.lib.common.rest_client [req-54eee2d7-0454-4d29-a3b2-27abe3853835 req-54eee2d7-0454-4d29-a3b2-27abe3853835 ] Request (SecurityGroupRulesNegativeTestJSON:tearDownClass): 200 PUT http://10.180.1.21:9696/networking/v2.0/routers/cf0a0608-e232-45aa-8e5f-2df42a7ca516/remove_router_interface 0.743s
2025-03-17 09:36:45.050 68714 INFO tempest.lib.common.rest_client [req-c1ead7a5-5f06-44c7-adcc-0ee4870cd879 req-c1ead7a5-5f06-44c7-adcc-0ee4870cd879 ] Request (ListImageFiltersTestJSON:setUpClass): 202 POST http://10.180.1.21/compute/v2.1/servers/291661a1-659b-45a6-b35f-2db187f17324/action 0.633s
2025-03-17 09:36:45.091 68712 INFO tempest.lib.common.rest_client [req-ab95e039-9b04-475e-af09-9c8dde687456 req-ab95e039-9b04-475e-af09-9c8dde687456 ] Request (KeyPairsV22TestJSON:test_keypair_create_with_pub_key): 201 POST http://10.180.1.21/compute/v2.1/os-keypairs 0.612s
2025-03-17 09:36:45.110 68736 INFO tempest.lib.common.rest_client [req-250a05dc-99f6-4819-a7de-d715555b48bf req-250a05dc-99f6-4819-a7de-d715555b48bf ] Request (ServersListShow298Test:test_list_show_update_rebuild_server_298): 202 POST http://10.180.1.21/compute/v2.1/servers 0.660s
2025-03-17 09:36:45.158 68708 INFO tempest.lib.common.rest_client [req-6643e117-c604-4e2d-aaa0-4c17d2b22803 req-6643e117-c604-4e2d-aaa0-4c17d2b22803 ] Request (DeleteServersTestJSON:test_delete_active_server): 200 GET http://10.180.1.21/compute/v2.1/servers/27d98b28-1248-40cf-8a75-121ce862be45 0.632s
2025-03-17 09:36:45.180 68750 INFO tempest.lib.common.rest_client [req-a32a6a2d-5476-4a61-befc-7941dafe60e1 req-a32a6a2d-5476-4a61-befc-7941dafe60e1 ] Request (ServerGroupTestJSON:test_create_server_with_scheduler_hint_group): 200 GET http://10.180.1.21/compute/v2.1/servers/899fb4f5-ddf8-4295-8abe-99669680d1d2 0.590s
2025-03-17 09:36:45.241 68748 INFO tempest.lib.common.rest_client [req-95a3ccd0-549f-4372-89a6-5bfe190f7680 req-95a3ccd0-549f-4372-89a6-5bfe190f7680 ] Request (FloatingIPsAssociationNegativeTestJSON:tearDownClass): 200 GET http://10.180.1.21/compute/v2.1/servers/85e6230e-00fc-4099-bebd-5a2b0f7d8402 0.581s
2025-03-17 09:36:45.291 68710 INFO tempest.lib.common.rest_client [req-bc85c9e7-0d2c-48f1-a497-0a83c14f123b req-bc85c9e7-0d2c-48f1-a497-0a83c14f123b ] Request (MigrationsAdminTest:test_list_migrations_in_flavor_resize_situation): 200 GET http://10.180.1.21/compute/v2.1/servers/1b07d836-07a1-437f-8890-59630b092bca 0.593s
2025-03-17 09:36:45.301 68734 INFO tempest.lib.common.rest_client [req-ef799927-99e1-4c3e-9ce8-9b3ebdd23c4f req-ef799927-99e1-4c3e-9ce8-9b3ebdd23c4f ] Request (ServerActionsTestOtherA:setUpClass): 200 GET http://10.180.1.21/compute/v2.1/servers/d6b19435-f7df-4b89-b0b1-b147ff8d8f64 0.551s
2025-03-17 09:36:45.370 68716 INFO tempest.lib.common.rest_client [req-e016e718-d0e3-4262-860f-7152e380f4c7 req-e016e718-d0e3-4262-860f-7152e380f4c7 ] Request (ServersAdminTestJSON:setUpClass): 200 GET http://10.180.1.21/compute/v2.1/servers/03d0a82a-7689-4d48-9a5f-508f55a76ee3 0.538s
2025-03-17 09:36:45.436 68732 INFO tempest.lib.common.rest_client [req-92433787-1ecf-4f45-b488-67439a624128 req-92433787-1ecf-4f45-b488-67439a624128 ] Request (VolumesAdminNegativeTest:test_update_attached_volume_with_nonexistent_volume_in_body): 200 GET http://10.180.1.21/compute/v2.1/servers/7b44d5c5-c6e2-403e-8d0a-6580e3877e8e 0.644s
2025-03-17 09:36:45.439 68756 INFO tempest.lib.common.rest_client [req-639e6e80-3687-45e8-9f9b-2355dae2a2bc req-639e6e80-3687-45e8-9f9b-2355dae2a2bc ] Request (MultipleCreateTestJSON:_run_cleanups): 200 GET http://10.180.1.21/compute/v2.1/servers/e356559c-e4ae-4a13-8605-edb2c6608463 0.523s
2025-03-17 09:36:45.468 68738 INFO tempest.lib.common.rest_client [req-4a17ff35-4947-4c4a-9e99-57dd15fb2a38 req-4a17ff35-4947-4c4a-9e99-57dd15fb2a38 ] Request (SecurityGroupRulesNegativeTestJSON:tearDownClass): 204 DELETE http://10.180.1.21:9696/networking/v2.0/routers/cf0a0608-e232-45aa-8e5f-2df42a7ca516 0.471s
2025-03-17 09:36:45.493 68744 INFO tempest.lib.common.rest_client [req-ce70cf84-b378-43ff-9353-56785966bd6a req-ce70cf84-b378-43ff-9353-56785966bd6a ] Request (DeleteServersAdminTestJSON:test_delete_server_while_in_error_state): 200 GET http://10.180.1.21/compute/v2.1/servers/03e4e020-511f-4d10-87a7-5e14a74cd77b 0.522s
2025-03-17 09:36:45.506 68760 INFO tempest.lib.common.rest_client [req-6a3df958-14b3-46f5-b385-958065b4dbe4 req-6a3df958-14b3-46f5-b385-958065b4dbe4 ] Request (ServerMetadataTestJSON:tearDownClass): 200 GET http://10.180.1.21/compute/v2.1/servers/04218161-39eb-419d-96ea-c624f6e18e66 0.531s
2025-03-17 09:36:45.524 68712 INFO tempest.lib.common.rest_client [req-3218fa02-a3ad-4521-b9cd-3ebb920a096f req-3218fa02-a3ad-4521-b9cd-3ebb920a096f ] Request (KeyPairsV22TestJSON:_run_cleanups): 204 DELETE http://10.180.1.21/compute/v2.1/os-keypairs/tempest-keypair-2132318849 0.431s
2025-03-17 09:36:45.541 68714 INFO tempest.lib.common.rest_client [req-c351dda2-7c97-4a77-8422-47ef32788480 req-c351dda2-7c97-4a77-8422-47ef32788480 ] Request (ListImageFiltersTestJSON:setUpClass): 200 GET http://10.180.1.21/compute/v2.1/images/f16f352d-4b8f-4af8-a7e8-ca4b9d5d55a2 0.490s
2025-03-17 09:36:45.580 68736 INFO tempest.lib.common.rest_client [req-8a94e5b2-37bf-432c-834c-5d6155c94046 req-8a94e5b2-37bf-432c-834c-5d6155c94046 ] Request (ServersListShow298Test:test_list_show_update_rebuild_server_298): 200 GET http://10.180.1.21/compute/v2.1/servers/69f2e7b4-4673-4707-87e3-e40032f09a10 0.467s
2025-03-17 09:36:45.638 68770 INFO tempest.lib.common.rest_client [req-8b4807ab-ca38-4005-96e1-987d6b6e3119 req-8b4807ab-ca38-4005-96e1-987d6b6e3119 ] Request (ImagesTestJSON:test_create_image_from_stopped_server): 200 GET http://10.180.1.21/compute/v2.1/servers/0ce27112-6779-453d-845a-eb7bd66c49f9 0.483s
2025-03-17 09:36:45.657 68738 INFO tempest.lib.common.rest_client [req-2a44a6ff-6336-4864-b2dc-5dd1fb140202 req-2a44a6ff-6336-4864-b2dc-5dd1fb140202 ] Request (SecurityGroupRulesNegativeTestJSON:tearDownClass): 204 DELETE http://10.180.1.21:9696/networking/v2.0/subnets/50740241-af19-429e-8c04-142c657ed79f 0.188s
2025-03-17 09:36:45.695 68720 INFO tempest.lib.common.rest_client [req-60e8b423-1d66-4dc5-9968-176a4e6fb2a6 req-60e8b423-1d66-4dc5-9968-176a4e6fb2a6 ] Request (FloatingIPsAssociationTestJSON:test_associate_already_associated_floating_ip): 200 GET http://10.180.1.21/compute/v2.1/servers/11e16402-9fbd-4dc8-855b-b8db7dd1434c 0.580s
2025-03-17 09:36:45.706 68768 INFO tempest.lib.common.rest_client [req-abfd4521-fc3a-4f9e-a72e-d8c262c7043b req-abfd4521-fc3a-4f9e-a72e-d8c262c7043b ] Request (InstanceActionsV221TestJSON:test_get_list_deleted_instance_actions): 200 GET http://10.180.1.21/compute/v2.1/servers/f2771b69-6f75-4311-a727-ce7261fe1cf5 0.487s
2025-03-17 09:36:45.765 68766 INFO tempest.lib.common.rest_client [req-bf24aa21-bfb7-4377-bcfd-138309e9c235 req-bf24aa21-bfb7-4377-bcfd-138309e9c235 ] Request (ImagesNegativeTestJSON:test_create_image_from_deleted_server): 200 GET http://10.180.1.21/compute/v2.1/servers/6ab608b6-6828-46a0-a62a-ac56156c4be3 0.453s
2025-03-17 09:36:45.789 68730 INFO tempest.lib.common.rest_client [req-3cacd6a5-a8a3-492e-82f4-c42fc52fe159 req-3cacd6a5-a8a3-492e-82f4-c42fc52fe159 ] Request (ServersTestFqdnHostnames:test_create_server_with_fqdn_name): 200 GET http://10.180.1.21/compute/v2.1/servers/336e7166-5e3f-4de1-b3af-14b521ec8147 0.421s
2025-03-17 09:36:45.822 68758 INFO tempest.lib.common.rest_client [req-b5483789-645e-4ee3-b81c-e291abb18d01 req-b5483789-645e-4ee3-b81c-e291abb18d01 ] Request (ImagesOneServerTestJSON:test_create_image_specify_multibyte_character_image_name): 200 GET http://10.180.1.21/compute/v2.1/images/79b0000e-6f3a-45b7-b4c8-99fc5ecc8420 0.360s
2025-03-17 09:36:45.832 68752 INFO tempest.lib.common.rest_client [req-01e8e329-96ca-4d01-9741-27ff21c8078e req-01e8e329-96ca-4d01-9741-27ff21c8078e ] Request (AttachInterfacesTestJSON:test_create_list_show_delete_interfaces_by_fixed_ip): 200 GET http://10.180.1.21/compute/v2.1/servers/0b5b4adf-a2bd-4255-964e-bb70a52c056e 0.399s
2025-03-17 09:36:45.839 68752 INFO tempest.common.waiters [-] State transition "BUILD/None" ==> "BUILD/networking" after 29 second wait
2025-03-17 09:36:45.873 68712 INFO tempest.lib.common.rest_client [req-a0f421fe-1f32-4388-9531-806bf498bfb2 req-a0f421fe-1f32-4388-9531-806bf498bfb2 ] Request (KeyPairsV22TestJSON:test_keypairs_create_list_delete): 201 POST http://10.180.1.21/compute/v2.1/os-keypairs 0.346s
2025-03-17 09:36:45.896 68728 INFO tempest.lib.common.rest_client [req-b581c229-b911-449a-817e-e3d9efe2b969 req-b581c229-b911-449a-817e-e3d9efe2b969 ] Request (ServersAdminNegativeTestJSON:test_migrate_server_invalid_state): 200 GET http://10.180.1.21/compute/v2.1/servers/78c655a8-fc5e-462e-b7f0-6d17345654f7 0.423s
2025-03-17 09:36:45.944 68724 INFO tempest.lib.common.rest_client [req-74f7262d-9a12-42b4-9430-5f569214c737 req-74f7262d-9a12-42b4-9430-5f569214c737 ] Request (ServersAdmin275Test:test_rebuild_update_server_275): 200 GET http://10.180.1.21/compute/v2.1/servers/04a75416-4760-4c14-9e8e-5458a095866e 0.414s
2025-03-17 09:36:45.963 68742 INFO tempest.lib.common.rest_client [req-7622f244-5f2f-4e97-bcb1-ca36ab1d3649 req-7622f244-5f2f-4e97-bcb1-ca36ab1d3649 ] Request (ServersTestBootFromVolume:setUpClass): 200 GET http://10.180.1.21/volume/v3/volumes/b615b341-83c8-4d07-b2c3-ad19117c9eee 0.052s
2025-03-17 09:36:46.014 68740 INFO tempest.lib.common.rest_client [req-8d2d0c45-5f35-4b20-87c1-a0ea01af535d req-8d2d0c45-5f35-4b20-87c1-a0ea01af535d ] Request (ServerDiagnosticsV248Test:test_get_server_diagnostics): 200 GET http://10.180.1.21/compute/v2.1/servers/e10449a8-0e0b-496e-8861-84708e325079 0.424s
2025-03-17 09:36:46.055 68726 INFO tempest.lib.common.rest_client [req-478f4df7-8b0c-4bcd-bb30-9ccab6dc2cd9 req-478f4df7-8b0c-4bcd-bb30-9ccab6dc2cd9 ] Request (InstanceActionsTestJSON:tearDownClass): 200 GET http://10.180.1.21/compute/v2.1/servers/a40e75b5-1c76-4f37-8452-6f2769a5978e 0.497s
2025-03-17 09:36:46.080 68722 INFO tempest.lib.common.rest_client [req-7c7d108d-ac77-43b6-8eaa-6ea0f817e1d6 req-7c7d108d-ac77-43b6-8eaa-6ea0f817e1d6 ] Request (AttachInterfacesUnderV243Test:test_add_remove_fixed_ip): 200 GET http://10.180.1.21/compute/v2.1/servers/ec6ae023-f376-4c2f-9d3d-31144b5b007e 0.462s
2025-03-17 09:36:46.132 68762 INFO tempest.lib.common.rest_client [req-155aa867-03e5-455a-ba46-1a85ea53492d req-155aa867-03e5-455a-ba46-1a85ea53492d ] Request (ServerRescueTestJSONUnderV235:setUpClass): 200 GET http://10.180.1.21/compute/v2.1/servers/e2c3bcf8-8270-4bf9-a599-ba2cc8311f5d 0.490s
2025-03-17 09:36:46.138 68746 INFO tempest.lib.common.rest_client [req-3f0fda54-8526-46e2-8e0c-d2a7a95f9e9b req-3f0fda54-8526-46e2-8e0c-d2a7a95f9e9b ] Request (ListServerFiltersTestJSON:setUpClass): 200 GET http://10.180.1.21/compute/v2.1/servers/0a48b910-7213-4d2e-a33e-727304c3a810 0.444s
2025-03-17 09:36:46.142 68762 INFO tempest.common.waiters [-] State transition "BUILD/scheduling" ==> "BUILD/None" after 17 second wait
2025-03-17 09:36:46.142 68738 INFO tempest.lib.common.rest_client [req-0e600b3c-e4cc-4af2-a051-512c62ceb7f8 req-0e600b3c-e4cc-4af2-a051-512c62ceb7f8 ] Request (SecurityGroupRulesNegativeTestJSON:tearDownClass): 204 DELETE http://10.180.1.21:9696/networking/v2.0/networks/4888c0a8-2390-4060-aa08-08b3e7dd5bb3 0.485s
2025-03-17 09:36:46.170 68712 INFO tempest.lib.common.rest_client [req-9c3923a6-d922-4ec8-99d2-1c76e969fe0e req-9c3923a6-d922-4ec8-99d2-1c76e969fe0e ] Request (KeyPairsV22TestJSON:test_keypairs_create_list_delete): 201 POST http://10.180.1.21/compute/v2.1/os-keypairs 0.294s
2025-03-17 09:36:46.213 68712 INFO tempest.lib.common.rest_client [req-5b24f67c-e7d8-40f4-abaf-19344d096574 req-5b24f67c-e7d8-40f4-abaf-19344d096574 ] Request (KeyPairsV22TestJSON:test_keypairs_create_list_delete): 201 POST http://10.180.1.21/compute/v2.1/os-keypairs 0.041s
2025-03-17 09:36:46.217 68708 INFO tempest.lib.common.rest_client [req-d899c86f-c69c-44e9-b046-10036da90144 req-d899c86f-c69c-44e9-b046-10036da90144 ] Request (DeleteServersTestJSON:test_delete_active_server): 200 GET http://10.180.1.21/compute/v2.1/servers/27d98b28-1248-40cf-8a75-121ce862be45 0.052s
2025-03-17 09:36:46.227 68712 INFO tempest.lib.common.rest_client [req-605e04b9-7f2a-439a-a147-63772ea2a01b req-605e04b9-7f2a-439a-a147-63772ea2a01b ] Request (KeyPairsV22TestJSON:test_keypairs_create_list_delete): 200 GET http://10.180.1.21/compute/v2.1/os-keypairs 0.013s
2025-03-17 09:36:46.244 68738 INFO tempest.lib.common.rest_client [req-a44f1010-66ba-4197-bdb6-113349d9b55e req-a44f1010-66ba-4197-bdb6-113349d9b55e ] Request (SecurityGroupRulesNegativeTestJSON:tearDownClass): 204 DELETE http://10.180.1.21/identity/v3/users/cae71b3483604be49fc047ccd8854f84 0.101s
2025-03-17 09:36:46.244 68738 INFO tempest.lib.common.dynamic_creds [-] Deleting project and security group for project: 50cf8ba11f32484893858fe7034e3344
2025-03-17 09:36:46.252 68712 INFO tempest.lib.common.rest_client [req-d1b3f64b-32e8-42eb-8dec-0d70e37b7fd7 req-d1b3f64b-32e8-42eb-8dec-0d70e37b7fd7 ] Request (KeyPairsV22TestJSON:_run_cleanups): 204 DELETE http://10.180.1.21/compute/v2.1/os-keypairs/tempest-KeyPairsV22TestJSON-keypair-1305970720 0.021s
2025-03-17 09:36:46.272 68738 INFO tempest.lib.common.rest_client [req-454a6de4-1929-4cc7-a762-589c03ed2591 req-454a6de4-1929-4cc7-a762-589c03ed2591 ] Request (SecurityGroupRulesNegativeTestJSON:tearDownClass): 200 GET http://10.180.1.21:9696/networking/v2.0/security-groups?tenant_id=50cf8ba11f32484893858fe7034e3344&name=default 0.028s
2025-03-17 09:36:46.274 68750 INFO tempest.lib.common.rest_client [req-9ebcff32-0af7-4cee-98d9-e5e759cebd0b req-9ebcff32-0af7-4cee-98d9-e5e759cebd0b ] Request (ServerGroupTestJSON:test_create_server_with_scheduler_hint_group): 200 GET http://10.180.1.21/compute/v2.1/servers/899fb4f5-ddf8-4295-8abe-99669680d1d2 0.080s
2025-03-17 09:36:46.288 68712 INFO tempest.lib.common.rest_client [req-df1fdb22-05d0-4143-8a6e-1f7f51a118a4 req-df1fdb22-05d0-4143-8a6e-1f7f51a118a4 ] Request (KeyPairsV22TestJSON:_run_cleanups): 204 DELETE http://10.180.1.21/compute/v2.1/os-keypairs/tempest-KeyPairsV22TestJSON-keypair-414611217 0.036s
2025-03-17 09:36:46.308 68712 INFO tempest.lib.common.rest_client [req-1daf4f3f-0ef5-4c0e-820d-93eb3dd70bff req-1daf4f3f-0ef5-4c0e-820d-93eb3dd70bff ] Request (KeyPairsV22TestJSON:_run_cleanups): 204 DELETE http://10.180.1.21/compute/v2.1/os-keypairs/tempest-KeyPairsV22TestJSON-keypair-1761114247 0.019s
2025-03-17 09:36:46.320 68748 INFO tempest.lib.common.rest_client [req-a13ee127-e965-4d15-a27f-c017b7222536 req-a13ee127-e965-4d15-a27f-c017b7222536 ] Request (FloatingIPsAssociationNegativeTestJSON:tearDownClass): 200 GET http://10.180.1.21/compute/v2.1/servers/85e6230e-00fc-4099-bebd-5a2b0f7d8402 0.068s
2025-03-17 09:36:46.369 68734 INFO tempest.lib.common.rest_client [req-e6b8ae64-8d0e-402d-94d3-496ef75ec543 req-e6b8ae64-8d0e-402d-94d3-496ef75ec543 ] Request (ServerActionsTestOtherA:setUpClass): 200 GET http://10.180.1.21/compute/v2.1/servers/d6b19435-f7df-4b89-b0b1-b147ff8d8f64 0.060s
2025-03-17 09:36:46.393 68712 INFO tempest.lib.common.rest_client [req-2482396b-b637-4e76-965d-53f6611bb3b9 req-2482396b-b637-4e76-965d-53f6611bb3b9 ] Request (KeyPairsV22TestJSON:test_keypairsv22_create_list_show): 201 POST http://10.180.1.21/compute/v2.1/os-keypairs 0.083s
2025-03-17 09:36:46.437 68710 INFO tempest.lib.common.rest_client [req-5aae946d-10f0-4881-b665-586ff14be16b req-5aae946d-10f0-4881-b665-586ff14be16b ] Request (MigrationsAdminTest:test_list_migrations_in_flavor_resize_situation): 200 GET http://10.180.1.21/compute/v2.1/servers/1b07d836-07a1-437f-8890-59630b092bca 0.137s
2025-03-17 09:36:46.441 68738 INFO tempest.lib.common.rest_client [req-84d196f1-b933-461a-85d1-dff56f760228 req-84d196f1-b933-461a-85d1-dff56f760228 ] Request (SecurityGroupRulesNegativeTestJSON:tearDownClass): 204 DELETE http://10.180.1.21:9696/networking/v2.0/security-groups/724bb371-6fb1-4436-b9ae-18ebb029aec4 0.168s
