2025-03-17 09:35:36.242 68734 INFO tempest.lib.common.rest_client [req-502f37db-9f12-4ef6-8708-5a2e4b4deb52 req-502f37db-9f12-4ef6-8708-5a2e4b4deb52 ] Request (FlavorsAdminTestJSON:test_create_list_flavor_without_extra_data): 200 GET http://10.180.1.21/compute/v2.1/flavors/detail 0.896s
2025-03-17 09:35:36.257 68766 INFO tempest.lib.common.rest_client [req-ac777a5f-c74a-4034-96e6-59ce8e463fbf req-ac777a5f-c74a-4034-96e6-59ce8e463fbf ] Request (QuotasAdminTestV236:tearDownClass): 201 POST http://10.180.1.21/identity/v3/auth/tokens 0.708s
2025-03-17 09:35:36.270 68720 INFO tempest.lib.common.rest_client [req-15494031-1a57-4e40-b67e-4152ced7c9f0 req-15494031-1a57-4e40-b67e-4152ced7c9f0 ] Request (FloatingIPsAssociationTestJSON:setUpClass): 200 GET http://10.180.1.21/compute/v2.1/servers/39cf4eea-900e-4211-9afe-ae2735af2661 0.295s
2025-03-17 09:35:36.278 68724 INFO tempest.lib.common.rest_client [req-e56b6f08-78fd-407f-95de-76bd588324cc req-e56b6f08-78fd-407f-95de-76bd588324cc ] Request (AggregatesAdminNegativeTestJSON:test_aggregate_list_as_user): 403 GET http://10.180.1.21/compute/v2.1/os-aggregates 0.180s
2025-03-17 09:35:36.301 68726 INFO tempest.lib.common.rest_client [req-95248a1e-0437-4842-a7ca-84b0f873b381 req-95248a1e-0437-4842-a7ca-84b0f873b381 ] Request (FlavorsExtraSpecsNegativeTestJSON:tearDownClass): 204 DELETE http://10.180.1.21/identity/v3/users/3104384d358445c6a2a24a909de2865b 0.835s
2025-03-17 09:35:36.301 68726 INFO tempest.lib.common.dynamic_creds [-] Deleting project and security group for project: 557b8e2a7cb244c39c1889669eae2dc6
2025-03-17 09:35:36.320 68708 INFO tempest.lib.common.rest_client [req-dbcd5a79-44ad-45e5-a118-3ba03b5ad2bf req-dbcd5a79-44ad-45e5-a118-3ba03b5ad2bf ] Request (QuotasSecurityGroupAdminNegativeTest:setUpClass): 201 POST http://10.180.1.21/identity/v3/auth/tokens 0.686s
2025-03-17 09:35:36.333 68758 INFO tempest.lib.common.rest_client [req-c0df395a-76b9-4b97-9cf4-e4150ca4c7b9 req-c0df395a-76b9-4b97-9cf4-e4150ca4c7b9 ] Request (ImagesOneServerTestJSON:setUpClass): 200 GET http://10.180.1.21/compute/v2.1/servers/186d39ce-c42b-4fb6-bcd1-ba10eeb9df20 0.284s
2025-03-17 09:35:36.348 68734 INFO tempest.lib.common.rest_client [req-0efd0608-2751-4752-8962-945e880d08d2 req-0efd0608-2751-4752-8962-945e880d08d2 ] Request (FlavorsAdminTestJSON:_run_cleanups): 202 DELETE http://10.180.1.21/compute/v2.1/flavors/2030056459 0.100s
2025-03-17 09:35:36.411 68750 INFO tempest.lib.common.rest_client [req-be5df094-65d5-46bc-900d-403f53349040 req-be5df094-65d5-46bc-900d-403f53349040 ] Request (QuotasAdminTestJSON:test_delete_quota): 200 GET http://10.180.1.21/identity/v3/domains?name=Default 0.698s
2025-03-17 09:35:36.444 68732 INFO tempest.lib.common.rest_client [req-17d1b28e-2895-42b9-8de4-15d6d0c711c0 req-17d1b28e-2895-42b9-8de4-15d6d0c711c0 ] Request (FlavorsExtraSpecsTestJSON:tearDownClass): 204 DELETE http://10.180.1.21/identity/v3/users/4538bb573da34843b47556211308934c 0.699s
2025-03-17 09:35:36.445 68732 INFO tempest.lib.common.dynamic_creds [-] Deleting project and security group for project: f0a738455dd143948b63597f7bf0e133
2025-03-17 09:35:36.458 68736 INFO tempest.lib.common.rest_client [req-5d5d39d6-3b61-4566-ab87-80acc4214136 req-5d5d39d6-3b61-4566-ab87-80acc4214136 ] Request (ServerDiagnosticsTest:test_get_server_diagnostics): 200 GET http://10.180.1.21/compute/v2.1/servers/7eea385c-cd21-4229-84ca-60ebfaa72460 0.192s
2025-03-17 09:35:36.473 68742 INFO tempest.lib.common.rest_client [req-55ac8819-d25a-4a98-a89d-1e325101f790 req-55ac8819-d25a-4a98-a89d-1e325101f790 ] Request (SecurityGroupsTestAdminJSON:setUpClass): 201 POST http://10.180.1.21/identity/v3/auth/tokens 0.705s
2025-03-17 09:35:36.486 68724 INFO tempest.lib.common.rest_client [req-162e49e5-02e4-4e10-b710-3d5c6920c6b2 req-162e49e5-02e4-4e10-b710-3d5c6920c6b2 ] Request (AggregatesAdminNegativeTestJSON:test_aggregate_remove_host_as_user): 200 POST http://10.180.1.21/compute/v2.1/os-aggregates 0.207s
2025-03-17 09:35:36.499 68762 INFO tempest.lib.common.rest_client [req-a59b676c-35ee-4a99-bd46-c98a71a06273 req-a59b676c-35ee-4a99-bd46-c98a71a06273 ] Request (ImagesMetadataTestJSON:setUpClass): 201 POST http://10.180.1.21/identity/v3/auth/tokens 0.643s
2025-03-17 09:35:36.501 68728 INFO tempest.lib.common.rest_client [req-d9a332c0-a5cc-4e2f-b44d-02318f0bf4ad req-d9a332c0-a5cc-4e2f-b44d-02318f0bf4ad ] Request (KeyPairsV210TestJSON:tearDownClass): 200 GET http://10.180.1.21:9696/networking/v2.0/security-groups?tenant_id=3baf5290a7e94ad29a9696039b29ae80&name=default 0.812s
2025-03-17 09:35:36.508 68734 INFO tempest.lib.common.rest_client [req-a3515af2-da9a-4f5d-9964-c332fbfabd61 req-a3515af2-da9a-4f5d-9964-c332fbfabd61 ] Request (FlavorsAdminTestJSON:_run_cleanups): 200 GET http://10.180.1.21/compute/v2.1/flavors/detail 0.159s
2025-03-17 09:35:36.520 68754 INFO tempest.lib.common.rest_client [req-47656d95-f489-4ec7-8ebf-ee7e813e956d req-47656d95-f489-4ec7-8ebf-ee7e813e956d ] Request (ValidationResourcesFixture:setUp): 201 POST http://10.180.1.21:9696/networking/v2.0/floatingips 1.474s
2025-03-17 09:35:36.528 68764 INFO tempest.lib.common.rest_client [req-bb594fec-7390-4924-a208-fa4ac86079ff req-bb594fec-7390-4924-a208-fa4ac86079ff ] Request (VolumesSnapshotsTestJSON:setUpClass): 201 POST http://10.180.1.21/identity/v3/auth/tokens 0.665s
2025-03-17 09:35:36.532 68740 INFO tempest.lib.common.rest_client [req-3f820c40-2983-43ad-88f1-edc1ff333169 req-3f820c40-2983-43ad-88f1-edc1ff333169 ] Request (FlavorsAccessTestJSON:tearDownClass): 204 DELETE http://10.180.1.21:9696/networking/v2.0/security-groups/fbb38ca4-5f95-42ad-ab99-e6228ba15ec5 0.396s
2025-03-17 09:35:36.556 68752 INFO tempest.lib.common.rest_client [req-5aa53eaf-f704-422e-ba57-ce355fdccfcb req-5aa53eaf-f704-422e-ba57-ce355fdccfcb ] Request (FlavorsV255TestJSON:tearDownClass): 204 DELETE http://10.180.1.21/identity/v3/projects/7417dba8eff2401aaf0e759408d1edcd 0.651s
2025-03-17 09:35:36.556 68752 INFO tempest.lib.common.dynamic_creds [-] Deleting project and security group for project: b3a697dd2008440486667e33d6cac4cb
2025-03-17 09:35:36.578 68730 INFO tempest.lib.common.rest_client [req-ce06d915-88d2-4760-a897-8e15dea7a28c req-ce06d915-88d2-4760-a897-8e15dea7a28c ] Request (FlavorsV2TestJSON:tearDownClass): 201 POST http://10.180.1.21/identity/v3/auth/tokens 0.569s
2025-03-17 09:35:36.586 68748 INFO tempest.lib.common.rest_client [req-d6ce6865-896c-42dd-ae98-755d9767b9b7 req-d6ce6865-896c-42dd-ae98-755d9767b9b7 ] Request (FloatingIPsAssociationNegativeTestJSON:setUpClass): 201 POST http://10.180.1.21/identity/v3/users 0.622s
2025-03-17 09:35:36.604 68728 INFO tempest.lib.common.rest_client [req-577efa1f-fa14-4be2-b58c-ed27739d1c58 req-577efa1f-fa14-4be2-b58c-ed27739d1c58 ] Request (KeyPairsV210TestJSON:tearDownClass): 204 DELETE http://10.180.1.21:9696/networking/v2.0/security-groups/67475f8b-5147-42c4-94ab-ae000771e19e 0.102s
2025-03-17 09:35:36.605 68712 INFO tempest.lib.common.rest_client [req-5c4f37d6-92f6-4e3c-ba56-1acdcb4ae218 req-5c4f37d6-92f6-4e3c-ba56-1acdcb4ae218 ] Request (FlavorsAccessNegativeTestJSON:setUpClass): 204 PUT http://10.180.1.21/identity/v3/projects/e0a9fc4186274c5cb13b900541569966/users/4377716fe9eb4e1bab6907327a09465f/roles/48e2c7b905c44c82984fe46f9be4a826 0.496s
2025-03-17 09:35:36.606 68712 INFO tempest.lib.common.dynamic_creds [-] Dynamic test user 4377716fe9eb4e1bab6907327a09465f is created with scope project and roles: ['admin']
2025-03-17 09:35:36.606 68712 INFO tempest.lib.common.dynamic_creds [-] Acquired dynamic creds: credentials: Credentials: {'domain_id': 'default', 'domain_name': 'Default', 'username': 'tempest-FlavorsAccessNegativeTestJSON-1080132514-project-admin', 'project_domain_id': 'default', 'project_domain_name': 'Default', 'project_id': 'e0a9fc4186274c5cb13b900541569966', 'project_name': 'tempest-FlavorsAccessNegativeTestJSON-1080132514', 'tenant_id': 'e0a9fc4186274c5cb13b900541569966', 'tenant_name': 'tempest-FlavorsAccessNegativeTestJSON-1080132514', 'user_domain_id': 'default', 'user_domain_name': 'Default', 'user_id': '4377716fe9eb4e1bab6907327a09465f', 'system': None}, Network: None, Subnet: None, Router: None
2025-03-17 09:35:36.606 68712 INFO tempest.lib.common.dynamic_creds [-] Created isolated network resources for: credentials: Credentials: {'domain_id': 'default', 'domain_name': 'Default', 'username': 'tempest-FlavorsAccessNegativeTestJSON-1080132514-project-admin', 'project_domain_id': 'default', 'project_domain_name': 'Default', 'project_id': 'e0a9fc4186274c5cb13b900541569966', 'project_name': 'tempest-FlavorsAccessNegativeTestJSON-1080132514', 'tenant_id': 'e0a9fc4186274c5cb13b900541569966', 'tenant_name': 'tempest-FlavorsAccessNegativeTestJSON-1080132514', 'user_domain_id': 'default', 'user_domain_name': 'Default', 'user_id': '4377716fe9eb4e1bab6907327a09465f', 'system': None}, Network: None, Subnet: None, Router: None
2025-03-17 09:35:36.635 68756 INFO tempest.lib.common.rest_client [req-022ee691-5614-49f7-a824-17e9fbb46c29 req-022ee691-5614-49f7-a824-17e9fbb46c29 ] Request (HostsAdminNegativeTestJSON:tearDownClass): 204 DELETE http://10.180.1.21/identity/v3/users/1aae8fc9bdb6428e83beb6f4ea5a370e 0.553s
2025-03-17 09:35:36.690 68760 INFO tempest.lib.common.rest_client [req-319fc2c9-b7d2-423f-be50-c5a0e610555b req-319fc2c9-b7d2-423f-be50-c5a0e610555b ] Request (ServerMetadataTestJSON:setUpClass): 201 POST http://10.180.1.21/identity/v3/projects 0.555s
2025-03-17 09:35:36.692 68716 INFO tempest.lib.common.rest_client [req-bef575c0-5328-491a-93fe-1153334d4238 req-bef575c0-5328-491a-93fe-1153334d4238 ] Request (QuotaClassesAdmin257Test:setUpClass): 200 GET http://10.180.1.21/identity/v3/roles 0.492s
2025-03-17 09:35:36.772 68746 INFO tempest.lib.common.rest_client [req-2e7309cb-0b42-4146-8313-31299d18e2d6 req-2e7309cb-0b42-4146-8313-31299d18e2d6 ] Request (FlavorsV261TestJSON:tearDownClass): 204 DELETE http://10.180.1.21/identity/v3/projects/5d3eb044f3c54b6880be77ff24897d13 0.559s
2025-03-17 09:35:36.772 68746 INFO tempest.lib.common.dynamic_creds [-] Deleting project and security group for project: 03a89b328d0f4821954f770228002000
2025-03-17 09:35:36.807 68752 INFO tempest.lib.common.rest_client [req-2342b334-c8a2-47a8-a7e6-cdc8515febd7 req-2342b334-c8a2-47a8-a7e6-cdc8515febd7 ] Request (FlavorsV255TestJSON:tearDownClass): 200 GET http://10.180.1.21:9696/networking/v2.0/security-groups?tenant_id=b3a697dd2008440486667e33d6cac4cb&name=default 0.250s
2025-03-17 09:35:36.825 68726 INFO tempest.lib.common.rest_client [req-85f11338-0b87-40e0-811e-be390a9bbe62 req-85f11338-0b87-40e0-811e-be390a9bbe62 ] Request (FlavorsExtraSpecsNegativeTestJSON:tearDownClass): 201 POST http://10.180.1.21/identity/v3/auth/tokens 0.524s
2025-03-17 09:35:36.849 68708 INFO tempest.lib.common.rest_client [req-17c996a6-e780-4c0b-9506-52ad4cb7e8a1 req-17c996a6-e780-4c0b-9506-52ad4cb7e8a1 ] Request (QuotasSecurityGroupAdminNegativeTest:setUpClass): 201 POST http://10.180.1.21/identity/v3/auth/tokens 0.526s
2025-03-17 09:35:36.853 68732 INFO tempest.lib.common.rest_client [req-44a7f811-50c0-43db-b4ac-5b4fb6472dc0 req-44a7f811-50c0-43db-b4ac-5b4fb6472dc0 ] Request (FlavorsExtraSpecsTestJSON:tearDownClass): 201 POST http://10.180.1.21/identity/v3/auth/tokens 0.408s
2025-03-17 09:35:36.877 68762 INFO tempest.lib.common.rest_client [req-f31294ae-9b01-4719-a273-784f067495ff req-f31294ae-9b01-4719-a273-784f067495ff ] Request (ImagesMetadataTestJSON:setUpClass): 201 POST http://10.180.1.21/identity/v3/auth/tokens 0.375s
2025-03-17 09:35:36.885 68742 INFO tempest.lib.common.rest_client [req-72f281ed-2a1a-4d68-8d88-23d47da214b7 req-72f281ed-2a1a-4d68-8d88-23d47da214b7 ] Request (SecurityGroupsTestAdminJSON:setUpClass): 200 GET http://10.180.1.21/identity/v3/domains?name=Default 0.411s
2025-03-17 09:35:36.948 68746 INFO tempest.lib.common.rest_client [req-0f338217-bb08-4fe0-9a17-c986b0ffa704 req-0f338217-bb08-4fe0-9a17-c986b0ffa704 ] Request (FlavorsV261TestJSON:tearDownClass): 200 GET http://10.180.1.21:9696/networking/v2.0/security-groups?tenant_id=03a89b328d0f4821954f770228002000&name=default 0.175s
2025-03-17 09:35:36.949 68754 INFO tempest.lib.common.rest_client [req-4611b556-3fbe-4333-8d12-7ded9a40202a req-4611b556-3fbe-4333-8d12-7ded9a40202a ] Request (ServersWithSpecificFlavorTestJSON:test_verify_created_server_ephemeral_disk): 201 POST http://10.180.1.21/identity/v3/auth/tokens 0.426s
2025-03-17 09:35:36.949 68754 INFO tempest.lib.common.fixed_network [-] (ServersWithSpecificFlavorTestJSON:test_verify_created_server_ephemeral_disk) Found network {'id': '9db2dfca-fbb3-43b6-9809-5a6ee7975eb9', 'name': 'tempest-ServersWithSpecificFlavorTestJSON-1426033580-network', 'tenant_id': '948ddfd65fe14d5d8b74f2296707c6ac', 'admin_state_up': True, 'mtu': 8950, 'status': 'ACTIVE', 'subnets': [], 'shared': False, 'project_id': '948ddfd65fe14d5d8b74f2296707c6ac', 'port_security_enabled': True, 'router:external': False, 'provider:network_type': 'vlan', 'provider:physical_network': 'default', 'provider:segmentation_id': 631, 'availability_zone_hints': [], 'availability_zones': [], 'ipv4_address_scope': None, 'ipv6_address_scope': None, 'description': '', 'tags': [], 'created_at': '2025-03-17T09:35:18Z', 'updated_at': '2025-03-17T09:35:18Z', 'revision_number': 1} available for tenant
2025-03-17 09:35:36.967 68766 INFO tempest.lib.common.rest_client [req-9abec069-4e6b-403e-b4fb-3ba1e1e7ab82 req-9abec069-4e6b-403e-b4fb-3ba1e1e7ab82 ] Request (QuotasAdminTestV236:tearDownClass): 200 GET http://10.180.1.21:9696/networking/v2.0/security-groups?tenant_id=a7b4409d251149c2adb5546bdb55aed2&name=default 0.708s
2025-03-17 09:35:36.976 68764 INFO tempest.lib.common.rest_client [req-8caa9d4d-141c-41ad-8171-a8c9f89cea2c req-8caa9d4d-141c-41ad-8171-a8c9f89cea2c ] Request (VolumesSnapshotsTestJSON:setUpClass): 201 POST http://10.180.1.21/identity/v3/auth/tokens 0.445s
2025-03-17 09:35:37.003 68752 INFO tempest.lib.common.rest_client [req-b458b62f-539f-4cfe-8a8e-dc8c197b198f req-b458b62f-539f-4cfe-8a8e-dc8c197b198f ] Request (FlavorsV255TestJSON:tearDownClass): 204 DELETE http://10.180.1.21:9696/networking/v2.0/security-groups/b6d577d8-f33d-427b-be32-563c4108f706 0.195s
2025-03-17 09:35:37.005 68748 INFO tempest.lib.common.rest_client [req-b7b737c5-910d-40b2-8bdd-d92f06761c15 req-b7b737c5-910d-40b2-8bdd-d92f06761c15 ] Request (FloatingIPsAssociationNegativeTestJSON:setUpClass): 200 GET http://10.180.1.21/identity/v3/roles 0.419s
2025-03-17 09:35:37.018 68740 INFO tempest.lib.common.rest_client [req-00c16da1-f8a2-4670-89ba-a026d2bc2465 req-00c16da1-f8a2-4670-89ba-a026d2bc2465 ] Request (FlavorsAccessTestJSON:tearDownClass): 204 DELETE http://10.180.1.21/identity/v3/projects/11fcf52505404f8f9eeb9594c985fe86 0.486s
2025-03-17 09:35:37.019 68740 INFO tempest.lib.common.dynamic_creds [-] Deleting project and security group for project: 1fcdb9decbc54fe19875a37206c151f8
2025-03-17 09:35:37.020 68724 INFO tempest.lib.common.rest_client [req-2613abe4-cf75-4a38-91c6-d3dbc14a1247 req-2613abe4-cf75-4a38-91c6-d3dbc14a1247 ] Request (AggregatesAdminNegativeTestJSON:test_aggregate_remove_host_as_user): 200 POST http://10.180.1.21/compute/v2.1/os-aggregates/7/action 0.530s
2025-03-17 09:35:37.034 68734 INFO tempest.lib.common.rest_client [req-62f82717-2cbf-428a-a8f7-8e00026cd6b2 req-62f82717-2cbf-428a-a8f7-8e00026cd6b2 ] Request (FlavorsAdminTestJSON:test_create_server_with_non_public_flavor): 200 POST http://10.180.1.21/compute/v2.1/flavors 0.520s
2025-03-17 09:35:37.137 68718 INFO tempest.lib.common.rest_client [req-40e75b4f-644a-4c37-bcb5-91eb123651db req-40e75b4f-644a-4c37-bcb5-91eb123651db ] Request (VolumesAssistedSnapshotsTest:test_volume_assisted_snapshot_create_delete): 200 GET http://10.180.1.21/volume/v3/volumes/9c4f61f9-0fad-4b75-974f-c4dad23bc850 0.049s
2025-03-17 09:35:37.148 68728 INFO tempest.lib.common.rest_client [req-f5015b13-cbd9-404e-bb02-b77b5cc79868 req-f5015b13-cbd9-404e-bb02-b77b5cc79868 ] Request (KeyPairsV210TestJSON:tearDownClass): 204 DELETE http://10.180.1.21/identity/v3/projects/3baf5290a7e94ad29a9696039b29ae80 0.544s
2025-03-17 09:35:37.148 68728 INFO tempest.lib.common.dynamic_creds [-] Deleting project and security group for project: b023be4693844718b2e4aea21b73ca74
2025-03-17 09:35:37.149 68718 INFO tempest.common.waiters [-] volume 9c4f61f9-0fad-4b75-974f-c4dad23bc850 reached available after waiting for 1.149631 seconds
2025-03-17 09:35:37.166 68766 INFO tempest.lib.common.rest_client [req-15a9e580-0c30-4fc2-b846-0b3beca32806 req-15a9e580-0c30-4fc2-b846-0b3beca32806 ] Request (QuotasAdminTestV236:tearDownClass): 204 DELETE http://10.180.1.21:9696/networking/v2.0/security-groups/118707e1-f7b6-451a-986b-23d4e9a8478b 0.199s
2025-03-17 09:35:37.189 68746 INFO tempest.lib.common.rest_client [req-6a2ade65-3cdd-4077-aff8-d19497077c2e req-6a2ade65-3cdd-4077-aff8-d19497077c2e ] Request (FlavorsV261TestJSON:tearDownClass): 204 DELETE http://10.180.1.21:9696/networking/v2.0/security-groups/d49e861a-648f-43b8-926f-398e47cf8cc0 0.240s
2025-03-17 09:35:37.220 68712 INFO tempest.lib.common.rest_client [req-89aa0d01-ae3d-48b3-a093-9429408f5759 req-89aa0d01-ae3d-48b3-a093-9429408f5759 ] Request (FlavorsAccessNegativeTestJSON:setUpClass): 201 POST http://10.180.1.21/identity/v3/auth/tokens 0.611s
2025-03-17 09:35:37.255 68710 INFO tempest.lib.common.rest_client [req-2d3a5b0d-c9d6-4f82-9dce-6f55c3a38bb6 req-2d3a5b0d-c9d6-4f82-9dce-6f55c3a38bb6 ] Request (MigrationsAdminTest:test_list_migrations_in_flavor_resize_situation): 200 GET http://10.180.1.21/compute/v2.1/servers/1b07d836-07a1-437f-8890-59630b092bca 0.693s
2025-03-17 09:35:37.283 68756 INFO tempest.lib.common.rest_client [req-af8a41a9-0fcf-4e6f-9ec2-ee40f3d2dd79 req-af8a41a9-0fcf-4e6f-9ec2-ee40f3d2dd79 ] Request (HostsAdminNegativeTestJSON:tearDownClass): 204 DELETE http://10.180.1.21/identity/v3/users/6cdeb86ba2f543ffb648fd29dec1049b 0.647s
2025-03-17 09:35:37.283 68756 INFO tempest.lib.common.dynamic_creds [-] Deleting project and security group for project: 7c7ba7e3bd734a5cbdc6bf72791dc140
2025-03-17 09:35:37.284 68740 INFO tempest.lib.common.rest_client [req-fb36f7bd-5f33-40f3-9d4b-d29c08d5eb7d req-fb36f7bd-5f33-40f3-9d4b-d29c08d5eb7d ] Request (FlavorsAccessTestJSON:tearDownClass): 200 GET http://10.180.1.21:9696/networking/v2.0/security-groups?tenant_id=1fcdb9decbc54fe19875a37206c151f8&name=default 0.265s
2025-03-17 09:35:37.353 68760 INFO tempest.lib.common.rest_client [req-823e4cb3-8ea4-4e20-b70c-0f155128c210 req-823e4cb3-8ea4-4e20-b70c-0f155128c210 ] Request (ServerMetadataTestJSON:setUpClass): 201 POST http://10.180.1.21/identity/v3/users 0.662s
2025-03-17 09:35:37.361 68716 INFO tempest.lib.common.rest_client [req-01caaeb5-7e01-401f-b8cf-18502c92c722 req-01caaeb5-7e01-401f-b8cf-18502c92c722 ] Request (QuotaClassesAdmin257Test:setUpClass): 204 PUT http://10.180.1.21/identity/v3/projects/7be7d9487240489eae60b1a97add4441/users/27046254bafc4ffe876a0f62d45c16d6/roles/541f57a06cd348609b3ca5d058046afa 0.669s
2025-03-17 09:35:37.362 68716 INFO tempest.lib.common.dynamic_creds [-] Dynamic test user 27046254bafc4ffe876a0f62d45c16d6 is created with scope project and roles: ['member']
2025-03-17 09:35:37.362 68716 INFO tempest.lib.common.dynamic_creds [-] Acquired dynamic creds: credentials: Credentials: {'domain_id': 'default', 'domain_name': 'Default', 'username': 'tempest-QuotaClassesAdmin257Test-459971497-project-member', 'project_domain_id': 'default', 'project_domain_name': 'Default', 'project_id': '7be7d9487240489eae60b1a97add4441', 'project_name': 'tempest-QuotaClassesAdmin257Test-459971497', 'tenant_id': '7be7d9487240489eae60b1a97add4441', 'tenant_name': 'tempest-QuotaClassesAdmin257Test-459971497', 'user_domain_id': 'default', 'user_domain_name': 'Default', 'user_id': '27046254bafc4ffe876a0f62d45c16d6', 'system': None}, Network: None, Subnet: None, Router: None
2025-03-17 09:35:37.362 68716 INFO tempest.lib.common.dynamic_creds [-] Created isolated network resources for: credentials: Credentials: {'domain_id': 'default', 'domain_name': 'Default', 'username': 'tempest-QuotaClassesAdmin257Test-459971497-project-member', 'project_domain_id': 'default', 'project_domain_name': 'Default', 'project_id': '7be7d9487240489eae60b1a97add4441', 'project_name': 'tempest-QuotaClassesAdmin257Test-459971497', 'tenant_id': '7be7d9487240489eae60b1a97add4441', 'tenant_name': 'tempest-QuotaClassesAdmin257Test-459971497', 'user_domain_id': 'default', 'user_domain_name': 'Default', 'user_id': '27046254bafc4ffe876a0f62d45c16d6', 'system': None}, Network: None, Subnet: None, Router: None
2025-03-17 09:35:37.417 68708 INFO tempest.lib.common.rest_client [req-c23b334f-fdfa-47f4-91f7-dc8a6aa054e7 req-c23b334f-fdfa-47f4-91f7-dc8a6aa054e7 ] Request (QuotasSecurityGroupAdminNegativeTest:setUpClass): 200 GET http://10.180.1.21/identity/v3/domains?name=Default 0.566s
2025-03-17 09:35:37.430 68740 INFO tempest.lib.common.rest_client [req-030a2ac2-7085-49a9-9b6c-3dd146555495 req-030a2ac2-7085-49a9-9b6c-3dd146555495 ] Request (FlavorsAccessTestJSON:tearDownClass): 204 DELETE http://10.180.1.21:9696/networking/v2.0/security-groups/4d076a3e-4308-4bd6-903a-e21e462343f4 0.145s
2025-03-17 09:35:37.433 68730 INFO tempest.lib.common.rest_client [req-905174f2-7645-4205-8a6d-1d0ec4a8f885 req-905174f2-7645-4205-8a6d-1d0ec4a8f885 ] Request (FlavorsV2TestJSON:tearDownClass): 200 GET http://10.180.1.21:9696/networking/v2.0/security-groups?tenant_id=c87f90349fbd472fb76144fe98ba16d0&name=default 0.854s
2025-03-17 09:35:37.453 68770 INFO tempest.lib.common.rest_client [req-6069bb0b-f7ec-42f0-bff4-5453303425a8 req-6069bb0b-f7ec-42f0-bff4-5453303425a8 ] Request (TenantUsagesTestJSON:setUpClass): 200 GET http://10.180.1.21/compute/v2.1/servers/955d5968-609f-41ef-9fba-34c29184f66f 0.687s
2025-03-17 09:35:37.472 68762 INFO tempest.lib.common.rest_client [req-aa5c7af8-fe4e-4884-8292-331f102e2a34 req-aa5c7af8-fe4e-4884-8292-331f102e2a34 ] Request (ImagesMetadataTestJSON:setUpClass): 200 GET http://10.180.1.21/identity/v3/domains?name=Default 0.594s
2025-03-17 09:35:37.483 68728 INFO tempest.lib.common.rest_client [req-8497b3a4-4bf1-4702-913d-0aff8889fb18 req-8497b3a4-4bf1-4702-913d-0aff8889fb18 ] Request (KeyPairsV210TestJSON:tearDownClass): 200 GET http://10.180.1.21:9696/networking/v2.0/security-groups?tenant_id=b023be4693844718b2e4aea21b73ca74&name=default 0.334s
2025-03-17 09:35:37.490 68742 INFO tempest.lib.common.rest_client [req-4a9077c7-ecf0-448d-8dde-a9d8f411bed5 req-4a9077c7-ecf0-448d-8dde-a9d8f411bed5 ] Request (SecurityGroupsTestAdminJSON:setUpClass): 201 POST http://10.180.1.21/identity/v3/projects 0.604s
2025-03-17 09:35:37.539 68764 INFO tempest.lib.common.rest_client [req-0fa7f70f-303a-4ab9-a57c-4282f742dc9f req-0fa7f70f-303a-4ab9-a57c-4282f742dc9f ] Request (VolumesSnapshotsTestJSON:setUpClass): 200 GET http://10.180.1.21/identity/v3/domains?name=Default 0.562s
2025-03-17 09:35:37.569 68748 INFO tempest.lib.common.rest_client [req-0ca8fd8c-4fc7-4fc8-93f5-ee1fd6e945dd req-0ca8fd8c-4fc7-4fc8-93f5-ee1fd6e945dd ] Request (FloatingIPsAssociationNegativeTestJSON:setUpClass): 204 PUT http://10.180.1.21/identity/v3/projects/12bd40776b6d4e49906bac56afa6b6de/users/b88bf9d0eeea42ae8231636bed997242/roles/541f57a06cd348609b3ca5d058046afa 0.563s
2025-03-17 09:35:37.569 68748 INFO tempest.lib.common.dynamic_creds [-] Dynamic test user b88bf9d0eeea42ae8231636bed997242 is created with scope project and roles: ['member']
2025-03-17 09:35:37.569 68748 INFO tempest.lib.common.dynamic_creds [-] Acquired dynamic creds: credentials: Credentials: {'domain_id': 'default', 'domain_name': 'Default', 'username': 'tempest-FloatingIPsAssociationNegativeTestJSON-1943996769-project-member', 'project_domain_id': 'default', 'project_domain_name': 'Default', 'project_id': '12bd40776b6d4e49906bac56afa6b6de', 'project_name': 'tempest-FloatingIPsAssociationNegativeTestJSON-1943996769', 'tenant_id': '12bd40776b6d4e49906bac56afa6b6de', 'tenant_name': 'tempest-FloatingIPsAssociationNegativeTestJSON-1943996769', 'user_domain_id': 'default', 'user_domain_name': 'Default', 'user_id': 'b88bf9d0eeea42ae8231636bed997242', 'system': None}, Network: None, Subnet: None, Router: None
2025-03-17 09:35:37.580 68752 INFO tempest.lib.common.rest_client [req-d48c1e04-1368-440b-bb5f-2ff904687a4c req-d48c1e04-1368-440b-bb5f-2ff904687a4c ] Request (FlavorsV255TestJSON:tearDownClass): 204 DELETE http://10.180.1.21/identity/v3/projects/b3a697dd2008440486667e33d6cac4cb 0.577s
2025-03-17 09:35:37.644 68722 INFO tempest.lib.common.rest_client [req-b660372e-1faa-497a-b84d-ab7c6d1cdba3 req-b660372e-1faa-497a-b84d-ab7c6d1cdba3 ] Request (ServerExternalEventsTest:test_create_server_external_events): 200 GET http://10.180.1.21/compute/v2.1/servers/6e0dade5-e6cb-4bfe-8415-3a820c338854 0.798s
2025-03-17 09:35:37.646 68730 INFO tempest.lib.common.rest_client [req-e101cc08-fecb-40a2-aaf5-5cea71e24c4c req-e101cc08-fecb-40a2-aaf5-5cea71e24c4c ] Request (FlavorsV2TestJSON:tearDownClass): 204 DELETE http://10.180.1.21:9696/networking/v2.0/security-groups/a13f0bea-7380-4805-bead-d6d6dde28659 0.213s
2025-03-17 09:35:37.653 68722 INFO tempest.common.waiters [-] State transition "BUILD/networking" ==> "BUILD/spawning" after 8 second wait
2025-03-17 09:35:37.660 68766 INFO tempest.lib.common.rest_client [req-95e735d7-a14d-4cbd-8418-68c7d26c7f4c req-95e735d7-a14d-4cbd-8418-68c7d26c7f4c ] Request (QuotasAdminTestV236:tearDownClass): 204 DELETE http://10.180.1.21/identity/v3/projects/a7b4409d251149c2adb5546bdb55aed2 0.493s
2025-03-17 09:35:37.661 68766 INFO tempest.lib.common.dynamic_creds [-] Deleting project and security group for project: 0666734842644cfc943dec3e49a17b15
2025-03-17 09:35:37.685 68746 INFO tempest.lib.common.rest_client [req-c0e789d7-4696-4c4f-affb-d81dbf1290fe req-c0e789d7-4696-4c4f-affb-d81dbf1290fe ] Request (FlavorsV261TestJSON:tearDownClass): 204 DELETE http://10.180.1.21/identity/v3/projects/03a89b328d0f4821954f770228002000 0.495s
2025-03-17 09:35:37.688 68726 INFO tempest.lib.common.rest_client [req-d81e975b-89c2-405c-9138-4e41681afc9a req-d81e975b-89c2-405c-9138-4e41681afc9a ] Request (FlavorsExtraSpecsNegativeTestJSON:tearDownClass): 200 GET http://10.180.1.21:9696/networking/v2.0/security-groups?tenant_id=557b8e2a7cb244c39c1889669eae2dc6&name=default 0.863s
2025-03-17 09:35:37.719 68732 INFO tempest.lib.common.rest_client [req-6b975f72-bee3-4dbf-97f2-eb0ab9693c3d req-6b975f72-bee3-4dbf-97f2-eb0ab9693c3d ] Request (FlavorsExtraSpecsTestJSON:tearDownClass): 200 GET http://10.180.1.21:9696/networking/v2.0/security-groups?tenant_id=f0a738455dd143948b63597f7bf0e133&name=default 0.866s
2025-03-17 09:35:37.746 68756 INFO tempest.lib.common.rest_client [req-c56a283d-8185-4712-a362-89ffee322631 req-c56a283d-8185-4712-a362-89ffee322631 ] Request (HostsAdminNegativeTestJSON:tearDownClass): 201 POST http://10.180.1.21/identity/v3/auth/tokens 0.463s
2025-03-17 09:35:37.767 68712 INFO tempest.lib.common.rest_client [req-6cf9dc50-7e23-4b03-82d1-fbe17c1242a4 req-6cf9dc50-7e23-4b03-82d1-fbe17c1242a4 ] Request (FlavorsAccessNegativeTestJSON:setUpClass): 201 POST http://10.180.1.21/identity/v3/projects 0.547s
2025-03-17 09:35:37.815 68760 INFO tempest.lib.common.rest_client [req-9b978c6f-d243-497a-8f90-924f8a6f03ec req-9b978c6f-d243-497a-8f90-924f8a6f03ec ] Request (ServerMetadataTestJSON:setUpClass): 200 GET http://10.180.1.21/identity/v3/roles 0.461s
2025-03-17 09:35:37.824 68728 INFO tempest.lib.common.rest_client [req-d363fb4f-f4ea-4295-9e21-539117d7cc4e req-d363fb4f-f4ea-4295-9e21-539117d7cc4e ] Request (KeyPairsV210TestJSON:tearDownClass): 204 DELETE http://10.180.1.21:9696/networking/v2.0/security-groups/3df0b02b-592d-4b57-8493-14a375a2e45d 0.341s
2025-03-17 09:35:37.846 68708 INFO tempest.lib.common.rest_client [req-c519fee4-d368-45e1-ac58-e53ffeb89e46 req-c519fee4-d368-45e1-ac58-e53ffeb89e46 ] Request (QuotasSecurityGroupAdminNegativeTest:setUpClass): 201 POST http://10.180.1.21/identity/v3/projects 0.429s
2025-03-17 09:35:37.857 68714 INFO tempest.lib.common.rest_client [req-a52e373c-2436-409f-b0fb-d8baefe81bdb req-a52e373c-2436-409f-b0fb-d8baefe81bdb ] Request (ListImageFiltersTestJSON:setUpClass): 204 PUT http://10.180.1.21/image/v2/images/27532ce5-c64c-4960-bbfa-f2297b1c0c03/file 4.634s
2025-03-17 09:35:37.879 68716 INFO tempest.lib.common.rest_client [req-7e92ee82-60be-4531-8b13-28099fc7f184 req-7e92ee82-60be-4531-8b13-28099fc7f184 ] Request (QuotaClassesAdmin257Test:setUpClass): 201 POST http://10.180.1.21/identity/v3/auth/tokens 0.512s
2025-03-17 09:35:37.910 68732 INFO tempest.lib.common.rest_client [req-3846b573-26a6-4071-a147-45f3aa74d67d req-3846b573-26a6-4071-a147-45f3aa74d67d ] Request (FlavorsExtraSpecsTestJSON:tearDownClass): 204 DELETE http://10.180.1.21:9696/networking/v2.0/security-groups/7823d8b0-13d2-414f-8bd5-609c4abd5b5e 0.190s
2025-03-17 09:35:37.917 68762 INFO tempest.lib.common.rest_client [req-838f5f3e-c435-4028-a289-25f1c2a08ef2 req-838f5f3e-c435-4028-a289-25f1c2a08ef2 ] Request (ImagesMetadataTestJSON:setUpClass): 201 POST http://10.180.1.21/identity/v3/projects 0.445s
2025-03-17 09:35:37.945 68740 INFO tempest.lib.common.rest_client [req-8ebe4261-9b9f-47da-8b76-9386a91a6514 req-8ebe4261-9b9f-47da-8b76-9386a91a6514 ] Request (FlavorsAccessTestJSON:tearDownClass): 204 DELETE http://10.180.1.21/identity/v3/projects/1fcdb9decbc54fe19875a37206c151f8 0.514s
2025-03-17 09:35:38.046 68750 INFO tempest.lib.common.rest_client [req-ca362c49-628e-4f8a-8d59-2d4e9cea0ba5 req-ca362c49-628e-4f8a-8d59-2d4e9cea0ba5 ] Request (QuotasAdminTestJSON:test_delete_quota): 200 GET http://10.180.1.21/compute/v2.1/os-quota-sets/1dbecc78952e43ab99606616f99c69d8 1.635s
2025-03-17 09:35:38.049 68742 INFO tempest.lib.common.rest_client [req-c6803d61-8b38-43c9-b782-2802b82ef9b9 req-c6803d61-8b38-43c9-b782-2802b82ef9b9 ] Request (SecurityGroupsTestAdminJSON:setUpClass): 201 POST http://10.180.1.21/identity/v3/users 0.559s
2025-03-17 09:35:38.055 68724 INFO tempest.lib.common.rest_client [req-e0f6f978-0655-46e9-ad30-e8bfc3bb0811 req-e0f6f978-0655-46e9-ad30-e8bfc3bb0811 ] Request (AggregatesAdminNegativeTestJSON:test_aggregate_remove_host_as_user): 403 POST http://10.180.1.21/compute/v2.1/os-aggregates/7/action 1.033s
2025-03-17 09:35:38.067 68764 INFO tempest.lib.common.rest_client [req-7ff57825-2b1a-443c-b259-6ce676db6dc9 req-7ff57825-2b1a-443c-b259-6ce676db6dc9 ] Request (VolumesSnapshotsTestJSON:setUpClass): 201 POST http://10.180.1.21/identity/v3/projects 0.528s
2025-03-17 09:35:38.072 68734 INFO tempest.lib.common.rest_client [req-2eec8faf-f33a-4420-badb-56df877dfbdb req-2eec8faf-f33a-4420-badb-56df877dfbdb ] Request (FlavorsAdminTestJSON:test_create_server_with_non_public_flavor): 400 POST http://10.180.1.21/compute/v2.1/servers 1.034s
2025-03-17 09:35:38.108 68748 INFO tempest.lib.common.rest_client [req-61224512-746e-4947-b471-fc36bffa2037 req-61224512-746e-4947-b471-fc36bffa2037 ] Request (FloatingIPsAssociationNegativeTestJSON:setUpClass): 201 POST http://10.180.1.21/identity/v3/auth/tokens 0.538s
2025-03-17 09:35:38.125 68766 INFO tempest.lib.common.rest_client [req-f46096cf-8e8e-44ac-8ea9-444d399d72cb req-f46096cf-8e8e-44ac-8ea9-444d399d72cb ] Request (QuotasAdminTestV236:tearDownClass): 200 GET http://10.180.1.21:9696/networking/v2.0/security-groups?tenant_id=0666734842644cfc943dec3e49a17b15&name=default 0.464s
2025-03-17 09:35:38.128 68726 INFO tempest.lib.common.rest_client [req-eaf7f30c-40aa-4306-8f0b-d455ffe35e50 req-eaf7f30c-40aa-4306-8f0b-d455ffe35e50 ] Request (FlavorsExtraSpecsNegativeTestJSON:tearDownClass): 204 DELETE http://10.180.1.21:9696/networking/v2.0/security-groups/bca66389-e37b-4528-ba85-92bcb42f5ecb 0.439s
2025-03-17 09:35:38.128 68752 INFO tempest.lib.common.rest_client [req-206b3e3a-ce7e-431b-9be4-5c661b9b239c req-206b3e3a-ce7e-431b-9be4-5c661b9b239c ] Request (ImagesDeleteNegativeTestJSON:setUpClass): 201 POST http://10.180.1.21/identity/v3/auth/tokens 0.546s
2025-03-17 09:35:38.134 68744 INFO tempest.lib.common.rest_client [req-0bf9938e-49ae-4de5-8fe4-b3d275f1c73d req-0bf9938e-49ae-4de5-8fe4-b3d275f1c73d ] Request (DeleteServersAdminTestJSON:test_admin_delete_servers_of_others): 200 GET http://10.180.1.21/compute/v2.1/servers/5afc3947-fa82-4aa1-9c9d-f93ac3f12a2b 1.063s
2025-03-17 09:35:38.151 68746 INFO tempest.lib.common.rest_client [req-0db9683d-11b1-4bc8-8912-70c67e2c6717 req-0db9683d-11b1-4bc8-8912-70c67e2c6717 ] Request (KeyPairsV2TestJSON:setUpClass): 201 POST http://10.180.1.21/identity/v3/auth/tokens 0.464s
2025-03-17 09:35:38.177 68730 INFO tempest.lib.common.rest_client [req-ffe84e1c-9c7e-49de-9d5b-b15e735a1e13 req-ffe84e1c-9c7e-49de-9d5b-b15e735a1e13 ] Request (FlavorsV2TestJSON:tearDownClass): 204 DELETE http://10.180.1.21/identity/v3/projects/c87f90349fbd472fb76144fe98ba16d0 0.531s
2025-03-17 09:35:38.216 68768 INFO tempest.lib.common.rest_client [req-653a5055-e23a-4755-8b77-95780c5d1bf7 req-653a5055-e23a-4755-8b77-95780c5d1bf7 ] Request (FloatingIPDetailsTestJSON:setUpClass): 200 PUT http://10.180.1.21:9696/networking/v2.0/routers/a3b428e5-c39e-45da-9d22-177bd5dddf8a/add_router_interface 2.196s
2025-03-17 09:35:38.217 68768 INFO tempest.lib.common.dynamic_creds [-] Created isolated network resources for: credentials: Credentials: {'domain_id': 'default', 'domain_name': 'Default', 'username': 'tempest-FloatingIPDetailsTestJSON-1022444542-project-member', 'project_domain_id': 'default', 'project_domain_name': 'Default', 'project_id': '680a71a48465443aae6dd5d877ab53d0', 'project_name': 'tempest-FloatingIPDetailsTestJSON-1022444542', 'tenant_id': '680a71a48465443aae6dd5d877ab53d0', 'tenant_name': 'tempest-FloatingIPDetailsTestJSON-1022444542', 'user_domain_id': 'default', 'user_domain_name': 'Default', 'user_id': '4811fb8c0f4f4e458a6e4c165170c696', 'system': None}, Network: {'id': '1967bc54-076e-4101-a78a-e69cf2c5aed7', 'name': 'tempest-FloatingIPDetailsTestJSON-787623717-network', 'tenant_id': '680a71a48465443aae6dd5d877ab53d0', 'admin_state_up': True, 'mtu': 8950, 'status': 'ACTIVE', 'subnets': [], 'shared': False, 'project_id': '680a71a48465443aae6dd5d877ab53d0', 'port_security_enabled': True, 'router:external': False, 'provider:network_type': 'vlan', 'provider:physical_network': 'default', 'provider:segmentation_id': 877, 'availability_zone_hints': [], 'availability_zones': [], 'ipv4_address_scope': None, 'ipv6_address_scope': None, 'description': '', 'tags': [], 'created_at': '2025-03-17T09:35:33Z', 'updated_at': '2025-03-17T09:35:33Z', 'revision_number': 1}, Subnet: {'id': '2d1ba330-30ae-4ce8-b374-4564fe582a8c', 'name': 'tempest-FloatingIPDetailsTestJSON-787623717-subnet', 'tenant_id': '680a71a48465443aae6dd5d877ab53d0', 'network_id': '1967bc54-076e-4101-a78a-e69cf2c5aed7', 'ip_version': 4, 'subnetpool_id': None, 'enable_dhcp': True, 'ipv6_ra_mode': None, 'ipv6_address_mode': None, 'gateway_ip': '192.168.128.1', 'cidr': '192.168.128.0/28', 'allocation_pools': [{'start': '192.168.128.2', 'end': '192.168.128.14'}], 'host_routes': [], 'dns_nameservers': [], 'description': '', 'router:external': False, 'service_types': [], 'tags': [], 'created_at': '2025-03-17T09:35:34Z', 'updated_at': '2025-03-17T09:35:34Z', 'revision_number': 0, 'project_id': '680a71a48465443aae6dd5d877ab53d0'}, Router: {'id': 'a3b428e5-c39e-45da-9d22-177bd5dddf8a', 'name': 'tempest-FloatingIPDetailsTestJSON-787623717-router', 'tenant_id': '680a71a48465443aae6dd5d877ab53d0', 'admin_state_up': True, 'status': 'ACTIVE', 'external_gateway_info': {'network_id': 'f8ccdb4c-2249-4acc-91d5-9777bb8b0317', 'external_fixed_ips': [{'subnet_id': 'fbb391e0-8415-4dc2-8540-3df3c1ff088f', 'ip_address': '10.180.180.201'}], 'enable_snat': True}, 'description': '', 'availability_zones': [], 'distributed': False, 'ha': False, 'availability_zone_hints': [], 'routes': [], 'flavor_id': None, 'tags': [], 'created_at': '2025-03-17T09:35:34Z', 'updated_at': '2025-03-17T09:35:35Z', 'revision_number': 2, 'project_id': '680a71a48465443aae6dd5d877ab53d0'}
2025-03-17 09:35:38.246 68712 INFO tempest.lib.common.rest_client [req-ca0e788e-a915-427e-94ea-5bd40280388e req-ca0e788e-a915-427e-94ea-5bd40280388e ] Request (FlavorsAccessNegativeTestJSON:setUpClass): 201 POST http://10.180.1.21/identity/v3/users 0.479s
2025-03-17 09:35:38.252 68766 INFO tempest.lib.common.rest_client [req-43e8bbaa-40c1-4fa0-9275-374dd4c0cdae req-43e8bbaa-40c1-4fa0-9275-374dd4c0cdae ] Request (QuotasAdminTestV236:tearDownClass): 204 DELETE http://10.180.1.21:9696/networking/v2.0/security-groups/54fb1c24-743f-4c47-bd70-e05ed7012df9 0.126s
2025-03-17 09:35:38.285 68760 INFO tempest.lib.common.rest_client [req-0a6a95ee-7ea2-4fb9-83f7-24d774509b38 req-0a6a95ee-7ea2-4fb9-83f7-24d774509b38 ] Request (ServerMetadataTestJSON:setUpClass): 204 PUT http://10.180.1.21/identity/v3/projects/c52687880c9f4fec85c6fc71dfa1b96d/users/9aa8007aa7a24a10b79b835d2bb21c6e/roles/541f57a06cd348609b3ca5d058046afa 0.469s
2025-03-17 09:35:38.285 68760 INFO tempest.lib.common.dynamic_creds [-] Dynamic test user 9aa8007aa7a24a10b79b835d2bb21c6e is created with scope project and roles: ['member']
2025-03-17 09:35:38.286 68760 INFO tempest.lib.common.dynamic_creds [-] Acquired dynamic creds: credentials: Credentials: {'domain_id': 'default', 'domain_name': 'Default', 'username': 'tempest-ServerMetadataTestJSON-1058628358-project-member', 'project_domain_id': 'default', 'project_domain_name': 'Default', 'project_id': 'c52687880c9f4fec85c6fc71dfa1b96d', 'project_name': 'tempest-ServerMetadataTestJSON-1058628358', 'tenant_id': 'c52687880c9f4fec85c6fc71dfa1b96d', 'tenant_name': 'tempest-ServerMetadataTestJSON-1058628358', 'user_domain_id': 'default', 'user_domain_name': 'Default', 'user_id': '9aa8007aa7a24a10b79b835d2bb21c6e', 'system': None}, Network: None, Subnet: None, Router: None
2025-03-17 09:35:38.310 68728 INFO tempest.lib.common.rest_client [req-c1b782ac-443e-4915-9a28-dc8a39a769eb req-c1b782ac-443e-4915-9a28-dc8a39a769eb ] Request (KeyPairsV210TestJSON:tearDownClass): 204 DELETE http://10.180.1.21/identity/v3/projects/b023be4693844718b2e4aea21b73ca74 0.485s
2025-03-17 09:35:38.311 68728 INFO tempest.test [-] raised in LiveAutoBlockMigrationV225Test.setUpClass. Invoking tearDownClass.
2025-03-17 09:35:38.351 68756 INFO tempest.lib.common.rest_client [req-6ef4ad7e-a38a-410b-a992-5437a3461e1a req-6ef4ad7e-a38a-410b-a992-5437a3461e1a ] Request (HostsAdminNegativeTestJSON:tearDownClass): 200 GET http://10.180.1.21:9696/networking/v2.0/security-groups?tenant_id=7c7ba7e3bd734a5cbdc6bf72791dc140&name=default 0.604s
2025-03-17 09:35:38.374 68708 INFO tempest.lib.common.rest_client [req-2dec179e-3c89-4e16-8adc-147d35395804 req-2dec179e-3c89-4e16-8adc-147d35395804 ] Request (QuotasSecurityGroupAdminNegativeTest:setUpClass): 201 POST http://10.180.1.21/identity/v3/users 0.527s
2025-03-17 09:35:38.380 68716 INFO tempest.lib.common.rest_client [req-65a21a33-1454-4f74-88ea-159c91b69a3d req-65a21a33-1454-4f74-88ea-159c91b69a3d ] Request (QuotaClassesAdmin257Test:setUpClass): 201 POST http://10.180.1.21/identity/v3/projects 0.501s
2025-03-17 09:35:38.437 68762 INFO tempest.lib.common.rest_client [req-f13451fb-ce78-423c-bd12-2baf89b97f1d req-f13451fb-ce78-423c-bd12-2baf89b97f1d ] Request (ImagesMetadataTestJSON:setUpClass): 201 POST http://10.180.1.21/identity/v3/users 0.519s
2025-03-17 09:35:38.462 68732 INFO tempest.lib.common.rest_client [req-b3911034-c86f-4054-b54f-978ef6f9256b req-b3911034-c86f-4054-b54f-978ef6f9256b ] Request (FlavorsExtraSpecsTestJSON:tearDownClass): 204 DELETE http://10.180.1.21/identity/v3/projects/f0a738455dd143948b63597f7bf0e133 0.551s
2025-03-17 09:35:38.462 68732 INFO tempest.lib.common.dynamic_creds [-] Deleting project and security group for project: 239a087f75ea41a3a430db50c71501c5
2025-03-17 09:35:38.498 68740 INFO tempest.lib.common.rest_client [req-da51be0f-140e-44a1-a06e-d100e4116b0f req-da51be0f-140e-44a1-a06e-d100e4116b0f ] Request (HypervisorAdminNegativeTestJSON:setUpClass): 201 POST http://10.180.1.21/identity/v3/auth/tokens 0.550s
2025-03-17 09:35:38.504 68756 INFO tempest.lib.common.rest_client [req-cc43a309-fb4b-47d4-b2e9-5f45abf25b46 req-cc43a309-fb4b-47d4-b2e9-5f45abf25b46 ] Request (HostsAdminNegativeTestJSON:tearDownClass): 204 DELETE http://10.180.1.21:9696/networking/v2.0/security-groups/fa88c123-e05d-43ed-8e72-d2f5affe315e 0.153s
2025-03-17 09:35:38.512 68742 INFO tempest.lib.common.rest_client [req-16c5e8f3-7349-4f75-8ab3-ad386c5346af req-16c5e8f3-7349-4f75-8ab3-ad386c5346af ] Request (SecurityGroupsTestAdminJSON:setUpClass): 200 GET http://10.180.1.21/identity/v3/roles 0.462s
2025-03-17 09:35:38.528 68764 INFO tempest.lib.common.rest_client [req-cf686adf-cc3e-43e0-b642-3f1ff9dc5501 req-cf686adf-cc3e-43e0-b642-3f1ff9dc5501 ] Request (VolumesSnapshotsTestJSON:setUpClass): 201 POST http://10.180.1.21/identity/v3/users 0.461s
2025-03-17 09:35:38.581 68726 INFO tempest.lib.common.rest_client [req-6d6d6257-f8ea-4b22-981f-d71c4f08a6fe req-6d6d6257-f8ea-4b22-981f-d71c4f08a6fe ] Request (FlavorsExtraSpecsNegativeTestJSON:tearDownClass): 204 DELETE http://10.180.1.21/identity/v3/projects/557b8e2a7cb244c39c1889669eae2dc6 0.452s
2025-03-17 09:35:38.581 68726 INFO tempest.lib.common.dynamic_creds [-] Deleting project and security group for project: 4c01317617a946308aecd1d301a98409
2025-03-17 09:35:38.618 68752 INFO tempest.lib.common.rest_client [req-daa0899b-5e2e-408b-ab0f-4c9bda1142ef req-daa0899b-5e2e-408b-ab0f-4c9bda1142ef ] Request (ImagesDeleteNegativeTestJSON:setUpClass): 201 POST http://10.180.1.21/identity/v3/auth/tokens 0.487s
2025-03-17 09:35:38.621 68732 INFO tempest.lib.common.rest_client [req-67ce00ab-0bc5-4303-85d9-8fe46bc1e847 req-67ce00ab-0bc5-4303-85d9-8fe46bc1e847 ] Request (FlavorsExtraSpecsTestJSON:tearDownClass): 200 GET http://10.180.1.21:9696/networking/v2.0/security-groups?tenant_id=239a087f75ea41a3a430db50c71501c5&name=default 0.158s
2025-03-17 09:35:38.645 68746 INFO tempest.lib.common.rest_client [req-9a386d32-93da-4b06-b637-bd94d4329f81 req-9a386d32-93da-4b06-b637-bd94d4329f81 ] Request (KeyPairsV2TestJSON:setUpClass): 201 POST http://10.180.1.21/identity/v3/auth/tokens 0.491s
2025-03-17 09:35:38.669 68730 INFO tempest.lib.common.rest_client [req-9e6961ac-09dd-4a71-9032-a9abcd2ce59f req-9e6961ac-09dd-4a71-9032-a9abcd2ce59f ] Request (FloatingIPsTestJSON:setUpClass): 201 POST http://10.180.1.21/identity/v3/auth/tokens 0.488s
2025-03-17 09:35:38.705 68718 INFO tempest.lib.common.rest_client [req-ae5b71d0-63e4-470f-a4fd-1d814174d494 req-ae5b71d0-63e4-470f-a4fd-1d814174d494 ] Request (VolumesAssistedSnapshotsTest:test_volume_assisted_snapshot_create_delete): 200 POST http://10.180.1.21/compute/v2.1/os-keypairs 1.555s
2025-03-17 09:35:38.719 68748 INFO tempest.lib.common.rest_client [req-6b0206fb-a76c-44c5-8a8a-619d2e815149 req-6b0206fb-a76c-44c5-8a8a-619d2e815149 ] Request (FloatingIPsAssociationNegativeTestJSON:setUpClass): 201 POST http://10.180.1.21:9696/networking/v2.0/networks 0.610s
2025-03-17 09:35:38.734 68712 INFO tempest.lib.common.rest_client [req-b8f9da2b-12a0-4fa4-bb0a-fb0fc9ea8e62 req-b8f9da2b-12a0-4fa4-bb0a-fb0fc9ea8e62 ] Request (FlavorsAccessNegativeTestJSON:setUpClass): 200 GET http://10.180.1.21/identity/v3/roles 0.487s
2025-03-17 09:35:38.740 68768 INFO tempest.lib.common.rest_client [req-cd699f37-6b0d-4011-9e82-49ca8a23d5f6 req-cd699f37-6b0d-4011-9e82-49ca8a23d5f6 ] Request (FloatingIPDetailsTestJSON:setUpClass): 201 POST http://10.180.1.21/identity/v3/auth/tokens 0.519s
2025-03-17 09:35:38.763 68760 INFO tempest.lib.common.rest_client [req-27938021-8c8b-447b-a620-039031491632 req-27938021-8c8b-447b-a620-039031491632 ] Request (ServerMetadataTestJSON:setUpClass): 201 POST http://10.180.1.21/identity/v3/auth/tokens 0.476s
2025-03-17 09:35:38.779 68738 INFO tempest.lib.common.rest_client [req-a89f48d5-b460-49ec-ba1d-3f7b735aad3c req-a89f48d5-b460-49ec-ba1d-3f7b735aad3c ] Request (ServerDiagnosticsNegativeTest:test_get_server_diagnostics_by_non_admin): 200 GET http://10.180.1.21/compute/v2.1/servers/9da9da05-f0fe-4490-a416-5e4513e72584 1.581s
2025-03-17 09:35:38.813 68766 INFO tempest.lib.common.rest_client [req-e3e259ed-d9d5-44d6-9e99-69e4656d45d2 req-e3e259ed-d9d5-44d6-9e99-69e4656d45d2 ] Request (QuotasAdminTestV236:tearDownClass): 204 DELETE http://10.180.1.21/identity/v3/projects/0666734842644cfc943dec3e49a17b15 0.560s
2025-03-17 09:35:38.820 68728 INFO tempest.lib.common.rest_client [req-da28d7ed-937c-4e08-bee5-dd3746268371 req-da28d7ed-937c-4e08-bee5-dd3746268371 ] Request (ServersAdminNegativeTestJSON:setUpClass): 201 POST http://10.180.1.21/identity/v3/auth/tokens 0.506s
2025-03-17 09:35:38.823 68726 INFO tempest.lib.common.rest_client [req-cfe70bc8-09a3-4f13-8694-75013e98030e req-cfe70bc8-09a3-4f13-8694-75013e98030e ] Request (FlavorsExtraSpecsNegativeTestJSON:tearDownClass): 200 GET http://10.180.1.21:9696/networking/v2.0/security-groups?tenant_id=4c01317617a946308aecd1d301a98409&name=default 0.242s
2025-03-17 09:35:38.840 68708 INFO tempest.lib.common.rest_client [req-89ead722-280b-4f94-915d-6af5b5ffac21 req-89ead722-280b-4f94-915d-6af5b5ffac21 ] Request (QuotasSecurityGroupAdminNegativeTest:setUpClass): 200 GET http://10.180.1.21/identity/v3/roles 0.465s
2025-03-17 09:35:38.852 68732 INFO tempest.lib.common.rest_client [req-c04834ff-8236-4100-9d24-892af0d76844 req-c04834ff-8236-4100-9d24-892af0d76844 ] Request (FlavorsExtraSpecsTestJSON:tearDownClass): 204 DELETE http://10.180.1.21:9696/networking/v2.0/security-groups/e7525044-4555-41c6-979d-b106c7a0a8d6 0.231s
2025-03-17 09:35:38.854 68716 INFO tempest.lib.common.rest_client [req-6661baf0-bbab-4909-8708-2d464b56645a req-6661baf0-bbab-4909-8708-2d464b56645a ] Request (QuotaClassesAdmin257Test:setUpClass): 201 POST http://10.180.1.21/identity/v3/users 0.474s
2025-03-17 09:35:38.863 68762 INFO tempest.lib.common.rest_client [req-960266cb-4ef1-45c2-aca3-962a70aacc60 req-960266cb-4ef1-45c2-aca3-962a70aacc60 ] Request (ImagesMetadataTestJSON:setUpClass): 200 GET http://10.180.1.21/identity/v3/roles 0.425s
2025-03-17 09:35:38.879 68740 INFO tempest.lib.common.rest_client [req-8a1919ce-7094-4f99-a596-8e000cf0f284 req-8a1919ce-7094-4f99-a596-8e000cf0f284 ] Request (HypervisorAdminNegativeTestJSON:setUpClass): 201 POST http://10.180.1.21/identity/v3/auth/tokens 0.374s
2025-03-17 09:35:38.904 68742 INFO tempest.lib.common.rest_client [req-86705ff7-2653-47eb-b94b-a9ef6d73bfc7 req-86705ff7-2653-47eb-b94b-a9ef6d73bfc7 ] Request (SecurityGroupsTestAdminJSON:setUpClass): 204 PUT http://10.180.1.21/identity/v3/projects/4b34b6e88b6040ffaa1d36e8f9a58878/users/0c86a90aa6894f8e9b94a8bb606d7485/roles/541f57a06cd348609b3ca5d058046afa 0.391s
2025-03-17 09:35:38.904 68742 INFO tempest.lib.common.dynamic_creds [-] Dynamic test user 0c86a90aa6894f8e9b94a8bb606d7485 is created with scope project and roles: ['member']
2025-03-17 09:35:38.904 68742 INFO tempest.lib.common.dynamic_creds [-] Acquired dynamic creds: credentials: Credentials: {'domain_id': 'default', 'domain_name': 'Default', 'username': 'tempest-SecurityGroupsTestAdminJSON-478368941-project-member', 'project_domain_id': 'default', 'project_domain_name': 'Default', 'project_id': '4b34b6e88b6040ffaa1d36e8f9a58878', 'project_name': 'tempest-SecurityGroupsTestAdminJSON-478368941', 'tenant_id': '4b34b6e88b6040ffaa1d36e8f9a58878', 'tenant_name': 'tempest-SecurityGroupsTestAdminJSON-478368941', 'user_domain_id': 'default', 'user_domain_name': 'Default', 'user_id': '0c86a90aa6894f8e9b94a8bb606d7485', 'system': None}, Network: None, Subnet: None, Router: None
2025-03-17 09:35:38.905 68742 INFO tempest.lib.common.dynamic_creds [-] Created isolated network resources for: credentials: Credentials: {'domain_id': 'default', 'domain_name': 'Default', 'username': 'tempest-SecurityGroupsTestAdminJSON-478368941-project-member', 'project_domain_id': 'default', 'project_domain_name': 'Default', 'project_id': '4b34b6e88b6040ffaa1d36e8f9a58878', 'project_name': 'tempest-SecurityGroupsTestAdminJSON-478368941', 'tenant_id': '4b34b6e88b6040ffaa1d36e8f9a58878', 'tenant_name': 'tempest-SecurityGroupsTestAdminJSON-478368941', 'user_domain_id': 'default', 'user_domain_name': 'Default', 'user_id': '0c86a90aa6894f8e9b94a8bb606d7485', 'system': None}, Network: None, Subnet: None, Router: None
2025-03-17 09:35:38.919 68718 INFO tempest.lib.common.rest_client [req-d274ef93-3b1f-4b32-b121-179c4241d4bd req-d274ef93-3b1f-4b32-b121-179c4241d4bd ] Request (VolumesAssistedSnapshotsTest:test_volume_assisted_snapshot_create_delete): 201 POST http://10.180.1.21:9696/networking/v2.0/security-groups 0.212s
2025-03-17 09:35:38.923 68756 INFO tempest.lib.common.rest_client [req-25211b46-5130-4822-8feb-5d40e7d2ccc5 req-25211b46-5130-4822-8feb-5d40e7d2ccc5 ] Request (HostsAdminNegativeTestJSON:tearDownClass): 204 DELETE http://10.180.1.21/identity/v3/projects/7c7ba7e3bd734a5cbdc6bf72791dc140 0.418s
2025-03-17 09:35:38.924 68756 INFO tempest.lib.common.dynamic_creds [-] Deleting project and security group for project: a57d72d168b24998a5aee6aec998b436
2025-03-17 09:35:38.971 68764 INFO tempest.lib.common.rest_client [req-c83a514c-c1f7-47c8-8bb7-f10dd36bfb9f req-c83a514c-c1f7-47c8-8bb7-f10dd36bfb9f ] Request (VolumesSnapshotsTestJSON:setUpClass): 200 GET http://10.180.1.21/identity/v3/roles 0.442s
2025-03-17 09:35:38.996 68752 INFO tempest.lib.common.rest_client [req-f78a774e-3d0f-4f68-abd9-625489f3db6f req-f78a774e-3d0f-4f68-abd9-625489f3db6f ] Request (ImagesDeleteNegativeTestJSON:setUpClass): 200 GET http://10.180.1.21/identity/v3/domains?name=Default 0.377s
2025-03-17 09:35:38.997 68746 INFO tempest.lib.common.rest_client [req-29b98a76-d782-434e-83e5-69046b67f163 req-29b98a76-d782-434e-83e5-69046b67f163 ] Request (KeyPairsV2TestJSON:setUpClass): 200 GET http://10.180.1.21/identity/v3/domains?name=Default 0.351s
2025-03-17 09:35:39.024 68730 INFO tempest.lib.common.rest_client [req-fda9b9e7-20e2-4d93-b74e-210b888b87f7 req-fda9b9e7-20e2-4d93-b74e-210b888b87f7 ] Request (FloatingIPsTestJSON:setUpClass): 201 POST http://10.180.1.21/identity/v3/auth/tokens 0.353s
