2025-03-17 09:36:19.647 68716 INFO tempest.lib.common.rest_client [req-97132b31-9303-4851-8eae-b88ac7e1da0d req-97132b31-9303-4851-8eae-b88ac7e1da0d ] Request (ServersAdminTestJSON:setUpClass): 200 GET http://10.180.1.21/identity/v3/roles 0.073s
2025-03-17 09:36:19.647 68742 INFO tempest.lib.common.rest_client [req-12acb4b8-9699-4f8f-b6e2-ad6ad22e7351 req-12acb4b8-9699-4f8f-b6e2-ad6ad22e7351 ] Request (ServersTestBootFromVolume:setUpClass): 204 PUT http://10.180.1.21/identity/v3/projects/b837eae0d872472c85690ed63f2651b4/users/bb225d6f1d8947849a72bcf00ee777e4/roles/541f57a06cd348609b3ca5d058046afa 0.062s
2025-03-17 09:36:19.647 68742 INFO tempest.lib.common.dynamic_creds [-] Dynamic test user bb225d6f1d8947849a72bcf00ee777e4 is created with scope project and roles: ['member']
2025-03-17 09:36:19.648 68742 INFO tempest.lib.common.dynamic_creds [-] Acquired dynamic creds: credentials: Credentials: {'domain_id': 'default', 'domain_name': 'Default', 'username': 'tempest-ServersTestBootFromVolume-1323336456-project-member', 'project_domain_id': 'default', 'project_domain_name': 'Default', 'project_id': 'b837eae0d872472c85690ed63f2651b4', 'project_name': 'tempest-ServersTestBootFromVolume-1323336456', 'tenant_id': 'b837eae0d872472c85690ed63f2651b4', 'tenant_name': 'tempest-ServersTestBootFromVolume-1323336456', 'user_domain_id': 'default', 'user_domain_name': 'Default', 'user_id': 'bb225d6f1d8947849a72bcf00ee777e4', 'system': None}, Network: None, Subnet: None, Router: None
2025-03-17 09:36:19.699 68716 INFO tempest.lib.common.rest_client [req-58299cc9-0025-4186-8a28-83c2d6c352be req-58299cc9-0025-4186-8a28-83c2d6c352be ] Request (ServersAdminTestJSON:setUpClass): 204 PUT http://10.180.1.21/identity/v3/projects/7945df7b3a654e4ab5f425719d377a22/users/24ce37f6337741a68239454455db5897/roles/48e2c7b905c44c82984fe46f9be4a826 0.052s
2025-03-17 09:36:19.700 68716 INFO tempest.lib.common.dynamic_creds [-] Dynamic test user 24ce37f6337741a68239454455db5897 is created with scope project and roles: ['admin']
2025-03-17 09:36:19.700 68716 INFO tempest.lib.common.dynamic_creds [-] Acquired dynamic creds: credentials: Credentials: {'domain_id': 'default', 'domain_name': 'Default', 'username': 'tempest-ServersAdminTestJSON-1844021039-project-admin', 'project_domain_id': 'default', 'project_domain_name': 'Default', 'project_id': '7945df7b3a654e4ab5f425719d377a22', 'project_name': 'tempest-ServersAdminTestJSON-1844021039', 'tenant_id': '7945df7b3a654e4ab5f425719d377a22', 'tenant_name': 'tempest-ServersAdminTestJSON-1844021039', 'user_domain_id': 'default', 'user_domain_name': 'Default', 'user_id': '24ce37f6337741a68239454455db5897', 'system': None}, Network: None, Subnet: None, Router: None
2025-03-17 09:36:19.707 68738 INFO tempest.lib.common.rest_client [req-5db45263-dc27-4000-82b3-78c9a2de0bc4 req-5db45263-dc27-4000-82b3-78c9a2de0bc4 ] Request (ServerDiagnosticsNegativeTest:tearDownClass): 200 GET http://10.180.1.21/compute/v2.1/servers/9da9da05-f0fe-4490-a416-5e4513e72584 1.734s
2025-03-17 09:36:19.709 68742 INFO tempest.lib.common.rest_client [req-a145ff01-408e-4978-9840-2472b3037662 req-a145ff01-408e-4978-9840-2472b3037662 ] Request (ServersTestBootFromVolume:setUpClass): 201 POST http://10.180.1.21/identity/v3/auth/tokens 0.061s
2025-03-17 09:36:19.745 68744 INFO tempest.lib.common.rest_client [req-41ce434c-0978-4ce9-b001-ee596dfeba0a req-41ce434c-0978-4ce9-b001-ee596dfeba0a ] Request (DeleteServersAdminTestJSON:test_admin_delete_servers_of_others): 200 GET http://10.180.1.21/compute/v2.1/servers/5afc3947-fa82-4aa1-9c9d-f93ac3f12a2b 1.498s
2025-03-17 09:36:19.776 68714 INFO tempest.lib.common.rest_client [req-a732b148-485d-4def-8816-8db88a5146d6 req-a732b148-485d-4def-8816-8db88a5146d6 ] Request (ListImageFiltersTestJSON:setUpClass): 200 GET http://10.180.1.21/compute/v2.1/servers/828732f1-e0d2-4e9c-83f1-7f43892ba7be 1.384s
2025-03-17 09:36:19.828 68758 INFO tempest.lib.common.rest_client [req-26e99de9-c48f-4971-8d84-9f86e00175f1 req-26e99de9-c48f-4971-8d84-9f86e00175f1 ] Request (ImagesOneServerTestJSON:test_create_delete_image): 200 GET http://10.180.1.21/compute/v2.1/images/9eb84be3-4c26-403e-8701-698deda76fc3 1.231s
2025-03-17 09:36:19.835 68722 INFO tempest.lib.common.rest_client [req-faf4a9f3-8b25-49ef-96f5-ab3cb370c88c req-faf4a9f3-8b25-49ef-96f5-ab3cb370c88c ] Request (ServerExternalEventsTest:tearDownClass): 204 DELETE http://10.180.1.21:9696/networking/v2.0/security-groups/2605bd1d-784f-4788-98e4-fa637d221162 0.255s
2025-03-17 09:36:19.840 68750 INFO tempest.lib.common.rest_client [req-42f054af-0594-47b3-bfb5-07cc7d1f7984 req-42f054af-0594-47b3-bfb5-07cc7d1f7984 ] Request (QuotasAdminTestV257:tearDownClass): 204 DELETE http://10.180.1.21:9696/networking/v2.0/security-groups/871be907-7b01-4a9d-9c5c-5f2a5791f4b9 0.222s
2025-03-17 09:36:19.898 68756 INFO tempest.lib.common.rest_client [req-771e59d1-f668-4760-aaaf-9d93d7615b42 req-771e59d1-f668-4760-aaaf-9d93d7615b42 ] Request (MultipleCreateTestJSON:test_multiple_create): 200 GET http://10.180.1.21/compute/v2.1/servers/cb0f9997-74dc-4974-93e3-f5a9d451499e 1.471s
2025-03-17 09:36:19.908 68720 INFO tempest.lib.common.rest_client [req-3b1a529b-bc81-4a6e-9653-d07a813bd1ec req-3b1a529b-bc81-4a6e-9653-d07a813bd1ec ] Request (FloatingIPsAssociationTestJSON:test_associate_already_associated_floating_ip): 200 GET http://10.180.1.21/compute/v2.1/servers/11e16402-9fbd-4dc8-855b-b8db7dd1434c 1.111s
2025-03-17 09:36:19.912 68756 INFO tempest.common.waiters [-] State transition "BUILD/None" ==> "BUILD/spawning" after 24 second wait
2025-03-17 09:36:19.928 68750 INFO tempest.lib.common.rest_client [req-14465c3f-c6fc-4a40-8f58-ff4ee2c8842a req-14465c3f-c6fc-4a40-8f58-ff4ee2c8842a ] Request (QuotasAdminTestV257:tearDownClass): 204 DELETE http://10.180.1.21/identity/v3/projects/82d6b06cb96448d283c1e51abc781be9 0.087s
2025-03-17 09:36:19.931 68722 INFO tempest.lib.common.rest_client [req-1abe7da8-5f5e-409c-8a33-fd4eccfbbf99 req-1abe7da8-5f5e-409c-8a33-fd4eccfbbf99 ] Request (ServerExternalEventsTest:tearDownClass): 204 DELETE http://10.180.1.21/identity/v3/projects/17c87ab464a944788029484e5df386ab 0.095s
2025-03-17 09:36:19.931 68722 INFO tempest.lib.common.dynamic_creds [-] Deleting project and security group for project: ce3dc5cfd6724e5687a2ad71a4964b14
2025-03-17 09:36:19.935 68762 INFO tempest.lib.common.rest_client [req-5ca19136-6756-47f5-a93c-65c1b40aee50 req-5ca19136-6756-47f5-a93c-65c1b40aee50 ] Request (ServerRescueTestJSONUnderV235:setUpClass): 201 POST http://10.180.1.21:9696/networking/v2.0/subnets 0.535s
2025-03-17 09:36:19.982 68768 INFO tempest.lib.common.rest_client [req-dd63635c-ddfd-4ca2-ade9-500761d46de1 req-dd63635c-ddfd-4ca2-ade9-500761d46de1 ] Request (InstanceActionsV221TestJSON:test_get_list_deleted_instance_actions): 200 GET http://10.180.1.21/compute/v2.1/servers/f2771b69-6f75-4311-a727-ce7261fe1cf5 1.140s
2025-03-17 09:36:20.002 68750 INFO tempest.lib.common.rest_client [req-6effc93f-2f85-44e6-8673-55f5d24a63b3 req-6effc93f-2f85-44e6-8673-55f5d24a63b3 ] Request (ServerGroupTestJSON:setUpClass): 201 POST http://10.180.1.21/identity/v3/auth/tokens 0.072s
2025-03-17 09:36:20.020 68736 INFO tempest.lib.common.rest_client [req-ae8c752a-8151-428c-8151-81c28b87c127 req-ae8c752a-8151-428c-8151-81c28b87c127 ] Request (ServerDiagnosticsTest:tearDownClass): 200 GET http://10.180.1.21/compute/v2.1/servers/7eea385c-cd21-4229-84ca-60ebfaa72460 1.020s
2025-03-17 09:36:20.055 68750 INFO tempest.lib.common.rest_client [req-5e424e37-8210-4fe2-81f5-1713dbd6fdd2 req-5e424e37-8210-4fe2-81f5-1713dbd6fdd2 ] Request (ServerGroupTestJSON:setUpClass): 201 POST http://10.180.1.21/identity/v3/auth/tokens 0.049s
2025-03-17 09:36:20.079 68746 INFO tempest.lib.common.rest_client [req-a941b7c8-2b29-4406-b90b-397cb72235c1 req-a941b7c8-2b29-4406-b90b-397cb72235c1 ] Request (KeyPairsNegativeTestJSON:test_create_keypair_with_empty_public_key): 400 POST http://10.180.1.21/compute/v2.1/os-keypairs 1.052s
2025-03-17 09:36:20.087 68750 INFO tempest.lib.common.rest_client [req-72c2f162-3dfe-4fff-8b39-c35902bd8a3b req-72c2f162-3dfe-4fff-8b39-c35902bd8a3b ] Request (ServerGroupTestJSON:setUpClass): 200 GET http://10.180.1.21/identity/v3/domains?name=Default 0.031s
2025-03-17 09:36:20.117 68722 INFO tempest.lib.common.rest_client [req-6b00466f-dc68-4b0e-9f2c-841c336706fd req-6b00466f-dc68-4b0e-9f2c-841c336706fd ] Request (ServerExternalEventsTest:tearDownClass): 200 GET http://10.180.1.21:9696/networking/v2.0/security-groups?tenant_id=ce3dc5cfd6724e5687a2ad71a4964b14&name=default 0.185s
2025-03-17 09:36:20.128 68750 INFO tempest.lib.common.rest_client [req-7ebadf67-c7fc-40d3-bd25-af665f97c086 req-7ebadf67-c7fc-40d3-bd25-af665f97c086 ] Request (ServerGroupTestJSON:setUpClass): 201 POST http://10.180.1.21/identity/v3/projects 0.041s
2025-03-17 09:36:20.199 68750 INFO tempest.lib.common.rest_client [req-8984002b-1503-4f1d-ba8b-f63b85665932 req-8984002b-1503-4f1d-ba8b-f63b85665932 ] Request (ServerGroupTestJSON:setUpClass): 201 POST http://10.180.1.21/identity/v3/users 0.070s
2025-03-17 09:36:20.204 68712 INFO tempest.lib.common.rest_client [req-507830ac-d4c5-408e-aa8e-846671facc41 req-507830ac-d4c5-408e-aa8e-846671facc41 ] Request (FlavorsAccessNegativeTestJSON:test_remove_flavor_access_not_found): 404 POST http://10.180.1.21/compute/v2.1/flavors/198793281/action 1.192s
2025-03-17 09:36:20.224 68750 INFO tempest.lib.common.rest_client [req-0c4fe934-9fbe-4844-85a5-7db6d76ccbed req-0c4fe934-9fbe-4844-85a5-7db6d76ccbed ] Request (ServerGroupTestJSON:setUpClass): 200 GET http://10.180.1.21/identity/v3/roles 0.024s
2025-03-17 09:36:20.251 68722 INFO tempest.lib.common.rest_client [req-2447e129-7377-40fd-b2c1-1d6bf78fa129 req-2447e129-7377-40fd-b2c1-1d6bf78fa129 ] Request (ServerExternalEventsTest:tearDownClass): 204 DELETE http://10.180.1.21:9696/networking/v2.0/security-groups/d00e215b-a3ce-49b9-861b-527ef73ee7cd 0.133s
2025-03-17 09:36:20.266 68750 INFO tempest.lib.common.rest_client [req-db2d3d0a-948f-42dc-b753-6ba2aebbecd9 req-db2d3d0a-948f-42dc-b753-6ba2aebbecd9 ] Request (ServerGroupTestJSON:setUpClass): 204 PUT http://10.180.1.21/identity/v3/projects/3e223bf4ba9a4a5cb548920dc7e352d2/users/54351f206bd04121a4e764a7fa2e3472/roles/541f57a06cd348609b3ca5d058046afa 0.042s
2025-03-17 09:36:20.266 68750 INFO tempest.lib.common.dynamic_creds [-] Dynamic test user 54351f206bd04121a4e764a7fa2e3472 is created with scope project and roles: ['member']
2025-03-17 09:36:20.266 68750 INFO tempest.lib.common.dynamic_creds [-] Acquired dynamic creds: credentials: Credentials: {'domain_id': 'default', 'domain_name': 'Default', 'username': 'tempest-ServerGroupTestJSON-1223146342-project-member', 'project_domain_id': 'default', 'project_domain_name': 'Default', 'project_id': '3e223bf4ba9a4a5cb548920dc7e352d2', 'project_name': 'tempest-ServerGroupTestJSON-1223146342', 'tenant_id': '3e223bf4ba9a4a5cb548920dc7e352d2', 'tenant_name': 'tempest-ServerGroupTestJSON-1223146342', 'user_domain_id': 'default', 'user_domain_name': 'Default', 'user_id': '54351f206bd04121a4e764a7fa2e3472', 'system': None}, Network: None, Subnet: None, Router: None
2025-03-17 09:36:20.290 68760 INFO tempest.lib.common.rest_client [req-93208028-67f2-467f-8f09-cb547bcb354d req-93208028-67f2-467f-8f09-cb547bcb354d ] Request (ServerMetadataTestJSON:setUp): 200 PUT http://10.180.1.21/compute/v2.1/servers/04218161-39eb-419d-96ea-c624f6e18e66/metadata 0.984s
2025-03-17 09:36:20.342 68750 INFO tempest.lib.common.rest_client [req-0078be42-04ab-4d49-b323-cc68d0707fdf req-0078be42-04ab-4d49-b323-cc68d0707fdf ] Request (ServerGroupTestJSON:setUpClass): 201 POST http://10.180.1.21/identity/v3/auth/tokens 0.075s
2025-03-17 09:36:20.370 68716 INFO tempest.lib.common.rest_client [req-3dab88f2-5f36-4abd-8d85-ab8c3fa8d0af req-3dab88f2-5f36-4abd-8d85-ab8c3fa8d0af ] Request (ServersAdminTestJSON:setUpClass): 201 POST http://10.180.1.21:9696/networking/v2.0/networks 0.669s
2025-03-17 09:36:20.373 68722 INFO tempest.lib.common.rest_client [req-762d111f-d2d7-45de-b860-5bc19a327ff1 req-762d111f-d2d7-45de-b860-5bc19a327ff1 ] Request (ServerExternalEventsTest:tearDownClass): 204 DELETE http://10.180.1.21/identity/v3/projects/ce3dc5cfd6724e5687a2ad71a4964b14 0.120s
2025-03-17 09:36:20.443 68722 INFO tempest.lib.common.rest_client [req-fd2b0d65-f1db-4142-9481-888bbdeafab7 req-fd2b0d65-f1db-4142-9481-888bbdeafab7 ] Request (ServicesAdminNegativeTestJSON:setUpClass): 201 POST http://10.180.1.21/identity/v3/auth/tokens 0.068s
2025-03-17 09:36:20.462 68726 INFO tempest.lib.common.rest_client [req-cf8be0e0-a715-4a40-b027-642081a8bab5 req-cf8be0e0-a715-4a40-b027-642081a8bab5 ] Request (InstanceActionsTestJSON:setUpClass): 200 GET http://10.180.1.21/compute/v2.1/servers/a40e75b5-1c76-4f37-8452-6f2769a5978e 1.071s
2025-03-17 09:36:20.478 68734 INFO tempest.lib.common.rest_client [req-0c0c5cab-9335-4dfb-ba8a-05194bd22ced req-0c0c5cab-9335-4dfb-ba8a-05194bd22ced ] Request (FlavorsAdminTestJSON:_run_cleanups): 202 DELETE http://10.180.1.21/compute/v2.1/flavors/1714585416 1.063s
2025-03-17 09:36:20.479 68742 INFO tempest.lib.common.rest_client [req-8a58e7a3-4011-46a7-8298-e65fdfa26105 req-8a58e7a3-4011-46a7-8298-e65fdfa26105 ] Request (ServersTestBootFromVolume:setUpClass): 201 POST http://10.180.1.21:9696/networking/v2.0/networks 0.770s
2025-03-17 09:36:20.485 68722 INFO tempest.lib.common.rest_client [req-7ce14759-a356-4c91-8a74-c3f732070313 req-7ce14759-a356-4c91-8a74-c3f732070313 ] Request (ServicesAdminNegativeTestJSON:setUpClass): 201 POST http://10.180.1.21/identity/v3/auth/tokens 0.039s
2025-03-17 09:36:20.510 68722 INFO tempest.lib.common.rest_client [req-c0d38e74-9eb8-42a7-a5d4-a4bae472dabe req-c0d38e74-9eb8-42a7-a5d4-a4bae472dabe ] Request (ServicesAdminNegativeTestJSON:setUpClass): 200 GET http://10.180.1.21/identity/v3/domains?name=Default 0.025s
2025-03-17 09:36:20.547 68722 INFO tempest.lib.common.rest_client [req-a71b8611-8d98-44f6-ad62-38015bf2765c req-a71b8611-8d98-44f6-ad62-38015bf2765c ] Request (ServicesAdminNegativeTestJSON:setUpClass): 201 POST http://10.180.1.21/identity/v3/projects 0.034s
2025-03-17 09:36:20.626 68722 INFO tempest.lib.common.rest_client [req-4ffd2cad-e40e-4a7d-ac95-90e44fb62721 req-4ffd2cad-e40e-4a7d-ac95-90e44fb62721 ] Request (ServicesAdminNegativeTestJSON:setUpClass): 201 POST http://10.180.1.21/identity/v3/users 0.079s
2025-03-17 09:36:20.660 68722 INFO tempest.lib.common.rest_client [req-ac51f43b-2c15-44df-b467-fee139190d13 req-ac51f43b-2c15-44df-b467-fee139190d13 ] Request (ServicesAdminNegativeTestJSON:setUpClass): 200 GET http://10.180.1.21/identity/v3/roles 0.034s
2025-03-17 09:36:20.698 68722 INFO tempest.lib.common.rest_client [req-117d1700-4e62-4466-8d0d-2cf61c56a7a9 req-117d1700-4e62-4466-8d0d-2cf61c56a7a9 ] Request (ServicesAdminNegativeTestJSON:setUpClass): 204 PUT http://10.180.1.21/identity/v3/projects/de17a46edebb411eb97e35db9c2979c7/users/855dd12a4f4343baa1917f0b4dfde79b/roles/541f57a06cd348609b3ca5d058046afa 0.037s
2025-03-17 09:36:20.699 68722 INFO tempest.lib.common.dynamic_creds [-] Dynamic test user 855dd12a4f4343baa1917f0b4dfde79b is created with scope project and roles: ['member']
2025-03-17 09:36:20.699 68722 INFO tempest.lib.common.dynamic_creds [-] Acquired dynamic creds: credentials: Credentials: {'domain_id': 'default', 'domain_name': 'Default', 'username': 'tempest-ServicesAdminNegativeTestJSON-905814324-project-member', 'project_domain_id': 'default', 'project_domain_name': 'Default', 'project_id': 'de17a46edebb411eb97e35db9c2979c7', 'project_name': 'tempest-ServicesAdminNegativeTestJSON-905814324', 'tenant_id': 'de17a46edebb411eb97e35db9c2979c7', 'tenant_name': 'tempest-ServicesAdminNegativeTestJSON-905814324', 'user_domain_id': 'default', 'user_domain_name': 'Default', 'user_id': '855dd12a4f4343baa1917f0b4dfde79b', 'system': None}, Network: None, Subnet: None, Router: None
2025-03-17 09:36:20.699 68722 INFO tempest.lib.common.dynamic_creds [-] Created isolated network resources for: credentials: Credentials: {'domain_id': 'default', 'domain_name': 'Default', 'username': 'tempest-ServicesAdminNegativeTestJSON-905814324-project-member', 'project_domain_id': 'default', 'project_domain_name': 'Default', 'project_id': 'de17a46edebb411eb97e35db9c2979c7', 'project_name': 'tempest-ServicesAdminNegativeTestJSON-905814324', 'tenant_id': 'de17a46edebb411eb97e35db9c2979c7', 'tenant_name': 'tempest-ServicesAdminNegativeTestJSON-905814324', 'user_domain_id': 'default', 'user_domain_name': 'Default', 'user_id': '855dd12a4f4343baa1917f0b4dfde79b', 'system': None}, Network: None, Subnet: None, Router: None
2025-03-17 09:36:20.789 68722 INFO tempest.lib.common.rest_client [req-7bbcab0c-b537-4c03-82eb-8e093fdf7f94 req-7bbcab0c-b537-4c03-82eb-8e093fdf7f94 ] Request (ServicesAdminNegativeTestJSON:setUpClass): 201 POST http://10.180.1.21/identity/v3/auth/tokens 0.086s
2025-03-17 09:36:20.875 68722 INFO tempest.lib.common.rest_client [req-92d99de8-47bb-41fc-9691-13a8c38c0152 req-92d99de8-47bb-41fc-9691-13a8c38c0152 ] Request (ServicesAdminNegativeTestJSON:setUpClass): 201 POST http://10.180.1.21/identity/v3/projects 0.085s
2025-03-17 09:36:20.884 68716 INFO tempest.lib.common.rest_client [req-8f23e37f-dd77-49b3-a0d5-02fa2ccaf559 req-8f23e37f-dd77-49b3-a0d5-02fa2ccaf559 ] Request (ServersAdminTestJSON:setUpClass): 201 POST http://10.180.1.21:9696/networking/v2.0/subnets 0.513s
2025-03-17 09:36:20.946 68722 INFO tempest.lib.common.rest_client [req-cadd52fd-e674-4ecc-8f52-6a63b4e0c622 req-cadd52fd-e674-4ecc-8f52-6a63b4e0c622 ] Request (ServicesAdminNegativeTestJSON:setUpClass): 201 POST http://10.180.1.21/identity/v3/users 0.070s
2025-03-17 09:36:20.950 68742 INFO tempest.lib.common.rest_client [req-4dfa928e-671f-453f-a7ef-58e69765520b req-4dfa928e-671f-453f-a7ef-58e69765520b ] Request (ServersTestBootFromVolume:setUpClass): 201 POST http://10.180.1.21:9696/networking/v2.0/subnets 0.469s
2025-03-17 09:36:20.979 68722 INFO tempest.lib.common.rest_client [req-53a9eb8c-3457-4523-8d68-8067aa76f918 req-53a9eb8c-3457-4523-8d68-8067aa76f918 ] Request (ServicesAdminNegativeTestJSON:setUpClass): 200 GET http://10.180.1.21/identity/v3/roles 0.032s
2025-03-17 09:36:21.016 68722 INFO tempest.lib.common.rest_client [req-0685a2cd-e9ce-45c3-8835-8995e250b8ab req-0685a2cd-e9ce-45c3-8835-8995e250b8ab ] Request (ServicesAdminNegativeTestJSON:setUpClass): 204 PUT http://10.180.1.21/identity/v3/projects/c855c8b415254344a48d1edd9532a9ec/users/efc120fbd05143db9a8649ec78108909/roles/48e2c7b905c44c82984fe46f9be4a826 0.036s
2025-03-17 09:36:21.080 68730 INFO tempest.lib.common.rest_client [req-67689044-787f-44c6-8830-3c53fd41ee38 req-67689044-787f-44c6-8830-3c53fd41ee38 ] Request (ServersTestFqdnHostnames:test_create_server_with_fqdn_name): 202 POST http://10.180.1.21/compute/v2.1/servers 1.799s
2025-03-17 09:36:21.087 68722 INFO tempest.lib.common.rest_client [req-b700637c-535a-414f-b3ad-70caa0093909 req-b700637c-535a-414f-b3ad-70caa0093909 ] Request (ServicesAdminNegativeTestJSON:setUpClass): 200 GET http://10.180.1.21/identity/v3/roles 0.071s
2025-03-17 09:36:21.153 68722 INFO tempest.lib.common.rest_client [req-0a999274-f5b1-4cd6-a9a5-4ed6b8b98b7e req-0a999274-f5b1-4cd6-a9a5-4ed6b8b98b7e ] Request (ServicesAdminNegativeTestJSON:setUpClass): 204 PUT http://10.180.1.21/identity/v3/projects/c855c8b415254344a48d1edd9532a9ec/users/efc120fbd05143db9a8649ec78108909/roles/48e2c7b905c44c82984fe46f9be4a826 0.065s
2025-03-17 09:36:21.153 68722 INFO tempest.lib.common.dynamic_creds [-] Dynamic test user efc120fbd05143db9a8649ec78108909 is created with scope project and roles: ['admin']
2025-03-17 09:36:21.153 68722 INFO tempest.lib.common.dynamic_creds [-] Acquired dynamic creds: credentials: Credentials: {'domain_id': 'default', 'domain_name': 'Default', 'username': 'tempest-ServicesAdminNegativeTestJSON-887428058-project-admin', 'project_domain_id': 'default', 'project_domain_name': 'Default', 'project_id': 'c855c8b415254344a48d1edd9532a9ec', 'project_name': 'tempest-ServicesAdminNegativeTestJSON-887428058', 'tenant_id': 'c855c8b415254344a48d1edd9532a9ec', 'tenant_name': 'tempest-ServicesAdminNegativeTestJSON-887428058', 'user_domain_id': 'default', 'user_domain_name': 'Default', 'user_id': 'efc120fbd05143db9a8649ec78108909', 'system': None}, Network: None, Subnet: None, Router: None
2025-03-17 09:36:21.154 68722 INFO tempest.lib.common.dynamic_creds [-] Created isolated network resources for: credentials: Credentials: {'domain_id': 'default', 'domain_name': 'Default', 'username': 'tempest-ServicesAdminNegativeTestJSON-887428058-project-admin', 'project_domain_id': 'default', 'project_domain_name': 'Default', 'project_id': 'c855c8b415254344a48d1edd9532a9ec', 'project_name': 'tempest-ServicesAdminNegativeTestJSON-887428058', 'tenant_id': 'c855c8b415254344a48d1edd9532a9ec', 'tenant_name': 'tempest-ServicesAdminNegativeTestJSON-887428058', 'user_domain_id': 'default', 'user_domain_name': 'Default', 'user_id': 'efc120fbd05143db9a8649ec78108909', 'system': None}, Network: None, Subnet: None, Router: None
2025-03-17 09:36:21.239 68752 INFO tempest.lib.common.rest_client [req-c0d8b7ee-90b0-40e3-b96c-e1b96b998b79 req-c0d8b7ee-90b0-40e3-b96c-e1b96b998b79 ] Request (AttachInterfacesTestJSON:test_create_list_show_delete_interfaces_by_fixed_ip): 200 GET http://10.180.1.21/compute/v2.1/servers/0b5b4adf-a2bd-4255-964e-bb70a52c056e 1.736s
2025-03-17 09:36:21.271 68722 INFO tempest.lib.common.rest_client [req-04f17ebf-9d54-41ce-8037-a90f8e7dcbc0 req-04f17ebf-9d54-41ce-8037-a90f8e7dcbc0 ] Request (ServicesAdminNegativeTestJSON:setUpClass): 201 POST http://10.180.1.21/identity/v3/auth/tokens 0.113s
2025-03-17 09:36:21.306 68748 INFO tempest.lib.common.rest_client [req-709111b0-6c23-4b41-88f5-977976251a80 req-709111b0-6c23-4b41-88f5-977976251a80 ] Request (FloatingIPsAssociationNegativeTestJSON:_run_cleanups): 202 DELETE http://10.180.1.21/compute/v2.1/os-floating-ips/eaf5c3d8-dd18-4aa8-af72-9a9460c258af 1.825s
2025-03-17 09:36:21.398 68750 INFO tempest.lib.common.rest_client [req-64589aba-6a83-44f1-8a24-cce9ca5054f1 req-64589aba-6a83-44f1-8a24-cce9ca5054f1 ] Request (ServerGroupTestJSON:setUpClass): 201 POST http://10.180.1.21:9696/networking/v2.0/networks 1.056s
2025-03-17 09:36:21.460 68724 INFO tempest.lib.common.rest_client [req-1d160b83-46fd-4a76-8518-6257e08383e3 req-1d160b83-46fd-4a76-8518-6257e08383e3 ] Request (ServersAdmin275Test:test_rebuild_update_server_275): 200 GET http://10.180.1.21/compute/v2.1/servers/04a75416-4760-4c14-9e8e-5458a095866e 1.840s
2025-03-17 09:36:21.461 68754 WARNING tempest.lib.common.ssh [-] Failed to establish authenticated ssh connection to cirros@10.180.180.145 ([Errno None] Unable to connect to port 22 on 10.180.180.145). Number attempts: 3. Retry after 4 seconds.: paramiko.ssh_exception.NoValidConnectionsError: [Errno None] Unable to connect to port 22 on 10.180.180.145
2025-03-17 09:36:21.528 68728 INFO tempest.lib.common.rest_client [req-ca81b3de-d29b-405e-b3f6-a4eb38c99b57 req-ca81b3de-d29b-405e-b3f6-a4eb38c99b57 ] Request (ServersAdminNegativeTestJSON:test_migrate_server_invalid_state): 200 GET http://10.180.1.21/compute/v2.1/servers/78c655a8-fc5e-462e-b7f0-6d17345654f7 1.530s
2025-03-17 09:36:21.534 68746 INFO tempest.lib.common.rest_client [req-62722afa-9b6b-4509-95a0-06dab0f78b74 req-62722afa-9b6b-4509-95a0-06dab0f78b74 ] Request (KeyPairsNegativeTestJSON:test_create_keypair_with_long_keynames): 400 POST http://10.180.1.21/compute/v2.1/os-keypairs 1.452s
2025-03-17 09:36:21.550 68712 INFO tempest.lib.common.rest_client [req-57aefb2c-f7af-4a54-9620-7cbf940b283b req-57aefb2c-f7af-4a54-9620-7cbf940b283b ] Request (FlavorsAccessNegativeTestJSON:_run_cleanups): 202 DELETE http://10.180.1.21/compute/v2.1/flavors/198793281 1.344s
2025-03-17 09:36:21.810 68710 INFO tempest.lib.common.rest_client [req-47395161-2928-47e9-9a92-268473a3fa48 req-47395161-2928-47e9-9a92-268473a3fa48 ] Request (MigrationsAdminTest:test_list_migrations_in_flavor_resize_situation): 200 GET http://10.180.1.21/compute/v2.1/servers/1b07d836-07a1-437f-8890-59630b092bca 1.547s
2025-03-17 09:36:21.845 68760 INFO tempest.lib.common.rest_client [req-cfba82fa-0877-4b57-8ae1-25aa1d2d725c req-cfba82fa-0877-4b57-8ae1-25aa1d2d725c ] Request (ServerMetadataTestJSON:test_list_server_metadata): 200 GET http://10.180.1.21/compute/v2.1/servers/04218161-39eb-419d-96ea-c624f6e18e66/metadata 1.553s
2025-03-17 09:36:21.916 68740 INFO tempest.lib.common.rest_client [req-345a2399-a8e8-46f5-a2f5-ef1d1f72278c req-345a2399-a8e8-46f5-a2f5-ef1d1f72278c ] Request (ServerDiagnosticsV248Test:test_get_server_diagnostics): 200 GET http://10.180.1.21/compute/v2.1/servers/e10449a8-0e0b-496e-8861-84708e325079 1.534s
2025-03-17 09:36:21.940 68734 INFO tempest.lib.common.rest_client [req-426ba67d-6d01-4fcc-bce6-927305b1b5cd req-426ba67d-6d01-4fcc-bce6-927305b1b5cd ] Request (FlavorsAdminTestJSON:_run_cleanups): 200 GET http://10.180.1.21/compute/v2.1/flavors/detail 1.462s
2025-03-17 09:36:21.977 68750 INFO tempest.lib.common.rest_client [req-f7ed0590-8801-44f3-a9da-e17b3438de52 req-f7ed0590-8801-44f3-a9da-e17b3438de52 ] Request (ServerGroupTestJSON:setUpClass): 201 POST http://10.180.1.21:9696/networking/v2.0/subnets 0.578s
2025-03-17 09:36:22.033 68766 INFO tempest.lib.common.rest_client [req-bcbf2edf-645e-4304-b5a7-382a98249f9d req-bcbf2edf-645e-4304-b5a7-382a98249f9d ] Request (ImagesNegativeTestJSON:test_create_image_from_deleted_server): 202 POST http://10.180.1.21/compute/v2.1/servers 2.522s
2025-03-17 09:36:22.076 68762 INFO tempest.lib.common.rest_client [req-fe80b82b-ab3b-449f-b024-8ce4bafe3734 req-fe80b82b-ab3b-449f-b024-8ce4bafe3734 ] Request (ServerRescueTestJSONUnderV235:setUpClass): 201 POST http://10.180.1.21:9696/networking/v2.0/routers 2.140s
2025-03-17 09:36:22.106 68734 INFO tempest.lib.common.rest_client [req-4f6652ef-1a72-415f-92ff-45894c91a87b req-4f6652ef-1a72-415f-92ff-45894c91a87b ] Request (FlavorsAdminTestJSON:tearDownClass): 204 DELETE http://10.180.1.21/identity/v3/users/b3245423c3ba47458aa5eb544862c211 0.159s
2025-03-17 09:36:22.138 68770 INFO tempest.lib.common.rest_client [req-b7a7ce41-bb39-4917-9d5f-9e86bfaedaf5 req-b7a7ce41-bb39-4917-9d5f-9e86bfaedaf5 ] Request (TenantUsagesTestJSON:tearDownClass): 200 GET http://10.180.1.21/compute/v2.1/servers/955d5968-609f-41ef-9fba-34c29184f66f 1.516s
2025-03-17 09:36:22.214 68708 INFO tempest.lib.common.rest_client [req-13987882-f0f0-4ec6-83b9-626c7956b034 req-13987882-f0f0-4ec6-83b9-626c7956b034 ] Request (DeleteServersTestJSON:test_delete_active_server): 200 GET http://10.180.1.21/compute/v2.1/servers/27d98b28-1248-40cf-8a75-121ce862be45 1.577s
2025-03-17 09:36:22.216 68732 INFO tempest.lib.common.rest_client [req-2cd7bc7f-5002-499d-80d3-55e1484dea7f req-2cd7bc7f-5002-499d-80d3-55e1484dea7f ] Request (VolumesAdminNegativeTest:test_update_attached_volume_with_nonexistent_volume_in_body): 200 GET http://10.180.1.21/compute/v2.1/servers/7b44d5c5-c6e2-403e-8d0a-6580e3877e8e 1.696s
2025-03-17 09:36:22.242 68738 INFO tempest.lib.common.rest_client [req-3749b66a-bcc0-467a-b08e-71216db5a94b req-3749b66a-bcc0-467a-b08e-71216db5a94b ] Request (ServerDiagnosticsNegativeTest:tearDownClass): 404 GET http://10.180.1.21/compute/v2.1/servers/9da9da05-f0fe-4490-a416-5e4513e72584 1.525s
2025-03-17 09:36:22.291 68734 INFO tempest.lib.common.rest_client [req-731173e9-5cb2-4839-9296-fd20250ff2a1 req-731173e9-5cb2-4839-9296-fd20250ff2a1 ] Request (FlavorsAdminTestJSON:tearDownClass): 204 DELETE http://10.180.1.21/identity/v3/users/eb6c8f57dcce4678982fd2158ef6e51e 0.184s
2025-03-17 09:36:22.291 68734 INFO tempest.lib.common.dynamic_creds [-] Deleting project and security group for project: 7279fa47cc524032869dfb5103355388
2025-03-17 09:36:22.333 68744 INFO tempest.lib.common.rest_client [req-e2341350-f54e-40ab-b7c8-a300cd1c7435 req-e2341350-f54e-40ab-b7c8-a300cd1c7435 ] Request (DeleteServersAdminTestJSON:test_admin_delete_servers_of_others): 200 GET http://10.180.1.21/compute/v2.1/servers/5afc3947-fa82-4aa1-9c9d-f93ac3f12a2b 1.581s
2025-03-17 09:36:22.348 68714 INFO tempest.lib.common.rest_client [req-82fea50b-5ab5-4277-8179-dfed6da5b36f req-82fea50b-5ab5-4277-8179-dfed6da5b36f ] Request (ListImageFiltersTestJSON:setUpClass): 200 GET http://10.180.1.21/compute/v2.1/servers/828732f1-e0d2-4e9c-83f1-7f43892ba7be 1.559s
2025-03-17 09:36:22.373 68716 INFO tempest.lib.common.rest_client [req-d99b157c-4c77-4b09-8e6a-92a6705df614 req-d99b157c-4c77-4b09-8e6a-92a6705df614 ] Request (ServersAdminTestJSON:setUpClass): 201 POST http://10.180.1.21:9696/networking/v2.0/routers 1.487s
2025-03-17 09:36:22.377 68738 INFO tempest.lib.common.rest_client [req-473a1191-bb98-4e0f-b9c9-84b2223ad35a req-473a1191-bb98-4e0f-b9c9-84b2223ad35a ] Request (ServerDiagnosticsNegativeTest:tearDownClass): 204 DELETE http://10.180.1.21/identity/v3/users/67849eccc316467f9a5bb3975e9253d6 0.135s
2025-03-17 09:36:22.378 68734 INFO tempest.lib.common.rest_client [req-1d925239-8e53-49af-af5c-f76a34bc9cc4 req-1d925239-8e53-49af-af5c-f76a34bc9cc4 ] Request (FlavorsAdminTestJSON:tearDownClass): 201 POST http://10.180.1.21/identity/v3/auth/tokens 0.087s
2025-03-17 09:36:22.381 68758 INFO tempest.lib.common.rest_client [req-a50bd329-806e-4236-a7b6-afa4c6aa53d7 req-a50bd329-806e-4236-a7b6-afa4c6aa53d7 ] Request (ImagesOneServerTestJSON:test_create_delete_image): 200 GET http://10.180.1.21/compute/v2.1/images/9eb84be3-4c26-403e-8701-698deda76fc3 1.549s
2025-03-17 09:36:22.465 68720 INFO tempest.lib.common.rest_client [req-5b09a90e-71d6-44bb-b855-36ab43e8c22b req-5b09a90e-71d6-44bb-b855-36ab43e8c22b ] Request (FloatingIPsAssociationTestJSON:test_associate_already_associated_floating_ip): 200 GET http://10.180.1.21/compute/v2.1/servers/11e16402-9fbd-4dc8-855b-b8db7dd1434c 1.543s
2025-03-17 09:36:22.466 68738 INFO tempest.lib.common.rest_client [req-ce858b0b-b23e-48b0-8c8c-905ec5bef29d req-ce858b0b-b23e-48b0-8c8c-905ec5bef29d ] Request (ServerDiagnosticsNegativeTest:tearDownClass): 204 DELETE http://10.180.1.21/identity/v3/users/a685d7ea27eb46dc964d6f91ef496ed5 0.088s
2025-03-17 09:36:22.467 68738 INFO tempest.lib.common.dynamic_creds [-] Deleting project and security group for project: 2d5b06ac3b9d4e788550e53eec8c5843
2025-03-17 09:36:22.506 68756 INFO tempest.lib.common.rest_client [req-f1b84ef1-9732-4f73-9af8-cd1221061e43 req-f1b84ef1-9732-4f73-9af8-cd1221061e43 ] Request (MultipleCreateTestJSON:test_multiple_create): 200 GET http://10.180.1.21/compute/v2.1/servers/cb0f9997-74dc-4974-93e3-f5a9d451499e 1.592s
2025-03-17 09:36:22.527 68738 INFO tempest.lib.common.rest_client [req-d83d340a-5a94-4af3-9bfa-5ca1be651c6f req-d83d340a-5a94-4af3-9bfa-5ca1be651c6f ] Request (ServerDiagnosticsNegativeTest:tearDownClass): 201 POST http://10.180.1.21/identity/v3/auth/tokens 0.060s
2025-03-17 09:36:22.535 68768 INFO tempest.lib.common.rest_client [req-ffafc4be-28dc-453a-87c5-734c656af070 req-ffafc4be-28dc-453a-87c5-734c656af070 ] Request (InstanceActionsV221TestJSON:test_get_list_deleted_instance_actions): 200 GET http://10.180.1.21/compute/v2.1/servers/f2771b69-6f75-4311-a727-ce7261fe1cf5 1.541s
2025-03-17 09:36:22.594 68736 INFO tempest.lib.common.rest_client [req-07fcb87a-f479-4619-9bb3-26a7f5022a77 req-07fcb87a-f479-4619-9bb3-26a7f5022a77 ] Request (ServerDiagnosticsTest:tearDownClass): 200 GET http://10.180.1.21/compute/v2.1/servers/7eea385c-cd21-4229-84ca-60ebfaa72460 1.558s
2025-03-17 09:36:22.602 68730 INFO tempest.lib.common.rest_client [req-8734281e-f651-4ab9-aace-e03133f29f0a req-8734281e-f651-4ab9-aace-e03133f29f0a ] Request (ServersTestFqdnHostnames:test_create_server_with_fqdn_name): 200 GET http://10.180.1.21/compute/v2.1/servers/336e7166-5e3f-4de1-b3af-14b521ec8147 1.520s
2025-03-17 09:36:22.688 68734 INFO tempest.lib.common.rest_client [req-5a62612e-cf90-4544-81ce-dd6321b59c72 req-5a62612e-cf90-4544-81ce-dd6321b59c72 ] Request (FlavorsAdminTestJSON:tearDownClass): 200 GET http://10.180.1.21:9696/networking/v2.0/security-groups?tenant_id=7279fa47cc524032869dfb5103355388&name=default 0.310s
2025-03-17 09:36:22.724 68722 INFO tempest.lib.common.rest_client [req-7a866bd8-e9eb-4cef-83e8-11edd61f86ae req-7a866bd8-e9eb-4cef-83e8-11edd61f86ae ] Request (ServicesAdminNegativeTestJSON:test_get_service_by_invalid_params): 200 GET http://10.180.1.21/compute/v2.1/os-services 1.452s
2025-03-17 09:36:22.975 68738 INFO tempest.lib.common.rest_client [req-37d0de1e-425d-4260-aa87-21ca0724a177 req-37d0de1e-425d-4260-aa87-21ca0724a177 ] Request (ServerDiagnosticsNegativeTest:tearDownClass): 200 GET http://10.180.1.21:9696/networking/v2.0/security-groups?tenant_id=2d5b06ac3b9d4e788550e53eec8c5843&name=default 0.448s
2025-03-17 09:36:23.035 68734 INFO tempest.lib.common.rest_client [req-c61d5acd-1502-45cc-bbb7-2d803c45eb1f req-c61d5acd-1502-45cc-bbb7-2d803c45eb1f ] Request (FlavorsAdminTestJSON:tearDownClass): 204 DELETE http://10.180.1.21:9696/networking/v2.0/security-groups/d7d99fc8-cf62-449e-b2d2-1d812732d88a 0.346s
2025-03-17 09:36:23.068 68726 INFO tempest.lib.common.rest_client [req-4f7ada1a-9668-4920-ba79-e094624ce08c req-4f7ada1a-9668-4920-ba79-e094624ce08c ] Request (InstanceActionsTestJSON:setUpClass): 200 GET http://10.180.1.21/compute/v2.1/servers/a40e75b5-1c76-4f37-8452-6f2769a5978e 1.594s
2025-03-17 09:36:23.077 68726 INFO tempest.common.waiters [-] State transition "BUILD/spawning" ==> "ACTIVE/None" after 29 second wait
2025-03-17 09:36:23.106 68746 INFO tempest.lib.common.rest_client [req-4b5cd546-85fb-4b7f-a0fd-4b38ef881d88 req-4b5cd546-85fb-4b7f-a0fd-4b38ef881d88 ] Request (KeyPairsNegativeTestJSON:test_keypair_create_with_invalid_pub_key): 400 POST http://10.180.1.21/compute/v2.1/os-keypairs 1.571s
2025-03-17 09:36:23.125 68734 INFO tempest.lib.common.rest_client [req-4162f04c-ee74-4320-abf7-9e84fe86fec4 req-4162f04c-ee74-4320-abf7-9e84fe86fec4 ] Request (FlavorsAdminTestJSON:tearDownClass): 204 DELETE http://10.180.1.21/identity/v3/projects/7279fa47cc524032869dfb5103355388 0.088s
2025-03-17 09:36:23.125 68734 INFO tempest.lib.common.dynamic_creds [-] Deleting project and security group for project: 5528cfd07b744867bc93ee9cd50c944d
2025-03-17 09:36:23.134 68712 INFO tempest.lib.common.rest_client [req-a36ae28b-962b-42c9-af25-c93849e97362 req-a36ae28b-962b-42c9-af25-c93849e97362 ] Request (FlavorsAccessNegativeTestJSON:_run_cleanups): 200 GET http://10.180.1.21/compute/v2.1/flavors/detail 1.584s
2025-03-17 09:36:23.170 68742 INFO tempest.lib.common.rest_client [req-facaf238-7f91-41f9-a633-dad324168096 req-facaf238-7f91-41f9-a633-dad324168096 ] Request (ServersTestBootFromVolume:setUpClass): 201 POST http://10.180.1.21:9696/networking/v2.0/routers 2.220s
2025-03-17 09:36:23.237 68760 INFO tempest.lib.common.rest_client [req-84e64a74-3d9f-491e-9ba4-68411522bea1 req-84e64a74-3d9f-491e-9ba4-68411522bea1 ] Request (ServerMetadataTestJSON:setUp): 200 PUT http://10.180.1.21/compute/v2.1/servers/04218161-39eb-419d-96ea-c624f6e18e66/metadata 1.389s
2025-03-17 09:36:23.299 68738 INFO tempest.lib.common.rest_client [req-266d7976-864b-4c59-a634-194b4a4432c8 req-266d7976-864b-4c59-a634-194b4a4432c8 ] Request (ServerDiagnosticsNegativeTest:tearDownClass): 204 DELETE http://10.180.1.21:9696/networking/v2.0/security-groups/031d420d-8e43-456a-9487-9feb9cc41015 0.323s
2025-03-17 09:36:23.310 68712 INFO tempest.lib.common.rest_client [req-83030c67-aad4-412a-a689-8f085c43b170 req-83030c67-aad4-412a-a689-8f085c43b170 ] Request (FlavorsAccessNegativeTestJSON:tearDownClass): 204 DELETE http://10.180.1.21/identity/v3/users/0cd723c57d9840459e3492e5df95bc4b 0.167s
2025-03-17 09:36:23.328 68766 INFO tempest.lib.common.rest_client [req-e014a7ba-4a8c-41aa-805c-3a0e34323d59 req-e014a7ba-4a8c-41aa-805c-3a0e34323d59 ] Request (ImagesNegativeTestJSON:test_create_image_from_deleted_server): 200 GET http://10.180.1.21/compute/v2.1/servers/6ab608b6-6828-46a0-a62a-ac56156c4be3 1.293s
2025-03-17 09:36:23.413 68752 INFO tempest.lib.common.rest_client [req-c3bf5dbf-3279-43e2-bd66-0c5f3ff52ec0 req-c3bf5dbf-3279-43e2-bd66-0c5f3ff52ec0 ] Request (AttachInterfacesTestJSON:test_create_list_show_delete_interfaces_by_fixed_ip): 200 GET http://10.180.1.21/compute/v2.1/servers/0b5b4adf-a2bd-4255-964e-bb70a52c056e 1.162s
2025-03-17 09:36:23.441 68738 INFO tempest.lib.common.rest_client [req-094aae70-37a7-43f9-be06-5a76e92bf3a1 req-094aae70-37a7-43f9-be06-5a76e92bf3a1 ] Request (ServerDiagnosticsNegativeTest:tearDownClass): 204 DELETE http://10.180.1.21/identity/v3/projects/2d5b06ac3b9d4e788550e53eec8c5843 0.141s
2025-03-17 09:36:23.441 68738 INFO tempest.lib.common.dynamic_creds [-] Deleting project and security group for project: d134dedbf4cb461e8567d65371cf8dbc
2025-03-17 09:36:23.453 68712 INFO tempest.lib.common.rest_client [req-318567dc-55b8-4477-a790-0a6d7ddc0ca7 req-318567dc-55b8-4477-a790-0a6d7ddc0ca7 ] Request (FlavorsAccessNegativeTestJSON:tearDownClass): 204 DELETE http://10.180.1.21/identity/v3/users/4377716fe9eb4e1bab6907327a09465f 0.143s
2025-03-17 09:36:23.467 68758 INFO tempest.lib.common.rest_client [req-b3ad0fd8-3acc-414c-adfc-45fff4b27de4 req-b3ad0fd8-3acc-414c-adfc-45fff4b27de4 ] Request (ImagesOneServerTestJSON:test_create_delete_image): 200 GET http://10.180.1.21/compute/v2.1/images/9eb84be3-4c26-403e-8701-698deda76fc3 1.081s
2025-03-17 09:36:23.562 68724 INFO tempest.lib.common.rest_client [req-48c993f7-2dc8-4a3b-adcd-10618a1e4c29 req-48c993f7-2dc8-4a3b-adcd-10618a1e4c29 ] Request (ServersAdmin275Test:test_rebuild_update_server_275): 200 GET http://10.180.1.21/compute/v2.1/servers/04a75416-4760-4c14-9e8e-5458a095866e 1.085s
2025-03-17 09:36:23.569 68734 INFO tempest.lib.common.rest_client [req-cfddfaea-5961-4380-8e48-0a453a04d754 req-cfddfaea-5961-4380-8e48-0a453a04d754 ] Request (FlavorsAdminTestJSON:tearDownClass): 200 GET http://10.180.1.21:9696/networking/v2.0/security-groups?tenant_id=5528cfd07b744867bc93ee9cd50c944d&name=default 0.444s
2025-03-17 09:36:23.570 68738 INFO tempest.lib.common.rest_client [req-ff862514-b773-4261-a899-d4a7d66fcc3d req-ff862514-b773-4261-a899-d4a7d66fcc3d ] Request (ServerDiagnosticsNegativeTest:tearDownClass): 200 GET http://10.180.1.21:9696/networking/v2.0/security-groups?tenant_id=d134dedbf4cb461e8567d65371cf8dbc&name=default 0.129s
2025-03-17 09:36:23.617 68712 INFO tempest.lib.common.rest_client [req-a216a769-ef9b-41ff-8ad3-fe4310f15a1f req-a216a769-ef9b-41ff-8ad3-fe4310f15a1f ] Request (FlavorsAccessNegativeTestJSON:tearDownClass): 204 DELETE http://10.180.1.21/identity/v3/users/b84f95d58c87414d8c2b6d5808ac6a86 0.164s
2025-03-17 09:36:23.618 68712 INFO tempest.lib.common.dynamic_creds [-] Deleting project and security group for project: e0a9fc4186274c5cb13b900541569966
2025-03-17 09:36:23.672 68728 INFO tempest.lib.common.rest_client [req-5b29e2d5-8275-4a18-846b-18fe36aa8760 req-5b29e2d5-8275-4a18-846b-18fe36aa8760 ] Request (ServersAdminNegativeTestJSON:test_migrate_server_invalid_state): 200 GET http://10.180.1.21/compute/v2.1/servers/78c655a8-fc5e-462e-b7f0-6d17345654f7 1.133s
2025-03-17 09:36:23.694 68712 INFO tempest.lib.common.rest_client [req-a46b3e45-80a9-4cef-a2c4-4512addfa0a9 req-a46b3e45-80a9-4cef-a2c4-4512addfa0a9 ] Request (FlavorsAccessNegativeTestJSON:tearDownClass): 201 POST http://10.180.1.21/identity/v3/auth/tokens 0.076s
2025-03-17 09:36:23.704 68722 INFO tempest.lib.common.rest_client [req-05af54e6-a290-4bac-92b0-2bd43e466d5d req-05af54e6-a290-4bac-92b0-2bd43e466d5d ] Request (ServicesAdminNegativeTestJSON:test_get_service_by_invalid_params): 200 GET http://10.180.1.21/compute/v2.1/os-services?xxx=nova-compute 0.977s
2025-03-17 09:36:23.899 68734 INFO tempest.lib.common.rest_client [req-6f881cb1-67e6-4f38-b8d4-2ccc667497b1 req-6f881cb1-67e6-4f38-b8d4-2ccc667497b1 ] Request (FlavorsAdminTestJSON:tearDownClass): 204 DELETE http://10.180.1.21:9696/networking/v2.0/security-groups/92a520d7-b6f7-416a-b083-133446d358c4 0.329s
2025-03-17 09:36:23.902 68738 INFO tempest.lib.common.rest_client [req-538f53ed-36c8-4296-a064-8e2ce0ab6f75 req-538f53ed-36c8-4296-a064-8e2ce0ab6f75 ] Request (ServerDiagnosticsNegativeTest:tearDownClass): 204 DELETE http://10.180.1.21:9696/networking/v2.0/security-groups/7f8feb8f-5d3f-476c-b155-4658b28f1228 0.332s
2025-03-17 09:36:23.916 68710 INFO tempest.lib.common.rest_client [req-4381ee9b-3f06-4e18-90c2-7fd006e5d9e0 req-4381ee9b-3f06-4e18-90c2-7fd006e5d9e0 ] Request (MigrationsAdminTest:test_list_migrations_in_flavor_resize_situation): 200 GET http://10.180.1.21/compute/v2.1/servers/1b07d836-07a1-437f-8890-59630b092bca 1.099s
2025-03-17 09:36:23.982 68738 INFO tempest.lib.common.rest_client [req-3dc394c4-a568-46ff-85f8-353ab574e512 req-3dc394c4-a568-46ff-85f8-353ab574e512 ] Request (ServerDiagnosticsNegativeTest:tearDownClass): 204 DELETE http://10.180.1.21/identity/v3/projects/d134dedbf4cb461e8567d65371cf8dbc 0.079s
2025-03-17 09:36:23.984 68738 INFO tempest.test [-] raised in UnshelveToHostMultiNodesTest.setUpClass. Invoking tearDownClass.
2025-03-17 09:36:23.995 68740 INFO tempest.lib.common.rest_client [req-4cd77416-de12-4ed4-a8ee-3b2fb008f3ef req-4cd77416-de12-4ed4-a8ee-3b2fb008f3ef ] Request (ServerDiagnosticsV248Test:test_get_server_diagnostics): 200 GET http://10.180.1.21/compute/v2.1/servers/e10449a8-0e0b-496e-8861-84708e325079 1.067s
2025-03-17 09:36:23.995 68734 INFO tempest.lib.common.rest_client [req-3176f938-b827-4f87-ba38-2c0f14bfa7e2 req-3176f938-b827-4f87-ba38-2c0f14bfa7e2 ] Request (FlavorsAdminTestJSON:tearDownClass): 204 DELETE http://10.180.1.21/identity/v3/projects/5528cfd07b744867bc93ee9cd50c944d 0.095s
2025-03-17 09:36:24.037 68726 INFO tempest.lib.common.rest_client [req-2da03810-0c1b-4fec-9183-52130dce03d3 req-2da03810-0c1b-4fec-9183-52130dce03d3 ] Request (InstanceActionsTestJSON:test_get_instance_action): 200 GET http://10.180.1.21/compute/v2.1/servers/a40e75b5-1c76-4f37-8452-6f2769a5978e/os-instance-actions/req-ec99c0cf-bae8-4dd0-84f4-8b1805de590b 0.959s
2025-03-17 09:36:24.056 68746 INFO tempest.lib.common.rest_client [req-664f57cf-b5b5-4d92-8d0d-e150f19c7235 req-664f57cf-b5b5-4d92-8d0d-e150f19c7235 ] Request (KeyPairsNegativeTestJSON:test_keypair_delete_nonexistent_key): 404 DELETE http://10.180.1.21/compute/v2.1/os-keypairs/tempest-keypair-non-existent-1739956607 0.949s
2025-03-17 09:36:24.079 68734 INFO tempest.lib.common.rest_client [req-36dba8a2-b66e-4f78-9779-41664896e6ca req-36dba8a2-b66e-4f78-9779-41664896e6ca ] Request (InstanceUsageAuditLogNegativeTestJSON:setUpClass): 201 POST http://10.180.1.21/identity/v3/auth/tokens 0.082s
2025-03-17 09:36:24.083 68738 INFO tempest.lib.common.rest_client [req-3929030c-82ca-4daf-9501-30ab0f2bc53d req-3929030c-82ca-4daf-9501-30ab0f2bc53d ] Request (SecurityGroupRulesNegativeTestJSON:setUpClass): 201 POST http://10.180.1.21/identity/v3/auth/tokens 0.095s
2025-03-17 09:36:24.087 68750 INFO tempest.lib.common.rest_client [req-89e198e7-98f7-4cfe-b37b-aeaebb27907a req-89e198e7-98f7-4cfe-b37b-aeaebb27907a ] Request (ServerGroupTestJSON:setUpClass): 201 POST http://10.180.1.21:9696/networking/v2.0/routers 2.109s
2025-03-17 09:36:24.136 68734 INFO tempest.lib.common.rest_client [req-728ec566-4706-4c5f-b75d-525c0e20072a req-728ec566-4706-4c5f-b75d-525c0e20072a ] Request (InstanceUsageAuditLogNegativeTestJSON:setUpClass): 201 POST http://10.180.1.21/identity/v3/auth/tokens 0.051s
2025-03-17 09:36:24.194 68770 INFO tempest.lib.common.rest_client [req-b17d7111-22a5-485d-8e78-bfda77904682 req-b17d7111-22a5-485d-8e78-bfda77904682 ] Request (TenantUsagesTestJSON:tearDownClass): 200 GET http://10.180.1.21/compute/v2.1/servers/955d5968-609f-41ef-9fba-34c29184f66f 1.045s
2025-03-17 09:36:24.203 68738 INFO tempest.lib.common.rest_client [req-9faa339e-3754-4d5a-98e2-1c3017af68ae req-9faa339e-3754-4d5a-98e2-1c3017af68ae ] Request (SecurityGroupRulesNegativeTestJSON:setUpClass): 201 POST http://10.180.1.21/identity/v3/auth/tokens 0.116s
2025-03-17 09:36:24.219 68746 INFO tempest.lib.common.rest_client [req-148d66fa-8b9e-4b08-b55f-b9346a0680cc req-148d66fa-8b9e-4b08-b55f-b9346a0680cc ] Request (KeyPairsNegativeTestJSON:tearDownClass): 204 DELETE http://10.180.1.21/identity/v3/users/d23df70235ba4a20b273ad60d15c975f 0.161s
2025-03-17 09:36:24.219 68746 INFO tempest.lib.common.dynamic_creds [-] Deleting project and security group for project: c67a9c01a90b400aafcb0974126f2286
2025-03-17 09:36:24.238 68712 INFO tempest.lib.common.rest_client [req-b820d2f7-225a-4491-921c-844457769746 req-b820d2f7-225a-4491-921c-844457769746 ] Request (FlavorsAccessNegativeTestJSON:tearDownClass): 200 GET http://10.180.1.21:9696/networking/v2.0/security-groups?tenant_id=e0a9fc4186274c5cb13b900541569966&name=default 0.543s
2025-03-17 09:36:24.283 68734 INFO tempest.lib.common.rest_client [req-e8da43bd-8320-4d70-9cf2-e99900fede2c req-e8da43bd-8320-4d70-9cf2-e99900fede2c ] Request (InstanceUsageAuditLogNegativeTestJSON:setUpClass): 200 GET http://10.180.1.21/identity/v3/domains?name=Default 0.146s
2025-03-17 09:36:24.314 68746 INFO tempest.lib.common.rest_client [req-5bebe757-f377-460c-9520-df3c162103d4 req-5bebe757-f377-460c-9520-df3c162103d4 ] Request (KeyPairsNegativeTestJSON:tearDownClass): 201 POST http://10.180.1.21/identity/v3/auth/tokens 0.095s
2025-03-17 09:36:24.328 68738 INFO tempest.lib.common.rest_client [req-7add177f-3d13-4ff0-8212-e9eeb12b1d86 req-7add177f-3d13-4ff0-8212-e9eeb12b1d86 ] Request (SecurityGroupRulesNegativeTestJSON:setUpClass): 200 GET http://10.180.1.21/identity/v3/domains?name=Default 0.122s
2025-03-17 09:36:24.363 68708 INFO tempest.lib.common.rest_client [req-6245d7c0-45d0-4168-aade-7f625c04fdd7 req-6245d7c0-45d0-4168-aade-7f625c04fdd7 ] Request (DeleteServersTestJSON:test_delete_active_server): 200 GET http://10.180.1.21/compute/v2.1/servers/27d98b28-1248-40cf-8a75-121ce862be45 1.139s
2025-03-17 09:36:24.375 68734 INFO tempest.lib.common.rest_client [req-b4a38371-68e7-409b-9499-d4c872691237 req-b4a38371-68e7-409b-9499-d4c872691237 ] Request (InstanceUsageAuditLogNegativeTestJSON:setUpClass): 201 POST http://10.180.1.21/identity/v3/projects 0.092s
2025-03-17 09:36:24.378 68738 INFO tempest.lib.common.rest_client [req-6509f74c-cf00-40d3-90f4-d74fde0f1514 req-6509f74c-cf00-40d3-90f4-d74fde0f1514 ] Request (SecurityGroupRulesNegativeTestJSON:setUpClass): 201 POST http://10.180.1.21/identity/v3/projects 0.050s
2025-03-17 09:36:24.445 68732 INFO tempest.lib.common.rest_client [req-458463d1-a941-49eb-9c19-e1dac08f7f48 req-458463d1-a941-49eb-9c19-e1dac08f7f48 ] Request (VolumesAdminNegativeTest:test_update_attached_volume_with_nonexistent_volume_in_body): 200 GET http://10.180.1.21/compute/v2.1/servers/7b44d5c5-c6e2-403e-8d0a-6580e3877e8e 1.217s
2025-03-17 09:36:24.447 68734 INFO tempest.lib.common.rest_client [req-5742fc71-6db1-403a-a2be-f06dd1ae790a req-5742fc71-6db1-403a-a2be-f06dd1ae790a ] Request (InstanceUsageAuditLogNegativeTestJSON:setUpClass): 201 POST http://10.180.1.21/identity/v3/users 0.070s
2025-03-17 09:36:24.469 68718 WARNING tempest.lib.common.ssh [-] Failed to establish authenticated ssh connection to cirros@10.180.180.190 ([Errno None] Unable to connect to port 22 on 10.180.180.190). Number attempts: 3. Retry after 4 seconds.: paramiko.ssh_exception.NoValidConnectionsError: [Errno None] Unable to connect to port 22 on 10.180.180.190
2025-03-17 09:36:24.480 68738 INFO tempest.lib.common.rest_client [req-9f64c71c-c869-46be-8aa5-c5496854c79a req-9f64c71c-c869-46be-8aa5-c5496854c79a ] Request (SecurityGroupRulesNegativeTestJSON:setUpClass): 201 POST http://10.180.1.21/identity/v3/users 0.101s
2025-03-17 09:36:24.497 68734 INFO tempest.lib.common.rest_client [req-91a83c0f-6344-42dc-93ae-09cff5f928b3 req-91a83c0f-6344-42dc-93ae-09cff5f928b3 ] Request (InstanceUsageAuditLogNegativeTestJSON:setUpClass): 200 GET http://10.180.1.21/identity/v3/roles 0.049s
2025-03-17 09:36:24.503 68738 INFO tempest.lib.common.rest_client [req-8728f759-4e81-46ef-a128-3d3e4d81c5dc req-8728f759-4e81-46ef-a128-3d3e4d81c5dc ] Request (SecurityGroupRulesNegativeTestJSON:setUpClass): 200 GET http://10.180.1.21/identity/v3/roles 0.023s
2025-03-17 09:36:24.531 68760 INFO tempest.lib.common.rest_client [req-e0acb368-a265-4ef5-ba0d-2a873c70484a req-e0acb368-a265-4ef5-ba0d-2a873c70484a ] Request (ServerMetadataTestJSON:test_set_server_metadata): 200 PUT http://10.180.1.21/compute/v2.1/servers/04218161-39eb-419d-96ea-c624f6e18e66/metadata 1.293s
2025-03-17 09:36:24.531 68734 INFO tempest.lib.common.rest_client [req-e87f53e6-fb0b-458e-a032-08282e4c4dc5 req-e87f53e6-fb0b-458e-a032-08282e4c4dc5 ] Request (InstanceUsageAuditLogNegativeTestJSON:setUpClass): 204 PUT http://10.180.1.21/identity/v3/projects/3f32b1e3fa76482ebffbd935b5786447/users/1647193e561548ee9fae1a9b247cbaa9/roles/541f57a06cd348609b3ca5d058046afa 0.034s
2025-03-17 09:36:24.531 68734 INFO tempest.lib.common.dynamic_creds [-] Dynamic test user 1647193e561548ee9fae1a9b247cbaa9 is created with scope project and roles: ['member']
2025-03-17 09:36:24.532 68734 INFO tempest.lib.common.dynamic_creds [-] Acquired dynamic creds: credentials: Credentials: {'domain_id': 'default', 'domain_name': 'Default', 'username': 'tempest-InstanceUsageAuditLogNegativeTestJSON-20613574-project-member', 'project_domain_id': 'default', 'project_domain_name': 'Default', 'project_id': '3f32b1e3fa76482ebffbd935b5786447', 'project_name': 'tempest-InstanceUsageAuditLogNegativeTestJSON-20613574', 'tenant_id': '3f32b1e3fa76482ebffbd935b5786447', 'tenant_name': 'tempest-InstanceUsageAuditLogNegativeTestJSON-20613574', 'user_domain_id': 'default', 'user_domain_name': 'Default', 'user_id': '1647193e561548ee9fae1a9b247cbaa9', 'system': None}, Network: None, Subnet: None, Router: None
