2025-03-17 09:37:50.752 68716 INFO tempest.lib.common.rest_client [req-b6a93269-c95f-4cb2-bbdb-ac1e49cc91ec req-b6a93269-c95f-4cb2-bbdb-ac1e49cc91ec ] Request (ServersAdminTestJSON:test_create_server_with_scheduling_hint): 200 GET http://10.180.1.21/compute/v2.1/servers/eb194a52-be98-458f-aae2-60d43617fd1b 0.347s
2025-03-17 09:37:50.808 68710 INFO tempest.lib.common.rest_client [req-a4121869-f252-4fa3-9b05-cb377c26c46c req-a4121869-f252-4fa3-9b05-cb377c26c46c ] Request (MigrationsAdminTest:test_resize_server_revert_deleted_flavor): 200 GET http://10.180.1.21/compute/v2.1/servers/3ebfcb0d-4fd5-4d7f-9caa-c2e47886a0ef 0.197s
2025-03-17 09:37:50.810 68746 INFO tempest.lib.common.rest_client [req-d7ba1021-3362-47d8-bc2f-52a649940e65 req-d7ba1021-3362-47d8-bc2f-52a649940e65 ] Request (ListServerFiltersTestJSON:test_list_servers_filter_by_exceed_limit): 200 GET http://10.180.1.21/compute/v2.1/servers 0.307s
2025-03-17 09:37:50.850 68708 INFO tempest.lib.common.rest_client [req-e6a422dc-31a6-45ec-8b74-93f561a24516 req-e6a422dc-31a6-45ec-8b74-93f561a24516 ] Request (DeleteServersTestJSON:test_delete_server_while_in_attached_volume): 200 GET http://10.180.1.21/compute/v2.1/servers/e13a7461-a57f-4cd6-86e2-f7a513b0c5a0 0.160s
2025-03-17 09:37:50.888 68766 INFO tempest.lib.common.rest_client [req-b2aeafff-b037-460d-b2e9-96ebc3df1eaa req-b2aeafff-b037-460d-b2e9-96ebc3df1eaa ] Request (ImagesNegativeTestJSON:test_create_image_from_deleted_server): 200 GET http://10.180.1.21/compute/v2.1/servers/6ab608b6-6828-46a0-a62a-ac56156c4be3 0.233s
2025-03-17 09:37:50.901 68738 INFO tempest.lib.common.rest_client [req-aba7f7b0-3721-4781-bf2b-4d60dd990f7f req-aba7f7b0-3721-4781-bf2b-4d60dd990f7f ] Request (ServersTestMultiNic:test_verify_duplicate_network_nics): 200 GET http://10.180.1.21/compute/v2.1/servers/954b77db-199c-4472-a489-e6b57ac2af67 0.188s
2025-03-17 09:37:50.943 68756 INFO tempest.lib.common.rest_client [req-4b5f9b42-b7b0-4159-9e51-0b480a9670b0 req-4b5f9b42-b7b0-4159-9e51-0b480a9670b0 ] Request (MultipleCreateTestJSON:test_multiple_create_with_reservation_return): 200 GET http://10.180.1.21/compute/v2.1/servers/7cf7d50a-e2f5-4288-8120-0f73e85bb66a 0.173s
2025-03-17 09:37:51.011 68742 INFO tempest.lib.common.rest_client [req-7c788a25-bda7-4319-98df-a5a0a3628c43 req-7c788a25-bda7-4319-98df-a5a0a3628c43 ] Request (ServersTestBootFromVolume:setUpClass): 200 GET http://10.180.1.21/compute/v2.1/servers/22c69ccb-39b6-411a-bed9-03c7555aaeff 0.182s
2025-03-17 09:37:51.084 68714 INFO tempest.lib.common.rest_client [req-515954de-98ef-4f35-85f1-9311f86f5a2e req-515954de-98ef-4f35-85f1-9311f86f5a2e ] Request (ListImageFiltersTestJSON:tearDownClass): 200 GET http://10.180.1.21/compute/v2.1/servers/828732f1-e0d2-4e9c-83f1-7f43892ba7be 0.213s
2025-03-17 09:37:51.133 68718 INFO tempest.lib.common.rest_client [req-1acaee74-c3e4-4f92-8731-1808650326e6 req-1acaee74-c3e4-4f92-8731-1808650326e6 ] Request (VolumesAssistedSnapshotsTest:test_volume_assisted_snapshot_create_delete): 200 GET http://10.180.1.21/volume/v3/volumes/9c4f61f9-0fad-4b75-974f-c4dad23bc850 0.033s
2025-03-17 09:37:51.229 68746 INFO tempest.lib.common.rest_client [req-0f80d0ef-f926-410f-a27a-181680388f4e req-0f80d0ef-f926-410f-a27a-181680388f4e ] Request (ListServerFiltersTestJSON:test_list_servers_filter_by_flavor): 200 GET http://10.180.1.21/compute/v2.1/servers?flavor=84 0.416s
2025-03-17 09:37:51.236 68770 INFO tempest.lib.common.rest_client [req-32a033e4-ce1d-47b1-ae8f-64d042b07c72 req-32a033e4-ce1d-47b1-ae8f-64d042b07c72 ] Request (ImagesTestJSON:test_create_image_from_stopped_server): 200 GET http://10.180.1.21/compute/v2.1/servers/0ce27112-6779-453d-845a-eb7bd66c49f9 0.317s
2025-03-17 09:37:51.334 68722 INFO tempest.lib.common.rest_client [req-68456f83-954b-4a91-9cbc-84ab34277844 req-68456f83-954b-4a91-9cbc-84ab34277844 ] Request (AttachInterfacesUnderV243Test:test_add_remove_fixed_ip): 200 GET http://10.180.1.21/compute/v2.1/servers/ec6ae023-f376-4c2f-9d3d-31144b5b007e 0.210s
2025-03-17 09:37:51.335 68724 INFO tempest.lib.common.rest_client [req-8a8ffc0a-5d08-4268-b19e-268182144a1d req-8a8ffc0a-5d08-4268-b19e-268182144a1d ] Request (ServersAdmin275Test:tearDownClass): 200 GET http://10.180.1.21/compute/v2.1/servers/04a75416-4760-4c14-9e8e-5458a095866e 0.266s
2025-03-17 09:37:51.367 68746 INFO tempest.lib.common.rest_client [req-c2d0a1e5-58a3-4086-8465-ebf93960b7cd req-c2d0a1e5-58a3-4086-8465-ebf93960b7cd ] Request (ListServerFiltersTestJSON:test_list_servers_filter_by_limit): 200 GET http://10.180.1.21/compute/v2.1/servers?limit=1 0.133s
2025-03-17 09:37:51.408 68744 INFO tempest.lib.common.rest_client [req-7cf8de1a-d49a-4cd4-98b9-63cbe251f090 req-7cf8de1a-d49a-4cd4-98b9-63cbe251f090 ] Request (DeleteServersAdminTestJSON:test_delete_server_while_in_error_state): 200 GET http://10.180.1.21/compute/v2.1/servers/03e4e020-511f-4d10-87a7-5e14a74cd77b 0.220s
2025-03-17 09:37:51.439 68728 INFO tempest.lib.common.rest_client [req-cc3dfe0f-4242-44b2-a9d0-d238ad2ac5d5 req-cc3dfe0f-4242-44b2-a9d0-d238ad2ac5d5 ] Request (ServersAdminNegativeTestJSON:tearDownClass): 200 GET http://10.180.1.21/compute/v2.1/servers/78c655a8-fc5e-462e-b7f0-6d17345654f7 0.183s
2025-03-17 09:37:51.481 68762 INFO tempest.lib.common.rest_client [req-31ca328f-8013-48fd-920d-dcd880399f4e req-31ca328f-8013-48fd-920d-dcd880399f4e ] Request (ServerRescueTestJSONUnderV235:tearDownClass): 200 GET http://10.180.1.21/compute/v2.1/servers/e2c3bcf8-8270-4bf9-a599-ba2cc8311f5d 0.204s
2025-03-17 09:37:51.509 68736 INFO tempest.lib.common.rest_client [req-3c46b049-ed1b-48bd-a6e1-6d6eee78e431 req-3c46b049-ed1b-48bd-a6e1-6d6eee78e431 ] Request (ServersListShow298Test:test_list_show_update_rebuild_server_298): 200 GET http://10.180.1.21/compute/v2.1/servers/69f2e7b4-4673-4707-87e3-e40032f09a10 0.181s
2025-03-17 09:37:51.549 68750 INFO tempest.lib.common.rest_client [req-d0361f15-a3b7-4d9e-a359-09f31a1bd326 req-d0361f15-a3b7-4d9e-a359-09f31a1bd326 ] Request (ServerGroupTestJSON:test_create_server_with_scheduler_hint_group): 200 GET http://10.180.1.21/compute/v2.1/servers/899fb4f5-ddf8-4295-8abe-99669680d1d2 0.216s
2025-03-17 09:37:51.601 68748 INFO tempest.lib.common.rest_client [req-a646347c-d087-4f9d-ba1a-e3bb737b43a5 req-a646347c-d087-4f9d-ba1a-e3bb737b43a5 ] Request (ServersTestManualDisk:setUpClass): 200 GET http://10.180.1.21/compute/v2.1/servers/4874b0c8-bcd3-4eca-a82f-f76539d141bb 0.205s
2025-03-17 09:37:51.601 68746 INFO tempest.lib.common.rest_client [req-06d1311f-4199-4518-9e75-1abeec6430ff req-06d1311f-4199-4518-9e75-1abeec6430ff ] Request (ListServerFiltersTestJSON:test_list_servers_filter_by_server_name): 200 GET http://10.180.1.21/compute/v2.1/servers?name=tempest-ListServerFiltersTestJSON-instance-938044852 0.230s
2025-03-17 09:37:51.659 68726 INFO tempest.lib.common.rest_client [req-91a1cbef-c57b-438a-b7d7-45560a3000ed req-91a1cbef-c57b-438a-b7d7-45560a3000ed ] Request (ServersAaction247Test:test_create_backup): 200 GET http://10.180.1.21/compute/v2.1/servers/9158ca40-77ed-46cc-9e18-701703d52463 0.262s
2025-03-17 09:37:51.662 68768 INFO tempest.lib.common.rest_client [req-aaaf84b7-1952-48f2-a333-49529b6e99c8 req-aaaf84b7-1952-48f2-a333-49529b6e99c8 ] Request (InstanceActionsV221TestJSON:test_get_list_deleted_instance_actions): 200 GET http://10.180.1.21/compute/v2.1/servers/f2771b69-6f75-4311-a727-ce7261fe1cf5 0.202s
2025-03-17 09:37:51.702 68740 INFO tempest.lib.common.rest_client [req-5b0b29b1-d08d-4fb0-9ff7-97d96152fabc req-5b0b29b1-d08d-4fb0-9ff7-97d96152fabc ] Request (SecurityGroupsTestJSON:test_list_security_groups_by_server): 200 GET http://10.180.1.21/compute/v2.1/servers/09d2b78c-7aab-4af8-b794-8381516c89b8 0.153s
2025-03-17 09:37:51.724 68746 INFO tempest.lib.common.rest_client [req-b97eb9f7-18cc-4a83-9d75-c1dd02c9236d req-b97eb9f7-18cc-4a83-9d75-c1dd02c9236d ] Request (ListServerFiltersTestJSON:test_list_servers_filter_by_shutoff_status): 202 POST http://10.180.1.21/compute/v2.1/servers/6e3dde6e-00a4-465d-bf1f-5bd1ab28761d/action 0.119s
2025-03-17 09:37:51.755 68720 INFO tempest.lib.common.rest_client [req-1b1535c2-32ab-4892-baa4-03a8535a369d req-1b1535c2-32ab-4892-baa4-03a8535a369d ] Request (FloatingIPsAssociationTestJSON:tearDownClass): 200 GET http://10.180.1.21/compute/v2.1/servers/39cf4eea-900e-4211-9afe-ae2735af2661 0.142s
2025-03-17 09:37:51.809 68734 INFO tempest.lib.common.rest_client [req-908e086f-ddf6-4982-94c8-e22f1ce8dfa3 req-908e086f-ddf6-4982-94c8-e22f1ce8dfa3 ] Request (ServerActionsTestOtherA:setUpClass): 200 GET http://10.180.1.21/compute/v2.1/servers/d6b19435-f7df-4b89-b0b1-b147ff8d8f64 0.100s
2025-03-17 09:37:51.855 68758 INFO tempest.lib.common.rest_client [req-7e11b7d2-0c7f-4dad-b435-e82d5cd5a23f req-7e11b7d2-0c7f-4dad-b435-e82d5cd5a23f ] Request (ServerTagsTestJSON:setUpClass): 200 GET http://10.180.1.21/compute/v2.1/servers/14ea71d3-251f-4b36-a4dc-b23750b7e83b 0.103s
2025-03-17 09:37:51.863 68746 INFO tempest.lib.common.rest_client [req-f341775f-c9e2-4f03-93a2-4b3e9cc27532 req-f341775f-c9e2-4f03-93a2-4b3e9cc27532 ] Request (ListServerFiltersTestJSON:test_list_servers_filter_by_shutoff_status): 200 GET http://10.180.1.21/compute/v2.1/servers/6e3dde6e-00a4-465d-bf1f-5bd1ab28761d 0.139s
2025-03-17 09:37:51.905 68716 INFO tempest.lib.common.rest_client [req-93c7f385-3061-483b-b9b6-eb881e6d3ec8 req-93c7f385-3061-483b-b9b6-eb881e6d3ec8 ] Request (ServersAdminTestJSON:test_create_server_with_scheduling_hint): 200 GET http://10.180.1.21/compute/v2.1/servers/eb194a52-be98-458f-aae2-60d43617fd1b 0.144s
2025-03-17 09:37:51.910 68710 INFO tempest.lib.common.rest_client [req-0edb4205-44b6-4c13-8ef0-355258b387a9 req-0edb4205-44b6-4c13-8ef0-355258b387a9 ] Request (MigrationsAdminTest:test_resize_server_revert_deleted_flavor): 200 GET http://10.180.1.21/compute/v2.1/servers/3ebfcb0d-4fd5-4d7f-9caa-c2e47886a0ef 0.088s
2025-03-17 09:37:51.952 68708 INFO tempest.lib.common.rest_client [req-2222826a-f1f5-4436-85bf-beebb2f51772 req-2222826a-f1f5-4436-85bf-beebb2f51772 ] Request (DeleteServersTestJSON:test_delete_server_while_in_attached_volume): 200 GET http://10.180.1.21/compute/v2.1/servers/e13a7461-a57f-4cd6-86e2-f7a513b0c5a0 0.094s
2025-03-17 09:37:51.968 68766 INFO tempest.lib.common.rest_client [req-64f9d593-413d-4677-af32-684cd94b9292 req-64f9d593-413d-4677-af32-684cd94b9292 ] Request (ImagesNegativeTestJSON:test_create_image_from_deleted_server): 200 GET http://10.180.1.21/compute/v2.1/servers/6ab608b6-6828-46a0-a62a-ac56156c4be3 0.072s
2025-03-17 09:37:52.003 68738 INFO tempest.lib.common.rest_client [req-d7cd6a1f-51cb-4dea-8d6f-23ceaa37e0fa req-d7cd6a1f-51cb-4dea-8d6f-23ceaa37e0fa ] Request (ServersTestMultiNic:test_verify_duplicate_network_nics): 200 GET http://10.180.1.21/compute/v2.1/servers/954b77db-199c-4472-a489-e6b57ac2af67 0.093s
2025-03-17 09:37:52.012 68756 INFO tempest.lib.common.rest_client [req-ecbccafd-48ac-4cf9-b694-110dee6b785e req-ecbccafd-48ac-4cf9-b694-110dee6b785e ] Request (MultipleCreateTestJSON:test_multiple_create_with_reservation_return): 200 GET http://10.180.1.21/compute/v2.1/servers/7cf7d50a-e2f5-4288-8120-0f73e85bb66a 0.061s
2025-03-17 09:37:52.071 68742 INFO tempest.lib.common.rest_client [req-ca6e65b3-25fe-45da-8f0e-fd03b118943d req-ca6e65b3-25fe-45da-8f0e-fd03b118943d ] Request (ServersTestBootFromVolume:setUpClass): 200 GET http://10.180.1.21/compute/v2.1/servers/22c69ccb-39b6-411a-bed9-03c7555aaeff 0.048s
2025-03-17 09:37:52.153 68714 INFO tempest.lib.common.rest_client [req-777021ab-51d6-4847-b792-98fbf84d0333 req-777021ab-51d6-4847-b792-98fbf84d0333 ] Request (ListImageFiltersTestJSON:tearDownClass): 200 GET http://10.180.1.21/compute/v2.1/servers/828732f1-e0d2-4e9c-83f1-7f43892ba7be 0.059s
2025-03-17 09:37:52.171 68718 INFO tempest.lib.common.rest_client [req-80f1a3da-96a9-4a7a-a418-30b7b82be2d4 req-80f1a3da-96a9-4a7a-a418-30b7b82be2d4 ] Request (VolumesAssistedSnapshotsTest:test_volume_assisted_snapshot_create_delete): 200 GET http://10.180.1.21/volume/v3/volumes/9c4f61f9-0fad-4b75-974f-c4dad23bc850 0.030s
2025-03-17 09:37:52.362 68770 INFO tempest.lib.common.rest_client [req-cf757181-402f-4cb7-bfbf-e5bac7b016be req-cf757181-402f-4cb7-bfbf-e5bac7b016be ] Request (ImagesTestJSON:test_create_image_from_stopped_server): 200 GET http://10.180.1.21/compute/v2.1/servers/0ce27112-6779-453d-845a-eb7bd66c49f9 0.116s
2025-03-17 09:37:52.399 68722 INFO tempest.lib.common.rest_client [req-ad8061dc-9c36-4985-a447-119ccb5af60a req-ad8061dc-9c36-4985-a447-119ccb5af60a ] Request (AttachInterfacesUnderV243Test:test_add_remove_fixed_ip): 200 GET http://10.180.1.21/compute/v2.1/servers/ec6ae023-f376-4c2f-9d3d-31144b5b007e 0.053s
2025-03-17 09:37:52.400 68724 INFO tempest.lib.common.rest_client [req-9f0302ef-0d99-4b0f-8a6c-171f52d4c4dd req-9f0302ef-0d99-4b0f-8a6c-171f52d4c4dd ] Request (ServersAdmin275Test:tearDownClass): 404 GET http://10.180.1.21/compute/v2.1/servers/04a75416-4760-4c14-9e8e-5458a095866e 0.054s
2025-03-17 09:37:52.474 68744 INFO tempest.lib.common.rest_client [req-fdcd03b2-52cd-4a5d-9535-e90c800de481 req-fdcd03b2-52cd-4a5d-9535-e90c800de481 ] Request (DeleteServersAdminTestJSON:test_delete_server_while_in_error_state): 200 GET http://10.180.1.21/compute/v2.1/servers/03e4e020-511f-4d10-87a7-5e14a74cd77b 0.057s
2025-03-17 09:37:52.480 68724 INFO tempest.lib.common.rest_client [req-d1d6f723-aa3b-4386-b315-a1d0b2723077 req-d1d6f723-aa3b-4386-b315-a1d0b2723077 ] Request (ServersAdmin275Test:tearDownClass): 204 DELETE http://10.180.1.21/identity/v3/users/6db367c9b5bd4b9181404974fe2f281b 0.080s
2025-03-17 09:37:52.512 68728 INFO tempest.lib.common.rest_client [req-72bcd32a-dfc4-4141-8efa-d56df1431b17 req-72bcd32a-dfc4-4141-8efa-d56df1431b17 ] Request (ServersAdminNegativeTestJSON:tearDownClass): 200 GET http://10.180.1.21/compute/v2.1/servers/78c655a8-fc5e-462e-b7f0-6d17345654f7 0.059s
2025-03-17 09:37:52.549 68762 INFO tempest.lib.common.rest_client [req-21b8a51a-dc74-44a7-8c55-d2ace0e94075 req-21b8a51a-dc74-44a7-8c55-d2ace0e94075 ] Request (ServerRescueTestJSONUnderV235:tearDownClass): 200 GET http://10.180.1.21/compute/v2.1/servers/e2c3bcf8-8270-4bf9-a599-ba2cc8311f5d 0.056s
2025-03-17 09:37:52.566 68724 INFO tempest.lib.common.rest_client [req-d5fd9157-4a26-4381-97e2-ca1f68230fd3 req-d5fd9157-4a26-4381-97e2-ca1f68230fd3 ] Request (ServersAdmin275Test:tearDownClass): 204 DELETE http://10.180.1.21/identity/v3/users/642d1cd769b5498cbad756c0e35ba150 0.086s
2025-03-17 09:37:52.567 68724 INFO tempest.lib.common.dynamic_creds [-] Deleting project and security group for project: e4b963c66f6f4a5e9891ded5593d4f4a
2025-03-17 09:37:52.588 68736 INFO tempest.lib.common.rest_client [req-eb78af05-475f-4d38-b77e-e25d1cb990f4 req-eb78af05-475f-4d38-b77e-e25d1cb990f4 ] Request (ServersListShow298Test:test_list_show_update_rebuild_server_298): 200 GET http://10.180.1.21/compute/v2.1/servers/69f2e7b4-4673-4707-87e3-e40032f09a10 0.067s
2025-03-17 09:37:52.616 68750 INFO tempest.lib.common.rest_client [req-91a39b42-60f4-4584-9fd9-efed1b641976 req-91a39b42-60f4-4584-9fd9-efed1b641976 ] Request (ServerGroupTestJSON:test_create_server_with_scheduler_hint_group): 200 GET http://10.180.1.21/compute/v2.1/servers/899fb4f5-ddf8-4295-8abe-99669680d1d2 0.058s
2025-03-17 09:37:52.622 68724 INFO tempest.lib.common.rest_client [req-da0fa306-46dc-486c-b900-5286957ee757 req-da0fa306-46dc-486c-b900-5286957ee757 ] Request (ServersAdmin275Test:tearDownClass): 201 POST http://10.180.1.21/identity/v3/auth/tokens 0.055s
2025-03-17 09:37:52.658 68748 INFO tempest.lib.common.rest_client [req-355fe20a-24f5-445e-9d17-3302a800bfcc req-355fe20a-24f5-445e-9d17-3302a800bfcc ] Request (ServersTestManualDisk:setUpClass): 200 GET http://10.180.1.21/compute/v2.1/servers/4874b0c8-bcd3-4eca-a82f-f76539d141bb 0.048s
2025-03-17 09:37:52.721 68726 INFO tempest.lib.common.rest_client [req-c3d13005-e4ca-4224-b725-434d225f78b3 req-c3d13005-e4ca-4224-b725-434d225f78b3 ] Request (ServersAaction247Test:test_create_backup): 200 GET http://10.180.1.21/compute/v2.1/servers/9158ca40-77ed-46cc-9e18-701703d52463 0.049s
2025-03-17 09:37:52.737 68768 INFO tempest.lib.common.rest_client [req-2b8f90b6-d989-4a04-b4e3-1df1d1938d7b req-2b8f90b6-d989-4a04-b4e3-1df1d1938d7b ] Request (InstanceActionsV221TestJSON:test_get_list_deleted_instance_actions): 200 GET http://10.180.1.21/compute/v2.1/servers/f2771b69-6f75-4311-a727-ce7261fe1cf5 0.066s
2025-03-17 09:37:52.767 68740 INFO tempest.lib.common.rest_client [req-dcbfccc3-9492-40a6-892c-caf66eee9943 req-dcbfccc3-9492-40a6-892c-caf66eee9943 ] Request (SecurityGroupsTestJSON:test_list_security_groups_by_server): 200 GET http://10.180.1.21/compute/v2.1/servers/09d2b78c-7aab-4af8-b794-8381516c89b8 0.054s
2025-03-17 09:37:52.784 68724 INFO tempest.lib.common.rest_client [req-3ccdb17f-869c-489f-991d-91240182ff05 req-3ccdb17f-869c-489f-991d-91240182ff05 ] Request (ServersAdmin275Test:tearDownClass): 200 GET http://10.180.1.21:9696/networking/v2.0/security-groups?tenant_id=e4b963c66f6f4a5e9891ded5593d4f4a&name=default 0.162s
2025-03-17 09:37:52.824 68720 INFO tempest.lib.common.rest_client [req-253e9b55-0902-4004-8716-99bcd3657ed5 req-253e9b55-0902-4004-8716-99bcd3657ed5 ] Request (FloatingIPsAssociationTestJSON:tearDownClass): 200 GET http://10.180.1.21/compute/v2.1/servers/39cf4eea-900e-4211-9afe-ae2735af2661 0.061s
2025-03-17 09:37:52.882 68724 INFO tempest.lib.common.rest_client [req-71e25021-d8f6-441d-86a1-98f2b7a992cf req-71e25021-d8f6-441d-86a1-98f2b7a992cf ] Request (ServersAdmin275Test:tearDownClass): 204 DELETE http://10.180.1.21:9696/networking/v2.0/security-groups/49cb2c1d-bfee-4af5-87d2-4afe2c98a35e 0.098s
2025-03-17 09:37:52.924 68758 INFO tempest.lib.common.rest_client [req-6bc9f250-f2b8-4006-809e-d59357e93913 req-6bc9f250-f2b8-4006-809e-d59357e93913 ] Request (ServerTagsTestJSON:setUpClass): 200 GET http://10.180.1.21/compute/v2.1/servers/14ea71d3-251f-4b36-a4dc-b23750b7e83b 0.058s
2025-03-17 09:37:52.944 68724 INFO tempest.lib.common.rest_client [req-03579ee8-a336-48a8-9be6-dd6e4070e35b req-03579ee8-a336-48a8-9be6-dd6e4070e35b ] Request (ServersAdmin275Test:tearDownClass): 204 DELETE http://10.180.1.21/identity/v3/projects/e4b963c66f6f4a5e9891ded5593d4f4a 0.061s
2025-03-17 09:37:52.944 68724 INFO tempest.lib.common.dynamic_creds [-] Deleting project and security group for project: b5fe1143f234491ebba398af8b9b4a8f
2025-03-17 09:37:52.960 68734 INFO tempest.lib.common.rest_client [req-7e0563d6-d80e-4019-8ceb-dcaeef5a0dd6 req-7e0563d6-d80e-4019-8ceb-dcaeef5a0dd6 ] Request (ServerActionsTestOtherA:setUpClass): 200 GET http://10.180.1.21/compute/v2.1/servers/d6b19435-f7df-4b89-b0b1-b147ff8d8f64 0.143s
2025-03-17 09:37:53.007 68716 INFO tempest.lib.common.rest_client [req-27180034-6b38-42c8-ab2c-6970c24f662d req-27180034-6b38-42c8-ab2c-6970c24f662d ] Request (ServersAdminTestJSON:test_create_server_with_scheduling_hint): 200 GET http://10.180.1.21/compute/v2.1/servers/eb194a52-be98-458f-aae2-60d43617fd1b 0.095s
2025-03-17 09:37:53.042 68746 INFO tempest.lib.common.rest_client [req-f074bb70-39b3-4fa1-8a85-a7c43b9bbe6f req-f074bb70-39b3-4fa1-8a85-a7c43b9bbe6f ] Request (ListServerFiltersTestJSON:test_list_servers_filter_by_shutoff_status): 200 GET http://10.180.1.21/compute/v2.1/servers/6e3dde6e-00a4-465d-bf1f-5bd1ab28761d 0.171s
2025-03-17 09:37:53.052 68710 INFO tempest.lib.common.rest_client [req-99027e65-bce0-433b-a7f6-4d0b021e0955 req-99027e65-bce0-433b-a7f6-4d0b021e0955 ] Request (MigrationsAdminTest:test_resize_server_revert_deleted_flavor): 200 GET http://10.180.1.21/compute/v2.1/servers/3ebfcb0d-4fd5-4d7f-9caa-c2e47886a0ef 0.135s
2025-03-17 09:37:53.082 68724 INFO tempest.lib.common.rest_client [req-95c5bb74-a987-4d99-921c-9213a533a3e7 req-95c5bb74-a987-4d99-921c-9213a533a3e7 ] Request (ServersAdmin275Test:tearDownClass): 200 GET http://10.180.1.21:9696/networking/v2.0/security-groups?tenant_id=b5fe1143f234491ebba398af8b9b4a8f&name=default 0.137s
2025-03-17 09:37:53.099 68708 INFO tempest.lib.common.rest_client [req-420e2d31-ca13-4e21-b307-0d7156050d8a req-420e2d31-ca13-4e21-b307-0d7156050d8a ] Request (DeleteServersTestJSON:test_delete_server_while_in_attached_volume): 200 GET http://10.180.1.21/compute/v2.1/servers/e13a7461-a57f-4cd6-86e2-f7a513b0c5a0 0.140s
2025-03-17 09:37:53.127 68766 INFO tempest.lib.common.rest_client [req-483fb5d3-ba01-48af-a394-90078d3adb7f req-483fb5d3-ba01-48af-a394-90078d3adb7f ] Request (ImagesNegativeTestJSON:test_create_image_from_deleted_server): 200 GET http://10.180.1.21/compute/v2.1/servers/6ab608b6-6828-46a0-a62a-ac56156c4be3 0.147s
2025-03-17 09:37:53.152 68738 INFO tempest.lib.common.rest_client [req-3a1c37ab-5931-48a0-b70f-901158d7f62e req-3a1c37ab-5931-48a0-b70f-901158d7f62e ] Request (ServersTestMultiNic:test_verify_duplicate_network_nics): 200 GET http://10.180.1.21/compute/v2.1/servers/954b77db-199c-4472-a489-e6b57ac2af67 0.141s
2025-03-17 09:37:53.172 68756 INFO tempest.lib.common.rest_client [req-288ea820-acb5-4a27-a0bc-598304ead8a3 req-288ea820-acb5-4a27-a0bc-598304ead8a3 ] Request (MultipleCreateTestJSON:test_multiple_create_with_reservation_return): 200 GET http://10.180.1.21/compute/v2.1/servers/7cf7d50a-e2f5-4288-8120-0f73e85bb66a 0.152s
2025-03-17 09:37:53.186 68724 INFO tempest.lib.common.rest_client [req-21312dc4-f200-4b19-ad6c-b308ad26aff0 req-21312dc4-f200-4b19-ad6c-b308ad26aff0 ] Request (ServersAdmin275Test:tearDownClass): 204 DELETE http://10.180.1.21:9696/networking/v2.0/security-groups/53761a67-dea9-40ba-84b8-621e09b53174 0.103s
2025-03-17 09:37:53.205 68718 INFO tempest.lib.common.rest_client [req-7677d909-fbd8-4c3a-b032-fdd56bc0bbbc req-7677d909-fbd8-4c3a-b032-fdd56bc0bbbc ] Request (VolumesAssistedSnapshotsTest:test_volume_assisted_snapshot_create_delete): 200 GET http://10.180.1.21/volume/v3/volumes/9c4f61f9-0fad-4b75-974f-c4dad23bc850 0.026s
2025-03-17 09:37:53.208 68742 INFO tempest.lib.common.rest_client [req-0d0146be-4445-461d-83be-c1f39a2904d3 req-0d0146be-4445-461d-83be-c1f39a2904d3 ] Request (ServersTestBootFromVolume:setUpClass): 200 GET http://10.180.1.21/compute/v2.1/servers/22c69ccb-39b6-411a-bed9-03c7555aaeff 0.126s
2025-03-17 09:37:53.212 68718 INFO tempest.common.waiters [-] Attachment 745fa715-75c6-4b99-a694-00c2eaf20d00 created for volume 9c4f61f9-0fad-4b75-974f-c4dad23bc850 to server 669b4866-63c3-4467-bd68-478e604042c1 after waiting for 8.212194 seconds
2025-03-17 09:37:53.230 68714 INFO tempest.lib.common.rest_client [req-f8c4dd35-febd-4b61-9520-b059ee6afdb5 req-f8c4dd35-febd-4b61-9520-b059ee6afdb5 ] Request (ListImageFiltersTestJSON:tearDownClass): 200 GET http://10.180.1.21/compute/v2.1/servers/828732f1-e0d2-4e9c-83f1-7f43892ba7be 0.069s
2025-03-17 09:37:53.237 68718 INFO tempest.lib.common.rest_client [req-8e1c6637-cae6-4647-a55c-3f006650176a req-8e1c6637-cae6-4647-a55c-3f006650176a ] Request (VolumesAssistedSnapshotsTest:test_volume_assisted_snapshot_create_delete): 200 GET http://10.180.1.21/volume/v3/volumes/9c4f61f9-0fad-4b75-974f-c4dad23bc850 0.024s
2025-03-17 09:37:53.243 68718 INFO tempest.common.waiters [-] volume 9c4f61f9-0fad-4b75-974f-c4dad23bc850 reached in-use after waiting for 0.243504 seconds
2025-03-17 09:37:53.278 68724 INFO tempest.lib.common.rest_client [req-1bfbe76f-958b-412b-bc49-d80ca2e8c598 req-1bfbe76f-958b-412b-bc49-d80ca2e8c598 ] Request (ServersAdmin275Test:tearDownClass): 204 DELETE http://10.180.1.21/identity/v3/projects/b5fe1143f234491ebba398af8b9b4a8f 0.091s
2025-03-17 09:37:53.332 68724 INFO tempest.lib.common.rest_client [req-e5b61ed5-1c51-41eb-84f0-b7d2f8bba1ee req-e5b61ed5-1c51-41eb-84f0-b7d2f8bba1ee ] Request (ServerShowV263Test:setUpClass): 201 POST http://10.180.1.21/identity/v3/auth/tokens 0.052s
2025-03-17 09:37:53.362 68724 INFO tempest.lib.common.rest_client [req-84c71177-59e5-4b26-af34-55cf298d514f req-84c71177-59e5-4b26-af34-55cf298d514f ] Request (ServerShowV263Test:setUpClass): 201 POST http://10.180.1.21/identity/v3/auth/tokens 0.027s
2025-03-17 09:37:53.386 68724 INFO tempest.lib.common.rest_client [req-3b1a9dec-8ab2-46a5-acdf-c102552f8f17 req-3b1a9dec-8ab2-46a5-acdf-c102552f8f17 ] Request (ServerShowV263Test:setUpClass): 200 GET http://10.180.1.21/identity/v3/domains?name=Default 0.024s
2025-03-17 09:37:53.409 68718 INFO tempest.lib.common.rest_client [req-2dcf8b5b-d217-4fe0-bf2b-f96cce5459a1 req-2dcf8b5b-d217-4fe0-bf2b-f96cce5459a1 ] Request (VolumesAssistedSnapshotsTest:test_volume_assisted_snapshot_create_delete): 200 POST http://10.180.1.21/compute/v2.1/os-assisted-volume-snapshots 0.165s
2025-03-17 09:37:53.418 68724 INFO tempest.lib.common.rest_client [req-b4337aeb-2430-4bab-8025-2e94534fd4b5 req-b4337aeb-2430-4bab-8025-2e94534fd4b5 ] Request (ServerShowV263Test:setUpClass): 201 POST http://10.180.1.21/identity/v3/projects 0.031s
2025-03-17 09:37:53.457 68722 INFO tempest.lib.common.rest_client [req-a1da593f-b582-41ed-9f1e-2caa663cfb6c req-a1da593f-b582-41ed-9f1e-2caa663cfb6c ] Request (AttachInterfacesUnderV243Test:test_add_remove_fixed_ip): 200 GET http://10.180.1.21/compute/v2.1/servers/ec6ae023-f376-4c2f-9d3d-31144b5b007e 0.050s
2025-03-17 09:37:53.478 68718 INFO tempest.lib.common.rest_client [req-ed18d72b-159b-42cc-afc2-65d6872a5ec0 req-ed18d72b-159b-42cc-afc2-65d6872a5ec0 ] Request (VolumesAssistedSnapshotsTest:test_volume_assisted_snapshot_create_delete): 204 DELETE http://10.180.1.21/compute/v2.1/os-assisted-volume-snapshots/None?delete_info=%7B%22volume_id%22%3A+%229c4f61f9-0fad-4b75-974f-c4dad23bc850%22%7D 0.068s
2025-03-17 09:37:53.481 68770 INFO tempest.lib.common.rest_client [req-620c6cd4-e4b5-4a9b-8250-25f49ca45ae6 req-620c6cd4-e4b5-4a9b-8250-25f49ca45ae6 ] Request (ImagesTestJSON:test_create_image_from_stopped_server): 200 GET http://10.180.1.21/compute/v2.1/servers/0ce27112-6779-453d-845a-eb7bd66c49f9 0.110s
2025-03-17 09:37:53.488 68724 INFO tempest.lib.common.rest_client [req-ff8c0641-95a0-4862-be50-67d49a9821c9 req-ff8c0641-95a0-4862-be50-67d49a9821c9 ] Request (ServerShowV263Test:setUpClass): 201 POST http://10.180.1.21/identity/v3/users 0.069s
2025-03-17 09:37:53.507 68718 INFO tempest.lib.common.rest_client [req-3e5901f3-8b9a-4bc0-9eba-c7e6f4a76191 req-3e5901f3-8b9a-4bc0-9eba-c7e6f4a76191 ] Request (VolumesAssistedSnapshotsTest:_run_cleanups): 200 GET http://10.180.1.21/volume/v3/volumes/9c4f61f9-0fad-4b75-974f-c4dad23bc850 0.029s
2025-03-17 09:37:53.510 68724 INFO tempest.lib.common.rest_client [req-32e80717-c15d-43c8-8299-ebdaa231d96f req-32e80717-c15d-43c8-8299-ebdaa231d96f ] Request (ServerShowV263Test:setUpClass): 200 GET http://10.180.1.21/identity/v3/roles 0.022s
2025-03-17 09:37:53.540 68724 INFO tempest.lib.common.rest_client [req-39cff322-5a68-44c4-9337-86fcdecbdec7 req-39cff322-5a68-44c4-9337-86fcdecbdec7 ] Request (ServerShowV263Test:setUpClass): 204 PUT http://10.180.1.21/identity/v3/projects/28e4f30eecce40e7ab2b00b91ef93e87/users/bfccd2006dc747d291e486ffe9744d65/roles/541f57a06cd348609b3ca5d058046afa 0.029s
2025-03-17 09:37:53.540 68724 INFO tempest.lib.common.dynamic_creds [-] Dynamic test user bfccd2006dc747d291e486ffe9744d65 is created with scope project and roles: ['member']
2025-03-17 09:37:53.540 68724 INFO tempest.lib.common.dynamic_creds [-] Acquired dynamic creds: credentials: Credentials: {'domain_id': 'default', 'domain_name': 'Default', 'username': 'tempest-ServerShowV263Test-1906544104-project-member', 'project_domain_id': 'default', 'project_domain_name': 'Default', 'project_id': '28e4f30eecce40e7ab2b00b91ef93e87', 'project_name': 'tempest-ServerShowV263Test-1906544104', 'tenant_id': '28e4f30eecce40e7ab2b00b91ef93e87', 'tenant_name': 'tempest-ServerShowV263Test-1906544104', 'user_domain_id': 'default', 'user_domain_name': 'Default', 'user_id': 'bfccd2006dc747d291e486ffe9744d65', 'system': None}, Network: None, Subnet: None, Router: None
2025-03-17 09:37:53.541 68724 INFO tempest.lib.common.dynamic_creds [-] Created isolated network resources for: credentials: Credentials: {'domain_id': 'default', 'domain_name': 'Default', 'username': 'tempest-ServerShowV263Test-1906544104-project-member', 'project_domain_id': 'default', 'project_domain_name': 'Default', 'project_id': '28e4f30eecce40e7ab2b00b91ef93e87', 'project_name': 'tempest-ServerShowV263Test-1906544104', 'tenant_id': '28e4f30eecce40e7ab2b00b91ef93e87', 'tenant_name': 'tempest-ServerShowV263Test-1906544104', 'user_domain_id': 'default', 'user_domain_name': 'Default', 'user_id': 'bfccd2006dc747d291e486ffe9744d65', 'system': None}, Network: None, Subnet: None, Router: None
2025-03-17 09:37:53.550 68744 INFO tempest.lib.common.rest_client [req-f7605c87-8f1d-4483-bbf3-39a5ad46ab1c req-f7605c87-8f1d-4483-bbf3-39a5ad46ab1c ] Request (DeleteServersAdminTestJSON:test_delete_server_while_in_error_state): 200 GET http://10.180.1.21/compute/v2.1/servers/03e4e020-511f-4d10-87a7-5e14a74cd77b 0.069s
2025-03-17 09:37:53.574 68728 INFO tempest.lib.common.rest_client [req-9d4afd21-cdcb-4af6-8479-d8c2403161e0 req-9d4afd21-cdcb-4af6-8479-d8c2403161e0 ] Request (ServersAdminNegativeTestJSON:tearDownClass): 404 GET http://10.180.1.21/compute/v2.1/servers/78c655a8-fc5e-462e-b7f0-6d17345654f7 0.053s
2025-03-17 09:37:53.617 68724 INFO tempest.lib.common.rest_client [req-729e5b14-52ca-48b7-b73f-2b9b60628f18 req-729e5b14-52ca-48b7-b73f-2b9b60628f18 ] Request (ServerShowV263Test:setUpClass): 201 POST http://10.180.1.21/identity/v3/auth/tokens 0.072s
2025-03-17 09:37:53.645 68762 INFO tempest.lib.common.rest_client [req-870727c5-2d13-4595-b3c5-4b056b34978b req-870727c5-2d13-4595-b3c5-4b056b34978b ] Request (ServerRescueTestJSONUnderV235:tearDownClass): 200 GET http://10.180.1.21/compute/v2.1/servers/e2c3bcf8-8270-4bf9-a599-ba2cc8311f5d 0.088s
2025-03-17 09:37:53.672 68724 INFO tempest.lib.common.rest_client [req-4333c40e-f70e-4c20-951d-161350c2eb00 req-4333c40e-f70e-4c20-951d-161350c2eb00 ] Request (ServerShowV263Test:setUpClass): 200 GET http://10.180.1.21/identity/v3/projects/28e4f30eecce40e7ab2b00b91ef93e87 0.055s
2025-03-17 09:37:53.673 68724 INFO tempest.lib.common.dynamic_creds [-] Using the existing project 28e4f30eecce40e7ab2b00b91ef93e87 for scope project and roles: ['reader']
2025-03-17 09:37:53.698 68724 INFO tempest.lib.common.rest_client [req-4867903e-d64e-4d07-b403-49cb9d6957e7 req-4867903e-d64e-4d07-b403-49cb9d6957e7 ] Request (ServerShowV263Test:setUpClass): 201 POST http://10.180.1.21/identity/v3/users 0.025s
2025-03-17 09:37:53.724 68728 INFO tempest.lib.common.rest_client [req-690ebeb8-1d05-47c5-96a6-1cb8a7410483 req-690ebeb8-1d05-47c5-96a6-1cb8a7410483 ] Request (ServersAdminNegativeTestJSON:tearDownClass): 204 DELETE http://10.180.1.21/compute/v2.1/servers/071bfe29-85ee-4aaa-99ea-0d81dc2de1a1 0.149s
2025-03-17 09:37:53.738 68724 INFO tempest.lib.common.rest_client [req-b1bec59e-87ce-465f-b9f3-c3eb82ad8197 req-b1bec59e-87ce-465f-b9f3-c3eb82ad8197 ] Request (ServerShowV263Test:setUpClass): 200 GET http://10.180.1.21/identity/v3/roles 0.039s
2025-03-17 09:37:53.771 68724 INFO tempest.lib.common.rest_client [req-e0139ff9-21ca-4ee4-8043-35697ad9f503 req-e0139ff9-21ca-4ee4-8043-35697ad9f503 ] Request (ServerShowV263Test:setUpClass): 204 PUT http://10.180.1.21/identity/v3/projects/28e4f30eecce40e7ab2b00b91ef93e87/users/3dd6b35d79a247aeb92717b584a7834a/roles/965e3500fdba42cb92ff6743e38e1a84 0.033s
2025-03-17 09:37:53.771 68724 INFO tempest.lib.common.dynamic_creds [-] Dynamic test user 3dd6b35d79a247aeb92717b584a7834a is created with scope project and roles: ['reader']
2025-03-17 09:37:53.772 68724 INFO tempest.lib.common.dynamic_creds [-] Acquired dynamic creds: credentials: Credentials: {'domain_id': 'default', 'domain_name': 'Default', 'username': 'tempest-ServerShowV263Test-1906544104-project-reader', 'project_domain_id': 'default', 'project_domain_name': 'Default', 'project_id': '28e4f30eecce40e7ab2b00b91ef93e87', 'project_name': 'tempest-ServerShowV263Test-1906544104', 'tenant_id': '28e4f30eecce40e7ab2b00b91ef93e87', 'tenant_name': 'tempest-ServerShowV263Test-1906544104', 'user_domain_id': 'default', 'user_domain_name': 'Default', 'user_id': '3dd6b35d79a247aeb92717b584a7834a', 'system': None}, Network: None, Subnet: None, Router: None
2025-03-17 09:37:53.772 68724 INFO tempest.lib.common.dynamic_creds [-] Network resources are not created for requested scope: project and credentials: Credentials: {'domain_id': 'default', 'domain_name': 'Default', 'username': 'tempest-ServerShowV263Test-1906544104-project-reader', 'project_domain_id': 'default', 'project_domain_name': 'Default', 'project_id': '28e4f30eecce40e7ab2b00b91ef93e87', 'project_name': 'tempest-ServerShowV263Test-1906544104', 'tenant_id': '28e4f30eecce40e7ab2b00b91ef93e87', 'tenant_name': 'tempest-ServerShowV263Test-1906544104', 'user_domain_id': 'default', 'user_domain_name': 'Default', 'user_id': '3dd6b35d79a247aeb92717b584a7834a', 'system': None}, Network: None, Subnet: None, Router: None
2025-03-17 09:37:53.796 68736 INFO tempest.lib.common.rest_client [req-c33385a0-b8b6-47ce-9221-437cc81a37a8 req-c33385a0-b8b6-47ce-9221-437cc81a37a8 ] Request (ServersListShow298Test:test_list_show_update_rebuild_server_298): 200 GET http://10.180.1.21/compute/v2.1/servers/69f2e7b4-4673-4707-87e3-e40032f09a10 0.198s
2025-03-17 09:37:53.839 68724 INFO tempest.lib.common.rest_client [req-6ab41241-fcfe-42fb-8d01-90e1417e2475 req-6ab41241-fcfe-42fb-8d01-90e1417e2475 ] Request (ServerShowV263Test:setUpClass): 201 POST http://10.180.1.21/identity/v3/auth/tokens 0.065s
2025-03-17 09:37:53.844 68750 INFO tempest.lib.common.rest_client [req-d1a7b76f-7bff-4f3c-a3f4-231b019b51ef req-d1a7b76f-7bff-4f3c-a3f4-231b019b51ef ] Request (ServerGroupTestJSON:test_create_server_with_scheduler_hint_group): 200 GET http://10.180.1.21/compute/v2.1/servers/899fb4f5-ddf8-4295-8abe-99669680d1d2 0.219s
2025-03-17 09:37:53.877 68718 INFO tempest.lib.common.rest_client [req-dd556971-edde-4375-9a26-5ceffddb15b2 req-dd556971-edde-4375-9a26-5ceffddb15b2 ] Request (VolumesAssistedSnapshotsTest:_run_cleanups): 202 DELETE http://10.180.1.21/compute/v2.1/servers/669b4866-63c3-4467-bd68-478e604042c1/os-volume_attachments/9c4f61f9-0fad-4b75-974f-c4dad23bc850 0.363s
2025-03-17 09:37:53.896 68748 INFO tempest.lib.common.rest_client [req-3a3945bf-1624-48b5-9647-93b23531458a req-3a3945bf-1624-48b5-9647-93b23531458a ] Request (ServersTestManualDisk:setUpClass): 200 GET http://10.180.1.21/compute/v2.1/servers/4874b0c8-bcd3-4eca-a82f-f76539d141bb 0.230s
2025-03-17 09:37:53.939 68724 INFO tempest.lib.common.rest_client [req-8f7362a9-42bf-414b-9ade-ca931b2536f3 req-8f7362a9-42bf-414b-9ade-ca931b2536f3 ] Request (ServerShowV263Test:tearDownClass): 204 DELETE http://10.180.1.21/identity/v3/users/bfccd2006dc747d291e486ffe9744d65 0.098s
2025-03-17 09:37:53.947 68726 INFO tempest.lib.common.rest_client [req-3d4ffe19-8fe3-4de1-bbc2-1d435386bd0e req-3d4ffe19-8fe3-4de1-bbc2-1d435386bd0e ] Request (ServersAaction247Test:test_create_backup): 200 GET http://10.180.1.21/compute/v2.1/servers/9158ca40-77ed-46cc-9e18-701703d52463 0.214s
2025-03-17 09:37:54.008 68768 INFO tempest.lib.common.rest_client [req-72921195-e046-4a19-abcb-3ea2f07030e6 req-72921195-e046-4a19-abcb-3ea2f07030e6 ] Request (InstanceActionsV221TestJSON:test_get_list_deleted_instance_actions): 200 GET http://10.180.1.21/compute/v2.1/servers/f2771b69-6f75-4311-a727-ce7261fe1cf5 0.262s
2025-03-17 09:37:54.028 68728 INFO tempest.lib.common.rest_client [req-02e3766d-d31a-42d0-a020-9fbbd3f8d3f0 req-02e3766d-d31a-42d0-a020-9fbbd3f8d3f0 ] Request (ServersAdminNegativeTestJSON:tearDownClass): 200 GET http://10.180.1.21/compute/v2.1/servers/071bfe29-85ee-4aaa-99ea-0d81dc2de1a1 0.303s
2025-03-17 09:37:54.048 68724 INFO tempest.lib.common.rest_client [req-1560a864-0ad8-42a6-b0b7-18a1bf36889d req-1560a864-0ad8-42a6-b0b7-18a1bf36889d ] Request (ServerShowV263Test:tearDownClass): 204 DELETE http://10.180.1.21/identity/v3/users/3dd6b35d79a247aeb92717b584a7834a 0.108s
2025-03-17 09:37:54.048 68724 INFO tempest.lib.common.dynamic_creds [-] Deleting project and security group for project: 28e4f30eecce40e7ab2b00b91ef93e87
2025-03-17 09:37:54.059 68740 INFO tempest.lib.common.rest_client [req-b1aff8dc-cab8-4a74-8abb-1b40dac564cf req-b1aff8dc-cab8-4a74-8abb-1b40dac564cf ] Request (SecurityGroupsTestJSON:test_list_security_groups_by_server): 200 GET http://10.180.1.21/compute/v2.1/servers/09d2b78c-7aab-4af8-b794-8381516c89b8 0.284s
2025-03-17 09:37:54.091 68718 INFO tempest.lib.common.rest_client [req-4ccde44c-e6a4-469e-9019-4ddb90a1fa39 req-4ccde44c-e6a4-469e-9019-4ddb90a1fa39 ] Request (VolumesAssistedSnapshotsTest:_run_cleanups): 200 GET http://10.180.1.21/compute/v2.1/servers/669b4866-63c3-4467-bd68-478e604042c1/os-volume_attachments 0.213s
2025-03-17 09:37:54.091 68720 INFO tempest.lib.common.rest_client [req-22066b3b-bf71-403e-8b32-fb708056e669 req-22066b3b-bf71-403e-8b32-fb708056e669 ] Request (FloatingIPsAssociationTestJSON:tearDownClass): 200 GET http://10.180.1.21/compute/v2.1/servers/39cf4eea-900e-4211-9afe-ae2735af2661 0.259s
2025-03-17 09:37:54.131 68724 INFO tempest.lib.common.rest_client [req-f38f8bd0-a95f-4acd-af20-b8a0ad6f6fbc req-f38f8bd0-a95f-4acd-af20-b8a0ad6f6fbc ] Request (ServerShowV263Test:tearDownClass): 201 POST http://10.180.1.21/identity/v3/auth/tokens 0.082s
2025-03-17 09:37:54.155 68758 INFO tempest.lib.common.rest_client [req-4a7fabea-6123-4cbe-b051-5eef1e4bcad8 req-4a7fabea-6123-4cbe-b051-5eef1e4bcad8 ] Request (ServerTagsTestJSON:setUpClass): 200 GET http://10.180.1.21/compute/v2.1/servers/14ea71d3-251f-4b36-a4dc-b23750b7e83b 0.221s
2025-03-17 09:37:54.207 68716 INFO tempest.lib.common.rest_client [req-78b12188-da86-4f7a-b08b-f987dcb5fe14 req-78b12188-da86-4f7a-b08b-f987dcb5fe14 ] Request (ServersAdminTestJSON:test_create_server_with_scheduling_hint): 200 GET http://10.180.1.21/compute/v2.1/servers/eb194a52-be98-458f-aae2-60d43617fd1b 0.191s
2025-03-17 09:37:54.224 68734 INFO tempest.lib.common.rest_client [req-e213e1d3-02fd-428f-8204-bfcadac5f515 req-e213e1d3-02fd-428f-8204-bfcadac5f515 ] Request (ServerActionsTestOtherA:setUpClass): 200 GET http://10.180.1.21/compute/v2.1/servers/d6b19435-f7df-4b89-b0b1-b147ff8d8f64 0.255s
2025-03-17 09:37:54.274 68710 INFO tempest.lib.common.rest_client [req-abacb794-f481-4658-b547-3452ea4ef151 req-abacb794-f481-4658-b547-3452ea4ef151 ] Request (MigrationsAdminTest:test_resize_server_revert_deleted_flavor): 200 GET http://10.180.1.21/compute/v2.1/servers/3ebfcb0d-4fd5-4d7f-9caa-c2e47886a0ef 0.215s
2025-03-17 09:37:54.315 68724 INFO tempest.lib.common.rest_client [req-6ba565be-a07d-4b1b-b7ab-e383bf237dfb req-6ba565be-a07d-4b1b-b7ab-e383bf237dfb ] Request (ServerShowV263Test:tearDownClass): 200 GET http://10.180.1.21:9696/networking/v2.0/security-groups?tenant_id=28e4f30eecce40e7ab2b00b91ef93e87&name=default 0.184s
2025-03-17 09:37:54.329 68708 INFO tempest.lib.common.rest_client [req-a5bf2cce-cf76-4452-84db-e20ac0fcf42e req-a5bf2cce-cf76-4452-84db-e20ac0fcf42e ] Request (DeleteServersTestJSON:test_delete_server_while_in_attached_volume): 200 GET http://10.180.1.21/compute/v2.1/servers/e13a7461-a57f-4cd6-86e2-f7a513b0c5a0 0.220s
2025-03-17 09:37:54.336 68746 INFO tempest.lib.common.rest_client [req-a55addbe-786f-422d-8fd8-18b3ed313fc6 req-a55addbe-786f-422d-8fd8-18b3ed313fc6 ] Request (ListServerFiltersTestJSON:test_list_servers_filter_by_shutoff_status): 200 GET http://10.180.1.21/compute/v2.1/servers/6e3dde6e-00a4-465d-bf1f-5bd1ab28761d 0.285s
2025-03-17 09:37:54.344 68746 INFO tempest.common.waiters [-] State transition "ACTIVE/powering-off" ==> "SHUTOFF/None" after 3 second wait
2025-03-17 09:37:54.381 68766 INFO tempest.lib.common.rest_client [req-8db4bd37-272e-48fc-82da-98d92ed3c78a req-8db4bd37-272e-48fc-82da-98d92ed3c78a ] Request (ImagesNegativeTestJSON:test_create_image_from_deleted_server): 200 GET http://10.180.1.21/compute/v2.1/servers/6ab608b6-6828-46a0-a62a-ac56156c4be3 0.246s
2025-03-17 09:37:54.392 68738 INFO tempest.lib.common.rest_client [req-c406fe50-1a99-4414-ba15-8a51a70d26a9 req-c406fe50-1a99-4414-ba15-8a51a70d26a9 ] Request (ServersTestMultiNic:test_verify_duplicate_network_nics): 200 GET http://10.180.1.21/compute/v2.1/servers/954b77db-199c-4472-a489-e6b57ac2af67 0.232s
2025-03-17 09:37:54.418 68724 INFO tempest.lib.common.rest_client [req-9b639b5f-6a6f-4be6-953f-a09fe68ab8a8 req-9b639b5f-6a6f-4be6-953f-a09fe68ab8a8 ] Request (ServerShowV263Test:tearDownClass): 204 DELETE http://10.180.1.21:9696/networking/v2.0/security-groups/7ce717d0-888c-47d2-ae9a-04387d1587b0 0.102s
2025-03-17 09:37:54.434 68756 INFO tempest.lib.common.rest_client [req-a1087c4e-f58d-4170-bcfc-8b87f5095577 req-a1087c4e-f58d-4170-bcfc-8b87f5095577 ] Request (MultipleCreateTestJSON:test_multiple_create_with_reservation_return): 200 GET http://10.180.1.21/compute/v2.1/servers/7cf7d50a-e2f5-4288-8120-0f73e85bb66a 0.253s
2025-03-17 09:37:54.451 68742 INFO tempest.lib.common.rest_client [req-a5ada023-17e5-45f9-8b95-30dd17d5835d req-a5ada023-17e5-45f9-8b95-30dd17d5835d ] Request (ServersTestBootFromVolume:setUpClass): 200 GET http://10.180.1.21/compute/v2.1/servers/22c69ccb-39b6-411a-bed9-03c7555aaeff 0.236s
2025-03-17 09:37:54.488 68724 INFO tempest.lib.common.rest_client [req-2674226e-894b-479f-a5c3-537dc9b961dd req-2674226e-894b-479f-a5c3-537dc9b961dd ] Request (ServerShowV263Test:tearDownClass): 204 DELETE http://10.180.1.21/identity/v3/projects/28e4f30eecce40e7ab2b00b91ef93e87 0.069s
2025-03-17 09:37:54.495 68714 INFO tempest.lib.common.rest_client [req-0f771749-df63-42f7-bffa-c37d60cb5874 req-0f771749-df63-42f7-bffa-c37d60cb5874 ] Request (ListImageFiltersTestJSON:tearDownClass): 200 GET http://10.180.1.21/compute/v2.1/servers/828732f1-e0d2-4e9c-83f1-7f43892ba7be 0.257s
2025-03-17 09:37:54.548 68746 INFO tempest.lib.common.rest_client [req-75be6c91-409b-47ff-97cc-8468da5ba053 req-75be6c91-409b-47ff-97cc-8468da5ba053 ] Request (ListServerFiltersTestJSON:test_list_servers_filter_by_shutoff_status): 200 GET http://10.180.1.21/compute/v2.1/servers?status=shutoff 0.203s
2025-03-17 09:37:54.548 68724 INFO tempest.lib.common.rest_client [req-f70c4f11-03c6-48d0-b991-fc6bc89af311 req-f70c4f11-03c6-48d0-b991-fc6bc89af311 ] Request (ServersNegativeTestJSON:setUpClass): 201 POST http://10.180.1.21/identity/v3/auth/tokens 0.055s
2025-03-17 09:37:54.569 68722 INFO tempest.lib.common.rest_client [req-89d84569-5417-4aae-bcab-fa715fc9f08f req-89d84569-5417-4aae-bcab-fa715fc9f08f ] Request (AttachInterfacesUnderV243Test:test_add_remove_fixed_ip): 200 GET http://10.180.1.21/compute/v2.1/servers/ec6ae023-f376-4c2f-9d3d-31144b5b007e 0.102s
2025-03-17 09:37:54.581 68724 INFO tempest.lib.common.rest_client [req-10cde849-b660-4740-85b8-4c1ac9c0f805 req-10cde849-b660-4740-85b8-4c1ac9c0f805 ] Request (ServersNegativeTestJSON:setUpClass): 201 POST http://10.180.1.21/identity/v3/auth/tokens 0.027s
2025-03-17 09:37:54.605 68724 INFO tempest.lib.common.rest_client [req-3131157d-d00c-4c97-beaf-ee3a5bd6c4c0 req-3131157d-d00c-4c97-beaf-ee3a5bd6c4c0 ] Request (ServersNegativeTestJSON:setUpClass): 200 GET http://10.180.1.21/identity/v3/domains?name=Default 0.023s
2025-03-17 09:37:54.635 68724 INFO tempest.lib.common.rest_client [req-fdb7f514-e7df-4fca-b677-c6c7224d7e9a req-fdb7f514-e7df-4fca-b677-c6c7224d7e9a ] Request (ServersNegativeTestJSON:setUpClass): 201 POST http://10.180.1.21/identity/v3/projects 0.029s
2025-03-17 09:37:54.651 68746 INFO tempest.lib.common.rest_client [req-8ca2caa8-7391-4695-9c63-a2aeeaa31e54 req-8ca2caa8-7391-4695-9c63-a2aeeaa31e54 ] Request (ListServerFiltersTestJSON:test_list_servers_filter_by_shutoff_status): 202 POST http://10.180.1.21/compute/v2.1/servers/6e3dde6e-00a4-465d-bf1f-5bd1ab28761d/action 0.101s
2025-03-17 09:37:54.653 68770 INFO tempest.lib.common.rest_client [req-26e896be-226e-4f1d-ae44-7f0377eb750f req-26e896be-226e-4f1d-ae44-7f0377eb750f ] Request (ImagesTestJSON:test_create_image_from_stopped_server): 200 GET http://10.180.1.21/compute/v2.1/servers/0ce27112-6779-453d-845a-eb7bd66c49f9 0.165s
2025-03-17 09:37:54.707 68744 INFO tempest.lib.common.rest_client [req-bd08cafd-051c-4218-a14b-8a0aefe77dbb req-bd08cafd-051c-4218-a14b-8a0aefe77dbb ] Request (DeleteServersAdminTestJSON:test_delete_server_while_in_error_state): 200 GET http://10.180.1.21/compute/v2.1/servers/03e4e020-511f-4d10-87a7-5e14a74cd77b 0.147s
2025-03-17 09:37:54.722 68724 INFO tempest.lib.common.rest_client [req-b7a74890-acb6-4a65-a781-3d1e57fa06fe req-b7a74890-acb6-4a65-a781-3d1e57fa06fe ] Request (ServersNegativeTestJSON:setUpClass): 201 POST http://10.180.1.21/identity/v3/users 0.086s
2025-03-17 09:37:54.748 68724 INFO tempest.lib.common.rest_client [req-ca2fe790-8e1d-4b73-ac00-2796bfd1ceea req-ca2fe790-8e1d-4b73-ac00-2796bfd1ceea ] Request (ServersNegativeTestJSON:setUpClass): 200 GET http://10.180.1.21/identity/v3/roles 0.025s
2025-03-17 09:37:54.762 68746 INFO tempest.lib.common.rest_client [req-a620893d-9967-48cb-9b9f-999a0a3a7cc9 req-a620893d-9967-48cb-9b9f-999a0a3a7cc9 ] Request (ListServerFiltersTestJSON:test_list_servers_filter_by_shutoff_status): 200 GET http://10.180.1.21/compute/v2.1/servers/6e3dde6e-00a4-465d-bf1f-5bd1ab28761d 0.111s
2025-03-17 09:37:54.766 68762 INFO tempest.lib.common.rest_client [req-39af15b3-be8f-437b-8d3d-0ce63d53bb9d req-39af15b3-be8f-437b-8d3d-0ce63d53bb9d ] Request (ServerRescueTestJSONUnderV235:tearDownClass): 200 GET http://10.180.1.21/compute/v2.1/servers/e2c3bcf8-8270-4bf9-a599-ba2cc8311f5d 0.113s
2025-03-17 09:37:54.776 68724 INFO tempest.lib.common.rest_client [req-56d7ccf6-7f0a-4d9f-b810-4cb3838207a9 req-56d7ccf6-7f0a-4d9f-b810-4cb3838207a9 ] Request (ServersNegativeTestJSON:setUpClass): 204 PUT http://10.180.1.21/identity/v3/projects/baa91632df62443f90f1bd59cb669f91/users/aff49021f54e4e47829c854bd8ad765e/roles/541f57a06cd348609b3ca5d058046afa 0.028s
2025-03-17 09:37:54.777 68724 INFO tempest.lib.common.dynamic_creds [-] Dynamic test user aff49021f54e4e47829c854bd8ad765e is created with scope project and roles: ['member']
2025-03-17 09:37:54.777 68724 INFO tempest.lib.common.dynamic_creds [-] Acquired dynamic creds: credentials: Credentials: {'domain_id': 'default', 'domain_name': 'Default', 'username': 'tempest-ServersNegativeTestJSON-1153463135-project-member', 'project_domain_id': 'default', 'project_domain_name': 'Default', 'project_id': 'baa91632df62443f90f1bd59cb669f91', 'project_name': 'tempest-ServersNegativeTestJSON-1153463135', 'tenant_id': 'baa91632df62443f90f1bd59cb669f91', 'tenant_name': 'tempest-ServersNegativeTestJSON-1153463135', 'user_domain_id': 'default', 'user_domain_name': 'Default', 'user_id': 'aff49021f54e4e47829c854bd8ad765e', 'system': None}, Network: None, Subnet: None, Router: None
2025-03-17 09:37:54.841 68724 INFO tempest.lib.common.rest_client [req-bf234eeb-e484-4407-b5fe-4ba9882f78eb req-bf234eeb-e484-4407-b5fe-4ba9882f78eb ] Request (ServersNegativeTestJSON:setUpClass): 201 POST http://10.180.1.21/identity/v3/auth/tokens 0.064s
2025-03-17 09:37:54.879 68736 INFO tempest.lib.common.rest_client [req-fd5e62a4-7ace-4f3e-ae59-df8548d21e5b req-fd5e62a4-7ace-4f3e-ae59-df8548d21e5b ] Request (ServersListShow298Test:test_list_show_update_rebuild_server_298): 200 GET http://10.180.1.21/compute/v2.1/servers/69f2e7b4-4673-4707-87e3-e40032f09a10 0.069s
2025-03-17 09:37:54.912 68750 INFO tempest.lib.common.rest_client [req-862cc6b2-c12e-491b-acf6-f57156b26f6d req-862cc6b2-c12e-491b-acf6-f57156b26f6d ] Request (ServerGroupTestJSON:test_create_server_with_scheduler_hint_group): 200 GET http://10.180.1.21/compute/v2.1/servers/899fb4f5-ddf8-4295-8abe-99669680d1d2 0.059s
2025-03-17 09:37:54.968 68748 INFO tempest.lib.common.rest_client [req-b2a3ae7b-759e-49d3-947d-592c6dc78f96 req-b2a3ae7b-759e-49d3-947d-592c6dc78f96 ] Request (ServersTestManualDisk:setUpClass): 200 GET http://10.180.1.21/compute/v2.1/servers/4874b0c8-bcd3-4eca-a82f-f76539d141bb 0.063s
2025-03-17 09:37:55.039 68726 INFO tempest.lib.common.rest_client [req-b17af6fa-e600-4e50-9284-986e0d510ed7 req-b17af6fa-e600-4e50-9284-986e0d510ed7 ] Request (ServersAaction247Test:test_create_backup): 200 GET http://10.180.1.21/compute/v2.1/servers/9158ca40-77ed-46cc-9e18-701703d52463 0.081s
2025-03-17 09:37:55.097 68768 INFO tempest.lib.common.rest_client [req-db8d959c-f007-4f58-97ff-69fc636e5330 req-db8d959c-f007-4f58-97ff-69fc636e5330 ] Request (InstanceActionsV221TestJSON:test_get_list_deleted_instance_actions): 200 GET http://10.180.1.21/compute/v2.1/servers/f2771b69-6f75-4311-a727-ce7261fe1cf5 0.079s
2025-03-17 09:37:55.159 68724 INFO tempest.lib.common.rest_client [req-3d73e99d-cd8e-45fe-b8c1-116c5ca2ac1e req-3d73e99d-cd8e-45fe-b8c1-116c5ca2ac1e ] Request (ServersNegativeTestJSON:setUpClass): 201 POST http://10.180.1.21:9696/networking/v2.0/networks 0.317s
2025-03-17 09:37:55.187 68740 INFO tempest.lib.common.rest_client [req-28b58281-7702-4f09-ab1e-5b05eff79540 req-28b58281-7702-4f09-ab1e-5b05eff79540 ] Request (SecurityGroupsTestJSON:test_list_security_groups_by_server): 200 GET http://10.180.1.21/compute/v2.1/servers/09d2b78c-7aab-4af8-b794-8381516c89b8 0.116s
2025-03-17 09:37:55.225 68718 INFO tempest.lib.common.rest_client [req-c541286b-f5b2-4d46-8477-091ecd86d6ef req-c541286b-f5b2-4d46-8477-091ecd86d6ef ] Request (VolumesAssistedSnapshotsTest:_run_cleanups): 200 GET http://10.180.1.21/compute/v2.1/servers/669b4866-63c3-4467-bd68-478e604042c1/os-volume_attachments 0.132s
2025-03-17 09:37:55.285 68728 INFO tempest.lib.common.rest_client [req-31d11a02-44b0-4d69-914a-7e2c726b4707 req-31d11a02-44b0-4d69-914a-7e2c726b4707 ] Request (ServersAdminNegativeTestJSON:tearDownClass): 200 GET http://10.180.1.21/compute/v2.1/servers/071bfe29-85ee-4aaa-99ea-0d81dc2de1a1 0.248s
2025-03-17 09:37:55.312 68720 INFO tempest.lib.common.rest_client [req-22b9d042-833c-4abf-a07a-1b728516efbb req-22b9d042-833c-4abf-a07a-1b728516efbb ] Request (FloatingIPsAssociationTestJSON:tearDownClass): 200 GET http://10.180.1.21/compute/v2.1/servers/39cf4eea-900e-4211-9afe-ae2735af2661 0.212s
