2025-03-17 09:35:41.836 68740 INFO tempest.lib.common.rest_client [req-3b870c84-cc77-418f-b6e7-0b327b052f65 req-3b870c84-cc77-418f-b6e7-0b327b052f65 ] Request (HypervisorAdminNegativeTestJSON:setUpClass): 201 POST http://10.180.1.21/identity/v3/projects 0.277s
2025-03-17 09:35:41.839 68736 INFO tempest.lib.common.rest_client [req-83accf46-0c3a-4f94-9255-7c55629bca62 req-83accf46-0c3a-4f94-9255-7c55629bca62 ] Request (ServerDiagnosticsTest:test_get_server_diagnostics): 200 GET http://10.180.1.21/compute/v2.1/servers/7eea385c-cd21-4229-84ca-60ebfaa72460 1.565s
2025-03-17 09:35:41.853 68750 INFO tempest.lib.common.rest_client [req-297b676b-141b-423f-8867-2168b862a61c req-297b676b-141b-423f-8867-2168b862a61c ] Request (QuotasAdminTestJSON:test_delete_quota): 202 DELETE http://10.180.1.21/compute/v2.1/os-quota-sets/1dbecc78952e43ab99606616f99c69d8 1.500s
2025-03-17 09:35:41.897 68742 INFO tempest.lib.common.rest_client [req-10809a7b-3922-4046-af70-008264b1811f req-10809a7b-3922-4046-af70-008264b1811f ] Request (SecurityGroupsTestAdminJSON:setUpClass): 204 PUT http://10.180.1.21/identity/v3/projects/1d7e41be93204aa4b6180344bbaea6b1/users/b59099b5f68840d69f97fd328bf1e8c2/roles/48e2c7b905c44c82984fe46f9be4a826 0.317s
2025-03-17 09:35:41.897 68742 INFO tempest.lib.common.dynamic_creds [-] Dynamic test user b59099b5f68840d69f97fd328bf1e8c2 is created with scope project and roles: ['admin']
2025-03-17 09:35:41.897 68742 INFO tempest.lib.common.dynamic_creds [-] Acquired dynamic creds: credentials: Credentials: {'domain_id': 'default', 'domain_name': 'Default', 'username': 'tempest-SecurityGroupsTestAdminJSON-760805986-project-admin', 'project_domain_id': 'default', 'project_domain_name': 'Default', 'project_id': '1d7e41be93204aa4b6180344bbaea6b1', 'project_name': 'tempest-SecurityGroupsTestAdminJSON-760805986', 'tenant_id': '1d7e41be93204aa4b6180344bbaea6b1', 'tenant_name': 'tempest-SecurityGroupsTestAdminJSON-760805986', 'user_domain_id': 'default', 'user_domain_name': 'Default', 'user_id': 'b59099b5f68840d69f97fd328bf1e8c2', 'system': None}, Network: None, Subnet: None, Router: None
2025-03-17 09:35:41.897 68742 INFO tempest.lib.common.dynamic_creds [-] Created isolated network resources for: credentials: Credentials: {'domain_id': 'default', 'domain_name': 'Default', 'username': 'tempest-SecurityGroupsTestAdminJSON-760805986-project-admin', 'project_domain_id': 'default', 'project_domain_name': 'Default', 'project_id': '1d7e41be93204aa4b6180344bbaea6b1', 'project_name': 'tempest-SecurityGroupsTestAdminJSON-760805986', 'tenant_id': '1d7e41be93204aa4b6180344bbaea6b1', 'tenant_name': 'tempest-SecurityGroupsTestAdminJSON-760805986', 'user_domain_id': 'default', 'user_domain_name': 'Default', 'user_id': 'b59099b5f68840d69f97fd328bf1e8c2', 'system': None}, Network: None, Subnet: None, Router: None
2025-03-17 09:35:41.960 68762 INFO tempest.lib.common.rest_client [req-0c746dbe-092b-449b-b266-87c6506dc7ef req-0c746dbe-092b-449b-b266-87c6506dc7ef ] Request (ImagesMetadataTestJSON:setUpClass): 201 POST http://10.180.1.21/image/v2/images 2.017s
2025-03-17 09:35:41.996 68766 INFO tempest.lib.common.rest_client [req-34510816-47b7-4b20-901f-7459c926ffe2 req-34510816-47b7-4b20-901f-7459c926ffe2 ] Request (QuotasAdminNegativeTest:setUpClass): 201 POST http://10.180.1.21/identity/v3/auth/tokens 0.370s
2025-03-17 09:35:42.059 68726 INFO tempest.lib.common.rest_client [req-90d7c05d-3dc8-49dc-9a3a-05e73c210a49 req-90d7c05d-3dc8-49dc-9a3a-05e73c210a49 ] Request (InstanceActionsTestJSON:setUpClass): 200 GET http://10.180.1.21/identity/v3/roles 0.314s
2025-03-17 09:35:42.065 68728 INFO tempest.lib.common.rest_client [req-d426983d-8bd8-4503-aa7b-ffd2c686643d req-d426983d-8bd8-4503-aa7b-ffd2c686643d ] Request (ServersAdminNegativeTestJSON:setUpClass): 201 POST http://10.180.1.21/identity/v3/projects 0.383s
2025-03-17 09:35:42.125 68708 INFO tempest.lib.common.rest_client [req-a112f38f-da98-401f-9509-12e987cac0c9 req-a112f38f-da98-401f-9509-12e987cac0c9 ] Request (QuotasSecurityGroupAdminNegativeTest:setUpClass): 204 PUT http://10.180.1.21/identity/v3/projects/4a9dd762a0d041888999767f01edb86f/users/d7718dfbd3064e8aa2053926662fa513/roles/48e2c7b905c44c82984fe46f9be4a826 0.360s
2025-03-17 09:35:42.126 68708 INFO tempest.lib.common.dynamic_creds [-] Dynamic test user d7718dfbd3064e8aa2053926662fa513 is created with scope project and roles: ['admin']
2025-03-17 09:35:42.126 68708 INFO tempest.lib.common.dynamic_creds [-] Acquired dynamic creds: credentials: Credentials: {'domain_id': 'default', 'domain_name': 'Default', 'username': 'tempest-QuotasSecurityGroupAdminNegativeTest-1075929492-project-admin', 'project_domain_id': 'default', 'project_domain_name': 'Default', 'project_id': '4a9dd762a0d041888999767f01edb86f', 'project_name': 'tempest-QuotasSecurityGroupAdminNegativeTest-1075929492', 'tenant_id': '4a9dd762a0d041888999767f01edb86f', 'tenant_name': 'tempest-QuotasSecurityGroupAdminNegativeTest-1075929492', 'user_domain_id': 'default', 'user_domain_name': 'Default', 'user_id': 'd7718dfbd3064e8aa2053926662fa513', 'system': None}, Network: None, Subnet: None, Router: None
2025-03-17 09:35:42.126 68708 INFO tempest.lib.common.dynamic_creds [-] Created isolated network resources for: credentials: Credentials: {'domain_id': 'default', 'domain_name': 'Default', 'username': 'tempest-QuotasSecurityGroupAdminNegativeTest-1075929492-project-admin', 'project_domain_id': 'default', 'project_domain_name': 'Default', 'project_id': '4a9dd762a0d041888999767f01edb86f', 'project_name': 'tempest-QuotasSecurityGroupAdminNegativeTest-1075929492', 'tenant_id': '4a9dd762a0d041888999767f01edb86f', 'tenant_name': 'tempest-QuotasSecurityGroupAdminNegativeTest-1075929492', 'user_domain_id': 'default', 'user_domain_name': 'Default', 'user_id': 'd7718dfbd3064e8aa2053926662fa513', 'system': None}, Network: None, Subnet: None, Router: None
2025-03-17 09:35:42.130 68756 INFO tempest.lib.common.rest_client [req-e013de70-df86-4cd3-897e-fb088566da2a req-e013de70-df86-4cd3-897e-fb088566da2a ] Request (MultipleCreateTestJSON:setUpClass): 200 GET http://10.180.1.21/identity/v3/roles 0.367s
2025-03-17 09:35:42.191 68732 INFO tempest.lib.common.rest_client [req-c7d4a553-f342-4790-8169-0a65dafb1c9d req-c7d4a553-f342-4790-8169-0a65dafb1c9d ] Request (VolumesAdminNegativeTest:setUpClass): 204 PUT http://10.180.1.21/identity/v3/projects/b8f297ca4786486785ba0d4a8fe41528/users/94d4a8fd06c14e79a862439418b61103/roles/541f57a06cd348609b3ca5d058046afa 0.409s
2025-03-17 09:35:42.191 68732 INFO tempest.lib.common.dynamic_creds [-] Dynamic test user 94d4a8fd06c14e79a862439418b61103 is created with scope project and roles: ['member']
2025-03-17 09:35:42.192 68732 INFO tempest.lib.common.dynamic_creds [-] Acquired dynamic creds: credentials: Credentials: {'domain_id': 'default', 'domain_name': 'Default', 'username': 'tempest-VolumesAdminNegativeTest-1006247280-project-member', 'project_domain_id': 'default', 'project_domain_name': 'Default', 'project_id': 'b8f297ca4786486785ba0d4a8fe41528', 'project_name': 'tempest-VolumesAdminNegativeTest-1006247280', 'tenant_id': 'b8f297ca4786486785ba0d4a8fe41528', 'tenant_name': 'tempest-VolumesAdminNegativeTest-1006247280', 'user_domain_id': 'default', 'user_domain_name': 'Default', 'user_id': '94d4a8fd06c14e79a862439418b61103', 'system': None}, Network: None, Subnet: None, Router: None
2025-03-17 09:35:42.231 68764 INFO tempest.lib.common.rest_client [req-b18e2dee-8cf0-488b-b080-cc5299e05b55 req-b18e2dee-8cf0-488b-b080-cc5299e05b55 ] Request (VolumesSnapshotsTestJSON:test_volume_snapshot_create_get_list_delete): 200 POST http://10.180.1.21/compute/v2.1/os-volumes 2.209s
2025-03-17 09:35:42.256 68714 INFO tempest.lib.common.rest_client [req-10117883-94af-4154-adf5-bd1319f2ff75 req-10117883-94af-4154-adf5-bd1319f2ff75 ] Request (ListImageFiltersTestJSON:setUpClass): 201 POST http://10.180.1.21/image/v2/images 1.700s
2025-03-17 09:35:42.288 68740 INFO tempest.lib.common.rest_client [req-1268311d-70fc-414b-a1b6-5282f57d2266 req-1268311d-70fc-414b-a1b6-5282f57d2266 ] Request (HypervisorAdminNegativeTestJSON:setUpClass): 201 POST http://10.180.1.21/identity/v3/users 0.452s
2025-03-17 09:35:42.356 68766 INFO tempest.lib.common.rest_client [req-14bd6cc7-38cc-44e0-ab38-5115f58f01b4 req-14bd6cc7-38cc-44e0-ab38-5115f58f01b4 ] Request (QuotasAdminNegativeTest:setUpClass): 201 POST http://10.180.1.21/identity/v3/projects 0.359s
2025-03-17 09:35:42.376 68742 INFO tempest.lib.common.rest_client [req-06d23a4d-460e-4a27-96db-e170940cad70 req-06d23a4d-460e-4a27-96db-e170940cad70 ] Request (SecurityGroupsTestAdminJSON:setUpClass): 201 POST http://10.180.1.21/identity/v3/auth/tokens 0.476s
2025-03-17 09:35:42.383 68724 INFO tempest.lib.common.rest_client [req-c6da9cf9-b4bf-4911-b506-11b63f58de89 req-c6da9cf9-b4bf-4911-b506-11b63f58de89 ] Request (AggregatesAdminNegativeTestJSON:test_aggregate_remove_nonexistent_host): 200 POST http://10.180.1.21/compute/v2.1/os-aggregates 1.720s
2025-03-17 09:35:42.409 68734 INFO tempest.lib.common.rest_client [req-66172962-a912-44ab-bc8e-bb9abba16f93 req-66172962-a912-44ab-bc8e-bb9abba16f93 ] Request (FlavorsAdminTestJSON:test_is_public_string_variations): 200 POST http://10.180.1.21/compute/v2.1/flavors 1.711s
2025-03-17 09:35:42.425 68726 INFO tempest.lib.common.rest_client [req-4f650776-a8fa-4f1e-9eb8-76e2322c2f14 req-4f650776-a8fa-4f1e-9eb8-76e2322c2f14 ] Request (InstanceActionsTestJSON:setUpClass): 204 PUT http://10.180.1.21/identity/v3/projects/87c11363b4b2454fa0c808cd49d876d7/users/9b30e7038ba34aa18ca6cc258622d57e/roles/541f57a06cd348609b3ca5d058046afa 0.365s
2025-03-17 09:35:42.425 68726 INFO tempest.lib.common.dynamic_creds [-] Dynamic test user 9b30e7038ba34aa18ca6cc258622d57e is created with scope project and roles: ['member']
2025-03-17 09:35:42.425 68726 INFO tempest.lib.common.dynamic_creds [-] Acquired dynamic creds: credentials: Credentials: {'domain_id': 'default', 'domain_name': 'Default', 'username': 'tempest-InstanceActionsTestJSON-761715424-project-member', 'project_domain_id': 'default', 'project_domain_name': 'Default', 'project_id': '87c11363b4b2454fa0c808cd49d876d7', 'project_name': 'tempest-InstanceActionsTestJSON-761715424', 'tenant_id': '87c11363b4b2454fa0c808cd49d876d7', 'tenant_name': 'tempest-InstanceActionsTestJSON-761715424', 'user_domain_id': 'default', 'user_domain_name': 'Default', 'user_id': '9b30e7038ba34aa18ca6cc258622d57e', 'system': None}, Network: None, Subnet: None, Router: None
2025-03-17 09:35:42.459 68728 INFO tempest.lib.common.rest_client [req-0929fa44-e612-4546-8fd8-cd173a868940 req-0929fa44-e612-4546-8fd8-cd173a868940 ] Request (ServersAdminNegativeTestJSON:setUpClass): 201 POST http://10.180.1.21/identity/v3/users 0.393s
2025-03-17 09:35:42.509 68756 INFO tempest.lib.common.rest_client [req-cdc7a825-abf7-4bab-8f78-ad31bd929717 req-cdc7a825-abf7-4bab-8f78-ad31bd929717 ] Request (MultipleCreateTestJSON:setUpClass): 204 PUT http://10.180.1.21/identity/v3/projects/2fb8f7a30962419da5cb60a6f22fc690/users/8ba360db313749ecbee5c4f7678bb7ac/roles/541f57a06cd348609b3ca5d058046afa 0.379s
2025-03-17 09:35:42.510 68756 INFO tempest.lib.common.dynamic_creds [-] Dynamic test user 8ba360db313749ecbee5c4f7678bb7ac is created with scope project and roles: ['member']
2025-03-17 09:35:42.510 68756 INFO tempest.lib.common.dynamic_creds [-] Acquired dynamic creds: credentials: Credentials: {'domain_id': 'default', 'domain_name': 'Default', 'username': 'tempest-MultipleCreateTestJSON-848997336-project-member', 'project_domain_id': 'default', 'project_domain_name': 'Default', 'project_id': '2fb8f7a30962419da5cb60a6f22fc690', 'project_name': 'tempest-MultipleCreateTestJSON-848997336', 'tenant_id': '2fb8f7a30962419da5cb60a6f22fc690', 'tenant_name': 'tempest-MultipleCreateTestJSON-848997336', 'user_domain_id': 'default', 'user_domain_name': 'Default', 'user_id': '8ba360db313749ecbee5c4f7678bb7ac', 'system': None}, Network: None, Subnet: None, Router: None
2025-03-17 09:35:42.540 68748 INFO tempest.lib.common.rest_client [req-cf2cf923-e191-4b02-b163-9bbe47abb931 req-cf2cf923-e191-4b02-b163-9bbe47abb931 ] Request (FloatingIPsAssociationNegativeTestJSON:setUpClass): 200 PUT http://10.180.1.21:9696/networking/v2.0/routers/c364badf-af13-450f-9cd7-75ebc9b162d0/add_router_interface 1.838s
2025-03-17 09:35:42.540 68748 INFO tempest.lib.common.dynamic_creds [-] Created isolated network resources for: credentials: Credentials: {'domain_id': 'default', 'domain_name': 'Default', 'username': 'tempest-FloatingIPsAssociationNegativeTestJSON-1943996769-project-member', 'project_domain_id': 'default', 'project_domain_name': 'Default', 'project_id': '12bd40776b6d4e49906bac56afa6b6de', 'project_name': 'tempest-FloatingIPsAssociationNegativeTestJSON-1943996769', 'tenant_id': '12bd40776b6d4e49906bac56afa6b6de', 'tenant_name': 'tempest-FloatingIPsAssociationNegativeTestJSON-1943996769', 'user_domain_id': 'default', 'user_domain_name': 'Default', 'user_id': 'b88bf9d0eeea42ae8231636bed997242', 'system': None}, Network: {'id': 'ad88e207-d55e-42f3-81b2-e8f48e4f3a77', 'name': 'tempest-FloatingIPsAssociationNegativeTestJSON-25504961-network', 'tenant_id': '12bd40776b6d4e49906bac56afa6b6de', 'admin_state_up': True, 'mtu': 8950, 'status': 'ACTIVE', 'subnets': [], 'shared': False, 'project_id': '12bd40776b6d4e49906bac56afa6b6de', 'port_security_enabled': True, 'router:external': False, 'provider:network_type': 'vlan', 'provider:physical_network': 'default', 'provider:segmentation_id': 642, 'availability_zone_hints': [], 'availability_zones': [], 'ipv4_address_scope': None, 'ipv6_address_scope': None, 'description': '', 'tags': [], 'created_at': '2025-03-17T09:35:38Z', 'updated_at': '2025-03-17T09:35:38Z', 'revision_number': 1}, Subnet: {'id': '66e5ae9a-963d-4ddb-b998-821a2b5b3b97', 'name': 'tempest-FloatingIPsAssociationNegativeTestJSON-25504961-subnet', 'tenant_id': '12bd40776b6d4e49906bac56afa6b6de', 'network_id': 'ad88e207-d55e-42f3-81b2-e8f48e4f3a77', 'ip_version': 4, 'subnetpool_id': None, 'enable_dhcp': True, 'ipv6_ra_mode': None, 'ipv6_address_mode': None, 'gateway_ip': '192.168.128.1', 'cidr': '192.168.128.0/28', 'allocation_pools': [{'start': '192.168.128.2', 'end': '192.168.128.14'}], 'host_routes': [], 'dns_nameservers': [], 'description': '', 'router:external': False, 'service_types': [], 'tags': [], 'created_at': '2025-03-17T09:35:38Z', 'updated_at': '2025-03-17T09:35:38Z', 'revision_number': 0, 'project_id': '12bd40776b6d4e49906bac56afa6b6de'}, Router: {'id': 'c364badf-af13-450f-9cd7-75ebc9b162d0', 'name': 'tempest-FloatingIPsAssociationNegativeTestJSON-25504961-router', 'tenant_id': '12bd40776b6d4e49906bac56afa6b6de', 'admin_state_up': True, 'status': 'ACTIVE', 'external_gateway_info': {'network_id': 'f8ccdb4c-2249-4acc-91d5-9777bb8b0317', 'external_fixed_ips': [{'subnet_id': 'fbb391e0-8415-4dc2-8540-3df3c1ff088f', 'ip_address': '10.180.180.238'}], 'enable_snat': True}, 'description': '', 'availability_zones': [], 'distributed': False, 'ha': False, 'availability_zone_hints': [], 'routes': [], 'flavor_id': None, 'tags': [], 'created_at': '2025-03-17T09:35:39Z', 'updated_at': '2025-03-17T09:35:39Z', 'revision_number': 2, 'project_id': '12bd40776b6d4e49906bac56afa6b6de'}
2025-03-17 09:35:42.573 68710 INFO tempest.lib.common.rest_client [req-d25a68e1-7bc3-4394-98a4-6ff9670c68a0 req-d25a68e1-7bc3-4394-98a4-6ff9670c68a0 ] Request (MigrationsAdminTest:test_list_migrations_in_flavor_resize_situation): 200 GET http://10.180.1.21/compute/v2.1/servers/1b07d836-07a1-437f-8890-59630b092bca 1.872s
2025-03-17 09:35:42.576 68732 INFO tempest.lib.common.rest_client [req-1f6456d5-526d-4a18-ba2e-316100f696c8 req-1f6456d5-526d-4a18-ba2e-316100f696c8 ] Request (VolumesAdminNegativeTest:setUpClass): 201 POST http://10.180.1.21/identity/v3/auth/tokens 0.384s
2025-03-17 09:35:42.582 68708 INFO tempest.lib.common.rest_client [req-fce4e2a0-41b7-420c-bf28-6de031f1a49e req-fce4e2a0-41b7-420c-bf28-6de031f1a49e ] Request (QuotasSecurityGroupAdminNegativeTest:setUpClass): 201 POST http://10.180.1.21/identity/v3/auth/tokens 0.447s
2025-03-17 09:35:42.584 68708 WARNING tempest.lib.common.rest_client [-] Deprecated: "tenant_id" property is deprecated for removal, use "project_id" instead
2025-03-17 09:35:42.594 68740 INFO tempest.lib.common.rest_client [req-2aafe0f7-4540-4a4f-90a1-756ded93c280 req-2aafe0f7-4540-4a4f-90a1-756ded93c280 ] Request (HypervisorAdminNegativeTestJSON:setUpClass): 200 GET http://10.180.1.21/identity/v3/roles 0.305s
2025-03-17 09:35:42.596 68730 INFO tempest.lib.common.rest_client [req-8b0d417f-20e7-4e53-b163-47c7b4208297 req-8b0d417f-20e7-4e53-b163-47c7b4208297 ] Request (FloatingIPsTestJSON:setUpClass): 201 POST http://10.180.1.21:9696/networking/v2.0/networks 0.998s
2025-03-17 09:35:42.608 68766 INFO tempest.lib.common.rest_client [req-32682b78-5eec-4f38-ab10-dc96f6666725 req-32682b78-5eec-4f38-ab10-dc96f6666725 ] Request (QuotasAdminNegativeTest:setUpClass): 201 POST http://10.180.1.21/identity/v3/users 0.252s
2025-03-17 09:35:42.617 68726 INFO tempest.lib.common.rest_client [req-1b9d0a93-8777-4ea3-807f-f405ab330f7b req-1b9d0a93-8777-4ea3-807f-f405ab330f7b ] Request (InstanceActionsTestJSON:setUpClass): 201 POST http://10.180.1.21/identity/v3/auth/tokens 0.191s
2025-03-17 09:35:42.628 68728 INFO tempest.lib.common.rest_client [req-05919d30-ad53-4771-a0cb-84f1edfde80f req-05919d30-ad53-4771-a0cb-84f1edfde80f ] Request (ServersAdminNegativeTestJSON:setUpClass): 200 GET http://10.180.1.21/identity/v3/roles 0.168s
2025-03-17 09:35:42.656 68756 INFO tempest.lib.common.rest_client [req-dcacdf20-0242-411a-b643-5dc372fcc035 req-dcacdf20-0242-411a-b643-5dc372fcc035 ] Request (MultipleCreateTestJSON:setUpClass): 201 POST http://10.180.1.21/identity/v3/auth/tokens 0.145s
2025-03-17 09:35:42.691 68770 INFO tempest.lib.common.rest_client [req-991919c8-64b3-4930-a396-3bc78ca0f013 req-991919c8-64b3-4930-a396-3bc78ca0f013 ] Request (TenantUsagesTestJSON:setUpClass): 200 GET http://10.180.1.21/compute/v2.1/servers/955d5968-609f-41ef-9fba-34c29184f66f 1.841s
2025-03-17 09:35:42.748 68748 INFO tempest.lib.common.rest_client [req-c3ae6e5f-cb34-4886-b56b-acec93a423c8 req-c3ae6e5f-cb34-4886-b56b-acec93a423c8 ] Request (FloatingIPsAssociationNegativeTestJSON:setUpClass): 201 POST http://10.180.1.21/identity/v3/auth/tokens 0.203s
2025-03-17 09:35:42.776 68740 INFO tempest.lib.common.rest_client [req-6f80f65a-d173-4eea-9e25-2ce02cecda30 req-6f80f65a-d173-4eea-9e25-2ce02cecda30 ] Request (HypervisorAdminNegativeTestJSON:setUpClass): 204 PUT http://10.180.1.21/identity/v3/projects/111c0b7bf6334820b349f23a645232d9/users/5a2cb403a31c4f2da2ca4bd028a0a625/roles/48e2c7b905c44c82984fe46f9be4a826 0.182s
2025-03-17 09:35:42.811 68708 INFO tempest.lib.common.rest_client [req-95738f6a-b315-43c9-b24c-95c666590f2d req-95738f6a-b315-43c9-b24c-95c666590f2d ] Request (QuotasSecurityGroupAdminNegativeTest:tearDownClass): 204 DELETE http://10.180.1.21/identity/v3/users/3fb76eb0578d479bb39be89c6ef444fb 0.225s
2025-03-17 09:35:42.830 68722 INFO tempest.lib.common.rest_client [req-d5567308-6168-4f38-acf1-29545f7bd18a req-d5567308-6168-4f38-acf1-29545f7bd18a ] Request (ServerExternalEventsTest:test_create_server_external_events): 200 GET http://10.180.1.21/compute/v2.1/servers/6e0dade5-e6cb-4bfe-8415-3a820c338854 1.807s
2025-03-17 09:35:42.854 68766 INFO tempest.lib.common.rest_client [req-8a84d2bd-6305-459b-825d-ab9b02c2a0ad req-8a84d2bd-6305-459b-825d-ab9b02c2a0ad ] Request (QuotasAdminNegativeTest:setUpClass): 200 GET http://10.180.1.21/identity/v3/roles 0.245s
2025-03-17 09:35:42.884 68730 INFO tempest.lib.common.rest_client [req-a8071bc8-967e-4418-ab36-e2d5cf9eac6f req-a8071bc8-967e-4418-ab36-e2d5cf9eac6f ] Request (FloatingIPsTestJSON:setUpClass): 201 POST http://10.180.1.21:9696/networking/v2.0/subnets 0.288s
2025-03-17 09:35:42.889 68728 INFO tempest.lib.common.rest_client [req-309c9221-9309-4708-8ed1-4b68913e1a62 req-309c9221-9309-4708-8ed1-4b68913e1a62 ] Request (ServersAdminNegativeTestJSON:setUpClass): 204 PUT http://10.180.1.21/identity/v3/projects/669cacffa9e342c7ae8f041c79688ecb/users/7bf8fc58149d41358bc306bcd423d271/roles/48e2c7b905c44c82984fe46f9be4a826 0.260s
2025-03-17 09:35:43.076 68748 INFO tempest.lib.common.rest_client [req-9a433e24-2807-461c-9543-f6843949c5f6 req-9a433e24-2807-461c-9543-f6843949c5f6 ] Request (FloatingIPsAssociationNegativeTestJSON:setUpClass): 201 POST http://10.180.1.21/identity/v3/auth/tokens 0.323s
2025-03-17 09:35:43.077 68748 INFO tempest.lib.common.fixed_network [-] (FloatingIPsAssociationNegativeTestJSON:setUpClass) Found network {'id': 'ad88e207-d55e-42f3-81b2-e8f48e4f3a77', 'name': 'tempest-FloatingIPsAssociationNegativeTestJSON-25504961-network', 'tenant_id': '12bd40776b6d4e49906bac56afa6b6de', 'admin_state_up': True, 'mtu': 8950, 'status': 'ACTIVE', 'subnets': [], 'shared': False, 'project_id': '12bd40776b6d4e49906bac56afa6b6de', 'port_security_enabled': True, 'router:external': False, 'provider:network_type': 'vlan', 'provider:physical_network': 'default', 'provider:segmentation_id': 642, 'availability_zone_hints': [], 'availability_zones': [], 'ipv4_address_scope': None, 'ipv6_address_scope': None, 'description': '', 'tags': [], 'created_at': '2025-03-17T09:35:38Z', 'updated_at': '2025-03-17T09:35:38Z', 'revision_number': 1} available for tenant
2025-03-17 09:35:43.084 68740 INFO tempest.lib.common.rest_client [req-f94b83f4-a8ab-4299-9a52-61f8fc21f477 req-f94b83f4-a8ab-4299-9a52-61f8fc21f477 ] Request (HypervisorAdminNegativeTestJSON:setUpClass): 200 GET http://10.180.1.21/identity/v3/roles 0.306s
2025-03-17 09:35:43.116 68718 INFO tempest.lib.common.rest_client [req-2f30bcd8-6a8a-4ff3-ab6b-46f176251592 req-2f30bcd8-6a8a-4ff3-ab6b-46f176251592 ] Request (VolumesAssistedSnapshotsTest:test_volume_assisted_snapshot_create_delete): 202 POST http://10.180.1.21/compute/v2.1/servers 2.577s
2025-03-17 09:35:43.208 68708 INFO tempest.lib.common.rest_client [req-896c2614-2684-41b5-9a8e-c10befdd779e req-896c2614-2684-41b5-9a8e-c10befdd779e ] Request (QuotasSecurityGroupAdminNegativeTest:tearDownClass): 204 DELETE http://10.180.1.21/identity/v3/users/d7718dfbd3064e8aa2053926662fa513 0.396s
2025-03-17 09:35:43.208 68708 INFO tempest.lib.common.dynamic_creds [-] Deleting project and security group for project: 9100d53e3ff44daa9668421269775389
2025-03-17 09:35:43.211 68752 INFO tempest.lib.common.rest_client [req-c2dce237-6374-4e11-9b52-95b497f60188 req-c2dce237-6374-4e11-9b52-95b497f60188 ] Request (ImagesDeleteNegativeTestJSON:test_delete_image_blank_id): 404 DELETE http://10.180.1.21/compute/v2.1/images/ 2.104s
2025-03-17 09:35:43.291 68766 INFO tempest.lib.common.rest_client [req-40edb78e-a609-4ac6-95c3-8576595a68bc req-40edb78e-a609-4ac6-95c3-8576595a68bc ] Request (QuotasAdminNegativeTest:setUpClass): 204 PUT http://10.180.1.21/identity/v3/projects/d2a86e9543574c5fbe44881523c6d1bf/users/64958929c11b4865a1ed56b7397181d0/roles/48e2c7b905c44c82984fe46f9be4a826 0.437s
2025-03-17 09:35:43.306 68732 INFO tempest.lib.common.rest_client [req-8dec528f-1cc4-40c3-aec8-3223dfcb4b5b req-8dec528f-1cc4-40c3-aec8-3223dfcb4b5b ] Request (VolumesAdminNegativeTest:setUpClass): 201 POST http://10.180.1.21:9696/networking/v2.0/networks 0.729s
2025-03-17 09:35:43.306 68726 INFO tempest.lib.common.rest_client [req-d3dfb30a-51bb-4aa2-a3f4-7acc8cba5e8e req-d3dfb30a-51bb-4aa2-a3f4-7acc8cba5e8e ] Request (InstanceActionsTestJSON:setUpClass): 201 POST http://10.180.1.21:9696/networking/v2.0/networks 0.688s
2025-03-17 09:35:43.379 68728 INFO tempest.lib.common.rest_client [req-5566f2a1-67f5-4871-8c61-293ed2af3a48 req-5566f2a1-67f5-4871-8c61-293ed2af3a48 ] Request (ServersAdminNegativeTestJSON:setUpClass): 200 GET http://10.180.1.21/identity/v3/roles 0.489s
2025-03-17 09:35:43.405 68740 INFO tempest.lib.common.rest_client [req-51d92fe7-8122-480d-ba25-4139153465e3 req-51d92fe7-8122-480d-ba25-4139153465e3 ] Request (HypervisorAdminNegativeTestJSON:setUpClass): 204 PUT http://10.180.1.21/identity/v3/projects/111c0b7bf6334820b349f23a645232d9/users/5a2cb403a31c4f2da2ca4bd028a0a625/roles/48e2c7b905c44c82984fe46f9be4a826 0.321s
2025-03-17 09:35:43.406 68740 INFO tempest.lib.common.dynamic_creds [-] Dynamic test user 5a2cb403a31c4f2da2ca4bd028a0a625 is created with scope project and roles: ['admin']
2025-03-17 09:35:43.406 68740 INFO tempest.lib.common.dynamic_creds [-] Acquired dynamic creds: credentials: Credentials: {'domain_id': 'default', 'domain_name': 'Default', 'username': 'tempest-HypervisorAdminNegativeTestJSON-907863383-project-admin', 'project_domain_id': 'default', 'project_domain_name': 'Default', 'project_id': '111c0b7bf6334820b349f23a645232d9', 'project_name': 'tempest-HypervisorAdminNegativeTestJSON-907863383', 'tenant_id': '111c0b7bf6334820b349f23a645232d9', 'tenant_name': 'tempest-HypervisorAdminNegativeTestJSON-907863383', 'user_domain_id': 'default', 'user_domain_name': 'Default', 'user_id': '5a2cb403a31c4f2da2ca4bd028a0a625', 'system': None}, Network: None, Subnet: None, Router: None
2025-03-17 09:35:43.406 68740 INFO tempest.lib.common.dynamic_creds [-] Created isolated network resources for: credentials: Credentials: {'domain_id': 'default', 'domain_name': 'Default', 'username': 'tempest-HypervisorAdminNegativeTestJSON-907863383-project-admin', 'project_domain_id': 'default', 'project_domain_name': 'Default', 'project_id': '111c0b7bf6334820b349f23a645232d9', 'project_name': 'tempest-HypervisorAdminNegativeTestJSON-907863383', 'tenant_id': '111c0b7bf6334820b349f23a645232d9', 'tenant_name': 'tempest-HypervisorAdminNegativeTestJSON-907863383', 'user_domain_id': 'default', 'user_domain_name': 'Default', 'user_id': '5a2cb403a31c4f2da2ca4bd028a0a625', 'system': None}, Network: None, Subnet: None, Router: None
2025-03-17 09:35:43.457 68708 INFO tempest.lib.common.rest_client [req-5e7813ea-03f9-4898-bbe9-c4c9fd367ea1 req-5e7813ea-03f9-4898-bbe9-c4c9fd367ea1 ] Request (QuotasSecurityGroupAdminNegativeTest:tearDownClass): 201 POST http://10.180.1.21/identity/v3/auth/tokens 0.248s
2025-03-17 09:35:43.531 68766 INFO tempest.lib.common.rest_client [req-becdd4d7-944e-4558-9410-d37af76177e9 req-becdd4d7-944e-4558-9410-d37af76177e9 ] Request (QuotasAdminNegativeTest:setUpClass): 200 GET http://10.180.1.21/identity/v3/roles 0.239s
2025-03-17 09:35:43.547 68728 INFO tempest.lib.common.rest_client [req-1d6b42ae-ef65-43db-855f-03268c2bbf74 req-1d6b42ae-ef65-43db-855f-03268c2bbf74 ] Request (ServersAdminNegativeTestJSON:setUpClass): 204 PUT http://10.180.1.21/identity/v3/projects/669cacffa9e342c7ae8f041c79688ecb/users/7bf8fc58149d41358bc306bcd423d271/roles/48e2c7b905c44c82984fe46f9be4a826 0.168s
2025-03-17 09:35:43.547 68728 INFO tempest.lib.common.dynamic_creds [-] Dynamic test user 7bf8fc58149d41358bc306bcd423d271 is created with scope project and roles: ['admin']
2025-03-17 09:35:43.547 68728 INFO tempest.lib.common.dynamic_creds [-] Acquired dynamic creds: credentials: Credentials: {'domain_id': 'default', 'domain_name': 'Default', 'username': 'tempest-ServersAdminNegativeTestJSON-1811660894-project-admin', 'project_domain_id': 'default', 'project_domain_name': 'Default', 'project_id': '669cacffa9e342c7ae8f041c79688ecb', 'project_name': 'tempest-ServersAdminNegativeTestJSON-1811660894', 'tenant_id': '669cacffa9e342c7ae8f041c79688ecb', 'tenant_name': 'tempest-ServersAdminNegativeTestJSON-1811660894', 'user_domain_id': 'default', 'user_domain_name': 'Default', 'user_id': '7bf8fc58149d41358bc306bcd423d271', 'system': None}, Network: None, Subnet: None, Router: None
2025-03-17 09:35:43.548 68728 INFO tempest.lib.common.dynamic_creds [-] Created isolated network resources for: credentials: Credentials: {'domain_id': 'default', 'domain_name': 'Default', 'username': 'tempest-ServersAdminNegativeTestJSON-1811660894-project-admin', 'project_domain_id': 'default', 'project_domain_name': 'Default', 'project_id': '669cacffa9e342c7ae8f041c79688ecb', 'project_name': 'tempest-ServersAdminNegativeTestJSON-1811660894', 'tenant_id': '669cacffa9e342c7ae8f041c79688ecb', 'tenant_name': 'tempest-ServersAdminNegativeTestJSON-1811660894', 'user_domain_id': 'default', 'user_domain_name': 'Default', 'user_id': '7bf8fc58149d41358bc306bcd423d271', 'system': None}, Network: None, Subnet: None, Router: None
2025-03-17 09:35:43.554 68746 INFO tempest.lib.common.rest_client [req-68c82a33-ecab-4339-a1b1-d62cf5c2c68c req-68c82a33-ecab-4339-a1b1-d62cf5c2c68c ] Request (KeyPairsV2TestJSON:test_get_keypair_detail): 200 POST http://10.180.1.21/compute/v2.1/os-keypairs 2.362s
2025-03-17 09:35:43.616 68726 INFO tempest.lib.common.rest_client [req-d58e626c-035d-4a2a-9d7e-7a5c8efc57c5 req-d58e626c-035d-4a2a-9d7e-7a5c8efc57c5 ] Request (InstanceActionsTestJSON:setUpClass): 201 POST http://10.180.1.21:9696/networking/v2.0/subnets 0.310s
2025-03-17 09:35:43.646 68740 INFO tempest.lib.common.rest_client [req-b79ef0d5-c23b-4dcc-ab47-039d7891365a req-b79ef0d5-c23b-4dcc-ab47-039d7891365a ] Request (HypervisorAdminNegativeTestJSON:setUpClass): 201 POST http://10.180.1.21/identity/v3/auth/tokens 0.236s
2025-03-17 09:35:43.667 68712 INFO tempest.lib.common.rest_client [req-27965fc6-3018-40f1-83c9-2f40a957751d req-27965fc6-3018-40f1-83c9-2f40a957751d ] Request (FlavorsAccessNegativeTestJSON:test_add_flavor_access_duplicate): 200 POST http://10.180.1.21/compute/v2.1/flavors/1363612468/action 2.553s
2025-03-17 09:35:43.754 68766 INFO tempest.lib.common.rest_client [req-56d0176d-ab47-41ad-82b5-0ab247ee16c0 req-56d0176d-ab47-41ad-82b5-0ab247ee16c0 ] Request (QuotasAdminNegativeTest:setUpClass): 204 PUT http://10.180.1.21/identity/v3/projects/d2a86e9543574c5fbe44881523c6d1bf/users/64958929c11b4865a1ed56b7397181d0/roles/48e2c7b905c44c82984fe46f9be4a826 0.222s
2025-03-17 09:35:43.754 68766 INFO tempest.lib.common.dynamic_creds [-] Dynamic test user 64958929c11b4865a1ed56b7397181d0 is created with scope project and roles: ['admin']
2025-03-17 09:35:43.755 68766 INFO tempest.lib.common.dynamic_creds [-] Acquired dynamic creds: credentials: Credentials: {'domain_id': 'default', 'domain_name': 'Default', 'username': 'tempest-QuotasAdminNegativeTest-2027802422-project-admin', 'project_domain_id': 'default', 'project_domain_name': 'Default', 'project_id': 'd2a86e9543574c5fbe44881523c6d1bf', 'project_name': 'tempest-QuotasAdminNegativeTest-2027802422', 'tenant_id': 'd2a86e9543574c5fbe44881523c6d1bf', 'tenant_name': 'tempest-QuotasAdminNegativeTest-2027802422', 'user_domain_id': 'default', 'user_domain_name': 'Default', 'user_id': '64958929c11b4865a1ed56b7397181d0', 'system': None}, Network: None, Subnet: None, Router: None
2025-03-17 09:35:43.755 68766 INFO tempest.lib.common.dynamic_creds [-] Created isolated network resources for: credentials: Credentials: {'domain_id': 'default', 'domain_name': 'Default', 'username': 'tempest-QuotasAdminNegativeTest-2027802422-project-admin', 'project_domain_id': 'default', 'project_domain_name': 'Default', 'project_id': 'd2a86e9543574c5fbe44881523c6d1bf', 'project_name': 'tempest-QuotasAdminNegativeTest-2027802422', 'tenant_id': 'd2a86e9543574c5fbe44881523c6d1bf', 'tenant_name': 'tempest-QuotasAdminNegativeTest-2027802422', 'user_domain_id': 'default', 'user_domain_name': 'Default', 'user_id': '64958929c11b4865a1ed56b7397181d0', 'system': None}, Network: None, Subnet: None, Router: None
2025-03-17 09:35:43.788 68744 INFO tempest.lib.common.rest_client [req-416f6858-7c5e-4506-9dba-29943b2c388b req-416f6858-7c5e-4506-9dba-29943b2c388b ] Request (DeleteServersAdminTestJSON:test_admin_delete_servers_of_others): 200 GET http://10.180.1.21/compute/v2.1/servers/5afc3947-fa82-4aa1-9c9d-f93ac3f12a2b 2.270s
2025-03-17 09:35:43.796 68744 INFO tempest.common.waiters [-] State transition "BUILD/None" ==> "BUILD/spawning" after 13 second wait
2025-03-17 09:35:43.815 68728 INFO tempest.lib.common.rest_client [req-267abafa-bdbe-4568-a2d2-940879169b7a req-267abafa-bdbe-4568-a2d2-940879169b7a ] Request (ServersAdminNegativeTestJSON:setUpClass): 201 POST http://10.180.1.21/identity/v3/auth/tokens 0.264s
2025-03-17 09:35:43.815 68728 WARNING tempest.lib.common.rest_client [-] Deprecated: "tenant_id" property is deprecated for removal, use "project_id" instead
2025-03-17 09:35:43.874 68756 INFO tempest.lib.common.rest_client [req-6f7d6018-5b92-4be8-9af4-8a1880b1651c req-6f7d6018-5b92-4be8-9af4-8a1880b1651c ] Request (MultipleCreateTestJSON:setUpClass): 201 POST http://10.180.1.21:9696/networking/v2.0/networks 1.218s
2025-03-17 09:35:43.877 68766 INFO tempest.lib.common.rest_client [req-e29d5bd8-041c-4d70-b3d6-648655dd84c7 req-e29d5bd8-041c-4d70-b3d6-648655dd84c7 ] Request (QuotasAdminNegativeTest:setUpClass): 201 POST http://10.180.1.21/identity/v3/auth/tokens 0.120s
2025-03-17 09:35:43.887 68754 INFO tempest.lib.common.rest_client [req-7034bff0-bc9b-4426-82df-61cc8240cf82 req-7034bff0-bc9b-4426-82df-61cc8240cf82 ] Request (ServersWithSpecificFlavorTestJSON:test_verify_created_server_ephemeral_disk): 200 GET http://10.180.1.21/compute/v2.1/servers/54a90dc4-1c71-487e-90c8-9ac494d9ea3b 2.236s
2025-03-17 09:35:43.924 68728 INFO tempest.lib.common.rest_client [req-78e5ffe8-ae66-4319-8f8b-e1e91c930f95 req-78e5ffe8-ae66-4319-8f8b-e1e91c930f95 ] Request (ServersAdminNegativeTestJSON:setUpClass): 201 POST http://10.180.1.21/identity/v3/auth/tokens 0.103s
2025-03-17 09:35:43.924 68728 INFO tempest.lib.common.fixed_network [-] (ServersAdminNegativeTestJSON:setUpClass) Found network None available for tenant
2025-03-17 09:35:44.042 68708 INFO tempest.lib.common.rest_client [req-c9e6d00b-3dc8-45d5-8b2a-0e4795700d41 req-c9e6d00b-3dc8-45d5-8b2a-0e4795700d41 ] Request (QuotasSecurityGroupAdminNegativeTest:tearDownClass): 200 GET http://10.180.1.21:9696/networking/v2.0/security-groups?tenant_id=9100d53e3ff44daa9668421269775389&name=default 0.584s
2025-03-17 09:35:44.058 68732 INFO tempest.lib.common.rest_client [req-09317637-c78f-45e6-86ea-5f50b95902dd req-09317637-c78f-45e6-86ea-5f50b95902dd ] Request (VolumesAdminNegativeTest:setUpClass): 201 POST http://10.180.1.21:9696/networking/v2.0/subnets 0.750s
2025-03-17 09:35:44.121 68750 INFO tempest.lib.common.rest_client [req-4e63b7c1-55a1-40af-9533-a57f46855fc7 req-4e63b7c1-55a1-40af-9533-a57f46855fc7 ] Request (QuotasAdminTestJSON:test_delete_quota): 200 GET http://10.180.1.21/compute/v2.1/os-quota-sets/1dbecc78952e43ab99606616f99c69d8 2.266s
2025-03-17 09:35:44.153 68762 INFO tempest.lib.common.rest_client [req-ca5a41de-b683-46f6-a105-0e2c7c9d8bf6 req-ca5a41de-b683-46f6-a105-0e2c7c9d8bf6 ] Request (ImagesMetadataTestJSON:setUpClass): 204 PUT http://10.180.1.21/image/v2/images/51a88782-b99d-4d19-90b7-0d992dfa5f10/file 2.193s
2025-03-17 09:35:44.179 68764 INFO tempest.lib.common.rest_client [req-6255a346-9fa6-46c3-a265-68fe0615760d req-6255a346-9fa6-46c3-a265-68fe0615760d ] Request (VolumesSnapshotsTestJSON:test_volume_snapshot_create_get_list_delete): 200 GET http://10.180.1.21/compute/v2.1/os-volumes/e9f4c297-46ec-43d3-b2b4-c2a443657ac8 1.943s
2025-03-17 09:35:44.182 68764 INFO tempest.common.waiters [-] volume e9f4c297-46ec-43d3-b2b4-c2a443657ac8 reached available after waiting for 0.181958 seconds
2025-03-17 09:35:44.249 68750 INFO tempest.lib.common.rest_client [req-84187af0-b28b-49de-b18e-71b70be5264e req-84187af0-b28b-49de-b18e-71b70be5264e ] Request (QuotasAdminTestJSON:_run_cleanups): 204 DELETE http://10.180.1.21/identity/v3/projects/1dbecc78952e43ab99606616f99c69d8 0.122s
2025-03-17 09:35:44.344 68760 INFO tempest.lib.common.rest_client [req-9090de5d-d08d-4fd1-824d-5d5f19a24b9a req-9090de5d-d08d-4fd1-824d-5d5f19a24b9a ] Request (ServerMetadataTestJSON:setUpClass): 200 PUT http://10.180.1.21:9696/networking/v2.0/routers/af719b1d-817f-4318-bf60-65ed7fa98026/add_router_interface 2.697s
2025-03-17 09:35:44.345 68760 INFO tempest.lib.common.dynamic_creds [-] Created isolated network resources for: credentials: Credentials: {'domain_id': 'default', 'domain_name': 'Default', 'username': 'tempest-ServerMetadataTestJSON-1058628358-project-member', 'project_domain_id': 'default', 'project_domain_name': 'Default', 'project_id': 'c52687880c9f4fec85c6fc71dfa1b96d', 'project_name': 'tempest-ServerMetadataTestJSON-1058628358', 'tenant_id': 'c52687880c9f4fec85c6fc71dfa1b96d', 'tenant_name': 'tempest-ServerMetadataTestJSON-1058628358', 'user_domain_id': 'default', 'user_domain_name': 'Default', 'user_id': '9aa8007aa7a24a10b79b835d2bb21c6e', 'system': None}, Network: {'id': '71d744af-d932-45bb-8533-f8b5c4d16fdf', 'name': 'tempest-ServerMetadataTestJSON-1688460490-network', 'tenant_id': 'c52687880c9f4fec85c6fc71dfa1b96d', 'admin_state_up': True, 'mtu': 8950, 'status': 'ACTIVE', 'subnets': [], 'shared': False, 'project_id': 'c52687880c9f4fec85c6fc71dfa1b96d', 'port_security_enabled': True, 'router:external': False, 'provider:network_type': 'vlan', 'provider:physical_network': 'default', 'provider:segmentation_id': 386, 'availability_zone_hints': [], 'availability_zones': [], 'ipv4_address_scope': None, 'ipv6_address_scope': None, 'description': '', 'tags': [], 'created_at': '2025-03-17T09:35:39Z', 'updated_at': '2025-03-17T09:35:39Z', 'revision_number': 1}, Subnet: {'id': 'ebb73d21-729e-46d1-8a98-079998c84369', 'name': 'tempest-ServerMetadataTestJSON-1688460490-subnet', 'tenant_id': 'c52687880c9f4fec85c6fc71dfa1b96d', 'network_id': '71d744af-d932-45bb-8533-f8b5c4d16fdf', 'ip_version': 4, 'subnetpool_id': None, 'enable_dhcp': True, 'ipv6_ra_mode': None, 'ipv6_address_mode': None, 'gateway_ip': '192.168.128.1', 'cidr': '192.168.128.0/28', 'allocation_pools': [{'start': '192.168.128.2', 'end': '192.168.128.14'}], 'host_routes': [], 'dns_nameservers': [], 'description': '', 'router:external': False, 'service_types': [], 'tags': [], 'created_at': '2025-03-17T09:35:39Z', 'updated_at': '2025-03-17T09:35:39Z', 'revision_number': 0, 'project_id': 'c52687880c9f4fec85c6fc71dfa1b96d'}, Router: {'id': 'af719b1d-817f-4318-bf60-65ed7fa98026', 'name': 'tempest-ServerMetadataTestJSON-1688460490-router', 'tenant_id': 'c52687880c9f4fec85c6fc71dfa1b96d', 'admin_state_up': True, 'status': 'ACTIVE', 'external_gateway_info': {'network_id': 'f8ccdb4c-2249-4acc-91d5-9777bb8b0317', 'external_fixed_ips': [{'subnet_id': 'fbb391e0-8415-4dc2-8540-3df3c1ff088f', 'ip_address': '10.180.180.158'}], 'enable_snat': True}, 'description': '', 'availability_zones': [], 'distributed': False, 'ha': False, 'availability_zone_hints': [], 'routes': [], 'flavor_id': None, 'tags': [], 'created_at': '2025-03-17T09:35:39Z', 'updated_at': '2025-03-17T09:35:40Z', 'revision_number': 2, 'project_id': 'c52687880c9f4fec85c6fc71dfa1b96d'}
2025-03-17 09:35:44.347 68708 INFO tempest.lib.common.rest_client [req-90bccf18-feb4-4c80-a767-022e504beef9 req-90bccf18-feb4-4c80-a767-022e504beef9 ] Request (QuotasSecurityGroupAdminNegativeTest:tearDownClass): 204 DELETE http://10.180.1.21:9696/networking/v2.0/security-groups/7b43d9b0-d10a-4921-8827-04946bd88c39 0.304s
2025-03-17 09:35:44.415 68738 INFO tempest.lib.common.rest_client [req-fdf4837e-aee9-4f71-8a56-e3cf776aed42 req-fdf4837e-aee9-4f71-8a56-e3cf776aed42 ] Request (ServerDiagnosticsNegativeTest:test_get_server_diagnostics_by_non_admin): 200 GET http://10.180.1.21/compute/v2.1/servers/9da9da05-f0fe-4490-a416-5e4513e72584 2.086s
2025-03-17 09:35:44.452 68714 INFO tempest.lib.common.rest_client [req-b0a4efb7-9ae9-4ac6-91ec-ae980682b4eb req-b0a4efb7-9ae9-4ac6-91ec-ae980682b4eb ] Request (ListImageFiltersTestJSON:setUpClass): 204 PUT http://10.180.1.21/image/v2/images/bd84196e-19f8-4d19-8a82-f391d579907b/file 1.194s
2025-03-17 09:35:44.453 68708 INFO tempest.lib.common.rest_client [req-78687836-0a13-48b7-8f1a-2cd78b08e31d req-78687836-0a13-48b7-8f1a-2cd78b08e31d ] Request (QuotasSecurityGroupAdminNegativeTest:tearDownClass): 204 DELETE http://10.180.1.21/identity/v3/projects/9100d53e3ff44daa9668421269775389 0.106s
2025-03-17 09:35:44.454 68708 INFO tempest.lib.common.dynamic_creds [-] Deleting project and security group for project: 4a9dd762a0d041888999767f01edb86f
2025-03-17 09:35:44.469 68760 INFO tempest.lib.common.rest_client [req-ca054187-975c-4a10-a685-ed1bacb5ef3c req-ca054187-975c-4a10-a685-ed1bacb5ef3c ] Request (ServerMetadataTestJSON:setUpClass): 201 POST http://10.180.1.21/identity/v3/auth/tokens 0.118s
2025-03-17 09:35:44.531 68760 INFO tempest.lib.common.rest_client [req-045cac1c-1e31-42fc-bee0-2084df8b9296 req-045cac1c-1e31-42fc-bee0-2084df8b9296 ] Request (ServerMetadataTestJSON:setUpClass): 201 POST http://10.180.1.21/identity/v3/auth/tokens 0.057s
2025-03-17 09:35:44.531 68760 INFO tempest.lib.common.fixed_network [-] (ServerMetadataTestJSON:setUpClass) Found network {'id': '71d744af-d932-45bb-8533-f8b5c4d16fdf', 'name': 'tempest-ServerMetadataTestJSON-1688460490-network', 'tenant_id': 'c52687880c9f4fec85c6fc71dfa1b96d', 'admin_state_up': True, 'mtu': 8950, 'status': 'ACTIVE', 'subnets': [], 'shared': False, 'project_id': 'c52687880c9f4fec85c6fc71dfa1b96d', 'port_security_enabled': True, 'router:external': False, 'provider:network_type': 'vlan', 'provider:physical_network': 'default', 'provider:segmentation_id': 386, 'availability_zone_hints': [], 'availability_zones': [], 'ipv4_address_scope': None, 'ipv6_address_scope': None, 'description': '', 'tags': [], 'created_at': '2025-03-17T09:35:39Z', 'updated_at': '2025-03-17T09:35:39Z', 'revision_number': 1} available for tenant
2025-03-17 09:35:44.744 68756 INFO tempest.lib.common.rest_client [req-bbbc72ee-60ba-45e1-9bd5-07d260677dba req-bbbc72ee-60ba-45e1-9bd5-07d260677dba ] Request (MultipleCreateTestJSON:setUpClass): 201 POST http://10.180.1.21:9696/networking/v2.0/subnets 0.870s
2025-03-17 09:35:45.052 68708 INFO tempest.lib.common.rest_client [req-37efeaee-9c76-43e9-a7a5-53979072623b req-37efeaee-9c76-43e9-a7a5-53979072623b ] Request (QuotasSecurityGroupAdminNegativeTest:tearDownClass): 200 GET http://10.180.1.21:9696/networking/v2.0/security-groups?tenant_id=4a9dd762a0d041888999767f01edb86f&name=default 0.598s
2025-03-17 09:35:45.362 68768 INFO tempest.lib.common.rest_client [req-a57e927c-b2ec-46f9-9e58-84297f5a4cbd req-a57e927c-b2ec-46f9-9e58-84297f5a4cbd ] Request (FloatingIPDetailsTestJSON:setUpClass): 200 POST http://10.180.1.21/compute/v2.1/os-floating-ips 4.101s
2025-03-17 09:35:45.400 68724 INFO tempest.lib.common.rest_client [req-360a7efb-e5ff-4a0b-ae80-e1986fae5ea7 req-360a7efb-e5ff-4a0b-ae80-e1986fae5ea7 ] Request (AggregatesAdminNegativeTestJSON:test_aggregate_remove_nonexistent_host): 404 POST http://10.180.1.21/compute/v2.1/os-aggregates/8/action 3.014s
2025-03-17 09:35:45.435 68734 INFO tempest.lib.common.rest_client [req-f98faf36-977a-440c-b1a0-d5d37ff91d38 req-f98faf36-977a-440c-b1a0-d5d37ff91d38 ] Request (FlavorsAdminTestJSON:test_is_public_string_variations): 200 POST http://10.180.1.21/compute/v2.1/flavors 3.024s
2025-03-17 09:35:45.438 68708 INFO tempest.lib.common.rest_client [req-af2997c3-83ca-4aeb-8576-3a0cd04d95f4 req-af2997c3-83ca-4aeb-8576-3a0cd04d95f4 ] Request (QuotasSecurityGroupAdminNegativeTest:tearDownClass): 204 DELETE http://10.180.1.21:9696/networking/v2.0/security-groups/89db0803-ef9a-489d-bc65-4533c403a799 0.385s
2025-03-17 09:35:45.505 68742 INFO tempest.lib.common.rest_client [req-15284b42-e7c1-4095-8a6d-70bf6cb05856 req-15284b42-e7c1-4095-8a6d-70bf6cb05856 ] Request (SecurityGroupsTestAdminJSON:test_list_security_groups_list_all_tenants_filter): 200 POST http://10.180.1.21/compute/v2.1/os-security-groups 3.127s
2025-03-17 09:35:45.597 68758 INFO tempest.lib.common.rest_client [req-84eb3f39-aa3e-40f7-87a5-accf61ff9ac7 req-84eb3f39-aa3e-40f7-87a5-accf61ff9ac7 ] Request (ImagesOneServerTestJSON:setUpClass): 200 GET http://10.180.1.21/compute/v2.1/servers/186d39ce-c42b-4fb6-bcd1-ba10eeb9df20 2.986s
2025-03-17 09:35:45.604 68758 INFO tempest.common.waiters [-] State transition "BUILD/None" ==> "BUILD/block_device_mapping" after 15 second wait
2025-03-17 09:35:45.637 68708 INFO tempest.lib.common.rest_client [req-322c1a54-b836-4fcc-9e09-4a5718675f51 req-322c1a54-b836-4fcc-9e09-4a5718675f51 ] Request (QuotasSecurityGroupAdminNegativeTest:tearDownClass): 204 DELETE http://10.180.1.21/identity/v3/projects/4a9dd762a0d041888999767f01edb86f 0.198s
2025-03-17 09:35:45.668 68736 INFO tempest.lib.common.rest_client [req-5e3346b2-15fd-4375-8dc1-0727c0e60a7a req-5e3346b2-15fd-4375-8dc1-0727c0e60a7a ] Request (ServerDiagnosticsTest:test_get_server_diagnostics): 200 GET http://10.180.1.21/compute/v2.1/servers/7eea385c-cd21-4229-84ca-60ebfaa72460 2.817s
2025-03-17 09:35:45.697 68730 INFO tempest.lib.common.rest_client [req-eed9581f-13d6-4540-8d14-c8150d117aba req-eed9581f-13d6-4540-8d14-c8150d117aba ] Request (FloatingIPsTestJSON:setUpClass): 201 POST http://10.180.1.21:9696/networking/v2.0/routers 2.812s
2025-03-17 09:35:45.720 68708 INFO tempest.lib.common.rest_client [req-87a42deb-9b03-4ffc-8fa2-c489b586c37a req-87a42deb-9b03-4ffc-8fa2-c489b586c37a ] Request (ServicesAdminNegativeV253TestJSON:setUpClass): 201 POST http://10.180.1.21/identity/v3/auth/tokens 0.081s
2025-03-17 09:35:45.762 68708 INFO tempest.lib.common.rest_client [req-bb708250-6971-4b76-bac5-314184313d7f req-bb708250-6971-4b76-bac5-314184313d7f ] Request (ServicesAdminNegativeV253TestJSON:setUpClass): 201 POST http://10.180.1.21/identity/v3/auth/tokens 0.038s
2025-03-17 09:35:45.784 68720 INFO tempest.lib.common.rest_client [req-d9732aa5-5920-4df0-914e-4a86aeb608e1 req-d9732aa5-5920-4df0-914e-4a86aeb608e1 ] Request (FloatingIPsAssociationTestJSON:setUpClass): 200 GET http://10.180.1.21/compute/v2.1/servers/39cf4eea-900e-4211-9afe-ae2735af2661 3.243s
2025-03-17 09:35:45.791 68708 INFO tempest.lib.common.rest_client [req-95880955-36f7-4d06-9734-5607e242672d req-95880955-36f7-4d06-9734-5607e242672d ] Request (ServicesAdminNegativeV253TestJSON:setUpClass): 200 GET http://10.180.1.21/identity/v3/domains?name=Default 0.028s
2025-03-17 09:35:45.834 68708 INFO tempest.lib.common.rest_client [req-f1dd0a6e-f84e-4d5f-b81b-25ec2c136eb5 req-f1dd0a6e-f84e-4d5f-b81b-25ec2c136eb5 ] Request (ServicesAdminNegativeV253TestJSON:setUpClass): 201 POST http://10.180.1.21/identity/v3/projects 0.042s
2025-03-17 09:35:45.889 68718 INFO tempest.lib.common.rest_client [req-089fc3b2-c117-41a6-987c-7d83bb85e52a req-089fc3b2-c117-41a6-987c-7d83bb85e52a ] Request (VolumesAssistedSnapshotsTest:test_volume_assisted_snapshot_create_delete): 200 GET http://10.180.1.21/compute/v2.1/servers/669b4866-63c3-4467-bd68-478e604042c1 2.770s
2025-03-17 09:35:45.896 68708 INFO tempest.lib.common.rest_client [req-7f1bd82a-6f12-4263-9f11-834240e4121a req-7f1bd82a-6f12-4263-9f11-834240e4121a ] Request (ServicesAdminNegativeV253TestJSON:setUpClass): 201 POST http://10.180.1.21/identity/v3/users 0.061s
2025-03-17 09:35:45.909 68752 INFO tempest.lib.common.rest_client [req-8f76e27d-55f2-4bb9-bb43-38a09127bfd1 req-8f76e27d-55f2-4bb9-bb43-38a09127bfd1 ] Request (ImagesDeleteNegativeTestJSON:test_delete_image_negative_image_id): 404 DELETE http://10.180.1.21/compute/v2.1/images/-1 2.697s
2025-03-17 09:35:45.921 68746 INFO tempest.lib.common.rest_client [req-126cd6ad-42a5-4ab1-90f5-76259c243a06 req-126cd6ad-42a5-4ab1-90f5-76259c243a06 ] Request (KeyPairsV2TestJSON:test_get_keypair_detail): 200 GET http://10.180.1.21/compute/v2.1/os-keypairs/tempest-keypair-1963005606 2.365s
2025-03-17 09:35:45.927 68708 INFO tempest.lib.common.rest_client [req-31d7797f-1e58-43c0-9849-61fac276fc17 req-31d7797f-1e58-43c0-9849-61fac276fc17 ] Request (ServicesAdminNegativeV253TestJSON:setUpClass): 200 GET http://10.180.1.21/identity/v3/roles 0.031s
2025-03-17 09:35:45.942 68726 INFO tempest.lib.common.rest_client [req-0f6e3771-3ffd-4cf7-981b-c88f3856ce29 req-0f6e3771-3ffd-4cf7-981b-c88f3856ce29 ] Request (InstanceActionsTestJSON:setUpClass): 201 POST http://10.180.1.21:9696/networking/v2.0/routers 2.325s
2025-03-17 09:35:45.964 68708 INFO tempest.lib.common.rest_client [req-c7ba00c7-4ff3-47b6-a4c0-893e8525ae33 req-c7ba00c7-4ff3-47b6-a4c0-893e8525ae33 ] Request (ServicesAdminNegativeV253TestJSON:setUpClass): 204 PUT http://10.180.1.21/identity/v3/projects/ed92d052083d4518a93d1a94ea68fa21/users/d87e4158c92645e6a600d5d73c2d1d98/roles/541f57a06cd348609b3ca5d058046afa 0.036s
2025-03-17 09:35:45.964 68708 INFO tempest.lib.common.dynamic_creds [-] Dynamic test user d87e4158c92645e6a600d5d73c2d1d98 is created with scope project and roles: ['member']
2025-03-17 09:35:45.964 68708 INFO tempest.lib.common.dynamic_creds [-] Acquired dynamic creds: credentials: Credentials: {'domain_id': 'default', 'domain_name': 'Default', 'username': 'tempest-ServicesAdminNegativeV253TestJSON-2142871467-project-member', 'project_domain_id': 'default', 'project_domain_name': 'Default', 'project_id': 'ed92d052083d4518a93d1a94ea68fa21', 'project_name': 'tempest-ServicesAdminNegativeV253TestJSON-2142871467', 'tenant_id': 'ed92d052083d4518a93d1a94ea68fa21', 'tenant_name': 'tempest-ServicesAdminNegativeV253TestJSON-2142871467', 'user_domain_id': 'default', 'user_domain_name': 'Default', 'user_id': 'd87e4158c92645e6a600d5d73c2d1d98', 'system': None}, Network: None, Subnet: None, Router: None
2025-03-17 09:35:45.964 68708 INFO tempest.lib.common.dynamic_creds [-] Created isolated network resources for: credentials: Credentials: {'domain_id': 'default', 'domain_name': 'Default', 'username': 'tempest-ServicesAdminNegativeV253TestJSON-2142871467-project-member', 'project_domain_id': 'default', 'project_domain_name': 'Default', 'project_id': 'ed92d052083d4518a93d1a94ea68fa21', 'project_name': 'tempest-ServicesAdminNegativeV253TestJSON-2142871467', 'tenant_id': 'ed92d052083d4518a93d1a94ea68fa21', 'tenant_name': 'tempest-ServicesAdminNegativeV253TestJSON-2142871467', 'user_domain_id': 'default', 'user_domain_name': 'Default', 'user_id': 'd87e4158c92645e6a600d5d73c2d1d98', 'system': None}, Network: None, Subnet: None, Router: None
