2025-03-17 09:37:07.544 68758 INFO tempest.lib.common.rest_client [req-98b42230-1e35-4315-8640-010e5cdfeed1 req-98b42230-1e35-4315-8640-010e5cdfeed1 ] Request (ImagesOneServerTestJSON:tearDownClass): 200 GET http://10.180.1.21/compute/v2.1/servers/186d39ce-c42b-4fb6-bcd1-ba10eeb9df20 0.223s
2025-03-17 09:37:07.618 68766 INFO tempest.lib.common.rest_client [req-85766195-10d1-4c06-82c8-b1927f94c02a req-85766195-10d1-4c06-82c8-b1927f94c02a ] Request (ImagesNegativeTestJSON:test_create_image_from_deleted_server): 200 GET http://10.180.1.21/compute/v2.1/servers/6ab608b6-6828-46a0-a62a-ac56156c4be3 0.245s
2025-03-17 09:37:07.668 68714 INFO tempest.lib.common.rest_client [req-fbad0aad-f01f-4858-b42a-a366d155fbb9 req-fbad0aad-f01f-4858-b42a-a366d155fbb9 ] Request (ListImageFiltersTestJSON:setUpClass): 200 GET http://10.180.1.21/compute/v2.1/images/884fdd8e-eb79-4554-a68d-5174b71ce4b9 0.260s
2025-03-17 09:37:07.674 68708 INFO tempest.lib.common.rest_client [req-7b7b5a54-9bed-46e5-8157-d291f8ce6f3d req-7b7b5a54-9bed-46e5-8157-d291f8ce6f3d ] Request (DeleteServersTestJSON:test_delete_active_server): 200 GET http://10.180.1.21/compute/v2.1/servers/27d98b28-1248-40cf-8a75-121ce862be45 0.410s
2025-03-17 09:37:07.691 68748 INFO tempest.lib.common.rest_client [req-8c95eb3b-0b73-49f4-a245-b9b868f10912 req-8c95eb3b-0b73-49f4-a245-b9b868f10912 ] Request (ServersTestManualDisk:setUpClass): 201 POST http://10.180.1.21:9696/networking/v2.0/security-groups 0.211s
2025-03-17 09:37:07.725 68726 INFO tempest.lib.common.rest_client [req-92d07dab-3ba9-4930-aeac-60ddd5ad22c2 req-92d07dab-3ba9-4930-aeac-60ddd5ad22c2 ] Request (InstanceActionsTestJSON:tearDownClass): 204 DELETE http://10.180.1.21:9696/networking/v2.0/networks/e1f07030-1dfd-473c-931d-8ae55bb77fa2 0.340s
2025-03-17 09:37:07.763 68736 INFO tempest.lib.common.rest_client [req-cdf64cec-2318-4e39-a1f2-8335ea3ed7c1 req-cdf64cec-2318-4e39-a1f2-8335ea3ed7c1 ] Request (ServersListShow298Test:test_list_show_update_rebuild_server_298): 200 GET http://10.180.1.21/compute/v2.1/servers/69f2e7b4-4673-4707-87e3-e40032f09a10 0.283s
2025-03-17 09:37:07.780 68728 INFO tempest.lib.common.rest_client [req-7eb96b61-70dd-4128-887c-4a2c9bc5d9ac req-7eb96b61-70dd-4128-887c-4a2c9bc5d9ac ] Request (ServersAdminNegativeTestJSON:test_resize_server_using_overlimit_vcpus): 403 POST http://10.180.1.21/compute/v2.1/servers/071bfe29-85ee-4aaa-99ea-0d81dc2de1a1/action 0.306s
2025-03-17 09:37:07.817 68748 INFO tempest.lib.common.rest_client [req-a961a1c5-e07c-4a00-9d46-2f533e27131a req-a961a1c5-e07c-4a00-9d46-2f533e27131a ] Request (ServersTestManualDisk:setUpClass): 201 POST http://10.180.1.21:9696/networking/v2.0/security-group-rules 0.126s
2025-03-17 09:37:07.842 68722 INFO tempest.lib.common.rest_client [req-32f9f982-e5ae-4281-bda7-e1faddb1bb95 req-32f9f982-e5ae-4281-bda7-e1faddb1bb95 ] Request (AttachInterfacesUnderV243Test:test_add_remove_fixed_ip): 200 GET http://10.180.1.21/compute/v2.1/servers/ec6ae023-f376-4c2f-9d3d-31144b5b007e 0.282s
2025-03-17 09:37:07.843 68762 INFO tempest.lib.common.rest_client [req-afe93318-a02a-4041-9fdc-4b7d8fc1a880 req-afe93318-a02a-4041-9fdc-4b7d8fc1a880 ] Request (ServerRescueTestJSONUnderV235:setUpClass): 200 GET http://10.180.1.21/compute/v2.1/servers/e2c3bcf8-8270-4bf9-a599-ba2cc8311f5d 0.279s
2025-03-17 09:37:07.860 68726 INFO tempest.lib.common.rest_client [req-e3a3124a-7a33-4a0b-9d5c-956c26366c04 req-e3a3124a-7a33-4a0b-9d5c-956c26366c04 ] Request (InstanceActionsTestJSON:tearDownClass): 204 DELETE http://10.180.1.21/identity/v3/users/9b30e7038ba34aa18ca6cc258622d57e 0.135s
2025-03-17 09:37:07.861 68726 INFO tempest.lib.common.dynamic_creds [-] Deleting project and security group for project: 87c11363b4b2454fa0c808cd49d876d7
2025-03-17 09:37:07.911 68726 INFO tempest.lib.common.rest_client [req-e5154f6e-9502-46f5-a537-8426c040973a req-e5154f6e-9502-46f5-a537-8426c040973a ] Request (InstanceActionsTestJSON:tearDownClass): 200 GET http://10.180.1.21:9696/networking/v2.0/security-groups?tenant_id=87c11363b4b2454fa0c808cd49d876d7&name=default 0.050s
2025-03-17 09:37:07.948 68748 INFO tempest.lib.common.rest_client [req-e2e6c5a0-2500-4f56-97b5-97a2aa1d1361 req-e2e6c5a0-2500-4f56-97b5-97a2aa1d1361 ] Request (ServersTestManualDisk:setUpClass): 201 POST http://10.180.1.21:9696/networking/v2.0/security-group-rules 0.130s
2025-03-17 09:37:07.968 68730 INFO tempest.lib.common.rest_client [req-413f8611-73a0-439f-b994-6e6f75e1b65e req-413f8611-73a0-439f-b994-6e6f75e1b65e ] Request (ServersTestFqdnHostnames:test_create_server_with_fqdn_name): 200 GET http://10.180.1.21/compute/v2.1/servers/336e7166-5e3f-4de1-b3af-14b521ec8147 0.263s
2025-03-17 09:37:08.024 68746 INFO tempest.lib.common.rest_client [req-c6cf736a-09c0-4a9f-95f6-3835bc5e26a9 req-c6cf736a-09c0-4a9f-95f6-3835bc5e26a9 ] Request (ListServerFiltersTestJSON:setUpClass): 200 GET http://10.180.1.21/compute/v2.1/servers/0a48b910-7213-4d2e-a33e-727304c3a810 0.254s
2025-03-17 09:37:08.070 68768 INFO tempest.lib.common.rest_client [req-cf172524-9b82-4fd1-9cfe-4a23e5dd31ef req-cf172524-9b82-4fd1-9cfe-4a23e5dd31ef ] Request (InstanceActionsV221TestJSON:test_get_list_deleted_instance_actions): 200 GET http://10.180.1.21/compute/v2.1/servers/f2771b69-6f75-4311-a727-ce7261fe1cf5 0.356s
2025-03-17 09:37:08.087 68726 INFO tempest.lib.common.rest_client [req-3793291e-1a2d-4164-9688-377cb78a8f82 req-3793291e-1a2d-4164-9688-377cb78a8f82 ] Request (InstanceActionsTestJSON:tearDownClass): 204 DELETE http://10.180.1.21:9696/networking/v2.0/security-groups/cd142113-9607-4def-9853-98e04781aff9 0.176s
2025-03-17 09:37:08.091 68750 INFO tempest.lib.common.rest_client [req-4343310d-eef4-4488-8d53-768f93c28afc req-4343310d-eef4-4488-8d53-768f93c28afc ] Request (ServerGroupTestJSON:test_create_server_with_scheduler_hint_group): 200 GET http://10.180.1.21/compute/v2.1/servers/899fb4f5-ddf8-4295-8abe-99669680d1d2 0.313s
2025-03-17 09:37:08.096 68728 INFO tempest.lib.common.rest_client [req-c502eefa-7891-44d4-b114-790ae9e260a2 req-c502eefa-7891-44d4-b114-790ae9e260a2 ] Request (ServersAdminNegativeTestJSON:_run_cleanups): 202 DELETE http://10.180.1.21/compute/v2.1/flavors/2003968312 0.316s
2025-03-17 09:37:08.174 68734 INFO tempest.lib.common.rest_client [req-a38eb894-6764-493d-92d2-f94254d9ca67 req-a38eb894-6764-493d-92d2-f94254d9ca67 ] Request (ServerActionsTestOtherA:setUpClass): 200 GET http://10.180.1.21/compute/v2.1/servers/d6b19435-f7df-4b89-b0b1-b147ff8d8f64 0.344s
2025-03-17 09:37:08.190 68710 INFO tempest.lib.common.rest_client [req-5b608222-f8de-4cf2-8035-bad521835015 req-5b608222-f8de-4cf2-8035-bad521835015 ] Request (MigrationsAdminTest:test_resize_server_revert_deleted_flavor): 200 GET http://10.180.1.21/compute/v2.1/servers/3ebfcb0d-4fd5-4d7f-9caa-c2e47886a0ef 0.283s
2025-03-17 09:37:08.233 68726 INFO tempest.lib.common.rest_client [req-fb5a7ce3-e911-4392-8da8-4d16c15d9e52 req-fb5a7ce3-e911-4392-8da8-4d16c15d9e52 ] Request (InstanceActionsTestJSON:tearDownClass): 204 DELETE http://10.180.1.21/identity/v3/projects/87c11363b4b2454fa0c808cd49d876d7 0.145s
2025-03-17 09:37:08.249 68716 INFO tempest.lib.common.rest_client [req-e75699e4-841f-4585-b2f4-549c5f0ef05a req-e75699e4-841f-4585-b2f4-549c5f0ef05a ] Request (ServersAdminTestJSON:setUpClass): 200 GET http://10.180.1.21/compute/v2.1/servers/03d0a82a-7689-4d48-9a5f-508f55a76ee3 0.273s
2025-03-17 09:37:08.259 68740 INFO tempest.lib.common.rest_client [req-b0d505a9-aa7b-47bc-8223-58b6e3d0ac65 req-b0d505a9-aa7b-47bc-8223-58b6e3d0ac65 ] Request (ServerDiagnosticsV248Test:tearDownClass): 200 GET http://10.180.1.21/compute/v2.1/servers/e10449a8-0e0b-496e-8861-84708e325079 0.341s
2025-03-17 09:37:08.297 68728 INFO tempest.lib.common.rest_client [req-281128c7-5169-4688-a6f5-ba50e18ea0a1 req-281128c7-5169-4688-a6f5-ba50e18ea0a1 ] Request (ServersAdminNegativeTestJSON:_run_cleanups): 200 GET http://10.180.1.21/compute/v2.1/flavors/detail 0.200s
2025-03-17 09:37:08.316 68726 INFO tempest.lib.common.rest_client [req-876cbb88-7d65-496e-b238-24b391f589e0 req-876cbb88-7d65-496e-b238-24b391f589e0 ] Request (ServersAaction247Test:setUpClass): 201 POST http://10.180.1.21/identity/v3/auth/tokens 0.081s
2025-03-17 09:37:08.320 68756 INFO tempest.lib.common.rest_client [req-e19f3527-4a3b-4722-bf9a-3ea62c107f6b req-e19f3527-4a3b-4722-bf9a-3ea62c107f6b ] Request (MultipleCreateTestJSON:_run_cleanups): 404 GET http://10.180.1.21/compute/v2.1/servers/e356559c-e4ae-4a13-8605-edb2c6608463 0.131s
2025-03-17 09:37:08.340 68720 INFO tempest.lib.common.rest_client [req-61a32f6a-0132-40e3-af44-2cf3b700f956 req-61a32f6a-0132-40e3-af44-2cf3b700f956 ] Request (FloatingIPsAssociationTestJSON:tearDownClass): 200 GET http://10.180.1.21/compute/v2.1/servers/11e16402-9fbd-4dc8-855b-b8db7dd1434c 0.272s
2025-03-17 09:37:08.359 68726 INFO tempest.lib.common.rest_client [req-a8fce48a-3863-47d0-b8ff-8b9f33fd0c31 req-a8fce48a-3863-47d0-b8ff-8b9f33fd0c31 ] Request (ServersAaction247Test:setUpClass): 201 POST http://10.180.1.21/identity/v3/auth/tokens 0.039s
2025-03-17 09:37:08.373 68732 WARNING tempest.lib.common.ssh [-] Failed to establish authenticated ssh connection to cirros@10.180.180.206 ([Errno None] Unable to connect to port 22 on 10.180.180.206). Number attempts: 3. Retry after 4 seconds.: paramiko.ssh_exception.NoValidConnectionsError: [Errno None] Unable to connect to port 22 on 10.180.180.206
2025-03-17 09:37:08.378 68744 INFO tempest.lib.common.rest_client [req-712123be-68fa-4f71-beb1-db59a588bed5 req-712123be-68fa-4f71-beb1-db59a588bed5 ] Request (DeleteServersAdminTestJSON:test_delete_server_while_in_error_state): 200 GET http://10.180.1.21/compute/v2.1/servers/03e4e020-511f-4d10-87a7-5e14a74cd77b 0.116s
2025-03-17 09:37:08.393 68726 INFO tempest.lib.common.rest_client [req-07c57295-4c67-4ed0-9dd8-19fe8a70996c req-07c57295-4c67-4ed0-9dd8-19fe8a70996c ] Request (ServersAaction247Test:setUpClass): 200 GET http://10.180.1.21/identity/v3/domains?name=Default 0.033s
2025-03-17 09:37:08.409 68770 INFO tempest.lib.common.rest_client [req-20962ab7-5f73-4ba2-8a54-ca51d4703466 req-20962ab7-5f73-4ba2-8a54-ca51d4703466 ] Request (ImagesTestJSON:test_create_image_from_stopped_server): 200 GET http://10.180.1.21/compute/v2.1/servers/0ce27112-6779-453d-845a-eb7bd66c49f9 0.104s
2025-03-17 09:37:08.412 68728 INFO tempest.lib.common.rest_client [req-7f858115-74f6-4893-97ee-e8a2285f44bb req-7f858115-74f6-4893-97ee-e8a2285f44bb ] Request (ServersAdminNegativeTestJSON:test_restore_server_invalid_state): 409 POST http://10.180.1.21/compute/v2.1/servers/071bfe29-85ee-4aaa-99ea-0d81dc2de1a1/action 0.104s
2025-03-17 09:37:08.429 68726 INFO tempest.lib.common.rest_client [req-ad5b1404-769d-4ef4-8f3d-345ec85af14e req-ad5b1404-769d-4ef4-8f3d-345ec85af14e ] Request (ServersAaction247Test:setUpClass): 201 POST http://10.180.1.21/identity/v3/projects 0.036s
2025-03-17 09:37:08.466 68738 INFO tempest.lib.common.rest_client [req-f5b7d050-aa05-4665-95b1-96bcf79a8b56 req-f5b7d050-aa05-4665-95b1-96bcf79a8b56 ] Request (ServersTestMultiNic:test_verify_duplicate_network_nics): 200 GET http://10.180.1.21/compute/v2.1/servers/954b77db-199c-4472-a489-e6b57ac2af67 0.135s
2025-03-17 09:37:08.466 68756 INFO tempest.lib.common.rest_client [req-7aa0b440-79e8-41b3-b711-963dcef542f4 req-7aa0b440-79e8-41b3-b711-963dcef542f4 ] Request (MultipleCreateTestJSON:_run_cleanups): 200 GET http://10.180.1.21/compute/v2.1/servers/cb0f9997-74dc-4974-93e3-f5a9d451499e 0.146s
2025-03-17 09:37:08.490 68726 INFO tempest.lib.common.rest_client [req-a45c16ee-47ed-430e-a950-1b3afbd7880a req-a45c16ee-47ed-430e-a950-1b3afbd7880a ] Request (ServersAaction247Test:setUpClass): 201 POST http://10.180.1.21/identity/v3/users 0.060s
2025-03-17 09:37:08.524 68726 INFO tempest.lib.common.rest_client [req-f1c8725a-cea0-43ec-ace3-9594c18e7fa8 req-f1c8725a-cea0-43ec-ace3-9594c18e7fa8 ] Request (ServersAaction247Test:setUpClass): 200 GET http://10.180.1.21/identity/v3/roles 0.033s
2025-03-17 09:37:08.531 68760 INFO tempest.lib.common.rest_client [req-039cd502-5b84-4c0a-a0e9-4ac87f01ed10 req-039cd502-5b84-4c0a-a0e9-4ac87f01ed10 ] Request (ServerMetadataTestJSON:tearDownClass): 200 GET http://10.180.1.21/compute/v2.1/servers/04218161-39eb-419d-96ea-c624f6e18e66 0.150s
2025-03-17 09:37:08.534 68724 INFO tempest.lib.common.rest_client [req-bb9d5e88-580b-456c-92a7-3cc98635de15 req-bb9d5e88-580b-456c-92a7-3cc98635de15 ] Request (ServersAdmin275Test:tearDownClass): 200 GET http://10.180.1.21/compute/v2.1/servers/04a75416-4760-4c14-9e8e-5458a095866e 0.122s
2025-03-17 09:37:08.545 68748 INFO tempest.lib.common.rest_client [req-e594681f-7267-46ef-8891-58e62ad4bed6 req-e594681f-7267-46ef-8891-58e62ad4bed6 ] Request (ServersTestManualDisk:setUpClass): 201 POST http://10.180.1.21:9696/networking/v2.0/floatingips 0.596s
2025-03-17 09:37:08.553 68726 INFO tempest.lib.common.rest_client [req-09133e7a-4ffc-4efb-bec4-e8480df20426 req-09133e7a-4ffc-4efb-bec4-e8480df20426 ] Request (ServersAaction247Test:setUpClass): 204 PUT http://10.180.1.21/identity/v3/projects/0d7751cd6265450bbee07fc8117f3463/users/76919542cb7848c28de14621c82b8a65/roles/541f57a06cd348609b3ca5d058046afa 0.028s
2025-03-17 09:37:08.553 68726 INFO tempest.lib.common.dynamic_creds [-] Dynamic test user 76919542cb7848c28de14621c82b8a65 is created with scope project and roles: ['member']
2025-03-17 09:37:08.553 68726 INFO tempest.lib.common.dynamic_creds [-] Acquired dynamic creds: credentials: Credentials: {'domain_id': 'default', 'domain_name': 'Default', 'username': 'tempest-ServersAaction247Test-1333994173-project-member', 'project_domain_id': 'default', 'project_domain_name': 'Default', 'project_id': '0d7751cd6265450bbee07fc8117f3463', 'project_name': 'tempest-ServersAaction247Test-1333994173', 'tenant_id': '0d7751cd6265450bbee07fc8117f3463', 'tenant_name': 'tempest-ServersAaction247Test-1333994173', 'user_domain_id': 'default', 'user_domain_name': 'Default', 'user_id': '76919542cb7848c28de14621c82b8a65', 'system': None}, Network: None, Subnet: None, Router: None
2025-03-17 09:37:08.553 68726 INFO tempest.lib.common.dynamic_creds [-] Created isolated network resources for: credentials: Credentials: {'domain_id': 'default', 'domain_name': 'Default', 'username': 'tempest-ServersAaction247Test-1333994173-project-member', 'project_domain_id': 'default', 'project_domain_name': 'Default', 'project_id': '0d7751cd6265450bbee07fc8117f3463', 'project_name': 'tempest-ServersAaction247Test-1333994173', 'tenant_id': '0d7751cd6265450bbee07fc8117f3463', 'tenant_name': 'tempest-ServersAaction247Test-1333994173', 'user_domain_id': 'default', 'user_domain_name': 'Default', 'user_id': '76919542cb7848c28de14621c82b8a65', 'system': None}, Network: None, Subnet: None, Router: None
2025-03-17 09:37:08.586 68742 INFO tempest.lib.common.rest_client [req-cd27c1d6-d257-40f1-b312-0d17a4d0bee9 req-cd27c1d6-d257-40f1-b312-0d17a4d0bee9 ] Request (ServersTestBootFromVolume:setUpClass): 200 GET http://10.180.1.21/compute/v2.1/servers/22c69ccb-39b6-411a-bed9-03c7555aaeff 0.128s
2025-03-17 09:37:08.607 68748 INFO tempest.lib.common.rest_client [req-afa1dfa8-bb3a-4ec5-811c-7d1a1f87b363 req-afa1dfa8-bb3a-4ec5-811c-7d1a1f87b363 ] Request (ServersTestManualDisk:setUpClass): 201 POST http://10.180.1.21/identity/v3/auth/tokens 0.059s
2025-03-17 09:37:08.608 68748 INFO tempest.lib.common.fixed_network [-] (ServersTestManualDisk:setUpClass) Found network {'id': 'b2f8a46d-b139-4447-8476-23ea3ffc9228', 'name': 'tempest-ServersTestManualDisk-1932380450-network', 'tenant_id': '868efcdf662043ae8f8d76e461a6600e', 'admin_state_up': True, 'mtu': 8950, 'status': 'ACTIVE', 'subnets': [], 'shared': False, 'project_id': '868efcdf662043ae8f8d76e461a6600e', 'port_security_enabled': True, 'router:external': False, 'provider:network_type': 'vlan', 'provider:physical_network': 'default', 'provider:segmentation_id': 674, 'availability_zone_hints': [], 'availability_zones': [], 'ipv4_address_scope': None, 'ipv6_address_scope': None, 'description': '', 'tags': [], 'created_at': '2025-03-17T09:37:03Z', 'updated_at': '2025-03-17T09:37:03Z', 'revision_number': 1} available for tenant
2025-03-17 09:37:08.608 68728 INFO tempest.lib.common.rest_client [req-2e2e1d99-ad0a-40c9-99e2-ddea8a721e65 req-2e2e1d99-ad0a-40c9-99e2-ddea8a721e65 ] Request (ServersAdminNegativeTestJSON:tearDownClass): 204 DELETE http://10.180.1.21/compute/v2.1/servers/78c655a8-fc5e-462e-b7f0-6d17345654f7 0.195s
2025-03-17 09:37:08.629 68726 INFO tempest.lib.common.rest_client [req-2f203f0d-73d0-4a54-b066-140a4014d820 req-2f203f0d-73d0-4a54-b066-140a4014d820 ] Request (ServersAaction247Test:setUpClass): 201 POST http://10.180.1.21/identity/v3/auth/tokens 0.073s
2025-03-17 09:37:08.650 68758 INFO tempest.lib.common.rest_client [req-5caed341-bd94-476a-a62f-d9391e353e70 req-5caed341-bd94-476a-a62f-d9391e353e70 ] Request (ImagesOneServerTestJSON:tearDownClass): 200 GET http://10.180.1.21/compute/v2.1/servers/186d39ce-c42b-4fb6-bcd1-ba10eeb9df20 0.095s
2025-03-17 09:37:08.664 68726 INFO tempest.lib.common.rest_client [req-2742118c-efb9-4268-89cb-09947795fa77 req-2742118c-efb9-4268-89cb-09947795fa77 ] Request (ServersAaction247Test:test_create_backup): 201 POST http://10.180.1.21/identity/v3/auth/tokens 0.032s
2025-03-17 09:37:08.664 68726 INFO tempest.lib.common.fixed_network [-] (ServersAaction247Test:test_create_backup) Found network None available for tenant
2025-03-17 09:37:08.793 68728 INFO tempest.lib.common.rest_client [req-004d899c-7c49-4b5e-a95a-89d1adcaa079 req-004d899c-7c49-4b5e-a95a-89d1adcaa079 ] Request (ServersAdminNegativeTestJSON:tearDownClass): 200 GET http://10.180.1.21/compute/v2.1/servers/78c655a8-fc5e-462e-b7f0-6d17345654f7 0.185s
2025-03-17 09:37:08.856 68766 INFO tempest.lib.common.rest_client [req-dc1a8045-1ed2-4e9a-af34-df183b0d6f2b req-dc1a8045-1ed2-4e9a-af34-df183b0d6f2b ] Request (ImagesNegativeTestJSON:test_create_image_from_deleted_server): 200 GET http://10.180.1.21/compute/v2.1/servers/6ab608b6-6828-46a0-a62a-ac56156c4be3 0.230s
2025-03-17 09:37:09.080 68726 INFO tempest.lib.common.rest_client [req-b034833a-1ac9-406c-9762-159f43f92925 req-b034833a-1ac9-406c-9762-159f43f92925 ] Request (ServersAaction247Test:test_create_backup): 202 POST http://10.180.1.21/compute/v2.1/servers 0.415s
2025-03-17 09:37:09.083 68748 INFO tempest.lib.common.rest_client [req-bd22b536-fab5-438a-a879-54a58891084f req-bd22b536-fab5-438a-a879-54a58891084f ] Request (ServersTestManualDisk:setUpClass): 202 POST http://10.180.1.21/compute/v2.1/servers 0.474s
2025-03-17 09:37:09.133 68714 INFO tempest.lib.common.rest_client [req-876b9657-1ce0-4e81-89e9-54236e7e0e19 req-876b9657-1ce0-4e81-89e9-54236e7e0e19 ] Request (ListImageFiltersTestJSON:setUpClass): 200 GET http://10.180.1.21/compute/v2.1/images/884fdd8e-eb79-4554-a68d-5174b71ce4b9 0.458s
2025-03-17 09:37:09.167 68708 INFO tempest.lib.common.rest_client [req-c39e7bca-3f50-4ea3-956c-33003c5fcff0 req-c39e7bca-3f50-4ea3-956c-33003c5fcff0 ] Request (DeleteServersTestJSON:test_delete_active_server): 200 GET http://10.180.1.21/compute/v2.1/servers/27d98b28-1248-40cf-8a75-121ce862be45 0.477s
2025-03-17 09:37:09.210 68736 INFO tempest.lib.common.rest_client [req-b012261d-1c3f-42b1-b65a-cda17297e1a8 req-b012261d-1c3f-42b1-b65a-cda17297e1a8 ] Request (ServersListShow298Test:test_list_show_update_rebuild_server_298): 200 GET http://10.180.1.21/compute/v2.1/servers/69f2e7b4-4673-4707-87e3-e40032f09a10 0.431s
2025-03-17 09:37:09.234 68762 INFO tempest.lib.common.rest_client [req-9ec09250-e5bf-4def-acdc-630c362449e8 req-9ec09250-e5bf-4def-acdc-630c362449e8 ] Request (ServerRescueTestJSONUnderV235:setUpClass): 200 GET http://10.180.1.21/compute/v2.1/servers/e2c3bcf8-8270-4bf9-a599-ba2cc8311f5d 0.378s
2025-03-17 09:37:09.267 68722 INFO tempest.lib.common.rest_client [req-be292424-a8ef-4165-a2e7-4bb88a3f81be req-be292424-a8ef-4165-a2e7-4bb88a3f81be ] Request (AttachInterfacesUnderV243Test:test_add_remove_fixed_ip): 200 GET http://10.180.1.21/compute/v2.1/servers/ec6ae023-f376-4c2f-9d3d-31144b5b007e 0.412s
2025-03-17 09:37:09.325 68746 INFO tempest.lib.common.rest_client [req-15778d3c-68af-488e-9ad2-407d0ee4b598 req-15778d3c-68af-488e-9ad2-407d0ee4b598 ] Request (ListServerFiltersTestJSON:setUpClass): 200 GET http://10.180.1.21/compute/v2.1/servers/0a48b910-7213-4d2e-a33e-727304c3a810 0.285s
2025-03-17 09:37:09.380 68726 INFO tempest.lib.common.rest_client [req-3a647805-01d1-49f3-9979-93b3818fe621 req-3a647805-01d1-49f3-9979-93b3818fe621 ] Request (ServersAaction247Test:test_create_backup): 200 GET http://10.180.1.21/compute/v2.1/servers/9158ca40-77ed-46cc-9e18-701703d52463 0.298s
2025-03-17 09:37:09.397 68754 WARNING tempest.lib.common.ssh [-] Failed to establish authenticated ssh connection to cirros@10.180.180.145 ([Errno None] Unable to connect to port 22 on 10.180.180.145). Number attempts: 8. Retry after 9 seconds.: paramiko.ssh_exception.NoValidConnectionsError: [Errno None] Unable to connect to port 22 on 10.180.180.145
2025-03-17 09:37:09.421 68748 INFO tempest.lib.common.rest_client [req-309928d6-2018-4214-b65e-1893ff118293 req-309928d6-2018-4214-b65e-1893ff118293 ] Request (ServersTestManualDisk:setUpClass): 200 GET http://10.180.1.21/compute/v2.1/servers/4874b0c8-bcd3-4eca-a82f-f76539d141bb 0.336s
2025-03-17 09:37:09.423 68730 INFO tempest.lib.common.rest_client [req-9efaa498-3b6b-41c9-b4bb-553d921c01a3 req-9efaa498-3b6b-41c9-b4bb-553d921c01a3 ] Request (ServersTestFqdnHostnames:test_create_server_with_fqdn_name): 200 GET http://10.180.1.21/compute/v2.1/servers/336e7166-5e3f-4de1-b3af-14b521ec8147 0.445s
2025-03-17 09:37:09.430 68730 INFO tempest.common.waiters [-] State transition "BUILD/spawning" ==> "ACTIVE/None" after 47 second wait
2025-03-17 09:37:09.479 68750 INFO tempest.lib.common.rest_client [req-49ba82cc-6e94-436e-bae5-ce57cff7eede req-49ba82cc-6e94-436e-bae5-ce57cff7eede ] Request (ServerGroupTestJSON:test_create_server_with_scheduler_hint_group): 200 GET http://10.180.1.21/compute/v2.1/servers/899fb4f5-ddf8-4295-8abe-99669680d1d2 0.375s
2025-03-17 09:37:09.537 68734 INFO tempest.lib.common.rest_client [req-a5b0fb31-95e1-4070-9125-1e9498991f88 req-a5b0fb31-95e1-4070-9125-1e9498991f88 ] Request (ServerActionsTestOtherA:setUpClass): 200 GET http://10.180.1.21/compute/v2.1/servers/d6b19435-f7df-4b89-b0b1-b147ff8d8f64 0.349s
2025-03-17 09:37:09.550 68768 INFO tempest.lib.common.rest_client [req-a31775f5-74f6-438a-86fd-cb5c8a70c402 req-a31775f5-74f6-438a-86fd-cb5c8a70c402 ] Request (InstanceActionsV221TestJSON:test_get_list_deleted_instance_actions): 200 GET http://10.180.1.21/compute/v2.1/servers/f2771b69-6f75-4311-a727-ce7261fe1cf5 0.462s
2025-03-17 09:37:09.559 68768 INFO tempest.common.waiters [-] State transition "BUILD/spawning" ==> "ACTIVE/None" after 50 second wait
2025-03-17 09:37:09.592 68710 INFO tempest.lib.common.rest_client [req-033ba350-b22d-4056-9b49-2f210a01cd85 req-033ba350-b22d-4056-9b49-2f210a01cd85 ] Request (MigrationsAdminTest:test_resize_server_revert_deleted_flavor): 200 GET http://10.180.1.21/compute/v2.1/servers/3ebfcb0d-4fd5-4d7f-9caa-c2e47886a0ef 0.389s
2025-03-17 09:37:09.603 68716 INFO tempest.lib.common.rest_client [req-c444d543-9bba-4a1c-a107-4075345aa59f req-c444d543-9bba-4a1c-a107-4075345aa59f ] Request (ServersAdminTestJSON:setUpClass): 200 GET http://10.180.1.21/compute/v2.1/servers/03d0a82a-7689-4d48-9a5f-508f55a76ee3 0.345s
2025-03-17 09:37:09.658 68740 INFO tempest.lib.common.rest_client [req-26a33229-acb4-4371-9db9-6a5f94da0100 req-26a33229-acb4-4371-9db9-6a5f94da0100 ] Request (ServerDiagnosticsV248Test:tearDownClass): 200 GET http://10.180.1.21/compute/v2.1/servers/e10449a8-0e0b-496e-8861-84708e325079 0.386s
2025-03-17 09:37:09.664 68720 INFO tempest.lib.common.rest_client [req-82a1b502-d6b4-43d0-acd3-9451e818ca26 req-82a1b502-d6b4-43d0-acd3-9451e818ca26 ] Request (FloatingIPsAssociationTestJSON:tearDownClass): 200 GET http://10.180.1.21/compute/v2.1/servers/11e16402-9fbd-4dc8-855b-b8db7dd1434c 0.316s
2025-03-17 09:37:09.718 68744 INFO tempest.lib.common.rest_client [req-144ba744-f54f-4dc8-8590-081e881f4e7f req-144ba744-f54f-4dc8-8590-081e881f4e7f ] Request (DeleteServersAdminTestJSON:test_delete_server_while_in_error_state): 200 GET http://10.180.1.21/compute/v2.1/servers/03e4e020-511f-4d10-87a7-5e14a74cd77b 0.329s
2025-03-17 09:37:09.725 68770 INFO tempest.lib.common.rest_client [req-77228b63-95ba-49cb-849d-9940b3233524 req-77228b63-95ba-49cb-849d-9940b3233524 ] Request (ImagesTestJSON:test_create_image_from_stopped_server): 200 GET http://10.180.1.21/compute/v2.1/servers/0ce27112-6779-453d-845a-eb7bd66c49f9 0.306s
2025-03-17 09:37:09.776 68738 INFO tempest.lib.common.rest_client [req-d6a46e24-41fa-4c73-94c9-8dc30dfc4c84 req-d6a46e24-41fa-4c73-94c9-8dc30dfc4c84 ] Request (ServersTestMultiNic:test_verify_duplicate_network_nics): 200 GET http://10.180.1.21/compute/v2.1/servers/954b77db-199c-4472-a489-e6b57ac2af67 0.301s
2025-03-17 09:37:09.779 68730 INFO tempest.lib.common.rest_client [req-606a5b54-34c1-41a8-bb88-3d8ae54abb63 req-606a5b54-34c1-41a8-bb88-3d8ae54abb63 ] Request (ServersTestFqdnHostnames:test_create_server_with_fqdn_name): 200 GET http://10.180.1.21/compute/v2.1/servers/336e7166-5e3f-4de1-b3af-14b521ec8147/os-interface 0.349s
2025-03-17 09:37:09.804 68756 INFO tempest.lib.common.rest_client [req-68746197-64cc-44b7-94bb-c5fb61542520 req-68746197-64cc-44b7-94bb-c5fb61542520 ] Request (MultipleCreateTestJSON:_run_cleanups): 404 GET http://10.180.1.21/compute/v2.1/servers/cb0f9997-74dc-4974-93e3-f5a9d451499e 0.327s
2025-03-17 09:37:09.853 68760 INFO tempest.lib.common.rest_client [req-5a7c6400-5e00-4513-8c37-c435bb73c133 req-5a7c6400-5e00-4513-8c37-c435bb73c133 ] Request (ServerMetadataTestJSON:tearDownClass): 200 GET http://10.180.1.21/compute/v2.1/servers/04218161-39eb-419d-96ea-c624f6e18e66 0.312s
2025-03-17 09:37:09.879 68724 INFO tempest.lib.common.rest_client [req-c103d964-2bac-43bb-a4c5-b9f3696d230b req-c103d964-2bac-43bb-a4c5-b9f3696d230b ] Request (ServersAdmin275Test:tearDownClass): 200 GET http://10.180.1.21/compute/v2.1/servers/04a75416-4760-4c14-9e8e-5458a095866e 0.334s
2025-03-17 09:37:09.889 68756 INFO tempest.lib.common.rest_client [req-920449f3-0864-4ad2-bf8c-caeb643e21fa req-920449f3-0864-4ad2-bf8c-caeb643e21fa ] Request (MultipleCreateTestJSON:test_multiple_create_with_reservation_return): 201 POST http://10.180.1.21/identity/v3/auth/tokens 0.081s
2025-03-17 09:37:09.890 68756 INFO tempest.lib.common.fixed_network [-] (MultipleCreateTestJSON:test_multiple_create_with_reservation_return) Found network {'id': 'ae330b66-e2f3-4dfe-9ec6-e52a03e1f1f7', 'name': 'tempest-MultipleCreateTestJSON-26313167-network', 'tenant_id': '2fb8f7a30962419da5cb60a6f22fc690', 'admin_state_up': True, 'mtu': 8950, 'status': 'ACTIVE', 'subnets': [], 'shared': False, 'project_id': '2fb8f7a30962419da5cb60a6f22fc690', 'port_security_enabled': True, 'router:external': False, 'provider:network_type': 'vlan', 'provider:physical_network': 'default', 'provider:segmentation_id': 646, 'availability_zone_hints': [], 'availability_zones': [], 'ipv4_address_scope': None, 'ipv6_address_scope': None, 'description': '', 'tags': [], 'created_at': '2025-03-17T09:35:43Z', 'updated_at': '2025-03-17T09:35:43Z', 'revision_number': 1} available for tenant
2025-03-17 09:37:09.927 68742 INFO tempest.lib.common.rest_client [req-4b2f3263-b35a-476d-b91d-50d706f85595 req-4b2f3263-b35a-476d-b91d-50d706f85595 ] Request (ServersTestBootFromVolume:setUpClass): 200 GET http://10.180.1.21/compute/v2.1/servers/22c69ccb-39b6-411a-bed9-03c7555aaeff 0.330s
2025-03-17 09:37:09.939 68768 INFO tempest.lib.common.rest_client [req-d98eec88-9b9f-4465-ab9f-89c72429a92e req-d98eec88-9b9f-4465-ab9f-89c72429a92e ] Request (InstanceActionsV221TestJSON:test_get_list_deleted_instance_actions): 204 DELETE http://10.180.1.21/compute/v2.1/servers/f2771b69-6f75-4311-a727-ce7261fe1cf5 0.380s
2025-03-17 09:37:09.989 68758 INFO tempest.lib.common.rest_client [req-fa021ff2-3398-467a-82f7-63cecef585dc req-fa021ff2-3398-467a-82f7-63cecef585dc ] Request (ImagesOneServerTestJSON:tearDownClass): 200 GET http://10.180.1.21/compute/v2.1/servers/186d39ce-c42b-4fb6-bcd1-ba10eeb9df20 0.330s
2025-03-17 09:37:10.058 68766 INFO tempest.lib.common.rest_client [req-31a9ab45-8da5-45cb-b3d1-1417a81d1fd8 req-31a9ab45-8da5-45cb-b3d1-1417a81d1fd8 ] Request (ImagesNegativeTestJSON:test_create_image_from_deleted_server): 200 GET http://10.180.1.21/compute/v2.1/servers/6ab608b6-6828-46a0-a62a-ac56156c4be3 0.191s
2025-03-17 09:37:10.201 68752 WARNING tempest.lib.common.ssh [-] Failed to establish authenticated ssh connection to cirros@10.180.180.191 ([Errno None] Unable to connect to port 22 on 10.180.180.191). Number attempts: 2. Retry after 3 seconds.: paramiko.ssh_exception.NoValidConnectionsError: [Errno None] Unable to connect to port 22 on 10.180.180.191
2025-03-17 09:37:10.365 68728 INFO tempest.lib.common.rest_client [req-cb3e6f58-1e18-4c50-8312-26e63b805e12 req-cb3e6f58-1e18-4c50-8312-26e63b805e12 ] Request (ServersAdminNegativeTestJSON:tearDownClass): 200 GET http://10.180.1.21/compute/v2.1/servers/78c655a8-fc5e-462e-b7f0-6d17345654f7 0.563s
2025-03-17 09:37:10.514 68768 INFO tempest.lib.common.rest_client [req-161d606e-17c4-4534-af03-bd1662cb6a70 req-161d606e-17c4-4534-af03-bd1662cb6a70 ] Request (InstanceActionsV221TestJSON:test_get_list_deleted_instance_actions): 200 GET http://10.180.1.21/compute/v2.1/servers/f2771b69-6f75-4311-a727-ce7261fe1cf5 0.575s
2025-03-17 09:37:10.551 68714 INFO tempest.lib.common.rest_client [req-2fcc4fc5-e4d1-40f7-829f-c141132c712c req-2fcc4fc5-e4d1-40f7-829f-c141132c712c ] Request (ListImageFiltersTestJSON:setUpClass): 200 GET http://10.180.1.21/compute/v2.1/images/884fdd8e-eb79-4554-a68d-5174b71ce4b9 0.413s
2025-03-17 09:37:10.577 68730 INFO tempest.lib.common.rest_client [req-eafb10e9-c0f3-4703-b19c-ebaaeaa556b7 req-eafb10e9-c0f3-4703-b19c-ebaaeaa556b7 ] Request (ServersTestFqdnHostnames:test_create_server_with_fqdn_name): 200 PUT http://10.180.1.21:9696/networking/v2.0/floatingips/4f6501b4-965b-4784-9e9b-e051cf8351ae 0.796s
2025-03-17 09:37:10.579 68730 INFO tempest.lib.common.ssh [-] Creating ssh connection to '10.180.180.147:22' as 'cirros' with public key authentication
2025-03-17 09:37:10.582 68756 INFO tempest.lib.common.rest_client [req-d5d1814a-643f-4aee-8441-ab065941724f req-d5d1814a-643f-4aee-8441-ab065941724f ] Request (MultipleCreateTestJSON:test_multiple_create_with_reservation_return): 202 POST http://10.180.1.21/compute/v2.1/servers 0.692s
2025-03-17 09:37:10.632 68708 INFO tempest.lib.common.rest_client [req-824fb517-0580-4828-b0dc-9f0de24416d1 req-824fb517-0580-4828-b0dc-9f0de24416d1 ] Request (DeleteServersTestJSON:test_delete_active_server): 200 GET http://10.180.1.21/compute/v2.1/servers/27d98b28-1248-40cf-8a75-121ce862be45 0.456s
2025-03-17 09:37:10.640 68708 INFO tempest.common.waiters [-] State transition "ACTIVE/deleting" ==> "DELETED/None" after 4 second wait
2025-03-17 09:37:10.645 68736 INFO tempest.lib.common.rest_client [req-c61623c1-e717-44b6-a199-88365f93c941 req-c61623c1-e717-44b6-a199-88365f93c941 ] Request (ServersListShow298Test:test_list_show_update_rebuild_server_298): 200 GET http://10.180.1.21/compute/v2.1/servers/69f2e7b4-4673-4707-87e3-e40032f09a10 0.421s
2025-03-17 09:37:10.693 68762 INFO tempest.lib.common.rest_client [req-9d20250b-7514-4f69-ac51-88e8b6add8d5 req-9d20250b-7514-4f69-ac51-88e8b6add8d5 ] Request (ServerRescueTestJSONUnderV235:setUpClass): 200 GET http://10.180.1.21/compute/v2.1/servers/e2c3bcf8-8270-4bf9-a599-ba2cc8311f5d 0.445s
2025-03-17 09:37:10.706 68722 INFO tempest.lib.common.rest_client [req-1d7493df-0722-4ae5-bc66-00a7e76ce08a req-1d7493df-0722-4ae5-bc66-00a7e76ce08a ] Request (AttachInterfacesUnderV243Test:test_add_remove_fixed_ip): 200 GET http://10.180.1.21/compute/v2.1/servers/ec6ae023-f376-4c2f-9d3d-31144b5b007e 0.430s
2025-03-17 09:37:10.762 68746 INFO tempest.lib.common.rest_client [req-04ce0550-047c-4761-8b8c-0500e347b723 req-04ce0550-047c-4761-8b8c-0500e347b723 ] Request (ListServerFiltersTestJSON:setUpClass): 200 GET http://10.180.1.21/compute/v2.1/servers/0a48b910-7213-4d2e-a33e-727304c3a810 0.423s
2025-03-17 09:37:10.775 68726 INFO tempest.lib.common.rest_client [req-54b6b585-59da-42c6-b5a3-7937d73e1e02 req-54b6b585-59da-42c6-b5a3-7937d73e1e02 ] Request (ServersAaction247Test:test_create_backup): 200 GET http://10.180.1.21/compute/v2.1/servers/9158ca40-77ed-46cc-9e18-701703d52463 0.384s
2025-03-17 09:37:10.827 68748 INFO tempest.lib.common.rest_client [req-1eeeb138-340b-4ec4-bcda-04bcb2067bb4 req-1eeeb138-340b-4ec4-bcda-04bcb2067bb4 ] Request (ServersTestManualDisk:setUpClass): 200 GET http://10.180.1.21/compute/v2.1/servers/4874b0c8-bcd3-4eca-a82f-f76539d141bb 0.398s
2025-03-17 09:37:10.836 68750 INFO tempest.lib.common.rest_client [req-1cd74629-f9e6-4e58-905a-c6031b35c498 req-1cd74629-f9e6-4e58-905a-c6031b35c498 ] Request (ServerGroupTestJSON:test_create_server_with_scheduler_hint_group): 200 GET http://10.180.1.21/compute/v2.1/servers/899fb4f5-ddf8-4295-8abe-99669680d1d2 0.347s
2025-03-17 09:37:10.881 68734 INFO tempest.lib.common.rest_client [req-43847b10-3c09-4426-b222-0bb81442cae1 req-43847b10-3c09-4426-b222-0bb81442cae1 ] Request (ServerActionsTestOtherA:setUpClass): 200 GET http://10.180.1.21/compute/v2.1/servers/d6b19435-f7df-4b89-b0b1-b147ff8d8f64 0.336s
2025-03-17 09:37:10.890 68734 INFO tempest.common.waiters [-] State transition "BUILD/scheduling" ==> "BUILD/None" after 31 second wait
2025-03-17 09:37:10.900 68756 INFO tempest.lib.common.rest_client [req-4e47cfcd-999b-44a9-b8e3-00e930a72138 req-4e47cfcd-999b-44a9-b8e3-00e930a72138 ] Request (MultipleCreateTestJSON:test_multiple_create_with_reservation_return): 200 GET http://10.180.1.21/compute/v2.1/servers 0.317s
2025-03-17 09:37:10.937 68710 INFO tempest.lib.common.rest_client [req-71484e7a-c8bb-4bd5-8ed3-7176ad7d587b req-71484e7a-c8bb-4bd5-8ed3-7176ad7d587b ] Request (MigrationsAdminTest:test_resize_server_revert_deleted_flavor): 200 GET http://10.180.1.21/compute/v2.1/servers/3ebfcb0d-4fd5-4d7f-9caa-c2e47886a0ef 0.338s
2025-03-17 09:37:10.956 68716 INFO tempest.lib.common.rest_client [req-92a67d22-17eb-45a6-b991-657ba829ab33 req-92a67d22-17eb-45a6-b991-657ba829ab33 ] Request (ServersAdminTestJSON:setUpClass): 200 GET http://10.180.1.21/compute/v2.1/servers/03d0a82a-7689-4d48-9a5f-508f55a76ee3 0.344s
2025-03-17 09:37:11.000 68740 INFO tempest.lib.common.rest_client [req-97cf892a-24d4-4e64-9dc8-0454b96f0f06 req-97cf892a-24d4-4e64-9dc8-0454b96f0f06 ] Request (ServerDiagnosticsV248Test:tearDownClass): 200 GET http://10.180.1.21/compute/v2.1/servers/e10449a8-0e0b-496e-8861-84708e325079 0.333s
2025-03-17 09:37:11.018 68720 INFO tempest.lib.common.rest_client [req-57a76642-6c58-472d-be26-633552265a1a req-57a76642-6c58-472d-be26-633552265a1a ] Request (FloatingIPsAssociationTestJSON:tearDownClass): 200 GET http://10.180.1.21/compute/v2.1/servers/11e16402-9fbd-4dc8-855b-b8db7dd1434c 0.343s
2025-03-17 09:37:11.086 68744 INFO tempest.lib.common.rest_client [req-1ac351cf-1d2b-4b0c-8466-bfcc9b47eff5 req-1ac351cf-1d2b-4b0c-8466-bfcc9b47eff5 ] Request (DeleteServersAdminTestJSON:test_delete_server_while_in_error_state): 200 GET http://10.180.1.21/compute/v2.1/servers/03e4e020-511f-4d10-87a7-5e14a74cd77b 0.360s
2025-03-17 09:37:11.094 68770 INFO tempest.lib.common.rest_client [req-ffddffed-5f9f-4476-bd0c-d583d36bfe1d req-ffddffed-5f9f-4476-bd0c-d583d36bfe1d ] Request (ImagesTestJSON:test_create_image_from_stopped_server): 200 GET http://10.180.1.21/compute/v2.1/servers/0ce27112-6779-453d-845a-eb7bd66c49f9 0.361s
2025-03-17 09:37:11.104 68770 INFO tempest.common.waiters [-] State transition "BUILD/scheduling" ==> "BUILD/None" after 37 second wait
2025-03-17 09:37:11.155 68738 INFO tempest.lib.common.rest_client [req-787e40b7-866e-4a69-a3e6-7e8c1cb6b351 req-787e40b7-866e-4a69-a3e6-7e8c1cb6b351 ] Request (ServersTestMultiNic:test_verify_duplicate_network_nics): 200 GET http://10.180.1.21/compute/v2.1/servers/954b77db-199c-4472-a489-e6b57ac2af67 0.369s
2025-03-17 09:37:11.165 68760 INFO tempest.lib.common.rest_client [req-b0306b03-71c4-4706-b1ae-9adaed2a6341 req-b0306b03-71c4-4706-b1ae-9adaed2a6341 ] Request (ServerMetadataTestJSON:tearDownClass): 200 GET http://10.180.1.21/compute/v2.1/servers/04218161-39eb-419d-96ea-c624f6e18e66 0.301s
2025-03-17 09:37:11.210 68756 INFO tempest.lib.common.rest_client [req-46fab712-f940-45ac-bb98-13ad8ecc29a9 req-46fab712-f940-45ac-bb98-13ad8ecc29a9 ] Request (MultipleCreateTestJSON:test_multiple_create_with_reservation_return): 200 GET http://10.180.1.21/compute/v2.1/servers/7cf7d50a-e2f5-4288-8120-0f73e85bb66a 0.307s
2025-03-17 09:37:11.223 68724 INFO tempest.lib.common.rest_client [req-39462754-0674-4f15-b931-c0fdad45ecbf req-39462754-0674-4f15-b931-c0fdad45ecbf ] Request (ServersAdmin275Test:tearDownClass): 200 GET http://10.180.1.21/compute/v2.1/servers/04a75416-4760-4c14-9e8e-5458a095866e 0.330s
2025-03-17 09:37:11.271 68742 INFO tempest.lib.common.rest_client [req-1d1fdec8-1a92-484b-98ff-728bbf40f872 req-1d1fdec8-1a92-484b-98ff-728bbf40f872 ] Request (ServersTestBootFromVolume:setUpClass): 200 GET http://10.180.1.21/compute/v2.1/servers/22c69ccb-39b6-411a-bed9-03c7555aaeff 0.335s
2025-03-17 09:37:11.290 68758 INFO tempest.lib.common.rest_client [req-79a255d9-bcc8-4da9-8c4d-988bdf88cec9 req-79a255d9-bcc8-4da9-8c4d-988bdf88cec9 ] Request (ImagesOneServerTestJSON:tearDownClass): 200 GET http://10.180.1.21/compute/v2.1/servers/186d39ce-c42b-4fb6-bcd1-ba10eeb9df20 0.291s
2025-03-17 09:37:11.327 68766 INFO tempest.lib.common.rest_client [req-d2360696-a191-4752-9bba-6e53b5a1480b req-d2360696-a191-4752-9bba-6e53b5a1480b ] Request (ImagesNegativeTestJSON:test_create_image_from_deleted_server): 200 GET http://10.180.1.21/compute/v2.1/servers/6ab608b6-6828-46a0-a62a-ac56156c4be3 0.256s
2025-03-17 09:37:11.428 68728 INFO tempest.lib.common.rest_client [req-b98b42c4-8680-4590-b9ad-318bfdbbeb11 req-b98b42c4-8680-4590-b9ad-318bfdbbeb11 ] Request (ServersAdminNegativeTestJSON:tearDownClass): 200 GET http://10.180.1.21/compute/v2.1/servers/78c655a8-fc5e-462e-b7f0-6d17345654f7 0.052s
2025-03-17 09:37:11.590 68714 INFO tempest.lib.common.rest_client [req-a8ccdfdc-4579-4bfe-a323-1856cbbf0212 req-a8ccdfdc-4579-4bfe-a323-1856cbbf0212 ] Request (ListImageFiltersTestJSON:setUpClass): 200 GET http://10.180.1.21/compute/v2.1/images/884fdd8e-eb79-4554-a68d-5174b71ce4b9 0.036s
2025-03-17 09:37:11.626 68768 INFO tempest.lib.common.rest_client [req-44c9c7fc-f279-4ab9-b585-dacd1d012172 req-44c9c7fc-f279-4ab9-b585-dacd1d012172 ] Request (InstanceActionsV221TestJSON:test_get_list_deleted_instance_actions): 200 GET http://10.180.1.21/compute/v2.1/servers/f2771b69-6f75-4311-a727-ce7261fe1cf5 0.102s
2025-03-17 09:37:11.697 68708 INFO tempest.lib.common.rest_client [req-02e79255-5240-436a-9746-1f8ff588559d req-02e79255-5240-436a-9746-1f8ff588559d ] Request (DeleteServersTestJSON:test_delete_active_server): 200 GET http://10.180.1.21/compute/v2.1/servers/27d98b28-1248-40cf-8a75-121ce862be45 0.057s
2025-03-17 09:37:11.720 68736 INFO tempest.lib.common.rest_client [req-e67d710c-0068-48dc-8cad-7f0d5e1aa808 req-e67d710c-0068-48dc-8cad-7f0d5e1aa808 ] Request (ServersListShow298Test:test_list_show_update_rebuild_server_298): 200 GET http://10.180.1.21/compute/v2.1/servers/69f2e7b4-4673-4707-87e3-e40032f09a10 0.063s
2025-03-17 09:37:11.753 68762 INFO tempest.lib.common.rest_client [req-73a0d6bb-9c07-4a2b-a9c3-23b5e1c28648 req-73a0d6bb-9c07-4a2b-a9c3-23b5e1c28648 ] Request (ServerRescueTestJSONUnderV235:setUpClass): 200 GET http://10.180.1.21/compute/v2.1/servers/e2c3bcf8-8270-4bf9-a599-ba2cc8311f5d 0.051s
2025-03-17 09:37:11.768 68722 INFO tempest.lib.common.rest_client [req-8a93ca32-e64f-4356-b3df-00940b592acd req-8a93ca32-e64f-4356-b3df-00940b592acd ] Request (AttachInterfacesUnderV243Test:test_add_remove_fixed_ip): 200 GET http://10.180.1.21/compute/v2.1/servers/ec6ae023-f376-4c2f-9d3d-31144b5b007e 0.054s
2025-03-17 09:37:11.826 68746 INFO tempest.lib.common.rest_client [req-67078dc1-cf80-4a04-8825-0cac9cc9d45d req-67078dc1-cf80-4a04-8825-0cac9cc9d45d ] Request (ListServerFiltersTestJSON:setUpClass): 200 GET http://10.180.1.21/compute/v2.1/servers/0a48b910-7213-4d2e-a33e-727304c3a810 0.052s
2025-03-17 09:37:11.848 68726 INFO tempest.lib.common.rest_client [req-0f8ff9e9-cc12-470b-ab2d-8660f4616f51 req-0f8ff9e9-cc12-470b-ab2d-8660f4616f51 ] Request (ServersAaction247Test:test_create_backup): 200 GET http://10.180.1.21/compute/v2.1/servers/9158ca40-77ed-46cc-9e18-701703d52463 0.054s
2025-03-17 09:37:11.898 68748 INFO tempest.lib.common.rest_client [req-db0aab8e-d19e-4ecc-b6ca-1d8f427203da req-db0aab8e-d19e-4ecc-b6ca-1d8f427203da ] Request (ServersTestManualDisk:setUpClass): 200 GET http://10.180.1.21/compute/v2.1/servers/4874b0c8-bcd3-4eca-a82f-f76539d141bb 0.063s
2025-03-17 09:37:11.899 68750 INFO tempest.lib.common.rest_client [req-021105ef-ec2e-4121-90b1-a594db3fff19 req-021105ef-ec2e-4121-90b1-a594db3fff19 ] Request (ServerGroupTestJSON:test_create_server_with_scheduler_hint_group): 200 GET http://10.180.1.21/compute/v2.1/servers/899fb4f5-ddf8-4295-8abe-99669680d1d2 0.053s
2025-03-17 09:37:11.953 68734 INFO tempest.lib.common.rest_client [req-ccb36a40-4c2a-496f-9a01-6df049f2e353 req-ccb36a40-4c2a-496f-9a01-6df049f2e353 ] Request (ServerActionsTestOtherA:setUpClass): 200 GET http://10.180.1.21/compute/v2.1/servers/d6b19435-f7df-4b89-b0b1-b147ff8d8f64 0.062s
2025-03-17 09:37:12.003 68710 INFO tempest.lib.common.rest_client [req-961f6686-ca6a-4bc9-84e8-ca7d48aec4d9 req-961f6686-ca6a-4bc9-84e8-ca7d48aec4d9 ] Request (MigrationsAdminTest:test_resize_server_revert_deleted_flavor): 200 GET http://10.180.1.21/compute/v2.1/servers/3ebfcb0d-4fd5-4d7f-9caa-c2e47886a0ef 0.054s
2025-03-17 09:37:12.018 68716 INFO tempest.lib.common.rest_client [req-c3a75ca4-1c33-423b-b739-ac3eac54d25e req-c3a75ca4-1c33-423b-b739-ac3eac54d25e ] Request (ServersAdminTestJSON:setUpClass): 200 GET http://10.180.1.21/compute/v2.1/servers/03d0a82a-7689-4d48-9a5f-508f55a76ee3 0.054s
2025-03-17 09:37:12.082 68740 INFO tempest.lib.common.rest_client [req-a20fc872-e370-44e4-bd30-327804b65f83 req-a20fc872-e370-44e4-bd30-327804b65f83 ] Request (ServerDiagnosticsV248Test:tearDownClass): 200 GET http://10.180.1.21/compute/v2.1/servers/e10449a8-0e0b-496e-8861-84708e325079 0.071s
2025-03-17 09:37:12.105 68720 INFO tempest.lib.common.rest_client [req-cbf00602-b72b-487f-82d6-ef796fe18f28 req-cbf00602-b72b-487f-82d6-ef796fe18f28 ] Request (FloatingIPsAssociationTestJSON:tearDownClass): 200 GET http://10.180.1.21/compute/v2.1/servers/11e16402-9fbd-4dc8-855b-b8db7dd1434c 0.077s
2025-03-17 09:37:12.156 68744 INFO tempest.lib.common.rest_client [req-6d5d7f0b-94e1-4ebf-b016-b36215392f61 req-6d5d7f0b-94e1-4ebf-b016-b36215392f61 ] Request (DeleteServersAdminTestJSON:test_delete_server_while_in_error_state): 200 GET http://10.180.1.21/compute/v2.1/servers/03e4e020-511f-4d10-87a7-5e14a74cd77b 0.059s
2025-03-17 09:37:12.166 68770 INFO tempest.lib.common.rest_client [req-57e22af7-002d-4f20-a405-851e21343572 req-57e22af7-002d-4f20-a405-851e21343572 ] Request (ImagesTestJSON:test_create_image_from_stopped_server): 200 GET http://10.180.1.21/compute/v2.1/servers/0ce27112-6779-453d-845a-eb7bd66c49f9 0.061s
2025-03-17 09:37:12.215 68738 INFO tempest.lib.common.rest_client [req-e5585ae1-87bc-4ef7-9d91-541e5758b368 req-e5585ae1-87bc-4ef7-9d91-541e5758b368 ] Request (ServersTestMultiNic:test_verify_duplicate_network_nics): 200 GET http://10.180.1.21/compute/v2.1/servers/954b77db-199c-4472-a489-e6b57ac2af67 0.050s
2025-03-17 09:37:12.243 68760 INFO tempest.lib.common.rest_client [req-472e8402-a524-40bc-9bc4-18309a1e788f req-472e8402-a524-40bc-9bc4-18309a1e788f ] Request (ServerMetadataTestJSON:tearDownClass): 200 GET http://10.180.1.21/compute/v2.1/servers/04218161-39eb-419d-96ea-c624f6e18e66 0.066s
2025-03-17 09:37:12.272 68756 INFO tempest.lib.common.rest_client [req-55f93390-8eb5-4e97-99eb-de055c0100a9 req-55f93390-8eb5-4e97-99eb-de055c0100a9 ] Request (MultipleCreateTestJSON:test_multiple_create_with_reservation_return): 200 GET http://10.180.1.21/compute/v2.1/servers/7cf7d50a-e2f5-4288-8120-0f73e85bb66a 0.050s
2025-03-17 09:37:12.306 68724 INFO tempest.lib.common.rest_client [req-89d483a6-9c13-4916-9b0f-1dacd6072b0a req-89d483a6-9c13-4916-9b0f-1dacd6072b0a ] Request (ServersAdmin275Test:tearDownClass): 200 GET http://10.180.1.21/compute/v2.1/servers/04a75416-4760-4c14-9e8e-5458a095866e 0.073s
2025-03-17 09:37:12.315 68724 INFO tempest.common.waiters [-] State transition "ACTIVE/deleting" ==> "DELETED/None" after 5 second wait
2025-03-17 09:37:12.338 68742 INFO tempest.lib.common.rest_client [req-d467bb58-9705-4e80-b94d-3647b23393bf req-d467bb58-9705-4e80-b94d-3647b23393bf ] Request (ServersTestBootFromVolume:setUpClass): 200 GET http://10.180.1.21/compute/v2.1/servers/22c69ccb-39b6-411a-bed9-03c7555aaeff 0.051s
2025-03-17 09:37:12.365 68758 INFO tempest.lib.common.rest_client [req-c6aef6b6-4aaa-4c49-946f-7b1006796251 req-c6aef6b6-4aaa-4c49-946f-7b1006796251 ] Request (ImagesOneServerTestJSON:tearDownClass): 200 GET http://10.180.1.21/compute/v2.1/servers/186d39ce-c42b-4fb6-bcd1-ba10eeb9df20 0.066s
2025-03-17 09:37:12.394 68766 INFO tempest.lib.common.rest_client [req-216542a9-db5b-4c8f-b657-94f4b1863539 req-216542a9-db5b-4c8f-b657-94f4b1863539 ] Request (ImagesNegativeTestJSON:test_create_image_from_deleted_server): 200 GET http://10.180.1.21/compute/v2.1/servers/6ab608b6-6828-46a0-a62a-ac56156c4be3 0.054s
2025-03-17 09:37:12.401 68766 INFO tempest.common.waiters [-] State transition "BUILD/None" ==> "BUILD/networking" after 49 second wait
2025-03-17 09:37:12.405 68718 WARNING tempest.lib.common.ssh [-] Failed to establish authenticated ssh connection to cirros@10.180.180.190 ([Errno None] Unable to connect to port 22 on 10.180.180.190). Number attempts: 8. Retry after 9 seconds.: paramiko.ssh_exception.NoValidConnectionsError: [Errno None] Unable to connect to port 22 on 10.180.180.190
2025-03-17 09:37:12.492 68728 INFO tempest.lib.common.rest_client [req-d315685c-2fac-4491-b63e-b3abb920e758 req-d315685c-2fac-4491-b63e-b3abb920e758 ] Request (ServersAdminNegativeTestJSON:tearDownClass): 200 GET http://10.180.1.21/compute/v2.1/servers/78c655a8-fc5e-462e-b7f0-6d17345654f7 0.056s
2025-03-17 09:37:12.498 68728 INFO tempest.common.waiters [-] State transition "SUSPENDED/deleting" ==> "DELETED/None" after 4 second wait
2025-03-17 09:37:12.628 68714 INFO tempest.lib.common.rest_client [req-9a1bf0a8-1a5c-4341-9847-483277e0c74f req-9a1bf0a8-1a5c-4341-9847-483277e0c74f ] Request (ListImageFiltersTestJSON:setUpClass): 200 GET http://10.180.1.21/compute/v2.1/images/884fdd8e-eb79-4554-a68d-5174b71ce4b9 0.034s
2025-03-17 09:37:12.689 68768 INFO tempest.lib.common.rest_client [req-6c7e9a92-8b0f-4abc-86e2-5efaeb55d1a7 req-6c7e9a92-8b0f-4abc-86e2-5efaeb55d1a7 ] Request (InstanceActionsV221TestJSON:test_get_list_deleted_instance_actions): 200 GET http://10.180.1.21/compute/v2.1/servers/f2771b69-6f75-4311-a727-ce7261fe1cf5 0.053s
2025-03-17 09:37:12.768 68708 INFO tempest.lib.common.rest_client [req-50e25588-9f1f-43d2-ac8a-70782016bdb8 req-50e25588-9f1f-43d2-ac8a-70782016bdb8 ] Request (DeleteServersTestJSON:test_delete_active_server): 200 GET http://10.180.1.21/compute/v2.1/servers/27d98b28-1248-40cf-8a75-121ce862be45 0.062s
2025-03-17 09:37:12.809 68736 INFO tempest.lib.common.rest_client [req-5a1bdedd-9ae2-4027-a1d5-5cb5c3266c88 req-5a1bdedd-9ae2-4027-a1d5-5cb5c3266c88 ] Request (ServersListShow298Test:test_list_show_update_rebuild_server_298): 200 GET http://10.180.1.21/compute/v2.1/servers/69f2e7b4-4673-4707-87e3-e40032f09a10 0.078s
2025-03-17 09:37:12.826 68762 INFO tempest.lib.common.rest_client [req-74f0d3b1-18d9-4fe2-a54d-71916f826d97 req-74f0d3b1-18d9-4fe2-a54d-71916f826d97 ] Request (ServerRescueTestJSONUnderV235:setUpClass): 200 GET http://10.180.1.21/compute/v2.1/servers/e2c3bcf8-8270-4bf9-a599-ba2cc8311f5d 0.064s
2025-03-17 09:37:12.860 68722 INFO tempest.lib.common.rest_client [req-f95d6085-940b-434b-a542-c67602e6c97c req-f95d6085-940b-434b-a542-c67602e6c97c ] Request (AttachInterfacesUnderV243Test:test_add_remove_fixed_ip): 200 GET http://10.180.1.21/compute/v2.1/servers/ec6ae023-f376-4c2f-9d3d-31144b5b007e 0.083s
2025-03-17 09:37:12.898 68746 INFO tempest.lib.common.rest_client [req-a1d64cf2-35bf-4c69-bc7e-42558d8c0225 req-a1d64cf2-35bf-4c69-bc7e-42558d8c0225 ] Request (ListServerFiltersTestJSON:setUpClass): 200 GET http://10.180.1.21/compute/v2.1/servers/0a48b910-7213-4d2e-a33e-727304c3a810 0.062s
2025-03-17 09:37:12.926 68726 INFO tempest.lib.common.rest_client [req-6e15798e-33d0-4a15-8547-2c83103b2b58 req-6e15798e-33d0-4a15-8547-2c83103b2b58 ] Request (ServersAaction247Test:test_create_backup): 200 GET http://10.180.1.21/compute/v2.1/servers/9158ca40-77ed-46cc-9e18-701703d52463 0.065s
2025-03-17 09:37:12.964 68750 INFO tempest.lib.common.rest_client [req-e56365b4-e920-4c34-b6dc-f6f63353f8b3 req-e56365b4-e920-4c34-b6dc-f6f63353f8b3 ] Request (ServerGroupTestJSON:test_create_server_with_scheduler_hint_group): 200 GET http://10.180.1.21/compute/v2.1/servers/899fb4f5-ddf8-4295-8abe-99669680d1d2 0.056s
2025-03-17 09:37:12.980 68748 INFO tempest.lib.common.rest_client [req-8a2a8959-1bb5-4719-b5aa-2f8e7f90afa6 req-8a2a8959-1bb5-4719-b5aa-2f8e7f90afa6 ] Request (ServersTestManualDisk:setUpClass): 200 GET http://10.180.1.21/compute/v2.1/servers/4874b0c8-bcd3-4eca-a82f-f76539d141bb 0.072s
2025-03-17 09:37:13.021 68734 INFO tempest.lib.common.rest_client [req-70b2efce-1dc9-4acc-8521-e27e20f45619 req-70b2efce-1dc9-4acc-8521-e27e20f45619 ] Request (ServerActionsTestOtherA:setUpClass): 200 GET http://10.180.1.21/compute/v2.1/servers/d6b19435-f7df-4b89-b0b1-b147ff8d8f64 0.060s
2025-03-17 09:37:13.083 68716 INFO tempest.lib.common.rest_client [req-cf88f68d-0b21-4fc0-9197-b5188890e721 req-cf88f68d-0b21-4fc0-9197-b5188890e721 ] Request (ServersAdminTestJSON:setUpClass): 200 GET http://10.180.1.21/compute/v2.1/servers/03d0a82a-7689-4d48-9a5f-508f55a76ee3 0.055s
