2025-03-17 09:35:33.750 68752 INFO tempest.lib.common.dynamic_creds [-] Deleting project and security group for project: 7417dba8eff2401aaf0e759408d1edcd
2025-03-17 09:35:33.750 68760 INFO tempest.lib.common.rest_client [req-56f840aa-2109-4ee2-bcbd-1cf4a6815c95 req-56f840aa-2109-4ee2-bcbd-1cf4a6815c95 ] Request (TenantUsagesNegativeTestJSON:tearDownClass): 204 DELETE http://10.180.1.21:9696/networking/v2.0/security-groups/a93d1556-8d1a-40e4-990f-b5b70a24b97a 0.131s
2025-03-17 09:35:33.766 68758 INFO tempest.lib.common.rest_client [req-100ccca5-ae7b-4bb4-b17f-1af7409dac4f req-100ccca5-ae7b-4bb4-b17f-1af7409dac4f ] Request (ImagesOneServerTestJSON:setUpClass): 200 GET http://10.180.1.21/compute/v2.1/servers/186d39ce-c42b-4fb6-bcd1-ba10eeb9df20 0.895s
2025-03-17 09:35:33.796 68724 INFO tempest.lib.common.rest_client [req-530d3c99-a4b1-42cf-9b1e-a7a99ef135ea req-530d3c99-a4b1-42cf-9b1e-a7a99ef135ea ] Request (AggregatesAdminNegativeTestJSON:test_aggregate_add_non_exist_host): 200 POST http://10.180.1.21/compute/v2.1/os-aggregates 0.840s
2025-03-17 09:35:33.823 68734 INFO tempest.lib.common.rest_client [req-29420e1e-cf4a-4fcd-93dc-3910feb3cc64 req-29420e1e-cf4a-4fcd-93dc-3910feb3cc64 ] Request (FlavorsAdminTestJSON:test_create_flavor_with_int_id): 200 POST http://10.180.1.21/compute/v2.1/flavors 0.834s
2025-03-17 09:35:33.826 68740 INFO tempest.lib.common.rest_client [req-6adee767-4f9a-4f11-8452-ccd31703de4d req-6adee767-4f9a-4f11-8452-ccd31703de4d ] Request (FlavorsAccessTestJSON:tearDownClass): 204 DELETE http://10.180.1.21/identity/v3/users/389fff96007f41809fe33f3adcbd2e72 0.394s
2025-03-17 09:35:33.883 68762 INFO tempest.lib.common.rest_client [req-abc7def5-7d1c-4953-bf25-3a496c4fa206 req-abc7def5-7d1c-4953-bf25-3a496c4fa206 ] Request (HypervisorAdminNegativeUnderV252Test:tearDownClass): 200 GET http://10.180.1.21:9696/networking/v2.0/security-groups?tenant_id=afc40611726c496f8c0380fc1998336c&name=default 0.535s
2025-03-17 09:35:33.895 68716 INFO tempest.lib.common.rest_client [req-c23e45cc-7dc4-45d3-99e6-ce8bb60e794c req-c23e45cc-7dc4-45d3-99e6-ce8bb60e794c ] Request (QuotaClassesAdmin257Test:setUpClass): 201 POST http://10.180.1.21/identity/v3/auth/tokens 0.448s
2025-03-17 09:35:33.908 68764 INFO tempest.lib.common.rest_client [req-cb478cc9-6c76-49f3-b154-f807a241f20a req-cb478cc9-6c76-49f3-b154-f807a241f20a ] Request (ComputeTenantNetworksTest:test_list_show_tenant_networks): 200 GET http://10.180.1.21/compute/v2.1/os-tenant-networks/bdfeb67a-6976-496e-802a-bf5de29d5b5a 0.836s
2025-03-17 09:35:33.920 68708 INFO tempest.lib.common.rest_client [req-a1f09286-4194-421c-b611-44b1aa57533b req-a1f09286-4194-421c-b611-44b1aa57533b ] Request (HypervisorAdminTestJSON:tearDownClass): 204 DELETE http://10.180.1.21:9696/networking/v2.0/security-groups/2d30b3d3-0e4c-41a2-96ae-ab3dfafe6647 0.237s
2025-03-17 09:35:33.925 68766 INFO tempest.lib.common.rest_client [req-8f3f67c8-cbfa-4ecd-ab1e-d82e946e358f req-8f3f67c8-cbfa-4ecd-ab1e-d82e946e358f ] Request (QuotasAdminTestV236:_run_cleanups): 204 DELETE http://10.180.1.21/identity/v3/users/1dc390324060436c887d2ee8aa1daf02 0.491s
2025-03-17 09:35:33.948 68732 INFO tempest.lib.common.rest_client [req-53ceddec-1c20-4f6b-9850-5facc33490c4 req-53ceddec-1c20-4f6b-9850-5facc33490c4 ] Request (FlavorsExtraSpecsTestJSON:test_flavor_set_get_update_show_unset_keys): 200 PUT http://10.180.1.21/compute/v2.1/flavors/1173548007/os-extra_specs/hw:numa_nodes 0.825s
2025-03-17 09:35:33.964 68728 INFO tempest.lib.common.rest_client [req-e1ff099b-ad74-4006-a928-a2929c811c2b req-e1ff099b-ad74-4006-a928-a2929c811c2b ] Request (KeyPairsV210TestJSON:_run_cleanups): 204 DELETE http://10.180.1.21/compute/v2.1/os-keypairs/tempest-keypair-1075034400?user_id=9ddb5f31af7b48008c8f2d79276ce327 0.819s
2025-03-17 09:35:33.978 68726 INFO tempest.lib.common.rest_client [req-496b258f-52e6-4888-ac95-57b5cb69bff0 req-496b258f-52e6-4888-ac95-57b5cb69bff0 ] Request (FlavorsExtraSpecsNegativeTestJSON:test_flavor_unset_nonexistent_key): 404 DELETE http://10.180.1.21/compute/v2.1/flavors/1930264919/os-extra_specs/hw:cpu_thread_policy 0.713s
2025-03-17 09:35:34.002 68754 INFO tempest.lib.common.rest_client [req-5c0a3d2e-8ce4-4f3a-917a-c2e4f8f4c0ae req-5c0a3d2e-8ce4-4f3a-917a-c2e4f8f4c0ae ] Request (ServersWithSpecificFlavorTestJSON:test_verify_created_server_ephemeral_disk): 200 POST http://10.180.1.21/compute/v2.1/flavors/1088545765/os-extra_specs 0.723s
2025-03-17 09:35:34.029 68730 INFO tempest.lib.common.rest_client [req-96e2753c-03b0-4423-a60c-3e7629448eba req-96e2753c-03b0-4423-a60c-3e7629448eba ] Request (FlavorsV2TestJSON:test_list_flavors_filter_by_min_disk): 200 GET http://10.180.1.21/compute/v2.1/flavors?minDisk=2 0.629s
2025-03-17 09:35:34.044 68762 INFO tempest.lib.common.rest_client [req-5e158c4c-13dc-4053-a715-d9dcf5ce8a3d req-5e158c4c-13dc-4053-a715-d9dcf5ce8a3d ] Request (HypervisorAdminNegativeUnderV252Test:tearDownClass): 204 DELETE http://10.180.1.21:9696/networking/v2.0/security-groups/c4958738-578b-40ea-b0dc-b8c6ba76231a 0.160s
2025-03-17 09:35:34.081 68756 INFO tempest.lib.common.rest_client [req-bccf51c2-ec80-4162-80ef-c15fd089a78f req-bccf51c2-ec80-4162-80ef-c15fd089a78f ] Request (HostsAdminNegativeTestJSON:setUpClass): 200 GET http://10.180.1.21/compute/v2.1/os-hosts 1.265s
2025-03-17 09:35:34.092 68748 INFO tempest.lib.common.rest_client [req-6a95b760-b800-49a2-a478-7c7df9225bbf req-6a95b760-b800-49a2-a478-7c7df9225bbf ] Request (FloatingIPsAssociationNegativeTestJSON:setUpClass): 201 POST http://10.180.1.21/identity/v3/auth/tokens 0.556s
2025-03-17 09:35:34.099 68768 INFO tempest.lib.common.rest_client [req-f71231d6-ba73-49e2-8091-1baa5e0edfe7 req-f71231d6-ba73-49e2-8091-1baa5e0edfe7 ] Request (FloatingIPDetailsTestJSON:setUpClass): 201 POST http://10.180.1.21:9696/networking/v2.0/networks 0.873s
2025-03-17 09:35:34.109 68736 INFO tempest.lib.common.rest_client [req-c2e250a1-01a7-49cc-a69d-2e67f7a27360 req-c2e250a1-01a7-49cc-a69d-2e67f7a27360 ] Request (ServerDiagnosticsTest:test_get_server_diagnostics): 200 GET http://10.180.1.21/compute/v2.1/servers/7eea385c-cd21-4229-84ca-60ebfaa72460 0.317s
2025-03-17 09:35:34.112 68724 INFO tempest.lib.common.rest_client [req-be50c24d-c413-4cb0-9f8a-80ff1217550b req-be50c24d-c413-4cb0-9f8a-80ff1217550b ] Request (AggregatesAdminNegativeTestJSON:test_aggregate_add_non_exist_host): 404 POST http://10.180.1.21/compute/v2.1/os-aggregates/3/action 0.314s
2025-03-17 09:35:34.126 68712 INFO tempest.lib.common.rest_client [req-c6e78c01-637e-47c6-a779-4de86dbe3ef7 req-c6e78c01-637e-47c6-a779-4de86dbe3ef7 ] Request (FlavorsAccessNegativeTestJSON:setUpClass): 201 POST http://10.180.1.21/identity/v3/users 0.518s
2025-03-17 09:35:34.136 68734 INFO tempest.lib.common.rest_client [req-85d03cd6-fbe8-4a58-8728-4eb95cb98109 req-85d03cd6-fbe8-4a58-8728-4eb95cb98109 ] Request (FlavorsAdminTestJSON:_run_cleanups): 202 DELETE http://10.180.1.21/compute/v2.1/flavors/2001252509 0.311s
2025-03-17 09:35:34.155 68732 INFO tempest.lib.common.rest_client [req-8afa637e-c4f9-497f-a509-957dd5148efe req-8afa637e-c4f9-497f-a509-957dd5148efe ] Request (FlavorsExtraSpecsTestJSON:test_flavor_set_get_update_show_unset_keys): 200 GET http://10.180.1.21/compute/v2.1/flavors/1173548007/os-extra_specs 0.206s
2025-03-17 09:35:34.162 68726 INFO tempest.lib.common.rest_client [req-4c1beff1-b766-4719-8e26-28d1fcd36133 req-4c1beff1-b766-4719-8e26-28d1fcd36133 ] Request (FlavorsExtraSpecsNegativeTestJSON:test_flavor_update_mismatch_key): 400 PUT http://10.180.1.21/compute/v2.1/flavors/1930264919/os-extra_specs/hw:numa_nodes 0.183s
2025-03-17 09:35:34.195 68742 INFO tempest.lib.common.rest_client [req-70b34115-70b7-4b92-a545-b696b205d9dc req-70b34115-70b7-4b92-a545-b696b205d9dc ] Request (HypervisorAdminUnderV252Test:tearDownClass): 204 DELETE http://10.180.1.21/identity/v3/projects/891baa40eec549fb875218ca5e3414d6 0.481s
2025-03-17 09:35:34.196 68742 INFO tempest.lib.common.dynamic_creds [-] Deleting project and security group for project: e8db6f973730433f8cba774f5f5bedcb
2025-03-17 09:35:34.199 68746 INFO tempest.lib.common.rest_client [req-5419b153-58c4-4553-9bc1-8bb8e2b08c6f req-5419b153-58c4-4553-9bc1-8bb8e2b08c6f ] Request (FlavorsV261TestJSON:tearDownClass): 204 DELETE http://10.180.1.21/identity/v3/users/08052008818345d189b3cfe3c47d14dc 0.569s
2025-03-17 09:35:34.200 68746 INFO tempest.lib.common.dynamic_creds [-] Deleting project and security group for project: 5d3eb044f3c54b6880be77ff24897d13
2025-03-17 09:35:34.202 68754 INFO tempest.lib.common.rest_client [req-0d88612a-2c9a-4def-9f9e-cae784f57c53 req-0d88612a-2c9a-4def-9f9e-cae784f57c53 ] Request (ValidationResourcesFixture:setUp): 200 POST http://10.180.1.21/compute/v2.1/os-keypairs 0.198s
2025-03-17 09:35:34.216 68730 INFO tempest.lib.common.rest_client [req-7dcfbb12-c24e-4bd4-86db-27925af8106c req-7dcfbb12-c24e-4bd4-86db-27925af8106c ] Request (FlavorsV2TestJSON:test_list_flavors_filter_by_min_ram): 200 GET http://10.180.1.21/compute/v2.1/flavors/42 0.180s
2025-03-17 09:35:34.217 68764 INFO tempest.lib.common.rest_client [req-48e8db0b-e3b5-445b-9de4-2a920d4f0c68 req-48e8db0b-e3b5-445b-9de4-2a920d4f0c68 ] Request (ComputeTenantNetworksTest:tearDownClass): 204 DELETE http://10.180.1.21:9696/networking/v2.0/networks/bdfeb67a-6976-496e-802a-bf5de29d5b5a 0.307s
2025-03-17 09:35:34.257 68752 INFO tempest.lib.common.rest_client [req-4e9355d8-dde3-442b-b237-bdc3db1a3f96 req-4e9355d8-dde3-442b-b237-bdc3db1a3f96 ] Request (FlavorsV255TestJSON:tearDownClass): 201 POST http://10.180.1.21/identity/v3/auth/tokens 0.507s
2025-03-17 09:35:34.275 68710 INFO tempest.lib.common.rest_client [req-88b1a12b-06cb-4eff-9eb2-65b854c988af req-88b1a12b-06cb-4eff-9eb2-65b854c988af ] Request (MigrationsAdminTest:test_list_migrations_in_flavor_resize_situation): 200 GET http://10.180.1.21/compute/v2.1/servers/1b07d836-07a1-437f-8890-59630b092bca 0.348s
2025-03-17 09:35:34.297 68724 INFO tempest.lib.common.rest_client [req-f5e10751-b097-4e79-8a0b-fdbdef7e614a req-f5e10751-b097-4e79-8a0b-fdbdef7e614a ] Request (AggregatesAdminNegativeTestJSON:_run_cleanups): 200 DELETE http://10.180.1.21/compute/v2.1/os-aggregates/3 0.184s
2025-03-17 09:35:34.297 68760 INFO tempest.lib.common.rest_client [req-d2789722-3779-469e-9cd7-0a82a4abf782 req-d2789722-3779-469e-9cd7-0a82a4abf782 ] Request (TenantUsagesNegativeTestJSON:tearDownClass): 204 DELETE http://10.180.1.21/identity/v3/projects/45b7dfb12cd44e06a8f90b60135e4a2a 0.546s
2025-03-17 09:35:34.298 68760 INFO tempest.test [-] raised in UpdateMultiattachVolumeNegativeTest.setUpClass. Invoking tearDownClass.
2025-03-17 09:35:34.325 68740 INFO tempest.lib.common.rest_client [req-fb8373ce-158c-4399-82f5-0758ea81affe req-fb8373ce-158c-4399-82f5-0758ea81affe ] Request (FlavorsAccessTestJSON:tearDownClass): 204 DELETE http://10.180.1.21/identity/v3/users/4ea017a9ba7d4e2a8aba6aba35f58bf4 0.498s
2025-03-17 09:35:34.325 68740 INFO tempest.lib.common.dynamic_creds [-] Deleting project and security group for project: 11fcf52505404f8f9eeb9594c985fe86
2025-03-17 09:35:34.326 68734 INFO tempest.lib.common.rest_client [req-c2151bbf-eb3e-48f1-bc70-14f9337bccaf req-c2151bbf-eb3e-48f1-bc70-14f9337bccaf ] Request (FlavorsAdminTestJSON:_run_cleanups): 200 GET http://10.180.1.21/compute/v2.1/flavors/detail 0.189s
2025-03-17 09:35:34.350 68732 INFO tempest.lib.common.rest_client [req-a3e0c034-5cdf-403b-8e23-884e7242cd1e req-a3e0c034-5cdf-403b-8e23-884e7242cd1e ] Request (FlavorsExtraSpecsTestJSON:test_flavor_set_get_update_show_unset_keys): 200 DELETE http://10.180.1.21/compute/v2.1/flavors/1173548007/os-extra_specs/hw:numa_nodes 0.194s
2025-03-17 09:35:34.353 68768 INFO tempest.lib.common.rest_client [req-a3ee3763-97eb-4d8c-b0fc-2bd24061f322 req-a3ee3763-97eb-4d8c-b0fc-2bd24061f322 ] Request (FloatingIPDetailsTestJSON:setUpClass): 201 POST http://10.180.1.21:9696/networking/v2.0/subnets 0.252s
2025-03-17 09:35:34.353 68716 INFO tempest.lib.common.rest_client [req-39582e3d-a07f-41cd-84f3-6a30f852c339 req-39582e3d-a07f-41cd-84f3-6a30f852c339 ] Request (QuotaClassesAdmin257Test:setUpClass): 201 POST http://10.180.1.21/identity/v3/auth/tokens 0.456s
2025-03-17 09:35:34.356 68726 INFO tempest.lib.common.rest_client [req-467bae8d-c224-4ca4-b52d-75d026a82485 req-467bae8d-c224-4ca4-b52d-75d026a82485 ] Request (FlavorsExtraSpecsNegativeTestJSON:test_flavor_update_more_key): 400 PUT http://10.180.1.21/compute/v2.1/flavors/1930264919/os-extra_specs/hw:numa_nodes 0.192s
2025-03-17 09:35:34.378 68730 INFO tempest.lib.common.rest_client [req-5983fb9c-56ab-45c0-89d1-5be7e3d97788 req-5983fb9c-56ab-45c0-89d1-5be7e3d97788 ] Request (FlavorsV2TestJSON:test_list_flavors_filter_by_min_ram): 200 GET http://10.180.1.21/compute/v2.1/flavors?minRam=193 0.160s
2025-03-17 09:35:34.387 68718 INFO tempest.lib.common.rest_client [req-8c544f91-5090-4d98-b0f2-23b6b66d78c5 req-8c544f91-5090-4d98-b0f2-23b6b66d78c5 ] Request (VolumesAssistedSnapshotsTest:setUpClass): 200 PUT http://10.180.1.21:9696/networking/v2.0/routers/cd12f24d-5b70-483e-aa80-52ae26c8d6b2/add_router_interface 1.903s
2025-03-17 09:35:34.387 68718 INFO tempest.lib.common.dynamic_creds [-] Created isolated network resources for: credentials: Credentials: {'domain_id': 'default', 'domain_name': 'Default', 'username': 'tempest-VolumesAssistedSnapshotsTest-974768610-project', 'project_domain_id': 'default', 'project_domain_name': 'Default', 'project_id': 'd9647cc5dcbb4dc48a379ffc8b8e9a9d', 'project_name': 'tempest-VolumesAssistedSnapshotsTest-974768610', 'tenant_id': 'd9647cc5dcbb4dc48a379ffc8b8e9a9d', 'tenant_name': 'tempest-VolumesAssistedSnapshotsTest-974768610', 'user_domain_id': 'default', 'user_domain_name': 'Default', 'user_id': '2a8a497943924dccb91ff56ea3268491', 'system': None}, Network: {'id': '62c63751-3296-4c5e-82ec-e84a3dd2905a', 'name': 'tempest-VolumesAssistedSnapshotsTest-955765047-network', 'tenant_id': 'd9647cc5dcbb4dc48a379ffc8b8e9a9d', 'admin_state_up': True, 'mtu': 8950, 'status': 'ACTIVE', 'subnets': [], 'shared': False, 'project_id': 'd9647cc5dcbb4dc48a379ffc8b8e9a9d', 'port_security_enabled': True, 'router:external': False, 'provider:network_type': 'vlan', 'provider:physical_network': 'default', 'provider:segmentation_id': 504, 'availability_zone_hints': [], 'availability_zones': [], 'ipv4_address_scope': None, 'ipv6_address_scope': None, 'description': '', 'tags': [], 'created_at': '2025-03-17T09:35:31Z', 'updated_at': '2025-03-17T09:35:31Z', 'revision_number': 1}, Subnet: {'id': '6d892b89-d5d4-4155-9d1b-3aaefbfc093d', 'name': 'tempest-VolumesAssistedSnapshotsTest-955765047-subnet', 'tenant_id': 'd9647cc5dcbb4dc48a379ffc8b8e9a9d', 'network_id': '62c63751-3296-4c5e-82ec-e84a3dd2905a', 'ip_version': 4, 'subnetpool_id': None, 'enable_dhcp': True, 'ipv6_ra_mode': None, 'ipv6_address_mode': None, 'gateway_ip': '192.168.128.1', 'cidr': '192.168.128.0/28', 'allocation_pools': [{'start': '192.168.128.2', 'end': '192.168.128.14'}], 'host_routes': [], 'dns_nameservers': [], 'description': '', 'router:external': False, 'service_types': [], 'tags': [], 'created_at': '2025-03-17T09:35:31Z', 'updated_at': '2025-03-17T09:35:31Z', 'revision_number': 0, 'project_id': 'd9647cc5dcbb4dc48a379ffc8b8e9a9d'}, Router: {'id': 'cd12f24d-5b70-483e-aa80-52ae26c8d6b2', 'name': 'tempest-VolumesAssistedSnapshotsTest-955765047-router', 'tenant_id': 'd9647cc5dcbb4dc48a379ffc8b8e9a9d', 'admin_state_up': True, 'status': 'ACTIVE', 'external_gateway_info': {'network_id': 'f8ccdb4c-2249-4acc-91d5-9777bb8b0317', 'external_fixed_ips': [{'subnet_id': 'fbb391e0-8415-4dc2-8540-3df3c1ff088f', 'ip_address': '10.180.180.132'}], 'enable_snat': True}, 'description': '', 'availability_zones': [], 'distributed': False, 'ha': False, 'availability_zone_hints': [], 'routes': [], 'flavor_id': None, 'tags': [], 'created_at': '2025-03-17T09:35:31Z', 'updated_at': '2025-03-17T09:35:32Z', 'revision_number': 2, 'project_id': 'd9647cc5dcbb4dc48a379ffc8b8e9a9d'}
2025-03-17 09:35:34.413 68742 INFO tempest.lib.common.rest_client [req-9c08b2cc-df71-4a4d-9264-e7411e75060a req-9c08b2cc-df71-4a4d-9264-e7411e75060a ] Request (HypervisorAdminUnderV252Test:tearDownClass): 200 GET http://10.180.1.21:9696/networking/v2.0/security-groups?tenant_id=e8db6f973730433f8cba774f5f5bedcb&name=default 0.217s
2025-03-17 09:35:34.437 68708 INFO tempest.lib.common.rest_client [req-e5f5b1ca-a19e-42b4-ae98-ae17fe4c4091 req-e5f5b1ca-a19e-42b4-ae98-ae17fe4c4091 ] Request (HypervisorAdminTestJSON:tearDownClass): 204 DELETE http://10.180.1.21/identity/v3/projects/3cf41d5f98574a8c823d2e9b74cb642b 0.516s
2025-03-17 09:35:34.437 68708 INFO tempest.lib.common.dynamic_creds [-] Deleting project and security group for project: a2794c5e2e1a41efb3fd8047f6105dec
2025-03-17 09:35:34.440 68754 INFO tempest.lib.common.rest_client [req-59249947-8d1c-46e2-84a4-a54ecf9c4c16 req-59249947-8d1c-46e2-84a4-a54ecf9c4c16 ] Request (ValidationResourcesFixture:setUp): 201 POST http://10.180.1.21:9696/networking/v2.0/security-groups 0.236s
2025-03-17 09:35:34.459 68766 INFO tempest.lib.common.rest_client [req-bfddf1f7-2782-4775-ad80-75edc36f7785 req-bfddf1f7-2782-4775-ad80-75edc36f7785 ] Request (QuotasAdminTestV236:_run_cleanups): 204 DELETE http://10.180.1.21/identity/v3/projects/107d44c2ed0344a7a9c25d1a62c41b81 0.533s
2025-03-17 09:35:34.521 68770 INFO tempest.lib.common.rest_client [req-f260fba8-36b3-4807-bf2b-8ef794665ef7 req-f260fba8-36b3-4807-bf2b-8ef794665ef7 ] Request (TenantUsagesTestJSON:setUpClass): 200 GET http://10.180.1.21/compute/v2.1/servers/955d5968-609f-41ef-9fba-34c29184f66f 0.280s
2025-03-17 09:35:34.526 68724 INFO tempest.lib.common.rest_client [req-485e8af2-b22f-4c32-b4ff-3239a581c1cc req-485e8af2-b22f-4c32-b4ff-3239a581c1cc ] Request (AggregatesAdminNegativeTestJSON:test_aggregate_create_aggregate_name_length_exceeds_255): 400 POST http://10.180.1.21/compute/v2.1/os-aggregates 0.228s
2025-03-17 09:35:34.533 68770 INFO tempest.common.waiters [-] State transition "BUILD/networking" ==> "BUILD/spawning" after 5 second wait
2025-03-17 09:35:34.540 68762 INFO tempest.lib.common.rest_client [req-63928057-a8ed-43f6-9de8-9dc5f2c4bd7d req-63928057-a8ed-43f6-9de8-9dc5f2c4bd7d ] Request (HypervisorAdminNegativeUnderV252Test:tearDownClass): 204 DELETE http://10.180.1.21/identity/v3/projects/afc40611726c496f8c0380fc1998336c 0.496s
2025-03-17 09:35:34.541 68762 INFO tempest.lib.common.dynamic_creds [-] Deleting project and security group for project: b34a7e6c29124a2e9703d38eec299686
2025-03-17 09:35:34.544 68734 INFO tempest.lib.common.rest_client [req-19f3044d-557d-4266-9e74-20d06f4dcfba req-19f3044d-557d-4266-9e74-20d06f4dcfba ] Request (FlavorsAdminTestJSON:test_create_flavor_with_none_id): 200 POST http://10.180.1.21/compute/v2.1/flavors 0.208s
2025-03-17 09:35:34.554 68728 INFO tempest.lib.common.rest_client [req-128d2aee-70fb-469d-abe5-52b8667624d7 req-128d2aee-70fb-469d-abe5-52b8667624d7 ] Request (KeyPairsV210TestJSON:tearDownClass): 204 DELETE http://10.180.1.21/identity/v3/users/9ddb5f31af7b48008c8f2d79276ce327 0.584s
2025-03-17 09:35:34.561 68732 INFO tempest.lib.common.rest_client [req-cf326883-4765-43b7-9585-e6cd1539b9cd req-cf326883-4765-43b7-9585-e6cd1539b9cd ] Request (FlavorsExtraSpecsTestJSON:test_flavor_set_get_update_show_unset_keys): 200 DELETE http://10.180.1.21/compute/v2.1/flavors/1173548007/os-extra_specs/hw:cpu_policy 0.210s
2025-03-17 09:35:34.575 68726 INFO tempest.lib.common.rest_client [req-dcf9e31f-a3d4-4d11-bb8e-fe70a81214ba req-dcf9e31f-a3d4-4d11-bb8e-fe70a81214ba ] Request (FlavorsExtraSpecsNegativeTestJSON:tearDownClass): 202 DELETE http://10.180.1.21/compute/v2.1/flavors/1930264919 0.217s
2025-03-17 09:35:34.588 68730 INFO tempest.lib.common.rest_client [req-9fd2d2b0-4f55-485a-ac7b-c22d37c6a1c0 req-9fd2d2b0-4f55-485a-ac7b-c22d37c6a1c0 ] Request (FlavorsV2TestJSON:test_list_flavors_limit_results): 200 GET http://10.180.1.21/compute/v2.1/flavors?limit=1 0.206s
2025-03-17 09:35:34.615 68742 INFO tempest.lib.common.rest_client [req-45b66eea-a73f-458a-b4b0-cce9579445a1 req-45b66eea-a73f-458a-b4b0-cce9579445a1 ] Request (HypervisorAdminUnderV252Test:tearDownClass): 204 DELETE http://10.180.1.21:9696/networking/v2.0/security-groups/ea7aea5b-1ca1-438b-a391-aba90225a8e9 0.201s
2025-03-17 09:35:34.618 68748 INFO tempest.lib.common.rest_client [req-baf1de29-0523-46fa-8dd3-7444bd0de363 req-baf1de29-0523-46fa-8dd3-7444bd0de363 ] Request (FloatingIPsAssociationNegativeTestJSON:setUpClass): 201 POST http://10.180.1.21/identity/v3/auth/tokens 0.524s
2025-03-17 09:35:34.639 68712 INFO tempest.lib.common.rest_client [req-3efd95fb-6617-481c-83a5-c2b49812abb2 req-3efd95fb-6617-481c-83a5-c2b49812abb2 ] Request (FlavorsAccessNegativeTestJSON:setUpClass): 200 GET http://10.180.1.21/identity/v3/roles 0.512s
2025-03-17 09:35:34.652 68746 INFO tempest.lib.common.rest_client [req-5b9e0af3-c430-4fe8-93a4-b52afb5dd57e req-5b9e0af3-c430-4fe8-93a4-b52afb5dd57e ] Request (FlavorsV261TestJSON:tearDownClass): 201 POST http://10.180.1.21/identity/v3/auth/tokens 0.452s
2025-03-17 09:35:34.675 68708 INFO tempest.lib.common.rest_client [req-11ebdac0-5a1f-4011-98e0-9360c3de9c64 req-11ebdac0-5a1f-4011-98e0-9360c3de9c64 ] Request (HypervisorAdminTestJSON:tearDownClass): 200 GET http://10.180.1.21:9696/networking/v2.0/security-groups?tenant_id=a2794c5e2e1a41efb3fd8047f6105dec&name=default 0.237s
2025-03-17 09:35:34.684 68722 INFO tempest.lib.common.rest_client [req-a823e097-2827-4b90-8d2e-c0670a2ae76b req-a823e097-2827-4b90-8d2e-c0670a2ae76b ] Request (ServerExternalEventsTest:test_create_server_external_events): 200 GET http://10.180.1.21/compute/v2.1/servers/6e0dade5-e6cb-4bfe-8415-3a820c338854 0.294s
2025-03-17 09:35:34.703 68764 INFO tempest.lib.common.rest_client [req-4ed9bb8f-eee2-4303-a948-6f8d84077af7 req-4ed9bb8f-eee2-4303-a948-6f8d84077af7 ] Request (ComputeTenantNetworksTest:tearDownClass): 204 DELETE http://10.180.1.21/identity/v3/users/7a0816d2e89c4e678507b462e9e969a2 0.486s
2025-03-17 09:35:34.703 68764 INFO tempest.lib.common.dynamic_creds [-] Deleting project and security group for project: 6b60f5d13cde47fe950571402d04f103
2025-03-17 09:35:34.706 68754 INFO tempest.lib.common.rest_client [req-57f0ec80-07fa-4370-bdcd-d8d3e0fbb27f req-57f0ec80-07fa-4370-bdcd-d8d3e0fbb27f ] Request (ValidationResourcesFixture:setUp): 201 POST http://10.180.1.21:9696/networking/v2.0/security-group-rules 0.265s
2025-03-17 09:35:34.767 68756 INFO tempest.lib.common.rest_client [req-fc8ecd73-64b4-401f-a73f-fe84f273111b req-fc8ecd73-64b4-401f-a73f-fe84f273111b ] Request (HostsAdminNegativeTestJSON:test_list_hosts_with_non_admin_user): 403 GET http://10.180.1.21/compute/v2.1/os-hosts 0.682s
2025-03-17 09:35:34.774 68744 INFO tempest.lib.common.rest_client [req-8646d79d-fe75-4d5a-b8b6-bed78ad4f395 req-8646d79d-fe75-4d5a-b8b6-bed78ad4f395 ] Request (DeleteServersAdminTestJSON:test_admin_delete_servers_of_others): 200 GET http://10.180.1.21/compute/v2.1/servers/5afc3947-fa82-4aa1-9c9d-f93ac3f12a2b 0.275s
2025-03-17 09:35:34.776 68724 INFO tempest.lib.common.rest_client [req-60e81252-ec7c-4acf-a32d-351116a2f752 req-60e81252-ec7c-4acf-a32d-351116a2f752 ] Request (AggregatesAdminNegativeTestJSON:test_aggregate_create_aggregate_name_length_less_than_1): 400 POST http://10.180.1.21/compute/v2.1/os-aggregates 0.248s
2025-03-17 09:35:34.784 68760 INFO tempest.lib.common.rest_client [req-9626e637-0ccf-4df2-92e8-f237338abd98 req-9626e637-0ccf-4df2-92e8-f237338abd98 ] Request (ServerMetadataTestJSON:setUpClass): 201 POST http://10.180.1.21/identity/v3/auth/tokens 0.480s
2025-03-17 09:35:34.790 68732 INFO tempest.lib.common.rest_client [req-1240e030-2403-4584-a1e9-0e145a913c45 req-1240e030-2403-4584-a1e9-0e145a913c45 ] Request (FlavorsExtraSpecsTestJSON:test_flavor_set_get_update_show_unset_keys): 200 GET http://10.180.1.21/compute/v2.1/flavors/1173548007/os-extra_specs 0.229s
2025-03-17 09:35:34.799 68734 INFO tempest.lib.common.rest_client [req-c74297e8-6b7e-4dc3-9787-4b0ca3c6bcf4 req-c74297e8-6b7e-4dc3-9787-4b0ca3c6bcf4 ] Request (FlavorsAdminTestJSON:_run_cleanups): 202 DELETE http://10.180.1.21/compute/v2.1/flavors/4351c830-efbe-4bbe-9686-5681ff1dc2af 0.252s
2025-03-17 09:35:34.804 68764 INFO tempest.lib.common.rest_client [req-cf898c4b-c33d-4242-84f6-2ccdb56eabe2 req-cf898c4b-c33d-4242-84f6-2ccdb56eabe2 ] Request (ComputeTenantNetworksTest:tearDownClass): 200 GET http://10.180.1.21:9696/networking/v2.0/security-groups?tenant_id=6b60f5d13cde47fe950571402d04f103&name=default 0.100s
2025-03-17 09:35:34.812 68730 INFO tempest.lib.common.rest_client [req-676a4291-1f8c-4123-a3fc-eb85d9cdfe67 req-676a4291-1f8c-4123-a3fc-eb85d9cdfe67 ] Request (FlavorsV2TestJSON:test_list_flavors_using_marker): 200 GET http://10.180.1.21/compute/v2.1/flavors/42 0.219s
2025-03-17 09:35:34.812 68762 INFO tempest.lib.common.rest_client [req-f9a318ef-f207-4bc6-b758-62ea1556db9a req-f9a318ef-f207-4bc6-b758-62ea1556db9a ] Request (HypervisorAdminNegativeUnderV252Test:tearDownClass): 200 GET http://10.180.1.21:9696/networking/v2.0/security-groups?tenant_id=b34a7e6c29124a2e9703d38eec299686&name=default 0.271s
2025-03-17 09:35:34.815 68740 INFO tempest.lib.common.rest_client [req-a958b896-365c-4bae-9799-a85727d4d1fb req-a958b896-365c-4bae-9799-a85727d4d1fb ] Request (FlavorsAccessTestJSON:tearDownClass): 201 POST http://10.180.1.21/identity/v3/auth/tokens 0.489s
2025-03-17 09:35:34.816 68726 INFO tempest.lib.common.rest_client [req-791b1bee-279f-4415-b006-2b6ab5ce2642 req-791b1bee-279f-4415-b006-2b6ab5ce2642 ] Request (FlavorsExtraSpecsNegativeTestJSON:tearDownClass): 200 GET http://10.180.1.21/compute/v2.1/flavors/detail 0.240s
2025-03-17 09:35:34.833 68716 INFO tempest.lib.common.rest_client [req-9516d707-d0ce-4b54-ad32-3c7b33f2bbc6 req-9516d707-d0ce-4b54-ad32-3c7b33f2bbc6 ] Request (QuotaClassesAdmin257Test:setUpClass): 200 GET http://10.180.1.21/identity/v3/domains?name=Default 0.479s
2025-03-17 09:35:34.909 68738 INFO tempest.lib.common.rest_client [req-4edbfe21-6880-44c4-840b-8febce3e916c req-4edbfe21-6880-44c4-840b-8febce3e916c ] Request (ServerDiagnosticsNegativeTest:test_get_server_diagnostics_by_non_admin): 200 GET http://10.180.1.21/compute/v2.1/servers/9da9da05-f0fe-4490-a416-5e4513e72584 0.205s
2025-03-17 09:35:34.922 68756 INFO tempest.lib.common.rest_client [req-93da9002-cbb8-4df9-9559-392e6b8909e0 req-93da9002-cbb8-4df9-9559-392e6b8909e0 ] Request (HostsAdminNegativeTestJSON:test_reboot_host_with_non_admin_user): 403 GET http://10.180.1.21/compute/v2.1/os-hosts/devstack/reboot 0.153s
2025-03-17 09:35:34.930 68724 INFO tempest.lib.common.rest_client [req-87441b8b-bb84-44b6-9105-59ad40ac7645 req-87441b8b-bb84-44b6-9105-59ad40ac7645 ] Request (AggregatesAdminNegativeTestJSON:test_aggregate_create_as_user): 403 POST http://10.180.1.21/compute/v2.1/os-aggregates 0.151s
2025-03-17 09:35:34.934 68766 INFO tempest.lib.common.rest_client [req-74673871-6638-4651-ba52-70f799e75a1e req-74673871-6638-4651-ba52-70f799e75a1e ] Request (QuotasAdminTestV236:tearDownClass): 204 DELETE http://10.180.1.21/identity/v3/users/0852ece0d01b45a7963da48450be3396 0.468s
2025-03-17 09:35:34.936 68718 INFO tempest.lib.common.rest_client [req-12d4d608-a45c-4889-a132-680048efe042 req-12d4d608-a45c-4889-a132-680048efe042 ] Request (VolumesAssistedSnapshotsTest:setUpClass): 201 POST http://10.180.1.21/identity/v3/auth/tokens 0.545s
2025-03-17 09:35:34.962 68720 INFO tempest.lib.common.rest_client [req-3fa442ba-c5bc-4f10-915b-44afdae14c88 req-3fa442ba-c5bc-4f10-915b-44afdae14c88 ] Request (FloatingIPsAssociationTestJSON:setUpClass): 200 GET http://10.180.1.21/compute/v2.1/servers/39cf4eea-900e-4211-9afe-ae2735af2661 0.336s
2025-03-17 09:35:34.983 68732 INFO tempest.lib.common.rest_client [req-8ebb6f51-4795-4804-8616-2eb71f20bbba req-8ebb6f51-4795-4804-8616-2eb71f20bbba ] Request (FlavorsExtraSpecsTestJSON:tearDownClass): 202 DELETE http://10.180.1.21/compute/v2.1/flavors/1173548007 0.190s
2025-03-17 09:35:34.985 68708 INFO tempest.lib.common.rest_client [req-731525ea-e1ff-4354-8ab5-c2e5e6afc5fc req-731525ea-e1ff-4354-8ab5-c2e5e6afc5fc ] Request (HypervisorAdminTestJSON:tearDownClass): 204 DELETE http://10.180.1.21:9696/networking/v2.0/security-groups/22b6e825-a5be-45de-9f7b-7cbc82e03590 0.309s
2025-03-17 09:35:35.011 68750 INFO tempest.lib.common.rest_client [req-c032f1ff-2d89-4757-867b-642339039c41 req-c032f1ff-2d89-4757-867b-642339039c41 ] Request (QuotasAdminTestJSON:test_delete_quota): 200 GET http://10.180.1.21/identity/v3/domains?name=Default 0.481s
2025-03-17 09:35:35.017 68734 INFO tempest.lib.common.rest_client [req-34f442b5-e237-4748-9b7d-3eb2100cf419 req-34f442b5-e237-4748-9b7d-3eb2100cf419 ] Request (FlavorsAdminTestJSON:_run_cleanups): 200 GET http://10.180.1.21/compute/v2.1/flavors/detail 0.218s
2025-03-17 09:35:35.038 68758 INFO tempest.lib.common.rest_client [req-d6bdcd71-5e00-4371-94b5-0523f0b2283d req-d6bdcd71-5e00-4371-94b5-0523f0b2283d ] Request (ImagesOneServerTestJSON:setUpClass): 200 GET http://10.180.1.21/compute/v2.1/servers/186d39ce-c42b-4fb6-bcd1-ba10eeb9df20 0.258s
2025-03-17 09:35:35.045 68754 INFO tempest.lib.common.rest_client [req-f1757d3a-4942-421c-9c77-3559e561db57 req-f1757d3a-4942-421c-9c77-3559e561db57 ] Request (ValidationResourcesFixture:setUp): 201 POST http://10.180.1.21:9696/networking/v2.0/security-group-rules 0.339s
2025-03-17 09:35:35.048 68730 INFO tempest.lib.common.rest_client [req-bc0c3b8f-86b7-417a-a5db-996e43e95469 req-bc0c3b8f-86b7-417a-a5db-996e43e95469 ] Request (FlavorsV2TestJSON:test_list_flavors_using_marker): 200 GET http://10.180.1.21/compute/v2.1/flavors?marker=42 0.232s
2025-03-17 09:35:35.058 68756 INFO tempest.lib.common.rest_client [req-097ed698-6647-46f6-befd-abb929ddf81e req-097ed698-6647-46f6-befd-abb929ddf81e ] Request (HostsAdminNegativeTestJSON:test_reboot_nonexistent_host): 404 GET http://10.180.1.21/compute/v2.1/os-hosts/nonexistent_hostname/reboot 0.135s
2025-03-17 09:35:35.070 68728 INFO tempest.lib.common.rest_client [req-4002146a-9573-4fb9-9f70-47acf9f67092 req-4002146a-9573-4fb9-9f70-47acf9f67092 ] Request (KeyPairsV210TestJSON:tearDownClass): 204 DELETE http://10.180.1.21/identity/v3/users/70a2591ad5a348b7b3f85569dc79bc12 0.516s
2025-03-17 09:35:35.070 68728 INFO tempest.lib.common.dynamic_creds [-] Deleting project and security group for project: 3baf5290a7e94ad29a9696039b29ae80
2025-03-17 09:35:35.080 68724 INFO tempest.lib.common.rest_client [req-892c330c-3463-4dc4-a725-25049e915420 req-892c330c-3463-4dc4-a725-25049e915420 ] Request (AggregatesAdminNegativeTestJSON:test_aggregate_create_with_existent_aggregate_name): 200 POST http://10.180.1.21/compute/v2.1/os-aggregates 0.149s
2025-03-17 09:35:35.088 68732 INFO tempest.lib.common.rest_client [req-cbe978b4-28d2-4270-9ebc-0a5dd0495dd4 req-cbe978b4-28d2-4270-9ebc-0a5dd0495dd4 ] Request (FlavorsExtraSpecsTestJSON:tearDownClass): 200 GET http://10.180.1.21/compute/v2.1/flavors/detail 0.105s
2025-03-17 09:35:35.116 68734 INFO tempest.lib.common.rest_client [req-69437cc8-6993-4777-9e65-e22706f2e594 req-69437cc8-6993-4777-9e65-e22706f2e594 ] Request (FlavorsAdminTestJSON:test_create_flavor_with_uuid_id): 200 POST http://10.180.1.21/compute/v2.1/flavors 0.090s
2025-03-17 09:35:35.117 68756 INFO tempest.lib.common.rest_client [req-3b7c13ec-8790-4148-bd4f-444196bc7aaa req-3b7c13ec-8790-4148-bd4f-444196bc7aaa ] Request (HostsAdminNegativeTestJSON:test_show_host_detail_with_non_admin_user): 403 GET http://10.180.1.21/compute/v2.1/os-hosts/devstack 0.058s
2025-03-17 09:35:35.120 68742 INFO tempest.lib.common.rest_client [req-55c3b7ac-cc45-41fe-a62a-ae1cbaba0981 req-55c3b7ac-cc45-41fe-a62a-ae1cbaba0981 ] Request (HypervisorAdminUnderV252Test:tearDownClass): 204 DELETE http://10.180.1.21/identity/v3/projects/e8db6f973730433f8cba774f5f5bedcb 0.504s
2025-03-17 09:35:35.127 68730 INFO tempest.lib.common.rest_client [req-561bc05d-ea22-4824-9ce9-fdb01280588a req-561bc05d-ea22-4824-9ce9-fdb01280588a ] Request (FlavorsV2TestJSON:test_list_flavors_with_detail): 200 GET http://10.180.1.21/compute/v2.1/flavors/detail 0.074s
2025-03-17 09:35:35.131 68764 INFO tempest.lib.common.rest_client [req-2b38ab2b-a7d1-4939-a604-5a21ef1ae238 req-2b38ab2b-a7d1-4939-a604-5a21ef1ae238 ] Request (ComputeTenantNetworksTest:tearDownClass): 204 DELETE http://10.180.1.21:9696/networking/v2.0/security-groups/2f33c494-f8fe-44c8-a7bd-c1544621ed13 0.327s
2025-03-17 09:35:35.140 68724 INFO tempest.lib.common.rest_client [req-25664053-87e8-4221-b90c-772a721f52ff req-25664053-87e8-4221-b90c-772a721f52ff ] Request (AggregatesAdminNegativeTestJSON:test_aggregate_create_with_existent_aggregate_name): 409 POST http://10.180.1.21/compute/v2.1/os-aggregates 0.056s
2025-03-17 09:35:35.148 68762 INFO tempest.lib.common.rest_client [req-65fa60f9-df03-4277-90c9-9cb793d766c6 req-65fa60f9-df03-4277-90c9-9cb793d766c6 ] Request (HypervisorAdminNegativeUnderV252Test:tearDownClass): 204 DELETE http://10.180.1.21:9696/networking/v2.0/security-groups/4b48f084-f94c-4258-8da2-45c782b9020c 0.331s
2025-03-17 09:35:35.154 68734 INFO tempest.lib.common.rest_client [req-05a67b17-8a76-42c6-af14-abff77137b61 req-05a67b17-8a76-42c6-af14-abff77137b61 ] Request (FlavorsAdminTestJSON:_run_cleanups): 202 DELETE http://10.180.1.21/compute/v2.1/flavors/20b83be0-56ba-4187-be16-4b1cba4397f1 0.035s
2025-03-17 09:35:35.157 68756 INFO tempest.lib.common.rest_client [req-f274e58c-3d4a-42de-a958-f984118693e8 req-f274e58c-3d4a-42de-a958-f984118693e8 ] Request (HostsAdminNegativeTestJSON:test_show_host_detail_with_nonexistent_hostname): 404 GET http://10.180.1.21/compute/v2.1/os-hosts/nonexistent_hostname 0.038s
2025-03-17 09:35:35.174 68730 INFO tempest.lib.common.rest_client [req-4d33455e-cf21-4d5c-8582-5e78280f67d5 req-4d33455e-cf21-4d5c-8582-5e78280f67d5 ] Request (FlavorsV2TestJSON:test_list_flavors_with_detail): 200 GET http://10.180.1.21/compute/v2.1/flavors/42 0.040s
2025-03-17 09:35:35.195 68724 INFO tempest.lib.common.rest_client [req-532f4e9b-2e98-4fcd-99cc-19dcf35e7fff req-532f4e9b-2e98-4fcd-99cc-19dcf35e7fff ] Request (AggregatesAdminNegativeTestJSON:_run_cleanups): 200 DELETE http://10.180.1.21/compute/v2.1/os-aggregates/4 0.054s
2025-03-17 09:35:35.216 68734 INFO tempest.lib.common.rest_client [req-4f44395b-8760-456e-b6e9-6222cc5f7198 req-4f44395b-8760-456e-b6e9-6222cc5f7198 ] Request (FlavorsAdminTestJSON:_run_cleanups): 200 GET http://10.180.1.21/compute/v2.1/flavors/detail 0.058s
2025-03-17 09:35:35.224 68756 INFO tempest.lib.common.rest_client [req-6e7e04a7-da34-4f6c-a392-f8395ebe58e6 req-6e7e04a7-da34-4f6c-a392-f8395ebe58e6 ] Request (HostsAdminNegativeTestJSON:test_shutdown_host_with_non_admin_user): 403 GET http://10.180.1.21/compute/v2.1/os-hosts/devstack/shutdown 0.065s
2025-03-17 09:35:35.240 68736 INFO tempest.lib.common.rest_client [req-c0415613-1983-40c3-8c9f-059143d05cd9 req-c0415613-1983-40c3-8c9f-059143d05cd9 ] Request (ServerDiagnosticsTest:test_get_server_diagnostics): 200 GET http://10.180.1.21/compute/v2.1/servers/7eea385c-cd21-4229-84ca-60ebfaa72460 0.117s
2025-03-17 09:35:35.254 68724 INFO tempest.lib.common.rest_client [req-5026a55c-d350-4396-921b-b0752ff939d5 req-5026a55c-d350-4396-921b-b0752ff939d5 ] Request (AggregatesAdminNegativeTestJSON:test_aggregate_delete_as_user): 200 POST http://10.180.1.21/compute/v2.1/os-aggregates 0.058s
2025-03-17 09:35:35.272 68748 INFO tempest.lib.common.rest_client [req-bd6a3ee1-82d1-4482-b852-f26304473658 req-bd6a3ee1-82d1-4482-b852-f26304473658 ] Request (FloatingIPsAssociationNegativeTestJSON:setUpClass): 200 GET http://10.180.1.21/identity/v3/domains?name=Default 0.654s
2025-03-17 09:35:35.273 68756 INFO tempest.lib.common.rest_client [req-488db8a2-d72e-4474-a49e-c0087d750d59 req-488db8a2-d72e-4474-a49e-c0087d750d59 ] Request (HostsAdminNegativeTestJSON:test_shutdown_nonexistent_host): 404 GET http://10.180.1.21/compute/v2.1/os-hosts/nonexistent_hostname/shutdown 0.048s
2025-03-17 09:35:35.279 68724 INFO tempest.lib.common.rest_client [req-07d11b4b-ff08-4764-8cf3-b6309cf2f0fa req-07d11b4b-ff08-4764-8cf3-b6309cf2f0fa ] Request (AggregatesAdminNegativeTestJSON:test_aggregate_delete_as_user): 403 DELETE http://10.180.1.21/compute/v2.1/os-aggregates/5 0.021s
2025-03-17 09:35:35.286 68756 INFO tempest.lib.common.rest_client [req-fd9cccb8-104d-4206-b21b-fdbbfa83ecbf req-fd9cccb8-104d-4206-b21b-fdbbfa83ecbf ] Request (HostsAdminNegativeTestJSON:test_startup_host_with_non_admin_user): 403 GET http://10.180.1.21/compute/v2.1/os-hosts/devstack/startup 0.011s
2025-03-17 09:35:35.293 68734 INFO tempest.lib.common.rest_client [req-7375397e-1993-4f06-871d-d1417f4a5c27 req-7375397e-1993-4f06-871d-d1417f4a5c27 ] Request (FlavorsAdminTestJSON:test_create_list_flavor_without_extra_data): 200 POST http://10.180.1.21/compute/v2.1/flavors 0.065s
2025-03-17 09:35:35.307 68724 INFO tempest.lib.common.rest_client [req-783b455f-76a7-42de-85cb-1f34a0e25457 req-783b455f-76a7-42de-85cb-1f34a0e25457 ] Request (AggregatesAdminNegativeTestJSON:_run_cleanups): 200 DELETE http://10.180.1.21/compute/v2.1/os-aggregates/5 0.024s
2025-03-17 09:35:35.324 68756 INFO tempest.lib.common.rest_client [req-83a53fa2-ab85-4566-8066-bed6286cc54c req-83a53fa2-ab85-4566-8066-bed6286cc54c ] Request (HostsAdminNegativeTestJSON:test_startup_nonexistent_host): 404 GET http://10.180.1.21/compute/v2.1/os-hosts/nonexistent_hostname/startup 0.037s
2025-03-17 09:35:35.325 68712 INFO tempest.lib.common.rest_client [req-8e5f06c6-09f0-4c56-a280-88173eb413a5 req-8e5f06c6-09f0-4c56-a280-88173eb413a5 ] Request (FlavorsAccessNegativeTestJSON:setUpClass): 204 PUT http://10.180.1.21/identity/v3/projects/e0a9fc4186274c5cb13b900541569966/users/4377716fe9eb4e1bab6907327a09465f/roles/48e2c7b905c44c82984fe46f9be4a826 0.686s
2025-03-17 09:35:35.344 68734 INFO tempest.lib.common.rest_client [req-97b1bcd2-30ee-4b9a-b61d-708862a794ae req-97b1bcd2-30ee-4b9a-b61d-708862a794ae ] Request (FlavorsAdminTestJSON:test_create_list_flavor_without_extra_data): 200 GET http://10.180.1.21/compute/v2.1/flavors/2030056459 0.048s
2025-03-17 09:35:35.360 68724 INFO tempest.lib.common.rest_client [req-f49561d0-d78a-4f70-bae9-e6b6787594d0 req-f49561d0-d78a-4f70-bae9-e6b6787594d0 ] Request (AggregatesAdminNegativeTestJSON:test_aggregate_delete_with_invalid_id): 404 DELETE http://10.180.1.21/compute/v2.1/os-aggregates/-1 0.052s
2025-03-17 09:35:35.364 68756 INFO tempest.lib.common.rest_client [req-f97b8f8d-1f4e-42cd-b797-f011c5aa7679 req-f97b8f8d-1f4e-42cd-b797-f011c5aa7679 ] Request (HostsAdminNegativeTestJSON:test_update_host_with_invalid_maintenance_mode): 400 PUT http://10.180.1.21/compute/v2.1/os-hosts/devstack 0.039s
2025-03-17 09:35:35.399 68760 INFO tempest.lib.common.rest_client [req-5d9a16e2-435b-4ce5-b510-9b27c446b980 req-5d9a16e2-435b-4ce5-b510-9b27c446b980 ] Request (ServerMetadataTestJSON:setUpClass): 201 POST http://10.180.1.21/identity/v3/auth/tokens 0.612s
2025-03-17 09:35:35.424 68752 INFO tempest.lib.common.rest_client [req-94f492eb-5af5-4da6-8bdd-913d304c111e req-94f492eb-5af5-4da6-8bdd-913d304c111e ] Request (FlavorsV255TestJSON:tearDownClass): 200 GET http://10.180.1.21:9696/networking/v2.0/security-groups?tenant_id=7417dba8eff2401aaf0e759408d1edcd&name=default 1.166s
2025-03-17 09:35:35.449 68716 INFO tempest.lib.common.rest_client [req-f2cd583b-948f-4166-84b5-dd5334668654 req-f2cd583b-948f-4166-84b5-dd5334668654 ] Request (QuotaClassesAdmin257Test:setUpClass): 201 POST http://10.180.1.21/identity/v3/projects 0.616s
2025-03-17 09:35:35.465 68726 INFO tempest.lib.common.rest_client [req-0b7cc2cb-4f32-4686-a2d2-2b20bb59436c req-0b7cc2cb-4f32-4686-a2d2-2b20bb59436c ] Request (FlavorsExtraSpecsNegativeTestJSON:tearDownClass): 204 DELETE http://10.180.1.21/identity/v3/users/01c1f94f66fb4eb2a4ba71051b7214c8 0.640s
2025-03-17 09:35:35.549 68766 INFO tempest.lib.common.rest_client [req-d33f0d8a-3dd0-4649-8909-5939cebeadf1 req-d33f0d8a-3dd0-4649-8909-5939cebeadf1 ] Request (QuotasAdminTestV236:tearDownClass): 204 DELETE http://10.180.1.21/identity/v3/users/306f22581dce4f5da657af4472ce716e 0.614s
2025-03-17 09:35:35.549 68766 INFO tempest.lib.common.dynamic_creds [-] Deleting project and security group for project: a7b4409d251149c2adb5546bdb55aed2
2025-03-17 09:35:35.552 68710 INFO tempest.lib.common.rest_client [req-0a625db4-c121-4b3e-896b-b9ade21c1b69 req-0a625db4-c121-4b3e-896b-b9ade21c1b69 ] Request (MigrationsAdminTest:test_list_migrations_in_flavor_resize_situation): 200 GET http://10.180.1.21/compute/v2.1/servers/1b07d836-07a1-437f-8890-59630b092bca 0.267s
2025-03-17 09:35:35.559 68756 INFO tempest.lib.common.rest_client [req-b71a5346-1a2a-4746-848a-ad886451f954 req-b71a5346-1a2a-4746-848a-ad886451f954 ] Request (HostsAdminNegativeTestJSON:test_update_host_with_invalid_status): 400 PUT http://10.180.1.21/compute/v2.1/os-hosts/devstack 0.193s
2025-03-17 09:35:35.581 68724 INFO tempest.lib.common.rest_client [req-3674757d-01a4-4464-8a5d-addc61a33646 req-3674757d-01a4-4464-8a5d-addc61a33646 ] Request (AggregatesAdminNegativeTestJSON:test_aggregate_get_details_as_user): 200 POST http://10.180.1.21/compute/v2.1/os-aggregates 0.216s
2025-03-17 09:35:35.632 68708 INFO tempest.lib.common.rest_client [req-bc32182f-477d-4970-9565-d880b0e975eb req-bc32182f-477d-4970-9565-d880b0e975eb ] Request (HypervisorAdminTestJSON:tearDownClass): 204 DELETE http://10.180.1.21/identity/v3/projects/a2794c5e2e1a41efb3fd8047f6105dec 0.647s
2025-03-17 09:35:35.688 68728 INFO tempest.lib.common.rest_client [req-facd524d-3f02-431a-b1ca-cc1c4d268aed req-facd524d-3f02-431a-b1ca-cc1c4d268aed ] Request (KeyPairsV210TestJSON:tearDownClass): 201 POST http://10.180.1.21/identity/v3/auth/tokens 0.618s
2025-03-17 09:35:35.712 68750 INFO tempest.lib.common.rest_client [req-eb73b274-11ab-4e7a-9802-38b32d19caed req-eb73b274-11ab-4e7a-9802-38b32d19caed ] Request (QuotasAdminTestJSON:test_delete_quota): 201 POST http://10.180.1.21/identity/v3/projects 0.700s
2025-03-17 09:35:35.745 68732 INFO tempest.lib.common.rest_client [req-6fc441e1-0f58-4ca6-8dc1-673e76a0c7d2 req-6fc441e1-0f58-4ca6-8dc1-673e76a0c7d2 ] Request (FlavorsExtraSpecsTestJSON:tearDownClass): 204 DELETE http://10.180.1.21/identity/v3/users/97debadc17524066ae0d7bf640a39e13 0.649s
2025-03-17 09:35:35.754 68770 INFO tempest.lib.common.rest_client [req-2ff0d1f8-4091-4d94-80b9-1fb1dd3b61de req-2ff0d1f8-4091-4d94-80b9-1fb1dd3b61de ] Request (TenantUsagesTestJSON:setUpClass): 200 GET http://10.180.1.21/compute/v2.1/servers/955d5968-609f-41ef-9fba-34c29184f66f 0.219s
2025-03-17 09:35:35.761 68756 INFO tempest.lib.common.rest_client [req-fd7dee5b-ca39-4e84-b64b-bc09fa41f19d req-fd7dee5b-ca39-4e84-b64b-bc09fa41f19d ] Request (HostsAdminNegativeTestJSON:test_update_host_with_non_admin_user): 403 PUT http://10.180.1.21/compute/v2.1/os-hosts/devstack 0.200s
2025-03-17 09:35:35.762 68742 INFO tempest.lib.common.rest_client [req-cbea6e52-f100-45f8-979c-2496b6c69dfa req-cbea6e52-f100-45f8-979c-2496b6c69dfa ] Request (SecurityGroupsTestAdminJSON:setUpClass): 201 POST http://10.180.1.21/identity/v3/auth/tokens 0.640s
2025-03-17 09:35:35.769 68724 INFO tempest.lib.common.rest_client [req-f175ea4c-b288-425d-8646-9b4dbed8f764 req-f175ea4c-b288-425d-8646-9b4dbed8f764 ] Request (AggregatesAdminNegativeTestJSON:test_aggregate_get_details_as_user): 403 GET http://10.180.1.21/compute/v2.1/os-aggregates/6 0.187s
2025-03-17 09:35:35.834 68722 INFO tempest.lib.common.rest_client [req-07643365-429e-4652-9ba9-94a53be453c4 req-07643365-429e-4652-9ba9-94a53be453c4 ] Request (ServerExternalEventsTest:test_create_server_external_events): 200 GET http://10.180.1.21/compute/v2.1/servers/6e0dade5-e6cb-4bfe-8415-3a820c338854 0.139s
2025-03-17 09:35:35.844 68722 INFO tempest.common.waiters [-] State transition "BUILD/None" ==> "BUILD/networking" after 6 second wait
2025-03-17 09:35:35.846 68756 INFO tempest.lib.common.rest_client [req-515c374e-6449-4217-9454-e7ba387e31b0 req-515c374e-6449-4217-9454-e7ba387e31b0 ] Request (HostsAdminNegativeTestJSON:test_update_host_without_param): 400 PUT http://10.180.1.21/compute/v2.1/os-hosts/devstack 0.084s
2025-03-17 09:35:35.852 68762 INFO tempest.lib.common.rest_client [req-72f5f077-5e08-4f86-b004-98f88dd41323 req-72f5f077-5e08-4f86-b004-98f88dd41323 ] Request (HypervisorAdminNegativeUnderV252Test:tearDownClass): 204 DELETE http://10.180.1.21/identity/v3/projects/b34a7e6c29124a2e9703d38eec299686 0.704s
2025-03-17 09:35:35.854 68762 INFO tempest.test [-] raised in LiveMigrationTest.setUpClass. Invoking tearDownClass.
2025-03-17 09:35:35.861 68764 INFO tempest.lib.common.rest_client [req-d2b7122e-63f4-4fbe-ad87-d1bab4a29847 req-d2b7122e-63f4-4fbe-ad87-d1bab4a29847 ] Request (ComputeTenantNetworksTest:tearDownClass): 204 DELETE http://10.180.1.21/identity/v3/projects/6b60f5d13cde47fe950571402d04f103 0.729s
2025-03-17 09:35:35.905 68752 INFO tempest.lib.common.rest_client [req-dc1f6278-ea4d-4039-a880-e66ed1602d65 req-dc1f6278-ea4d-4039-a880-e66ed1602d65 ] Request (FlavorsV255TestJSON:tearDownClass): 204 DELETE http://10.180.1.21:9696/networking/v2.0/security-groups/e4217247-304c-4e0d-bdd9-9e5a805eea4e 0.480s
2025-03-17 09:35:35.916 68724 INFO tempest.lib.common.rest_client [req-c0ef0f61-332f-4430-a552-5b62a35cca01 req-c0ef0f61-332f-4430-a552-5b62a35cca01 ] Request (AggregatesAdminNegativeTestJSON:_run_cleanups): 200 DELETE http://10.180.1.21/compute/v2.1/os-aggregates/6 0.146s
2025-03-17 09:35:35.952 68718 INFO tempest.lib.common.rest_client [req-140637fd-fddc-4e5a-8d03-d91193163356 req-140637fd-fddc-4e5a-8d03-d91193163356 ] Request (VolumesAssistedSnapshotsTest:test_volume_assisted_snapshot_create_delete): 202 POST http://10.180.1.21/volume/v3/volumes 1.013s
2025-03-17 09:35:35.963 68748 INFO tempest.lib.common.rest_client [req-f260f1b8-328a-441f-bfa0-407cc96a4e05 req-f260f1b8-328a-441f-bfa0-407cc96a4e05 ] Request (FloatingIPsAssociationNegativeTestJSON:setUpClass): 201 POST http://10.180.1.21/identity/v3/projects 0.689s
2025-03-17 09:35:35.972 68746 INFO tempest.lib.common.rest_client [req-e0e731e5-9b33-473d-9bf3-847921732dc1 req-e0e731e5-9b33-473d-9bf3-847921732dc1 ] Request (FlavorsV261TestJSON:tearDownClass): 200 GET http://10.180.1.21:9696/networking/v2.0/security-groups?tenant_id=5d3eb044f3c54b6880be77ff24897d13&name=default 1.318s
2025-03-17 09:35:36.008 68730 INFO tempest.lib.common.rest_client [req-540f9e08-b452-4818-95fc-846a290313b1 req-540f9e08-b452-4818-95fc-846a290313b1 ] Request (FlavorsV2TestJSON:tearDownClass): 204 DELETE http://10.180.1.21/identity/v3/users/7c60b58758444b4aa328d2a665d28583 0.828s
2025-03-17 09:35:36.008 68730 INFO tempest.lib.common.dynamic_creds [-] Deleting project and security group for project: c87f90349fbd472fb76144fe98ba16d0
2025-03-17 09:35:36.020 68768 INFO tempest.lib.common.rest_client [req-99597ff6-59e3-4991-ade2-9a226d3857c2 req-99597ff6-59e3-4991-ade2-9a226d3857c2 ] Request (FloatingIPDetailsTestJSON:setUpClass): 201 POST http://10.180.1.21:9696/networking/v2.0/routers 1.666s
2025-03-17 09:35:36.059 68744 INFO tempest.lib.common.rest_client [req-b577e176-73f4-456e-a134-dcc043cb4609 req-b577e176-73f4-456e-a134-dcc043cb4609 ] Request (DeleteServersAdminTestJSON:test_admin_delete_servers_of_others): 200 GET http://10.180.1.21/compute/v2.1/servers/5afc3947-fa82-4aa1-9c9d-f93ac3f12a2b 0.273s
2025-03-17 09:35:36.069 68718 INFO tempest.lib.common.rest_client [req-90918b50-3f0f-4d65-8bbd-c48eef5f86a2 req-90918b50-3f0f-4d65-8bbd-c48eef5f86a2 ] Request (VolumesAssistedSnapshotsTest:test_volume_assisted_snapshot_create_delete): 200 GET http://10.180.1.21/volume/v3/volumes/9c4f61f9-0fad-4b75-974f-c4dad23bc850 0.109s
2025-03-17 09:35:36.080 68756 INFO tempest.lib.common.rest_client [req-f45662c4-6acc-438e-8808-a14734ea7c07 req-f45662c4-6acc-438e-8808-a14734ea7c07 ] Request (HostsAdminNegativeTestJSON:test_update_nonexistent_host): 404 PUT http://10.180.1.21/compute/v2.1/os-hosts/nonexistent_hostname 0.233s
2025-03-17 09:35:36.097 68724 INFO tempest.lib.common.rest_client [req-df41b5c7-1749-4354-88a1-eb7c95858bc1 req-df41b5c7-1749-4354-88a1-eb7c95858bc1 ] Request (AggregatesAdminNegativeTestJSON:test_aggregate_get_details_with_invalid_id): 404 GET http://10.180.1.21/compute/v2.1/os-aggregates/-1 0.175s
2025-03-17 09:35:36.109 68712 INFO tempest.lib.common.rest_client [req-759518e5-eab5-4532-b03f-7ebdb2a58d95 req-759518e5-eab5-4532-b03f-7ebdb2a58d95 ] Request (FlavorsAccessNegativeTestJSON:setUpClass): 200 GET http://10.180.1.21/identity/v3/roles 0.782s
2025-03-17 09:35:36.135 68760 INFO tempest.lib.common.rest_client [req-e38a8218-da4f-4cee-9d26-3701e276683e req-e38a8218-da4f-4cee-9d26-3701e276683e ] Request (ServerMetadataTestJSON:setUpClass): 200 GET http://10.180.1.21/identity/v3/domains?name=Default 0.735s
2025-03-17 09:35:36.135 68740 INFO tempest.lib.common.rest_client [req-fd8a3505-695c-45f1-a992-8e61eea7bb76 req-fd8a3505-695c-45f1-a992-8e61eea7bb76 ] Request (FlavorsAccessTestJSON:tearDownClass): 200 GET http://10.180.1.21:9696/networking/v2.0/security-groups?tenant_id=11fcf52505404f8f9eeb9594c985fe86&name=default 1.319s
2025-03-17 09:35:36.184 68738 INFO tempest.lib.common.rest_client [req-eb64189d-1508-411e-862b-7bf8c04ac737 req-eb64189d-1508-411e-862b-7bf8c04ac737 ] Request (ServerDiagnosticsNegativeTest:test_get_server_diagnostics_by_non_admin): 200 GET http://10.180.1.21/compute/v2.1/servers/9da9da05-f0fe-4490-a416-5e4513e72584 0.258s
2025-03-17 09:35:36.199 68716 INFO tempest.lib.common.rest_client [req-48cd2895-ab9f-45da-9a5d-cc85b021a81f req-48cd2895-ab9f-45da-9a5d-cc85b021a81f ] Request (QuotaClassesAdmin257Test:setUpClass): 201 POST http://10.180.1.21/identity/v3/users 0.749s
2025-03-17 09:35:36.212 68746 INFO tempest.lib.common.rest_client [req-6ecd2177-c9fc-453c-8134-18256eacf3bd req-6ecd2177-c9fc-453c-8134-18256eacf3bd ] Request (FlavorsV261TestJSON:tearDownClass): 204 DELETE http://10.180.1.21:9696/networking/v2.0/security-groups/1f7f07f2-2073-4207-adf7-ddcfbdd8dd99 0.239s
