2025-03-11 12:01:59.305 70108 INFO tempest.lib.common.rest_client [req-3487850a-076c-44c2-b911-5d1bde80901b req-3487850a-076c-44c2-b911-5d1bde80901b ] Request (ServerExternalEventsTest:test_create_server_external_events): 200 GET http://10.180.1.21/compute/v2.1/servers/176eb896-91f5-4a36-a9d2-d5d78b6c93b2 0.306s
2025-03-11 12:01:59.326 70104 INFO tempest.lib.common.rest_client [req-d92083b6-6577-4795-ada3-a062807bfecb req-d92083b6-6577-4795-ada3-a062807bfecb ] Request (MigrationsAdminTest:test_list_migrations_in_flavor_resize_situation): 200 GET http://10.180.1.21/compute/v2.1/servers/f22f2442-6c76-4002-8c1c-920577f87f3e 0.358s
2025-03-11 12:01:59.358 70100 INFO tempest.lib.common.rest_client [req-b868624a-050e-46a8-8cd9-1895a0712ab5 req-b868624a-050e-46a8-8cd9-1895a0712ab5 ] Request (ServersNegativeTestJSON:setUpClass): 200 GET http://10.180.1.21/compute/v2.1/servers/36de9d61-f5b4-4ac3-8d03-2df6ca0750c2 0.319s
2025-03-11 12:01:59.384 70068 INFO tempest.lib.common.rest_client [req-40c08cbd-4e34-4e59-b25e-cce3a78cd0f7 req-40c08cbd-4e34-4e59-b25e-cce3a78cd0f7 ] Request (ServersTestMultiNic:_run_cleanups): 404 GET http://10.180.1.21/compute/v2.1/servers/93e26427-6129-4696-bf34-49685b1dac04 0.285s
2025-03-11 12:01:59.396 70084 INFO tempest.lib.common.rest_client [req-43287cc9-12f5-4fc2-b116-75b721b4bdaf req-43287cc9-12f5-4fc2-b116-75b721b4bdaf ] Request (ImagesOneServerNegativeTestJSON:_run_cleanups): 200 GET http://10.180.1.21/compute/v2.1/servers/28741f56-6af9-48ca-b819-777bcfdec79c 0.313s
2025-03-11 12:01:59.442 70080 INFO tempest.lib.common.rest_client [req-b12af15f-fba8-4572-950c-5a7de7280c0d req-b12af15f-fba8-4572-950c-5a7de7280c0d ] Request (ServerGroup264TestJSON:tearDownClass): 200 PUT http://10.180.1.21:9696/networking/v2.0/routers/76b8444f-4387-4914-8136-9c964d2aefbe/remove_router_interface 1.037s
2025-03-11 12:01:59.478 70060 INFO tempest.lib.common.rest_client [req-1864dbf7-1034-4e52-82ca-307ddc4ee208 req-1864dbf7-1034-4e52-82ca-307ddc4ee208 ] Request (FloatingIPsAssociationTestJSON:setUpClass): 200 GET http://10.180.1.21/compute/v2.1/servers/a4f581c4-99c4-4f3c-af62-8b652d31e4fd 0.326s
2025-03-11 12:01:59.512 70090 WARNING tempest.lib.common.ssh [-] Failed to establish authenticated ssh connection to cirros@10.180.180.149 ([Errno None] Unable to connect to port 22 on 10.180.180.149). Number attempts: 3. Retry after 4 seconds.: paramiko.ssh_exception.NoValidConnectionsError: [Errno None] Unable to connect to port 22 on 10.180.180.149
2025-03-11 12:01:59.643 70055 INFO tempest.lib.common.rest_client [req-343013cc-3560-466f-95d6-043afec3c8d3 req-343013cc-3560-466f-95d6-043afec3c8d3 ] Request (ServersTestBootFromVolume:setUpClass): 200 GET http://10.180.1.21/compute/v2.1/servers/b5743a22-1e77-4c65-81b2-6d0044397b27 0.299s
2025-03-11 12:01:59.653 70055 INFO tempest.common.waiters [-] State transition "BUILD/block_device_mapping" ==> "BUILD/spawning" after 46 second wait
2025-03-11 12:01:59.714 70092 INFO tempest.lib.common.rest_client [req-8ff62ed1-8d04-4f24-90ac-5d4d172379a5 req-8ff62ed1-8d04-4f24-90ac-5d4d172379a5 ] Request (ListImageFiltersTestJSON:setUpClass): 200 GET http://10.180.1.21/compute/v2.1/servers/369b4f02-42d7-485a-bb5c-053633a8a160 0.309s
2025-03-11 12:01:59.777 70068 INFO tempest.lib.common.rest_client [req-78de9df6-11ec-40ad-8a1c-142e22ee5bc0 req-78de9df6-11ec-40ad-8a1c-142e22ee5bc0 ] Request (ServersTestMultiNic:_run_cleanups): 204 DELETE http://10.180.1.21:9696/networking/v2.0/subnets/be2e6c3a-aeb6-417e-a8ed-96eb55706202 0.392s
2025-03-11 12:01:59.781 70114 INFO tempest.lib.common.rest_client [req-c1d33ea4-d20c-41da-9415-e95e956ffdb3 req-c1d33ea4-d20c-41da-9415-e95e956ffdb3 ] Request (ServerRescueTestJSON:setUpClass): 200 GET http://10.180.1.21/compute/v2.1/servers/76d8729f-b71e-4c19-8c6a-acaab4cc29e2 0.320s
2025-03-11 12:02:00.091 70082 INFO tempest.lib.common.rest_client [req-68bf52ac-520a-4855-bade-bbeae8a5a99e req-68bf52ac-520a-4855-bade-bbeae8a5a99e ] Request (ImagesTestJSON:test_create_image_from_suspended_server): 200 GET http://10.180.1.21/compute/v2.1/servers/7dc84e2a-2c23-4011-8481-4af95011a149 0.618s
2025-03-11 12:02:00.184 70070 INFO tempest.lib.common.rest_client [req-9aa5b631-cfb0-49f3-8e41-bbfd06ca890a req-9aa5b631-cfb0-49f3-8e41-bbfd06ca890a ] Request (ServersAdminNegativeTestJSON:test_migrate_server_invalid_state): 200 GET http://10.180.1.21/compute/v2.1/servers/0bf7734b-d8be-42fd-9621-21e13da23634 0.672s
2025-03-11 12:02:00.273 70053 INFO tempest.lib.common.rest_client [req-1b4d6b8e-524e-47eb-b8e6-4dc4ffdb478d req-1b4d6b8e-524e-47eb-b8e6-4dc4ffdb478d ] Request (ServerRescueTestJSONUnderV235:setUpClass): 200 GET http://10.180.1.21/compute/v2.1/servers/d3c7d1bc-f920-4075-9eab-7b026bc0c5ea 0.736s
2025-03-11 12:02:00.281 70098 WARNING tempest.lib.common.ssh [-] Failed to establish authenticated ssh connection to cirros@10.180.180.146 ([Errno None] Unable to connect to port 22 on 10.180.180.146). Number attempts: 1. Retry after 2 seconds.: paramiko.ssh_exception.NoValidConnectionsError: [Errno None] Unable to connect to port 22 on 10.180.180.146
2025-03-11 12:02:00.360 70094 INFO tempest.lib.common.rest_client [req-4418e0bf-6530-40ce-a14d-f2b2fe645a59 req-4418e0bf-6530-40ce-a14d-f2b2fe645a59 ] Request (ImagesNegativeTestJSON:test_create_image_from_deleted_server): 200 GET http://10.180.1.21/compute/v2.1/servers/fdaf176d-a101-44c5-bbec-cd481e5f440e 0.783s
2025-03-11 12:02:00.443 70058 INFO tempest.lib.common.rest_client [req-c8461d07-0bf4-4f42-8988-bfafdb27f21b req-c8461d07-0bf4-4f42-8988-bfafdb27f21b ] Request (MultipleCreateTestJSON:test_multiple_create): 200 GET http://10.180.1.21/compute/v2.1/servers/74a3276a-8166-4dbe-8b04-b811a7349105 0.851s
2025-03-11 12:02:00.473 70088 INFO tempest.lib.common.rest_client [req-74aacfe4-dc26-4648-b4c1-9333b7fbb0af req-74aacfe4-dc26-4648-b4c1-9333b7fbb0af ] Request (FloatingIPsAssociationNegativeTestJSON:_run_cleanups): 202 POST http://10.180.1.21/compute/v2.1/servers/afd27e48-9ec6-453d-a879-466ddaf363e3/action 1.350s
2025-03-11 12:02:00.533 70066 INFO tempest.lib.common.rest_client [req-6eb807af-6608-4169-9b96-4188f53b1d7d req-6eb807af-6608-4169-9b96-4188f53b1d7d ] Request (ServerDiagnosticsV248Test:test_get_server_diagnostics): 200 GET http://10.180.1.21/compute/v2.1/servers/6d7766ae-714c-4682-98e0-6b1bb93130e3 0.848s
2025-03-11 12:02:00.554 70076 INFO tempest.lib.common.rest_client [req-2b3f4a17-27f9-4d9c-bac6-76c90f832600 req-2b3f4a17-27f9-4d9c-bac6-76c90f832600 ] Request (ServerTagsTestJSON:setUpClass): 200 GET http://10.180.1.21/compute/v2.1/servers/015724cf-8e8c-42b9-b2c9-875978cc6135 0.922s
2025-03-11 12:02:00.589 70062 INFO tempest.lib.common.rest_client [req-bafad4be-1e39-47af-9794-2ab2098080a0 req-bafad4be-1e39-47af-9794-2ab2098080a0 ] Request (ServerAddressesTestJSON:setUpClass): 200 GET http://10.180.1.21/compute/v2.1/servers/fbe4fab7-6cc5-4dce-b8c6-9809f4c4da6e 0.859s
2025-03-11 12:02:00.631 70080 INFO tempest.lib.common.rest_client [req-dc383599-aebd-44af-8c2a-7223f4d91dce req-dc383599-aebd-44af-8c2a-7223f4d91dce ] Request (ServerGroup264TestJSON:tearDownClass): 204 DELETE http://10.180.1.21:9696/networking/v2.0/routers/76b8444f-4387-4914-8136-9c964d2aefbe 1.188s
2025-03-11 12:02:00.652 70102 INFO tempest.lib.common.rest_client [req-d2f3c6c6-629a-4f4c-bd75-cf15906f6c06 req-d2f3c6c6-629a-4f4c-bd75-cf15906f6c06 ] Request (ServersNegativeTestMultiTenantJSON:setUpClass): 200 GET http://10.180.1.21/compute/v2.1/servers/a8681ee8-b89d-47d4-a57d-0cbbe3a9b088 0.671s
2025-03-11 12:02:00.721 70064 INFO tempest.lib.common.rest_client [req-55c33eb4-42c2-467b-8565-51ab0cbbd369 req-55c33eb4-42c2-467b-8565-51ab0cbbd369 ] Request (ServersTestManualDisk:setUpClass): 200 GET http://10.180.1.21/compute/v2.1/servers/56c1c64a-d6b9-4d42-a0d9-59046d855df2 0.676s
2025-03-11 12:02:00.753 70072 INFO tempest.lib.common.rest_client [req-931a3b81-64ba-415b-9d5a-9dffcec04f4c req-931a3b81-64ba-415b-9d5a-9dffcec04f4c ] Request (ServerDiagnosticsNegativeTest:tearDownClass): 404 GET http://10.180.1.21/compute/v2.1/servers/7621e6bb-0e58-4966-baff-aaf70d0a4ce2 0.647s
2025-03-11 12:02:00.803 70110 INFO tempest.lib.common.rest_client [req-17e07ab1-dccc-4355-aa80-bb7116649d76 req-17e07ab1-dccc-4355-aa80-bb7116649d76 ] Request (ListServerFiltersTestJSON:setUpClass): 200 GET http://10.180.1.21/compute/v2.1/servers/349f95e4-596b-4f6a-8ddc-e01369b5c832 0.883s
2025-03-11 12:02:00.821 70086 INFO tempest.lib.common.rest_client [req-7c9eb6d0-4285-4445-86c4-06eb3060ea60 req-7c9eb6d0-4285-4445-86c4-06eb3060ea60 ] Request (DeleteServersAdminTestJSON:test_delete_server_while_in_error_state): 200 GET http://10.180.1.21/compute/v2.1/servers/1e74125a-23fa-446d-b685-260bc10f2643 0.663s
2025-03-11 12:02:00.849 70080 INFO tempest.lib.common.rest_client [req-f8eb5d27-5074-4aef-b249-0c9cb13f18d8 req-f8eb5d27-5074-4aef-b249-0c9cb13f18d8 ] Request (ServerGroup264TestJSON:tearDownClass): 204 DELETE http://10.180.1.21:9696/networking/v2.0/subnets/214abeb3-1fdb-422b-8aa3-019f2a7ed9c0 0.217s
2025-03-11 12:02:00.906 70068 INFO tempest.lib.common.rest_client [req-632226bb-0231-4f7f-82fc-2d1d51215deb req-632226bb-0231-4f7f-82fc-2d1d51215deb ] Request (ServersTestMultiNic:_run_cleanups): 204 DELETE http://10.180.1.21:9696/networking/v2.0/networks/22bd183e-a3df-49b9-8422-18839ac0f7fd 1.129s
2025-03-11 12:02:00.931 70106 INFO tempest.lib.common.rest_client [req-6681fe78-0415-49e7-86c7-5e6bd3303f09 req-6681fe78-0415-49e7-86c7-5e6bd3303f09 ] Request (ImagesOneServerTestJSON:tearDownClass): 200 GET http://10.180.1.21/compute/v2.1/servers/9e862f36-920a-4332-95c0-a74470458058 0.728s
2025-03-11 12:02:00.942 70072 INFO tempest.lib.common.rest_client [req-4c45698d-b1c3-4742-85ec-83722d2401d6 req-4c45698d-b1c3-4742-85ec-83722d2401d6 ] Request (ServerDiagnosticsNegativeTest:tearDownClass): 204 DELETE http://10.180.1.21/identity/v3/users/b84df80e52974881ada07bca232c2262 0.188s
2025-03-11 12:02:00.969 70078 INFO tempest.lib.common.rest_client [req-53cbbb4f-6101-41df-9b46-7fed91532695 req-53cbbb4f-6101-41df-9b46-7fed91532695 ] Request (ServersAdmin275Test:tearDownClass): 200 GET http://10.180.1.21/compute/v2.1/servers/abb28692-e9c8-4a9d-8042-623d9737ebde 0.747s
2025-03-11 12:02:01.040 70108 INFO tempest.lib.common.rest_client [req-26978218-b077-41b0-b68c-3c77e4c4ddf9 req-26978218-b077-41b0-b68c-3c77e4c4ddf9 ] Request (ServerExternalEventsTest:test_create_server_external_events): 200 GET http://10.180.1.21/compute/v2.1/servers/176eb896-91f5-4a36-a9d2-d5d78b6c93b2 0.719s
2025-03-11 12:02:01.042 70112 INFO tempest.lib.common.rest_client [req-25c9e3e0-c6e7-4f26-8823-1b3e77960d9d req-25c9e3e0-c6e7-4f26-8823-1b3e77960d9d ] Request (ServersAdminTestJSON:test_create_server_with_scheduling_hint): 200 GET http://10.180.1.21/compute/v2.1/servers/c89f5e34-74c1-4b07-8fa7-27383505b60c 0.781s
2025-03-11 12:02:01.098 70072 INFO tempest.lib.common.rest_client [req-a7f3e775-850c-4512-9c53-9f831db250ab req-a7f3e775-850c-4512-9c53-9f831db250ab ] Request (ServerDiagnosticsNegativeTest:tearDownClass): 204 DELETE http://10.180.1.21/identity/v3/users/60edfa82924e4397a918f3a56ea1de1d 0.156s
2025-03-11 12:02:01.099 70072 INFO tempest.lib.common.dynamic_creds [-] Deleting project and security group for project: 80e52068e6ca49b5971610c6d62a7075
2025-03-11 12:02:01.116 70100 INFO tempest.lib.common.rest_client [req-47dd9e20-be60-465e-ad2f-dfa1fa8c1bf2 req-47dd9e20-be60-465e-ad2f-dfa1fa8c1bf2 ] Request (ServersNegativeTestJSON:setUpClass): 200 GET http://10.180.1.21/compute/v2.1/servers/36de9d61-f5b4-4ac3-8d03-2df6ca0750c2 0.748s
2025-03-11 12:02:01.124 70100 INFO tempest.common.waiters [-] State transition "BUILD/scheduling" ==> "BUILD/None" after 36 second wait
2025-03-11 12:02:01.170 70072 INFO tempest.lib.common.rest_client [req-9cfbdb4b-c1c7-480f-a832-007c5c597b31 req-9cfbdb4b-c1c7-480f-a832-007c5c597b31 ] Request (ServerDiagnosticsNegativeTest:tearDownClass): 201 POST http://10.180.1.21/identity/v3/auth/tokens 0.071s
2025-03-11 12:02:01.202 70084 INFO tempest.lib.common.rest_client [req-ba766bef-68fe-401f-b5ea-dc50ca369b00 req-ba766bef-68fe-401f-b5ea-dc50ca369b00 ] Request (ImagesOneServerNegativeTestJSON:_run_cleanups): 200 GET http://10.180.1.21/compute/v2.1/servers/28741f56-6af9-48ca-b819-777bcfdec79c 0.797s
2025-03-11 12:02:01.222 70104 INFO tempest.lib.common.rest_client [req-f49b8b22-a74a-41a7-a4c9-0b8a46b6805f req-f49b8b22-a74a-41a7-a4c9-0b8a46b6805f ] Request (MigrationsAdminTest:test_list_migrations_in_flavor_resize_situation): 200 GET http://10.180.1.21/compute/v2.1/servers/f22f2442-6c76-4002-8c1c-920577f87f3e 0.882s
2025-03-11 12:02:01.256 70068 INFO tempest.lib.common.rest_client [req-b2d69060-0324-4187-b8a3-05c2521513a0 req-b2d69060-0324-4187-b8a3-05c2521513a0 ] Request (ServersTestMultiNic:_run_cleanups): 204 DELETE http://10.180.1.21:9696/networking/v2.0/subnets/5788cef6-b1d0-4167-bda7-05a7e0a4b2d2 0.349s
2025-03-11 12:02:01.289 70060 INFO tempest.lib.common.rest_client [req-057d64c5-8312-4d07-8f9d-6fec2aa6779e req-057d64c5-8312-4d07-8f9d-6fec2aa6779e ] Request (FloatingIPsAssociationTestJSON:setUpClass): 200 GET http://10.180.1.21/compute/v2.1/servers/a4f581c4-99c4-4f3c-af62-8b652d31e4fd 0.799s
2025-03-11 12:02:01.356 70080 INFO tempest.lib.common.rest_client [req-f526abf3-da0b-481c-af6f-47da935f4fa8 req-f526abf3-da0b-481c-af6f-47da935f4fa8 ] Request (ServerGroup264TestJSON:tearDownClass): 204 DELETE http://10.180.1.21:9696/networking/v2.0/networks/d94e1eaa-8f17-4fcb-a5ca-bee31e141770 0.506s
2025-03-11 12:02:01.449 70080 INFO tempest.lib.common.rest_client [req-84b1b3be-368a-4487-9bf7-4292046678b2 req-84b1b3be-368a-4487-9bf7-4292046678b2 ] Request (ServerGroup264TestJSON:tearDownClass): 204 DELETE http://10.180.1.21/identity/v3/users/2d0c3eafca0a4f0db314f47d720499a1 0.092s
2025-03-11 12:02:01.449 70080 INFO tempest.lib.common.dynamic_creds [-] Deleting project and security group for project: 71e96462946940d8a8f7f6e15131697d
2025-03-11 12:02:01.545 70055 INFO tempest.lib.common.rest_client [req-38e72fd1-2187-4f92-a316-1bfd3e721f22 req-38e72fd1-2187-4f92-a316-1bfd3e721f22 ] Request (ServersTestBootFromVolume:setUpClass): 200 GET http://10.180.1.21/compute/v2.1/servers/b5743a22-1e77-4c65-81b2-6d0044397b27 0.891s
2025-03-11 12:02:01.564 70080 INFO tempest.lib.common.rest_client [req-8b6365a8-042b-400e-b014-a8f33156884f req-8b6365a8-042b-400e-b014-a8f33156884f ] Request (ServerGroup264TestJSON:tearDownClass): 200 GET http://10.180.1.21:9696/networking/v2.0/security-groups?tenant_id=71e96462946940d8a8f7f6e15131697d&name=default 0.114s
2025-03-11 12:02:01.567 70072 INFO tempest.lib.common.rest_client [req-75058e8f-8aea-4b23-b53e-b84b9be07349 req-75058e8f-8aea-4b23-b53e-b84b9be07349 ] Request (ServerDiagnosticsNegativeTest:tearDownClass): 200 GET http://10.180.1.21:9696/networking/v2.0/security-groups?tenant_id=80e52068e6ca49b5971610c6d62a7075&name=default 0.396s
2025-03-11 12:02:01.635 70092 INFO tempest.lib.common.rest_client [req-55c809e3-774c-425b-8f91-0c34f7bb252f req-55c809e3-774c-425b-8f91-0c34f7bb252f ] Request (ListImageFiltersTestJSON:setUpClass): 200 GET http://10.180.1.21/compute/v2.1/servers/369b4f02-42d7-485a-bb5c-053633a8a160 0.910s
2025-03-11 12:02:01.700 70114 INFO tempest.lib.common.rest_client [req-6615ca28-3dd6-4c55-99d6-d6e0064982db req-6615ca28-3dd6-4c55-99d6-d6e0064982db ] Request (ServerRescueTestJSON:setUpClass): 200 GET http://10.180.1.21/compute/v2.1/servers/76d8729f-b71e-4c19-8c6a-acaab4cc29e2 0.909s
2025-03-11 12:02:01.740 70080 INFO tempest.lib.common.rest_client [req-9e3e3d88-b8a1-4adf-b707-a69fd392f9a5 req-9e3e3d88-b8a1-4adf-b707-a69fd392f9a5 ] Request (ServerGroup264TestJSON:tearDownClass): 204 DELETE http://10.180.1.21:9696/networking/v2.0/security-groups/54f6bf58-55b5-4a38-9fe0-595f516f0027 0.175s
2025-03-11 12:02:01.753 70072 INFO tempest.lib.common.rest_client [req-a3cf6f52-e4c2-4ca1-bb35-c17dff5adf38 req-a3cf6f52-e4c2-4ca1-bb35-c17dff5adf38 ] Request (ServerDiagnosticsNegativeTest:tearDownClass): 204 DELETE http://10.180.1.21:9696/networking/v2.0/security-groups/96db9cf1-81b3-46a8-9b4d-9f73474850f5 0.186s
2025-03-11 12:02:01.766 70068 INFO tempest.lib.common.rest_client [req-97e30d28-43a9-4902-9790-83695bb11098 req-97e30d28-43a9-4902-9790-83695bb11098 ] Request (ServersTestMultiNic:_run_cleanups): 204 DELETE http://10.180.1.21:9696/networking/v2.0/networks/28a6c69e-425e-4673-a98e-f55c9bbf1196 0.509s
2025-03-11 12:02:01.767 70082 INFO tempest.lib.common.rest_client [req-d0c467ef-5b3c-47b8-b27d-e584678151c4 req-d0c467ef-5b3c-47b8-b27d-e584678151c4 ] Request (ImagesTestJSON:test_create_image_from_suspended_server): 200 GET http://10.180.1.21/compute/v2.1/servers/7dc84e2a-2c23-4011-8481-4af95011a149 0.667s
2025-03-11 12:02:01.780 70088 INFO tempest.lib.common.rest_client [req-47e4b892-f7f4-49a2-ba71-a8638663a774 req-47e4b892-f7f4-49a2-ba71-a8638663a774 ] Request (FloatingIPsAssociationNegativeTestJSON:_run_cleanups): 202 DELETE http://10.180.1.21/compute/v2.1/os-floating-ips/34fbf41b-cb84-4ff9-94a4-5de0b9b9d84c 1.306s
2025-03-11 12:02:01.837 70070 INFO tempest.lib.common.rest_client [req-18a4e41b-e788-4ec4-9b4b-9ec79b1888c8 req-18a4e41b-e788-4ec4-9b4b-9ec79b1888c8 ] Request (ServersAdminNegativeTestJSON:test_migrate_server_invalid_state): 200 GET http://10.180.1.21/compute/v2.1/servers/0bf7734b-d8be-42fd-9621-21e13da23634 0.632s
2025-03-11 12:02:01.856 70053 INFO tempest.lib.common.rest_client [req-849ded7f-8c60-468c-9d60-7efe32083a24 req-849ded7f-8c60-468c-9d60-7efe32083a24 ] Request (ServerRescueTestJSONUnderV235:setUpClass): 200 GET http://10.180.1.21/compute/v2.1/servers/d3c7d1bc-f920-4075-9eab-7b026bc0c5ea 0.574s
2025-03-11 12:02:01.859 70080 INFO tempest.lib.common.rest_client [req-45bcff28-fc9d-48d5-b567-b25b6a2c869e req-45bcff28-fc9d-48d5-b567-b25b6a2c869e ] Request (ServerGroup264TestJSON:tearDownClass): 204 DELETE http://10.180.1.21/identity/v3/projects/71e96462946940d8a8f7f6e15131697d 0.118s
2025-03-11 12:02:01.860 70080 INFO tempest.test [-] raised in ServerPersonalityTestJSON.setUpClass. Invoking tearDownClass.
2025-03-11 12:02:01.861 70080 INFO tempest.test [-] raised in ServerBootFromVolumeStableRescueTest.setUpClass. Invoking tearDownClass.
2025-03-11 12:02:01.881 70072 INFO tempest.lib.common.rest_client [req-f9121053-5319-4e6e-9fb9-d0b976e504e7 req-f9121053-5319-4e6e-9fb9-d0b976e504e7 ] Request (ServerDiagnosticsNegativeTest:tearDownClass): 204 DELETE http://10.180.1.21/identity/v3/projects/80e52068e6ca49b5971610c6d62a7075 0.128s
2025-03-11 12:02:01.882 70072 INFO tempest.lib.common.dynamic_creds [-] Deleting project and security group for project: ae6621da14ec468ea756c517e88daf8d
2025-03-11 12:02:01.953 70068 INFO tempest.lib.common.rest_client [req-2b2569d8-f9ba-41fc-bde2-bf7e40c98772 req-2b2569d8-f9ba-41fc-bde2-bf7e40c98772 ] Request (ServersTestMultiNic:test_verify_multiple_nics_order): 201 POST http://10.180.1.21:9696/networking/v2.0/networks 0.178s
2025-03-11 12:02:01.961 70058 INFO tempest.lib.common.rest_client [req-b98e4fcb-634b-41a4-98a6-7ce01a138d01 req-b98e4fcb-634b-41a4-98a6-7ce01a138d01 ] Request (MultipleCreateTestJSON:test_multiple_create): 200 GET http://10.180.1.21/compute/v2.1/servers/74a3276a-8166-4dbe-8b04-b811a7349105 0.501s
2025-03-11 12:02:01.969 70094 INFO tempest.lib.common.rest_client [req-d0f6d358-422b-4d54-b74e-5668387fd1d7 req-d0f6d358-422b-4d54-b74e-5668387fd1d7 ] Request (ImagesNegativeTestJSON:test_create_image_from_deleted_server): 200 GET http://10.180.1.21/compute/v2.1/servers/fdaf176d-a101-44c5-bbec-cd481e5f440e 0.598s
2025-03-11 12:02:01.974 70072 INFO tempest.lib.common.rest_client [req-698e4009-618f-4e23-a432-cdde46423332 req-698e4009-618f-4e23-a432-cdde46423332 ] Request (ServerDiagnosticsNegativeTest:tearDownClass): 200 GET http://10.180.1.21:9696/networking/v2.0/security-groups?tenant_id=ae6621da14ec468ea756c517e88daf8d&name=default 0.092s
2025-03-11 12:02:02.026 70066 INFO tempest.lib.common.rest_client [req-6f211a20-c910-4dc5-aeb9-3a499a1a8756 req-6f211a20-c910-4dc5-aeb9-3a499a1a8756 ] Request (ServerDiagnosticsV248Test:test_get_server_diagnostics): 200 GET http://10.180.1.21/compute/v2.1/servers/6d7766ae-714c-4682-98e0-6b1bb93130e3 0.472s
2025-03-11 12:02:02.046 70076 INFO tempest.lib.common.rest_client [req-9bef176a-3d15-49dc-864f-7b56dd4ce8db req-9bef176a-3d15-49dc-864f-7b56dd4ce8db ] Request (ServerTagsTestJSON:setUpClass): 200 GET http://10.180.1.21/compute/v2.1/servers/015724cf-8e8c-42b9-b2c9-875978cc6135 0.478s
2025-03-11 12:02:02.085 70062 INFO tempest.lib.common.rest_client [req-7a75369b-8fcf-4bd4-acbd-cde2df770c71 req-7a75369b-8fcf-4bd4-acbd-cde2df770c71 ] Request (ServerAddressesTestJSON:setUpClass): 200 GET http://10.180.1.21/compute/v2.1/servers/fbe4fab7-6cc5-4dce-b8c6-9809f4c4da6e 0.488s
2025-03-11 12:02:02.114 70102 INFO tempest.lib.common.rest_client [req-2028e681-10bf-4980-9977-b7bb7e30628c req-2028e681-10bf-4980-9977-b7bb7e30628c ] Request (ServersNegativeTestMultiTenantJSON:setUpClass): 200 GET http://10.180.1.21/compute/v2.1/servers/a8681ee8-b89d-47d4-a57d-0cbbe3a9b088 0.450s
2025-03-11 12:02:02.122 70088 INFO tempest.lib.common.rest_client [req-1bc9981d-35ea-450d-8251-6ee63a6da03d req-1bc9981d-35ea-450d-8251-6ee63a6da03d ] Request (FloatingIPsAssociationNegativeTestJSON:test_associate_ip_to_server_without_passing_floating_ip): 400 POST http://10.180.1.21/compute/v2.1/servers/afd27e48-9ec6-453d-a879-466ddaf363e3/action 0.340s
2025-03-11 12:02:02.137 70064 INFO tempest.lib.common.rest_client [req-cd2a2062-e9ae-45b7-96a6-6d55843e2a31 req-cd2a2062-e9ae-45b7-96a6-6d55843e2a31 ] Request (ServersTestManualDisk:setUpClass): 200 GET http://10.180.1.21/compute/v2.1/servers/56c1c64a-d6b9-4d42-a0d9-59046d855df2 0.403s
2025-03-11 12:02:02.194 70086 INFO tempest.lib.common.rest_client [req-19112b00-46c5-493b-8516-46b420ebde87 req-19112b00-46c5-493b-8516-46b420ebde87 ] Request (DeleteServersAdminTestJSON:test_delete_server_while_in_error_state): 200 GET http://10.180.1.21/compute/v2.1/servers/1e74125a-23fa-446d-b685-260bc10f2643 0.359s
2025-03-11 12:02:02.204 70068 INFO tempest.lib.common.rest_client [req-7fa3b8e1-bbdf-4748-aefe-b1540476f122 req-7fa3b8e1-bbdf-4748-aefe-b1540476f122 ] Request (ServersTestMultiNic:test_verify_multiple_nics_order): 201 POST http://10.180.1.21:9696/networking/v2.0/subnets 0.251s
2025-03-11 12:02:02.219 70072 INFO tempest.lib.common.rest_client [req-e55eee3d-6530-4676-9a64-a5aff10c548e req-e55eee3d-6530-4676-9a64-a5aff10c548e ] Request (ServerDiagnosticsNegativeTest:tearDownClass): 204 DELETE http://10.180.1.21:9696/networking/v2.0/security-groups/19bd02f1-0f96-4535-949b-ae0f8e0f376a 0.244s
2025-03-11 12:02:02.261 70106 INFO tempest.lib.common.rest_client [req-c17bb025-b05a-40c8-be05-1ed482ab4137 req-c17bb025-b05a-40c8-be05-1ed482ab4137 ] Request (ImagesOneServerTestJSON:tearDownClass): 200 GET http://10.180.1.21/compute/v2.1/servers/9e862f36-920a-4332-95c0-a74470458058 0.320s
2025-03-11 12:02:02.292 70110 INFO tempest.lib.common.rest_client [req-3aba236c-b28d-490c-ad2f-1e7fa30b35e0 req-3aba236c-b28d-490c-ad2f-1e7fa30b35e0 ] Request (ListServerFiltersTestJSON:setUpClass): 200 GET http://10.180.1.21/compute/v2.1/servers/349f95e4-596b-4f6a-8ddc-e01369b5c832 0.474s
2025-03-11 12:02:02.327 70078 INFO tempest.lib.common.rest_client [req-7dadf425-8316-4b4d-80c0-15e3a5212955 req-7dadf425-8316-4b4d-80c0-15e3a5212955 ] Request (ServersAdmin275Test:tearDownClass): 200 GET http://10.180.1.21/compute/v2.1/servers/abb28692-e9c8-4a9d-8042-623d9737ebde 0.340s
2025-03-11 12:02:02.350 70108 INFO tempest.lib.common.rest_client [req-a7638ec6-716d-4b3e-a017-d7b3fb3369f8 req-a7638ec6-716d-4b3e-a017-d7b3fb3369f8 ] Request (ServerExternalEventsTest:test_create_server_external_events): 200 GET http://10.180.1.21/compute/v2.1/servers/176eb896-91f5-4a36-a9d2-d5d78b6c93b2 0.302s
2025-03-11 12:02:02.353 70068 INFO tempest.lib.common.rest_client [req-cbc894b4-50a5-4947-bb34-65421407223b req-cbc894b4-50a5-4947-bb34-65421407223b ] Request (ServersTestMultiNic:test_verify_multiple_nics_order): 201 POST http://10.180.1.21:9696/networking/v2.0/networks 0.148s
2025-03-11 12:02:02.360 70072 INFO tempest.lib.common.rest_client [req-970660b8-1d57-4948-8744-e079a83618a7 req-970660b8-1d57-4948-8744-e079a83618a7 ] Request (ServerDiagnosticsNegativeTest:tearDownClass): 204 DELETE http://10.180.1.21/identity/v3/projects/ae6621da14ec468ea756c517e88daf8d 0.140s
2025-03-11 12:02:02.387 70112 INFO tempest.lib.common.rest_client [req-7cfec83f-5cb7-4f8e-81e0-90ed71f98fc4 req-7cfec83f-5cb7-4f8e-81e0-90ed71f98fc4 ] Request (ServersAdminTestJSON:test_create_server_with_scheduling_hint): 200 GET http://10.180.1.21/compute/v2.1/servers/c89f5e34-74c1-4b07-8fa7-27383505b60c 0.338s
2025-03-11 12:02:02.440 70100 INFO tempest.lib.common.rest_client [req-d7c6d801-ac72-4746-a030-147f9aef60ae req-d7c6d801-ac72-4746-a030-147f9aef60ae ] Request (ServersNegativeTestJSON:setUpClass): 200 GET http://10.180.1.21/compute/v2.1/servers/36de9d61-f5b4-4ac3-8d03-2df6ca0750c2 0.314s
2025-03-11 12:02:02.443 70072 INFO tempest.lib.common.rest_client [req-5dc39a7a-2ff4-4fe4-82df-cb42f38990d5 req-5dc39a7a-2ff4-4fe4-82df-cb42f38990d5 ] Request (ServicesAdminNegativeV253TestJSON:setUpClass): 201 POST http://10.180.1.21/identity/v3/auth/tokens 0.082s
2025-03-11 12:02:02.467 70088 INFO tempest.lib.common.rest_client [req-6a7f5404-033e-4df9-b88e-aa5264cacfbc req-6a7f5404-033e-4df9-b88e-aa5264cacfbc ] Request (FloatingIPsAssociationNegativeTestJSON:test_associate_nonexistent_floating_ip): 404 POST http://10.180.1.21/compute/v2.1/servers/afd27e48-9ec6-453d-a879-466ddaf363e3/action 0.344s
2025-03-11 12:02:02.474 70072 INFO tempest.lib.common.rest_client [req-d69dd0fd-31c4-4991-b334-f62860a1cd6a req-d69dd0fd-31c4-4991-b334-f62860a1cd6a ] Request (ServicesAdminNegativeV253TestJSON:setUpClass): 201 POST http://10.180.1.21/identity/v3/auth/tokens 0.028s
2025-03-11 12:02:02.495 70072 INFO tempest.lib.common.rest_client [req-e7067a2b-8502-4d77-b45f-b0a1855a5786 req-e7067a2b-8502-4d77-b45f-b0a1855a5786 ] Request (ServicesAdminNegativeV253TestJSON:setUpClass): 200 GET http://10.180.1.21/identity/v3/domains?name=Default 0.020s
2025-03-11 12:02:02.499 70084 INFO tempest.lib.common.rest_client [req-83d77bc6-167d-4966-8349-8f7cd2c63cff req-83d77bc6-167d-4966-8349-8f7cd2c63cff ] Request (ImagesOneServerNegativeTestJSON:_run_cleanups): 200 GET http://10.180.1.21/compute/v2.1/servers/28741f56-6af9-48ca-b819-777bcfdec79c 0.287s
2025-03-11 12:02:02.520 70072 INFO tempest.lib.common.rest_client [req-c60b64a6-3705-46ae-a658-296bedf10a74 req-c60b64a6-3705-46ae-a658-296bedf10a74 ] Request (ServicesAdminNegativeV253TestJSON:setUpClass): 201 POST http://10.180.1.21/identity/v3/projects 0.025s
2025-03-11 12:02:02.552 70060 INFO tempest.lib.common.rest_client [req-99a13f1b-a32d-48ea-8e69-f87cd359a70d req-99a13f1b-a32d-48ea-8e69-f87cd359a70d ] Request (FloatingIPsAssociationTestJSON:setUpClass): 200 GET http://10.180.1.21/compute/v2.1/servers/a4f581c4-99c4-4f3c-af62-8b652d31e4fd 0.248s
2025-03-11 12:02:02.575 70072 INFO tempest.lib.common.rest_client [req-e2449570-1cf0-4af7-929c-ad0c0db860a4 req-e2449570-1cf0-4af7-929c-ad0c0db860a4 ] Request (ServicesAdminNegativeV253TestJSON:setUpClass): 201 POST http://10.180.1.21/identity/v3/users 0.054s
2025-03-11 12:02:02.578 70088 INFO tempest.lib.common.rest_client [req-5817c004-ac1e-4637-aa3b-a83c854ff09e req-5817c004-ac1e-4637-aa3b-a83c854ff09e ] Request (FloatingIPsAssociationNegativeTestJSON:test_dissociate_nonexistent_floating_ip): 404 POST http://10.180.1.21/compute/v2.1/servers/afd27e48-9ec6-453d-a879-466ddaf363e3/action 0.110s
2025-03-11 12:02:02.587 70104 INFO tempest.lib.common.rest_client [req-4dac808c-fc53-4b68-a757-e13351bb1fae req-4dac808c-fc53-4b68-a757-e13351bb1fae ] Request (MigrationsAdminTest:test_list_migrations_in_flavor_resize_situation): 200 GET http://10.180.1.21/compute/v2.1/servers/f22f2442-6c76-4002-8c1c-920577f87f3e 0.357s
2025-03-11 12:02:02.591 70072 INFO tempest.lib.common.rest_client [req-a5cd8969-c515-48b5-bd79-3a7e5cb68989 req-a5cd8969-c515-48b5-bd79-3a7e5cb68989 ] Request (ServicesAdminNegativeV253TestJSON:setUpClass): 200 GET http://10.180.1.21/identity/v3/roles 0.016s
2025-03-11 12:02:02.610 70068 INFO tempest.lib.common.rest_client [req-936ba1e4-7054-490f-9c8a-56e3e384e6b2 req-936ba1e4-7054-490f-9c8a-56e3e384e6b2 ] Request (ServersTestMultiNic:test_verify_multiple_nics_order): 201 POST http://10.180.1.21:9696/networking/v2.0/subnets 0.257s
2025-03-11 12:02:02.632 70072 INFO tempest.lib.common.rest_client [req-ad55877d-8564-48b9-b361-fa0630edced0 req-ad55877d-8564-48b9-b361-fa0630edced0 ] Request (ServicesAdminNegativeV253TestJSON:setUpClass): 204 PUT http://10.180.1.21/identity/v3/projects/2d9201e42b3e46eeadde354f4268d9b6/users/806dfe0440da40a18ef2596a61cf7f83/roles/93b9dcaa51434b8db33828660ea8682c 0.040s
2025-03-11 12:02:02.633 70072 INFO tempest.lib.common.dynamic_creds [-] Dynamic test user 806dfe0440da40a18ef2596a61cf7f83 is created with scope project and roles: ['member']
2025-03-11 12:02:02.633 70072 INFO tempest.lib.common.dynamic_creds [-] Acquired dynamic creds: credentials: Credentials: {'domain_id': 'default', 'domain_name': 'Default', 'username': 'tempest-ServicesAdminNegativeV253TestJSON-354960509-project-member', 'project_domain_id': 'default', 'project_domain_name': 'Default', 'project_id': '2d9201e42b3e46eeadde354f4268d9b6', 'project_name': 'tempest-ServicesAdminNegativeV253TestJSON-354960509', 'tenant_id': '2d9201e42b3e46eeadde354f4268d9b6', 'tenant_name': 'tempest-ServicesAdminNegativeV253TestJSON-354960509', 'user_domain_id': 'default', 'user_domain_name': 'Default', 'user_id': '806dfe0440da40a18ef2596a61cf7f83', 'system': None}, Network: None, Subnet: None, Router: None
2025-03-11 12:02:02.633 70072 INFO tempest.lib.common.dynamic_creds [-] Created isolated network resources for: credentials: Credentials: {'domain_id': 'default', 'domain_name': 'Default', 'username': 'tempest-ServicesAdminNegativeV253TestJSON-354960509-project-member', 'project_domain_id': 'default', 'project_domain_name': 'Default', 'project_id': '2d9201e42b3e46eeadde354f4268d9b6', 'project_name': 'tempest-ServicesAdminNegativeV253TestJSON-354960509', 'tenant_id': '2d9201e42b3e46eeadde354f4268d9b6', 'tenant_name': 'tempest-ServicesAdminNegativeV253TestJSON-354960509', 'user_domain_id': 'default', 'user_domain_name': 'Default', 'user_id': '806dfe0440da40a18ef2596a61cf7f83', 'system': None}, Network: None, Subnet: None, Router: None
2025-03-11 12:02:02.670 70088 INFO tempest.lib.common.rest_client [req-e8b3e36b-a879-4ed9-a424-ba9d3b7c0b30 req-e8b3e36b-a879-4ed9-a424-ba9d3b7c0b30 ] Request (FloatingIPsAssociationNegativeTestJSON:tearDownClass): 204 DELETE http://10.180.1.21/compute/v2.1/servers/afd27e48-9ec6-453d-a879-466ddaf363e3 0.089s
2025-03-11 12:02:02.677 70068 INFO tempest.lib.common.rest_client [req-43ac451e-2d0d-439f-8aff-6330056817ae req-43ac451e-2d0d-439f-8aff-6330056817ae ] Request (ServersTestMultiNic:test_verify_multiple_nics_order): 201 POST http://10.180.1.21/identity/v3/auth/tokens 0.061s
2025-03-11 12:02:02.678 70068 INFO tempest.lib.common.fixed_network [-] (ServersTestMultiNic:test_verify_multiple_nics_order) Found network {'id': '03e8c99f-5756-4abb-9e48-c815235c61a3', 'name': 'tempest-ServersTestMultiNic-367144979-network', 'tenant_id': '342afa20a128466b98fd40c915a6f669', 'admin_state_up': True, 'mtu': 8950, 'status': 'ACTIVE', 'subnets': [], 'shared': False, 'project_id': '342afa20a128466b98fd40c915a6f669', 'port_security_enabled': True, 'router:external': False, 'provider:network_type': 'vlan', 'provider:physical_network': 'default', 'provider:segmentation_id': 583, 'is_default': False, 'availability_zone_hints': [], 'availability_zones': [], 'ipv4_address_scope': None, 'ipv6_address_scope': None, 'description': '', 'tags': [], 'created_at': '2025-03-11T12:00:22Z', 'updated_at': '2025-03-11T12:00:22Z', 'revision_number': 1} available for tenant
2025-03-11 12:02:02.708 70055 INFO tempest.lib.common.rest_client [req-81aa7039-4de2-4cf2-9aa8-66076a1de20c req-81aa7039-4de2-4cf2-9aa8-66076a1de20c ] Request (ServersTestBootFromVolume:setUpClass): 200 GET http://10.180.1.21/compute/v2.1/servers/b5743a22-1e77-4c65-81b2-6d0044397b27 0.148s
2025-03-11 12:02:02.715 70092 INFO tempest.lib.common.rest_client [req-c174a734-1f7b-4edf-9815-72a5d6c9d145 req-c174a734-1f7b-4edf-9815-72a5d6c9d145 ] Request (ListImageFiltersTestJSON:setUpClass): 200 GET http://10.180.1.21/compute/v2.1/servers/369b4f02-42d7-485a-bb5c-053633a8a160 0.067s
2025-03-11 12:02:02.722 70072 INFO tempest.lib.common.rest_client [req-bac357bc-0f6c-4967-bbea-66ec2e22ef9a req-bac357bc-0f6c-4967-bbea-66ec2e22ef9a ] Request (ServicesAdminNegativeV253TestJSON:setUpClass): 201 POST http://10.180.1.21/identity/v3/auth/tokens 0.086s
2025-03-11 12:02:02.816 70072 INFO tempest.lib.common.rest_client [req-7c1dccbf-ad85-47a4-91b0-8f3f6917a877 req-7c1dccbf-ad85-47a4-91b0-8f3f6917a877 ] Request (ServicesAdminNegativeV253TestJSON:setUpClass): 201 POST http://10.180.1.21/identity/v3/projects 0.093s
2025-03-11 12:02:02.828 70088 INFO tempest.lib.common.rest_client [req-284885c6-a2ba-4b25-b087-291340a6fdc0 req-284885c6-a2ba-4b25-b087-291340a6fdc0 ] Request (FloatingIPsAssociationNegativeTestJSON:tearDownClass): 200 GET http://10.180.1.21/compute/v2.1/servers/afd27e48-9ec6-453d-a879-466ddaf363e3 0.158s
2025-03-11 12:02:02.886 70114 INFO tempest.lib.common.rest_client [req-67b79c33-d4e9-41a1-80aa-4938973cf03e req-67b79c33-d4e9-41a1-80aa-4938973cf03e ] Request (ServerRescueTestJSON:setUpClass): 200 GET http://10.180.1.21/compute/v2.1/servers/76d8729f-b71e-4c19-8c6a-acaab4cc29e2 0.174s
2025-03-11 12:02:02.896 70072 INFO tempest.lib.common.rest_client [req-5ac9daba-553e-45b8-b906-f4ddc2a2e833 req-5ac9daba-553e-45b8-b906-f4ddc2a2e833 ] Request (ServicesAdminNegativeV253TestJSON:setUpClass): 201 POST http://10.180.1.21/identity/v3/users 0.079s
2025-03-11 12:02:02.914 70072 INFO tempest.lib.common.rest_client [req-81489fd5-6a68-495a-96d0-08fe3a859ddf req-81489fd5-6a68-495a-96d0-08fe3a859ddf ] Request (ServicesAdminNegativeV253TestJSON:setUpClass): 200 GET http://10.180.1.21/identity/v3/roles 0.017s
2025-03-11 12:02:02.931 70082 INFO tempest.lib.common.rest_client [req-9748c5f3-a635-4c7f-b1e1-fc10c850cee5 req-9748c5f3-a635-4c7f-b1e1-fc10c850cee5 ] Request (ImagesTestJSON:test_create_image_from_suspended_server): 200 GET http://10.180.1.21/compute/v2.1/servers/7dc84e2a-2c23-4011-8481-4af95011a149 0.149s
2025-03-11 12:02:02.944 70072 INFO tempest.lib.common.rest_client [req-a6ec4509-ac92-408e-9fc1-3ddafe0ac6f7 req-a6ec4509-ac92-408e-9fc1-3ddafe0ac6f7 ] Request (ServicesAdminNegativeV253TestJSON:setUpClass): 204 PUT http://10.180.1.21/identity/v3/projects/92929dde0a4840fc9e0336c682fa1089/users/68270757c9304e58b071d158b2750858/roles/cd271e66c2ba44138a2880e9b1ac39aa 0.029s
2025-03-11 12:02:02.978 70070 INFO tempest.lib.common.rest_client [req-7d4ba64f-8b58-45d7-9983-750879f9d668 req-7d4ba64f-8b58-45d7-9983-750879f9d668 ] Request (ServersAdminNegativeTestJSON:test_migrate_server_invalid_state): 200 GET http://10.180.1.21/compute/v2.1/servers/0bf7734b-d8be-42fd-9621-21e13da23634 0.125s
2025-03-11 12:02:03.006 70072 INFO tempest.lib.common.rest_client [req-fdbcee76-a96a-4e97-9396-b7106557c116 req-fdbcee76-a96a-4e97-9396-b7106557c116 ] Request (ServicesAdminNegativeV253TestJSON:setUpClass): 200 GET http://10.180.1.21/identity/v3/roles 0.061s
2025-03-11 12:02:03.028 70072 INFO tempest.lib.common.rest_client [req-8d845f27-ce80-4d93-845b-f8ffff8620bf req-8d845f27-ce80-4d93-845b-f8ffff8620bf ] Request (ServicesAdminNegativeV253TestJSON:setUpClass): 204 PUT http://10.180.1.21/identity/v3/projects/92929dde0a4840fc9e0336c682fa1089/users/68270757c9304e58b071d158b2750858/roles/cd271e66c2ba44138a2880e9b1ac39aa 0.021s
2025-03-11 12:02:03.028 70072 INFO tempest.lib.common.dynamic_creds [-] Dynamic test user 68270757c9304e58b071d158b2750858 is created with scope project and roles: ['admin']
2025-03-11 12:02:03.028 70072 INFO tempest.lib.common.dynamic_creds [-] Acquired dynamic creds: credentials: Credentials: {'domain_id': 'default', 'domain_name': 'Default', 'username': 'tempest-ServicesAdminNegativeV253TestJSON-338246291-project-admin', 'project_domain_id': 'default', 'project_domain_name': 'Default', 'project_id': '92929dde0a4840fc9e0336c682fa1089', 'project_name': 'tempest-ServicesAdminNegativeV253TestJSON-338246291', 'tenant_id': '92929dde0a4840fc9e0336c682fa1089', 'tenant_name': 'tempest-ServicesAdminNegativeV253TestJSON-338246291', 'user_domain_id': 'default', 'user_domain_name': 'Default', 'user_id': '68270757c9304e58b071d158b2750858', 'system': None}, Network: None, Subnet: None, Router: None
2025-03-11 12:02:03.028 70072 INFO tempest.lib.common.dynamic_creds [-] Created isolated network resources for: credentials: Credentials: {'domain_id': 'default', 'domain_name': 'Default', 'username': 'tempest-ServicesAdminNegativeV253TestJSON-338246291-project-admin', 'project_domain_id': 'default', 'project_domain_name': 'Default', 'project_id': '92929dde0a4840fc9e0336c682fa1089', 'project_name': 'tempest-ServicesAdminNegativeV253TestJSON-338246291', 'tenant_id': '92929dde0a4840fc9e0336c682fa1089', 'tenant_name': 'tempest-ServicesAdminNegativeV253TestJSON-338246291', 'user_domain_id': 'default', 'user_domain_name': 'Default', 'user_id': '68270757c9304e58b071d158b2750858', 'system': None}, Network: None, Subnet: None, Router: None
2025-03-11 12:02:03.030 70053 INFO tempest.lib.common.rest_client [req-400a3e8e-c53d-4df5-a7de-1269a7c51856 req-400a3e8e-c53d-4df5-a7de-1269a7c51856 ] Request (ServerRescueTestJSONUnderV235:setUpClass): 200 GET http://10.180.1.21/compute/v2.1/servers/d3c7d1bc-f920-4075-9eab-7b026bc0c5ea 0.156s
2025-03-11 12:02:03.074 70058 INFO tempest.lib.common.rest_client [req-c6796d7c-57c9-4c7b-aefd-cf7fc48b4f44 req-c6796d7c-57c9-4c7b-aefd-cf7fc48b4f44 ] Request (MultipleCreateTestJSON:test_multiple_create): 200 GET http://10.180.1.21/compute/v2.1/servers/74a3276a-8166-4dbe-8b04-b811a7349105 0.097s
2025-03-11 12:02:03.112 70072 INFO tempest.lib.common.rest_client [req-f92fbaf0-dc9e-4866-aa59-e984c71d34c5 req-f92fbaf0-dc9e-4866-aa59-e984c71d34c5 ] Request (ServicesAdminNegativeV253TestJSON:setUpClass): 201 POST http://10.180.1.21/identity/v3/auth/tokens 0.080s
2025-03-11 12:02:03.133 70094 INFO tempest.lib.common.rest_client [req-d93b4d17-3971-476f-a79d-276e057eb8a8 req-d93b4d17-3971-476f-a79d-276e057eb8a8 ] Request (ImagesNegativeTestJSON:test_create_image_from_deleted_server): 200 GET http://10.180.1.21/compute/v2.1/servers/fdaf176d-a101-44c5-bbec-cd481e5f440e 0.150s
2025-03-11 12:02:03.155 70068 INFO tempest.lib.common.rest_client [req-61380795-f537-4d2b-b91a-ef4f73eb4900 req-61380795-f537-4d2b-b91a-ef4f73eb4900 ] Request (ServersTestMultiNic:test_verify_multiple_nics_order): 202 POST http://10.180.1.21/compute/v2.1/servers 0.477s
2025-03-11 12:02:03.193 70066 INFO tempest.lib.common.rest_client [req-caad084b-8cb7-4ebd-ab05-2b8ce2348b92 req-caad084b-8cb7-4ebd-ab05-2b8ce2348b92 ] Request (ServerDiagnosticsV248Test:test_get_server_diagnostics): 200 GET http://10.180.1.21/compute/v2.1/servers/6d7766ae-714c-4682-98e0-6b1bb93130e3 0.154s
2025-03-11 12:02:03.216 70076 INFO tempest.lib.common.rest_client [req-752621f5-588c-4874-9430-e55c73b9e2c1 req-752621f5-588c-4874-9430-e55c73b9e2c1 ] Request (ServerTagsTestJSON:setUpClass): 200 GET http://10.180.1.21/compute/v2.1/servers/015724cf-8e8c-42b9-b2c9-875978cc6135 0.158s
2025-03-11 12:02:03.246 70062 INFO tempest.lib.common.rest_client [req-7e1ba9ac-62a7-4636-b37a-aefc8e305177 req-7e1ba9ac-62a7-4636-b37a-aefc8e305177 ] Request (ServerAddressesTestJSON:setUpClass): 200 GET http://10.180.1.21/compute/v2.1/servers/fbe4fab7-6cc5-4dce-b8c6-9809f4c4da6e 0.149s
2025-03-11 12:02:03.307 70102 INFO tempest.lib.common.rest_client [req-2fb471a9-664b-4d21-b069-32b7c80d7040 req-2fb471a9-664b-4d21-b069-32b7c80d7040 ] Request (ServersNegativeTestMultiTenantJSON:setUpClass): 200 GET http://10.180.1.21/compute/v2.1/servers/a8681ee8-b89d-47d4-a57d-0cbbe3a9b088 0.183s
2025-03-11 12:02:03.317 70072 INFO tempest.lib.common.rest_client [req-ba8088c1-3b16-4140-b9c3-a39704761479 req-ba8088c1-3b16-4140-b9c3-a39704761479 ] Request (ServicesAdminNegativeV253TestJSON:test_disable_log_reason_with_invalid_service_id): 404 PUT http://10.180.1.21/compute/v2.1/os-services/809cffef-586e-455b-9b96-dfcba25a2a55 0.204s
2025-03-11 12:02:03.351 70098 WARNING tempest.lib.common.ssh [-] Failed to establish authenticated ssh connection to cirros@10.180.180.146 ([Errno None] Unable to connect to port 22 on 10.180.180.146). Number attempts: 2. Retry after 3 seconds.: paramiko.ssh_exception.NoValidConnectionsError: [Errno None] Unable to connect to port 22 on 10.180.180.146
2025-03-11 12:02:03.353 70068 INFO tempest.lib.common.rest_client [req-a9c93915-92ec-4f7f-80f5-47fdbbec3401 req-a9c93915-92ec-4f7f-80f5-47fdbbec3401 ] Request (ServersTestMultiNic:test_verify_multiple_nics_order): 200 GET http://10.180.1.21/compute/v2.1/servers/c2853410-f479-41b7-b11d-232b12e18727 0.196s
2025-03-11 12:02:03.358 70064 INFO tempest.lib.common.rest_client [req-92d8ab05-2e2f-446b-a919-9d6c4cfe37c5 req-92d8ab05-2e2f-446b-a919-9d6c4cfe37c5 ] Request (ServersTestManualDisk:setUpClass): 200 GET http://10.180.1.21/compute/v2.1/servers/56c1c64a-d6b9-4d42-a0d9-59046d855df2 0.211s
2025-03-11 12:02:03.405 70086 INFO tempest.lib.common.rest_client [req-5454ec34-3d6c-4e89-8f60-c15d95c5f5a3 req-5454ec34-3d6c-4e89-8f60-c15d95c5f5a3 ] Request (DeleteServersAdminTestJSON:test_delete_server_while_in_error_state): 200 GET http://10.180.1.21/compute/v2.1/servers/1e74125a-23fa-446d-b685-260bc10f2643 0.203s
2025-03-11 12:02:03.414 70106 INFO tempest.lib.common.rest_client [req-8f83d395-7ec8-4d4e-abc1-dd3bc70bd452 req-8f83d395-7ec8-4d4e-abc1-dd3bc70bd452 ] Request (ImagesOneServerTestJSON:tearDownClass): 200 GET http://10.180.1.21/compute/v2.1/servers/9e862f36-920a-4332-95c0-a74470458058 0.139s
2025-03-11 12:02:03.429 70072 INFO tempest.lib.common.rest_client [req-894ff7ad-64d3-4490-b2e4-6d777b1bb2d7 req-894ff7ad-64d3-4490-b2e4-6d777b1bb2d7 ] Request (ServicesAdminNegativeV253TestJSON:test_disable_service_with_invalid_service_id): 404 PUT http://10.180.1.21/compute/v2.1/os-services/809cffef-586e-455b-9b96-dfcba25a2a55 0.111s
2025-03-11 12:02:03.450 70078 INFO tempest.lib.common.rest_client [req-e946ed72-a908-48ce-a953-91d33764c13e req-e946ed72-a908-48ce-a953-91d33764c13e ] Request (ServersAdmin275Test:tearDownClass): 404 GET http://10.180.1.21/compute/v2.1/servers/abb28692-e9c8-4a9d-8042-623d9737ebde 0.107s
2025-03-11 12:02:03.452 70074 WARNING tempest.lib.common.ssh [-] Failed to establish authenticated ssh connection to cirros@10.180.180.189 ([Errno None] Unable to connect to port 22 on 10.180.180.189). Number attempts: 4. Retry after 5 seconds.: paramiko.ssh_exception.NoValidConnectionsError: [Errno None] Unable to connect to port 22 on 10.180.180.189
2025-03-11 12:02:03.503 70108 INFO tempest.lib.common.rest_client [req-ff8a4aae-64d0-43f8-8779-cf79212f98ac req-ff8a4aae-64d0-43f8-8779-cf79212f98ac ] Request (ServerExternalEventsTest:test_create_server_external_events): 200 GET http://10.180.1.21/compute/v2.1/servers/176eb896-91f5-4a36-a9d2-d5d78b6c93b2 0.142s
2025-03-11 12:02:03.503 70110 INFO tempest.lib.common.rest_client [req-cfbf77ac-529a-4441-a46d-f27f10d2569f req-cfbf77ac-529a-4441-a46d-f27f10d2569f ] Request (ListServerFiltersTestJSON:setUpClass): 200 GET http://10.180.1.21/compute/v2.1/servers/349f95e4-596b-4f6a-8ddc-e01369b5c832 0.201s
2025-03-11 12:02:03.518 70072 INFO tempest.lib.common.rest_client [req-e983c755-8d10-4782-8cf0-9ea498036886 req-e983c755-8d10-4782-8cf0-9ea498036886 ] Request (ServicesAdminNegativeV253TestJSON:test_enable_service_with_invalid_service_id): 404 PUT http://10.180.1.21/compute/v2.1/os-services/809cffef-586e-455b-9b96-dfcba25a2a55 0.087s
2025-03-11 12:02:03.557 70112 INFO tempest.lib.common.rest_client [req-ab2f284d-5c54-4122-a259-544949a14ee4 req-ab2f284d-5c54-4122-a259-544949a14ee4 ] Request (ServersAdminTestJSON:test_create_server_with_scheduling_hint): 200 GET http://10.180.1.21/compute/v2.1/servers/c89f5e34-74c1-4b07-8fa7-27383505b60c 0.162s
2025-03-11 12:02:03.566 70100 INFO tempest.lib.common.rest_client [req-328ea75c-cc4a-4306-b3c4-16c4aeb3d007 req-328ea75c-cc4a-4306-b3c4-16c4aeb3d007 ] Request (ServersNegativeTestJSON:setUpClass): 200 GET http://10.180.1.21/compute/v2.1/servers/36de9d61-f5b4-4ac3-8d03-2df6ca0750c2 0.114s
2025-03-11 12:02:03.571 70078 INFO tempest.lib.common.rest_client [req-83313167-f75e-4e5b-ad40-510abd4ffd3b req-83313167-f75e-4e5b-ad40-510abd4ffd3b ] Request (ServersAdmin275Test:tearDownClass): 204 DELETE http://10.180.1.21/identity/v3/users/1d30e28a71e84851b6ba7c46a8fe9908 0.121s
2025-03-11 12:02:03.585 70072 INFO tempest.lib.common.rest_client [req-bdd08da7-f524-4874-91aa-4a3a44ec0816 req-bdd08da7-f524-4874-91aa-4a3a44ec0816 ] Request (ServicesAdminNegativeV253TestJSON:test_get_service_by_invalid_params): 200 GET http://10.180.1.21/compute/v2.1/os-services 0.066s
2025-03-11 12:02:03.608 70084 INFO tempest.lib.common.rest_client [req-f023f8a7-6731-4225-a6d8-640f59c1adba req-f023f8a7-6731-4225-a6d8-640f59c1adba ] Request (ImagesOneServerNegativeTestJSON:_run_cleanups): 200 GET http://10.180.1.21/compute/v2.1/servers/28741f56-6af9-48ca-b819-777bcfdec79c 0.097s
2025-03-11 12:02:03.626 70072 INFO tempest.lib.common.rest_client [req-b13db5aa-cf3f-4386-a9e0-b4bad23191b7 req-b13db5aa-cf3f-4386-a9e0-b4bad23191b7 ] Request (ServicesAdminNegativeV253TestJSON:test_get_service_by_invalid_params): 200 GET http://10.180.1.21/compute/v2.1/os-services?xxx=nova-compute 0.038s
2025-03-11 12:02:03.629 70060 INFO tempest.lib.common.rest_client [req-7aa2ecff-c33d-4565-8106-485e720ad6c3 req-7aa2ecff-c33d-4565-8106-485e720ad6c3 ] Request (FloatingIPsAssociationTestJSON:setUpClass): 200 GET http://10.180.1.21/compute/v2.1/servers/a4f581c4-99c4-4f3c-af62-8b652d31e4fd 0.070s
2025-03-11 12:02:03.649 70072 INFO tempest.lib.common.rest_client [req-c2aa86af-a2f7-48a8-8c3a-6b9da86d77e1 req-c2aa86af-a2f7-48a8-8c3a-6b9da86d77e1 ] Request (ServicesAdminNegativeV253TestJSON:test_get_service_by_invalid_service_and_valid_host): 200 GET http://10.180.1.21/compute/v2.1/os-services 0.019s
2025-03-11 12:02:03.654 70078 INFO tempest.lib.common.rest_client [req-4984120f-f3bf-4004-beab-83b02f6908bc req-4984120f-f3bf-4004-beab-83b02f6908bc ] Request (ServersAdmin275Test:tearDownClass): 204 DELETE http://10.180.1.21/identity/v3/users/1b16e0db283246d8a66d84c0055ed9a3 0.083s
2025-03-11 12:02:03.655 70078 INFO tempest.lib.common.dynamic_creds [-] Deleting project and security group for project: cf1f52d9953d4c2aa1b6ed7f76feef49
2025-03-11 12:02:03.675 70072 INFO tempest.lib.common.rest_client [req-fccae878-5923-4a8e-870e-74fe7be1b006 req-fccae878-5923-4a8e-870e-74fe7be1b006 ] Request (ServicesAdminNegativeV253TestJSON:test_get_service_by_invalid_service_and_valid_host): 200 GET http://10.180.1.21/compute/v2.1/os-services?host=devstack&binary=xxx 0.023s
2025-03-11 12:02:03.703 70072 INFO tempest.lib.common.rest_client [req-0ff09863-d088-4145-a876-1e16e0e40f47 req-0ff09863-d088-4145-a876-1e16e0e40f47 ] Request (ServicesAdminNegativeV253TestJSON:test_get_service_with_valid_service_and_invalid_host): 200 GET http://10.180.1.21/compute/v2.1/os-services 0.025s
2025-03-11 12:02:03.715 70078 INFO tempest.lib.common.rest_client [req-8a092ff9-df28-4b48-b22f-89305b6fd167 req-8a092ff9-df28-4b48-b22f-89305b6fd167 ] Request (ServersAdmin275Test:tearDownClass): 201 POST http://10.180.1.21/identity/v3/auth/tokens 0.060s
2025-03-11 12:02:03.730 70072 INFO tempest.lib.common.rest_client [req-67bca62a-79e5-49a3-b6a6-cd0f49286b8e req-67bca62a-79e5-49a3-b6a6-cd0f49286b8e ] Request (ServicesAdminNegativeV253TestJSON:test_get_service_with_valid_service_and_invalid_host): 200 GET http://10.180.1.21/compute/v2.1/os-services?host=xxx&binary=nova-scheduler 0.024s
2025-03-11 12:02:03.748 70104 INFO tempest.lib.common.rest_client [req-5122de77-daa5-42d3-82a4-6d925366c873 req-5122de77-daa5-42d3-82a4-6d925366c873 ] Request (MigrationsAdminTest:test_list_migrations_in_flavor_resize_situation): 200 GET http://10.180.1.21/compute/v2.1/servers/f22f2442-6c76-4002-8c1c-920577f87f3e 0.147s
2025-03-11 12:02:03.808 70092 INFO tempest.lib.common.rest_client [req-7078c6dc-982b-4089-9cce-171e7454a688 req-7078c6dc-982b-4089-9cce-171e7454a688 ] Request (ListImageFiltersTestJSON:setUpClass): 200 GET http://10.180.1.21/compute/v2.1/servers/369b4f02-42d7-485a-bb5c-053633a8a160 0.085s
2025-03-11 12:02:03.906 70072 INFO tempest.lib.common.rest_client [req-e534c29f-a2ef-45ea-919a-eb07df257218 req-e534c29f-a2ef-45ea-919a-eb07df257218 ] Request (ServicesAdminNegativeV253TestJSON:test_list_services_with_non_admin_user): 403 GET http://10.180.1.21/compute/v2.1/os-services 0.174s
2025-03-11 12:02:03.930 70055 INFO tempest.lib.common.rest_client [req-f8d5e6fd-a1bf-44a5-a56e-11b3f2434de4 req-f8d5e6fd-a1bf-44a5-a56e-11b3f2434de4 ] Request (ServersTestBootFromVolume:setUpClass): 200 GET http://10.180.1.21/compute/v2.1/servers/b5743a22-1e77-4c65-81b2-6d0044397b27 0.212s
2025-03-11 12:02:03.960 70078 INFO tempest.lib.common.rest_client [req-c9595350-48ed-43fb-abe9-c124add0b44b req-c9595350-48ed-43fb-abe9-c124add0b44b ] Request (ServersAdmin275Test:tearDownClass): 200 GET http://10.180.1.21:9696/networking/v2.0/security-groups?tenant_id=cf1f52d9953d4c2aa1b6ed7f76feef49&name=default 0.244s
2025-03-11 12:02:04.010 70072 INFO tempest.lib.common.rest_client [req-9c57c88e-85df-4c08-a318-488ec441be28 req-9c57c88e-85df-4c08-a318-488ec441be28 ] Request (ServicesAdminNegativeV253TestJSON:tearDownClass): 204 DELETE http://10.180.1.21/identity/v3/users/806dfe0440da40a18ef2596a61cf7f83 0.101s
2025-03-11 12:02:04.011 70114 INFO tempest.lib.common.rest_client [req-df0da63f-422f-4a1a-9949-c7de069de61e req-df0da63f-422f-4a1a-9949-c7de069de61e ] Request (ServerRescueTestJSON:setUpClass): 200 GET http://10.180.1.21/compute/v2.1/servers/76d8729f-b71e-4c19-8c6a-acaab4cc29e2 0.116s
