2025-03-11 12:01:19.475 70106 INFO tempest.lib.common.rest_client [req-d586d778-c193-4655-87aa-87db0e23d4ed req-d586d778-c193-4655-87aa-87db0e23d4ed ] Request (ImagesOneServerTestJSON:test_create_delete_image): 200 GET http://10.180.1.21/compute/v2.1/images/87e7137e-6343-47ec-8643-c77cbcd0440e 3.055s
2025-03-11 12:01:19.478 70108 INFO tempest.lib.common.rest_client [req-e464b274-84f2-4eeb-b217-6761cb7a0184 req-e464b274-84f2-4eeb-b217-6761cb7a0184 ] Request (ServerExternalEventsTest:setUpClass): 204 PUT http://10.180.1.21/identity/v3/projects/a7724d7763884be6b91df48be13dd996/users/b44082413ea54fb38e0f02da784fdc6b/roles/cd271e66c2ba44138a2880e9b1ac39aa 0.029s
2025-03-11 12:01:19.478 70108 INFO tempest.lib.common.dynamic_creds [-] Dynamic test user b44082413ea54fb38e0f02da784fdc6b is created with scope project and roles: ['admin']
2025-03-11 12:01:19.478 70108 INFO tempest.lib.common.dynamic_creds [-] Acquired dynamic creds: credentials: Credentials: {'domain_id': 'default', 'domain_name': 'Default', 'username': 'tempest-ServerExternalEventsTest-1864888796-project-admin', 'project_domain_id': 'default', 'project_domain_name': 'Default', 'project_id': 'a7724d7763884be6b91df48be13dd996', 'project_name': 'tempest-ServerExternalEventsTest-1864888796', 'tenant_id': 'a7724d7763884be6b91df48be13dd996', 'tenant_name': 'tempest-ServerExternalEventsTest-1864888796', 'user_domain_id': 'default', 'user_domain_name': 'Default', 'user_id': 'b44082413ea54fb38e0f02da784fdc6b', 'system': None}, Network: None, Subnet: None, Router: None
2025-03-11 12:01:19.479 70108 INFO tempest.lib.common.dynamic_creds [-] Created isolated network resources for: credentials: Credentials: {'domain_id': 'default', 'domain_name': 'Default', 'username': 'tempest-ServerExternalEventsTest-1864888796-project-admin', 'project_domain_id': 'default', 'project_domain_name': 'Default', 'project_id': 'a7724d7763884be6b91df48be13dd996', 'project_name': 'tempest-ServerExternalEventsTest-1864888796', 'tenant_id': 'a7724d7763884be6b91df48be13dd996', 'tenant_name': 'tempest-ServerExternalEventsTest-1864888796', 'user_domain_id': 'default', 'user_domain_name': 'Default', 'user_id': 'b44082413ea54fb38e0f02da784fdc6b', 'system': None}, Network: None, Subnet: None, Router: None
2025-03-11 12:01:19.562 70108 INFO tempest.lib.common.rest_client [req-b28fb5d4-a4a9-4650-8570-6701974c559c req-b28fb5d4-a4a9-4650-8570-6701974c559c ] Request (ServerExternalEventsTest:setUpClass): 201 POST http://10.180.1.21/identity/v3/auth/tokens 0.079s
2025-03-11 12:01:19.583 70070 INFO tempest.lib.common.rest_client [req-bea663b2-0ee8-4ed3-b2d2-f5457cb1ab94 req-bea663b2-0ee8-4ed3-b2d2-f5457cb1ab94 ] Request (ServersAdminNegativeTestJSON:setUpClass): 200 GET http://10.180.1.21/compute/v2.1/servers/7f22d2fc-5d54-4674-897a-14fce7db8db6 3.061s
2025-03-11 12:01:19.593 70070 INFO tempest.common.waiters [-] State transition "BUILD/spawning" ==> "ACTIVE/None" after 38 second wait
2025-03-11 12:01:19.631 70108 INFO tempest.lib.common.rest_client [req-914f3c42-32a9-401d-b210-b6186fb3f969 req-914f3c42-32a9-401d-b210-b6186fb3f969 ] Request (ServerExternalEventsTest:setUpClass): 201 POST http://10.180.1.21/identity/v3/projects 0.068s
2025-03-11 12:01:19.639 70064 INFO tempest.lib.common.rest_client [req-c04389e4-4d32-42f7-99ff-510b39574853 req-c04389e4-4d32-42f7-99ff-510b39574853 ] Request (QuotasAdminNegativeTest:_run_cleanups): 200 PUT http://10.180.1.21/compute/v2.1/os-quota-sets/29a29771588e4c5ea2767708546855c2 2.973s
2025-03-11 12:01:19.655 70102 INFO tempest.lib.common.rest_client [req-40b9871c-0d70-476f-ae1f-f86ffbc8005d req-40b9871c-0d70-476f-ae1f-f86ffbc8005d ] Request (FlavorsExtraSpecsTestJSON:test_flavor_set_get_update_show_unset_keys): 200 GET http://10.180.1.21/compute/v2.1/flavors/755296743/os-extra_specs 2.963s
2025-03-11 12:01:19.694 70108 INFO tempest.lib.common.rest_client [req-478089fa-b1a2-4d46-94c3-339d7c193082 req-478089fa-b1a2-4d46-94c3-339d7c193082 ] Request (ServerExternalEventsTest:setUpClass): 201 POST http://10.180.1.21/identity/v3/users 0.063s
2025-03-11 12:01:19.695 70104 INFO tempest.lib.common.rest_client [req-e790b3af-cba6-47fc-9b59-d9558bc7c2a1 req-e790b3af-cba6-47fc-9b59-d9558bc7c2a1 ] Request (MigrationsAdminTest:test_list_migrations_in_flavor_resize_situation): 200 GET http://10.180.1.21/compute/v2.1/servers/f22f2442-6c76-4002-8c1c-920577f87f3e 3.020s
2025-03-11 12:01:19.714 70108 INFO tempest.lib.common.rest_client [req-a0dc4a12-849b-4be7-a011-032d20fee204 req-a0dc4a12-849b-4be7-a011-032d20fee204 ] Request (ServerExternalEventsTest:setUpClass): 200 GET http://10.180.1.21/identity/v3/roles 0.019s
2025-03-11 12:01:19.719 70058 INFO tempest.lib.common.rest_client [req-c5904786-286a-438e-95b8-ff712b7e3cf3 req-c5904786-286a-438e-95b8-ff712b7e3cf3 ] Request (SecurityGroupRulesNegativeTestJSON:test_create_security_group_rule_with_invalid_port_range): 400 POST http://10.180.1.21/compute/v2.1/os-security-group-rules 2.872s
2025-03-11 12:01:19.752 70108 INFO tempest.lib.common.rest_client [req-f09eb9b3-89e4-42b9-9d9e-ffc35da457e0 req-f09eb9b3-89e4-42b9-9d9e-ffc35da457e0 ] Request (ServerExternalEventsTest:setUpClass): 204 PUT http://10.180.1.21/identity/v3/projects/18830d2b37a54b02b48be7b25a74e2b2/users/e26e255cb5014638996264ae04813c12/roles/cd271e66c2ba44138a2880e9b1ac39aa 0.038s
2025-03-11 12:01:19.762 70060 INFO tempest.lib.common.rest_client [req-eadc13a9-19ee-436c-9ccb-e6a8d6e2b92b req-eadc13a9-19ee-436c-9ccb-e6a8d6e2b92b ] Request (TenantUsagesTestJSON:tearDownClass): 200 GET http://10.180.1.21/compute/v2.1/servers/825f2ca1-ae55-4f3d-81eb-8e62a896ebf1 2.825s
2025-03-11 12:01:19.780 70074 INFO tempest.lib.common.rest_client [req-01321fda-2cbd-44c4-835d-308ed000fddd req-01321fda-2cbd-44c4-835d-308ed000fddd ] Request (VolumesAssistedSnapshotsTest:test_volume_assisted_snapshot_create_delete): 200 GET http://10.180.1.21/compute/v2.1/servers/945a139d-2fd1-43ba-a97b-0b9608b12740 2.822s
2025-03-11 12:01:19.835 70108 INFO tempest.lib.common.rest_client [req-73293cf2-6e35-4476-a7e9-84c49e06beca req-73293cf2-6e35-4476-a7e9-84c49e06beca ] Request (ServerExternalEventsTest:setUpClass): 200 GET http://10.180.1.21/identity/v3/roles 0.083s
2025-03-11 12:01:19.854 70110 INFO tempest.lib.common.rest_client [req-626bf0d9-c8fb-4149-a16f-ffb5d66a4476 req-626bf0d9-c8fb-4149-a16f-ffb5d66a4476 ] Request (ListServerFiltersTestJSON:setUpClass): 200 GET http://10.180.1.21/compute/v2.1/servers/349f95e4-596b-4f6a-8ddc-e01369b5c832 2.853s
2025-03-11 12:01:19.857 70084 INFO tempest.lib.common.rest_client [req-ed2b6e88-df53-47c4-aa7b-123e3f7a4a83 req-ed2b6e88-df53-47c4-aa7b-123e3f7a4a83 ] Request (ImagesOneServerNegativeTestJSON:test_create_image_specify_name_over_character_limit): 400 POST http://10.180.1.21/compute/v2.1/servers/28741f56-6af9-48ca-b819-777bcfdec79c/action 2.691s
2025-03-11 12:01:19.861 70086 INFO tempest.lib.common.rest_client [req-3718e3ce-b715-44dd-8c07-447eacc54c14 req-3718e3ce-b715-44dd-8c07-447eacc54c14 ] Request (DeleteServersAdminTestJSON:test_admin_delete_servers_of_others): 200 GET http://10.180.1.21/compute/v2.1/servers/73ca7404-1eb3-4880-8ec8-d11cfe57ce31 2.772s
2025-03-11 12:01:19.870 70108 INFO tempest.lib.common.rest_client [req-02e0cbba-3b0b-443d-9697-0feed073d638 req-02e0cbba-3b0b-443d-9697-0feed073d638 ] Request (ServerExternalEventsTest:setUpClass): 204 PUT http://10.180.1.21/identity/v3/projects/18830d2b37a54b02b48be7b25a74e2b2/users/e26e255cb5014638996264ae04813c12/roles/94de0bba389b450f8f726964c33bcb3f 0.033s
2025-03-11 12:01:19.870 70108 INFO tempest.lib.common.dynamic_creds [-] Dynamic test user e26e255cb5014638996264ae04813c12 is created with scope project and roles: ['admin', 'service']
2025-03-11 12:01:19.870 70108 INFO tempest.lib.common.dynamic_creds [-] Acquired dynamic creds: credentials: Credentials: {'domain_id': 'default', 'domain_name': 'Default', 'username': 'tempest-ServerExternalEventsTest-1995869476-project', 'project_domain_id': 'default', 'project_domain_name': 'Default', 'project_id': '18830d2b37a54b02b48be7b25a74e2b2', 'project_name': 'tempest-ServerExternalEventsTest-1995869476', 'tenant_id': '18830d2b37a54b02b48be7b25a74e2b2', 'tenant_name': 'tempest-ServerExternalEventsTest-1995869476', 'user_domain_id': 'default', 'user_domain_name': 'Default', 'user_id': 'e26e255cb5014638996264ae04813c12', 'system': None}, Network: None, Subnet: None, Router: None
2025-03-11 12:01:19.870 70108 INFO tempest.lib.common.dynamic_creds [-] Created isolated network resources for: credentials: Credentials: {'domain_id': 'default', 'domain_name': 'Default', 'username': 'tempest-ServerExternalEventsTest-1995869476-project', 'project_domain_id': 'default', 'project_domain_name': 'Default', 'project_id': '18830d2b37a54b02b48be7b25a74e2b2', 'project_name': 'tempest-ServerExternalEventsTest-1995869476', 'tenant_id': '18830d2b37a54b02b48be7b25a74e2b2', 'tenant_name': 'tempest-ServerExternalEventsTest-1995869476', 'user_domain_id': 'default', 'user_domain_name': 'Default', 'user_id': 'e26e255cb5014638996264ae04813c12', 'system': None}, Network: None, Subnet: None, Router: None
2025-03-11 12:01:19.922 70090 INFO tempest.lib.common.rest_client [req-1d0b1e62-1f07-4bb6-a72a-69e3dc869a5a req-1d0b1e62-1f07-4bb6-a72a-69e3dc869a5a ] Request (ServersWithSpecificFlavorTestJSON:test_verify_created_server_ephemeral_disk): 200 GET http://10.180.1.21/compute/v2.1/servers/10bfdaef-b72c-4d47-be27-a44dae3367e4 2.711s
2025-03-11 12:01:19.965 70080 INFO tempest.lib.common.rest_client [req-4140164a-065e-4d6b-9cb3-3051770feec4 req-4140164a-065e-4d6b-9cb3-3051770feec4 ] Request (ServersAaction247Test:tearDownClass): 200 GET http://10.180.1.21/compute/v2.1/servers/2142dd7a-8353-4977-8796-67de249aa734 2.649s
2025-03-11 12:01:19.975 70080 INFO tempest.common.waiters [-] State transition "ACTIVE/deleting" ==> "DELETED/None" after 3 second wait
2025-03-11 12:01:19.997 70108 INFO tempest.lib.common.rest_client [req-7b69f991-479b-4b10-b47f-597093614deb req-7b69f991-479b-4b10-b47f-597093614deb ] Request (ServerExternalEventsTest:setUpClass): 201 POST http://10.180.1.21/identity/v3/auth/tokens 0.124s
2025-03-11 12:01:20.001 70088 INFO tempest.lib.common.rest_client [req-20cba718-e5c0-47f7-a632-61d07f13f921 req-20cba718-e5c0-47f7-a632-61d07f13f921 ] Request (FloatingIPsAssociationNegativeTestJSON:setUpClass): 200 GET http://10.180.1.21/compute/v2.1/servers/afd27e48-9ec6-453d-a879-466ddaf363e3 2.605s
2025-03-11 12:01:20.038 70068 INFO tempest.lib.common.rest_client [req-fd24dba0-b9ff-4d49-b851-2f98f7053f10 req-fd24dba0-b9ff-4d49-b851-2f98f7053f10 ] Request (ServersTestMultiNic:test_verify_duplicate_network_nics): 200 GET http://10.180.1.21/compute/v2.1/servers/93e26427-6129-4696-bf34-49685b1dac04/ips 2.602s
2025-03-11 12:01:20.043 70051 INFO tempest.lib.common.rest_client [req-f9b8609f-92ee-4e83-bcd4-9205f707abe9 req-f9b8609f-92ee-4e83-bcd4-9205f707abe9 ] Request (VolumesNegativeTest:test_get_volume_without_passing_volume_id): 404 GET http://10.180.1.21/compute/v2.1/os-volumes/ 2.609s
2025-03-11 12:01:20.097 70108 INFO tempest.lib.common.rest_client [req-c12a1cb2-532b-40cd-acc0-aa3a07480334 req-c12a1cb2-532b-40cd-acc0-aa3a07480334 ] Request (ServerExternalEventsTest:test_create_server_external_events): 201 POST http://10.180.1.21/identity/v3/auth/tokens 0.095s
2025-03-11 12:01:20.097 70108 INFO tempest.lib.common.fixed_network [-] (ServerExternalEventsTest:test_create_server_external_events) Found network None available for tenant
2025-03-11 12:01:20.178 70072 INFO tempest.lib.common.rest_client [req-1ad0b5c8-d43e-47fd-807e-b41284c266d9 req-1ad0b5c8-d43e-47fd-807e-b41284c266d9 ] Request (ServerDiagnosticsNegativeTest:test_get_server_diagnostics_by_non_admin): 200 GET http://10.180.1.21/compute/v2.1/servers/7621e6bb-0e58-4966-baff-aaf70d0a4ce2 2.637s
2025-03-11 12:01:20.186 70072 INFO tempest.common.waiters [-] State transition "BUILD/spawning" ==> "ACTIVE/None" after 42 second wait
2025-03-11 12:01:20.241 70078 INFO tempest.lib.common.rest_client [req-cbc38737-0967-4c49-833a-4f7c335ad778 req-cbc38737-0967-4c49-833a-4f7c335ad778 ] Request (ServersAdmin275Test:_run_cleanups): 200 GET http://10.180.1.21/compute/v2.1/servers/abb28692-e9c8-4a9d-8042-623d9737ebde 2.611s
2025-03-11 12:01:20.264 70053 INFO tempest.lib.common.rest_client [req-a6fb9743-8a6c-4ea9-8bc3-1e96e43d3a2d req-a6fb9743-8a6c-4ea9-8bc3-1e96e43d3a2d ] Request (KeyPairsV22TestJSON:_run_cleanups): 204 DELETE http://10.180.1.21/compute/v2.1/os-keypairs/tempest-KeyPairsV22TestJSON-keypair-1777621942 2.616s
2025-03-11 12:01:20.332 70098 INFO tempest.lib.common.rest_client [req-3c904f4f-00a1-49e7-87f1-7b2def10cd04 req-3c904f4f-00a1-49e7-87f1-7b2def10cd04 ] Request (AttachVolumeShelveTestJSON:test_attach_volume_shelved_or_offload_server): 200 GET http://10.180.1.21/compute/v2.1/servers/edb40602-5bcb-4ac1-ba12-98adedc7e022 2.483s
2025-03-11 12:01:20.342 70100 INFO tempest.lib.common.rest_client [req-d3e3a2d4-2521-4c23-a2ec-8b78a2b09c8f req-d3e3a2d4-2521-4c23-a2ec-8b78a2b09c8f ] Request (ServersNegativeTestJSON:setUpClass): 200 GET http://10.180.1.21/compute/v2.1/servers/dffc357e-e3be-4243-8d9a-51a817cb27b5 2.940s
2025-03-11 12:01:20.378 70066 INFO tempest.lib.common.rest_client [req-806110ec-17e6-4445-8efb-1a7456756019 req-806110ec-17e6-4445-8efb-1a7456756019 ] Request (AggregatesAdminNegativeTestJSON:test_aggregate_remove_nonexistent_host): 404 POST http://10.180.1.21/compute/v2.1/os-aggregates/8/action 2.421s
2025-03-11 12:01:20.858 70062 INFO tempest.lib.common.rest_client [req-7cb01558-84fc-48be-897b-36565162d35c req-7cb01558-84fc-48be-897b-36565162d35c ] Request (ServerAddressesTestJSON:setUpClass): 202 POST http://10.180.1.21/compute/v2.1/servers 2.477s
2025-03-11 12:01:20.912 70112 INFO tempest.lib.common.rest_client [req-3fb21096-63fb-46c5-83be-83e67a97c744 req-3fb21096-63fb-46c5-83be-83e67a97c744 ] Request (ServersAdminTestJSON:setUpClass): 200 GET http://10.180.1.21/compute/v2.1/servers/ce65bbdf-c8cd-438e-84fe-5adc90702e61 2.699s
2025-03-11 12:01:20.947 70094 INFO tempest.lib.common.rest_client [req-43050840-d9fd-449c-8671-db9aaffae1e8 req-43050840-d9fd-449c-8671-db9aaffae1e8 ] Request (ImagesNegativeTestJSON:test_create_image_from_deleted_server): 200 GET http://10.180.1.21/compute/v2.1/servers/fdaf176d-a101-44c5-bbec-cd481e5f440e 2.415s
2025-03-11 12:01:20.958 70094 INFO tempest.common.waiters [-] State transition "BUILD/None" ==> "BUILD/block_device_mapping" after 35 second wait
2025-03-11 12:01:21.017 70055 INFO tempest.lib.common.rest_client [req-1e830cd9-3983-427f-a228-747866e4bf40 req-1e830cd9-3983-427f-a228-747866e4bf40 ] Request (ServersTestBootFromVolume:setUpClass): 200 GET http://10.180.1.21/compute/v2.1/servers/b5743a22-1e77-4c65-81b2-6d0044397b27 2.208s
2025-03-11 12:01:21.035 70096 INFO tempest.lib.common.rest_client [req-dbf872ba-0d26-47f1-838b-f5ffde09daf3 req-dbf872ba-0d26-47f1-838b-f5ffde09daf3 ] Request (AttachInterfacesV270Test:tearDownClass): 200 GET http://10.180.1.21/compute/v2.1/servers/6b05803c-6e08-4402-9c29-201114362867 2.392s
2025-03-11 12:01:21.109 70114 INFO tempest.lib.common.rest_client [req-19744b06-4a2d-4a72-9d11-8d8207257c8d req-19744b06-4a2d-4a72-9d11-8d8207257c8d ] Request (ImagesDeleteNegativeTestJSON:test_delete_image_blank_id): 404 DELETE http://10.180.1.21/compute/v2.1/images/ 2.291s
2025-03-11 12:01:21.113 70092 INFO tempest.lib.common.rest_client [req-825d5832-ae2b-4abd-b95c-92855557733e req-825d5832-ae2b-4abd-b95c-92855557733e ] Request (ListImageFiltersTestJSON:setUpClass): 200 GET http://10.180.1.21/compute/v2.1/servers/369b4f02-42d7-485a-bb5c-053633a8a160 2.184s
2025-03-11 12:01:21.158 70106 INFO tempest.lib.common.rest_client [req-508705c4-f0db-44ff-8505-112588224da2 req-508705c4-f0db-44ff-8505-112588224da2 ] Request (ImagesOneServerTestJSON:test_create_delete_image): 200 GET http://10.180.1.21/compute/v2.1/images/87e7137e-6343-47ec-8643-c77cbcd0440e 1.679s
2025-03-11 12:01:21.191 70070 INFO tempest.lib.common.rest_client [req-93ad8013-243f-40e3-af5a-b89055524e66 req-93ad8013-243f-40e3-af5a-b89055524e66 ] Request (ServersAdminNegativeTestJSON:test_migrate_non_existent_server): 404 POST http://10.180.1.21/compute/v2.1/servers/839ab0f3-4dc4-4779-b5e9-54a37d79cd04/action 1.596s
2025-03-11 12:01:21.232 70102 INFO tempest.lib.common.rest_client [req-8113bed8-9c17-4edd-b4c8-17141af9c207 req-8113bed8-9c17-4edd-b4c8-17141af9c207 ] Request (FlavorsExtraSpecsTestJSON:test_flavor_set_get_update_show_unset_keys): 200 PUT http://10.180.1.21/compute/v2.1/flavors/755296743/os-extra_specs/hw:numa_nodes 1.576s
2025-03-11 12:01:21.251 70064 INFO tempest.lib.common.rest_client [req-6c475e34-f29f-4867-a78f-a4ce55064a8c req-6c475e34-f29f-4867-a78f-a4ce55064a8c ] Request (QuotasAdminNegativeTest:test_create_server_when_memory_quota_is_full): 200 GET http://10.180.1.21/compute/v2.1/os-quota-sets/29a29771588e4c5ea2767708546855c2 1.607s
2025-03-11 12:01:21.288 70070 INFO tempest.lib.common.rest_client [req-ae26654f-3229-423f-a546-a8cbd89449fa req-ae26654f-3229-423f-a546-a8cbd89449fa ] Request (ServersAdminNegativeTestJSON:test_migrate_server_invalid_state): 201 POST http://10.180.1.21/identity/v3/auth/tokens 0.092s
2025-03-11 12:01:21.289 70070 INFO tempest.lib.common.fixed_network [-] (ServersAdminNegativeTestJSON:test_migrate_server_invalid_state) Found network None available for tenant
2025-03-11 12:01:21.357 70076 INFO tempest.lib.common.rest_client [req-c34d67c3-fe9d-4a19-8224-135c44bd6d66 req-c34d67c3-fe9d-4a19-8224-135c44bd6d66 ] Request (SecurityGroupRulesTestJSON:setUpClass): 200 PUT http://10.180.1.21:9696/networking/v2.0/routers/c0266bdf-4aba-4f36-8a03-b1b200910293/add_router_interface 1.998s
2025-03-11 12:01:21.358 70076 INFO tempest.lib.common.dynamic_creds [-] Created isolated network resources for: credentials: Credentials: {'domain_id': 'default', 'domain_name': 'Default', 'username': 'tempest-SecurityGroupRulesTestJSON-374700971-project-member', 'project_domain_id': 'default', 'project_domain_name': 'Default', 'project_id': 'fbdfe2e594154f39964ad892b9fe8090', 'project_name': 'tempest-SecurityGroupRulesTestJSON-374700971', 'tenant_id': 'fbdfe2e594154f39964ad892b9fe8090', 'tenant_name': 'tempest-SecurityGroupRulesTestJSON-374700971', 'user_domain_id': 'default', 'user_domain_name': 'Default', 'user_id': '71a9fef8bae449cbb18aa4e75a9122a2', 'system': None}, Network: {'id': '9cebd45f-6836-4efa-a2c5-f7644ff554fb', 'name': 'tempest-SecurityGroupRulesTestJSON-1531318376-network', 'tenant_id': 'fbdfe2e594154f39964ad892b9fe8090', 'admin_state_up': True, 'mtu': 8950, 'status': 'ACTIVE', 'subnets': [], 'shared': False, 'project_id': 'fbdfe2e594154f39964ad892b9fe8090', 'port_security_enabled': True, 'router:external': False, 'provider:network_type': 'vlan', 'provider:physical_network': 'default', 'provider:segmentation_id': 261, 'is_default': False, 'availability_zone_hints': [], 'availability_zones': [], 'ipv4_address_scope': None, 'ipv6_address_scope': None, 'description': '', 'tags': [], 'created_at': '2025-03-11T12:01:17Z', 'updated_at': '2025-03-11T12:01:17Z', 'revision_number': 1}, Subnet: {'id': 'e2428319-4f0b-428f-85c2-9dfebf10e74a', 'name': 'tempest-SecurityGroupRulesTestJSON-1531318376-subnet', 'tenant_id': 'fbdfe2e594154f39964ad892b9fe8090', 'network_id': '9cebd45f-6836-4efa-a2c5-f7644ff554fb', 'ip_version': 4, 'subnetpool_id': None, 'enable_dhcp': True, 'ipv6_ra_mode': None, 'ipv6_address_mode': None, 'gateway_ip': '192.168.128.1', 'cidr': '192.168.128.0/28', 'allocation_pools': [{'start': '192.168.128.2', 'end': '192.168.128.14'}], 'host_routes': [], 'dns_nameservers': [], 'description': '', 'router:external': False, 'service_types': [], 'tags': [], 'created_at': '2025-03-11T12:01:18Z', 'updated_at': '2025-03-11T12:01:18Z', 'revision_number': 0, 'project_id': 'fbdfe2e594154f39964ad892b9fe8090'}, Router: {'id': 'c0266bdf-4aba-4f36-8a03-b1b200910293', 'name': 'tempest-SecurityGroupRulesTestJSON-1531318376-router', 'tenant_id': 'fbdfe2e594154f39964ad892b9fe8090', 'admin_state_up': True, 'status': 'ACTIVE', 'external_gateway_info': {'network_id': '7b555780-c6e9-4aad-aeb9-08df36edfe11', 'external_fixed_ips': [{'subnet_id': 'e416577c-6bbc-4c00-868a-bc7624c07155', 'ip_address': '10.180.180.157'}], 'enable_snat': True}, 'description': '', 'availability_zones': [], 'distributed': False, 'ha': False, 'availability_zone_hints': [], 'routes': [], 'flavor_id': None, 'tags': [], 'created_at': '2025-03-11T12:01:18Z', 'updated_at': '2025-03-11T12:01:18Z', 'revision_number': 2, 'project_id': 'fbdfe2e594154f39964ad892b9fe8090'}
2025-03-11 12:01:21.407 70084 INFO tempest.lib.common.rest_client [req-15a80d4a-621b-435d-be4e-e036e9a66652 req-15a80d4a-621b-435d-be4e-e036e9a66652 ] Request (ImagesOneServerNegativeTestJSON:tearDown): 200 GET http://10.180.1.21/compute/v2.1/servers/28741f56-6af9-48ca-b819-777bcfdec79c 1.549s
2025-03-11 12:01:21.436 70076 INFO tempest.lib.common.rest_client [req-497cb851-043d-4dae-a299-e7da0d2a7c41 req-497cb851-043d-4dae-a299-e7da0d2a7c41 ] Request (SecurityGroupRulesTestJSON:setUpClass): 201 POST http://10.180.1.21/identity/v3/auth/tokens 0.074s
2025-03-11 12:01:21.470 70058 INFO tempest.lib.common.rest_client [req-3c1ca48f-4517-4a29-ba93-49a782045048 req-3c1ca48f-4517-4a29-ba93-49a782045048 ] Request (SecurityGroupRulesNegativeTestJSON:test_create_security_group_rule_with_invalid_to_port): 200 POST http://10.180.1.21/compute/v2.1/os-security-groups 1.749s
2025-03-11 12:01:21.495 70068 INFO tempest.lib.common.rest_client [req-b71ddbb4-3def-4e1a-b980-30c5af50e8d8 req-b71ddbb4-3def-4e1a-b980-30c5af50e8d8 ] Request (ServersTestMultiNic:_run_cleanups): 204 DELETE http://10.180.1.21/compute/v2.1/servers/93e26427-6129-4696-bf34-49685b1dac04 1.454s
2025-03-11 12:01:21.516 70051 INFO tempest.lib.common.rest_client [req-201a3241-c759-4455-927b-69b03fb84c1a req-201a3241-c759-4455-927b-69b03fb84c1a ] Request (VolumesNegativeTest:test_volume_delete_nonexistent_volume_id): 404 DELETE http://10.180.1.21/compute/v2.1/os-volumes/24e1f6a3-2942-4120-be48-33c2adeeade7 1.468s
2025-03-11 12:01:21.549 70072 INFO tempest.lib.common.rest_client [req-31bd438c-58af-447f-b24f-67dd26011e3f req-31bd438c-58af-447f-b24f-67dd26011e3f ] Request (ServerDiagnosticsNegativeTest:test_get_server_diagnostics_by_non_admin): 403 GET http://10.180.1.21/compute/v2.1/servers/7621e6bb-0e58-4966-baff-aaf70d0a4ce2/diagnostics 1.362s
2025-03-11 12:01:21.566 70053 INFO tempest.lib.common.rest_client [req-072ec866-35b7-43e4-99b3-13103b8a08e9 req-072ec866-35b7-43e4-99b3-13103b8a08e9 ] Request (KeyPairsV22TestJSON:_run_cleanups): 204 DELETE http://10.180.1.21/compute/v2.1/os-keypairs/tempest-KeyPairsV22TestJSON-keypair-873403010 1.302s
2025-03-11 12:01:21.585 70066 INFO tempest.lib.common.rest_client [req-529c5a2f-2eba-4955-8863-c6dcc91b27df req-529c5a2f-2eba-4955-8863-c6dcc91b27df ] Request (AggregatesAdminNegativeTestJSON:_run_cleanups): 200 DELETE http://10.180.1.21/compute/v2.1/os-aggregates/8 1.207s
2025-03-11 12:01:21.628 70082 INFO tempest.lib.common.rest_client [req-8688ab6a-ee60-4efd-8bcc-94e45b03e535 req-8688ab6a-ee60-4efd-8bcc-94e45b03e535 ] Request (ImagesTestJSON:test_create_image_from_stopped_server): 200 GET http://10.180.1.21/compute/v2.1/images/f21a4406-9a43-4cb5-8e21-e38ad9a03d35 1.152s
2025-03-11 12:01:21.731 70066 INFO tempest.lib.common.rest_client [req-62a7c6f9-2460-4828-aef1-6f798cd26bb4 req-62a7c6f9-2460-4828-aef1-6f798cd26bb4 ] Request (AggregatesAdminNegativeTestJSON:tearDownClass): 204 DELETE http://10.180.1.21/identity/v3/users/e6ab4d22cccb4b47bc70b69897fb4510 0.143s
2025-03-11 12:01:21.747 70108 INFO tempest.lib.common.rest_client [req-a1aa4bbc-a25a-4096-aee6-1cff75bdbf0a req-a1aa4bbc-a25a-4096-aee6-1cff75bdbf0a ] Request (ServerExternalEventsTest:test_create_server_external_events): 202 POST http://10.180.1.21/compute/v2.1/servers 1.648s
2025-03-11 12:01:21.778 70104 INFO tempest.lib.common.rest_client [req-51ffe0dd-a231-4416-b460-b08ebdfaab19 req-51ffe0dd-a231-4416-b460-b08ebdfaab19 ] Request (MigrationsAdminTest:test_list_migrations_in_flavor_resize_situation): 200 GET http://10.180.1.21/compute/v2.1/servers/f22f2442-6c76-4002-8c1c-920577f87f3e 1.073s
2025-03-11 12:01:21.841 70060 INFO tempest.lib.common.rest_client [req-027d1195-0a87-4e11-9141-817f1fc4cb4f req-027d1195-0a87-4e11-9141-817f1fc4cb4f ] Request (TenantUsagesTestJSON:tearDownClass): 200 GET http://10.180.1.21/compute/v2.1/servers/825f2ca1-ae55-4f3d-81eb-8e62a896ebf1 1.068s
2025-03-11 12:01:21.858 70074 INFO tempest.lib.common.rest_client [req-3e070bc7-0eb7-460e-a4a3-9646ab628016 req-3e070bc7-0eb7-460e-a4a3-9646ab628016 ] Request (VolumesAssistedSnapshotsTest:test_volume_assisted_snapshot_create_delete): 200 GET http://10.180.1.21/compute/v2.1/servers/945a139d-2fd1-43ba-a97b-0b9608b12740 1.067s
2025-03-11 12:01:21.891 70066 INFO tempest.lib.common.rest_client [req-310269c1-5d9f-4e7f-8f48-0294e2493093 req-310269c1-5d9f-4e7f-8f48-0294e2493093 ] Request (AggregatesAdminNegativeTestJSON:tearDownClass): 204 DELETE http://10.180.1.21/identity/v3/users/8ac587d44158421e8ebbfc165d08d957 0.160s
2025-03-11 12:01:21.891 70066 INFO tempest.lib.common.dynamic_creds [-] Deleting project and security group for project: c035efe7e70b4a0bad806e1009ec4ae9
2025-03-11 12:01:21.905 70062 INFO tempest.lib.common.rest_client [req-27c8d1e6-b238-4333-9411-f33fa3df3843 req-27c8d1e6-b238-4333-9411-f33fa3df3843 ] Request (ServerAddressesTestJSON:setUpClass): 200 GET http://10.180.1.21/compute/v2.1/servers/fbe4fab7-6cc5-4dce-b8c6-9809f4c4da6e 1.045s
2025-03-11 12:01:21.911 70110 INFO tempest.lib.common.rest_client [req-148947fd-1bbe-475f-be19-d5f4cd2cee26 req-148947fd-1bbe-475f-be19-d5f4cd2cee26 ] Request (ListServerFiltersTestJSON:setUpClass): 200 GET http://10.180.1.21/compute/v2.1/servers/349f95e4-596b-4f6a-8ddc-e01369b5c832 1.047s
2025-03-11 12:01:21.927 70086 INFO tempest.lib.common.rest_client [req-20cc7b2f-dec8-4047-a503-649a3741ef1e req-20cc7b2f-dec8-4047-a503-649a3741ef1e ] Request (DeleteServersAdminTestJSON:test_admin_delete_servers_of_others): 404 GET http://10.180.1.21/compute/v2.1/servers/73ca7404-1eb3-4880-8ec8-d11cfe57ce31 1.055s
2025-03-11 12:01:21.971 70090 INFO tempest.lib.common.rest_client [req-ff0c782e-a34c-4b0f-9b60-73bc3c836bc2 req-ff0c782e-a34c-4b0f-9b60-73bc3c836bc2 ] Request (ServersWithSpecificFlavorTestJSON:test_verify_created_server_ephemeral_disk): 200 GET http://10.180.1.21/compute/v2.1/servers/10bfdaef-b72c-4d47-be27-a44dae3367e4 1.039s
2025-03-11 12:01:21.974 70066 INFO tempest.lib.common.rest_client [req-78f12e56-9b3b-4d35-9930-de1b78bb5594 req-78f12e56-9b3b-4d35-9930-de1b78bb5594 ] Request (AggregatesAdminNegativeTestJSON:tearDownClass): 201 POST http://10.180.1.21/identity/v3/auth/tokens 0.083s
2025-03-11 12:01:22.010 70080 INFO tempest.lib.common.rest_client [req-d8800a59-de81-402b-bef9-dc1832692dfa req-d8800a59-de81-402b-bef9-dc1832692dfa ] Request (ServersAaction247Test:tearDownClass): 200 GET http://10.180.1.21/compute/v2.1/servers/2142dd7a-8353-4977-8796-67de249aa734 1.034s
2025-03-11 12:01:22.023 70086 INFO tempest.lib.common.rest_client [req-f403dd2c-966c-4663-a22b-8b0295c9048a req-f403dd2c-966c-4663-a22b-8b0295c9048a ] Request (DeleteServersAdminTestJSON:test_delete_server_while_in_error_state): 201 POST http://10.180.1.21/identity/v3/auth/tokens 0.083s
2025-03-11 12:01:22.023 70086 INFO tempest.lib.common.fixed_network [-] (DeleteServersAdminTestJSON:test_delete_server_while_in_error_state) Found network None available for tenant
2025-03-11 12:01:22.025 70088 INFO tempest.lib.common.rest_client [req-a74ce7c7-27b3-42d2-9df8-72806d2531fd req-a74ce7c7-27b3-42d2-9df8-72806d2531fd ] Request (FloatingIPsAssociationNegativeTestJSON:setUpClass): 200 GET http://10.180.1.21/compute/v2.1/servers/afd27e48-9ec6-453d-a879-466ddaf363e3 1.011s
2025-03-11 12:01:22.035 70114 INFO tempest.lib.common.rest_client [req-758e9875-5b5f-4104-b25d-2dfbf939b603 req-758e9875-5b5f-4104-b25d-2dfbf939b603 ] Request (ImagesDeleteNegativeTestJSON:test_delete_image_negative_image_id): 404 DELETE http://10.180.1.21/compute/v2.1/images/-1 0.923s
2025-03-11 12:01:22.049 70102 INFO tempest.lib.common.rest_client [req-ed6d1f10-e551-463f-99f7-948c841ef0ea req-ed6d1f10-e551-463f-99f7-948c841ef0ea ] Request (FlavorsExtraSpecsTestJSON:test_flavor_set_get_update_show_unset_keys): 200 GET http://10.180.1.21/compute/v2.1/flavors/755296743/os-extra_specs 0.815s
2025-03-11 12:01:22.215 70064 INFO tempest.lib.common.rest_client [req-2bf41220-24d9-4aea-93c4-e1dc07095122 req-2bf41220-24d9-4aea-93c4-e1dc07095122 ] Request (QuotasAdminNegativeTest:test_create_server_when_memory_quota_is_full): 200 PUT http://10.180.1.21/compute/v2.1/os-quota-sets/29a29771588e4c5ea2767708546855c2 0.962s
2025-03-11 12:01:22.232 70066 INFO tempest.lib.common.rest_client [req-fc201317-db56-4d83-a30e-a1f8b972a63a req-fc201317-db56-4d83-a30e-a1f8b972a63a ] Request (AggregatesAdminNegativeTestJSON:tearDownClass): 200 GET http://10.180.1.21:9696/networking/v2.0/security-groups?tenant_id=c035efe7e70b4a0bad806e1009ec4ae9&name=default 0.257s
2025-03-11 12:01:22.244 70106 INFO tempest.lib.common.rest_client [req-689ad71a-2bc8-45ec-b862-a17b440ed896 req-689ad71a-2bc8-45ec-b862-a17b440ed896 ] Request (ImagesOneServerTestJSON:test_create_delete_image): 200 GET http://10.180.1.21/compute/v2.1/servers/9e862f36-920a-4332-95c0-a74470458058 1.081s
2025-03-11 12:01:22.295 70078 INFO tempest.lib.common.rest_client [req-a2142f55-626f-4323-b3cd-2f260ade1e5b req-a2142f55-626f-4323-b3cd-2f260ade1e5b ] Request (ServersAdmin275Test:_run_cleanups): 200 GET http://10.180.1.21/compute/v2.1/servers/abb28692-e9c8-4a9d-8042-623d9737ebde 1.038s
2025-03-11 12:01:22.307 70064 INFO tempest.lib.common.rest_client [req-0b930d0c-fa22-4eb4-89c3-6f99d6597de3 req-0b930d0c-fa22-4eb4-89c3-6f99d6597de3 ] Request (QuotasAdminNegativeTest:test_create_server_when_memory_quota_is_full): 201 POST http://10.180.1.21/identity/v3/auth/tokens 0.087s
2025-03-11 12:01:22.307 70064 INFO tempest.lib.common.fixed_network [-] (QuotasAdminNegativeTest:test_create_server_when_memory_quota_is_full) Found network None available for tenant
2025-03-11 12:01:22.309 70078 INFO tempest.common.waiters [-] State transition "REBUILD/rebuild_spawning" ==> "ACTIVE/None" after 8 second wait
2025-03-11 12:01:22.359 70098 INFO tempest.lib.common.rest_client [req-eea17b6f-0b8e-4840-a7b2-d5e3cdb58f13 req-eea17b6f-0b8e-4840-a7b2-d5e3cdb58f13 ] Request (AttachVolumeShelveTestJSON:test_attach_volume_shelved_or_offload_server): 200 GET http://10.180.1.21/compute/v2.1/servers/edb40602-5bcb-4ac1-ba12-98adedc7e022 1.018s
2025-03-11 12:01:22.367 70066 INFO tempest.lib.common.rest_client [req-34457f22-3334-409b-b148-20c443646611 req-34457f22-3334-409b-b148-20c443646611 ] Request (AggregatesAdminNegativeTestJSON:tearDownClass): 204 DELETE http://10.180.1.21:9696/networking/v2.0/security-groups/141b7458-d31c-473f-8921-4cdb6b3e442e 0.134s
2025-03-11 12:01:22.456 70066 INFO tempest.lib.common.rest_client [req-b0d8e489-e954-4e69-871b-5bda843088d7 req-b0d8e489-e954-4e69-871b-5bda843088d7 ] Request (AggregatesAdminNegativeTestJSON:tearDownClass): 204 DELETE http://10.180.1.21/identity/v3/projects/c035efe7e70b4a0bad806e1009ec4ae9 0.089s
2025-03-11 12:01:22.456 70066 INFO tempest.lib.common.dynamic_creds [-] Deleting project and security group for project: b3820cc8bb274bfb95686a40fc5e62de
2025-03-11 12:01:22.474 70070 INFO tempest.lib.common.rest_client [req-2b74e144-ead6-4547-b288-59ea230cd275 req-2b74e144-ead6-4547-b288-59ea230cd275 ] Request (ServersAdminNegativeTestJSON:test_migrate_server_invalid_state): 202 POST http://10.180.1.21/compute/v2.1/servers 1.185s
2025-03-11 12:01:22.521 70100 INFO tempest.lib.common.rest_client [req-e0299b80-a6d6-4b27-baad-765fdc4aabc3 req-e0299b80-a6d6-4b27-baad-765fdc4aabc3 ] Request (ServersNegativeTestJSON:setUpClass): 200 GET http://10.180.1.21/compute/v2.1/servers/dffc357e-e3be-4243-8d9a-51a817cb27b5 1.168s
2025-03-11 12:01:22.529 70100 INFO tempest.common.waiters [-] State transition "BUILD/spawning" ==> "ACTIVE/None" after 41 second wait
2025-03-11 12:01:22.603 70100 INFO tempest.lib.common.rest_client [req-23b17710-da5a-46ee-90c0-0e47a4d6ada8 req-23b17710-da5a-46ee-90c0-0e47a4d6ada8 ] Request (ServersNegativeTestJSON:setUpClass): 201 POST http://10.180.1.21/identity/v3/auth/tokens 0.071s
2025-03-11 12:01:22.604 70100 INFO tempest.lib.common.fixed_network [-] (ServersNegativeTestJSON:setUpClass) Found network {'id': '24def799-e623-4c90-99e6-11cde06f917b', 'name': 'tempest-ServersNegativeTestJSON-1392422648-network', 'tenant_id': '0a3bc01b179047f8bb18a02a20322c96', 'admin_state_up': True, 'mtu': 8950, 'status': 'ACTIVE', 'subnets': [], 'shared': False, 'project_id': '0a3bc01b179047f8bb18a02a20322c96', 'port_security_enabled': True, 'router:external': False, 'provider:network_type': 'vlan', 'provider:physical_network': 'default', 'provider:segmentation_id': 944, 'is_default': False, 'availability_zone_hints': [], 'availability_zones': [], 'ipv4_address_scope': None, 'ipv6_address_scope': None, 'description': '', 'tags': [], 'created_at': '2025-03-11T12:00:30Z', 'updated_at': '2025-03-11T12:00:30Z', 'revision_number': 1} available for tenant
2025-03-11 12:01:22.630 70066 INFO tempest.lib.common.rest_client [req-02280bec-38db-4670-b675-6fe47d01f505 req-02280bec-38db-4670-b675-6fe47d01f505 ] Request (AggregatesAdminNegativeTestJSON:tearDownClass): 200 GET http://10.180.1.21:9696/networking/v2.0/security-groups?tenant_id=b3820cc8bb274bfb95686a40fc5e62de&name=default 0.174s
2025-03-11 12:01:22.688 70084 INFO tempest.lib.common.rest_client [req-62c3cdd1-3700-4f28-b05b-b7f823d9e704 req-62c3cdd1-3700-4f28-b05b-b7f823d9e704 ] Request (ImagesOneServerNegativeTestJSON:setUp): 200 GET http://10.180.1.21/compute/v2.1/servers/28741f56-6af9-48ca-b819-777bcfdec79c 1.268s
2025-03-11 12:01:22.746 70058 INFO tempest.lib.common.rest_client [req-a9251cbc-75f3-4a1c-913f-8c31dc4b4f41 req-a9251cbc-75f3-4a1c-913f-8c31dc4b4f41 ] Request (SecurityGroupRulesNegativeTestJSON:test_create_security_group_rule_with_invalid_to_port): 400 POST http://10.180.1.21/compute/v2.1/os-security-group-rules 1.271s
2025-03-11 12:01:22.788 70066 INFO tempest.lib.common.rest_client [req-4b2c9ca9-fd24-4c43-8cad-590df419337c req-4b2c9ca9-fd24-4c43-8cad-590df419337c ] Request (AggregatesAdminNegativeTestJSON:tearDownClass): 204 DELETE http://10.180.1.21:9696/networking/v2.0/security-groups/c810b49e-96dc-421b-a0be-e59564a74626 0.157s
2025-03-11 12:01:22.820 70076 INFO tempest.lib.common.rest_client [req-db317836-5df7-45ca-ab89-b7cb5d1f5d9d req-db317836-5df7-45ca-ab89-b7cb5d1f5d9d ] Request (SecurityGroupRulesTestJSON:test_security_group_rules_create): 200 POST http://10.180.1.21/compute/v2.1/os-security-groups 1.383s
2025-03-11 12:01:22.855 70051 INFO tempest.lib.common.rest_client [req-c5aac5f9-db6a-4142-92da-888fe0696cb6 req-c5aac5f9-db6a-4142-92da-888fe0696cb6 ] Request (VolumesNegativeTest:test_volume_get_nonexistent_volume_id): 404 GET http://10.180.1.21/compute/v2.1/os-volumes/76cebe81-752a-4d61-87ea-5af5058429e4 1.336s
2025-03-11 12:01:22.971 70072 INFO tempest.lib.common.rest_client [req-c32ae181-ac54-42d6-8beb-f159f18960aa req-c32ae181-ac54-42d6-8beb-f159f18960aa ] Request (ServerDiagnosticsNegativeTest:tearDownClass): 204 DELETE http://10.180.1.21/compute/v2.1/servers/7621e6bb-0e58-4966-baff-aaf70d0a4ce2 1.420s
2025-03-11 12:01:22.991 70066 INFO tempest.lib.common.rest_client [req-0dc92110-b2f5-4f14-bffc-32d63bae21b9 req-0dc92110-b2f5-4f14-bffc-32d63bae21b9 ] Request (AggregatesAdminNegativeTestJSON:tearDownClass): 204 DELETE http://10.180.1.21/identity/v3/projects/b3820cc8bb274bfb95686a40fc5e62de 0.202s
2025-03-11 12:01:23.001 70053 INFO tempest.lib.common.rest_client [req-72363458-5b81-48b3-8996-3d4c94bfb119 req-72363458-5b81-48b3-8996-3d4c94bfb119 ] Request (KeyPairsV22TestJSON:_run_cleanups): 204 DELETE http://10.180.1.21/compute/v2.1/os-keypairs/tempest-KeyPairsV22TestJSON-keypair-214602129 1.434s
2025-03-11 12:01:23.062 70051 INFO tempest.lib.common.rest_client [req-267c9170-b536-4d10-8734-b1821874932e req-267c9170-b536-4d10-8734-b1821874932e ] Request (VolumesNegativeTest:tearDownClass): 204 DELETE http://10.180.1.21/identity/v3/users/c11be6158ec540188edbb781481a36b9 0.202s
2025-03-11 12:01:23.062 70051 INFO tempest.lib.common.dynamic_creds [-] Deleting project and security group for project: 8dc17c77e59c474c977b2506ee7a7e5c
2025-03-11 12:01:23.080 70066 INFO tempest.lib.common.rest_client [req-ef6621a6-0da8-49c7-a7dc-df5ebb7970a0 req-ef6621a6-0da8-49c7-a7dc-df5ebb7970a0 ] Request (ServerDiagnosticsV248Test:setUpClass): 201 POST http://10.180.1.21/identity/v3/auth/tokens 0.088s
2025-03-11 12:01:23.099 70108 INFO tempest.lib.common.rest_client [req-24478e80-c44c-478d-bfc6-be9e0be51152 req-24478e80-c44c-478d-bfc6-be9e0be51152 ] Request (ServerExternalEventsTest:test_create_server_external_events): 200 GET http://10.180.1.21/compute/v2.1/servers/176eb896-91f5-4a36-a9d2-d5d78b6c93b2 1.350s
2025-03-11 12:01:23.106 70068 INFO tempest.lib.common.rest_client [req-70aabd2b-c21e-4cb5-94ce-ebd9507c2030 req-70aabd2b-c21e-4cb5-94ce-ebd9507c2030 ] Request (ServersTestMultiNic:_run_cleanups): 200 GET http://10.180.1.21/compute/v2.1/servers/93e26427-6129-4696-bf34-49685b1dac04 1.610s
2025-03-11 12:01:23.157 70066 INFO tempest.lib.common.rest_client [req-18634dae-944a-4168-ac0e-ce8e638c0985 req-18634dae-944a-4168-ac0e-ce8e638c0985 ] Request (ServerDiagnosticsV248Test:setUpClass): 201 POST http://10.180.1.21/identity/v3/auth/tokens 0.073s
2025-03-11 12:01:23.174 70051 INFO tempest.lib.common.rest_client [req-5f4e9da3-b201-458e-b7b3-8e4bb2fb87d3 req-5f4e9da3-b201-458e-b7b3-8e4bb2fb87d3 ] Request (VolumesNegativeTest:tearDownClass): 201 POST http://10.180.1.21/identity/v3/auth/tokens 0.111s
2025-03-11 12:01:23.185 70066 INFO tempest.lib.common.rest_client [req-ccd8d830-1bf6-40bd-be6a-f9df81853e39 req-ccd8d830-1bf6-40bd-be6a-f9df81853e39 ] Request (ServerDiagnosticsV248Test:setUpClass): 200 GET http://10.180.1.21/identity/v3/domains?name=Default 0.027s
2025-03-11 12:01:23.227 70066 INFO tempest.lib.common.rest_client [req-000930d6-df6e-443b-867d-5598cd76f0e6 req-000930d6-df6e-443b-867d-5598cd76f0e6 ] Request (ServerDiagnosticsV248Test:setUpClass): 201 POST http://10.180.1.21/identity/v3/projects 0.042s
2025-03-11 12:01:23.292 70112 INFO tempest.lib.common.rest_client [req-ee616887-dfe1-4f26-baf6-026a0e79506d req-ee616887-dfe1-4f26-baf6-026a0e79506d ] Request (ServersAdminTestJSON:setUpClass): 200 GET http://10.180.1.21/compute/v2.1/servers/ce65bbdf-c8cd-438e-84fe-5adc90702e61 1.365s
2025-03-11 12:01:23.292 70066 INFO tempest.lib.common.rest_client [req-29216105-0249-4977-bf06-308dfb9e454c req-29216105-0249-4977-bf06-308dfb9e454c ] Request (ServerDiagnosticsV248Test:setUpClass): 201 POST http://10.180.1.21/identity/v3/users 0.064s
2025-03-11 12:01:23.311 70066 INFO tempest.lib.common.rest_client [req-d04577d6-d799-4b59-972d-0846fe6669a4 req-d04577d6-d799-4b59-972d-0846fe6669a4 ] Request (ServerDiagnosticsV248Test:setUpClass): 200 GET http://10.180.1.21/identity/v3/roles 0.018s
2025-03-11 12:01:23.339 70066 INFO tempest.lib.common.rest_client [req-b0f57c71-a2af-46b8-9e50-4c0de4f36d0c req-b0f57c71-a2af-46b8-9e50-4c0de4f36d0c ] Request (ServerDiagnosticsV248Test:setUpClass): 204 PUT http://10.180.1.21/identity/v3/projects/e3311a56aa38428a8f73c4e3c6669680/users/d458673d64524f4e8611c97c33aee10b/roles/93b9dcaa51434b8db33828660ea8682c 0.027s
2025-03-11 12:01:23.339 70066 INFO tempest.lib.common.dynamic_creds [-] Dynamic test user d458673d64524f4e8611c97c33aee10b is created with scope project and roles: ['member']
2025-03-11 12:01:23.339 70066 INFO tempest.lib.common.dynamic_creds [-] Acquired dynamic creds: credentials: Credentials: {'domain_id': 'default', 'domain_name': 'Default', 'username': 'tempest-ServerDiagnosticsV248Test-961006193-project-member', 'project_domain_id': 'default', 'project_domain_name': 'Default', 'project_id': 'e3311a56aa38428a8f73c4e3c6669680', 'project_name': 'tempest-ServerDiagnosticsV248Test-961006193', 'tenant_id': 'e3311a56aa38428a8f73c4e3c6669680', 'tenant_name': 'tempest-ServerDiagnosticsV248Test-961006193', 'user_domain_id': 'default', 'user_domain_name': 'Default', 'user_id': 'd458673d64524f4e8611c97c33aee10b', 'system': None}, Network: None, Subnet: None, Router: None
2025-03-11 12:01:23.339 70066 INFO tempest.lib.common.dynamic_creds [-] Created isolated network resources for: credentials: Credentials: {'domain_id': 'default', 'domain_name': 'Default', 'username': 'tempest-ServerDiagnosticsV248Test-961006193-project-member', 'project_domain_id': 'default', 'project_domain_name': 'Default', 'project_id': 'e3311a56aa38428a8f73c4e3c6669680', 'project_name': 'tempest-ServerDiagnosticsV248Test-961006193', 'tenant_id': 'e3311a56aa38428a8f73c4e3c6669680', 'tenant_name': 'tempest-ServerDiagnosticsV248Test-961006193', 'user_domain_id': 'default', 'user_domain_name': 'Default', 'user_id': 'd458673d64524f4e8611c97c33aee10b', 'system': None}, Network: None, Subnet: None, Router: None
2025-03-11 12:01:23.347 70094 INFO tempest.lib.common.rest_client [req-d92832b3-2a1d-48e5-af21-3549b22230d9 req-d92832b3-2a1d-48e5-af21-3549b22230d9 ] Request (ImagesNegativeTestJSON:test_create_image_from_deleted_server): 200 GET http://10.180.1.21/compute/v2.1/servers/fdaf176d-a101-44c5-bbec-cd481e5f440e 1.388s
2025-03-11 12:01:23.357 70094 INFO tempest.common.waiters [-] State transition "BUILD/block_device_mapping" ==> "BUILD/spawning" after 38 second wait
2025-03-11 12:01:23.416 70066 INFO tempest.lib.common.rest_client [req-854ae703-dad4-4d78-a0f7-5ae057d45e8f req-854ae703-dad4-4d78-a0f7-5ae057d45e8f ] Request (ServerDiagnosticsV248Test:setUpClass): 201 POST http://10.180.1.21/identity/v3/auth/tokens 0.072s
2025-03-11 12:01:23.420 70055 INFO tempest.lib.common.rest_client [req-379d8e67-6f1c-470b-8559-7fd56b494fc4 req-379d8e67-6f1c-470b-8559-7fd56b494fc4 ] Request (ServersTestBootFromVolume:setUpClass): 200 GET http://10.180.1.21/compute/v2.1/servers/b5743a22-1e77-4c65-81b2-6d0044397b27 1.394s
2025-03-11 12:01:23.436 70114 INFO tempest.lib.common.rest_client [req-670f96ec-0316-4e88-b1dd-fd0c8e58073a req-670f96ec-0316-4e88-b1dd-fd0c8e58073a ] Request (ImagesDeleteNegativeTestJSON:test_delete_image_non_hex_string_id): 404 DELETE http://10.180.1.21/compute/v2.1/images/abfe8c91-556e-4f8a-ae4b-61cc737f569j 1.399s
2025-03-11 12:01:23.487 70066 INFO tempest.lib.common.rest_client [req-b362c57e-1129-4a7d-9073-e93b620f3df9 req-b362c57e-1129-4a7d-9073-e93b620f3df9 ] Request (ServerDiagnosticsV248Test:setUpClass): 201 POST http://10.180.1.21/identity/v3/projects 0.070s
2025-03-11 12:01:23.528 70086 INFO tempest.lib.common.rest_client [req-c7f2b8d2-9fac-4c55-9497-e952c2336962 req-c7f2b8d2-9fac-4c55-9497-e952c2336962 ] Request (DeleteServersAdminTestJSON:test_delete_server_while_in_error_state): 202 POST http://10.180.1.21/compute/v2.1/servers 1.504s
2025-03-11 12:01:23.529 70096 INFO tempest.lib.common.rest_client [req-5b24e2dc-0571-4184-bdc3-14126de51c19 req-5b24e2dc-0571-4184-bdc3-14126de51c19 ] Request (AttachInterfacesV270Test:tearDownClass): 200 GET http://10.180.1.21/compute/v2.1/servers/6b05803c-6e08-4402-9c29-201114362867 1.483s
2025-03-11 12:01:23.550 70051 INFO tempest.lib.common.rest_client [req-c44d6d28-7afa-4c30-9314-64629e76e918 req-c44d6d28-7afa-4c30-9314-64629e76e918 ] Request (VolumesNegativeTest:tearDownClass): 200 GET http://10.180.1.21:9696/networking/v2.0/security-groups?tenant_id=8dc17c77e59c474c977b2506ee7a7e5c&name=default 0.375s
2025-03-11 12:01:23.556 70102 INFO tempest.lib.common.rest_client [req-e9722fff-4e75-413a-8323-ca66dc75a991 req-e9722fff-4e75-413a-8323-ca66dc75a991 ] Request (FlavorsExtraSpecsTestJSON:test_flavor_set_get_update_show_unset_keys): 200 DELETE http://10.180.1.21/compute/v2.1/flavors/755296743/os-extra_specs/hw:numa_nodes 1.507s
2025-03-11 12:01:23.560 70066 INFO tempest.lib.common.rest_client [req-c6fbd9a4-00ba-405d-963f-ff63369f82e1 req-c6fbd9a4-00ba-405d-963f-ff63369f82e1 ] Request (ServerDiagnosticsV248Test:setUpClass): 201 POST http://10.180.1.21/identity/v3/users 0.070s
2025-03-11 12:01:23.582 70066 INFO tempest.lib.common.rest_client [req-f81a089d-5034-44c0-b984-31c22340718c req-f81a089d-5034-44c0-b984-31c22340718c ] Request (ServerDiagnosticsV248Test:setUpClass): 200 GET http://10.180.1.21/identity/v3/roles 0.022s
2025-03-11 12:01:23.612 70092 INFO tempest.lib.common.rest_client [req-e8b7b218-4e1f-4ba2-8bcb-94978942c568 req-e8b7b218-4e1f-4ba2-8bcb-94978942c568 ] Request (ListImageFiltersTestJSON:setUpClass): 200 GET http://10.180.1.21/compute/v2.1/servers/369b4f02-42d7-485a-bb5c-053633a8a160 1.489s
2025-03-11 12:01:23.627 70066 INFO tempest.lib.common.rest_client [req-2ac550d7-ab9f-44ae-84c0-643d66c0516a req-2ac550d7-ab9f-44ae-84c0-643d66c0516a ] Request (ServerDiagnosticsV248Test:setUpClass): 204 PUT http://10.180.1.21/identity/v3/projects/fc251ed9d28d437984cfffa46870c4b6/users/dff937f9c1f74da08d86c592df617357/roles/cd271e66c2ba44138a2880e9b1ac39aa 0.045s
2025-03-11 12:01:23.704 70051 INFO tempest.lib.common.rest_client [req-64669e79-3228-4244-8c96-b3a4cedec1cb req-64669e79-3228-4244-8c96-b3a4cedec1cb ] Request (VolumesNegativeTest:tearDownClass): 204 DELETE http://10.180.1.21:9696/networking/v2.0/security-groups/3b5352e7-a03d-43c3-beaf-54d08f84a091 0.153s
2025-03-11 12:01:23.705 70066 INFO tempest.lib.common.rest_client [req-0817ae51-9616-4db4-ab76-1f81397e4f05 req-0817ae51-9616-4db4-ab76-1f81397e4f05 ] Request (ServerDiagnosticsV248Test:setUpClass): 200 GET http://10.180.1.21/identity/v3/roles 0.077s
2025-03-11 12:01:23.713 70078 INFO tempest.lib.common.rest_client [req-06b4ef02-c4e7-4626-9176-401af5ed553e req-06b4ef02-c4e7-4626-9176-401af5ed553e ] Request (ServersAdmin275Test:tearDownClass): 204 DELETE http://10.180.1.21/compute/v2.1/servers/abb28692-e9c8-4a9d-8042-623d9737ebde 1.402s
2025-03-11 12:01:23.735 70066 INFO tempest.lib.common.rest_client [req-dd46f4d1-862a-476c-8cd2-68be464d5f83 req-dd46f4d1-862a-476c-8cd2-68be464d5f83 ] Request (ServerDiagnosticsV248Test:setUpClass): 204 PUT http://10.180.1.21/identity/v3/projects/fc251ed9d28d437984cfffa46870c4b6/users/dff937f9c1f74da08d86c592df617357/roles/cd271e66c2ba44138a2880e9b1ac39aa 0.029s
2025-03-11 12:01:23.735 70066 INFO tempest.lib.common.dynamic_creds [-] Dynamic test user dff937f9c1f74da08d86c592df617357 is created with scope project and roles: ['admin']
2025-03-11 12:01:23.735 70066 INFO tempest.lib.common.dynamic_creds [-] Acquired dynamic creds: credentials: Credentials: {'domain_id': 'default', 'domain_name': 'Default', 'username': 'tempest-ServerDiagnosticsV248Test-326779963-project-admin', 'project_domain_id': 'default', 'project_domain_name': 'Default', 'project_id': 'fc251ed9d28d437984cfffa46870c4b6', 'project_name': 'tempest-ServerDiagnosticsV248Test-326779963', 'tenant_id': 'fc251ed9d28d437984cfffa46870c4b6', 'tenant_name': 'tempest-ServerDiagnosticsV248Test-326779963', 'user_domain_id': 'default', 'user_domain_name': 'Default', 'user_id': 'dff937f9c1f74da08d86c592df617357', 'system': None}, Network: None, Subnet: None, Router: None
2025-03-11 12:01:23.735 70066 INFO tempest.lib.common.dynamic_creds [-] Created isolated network resources for: credentials: Credentials: {'domain_id': 'default', 'domain_name': 'Default', 'username': 'tempest-ServerDiagnosticsV248Test-326779963-project-admin', 'project_domain_id': 'default', 'project_domain_name': 'Default', 'project_id': 'fc251ed9d28d437984cfffa46870c4b6', 'project_name': 'tempest-ServerDiagnosticsV248Test-326779963', 'tenant_id': 'fc251ed9d28d437984cfffa46870c4b6', 'tenant_name': 'tempest-ServerDiagnosticsV248Test-326779963', 'user_domain_id': 'default', 'user_domain_name': 'Default', 'user_id': 'dff937f9c1f74da08d86c592df617357', 'system': None}, Network: None, Subnet: None, Router: None
2025-03-11 12:01:23.788 70070 INFO tempest.lib.common.rest_client [req-5aed9864-c6b8-4f24-a8f9-7ce89ea4d6c9 req-5aed9864-c6b8-4f24-a8f9-7ce89ea4d6c9 ] Request (ServersAdminNegativeTestJSON:test_migrate_server_invalid_state): 200 GET http://10.180.1.21/compute/v2.1/servers/0bf7734b-d8be-42fd-9621-21e13da23634 1.312s
2025-03-11 12:01:23.839 70066 INFO tempest.lib.common.rest_client [req-a9b4fd8f-e46c-4783-be40-e7de709140ac req-a9b4fd8f-e46c-4783-be40-e7de709140ac ] Request (ServerDiagnosticsV248Test:setUpClass): 201 POST http://10.180.1.21/identity/v3/auth/tokens 0.101s
2025-03-11 12:01:23.848 70051 INFO tempest.lib.common.rest_client [req-f0074648-cc99-4c78-9d97-c156b48e5b68 req-f0074648-cc99-4c78-9d97-c156b48e5b68 ] Request (VolumesNegativeTest:tearDownClass): 204 DELETE http://10.180.1.21/identity/v3/projects/8dc17c77e59c474c977b2506ee7a7e5c 0.144s
2025-03-11 12:01:23.874 70064 INFO tempest.lib.common.rest_client [req-ae768e19-fff3-4ab5-908b-476b96700950 req-ae768e19-fff3-4ab5-908b-476b96700950 ] Request (QuotasAdminNegativeTest:test_create_server_when_memory_quota_is_full): 403 POST http://10.180.1.21/compute/v2.1/servers 1.566s
2025-03-11 12:01:23.902 70082 INFO tempest.lib.common.rest_client [req-01c8a17b-0837-40cf-a2cd-b82b6f10c49e req-01c8a17b-0837-40cf-a2cd-b82b6f10c49e ] Request (ImagesTestJSON:test_create_image_from_stopped_server): 200 GET http://10.180.1.21/compute/v2.1/images/f21a4406-9a43-4cb5-8e21-e38ad9a03d35 1.267s
2025-03-11 12:01:23.923 70066 INFO tempest.lib.common.rest_client [req-e40f03c5-cf07-4a31-81c9-05b85ad7d0d8 req-e40f03c5-cf07-4a31-81c9-05b85ad7d0d8 ] Request (ServerDiagnosticsV248Test:test_get_server_diagnostics): 201 POST http://10.180.1.21/identity/v3/auth/tokens 0.077s
2025-03-11 12:01:23.923 70066 INFO tempest.lib.common.fixed_network [-] (ServerDiagnosticsV248Test:test_get_server_diagnostics) Found network None available for tenant
2025-03-11 12:01:24.119 70100 INFO tempest.lib.common.rest_client [req-446a3f18-32b4-4d12-a0aa-bd56c34bc28b req-446a3f18-32b4-4d12-a0aa-bd56c34bc28b ] Request (ServersNegativeTestJSON:setUpClass): 202 POST http://10.180.1.21/compute/v2.1/servers 1.514s
