2025-03-11 12:00:34.428 70072 INFO tempest.lib.common.rest_client [req-ed8bfff7-c002-4222-95c3-2aad7d603a88 req-ed8bfff7-c002-4222-95c3-2aad7d603a88 ] Request (ServerDiagnosticsNegativeTest:setUpClass): 200 GET http://10.180.1.21/identity/v3/domains?name=Default 0.018s
2025-03-11 12:00:34.453 70070 INFO tempest.lib.common.rest_client [req-1c19cac1-1b50-40eb-86dd-1049b53e97e6 req-1c19cac1-1b50-40eb-86dd-1049b53e97e6 ] Request (FlavorMetadataValidation:tearDownClass): 200 GET http://10.180.1.21:9696/networking/v2.0/security-groups?tenant_id=45590a5df70b48bcb5738fc0efd882c6&name=default 0.498s
2025-03-11 12:00:34.457 70072 INFO tempest.lib.common.rest_client [req-2aa30b67-48f7-42ba-9a58-579e442c66ae req-2aa30b67-48f7-42ba-9a58-579e442c66ae ] Request (ServerDiagnosticsNegativeTest:setUpClass): 201 POST http://10.180.1.21/identity/v3/projects 0.028s
2025-03-11 12:00:34.515 70072 INFO tempest.lib.common.rest_client [req-1ab31e1c-898a-4ba1-b783-b244597f8b16 req-1ab31e1c-898a-4ba1-b783-b244597f8b16 ] Request (ServerDiagnosticsNegativeTest:setUpClass): 201 POST http://10.180.1.21/identity/v3/users 0.057s
2025-03-11 12:00:34.523 70080 INFO tempest.lib.common.rest_client [req-9485a821-35c3-4cd1-a266-d5c17906a6cc req-9485a821-35c3-4cd1-a266-d5c17906a6cc ] Request (ServicesAdminTestJSON:tearDownClass): 200 GET http://10.180.1.21:9696/networking/v2.0/security-groups?tenant_id=aed307a954a4471a9d43ab3c475da30c&name=default 0.604s
2025-03-11 12:00:34.534 70072 INFO tempest.lib.common.rest_client [req-b136d3b3-96bc-46c7-b3d2-0739570991dd req-b136d3b3-96bc-46c7-b3d2-0739570991dd ] Request (ServerDiagnosticsNegativeTest:setUpClass): 200 GET http://10.180.1.21/identity/v3/roles 0.019s
2025-03-11 12:00:34.564 70072 INFO tempest.lib.common.rest_client [req-6dc69c14-5191-41a2-95d0-1b51cfb54ef6 req-6dc69c14-5191-41a2-95d0-1b51cfb54ef6 ] Request (ServerDiagnosticsNegativeTest:setUpClass): 204 PUT http://10.180.1.21/identity/v3/projects/ae6621da14ec468ea756c517e88daf8d/users/b84df80e52974881ada07bca232c2262/roles/93b9dcaa51434b8db33828660ea8682c 0.029s
2025-03-11 12:00:34.564 70072 INFO tempest.lib.common.dynamic_creds [-] Dynamic test user b84df80e52974881ada07bca232c2262 is created with scope project and roles: ['member']
2025-03-11 12:00:34.564 70072 INFO tempest.lib.common.dynamic_creds [-] Acquired dynamic creds: credentials: Credentials: {'domain_id': 'default', 'domain_name': 'Default', 'username': 'tempest-ServerDiagnosticsNegativeTest-1322765362-project-member', 'project_domain_id': 'default', 'project_domain_name': 'Default', 'project_id': 'ae6621da14ec468ea756c517e88daf8d', 'project_name': 'tempest-ServerDiagnosticsNegativeTest-1322765362', 'tenant_id': 'ae6621da14ec468ea756c517e88daf8d', 'tenant_name': 'tempest-ServerDiagnosticsNegativeTest-1322765362', 'user_domain_id': 'default', 'user_domain_name': 'Default', 'user_id': 'b84df80e52974881ada07bca232c2262', 'system': None}, Network: None, Subnet: None, Router: None
2025-03-11 12:00:34.564 70072 INFO tempest.lib.common.dynamic_creds [-] Created isolated network resources for: credentials: Credentials: {'domain_id': 'default', 'domain_name': 'Default', 'username': 'tempest-ServerDiagnosticsNegativeTest-1322765362-project-member', 'project_domain_id': 'default', 'project_domain_name': 'Default', 'project_id': 'ae6621da14ec468ea756c517e88daf8d', 'project_name': 'tempest-ServerDiagnosticsNegativeTest-1322765362', 'tenant_id': 'ae6621da14ec468ea756c517e88daf8d', 'tenant_name': 'tempest-ServerDiagnosticsNegativeTest-1322765362', 'user_domain_id': 'default', 'user_domain_name': 'Default', 'user_id': 'b84df80e52974881ada07bca232c2262', 'system': None}, Network: None, Subnet: None, Router: None
2025-03-11 12:00:34.610 70062 INFO tempest.lib.common.rest_client [req-54e4881c-f5e3-4921-8573-f1ea2c8f2fd1 req-54e4881c-f5e3-4921-8573-f1ea2c8f2fd1 ] Request (HypervisorAdminUnderV252Test:tearDownClass): 204 DELETE http://10.180.1.21:9696/networking/v2.0/security-groups/0f6cfbb4-2efb-49c8-8c5a-e8c6e02b2594 0.346s
2025-03-11 12:00:34.641 70084 INFO tempest.lib.common.rest_client [req-d0d22321-2cff-47be-aa4f-3c981aed6d9b req-d0d22321-2cff-47be-aa4f-3c981aed6d9b ] Request (ImagesOneServerNegativeTestJSON:setUpClass): 202 POST http://10.180.1.21/compute/v2.1/servers 4.010s
2025-03-11 12:00:34.650 70072 INFO tempest.lib.common.rest_client [req-526f35b7-5663-465a-af08-e223a85625fa req-526f35b7-5663-465a-af08-e223a85625fa ] Request (ServerDiagnosticsNegativeTest:setUpClass): 201 POST http://10.180.1.21/identity/v3/auth/tokens 0.081s
2025-03-11 12:00:34.652 70058 INFO tempest.lib.common.rest_client [req-824ac8c7-67a8-43a2-8d8d-4f7e6e555387 req-824ac8c7-67a8-43a2-8d8d-4f7e6e555387 ] Request (KeyPairsV210TestJSON:test_admin_manage_keypairs_for_other_users): 200 GET http://10.180.1.21/compute/v2.1/os-keypairs?user_id=99e69d0f2b564a22a1bf7fa6e0e81e10 2.635s
2025-03-11 12:00:34.680 70072 INFO tempest.lib.common.rest_client [req-90799d28-4a29-492a-8978-851a83649eb0 req-90799d28-4a29-492a-8978-851a83649eb0 ] Request (ServerDiagnosticsNegativeTest:setUpClass): 201 POST http://10.180.1.21/identity/v3/projects 0.029s
2025-03-11 12:00:34.765 70070 INFO tempest.lib.common.rest_client [req-8390f326-99ec-4c5d-8834-476cd4ad4e0f req-8390f326-99ec-4c5d-8834-476cd4ad4e0f ] Request (FlavorMetadataValidation:tearDownClass): 204 DELETE http://10.180.1.21:9696/networking/v2.0/security-groups/0cd09afe-d266-4dd9-96de-b4534ec98519 0.312s
2025-03-11 12:00:34.773 70080 INFO tempest.lib.common.rest_client [req-6a23ecd9-2956-4a95-b0c1-e60bd7bf1082 req-6a23ecd9-2956-4a95-b0c1-e60bd7bf1082 ] Request (ServicesAdminTestJSON:tearDownClass): 204 DELETE http://10.180.1.21:9696/networking/v2.0/security-groups/d7c7e184-b030-4348-8aa2-b79271360c01 0.249s
2025-03-11 12:00:34.790 70062 INFO tempest.lib.common.rest_client [req-b3792f0d-c20e-49dd-b3fd-f839fcd89468 req-b3792f0d-c20e-49dd-b3fd-f839fcd89468 ] Request (HypervisorAdminUnderV252Test:tearDownClass): 204 DELETE http://10.180.1.21/identity/v3/projects/acdce2c0b791418cb88ceb6a7031a15b 0.179s
2025-03-11 12:00:34.790 70062 INFO tempest.lib.common.dynamic_creds [-] Deleting project and security group for project: 2dcdd17859af4bf68e3a84d787c12796
2025-03-11 12:00:34.850 70072 INFO tempest.lib.common.rest_client [req-c0ce2a7a-7f00-48c0-82d9-43d399b95757 req-c0ce2a7a-7f00-48c0-82d9-43d399b95757 ] Request (ServerDiagnosticsNegativeTest:setUpClass): 201 POST http://10.180.1.21/identity/v3/users 0.169s
2025-03-11 12:00:34.958 70068 INFO tempest.lib.common.rest_client [req-07743baa-a363-41af-a49b-00706b5af8a2 req-07743baa-a363-41af-a49b-00706b5af8a2 ] Request (ServersTestMultiNic:test_verify_duplicate_network_nics): 202 POST http://10.180.1.21/compute/v2.1/servers 3.037s
2025-03-11 12:00:35.007 70070 INFO tempest.lib.common.rest_client [req-984d304c-0a8c-4434-ac67-6a0c482c7828 req-984d304c-0a8c-4434-ac67-6a0c482c7828 ] Request (FlavorMetadataValidation:tearDownClass): 204 DELETE http://10.180.1.21/identity/v3/projects/45590a5df70b48bcb5738fc0efd882c6 0.241s
2025-03-11 12:00:35.007 70070 INFO tempest.lib.common.dynamic_creds [-] Deleting project and security group for project: b8c0e08ab0ad41988c3a7e4a79c1c2f6
2025-03-11 12:00:35.062 70092 INFO tempest.lib.common.rest_client [req-a9c42fe1-327a-4dbe-b2a2-fefaa4598ccd req-a9c42fe1-327a-4dbe-b2a2-fefaa4598ccd ] Request (QuotasAdminTestJSON:test_delete_quota): 200 GET http://10.180.1.21/compute/v2.1/os-quota-sets/eb331cad55284e73884c7615813403ee 3.033s
2025-03-11 12:00:35.090 70072 INFO tempest.lib.common.rest_client [req-51085005-8300-4c39-8c26-75dfecc17cec req-51085005-8300-4c39-8c26-75dfecc17cec ] Request (ServerDiagnosticsNegativeTest:setUpClass): 200 GET http://10.180.1.21/identity/v3/roles 0.239s
2025-03-11 12:00:35.138 70080 INFO tempest.lib.common.rest_client [req-ff367f1d-38fd-4748-a743-b92e39bd8985 req-ff367f1d-38fd-4748-a743-b92e39bd8985 ] Request (ServicesAdminTestJSON:tearDownClass): 204 DELETE http://10.180.1.21/identity/v3/projects/aed307a954a4471a9d43ab3c475da30c 0.365s
2025-03-11 12:00:35.138 70080 INFO tempest.lib.common.dynamic_creds [-] Deleting project and security group for project: 31f4da725c4847a49c0a3c29e0338d8a
2025-03-11 12:00:35.159 70062 INFO tempest.lib.common.rest_client [req-79c9f80d-85fa-45b9-9c2e-46409c5ddd40 req-79c9f80d-85fa-45b9-9c2e-46409c5ddd40 ] Request (HypervisorAdminUnderV252Test:tearDownClass): 200 GET http://10.180.1.21:9696/networking/v2.0/security-groups?tenant_id=2dcdd17859af4bf68e3a84d787c12796&name=default 0.368s
2025-03-11 12:00:35.241 70092 INFO tempest.lib.common.rest_client [req-19135f8a-99ed-41c3-80a5-f574239ed3f5 req-19135f8a-99ed-41c3-80a5-f574239ed3f5 ] Request (QuotasAdminTestJSON:_run_cleanups): 204 DELETE http://10.180.1.21/identity/v3/projects/eb331cad55284e73884c7615813403ee 0.174s
2025-03-11 12:00:35.241 70072 INFO tempest.lib.common.rest_client [req-e12d6f49-8b15-40a3-b5ba-dee21be01535 req-e12d6f49-8b15-40a3-b5ba-dee21be01535 ] Request (ServerDiagnosticsNegativeTest:setUpClass): 204 PUT http://10.180.1.21/identity/v3/projects/80e52068e6ca49b5971610c6d62a7075/users/60edfa82924e4397a918f3a56ea1de1d/roles/cd271e66c2ba44138a2880e9b1ac39aa 0.151s
2025-03-11 12:00:35.326 70072 INFO tempest.lib.common.rest_client [req-5392b3fc-b65e-4318-adab-8ce34ab656ac req-5392b3fc-b65e-4318-adab-8ce34ab656ac ] Request (ServerDiagnosticsNegativeTest:setUpClass): 200 GET http://10.180.1.21/identity/v3/roles 0.084s
2025-03-11 12:00:35.363 70072 INFO tempest.lib.common.rest_client [req-fbbd2ac1-aff2-4cdc-9f5b-093b57b2e9b4 req-fbbd2ac1-aff2-4cdc-9f5b-093b57b2e9b4 ] Request (ServerDiagnosticsNegativeTest:setUpClass): 204 PUT http://10.180.1.21/identity/v3/projects/80e52068e6ca49b5971610c6d62a7075/users/60edfa82924e4397a918f3a56ea1de1d/roles/cd271e66c2ba44138a2880e9b1ac39aa 0.037s
2025-03-11 12:00:35.364 70072 INFO tempest.lib.common.dynamic_creds [-] Dynamic test user 60edfa82924e4397a918f3a56ea1de1d is created with scope project and roles: ['admin']
2025-03-11 12:00:35.364 70072 INFO tempest.lib.common.dynamic_creds [-] Acquired dynamic creds: credentials: Credentials: {'domain_id': 'default', 'domain_name': 'Default', 'username': 'tempest-ServerDiagnosticsNegativeTest-2068383104-project-admin', 'project_domain_id': 'default', 'project_domain_name': 'Default', 'project_id': '80e52068e6ca49b5971610c6d62a7075', 'project_name': 'tempest-ServerDiagnosticsNegativeTest-2068383104', 'tenant_id': '80e52068e6ca49b5971610c6d62a7075', 'tenant_name': 'tempest-ServerDiagnosticsNegativeTest-2068383104', 'user_domain_id': 'default', 'user_domain_name': 'Default', 'user_id': '60edfa82924e4397a918f3a56ea1de1d', 'system': None}, Network: None, Subnet: None, Router: None
2025-03-11 12:00:35.364 70072 INFO tempest.lib.common.dynamic_creds [-] Created isolated network resources for: credentials: Credentials: {'domain_id': 'default', 'domain_name': 'Default', 'username': 'tempest-ServerDiagnosticsNegativeTest-2068383104-project-admin', 'project_domain_id': 'default', 'project_domain_name': 'Default', 'project_id': '80e52068e6ca49b5971610c6d62a7075', 'project_name': 'tempest-ServerDiagnosticsNegativeTest-2068383104', 'tenant_id': '80e52068e6ca49b5971610c6d62a7075', 'tenant_name': 'tempest-ServerDiagnosticsNegativeTest-2068383104', 'user_domain_id': 'default', 'user_domain_name': 'Default', 'user_id': '60edfa82924e4397a918f3a56ea1de1d', 'system': None}, Network: None, Subnet: None, Router: None
2025-03-11 12:00:35.393 70070 INFO tempest.lib.common.rest_client [req-bb086cdc-6f61-4ee9-ad56-acde0a13aca1 req-bb086cdc-6f61-4ee9-ad56-acde0a13aca1 ] Request (FlavorMetadataValidation:tearDownClass): 200 GET http://10.180.1.21:9696/networking/v2.0/security-groups?tenant_id=b8c0e08ab0ad41988c3a7e4a79c1c2f6&name=default 0.386s
2025-03-11 12:00:35.435 70102 INFO tempest.lib.common.rest_client [req-b5cccb6e-93be-4d84-8dbb-80a3814bd5e1 req-b5cccb6e-93be-4d84-8dbb-80a3814bd5e1 ] Request (FlavorsAccessNegativeTestJSON:_run_cleanups): 200 POST http://10.180.1.21/compute/v2.1/flavors/1500599025/action 3.154s
2025-03-11 12:00:35.456 70072 INFO tempest.lib.common.rest_client [req-830c203d-73bb-453d-b385-bcc881091161 req-830c203d-73bb-453d-b385-bcc881091161 ] Request (ServerDiagnosticsNegativeTest:setUpClass): 201 POST http://10.180.1.21/identity/v3/auth/tokens 0.090s
2025-03-11 12:00:35.485 70062 INFO tempest.lib.common.rest_client [req-4f33b4b7-7cff-4e59-8551-b5883e254f9a req-4f33b4b7-7cff-4e59-8551-b5883e254f9a ] Request (HypervisorAdminUnderV252Test:tearDownClass): 204 DELETE http://10.180.1.21:9696/networking/v2.0/security-groups/6720de26-b4a1-4257-a0fa-20ba4b58eb38 0.325s
2025-03-11 12:00:35.511 70066 INFO tempest.lib.common.rest_client [req-45c8266f-da33-4208-9c97-8f6f32bcb243 req-45c8266f-da33-4208-9c97-8f6f32bcb243 ] Request (AggregatesAdminNegativeTestJSON:test_aggregate_add_existent_host): 409 POST http://10.180.1.21/compute/v2.1/os-aggregates/1/action 3.046s
2025-03-11 12:00:35.521 70094 INFO tempest.lib.common.rest_client [req-f1eece9f-340e-4807-bf71-4f65fe6b68d9 req-f1eece9f-340e-4807-bf71-4f65fe6b68d9 ] Request (ImagesNegativeTestJSON:setUpClass): 201 POST http://10.180.1.21:9696/networking/v2.0/networks 1.246s
2025-03-11 12:00:35.524 70080 INFO tempest.lib.common.rest_client [req-dee2172a-ffe4-4c10-b786-fb2e05da21f9 req-dee2172a-ffe4-4c10-b786-fb2e05da21f9 ] Request (ServicesAdminTestJSON:tearDownClass): 200 GET http://10.180.1.21:9696/networking/v2.0/security-groups?tenant_id=31f4da725c4847a49c0a3c29e0338d8a&name=default 0.385s
2025-03-11 12:00:35.539 70072 INFO tempest.lib.common.rest_client [req-b3134acd-3ac1-4ae9-8afd-5955c0df2378 req-b3134acd-3ac1-4ae9-8afd-5955c0df2378 ] Request (ServerDiagnosticsNegativeTest:test_get_server_diagnostics_by_non_admin): 201 POST http://10.180.1.21/identity/v3/auth/tokens 0.077s
2025-03-11 12:00:35.540 70072 INFO tempest.lib.common.fixed_network [-] (ServerDiagnosticsNegativeTest:test_get_server_diagnostics_by_non_admin) Found network None available for tenant
2025-03-11 12:00:35.603 70062 INFO tempest.lib.common.rest_client [req-dc0adeb8-3ded-447b-adde-be0cde9d3e7a req-dc0adeb8-3ded-447b-adde-be0cde9d3e7a ] Request (HypervisorAdminUnderV252Test:tearDownClass): 204 DELETE http://10.180.1.21/identity/v3/projects/2dcdd17859af4bf68e3a84d787c12796 0.117s
2025-03-11 12:00:35.631 70060 INFO tempest.lib.common.rest_client [req-e26b95e2-7037-4fa3-b59e-2cf73bae30a9 req-e26b95e2-7037-4fa3-b59e-2cf73bae30a9 ] Request (TenantUsagesTestJSON:setUpClass): 200 GET http://10.180.1.21/compute/v2.1/servers/825f2ca1-ae55-4f3d-81eb-8e62a896ebf1 2.802s
2025-03-11 12:00:35.664 70112 INFO tempest.lib.common.rest_client [req-1a3459d0-7a89-492b-aec7-7d524d823994 req-1a3459d0-7a89-492b-aec7-7d524d823994 ] Request (ServersAdminTestJSON:setUpClass): 201 POST http://10.180.1.21:9696/networking/v2.0/routers 2.480s
2025-03-11 12:00:35.673 70062 INFO tempest.lib.common.rest_client [req-a20802cd-e8b4-4074-be12-d78a0ea22330 req-a20802cd-e8b4-4074-be12-d78a0ea22330 ] Request (QuotaClassesAdmin257Test:setUpClass): 201 POST http://10.180.1.21/identity/v3/auth/tokens 0.069s
2025-03-11 12:00:35.705 70062 INFO tempest.lib.common.rest_client [req-f92f3173-1740-413e-81e7-b8d576ebd696 req-f92f3173-1740-413e-81e7-b8d576ebd696 ] Request (QuotaClassesAdmin257Test:setUpClass): 201 POST http://10.180.1.21/identity/v3/auth/tokens 0.030s
2025-03-11 12:00:35.736 70062 INFO tempest.lib.common.rest_client [req-fc646d30-973c-4a44-b650-616ca5d828c7 req-fc646d30-973c-4a44-b650-616ca5d828c7 ] Request (QuotaClassesAdmin257Test:setUpClass): 200 GET http://10.180.1.21/identity/v3/domains?name=Default 0.030s
2025-03-11 12:00:35.754 70108 INFO tempest.lib.common.rest_client [req-ac767df2-d05b-4ce2-8798-36796a363e80 req-ac767df2-d05b-4ce2-8798-36796a363e80 ] Request (ServerDiagnosticsTest:test_get_server_diagnostics): 200 GET http://10.180.1.21/compute/v2.1/servers/fe45a9e9-8139-4a7e-9521-b731ddb4ab0a 3.427s
2025-03-11 12:00:35.756 70070 INFO tempest.lib.common.rest_client [req-0d08717b-7b7a-41de-84a1-88f61f4a6a7b req-0d08717b-7b7a-41de-84a1-88f61f4a6a7b ] Request (FlavorMetadataValidation:tearDownClass): 204 DELETE http://10.180.1.21:9696/networking/v2.0/security-groups/773aa645-153c-4565-856b-9f0f7bc211fb 0.363s
2025-03-11 12:00:35.766 70108 INFO tempest.common.waiters [-] State transition "BUILD/block_device_mapping" ==> "BUILD/spawning" after 8 second wait
2025-03-11 12:00:35.770 70062 INFO tempest.lib.common.rest_client [req-c78d9405-87e6-4acf-9571-4f2eb759bcf4 req-c78d9405-87e6-4acf-9571-4f2eb759bcf4 ] Request (QuotaClassesAdmin257Test:setUpClass): 201 POST http://10.180.1.21/identity/v3/projects 0.034s
2025-03-11 12:00:35.844 70062 INFO tempest.lib.common.rest_client [req-d8188fe0-2667-447a-9d11-1e8cc8da0106 req-d8188fe0-2667-447a-9d11-1e8cc8da0106 ] Request (QuotaClassesAdmin257Test:setUpClass): 201 POST http://10.180.1.21/identity/v3/users 0.073s
2025-03-11 12:00:35.876 70070 INFO tempest.lib.common.rest_client [req-2e141dd1-adcd-464b-8aa1-bddaa614fd43 req-2e141dd1-adcd-464b-8aa1-bddaa614fd43 ] Request (FlavorMetadataValidation:tearDownClass): 204 DELETE http://10.180.1.21/identity/v3/projects/b8c0e08ab0ad41988c3a7e4a79c1c2f6 0.119s
2025-03-11 12:00:35.896 70078 INFO tempest.lib.common.rest_client [req-a3d69b31-4356-4406-9212-362a28d4de7e req-a3d69b31-4356-4406-9212-362a28d4de7e ] Request (ServersAdmin275Test:test_rebuild_update_server_275): 200 GET http://10.180.1.21/compute/v2.1/servers/abb28692-e9c8-4a9d-8042-623d9737ebde 2.894s
2025-03-11 12:00:35.898 70062 INFO tempest.lib.common.rest_client [req-26469da1-7d88-4d84-9ef5-f2ff4c9cca59 req-26469da1-7d88-4d84-9ef5-f2ff4c9cca59 ] Request (QuotaClassesAdmin257Test:setUpClass): 200 GET http://10.180.1.21/identity/v3/roles 0.053s
2025-03-11 12:00:35.906 70070 INFO tempest.lib.common.rest_client [req-53a46743-abe1-48c3-a305-1ff4a6905d51 req-53a46743-abe1-48c3-a305-1ff4a6905d51 ] Request (ServersAdminNegativeTestJSON:setUpClass): 201 POST http://10.180.1.21/identity/v3/auth/tokens 0.028s
2025-03-11 12:00:35.928 70080 INFO tempest.lib.common.rest_client [req-1ab3d744-981a-44e4-b669-d391ee71dc97 req-1ab3d744-981a-44e4-b669-d391ee71dc97 ] Request (ServicesAdminTestJSON:tearDownClass): 204 DELETE http://10.180.1.21:9696/networking/v2.0/security-groups/cc9c24b8-9b02-4c39-818e-fa4bcd5badfa 0.403s
2025-03-11 12:00:35.938 70070 INFO tempest.lib.common.rest_client [req-d2cc2b6e-b9f5-472a-8506-9fc3e80af6df req-d2cc2b6e-b9f5-472a-8506-9fc3e80af6df ] Request (ServersAdminNegativeTestJSON:setUpClass): 201 POST http://10.180.1.21/identity/v3/auth/tokens 0.029s
2025-03-11 12:00:35.939 70062 INFO tempest.lib.common.rest_client [req-5d107f7f-a235-4979-af79-535ea766aed2 req-5d107f7f-a235-4979-af79-535ea766aed2 ] Request (QuotaClassesAdmin257Test:setUpClass): 204 PUT http://10.180.1.21/identity/v3/projects/2a2d06438bad44df8c2666a3050e6354/users/e0239332cd5e41948f97ddbc380f0345/roles/93b9dcaa51434b8db33828660ea8682c 0.041s
2025-03-11 12:00:35.940 70062 INFO tempest.lib.common.dynamic_creds [-] Dynamic test user e0239332cd5e41948f97ddbc380f0345 is created with scope project and roles: ['member']
2025-03-11 12:00:35.940 70062 INFO tempest.lib.common.dynamic_creds [-] Acquired dynamic creds: credentials: Credentials: {'domain_id': 'default', 'domain_name': 'Default', 'username': 'tempest-QuotaClassesAdmin257Test-418619202-project-member', 'project_domain_id': 'default', 'project_domain_name': 'Default', 'project_id': '2a2d06438bad44df8c2666a3050e6354', 'project_name': 'tempest-QuotaClassesAdmin257Test-418619202', 'tenant_id': '2a2d06438bad44df8c2666a3050e6354', 'tenant_name': 'tempest-QuotaClassesAdmin257Test-418619202', 'user_domain_id': 'default', 'user_domain_name': 'Default', 'user_id': 'e0239332cd5e41948f97ddbc380f0345', 'system': None}, Network: None, Subnet: None, Router: None
2025-03-11 12:00:35.940 70062 INFO tempest.lib.common.dynamic_creds [-] Created isolated network resources for: credentials: Credentials: {'domain_id': 'default', 'domain_name': 'Default', 'username': 'tempest-QuotaClassesAdmin257Test-418619202-project-member', 'project_domain_id': 'default', 'project_domain_name': 'Default', 'project_id': '2a2d06438bad44df8c2666a3050e6354', 'project_name': 'tempest-QuotaClassesAdmin257Test-418619202', 'tenant_id': '2a2d06438bad44df8c2666a3050e6354', 'tenant_name': 'tempest-QuotaClassesAdmin257Test-418619202', 'user_domain_id': 'default', 'user_domain_name': 'Default', 'user_id': 'e0239332cd5e41948f97ddbc380f0345', 'system': None}, Network: None, Subnet: None, Router: None
2025-03-11 12:00:36.003 70070 INFO tempest.lib.common.rest_client [req-679bfba2-ffc0-4731-8eda-1610e8007c34 req-679bfba2-ffc0-4731-8eda-1610e8007c34 ] Request (ServersAdminNegativeTestJSON:setUpClass): 200 GET http://10.180.1.21/identity/v3/domains?name=Default 0.064s
2025-03-11 12:00:36.007 70082 INFO tempest.lib.common.rest_client [req-96234d10-aae5-4da6-9608-576da8014bba req-96234d10-aae5-4da6-9608-576da8014bba ] Request (ImagesTestJSON:test_create_image_from_stopped_server): 200 GET http://10.180.1.21/compute/v2.1/servers/e8d3b016-6430-4734-9dac-135e3a8e5c29 2.828s
2025-03-11 12:00:36.013 70064 INFO tempest.lib.common.rest_client [req-f8916df9-b62e-43e4-875c-b93fd22651d7 req-f8916df9-b62e-43e4-875c-b93fd22651d7 ] Request (FlavorsExtraSpecsNegativeTestJSON:test_flavor_non_admin_unset_keys): 403 DELETE http://10.180.1.21/compute/v2.1/flavors/956196002/os-extra_specs/hw:numa_nodes 2.804s
2025-03-11 12:00:36.020 70114 INFO tempest.lib.common.rest_client [req-181c4535-84d3-4fa5-8922-d4f7ee54971d req-181c4535-84d3-4fa5-8922-d4f7ee54971d ] Request (HostsAdminNegativeTestJSON:test_show_host_detail_with_non_admin_user): 403 GET http://10.180.1.21/compute/v2.1/os-hosts/devstack 2.791s
2025-03-11 12:00:36.038 70076 INFO tempest.lib.common.rest_client [req-b46b140b-f40c-4489-abae-ced784e433db req-b46b140b-f40c-4489-abae-ced784e433db ] Request (FlavorsV261TestJSON:test_crud_flavor): 200 GET http://10.180.1.21/compute/v2.1/flavors 2.779s
2025-03-11 12:00:36.042 70080 INFO tempest.lib.common.rest_client [req-37c2713b-ba3d-4216-86f8-3b8fcc211862 req-37c2713b-ba3d-4216-86f8-3b8fcc211862 ] Request (ServicesAdminTestJSON:tearDownClass): 204 DELETE http://10.180.1.21/identity/v3/projects/31f4da725c4847a49c0a3c29e0338d8a 0.114s
2025-03-11 12:00:36.055 70098 INFO tempest.lib.common.rest_client [req-1eb3ee26-c18f-445f-82e0-af3dd90531da req-1eb3ee26-c18f-445f-82e0-af3dd90531da ] Request (FlavorsV255TestJSON:test_crud_flavor): 200 GET http://10.180.1.21/compute/v2.1/flavors 2.778s
2025-03-11 12:00:36.074 70062 INFO tempest.lib.common.rest_client [req-958afeaa-e1c9-47d8-8bce-8b5a61b4db90 req-958afeaa-e1c9-47d8-8bce-8b5a61b4db90 ] Request (QuotaClassesAdmin257Test:setUpClass): 201 POST http://10.180.1.21/identity/v3/auth/tokens 0.129s
2025-03-11 12:00:36.081 70088 INFO tempest.lib.common.rest_client [req-af499b19-eb84-4b6e-adeb-55d8b10b9532 req-af499b19-eb84-4b6e-adeb-55d8b10b9532 ] Request (FlavorsV2TestJSON:test_list_flavors_detailed_filter_by_min_ram): 200 GET http://10.180.1.21/compute/v2.1/flavors/detail?minRam=193 2.681s
2025-03-11 12:00:36.095 70080 INFO tempest.lib.common.rest_client [req-648b2fb3-298f-4fcb-bd31-4990151db2f5 req-648b2fb3-298f-4fcb-bd31-4990151db2f5 ] Request (ServersAaction247Test:setUpClass): 201 POST http://10.180.1.21/identity/v3/auth/tokens 0.051s
2025-03-11 12:00:36.100 70070 INFO tempest.lib.common.rest_client [req-0ee0f026-159a-4ba0-a98b-2c4d0349a452 req-0ee0f026-159a-4ba0-a98b-2c4d0349a452 ] Request (ServersAdminNegativeTestJSON:setUpClass): 201 POST http://10.180.1.21/identity/v3/projects 0.097s
2025-03-11 12:00:36.159 70062 INFO tempest.lib.common.rest_client [req-5f1f9bcd-c490-4a1c-adb4-0e3758312fa7 req-5f1f9bcd-c490-4a1c-adb4-0e3758312fa7 ] Request (QuotaClassesAdmin257Test:setUpClass): 201 POST http://10.180.1.21/identity/v3/projects 0.083s
2025-03-11 12:00:36.192 70055 INFO tempest.lib.common.rest_client [req-9d9eb6a0-5aee-47d6-8c46-bd8fce5360df req-9d9eb6a0-5aee-47d6-8c46-bd8fce5360df ] Request (ServicesAdminNegativeTestJSON:test_list_services_with_non_admin_user): 403 GET http://10.180.1.21/compute/v2.1/os-services 2.774s
2025-03-11 12:00:36.197 70104 INFO tempest.lib.common.rest_client [req-0d321707-b2c3-4efd-b1ee-bf82be7abc88 req-0d321707-b2c3-4efd-b1ee-bf82be7abc88 ] Request (MigrationsAdminTest:test_list_migrations_in_flavor_resize_situation): 200 GET http://10.180.1.21/compute/v2.1/servers/f22f2442-6c76-4002-8c1c-920577f87f3e 3.207s
2025-03-11 12:00:36.207 70104 INFO tempest.common.waiters [-] State transition "BUILD/None" ==> "BUILD/spawning" after 8 second wait
2025-03-11 12:00:36.211 70110 INFO tempest.lib.common.rest_client [req-c1dbb646-cb45-4596-8cd5-6fdff9fcd63e req-c1dbb646-cb45-4596-8cd5-6fdff9fcd63e ] Request (FlavorsAccessTestJSON:_run_cleanups): 202 DELETE http://10.180.1.21/compute/v2.1/flavors/305166679 2.784s
2025-03-11 12:00:36.216 70080 INFO tempest.lib.common.rest_client [req-610d416a-095a-46bf-8729-032e7b2f5413 req-610d416a-095a-46bf-8729-032e7b2f5413 ] Request (ServersAaction247Test:setUpClass): 201 POST http://10.180.1.21/identity/v3/auth/tokens 0.118s
2025-03-11 12:00:36.245 70062 INFO tempest.lib.common.rest_client [req-6287cf4b-24f2-4ed4-abc1-3e3ab3e35efe req-6287cf4b-24f2-4ed4-abc1-3e3ab3e35efe ] Request (QuotaClassesAdmin257Test:setUpClass): 201 POST http://10.180.1.21/identity/v3/users 0.085s
2025-03-11 12:00:36.246 70070 INFO tempest.lib.common.rest_client [req-3ea2a068-c333-4891-9b5d-dece297d98f0 req-3ea2a068-c333-4891-9b5d-dece297d98f0 ] Request (ServersAdminNegativeTestJSON:setUpClass): 201 POST http://10.180.1.21/identity/v3/users 0.146s
2025-03-11 12:00:36.265 70080 INFO tempest.lib.common.rest_client [req-ef0552fe-1267-4ea5-83d3-2632aeba360e req-ef0552fe-1267-4ea5-83d3-2632aeba360e ] Request (ServersAaction247Test:setUpClass): 200 GET http://10.180.1.21/identity/v3/domains?name=Default 0.048s
2025-03-11 12:00:36.301 70096 INFO tempest.lib.common.rest_client [req-e22d4835-b905-46dc-919c-e76441a4394b req-e22d4835-b905-46dc-919c-e76441a4394b ] Request (AttachInterfacesV270Test:test_create_get_list_interfaces): 200 GET http://10.180.1.21/compute/v2.1/servers/6b05803c-6e08-4402-9c29-201114362867 2.683s
2025-03-11 12:00:36.308 70055 INFO tempest.lib.common.rest_client [req-d1af967f-d24e-4396-a6a6-7416eec66f01 req-d1af967f-d24e-4396-a6a6-7416eec66f01 ] Request (ServicesAdminNegativeTestJSON:tearDownClass): 204 DELETE http://10.180.1.21/identity/v3/users/ea1131fd4ca149ef880f01224db1d044 0.114s
2025-03-11 12:00:36.312 70086 INFO tempest.lib.common.rest_client [req-7aef5d5f-51f9-457f-8db8-440a155c4ed8 req-7aef5d5f-51f9-457f-8db8-440a155c4ed8 ] Request (DeleteServersAdminTestJSON:test_admin_delete_servers_of_others): 200 GET http://10.180.1.21/compute/v2.1/servers/73ca7404-1eb3-4880-8ec8-d11cfe57ce31 2.562s
2025-03-11 12:00:36.325 70086 INFO tempest.common.waiters [-] State transition "BUILD/None" ==> "BUILD/spawning" after 7 second wait
2025-03-11 12:00:36.355 70094 INFO tempest.lib.common.rest_client [req-1e62d736-569d-43c7-aa79-7e7d9d270a03 req-1e62d736-569d-43c7-aa79-7e7d9d270a03 ] Request (ImagesNegativeTestJSON:setUpClass): 201 POST http://10.180.1.21:9696/networking/v2.0/subnets 0.834s
2025-03-11 12:00:36.362 70062 INFO tempest.lib.common.rest_client [req-51f92f6b-45d3-402e-9340-f347028f633a req-51f92f6b-45d3-402e-9340-f347028f633a ] Request (QuotaClassesAdmin257Test:setUpClass): 200 GET http://10.180.1.21/identity/v3/roles 0.117s
2025-03-11 12:00:36.366 70070 INFO tempest.lib.common.rest_client [req-5df77164-b41e-4a17-92cf-588fbbd88b99 req-5df77164-b41e-4a17-92cf-588fbbd88b99 ] Request (ServersAdminNegativeTestJSON:setUpClass): 200 GET http://10.180.1.21/identity/v3/roles 0.119s
2025-03-11 12:00:36.402 70080 INFO tempest.lib.common.rest_client [req-c29ca184-c284-4fd8-a3f7-19b0e57bcf93 req-c29ca184-c284-4fd8-a3f7-19b0e57bcf93 ] Request (ServersAaction247Test:setUpClass): 201 POST http://10.180.1.21/identity/v3/projects 0.136s
2025-03-11 12:00:36.430 70090 INFO tempest.lib.common.rest_client [req-3aadf3f1-096a-4e3c-8c60-cc8c3f380ff4 req-3aadf3f1-096a-4e3c-8c60-cc8c3f380ff4 ] Request (ServersWithSpecificFlavorTestJSON:setUpClass): 201 POST http://10.180.1.21:9696/networking/v2.0/routers 3.443s
2025-03-11 12:00:36.509 70055 INFO tempest.lib.common.rest_client [req-05329fda-1331-45da-a729-c01fc870ed20 req-05329fda-1331-45da-a729-c01fc870ed20 ] Request (ServicesAdminNegativeTestJSON:tearDownClass): 204 DELETE http://10.180.1.21/identity/v3/users/87f34201b6764b51aff429dbc9e24d53 0.201s
2025-03-11 12:00:36.509 70055 INFO tempest.lib.common.dynamic_creds [-] Deleting project and security group for project: cf64e93e0326420e86169459252fc1b8
2025-03-11 12:00:36.542 70053 INFO tempest.lib.common.rest_client [req-b65627d6-cb8c-428a-a154-3ab9cd19cca6 req-b65627d6-cb8c-428a-a154-3ab9cd19cca6 ] Request (HostsAdminTestJSON:test_list_hosts): 200 GET http://10.180.1.21/compute/v2.1/os-hosts 2.634s
2025-03-11 12:00:36.587 70062 INFO tempest.lib.common.rest_client [req-1d00130b-146e-4c34-9abc-d3eca0b61c83 req-1d00130b-146e-4c34-9abc-d3eca0b61c83 ] Request (QuotaClassesAdmin257Test:setUpClass): 204 PUT http://10.180.1.21/identity/v3/projects/7851ff83f665402d948582f6908afc18/users/da13be47df13449abc61d3a89b46a30c/roles/cd271e66c2ba44138a2880e9b1ac39aa 0.224s
2025-03-11 12:00:36.599 70051 INFO tempest.lib.common.rest_client [req-91474eba-d691-44d7-b0e6-a2ca1e6d02d4 req-91474eba-d691-44d7-b0e6-a2ca1e6d02d4 ] Request (HypervisorAdminNegativeTestJSON:test_get_hypervisor_list_details_with_non_admin_user): 403 GET http://10.180.1.21/compute/v2.1/os-hypervisors/detail 2.396s
2025-03-11 12:00:36.628 70106 INFO tempest.lib.common.rest_client [req-16f83079-7538-4cf9-b50b-ca339aa76c48 req-16f83079-7538-4cf9-b50b-ca339aa76c48 ] Request (ImagesOneServerTestJSON:setUpClass): 200 GET http://10.180.1.21/compute/v2.1/servers/9e862f36-920a-4332-95c0-a74470458058 2.231s
2025-03-11 12:00:36.646 70080 INFO tempest.lib.common.rest_client [req-488ed6ef-dfc8-49f6-80ae-2d4aa97cd03e req-488ed6ef-dfc8-49f6-80ae-2d4aa97cd03e ] Request (ServersAaction247Test:setUpClass): 201 POST http://10.180.1.21/identity/v3/users 0.243s
2025-03-11 12:00:36.654 70058 INFO tempest.lib.common.rest_client [req-e0db9441-6be7-4ab9-b527-659cc681d2f8 req-e0db9441-6be7-4ab9-b527-659cc681d2f8 ] Request (KeyPairsV210TestJSON:_run_cleanups): 204 DELETE http://10.180.1.21/compute/v2.1/os-keypairs/tempest-KeyPairsV210TestJSON-keypair-399373541 2.001s
2025-03-11 12:00:36.658 70070 INFO tempest.lib.common.rest_client [req-e32e02a9-7038-4f79-b2f4-5c0c5a4cb279 req-e32e02a9-7038-4f79-b2f4-5c0c5a4cb279 ] Request (ServersAdminNegativeTestJSON:setUpClass): 204 PUT http://10.180.1.21/identity/v3/projects/b82bdfd6252443bd8b38d9580decb546/users/70ad9b1ad218498bbc56989d0212e8e0/roles/93b9dcaa51434b8db33828660ea8682c 0.292s
2025-03-11 12:00:36.658 70070 INFO tempest.lib.common.dynamic_creds [-] Dynamic test user 70ad9b1ad218498bbc56989d0212e8e0 is created with scope project and roles: ['member']
2025-03-11 12:00:36.659 70070 INFO tempest.lib.common.dynamic_creds [-] Acquired dynamic creds: credentials: Credentials: {'domain_id': 'default', 'domain_name': 'Default', 'username': 'tempest-ServersAdminNegativeTestJSON-268931379-project-member', 'project_domain_id': 'default', 'project_domain_name': 'Default', 'project_id': 'b82bdfd6252443bd8b38d9580decb546', 'project_name': 'tempest-ServersAdminNegativeTestJSON-268931379', 'tenant_id': 'b82bdfd6252443bd8b38d9580decb546', 'tenant_name': 'tempest-ServersAdminNegativeTestJSON-268931379', 'user_domain_id': 'default', 'user_domain_name': 'Default', 'user_id': '70ad9b1ad218498bbc56989d0212e8e0', 'system': None}, Network: None, Subnet: None, Router: None
2025-03-11 12:00:36.659 70070 INFO tempest.lib.common.dynamic_creds [-] Created isolated network resources for: credentials: Credentials: {'domain_id': 'default', 'domain_name': 'Default', 'username': 'tempest-ServersAdminNegativeTestJSON-268931379-project-member', 'project_domain_id': 'default', 'project_domain_name': 'Default', 'project_id': 'b82bdfd6252443bd8b38d9580decb546', 'project_name': 'tempest-ServersAdminNegativeTestJSON-268931379', 'tenant_id': 'b82bdfd6252443bd8b38d9580decb546', 'tenant_name': 'tempest-ServersAdminNegativeTestJSON-268931379', 'user_domain_id': 'default', 'user_domain_name': 'Default', 'user_id': '70ad9b1ad218498bbc56989d0212e8e0', 'system': None}, Network: None, Subnet: None, Router: None
2025-03-11 12:00:36.701 70055 INFO tempest.lib.common.rest_client [req-dcedc8db-c13a-4e84-91c6-170c1f511e06 req-dcedc8db-c13a-4e84-91c6-170c1f511e06 ] Request (ServicesAdminNegativeTestJSON:tearDownClass): 201 POST http://10.180.1.21/identity/v3/auth/tokens 0.191s
2025-03-11 12:00:36.707 70062 INFO tempest.lib.common.rest_client [req-552e6300-5704-42fa-b202-6fa00e9e15a3 req-552e6300-5704-42fa-b202-6fa00e9e15a3 ] Request (QuotaClassesAdmin257Test:setUpClass): 200 GET http://10.180.1.21/identity/v3/roles 0.119s
2025-03-11 12:00:36.718 70080 INFO tempest.lib.common.rest_client [req-78a3b917-cae2-4ecd-9834-267a1384c37e req-78a3b917-cae2-4ecd-9834-267a1384c37e ] Request (ServersAaction247Test:setUpClass): 200 GET http://10.180.1.21/identity/v3/roles 0.071s
2025-03-11 12:00:36.739 70068 INFO tempest.lib.common.rest_client [req-5ed1e00a-bbeb-4eb6-b08e-6900e48735da req-5ed1e00a-bbeb-4eb6-b08e-6900e48735da ] Request (ServersTestMultiNic:test_verify_duplicate_network_nics): 200 GET http://10.180.1.21/compute/v2.1/servers/93e26427-6129-4696-bf34-49685b1dac04 1.779s
2025-03-11 12:00:36.739 70084 INFO tempest.lib.common.rest_client [req-48914b83-b3c2-4b05-90de-6f93b69b689f req-48914b83-b3c2-4b05-90de-6f93b69b689f ] Request (ImagesOneServerNegativeTestJSON:setUpClass): 200 GET http://10.180.1.21/compute/v2.1/servers/28741f56-6af9-48ca-b819-777bcfdec79c 2.096s
2025-03-11 12:00:36.760 70062 INFO tempest.lib.common.rest_client [req-775e39aa-c83f-4971-bc3b-ebf608da7237 req-775e39aa-c83f-4971-bc3b-ebf608da7237 ] Request (QuotaClassesAdmin257Test:setUpClass): 204 PUT http://10.180.1.21/identity/v3/projects/7851ff83f665402d948582f6908afc18/users/da13be47df13449abc61d3a89b46a30c/roles/cd271e66c2ba44138a2880e9b1ac39aa 0.053s
2025-03-11 12:00:36.760 70062 INFO tempest.lib.common.dynamic_creds [-] Dynamic test user da13be47df13449abc61d3a89b46a30c is created with scope project and roles: ['admin']
2025-03-11 12:00:36.761 70062 INFO tempest.lib.common.dynamic_creds [-] Acquired dynamic creds: credentials: Credentials: {'domain_id': 'default', 'domain_name': 'Default', 'username': 'tempest-QuotaClassesAdmin257Test-645101763-project-admin', 'project_domain_id': 'default', 'project_domain_name': 'Default', 'project_id': '7851ff83f665402d948582f6908afc18', 'project_name': 'tempest-QuotaClassesAdmin257Test-645101763', 'tenant_id': '7851ff83f665402d948582f6908afc18', 'tenant_name': 'tempest-QuotaClassesAdmin257Test-645101763', 'user_domain_id': 'default', 'user_domain_name': 'Default', 'user_id': 'da13be47df13449abc61d3a89b46a30c', 'system': None}, Network: None, Subnet: None, Router: None
2025-03-11 12:00:36.761 70062 INFO tempest.lib.common.dynamic_creds [-] Created isolated network resources for: credentials: Credentials: {'domain_id': 'default', 'domain_name': 'Default', 'username': 'tempest-QuotaClassesAdmin257Test-645101763-project-admin', 'project_domain_id': 'default', 'project_domain_name': 'Default', 'project_id': '7851ff83f665402d948582f6908afc18', 'project_name': 'tempest-QuotaClassesAdmin257Test-645101763', 'tenant_id': '7851ff83f665402d948582f6908afc18', 'tenant_name': 'tempest-QuotaClassesAdmin257Test-645101763', 'user_domain_id': 'default', 'user_domain_name': 'Default', 'user_id': 'da13be47df13449abc61d3a89b46a30c', 'system': None}, Network: None, Subnet: None, Router: None
2025-03-11 12:00:36.769 70102 INFO tempest.lib.common.rest_client [req-3bda76b5-2fac-49ca-9771-f800bdc175cd req-3bda76b5-2fac-49ca-9771-f800bdc175cd ] Request (FlavorsAccessNegativeTestJSON:_run_cleanups): 202 DELETE http://10.180.1.21/compute/v2.1/flavors/1500599025 1.333s
2025-03-11 12:00:36.808 70070 INFO tempest.lib.common.rest_client [req-3b7c6fad-dac0-44f5-85f6-932644609010 req-3b7c6fad-dac0-44f5-85f6-932644609010 ] Request (ServersAdminNegativeTestJSON:setUpClass): 201 POST http://10.180.1.21/identity/v3/auth/tokens 0.145s
2025-03-11 12:00:36.868 70080 INFO tempest.lib.common.rest_client [req-332224aa-b445-42ee-a80c-ec512302fa8a req-332224aa-b445-42ee-a80c-ec512302fa8a ] Request (ServersAaction247Test:setUpClass): 204 PUT http://10.180.1.21/identity/v3/projects/79d5053667ad4963a57d8109389bc4cc/users/27d584c97a04418c963d43beb2320a5c/roles/93b9dcaa51434b8db33828660ea8682c 0.148s
2025-03-11 12:00:36.868 70080 INFO tempest.lib.common.dynamic_creds [-] Dynamic test user 27d584c97a04418c963d43beb2320a5c is created with scope project and roles: ['member']
2025-03-11 12:00:36.869 70080 INFO tempest.lib.common.dynamic_creds [-] Acquired dynamic creds: credentials: Credentials: {'domain_id': 'default', 'domain_name': 'Default', 'username': 'tempest-ServersAaction247Test-2015169577-project-member', 'project_domain_id': 'default', 'project_domain_name': 'Default', 'project_id': '79d5053667ad4963a57d8109389bc4cc', 'project_name': 'tempest-ServersAaction247Test-2015169577', 'tenant_id': '79d5053667ad4963a57d8109389bc4cc', 'tenant_name': 'tempest-ServersAaction247Test-2015169577', 'user_domain_id': 'default', 'user_domain_name': 'Default', 'user_id': '27d584c97a04418c963d43beb2320a5c', 'system': None}, Network: None, Subnet: None, Router: None
2025-03-11 12:00:36.869 70080 INFO tempest.lib.common.dynamic_creds [-] Created isolated network resources for: credentials: Credentials: {'domain_id': 'default', 'domain_name': 'Default', 'username': 'tempest-ServersAaction247Test-2015169577-project-member', 'project_domain_id': 'default', 'project_domain_name': 'Default', 'project_id': '79d5053667ad4963a57d8109389bc4cc', 'project_name': 'tempest-ServersAaction247Test-2015169577', 'tenant_id': '79d5053667ad4963a57d8109389bc4cc', 'tenant_name': 'tempest-ServersAaction247Test-2015169577', 'user_domain_id': 'default', 'user_domain_name': 'Default', 'user_id': '27d584c97a04418c963d43beb2320a5c', 'system': None}, Network: None, Subnet: None, Router: None
2025-03-11 12:00:36.953 70062 INFO tempest.lib.common.rest_client [req-a1f55c53-88a2-4637-8fc3-ff4fdf6db0b4 req-a1f55c53-88a2-4637-8fc3-ff4fdf6db0b4 ] Request (QuotaClassesAdmin257Test:setUpClass): 201 POST http://10.180.1.21/identity/v3/auth/tokens 0.186s
2025-03-11 12:00:36.987 70066 INFO tempest.lib.common.rest_client [req-f6c6fba9-dd0a-409d-8953-e5d9e62666b4 req-f6c6fba9-dd0a-409d-8953-e5d9e62666b4 ] Request (AggregatesAdminNegativeTestJSON:_run_cleanups): 200 POST http://10.180.1.21/compute/v2.1/os-aggregates/1/action 1.475s
2025-03-11 12:00:37.014 70070 INFO tempest.lib.common.rest_client [req-4e78dc02-a89a-4b89-a6a7-ff203792bd39 req-4e78dc02-a89a-4b89-a6a7-ff203792bd39 ] Request (ServersAdminNegativeTestJSON:setUpClass): 201 POST http://10.180.1.21/identity/v3/projects 0.205s
2025-03-11 12:00:37.075 70080 INFO tempest.lib.common.rest_client [req-d75804d8-db41-4e0c-8bff-f36d01ec764d req-d75804d8-db41-4e0c-8bff-f36d01ec764d ] Request (ServersAaction247Test:setUpClass): 201 POST http://10.180.1.21/identity/v3/auth/tokens 0.198s
2025-03-11 12:00:37.093 70092 INFO tempest.lib.common.rest_client [req-0265ea5f-920f-4423-af82-4af9541db387 req-0265ea5f-920f-4423-af82-4af9541db387 ] Request (QuotasAdminTestJSON:test_get_default_quotas): 200 GET http://10.180.1.21/compute/v2.1/os-quota-sets/7e3eeb924d724d97bdb646c9656cc566/defaults 1.849s
2025-03-11 12:00:37.109 70074 INFO tempest.lib.common.rest_client [req-644a2c77-3a0d-4dac-8253-91ae168eb5a3 req-644a2c77-3a0d-4dac-8253-91ae168eb5a3 ] Request (VolumesAssistedSnapshotsTest:setUpClass): 201 POST http://10.180.1.21:9696/networking/v2.0/routers 3.069s
2025-03-11 12:00:37.126 70064 INFO tempest.lib.common.rest_client [req-a117f1b9-7296-443e-86c9-c32226b0ddab req-a117f1b9-7296-443e-86c9-c32226b0ddab ] Request (FlavorsExtraSpecsNegativeTestJSON:test_flavor_non_admin_update_specific_key): 200 POST http://10.180.1.21/compute/v2.1/flavors/956196002/os-extra_specs 1.110s
2025-03-11 12:00:37.136 70114 INFO tempest.lib.common.rest_client [req-d544ebb7-a566-434b-98db-3fb0a8b1d2b1 req-d544ebb7-a566-434b-98db-3fb0a8b1d2b1 ] Request (HostsAdminNegativeTestJSON:test_show_host_detail_with_nonexistent_hostname): 404 GET http://10.180.1.21/compute/v2.1/os-hosts/nonexistent_hostname 1.114s
2025-03-11 12:00:37.143 70070 INFO tempest.lib.common.rest_client [req-724fab3f-75b7-46e2-82a0-01fdd8acdc20 req-724fab3f-75b7-46e2-82a0-01fdd8acdc20 ] Request (ServersAdminNegativeTestJSON:setUpClass): 201 POST http://10.180.1.21/identity/v3/users 0.128s
2025-03-11 12:00:37.157 70076 INFO tempest.lib.common.rest_client [req-bff00452-9b73-4faf-9e6a-f904e8fa4412 req-bff00452-9b73-4faf-9e6a-f904e8fa4412 ] Request (FlavorsV261TestJSON:_run_cleanups): 202 DELETE http://10.180.1.21/compute/v2.1/flavors/812597208 1.114s
2025-03-11 12:00:37.170 70080 INFO tempest.lib.common.rest_client [req-290dcd9f-c48c-4805-96b2-65d4751a7beb req-290dcd9f-c48c-4805-96b2-65d4751a7beb ] Request (ServersAaction247Test:test_create_backup): 201 POST http://10.180.1.21/identity/v3/auth/tokens 0.092s
2025-03-11 12:00:37.170 70080 INFO tempest.lib.common.fixed_network [-] (ServersAaction247Test:test_create_backup) Found network None available for tenant
2025-03-11 12:00:37.177 70092 INFO tempest.lib.common.rest_client [req-c419b022-d700-45d6-802d-2d140ed0e347 req-c419b022-d700-45d6-802d-2d140ed0e347 ] Request (QuotasAdminTestJSON:test_get_updated_quotas): 200 GET http://10.180.1.21/identity/v3/domains?name=Default 0.079s
2025-03-11 12:00:37.179 70098 INFO tempest.lib.common.rest_client [req-612fdab8-1a4c-4c19-b506-2f742de060f1 req-612fdab8-1a4c-4c19-b506-2f742de060f1 ] Request (FlavorsV255TestJSON:_run_cleanups): 202 DELETE http://10.180.1.21/compute/v2.1/flavors/1708389603 1.119s
2025-03-11 12:00:37.185 70070 INFO tempest.lib.common.rest_client [req-832a013a-e51d-40c2-921c-b0ba0888a54e req-832a013a-e51d-40c2-921c-b0ba0888a54e ] Request (ServersAdminNegativeTestJSON:setUpClass): 200 GET http://10.180.1.21/identity/v3/roles 0.042s
2025-03-11 12:00:37.188 70088 INFO tempest.lib.common.rest_client [req-a4ad7796-b38b-40ea-b5f4-0cd27f56f10f req-a4ad7796-b38b-40ea-b5f4-0cd27f56f10f ] Request (FlavorsV2TestJSON:test_list_flavors_detailed_limit_results): 200 GET http://10.180.1.21/compute/v2.1/flavors/detail?limit=1 1.102s
2025-03-11 12:00:37.203 70092 INFO tempest.lib.common.rest_client [req-d49231da-e5d9-4d7d-a5bd-d08a8340dc06 req-d49231da-e5d9-4d7d-a5bd-d08a8340dc06 ] Request (QuotasAdminTestJSON:test_get_updated_quotas): 201 POST http://10.180.1.21/identity/v3/projects 0.025s
2025-03-11 12:00:37.207 70110 INFO tempest.lib.common.rest_client [req-b198c889-fbc9-45a1-ad13-a9baa8828315 req-b198c889-fbc9-45a1-ad13-a9baa8828315 ] Request (FlavorsAccessTestJSON:_run_cleanups): 200 GET http://10.180.1.21/compute/v2.1/flavors/detail 0.995s
2025-03-11 12:00:37.222 70070 INFO tempest.lib.common.rest_client [req-7dea6d9b-a701-4b05-8e75-d29ae2d313d4 req-7dea6d9b-a701-4b05-8e75-d29ae2d313d4 ] Request (ServersAdminNegativeTestJSON:setUpClass): 204 PUT http://10.180.1.21/identity/v3/projects/b204c140e823458f8ac2644696d9a18c/users/c72bd3e073794102a839f03cfefa5254/roles/cd271e66c2ba44138a2880e9b1ac39aa 0.037s
2025-03-11 12:00:37.282 70092 INFO tempest.lib.common.rest_client [req-e3ee10c7-2905-470d-904a-5508ef106a96 req-e3ee10c7-2905-470d-904a-5508ef106a96 ] Request (QuotasAdminTestJSON:test_get_updated_quotas): 200 GET http://10.180.1.21/identity/v3/domains?name=Default 0.079s
2025-03-11 12:00:37.347 70070 INFO tempest.lib.common.rest_client [req-fb45c339-0e2d-4b78-87e0-9acdd74b5e06 req-fb45c339-0e2d-4b78-87e0-9acdd74b5e06 ] Request (ServersAdminNegativeTestJSON:setUpClass): 200 GET http://10.180.1.21/identity/v3/roles 0.124s
2025-03-11 12:00:37.368 70053 INFO tempest.lib.common.rest_client [req-e952f167-2e36-4588-a1f7-3878ac04231f req-e952f167-2e36-4588-a1f7-3878ac04231f ] Request (HostsAdminTestJSON:test_list_hosts_with_a_blank_zone): 200 GET http://10.180.1.21/compute/v2.1/os-hosts?zone= 0.823s
2025-03-11 12:00:37.375 70051 INFO tempest.lib.common.rest_client [req-a8c76ae2-6390-4eb9-b4f9-ff6f23662693 req-a8c76ae2-6390-4eb9-b4f9-ff6f23662693 ] Request (HypervisorAdminNegativeTestJSON:test_get_hypervisor_list_with_non_admin_user): 403 GET http://10.180.1.21/compute/v2.1/os-hypervisors 0.773s
2025-03-11 12:00:37.382 70110 INFO tempest.lib.common.rest_client [req-c34b4f5c-27ff-421e-a636-1102f56c8049 req-c34b4f5c-27ff-421e-a636-1102f56c8049 ] Request (FlavorsAccessTestJSON:tearDownClass): 204 DELETE http://10.180.1.21/identity/v3/users/e3ffa1ed8e49446bb240971e73a02f38 0.165s
2025-03-11 12:00:37.408 70070 INFO tempest.lib.common.rest_client [req-6c709477-fd59-4f98-9d59-c9012eb41745 req-6c709477-fd59-4f98-9d59-c9012eb41745 ] Request (ServersAdminNegativeTestJSON:setUpClass): 204 PUT http://10.180.1.21/identity/v3/projects/b204c140e823458f8ac2644696d9a18c/users/c72bd3e073794102a839f03cfefa5254/roles/cd271e66c2ba44138a2880e9b1ac39aa 0.060s
2025-03-11 12:00:37.408 70070 INFO tempest.lib.common.dynamic_creds [-] Dynamic test user c72bd3e073794102a839f03cfefa5254 is created with scope project and roles: ['admin']
2025-03-11 12:00:37.409 70070 INFO tempest.lib.common.dynamic_creds [-] Acquired dynamic creds: credentials: Credentials: {'domain_id': 'default', 'domain_name': 'Default', 'username': 'tempest-ServersAdminNegativeTestJSON-261880221-project-admin', 'project_domain_id': 'default', 'project_domain_name': 'Default', 'project_id': 'b204c140e823458f8ac2644696d9a18c', 'project_name': 'tempest-ServersAdminNegativeTestJSON-261880221', 'tenant_id': 'b204c140e823458f8ac2644696d9a18c', 'tenant_name': 'tempest-ServersAdminNegativeTestJSON-261880221', 'user_domain_id': 'default', 'user_domain_name': 'Default', 'user_id': 'c72bd3e073794102a839f03cfefa5254', 'system': None}, Network: None, Subnet: None, Router: None
2025-03-11 12:00:37.409 70070 INFO tempest.lib.common.dynamic_creds [-] Created isolated network resources for: credentials: Credentials: {'domain_id': 'default', 'domain_name': 'Default', 'username': 'tempest-ServersAdminNegativeTestJSON-261880221-project-admin', 'project_domain_id': 'default', 'project_domain_name': 'Default', 'project_id': 'b204c140e823458f8ac2644696d9a18c', 'project_name': 'tempest-ServersAdminNegativeTestJSON-261880221', 'tenant_id': 'b204c140e823458f8ac2644696d9a18c', 'tenant_name': 'tempest-ServersAdminNegativeTestJSON-261880221', 'user_domain_id': 'default', 'user_domain_name': 'Default', 'user_id': 'c72bd3e073794102a839f03cfefa5254', 'system': None}, Network: None, Subnet: None, Router: None
2025-03-11 12:00:37.439 70060 INFO tempest.lib.common.rest_client [req-f0f71c1c-fe6b-4b61-a6bd-b744091fd52e req-f0f71c1c-fe6b-4b61-a6bd-b744091fd52e ] Request (TenantUsagesTestJSON:setUpClass): 200 GET http://10.180.1.21/compute/v2.1/servers/825f2ca1-ae55-4f3d-81eb-8e62a896ebf1 0.798s
2025-03-11 12:00:37.454 70060 INFO tempest.common.waiters [-] State transition "BUILD/None" ==> "BUILD/networking" after 6 second wait
2025-03-11 12:00:37.462 70055 INFO tempest.lib.common.rest_client [req-db82be29-a56a-4015-a7fa-ac8a605e05c9 req-db82be29-a56a-4015-a7fa-ac8a605e05c9 ] Request (ServicesAdminNegativeTestJSON:tearDownClass): 200 GET http://10.180.1.21:9696/networking/v2.0/security-groups?tenant_id=cf64e93e0326420e86169459252fc1b8&name=default 0.759s
2025-03-11 12:00:37.466 70058 INFO tempest.lib.common.rest_client [req-2dbf9a31-ea9c-4812-b7ed-1f69a0d5a7a1 req-2dbf9a31-ea9c-4812-b7ed-1f69a0d5a7a1 ] Request (KeyPairsV210TestJSON:_run_cleanups): 204 DELETE http://10.180.1.21/compute/v2.1/os-keypairs/tempest-keypair-1150643234?user_id=99e69d0f2b564a22a1bf7fa6e0e81e10 0.811s
2025-03-11 12:00:37.482 70070 INFO tempest.lib.common.rest_client [req-93e550a7-0667-4c08-95b8-f93b149cf63e req-93e550a7-0667-4c08-95b8-f93b149cf63e ] Request (ServersAdminNegativeTestJSON:setUpClass): 201 POST http://10.180.1.21/identity/v3/auth/tokens 0.070s
2025-03-11 12:00:37.483 70070 WARNING tempest.lib.common.rest_client [-] Deprecated: "tenant_id" property is deprecated for removal, use "project_id" instead
2025-03-11 12:00:37.484 70102 INFO tempest.lib.common.rest_client [req-88cb694f-056e-447c-a31d-c8c10edafd30 req-88cb694f-056e-447c-a31d-c8c10edafd30 ] Request (FlavorsAccessNegativeTestJSON:_run_cleanups): 200 GET http://10.180.1.21/compute/v2.1/flavors/detail 0.714s
2025-03-11 12:00:37.553 70070 INFO tempest.lib.common.rest_client [req-b2b37396-3813-435c-9f15-d689400b22e3 req-b2b37396-3813-435c-9f15-d689400b22e3 ] Request (ServersAdminNegativeTestJSON:setUpClass): 201 POST http://10.180.1.21/identity/v3/auth/tokens 0.064s
2025-03-11 12:00:37.553 70070 INFO tempest.lib.common.fixed_network [-] (ServersAdminNegativeTestJSON:setUpClass) Found network None available for tenant
2025-03-11 12:00:37.553 70110 INFO tempest.lib.common.rest_client [req-f4798070-d74b-4ecb-b02f-5a09d30b4baf req-f4798070-d74b-4ecb-b02f-5a09d30b4baf ] Request (FlavorsAccessTestJSON:tearDownClass): 204 DELETE http://10.180.1.21/identity/v3/users/02dd8ca06c0f4cdb89f384a251b68ee7 0.171s
2025-03-11 12:00:37.554 70110 INFO tempest.lib.common.dynamic_creds [-] Deleting project and security group for project: 45d184f512b3429492e5089bce1479f6
2025-03-11 12:00:37.608 70110 INFO tempest.lib.common.rest_client [req-d2bce4b7-39eb-4611-9938-4dc40a54fa99 req-d2bce4b7-39eb-4611-9938-4dc40a54fa99 ] Request (FlavorsAccessTestJSON:tearDownClass): 201 POST http://10.180.1.21/identity/v3/auth/tokens 0.054s
2025-03-11 12:00:37.681 70072 INFO tempest.lib.common.rest_client [req-7025381d-c7c3-4085-9d7a-2c9ea952dfd3 req-7025381d-c7c3-4085-9d7a-2c9ea952dfd3 ] Request (ServerDiagnosticsNegativeTest:test_get_server_diagnostics_by_non_admin): 202 POST http://10.180.1.21/compute/v2.1/servers 2.140s
