2025-03-11 12:03:23.115 70064 INFO tempest.lib.common.rest_client [req-06e8ff89-3841-45f2-9899-4a4426f77620 req-06e8ff89-3841-45f2-9899-4a4426f77620 ] Request (ServersTestManualDisk:setUpClass): 200 GET http://10.180.1.21/compute/v2.1/servers/56c1c64a-d6b9-4d42-a0d9-59046d855df2 0.748s
2025-03-11 12:03:23.127 70064 INFO tempest.common.waiters [-] State transition "BUILD/networking" ==> "BUILD/spawning" after 86 second wait
2025-03-11 12:03:23.145 70055 INFO tempest.lib.common.rest_client [req-a9200e7e-5181-494c-85c0-9017dc003b05 req-a9200e7e-5181-494c-85c0-9017dc003b05 ] Request (ServersTestBootFromVolume:tearDownClass): 200 GET http://10.180.1.21/compute/v2.1/servers/b5743a22-1e77-4c65-81b2-6d0044397b27 0.654s
2025-03-11 12:03:23.201 70092 INFO tempest.lib.common.rest_client [req-3c27fe87-053c-4eb9-b83e-dbde795ecaa8 req-3c27fe87-053c-4eb9-b83e-dbde795ecaa8 ] Request (ListImageFiltersTestJSON:test_list_images_with_detail_filter_by_name): 200 GET http://10.180.1.21/compute/v2.1/images/detail?name=tempest-ListImageFiltersTestJSON-image-1464878345 0.500s
2025-03-11 12:03:23.248 70100 INFO tempest.lib.common.rest_client [req-f129c397-a049-4b38-ae61-0b9694ba23c0 req-f129c397-a049-4b38-ae61-0b9694ba23c0 ] Request (ServersNegativeTestJSON:setUp): 200 GET http://10.180.1.21/compute/v2.1/servers/dffc357e-e3be-4243-8d9a-51a817cb27b5 0.604s
2025-03-11 12:03:23.342 70100 INFO tempest.lib.common.rest_client [req-dbcf466a-e740-4840-89e1-73d5415b3e75 req-dbcf466a-e740-4840-89e1-73d5415b3e75 ] Request (ServersNegativeTestJSON:test_create_numeric_server_name): 201 POST http://10.180.1.21/identity/v3/auth/tokens 0.083s
2025-03-11 12:03:23.343 70100 INFO tempest.lib.common.fixed_network [-] (ServersNegativeTestJSON:test_create_numeric_server_name) Found network {'id': '24def799-e623-4c90-99e6-11cde06f917b', 'name': 'tempest-ServersNegativeTestJSON-1392422648-network', 'tenant_id': '0a3bc01b179047f8bb18a02a20322c96', 'admin_state_up': True, 'mtu': 8950, 'status': 'ACTIVE', 'subnets': [], 'shared': False, 'project_id': '0a3bc01b179047f8bb18a02a20322c96', 'port_security_enabled': True, 'router:external': False, 'provider:network_type': 'vlan', 'provider:physical_network': 'default', 'provider:segmentation_id': 944, 'is_default': False, 'availability_zone_hints': [], 'availability_zones': [], 'ipv4_address_scope': None, 'ipv6_address_scope': None, 'description': '', 'tags': [], 'created_at': '2025-03-11T12:00:30Z', 'updated_at': '2025-03-11T12:00:30Z', 'revision_number': 1} available for tenant
2025-03-11 12:03:23.351 70086 INFO tempest.lib.common.rest_client [req-c56d3018-ab6d-4dae-bd09-fba2aeb6f6a3 req-c56d3018-ab6d-4dae-bd09-fba2aeb6f6a3 ] Request (HypervisorAdminV253TestBase:test_list_show_detail_hypervisors): 200 GET http://10.180.1.21/compute/v2.1/os-hypervisors/detail?with_servers=True 0.610s
2025-03-11 12:03:23.373 70076 INFO tempest.lib.common.rest_client [req-7594f7f2-005f-45c8-b529-a51fc639977f req-7594f7f2-005f-45c8-b529-a51fc639977f ] Request (ServerTagsTestJSON:setUpClass): 200 GET http://10.180.1.21/compute/v2.1/servers/015724cf-8e8c-42b9-b2c9-875978cc6135 0.614s
2025-03-11 12:03:23.416 70102 INFO tempest.lib.common.rest_client [req-c5324747-0000-4f60-9c52-210fda71ee19 req-c5324747-0000-4f60-9c52-210fda71ee19 ] Request (ServersNegativeTestMultiTenantJSON:tearDownClass): 200 GET http://10.180.1.21/compute/v2.1/servers/a8681ee8-b89d-47d4-a57d-0cbbe3a9b088 0.643s
2025-03-11 12:03:23.428 70068 INFO tempest.lib.common.rest_client [req-749add43-c2da-495a-85ee-299c1c09de6b req-749add43-c2da-495a-85ee-299c1c09de6b ] Request (ServersTestMultiNic:test_verify_multiple_nics_order): 200 GET http://10.180.1.21/compute/v2.1/servers/c2853410-f479-41b7-b11d-232b12e18727 0.609s
2025-03-11 12:03:23.479 70112 INFO tempest.lib.common.rest_client [req-ba109394-9c33-4d72-9725-765f02bc3d6c req-ba109394-9c33-4d72-9725-765f02bc3d6c ] Request (ServersAdminTestJSON:test_inject_network_info): 200 GET http://10.180.1.21/compute/v2.1/servers/94fb5886-1086-4a6a-b3cd-86e9b82a6088 0.619s
2025-03-11 12:03:23.543 70078 INFO tempest.lib.common.rest_client [req-4adfb562-2b90-400d-8894-0c616aa8e173 req-4adfb562-2b90-400d-8894-0c616aa8e173 ] Request (SecurityGroupsTestJSON:test_list_security_groups_by_server): 200 GET http://10.180.1.21/compute/v2.1/servers/21b4cbce-58e9-4251-b788-e4f98a1ed19d 0.596s
2025-03-11 12:03:23.553 70074 INFO tempest.lib.common.rest_client [req-9e50305f-8191-4fd4-afac-76c0f4c66022 req-9e50305f-8191-4fd4-afac-76c0f4c66022 ] Request (VolumesAssistedSnapshotsTest:tearDownClass): 204 DELETE http://10.180.1.21:9696/networking/v2.0/routers/bb1f1ff5-8c78-4a02-ae49-5336cbcde5c3 0.465s
2025-03-11 12:03:23.604 70090 INFO tempest.lib.common.rest_client [req-8bcb2f78-a05c-495e-a1a3-54a94c68a72d req-8bcb2f78-a05c-495e-a1a3-54a94c68a72d ] Request (ServersWithSpecificFlavorTestJSON:test_verify_created_server_ephemeral_disk): 200 GET http://10.180.1.21/compute/v2.1/servers/e59742b5-1885-4318-97af-4942683b46b2 0.504s
2025-03-11 12:03:23.615 70090 INFO tempest.common.waiters [-] State transition "BUILD/scheduling" ==> "BUILD/None" after 34 second wait
2025-03-11 12:03:23.728 70074 INFO tempest.lib.common.rest_client [req-51da542d-b741-4dfb-99d6-d30e87719d7f req-51da542d-b741-4dfb-99d6-d30e87719d7f ] Request (VolumesAssistedSnapshotsTest:tearDownClass): 204 DELETE http://10.180.1.21:9696/networking/v2.0/subnets/0842d7d9-703c-445c-8b75-4e0ceda3b4c1 0.174s
2025-03-11 12:03:23.820 70053 INFO tempest.lib.common.rest_client [req-e9bfc0fe-1a06-4ddb-a549-cf1f803219ad req-e9bfc0fe-1a06-4ddb-a549-cf1f803219ad ] Request (ServerRescueTestJSONUnderV235:test_rescued_vm_add_remove_security_group): 202 POST http://10.180.1.21/compute/v2.1/servers/d3c7d1bc-f920-4075-9eab-7b026bc0c5ea/action 0.928s
2025-03-11 12:03:23.826 70098 INFO tempest.lib.common.rest_client [req-01abe8da-0ce1-4775-96af-8ac099c6864f req-01abe8da-0ce1-4775-96af-8ac099c6864f ] Request (AttachVolumeShelveTestJSON:test_attach_volume_shelved_or_offload_server): 200 GET http://10.180.1.21/compute/v2.1/servers/edb40602-5bcb-4ac1-ba12-98adedc7e022 0.703s
2025-03-11 12:03:23.838 70098 INFO tempest.common.waiters [-] State transition "ACTIVE/shelving_image_uploading" ==> "SHELVED/shelving_offloading" after 20 second wait
2025-03-11 12:03:23.888 70062 INFO tempest.lib.common.rest_client [req-46c2f9aa-0147-4843-a13c-82f93d151934 req-46c2f9aa-0147-4843-a13c-82f93d151934 ] Request (ServerMetadataTestJSON:setUpClass): 200 GET http://10.180.1.21/compute/v2.1/servers/29666b1e-167f-4d48-be50-700addfc8b8d 0.711s
2025-03-11 12:03:23.906 70092 INFO tempest.lib.common.rest_client [req-628ddd7e-e041-4f5b-b137-5b329204e2d6 req-628ddd7e-e041-4f5b-b137-5b329204e2d6 ] Request (ListImageFiltersTestJSON:test_list_images_with_detail_filter_by_server_ref): 200 GET http://10.180.1.21/compute/v2.1/images/detail?server=http%3A%2F%2F10.180.1.21%2Fcompute%2Fv2.1%2Fservers%2F369b4f02-42d7-485a-bb5c-053633a8a160 0.700s
2025-03-11 12:03:23.955 70114 INFO tempest.lib.common.rest_client [req-a4d556c0-c715-42dc-b87d-3adf2576f1bf req-a4d556c0-c715-42dc-b87d-3adf2576f1bf ] Request (ServerRescueTestJSON:test_rescue_unrescue_instance): 200 GET http://10.180.1.21/compute/v2.1/servers/98a135c0-cf81-47f5-9d45-90732b93d6fb 0.719s
2025-03-11 12:03:24.001 70108 INFO tempest.lib.common.rest_client [req-b26cae58-3f4b-465c-b596-bea0d1ca6d09 req-b26cae58-3f4b-465c-b596-bea0d1ca6d09 ] Request (ServersListShow296Test:test_list_show_update_rebuild_server_296): 200 GET http://10.180.1.21/compute/v2.1/servers/a02e248c-ebe7-4cef-937a-f6e12675d008 0.677s
2025-03-11 12:03:24.008 70100 INFO tempest.lib.common.rest_client [req-93309fe5-2232-42e1-9ab2-c351bb02c9db req-93309fe5-2232-42e1-9ab2-c351bb02c9db ] Request (ServersNegativeTestJSON:test_create_numeric_server_name): 400 POST http://10.180.1.21/compute/v2.1/servers 0.664s
2025-03-11 12:03:24.067 70086 INFO tempest.lib.common.rest_client [req-cd68d3da-0228-412d-8985-52e7cc22692a req-cd68d3da-0228-412d-8985-52e7cc22692a ] Request (HypervisorAdminV253TestBase:test_list_show_detail_hypervisors): 200 GET http://10.180.1.21/compute/v2.1/os-hypervisors?with_servers=True 0.710s
2025-03-11 12:03:24.073 70060 INFO tempest.lib.common.rest_client [req-804b7c40-f7f7-4d7a-badd-3edbda79d9e6 req-804b7c40-f7f7-4d7a-badd-3edbda79d9e6 ] Request (FloatingIPsAssociationTestJSON:setUpClass): 200 GET http://10.180.1.21/compute/v2.1/servers/a4f581c4-99c4-4f3c-af62-8b652d31e4fd 0.747s
2025-03-11 12:03:24.124 70088 INFO tempest.lib.common.rest_client [req-a6953da7-8380-4fed-ba9b-87f27b133016 req-a6953da7-8380-4fed-ba9b-87f27b133016 ] Request (ServersTestJSON:setUpClass): 200 GET http://10.180.1.21/compute/v2.1/servers/968387b7-022b-45b7-b8cb-fa1a763bc5fc 0.657s
2025-03-11 12:03:24.148 70066 INFO tempest.lib.common.rest_client [req-3ef4f3ce-28fd-40ee-afa6-8c3e9fe12b6b req-3ef4f3ce-28fd-40ee-afa6-8c3e9fe12b6b ] Request (ServerDiagnosticsV248Test:tearDownClass): 200 GET http://10.180.1.21/compute/v2.1/servers/6d7766ae-714c-4682-98e0-6b1bb93130e3 0.741s
2025-03-11 12:03:24.192 70106 INFO tempest.lib.common.rest_client [req-0807c075-c8f6-4bcd-9eef-503dd9c14f52 req-0807c075-c8f6-4bcd-9eef-503dd9c14f52 ] Request (InstanceActionsV221TestJSON:test_get_list_deleted_instance_actions): 200 GET http://10.180.1.21/compute/v2.1/servers/0e14bbde-e6fa-47d8-b4dd-fc20a8d97bf9 0.664s
2025-03-11 12:03:24.221 70070 INFO tempest.lib.common.rest_client [req-b3044770-eff2-42d4-b1d0-36e28c7e6c2d req-b3044770-eff2-42d4-b1d0-36e28c7e6c2d ] Request (ServersAdminNegativeTestJSON:tearDownClass): 200 GET http://10.180.1.21/compute/v2.1/servers/7f22d2fc-5d54-4674-897a-14fce7db8db6 0.632s
2025-03-11 12:03:24.241 70082 INFO tempest.lib.common.rest_client [req-445f9bff-e20b-403e-99cc-e62d5748ae6b req-445f9bff-e20b-403e-99cc-e62d5748ae6b ] Request (ImagesTestJSON:test_create_server_from_snapshot): 200 GET http://10.180.1.21/compute/v2.1/servers/52552c49-e12a-4c8c-bc89-d993d310e83b 0.608s
2025-03-11 12:03:24.242 70110 INFO tempest.lib.common.rest_client [req-2334099c-a2fb-44f3-96da-83cd51cc8a96 req-2334099c-a2fb-44f3-96da-83cd51cc8a96 ] Request (ListServerFiltersTestJSON:tearDownClass): 404 GET http://10.180.1.21/compute/v2.1/servers/d5afe460-c938-4cd8-9391-4bd64349bb5c 0.469s
2025-03-11 12:03:24.316 70104 INFO tempest.lib.common.rest_client [req-6baa3313-3272-48b6-aa28-2c5704e9965b req-6baa3313-3272-48b6-aa28-2c5704e9965b ] Request (MigrationsAdminTest:test_resize_server_revert_deleted_flavor): 200 GET http://10.180.1.21/compute/v2.1/servers/0f70088e-a222-4601-ac70-89c8145daaee 0.482s
2025-03-11 12:03:24.337 70074 INFO tempest.lib.common.rest_client [req-fac2945b-d99f-49f8-8b59-a734c3fafa0f req-fac2945b-d99f-49f8-8b59-a734c3fafa0f ] Request (VolumesAssistedSnapshotsTest:tearDownClass): 204 DELETE http://10.180.1.21:9696/networking/v2.0/networks/9fb785b3-2fbf-4b99-99e3-6b23e0288ce5 0.608s
2025-03-11 12:03:24.367 70092 INFO tempest.lib.common.rest_client [req-7f7d4c58-81ed-4842-9887-b2369765f3ee req-7f7d4c58-81ed-4842-9887-b2369765f3ee ] Request (ListImageFiltersTestJSON:test_list_images_with_detail_filter_by_server_ref): 200 GET http://10.180.1.21/compute/v2.1/images/detail?server=http%3A%2F%2F10.180.1.21%2Fcompute%2Fservers%2F369b4f02-42d7-485a-bb5c-053633a8a160 0.456s
2025-03-11 12:03:24.446 70074 INFO tempest.lib.common.rest_client [req-24a70ab3-97df-4cb1-a084-a3139dd2022b req-24a70ab3-97df-4cb1-a084-a3139dd2022b ] Request (VolumesAssistedSnapshotsTest:tearDownClass): 204 DELETE http://10.180.1.21/identity/v3/users/0a737b595fb74242a8bf91f6124ddb09 0.108s
2025-03-11 12:03:24.528 70074 INFO tempest.lib.common.rest_client [req-412ac0bb-50e4-48c3-b79c-8cedd5adaa08 req-412ac0bb-50e4-48c3-b79c-8cedd5adaa08 ] Request (VolumesAssistedSnapshotsTest:tearDownClass): 204 DELETE http://10.180.1.21/identity/v3/users/24ce9943c9824c1bb99bd54ca13f0e01 0.081s
2025-03-11 12:03:24.618 70074 INFO tempest.lib.common.rest_client [req-819cbeba-dd17-4a96-a251-632ef4571e01 req-819cbeba-dd17-4a96-a251-632ef4571e01 ] Request (VolumesAssistedSnapshotsTest:tearDownClass): 204 DELETE http://10.180.1.21/identity/v3/users/cfa21a0daadd45538b5e7f52085bc843 0.090s
2025-03-11 12:03:24.619 70074 INFO tempest.lib.common.dynamic_creds [-] Deleting project and security group for project: c04f3d0f3c404303998fced5df0d44f6
2025-03-11 12:03:24.661 70084 INFO tempest.lib.common.rest_client [req-3c73d609-b99b-415c-9b11-7d39d5fe49e0 req-3c73d609-b99b-415c-9b11-7d39d5fe49e0 ] Request (ImagesOneServerNegativeTestJSON:_run_cleanups): 200 GET http://10.180.1.21/compute/v2.1/servers/179d5fcd-8138-4dab-b749-fe78eddb5e03 0.732s
2025-03-11 12:03:24.686 70074 INFO tempest.lib.common.rest_client [req-2423f33a-7a17-4941-b59d-57f0cfc2ffd4 req-2423f33a-7a17-4941-b59d-57f0cfc2ffd4 ] Request (VolumesAssistedSnapshotsTest:tearDownClass): 200 GET http://10.180.1.21:9696/networking/v2.0/security-groups?tenant_id=c04f3d0f3c404303998fced5df0d44f6&name=default 0.067s
2025-03-11 12:03:25.001 70074 INFO tempest.lib.common.rest_client [req-14261eda-8151-4d8e-86d5-953fe7f68f4d req-14261eda-8151-4d8e-86d5-953fe7f68f4d ] Request (VolumesAssistedSnapshotsTest:tearDownClass): 204 DELETE http://10.180.1.21:9696/networking/v2.0/security-groups/f47f73f6-be48-4752-a414-ebb2396d237f 0.315s
2025-03-11 12:03:25.002 70100 INFO tempest.lib.common.rest_client [req-a7d8c0d7-c34d-4d05-aa73-0ea2cbe877d7 req-a7d8c0d7-c34d-4d05-aa73-0ea2cbe877d7 ] Request (ServersNegativeTestJSON:tearDown): 200 GET http://10.180.1.21/compute/v2.1/servers/dffc357e-e3be-4243-8d9a-51a817cb27b5 0.992s
2025-03-11 12:03:25.034 70086 INFO tempest.lib.common.rest_client [req-344ebc78-dd0a-4e00-83c4-412fb3caa1de req-344ebc78-dd0a-4e00-83c4-412fb3caa1de ] Request (HypervisorAdminV253TestBase:test_list_show_detail_hypervisors): 200 GET http://10.180.1.21/compute/v2.1/os-hypervisors/acefdb80-55a7-4e0c-bd1f-e50305ed992e 0.964s
2025-03-11 12:03:25.048 70053 INFO tempest.lib.common.rest_client [req-1254c5a1-e58a-45b4-9ea9-8bdd7251458c req-1254c5a1-e58a-45b4-9ea9-8bdd7251458c ] Request (ServerRescueTestJSONUnderV235:test_rescued_vm_associate_dissociate_floating_ip): 200 POST http://10.180.1.21/compute/v2.1/os-floating-ips 1.226s
2025-03-11 12:03:25.146 70074 INFO tempest.lib.common.rest_client [req-da267726-5067-4fc5-bb21-47ba1553ac64 req-da267726-5067-4fc5-bb21-47ba1553ac64 ] Request (VolumesAssistedSnapshotsTest:tearDownClass): 204 DELETE http://10.180.1.21/identity/v3/projects/c04f3d0f3c404303998fced5df0d44f6 0.145s
2025-03-11 12:03:25.147 70074 INFO tempest.lib.common.dynamic_creds [-] Deleting project and security group for project: b462e0292f8e4b70b6a3cc431f3946c4
2025-03-11 12:03:25.156 70086 INFO tempest.lib.common.rest_client [req-bdcebc28-7223-4105-8779-ce741ebfaa1d req-bdcebc28-7223-4105-8779-ce741ebfaa1d ] Request (HypervisorAdminV253TestBase:tearDownClass): 204 DELETE http://10.180.1.21/identity/v3/users/fd8ef97079a146af84e7e64f440a81cf 0.113s
2025-03-11 12:03:25.180 70058 INFO tempest.lib.common.rest_client [req-4f4041b7-8f21-4ce2-8cb2-6da2de19905d req-4f4041b7-8f21-4ce2-8cb2-6da2de19905d ] Request (MultipleCreateTestJSON:test_multiple_create): 200 GET http://10.180.1.21/compute/v2.1/servers/e1256bbf-2bbe-4030-862a-c27bbd598c8b 1.107s
2025-03-11 12:03:25.208 70064 INFO tempest.lib.common.rest_client [req-dc0e57e2-bd32-4c44-9e96-37e7056bdb2c req-dc0e57e2-bd32-4c44-9e96-37e7056bdb2c ] Request (ServersTestManualDisk:setUpClass): 200 GET http://10.180.1.21/compute/v2.1/servers/56c1c64a-d6b9-4d42-a0d9-59046d855df2 1.079s
2025-03-11 12:03:25.208 70074 INFO tempest.lib.common.rest_client [req-342e8e8e-d711-46a0-a43c-1067f76ee1f5 req-342e8e8e-d711-46a0-a43c-1067f76ee1f5 ] Request (VolumesAssistedSnapshotsTest:tearDownClass): 200 GET http://10.180.1.21:9696/networking/v2.0/security-groups?tenant_id=b462e0292f8e4b70b6a3cc431f3946c4&name=default 0.060s
2025-03-11 12:03:25.249 70055 INFO tempest.lib.common.rest_client [req-6f8e1e12-8271-46f8-acf4-9c38be27cbc3 req-6f8e1e12-8271-46f8-acf4-9c38be27cbc3 ] Request (ServersTestBootFromVolume:tearDownClass): 200 GET http://10.180.1.21/compute/v2.1/servers/b5743a22-1e77-4c65-81b2-6d0044397b27 1.083s
2025-03-11 12:03:25.296 70110 INFO tempest.lib.common.rest_client [req-b754e8bc-5711-41c9-bc31-432845a2fc62 req-b754e8bc-5711-41c9-bc31-432845a2fc62 ] Request (ListServerFiltersTestJSON:tearDownClass): 204 DELETE http://10.180.1.21/compute/v2.1/servers/c8608e53-fb3e-4381-81fc-61b0ce6673fc 1.052s
2025-03-11 12:03:25.310 70086 INFO tempest.lib.common.rest_client [req-340cb4c0-2fc9-46f1-b6cf-d6659ea25b26 req-340cb4c0-2fc9-46f1-b6cf-d6659ea25b26 ] Request (HypervisorAdminV253TestBase:tearDownClass): 204 DELETE http://10.180.1.21/identity/v3/users/d621a7a4c1ef4009afce0cf460d19d5a 0.154s
2025-03-11 12:03:25.310 70086 INFO tempest.lib.common.dynamic_creds [-] Deleting project and security group for project: 5ca104263b954213867b9f415ab012da
2025-03-11 12:03:25.324 70074 INFO tempest.lib.common.rest_client [req-80fd9ee1-0aab-4c73-834c-3aa4079497ef req-80fd9ee1-0aab-4c73-834c-3aa4079497ef ] Request (VolumesAssistedSnapshotsTest:tearDownClass): 204 DELETE http://10.180.1.21:9696/networking/v2.0/security-groups/dc6105c2-bacd-49f8-b78a-22d8197a7aff 0.114s
2025-03-11 12:03:25.330 70092 INFO tempest.lib.common.rest_client [req-f5aa49aa-8d22-4d5d-bce5-962dc545f097 req-f5aa49aa-8d22-4d5d-bce5-962dc545f097 ] Request (ListImageFiltersTestJSON:test_list_images_with_detail_filter_by_status): 200 GET http://10.180.1.21/compute/v2.1/images/detail?status=ACTIVE 0.958s
2025-03-11 12:03:25.388 70086 INFO tempest.lib.common.rest_client [req-66354408-43c6-4fe2-a7e5-0d3b449d3324 req-66354408-43c6-4fe2-a7e5-0d3b449d3324 ] Request (HypervisorAdminV253TestBase:tearDownClass): 201 POST http://10.180.1.21/identity/v3/auth/tokens 0.075s
2025-03-11 12:03:25.407 70102 INFO tempest.lib.common.rest_client [req-028cf80c-ab2c-4b0b-94e9-e8b42b8c1145 req-028cf80c-ab2c-4b0b-94e9-e8b42b8c1145 ] Request (ServersNegativeTestMultiTenantJSON:tearDownClass): 200 GET http://10.180.1.21/compute/v2.1/servers/a8681ee8-b89d-47d4-a57d-0cbbe3a9b088 0.977s
2025-03-11 12:03:25.431 70074 INFO tempest.lib.common.rest_client [req-5dd2459d-90dd-4131-992a-dc7e3ccfae20 req-5dd2459d-90dd-4131-992a-dc7e3ccfae20 ] Request (VolumesAssistedSnapshotsTest:tearDownClass): 204 DELETE http://10.180.1.21/identity/v3/projects/b462e0292f8e4b70b6a3cc431f3946c4 0.107s
2025-03-11 12:03:25.431 70074 INFO tempest.lib.common.dynamic_creds [-] Deleting project and security group for project: 92cef3bc96a84aceb826c8f3c2e84cc2
2025-03-11 12:03:25.475 70076 INFO tempest.lib.common.rest_client [req-2d19ad9e-9690-44e2-938f-7e75dbf88309 req-2d19ad9e-9690-44e2-938f-7e75dbf88309 ] Request (ServerTagsTestJSON:setUpClass): 200 GET http://10.180.1.21/compute/v2.1/servers/015724cf-8e8c-42b9-b2c9-875978cc6135 1.091s
2025-03-11 12:03:25.511 70074 INFO tempest.lib.common.rest_client [req-b462af26-bda8-4c5f-a1ae-68b8067bd2d6 req-b462af26-bda8-4c5f-a1ae-68b8067bd2d6 ] Request (VolumesAssistedSnapshotsTest:tearDownClass): 200 GET http://10.180.1.21:9696/networking/v2.0/security-groups?tenant_id=92cef3bc96a84aceb826c8f3c2e84cc2&name=default 0.079s
2025-03-11 12:03:25.572 70112 INFO tempest.lib.common.rest_client [req-e728c7d4-fdf8-4105-99c2-976a87f4d0c9 req-e728c7d4-fdf8-4105-99c2-976a87f4d0c9 ] Request (ServersAdminTestJSON:test_inject_network_info): 200 GET http://10.180.1.21/compute/v2.1/servers/94fb5886-1086-4a6a-b3cd-86e9b82a6088 1.085s
2025-03-11 12:03:25.613 70068 INFO tempest.lib.common.rest_client [req-4d0b09f0-2fb4-4838-9c40-ab128e7e18ce req-4d0b09f0-2fb4-4838-9c40-ab128e7e18ce ] Request (ServersTestMultiNic:test_verify_multiple_nics_order): 200 GET http://10.180.1.21/compute/v2.1/servers/c2853410-f479-41b7-b11d-232b12e18727 1.173s
2025-03-11 12:03:25.620 70068 INFO tempest.common.waiters [-] State transition "BUILD/None" ==> "BUILD/block_device_mapping" after 82 second wait
2025-03-11 12:03:25.655 70078 INFO tempest.lib.common.rest_client [req-d176f64f-fc8a-4442-b1f6-fb7facc5d45e req-d176f64f-fc8a-4442-b1f6-fb7facc5d45e ] Request (SecurityGroupsTestJSON:test_list_security_groups_by_server): 200 GET http://10.180.1.21/compute/v2.1/servers/21b4cbce-58e9-4251-b788-e4f98a1ed19d 1.103s
2025-03-11 12:03:25.662 70090 INFO tempest.lib.common.rest_client [req-11c4cff9-dfb7-45ca-adc0-d5be7d5e3eb0 req-11c4cff9-dfb7-45ca-adc0-d5be7d5e3eb0 ] Request (ServersWithSpecificFlavorTestJSON:test_verify_created_server_ephemeral_disk): 200 GET http://10.180.1.21/compute/v2.1/servers/e59742b5-1885-4318-97af-4942683b46b2 1.046s
2025-03-11 12:03:25.731 70062 INFO tempest.lib.common.rest_client [req-d6411c2b-0e36-4cb8-8441-78c77ed8aa5a req-d6411c2b-0e36-4cb8-8441-78c77ed8aa5a ] Request (ServerMetadataTestJSON:setUpClass): 200 GET http://10.180.1.21/compute/v2.1/servers/29666b1e-167f-4d48-be50-700addfc8b8d 0.830s
2025-03-11 12:03:25.745 70074 INFO tempest.lib.common.rest_client [req-76f8ccde-d1a1-42e4-9dde-48bcde28326d req-76f8ccde-d1a1-42e4-9dde-48bcde28326d ] Request (VolumesAssistedSnapshotsTest:tearDownClass): 204 DELETE http://10.180.1.21:9696/networking/v2.0/security-groups/8c2c8221-7323-41d9-a935-eb5bbe219ac4 0.234s
2025-03-11 12:03:25.788 70114 INFO tempest.lib.common.rest_client [req-da823416-7ae6-4005-b54d-ca44f358c7e4 req-da823416-7ae6-4005-b54d-ca44f358c7e4 ] Request (ServerRescueTestJSON:test_rescue_unrescue_instance): 200 GET http://10.180.1.21/compute/v2.1/servers/98a135c0-cf81-47f5-9d45-90732b93d6fb 0.823s
2025-03-11 12:03:25.808 70086 INFO tempest.lib.common.rest_client [req-5672b13b-69c5-4c8e-9151-ada40a034cd3 req-5672b13b-69c5-4c8e-9151-ada40a034cd3 ] Request (HypervisorAdminV253TestBase:tearDownClass): 200 GET http://10.180.1.21:9696/networking/v2.0/security-groups?tenant_id=5ca104263b954213867b9f415ab012da&name=default 0.420s
2025-03-11 12:03:25.834 70074 INFO tempest.lib.common.rest_client [req-df0e8f1f-58ac-4bb6-addc-54fdc9426c19 req-df0e8f1f-58ac-4bb6-addc-54fdc9426c19 ] Request (VolumesAssistedSnapshotsTest:tearDownClass): 204 DELETE http://10.180.1.21/identity/v3/projects/92cef3bc96a84aceb826c8f3c2e84cc2 0.088s
2025-03-11 12:03:25.895 70098 INFO tempest.lib.common.rest_client [req-90c0c21b-cd6a-4f61-81cf-33a73474694b req-90c0c21b-cd6a-4f61-81cf-33a73474694b ] Request (AttachVolumeShelveTestJSON:test_attach_volume_shelved_or_offload_server): 200 GET http://10.180.1.21/compute/v2.1/servers/edb40602-5bcb-4ac1-ba12-98adedc7e022 1.056s
2025-03-11 12:03:25.924 70074 INFO tempest.lib.common.rest_client [req-7e57cd8e-e89a-4d9e-880c-6a84035ac45c req-7e57cd8e-e89a-4d9e-880c-6a84035ac45c ] Request (ListImagesTestJSON:setUpClass): 201 POST http://10.180.1.21/identity/v3/auth/tokens 0.087s
2025-03-11 12:03:25.984 70074 INFO tempest.lib.common.rest_client [req-dac387ee-c64d-4cf5-8603-b1489a754d25 req-dac387ee-c64d-4cf5-8603-b1489a754d25 ] Request (ListImagesTestJSON:setUpClass): 201 POST http://10.180.1.21/identity/v3/auth/tokens 0.054s
2025-03-11 12:03:26.000 70108 INFO tempest.lib.common.rest_client [req-78151b6d-43a7-4cbe-9063-7a6a00bb3ec2 req-78151b6d-43a7-4cbe-9063-7a6a00bb3ec2 ] Request (ServersListShow296Test:test_list_show_update_rebuild_server_296): 200 GET http://10.180.1.21/compute/v2.1/servers/a02e248c-ebe7-4cef-937a-f6e12675d008 0.985s
2025-03-11 12:03:26.023 70074 INFO tempest.lib.common.rest_client [req-ef194ace-1967-4603-9571-63c6654ab048 req-ef194ace-1967-4603-9571-63c6654ab048 ] Request (ListImagesTestJSON:setUpClass): 200 GET http://10.180.1.21/identity/v3/domains?name=Default 0.038s
2025-03-11 12:03:26.055 70100 INFO tempest.lib.common.rest_client [req-594b0c9a-adac-4656-b7c0-3338165c1fd5 req-594b0c9a-adac-4656-b7c0-3338165c1fd5 ] Request (ServersNegativeTestJSON:setUp): 200 GET http://10.180.1.21/compute/v2.1/servers/dffc357e-e3be-4243-8d9a-51a817cb27b5 1.041s
2025-03-11 12:03:26.058 70074 INFO tempest.lib.common.rest_client [req-e51e1932-c7f0-4146-97b4-16a4a6a33e9c req-e51e1932-c7f0-4146-97b4-16a4a6a33e9c ] Request (ListImagesTestJSON:setUpClass): 201 POST http://10.180.1.21/identity/v3/projects 0.035s
2025-03-11 12:03:26.130 70074 INFO tempest.lib.common.rest_client [req-85f47763-e77f-4a94-bb2c-0c75193412f8 req-85f47763-e77f-4a94-bb2c-0c75193412f8 ] Request (ListImagesTestJSON:setUpClass): 201 POST http://10.180.1.21/identity/v3/users 0.072s
2025-03-11 12:03:26.141 70086 INFO tempest.lib.common.rest_client [req-89143d93-7c36-4dc0-b39e-734ae1f6cf33 req-89143d93-7c36-4dc0-b39e-734ae1f6cf33 ] Request (HypervisorAdminV253TestBase:tearDownClass): 204 DELETE http://10.180.1.21:9696/networking/v2.0/security-groups/6aa224bd-aa01-4a8f-8fca-c552850ca85c 0.332s
2025-03-11 12:03:26.154 70074 INFO tempest.lib.common.rest_client [req-41516088-dfc1-4c56-a895-1c70ea151eb8 req-41516088-dfc1-4c56-a895-1c70ea151eb8 ] Request (ListImagesTestJSON:setUpClass): 200 GET http://10.180.1.21/identity/v3/roles 0.023s
2025-03-11 12:03:26.200 70074 INFO tempest.lib.common.rest_client [req-0a91b3e7-0e70-4e52-8732-894f5ecade28 req-0a91b3e7-0e70-4e52-8732-894f5ecade28 ] Request (ListImagesTestJSON:setUpClass): 204 PUT http://10.180.1.21/identity/v3/projects/2a7a4850dffd41249b4ff2222f145a87/users/c6282e1524644fa2a7bc2edddbfd0c8b/roles/93b9dcaa51434b8db33828660ea8682c 0.046s
2025-03-11 12:03:26.201 70074 INFO tempest.lib.common.dynamic_creds [-] Dynamic test user c6282e1524644fa2a7bc2edddbfd0c8b is created with scope project and roles: ['member']
2025-03-11 12:03:26.201 70074 INFO tempest.lib.common.dynamic_creds [-] Acquired dynamic creds: credentials: Credentials: {'domain_id': 'default', 'domain_name': 'Default', 'username': 'tempest-ListImagesTestJSON-2005447127-project-member', 'project_domain_id': 'default', 'project_domain_name': 'Default', 'project_id': '2a7a4850dffd41249b4ff2222f145a87', 'project_name': 'tempest-ListImagesTestJSON-2005447127', 'tenant_id': '2a7a4850dffd41249b4ff2222f145a87', 'tenant_name': 'tempest-ListImagesTestJSON-2005447127', 'user_domain_id': 'default', 'user_domain_name': 'Default', 'user_id': 'c6282e1524644fa2a7bc2edddbfd0c8b', 'system': None}, Network: None, Subnet: None, Router: None
2025-03-11 12:03:26.201 70074 INFO tempest.lib.common.dynamic_creds [-] Created isolated network resources for: credentials: Credentials: {'domain_id': 'default', 'domain_name': 'Default', 'username': 'tempest-ListImagesTestJSON-2005447127-project-member', 'project_domain_id': 'default', 'project_domain_name': 'Default', 'project_id': '2a7a4850dffd41249b4ff2222f145a87', 'project_name': 'tempest-ListImagesTestJSON-2005447127', 'tenant_id': '2a7a4850dffd41249b4ff2222f145a87', 'tenant_name': 'tempest-ListImagesTestJSON-2005447127', 'user_domain_id': 'default', 'user_domain_name': 'Default', 'user_id': 'c6282e1524644fa2a7bc2edddbfd0c8b', 'system': None}, Network: None, Subnet: None, Router: None
2025-03-11 12:03:26.251 70086 INFO tempest.lib.common.rest_client [req-3b6c953d-db7c-4f18-ac7f-658889cd10e7 req-3b6c953d-db7c-4f18-ac7f-658889cd10e7 ] Request (HypervisorAdminV253TestBase:tearDownClass): 204 DELETE http://10.180.1.21/identity/v3/projects/5ca104263b954213867b9f415ab012da 0.109s
2025-03-11 12:03:26.251 70086 INFO tempest.lib.common.dynamic_creds [-] Deleting project and security group for project: 7c47f0994d1b426ba669608ae7611108
2025-03-11 12:03:26.257 70100 INFO tempest.lib.common.rest_client [req-2398b5eb-cb1a-41fa-a483-14e91f30ffb7 req-2398b5eb-cb1a-41fa-a483-14e91f30ffb7 ] Request (ServersNegativeTestJSON:test_create_server_from_non_bootable_volume): 202 POST http://10.180.1.21/volume/v3/0a3bc01b179047f8bb18a02a20322c96/volumes 0.191s
2025-03-11 12:03:26.298 70100 INFO tempest.lib.common.rest_client [req-c6c02d84-de2b-4b61-a72f-7e3b7de864cd req-c6c02d84-de2b-4b61-a72f-7e3b7de864cd ] Request (ServersNegativeTestJSON:test_create_server_from_non_bootable_volume): 200 GET http://10.180.1.21/volume/v3/0a3bc01b179047f8bb18a02a20322c96/volumes/cb0a11de-57de-4154-a96c-4727817dcecf 0.033s
2025-03-11 12:03:26.304 70074 INFO tempest.lib.common.rest_client [req-bc95ff6f-65f5-4825-829f-4373d2b36413 req-bc95ff6f-65f5-4825-829f-4373d2b36413 ] Request (ListImagesTestJSON:setUpClass): 201 POST http://10.180.1.21/identity/v3/auth/tokens 0.098s
2025-03-11 12:03:26.382 70060 INFO tempest.lib.common.rest_client [req-e53c6fa1-e8d4-49eb-81af-f0a8ecd42fec req-e53c6fa1-e8d4-49eb-81af-f0a8ecd42fec ] Request (FloatingIPsAssociationTestJSON:setUpClass): 200 GET http://10.180.1.21/compute/v2.1/servers/a4f581c4-99c4-4f3c-af62-8b652d31e4fd 1.300s
2025-03-11 12:03:26.395 70060 INFO tempest.common.waiters [-] State transition "BUILD/spawning" ==> "ACTIVE/None" after 102 second wait
2025-03-11 12:03:26.462 70088 INFO tempest.lib.common.rest_client [req-14310596-33b5-425a-afeb-744ea13a9659 req-14310596-33b5-425a-afeb-744ea13a9659 ] Request (ServersTestJSON:setUpClass): 200 GET http://10.180.1.21/compute/v2.1/servers/968387b7-022b-45b7-b8cb-fa1a763bc5fc 1.324s
2025-03-11 12:03:26.508 70086 INFO tempest.lib.common.rest_client [req-f729727a-a598-4032-9254-0431b7dde5bc req-f729727a-a598-4032-9254-0431b7dde5bc ] Request (HypervisorAdminV253TestBase:tearDownClass): 200 GET http://10.180.1.21:9696/networking/v2.0/security-groups?tenant_id=7c47f0994d1b426ba669608ae7611108&name=default 0.256s
2025-03-11 12:03:26.536 70066 INFO tempest.lib.common.rest_client [req-dd3340c8-a390-4016-aa7f-7fd836656d04 req-dd3340c8-a390-4016-aa7f-7fd836656d04 ] Request (ServerDiagnosticsV248Test:tearDownClass): 200 GET http://10.180.1.21/compute/v2.1/servers/6d7766ae-714c-4682-98e0-6b1bb93130e3 1.373s
2025-03-11 12:03:26.586 70106 INFO tempest.lib.common.rest_client [req-92c9f00b-26af-4a7c-8cf2-bd574fbb3c1c req-92c9f00b-26af-4a7c-8cf2-bd574fbb3c1c ] Request (InstanceActionsV221TestJSON:test_get_list_deleted_instance_actions): 200 GET http://10.180.1.21/compute/v2.1/servers/0e14bbde-e6fa-47d8-b4dd-fc20a8d97bf9 1.386s
2025-03-11 12:03:26.644 70086 INFO tempest.lib.common.rest_client [req-2f586b7d-72b5-4c5b-b513-c1739596a92e req-2f586b7d-72b5-4c5b-b513-c1739596a92e ] Request (HypervisorAdminV253TestBase:tearDownClass): 204 DELETE http://10.180.1.21:9696/networking/v2.0/security-groups/86b71ebc-4a76-45be-926c-15d58175a3ae 0.135s
2025-03-11 12:03:26.647 70070 INFO tempest.lib.common.rest_client [req-fdee7652-f2fb-4aa2-8c54-662cb6d1b885 req-fdee7652-f2fb-4aa2-8c54-662cb6d1b885 ] Request (ServersAdminNegativeTestJSON:tearDownClass): 200 GET http://10.180.1.21/compute/v2.1/servers/7f22d2fc-5d54-4674-897a-14fce7db8db6 1.418s
2025-03-11 12:03:26.712 70082 INFO tempest.lib.common.rest_client [req-443dbca0-87c9-42c5-bd2f-f39e763f3749 req-443dbca0-87c9-42c5-bd2f-f39e763f3749 ] Request (ImagesTestJSON:test_create_server_from_snapshot): 200 GET http://10.180.1.21/compute/v2.1/servers/52552c49-e12a-4c8c-bc89-d993d310e83b 1.461s
2025-03-11 12:03:26.788 70086 INFO tempest.lib.common.rest_client [req-24cdc517-c199-4c84-b178-b783b57e6b8f req-24cdc517-c199-4c84-b178-b783b57e6b8f ] Request (HypervisorAdminV253TestBase:tearDownClass): 204 DELETE http://10.180.1.21/identity/v3/projects/7c47f0994d1b426ba669608ae7611108 0.143s
2025-03-11 12:03:26.903 70086 INFO tempest.lib.common.rest_client [req-6f756053-a9ba-4ebd-853c-6c663964e839 req-6f756053-a9ba-4ebd-853c-6c663964e839 ] Request (TenantUsagesNegativeTestJSON:setUpClass): 201 POST http://10.180.1.21/identity/v3/auth/tokens 0.114s
2025-03-11 12:03:26.950 70110 INFO tempest.lib.common.rest_client [req-f45782e3-9b42-4410-bff8-7237331fff03 req-f45782e3-9b42-4410-bff8-7237331fff03 ] Request (ListServerFiltersTestJSON:tearDownClass): 200 GET http://10.180.1.21/compute/v2.1/servers/c8608e53-fb3e-4381-81fc-61b0ce6673fc 1.654s
2025-03-11 12:03:26.952 70086 INFO tempest.lib.common.rest_client [req-10cdcbde-adfe-4166-a0e5-162f41475727 req-10cdcbde-adfe-4166-a0e5-162f41475727 ] Request (TenantUsagesNegativeTestJSON:setUpClass): 201 POST http://10.180.1.21/identity/v3/auth/tokens 0.038s
2025-03-11 12:03:27.005 70086 INFO tempest.lib.common.rest_client [req-39d8d10d-04d3-48dc-a87a-cec2fcad489c req-39d8d10d-04d3-48dc-a87a-cec2fcad489c ] Request (TenantUsagesNegativeTestJSON:setUpClass): 200 GET http://10.180.1.21/identity/v3/domains?name=Default 0.052s
2025-03-11 12:03:27.044 70086 INFO tempest.lib.common.rest_client [req-49b4799d-abaf-4df2-b14c-299f45c831c1 req-49b4799d-abaf-4df2-b14c-299f45c831c1 ] Request (TenantUsagesNegativeTestJSON:setUpClass): 201 POST http://10.180.1.21/identity/v3/projects 0.039s
2025-03-11 12:03:27.050 70104 INFO tempest.lib.common.rest_client [req-fbceb430-3195-4771-acf0-ec455068014e req-fbceb430-3195-4771-acf0-ec455068014e ] Request (MigrationsAdminTest:test_resize_server_revert_deleted_flavor): 200 GET http://10.180.1.21/compute/v2.1/servers/0f70088e-a222-4601-ac70-89c8145daaee 1.719s
2025-03-11 12:03:27.113 70092 INFO tempest.lib.common.rest_client [req-0dbaa358-f8f0-45e0-a952-f61003321347 req-0dbaa358-f8f0-45e0-a952-f61003321347 ] Request (ListImageFiltersTestJSON:test_list_images_with_detail_filter_by_type): 200 GET http://10.180.1.21/compute/v2.1/images/detail?type=snapshot 1.768s
2025-03-11 12:03:27.118 70086 INFO tempest.lib.common.rest_client [req-2bdbabcb-aaf3-4639-a602-461a83223a24 req-2bdbabcb-aaf3-4639-a602-461a83223a24 ] Request (TenantUsagesNegativeTestJSON:setUpClass): 201 POST http://10.180.1.21/identity/v3/users 0.072s
2025-03-11 12:03:27.135 70086 INFO tempest.lib.common.rest_client [req-2aff1bfc-f170-4fd4-a02c-8bcbd08237db req-2aff1bfc-f170-4fd4-a02c-8bcbd08237db ] Request (TenantUsagesNegativeTestJSON:setUpClass): 200 GET http://10.180.1.21/identity/v3/roles 0.017s
2025-03-11 12:03:27.163 70086 INFO tempest.lib.common.rest_client [req-9dd78057-cb29-4a20-8409-63e4c13b31fb req-9dd78057-cb29-4a20-8409-63e4c13b31fb ] Request (TenantUsagesNegativeTestJSON:setUpClass): 204 PUT http://10.180.1.21/identity/v3/projects/431d340cf84d434796b34fd438393dcf/users/6751cc93e5654574825d9a811157e726/roles/93b9dcaa51434b8db33828660ea8682c 0.027s
2025-03-11 12:03:27.164 70086 INFO tempest.lib.common.dynamic_creds [-] Dynamic test user 6751cc93e5654574825d9a811157e726 is created with scope project and roles: ['member']
2025-03-11 12:03:27.164 70086 INFO tempest.lib.common.dynamic_creds [-] Acquired dynamic creds: credentials: Credentials: {'domain_id': 'default', 'domain_name': 'Default', 'username': 'tempest-TenantUsagesNegativeTestJSON-1649984644-project-member', 'project_domain_id': 'default', 'project_domain_name': 'Default', 'project_id': '431d340cf84d434796b34fd438393dcf', 'project_name': 'tempest-TenantUsagesNegativeTestJSON-1649984644', 'tenant_id': '431d340cf84d434796b34fd438393dcf', 'tenant_name': 'tempest-TenantUsagesNegativeTestJSON-1649984644', 'user_domain_id': 'default', 'user_domain_name': 'Default', 'user_id': '6751cc93e5654574825d9a811157e726', 'system': None}, Network: None, Subnet: None, Router: None
2025-03-11 12:03:27.164 70086 INFO tempest.lib.common.dynamic_creds [-] Created isolated network resources for: credentials: Credentials: {'domain_id': 'default', 'domain_name': 'Default', 'username': 'tempest-TenantUsagesNegativeTestJSON-1649984644-project-member', 'project_domain_id': 'default', 'project_domain_name': 'Default', 'project_id': '431d340cf84d434796b34fd438393dcf', 'project_name': 'tempest-TenantUsagesNegativeTestJSON-1649984644', 'tenant_id': '431d340cf84d434796b34fd438393dcf', 'tenant_name': 'tempest-TenantUsagesNegativeTestJSON-1649984644', 'user_domain_id': 'default', 'user_domain_name': 'Default', 'user_id': '6751cc93e5654574825d9a811157e726', 'system': None}, Network: None, Subnet: None, Router: None
2025-03-11 12:03:27.199 70084 INFO tempest.lib.common.rest_client [req-46d2a367-bd6f-4e32-a7e2-3441e474ec90 req-46d2a367-bd6f-4e32-a7e2-3441e474ec90 ] Request (ImagesOneServerNegativeTestJSON:_run_cleanups): 200 GET http://10.180.1.21/compute/v2.1/servers/179d5fcd-8138-4dab-b749-fe78eddb5e03 1.530s
2025-03-11 12:03:27.250 70086 INFO tempest.lib.common.rest_client [req-f8ecbf40-0c07-4f89-b097-4c2dfb53c9a9 req-f8ecbf40-0c07-4f89-b097-4c2dfb53c9a9 ] Request (TenantUsagesNegativeTestJSON:setUpClass): 201 POST http://10.180.1.21/identity/v3/auth/tokens 0.082s
2025-03-11 12:03:27.324 70086 INFO tempest.lib.common.rest_client [req-593fa0bf-08d4-4e5a-a4b0-3f241b8dd9b8 req-593fa0bf-08d4-4e5a-a4b0-3f241b8dd9b8 ] Request (TenantUsagesNegativeTestJSON:setUpClass): 201 POST http://10.180.1.21/identity/v3/projects 0.073s
2025-03-11 12:03:27.337 70100 INFO tempest.lib.common.rest_client [req-7f452a6e-cb5c-4848-b095-54db473c99f8 req-7f452a6e-cb5c-4848-b095-54db473c99f8 ] Request (ServersNegativeTestJSON:test_create_server_from_non_bootable_volume): 200 GET http://10.180.1.21/volume/v3/0a3bc01b179047f8bb18a02a20322c96/volumes/cb0a11de-57de-4154-a96c-4727817dcecf 0.029s
2025-03-11 12:03:27.344 70100 INFO tempest.common.waiters [-] volume cb0a11de-57de-4154-a96c-4727817dcecf reached available after waiting for 1.344383 seconds
2025-03-11 12:03:27.380 70100 INFO tempest.lib.common.rest_client [req-bff3707c-e78c-44e5-b254-244e98e2a383 req-bff3707c-e78c-44e5-b254-244e98e2a383 ] Request (ServersNegativeTestJSON:test_create_server_from_non_bootable_volume): 200 POST http://10.180.1.21/volume/v3/0a3bc01b179047f8bb18a02a20322c96/volumes/cb0a11de-57de-4154-a96c-4727817dcecf/action 0.035s
2025-03-11 12:03:27.408 70100 INFO tempest.lib.common.rest_client [req-15f566bb-9f0b-4a0b-99d4-674644daa480 req-15f566bb-9f0b-4a0b-99d4-674644daa480 ] Request (ServersNegativeTestJSON:test_create_server_from_non_bootable_volume): 200 GET http://10.180.1.21/volume/v3/0a3bc01b179047f8bb18a02a20322c96/volumes/cb0a11de-57de-4154-a96c-4727817dcecf 0.028s
2025-03-11 12:03:27.417 70053 INFO tempest.lib.common.rest_client [req-c969bd1d-4bbc-42f8-a685-e872b852dbe4 req-c969bd1d-4bbc-42f8-a685-e872b852dbe4 ] Request (ServerRescueTestJSONUnderV235:test_rescued_vm_associate_dissociate_floating_ip): 202 POST http://10.180.1.21/compute/v2.1/servers/d3c7d1bc-f920-4075-9eab-7b026bc0c5ea/action 2.367s
2025-03-11 12:03:27.418 70086 INFO tempest.lib.common.rest_client [req-568085dd-5f9f-48e1-8cab-19ff5a71bc03 req-568085dd-5f9f-48e1-8cab-19ff5a71bc03 ] Request (TenantUsagesNegativeTestJSON:setUpClass): 201 POST http://10.180.1.21/identity/v3/users 0.094s
2025-03-11 12:03:27.444 70086 INFO tempest.lib.common.rest_client [req-6a601483-f8a1-4fa7-baef-9b3879b417da req-6a601483-f8a1-4fa7-baef-9b3879b417da ] Request (TenantUsagesNegativeTestJSON:setUpClass): 200 GET http://10.180.1.21/identity/v3/roles 0.025s
2025-03-11 12:03:27.478 70086 INFO tempest.lib.common.rest_client [req-5ab23a2f-c338-4b39-b7ad-cb3d2bcd6acf req-5ab23a2f-c338-4b39-b7ad-cb3d2bcd6acf ] Request (TenantUsagesNegativeTestJSON:setUpClass): 204 PUT http://10.180.1.21/identity/v3/projects/76242fb5048a4fe4a7fa56f2266da976/users/3dba43fd7af944a28314327e457861ac/roles/cd271e66c2ba44138a2880e9b1ac39aa 0.033s
2025-03-11 12:03:27.488 70058 INFO tempest.lib.common.rest_client [req-ea210ae4-864b-4796-b162-51c0ceff7ab5 req-ea210ae4-864b-4796-b162-51c0ceff7ab5 ] Request (MultipleCreateTestJSON:test_multiple_create): 200 GET http://10.180.1.21/compute/v2.1/servers/e1256bbf-2bbe-4030-862a-c27bbd598c8b 1.296s
2025-03-11 12:03:27.493 70100 INFO tempest.lib.common.rest_client [req-77cbcc56-f6c4-47f3-8f1c-007d93d59f0a req-77cbcc56-f6c4-47f3-8f1c-007d93d59f0a ] Request (ServersNegativeTestJSON:test_create_server_from_non_bootable_volume): 201 POST http://10.180.1.21/identity/v3/auth/tokens 0.075s
2025-03-11 12:03:27.494 70100 INFO tempest.lib.common.fixed_network [-] (ServersNegativeTestJSON:test_create_server_from_non_bootable_volume) Found network {'id': '24def799-e623-4c90-99e6-11cde06f917b', 'name': 'tempest-ServersNegativeTestJSON-1392422648-network', 'tenant_id': '0a3bc01b179047f8bb18a02a20322c96', 'admin_state_up': True, 'mtu': 8950, 'status': 'ACTIVE', 'subnets': [], 'shared': False, 'project_id': '0a3bc01b179047f8bb18a02a20322c96', 'port_security_enabled': True, 'router:external': False, 'provider:network_type': 'vlan', 'provider:physical_network': 'default', 'provider:segmentation_id': 944, 'is_default': False, 'availability_zone_hints': [], 'availability_zones': [], 'ipv4_address_scope': None, 'ipv6_address_scope': None, 'description': '', 'tags': [], 'created_at': '2025-03-11T12:00:30Z', 'updated_at': '2025-03-11T12:00:30Z', 'revision_number': 1} available for tenant
2025-03-11 12:03:27.498 70058 INFO tempest.common.waiters [-] State transition "BUILD/spawning" ==> "ACTIVE/None" after 6 second wait
2025-03-11 12:03:27.536 70086 INFO tempest.lib.common.rest_client [req-4374e135-14b9-414e-9aca-8f0b7da54833 req-4374e135-14b9-414e-9aca-8f0b7da54833 ] Request (TenantUsagesNegativeTestJSON:setUpClass): 200 GET http://10.180.1.21/identity/v3/roles 0.058s
2025-03-11 12:03:27.557 70086 INFO tempest.lib.common.rest_client [req-d3e2d78b-2aef-4afd-a588-9495094d9d76 req-d3e2d78b-2aef-4afd-a588-9495094d9d76 ] Request (TenantUsagesNegativeTestJSON:setUpClass): 204 PUT http://10.180.1.21/identity/v3/projects/76242fb5048a4fe4a7fa56f2266da976/users/3dba43fd7af944a28314327e457861ac/roles/cd271e66c2ba44138a2880e9b1ac39aa 0.020s
2025-03-11 12:03:27.557 70086 INFO tempest.lib.common.dynamic_creds [-] Dynamic test user 3dba43fd7af944a28314327e457861ac is created with scope project and roles: ['admin']
2025-03-11 12:03:27.557 70086 INFO tempest.lib.common.dynamic_creds [-] Acquired dynamic creds: credentials: Credentials: {'domain_id': 'default', 'domain_name': 'Default', 'username': 'tempest-TenantUsagesNegativeTestJSON-1675416933-project-admin', 'project_domain_id': 'default', 'project_domain_name': 'Default', 'project_id': '76242fb5048a4fe4a7fa56f2266da976', 'project_name': 'tempest-TenantUsagesNegativeTestJSON-1675416933', 'tenant_id': '76242fb5048a4fe4a7fa56f2266da976', 'tenant_name': 'tempest-TenantUsagesNegativeTestJSON-1675416933', 'user_domain_id': 'default', 'user_domain_name': 'Default', 'user_id': '3dba43fd7af944a28314327e457861ac', 'system': None}, Network: None, Subnet: None, Router: None
2025-03-11 12:03:27.557 70086 INFO tempest.lib.common.dynamic_creds [-] Created isolated network resources for: credentials: Credentials: {'domain_id': 'default', 'domain_name': 'Default', 'username': 'tempest-TenantUsagesNegativeTestJSON-1675416933-project-admin', 'project_domain_id': 'default', 'project_domain_name': 'Default', 'project_id': '76242fb5048a4fe4a7fa56f2266da976', 'project_name': 'tempest-TenantUsagesNegativeTestJSON-1675416933', 'tenant_id': '76242fb5048a4fe4a7fa56f2266da976', 'tenant_name': 'tempest-TenantUsagesNegativeTestJSON-1675416933', 'user_domain_id': 'default', 'user_domain_name': 'Default', 'user_id': '3dba43fd7af944a28314327e457861ac', 'system': None}, Network: None, Subnet: None, Router: None
2025-03-11 12:03:27.572 70055 INFO tempest.lib.common.rest_client [req-91888734-293f-45c4-9bb8-43cde46c9e0d req-91888734-293f-45c4-9bb8-43cde46c9e0d ] Request (ServersTestBootFromVolume:tearDownClass): 200 GET http://10.180.1.21/compute/v2.1/servers/b5743a22-1e77-4c65-81b2-6d0044397b27 1.315s
2025-03-11 12:03:27.585 70064 INFO tempest.lib.common.rest_client [req-cf966667-cd34-41bc-8fca-03ec664c3372 req-cf966667-cd34-41bc-8fca-03ec664c3372 ] Request (ServersTestManualDisk:setUpClass): 200 GET http://10.180.1.21/compute/v2.1/servers/56c1c64a-d6b9-4d42-a0d9-59046d855df2 1.368s
2025-03-11 12:03:27.643 70086 INFO tempest.lib.common.rest_client [req-e653fcae-3c5c-4e92-b8b6-e271f4d54717 req-e653fcae-3c5c-4e92-b8b6-e271f4d54717 ] Request (TenantUsagesNegativeTestJSON:setUpClass): 201 POST http://10.180.1.21/identity/v3/auth/tokens 0.083s
2025-03-11 12:03:27.748 70074 INFO tempest.lib.common.rest_client [req-20502239-c488-433a-9605-1630e3d94522 req-20502239-c488-433a-9605-1630e3d94522 ] Request (ListImagesTestJSON:test_get_image): 200 GET http://10.180.1.21/compute/v2.1/images/bc67923c-a7ec-49f4-a86d-7801bbfb3c2a 1.441s
2025-03-11 12:03:27.822 70102 INFO tempest.lib.common.rest_client [req-cc31576d-3312-486b-87c2-74540f1afadd req-cc31576d-3312-486b-87c2-74540f1afadd ] Request (ServersNegativeTestMultiTenantJSON:tearDownClass): 200 GET http://10.180.1.21/compute/v2.1/servers/a8681ee8-b89d-47d4-a57d-0cbbe3a9b088 1.404s
2025-03-11 12:03:28.030 70076 INFO tempest.lib.common.rest_client [req-11008d5b-1f62-4f03-8c35-9e947d0c7303 req-11008d5b-1f62-4f03-8c35-9e947d0c7303 ] Request (ServerTagsTestJSON:setUpClass): 200 GET http://10.180.1.21/compute/v2.1/servers/015724cf-8e8c-42b9-b2c9-875978cc6135 1.540s
2025-03-11 12:03:28.105 70112 INFO tempest.lib.common.rest_client [req-4bee41e2-0600-4d90-87d4-d117169e088a req-4bee41e2-0600-4d90-87d4-d117169e088a ] Request (ServersAdminTestJSON:test_inject_network_info): 200 GET http://10.180.1.21/compute/v2.1/servers/94fb5886-1086-4a6a-b3cd-86e9b82a6088 1.520s
2025-03-11 12:03:28.112 70112 INFO tempest.common.waiters [-] State transition "BUILD/scheduling" ==> "BUILD/None" after 37 second wait
2025-03-11 12:03:28.250 70068 INFO tempest.lib.common.rest_client [req-c5ea8d79-608d-49b0-8392-c666d1f6619f req-c5ea8d79-608d-49b0-8392-c666d1f6619f ] Request (ServersTestMultiNic:test_verify_multiple_nics_order): 200 GET http://10.180.1.21/compute/v2.1/servers/c2853410-f479-41b7-b11d-232b12e18727 1.629s
2025-03-11 12:03:28.258 70068 INFO tempest.common.waiters [-] State transition "BUILD/block_device_mapping" ==> "BUILD/spawning" after 85 second wait
2025-03-11 12:03:28.380 70078 INFO tempest.lib.common.rest_client [req-1882c79a-2135-4f23-a54d-f91bc5f81b97 req-1882c79a-2135-4f23-a54d-f91bc5f81b97 ] Request (SecurityGroupsTestJSON:test_list_security_groups_by_server): 200 GET http://10.180.1.21/compute/v2.1/servers/21b4cbce-58e9-4251-b788-e4f98a1ed19d 1.715s
2025-03-11 12:03:28.390 70078 INFO tempest.common.waiters [-] State transition "BUILD/None" ==> "BUILD/spawning" after 79 second wait
2025-03-11 12:03:28.420 70060 INFO tempest.lib.common.rest_client [req-e86bd10e-2cef-40e6-8870-4125c8fbc566 req-e86bd10e-2cef-40e6-8870-4125c8fbc566 ] Request (FloatingIPsAssociationTestJSON:setUpClass): 200 POST http://10.180.1.21/compute/v2.1/os-floating-ips 2.024s
2025-03-11 12:03:28.429 70090 INFO tempest.lib.common.rest_client [req-bf93c840-709c-4825-8eef-7f994320a396 req-bf93c840-709c-4825-8eef-7f994320a396 ] Request (ServersWithSpecificFlavorTestJSON:test_verify_created_server_ephemeral_disk): 200 GET http://10.180.1.21/compute/v2.1/servers/e59742b5-1885-4318-97af-4942683b46b2 1.758s
2025-03-11 12:03:28.480 70114 INFO tempest.lib.common.rest_client [req-03871aa4-0c8e-4322-acb6-7f7323503cbe req-03871aa4-0c8e-4322-acb6-7f7323503cbe ] Request (ServerRescueTestJSON:test_rescue_unrescue_instance): 200 GET http://10.180.1.21/compute/v2.1/servers/98a135c0-cf81-47f5-9d45-90732b93d6fb 1.677s
2025-03-11 12:03:28.488 70062 INFO tempest.lib.common.rest_client [req-0e6d1e50-05dd-4459-8181-ff8f61c86a4d req-0e6d1e50-05dd-4459-8181-ff8f61c86a4d ] Request (ServerMetadataTestJSON:setUpClass): 200 GET http://10.180.1.21/compute/v2.1/servers/29666b1e-167f-4d48-be50-700addfc8b8d 1.749s
2025-03-11 12:03:28.497 70060 INFO tempest.lib.common.rest_client [req-64d6a0b9-1df6-4c98-b420-230f03a8a487 req-64d6a0b9-1df6-4c98-b420-230f03a8a487 ] Request (FloatingIPsAssociationTestJSON:test_associate_already_associated_floating_ip): 201 POST http://10.180.1.21/identity/v3/auth/tokens 0.071s
2025-03-11 12:03:28.498 70060 INFO tempest.lib.common.fixed_network [-] (FloatingIPsAssociationTestJSON:test_associate_already_associated_floating_ip) Found network {'id': '6ffd6812-bd73-4edb-987c-629f5187c502', 'name': 'tempest-FloatingIPsAssociationTestJSON-809570550-network', 'tenant_id': 'cff73e9fe9d04a0f8fe0a29393c6e4ea', 'admin_state_up': True, 'mtu': 8950, 'status': 'ACTIVE', 'subnets': [], 'shared': False, 'project_id': 'cff73e9fe9d04a0f8fe0a29393c6e4ea', 'port_security_enabled': True, 'router:external': False, 'provider:network_type': 'vlan', 'provider:physical_network': 'default', 'provider:segmentation_id': 65, 'is_default': False, 'availability_zone_hints': [], 'availability_zones': [], 'ipv4_address_scope': None, 'ipv6_address_scope': None, 'description': '', 'tags': [], 'created_at': '2025-03-11T12:01:37Z', 'updated_at': '2025-03-11T12:01:37Z', 'revision_number': 1} available for tenant
2025-03-11 12:03:28.545 70108 INFO tempest.lib.common.rest_client [req-ecb3c2d7-321b-4626-b619-50a9130949d0 req-ecb3c2d7-321b-4626-b619-50a9130949d0 ] Request (ServersListShow296Test:test_list_show_update_rebuild_server_296): 200 GET http://10.180.1.21/compute/v2.1/servers/a02e248c-ebe7-4cef-937a-f6e12675d008 1.527s
2025-03-11 12:03:28.583 70092 INFO tempest.lib.common.rest_client [req-cc9b8cbc-06c1-4826-926f-025cceda5108 req-cc9b8cbc-06c1-4826-926f-025cceda5108 ] Request (ListImageFiltersTestJSON:test_list_images_with_detail_filter_by_type): 200 GET http://10.180.1.21/compute/v2.1/images/bc67923c-a7ec-49f4-a86d-7801bbfb3c2a 1.463s
2025-03-11 12:03:28.584 70098 INFO tempest.lib.common.rest_client [req-56d71ba1-7d59-4c90-84ba-7264423b7f28 req-56d71ba1-7d59-4c90-84ba-7264423b7f28 ] Request (AttachVolumeShelveTestJSON:test_attach_volume_shelved_or_offload_server): 200 GET http://10.180.1.21/compute/v2.1/servers/edb40602-5bcb-4ac1-ba12-98adedc7e022 1.667s
2025-03-11 12:03:28.593 70098 INFO tempest.common.waiters [-] State transition "SHELVED/shelving_offloading" ==> "SHELVED_OFFLOADED/None" after 25 second wait
2025-03-11 12:03:28.633 70088 INFO tempest.lib.common.rest_client [req-c625b02b-0b94-4280-98ef-8d4b0404036d req-c625b02b-0b94-4280-98ef-8d4b0404036d ] Request (ServersTestJSON:setUpClass): 200 GET http://10.180.1.21/compute/v2.1/servers/968387b7-022b-45b7-b8cb-fa1a763bc5fc 1.156s
2025-03-11 12:03:28.641 70088 INFO tempest.common.waiters [-] State transition "BUILD/scheduling" ==> "BUILD/None" after 39 second wait
2025-03-11 12:03:28.687 70100 INFO tempest.lib.common.rest_client [req-9065a79d-db2d-4dbb-bef9-be2b1fd43fed req-9065a79d-db2d-4dbb-bef9-be2b1fd43fed ] Request (ServersNegativeTestJSON:test_create_server_from_non_bootable_volume): 400 POST http://10.180.1.21/compute/v2.1/servers 1.193s
