2025-03-11 12:03:28.768 70058 INFO tempest.lib.common.rest_client [req-83341ad8-6612-4cea-bdf4-c776f4381d9c req-83341ad8-6612-4cea-bdf4-c776f4381d9c ] Request (MultipleCreateTestJSON:_run_cleanups): 204 DELETE http://10.180.1.21/compute/v2.1/servers/e1256bbf-2bbe-4030-862a-c27bbd598c8b 1.269s
2025-03-11 12:03:28.827 70066 INFO tempest.lib.common.rest_client [req-445d1c60-439a-4253-8d6c-f36f550e5603 req-445d1c60-439a-4253-8d6c-f36f550e5603 ] Request (ServerDiagnosticsV248Test:tearDownClass): 200 GET http://10.180.1.21/compute/v2.1/servers/6d7766ae-714c-4682-98e0-6b1bb93130e3 1.281s
2025-03-11 12:03:28.880 70106 INFO tempest.lib.common.rest_client [req-5e5dc601-83c4-4b71-a02a-da5211f28bd4 req-5e5dc601-83c4-4b71-a02a-da5211f28bd4 ] Request (InstanceActionsV221TestJSON:test_get_list_deleted_instance_actions): 200 GET http://10.180.1.21/compute/v2.1/servers/0e14bbde-e6fa-47d8-b4dd-fc20a8d97bf9 1.284s
2025-03-11 12:03:28.909 70086 INFO tempest.lib.common.rest_client [req-35680bd4-c27c-42a8-a420-fc91feaf603d req-35680bd4-c27c-42a8-a420-fc91feaf603d ] Request (TenantUsagesNegativeTestJSON:test_get_usage_tenant_with_empty_tenant_id): 404 GET http://10.180.1.21/compute/v2.1/os-simple-tenant-usage/?start=2025-03-10T12%3A03%3A27.643833&end=2025-03-12T12%3A03%3A27.643833 1.264s
2025-03-11 12:03:28.910 70086 WARNING tempest.lib.common.rest_client [-] Deprecated: "tenant_id" property is deprecated for removal, use "project_id" instead
2025-03-11 12:03:28.974 70070 INFO tempest.lib.common.rest_client [req-8f5884aa-b958-4ae5-8e6e-93369d4fb69f req-8f5884aa-b958-4ae5-8e6e-93369d4fb69f ] Request (ServersAdminNegativeTestJSON:tearDownClass): 200 GET http://10.180.1.21/compute/v2.1/servers/7f22d2fc-5d54-4674-897a-14fce7db8db6 1.320s
2025-03-11 12:03:29.046 70082 INFO tempest.lib.common.rest_client [req-69e5cf5f-1f33-4fb5-8ce0-53c2afb7b722 req-69e5cf5f-1f33-4fb5-8ce0-53c2afb7b722 ] Request (ImagesTestJSON:test_create_server_from_snapshot): 200 GET http://10.180.1.21/compute/v2.1/servers/52552c49-e12a-4c8c-bc89-d993d310e83b 1.318s
2025-03-11 12:03:29.115 70074 INFO tempest.lib.common.rest_client [req-dda0cd81-6a88-4e8a-a658-7587d2145480 req-dda0cd81-6a88-4e8a-a658-7587d2145480 ] Request (ListImagesTestJSON:test_list_images): 200 GET http://10.180.1.21/compute/v2.1/images 1.361s
2025-03-11 12:03:29.173 70110 INFO tempest.lib.common.rest_client [req-07026fa0-3721-44e2-98c6-6c56ed1ce772 req-07026fa0-3721-44e2-98c6-6c56ed1ce772 ] Request (ListServerFiltersTestJSON:tearDownClass): 200 GET http://10.180.1.21/compute/v2.1/servers/c8608e53-fb3e-4381-81fc-61b0ce6673fc 1.210s
2025-03-11 12:03:29.180 70110 INFO tempest.common.waiters [-] State transition "ACTIVE/deleting" ==> "DELETED/None" after 3 second wait
2025-03-11 12:03:29.218 70104 INFO tempest.lib.common.rest_client [req-364300b5-ff94-4107-a982-4d85e95a500e req-364300b5-ff94-4107-a982-4d85e95a500e ] Request (MigrationsAdminTest:test_resize_server_revert_deleted_flavor): 200 GET http://10.180.1.21/compute/v2.1/servers/0f70088e-a222-4601-ac70-89c8145daaee 1.156s
2025-03-11 12:03:29.267 70084 INFO tempest.lib.common.rest_client [req-0ff62e03-415f-4e21-87ac-36c0efbde321 req-0ff62e03-415f-4e21-87ac-36c0efbde321 ] Request (ImagesOneServerNegativeTestJSON:_run_cleanups): 200 GET http://10.180.1.21/compute/v2.1/servers/179d5fcd-8138-4dab-b749-fe78eddb5e03 1.060s
2025-03-11 12:03:29.329 70053 INFO tempest.lib.common.rest_client [req-cf71ca63-18bb-4e67-ad6d-8b810ad14aaf req-cf71ca63-18bb-4e67-ad6d-8b810ad14aaf ] Request (ServerRescueTestJSONUnderV235:test_rescued_vm_associate_dissociate_floating_ip): 202 POST http://10.180.1.21/compute/v2.1/servers/d3c7d1bc-f920-4075-9eab-7b026bc0c5ea/action 1.911s
2025-03-11 12:03:29.390 70055 INFO tempest.lib.common.rest_client [req-925761bb-c0ab-42d2-a5b2-3c8796daa7c5 req-925761bb-c0ab-42d2-a5b2-3c8796daa7c5 ] Request (ServersTestBootFromVolume:tearDownClass): 200 GET http://10.180.1.21/compute/v2.1/servers/b5743a22-1e77-4c65-81b2-6d0044397b27 0.804s
2025-03-11 12:03:29.427 70092 INFO tempest.lib.common.rest_client [req-0899bcf8-5131-42cb-9f57-6b392609f9e6 req-0899bcf8-5131-42cb-9f57-6b392609f9e6 ] Request (ListImageFiltersTestJSON:test_list_images_with_detail_limit_results): 200 GET http://10.180.1.21/compute/v2.1/images/detail?limit=1 0.839s
2025-03-11 12:03:29.640 70098 INFO tempest.lib.common.rest_client [req-51861020-5585-4c4d-a147-cc43732663ae req-51861020-5585-4c4d-a147-cc43732663ae ] Request (AttachVolumeShelveTestJSON:test_attach_volume_shelved_or_offload_server): 200 POST http://10.180.1.21/compute/v2.1/servers/edb40602-5bcb-4ac1-ba12-98adedc7e022/os-volume_attachments 1.045s
2025-03-11 12:03:29.679 70098 INFO tempest.lib.common.rest_client [req-c8daa0b1-a57e-47be-a628-e1be965652c3 req-c8daa0b1-a57e-47be-a628-e1be965652c3 ] Request (AttachVolumeShelveTestJSON:test_attach_volume_shelved_or_offload_server): 200 GET http://10.180.1.21/volume/v3/0789788d239b4b92b1b08247e48a2d0d/volumes/4cebcdd1-77fa-4360-9081-d82104758232 0.037s
2025-03-11 12:03:29.687 70098 INFO tempest.common.waiters [-] Attachment 22ee0d29-2ddb-4842-8fc6-b35cbd720f2a created for volume 4cebcdd1-77fa-4360-9081-d82104758232 to server edb40602-5bcb-4ac1-ba12-98adedc7e022 after waiting for 0.687015 seconds
2025-03-11 12:03:29.715 70098 INFO tempest.lib.common.rest_client [req-2f8e5594-053c-4bde-8d97-7adb37d8afe7 req-2f8e5594-053c-4bde-8d97-7adb37d8afe7 ] Request (AttachVolumeShelveTestJSON:test_attach_volume_shelved_or_offload_server): 200 GET http://10.180.1.21/volume/v3/0789788d239b4b92b1b08247e48a2d0d/volumes/4cebcdd1-77fa-4360-9081-d82104758232 0.027s
2025-03-11 12:03:29.721 70098 INFO tempest.common.waiters [-] volume 4cebcdd1-77fa-4360-9081-d82104758232 reached in-use after waiting for 0.721863 seconds
2025-03-11 12:03:29.746 70060 INFO tempest.lib.common.rest_client [req-165c9b6d-7aba-449e-8af8-47ca5f20fa6a req-165c9b6d-7aba-449e-8af8-47ca5f20fa6a ] Request (FloatingIPsAssociationTestJSON:test_associate_already_associated_floating_ip): 202 POST http://10.180.1.21/compute/v2.1/servers 1.247s
2025-03-11 12:03:29.826 70064 INFO tempest.lib.common.rest_client [req-b107d441-bdfd-499f-9238-088631707723 req-b107d441-bdfd-499f-9238-088631707723 ] Request (ServersTestManualDisk:setUpClass): 200 GET http://10.180.1.21/compute/v2.1/servers/56c1c64a-d6b9-4d42-a0d9-59046d855df2 1.228s
2025-03-11 12:03:29.953 70058 INFO tempest.lib.common.rest_client [req-5c72dc5c-e4a3-46bd-8155-f93c79502e6b req-5c72dc5c-e4a3-46bd-8155-f93c79502e6b ] Request (MultipleCreateTestJSON:_run_cleanups): 204 DELETE http://10.180.1.21/compute/v2.1/servers/74a3276a-8166-4dbe-8b04-b811a7349105 1.185s
2025-03-11 12:03:29.991 70100 INFO tempest.lib.common.rest_client [req-0dc8d0b5-88ac-4f10-b364-b6425fb80681 req-0dc8d0b5-88ac-4f10-b364-b6425fb80681 ] Request (ServersNegativeTestJSON:tearDown): 200 GET http://10.180.1.21/compute/v2.1/servers/dffc357e-e3be-4243-8d9a-51a817cb27b5 1.303s
2025-03-11 12:03:29.999 70086 INFO tempest.lib.common.rest_client [req-89eb3b2d-01d4-4abc-9b90-960ffab0c12c req-89eb3b2d-01d4-4abc-9b90-960ffab0c12c ] Request (TenantUsagesNegativeTestJSON:test_get_usage_tenant_with_invalid_date): 400 GET http://10.180.1.21/compute/v2.1/os-simple-tenant-usage/431d340cf84d434796b34fd438393dcf?start=2025-03-12T12%3A03%3A27.643833&end=2025-03-10T12%3A03%3A27.643833 1.088s
2025-03-11 12:03:30.032 70102 INFO tempest.lib.common.rest_client [req-4b67d79f-2697-4a90-a8ae-7fd41148ab20 req-4b67d79f-2697-4a90-a8ae-7fd41148ab20 ] Request (ServersNegativeTestMultiTenantJSON:tearDownClass): 200 GET http://10.180.1.21/compute/v2.1/servers/a8681ee8-b89d-47d4-a57d-0cbbe3a9b088 1.199s
2025-03-11 12:03:30.088 70112 INFO tempest.lib.common.rest_client [req-5f72109f-978c-4a31-a381-a82f7380c465 req-5f72109f-978c-4a31-a381-a82f7380c465 ] Request (ServersAdminTestJSON:test_inject_network_info): 200 GET http://10.180.1.21/compute/v2.1/servers/94fb5886-1086-4a6a-b3cd-86e9b82a6088 0.975s
2025-03-11 12:03:30.136 70074 INFO tempest.lib.common.rest_client [req-1b37c917-12a5-444c-997d-51b2b7ea8992 req-1b37c917-12a5-444c-997d-51b2b7ea8992 ] Request (ListImagesTestJSON:test_list_images_with_detail): 200 GET http://10.180.1.21/compute/v2.1/images/detail 1.018s
2025-03-11 12:03:30.186 70076 INFO tempest.lib.common.rest_client [req-f95c5088-5663-4070-8cd8-aa55f6d10ba4 req-f95c5088-5663-4070-8cd8-aa55f6d10ba4 ] Request (ServerTagsTestJSON:setUpClass): 200 GET http://10.180.1.21/compute/v2.1/servers/015724cf-8e8c-42b9-b2c9-875978cc6135 1.145s
2025-03-11 12:03:30.196 70076 INFO tempest.common.waiters [-] State transition "BUILD/spawning" ==> "ACTIVE/None" after 93 second wait
2025-03-11 12:03:30.268 70074 INFO tempest.lib.common.rest_client [req-1741b1bf-1411-4d71-af0e-864ce738ac16 req-1741b1bf-1411-4d71-af0e-864ce738ac16 ] Request (ListImagesTestJSON:tearDownClass): 204 DELETE http://10.180.1.21/identity/v3/users/c6282e1524644fa2a7bc2edddbfd0c8b 0.126s
2025-03-11 12:03:30.268 70074 INFO tempest.lib.common.dynamic_creds [-] Deleting project and security group for project: 2a7a4850dffd41249b4ff2222f145a87
2025-03-11 12:03:30.322 70068 INFO tempest.lib.common.rest_client [req-4b605ca8-f138-41bd-a56b-b530a4b25043 req-4b605ca8-f138-41bd-a56b-b530a4b25043 ] Request (ServersTestMultiNic:test_verify_multiple_nics_order): 200 GET http://10.180.1.21/compute/v2.1/servers/c2853410-f479-41b7-b11d-232b12e18727 1.063s
2025-03-11 12:03:30.337 70074 INFO tempest.lib.common.rest_client [req-06627ad8-22aa-475e-8895-887b3215a981 req-06627ad8-22aa-475e-8895-887b3215a981 ] Request (ListImagesTestJSON:tearDownClass): 201 POST http://10.180.1.21/identity/v3/auth/tokens 0.068s
2025-03-11 12:03:30.469 70078 INFO tempest.lib.common.rest_client [req-8fbcdac7-07e5-4384-9677-0802d3b8150f req-8fbcdac7-07e5-4384-9677-0802d3b8150f ] Request (SecurityGroupsTestJSON:test_list_security_groups_by_server): 200 GET http://10.180.1.21/compute/v2.1/servers/21b4cbce-58e9-4251-b788-e4f98a1ed19d 1.078s
2025-03-11 12:03:30.538 70074 INFO tempest.lib.common.rest_client [req-734cc492-d710-4ae0-a179-34861687ca3c req-734cc492-d710-4ae0-a179-34861687ca3c ] Request (ListImagesTestJSON:tearDownClass): 200 GET http://10.180.1.21:9696/networking/v2.0/security-groups?tenant_id=2a7a4850dffd41249b4ff2222f145a87&name=default 0.200s
2025-03-11 12:03:30.591 70092 INFO tempest.lib.common.rest_client [req-c81774d2-35b6-4d66-89b4-0fb5faeeabc0 req-c81774d2-35b6-4d66-89b4-0fb5faeeabc0 ] Request (ListImageFiltersTestJSON:tearDownClass): 204 DELETE http://10.180.1.21/compute/v2.1/images/679273bf-89e9-4f44-9e57-32977d6d0224 1.154s
2025-03-11 12:03:30.642 70074 INFO tempest.lib.common.rest_client [req-b230fb43-141f-4040-8fa7-d0b57c2035e1 req-b230fb43-141f-4040-8fa7-d0b57c2035e1 ] Request (ListImagesTestJSON:tearDownClass): 204 DELETE http://10.180.1.21:9696/networking/v2.0/security-groups/6c21f7f4-f6da-4ad1-80f9-473624cf6c35 0.104s
2025-03-11 12:03:30.649 70090 INFO tempest.lib.common.rest_client [req-7e0d5524-6a3c-4817-b4ef-e87705781fcd req-7e0d5524-6a3c-4817-b4ef-e87705781fcd ] Request (ServersWithSpecificFlavorTestJSON:test_verify_created_server_ephemeral_disk): 200 GET http://10.180.1.21/compute/v2.1/servers/e59742b5-1885-4318-97af-4942683b46b2 1.210s
2025-03-11 12:03:30.704 70114 INFO tempest.lib.common.rest_client [req-bd03da9e-31d8-4676-b601-7a144d49ff3e req-bd03da9e-31d8-4676-b601-7a144d49ff3e ] Request (ServerRescueTestJSON:test_rescue_unrescue_instance): 200 GET http://10.180.1.21/compute/v2.1/servers/98a135c0-cf81-47f5-9d45-90732b93d6fb 1.216s
2025-03-11 12:03:30.728 70074 INFO tempest.lib.common.rest_client [req-d888c111-be33-495b-a7c9-8656f13a4500 req-d888c111-be33-495b-a7c9-8656f13a4500 ] Request (ListImagesTestJSON:tearDownClass): 204 DELETE http://10.180.1.21/identity/v3/projects/2a7a4850dffd41249b4ff2222f145a87 0.085s
2025-03-11 12:03:30.760 70062 INFO tempest.lib.common.rest_client [req-b0e21e6e-65fb-4ea8-8d32-8cf539e38b89 req-b0e21e6e-65fb-4ea8-8d32-8cf539e38b89 ] Request (ServerMetadataTestJSON:setUpClass): 200 GET http://10.180.1.21/compute/v2.1/servers/29666b1e-167f-4d48-be50-700addfc8b8d 1.263s
2025-03-11 12:03:30.803 70074 INFO tempest.lib.common.rest_client [req-809f93a6-571f-4d25-af53-e6dfe870c610 req-809f93a6-571f-4d25-af53-e6dfe870c610 ] Request (ServerActionsTestOtherA:setUpClass): 201 POST http://10.180.1.21/identity/v3/auth/tokens 0.073s
2025-03-11 12:03:30.833 70108 INFO tempest.lib.common.rest_client [req-508a23aa-1059-47a2-b1ce-ccccd6baece9 req-508a23aa-1059-47a2-b1ce-ccccd6baece9 ] Request (ServersListShow296Test:test_list_show_update_rebuild_server_296): 200 GET http://10.180.1.21/compute/v2.1/servers/a02e248c-ebe7-4cef-937a-f6e12675d008 1.278s
2025-03-11 12:03:30.846 70074 INFO tempest.lib.common.rest_client [req-c4c706d7-b3ff-4e0d-8411-ce81a1ed47cc req-c4c706d7-b3ff-4e0d-8411-ce81a1ed47cc ] Request (ServerActionsTestOtherA:setUpClass): 201 POST http://10.180.1.21/identity/v3/auth/tokens 0.041s
2025-03-11 12:03:30.877 70074 INFO tempest.lib.common.rest_client [req-b35d4b09-936f-482c-9d2e-f90edb93b42d req-b35d4b09-936f-482c-9d2e-f90edb93b42d ] Request (ServerActionsTestOtherA:setUpClass): 200 GET http://10.180.1.21/identity/v3/domains?name=Default 0.030s
2025-03-11 12:03:30.900 70088 INFO tempest.lib.common.rest_client [req-6b7e6e49-4ac7-462c-a445-3384dc6aa7c4 req-6b7e6e49-4ac7-462c-a445-3384dc6aa7c4 ] Request (ServersTestJSON:setUpClass): 200 GET http://10.180.1.21/compute/v2.1/servers/968387b7-022b-45b7-b8cb-fa1a763bc5fc 1.258s
2025-03-11 12:03:30.922 70074 INFO tempest.lib.common.rest_client [req-0d2253a7-9e7a-4c00-983d-4d5530217a78 req-0d2253a7-9e7a-4c00-983d-4d5530217a78 ] Request (ServerActionsTestOtherA:setUpClass): 201 POST http://10.180.1.21/identity/v3/projects 0.045s
2025-03-11 12:03:31.006 70074 INFO tempest.lib.common.rest_client [req-3200df8c-10f6-4f0f-9f4e-3cea52ef70e6 req-3200df8c-10f6-4f0f-9f4e-3cea52ef70e6 ] Request (ServerActionsTestOtherA:setUpClass): 201 POST http://10.180.1.21/identity/v3/users 0.083s
2025-03-11 12:03:31.010 70098 INFO tempest.lib.common.rest_client [req-dd566b23-a09c-4a13-8fc1-2bdf3cd5f872 req-dd566b23-a09c-4a13-8fc1-2bdf3cd5f872 ] Request (AttachVolumeShelveTestJSON:test_attach_volume_shelved_or_offload_server): 202 POST http://10.180.1.21/compute/v2.1/servers/edb40602-5bcb-4ac1-ba12-98adedc7e022/action 1.287s
2025-03-11 12:03:31.027 70074 INFO tempest.lib.common.rest_client [req-cb80c222-1b65-454f-8c20-4d90f9976876 req-cb80c222-1b65-454f-8c20-4d90f9976876 ] Request (ServerActionsTestOtherA:setUpClass): 200 GET http://10.180.1.21/identity/v3/roles 0.021s
2025-03-11 12:03:31.068 70074 INFO tempest.lib.common.rest_client [req-7210a914-a9d3-4db8-beed-024d663f8a18 req-7210a914-a9d3-4db8-beed-024d663f8a18 ] Request (ServerActionsTestOtherA:setUpClass): 204 PUT http://10.180.1.21/identity/v3/projects/27b8509db7f5415587445a4f88867af4/users/4e0ae0f507634caab2cbc9fa5aa4e83c/roles/93b9dcaa51434b8db33828660ea8682c 0.040s
2025-03-11 12:03:31.068 70074 INFO tempest.lib.common.dynamic_creds [-] Dynamic test user 4e0ae0f507634caab2cbc9fa5aa4e83c is created with scope project and roles: ['member']
2025-03-11 12:03:31.069 70074 INFO tempest.lib.common.dynamic_creds [-] Acquired dynamic creds: credentials: Credentials: {'domain_id': 'default', 'domain_name': 'Default', 'username': 'tempest-ServerActionsTestOtherA-506210539-project-member', 'project_domain_id': 'default', 'project_domain_name': 'Default', 'project_id': '27b8509db7f5415587445a4f88867af4', 'project_name': 'tempest-ServerActionsTestOtherA-506210539', 'tenant_id': '27b8509db7f5415587445a4f88867af4', 'tenant_name': 'tempest-ServerActionsTestOtherA-506210539', 'user_domain_id': 'default', 'user_domain_name': 'Default', 'user_id': '4e0ae0f507634caab2cbc9fa5aa4e83c', 'system': None}, Network: None, Subnet: None, Router: None
2025-03-11 12:03:31.071 70060 INFO tempest.lib.common.rest_client [req-fe5991e0-6b3e-4daa-8f9e-4e2c74fcd17b req-fe5991e0-6b3e-4daa-8f9e-4e2c74fcd17b ] Request (FloatingIPsAssociationTestJSON:test_associate_already_associated_floating_ip): 200 GET http://10.180.1.21/compute/v2.1/servers/edccf7a7-f512-4d7a-ae1a-08b3bd53f04c 1.322s
2025-03-11 12:03:31.141 70066 INFO tempest.lib.common.rest_client [req-47200d8b-1b04-4706-b483-3bbf882e60d8 req-47200d8b-1b04-4706-b483-3bbf882e60d8 ] Request (ServerDiagnosticsV248Test:tearDownClass): 200 GET http://10.180.1.21/compute/v2.1/servers/6d7766ae-714c-4682-98e0-6b1bb93130e3 1.303s
2025-03-11 12:03:31.148 70074 INFO tempest.lib.common.rest_client [req-52f69ed6-317d-4a0a-a016-e4e0d56c91ac req-52f69ed6-317d-4a0a-a016-e4e0d56c91ac ] Request (ServerActionsTestOtherA:setUpClass): 201 POST http://10.180.1.21/identity/v3/auth/tokens 0.079s
2025-03-11 12:03:31.195 70106 INFO tempest.lib.common.rest_client [req-4cd2062c-3e95-4802-869c-049d06b688bb req-4cd2062c-3e95-4802-869c-049d06b688bb ] Request (InstanceActionsV221TestJSON:test_get_list_deleted_instance_actions): 200 GET http://10.180.1.21/compute/v2.1/servers/0e14bbde-e6fa-47d8-b4dd-fc20a8d97bf9 1.303s
2025-03-11 12:03:31.320 70053 INFO tempest.lib.common.rest_client [req-85c80b2b-e87b-4c07-bb10-18e3d95c0ae7 req-85c80b2b-e87b-4c07-bb10-18e3d95c0ae7 ] Request (ServerRescueTestJSONUnderV235:_run_cleanups): 202 DELETE http://10.180.1.21/compute/v2.1/os-floating-ips/08712fbb-9bfd-44e1-9d5c-64a6ab5eab10 1.990s
2025-03-11 12:03:31.353 70058 INFO tempest.lib.common.rest_client [req-720b83b9-cf15-4dec-b069-6c1406f2af17 req-720b83b9-cf15-4dec-b069-6c1406f2af17 ] Request (MultipleCreateTestJSON:_run_cleanups): 200 GET http://10.180.1.21/compute/v2.1/servers/e1256bbf-2bbe-4030-862a-c27bbd598c8b 1.399s
2025-03-11 12:03:31.431 70070 INFO tempest.lib.common.rest_client [req-34fefef8-7571-4b10-8835-b9fc4f2a4f60 req-34fefef8-7571-4b10-8835-b9fc4f2a4f60 ] Request (ServersAdminNegativeTestJSON:tearDownClass): 200 GET http://10.180.1.21/compute/v2.1/servers/7f22d2fc-5d54-4674-897a-14fce7db8db6 1.450s
2025-03-11 12:03:31.492 70086 INFO tempest.lib.common.rest_client [req-706a3200-16f7-4128-a391-55dc108e586b req-706a3200-16f7-4128-a391-55dc108e586b ] Request (TenantUsagesNegativeTestJSON:test_list_usage_all_tenants_with_non_admin_user): 403 GET http://10.180.1.21/compute/v2.1/os-simple-tenant-usage?start=2025-03-10T12%3A03%3A27.643833&end=2025-03-12T12%3A03%3A27.643833&detailed=1 1.492s
2025-03-11 12:03:31.541 70100 INFO tempest.lib.common.rest_client [req-07709633-e83b-448a-b9e8-317b9604b7be req-07709633-e83b-448a-b9e8-317b9604b7be ] Request (ServersNegativeTestJSON:setUp): 200 GET http://10.180.1.21/compute/v2.1/servers/dffc357e-e3be-4243-8d9a-51a817cb27b5 1.541s
2025-03-11 12:03:31.585 70086 INFO tempest.lib.common.rest_client [req-b4d51520-64a5-444b-9cbb-c6cc6c314ab0 req-b4d51520-64a5-444b-9cbb-c6cc6c314ab0 ] Request (TenantUsagesNegativeTestJSON:tearDownClass): 204 DELETE http://10.180.1.21/identity/v3/users/6751cc93e5654574825d9a811157e726 0.090s
2025-03-11 12:03:31.597 70082 INFO tempest.lib.common.rest_client [req-55847a1b-32da-4447-a745-029c3f5d8bab req-55847a1b-32da-4447-a745-029c3f5d8bab ] Request (ImagesTestJSON:test_create_server_from_snapshot): 200 GET http://10.180.1.21/compute/v2.1/servers/52552c49-e12a-4c8c-bc89-d993d310e83b 1.543s
2025-03-11 12:03:31.614 70110 INFO tempest.lib.common.rest_client [req-93793716-9d7d-4808-85a7-e9894f37b17c req-93793716-9d7d-4808-85a7-e9894f37b17c ] Request (ListServerFiltersTestJSON:tearDownClass): 200 GET http://10.180.1.21/compute/v2.1/servers/c8608e53-fb3e-4381-81fc-61b0ce6673fc 1.433s
2025-03-11 12:03:31.669 70104 INFO tempest.lib.common.rest_client [req-b90a6465-f92e-4d67-b4e6-78de87ba8c4a req-b90a6465-f92e-4d67-b4e6-78de87ba8c4a ] Request (MigrationsAdminTest:test_resize_server_revert_deleted_flavor): 200 GET http://10.180.1.21/compute/v2.1/servers/0f70088e-a222-4601-ac70-89c8145daaee 1.442s
2025-03-11 12:03:31.680 70076 INFO tempest.lib.common.rest_client [req-fc01e8b1-7ade-4ff5-afc4-5d064a87431c req-fc01e8b1-7ade-4ff5-afc4-5d064a87431c ] Request (ServerTagsTestJSON:test_check_tag_existence): 201 PUT http://10.180.1.21/compute/v2.1/servers/015724cf-8e8c-42b9-b2c9-875978cc6135/tags/tempest-tag-1162476828 1.483s
2025-03-11 12:03:31.698 70086 INFO tempest.lib.common.rest_client [req-0f7c3b9d-7568-4a95-8ae2-3a6e173f6cb9 req-0f7c3b9d-7568-4a95-8ae2-3a6e173f6cb9 ] Request (TenantUsagesNegativeTestJSON:tearDownClass): 204 DELETE http://10.180.1.21/identity/v3/users/3dba43fd7af944a28314327e457861ac 0.112s
2025-03-11 12:03:31.698 70086 INFO tempest.lib.common.dynamic_creds [-] Deleting project and security group for project: 431d340cf84d434796b34fd438393dcf
2025-03-11 12:03:31.723 70100 INFO tempest.lib.common.rest_client [req-69c341a6-8199-4976-bd63-17f0db228c53 req-69c341a6-8199-4976-bd63-17f0db228c53 ] Request (ServersNegativeTestJSON:test_create_server_invalid_bdm_in_2nd_dict): 202 POST http://10.180.1.21/volume/v3/0a3bc01b179047f8bb18a02a20322c96/volumes 0.171s
2025-03-11 12:03:31.761 70100 INFO tempest.lib.common.rest_client [req-4e8eba19-079a-4b99-ad4f-6943f4253560 req-4e8eba19-079a-4b99-ad4f-6943f4253560 ] Request (ServersNegativeTestJSON:test_create_server_invalid_bdm_in_2nd_dict): 200 GET http://10.180.1.21/volume/v3/0a3bc01b179047f8bb18a02a20322c96/volumes/bd4863c6-c7e4-4bde-b693-2b727a8db9bf 0.031s
2025-03-11 12:03:31.772 70086 INFO tempest.lib.common.rest_client [req-ecf1f82e-b463-4da2-b89f-bbf78cd20cbb req-ecf1f82e-b463-4da2-b89f-bbf78cd20cbb ] Request (TenantUsagesNegativeTestJSON:tearDownClass): 201 POST http://10.180.1.21/identity/v3/auth/tokens 0.074s
2025-03-11 12:03:31.786 70055 INFO tempest.lib.common.rest_client [req-663195e9-4e92-4252-a1cd-ad3b2f4353a9 req-663195e9-4e92-4252-a1cd-ad3b2f4353a9 ] Request (ServersTestBootFromVolume:tearDownClass): 200 GET http://10.180.1.21/compute/v2.1/servers/b5743a22-1e77-4c65-81b2-6d0044397b27 1.388s
2025-03-11 12:03:31.855 70084 INFO tempest.lib.common.rest_client [req-37f57a3b-00d3-45ca-9930-2ee44e277fef req-37f57a3b-00d3-45ca-9930-2ee44e277fef ] Request (ImagesOneServerNegativeTestJSON:_run_cleanups): 200 GET http://10.180.1.21/compute/v2.1/servers/179d5fcd-8138-4dab-b749-fe78eddb5e03 1.580s
2025-03-11 12:03:31.864 70084 INFO tempest.common.waiters [-] State transition "BUILD/None" ==> "BUILD/spawning" after 77 second wait
2025-03-11 12:03:31.934 70074 INFO tempest.lib.common.rest_client [req-11830233-121a-4dce-bce3-f8b3898fab67 req-11830233-121a-4dce-bce3-f8b3898fab67 ] Request (ServerActionsTestOtherA:setUpClass): 201 POST http://10.180.1.21:9696/networking/v2.0/networks 0.785s
2025-03-11 12:03:31.935 70092 INFO tempest.lib.common.rest_client [req-255cf51d-b9e7-4793-91f0-b9e5e3b52275 req-255cf51d-b9e7-4793-91f0-b9e5e3b52275 ] Request (ListImageFiltersTestJSON:tearDownClass): 204 DELETE http://10.180.1.21/compute/v2.1/images/b6fdda73-c826-42df-89e9-eddbbebe214f 1.343s
2025-03-11 12:03:32.037 70086 INFO tempest.lib.common.rest_client [req-7366d1b3-186f-42cc-8c67-af785d0eb94e req-7366d1b3-186f-42cc-8c67-af785d0eb94e ] Request (TenantUsagesNegativeTestJSON:tearDownClass): 200 GET http://10.180.1.21:9696/networking/v2.0/security-groups?tenant_id=431d340cf84d434796b34fd438393dcf&name=default 0.264s
2025-03-11 12:03:32.045 70064 INFO tempest.lib.common.rest_client [req-28c2c089-cabe-4d56-a6fd-22917e589016 req-28c2c089-cabe-4d56-a6fd-22917e589016 ] Request (ServersTestManualDisk:setUpClass): 200 GET http://10.180.1.21/compute/v2.1/servers/56c1c64a-d6b9-4d42-a0d9-59046d855df2 1.209s
2025-03-11 12:03:32.123 70102 INFO tempest.lib.common.rest_client [req-cab1d814-87aa-4a67-ae63-c61cdf0f9a6b req-cab1d814-87aa-4a67-ae63-c61cdf0f9a6b ] Request (ServersNegativeTestMultiTenantJSON:tearDownClass): 200 GET http://10.180.1.21/compute/v2.1/servers/a8681ee8-b89d-47d4-a57d-0cbbe3a9b088 1.083s
2025-03-11 12:03:32.126 70086 INFO tempest.lib.common.rest_client [req-340658ab-3151-423b-9d2e-2d853394d7aa req-340658ab-3151-423b-9d2e-2d853394d7aa ] Request (TenantUsagesNegativeTestJSON:tearDownClass): 204 DELETE http://10.180.1.21:9696/networking/v2.0/security-groups/961bbe38-f8fe-4761-93ea-afd1eec8ec9e 0.088s
2025-03-11 12:03:32.177 70112 INFO tempest.lib.common.rest_client [req-08533a4d-2bb5-4172-b8a7-30c54fd9904b req-08533a4d-2bb5-4172-b8a7-30c54fd9904b ] Request (ServersAdminTestJSON:test_inject_network_info): 200 GET http://10.180.1.21/compute/v2.1/servers/94fb5886-1086-4a6a-b3cd-86e9b82a6088 1.079s
2025-03-11 12:03:32.206 70086 INFO tempest.lib.common.rest_client [req-c1b852f8-c24f-42b2-8f89-50f0b99c9677 req-c1b852f8-c24f-42b2-8f89-50f0b99c9677 ] Request (TenantUsagesNegativeTestJSON:tearDownClass): 204 DELETE http://10.180.1.21/identity/v3/projects/431d340cf84d434796b34fd438393dcf 0.080s
2025-03-11 12:03:32.206 70086 INFO tempest.lib.common.dynamic_creds [-] Deleting project and security group for project: 76242fb5048a4fe4a7fa56f2266da976
2025-03-11 12:03:32.244 70098 INFO tempest.lib.common.rest_client [req-2d7cd57a-e7aa-4716-b1e4-542ac4aab0aa req-2d7cd57a-e7aa-4716-b1e4-542ac4aab0aa ] Request (AttachVolumeShelveTestJSON:test_attach_volume_shelved_or_offload_server): 200 GET http://10.180.1.21/compute/v2.1/servers/edb40602-5bcb-4ac1-ba12-98adedc7e022 1.234s
2025-03-11 12:03:32.292 70074 INFO tempest.lib.common.rest_client [req-8f5bd18f-ff08-4461-882e-34f10aed4e40 req-8f5bd18f-ff08-4461-882e-34f10aed4e40 ] Request (ServerActionsTestOtherA:setUpClass): 201 POST http://10.180.1.21:9696/networking/v2.0/subnets 0.357s
2025-03-11 12:03:32.349 70086 INFO tempest.lib.common.rest_client [req-c4327cd9-015f-41ef-8527-3f6622129321 req-c4327cd9-015f-41ef-8527-3f6622129321 ] Request (TenantUsagesNegativeTestJSON:tearDownClass): 200 GET http://10.180.1.21:9696/networking/v2.0/security-groups?tenant_id=76242fb5048a4fe4a7fa56f2266da976&name=default 0.143s
2025-03-11 12:03:32.374 70053 INFO tempest.lib.common.rest_client [req-569f21e2-5ec4-4c02-9b03-a88f70608af9 req-569f21e2-5ec4-4c02-9b03-a88f70608af9 ] Request (ServerRescueTestJSONUnderV235:tearDownClass): 202 DELETE http://10.180.1.21/compute/v2.1/os-security-groups/d7012891-13a7-4157-9b08-bc2d66955840 1.048s
2025-03-11 12:03:32.463 70086 INFO tempest.lib.common.rest_client [req-c1dd25ff-d958-4f88-a9ce-2afca44c6a7e req-c1dd25ff-d958-4f88-a9ce-2afca44c6a7e ] Request (TenantUsagesNegativeTestJSON:tearDownClass): 204 DELETE http://10.180.1.21:9696/networking/v2.0/security-groups/cbd7af87-4b09-4e38-94f3-1a1f81383b5b 0.113s
2025-03-11 12:03:32.489 70078 INFO tempest.lib.common.rest_client [req-7ba6152c-ee8e-4b74-82c0-5fe8cf3b2e4e req-7ba6152c-ee8e-4b74-82c0-5fe8cf3b2e4e ] Request (SecurityGroupsTestJSON:test_list_security_groups_by_server): 200 GET http://10.180.1.21/compute/v2.1/servers/21b4cbce-58e9-4251-b788-e4f98a1ed19d 1.013s
2025-03-11 12:03:32.495 70068 INFO tempest.lib.common.rest_client [req-b8b75d1f-059e-4e58-9210-509012933344 req-b8b75d1f-059e-4e58-9210-509012933344 ] Request (ServersTestMultiNic:test_verify_multiple_nics_order): 200 GET http://10.180.1.21/compute/v2.1/servers/c2853410-f479-41b7-b11d-232b12e18727 1.161s
2025-03-11 12:03:32.520 70076 INFO tempest.lib.common.rest_client [req-fc2b3b8e-225d-47f0-954b-97f752ee04e1 req-fc2b3b8e-225d-47f0-954b-97f752ee04e1 ] Request (ServerTagsTestJSON:test_check_tag_existence): 204 GET http://10.180.1.21/compute/v2.1/servers/015724cf-8e8c-42b9-b2c9-875978cc6135/tags/tempest-tag-1162476828 0.839s
2025-03-11 12:03:32.552 70086 INFO tempest.lib.common.rest_client [req-6c3879e9-79a6-446e-bfe7-9db1f5d7e4c8 req-6c3879e9-79a6-446e-bfe7-9db1f5d7e4c8 ] Request (TenantUsagesNegativeTestJSON:tearDownClass): 204 DELETE http://10.180.1.21/identity/v3/projects/76242fb5048a4fe4a7fa56f2266da976 0.088s
2025-03-11 12:03:32.556 70090 INFO tempest.lib.common.rest_client [req-b6cd3c3d-a36a-47c8-94bc-b80feaa09c17 req-b6cd3c3d-a36a-47c8-94bc-b80feaa09c17 ] Request (ServersWithSpecificFlavorTestJSON:test_verify_created_server_ephemeral_disk): 200 GET http://10.180.1.21/compute/v2.1/servers/e59742b5-1885-4318-97af-4942683b46b2 0.897s
2025-03-11 12:03:32.581 70114 INFO tempest.lib.common.rest_client [req-7f1628e1-2de5-4c70-826d-0c767c4376e3 req-7f1628e1-2de5-4c70-826d-0c767c4376e3 ] Request (ServerRescueTestJSON:test_rescue_unrescue_instance): 200 GET http://10.180.1.21/compute/v2.1/servers/98a135c0-cf81-47f5-9d45-90732b93d6fb 0.869s
2025-03-11 12:03:32.612 70062 INFO tempest.lib.common.rest_client [req-6f02c0a3-fee3-447e-ba03-a368670f1808 req-6f02c0a3-fee3-447e-ba03-a368670f1808 ] Request (ServerMetadataTestJSON:setUpClass): 200 GET http://10.180.1.21/compute/v2.1/servers/29666b1e-167f-4d48-be50-700addfc8b8d 0.837s
2025-03-11 12:03:32.624 70062 INFO tempest.common.waiters [-] State transition "BUILD/scheduling" ==> "BUILD/None" after 27 second wait
2025-03-11 12:03:32.625 70086 INFO tempest.lib.common.rest_client [req-8d5d65ff-9e5e-47aa-971a-7db40e4147b1 req-8d5d65ff-9e5e-47aa-971a-7db40e4147b1 ] Request (KeyPairsNegativeTestJSON:setUpClass): 201 POST http://10.180.1.21/identity/v3/auth/tokens 0.071s
2025-03-11 12:03:32.653 70108 INFO tempest.lib.common.rest_client [req-13e19f2a-8e6c-4509-907f-d3347949d22d req-13e19f2a-8e6c-4509-907f-d3347949d22d ] Request (ServersListShow296Test:test_list_show_update_rebuild_server_296): 200 GET http://10.180.1.21/compute/v2.1/servers/a02e248c-ebe7-4cef-937a-f6e12675d008 0.799s
2025-03-11 12:03:32.661 70088 INFO tempest.lib.common.rest_client [req-3225df71-ea9c-4d77-92f8-260258bea409 req-3225df71-ea9c-4d77-92f8-260258bea409 ] Request (ServersTestJSON:setUpClass): 200 GET http://10.180.1.21/compute/v2.1/servers/968387b7-022b-45b7-b8cb-fa1a763bc5fc 0.748s
2025-03-11 12:03:32.668 70086 INFO tempest.lib.common.rest_client [req-a42eb554-520b-4a04-9fe5-df37e10f74bd req-a42eb554-520b-4a04-9fe5-df37e10f74bd ] Request (KeyPairsNegativeTestJSON:setUpClass): 201 POST http://10.180.1.21/identity/v3/auth/tokens 0.040s
2025-03-11 12:03:32.691 70086 INFO tempest.lib.common.rest_client [req-e0d62da0-9194-453f-b2b1-d013ab640967 req-e0d62da0-9194-453f-b2b1-d013ab640967 ] Request (KeyPairsNegativeTestJSON:setUpClass): 200 GET http://10.180.1.21/identity/v3/domains?name=Default 0.022s
2025-03-11 12:03:32.717 70060 INFO tempest.lib.common.rest_client [req-57a5c3bb-28dc-484d-b5dd-07779424b2a0 req-57a5c3bb-28dc-484d-b5dd-07779424b2a0 ] Request (FloatingIPsAssociationTestJSON:test_associate_already_associated_floating_ip): 200 GET http://10.180.1.21/compute/v2.1/servers/edccf7a7-f512-4d7a-ae1a-08b3bd53f04c 0.634s
2025-03-11 12:03:32.720 70086 INFO tempest.lib.common.rest_client [req-96655d2f-f65a-487e-99f6-1bbc3f2901cc req-96655d2f-f65a-487e-99f6-1bbc3f2901cc ] Request (KeyPairsNegativeTestJSON:setUpClass): 201 POST http://10.180.1.21/identity/v3/projects 0.029s
2025-03-11 12:03:32.736 70066 INFO tempest.lib.common.rest_client [req-2d6e912e-d910-4466-835d-f34c2172f600 req-2d6e912e-d910-4466-835d-f34c2172f600 ] Request (ServerDiagnosticsV248Test:tearDownClass): 404 GET http://10.180.1.21/compute/v2.1/servers/6d7766ae-714c-4682-98e0-6b1bb93130e3 0.582s
2025-03-11 12:03:32.758 70092 INFO tempest.lib.common.rest_client [req-48943069-4884-4284-8110-774896c6c080 req-48943069-4884-4284-8110-774896c6c080 ] Request (ListImageFiltersTestJSON:tearDownClass): 204 DELETE http://10.180.1.21/compute/v2.1/images/b5cb75b7-8fbc-4c9a-913a-dc55b21a2de3 0.822s
2025-03-11 12:03:32.795 70086 INFO tempest.lib.common.rest_client [req-e01fb6ed-2e8d-46a2-a105-24ba8f7d97bc req-e01fb6ed-2e8d-46a2-a105-24ba8f7d97bc ] Request (KeyPairsNegativeTestJSON:setUpClass): 201 POST http://10.180.1.21/identity/v3/users 0.074s
2025-03-11 12:03:32.800 70106 INFO tempest.lib.common.rest_client [req-da34658e-e20f-4704-a891-2f01da3c8fd7 req-da34658e-e20f-4704-a891-2f01da3c8fd7 ] Request (InstanceActionsV221TestJSON:test_get_list_deleted_instance_actions): 200 GET http://10.180.1.21/compute/v2.1/servers/0e14bbde-e6fa-47d8-b4dd-fc20a8d97bf9 0.591s
2025-03-11 12:03:32.813 70100 INFO tempest.lib.common.rest_client [req-fe887835-758c-4ec9-a6d9-7096490d8c95 req-fe887835-758c-4ec9-a6d9-7096490d8c95 ] Request (ServersNegativeTestJSON:test_create_server_invalid_bdm_in_2nd_dict): 200 GET http://10.180.1.21/volume/v3/0a3bc01b179047f8bb18a02a20322c96/volumes/bd4863c6-c7e4-4bde-b693-2b727a8db9bf 0.044s
2025-03-11 12:03:32.819 70086 INFO tempest.lib.common.rest_client [req-7412c995-5b69-4c9e-aa2c-0231362c6609 req-7412c995-5b69-4c9e-aa2c-0231362c6609 ] Request (KeyPairsNegativeTestJSON:setUpClass): 200 GET http://10.180.1.21/identity/v3/roles 0.023s
2025-03-11 12:03:32.820 70100 INFO tempest.common.waiters [-] volume bd4863c6-c7e4-4bde-b693-2b727a8db9bf reached available after waiting for 1.820497 seconds
2025-03-11 12:03:32.856 70066 INFO tempest.lib.common.rest_client [req-26416835-9d2e-4e9d-8d73-f47707e0abec req-26416835-9d2e-4e9d-8d73-f47707e0abec ] Request (ServerDiagnosticsV248Test:tearDownClass): 204 DELETE http://10.180.1.21/identity/v3/users/d458673d64524f4e8611c97c33aee10b 0.119s
2025-03-11 12:03:32.887 70086 INFO tempest.lib.common.rest_client [req-9c2f0af4-8645-4833-ba97-db249d63044c req-9c2f0af4-8645-4833-ba97-db249d63044c ] Request (KeyPairsNegativeTestJSON:setUpClass): 204 PUT http://10.180.1.21/identity/v3/projects/9c3216520f9d414fa218f649424829c8/users/2260484a4a7e46f1ad0174d5db5a4a6e/roles/93b9dcaa51434b8db33828660ea8682c 0.068s
2025-03-11 12:03:32.887 70086 INFO tempest.lib.common.dynamic_creds [-] Dynamic test user 2260484a4a7e46f1ad0174d5db5a4a6e is created with scope project and roles: ['member']
2025-03-11 12:03:32.887 70086 INFO tempest.lib.common.dynamic_creds [-] Acquired dynamic creds: credentials: Credentials: {'domain_id': 'default', 'domain_name': 'Default', 'username': 'tempest-KeyPairsNegativeTestJSON-740588489-project-member', 'project_domain_id': 'default', 'project_domain_name': 'Default', 'project_id': '9c3216520f9d414fa218f649424829c8', 'project_name': 'tempest-KeyPairsNegativeTestJSON-740588489', 'tenant_id': '9c3216520f9d414fa218f649424829c8', 'tenant_name': 'tempest-KeyPairsNegativeTestJSON-740588489', 'user_domain_id': 'default', 'user_domain_name': 'Default', 'user_id': '2260484a4a7e46f1ad0174d5db5a4a6e', 'system': None}, Network: None, Subnet: None, Router: None
2025-03-11 12:03:32.888 70086 INFO tempest.lib.common.dynamic_creds [-] Created isolated network resources for: credentials: Credentials: {'domain_id': 'default', 'domain_name': 'Default', 'username': 'tempest-KeyPairsNegativeTestJSON-740588489-project-member', 'project_domain_id': 'default', 'project_domain_name': 'Default', 'project_id': '9c3216520f9d414fa218f649424829c8', 'project_name': 'tempest-KeyPairsNegativeTestJSON-740588489', 'tenant_id': '9c3216520f9d414fa218f649424829c8', 'tenant_name': 'tempest-KeyPairsNegativeTestJSON-740588489', 'user_domain_id': 'default', 'user_domain_name': 'Default', 'user_id': '2260484a4a7e46f1ad0174d5db5a4a6e', 'system': None}, Network: None, Subnet: None, Router: None
2025-03-11 12:03:32.891 70058 INFO tempest.lib.common.rest_client [req-8fbda746-8f0d-4c93-81dd-5458df4b1268 req-8fbda746-8f0d-4c93-81dd-5458df4b1268 ] Request (MultipleCreateTestJSON:_run_cleanups): 200 GET http://10.180.1.21/compute/v2.1/servers/e1256bbf-2bbe-4030-862a-c27bbd598c8b 0.530s
2025-03-11 12:03:32.898 70053 INFO tempest.lib.common.rest_client [req-9ce0c94d-94f4-4559-b391-ed34e2845a85 req-9ce0c94d-94f4-4559-b391-ed34e2845a85 ] Request (ServerRescueTestJSONUnderV235:tearDownClass): 204 DELETE http://10.180.1.21/compute/v2.1/servers/d3c7d1bc-f920-4075-9eab-7b026bc0c5ea 0.523s
2025-03-11 12:03:32.902 70058 INFO tempest.common.waiters [-] State transition "ACTIVE/deleting" ==> "DELETED/None" after 1 second wait
2025-03-11 12:03:32.935 70100 INFO tempest.lib.common.rest_client [req-b9fb07a8-dbe7-45fa-aaa8-2126868c11f8 req-b9fb07a8-dbe7-45fa-aaa8-2126868c11f8 ] Request (ServersNegativeTestJSON:test_create_server_invalid_bdm_in_2nd_dict): 201 POST http://10.180.1.21/identity/v3/auth/tokens 0.111s
2025-03-11 12:03:32.935 70100 INFO tempest.lib.common.fixed_network [-] (ServersNegativeTestJSON:test_create_server_invalid_bdm_in_2nd_dict) Found network {'id': '24def799-e623-4c90-99e6-11cde06f917b', 'name': 'tempest-ServersNegativeTestJSON-1392422648-network', 'tenant_id': '0a3bc01b179047f8bb18a02a20322c96', 'admin_state_up': True, 'mtu': 8950, 'status': 'ACTIVE', 'subnets': [], 'shared': False, 'project_id': '0a3bc01b179047f8bb18a02a20322c96', 'port_security_enabled': True, 'router:external': False, 'provider:network_type': 'vlan', 'provider:physical_network': 'default', 'provider:segmentation_id': 944, 'is_default': False, 'availability_zone_hints': [], 'availability_zones': [], 'ipv4_address_scope': None, 'ipv6_address_scope': None, 'description': '', 'tags': [], 'created_at': '2025-03-11T12:00:30Z', 'updated_at': '2025-03-11T12:00:30Z', 'revision_number': 1} available for tenant
2025-03-11 12:03:32.966 70076 INFO tempest.lib.common.rest_client [req-0d6df887-9167-4ad7-b2fc-52b83c3bbd5a req-0d6df887-9167-4ad7-b2fc-52b83c3bbd5a ] Request (ServerTagsTestJSON:_run_cleanups): 204 DELETE http://10.180.1.21/compute/v2.1/servers/015724cf-8e8c-42b9-b2c9-875978cc6135/tags 0.445s
2025-03-11 12:03:32.982 70070 INFO tempest.lib.common.rest_client [req-3b8068c7-02c3-45d8-bb33-66dd36b9f9d1 req-3b8068c7-02c3-45d8-bb33-66dd36b9f9d1 ] Request (ServersAdminNegativeTestJSON:tearDownClass): 200 GET http://10.180.1.21/compute/v2.1/servers/7f22d2fc-5d54-4674-897a-14fce7db8db6 0.539s
2025-03-11 12:03:33.033 70066 INFO tempest.lib.common.rest_client [req-a6469266-8c93-427e-814f-eb1afc0f46bf req-a6469266-8c93-427e-814f-eb1afc0f46bf ] Request (ServerDiagnosticsV248Test:tearDownClass): 204 DELETE http://10.180.1.21/identity/v3/users/dff937f9c1f74da08d86c592df617357 0.176s
2025-03-11 12:03:33.035 70066 INFO tempest.lib.common.dynamic_creds [-] Deleting project and security group for project: e3311a56aa38428a8f73c4e3c6669680
2025-03-11 12:03:33.046 70082 INFO tempest.lib.common.rest_client [req-d7a8d47e-595e-4e42-b220-40e6fd12720b req-d7a8d47e-595e-4e42-b220-40e6fd12720b ] Request (ImagesTestJSON:test_create_server_from_snapshot): 200 GET http://10.180.1.21/compute/v2.1/servers/52552c49-e12a-4c8c-bc89-d993d310e83b 0.435s
2025-03-11 12:03:33.052 70086 INFO tempest.lib.common.rest_client [req-4d695008-b66d-4ee3-a33c-f72b5f8d489e req-4d695008-b66d-4ee3-a33c-f72b5f8d489e ] Request (KeyPairsNegativeTestJSON:setUpClass): 201 POST http://10.180.1.21/identity/v3/auth/tokens 0.160s
2025-03-11 12:03:33.067 70110 INFO tempest.lib.common.rest_client [req-ebc8bb68-fe9c-4872-b9b1-6261014bc3b7 req-ebc8bb68-fe9c-4872-b9b1-6261014bc3b7 ] Request (ListServerFiltersTestJSON:tearDownClass): 200 GET http://10.180.1.21/compute/v2.1/servers/c8608e53-fb3e-4381-81fc-61b0ce6673fc 0.439s
2025-03-11 12:03:33.094 70066 INFO tempest.lib.common.rest_client [req-9af4f3d3-bfcc-42c6-8f6c-e33ca705661f req-9af4f3d3-bfcc-42c6-8f6c-e33ca705661f ] Request (ServerDiagnosticsV248Test:tearDownClass): 201 POST http://10.180.1.21/identity/v3/auth/tokens 0.059s
2025-03-11 12:03:33.103 70104 INFO tempest.lib.common.rest_client [req-51ac0a58-2875-483f-87e7-9a1a458e33ff req-51ac0a58-2875-483f-87e7-9a1a458e33ff ] Request (MigrationsAdminTest:test_resize_server_revert_deleted_flavor): 200 GET http://10.180.1.21/compute/v2.1/servers/0f70088e-a222-4601-ac70-89c8145daaee 0.424s
2025-03-11 12:03:33.161 70092 INFO tempest.lib.common.rest_client [req-215adec8-d86c-4e2a-90ef-20e5ec08d2ce req-215adec8-d86c-4e2a-90ef-20e5ec08d2ce ] Request (ListImageFiltersTestJSON:tearDownClass): 204 DELETE http://10.180.1.21/compute/v2.1/servers/369b4f02-42d7-485a-bb5c-053633a8a160 0.402s
2025-03-11 12:03:33.197 70055 INFO tempest.lib.common.rest_client [req-3d102bb7-50c4-4fae-b8b9-b078fb180ff6 req-3d102bb7-50c4-4fae-b8b9-b078fb180ff6 ] Request (ServersTestBootFromVolume:tearDownClass): 200 GET http://10.180.1.21/compute/v2.1/servers/b5743a22-1e77-4c65-81b2-6d0044397b27 0.400s
2025-03-11 12:03:33.374 70066 INFO tempest.lib.common.rest_client [req-2a1d0b5d-2bf8-4bf0-b73b-a81f4751f016 req-2a1d0b5d-2bf8-4bf0-b73b-a81f4751f016 ] Request (ServerDiagnosticsV248Test:tearDownClass): 200 GET http://10.180.1.21:9696/networking/v2.0/security-groups?tenant_id=e3311a56aa38428a8f73c4e3c6669680&name=default 0.279s
2025-03-11 12:03:33.410 70053 INFO tempest.lib.common.rest_client [req-31efeeed-a5a2-49d3-b65c-037b4d7c99de req-31efeeed-a5a2-49d3-b65c-037b4d7c99de ] Request (ServerRescueTestJSONUnderV235:tearDownClass): 200 GET http://10.180.1.21/compute/v2.1/servers/d3c7d1bc-f920-4075-9eab-7b026bc0c5ea 0.511s
2025-03-11 12:03:33.415 70100 INFO tempest.lib.common.rest_client [req-4f7fcad3-1887-472a-90e6-55c91d051e05 req-4f7fcad3-1887-472a-90e6-55c91d051e05 ] Request (ServersNegativeTestJSON:test_create_server_invalid_bdm_in_2nd_dict): 400 POST http://10.180.1.21/compute/v2.1/servers 0.479s
2025-03-11 12:03:33.439 70076 INFO tempest.lib.common.rest_client [req-08b1854a-1d1d-4f1a-8a40-49ed2aa304f3 req-08b1854a-1d1d-4f1a-8a40-49ed2aa304f3 ] Request (ServerTagsTestJSON:test_create_delete_tag): 200 GET http://10.180.1.21/compute/v2.1/servers/015724cf-8e8c-42b9-b2c9-875978cc6135/tags 0.470s
2025-03-11 12:03:33.455 70084 INFO tempest.lib.common.rest_client [req-1923e4f6-cf47-414c-abb4-91436ed50ea2 req-1923e4f6-cf47-414c-abb4-91436ed50ea2 ] Request (ImagesOneServerNegativeTestJSON:_run_cleanups): 200 GET http://10.180.1.21/compute/v2.1/servers/179d5fcd-8138-4dab-b749-fe78eddb5e03 0.589s
2025-03-11 12:03:33.460 70074 INFO tempest.lib.common.rest_client [req-d86201b8-ba28-48ce-aa07-66ff0e91e449 req-d86201b8-ba28-48ce-aa07-66ff0e91e449 ] Request (ServerActionsTestOtherA:setUpClass): 201 POST http://10.180.1.21:9696/networking/v2.0/routers 1.167s
2025-03-11 12:03:33.472 70066 INFO tempest.lib.common.rest_client [req-954de248-9550-45a1-a2f0-a9691a5e07fa req-954de248-9550-45a1-a2f0-a9691a5e07fa ] Request (ServerDiagnosticsV248Test:tearDownClass): 204 DELETE http://10.180.1.21:9696/networking/v2.0/security-groups/36735c0c-2689-4e01-8dfc-39a299492c29 0.098s
2025-03-11 12:03:33.550 70064 INFO tempest.lib.common.rest_client [req-614dd855-56c2-496f-844b-2d7689a2998c req-614dd855-56c2-496f-844b-2d7689a2998c ] Request (ServersTestManualDisk:setUpClass): 200 GET http://10.180.1.21/compute/v2.1/servers/56c1c64a-d6b9-4d42-a0d9-59046d855df2 0.498s
2025-03-11 12:03:33.551 70066 INFO tempest.lib.common.rest_client [req-77357d5e-9ab4-4ecf-8189-cc018d557945 req-77357d5e-9ab4-4ecf-8189-cc018d557945 ] Request (ServerDiagnosticsV248Test:tearDownClass): 204 DELETE http://10.180.1.21/identity/v3/projects/e3311a56aa38428a8f73c4e3c6669680 0.078s
2025-03-11 12:03:33.552 70066 INFO tempest.lib.common.dynamic_creds [-] Deleting project and security group for project: fc251ed9d28d437984cfffa46870c4b6
2025-03-11 12:03:33.577 70086 INFO tempest.lib.common.rest_client [req-ccb28afb-5e4e-4eb2-b771-002666e1ab92 req-ccb28afb-5e4e-4eb2-b771-002666e1ab92 ] Request (KeyPairsNegativeTestJSON:test_create_keypair_invalid_name): 400 POST http://10.180.1.21/compute/v2.1/os-keypairs 0.519s
2025-03-11 12:03:33.630 70102 INFO tempest.lib.common.rest_client [req-11ce68ed-84a1-4f7a-9cdb-7b1caa350d97 req-11ce68ed-84a1-4f7a-9cdb-7b1caa350d97 ] Request (ServersNegativeTestMultiTenantJSON:tearDownClass): 200 GET http://10.180.1.21/compute/v2.1/servers/a8681ee8-b89d-47d4-a57d-0cbbe3a9b088 0.490s
2025-03-11 12:03:33.688 70066 INFO tempest.lib.common.rest_client [req-4842c7a3-e663-498b-8684-49dd69859499 req-4842c7a3-e663-498b-8684-49dd69859499 ] Request (ServerDiagnosticsV248Test:tearDownClass): 200 GET http://10.180.1.21:9696/networking/v2.0/security-groups?tenant_id=fc251ed9d28d437984cfffa46870c4b6&name=default 0.135s
2025-03-11 12:03:33.694 70112 INFO tempest.lib.common.rest_client [req-6ee03176-8984-4089-9b1b-8eebf9cd93aa req-6ee03176-8984-4089-9b1b-8eebf9cd93aa ] Request (ServersAdminTestJSON:test_inject_network_info): 200 GET http://10.180.1.21/compute/v2.1/servers/94fb5886-1086-4a6a-b3cd-86e9b82a6088 0.509s
2025-03-11 12:03:33.834 70066 INFO tempest.lib.common.rest_client [req-fb5d0acd-54fd-42ca-8b4a-ba29d32d59a9 req-fb5d0acd-54fd-42ca-8b4a-ba29d32d59a9 ] Request (ServerDiagnosticsV248Test:tearDownClass): 204 DELETE http://10.180.1.21:9696/networking/v2.0/security-groups/f5b3f281-3009-4882-b725-8fab95f035f9 0.145s
2025-03-11 12:03:33.838 70098 INFO tempest.lib.common.rest_client [req-b83f44f2-1c20-4cee-94a2-7ec6b0f55be5 req-b83f44f2-1c20-4cee-94a2-7ec6b0f55be5 ] Request (AttachVolumeShelveTestJSON:test_attach_volume_shelved_or_offload_server): 200 GET http://10.180.1.21/compute/v2.1/servers/edb40602-5bcb-4ac1-ba12-98adedc7e022 0.583s
2025-03-11 12:03:33.870 70092 INFO tempest.lib.common.rest_client [req-d0892541-369b-44c6-ab6c-818e96d4b067 req-d0892541-369b-44c6-ab6c-818e96d4b067 ] Request (ListImageFiltersTestJSON:tearDownClass): 200 GET http://10.180.1.21/compute/v2.1/servers/369b4f02-42d7-485a-bb5c-053633a8a160 0.709s
2025-03-11 12:03:33.959 70100 INFO tempest.lib.common.rest_client [req-5572fbef-4430-424e-aa8e-56e5ecffb2df req-5572fbef-4430-424e-aa8e-56e5ecffb2df ] Request (ServersNegativeTestJSON:tearDown): 200 GET http://10.180.1.21/compute/v2.1/servers/dffc357e-e3be-4243-8d9a-51a817cb27b5 0.543s
2025-03-11 12:03:33.962 70076 INFO tempest.lib.common.rest_client [req-e0987ceb-c6ab-4bde-a3c5-7f810552c274 req-e0987ceb-c6ab-4bde-a3c5-7f810552c274 ] Request (ServerTagsTestJSON:test_create_delete_tag): 201 PUT http://10.180.1.21/compute/v2.1/servers/015724cf-8e8c-42b9-b2c9-875978cc6135/tags/tempest-tag-1300592218 0.521s
2025-03-11 12:03:33.974 70066 INFO tempest.lib.common.rest_client [req-bf81675c-4fda-4910-9d7e-a791dd4e4960 req-bf81675c-4fda-4910-9d7e-a791dd4e4960 ] Request (ServerDiagnosticsV248Test:tearDownClass): 204 DELETE http://10.180.1.21/identity/v3/projects/fc251ed9d28d437984cfffa46870c4b6 0.139s
2025-03-11 12:03:34.079 70066 INFO tempest.lib.common.rest_client [req-1108c0f4-532b-4f7d-b564-9b3bd5e0d0c1 req-1108c0f4-532b-4f7d-b564-9b3bd5e0d0c1 ] Request (FloatingIPDetailsTestJSON:setUpClass): 201 POST http://10.180.1.21/identity/v3/auth/tokens 0.103s
2025-03-11 12:03:34.085 70078 INFO tempest.lib.common.rest_client [req-710ad1af-66bc-405c-a165-6be5eb1bd40a req-710ad1af-66bc-405c-a165-6be5eb1bd40a ] Request (SecurityGroupsTestJSON:test_list_security_groups_by_server): 200 GET http://10.180.1.21/compute/v2.1/servers/21b4cbce-58e9-4251-b788-e4f98a1ed19d 0.581s
2025-03-11 12:03:34.117 70066 INFO tempest.lib.common.rest_client [req-20ead2ef-b553-4004-9f96-cf3254a8cef8 req-20ead2ef-b553-4004-9f96-cf3254a8cef8 ] Request (FloatingIPDetailsTestJSON:setUpClass): 201 POST http://10.180.1.21/identity/v3/auth/tokens 0.036s
2025-03-11 12:03:34.136 70090 INFO tempest.lib.common.rest_client [req-87c1177c-9094-418b-961d-9fb70b45dccd req-87c1177c-9094-418b-961d-9fb70b45dccd ] Request (ServersWithSpecificFlavorTestJSON:test_verify_created_server_ephemeral_disk): 200 GET http://10.180.1.21/compute/v2.1/servers/e59742b5-1885-4318-97af-4942683b46b2 0.570s
2025-03-11 12:03:34.146 70066 INFO tempest.lib.common.rest_client [req-fee86b11-bd68-49bc-9a9a-5ecc7284ab86 req-fee86b11-bd68-49bc-9a9a-5ecc7284ab86 ] Request (FloatingIPDetailsTestJSON:setUpClass): 200 GET http://10.180.1.21/identity/v3/domains?name=Default 0.029s
2025-03-11 12:03:34.169 70086 INFO tempest.lib.common.rest_client [req-8533834b-3b4c-48b0-b9db-2a6babc3e931 req-8533834b-3b4c-48b0-b9db-2a6babc3e931 ] Request (KeyPairsNegativeTestJSON:test_create_keypair_when_public_key_bits_exceeds_maximum): 400 POST http://10.180.1.21/compute/v2.1/os-keypairs 0.590s
2025-03-11 12:03:34.185 70066 INFO tempest.lib.common.rest_client [req-04368ae1-379a-4133-918d-5fa789a1cd2d req-04368ae1-379a-4133-918d-5fa789a1cd2d ] Request (FloatingIPDetailsTestJSON:setUpClass): 201 POST http://10.180.1.21/identity/v3/projects 0.038s
2025-03-11 12:03:34.232 70114 INFO tempest.lib.common.rest_client [req-8a2263d0-5f3c-4a1e-9eef-2d99b8b34d7c req-8a2263d0-5f3c-4a1e-9eef-2d99b8b34d7c ] Request (ServerRescueTestJSON:test_rescue_unrescue_instance): 200 GET http://10.180.1.21/compute/v2.1/servers/98a135c0-cf81-47f5-9d45-90732b93d6fb 0.642s
2025-03-11 12:03:34.270 70066 INFO tempest.lib.common.rest_client [req-81530437-2ba0-4f7c-8e0b-1712fa3a51cc req-81530437-2ba0-4f7c-8e0b-1712fa3a51cc ] Request (FloatingIPDetailsTestJSON:setUpClass): 201 POST http://10.180.1.21/identity/v3/users 0.084s
2025-03-11 12:03:34.296 70066 INFO tempest.lib.common.rest_client [req-e5c7d485-f769-4ad2-8073-6e5bf9c21393 req-e5c7d485-f769-4ad2-8073-6e5bf9c21393 ] Request (FloatingIPDetailsTestJSON:setUpClass): 200 GET http://10.180.1.21/identity/v3/roles 0.025s
2025-03-11 12:03:34.299 70062 INFO tempest.lib.common.rest_client [req-6aef3dfa-a505-4956-b047-92e706b523a0 req-6aef3dfa-a505-4956-b047-92e706b523a0 ] Request (ServerMetadataTestJSON:setUpClass): 200 GET http://10.180.1.21/compute/v2.1/servers/29666b1e-167f-4d48-be50-700addfc8b8d 0.674s
2025-03-11 12:03:34.332 70066 INFO tempest.lib.common.rest_client [req-8a1ed340-55e8-45c2-9dde-7397438b69af req-8a1ed340-55e8-45c2-9dde-7397438b69af ] Request (FloatingIPDetailsTestJSON:setUpClass): 204 PUT http://10.180.1.21/identity/v3/projects/4dedef1b039c4ef0a59d7479a37fcf99/users/a3e01a4298914ddeacbd44c5768e40dd/roles/93b9dcaa51434b8db33828660ea8682c 0.035s
2025-03-11 12:03:34.332 70066 INFO tempest.lib.common.dynamic_creds [-] Dynamic test user a3e01a4298914ddeacbd44c5768e40dd is created with scope project and roles: ['member']
2025-03-11 12:03:34.333 70066 INFO tempest.lib.common.dynamic_creds [-] Acquired dynamic creds: credentials: Credentials: {'domain_id': 'default', 'domain_name': 'Default', 'username': 'tempest-FloatingIPDetailsTestJSON-1724670211-project-member', 'project_domain_id': 'default', 'project_domain_name': 'Default', 'project_id': '4dedef1b039c4ef0a59d7479a37fcf99', 'project_name': 'tempest-FloatingIPDetailsTestJSON-1724670211', 'tenant_id': '4dedef1b039c4ef0a59d7479a37fcf99', 'tenant_name': 'tempest-FloatingIPDetailsTestJSON-1724670211', 'user_domain_id': 'default', 'user_domain_name': 'Default', 'user_id': 'a3e01a4298914ddeacbd44c5768e40dd', 'system': None}, Network: None, Subnet: None, Router: None
