2025-03-11 12:02:08.105 70078 INFO tempest.lib.common.dynamic_creds [-] Created isolated network resources for: credentials: Credentials: {'domain_id': 'default', 'domain_name': 'Default', 'username': 'tempest-SecurityGroupsTestJSON-551584690-project-member', 'project_domain_id': 'default', 'project_domain_name': 'Default', 'project_id': 'c743f7c7aeb84c2a957e72eebe0467b1', 'project_name': 'tempest-SecurityGroupsTestJSON-551584690', 'tenant_id': 'c743f7c7aeb84c2a957e72eebe0467b1', 'tenant_name': 'tempest-SecurityGroupsTestJSON-551584690', 'user_domain_id': 'default', 'user_domain_name': 'Default', 'user_id': 'ebe6f848c5cf4bd98ed115150e77be2f', 'system': None}, Network: {'id': '7f05e4ed-5279-4842-994d-03467de8d84c', 'name': 'tempest-SecurityGroupsTestJSON-109428271-network', 'tenant_id': 'c743f7c7aeb84c2a957e72eebe0467b1', 'admin_state_up': True, 'mtu': 8950, 'status': 'ACTIVE', 'subnets': [], 'shared': False, 'project_id': 'c743f7c7aeb84c2a957e72eebe0467b1', 'port_security_enabled': True, 'router:external': False, 'provider:network_type': 'vlan', 'provider:physical_network': 'default', 'provider:segmentation_id': 346, 'is_default': False, 'availability_zone_hints': [], 'availability_zones': [], 'ipv4_address_scope': None, 'ipv6_address_scope': None, 'description': '', 'tags': [], 'created_at': '2025-03-11T12:02:05Z', 'updated_at': '2025-03-11T12:02:05Z', 'revision_number': 1}, Subnet: {'id': '9dc0704f-f254-4104-bb54-1e0d7b497202', 'name': 'tempest-SecurityGroupsTestJSON-109428271-subnet', 'tenant_id': 'c743f7c7aeb84c2a957e72eebe0467b1', 'network_id': '7f05e4ed-5279-4842-994d-03467de8d84c', 'ip_version': 4, 'subnetpool_id': None, 'enable_dhcp': True, 'ipv6_ra_mode': None, 'ipv6_address_mode': None, 'gateway_ip': '192.168.128.1', 'cidr': '192.168.128.0/28', 'allocation_pools': [{'start': '192.168.128.2', 'end': '192.168.128.14'}], 'host_routes': [], 'dns_nameservers': [], 'description': '', 'router:external': False, 'service_types': [], 'tags': [], 'created_at': '2025-03-11T12:02:05Z', 'updated_at': '2025-03-11T12:02:05Z', 'revision_number': 0, 'project_id': 'c743f7c7aeb84c2a957e72eebe0467b1'}, Router: {'id': '5c9411f6-5b18-438d-b088-8b8e93cb6ecd', 'name': 'tempest-SecurityGroupsTestJSON-109428271-router', 'tenant_id': 'c743f7c7aeb84c2a957e72eebe0467b1', 'admin_state_up': True, 'status': 'ACTIVE', 'external_gateway_info': {'network_id': '7b555780-c6e9-4aad-aeb9-08df36edfe11', 'external_fixed_ips': [{'subnet_id': 'e416577c-6bbc-4c00-868a-bc7624c07155', 'ip_address': '10.180.180.202'}], 'enable_snat': True}, 'description': '', 'availability_zones': [], 'distributed': False, 'ha': False, 'availability_zone_hints': [], 'routes': [], 'flavor_id': None, 'tags': [], 'created_at': '2025-03-11T12:02:05Z', 'updated_at': '2025-03-11T12:02:06Z', 'revision_number': 2, 'project_id': 'c743f7c7aeb84c2a957e72eebe0467b1'}
2025-03-11 12:02:08.145 70102 INFO tempest.lib.common.rest_client [req-1d048730-f3b7-4e2d-b63f-0812944f2382 req-1d048730-f3b7-4e2d-b63f-0812944f2382 ] Request (ServersNegativeTestMultiTenantJSON:setUpClass): 200 GET http://10.180.1.21/compute/v2.1/servers/a8681ee8-b89d-47d4-a57d-0cbbe3a9b088 0.282s
2025-03-11 12:02:08.165 70110 INFO tempest.lib.common.rest_client [req-8d986730-968c-4dfd-a871-d96b6d1c66b8 req-8d986730-968c-4dfd-a871-d96b6d1c66b8 ] Request (ListServerFiltersTestJSON:test_list_servers_filter_by_server_name): 200 GET http://10.180.1.21/compute/v2.1/servers?name=tempest-ListServerFiltersTestJSON-instance-1693243825 0.340s
2025-03-11 12:02:08.202 70078 INFO tempest.lib.common.rest_client [req-d5e2a296-d668-402d-bd23-11c8b717d08b req-d5e2a296-d668-402d-bd23-11c8b717d08b ] Request (SecurityGroupsTestJSON:setUpClass): 201 POST http://10.180.1.21/identity/v3/auth/tokens 0.095s
2025-03-11 12:02:08.220 70068 INFO tempest.lib.common.rest_client [req-0bfb1b98-de26-41ab-a8c8-a1dccea7ecca req-0bfb1b98-de26-41ab-a8c8-a1dccea7ecca ] Request (ServersTestMultiNic:test_verify_multiple_nics_order): 200 GET http://10.180.1.21/compute/v2.1/servers/c2853410-f479-41b7-b11d-232b12e18727 0.304s
2025-03-11 12:02:08.222 70072 INFO tempest.lib.common.rest_client [req-d9a59d73-3ca1-4957-ba53-418e9848ac9d req-d9a59d73-3ca1-4957-ba53-418e9848ac9d ] Request (AbsoluteLimitsNegativeTestJSON:tearDownClass): 204 DELETE http://10.180.1.21:9696/networking/v2.0/security-groups/5bf1d878-1b47-4da2-a267-bdc493e949de 0.129s
2025-03-11 12:02:08.229 70064 INFO tempest.lib.common.rest_client [req-8d573ec3-28e7-4a63-8ec5-9756a7297f80 req-8d573ec3-28e7-4a63-8ec5-9756a7297f80 ] Request (ServersTestManualDisk:setUpClass): 200 GET http://10.180.1.21/compute/v2.1/servers/56c1c64a-d6b9-4d42-a0d9-59046d855df2 0.361s
2025-03-11 12:02:08.277 70086 INFO tempest.lib.common.rest_client [req-07da6a1f-6a21-4579-aa8a-b099d1a3b890 req-07da6a1f-6a21-4579-aa8a-b099d1a3b890 ] Request (DeleteServersAdminTestJSON:test_delete_server_while_in_error_state): 200 GET http://10.180.1.21/compute/v2.1/servers/1e74125a-23fa-446d-b685-260bc10f2643 0.305s
2025-03-11 12:02:08.316 70072 INFO tempest.lib.common.rest_client [req-b6abc48e-d3d9-4f90-bf96-cc008c0d637b req-b6abc48e-d3d9-4f90-bf96-cc008c0d637b ] Request (AbsoluteLimitsNegativeTestJSON:tearDownClass): 204 DELETE http://10.180.1.21/identity/v3/projects/2e2d249f92db4049a29f6d4462fa5b7d 0.094s
2025-03-11 12:02:08.324 70106 INFO tempest.lib.common.rest_client [req-3d4f04ea-23f4-4b82-92ad-5fad965da2fb req-3d4f04ea-23f4-4b82-92ad-5fad965da2fb ] Request (ImagesOneServerTestJSON:tearDownClass): 200 GET http://10.180.1.21/compute/v2.1/servers/9e862f36-920a-4332-95c0-a74470458058 0.275s
2025-03-11 12:02:08.339 70100 INFO tempest.lib.common.rest_client [req-e17d5ab1-2c3c-47a1-a636-b1599fbdce80 req-e17d5ab1-2c3c-47a1-a636-b1599fbdce80 ] Request (ServersNegativeTestJSON:setUpClass): 200 GET http://10.180.1.21/compute/v2.1/servers/36de9d61-f5b4-4ac3-8d03-2df6ca0750c2 0.241s
2025-03-11 12:02:08.407 70110 INFO tempest.lib.common.rest_client [req-03ed6716-4e0b-4a08-9e20-f180765c531d req-03ed6716-4e0b-4a08-9e20-f180765c531d ] Request (ListServerFiltersTestJSON:test_list_servers_filter_by_shutoff_status): 202 POST http://10.180.1.21/compute/v2.1/servers/c8608e53-fb3e-4381-81fc-61b0ce6673fc/action 0.235s
2025-03-11 12:02:08.475 70108 INFO tempest.lib.common.rest_client [req-98b8ab83-d779-4389-9eab-66d17aca66a5 req-98b8ab83-d779-4389-9eab-66d17aca66a5 ] Request (ServerExternalEventsTest:test_create_server_external_events): 200 GET http://10.180.1.21/compute/v2.1/servers/176eb896-91f5-4a36-a9d2-d5d78b6c93b2 0.229s
2025-03-11 12:02:08.561 70112 INFO tempest.lib.common.rest_client [req-d87345e4-69f5-4106-bae1-a9b114ff9aba req-d87345e4-69f5-4106-bae1-a9b114ff9aba ] Request (ServersAdminTestJSON:test_create_server_with_scheduling_hint): 200 GET http://10.180.1.21/compute/v2.1/servers/c89f5e34-74c1-4b07-8fa7-27383505b60c 0.266s
2025-03-11 12:02:08.632 70084 INFO tempest.lib.common.rest_client [req-519ae015-16ab-4316-9dd6-7e1c1d9a0f16 req-519ae015-16ab-4316-9dd6-7e1c1d9a0f16 ] Request (ImagesOneServerNegativeTestJSON:_run_cleanups): 200 GET http://10.180.1.21/compute/v2.1/servers/28741f56-6af9-48ca-b819-777bcfdec79c 0.287s
2025-03-11 12:02:08.635 70078 INFO tempest.lib.common.rest_client [req-57d82664-ee17-4867-b1cb-4224e1463dae req-57d82664-ee17-4867-b1cb-4224e1463dae ] Request (SecurityGroupsTestJSON:test_list_security_groups_by_server): 200 POST http://10.180.1.21/compute/v2.1/os-security-groups 0.431s
2025-03-11 12:02:08.698 70060 INFO tempest.lib.common.rest_client [req-76c9eee4-ddcc-48e0-9844-8fdde69e10a6 req-76c9eee4-ddcc-48e0-9844-8fdde69e10a6 ] Request (FloatingIPsAssociationTestJSON:setUpClass): 200 GET http://10.180.1.21/compute/v2.1/servers/a4f581c4-99c4-4f3c-af62-8b652d31e4fd 0.350s
2025-03-11 12:02:08.706 70092 INFO tempest.lib.common.rest_client [req-f00c3aed-cdf5-43d2-964d-95268e038d00 req-f00c3aed-cdf5-43d2-964d-95268e038d00 ] Request (ListImageFiltersTestJSON:setUpClass): 200 GET http://10.180.1.21/compute/v2.1/servers/369b4f02-42d7-485a-bb5c-053633a8a160 0.304s
2025-03-11 12:02:08.794 70055 INFO tempest.lib.common.rest_client [req-bd5d5ad3-356a-444e-afca-99bec139f7fd req-bd5d5ad3-356a-444e-afca-99bec139f7fd ] Request (ServersTestBootFromVolume:setUpClass): 200 PUT http://10.180.1.21:9696/networking/v2.0/floatingips/41913638-1f0c-4b8a-add7-6d2f3df0af0d 0.738s
2025-03-11 12:02:08.856 70104 INFO tempest.lib.common.rest_client [req-d31a5ba2-8712-484c-a808-5bda06bb5de6 req-d31a5ba2-8712-484c-a808-5bda06bb5de6 ] Request (MigrationsAdminTest:test_list_migrations_in_flavor_resize_situation): 200 GET http://10.180.1.21/compute/v2.1/servers/f22f2442-6c76-4002-8c1c-920577f87f3e 0.367s
2025-03-11 12:02:08.907 70114 INFO tempest.lib.common.rest_client [req-f581edae-2b7c-4988-885d-ba0c8784749b req-f581edae-2b7c-4988-885d-ba0c8784749b ] Request (ServerRescueTestJSON:setUpClass): 200 GET http://10.180.1.21/compute/v2.1/servers/76d8729f-b71e-4c19-8c6a-acaab4cc29e2 0.364s
2025-03-11 12:02:08.959 70074 WARNING tempest.lib.common.ssh [-] Failed to establish authenticated ssh connection to cirros@10.180.180.189 ([Errno None] Unable to connect to port 22 on 10.180.180.189). Number attempts: 5. Retry after 6 seconds.: paramiko.ssh_exception.NoValidConnectionsError: [Errno None] Unable to connect to port 22 on 10.180.180.189
2025-03-11 12:02:09.034 70078 INFO tempest.lib.common.rest_client [req-870c51b1-36a0-464c-9811-6c9e374ed91b req-870c51b1-36a0-464c-9811-6c9e374ed91b ] Request (SecurityGroupsTestJSON:test_list_security_groups_by_server): 200 POST http://10.180.1.21/compute/v2.1/os-security-groups 0.396s
2025-03-11 12:02:09.079 70110 INFO tempest.lib.common.rest_client [req-c11bc6eb-3f10-4d80-a3b6-962666e22638 req-c11bc6eb-3f10-4d80-a3b6-962666e22638 ] Request (ListServerFiltersTestJSON:test_list_servers_filter_by_shutoff_status): 200 GET http://10.180.1.21/compute/v2.1/servers/c8608e53-fb3e-4381-81fc-61b0ce6673fc 0.672s
2025-03-11 12:02:09.081 70078 INFO tempest.lib.common.rest_client [req-9f9683d1-a70f-4477-8c20-0333313e063a req-9f9683d1-a70f-4477-8c20-0333313e063a ] Request (SecurityGroupsTestJSON:test_list_security_groups_by_server): 201 POST http://10.180.1.21/identity/v3/auth/tokens 0.039s
2025-03-11 12:02:09.081 70078 INFO tempest.lib.common.fixed_network [-] (SecurityGroupsTestJSON:test_list_security_groups_by_server) Found network {'id': '7f05e4ed-5279-4842-994d-03467de8d84c', 'name': 'tempest-SecurityGroupsTestJSON-109428271-network', 'tenant_id': 'c743f7c7aeb84c2a957e72eebe0467b1', 'admin_state_up': True, 'mtu': 8950, 'status': 'ACTIVE', 'subnets': [], 'shared': False, 'project_id': 'c743f7c7aeb84c2a957e72eebe0467b1', 'port_security_enabled': True, 'router:external': False, 'provider:network_type': 'vlan', 'provider:physical_network': 'default', 'provider:segmentation_id': 346, 'is_default': False, 'availability_zone_hints': [], 'availability_zones': [], 'ipv4_address_scope': None, 'ipv6_address_scope': None, 'description': '', 'tags': [], 'created_at': '2025-03-11T12:02:05Z', 'updated_at': '2025-03-11T12:02:05Z', 'revision_number': 1} available for tenant
2025-03-11 12:02:09.097 70082 INFO tempest.lib.common.rest_client [req-02fde858-eca2-414c-9ecd-1472c2a7dd1d req-02fde858-eca2-414c-9ecd-1472c2a7dd1d ] Request (ImagesTestJSON:test_create_image_from_suspended_server): 200 GET http://10.180.1.21/compute/v2.1/servers/7dc84e2a-2c23-4011-8481-4af95011a149 0.432s
2025-03-11 12:02:09.106 70082 INFO tempest.common.waiters [-] State transition "BUILD/scheduling" ==> "BUILD/None" after 36 second wait
2025-03-11 12:02:09.136 70088 INFO tempest.lib.common.rest_client [req-d744e4b0-e7e6-4f69-9c46-c95347235b86 req-d744e4b0-e7e6-4f69-9c46-c95347235b86 ] Request (FloatingIPsAssociationNegativeTestJSON:tearDownClass): 200 GET http://10.180.1.21/compute/v2.1/servers/afd27e48-9ec6-453d-a879-466ddaf363e3 0.392s
2025-03-11 12:02:09.151 70070 INFO tempest.lib.common.rest_client [req-7ef14092-1f2b-4a70-96ca-565ab46d8aff req-7ef14092-1f2b-4a70-96ca-565ab46d8aff ] Request (ServersAdminNegativeTestJSON:test_migrate_server_invalid_state): 200 GET http://10.180.1.21/compute/v2.1/servers/0bf7734b-d8be-42fd-9621-21e13da23634 0.362s
2025-03-11 12:02:09.205 70053 INFO tempest.lib.common.rest_client [req-4c5f31ec-157e-4edf-8b31-5bff3167f6b2 req-4c5f31ec-157e-4edf-8b31-5bff3167f6b2 ] Request (ServerRescueTestJSONUnderV235:setUpClass): 200 GET http://10.180.1.21/compute/v2.1/servers/d3c7d1bc-f920-4075-9eab-7b026bc0c5ea 0.381s
2025-03-11 12:02:09.259 70058 INFO tempest.lib.common.rest_client [req-fa105a6d-f0a4-4fe0-8abc-7b652a1bd497 req-fa105a6d-f0a4-4fe0-8abc-7b652a1bd497 ] Request (MultipleCreateTestJSON:test_multiple_create): 200 GET http://10.180.1.21/compute/v2.1/servers/74a3276a-8166-4dbe-8b04-b811a7349105 0.372s
2025-03-11 12:02:09.279 70055 INFO tempest.lib.common.rest_client [req-3b78adef-d5e9-41db-9b5d-9f2a79e4ad99 req-3b78adef-d5e9-41db-9b5d-9f2a79e4ad99 ] Request (ServersTestBootFromVolume:setUpClass): 200 GET http://10.180.1.21/compute/v2.1/servers/b5743a22-1e77-4c65-81b2-6d0044397b27 0.484s
2025-03-11 12:02:09.289 70055 INFO tempest.lib.common.ssh [-] Creating ssh connection to '10.180.180.147:22' as 'cirros' with public key authentication
2025-03-11 12:02:09.323 70094 INFO tempest.lib.common.rest_client [req-48d54f3f-4289-455f-a998-25ddeff6fb87 req-48d54f3f-4289-455f-a998-25ddeff6fb87 ] Request (ImagesNegativeTestJSON:test_create_image_from_deleted_server): 200 GET http://10.180.1.21/compute/v2.1/servers/fdaf176d-a101-44c5-bbec-cd481e5f440e 0.431s
2025-03-11 12:02:09.342 70066 INFO tempest.lib.common.rest_client [req-697f5122-3f29-494c-9a60-edbea7394e48 req-697f5122-3f29-494c-9a60-edbea7394e48 ] Request (ServerDiagnosticsV248Test:test_get_server_diagnostics): 200 GET http://10.180.1.21/compute/v2.1/servers/6d7766ae-714c-4682-98e0-6b1bb93130e3 0.401s
2025-03-11 12:02:09.375 70076 INFO tempest.lib.common.rest_client [req-acd98cb9-18ee-4be8-94f6-73e01e355d43 req-acd98cb9-18ee-4be8-94f6-73e01e355d43 ] Request (ServerTagsTestJSON:setUpClass): 200 GET http://10.180.1.21/compute/v2.1/servers/015724cf-8e8c-42b9-b2c9-875978cc6135 0.379s
2025-03-11 12:02:09.399 70062 INFO tempest.lib.common.rest_client [req-dba2b513-e34a-4078-8d31-5c5f2b056cfb req-dba2b513-e34a-4078-8d31-5c5f2b056cfb ] Request (ServerAddressesTestJSON:setUpClass): 200 GET http://10.180.1.21/compute/v2.1/servers/fbe4fab7-6cc5-4dce-b8c6-9809f4c4da6e 0.334s
2025-03-11 12:02:09.453 70102 INFO tempest.lib.common.rest_client [req-4fa9017b-26a0-4d47-8b3c-563821bed72d req-4fa9017b-26a0-4d47-8b3c-563821bed72d ] Request (ServersNegativeTestMultiTenantJSON:setUpClass): 200 GET http://10.180.1.21/compute/v2.1/servers/a8681ee8-b89d-47d4-a57d-0cbbe3a9b088 0.296s
2025-03-11 12:02:09.508 70068 INFO tempest.lib.common.rest_client [req-5595d6df-8b99-4458-acaf-4b1beb343bc9 req-5595d6df-8b99-4458-acaf-4b1beb343bc9 ] Request (ServersTestMultiNic:test_verify_multiple_nics_order): 200 GET http://10.180.1.21/compute/v2.1/servers/c2853410-f479-41b7-b11d-232b12e18727 0.280s
2025-03-11 12:02:09.561 70064 INFO tempest.lib.common.rest_client [req-b0107ecf-fe39-4cfe-8a39-8893b62e8b02 req-b0107ecf-fe39-4cfe-8a39-8893b62e8b02 ] Request (ServersTestManualDisk:setUpClass): 200 GET http://10.180.1.21/compute/v2.1/servers/56c1c64a-d6b9-4d42-a0d9-59046d855df2 0.324s
2025-03-11 12:02:09.617 70086 INFO tempest.lib.common.rest_client [req-0c1a6664-643e-4919-820c-b20ab75427ad req-0c1a6664-643e-4919-820c-b20ab75427ad ] Request (DeleteServersAdminTestJSON:test_delete_server_while_in_error_state): 200 GET http://10.180.1.21/compute/v2.1/servers/1e74125a-23fa-446d-b685-260bc10f2643 0.327s
2025-03-11 12:02:09.688 70106 INFO tempest.lib.common.rest_client [req-37828c63-d611-4bd2-a809-0d83f927bd4f req-37828c63-d611-4bd2-a809-0d83f927bd4f ] Request (ImagesOneServerTestJSON:tearDownClass): 200 GET http://10.180.1.21/compute/v2.1/servers/9e862f36-920a-4332-95c0-a74470458058 0.355s
2025-03-11 12:02:09.717 70078 INFO tempest.lib.common.rest_client [req-48a758fe-b1ee-4de1-b492-8429c64b8715 req-48a758fe-b1ee-4de1-b492-8429c64b8715 ] Request (SecurityGroupsTestJSON:test_list_security_groups_by_server): 202 POST http://10.180.1.21/compute/v2.1/servers 0.635s
2025-03-11 12:02:09.743 70100 INFO tempest.lib.common.rest_client [req-c7245793-37d3-4887-ba35-b394ec7eca30 req-c7245793-37d3-4887-ba35-b394ec7eca30 ] Request (ServersNegativeTestJSON:setUpClass): 200 GET http://10.180.1.21/compute/v2.1/servers/36de9d61-f5b4-4ac3-8d03-2df6ca0750c2 0.391s
2025-03-11 12:02:09.768 70108 INFO tempest.lib.common.rest_client [req-90e81f66-930a-455e-b100-5ddcb21f0614 req-90e81f66-930a-455e-b100-5ddcb21f0614 ] Request (ServerExternalEventsTest:test_create_server_external_events): 200 GET http://10.180.1.21/compute/v2.1/servers/176eb896-91f5-4a36-a9d2-d5d78b6c93b2 0.281s
2025-03-11 12:02:09.798 70112 INFO tempest.lib.common.rest_client [req-a637a190-3fa2-41f8-aacc-7d650473ff7e req-a637a190-3fa2-41f8-aacc-7d650473ff7e ] Request (ServersAdminTestJSON:test_create_server_with_scheduling_hint): 200 GET http://10.180.1.21/compute/v2.1/servers/c89f5e34-74c1-4b07-8fa7-27383505b60c 0.218s
2025-03-11 12:02:09.830 70084 INFO tempest.lib.common.rest_client [req-08ae5170-7876-47af-9ccf-98fa17482391 req-08ae5170-7876-47af-9ccf-98fa17482391 ] Request (ImagesOneServerNegativeTestJSON:_run_cleanups): 200 GET http://10.180.1.21/compute/v2.1/servers/28741f56-6af9-48ca-b819-777bcfdec79c 0.187s
2025-03-11 12:02:09.852 70060 INFO tempest.lib.common.rest_client [req-1d9cf4a9-c0a3-4367-97f2-b5e74d79d002 req-1d9cf4a9-c0a3-4367-97f2-b5e74d79d002 ] Request (FloatingIPsAssociationTestJSON:setUpClass): 200 GET http://10.180.1.21/compute/v2.1/servers/a4f581c4-99c4-4f3c-af62-8b652d31e4fd 0.144s
2025-03-11 12:02:09.885 70092 INFO tempest.lib.common.rest_client [req-666fe8fa-788f-4e4a-9d64-56cf35fb194b req-666fe8fa-788f-4e4a-9d64-56cf35fb194b ] Request (ListImageFiltersTestJSON:setUpClass): 200 GET http://10.180.1.21/compute/v2.1/servers/369b4f02-42d7-485a-bb5c-053633a8a160 0.169s
2025-03-11 12:02:09.885 70078 INFO tempest.lib.common.rest_client [req-ef85ed70-84d9-49d6-8f3e-b69460afa43e req-ef85ed70-84d9-49d6-8f3e-b69460afa43e ] Request (SecurityGroupsTestJSON:test_list_security_groups_by_server): 200 GET http://10.180.1.21/compute/v2.1/servers/21b4cbce-58e9-4251-b788-e4f98a1ed19d 0.166s
2025-03-11 12:02:09.943 70098 WARNING tempest.lib.common.ssh [-] Failed to establish authenticated ssh connection to cirros@10.180.180.146 ([Errno None] Unable to connect to port 22 on 10.180.180.146). Number attempts: 3. Retry after 4 seconds.: paramiko.ssh_exception.NoValidConnectionsError: [Errno None] Unable to connect to port 22 on 10.180.180.146
2025-03-11 12:02:09.970 70114 INFO tempest.lib.common.rest_client [req-77cf22fb-f9b1-480b-b058-569de74a5e8a req-77cf22fb-f9b1-480b-b058-569de74a5e8a ] Request (ServerRescueTestJSON:setUpClass): 200 GET http://10.180.1.21/compute/v2.1/servers/76d8729f-b71e-4c19-8c6a-acaab4cc29e2 0.053s
2025-03-11 12:02:09.976 70104 INFO tempest.lib.common.rest_client [req-0cb21df4-4a50-4938-bdac-ffe0ca18e8fd req-0cb21df4-4a50-4938-bdac-ffe0ca18e8fd ] Request (MigrationsAdminTest:test_list_migrations_in_flavor_resize_situation): 200 GET http://10.180.1.21/compute/v2.1/servers/f22f2442-6c76-4002-8c1c-920577f87f3e 0.112s
2025-03-11 12:02:10.151 70082 INFO tempest.lib.common.rest_client [req-50ff8cba-4e12-45b5-a827-6a5fbdb184d5 req-50ff8cba-4e12-45b5-a827-6a5fbdb184d5 ] Request (ImagesTestJSON:test_create_image_from_suspended_server): 200 GET http://10.180.1.21/compute/v2.1/servers/7dc84e2a-2c23-4011-8481-4af95011a149 0.044s
2025-03-11 12:02:10.177 70110 INFO tempest.lib.common.rest_client [req-82e3ec5f-0166-4469-acab-606e35ae3d27 req-82e3ec5f-0166-4469-acab-606e35ae3d27 ] Request (ListServerFiltersTestJSON:test_list_servers_filter_by_shutoff_status): 200 GET http://10.180.1.21/compute/v2.1/servers/c8608e53-fb3e-4381-81fc-61b0ce6673fc 0.086s
2025-03-11 12:02:10.184 70110 INFO tempest.common.waiters [-] State transition "ACTIVE/powering-off" ==> "SHUTOFF/None" after 1 second wait
2025-03-11 12:02:10.200 70088 INFO tempest.lib.common.rest_client [req-ab980ea0-8405-4a57-88c8-5565983701de req-ab980ea0-8405-4a57-88c8-5565983701de ] Request (FloatingIPsAssociationNegativeTestJSON:tearDownClass): 200 GET http://10.180.1.21/compute/v2.1/servers/afd27e48-9ec6-453d-a879-466ddaf363e3 0.056s
2025-03-11 12:02:10.220 70070 INFO tempest.lib.common.rest_client [req-d734c9f3-8dee-453d-bc52-8f0d70c30d60 req-d734c9f3-8dee-453d-bc52-8f0d70c30d60 ] Request (ServersAdminNegativeTestJSON:test_migrate_server_invalid_state): 200 GET http://10.180.1.21/compute/v2.1/servers/0bf7734b-d8be-42fd-9621-21e13da23634 0.058s
2025-03-11 12:02:10.240 70110 INFO tempest.lib.common.rest_client [req-0bd33963-3534-4a77-8da4-a5d59ef2bedf req-0bd33963-3534-4a77-8da4-a5d59ef2bedf ] Request (ListServerFiltersTestJSON:test_list_servers_filter_by_shutoff_status): 200 GET http://10.180.1.21/compute/v2.1/servers?status=shutoff 0.055s
2025-03-11 12:02:10.266 70053 INFO tempest.lib.common.rest_client [req-dad29d05-d4e5-4540-810c-853bfde2e554 req-dad29d05-d4e5-4540-810c-853bfde2e554 ] Request (ServerRescueTestJSONUnderV235:setUpClass): 200 GET http://10.180.1.21/compute/v2.1/servers/d3c7d1bc-f920-4075-9eab-7b026bc0c5ea 0.054s
2025-03-11 12:02:10.291 70110 INFO tempest.lib.common.rest_client [req-6eb02827-ae77-4e41-89e2-46722e6e7cb3 req-6eb02827-ae77-4e41-89e2-46722e6e7cb3 ] Request (ListServerFiltersTestJSON:test_list_servers_filter_by_shutoff_status): 202 POST http://10.180.1.21/compute/v2.1/servers/c8608e53-fb3e-4381-81fc-61b0ce6673fc/action 0.048s
2025-03-11 12:02:10.324 70058 INFO tempest.lib.common.rest_client [req-b8337524-b406-4837-8dce-054225db8cad req-b8337524-b406-4837-8dce-054225db8cad ] Request (MultipleCreateTestJSON:test_multiple_create): 200 GET http://10.180.1.21/compute/v2.1/servers/74a3276a-8166-4dbe-8b04-b811a7349105 0.056s
2025-03-11 12:02:10.398 70094 INFO tempest.lib.common.rest_client [req-9d1d613c-17cb-4ba2-9b9a-a0703d0feebf req-9d1d613c-17cb-4ba2-9b9a-a0703d0feebf ] Request (ImagesNegativeTestJSON:test_create_image_from_deleted_server): 200 GET http://10.180.1.21/compute/v2.1/servers/fdaf176d-a101-44c5-bbec-cd481e5f440e 0.065s
2025-03-11 12:02:10.426 70110 INFO tempest.lib.common.rest_client [req-299b206a-a578-4a2c-b762-f918f79baf9c req-299b206a-a578-4a2c-b762-f918f79baf9c ] Request (ListServerFiltersTestJSON:test_list_servers_filter_by_shutoff_status): 200 GET http://10.180.1.21/compute/v2.1/servers/c8608e53-fb3e-4381-81fc-61b0ce6673fc 0.134s
2025-03-11 12:02:10.445 70066 INFO tempest.lib.common.rest_client [req-46bb1a35-5183-43d6-9230-0c233e01c123 req-46bb1a35-5183-43d6-9230-0c233e01c123 ] Request (ServerDiagnosticsV248Test:test_get_server_diagnostics): 200 GET http://10.180.1.21/compute/v2.1/servers/6d7766ae-714c-4682-98e0-6b1bb93130e3 0.091s
2025-03-11 12:02:10.480 70076 INFO tempest.lib.common.rest_client [req-d0b0002a-f859-4620-8758-d1d4968caa25 req-d0b0002a-f859-4620-8758-d1d4968caa25 ] Request (ServerTagsTestJSON:setUpClass): 200 GET http://10.180.1.21/compute/v2.1/servers/015724cf-8e8c-42b9-b2c9-875978cc6135 0.092s
2025-03-11 12:02:10.493 70062 INFO tempest.lib.common.rest_client [req-39dff61f-1f2c-4403-857f-5a054a8e5038 req-39dff61f-1f2c-4403-857f-5a054a8e5038 ] Request (ServerAddressesTestJSON:setUpClass): 200 GET http://10.180.1.21/compute/v2.1/servers/fbe4fab7-6cc5-4dce-b8c6-9809f4c4da6e 0.083s
2025-03-11 12:02:10.528 70102 INFO tempest.lib.common.rest_client [req-7ea2cc20-251f-4fd0-af15-d2592d042b2c req-7ea2cc20-251f-4fd0-af15-d2592d042b2c ] Request (ServersNegativeTestMultiTenantJSON:setUpClass): 200 GET http://10.180.1.21/compute/v2.1/servers/a8681ee8-b89d-47d4-a57d-0cbbe3a9b088 0.065s
2025-03-11 12:02:10.573 70068 INFO tempest.lib.common.rest_client [req-049a1ce4-aacb-4449-a8ee-ae35ee9e1595 req-049a1ce4-aacb-4449-a8ee-ae35ee9e1595 ] Request (ServersTestMultiNic:test_verify_multiple_nics_order): 200 GET http://10.180.1.21/compute/v2.1/servers/c2853410-f479-41b7-b11d-232b12e18727 0.053s
2025-03-11 12:02:10.627 70064 INFO tempest.lib.common.rest_client [req-7ced029c-747d-4def-922a-5df5e1834dbc req-7ced029c-747d-4def-922a-5df5e1834dbc ] Request (ServersTestManualDisk:setUpClass): 200 GET http://10.180.1.21/compute/v2.1/servers/56c1c64a-d6b9-4d42-a0d9-59046d855df2 0.051s
2025-03-11 12:02:10.674 70086 INFO tempest.lib.common.rest_client [req-85be3aaf-a263-4b3e-bb3b-f2239beedf97 req-85be3aaf-a263-4b3e-bb3b-f2239beedf97 ] Request (DeleteServersAdminTestJSON:test_delete_server_while_in_error_state): 200 GET http://10.180.1.21/compute/v2.1/servers/1e74125a-23fa-446d-b685-260bc10f2643 0.048s
2025-03-11 12:02:10.757 70106 INFO tempest.lib.common.rest_client [req-cab922f9-fb51-45af-8fef-3405f76c2165 req-cab922f9-fb51-45af-8fef-3405f76c2165 ] Request (ImagesOneServerTestJSON:tearDownClass): 200 GET http://10.180.1.21/compute/v2.1/servers/9e862f36-920a-4332-95c0-a74470458058 0.060s
2025-03-11 12:02:10.800 70100 INFO tempest.lib.common.rest_client [req-25e16271-087a-454a-bcb6-a0040740414d req-25e16271-087a-454a-bcb6-a0040740414d ] Request (ServersNegativeTestJSON:setUpClass): 200 GET http://10.180.1.21/compute/v2.1/servers/36de9d61-f5b4-4ac3-8d03-2df6ca0750c2 0.047s
2025-03-11 12:02:10.835 70108 INFO tempest.lib.common.rest_client [req-113f8b1f-3440-4556-8e16-643bf0700a9b req-113f8b1f-3440-4556-8e16-643bf0700a9b ] Request (ServerExternalEventsTest:test_create_server_external_events): 200 GET http://10.180.1.21/compute/v2.1/servers/176eb896-91f5-4a36-a9d2-d5d78b6c93b2 0.058s
2025-03-11 12:02:10.876 70112 INFO tempest.lib.common.rest_client [req-cf586894-28aa-4e5d-9e40-941b103d78c5 req-cf586894-28aa-4e5d-9e40-941b103d78c5 ] Request (ServersAdminTestJSON:test_create_server_with_scheduling_hint): 200 GET http://10.180.1.21/compute/v2.1/servers/c89f5e34-74c1-4b07-8fa7-27383505b60c 0.067s
2025-03-11 12:02:10.924 70084 INFO tempest.lib.common.rest_client [req-fc6dda1b-b6c3-4d87-a6c3-fa8c280825fa req-fc6dda1b-b6c3-4d87-a6c3-fa8c280825fa ] Request (ImagesOneServerNegativeTestJSON:_run_cleanups): 200 GET http://10.180.1.21/compute/v2.1/servers/28741f56-6af9-48ca-b819-777bcfdec79c 0.080s
2025-03-11 12:02:10.929 70060 INFO tempest.lib.common.rest_client [req-35c7ca2a-d985-492c-a525-8d00fa2b1838 req-35c7ca2a-d985-492c-a525-8d00fa2b1838 ] Request (FloatingIPsAssociationTestJSON:setUpClass): 200 GET http://10.180.1.21/compute/v2.1/servers/a4f581c4-99c4-4f3c-af62-8b652d31e4fd 0.069s
2025-03-11 12:02:10.971 70078 INFO tempest.lib.common.rest_client [req-fa54b305-5bda-4020-910a-057ea03727b5 req-fa54b305-5bda-4020-910a-057ea03727b5 ] Request (SecurityGroupsTestJSON:test_list_security_groups_by_server): 200 GET http://10.180.1.21/compute/v2.1/servers/21b4cbce-58e9-4251-b788-e4f98a1ed19d 0.078s
2025-03-11 12:02:10.989 70092 INFO tempest.lib.common.rest_client [req-16912aa5-d6c6-47d9-8d24-088a59602ac0 req-16912aa5-d6c6-47d9-8d24-088a59602ac0 ] Request (ListImageFiltersTestJSON:setUpClass): 200 GET http://10.180.1.21/compute/v2.1/servers/369b4f02-42d7-485a-bb5c-053633a8a160 0.097s
2025-03-11 12:02:10.997 70092 INFO tempest.common.waiters [-] State transition "BUILD/None" ==> "BUILD/networking" after 55 second wait
2025-03-11 12:02:11.026 70114 INFO tempest.lib.common.rest_client [req-e5856694-423b-4a3c-a6a7-9debdb89420c req-e5856694-423b-4a3c-a6a7-9debdb89420c ] Request (ServerRescueTestJSON:setUpClass): 200 GET http://10.180.1.21/compute/v2.1/servers/76d8729f-b71e-4c19-8c6a-acaab4cc29e2 0.048s
2025-03-11 12:02:11.211 70082 INFO tempest.lib.common.rest_client [req-cea84e56-e588-4f17-96ce-eb2019645259 req-cea84e56-e588-4f17-96ce-eb2019645259 ] Request (ImagesTestJSON:test_create_image_from_suspended_server): 200 GET http://10.180.1.21/compute/v2.1/servers/7dc84e2a-2c23-4011-8481-4af95011a149 0.052s
2025-03-11 12:02:11.239 70104 INFO tempest.lib.common.rest_client [req-69ab8ab5-47bc-4f80-ad0d-f8e358d07c57 req-69ab8ab5-47bc-4f80-ad0d-f8e358d07c57 ] Request (MigrationsAdminTest:test_list_migrations_in_flavor_resize_situation): 200 GET http://10.180.1.21/compute/v2.1/servers/f22f2442-6c76-4002-8c1c-920577f87f3e 0.247s
2025-03-11 12:02:11.279 70088 INFO tempest.lib.common.rest_client [req-5e169418-a808-41ea-a8ee-efc53b7a6fd9 req-5e169418-a808-41ea-a8ee-efc53b7a6fd9 ] Request (FloatingIPsAssociationNegativeTestJSON:tearDownClass): 200 GET http://10.180.1.21/compute/v2.1/servers/afd27e48-9ec6-453d-a879-466ddaf363e3 0.067s
2025-03-11 12:02:11.297 70070 INFO tempest.lib.common.rest_client [req-64fd38d0-e544-4c21-ad3b-560ebc45f169 req-64fd38d0-e544-4c21-ad3b-560ebc45f169 ] Request (ServersAdminNegativeTestJSON:test_migrate_server_invalid_state): 200 GET http://10.180.1.21/compute/v2.1/servers/0bf7734b-d8be-42fd-9621-21e13da23634 0.069s
2025-03-11 12:02:11.347 70053 INFO tempest.lib.common.rest_client [req-f24f7bdd-72dd-436d-aea6-46a148d6f592 req-f24f7bdd-72dd-436d-aea6-46a148d6f592 ] Request (ServerRescueTestJSONUnderV235:setUpClass): 200 GET http://10.180.1.21/compute/v2.1/servers/d3c7d1bc-f920-4075-9eab-7b026bc0c5ea 0.069s
2025-03-11 12:02:11.408 70058 INFO tempest.lib.common.rest_client [req-a26ed725-b52b-48b8-aab7-5815e3ddf459 req-a26ed725-b52b-48b8-aab7-5815e3ddf459 ] Request (MultipleCreateTestJSON:test_multiple_create): 200 GET http://10.180.1.21/compute/v2.1/servers/74a3276a-8166-4dbe-8b04-b811a7349105 0.073s
2025-03-11 12:02:11.464 70094 INFO tempest.lib.common.rest_client [req-e0f83458-1623-40e9-9817-1ebdac342311 req-e0f83458-1623-40e9-9817-1ebdac342311 ] Request (ImagesNegativeTestJSON:test_create_image_from_deleted_server): 200 GET http://10.180.1.21/compute/v2.1/servers/fdaf176d-a101-44c5-bbec-cd481e5f440e 0.057s
2025-03-11 12:02:11.513 70066 INFO tempest.lib.common.rest_client [req-610131a6-f599-4484-af9e-10a7254399b9 req-610131a6-f599-4484-af9e-10a7254399b9 ] Request (ServerDiagnosticsV248Test:test_get_server_diagnostics): 200 GET http://10.180.1.21/compute/v2.1/servers/6d7766ae-714c-4682-98e0-6b1bb93130e3 0.057s
2025-03-11 12:02:11.558 70076 INFO tempest.lib.common.rest_client [req-e05dda57-67e9-4c7d-8f97-97d9e11a7e52 req-e05dda57-67e9-4c7d-8f97-97d9e11a7e52 ] Request (ServerTagsTestJSON:setUpClass): 200 GET http://10.180.1.21/compute/v2.1/servers/015724cf-8e8c-42b9-b2c9-875978cc6135 0.067s
2025-03-11 12:02:11.570 70110 INFO tempest.lib.common.rest_client [req-2a112141-01ac-44ab-a4c6-a57e03ffa386 req-2a112141-01ac-44ab-a4c6-a57e03ffa386 ] Request (ListServerFiltersTestJSON:test_list_servers_filter_by_shutoff_status): 200 GET http://10.180.1.21/compute/v2.1/servers/c8608e53-fb3e-4381-81fc-61b0ce6673fc 0.136s
2025-03-11 12:02:11.605 70062 INFO tempest.lib.common.rest_client [req-36ece37f-568c-43f8-acc7-cb4bfe7c638b req-36ece37f-568c-43f8-acc7-cb4bfe7c638b ] Request (ServerAddressesTestJSON:setUpClass): 200 GET http://10.180.1.21/compute/v2.1/servers/fbe4fab7-6cc5-4dce-b8c6-9809f4c4da6e 0.104s
2025-03-11 12:02:11.620 70102 INFO tempest.lib.common.rest_client [req-ea95ca00-51a0-4830-9651-a8873a269b9e req-ea95ca00-51a0-4830-9651-a8873a269b9e ] Request (ServersNegativeTestMultiTenantJSON:setUpClass): 200 GET http://10.180.1.21/compute/v2.1/servers/a8681ee8-b89d-47d4-a57d-0cbbe3a9b088 0.084s
2025-03-11 12:02:11.650 70068 INFO tempest.lib.common.rest_client [req-253213f7-8e3c-43c6-a582-1ffdef554e2e req-253213f7-8e3c-43c6-a582-1ffdef554e2e ] Request (ServersTestMultiNic:test_verify_multiple_nics_order): 200 GET http://10.180.1.21/compute/v2.1/servers/c2853410-f479-41b7-b11d-232b12e18727 0.069s
2025-03-11 12:02:11.691 70064 INFO tempest.lib.common.rest_client [req-0e3d84dc-94d3-4dfd-aca7-25e12e86e503 req-0e3d84dc-94d3-4dfd-aca7-25e12e86e503 ] Request (ServersTestManualDisk:setUpClass): 200 GET http://10.180.1.21/compute/v2.1/servers/56c1c64a-d6b9-4d42-a0d9-59046d855df2 0.054s
2025-03-11 12:02:11.734 70086 INFO tempest.lib.common.rest_client [req-2dcc352c-3da2-49c2-9e3c-78fa63ea4b36 req-2dcc352c-3da2-49c2-9e3c-78fa63ea4b36 ] Request (DeleteServersAdminTestJSON:test_delete_server_while_in_error_state): 200 GET http://10.180.1.21/compute/v2.1/servers/1e74125a-23fa-446d-b685-260bc10f2643 0.053s
2025-03-11 12:02:11.823 70106 INFO tempest.lib.common.rest_client [req-d5dc7335-4636-4052-b794-3d5876c6a25d req-d5dc7335-4636-4052-b794-3d5876c6a25d ] Request (ImagesOneServerTestJSON:tearDownClass): 200 GET http://10.180.1.21/compute/v2.1/servers/9e862f36-920a-4332-95c0-a74470458058 0.057s
2025-03-11 12:02:11.860 70100 INFO tempest.lib.common.rest_client [req-a0c63eb6-2fd3-4c9a-a551-4707e6eb3c5a req-a0c63eb6-2fd3-4c9a-a551-4707e6eb3c5a ] Request (ServersNegativeTestJSON:setUpClass): 200 GET http://10.180.1.21/compute/v2.1/servers/36de9d61-f5b4-4ac3-8d03-2df6ca0750c2 0.050s
2025-03-11 12:02:11.893 70108 INFO tempest.lib.common.rest_client [req-6a3481b2-3d10-47bb-bf27-bafa18bd0736 req-6a3481b2-3d10-47bb-bf27-bafa18bd0736 ] Request (ServerExternalEventsTest:test_create_server_external_events): 200 GET http://10.180.1.21/compute/v2.1/servers/176eb896-91f5-4a36-a9d2-d5d78b6c93b2 0.049s
2025-03-11 12:02:11.938 70112 INFO tempest.lib.common.rest_client [req-416483dc-ad4f-40e3-b3d6-4c2cd58509eb req-416483dc-ad4f-40e3-b3d6-4c2cd58509eb ] Request (ServersAdminTestJSON:test_create_server_with_scheduling_hint): 200 GET http://10.180.1.21/compute/v2.1/servers/c89f5e34-74c1-4b07-8fa7-27383505b60c 0.053s
2025-03-11 12:02:11.985 70060 INFO tempest.lib.common.rest_client [req-5f5f4fa3-591d-488a-aecc-b365acc1bbec req-5f5f4fa3-591d-488a-aecc-b365acc1bbec ] Request (FloatingIPsAssociationTestJSON:setUpClass): 200 GET http://10.180.1.21/compute/v2.1/servers/a4f581c4-99c4-4f3c-af62-8b652d31e4fd 0.049s
2025-03-11 12:02:11.994 70084 INFO tempest.lib.common.rest_client [req-d708a551-73ef-4846-8cb9-075af82ce0e5 req-d708a551-73ef-4846-8cb9-075af82ce0e5 ] Request (ImagesOneServerNegativeTestJSON:_run_cleanups): 200 GET http://10.180.1.21/compute/v2.1/servers/28741f56-6af9-48ca-b819-777bcfdec79c 0.057s
2025-03-11 12:02:12.037 70078 INFO tempest.lib.common.rest_client [req-33999549-4575-478c-8cbf-b689e204df2a req-33999549-4575-478c-8cbf-b689e204df2a ] Request (SecurityGroupsTestJSON:test_list_security_groups_by_server): 200 GET http://10.180.1.21/compute/v2.1/servers/21b4cbce-58e9-4251-b788-e4f98a1ed19d 0.058s
2025-03-11 12:02:12.079 70114 INFO tempest.lib.common.rest_client [req-2f06ad56-0df9-4007-b6d6-1ee59d8596e1 req-2f06ad56-0df9-4007-b6d6-1ee59d8596e1 ] Request (ServerRescueTestJSON:setUpClass): 200 GET http://10.180.1.21/compute/v2.1/servers/76d8729f-b71e-4c19-8c6a-acaab4cc29e2 0.044s
2025-03-11 12:02:12.088 70092 INFO tempest.lib.common.rest_client [req-23014d44-29ad-4d0e-a9c2-3c7fd33c9b7e req-23014d44-29ad-4d0e-a9c2-3c7fd33c9b7e ] Request (ListImageFiltersTestJSON:setUpClass): 200 GET http://10.180.1.21/compute/v2.1/servers/369b4f02-42d7-485a-bb5c-053633a8a160 0.090s
2025-03-11 12:02:12.094 70092 INFO tempest.common.waiters [-] State transition "BUILD/networking" ==> "BUILD/spawning" after 57 second wait
2025-03-11 12:02:12.267 70082 INFO tempest.lib.common.rest_client [req-a019ecbb-1093-4e28-9bd5-2d1fbf3a8d83 req-a019ecbb-1093-4e28-9bd5-2d1fbf3a8d83 ] Request (ImagesTestJSON:test_create_image_from_suspended_server): 200 GET http://10.180.1.21/compute/v2.1/servers/7dc84e2a-2c23-4011-8481-4af95011a149 0.046s
2025-03-11 12:02:12.346 70104 INFO tempest.lib.common.rest_client [req-2b30f9ea-3dbd-4cf3-adff-cab21d89dd1a req-2b30f9ea-3dbd-4cf3-adff-cab21d89dd1a ] Request (MigrationsAdminTest:test_list_migrations_in_flavor_resize_situation): 200 GET http://10.180.1.21/compute/v2.1/servers/f22f2442-6c76-4002-8c1c-920577f87f3e 0.092s
2025-03-11 12:02:12.349 70088 INFO tempest.lib.common.rest_client [req-2bb18fbf-cfd5-494c-a304-15d9a51b49fb req-2bb18fbf-cfd5-494c-a304-15d9a51b49fb ] Request (FloatingIPsAssociationNegativeTestJSON:tearDownClass): 200 GET http://10.180.1.21/compute/v2.1/servers/afd27e48-9ec6-453d-a879-466ddaf363e3 0.062s
2025-03-11 12:02:12.394 70070 INFO tempest.lib.common.rest_client [req-bd25e76d-dd62-43fb-b8bf-52436d3c0790 req-bd25e76d-dd62-43fb-b8bf-52436d3c0790 ] Request (ServersAdminNegativeTestJSON:test_migrate_server_invalid_state): 200 GET http://10.180.1.21/compute/v2.1/servers/0bf7734b-d8be-42fd-9621-21e13da23634 0.084s
2025-03-11 12:02:12.415 70053 INFO tempest.lib.common.rest_client [req-1eab9ae6-e898-481a-85a5-7a54127403f5 req-1eab9ae6-e898-481a-85a5-7a54127403f5 ] Request (ServerRescueTestJSONUnderV235:setUpClass): 200 GET http://10.180.1.21/compute/v2.1/servers/d3c7d1bc-f920-4075-9eab-7b026bc0c5ea 0.054s
2025-03-11 12:02:12.463 70058 INFO tempest.lib.common.rest_client [req-27bb853d-37db-4d3c-95f3-43c409780a24 req-27bb853d-37db-4d3c-95f3-43c409780a24 ] Request (MultipleCreateTestJSON:test_multiple_create): 200 GET http://10.180.1.21/compute/v2.1/servers/74a3276a-8166-4dbe-8b04-b811a7349105 0.047s
2025-03-11 12:02:12.549 70094 INFO tempest.lib.common.rest_client [req-8e489ec2-21b0-4637-960d-6f84b817d40d req-8e489ec2-21b0-4637-960d-6f84b817d40d ] Request (ImagesNegativeTestJSON:test_create_image_from_deleted_server): 200 GET http://10.180.1.21/compute/v2.1/servers/fdaf176d-a101-44c5-bbec-cd481e5f440e 0.077s
2025-03-11 12:02:12.578 70066 INFO tempest.lib.common.rest_client [req-952f3afd-86ad-4c8e-a060-d7222814b2e8 req-952f3afd-86ad-4c8e-a060-d7222814b2e8 ] Request (ServerDiagnosticsV248Test:test_get_server_diagnostics): 200 GET http://10.180.1.21/compute/v2.1/servers/6d7766ae-714c-4682-98e0-6b1bb93130e3 0.054s
2025-03-11 12:02:12.644 70076 INFO tempest.lib.common.rest_client [req-0e08698e-5dc9-4df7-907c-9aa8cd36d2f5 req-0e08698e-5dc9-4df7-907c-9aa8cd36d2f5 ] Request (ServerTagsTestJSON:setUpClass): 200 GET http://10.180.1.21/compute/v2.1/servers/015724cf-8e8c-42b9-b2c9-875978cc6135 0.076s
2025-03-11 12:02:12.685 70110 INFO tempest.lib.common.rest_client [req-a4fb0c4d-7588-4b14-a710-a08b5c0b25b5 req-a4fb0c4d-7588-4b14-a710-a08b5c0b25b5 ] Request (ListServerFiltersTestJSON:test_list_servers_filter_by_shutoff_status): 200 GET http://10.180.1.21/compute/v2.1/servers/c8608e53-fb3e-4381-81fc-61b0ce6673fc 0.108s
2025-03-11 12:02:12.700 70062 INFO tempest.lib.common.rest_client [req-7c414216-652b-4422-b1d2-f733e2f3d058 req-7c414216-652b-4422-b1d2-f733e2f3d058 ] Request (ServerAddressesTestJSON:setUpClass): 200 GET http://10.180.1.21/compute/v2.1/servers/fbe4fab7-6cc5-4dce-b8c6-9809f4c4da6e 0.086s
2025-03-11 12:02:12.738 70102 INFO tempest.lib.common.rest_client [req-cc4427af-7e73-4099-8dfc-8990e92c7874 req-cc4427af-7e73-4099-8dfc-8990e92c7874 ] Request (ServersNegativeTestMultiTenantJSON:setUpClass): 200 GET http://10.180.1.21/compute/v2.1/servers/a8681ee8-b89d-47d4-a57d-0cbbe3a9b088 0.109s
2025-03-11 12:02:12.762 70068 INFO tempest.lib.common.rest_client [req-900e9bee-bdef-4be5-97a7-24eef8f5289d req-900e9bee-bdef-4be5-97a7-24eef8f5289d ] Request (ServersTestMultiNic:test_verify_multiple_nics_order): 200 GET http://10.180.1.21/compute/v2.1/servers/c2853410-f479-41b7-b11d-232b12e18727 0.103s
2025-03-11 12:02:12.795 70064 INFO tempest.lib.common.rest_client [req-41e2018b-b608-44bc-9944-cdd59358c301 req-41e2018b-b608-44bc-9944-cdd59358c301 ] Request (ServersTestManualDisk:setUpClass): 200 GET http://10.180.1.21/compute/v2.1/servers/56c1c64a-d6b9-4d42-a0d9-59046d855df2 0.094s
2025-03-11 12:02:12.831 70086 INFO tempest.lib.common.rest_client [req-381d8241-bd43-4f49-8e4e-206f5011a6cc req-381d8241-bd43-4f49-8e4e-206f5011a6cc ] Request (DeleteServersAdminTestJSON:test_delete_server_while_in_error_state): 200 GET http://10.180.1.21/compute/v2.1/servers/1e74125a-23fa-446d-b685-260bc10f2643 0.089s
2025-03-11 12:02:12.906 70106 INFO tempest.lib.common.rest_client [req-150f5b72-0718-4549-98ca-7ea7a065916b req-150f5b72-0718-4549-98ca-7ea7a065916b ] Request (ImagesOneServerTestJSON:tearDownClass): 200 GET http://10.180.1.21/compute/v2.1/servers/9e862f36-920a-4332-95c0-a74470458058 0.068s
2025-03-11 12:02:12.926 70100 INFO tempest.lib.common.rest_client [req-00da1ec6-651b-4a3e-8168-76a9c7758f29 req-00da1ec6-651b-4a3e-8168-76a9c7758f29 ] Request (ServersNegativeTestJSON:setUpClass): 200 GET http://10.180.1.21/compute/v2.1/servers/36de9d61-f5b4-4ac3-8d03-2df6ca0750c2 0.058s
2025-03-11 12:02:12.952 70108 INFO tempest.lib.common.rest_client [req-e305e211-c763-4d9f-a434-b42dc142e1ab req-e305e211-c763-4d9f-a434-b42dc142e1ab ] Request (ServerExternalEventsTest:test_create_server_external_events): 200 GET http://10.180.1.21/compute/v2.1/servers/176eb896-91f5-4a36-a9d2-d5d78b6c93b2 0.050s
2025-03-11 12:02:13.003 70112 INFO tempest.lib.common.rest_client [req-4d3feb4c-37b3-47ec-8448-a3cd218d24de req-4d3feb4c-37b3-47ec-8448-a3cd218d24de ] Request (ServersAdminTestJSON:test_create_server_with_scheduling_hint): 200 GET http://10.180.1.21/compute/v2.1/servers/c89f5e34-74c1-4b07-8fa7-27383505b60c 0.057s
2025-03-11 12:02:13.033 70084 INFO tempest.lib.common.rest_client [req-e6ebc251-6763-417e-aab3-1e4e08085247 req-e6ebc251-6763-417e-aab3-1e4e08085247 ] Request (ImagesOneServerNegativeTestJSON:_run_cleanups): 404 GET http://10.180.1.21/compute/v2.1/servers/28741f56-6af9-48ca-b819-777bcfdec79c 0.028s
2025-03-11 12:02:13.050 70060 INFO tempest.lib.common.rest_client [req-a35a8a45-352c-4e97-bbf2-8a8965b7bb8a req-a35a8a45-352c-4e97-bbf2-8a8965b7bb8a ] Request (FloatingIPsAssociationTestJSON:setUpClass): 200 GET http://10.180.1.21/compute/v2.1/servers/a4f581c4-99c4-4f3c-af62-8b652d31e4fd 0.056s
2025-03-11 12:02:13.089 70084 INFO tempest.lib.common.rest_client [req-f5a13d14-7299-4443-a73a-fdb877b19bbe req-f5a13d14-7299-4443-a73a-fdb877b19bbe ] Request (ImagesOneServerNegativeTestJSON:_run_cleanups): 200 POST http://10.180.1.21/compute/v2.1/os-keypairs 0.054s
2025-03-11 12:02:13.110 70078 INFO tempest.lib.common.rest_client [req-63f85a5f-e005-493b-9286-5d9341769ed3 req-63f85a5f-e005-493b-9286-5d9341769ed3 ] Request (SecurityGroupsTestJSON:test_list_security_groups_by_server): 200 GET http://10.180.1.21/compute/v2.1/servers/21b4cbce-58e9-4251-b788-e4f98a1ed19d 0.065s
2025-03-11 12:02:13.146 70114 INFO tempest.lib.common.rest_client [req-ca17cf3a-573e-47d1-b942-4f103bb32017 req-ca17cf3a-573e-47d1-b942-4f103bb32017 ] Request (ServerRescueTestJSON:setUpClass): 200 GET http://10.180.1.21/compute/v2.1/servers/76d8729f-b71e-4c19-8c6a-acaab4cc29e2 0.059s
2025-03-11 12:02:13.329 70082 INFO tempest.lib.common.rest_client [req-2bfe5e4d-d4be-4e3f-ba4f-dd5265009759 req-2bfe5e4d-d4be-4e3f-ba4f-dd5265009759 ] Request (ImagesTestJSON:test_create_image_from_suspended_server): 200 GET http://10.180.1.21/compute/v2.1/servers/7dc84e2a-2c23-4011-8481-4af95011a149 0.054s
2025-03-11 12:02:13.399 70055 WARNING tempest.lib.common.ssh [-] Failed to establish authenticated ssh connection to cirros@10.180.180.147 ([Errno None] Unable to connect to port 22 on 10.180.180.147). Number attempts: 1. Retry after 2 seconds.: paramiko.ssh_exception.NoValidConnectionsError: [Errno None] Unable to connect to port 22 on 10.180.180.147
2025-03-11 12:02:13.457 70092 INFO tempest.lib.common.rest_client [req-7497551a-8d2d-4136-9da7-289e6b8cb98b req-7497551a-8d2d-4136-9da7-289e6b8cb98b ] Request (ListImageFiltersTestJSON:setUpClass): 200 GET http://10.180.1.21/compute/v2.1/servers/369b4f02-42d7-485a-bb5c-053633a8a160 0.362s
2025-03-11 12:02:13.463 70104 INFO tempest.lib.common.rest_client [req-36c74c2a-e239-4565-83df-3f062e1ffd2b req-36c74c2a-e239-4565-83df-3f062e1ffd2b ] Request (MigrationsAdminTest:test_list_migrations_in_flavor_resize_situation): 200 GET http://10.180.1.21/compute/v2.1/servers/f22f2442-6c76-4002-8c1c-920577f87f3e 0.109s
2025-03-11 12:02:13.485 70084 INFO tempest.lib.common.rest_client [req-d54366bf-28d8-4c0c-98a4-861ba9683a4e req-d54366bf-28d8-4c0c-98a4-861ba9683a4e ] Request (ImagesOneServerNegativeTestJSON:_run_cleanups): 201 POST http://10.180.1.21:9696/networking/v2.0/security-groups 0.394s
2025-03-11 12:02:13.508 70070 INFO tempest.lib.common.rest_client [req-f9e7cf4e-d0ef-4131-beb9-341b12e8b9d2 req-f9e7cf4e-d0ef-4131-beb9-341b12e8b9d2 ] Request (ServersAdminNegativeTestJSON:test_migrate_server_invalid_state): 200 GET http://10.180.1.21/compute/v2.1/servers/0bf7734b-d8be-42fd-9621-21e13da23634 0.106s
2025-03-11 12:02:13.519 70088 INFO tempest.lib.common.rest_client [req-ed2b9b85-8cc5-4d8a-8096-b1756151d768 req-ed2b9b85-8cc5-4d8a-8096-b1756151d768 ] Request (FloatingIPsAssociationNegativeTestJSON:tearDownClass): 200 GET http://10.180.1.21/compute/v2.1/servers/afd27e48-9ec6-453d-a879-466ddaf363e3 0.162s
2025-03-11 12:02:13.561 70053 INFO tempest.lib.common.rest_client [req-06aeebc4-ea70-4b36-a8c6-aabf4dbe3ee9 req-06aeebc4-ea70-4b36-a8c6-aabf4dbe3ee9 ] Request (ServerRescueTestJSONUnderV235:setUpClass): 200 GET http://10.180.1.21/compute/v2.1/servers/d3c7d1bc-f920-4075-9eab-7b026bc0c5ea 0.138s
2025-03-11 12:02:13.574 70058 INFO tempest.lib.common.rest_client [req-f52a9008-363d-47f6-9780-873410b73895 req-f52a9008-363d-47f6-9780-873410b73895 ] Request (MultipleCreateTestJSON:test_multiple_create): 200 GET http://10.180.1.21/compute/v2.1/servers/74a3276a-8166-4dbe-8b04-b811a7349105 0.101s
2025-03-11 12:02:13.599 70084 INFO tempest.lib.common.rest_client [req-a658c132-8f12-47a9-87d8-dfde3d6acead req-a658c132-8f12-47a9-87d8-dfde3d6acead ] Request (ImagesOneServerNegativeTestJSON:_run_cleanups): 201 POST http://10.180.1.21:9696/networking/v2.0/security-group-rules 0.113s
2025-03-11 12:02:13.617 70094 INFO tempest.lib.common.rest_client [req-2d60f05d-1900-4264-ac0c-66780faea927 req-2d60f05d-1900-4264-ac0c-66780faea927 ] Request (ImagesNegativeTestJSON:test_create_image_from_deleted_server): 200 GET http://10.180.1.21/compute/v2.1/servers/fdaf176d-a101-44c5-bbec-cd481e5f440e 0.060s
2025-03-11 12:02:13.648 70066 INFO tempest.lib.common.rest_client [req-a5a2a3ae-2d89-48aa-9427-0f7e017ff046 req-a5a2a3ae-2d89-48aa-9427-0f7e017ff046 ] Request (ServerDiagnosticsV248Test:test_get_server_diagnostics): 200 GET http://10.180.1.21/compute/v2.1/servers/6d7766ae-714c-4682-98e0-6b1bb93130e3 0.060s
2025-03-11 12:02:13.698 70084 INFO tempest.lib.common.rest_client [req-74f50a0e-4c0f-4614-9789-44f4e2895770 req-74f50a0e-4c0f-4614-9789-44f4e2895770 ] Request (ImagesOneServerNegativeTestJSON:_run_cleanups): 201 POST http://10.180.1.21:9696/networking/v2.0/security-group-rules 0.099s
2025-03-11 12:02:13.708 70076 INFO tempest.lib.common.rest_client [req-e7c5f4bb-de5a-4c4a-9373-548715639195 req-e7c5f4bb-de5a-4c4a-9373-548715639195 ] Request (ServerTagsTestJSON:setUpClass): 200 GET http://10.180.1.21/compute/v2.1/servers/015724cf-8e8c-42b9-b2c9-875978cc6135 0.054s
2025-03-11 12:02:13.772 70062 INFO tempest.lib.common.rest_client [req-642414f1-ac9d-4886-9118-c430e964716b req-642414f1-ac9d-4886-9118-c430e964716b ] Request (ServerAddressesTestJSON:setUpClass): 200 GET http://10.180.1.21/compute/v2.1/servers/fbe4fab7-6cc5-4dce-b8c6-9809f4c4da6e 0.061s
2025-03-11 12:02:13.826 70102 INFO tempest.lib.common.rest_client [req-ad4d5ece-199a-4dc3-b983-d2468feb7429 req-ad4d5ece-199a-4dc3-b983-d2468feb7429 ] Request (ServersNegativeTestMultiTenantJSON:setUpClass): 200 GET http://10.180.1.21/compute/v2.1/servers/a8681ee8-b89d-47d4-a57d-0cbbe3a9b088 0.078s
2025-03-11 12:02:13.830 70110 INFO tempest.lib.common.rest_client [req-baf9309e-f0c8-4019-a306-10ee8a9da3d0 req-baf9309e-f0c8-4019-a306-10ee8a9da3d0 ] Request (ListServerFiltersTestJSON:test_list_servers_filter_by_shutoff_status): 200 GET http://10.180.1.21/compute/v2.1/servers/c8608e53-fb3e-4381-81fc-61b0ce6673fc 0.136s
2025-03-11 12:02:13.883 70068 INFO tempest.lib.common.rest_client [req-5ef2770a-79e4-4df7-92b5-202ce510cef4 req-5ef2770a-79e4-4df7-92b5-202ce510cef4 ] Request (ServersTestMultiNic:test_verify_multiple_nics_order): 200 GET http://10.180.1.21/compute/v2.1/servers/c2853410-f479-41b7-b11d-232b12e18727 0.111s
2025-03-11 12:02:13.890 70064 INFO tempest.lib.common.rest_client [req-aa13f638-7e68-43c4-a38d-999425730b14 req-aa13f638-7e68-43c4-a38d-999425730b14 ] Request (ServersTestManualDisk:setUpClass): 200 GET http://10.180.1.21/compute/v2.1/servers/56c1c64a-d6b9-4d42-a0d9-59046d855df2 0.086s
2025-03-11 12:02:13.929 70086 INFO tempest.lib.common.rest_client [req-37fca133-a885-4b47-bc9f-af2bfe749e62 req-37fca133-a885-4b47-bc9f-af2bfe749e62 ] Request (DeleteServersAdminTestJSON:test_delete_server_while_in_error_state): 200 GET http://10.180.1.21/compute/v2.1/servers/1e74125a-23fa-446d-b685-260bc10f2643 0.088s
2025-03-11 12:02:13.993 70100 INFO tempest.lib.common.rest_client [req-52e29eb1-3d26-4e28-94f5-3c6d42ed3394 req-52e29eb1-3d26-4e28-94f5-3c6d42ed3394 ] Request (ServersNegativeTestJSON:setUpClass): 200 GET http://10.180.1.21/compute/v2.1/servers/36de9d61-f5b4-4ac3-8d03-2df6ca0750c2 0.058s
2025-03-11 12:02:14.000 70106 INFO tempest.lib.common.rest_client [req-86332edd-2aa3-4cdf-a067-dac4d14f2f63 req-86332edd-2aa3-4cdf-a067-dac4d14f2f63 ] Request (ImagesOneServerTestJSON:tearDownClass): 200 GET http://10.180.1.21/compute/v2.1/servers/9e862f36-920a-4332-95c0-a74470458058 0.082s
2025-03-11 12:02:14.046 70108 INFO tempest.lib.common.rest_client [req-dbc34104-b828-4446-a779-2ad4f25d4f98 req-dbc34104-b828-4446-a779-2ad4f25d4f98 ] Request (ServerExternalEventsTest:test_create_server_external_events): 200 GET http://10.180.1.21/compute/v2.1/servers/176eb896-91f5-4a36-a9d2-d5d78b6c93b2 0.084s
2025-03-11 12:02:14.074 70112 INFO tempest.lib.common.rest_client [req-b0a66f07-cd28-49be-8f66-2c52c1c353f3 req-b0a66f07-cd28-49be-8f66-2c52c1c353f3 ] Request (ServersAdminTestJSON:test_create_server_with_scheduling_hint): 200 GET http://10.180.1.21/compute/v2.1/servers/c89f5e34-74c1-4b07-8fa7-27383505b60c 0.056s
2025-03-11 12:02:14.107 70060 INFO tempest.lib.common.rest_client [req-7d01388e-11cf-4874-b18c-8391c30e65e2 req-7d01388e-11cf-4874-b18c-8391c30e65e2 ] Request (FloatingIPsAssociationTestJSON:setUpClass): 200 GET http://10.180.1.21/compute/v2.1/servers/a4f581c4-99c4-4f3c-af62-8b652d31e4fd 0.046s
2025-03-11 12:02:14.167 70078 INFO tempest.lib.common.rest_client [req-228394bb-5f56-48c1-a4f7-0457f449d99d req-228394bb-5f56-48c1-a4f7-0457f449d99d ] Request (SecurityGroupsTestJSON:test_list_security_groups_by_server): 200 GET http://10.180.1.21/compute/v2.1/servers/21b4cbce-58e9-4251-b788-e4f98a1ed19d 0.049s
