2025-03-11 12:02:14.172 70084 INFO tempest.lib.common.rest_client [req-5bae2ac7-4dc3-4e14-a24a-f636591128f9 req-5bae2ac7-4dc3-4e14-a24a-f636591128f9 ] Request (ImagesOneServerNegativeTestJSON:_run_cleanups): 201 POST http://10.180.1.21:9696/networking/v2.0/floatingips 0.473s
2025-03-11 12:02:14.205 70114 INFO tempest.lib.common.rest_client [req-4153f772-f34f-4902-9d0c-15e713c09fe9 req-4153f772-f34f-4902-9d0c-15e713c09fe9 ] Request (ServerRescueTestJSON:setUpClass): 200 GET http://10.180.1.21/compute/v2.1/servers/76d8729f-b71e-4c19-8c6a-acaab4cc29e2 0.052s
2025-03-11 12:02:14.242 70084 INFO tempest.lib.common.rest_client [req-bed23e15-7815-4fca-a2e0-9c395e7525ac req-bed23e15-7815-4fca-a2e0-9c395e7525ac ] Request (ImagesOneServerNegativeTestJSON:_run_cleanups): 201 POST http://10.180.1.21/identity/v3/auth/tokens 0.066s
2025-03-11 12:02:14.242 70084 INFO tempest.lib.common.fixed_network [-] (ImagesOneServerNegativeTestJSON:_run_cleanups) Found network {'id': 'b974cca7-ddb9-4ee9-aa5f-67eb41f25499', 'name': 'tempest-ImagesOneServerNegativeTestJSON-793474215-network', 'tenant_id': 'ca8bdc655f2e44ae941d7a9eae43558c', 'admin_state_up': True, 'mtu': 8950, 'status': 'ACTIVE', 'subnets': [], 'shared': False, 'project_id': 'ca8bdc655f2e44ae941d7a9eae43558c', 'port_security_enabled': True, 'router:external': False, 'provider:network_type': 'vlan', 'provider:physical_network': 'default', 'provider:segmentation_id': 281, 'is_default': False, 'availability_zone_hints': [], 'availability_zones': [], 'ipv4_address_scope': None, 'ipv6_address_scope': None, 'description': '', 'tags': [], 'created_at': '2025-03-11T12:00:23Z', 'updated_at': '2025-03-11T12:00:23Z', 'revision_number': 1} available for tenant
2025-03-11 12:02:14.396 70082 INFO tempest.lib.common.rest_client [req-e5b81037-2c17-4997-a934-6aa14ec344fa req-e5b81037-2c17-4997-a934-6aa14ec344fa ] Request (ImagesTestJSON:test_create_image_from_suspended_server): 200 GET http://10.180.1.21/compute/v2.1/servers/7dc84e2a-2c23-4011-8481-4af95011a149 0.046s
2025-03-11 12:02:14.585 70084 INFO tempest.lib.common.rest_client [req-1541e055-3fdf-4634-b8fc-dec8e1d67b48 req-1541e055-3fdf-4634-b8fc-dec8e1d67b48 ] Request (ImagesOneServerNegativeTestJSON:_run_cleanups): 202 POST http://10.180.1.21/compute/v2.1/servers 0.342s
2025-03-11 12:02:14.588 70092 INFO tempest.lib.common.rest_client [req-2e904872-0a0c-4a74-9c53-e85ed72446b9 req-2e904872-0a0c-4a74-9c53-e85ed72446b9 ] Request (ListImageFiltersTestJSON:setUpClass): 200 GET http://10.180.1.21/compute/v2.1/servers/369b4f02-42d7-485a-bb5c-053633a8a160 0.122s
2025-03-11 12:02:14.633 70070 INFO tempest.lib.common.rest_client [req-3e5061f0-b7d2-403b-b909-32dc131ee7d4 req-3e5061f0-b7d2-403b-b909-32dc131ee7d4 ] Request (ServersAdminNegativeTestJSON:test_migrate_server_invalid_state): 200 GET http://10.180.1.21/compute/v2.1/servers/0bf7734b-d8be-42fd-9621-21e13da23634 0.114s
2025-03-11 12:02:14.682 70104 INFO tempest.lib.common.rest_client [req-4a32b530-63e8-4973-8c75-8a86938dfa03 req-4a32b530-63e8-4973-8c75-8a86938dfa03 ] Request (MigrationsAdminTest:test_list_migrations_in_flavor_resize_situation): 200 GET http://10.180.1.21/compute/v2.1/servers/f22f2442-6c76-4002-8c1c-920577f87f3e 0.209s
2025-03-11 12:02:14.690 70088 INFO tempest.lib.common.rest_client [req-949fe51a-962f-4d16-89a4-92d7ea45cc90 req-949fe51a-962f-4d16-89a4-92d7ea45cc90 ] Request (FloatingIPsAssociationNegativeTestJSON:tearDownClass): 200 GET http://10.180.1.21/compute/v2.1/servers/afd27e48-9ec6-453d-a879-466ddaf363e3 0.163s
2025-03-11 12:02:14.730 70053 INFO tempest.lib.common.rest_client [req-0d9aa73b-743e-4641-b65d-282c2ff55e17 req-0d9aa73b-743e-4641-b65d-282c2ff55e17 ] Request (ServerRescueTestJSONUnderV235:setUpClass): 200 GET http://10.180.1.21/compute/v2.1/servers/d3c7d1bc-f920-4075-9eab-7b026bc0c5ea 0.162s
2025-03-11 12:02:14.737 70058 INFO tempest.lib.common.rest_client [req-1131a8dc-31af-47cf-8a85-441c5eb80cc7 req-1131a8dc-31af-47cf-8a85-441c5eb80cc7 ] Request (MultipleCreateTestJSON:test_multiple_create): 200 GET http://10.180.1.21/compute/v2.1/servers/74a3276a-8166-4dbe-8b04-b811a7349105 0.154s
2025-03-11 12:02:14.755 70094 INFO tempest.lib.common.rest_client [req-456aeb7f-1fac-42f4-bcc3-65ca9c5769ce req-456aeb7f-1fac-42f4-bcc3-65ca9c5769ce ] Request (ImagesNegativeTestJSON:test_create_image_from_deleted_server): 404 GET http://10.180.1.21/compute/v2.1/servers/fdaf176d-a101-44c5-bbec-cd481e5f440e 0.128s
2025-03-11 12:02:14.763 70084 INFO tempest.lib.common.rest_client [req-9dc95dbe-e57e-40cf-a02b-32aac87e6071 req-9dc95dbe-e57e-40cf-a02b-32aac87e6071 ] Request (ImagesOneServerNegativeTestJSON:_run_cleanups): 200 GET http://10.180.1.21/compute/v2.1/servers/179d5fcd-8138-4dab-b749-fe78eddb5e03 0.176s
2025-03-11 12:02:14.805 70066 INFO tempest.lib.common.rest_client [req-0c6843fe-d08c-4e4b-9823-39a396152e4c req-0c6843fe-d08c-4e4b-9823-39a396152e4c ] Request (ServerDiagnosticsV248Test:test_get_server_diagnostics): 200 GET http://10.180.1.21/compute/v2.1/servers/6d7766ae-714c-4682-98e0-6b1bb93130e3 0.147s
2025-03-11 12:02:14.809 70076 INFO tempest.lib.common.rest_client [req-f98751e9-3732-4e00-81cd-fcbc1f13ce29 req-f98751e9-3732-4e00-81cd-fcbc1f13ce29 ] Request (ServerTagsTestJSON:setUpClass): 200 GET http://10.180.1.21/compute/v2.1/servers/015724cf-8e8c-42b9-b2c9-875978cc6135 0.089s
2025-03-11 12:02:14.824 70094 INFO tempest.lib.common.rest_client [req-df970030-3c09-4c7f-8713-17ebc2985a6d req-df970030-3c09-4c7f-8713-17ebc2985a6d ] Request (ImagesNegativeTestJSON:test_create_image_from_deleted_server): 404 POST http://10.180.1.21/compute/v2.1/servers/fdaf176d-a101-44c5-bbec-cd481e5f440e/action 0.068s
2025-03-11 12:02:14.832 70094 INFO tempest.lib.common.rest_client [req-8f3c7009-3448-4c49-b741-005414efde91 req-8f3c7009-3448-4c49-b741-005414efde91 ] Request (ImagesNegativeTestJSON:test_create_image_from_invalid_server): 404 POST http://10.180.1.21/compute/v2.1/servers/tempest-invalid-1810718540/action 0.007s
2025-03-11 12:02:14.841 70094 INFO tempest.lib.common.rest_client [req-8480f321-0126-424a-b00f-daebb1c6ae54 req-8480f321-0126-424a-b00f-daebb1c6ae54 ] Request (ImagesNegativeTestJSON:test_create_image_specify_uuid_35_characters_or_less): 404 POST http://10.180.1.21/compute/v2.1/servers/aaaaaaaaaaaaaaaaaaaaaaaaaaaaaaaaaaa/action 0.007s
2025-03-11 12:02:14.861 70062 INFO tempest.lib.common.rest_client [req-b1ee5430-36ac-4035-9ae2-3ad3e4a2f9ad req-b1ee5430-36ac-4035-9ae2-3ad3e4a2f9ad ] Request (ServerAddressesTestJSON:setUpClass): 200 GET http://10.180.1.21/compute/v2.1/servers/fbe4fab7-6cc5-4dce-b8c6-9809f4c4da6e 0.081s
2025-03-11 12:02:14.867 70094 INFO tempest.lib.common.rest_client [req-8b7be7fa-6993-4152-887a-0e4a8cf2e958 req-8b7be7fa-6993-4152-887a-0e4a8cf2e958 ] Request (ImagesNegativeTestJSON:test_create_image_specify_uuid_37_characters_or_more): 404 POST http://10.180.1.21/compute/v2.1/servers/aaaaaaaaaaaaaaaaaaaaaaaaaaaaaaaaaaaaa/action 0.025s
2025-03-11 12:02:14.888 70102 INFO tempest.lib.common.rest_client [req-6dcd4181-e185-4301-8816-92fda57d6ea4 req-6dcd4181-e185-4301-8816-92fda57d6ea4 ] Request (ServersNegativeTestMultiTenantJSON:setUpClass): 200 GET http://10.180.1.21/compute/v2.1/servers/a8681ee8-b89d-47d4-a57d-0cbbe3a9b088 0.053s
2025-03-11 12:02:14.903 70094 INFO tempest.lib.common.rest_client [req-fe3c268e-bf6e-402f-95c4-b3f60a33448d req-fe3c268e-bf6e-402f-95c4-b3f60a33448d ] Request (ImagesNegativeTestJSON:tearDownClass): 404 DELETE http://10.180.1.21/compute/v2.1/servers/fdaf176d-a101-44c5-bbec-cd481e5f440e 0.035s
2025-03-11 12:02:14.945 70068 INFO tempest.lib.common.rest_client [req-15f7bbbf-bbda-4862-bc6a-70ec4fb125a2 req-15f7bbbf-bbda-4862-bc6a-70ec4fb125a2 ] Request (ServersTestMultiNic:test_verify_multiple_nics_order): 200 GET http://10.180.1.21/compute/v2.1/servers/c2853410-f479-41b7-b11d-232b12e18727 0.053s
2025-03-11 12:02:14.990 70110 INFO tempest.lib.common.rest_client [req-e241ec9f-e07e-4246-a9ff-f99e21917dd4 req-e241ec9f-e07e-4246-a9ff-f99e21917dd4 ] Request (ListServerFiltersTestJSON:test_list_servers_filter_by_shutoff_status): 200 GET http://10.180.1.21/compute/v2.1/servers/c8608e53-fb3e-4381-81fc-61b0ce6673fc 0.147s
2025-03-11 12:02:14.991 70064 INFO tempest.lib.common.rest_client [req-7c18f162-7eac-4f93-91ec-c5c790f111d7 req-7c18f162-7eac-4f93-91ec-c5c790f111d7 ] Request (ServersTestManualDisk:setUpClass): 200 GET http://10.180.1.21/compute/v2.1/servers/56c1c64a-d6b9-4d42-a0d9-59046d855df2 0.093s
2025-03-11 12:02:14.997 70110 INFO tempest.common.waiters [-] State transition "SHUTOFF/powering-on" ==> "ACTIVE/None" after 4 second wait
2025-03-11 12:02:15.008 70094 INFO tempest.lib.common.rest_client [req-859f7162-02ef-4c7f-9275-266358a083c0 req-859f7162-02ef-4c7f-9275-266358a083c0 ] Request (ImagesNegativeTestJSON:tearDownClass): 404 GET http://10.180.1.21/compute/v2.1/servers/fdaf176d-a101-44c5-bbec-cd481e5f440e 0.104s
2025-03-11 12:02:15.017 70110 INFO tempest.lib.common.rest_client [req-594e0c80-c0ba-4d9b-ae33-55fa1c88688b req-594e0c80-c0ba-4d9b-ae33-55fa1c88688b ] Request (ListServerFiltersTestJSON:test_list_servers_filter_by_zero_limit): 200 GET http://10.180.1.21/compute/v2.1/servers?limit=0 0.019s
2025-03-11 12:02:15.040 70086 INFO tempest.lib.common.rest_client [req-a0341bdc-c9b2-495e-ad84-7696685bd555 req-a0341bdc-c9b2-495e-ad84-7696685bd555 ] Request (DeleteServersAdminTestJSON:test_delete_server_while_in_error_state): 200 GET http://10.180.1.21/compute/v2.1/servers/1e74125a-23fa-446d-b685-260bc10f2643 0.103s
2025-03-11 12:02:15.073 70100 INFO tempest.lib.common.rest_client [req-43d99a91-4859-4963-b5fa-3aba4cda0296 req-43d99a91-4859-4963-b5fa-3aba4cda0296 ] Request (ServersNegativeTestJSON:setUpClass): 200 GET http://10.180.1.21/compute/v2.1/servers/36de9d61-f5b4-4ac3-8d03-2df6ca0750c2 0.070s
2025-03-11 12:02:15.103 70106 INFO tempest.lib.common.rest_client [req-a67ffdd8-50ca-4627-be14-3d78ecc5ea17 req-a67ffdd8-50ca-4627-be14-3d78ecc5ea17 ] Request (ImagesOneServerTestJSON:tearDownClass): 200 GET http://10.180.1.21/compute/v2.1/servers/9e862f36-920a-4332-95c0-a74470458058 0.095s
2025-03-11 12:02:15.149 70108 INFO tempest.lib.common.rest_client [req-276596c3-ad73-4195-8200-50f4d8fc257f req-276596c3-ad73-4195-8200-50f4d8fc257f ] Request (ServerExternalEventsTest:test_create_server_external_events): 200 GET http://10.180.1.21/compute/v2.1/servers/176eb896-91f5-4a36-a9d2-d5d78b6c93b2 0.095s
2025-03-11 12:02:15.226 70112 INFO tempest.lib.common.rest_client [req-e339150a-2d3d-4890-88a5-2fe498078f01 req-e339150a-2d3d-4890-88a5-2fe498078f01 ] Request (ServersAdminTestJSON:test_create_server_with_scheduling_hint): 200 GET http://10.180.1.21/compute/v2.1/servers/c89f5e34-74c1-4b07-8fa7-27383505b60c 0.143s
2025-03-11 12:02:15.227 70110 INFO tempest.lib.common.rest_client [req-29ccf39e-d9ef-4cb1-8e6f-ebc0b0b078fa req-29ccf39e-d9ef-4cb1-8e6f-ebc0b0b078fa ] Request (ListServerFiltersTestJSON:test_list_servers_filtered_by_ip): 200 GET http://10.180.1.21/compute/v2.1/servers/c8608e53-fb3e-4381-81fc-61b0ce6673fc 0.207s
2025-03-11 12:02:15.274 70060 INFO tempest.lib.common.rest_client [req-0dc85f7b-a071-48d9-95f3-c09375caea68 req-0dc85f7b-a071-48d9-95f3-c09375caea68 ] Request (FloatingIPsAssociationTestJSON:setUpClass): 200 GET http://10.180.1.21/compute/v2.1/servers/a4f581c4-99c4-4f3c-af62-8b652d31e4fd 0.159s
2025-03-11 12:02:15.287 70078 INFO tempest.lib.common.rest_client [req-d51abab7-fd8a-47ec-8e67-5fc13e08ec7a req-d51abab7-fd8a-47ec-8e67-5fc13e08ec7a ] Request (SecurityGroupsTestJSON:test_list_security_groups_by_server): 200 GET http://10.180.1.21/compute/v2.1/servers/21b4cbce-58e9-4251-b788-e4f98a1ed19d 0.112s
2025-03-11 12:02:15.329 70114 INFO tempest.lib.common.rest_client [req-4db63749-82ae-49a7-975d-f195fadf01ea req-4db63749-82ae-49a7-975d-f195fadf01ea ] Request (ServerRescueTestJSON:setUpClass): 200 GET http://10.180.1.21/compute/v2.1/servers/76d8729f-b71e-4c19-8c6a-acaab4cc29e2 0.113s
2025-03-11 12:02:15.424 70110 INFO tempest.lib.common.rest_client [req-6773fe91-b70e-40db-9c4c-adea4d19f39d req-6773fe91-b70e-40db-9c4c-adea4d19f39d ] Request (ListServerFiltersTestJSON:test_list_servers_filtered_by_ip): 200 GET http://10.180.1.21/compute/v2.1/servers/d5afe460-c938-4cd8-9391-4bd64349bb5c 0.189s
2025-03-11 12:02:15.455 70082 INFO tempest.lib.common.rest_client [req-3674ba7b-595d-419e-8c6c-f5a91b9e3f78 req-3674ba7b-595d-419e-8c6c-f5a91b9e3f78 ] Request (ImagesTestJSON:test_create_image_from_suspended_server): 200 GET http://10.180.1.21/compute/v2.1/servers/7dc84e2a-2c23-4011-8481-4af95011a149 0.051s
2025-03-11 12:02:15.467 70074 WARNING tempest.lib.common.ssh [-] Failed to establish authenticated ssh connection to cirros@10.180.180.189 ([Errno None] Unable to connect to port 22 on 10.180.180.189). Number attempts: 6. Retry after 7 seconds.: paramiko.ssh_exception.NoValidConnectionsError: [Errno None] Unable to connect to port 22 on 10.180.180.189
2025-03-11 12:02:15.563 70110 INFO tempest.lib.common.rest_client [req-60be06c9-37be-49d6-8068-35c1c423855f req-60be06c9-37be-49d6-8068-35c1c423855f ] Request (ListServerFiltersTestJSON:test_list_servers_filtered_by_ip): 200 GET http://10.180.1.21/compute/v2.1/servers/349f95e4-596b-4f6a-8ddc-e01369b5c832 0.132s
2025-03-11 12:02:15.702 70090 WARNING tempest.lib.common.ssh [-] Failed to establish authenticated ssh connection to cirros@10.180.180.149 ([Errno None] Unable to connect to port 22 on 10.180.180.149). Number attempts: 5. Retry after 6 seconds.: paramiko.ssh_exception.NoValidConnectionsError: [Errno None] Unable to connect to port 22 on 10.180.180.149
2025-03-11 12:02:15.772 70092 INFO tempest.lib.common.rest_client [req-560b0423-32d7-4cb6-bfd3-4993e61843ce req-560b0423-32d7-4cb6-bfd3-4993e61843ce ] Request (ListImageFiltersTestJSON:setUpClass): 200 GET http://10.180.1.21/compute/v2.1/servers/369b4f02-42d7-485a-bb5c-053633a8a160 0.174s
2025-03-11 12:02:15.801 70110 INFO tempest.lib.common.rest_client [req-10e85dc8-614a-4b53-8391-3d2a2bc14567 req-10e85dc8-614a-4b53-8391-3d2a2bc14567 ] Request (ListServerFiltersTestJSON:test_list_servers_filtered_by_ip): 200 GET http://10.180.1.21/compute/v2.1/servers?ip=192.168.128.8 0.229s
2025-03-11 12:02:15.860 70070 INFO tempest.lib.common.rest_client [req-d4f16175-ea90-4e0c-bf87-66916be6b66d req-d4f16175-ea90-4e0c-bf87-66916be6b66d ] Request (ServersAdminNegativeTestJSON:test_migrate_server_invalid_state): 200 GET http://10.180.1.21/compute/v2.1/servers/0bf7734b-d8be-42fd-9621-21e13da23634 0.217s
2025-03-11 12:02:15.924 70104 INFO tempest.lib.common.rest_client [req-81f2bcf6-e57a-4603-b2d1-c483705c02fa req-81f2bcf6-e57a-4603-b2d1-c483705c02fa ] Request (MigrationsAdminTest:test_list_migrations_in_flavor_resize_situation): 200 GET http://10.180.1.21/compute/v2.1/servers/f22f2442-6c76-4002-8c1c-920577f87f3e 0.234s
2025-03-11 12:02:15.927 70088 INFO tempest.lib.common.rest_client [req-6654a8aa-ce80-47b7-a00e-aad0cf93f209 req-6654a8aa-ce80-47b7-a00e-aad0cf93f209 ] Request (FloatingIPsAssociationNegativeTestJSON:tearDownClass): 200 GET http://10.180.1.21/compute/v2.1/servers/afd27e48-9ec6-453d-a879-466ddaf363e3 0.230s
2025-03-11 12:02:15.980 70058 INFO tempest.lib.common.rest_client [req-a8ea087e-9e62-49bc-8964-ddee48b27820 req-a8ea087e-9e62-49bc-8964-ddee48b27820 ] Request (MultipleCreateTestJSON:test_multiple_create): 200 GET http://10.180.1.21/compute/v2.1/servers/74a3276a-8166-4dbe-8b04-b811a7349105 0.235s
2025-03-11 12:02:15.986 70053 INFO tempest.lib.common.rest_client [req-7616f2bf-6879-4c6f-9338-bc23949733ce req-7616f2bf-6879-4c6f-9338-bc23949733ce ] Request (ServerRescueTestJSONUnderV235:setUpClass): 200 GET http://10.180.1.21/compute/v2.1/servers/d3c7d1bc-f920-4075-9eab-7b026bc0c5ea 0.246s
2025-03-11 12:02:16.030 70084 INFO tempest.lib.common.rest_client [req-a326c394-c995-41ce-bf5a-4f79f78a498b req-a326c394-c995-41ce-bf5a-4f79f78a498b ] Request (ImagesOneServerNegativeTestJSON:_run_cleanups): 200 GET http://10.180.1.21/compute/v2.1/servers/179d5fcd-8138-4dab-b749-fe78eddb5e03 0.259s
2025-03-11 12:02:16.088 70066 INFO tempest.lib.common.rest_client [req-f767412f-ff19-4b08-a12c-9ff8a8989f10 req-f767412f-ff19-4b08-a12c-9ff8a8989f10 ] Request (ServerDiagnosticsV248Test:test_get_server_diagnostics): 200 GET http://10.180.1.21/compute/v2.1/servers/6d7766ae-714c-4682-98e0-6b1bb93130e3 0.273s
2025-03-11 12:02:16.130 70094 INFO tempest.lib.common.rest_client [req-8502946f-fb73-4a60-983c-3a3c1b79dd74 req-8502946f-fb73-4a60-983c-3a3c1b79dd74 ] Request (ImagesNegativeTestJSON:tearDownClass): 200 PUT http://10.180.1.21:9696/networking/v2.0/routers/97a46ff5-3981-4184-bb56-9d438ed611f3/remove_router_interface 1.122s
2025-03-11 12:02:16.139 70076 INFO tempest.lib.common.rest_client [req-3f97e619-4a7f-4ca0-a76c-7ac3aa4e22f0 req-3f97e619-4a7f-4ca0-a76c-7ac3aa4e22f0 ] Request (ServerTagsTestJSON:setUpClass): 200 GET http://10.180.1.21/compute/v2.1/servers/015724cf-8e8c-42b9-b2c9-875978cc6135 0.321s
2025-03-11 12:02:16.141 70110 INFO tempest.lib.common.rest_client [req-16feb148-5487-401e-b2b1-4f6fa071bc7a req-16feb148-5487-401e-b2b1-4f6fa071bc7a ] Request (ListServerFiltersTestJSON:test_list_servers_filtered_by_ip_regex): 200 GET http://10.180.1.21/compute/v2.1/servers/c8608e53-fb3e-4381-81fc-61b0ce6673fc 0.333s
2025-03-11 12:02:16.199 70062 INFO tempest.lib.common.rest_client [req-85e894ce-cb39-48ad-87bd-0ddc7251b45b req-85e894ce-cb39-48ad-87bd-0ddc7251b45b ] Request (ServerAddressesTestJSON:setUpClass): 200 GET http://10.180.1.21/compute/v2.1/servers/fbe4fab7-6cc5-4dce-b8c6-9809f4c4da6e 0.331s
2025-03-11 12:02:16.200 70102 INFO tempest.lib.common.rest_client [req-bafd63b6-ddeb-460b-bb11-327a35620310 req-bafd63b6-ddeb-460b-bb11-327a35620310 ] Request (ServersNegativeTestMultiTenantJSON:setUpClass): 200 GET http://10.180.1.21/compute/v2.1/servers/a8681ee8-b89d-47d4-a57d-0cbbe3a9b088 0.305s
2025-03-11 12:02:16.248 70068 INFO tempest.lib.common.rest_client [req-5fe10498-005f-4071-8435-0cbd2be58289 req-5fe10498-005f-4071-8435-0cbd2be58289 ] Request (ServersTestMultiNic:test_verify_multiple_nics_order): 200 GET http://10.180.1.21/compute/v2.1/servers/c2853410-f479-41b7-b11d-232b12e18727 0.295s
2025-03-11 12:02:16.248 70064 INFO tempest.lib.common.rest_client [req-9ef046a4-6cec-4e08-891c-4c4f01d3b90d req-9ef046a4-6cec-4e08-891c-4c4f01d3b90d ] Request (ServersTestManualDisk:setUpClass): 200 GET http://10.180.1.21/compute/v2.1/servers/56c1c64a-d6b9-4d42-a0d9-59046d855df2 0.248s
2025-03-11 12:02:16.297 70086 INFO tempest.lib.common.rest_client [req-6c7aa168-5d65-44f4-bf37-7db8a18b78e9 req-6c7aa168-5d65-44f4-bf37-7db8a18b78e9 ] Request (DeleteServersAdminTestJSON:test_delete_server_while_in_error_state): 200 GET http://10.180.1.21/compute/v2.1/servers/1e74125a-23fa-446d-b685-260bc10f2643 0.249s
2025-03-11 12:02:16.298 70100 INFO tempest.lib.common.rest_client [req-0b7cb6c1-d60b-46c9-a34a-8ea191bf1567 req-0b7cb6c1-d60b-46c9-a34a-8ea191bf1567 ] Request (ServersNegativeTestJSON:setUpClass): 200 GET http://10.180.1.21/compute/v2.1/servers/36de9d61-f5b4-4ac3-8d03-2df6ca0750c2 0.213s
2025-03-11 12:02:16.366 70106 INFO tempest.lib.common.rest_client [req-391fe2f5-7085-4238-aad6-dbe5c93fcf50 req-391fe2f5-7085-4238-aad6-dbe5c93fcf50 ] Request (ImagesOneServerTestJSON:tearDownClass): 200 GET http://10.180.1.21/compute/v2.1/servers/9e862f36-920a-4332-95c0-a74470458058 0.249s
2025-03-11 12:02:16.388 70110 INFO tempest.lib.common.rest_client [req-35a563a9-7063-42d7-979f-33d25cd6a093 req-35a563a9-7063-42d7-979f-33d25cd6a093 ] Request (ListServerFiltersTestJSON:test_list_servers_filtered_by_ip_regex): 200 GET http://10.180.1.21/compute/v2.1/servers/d5afe460-c938-4cd8-9391-4bd64349bb5c 0.239s
2025-03-11 12:02:16.414 70108 INFO tempest.lib.common.rest_client [req-abc06c3a-8349-4247-a823-035e5e560be4 req-abc06c3a-8349-4247-a823-035e5e560be4 ] Request (ServerExternalEventsTest:test_create_server_external_events): 200 GET http://10.180.1.21/compute/v2.1/servers/176eb896-91f5-4a36-a9d2-d5d78b6c93b2 0.255s
2025-03-11 12:02:16.438 70112 INFO tempest.lib.common.rest_client [req-f76e78e0-13c3-4649-8ebf-22b217510500 req-f76e78e0-13c3-4649-8ebf-22b217510500 ] Request (ServersAdminTestJSON:test_create_server_with_scheduling_hint): 200 GET http://10.180.1.21/compute/v2.1/servers/c89f5e34-74c1-4b07-8fa7-27383505b60c 0.203s
2025-03-11 12:02:16.459 70060 INFO tempest.lib.common.rest_client [req-3545c330-abe7-4536-8d43-3ef3e5f5feae req-3545c330-abe7-4536-8d43-3ef3e5f5feae ] Request (FloatingIPsAssociationTestJSON:setUpClass): 200 GET http://10.180.1.21/compute/v2.1/servers/a4f581c4-99c4-4f3c-af62-8b652d31e4fd 0.174s
2025-03-11 12:02:16.471 70055 WARNING tempest.lib.common.ssh [-] Failed to establish authenticated ssh connection to cirros@10.180.180.147 ([Errno None] Unable to connect to port 22 on 10.180.180.147). Number attempts: 2. Retry after 3 seconds.: paramiko.ssh_exception.NoValidConnectionsError: [Errno None] Unable to connect to port 22 on 10.180.180.147
2025-03-11 12:02:16.492 70078 INFO tempest.lib.common.rest_client [req-fdfac872-a7a1-454f-b390-8fd6f09e834b req-fdfac872-a7a1-454f-b390-8fd6f09e834b ] Request (SecurityGroupsTestJSON:test_list_security_groups_by_server): 200 GET http://10.180.1.21/compute/v2.1/servers/21b4cbce-58e9-4251-b788-e4f98a1ed19d 0.197s
2025-03-11 12:02:16.524 70114 INFO tempest.lib.common.rest_client [req-a91629ac-1c6b-4e2d-9efc-36d7b05fffb5 req-a91629ac-1c6b-4e2d-9efc-36d7b05fffb5 ] Request (ServerRescueTestJSON:setUpClass): 200 GET http://10.180.1.21/compute/v2.1/servers/76d8729f-b71e-4c19-8c6a-acaab4cc29e2 0.187s
2025-03-11 12:02:16.553 70094 INFO tempest.lib.common.rest_client [req-169de21d-fce7-476f-848c-f1aede935685 req-169de21d-fce7-476f-848c-f1aede935685 ] Request (ImagesNegativeTestJSON:tearDownClass): 204 DELETE http://10.180.1.21:9696/networking/v2.0/routers/97a46ff5-3981-4184-bb56-9d438ed611f3 0.423s
2025-03-11 12:02:16.574 70082 INFO tempest.lib.common.rest_client [req-7cb85ae5-8b99-40d4-b315-18ac38da5a11 req-7cb85ae5-8b99-40d4-b315-18ac38da5a11 ] Request (ImagesTestJSON:test_create_image_from_suspended_server): 200 GET http://10.180.1.21/compute/v2.1/servers/7dc84e2a-2c23-4011-8481-4af95011a149 0.112s
2025-03-11 12:02:16.601 70110 INFO tempest.lib.common.rest_client [req-6d0f13be-68f1-4607-a7f6-a240e98aad61 req-6d0f13be-68f1-4607-a7f6-a240e98aad61 ] Request (ListServerFiltersTestJSON:test_list_servers_filtered_by_ip_regex): 200 GET http://10.180.1.21/compute/v2.1/servers/349f95e4-596b-4f6a-8ddc-e01369b5c832 0.205s
2025-03-11 12:02:16.677 70094 INFO tempest.lib.common.rest_client [req-18b40b2d-2bc9-4897-b418-3687c368c05c req-18b40b2d-2bc9-4897-b418-3687c368c05c ] Request (ImagesNegativeTestJSON:tearDownClass): 204 DELETE http://10.180.1.21:9696/networking/v2.0/subnets/3984881c-5a10-4b2f-ae21-b714d5485076 0.123s
2025-03-11 12:02:16.782 70110 INFO tempest.lib.common.rest_client [req-72057dc5-a506-4bf0-9064-59a29e3d1f2a req-72057dc5-a506-4bf0-9064-59a29e3d1f2a ] Request (ListServerFiltersTestJSON:test_list_servers_filtered_by_ip_regex): 200 GET http://10.180.1.21/compute/v2.1/servers/detail 0.173s
2025-03-11 12:02:16.924 70092 INFO tempest.lib.common.rest_client [req-54d4e1f0-2fb1-4e3a-a139-7ca9c06e9f02 req-54d4e1f0-2fb1-4e3a-a139-7ca9c06e9f02 ] Request (ListImageFiltersTestJSON:setUpClass): 200 GET http://10.180.1.21/compute/v2.1/servers/369b4f02-42d7-485a-bb5c-053633a8a160 0.142s
2025-03-11 12:02:16.993 70070 INFO tempest.lib.common.rest_client [req-13a6bad2-dd18-43d6-a1f1-2e0f3a879492 req-13a6bad2-dd18-43d6-a1f1-2e0f3a879492 ] Request (ServersAdminNegativeTestJSON:test_migrate_server_invalid_state): 200 GET http://10.180.1.21/compute/v2.1/servers/0bf7734b-d8be-42fd-9621-21e13da23634 0.123s
2025-03-11 12:02:17.081 70110 INFO tempest.lib.common.rest_client [req-3ce2fa14-23b7-455f-b9e7-f7455559f00c req-3ce2fa14-23b7-455f-b9e7-f7455559f00c ] Request (ListServerFiltersTestJSON:test_list_servers_filtered_by_ip_regex): 200 GET http://10.180.1.21/compute/v2.1/servers?ip=192.168.128. 0.289s
2025-03-11 12:02:17.106 70104 INFO tempest.lib.common.rest_client [req-1ad4ac43-e90d-4b8c-a259-67bbf55e6834 req-1ad4ac43-e90d-4b8c-a259-67bbf55e6834 ] Request (MigrationsAdminTest:test_list_migrations_in_flavor_resize_situation): 200 GET http://10.180.1.21/compute/v2.1/servers/f22f2442-6c76-4002-8c1c-920577f87f3e 0.170s
2025-03-11 12:02:17.152 70088 INFO tempest.lib.common.rest_client [req-2764769d-e7dc-48fb-af1d-3acfbd524edb req-2764769d-e7dc-48fb-af1d-3acfbd524edb ] Request (FloatingIPsAssociationNegativeTestJSON:tearDownClass): 200 GET http://10.180.1.21/compute/v2.1/servers/afd27e48-9ec6-453d-a879-466ddaf363e3 0.213s
2025-03-11 12:02:17.168 70058 INFO tempest.lib.common.rest_client [req-5d862eaa-cb8b-4fdc-a8a7-843c90a76c68 req-5d862eaa-cb8b-4fdc-a8a7-843c90a76c68 ] Request (MultipleCreateTestJSON:test_multiple_create): 200 GET http://10.180.1.21/compute/v2.1/servers/74a3276a-8166-4dbe-8b04-b811a7349105 0.171s
2025-03-11 12:02:17.205 70094 INFO tempest.lib.common.rest_client [req-d54ff614-60e9-41f9-9727-a5c723adacc4 req-d54ff614-60e9-41f9-9727-a5c723adacc4 ] Request (ImagesNegativeTestJSON:tearDownClass): 204 DELETE http://10.180.1.21:9696/networking/v2.0/networks/1d6144ec-c7bd-47d7-9445-f860457b072e 0.527s
2025-03-11 12:02:17.210 70053 INFO tempest.lib.common.rest_client [req-431f538c-8003-4315-bf72-84c8ab042607 req-431f538c-8003-4315-bf72-84c8ab042607 ] Request (ServerRescueTestJSONUnderV235:setUpClass): 200 GET http://10.180.1.21/compute/v2.1/servers/d3c7d1bc-f920-4075-9eab-7b026bc0c5ea 0.209s
2025-03-11 12:02:17.224 70084 INFO tempest.lib.common.rest_client [req-72b776e6-c29a-47b2-b496-f922320fdbba req-72b776e6-c29a-47b2-b496-f922320fdbba ] Request (ImagesOneServerNegativeTestJSON:_run_cleanups): 200 GET http://10.180.1.21/compute/v2.1/servers/179d5fcd-8138-4dab-b749-fe78eddb5e03 0.177s
2025-03-11 12:02:17.261 70110 INFO tempest.lib.common.rest_client [req-04ec588c-0a40-47af-8ac6-4310f14cf231 req-04ec588c-0a40-47af-8ac6-4310f14cf231 ] Request (ListServerFiltersTestJSON:test_list_servers_filtered_by_name_regex): 200 GET http://10.180.1.21/compute/v2.1/servers?name=%5E.%2A%5C-instance%5C-%5B0-9%5D%2B%24 0.175s
2025-03-11 12:02:17.286 70066 INFO tempest.lib.common.rest_client [req-09aa2678-1008-4e32-b7e6-bb3fa1bca538 req-09aa2678-1008-4e32-b7e6-bb3fa1bca538 ] Request (ServerDiagnosticsV248Test:test_get_server_diagnostics): 200 GET http://10.180.1.21/compute/v2.1/servers/6d7766ae-714c-4682-98e0-6b1bb93130e3 0.177s
2025-03-11 12:02:17.314 70094 INFO tempest.lib.common.rest_client [req-a9b3d5bf-cf5e-4dee-81fd-6314a08a9826 req-a9b3d5bf-cf5e-4dee-81fd-6314a08a9826 ] Request (ImagesNegativeTestJSON:tearDownClass): 204 DELETE http://10.180.1.21/identity/v3/users/34f81083b8054d3a8f944edf200da9eb 0.109s
2025-03-11 12:02:17.315 70094 INFO tempest.lib.common.dynamic_creds [-] Deleting project and security group for project: 32cf3abd5fe34ad19d46a328d922c058
2025-03-11 12:02:17.322 70076 INFO tempest.lib.common.rest_client [req-92c7ccd6-0e68-4e98-8ccb-ab1c96547c5b req-92c7ccd6-0e68-4e98-8ccb-ab1c96547c5b ] Request (ServerTagsTestJSON:setUpClass): 200 GET http://10.180.1.21/compute/v2.1/servers/015724cf-8e8c-42b9-b2c9-875978cc6135 0.174s
2025-03-11 12:02:17.348 70094 INFO tempest.lib.common.rest_client [req-732f35f2-58c4-416c-8a1f-a2365546ad80 req-732f35f2-58c4-416c-8a1f-a2365546ad80 ] Request (ImagesNegativeTestJSON:tearDownClass): 200 GET http://10.180.1.21:9696/networking/v2.0/security-groups?tenant_id=32cf3abd5fe34ad19d46a328d922c058&name=default 0.032s
2025-03-11 12:02:17.351 70062 INFO tempest.lib.common.rest_client [req-4e22b974-064d-470e-9d51-74a55a0f0717 req-4e22b974-064d-470e-9d51-74a55a0f0717 ] Request (ServerAddressesTestJSON:setUpClass): 200 GET http://10.180.1.21/compute/v2.1/servers/fbe4fab7-6cc5-4dce-b8c6-9809f4c4da6e 0.142s
2025-03-11 12:02:17.379 70102 INFO tempest.lib.common.rest_client [req-043442aa-d18c-44a5-b745-2ca4c7f36ecb req-043442aa-d18c-44a5-b745-2ca4c7f36ecb ] Request (ServersNegativeTestMultiTenantJSON:setUpClass): 200 GET http://10.180.1.21/compute/v2.1/servers/a8681ee8-b89d-47d4-a57d-0cbbe3a9b088 0.168s
2025-03-11 12:02:17.406 70064 INFO tempest.lib.common.rest_client [req-ac27b45e-7326-44a1-8ceb-8593baf01fc1 req-ac27b45e-7326-44a1-8ceb-8593baf01fc1 ] Request (ServersTestManualDisk:setUpClass): 200 GET http://10.180.1.21/compute/v2.1/servers/56c1c64a-d6b9-4d42-a0d9-59046d855df2 0.148s
2025-03-11 12:02:17.437 70068 INFO tempest.lib.common.rest_client [req-03d76792-0ece-44fd-a0a3-48cfbd3441f4 req-03d76792-0ece-44fd-a0a3-48cfbd3441f4 ] Request (ServersTestMultiNic:test_verify_multiple_nics_order): 200 GET http://10.180.1.21/compute/v2.1/servers/c2853410-f479-41b7-b11d-232b12e18727 0.176s
2025-03-11 12:02:17.455 70094 INFO tempest.lib.common.rest_client [req-0605eaf3-8294-4715-8442-0b5c391d7c64 req-0605eaf3-8294-4715-8442-0b5c391d7c64 ] Request (ImagesNegativeTestJSON:tearDownClass): 204 DELETE http://10.180.1.21:9696/networking/v2.0/security-groups/5a0dbcac-6339-46e5-b181-4ffca11300fc 0.106s
2025-03-11 12:02:17.485 70086 INFO tempest.lib.common.rest_client [req-0a3ea425-bedb-4dcd-bc5f-3cd0fd74b24a req-0a3ea425-bedb-4dcd-bc5f-3cd0fd74b24a ] Request (DeleteServersAdminTestJSON:test_delete_server_while_in_error_state): 200 GET http://10.180.1.21/compute/v2.1/servers/1e74125a-23fa-446d-b685-260bc10f2643 0.179s
2025-03-11 12:02:17.504 70110 INFO tempest.lib.common.rest_client [req-e444c218-37c0-4bca-8ea6-6751a7864520 req-e444c218-37c0-4bca-8ea6-6751a7864520 ] Request (ListServerFiltersTestJSON:test_list_servers_filtered_by_name_regex): 200 GET http://10.180.1.21/compute/v2.1/servers?name=%5E.%2A%5C-instance%5C-.%2A%24 0.240s
2025-03-11 12:02:17.537 70100 INFO tempest.lib.common.rest_client [req-f0c47938-f43d-48b9-b01c-7cc395d4144d req-f0c47938-f43d-48b9-b01c-7cc395d4144d ] Request (ServersNegativeTestJSON:setUpClass): 200 GET http://10.180.1.21/compute/v2.1/servers/36de9d61-f5b4-4ac3-8d03-2df6ca0750c2 0.228s
2025-03-11 12:02:17.547 70094 INFO tempest.lib.common.rest_client [req-90e43cfa-5055-43a8-8f63-3d603192e1f5 req-90e43cfa-5055-43a8-8f63-3d603192e1f5 ] Request (ImagesNegativeTestJSON:tearDownClass): 204 DELETE http://10.180.1.21/identity/v3/projects/32cf3abd5fe34ad19d46a328d922c058 0.092s
2025-03-11 12:02:17.558 70098 WARNING tempest.lib.common.ssh [-] Failed to establish authenticated ssh connection to cirros@10.180.180.146 ([Errno None] Unable to connect to port 22 on 10.180.180.146). Number attempts: 4. Retry after 5 seconds.: paramiko.ssh_exception.NoValidConnectionsError: [Errno None] Unable to connect to port 22 on 10.180.180.146
2025-03-11 12:02:17.565 70106 INFO tempest.lib.common.rest_client [req-9fae8337-3d7e-47f0-baf5-5baf0b14d8fb req-9fae8337-3d7e-47f0-baf5-5baf0b14d8fb ] Request (ImagesOneServerTestJSON:tearDownClass): 200 GET http://10.180.1.21/compute/v2.1/servers/9e862f36-920a-4332-95c0-a74470458058 0.191s
2025-03-11 12:02:17.583 70108 INFO tempest.lib.common.rest_client [req-5717da5f-51d5-41ca-9838-9d946e89774a req-5717da5f-51d5-41ca-9838-9d946e89774a ] Request (ServerExternalEventsTest:test_create_server_external_events): 200 GET http://10.180.1.21/compute/v2.1/servers/176eb896-91f5-4a36-a9d2-d5d78b6c93b2 0.162s
2025-03-11 12:02:17.601 70094 INFO tempest.lib.common.rest_client [req-18c4680f-cc6f-42a5-84bf-7e40579e3b9b req-18c4680f-cc6f-42a5-84bf-7e40579e3b9b ] Request (ListImageFiltersNegativeTestJSON:setUpClass): 201 POST http://10.180.1.21/identity/v3/auth/tokens 0.052s
2025-03-11 12:02:17.610 70112 INFO tempest.lib.common.rest_client [req-b0057faf-c039-4d4e-a595-0149504f46ed req-b0057faf-c039-4d4e-a595-0149504f46ed ] Request (ServersAdminTestJSON:test_create_server_with_scheduling_hint): 200 GET http://10.180.1.21/compute/v2.1/servers/c89f5e34-74c1-4b07-8fa7-27383505b60c 0.164s
2025-03-11 12:02:17.630 70060 INFO tempest.lib.common.rest_client [req-7bc8102b-85ca-4e52-9102-b88414ddab1f req-7bc8102b-85ca-4e52-9102-b88414ddab1f ] Request (FloatingIPsAssociationTestJSON:setUpClass): 200 GET http://10.180.1.21/compute/v2.1/servers/a4f581c4-99c4-4f3c-af62-8b652d31e4fd 0.162s
2025-03-11 12:02:17.633 70094 INFO tempest.lib.common.rest_client [req-ab77a7c3-75e4-488f-9c15-f48475495e66 req-ab77a7c3-75e4-488f-9c15-f48475495e66 ] Request (ListImageFiltersNegativeTestJSON:setUpClass): 201 POST http://10.180.1.21/identity/v3/auth/tokens 0.029s
2025-03-11 12:02:17.654 70094 INFO tempest.lib.common.rest_client [req-6aa04f3d-7041-4723-9831-a6d878dbcbc8 req-6aa04f3d-7041-4723-9831-a6d878dbcbc8 ] Request (ListImageFiltersNegativeTestJSON:setUpClass): 200 GET http://10.180.1.21/identity/v3/domains?name=Default 0.020s
2025-03-11 12:02:17.656 70078 INFO tempest.lib.common.rest_client [req-41fbe373-8090-4849-88e5-3ae39d558621 req-41fbe373-8090-4849-88e5-3ae39d558621 ] Request (SecurityGroupsTestJSON:test_list_security_groups_by_server): 200 GET http://10.180.1.21/compute/v2.1/servers/21b4cbce-58e9-4251-b788-e4f98a1ed19d 0.156s
2025-03-11 12:02:17.671 70110 INFO tempest.lib.common.rest_client [req-595401b5-0354-45ca-b09c-cc47775ce744 req-595401b5-0354-45ca-b09c-cc47775ce744 ] Request (ListServerFiltersTestJSON:test_list_servers_filtered_by_name_regex): 200 GET http://10.180.1.21/compute/v2.1/servers?name=1693243825 0.165s
2025-03-11 12:02:17.682 70094 INFO tempest.lib.common.rest_client [req-5dc9c5e2-1929-4f8f-94a6-ec68cea04316 req-5dc9c5e2-1929-4f8f-94a6-ec68cea04316 ] Request (ListImageFiltersNegativeTestJSON:setUpClass): 201 POST http://10.180.1.21/identity/v3/projects 0.028s
2025-03-11 12:02:17.701 70114 INFO tempest.lib.common.rest_client [req-6707014b-b86c-42ea-8df1-16e0e9bb67aa req-6707014b-b86c-42ea-8df1-16e0e9bb67aa ] Request (ServerRescueTestJSON:setUpClass): 200 GET http://10.180.1.21/compute/v2.1/servers/76d8729f-b71e-4c19-8c6a-acaab4cc29e2 0.166s
2025-03-11 12:02:17.708 70114 INFO tempest.common.waiters [-] State transition "BUILD/scheduling" ==> "BUILD/None" after 43 second wait
2025-03-11 12:02:17.713 70082 INFO tempest.lib.common.rest_client [req-d98f02be-4b01-4d4a-b896-108ed272280a req-d98f02be-4b01-4d4a-b896-108ed272280a ] Request (ImagesTestJSON:test_create_image_from_suspended_server): 200 GET http://10.180.1.21/compute/v2.1/servers/7dc84e2a-2c23-4011-8481-4af95011a149 0.132s
2025-03-11 12:02:17.736 70094 INFO tempest.lib.common.rest_client [req-eacd07b6-4017-4167-97d2-c700a00ca005 req-eacd07b6-4017-4167-97d2-c700a00ca005 ] Request (ListImageFiltersNegativeTestJSON:setUpClass): 201 POST http://10.180.1.21/identity/v3/users 0.053s
2025-03-11 12:02:17.743 70110 INFO tempest.lib.common.rest_client [req-c9383c0a-4bec-4d68-bc7f-b2ed6f2028cd req-c9383c0a-4bec-4d68-bc7f-b2ed6f2028cd ] Request (ListServerFiltersTestJSON:test_list_servers_filtered_by_name_wildcard): 200 GET http://10.180.1.21/compute/v2.1/servers?name=-instance 0.069s
2025-03-11 12:02:17.754 70094 INFO tempest.lib.common.rest_client [req-c40fd955-46f9-4994-822c-1709d1b4d809 req-c40fd955-46f9-4994-822c-1709d1b4d809 ] Request (ListImageFiltersNegativeTestJSON:setUpClass): 200 GET http://10.180.1.21/identity/v3/roles 0.018s
2025-03-11 12:02:17.780 70094 INFO tempest.lib.common.rest_client [req-ffa44ad3-08a5-4601-afd1-eba8c193155b req-ffa44ad3-08a5-4601-afd1-eba8c193155b ] Request (ListImageFiltersNegativeTestJSON:setUpClass): 204 PUT http://10.180.1.21/identity/v3/projects/7010dff712b5404f93ee8af1c586843f/users/17b34edf39fe498e9023851a2b7905ab/roles/93b9dcaa51434b8db33828660ea8682c 0.026s
2025-03-11 12:02:17.781 70094 INFO tempest.lib.common.dynamic_creds [-] Dynamic test user 17b34edf39fe498e9023851a2b7905ab is created with scope project and roles: ['member']
2025-03-11 12:02:17.781 70094 INFO tempest.lib.common.dynamic_creds [-] Acquired dynamic creds: credentials: Credentials: {'domain_id': 'default', 'domain_name': 'Default', 'username': 'tempest-ListImageFiltersNegativeTestJSON-709483113-project-member', 'project_domain_id': 'default', 'project_domain_name': 'Default', 'project_id': '7010dff712b5404f93ee8af1c586843f', 'project_name': 'tempest-ListImageFiltersNegativeTestJSON-709483113', 'tenant_id': '7010dff712b5404f93ee8af1c586843f', 'tenant_name': 'tempest-ListImageFiltersNegativeTestJSON-709483113', 'user_domain_id': 'default', 'user_domain_name': 'Default', 'user_id': '17b34edf39fe498e9023851a2b7905ab', 'system': None}, Network: None, Subnet: None, Router: None
2025-03-11 12:02:17.781 70094 INFO tempest.lib.common.dynamic_creds [-] Created isolated network resources for: credentials: Credentials: {'domain_id': 'default', 'domain_name': 'Default', 'username': 'tempest-ListImageFiltersNegativeTestJSON-709483113-project-member', 'project_domain_id': 'default', 'project_domain_name': 'Default', 'project_id': '7010dff712b5404f93ee8af1c586843f', 'project_name': 'tempest-ListImageFiltersNegativeTestJSON-709483113', 'tenant_id': '7010dff712b5404f93ee8af1c586843f', 'tenant_name': 'tempest-ListImageFiltersNegativeTestJSON-709483113', 'user_domain_id': 'default', 'user_domain_name': 'Default', 'user_id': '17b34edf39fe498e9023851a2b7905ab', 'system': None}, Network: None, Subnet: None, Router: None
2025-03-11 12:02:17.789 70110 INFO tempest.lib.common.rest_client [req-0f628d70-5494-43f1-be49-ddcff423425b req-0f628d70-5494-43f1-be49-ddcff423425b ] Request (ListServerFiltersTestJSON:test_list_servers_filtered_by_name_wildcard): 200 GET http://10.180.1.21/compute/v2.1/servers?name=t-ListServerFiltersTestJSON-instance-169324382 0.043s
2025-03-11 12:02:17.861 70094 INFO tempest.lib.common.rest_client [req-cdcfb6bd-df2d-4e03-a073-ba18bbaaf901 req-cdcfb6bd-df2d-4e03-a073-ba18bbaaf901 ] Request (ListImageFiltersNegativeTestJSON:setUpClass): 201 POST http://10.180.1.21/identity/v3/auth/tokens 0.076s
2025-03-11 12:02:17.887 70110 INFO tempest.lib.common.rest_client [req-778b393d-900d-44b1-946f-59a29c595dac req-778b393d-900d-44b1-946f-59a29c595dac ] Request (ListServerFiltersTestJSON:tearDownClass): 204 DELETE http://10.180.1.21/compute/v2.1/servers/349f95e4-596b-4f6a-8ddc-e01369b5c832 0.091s
2025-03-11 12:02:17.947 70094 INFO tempest.lib.common.rest_client [req-9eaf9fdb-e144-4fb9-843e-9c7b3d27b6b4 req-9eaf9fdb-e144-4fb9-843e-9c7b3d27b6b4 ] Request (ListImageFiltersNegativeTestJSON:test_get_nonexistent_image): 404 GET http://10.180.1.21/compute/v2.1/images/d0859dbe-48b2-48b2-86dc-11697d1da8a5 0.085s
2025-03-11 12:02:18.032 70110 INFO tempest.lib.common.rest_client [req-941a210b-e1fe-4cc2-ba2a-186971c1fc8d req-941a210b-e1fe-4cc2-ba2a-186971c1fc8d ] Request (ListServerFiltersTestJSON:tearDownClass): 200 GET http://10.180.1.21/compute/v2.1/servers/349f95e4-596b-4f6a-8ddc-e01369b5c832 0.145s
2025-03-11 12:02:18.054 70092 INFO tempest.lib.common.rest_client [req-b2ef0cb0-7a11-4795-9e64-3be70e0e3496 req-b2ef0cb0-7a11-4795-9e64-3be70e0e3496 ] Request (ListImageFiltersTestJSON:setUpClass): 200 GET http://10.180.1.21/compute/v2.1/servers/369b4f02-42d7-485a-bb5c-053633a8a160 0.123s
2025-03-11 12:02:18.061 70094 INFO tempest.lib.common.rest_client [req-d500911e-9401-49ec-bb15-1c7342930159 req-d500911e-9401-49ec-bb15-1c7342930159 ] Request (ListImageFiltersNegativeTestJSON:tearDownClass): 204 DELETE http://10.180.1.21/identity/v3/users/17b34edf39fe498e9023851a2b7905ab 0.108s
2025-03-11 12:02:18.062 70094 INFO tempest.lib.common.dynamic_creds [-] Deleting project and security group for project: 7010dff712b5404f93ee8af1c586843f
2025-03-11 12:02:18.095 70070 INFO tempest.lib.common.rest_client [req-77705b7f-eece-4d51-a539-5b6051ac151f req-77705b7f-eece-4d51-a539-5b6051ac151f ] Request (ServersAdminNegativeTestJSON:test_migrate_server_invalid_state): 200 GET http://10.180.1.21/compute/v2.1/servers/0bf7734b-d8be-42fd-9621-21e13da23634 0.086s
2025-03-11 12:02:18.122 70094 INFO tempest.lib.common.rest_client [req-43a95e9a-43ec-4d8b-8a7e-576656ac9ab2 req-43a95e9a-43ec-4d8b-8a7e-576656ac9ab2 ] Request (ListImageFiltersNegativeTestJSON:tearDownClass): 201 POST http://10.180.1.21/identity/v3/auth/tokens 0.059s
2025-03-11 12:02:18.241 70088 INFO tempest.lib.common.rest_client [req-8be84f80-4d1f-46b2-9379-ccd9f270e7aa req-8be84f80-4d1f-46b2-9379-ccd9f270e7aa ] Request (FloatingIPsAssociationNegativeTestJSON:tearDownClass): 200 GET http://10.180.1.21/compute/v2.1/servers/afd27e48-9ec6-453d-a879-466ddaf363e3 0.079s
2025-03-11 12:02:18.262 70104 INFO tempest.lib.common.rest_client [req-fc0bf45c-95b1-4c90-aa56-2dfa2548e329 req-fc0bf45c-95b1-4c90-aa56-2dfa2548e329 ] Request (MigrationsAdminTest:test_list_migrations_in_flavor_resize_situation): 200 GET http://10.180.1.21/compute/v2.1/servers/f22f2442-6c76-4002-8c1c-920577f87f3e 0.147s
2025-03-11 12:02:18.310 70058 INFO tempest.lib.common.rest_client [req-38dcac18-dece-4d4b-9de9-7bc0b8a62277 req-38dcac18-dece-4d4b-9de9-7bc0b8a62277 ] Request (MultipleCreateTestJSON:test_multiple_create): 200 GET http://10.180.1.21/compute/v2.1/servers/74a3276a-8166-4dbe-8b04-b811a7349105 0.128s
2025-03-11 12:02:18.320 70053 INFO tempest.lib.common.rest_client [req-1215a048-e7c1-4c9c-a5a9-7432995f1c2a req-1215a048-e7c1-4c9c-a5a9-7432995f1c2a ] Request (ServerRescueTestJSONUnderV235:setUpClass): 200 GET http://10.180.1.21/compute/v2.1/servers/d3c7d1bc-f920-4075-9eab-7b026bc0c5ea 0.102s
2025-03-11 12:02:18.326 70094 INFO tempest.lib.common.rest_client [req-09698bf4-444b-4736-b956-f09b05346f1c req-09698bf4-444b-4736-b956-f09b05346f1c ] Request (ListImageFiltersNegativeTestJSON:tearDownClass): 200 GET http://10.180.1.21:9696/networking/v2.0/security-groups?tenant_id=7010dff712b5404f93ee8af1c586843f&name=default 0.204s
2025-03-11 12:02:18.369 70084 INFO tempest.lib.common.rest_client [req-a562f5ec-0edf-454a-926f-8c83edfdefa8 req-a562f5ec-0edf-454a-926f-8c83edfdefa8 ] Request (ImagesOneServerNegativeTestJSON:_run_cleanups): 200 GET http://10.180.1.21/compute/v2.1/servers/179d5fcd-8138-4dab-b749-fe78eddb5e03 0.136s
2025-03-11 12:02:18.382 70066 INFO tempest.lib.common.rest_client [req-9b1d7649-1254-4028-968d-48d4d6d3ed41 req-9b1d7649-1254-4028-968d-48d4d6d3ed41 ] Request (ServerDiagnosticsV248Test:test_get_server_diagnostics): 200 GET http://10.180.1.21/compute/v2.1/servers/6d7766ae-714c-4682-98e0-6b1bb93130e3 0.086s
2025-03-11 12:02:18.441 70076 INFO tempest.lib.common.rest_client [req-36592349-593f-48a4-8f23-8a4746bc7078 req-36592349-593f-48a4-8f23-8a4746bc7078 ] Request (ServerTagsTestJSON:setUpClass): 200 GET http://10.180.1.21/compute/v2.1/servers/015724cf-8e8c-42b9-b2c9-875978cc6135 0.110s
2025-03-11 12:02:18.445 70094 INFO tempest.lib.common.rest_client [req-a4a3e5ba-9944-4456-b308-1e874bc56781 req-a4a3e5ba-9944-4456-b308-1e874bc56781 ] Request (ListImageFiltersNegativeTestJSON:tearDownClass): 204 DELETE http://10.180.1.21:9696/networking/v2.0/security-groups/1b2898e4-afb9-4514-8537-6259795aa2d9 0.119s
2025-03-11 12:02:18.496 70102 INFO tempest.lib.common.rest_client [req-be98c83f-9a58-41fb-bc88-3b08c7461249 req-be98c83f-9a58-41fb-bc88-3b08c7461249 ] Request (ServersNegativeTestMultiTenantJSON:setUpClass): 200 GET http://10.180.1.21/compute/v2.1/servers/a8681ee8-b89d-47d4-a57d-0cbbe3a9b088 0.109s
2025-03-11 12:02:18.518 70094 INFO tempest.lib.common.rest_client [req-7e733953-d681-4bde-b423-71eff9b763a8 req-7e733953-d681-4bde-b423-71eff9b763a8 ] Request (ListImageFiltersNegativeTestJSON:tearDownClass): 204 DELETE http://10.180.1.21/identity/v3/projects/7010dff712b5404f93ee8af1c586843f 0.072s
2025-03-11 12:02:18.535 70062 INFO tempest.lib.common.rest_client [req-00cdddd1-970d-4a60-8f38-58945a34d658 req-00cdddd1-970d-4a60-8f38-58945a34d658 ] Request (ServerAddressesTestJSON:setUpClass): 200 GET http://10.180.1.21/compute/v2.1/servers/fbe4fab7-6cc5-4dce-b8c6-9809f4c4da6e 0.177s
2025-03-11 12:02:18.545 70062 INFO tempest.common.waiters [-] State transition "BUILD/None" ==> "BUILD/block_device_mapping" after 57 second wait
2025-03-11 12:02:18.547 70064 INFO tempest.lib.common.rest_client [req-9f84c794-2288-4d42-a602-d59e29d3832e req-9f84c794-2288-4d42-a602-d59e29d3832e ] Request (ServersTestManualDisk:setUpClass): 200 GET http://10.180.1.21/compute/v2.1/servers/56c1c64a-d6b9-4d42-a0d9-59046d855df2 0.132s
2025-03-11 12:02:18.588 70068 INFO tempest.lib.common.rest_client [req-d304d5c7-58e3-473c-bd57-412a938d3789 req-d304d5c7-58e3-473c-bd57-412a938d3789 ] Request (ServersTestMultiNic:test_verify_multiple_nics_order): 200 GET http://10.180.1.21/compute/v2.1/servers/c2853410-f479-41b7-b11d-232b12e18727 0.140s
2025-03-11 12:02:18.599 70086 INFO tempest.lib.common.rest_client [req-2ffa164a-c59a-4762-8c47-45a1d0756166 req-2ffa164a-c59a-4762-8c47-45a1d0756166 ] Request (DeleteServersAdminTestJSON:test_delete_server_while_in_error_state): 200 GET http://10.180.1.21/compute/v2.1/servers/1e74125a-23fa-446d-b685-260bc10f2643 0.106s
2025-03-11 12:02:18.643 70100 INFO tempest.lib.common.rest_client [req-ee0d8534-118f-4089-9ed7-b03de7f3e9c4 req-ee0d8534-118f-4089-9ed7-b03de7f3e9c4 ] Request (ServersNegativeTestJSON:setUpClass): 200 GET http://10.180.1.21/compute/v2.1/servers/36de9d61-f5b4-4ac3-8d03-2df6ca0750c2 0.098s
2025-03-11 12:02:18.653 70106 INFO tempest.lib.common.rest_client [req-c800f0d6-a19a-437f-817c-d9f869a6892e req-c800f0d6-a19a-437f-817c-d9f869a6892e ] Request (ImagesOneServerTestJSON:tearDownClass): 200 GET http://10.180.1.21/compute/v2.1/servers/9e862f36-920a-4332-95c0-a74470458058 0.074s
2025-03-11 12:02:18.694 70108 INFO tempest.lib.common.rest_client [req-94244c0e-7615-4113-8b41-c473d9e9ca96 req-94244c0e-7615-4113-8b41-c473d9e9ca96 ] Request (ServerExternalEventsTest:test_create_server_external_events): 200 GET http://10.180.1.21/compute/v2.1/servers/176eb896-91f5-4a36-a9d2-d5d78b6c93b2 0.102s
2025-03-11 12:02:18.701 70112 INFO tempest.lib.common.rest_client [req-9ab77edb-3edc-4feb-a9f4-880622abac5b req-9ab77edb-3edc-4feb-a9f4-880622abac5b ] Request (ServersAdminTestJSON:test_create_server_with_scheduling_hint): 200 GET http://10.180.1.21/compute/v2.1/servers/c89f5e34-74c1-4b07-8fa7-27383505b60c 0.081s
2025-03-11 12:02:18.747 70060 INFO tempest.lib.common.rest_client [req-68ecc110-09b5-421b-bdf4-5b1dd10da3c2 req-68ecc110-09b5-421b-bdf4-5b1dd10da3c2 ] Request (FloatingIPsAssociationTestJSON:setUpClass): 200 GET http://10.180.1.21/compute/v2.1/servers/a4f581c4-99c4-4f3c-af62-8b652d31e4fd 0.109s
2025-03-11 12:02:18.747 70078 INFO tempest.lib.common.rest_client [req-875e2040-f772-4a8e-a8da-9d081af69d76 req-875e2040-f772-4a8e-a8da-9d081af69d76 ] Request (SecurityGroupsTestJSON:test_list_security_groups_by_server): 200 GET http://10.180.1.21/compute/v2.1/servers/21b4cbce-58e9-4251-b788-e4f98a1ed19d 0.083s
2025-03-11 12:02:18.795 70114 INFO tempest.lib.common.rest_client [req-71431053-4448-40c1-a283-2b8abc278937 req-71431053-4448-40c1-a283-2b8abc278937 ] Request (ServerRescueTestJSON:setUpClass): 200 GET http://10.180.1.21/compute/v2.1/servers/76d8729f-b71e-4c19-8c6a-acaab4cc29e2 0.086s
2025-03-11 12:02:18.796 70082 INFO tempest.lib.common.rest_client [req-018e0c5d-5840-4680-af3d-5c6e8d450ec8 req-018e0c5d-5840-4680-af3d-5c6e8d450ec8 ] Request (ImagesTestJSON:test_create_image_from_suspended_server): 200 GET http://10.180.1.21/compute/v2.1/servers/7dc84e2a-2c23-4011-8481-4af95011a149 0.075s
2025-03-11 12:02:19.142 70110 INFO tempest.lib.common.rest_client [req-9fb8c588-37ef-49e0-a87d-d429ec1e95db req-9fb8c588-37ef-49e0-a87d-d429ec1e95db ] Request (ListServerFiltersTestJSON:tearDownClass): 200 GET http://10.180.1.21/compute/v2.1/servers/349f95e4-596b-4f6a-8ddc-e01369b5c832 0.102s
2025-03-11 12:02:19.160 70092 INFO tempest.lib.common.rest_client [req-4d93df38-05c4-44b5-b5c9-78d28f20afbd req-4d93df38-05c4-44b5-b5c9-78d28f20afbd ] Request (ListImageFiltersTestJSON:setUpClass): 200 GET http://10.180.1.21/compute/v2.1/servers/369b4f02-42d7-485a-bb5c-053633a8a160 0.092s
2025-03-11 12:02:19.190 70070 INFO tempest.lib.common.rest_client [req-136d0118-fbe1-4ce0-b3b2-9dbbb9ea367a req-136d0118-fbe1-4ce0-b3b2-9dbbb9ea367a ] Request (ServersAdminNegativeTestJSON:test_migrate_server_invalid_state): 200 GET http://10.180.1.21/compute/v2.1/servers/0bf7734b-d8be-42fd-9621-21e13da23634 0.087s
2025-03-11 12:02:19.316 70088 INFO tempest.lib.common.rest_client [req-f631fd9b-1096-4104-986c-4aaaa2b78158 req-f631fd9b-1096-4104-986c-4aaaa2b78158 ] Request (FloatingIPsAssociationNegativeTestJSON:tearDownClass): 200 GET http://10.180.1.21/compute/v2.1/servers/afd27e48-9ec6-453d-a879-466ddaf363e3 0.060s
2025-03-11 12:02:19.362 70104 INFO tempest.lib.common.rest_client [req-6fd80264-baf1-4c54-ba52-d0ace941994c req-6fd80264-baf1-4c54-ba52-d0ace941994c ] Request (MigrationsAdminTest:test_list_migrations_in_flavor_resize_situation): 200 GET http://10.180.1.21/compute/v2.1/servers/f22f2442-6c76-4002-8c1c-920577f87f3e 0.091s
2025-03-11 12:02:19.366 70058 INFO tempest.lib.common.rest_client [req-e46259b9-6d88-4dc5-87a8-116bc7fef459 req-e46259b9-6d88-4dc5-87a8-116bc7fef459 ] Request (MultipleCreateTestJSON:test_multiple_create): 200 GET http://10.180.1.21/compute/v2.1/servers/74a3276a-8166-4dbe-8b04-b811a7349105 0.047s
2025-03-11 12:02:19.407 70053 INFO tempest.lib.common.rest_client [req-9c2ce027-fa84-4225-9c3a-24f96d9a83cc req-9c2ce027-fa84-4225-9c3a-24f96d9a83cc ] Request (ServerRescueTestJSONUnderV235:setUpClass): 200 GET http://10.180.1.21/compute/v2.1/servers/d3c7d1bc-f920-4075-9eab-7b026bc0c5ea 0.076s
2025-03-11 12:02:19.423 70084 INFO tempest.lib.common.rest_client [req-1b68795c-d13f-42df-8f05-80ceda32cd25 req-1b68795c-d13f-42df-8f05-80ceda32cd25 ] Request (ImagesOneServerNegativeTestJSON:_run_cleanups): 200 GET http://10.180.1.21/compute/v2.1/servers/179d5fcd-8138-4dab-b749-fe78eddb5e03 0.046s
2025-03-11 12:02:19.461 70066 INFO tempest.lib.common.rest_client [req-27ef2b9a-9558-4a31-8ac3-85b9f61b2787 req-27ef2b9a-9558-4a31-8ac3-85b9f61b2787 ] Request (ServerDiagnosticsV248Test:test_get_server_diagnostics): 200 GET http://10.180.1.21/compute/v2.1/servers/6d7766ae-714c-4682-98e0-6b1bb93130e3 0.067s
2025-03-11 12:02:19.498 70076 INFO tempest.lib.common.rest_client [req-6eb24c93-e883-482d-901e-3dc1fa28ab01 req-6eb24c93-e883-482d-901e-3dc1fa28ab01 ] Request (ServerTagsTestJSON:setUpClass): 200 GET http://10.180.1.21/compute/v2.1/servers/015724cf-8e8c-42b9-b2c9-875978cc6135 0.048s
