2025-03-11 12:30:58.407 70302 INFO tempest.lib.common.rest_client [req-0f781a4c-7ad6-449e-9c23-e75c396ee8bf req-0f781a4c-7ad6-449e-9c23-e75c396ee8bf ] Request (QuotaClassesAdmin257Test:setUpClass): 204 PUT http://10.180.1.21/identity/v3/projects/59b54f4dc741472ba2aec7fd1de49d4a/users/bd260fb156c94fdd87f5e3427c1db68d/roles/2c0ac3dcbde24dec893f5a493bf7a509 0.044s
2025-03-11 12:30:58.407 70302 INFO tempest.lib.common.dynamic_creds [-] Dynamic test user bd260fb156c94fdd87f5e3427c1db68d is created with scope project and roles: ['member']
2025-03-11 12:30:58.407 70302 INFO tempest.lib.common.dynamic_creds [-] Acquired dynamic creds: credentials: Credentials: {'domain_id': 'default', 'domain_name': 'Default', 'username': 'tempest-QuotaClassesAdmin257Test-1253806855-project-member', 'project_domain_id': 'default', 'project_domain_name': 'Default', 'project_id': '59b54f4dc741472ba2aec7fd1de49d4a', 'project_name': 'tempest-QuotaClassesAdmin257Test-1253806855', 'tenant_id': '59b54f4dc741472ba2aec7fd1de49d4a', 'tenant_name': 'tempest-QuotaClassesAdmin257Test-1253806855', 'user_domain_id': 'default', 'user_domain_name': 'Default', 'user_id': 'bd260fb156c94fdd87f5e3427c1db68d', 'system': None}, Network: None, Subnet: None, Router: None
2025-03-11 12:30:58.407 70302 INFO tempest.lib.common.dynamic_creds [-] Created isolated network resources for: credentials: Credentials: {'domain_id': 'default', 'domain_name': 'Default', 'username': 'tempest-QuotaClassesAdmin257Test-1253806855-project-member', 'project_domain_id': 'default', 'project_domain_name': 'Default', 'project_id': '59b54f4dc741472ba2aec7fd1de49d4a', 'project_name': 'tempest-QuotaClassesAdmin257Test-1253806855', 'tenant_id': '59b54f4dc741472ba2aec7fd1de49d4a', 'tenant_name': 'tempest-QuotaClassesAdmin257Test-1253806855', 'user_domain_id': 'default', 'user_domain_name': 'Default', 'user_id': 'bd260fb156c94fdd87f5e3427c1db68d', 'system': None}, Network: None, Subnet: None, Router: None
2025-03-11 12:30:58.444 70326 INFO tempest.lib.common.rest_client [req-c68388d4-0375-46d4-bb84-2747c62605e8 req-c68388d4-0375-46d4-bb84-2747c62605e8 ] Request (InstanceActionsNegativeTestJSON:setUpClass): 202 POST http://10.180.1.21/compute/v2.1/servers 2.913s
2025-03-11 12:30:58.464 70308 INFO tempest.lib.common.rest_client [req-19d7a5e6-6ef5-4f4c-acd8-d191a2b6821b req-19d7a5e6-6ef5-4f4c-acd8-d191a2b6821b ] Request (HypervisorAdminNegativeTestJSON:tearDownClass): 200 GET http://10.180.1.21:9696/networking/v2.0/security-groups?tenant_id=102a44d689d74bf0abac32c93ea76f91&name=default 0.471s
2025-03-11 12:30:58.489 70320 INFO tempest.lib.common.rest_client [req-7265aba2-cfc8-438f-a05b-afd830bf59ca req-7265aba2-cfc8-438f-a05b-afd830bf59ca ] Request (KeyPairsV22TestJSON:test_keypairs_create_list_delete): 201 POST http://10.180.1.21/compute/v2.1/os-keypairs 2.690s
2025-03-11 12:30:58.489 70310 INFO tempest.lib.common.rest_client [req-61278671-b1bc-4e92-b289-7f2ec8522fe8 req-61278671-b1bc-4e92-b289-7f2ec8522fe8 ] Request (FloatingIPsAssociationNegativeTestJSON:setUpClass): 201 POST http://10.180.1.21/identity/v3/projects 0.082s
2025-03-11 12:30:58.503 70302 INFO tempest.lib.common.rest_client [req-d2652e4b-ce0e-4c71-a011-6afa141631cc req-d2652e4b-ce0e-4c71-a011-6afa141631cc ] Request (QuotaClassesAdmin257Test:setUpClass): 201 POST http://10.180.1.21/identity/v3/auth/tokens 0.093s
2025-03-11 12:30:58.519 70272 INFO tempest.lib.common.rest_client [req-32a16e09-5b33-4b4a-ab52-c3ef1abef7b3 req-32a16e09-5b33-4b4a-ab52-c3ef1abef7b3 ] Request (TenantUsagesTestJSON:setUpClass): 200 GET http://10.180.1.21/compute/v2.1/servers/317e3366-4aec-4c80-bcf9-df84bc5e9939 2.726s
2025-03-11 12:30:58.529 70272 INFO tempest.common.waiters [-] State transition "BUILD/spawning" ==> "ACTIVE/None" after 20 second wait
2025-03-11 12:30:58.587 70310 INFO tempest.lib.common.rest_client [req-2fe4001f-0662-4e00-b236-e68d87745c34 req-2fe4001f-0662-4e00-b236-e68d87745c34 ] Request (FloatingIPsAssociationNegativeTestJSON:setUpClass): 201 POST http://10.180.1.21/identity/v3/users 0.097s
2025-03-11 12:30:58.617 70282 INFO tempest.lib.common.rest_client [req-4f7c3430-70a8-4f1f-ade8-127699b0d9c3 req-4f7c3430-70a8-4f1f-ade8-127699b0d9c3 ] Request (ServersAdminTestJSON:setUpClass): 200 GET http://10.180.1.21/compute/v2.1/servers/627f89ad-0381-4de9-a429-c74e26975ce9 2.538s
2025-03-11 12:30:58.626 70306 INFO tempest.lib.common.rest_client [req-2e01948c-fb64-4e16-bdcb-e514cf8f4a42 req-2e01948c-fb64-4e16-bdcb-e514cf8f4a42 ] Request (FloatingIPDetailsTestJSON:tearDownClass): 204 DELETE http://10.180.1.21:9696/networking/v2.0/routers/da262804-442a-4296-90fb-280f3cecd852 0.814s
2025-03-11 12:30:58.631 70304 INFO tempest.lib.common.rest_client [req-e29cde1a-54ec-45c4-831f-aa27dc77fb3f req-e29cde1a-54ec-45c4-831f-aa27dc77fb3f ] Request (FloatingIPsTestJSON:setUpClass): 201 POST http://10.180.1.21:9696/networking/v2.0/networks 0.649s
2025-03-11 12:30:58.631 70302 INFO tempest.lib.common.rest_client [req-2bbd7df2-5070-4b37-81db-6db46624beb5 req-2bbd7df2-5070-4b37-81db-6db46624beb5 ] Request (QuotaClassesAdmin257Test:setUpClass): 201 POST http://10.180.1.21/identity/v3/projects 0.128s
2025-03-11 12:30:58.654 70308 INFO tempest.lib.common.rest_client [req-aae339a3-b469-44b5-ab14-b74f26b2ca86 req-aae339a3-b469-44b5-ab14-b74f26b2ca86 ] Request (HypervisorAdminNegativeTestJSON:tearDownClass): 204 DELETE http://10.180.1.21:9696/networking/v2.0/security-groups/2270c7fb-1610-4f4f-80bb-a37d6c8852db 0.190s
2025-03-11 12:30:58.692 70310 INFO tempest.lib.common.rest_client [req-d390b50e-d38e-46ed-8a6e-7575adc29403 req-d390b50e-d38e-46ed-8a6e-7575adc29403 ] Request (FloatingIPsAssociationNegativeTestJSON:setUpClass): 200 GET http://10.180.1.21/identity/v3/roles 0.104s
2025-03-11 12:30:58.693 70314 INFO tempest.lib.common.rest_client [req-42b74439-86f9-4ec8-be0b-06147ada0f99 req-42b74439-86f9-4ec8-be0b-06147ada0f99 ] Request (SecurityGroupRulesTestJSON:setUpClass): 201 POST http://10.180.1.21:9696/networking/v2.0/subnets 0.582s
2025-03-11 12:30:58.694 70316 INFO tempest.lib.common.rest_client [req-41da4619-47ee-4be1-8342-ce3f034a8a39 req-41da4619-47ee-4be1-8342-ce3f034a8a39 ] Request (ImagesTestJSON:test_create_image_from_stopped_server): 200 GET http://10.180.1.21/compute/v2.1/servers/f3ae584d-18a5-4bbe-b4bf-860e2332b324 2.609s
2025-03-11 12:30:58.713 70302 INFO tempest.lib.common.rest_client [req-f7ca942e-e30c-4aba-b886-31f8e9efb276 req-f7ca942e-e30c-4aba-b886-31f8e9efb276 ] Request (QuotaClassesAdmin257Test:setUpClass): 201 POST http://10.180.1.21/identity/v3/users 0.082s
2025-03-11 12:30:58.750 70310 INFO tempest.lib.common.rest_client [req-4fc6ccbd-791f-4e99-8d38-f94ee62872ff req-4fc6ccbd-791f-4e99-8d38-f94ee62872ff ] Request (FloatingIPsAssociationNegativeTestJSON:setUpClass): 204 PUT http://10.180.1.21/identity/v3/projects/29874baa31194323bf3566aa52711e4c/users/ba9ebda63ed842cea7d7a8c4333e2c28/roles/2c0ac3dcbde24dec893f5a493bf7a509 0.058s
2025-03-11 12:30:58.750 70310 INFO tempest.lib.common.dynamic_creds [-] Dynamic test user ba9ebda63ed842cea7d7a8c4333e2c28 is created with scope project and roles: ['member']
2025-03-11 12:30:58.751 70310 INFO tempest.lib.common.dynamic_creds [-] Acquired dynamic creds: credentials: Credentials: {'domain_id': 'default', 'domain_name': 'Default', 'username': 'tempest-FloatingIPsAssociationNegativeTestJSON-98860262-project-member', 'project_domain_id': 'default', 'project_domain_name': 'Default', 'project_id': '29874baa31194323bf3566aa52711e4c', 'project_name': 'tempest-FloatingIPsAssociationNegativeTestJSON-98860262', 'tenant_id': '29874baa31194323bf3566aa52711e4c', 'tenant_name': 'tempest-FloatingIPsAssociationNegativeTestJSON-98860262', 'user_domain_id': 'default', 'user_domain_name': 'Default', 'user_id': 'ba9ebda63ed842cea7d7a8c4333e2c28', 'system': None}, Network: None, Subnet: None, Router: None
2025-03-11 12:30:58.758 70308 INFO tempest.lib.common.rest_client [req-150d489a-f2de-490d-a0ff-6d026788f197 req-150d489a-f2de-490d-a0ff-6d026788f197 ] Request (HypervisorAdminNegativeTestJSON:tearDownClass): 204 DELETE http://10.180.1.21/identity/v3/projects/102a44d689d74bf0abac32c93ea76f91 0.103s
2025-03-11 12:30:58.758 70308 INFO tempest.lib.common.dynamic_creds [-] Deleting project and security group for project: fcbb1441a6a14dde9adc41b99bd6d5f6
2025-03-11 12:30:58.812 70302 INFO tempest.lib.common.rest_client [req-bd5513f7-71b1-48e9-ae91-a0fa479217f2 req-bd5513f7-71b1-48e9-ae91-a0fa479217f2 ] Request (QuotaClassesAdmin257Test:setUpClass): 200 GET http://10.180.1.21/identity/v3/roles 0.097s
2025-03-11 12:30:58.824 70290 INFO tempest.lib.common.rest_client [req-348ba6b1-491e-47c2-86f2-71c0df27be63 req-348ba6b1-491e-47c2-86f2-71c0df27be63 ] Request (ImagesNegativeTestJSON:test_create_image_from_deleted_server): 200 GET http://10.180.1.21/compute/v2.1/servers/443382a8-64af-4f13-b7ab-11234fb13fcf 2.684s
2025-03-11 12:30:58.832 70310 INFO tempest.lib.common.rest_client [req-b0ca61f0-a087-458e-a9ad-f101f5bf28bc req-b0ca61f0-a087-458e-a9ad-f101f5bf28bc ] Request (FloatingIPsAssociationNegativeTestJSON:setUpClass): 201 POST http://10.180.1.21/identity/v3/auth/tokens 0.081s
2025-03-11 12:30:58.838 70290 INFO tempest.common.waiters [-] State transition "BUILD/scheduling" ==> "BUILD/None" after 10 second wait
2025-03-11 12:30:58.846 70288 INFO tempest.lib.common.rest_client [req-98066a85-e655-49be-adbb-e66a13d11bf1 req-98066a85-e655-49be-adbb-e66a13d11bf1 ] Request (DeleteServersAdminTestJSON:test_admin_delete_servers_of_others): 204 DELETE http://10.180.1.21/compute/v2.1/servers/1d5b8fb7-eeb0-49da-acdf-53b7741e863e 2.911s
2025-03-11 12:30:58.872 70302 INFO tempest.lib.common.rest_client [req-851f3ce6-45f3-457e-b7ed-326dc80a40c2 req-851f3ce6-45f3-457e-b7ed-326dc80a40c2 ] Request (QuotaClassesAdmin257Test:setUpClass): 204 PUT http://10.180.1.21/identity/v3/projects/d2e4c2f29a7b468392f51cfafb32d99b/users/dacf22a3b132442e983a1e5cdb17445b/roles/1cbe2b73baf544fa8a1bb46d0ba12ca1 0.059s
2025-03-11 12:30:58.922 70302 INFO tempest.lib.common.rest_client [req-b03f7b6b-1641-4829-9986-31fab9831729 req-b03f7b6b-1641-4829-9986-31fab9831729 ] Request (QuotaClassesAdmin257Test:setUpClass): 200 GET http://10.180.1.21/identity/v3/roles 0.050s
2025-03-11 12:30:58.935 70292 INFO tempest.lib.common.rest_client [req-b377190c-20b2-4666-9138-2987ab87cbb0 req-b377190c-20b2-4666-9138-2987ab87cbb0 ] Request (ServerDiagnosticsV248Test:test_get_server_diagnostics): 200 GET http://10.180.1.21/compute/v2.1/servers/48f6ebca-d7fe-4086-80f4-0b89789dcddb 2.767s
2025-03-11 12:30:58.944 70302 INFO tempest.lib.common.rest_client [req-66a2cca2-dfb0-4b55-8db8-bb22b6078412 req-66a2cca2-dfb0-4b55-8db8-bb22b6078412 ] Request (QuotaClassesAdmin257Test:setUpClass): 204 PUT http://10.180.1.21/identity/v3/projects/d2e4c2f29a7b468392f51cfafb32d99b/users/dacf22a3b132442e983a1e5cdb17445b/roles/1cbe2b73baf544fa8a1bb46d0ba12ca1 0.021s
2025-03-11 12:30:58.944 70302 INFO tempest.lib.common.dynamic_creds [-] Dynamic test user dacf22a3b132442e983a1e5cdb17445b is created with scope project and roles: ['admin']
2025-03-11 12:30:58.944 70302 INFO tempest.lib.common.dynamic_creds [-] Acquired dynamic creds: credentials: Credentials: {'domain_id': 'default', 'domain_name': 'Default', 'username': 'tempest-QuotaClassesAdmin257Test-299391284-project-admin', 'project_domain_id': 'default', 'project_domain_name': 'Default', 'project_id': 'd2e4c2f29a7b468392f51cfafb32d99b', 'project_name': 'tempest-QuotaClassesAdmin257Test-299391284', 'tenant_id': 'd2e4c2f29a7b468392f51cfafb32d99b', 'tenant_name': 'tempest-QuotaClassesAdmin257Test-299391284', 'user_domain_id': 'default', 'user_domain_name': 'Default', 'user_id': 'dacf22a3b132442e983a1e5cdb17445b', 'system': None}, Network: None, Subnet: None, Router: None
2025-03-11 12:30:58.944 70302 INFO tempest.lib.common.dynamic_creds [-] Created isolated network resources for: credentials: Credentials: {'domain_id': 'default', 'domain_name': 'Default', 'username': 'tempest-QuotaClassesAdmin257Test-299391284-project-admin', 'project_domain_id': 'default', 'project_domain_name': 'Default', 'project_id': 'd2e4c2f29a7b468392f51cfafb32d99b', 'project_name': 'tempest-QuotaClassesAdmin257Test-299391284', 'tenant_id': 'd2e4c2f29a7b468392f51cfafb32d99b', 'tenant_name': 'tempest-QuotaClassesAdmin257Test-299391284', 'user_domain_id': 'default', 'user_domain_name': 'Default', 'user_id': 'dacf22a3b132442e983a1e5cdb17445b', 'system': None}, Network: None, Subnet: None, Router: None
2025-03-11 12:30:58.948 70292 INFO tempest.common.waiters [-] State transition "BUILD/block_device_mapping" ==> "BUILD/spawning" after 18 second wait
2025-03-11 12:30:58.989 70296 INFO tempest.lib.common.rest_client [req-e673ed96-5166-4933-b043-6ba7c666b841 req-e673ed96-5166-4933-b043-6ba7c666b841 ] Request (ServersTestFqdnHostnames:test_create_server_with_fqdn_name): 200 GET http://10.180.1.21/compute/v2.1/servers/75e952e7-6761-49a4-9193-175f5d30494e 2.731s
2025-03-11 12:30:58.999 70296 INFO tempest.common.waiters [-] State transition "BUILD/scheduling" ==> "BUILD/None" after 10 second wait
2025-03-11 12:30:59.005 70306 INFO tempest.lib.common.rest_client [req-9479e78e-05bd-4ea7-85f9-ec5fcd019a84 req-9479e78e-05bd-4ea7-85f9-ec5fcd019a84 ] Request (FloatingIPDetailsTestJSON:tearDownClass): 204 DELETE http://10.180.1.21:9696/networking/v2.0/subnets/a5f9c7af-28ac-4f34-82c6-a1c53479f050 0.377s
2025-03-11 12:30:59.031 70286 INFO tempest.lib.common.rest_client [req-d1f12464-4a90-4629-921e-4ddd139ebe7f req-d1f12464-4a90-4629-921e-4ddd139ebe7f ] Request (ServersAdmin275Test:test_rebuild_update_server_275): 200 GET http://10.180.1.21/compute/v2.1/servers/316ab41e-d3c1-4cef-8d63-a138e21d0ea3 2.705s
2025-03-11 12:30:59.035 70302 INFO tempest.lib.common.rest_client [req-f4094ad0-03b8-4fb3-a262-c2a347228b96 req-f4094ad0-03b8-4fb3-a262-c2a347228b96 ] Request (QuotaClassesAdmin257Test:setUpClass): 201 POST http://10.180.1.21/identity/v3/auth/tokens 0.087s
2025-03-11 12:30:59.059 70322 INFO tempest.lib.common.rest_client [req-ba677cf8-4dfb-4552-ad83-367c88744f6a req-ba677cf8-4dfb-4552-ad83-367c88744f6a ] Request (ServerExternalEventsTest:test_create_server_external_events): 200 GET http://10.180.1.21/compute/v2.1/servers/7ea91d3b-1e43-45cd-9bff-e144c63177c8 2.733s
2025-03-11 12:30:59.070 70308 INFO tempest.lib.common.rest_client [req-fbde082b-3d6b-4ca3-a37d-94b952625c83 req-fbde082b-3d6b-4ca3-a37d-94b952625c83 ] Request (HypervisorAdminNegativeTestJSON:tearDownClass): 200 GET http://10.180.1.21:9696/networking/v2.0/security-groups?tenant_id=fcbb1441a6a14dde9adc41b99bd6d5f6&name=default 0.311s
2025-03-11 12:30:59.072 70322 INFO tempest.common.waiters [-] State transition "BUILD/None" ==> "BUILD/networking" after 13 second wait
2025-03-11 12:30:59.133 70274 INFO tempest.lib.common.rest_client [req-298db864-8f5c-4cf5-9bb3-5efd46c6fb74 req-298db864-8f5c-4cf5-9bb3-5efd46c6fb74 ] Request (ImagesOneServerNegativeTestJSON:setUpClass): 200 GET http://10.180.1.21/compute/v2.1/servers/803e9885-000f-4696-9fb9-03361ef46538 2.389s
2025-03-11 12:30:59.198 70304 INFO tempest.lib.common.rest_client [req-3717347c-4a3d-4650-87be-67407ee6926b req-3717347c-4a3d-4650-87be-67407ee6926b ] Request (FloatingIPsTestJSON:setUpClass): 201 POST http://10.180.1.21:9696/networking/v2.0/subnets 0.566s
2025-03-11 12:30:59.244 70308 INFO tempest.lib.common.rest_client [req-9bd0ad3b-d7d0-4236-8e1a-bffdf2c7ca0a req-9bd0ad3b-d7d0-4236-8e1a-bffdf2c7ca0a ] Request (HypervisorAdminNegativeTestJSON:tearDownClass): 204 DELETE http://10.180.1.21:9696/networking/v2.0/security-groups/69023a93-35bf-4c4c-8b56-cae55b59fc96 0.174s
2025-03-11 12:30:59.392 70308 INFO tempest.lib.common.rest_client [req-f5d316a7-0b8f-43dc-8f0d-ff3c287f84fc req-f5d316a7-0b8f-43dc-8f0d-ff3c287f84fc ] Request (HypervisorAdminNegativeTestJSON:tearDownClass): 204 DELETE http://10.180.1.21/identity/v3/projects/fcbb1441a6a14dde9adc41b99bd6d5f6 0.148s
2025-03-11 12:30:59.474 70308 INFO tempest.lib.common.rest_client [req-fa8fcb23-309a-4e32-9872-9a5b3d19d2cd req-fa8fcb23-309a-4e32-9872-9a5b3d19d2cd ] Request (QuotaClassesAdminTestJSON:setUpClass): 201 POST http://10.180.1.21/identity/v3/auth/tokens 0.079s
2025-03-11 12:30:59.506 70308 INFO tempest.lib.common.rest_client [req-36897301-4da9-4e4f-8211-82ee56a3ce85 req-36897301-4da9-4e4f-8211-82ee56a3ce85 ] Request (QuotaClassesAdminTestJSON:setUpClass): 201 POST http://10.180.1.21/identity/v3/auth/tokens 0.028s
2025-03-11 12:30:59.522 70318 INFO tempest.lib.common.rest_client [req-ca527bbb-2b65-4c5c-ad45-0120e96bf2c0 req-ca527bbb-2b65-4c5c-ad45-0120e96bf2c0 ] Request (SecurityGroupRulesNegativeTestJSON:test_create_security_group_rule_duplicate): 200 POST http://10.180.1.21/compute/v2.1/os-security-groups 2.947s
2025-03-11 12:30:59.542 70308 INFO tempest.lib.common.rest_client [req-f7971532-e4e3-48b3-8020-7ddf764f88fb req-f7971532-e4e3-48b3-8020-7ddf764f88fb ] Request (QuotaClassesAdminTestJSON:setUpClass): 200 GET http://10.180.1.21/identity/v3/domains?name=Default 0.035s
2025-03-11 12:30:59.559 70310 INFO tempest.lib.common.rest_client [req-10b3b7af-7087-454b-9c0f-bc87641cc926 req-10b3b7af-7087-454b-9c0f-bc87641cc926 ] Request (FloatingIPsAssociationNegativeTestJSON:setUpClass): 201 POST http://10.180.1.21:9696/networking/v2.0/networks 0.726s
2025-03-11 12:30:59.574 70308 INFO tempest.lib.common.rest_client [req-1b475a67-3d25-4431-b601-695e3a152345 req-1b475a67-3d25-4431-b601-695e3a152345 ] Request (QuotaClassesAdminTestJSON:setUpClass): 201 POST http://10.180.1.21/identity/v3/projects 0.030s
2025-03-11 12:30:59.610 70328 INFO tempest.lib.common.rest_client [req-b7779cd6-12a3-4cc0-8ce3-3aa82434c374 req-b7779cd6-12a3-4cc0-8ce3-3aa82434c374 ] Request (ServersWithSpecificFlavorTestJSON:test_verify_created_server_ephemeral_disk): 200 GET http://10.180.1.21/compute/v2.1/servers/8dcd6786-de5e-4fa0-a6c1-66ff9cf84fd6 2.492s
2025-03-11 12:30:59.635 70278 INFO tempest.lib.common.rest_client [req-c80de12f-d45d-4ffe-8278-6400982e2eca req-c80de12f-d45d-4ffe-8278-6400982e2eca ] Request (ServersAdminNegativeTestJSON:setUpClass): 202 POST http://10.180.1.21/compute/v2.1/servers 2.551s
2025-03-11 12:30:59.639 70300 INFO tempest.lib.common.rest_client [req-f55077ae-bddb-4981-93c0-2c2dd97d1ca0 req-f55077ae-bddb-4981-93c0-2c2dd97d1ca0 ] Request (ServicesAdminNegativeV253TestJSON:test_get_service_with_valid_service_and_invalid_host): 200 GET http://10.180.1.21/compute/v2.1/os-services 2.201s
2025-03-11 12:30:59.644 70306 INFO tempest.lib.common.rest_client [req-8947f2c6-375f-4b5c-bfd4-54528615b2ac req-8947f2c6-375f-4b5c-bfd4-54528615b2ac ] Request (FloatingIPDetailsTestJSON:tearDownClass): 204 DELETE http://10.180.1.21:9696/networking/v2.0/networks/6a87222a-5ad4-4fc6-a085-79ab783e8f2b 0.638s
2025-03-11 12:30:59.653 70308 INFO tempest.lib.common.rest_client [req-4941013c-e36b-4d82-be73-8c4bdf3eedad req-4941013c-e36b-4d82-be73-8c4bdf3eedad ] Request (QuotaClassesAdminTestJSON:setUpClass): 201 POST http://10.180.1.21/identity/v3/users 0.079s
2025-03-11 12:30:59.692 70308 INFO tempest.lib.common.rest_client [req-8b979751-54af-4724-9e0b-ff141ad2a25d req-8b979751-54af-4724-9e0b-ff141ad2a25d ] Request (QuotaClassesAdminTestJSON:setUpClass): 200 GET http://10.180.1.21/identity/v3/roles 0.037s
2025-03-11 12:30:59.731 70308 INFO tempest.lib.common.rest_client [req-a43fe972-12d4-480d-add3-1491e75bbbb5 req-a43fe972-12d4-480d-add3-1491e75bbbb5 ] Request (QuotaClassesAdminTestJSON:setUpClass): 204 PUT http://10.180.1.21/identity/v3/projects/8a9c35d70e574867942089aab38ca163/users/98d624fecf454bfc937c0717a4be7ce6/roles/2c0ac3dcbde24dec893f5a493bf7a509 0.039s
2025-03-11 12:30:59.732 70308 INFO tempest.lib.common.dynamic_creds [-] Dynamic test user 98d624fecf454bfc937c0717a4be7ce6 is created with scope project and roles: ['member']
2025-03-11 12:30:59.732 70308 INFO tempest.lib.common.dynamic_creds [-] Acquired dynamic creds: credentials: Credentials: {'domain_id': 'default', 'domain_name': 'Default', 'username': 'tempest-QuotaClassesAdminTestJSON-526218175-project-member', 'project_domain_id': 'default', 'project_domain_name': 'Default', 'project_id': '8a9c35d70e574867942089aab38ca163', 'project_name': 'tempest-QuotaClassesAdminTestJSON-526218175', 'tenant_id': '8a9c35d70e574867942089aab38ca163', 'tenant_name': 'tempest-QuotaClassesAdminTestJSON-526218175', 'user_domain_id': 'default', 'user_domain_name': 'Default', 'user_id': '98d624fecf454bfc937c0717a4be7ce6', 'system': None}, Network: None, Subnet: None, Router: None
2025-03-11 12:30:59.732 70308 INFO tempest.lib.common.dynamic_creds [-] Created isolated network resources for: credentials: Credentials: {'domain_id': 'default', 'domain_name': 'Default', 'username': 'tempest-QuotaClassesAdminTestJSON-526218175-project-member', 'project_domain_id': 'default', 'project_domain_name': 'Default', 'project_id': '8a9c35d70e574867942089aab38ca163', 'project_name': 'tempest-QuotaClassesAdminTestJSON-526218175', 'tenant_id': '8a9c35d70e574867942089aab38ca163', 'tenant_name': 'tempest-QuotaClassesAdminTestJSON-526218175', 'user_domain_id': 'default', 'user_domain_name': 'Default', 'user_id': '98d624fecf454bfc937c0717a4be7ce6', 'system': None}, Network: None, Subnet: None, Router: None
2025-03-11 12:30:59.773 70284 INFO tempest.lib.common.rest_client [req-61c1dc97-010d-4a62-a5e7-62a1eaa6f072 req-61c1dc97-010d-4a62-a5e7-62a1eaa6f072 ] Request (ServerDiagnosticsTest:tearDownClass): 204 DELETE http://10.180.1.21/compute/v2.1/servers/dc548f2f-e6d6-4273-8c24-b4f52842e0d2 2.267s
2025-03-11 12:30:59.825 70306 INFO tempest.lib.common.rest_client [req-e53fb6f6-d7fa-41ea-a2f9-d8eef3cf3ce6 req-e53fb6f6-d7fa-41ea-a2f9-d8eef3cf3ce6 ] Request (FloatingIPDetailsTestJSON:tearDownClass): 204 DELETE http://10.180.1.21/identity/v3/users/a7a4cf9ef34141f8bf3714e00d10c247 0.181s
2025-03-11 12:30:59.826 70306 INFO tempest.lib.common.dynamic_creds [-] Deleting project and security group for project: ebdcbb38ab824521832f3d95d7c55431
2025-03-11 12:30:59.828 70308 INFO tempest.lib.common.rest_client [req-8de4bd75-410d-4c2b-85a5-c92404f8c798 req-8de4bd75-410d-4c2b-85a5-c92404f8c798 ] Request (QuotaClassesAdminTestJSON:setUpClass): 201 POST http://10.180.1.21/identity/v3/auth/tokens 0.091s
2025-03-11 12:30:59.829 70280 INFO tempest.lib.common.rest_client [req-b80052c1-6cff-4c76-bd0f-1179a1eeeed0 req-b80052c1-6cff-4c76-bd0f-1179a1eeeed0 ] Request (FlavorsExtraSpecsTestJSON:tearDownClass): 200 GET http://10.180.1.21/compute/v2.1/flavors/detail 2.218s
2025-03-11 12:30:59.914 70306 INFO tempest.lib.common.rest_client [req-1e5e028e-28c1-43e7-9427-4349b5f0eb80 req-1e5e028e-28c1-43e7-9427-4349b5f0eb80 ] Request (FloatingIPDetailsTestJSON:tearDownClass): 200 GET http://10.180.1.21:9696/networking/v2.0/security-groups?tenant_id=ebdcbb38ab824521832f3d95d7c55431&name=default 0.087s
2025-03-11 12:31:00.014 70294 INFO tempest.lib.common.rest_client [req-cdd834b3-efbf-435e-aa1c-64c52d46cd2b req-cdd834b3-efbf-435e-aa1c-64c52d46cd2b ] Request (MigrationsAdminTest:test_list_migrations_in_flavor_resize_situation): 202 POST http://10.180.1.21/compute/v2.1/servers/63d6a59a-d58c-4179-ad39-eb9863e6f84c/action 2.419s
2025-03-11 12:31:00.016 70308 INFO tempest.lib.common.rest_client [req-9fa7d057-10a4-4aac-b382-a52dacdc262e req-9fa7d057-10a4-4aac-b382-a52dacdc262e ] Request (QuotaClassesAdminTestJSON:setUpClass): 201 POST http://10.180.1.21/identity/v3/projects 0.183s
2025-03-11 12:31:00.016 70280 INFO tempest.lib.common.rest_client [req-e9d0b700-98e2-40fb-9bf6-e9919407f9ec req-e9d0b700-98e2-40fb-9bf6-e9919407f9ec ] Request (FlavorsExtraSpecsTestJSON:tearDownClass): 204 DELETE http://10.180.1.21/identity/v3/users/de24666d87d14155af38b1009e046283 0.177s
2025-03-11 12:31:00.059 70298 INFO tempest.lib.common.rest_client [req-2b218b33-b5e8-480b-9b43-3edaba73f085 req-2b218b33-b5e8-480b-9b43-3edaba73f085 ] Request (ServerGroupTestJSON:test_create_delete_multiple_server_groups_with_same_name_policy): 204 DELETE http://10.180.1.21/compute/v2.1/os-server-groups/e5763b31-7cd7-4665-a823-495c8e8012e9 2.404s
2025-03-11 12:31:00.071 70324 INFO tempest.lib.common.rest_client [req-3dda5f41-899d-4e5b-b6d1-b161dbdc60fb req-3dda5f41-899d-4e5b-b6d1-b161dbdc60fb ] Request (AggregatesAdminNegativeTestJSON:test_aggregate_create_aggregate_name_length_less_than_1): 400 POST http://10.180.1.21/compute/v2.1/os-aggregates 2.405s
2025-03-11 12:31:00.089 70270 INFO tempest.lib.common.rest_client [req-6a521d6a-8ad9-486d-944d-3b4939110fa1 req-6a521d6a-8ad9-486d-944d-3b4939110fa1 ] Request (FlavorsAccessNegativeTestJSON:_run_cleanups): 202 DELETE http://10.180.1.21/compute/v2.1/flavors/1237962716 2.275s
2025-03-11 12:31:00.096 70332 INFO tempest.lib.common.rest_client [req-33c85952-a41b-4087-a41e-c8c516f47641 req-33c85952-a41b-4087-a41e-c8c516f47641 ] Request (QuotasAdminNegativeTest:test_update_quota_normal_user): 403 PUT http://10.180.1.21/compute/v2.1/os-quota-sets/673266f256834a9bbce66bca0f33fac6 1.919s
2025-03-11 12:31:00.112 70310 INFO tempest.lib.common.rest_client [req-aa099884-5533-444c-bf75-4ee2cf6d5366 req-aa099884-5533-444c-bf75-4ee2cf6d5366 ] Request (FloatingIPsAssociationNegativeTestJSON:setUpClass): 201 POST http://10.180.1.21:9696/networking/v2.0/subnets 0.553s
2025-03-11 12:31:00.125 70280 INFO tempest.lib.common.rest_client [req-4cd662d4-92df-4405-8556-e264ce5ea0f2 req-4cd662d4-92df-4405-8556-e264ce5ea0f2 ] Request (FlavorsExtraSpecsTestJSON:tearDownClass): 204 DELETE http://10.180.1.21/identity/v3/users/9c0413d235804b7497531c1ea1435866 0.108s
2025-03-11 12:31:00.126 70280 INFO tempest.lib.common.dynamic_creds [-] Deleting project and security group for project: 5aea450049c64627b8dbd7dd8bf7383a
2025-03-11 12:31:00.135 70312 INFO tempest.lib.common.rest_client [req-2847e187-117d-4ebb-90a7-1c14764e6e2c req-2847e187-117d-4ebb-90a7-1c14764e6e2c ] Request (FlavorsV2TestJSON:test_list_flavors_detailed_using_marker): 200 GET http://10.180.1.21/compute/v2.1/flavors/detail?marker=42 2.502s
2025-03-11 12:31:00.198 70308 INFO tempest.lib.common.rest_client [req-56b1d508-a0e9-4bcf-8e01-ce497f0847f8 req-56b1d508-a0e9-4bcf-8e01-ce497f0847f8 ] Request (QuotaClassesAdminTestJSON:setUpClass): 201 POST http://10.180.1.21/identity/v3/users 0.180s
2025-03-11 12:31:00.225 70326 INFO tempest.lib.common.rest_client [req-8bfd5de3-e6b5-4f02-8976-4827ed9e3823 req-8bfd5de3-e6b5-4f02-8976-4827ed9e3823 ] Request (InstanceActionsNegativeTestJSON:setUpClass): 200 GET http://10.180.1.21/compute/v2.1/servers/9717f586-cedc-4f21-9ea6-7bf6e2991327 1.779s
2025-03-11 12:31:00.245 70306 INFO tempest.lib.common.rest_client [req-f51ae9be-0090-4afd-b592-0a86fa266cf4 req-f51ae9be-0090-4afd-b592-0a86fa266cf4 ] Request (FloatingIPDetailsTestJSON:tearDownClass): 204 DELETE http://10.180.1.21:9696/networking/v2.0/security-groups/55a83fe6-e25e-4f55-a578-1232771d1b15 0.330s
2025-03-11 12:31:00.279 70320 INFO tempest.lib.common.rest_client [req-a3053c3d-de3e-43a6-8f6c-04afa4e0ae75 req-a3053c3d-de3e-43a6-8f6c-04afa4e0ae75 ] Request (KeyPairsV22TestJSON:test_keypairs_create_list_delete): 201 POST http://10.180.1.21/compute/v2.1/os-keypairs 1.788s
2025-03-11 12:31:00.283 70332 INFO tempest.lib.common.rest_client [req-b897af2c-833c-4f2a-bc7f-66bad1aad58f req-b897af2c-833c-4f2a-bc7f-66bad1aad58f ] Request (QuotasAdminNegativeTest:tearDownClass): 204 DELETE http://10.180.1.21/identity/v3/users/da1609fa950f4ad68c73368ccf73a079 0.185s
2025-03-11 12:31:00.316 70276 INFO tempest.lib.common.rest_client [req-782b5a40-4083-4767-907c-459d2c10f571 req-782b5a40-4083-4767-907c-459d2c10f571 ] Request (ServerDiagnosticsNegativeTest:test_get_server_diagnostics_by_non_admin): 200 GET http://10.180.1.21/compute/v2.1/servers/1232f601-3339-4fc2-92b2-aa550af90b01 1.921s
2025-03-11 12:31:00.327 70276 INFO tempest.common.waiters [-] State transition "BUILD/spawning" ==> "ACTIVE/None" after 22 second wait
2025-03-11 12:31:00.355 70280 INFO tempest.lib.common.rest_client [req-622ad0cd-0683-4d91-9611-3a14bda22551 req-622ad0cd-0683-4d91-9611-3a14bda22551 ] Request (FlavorsExtraSpecsTestJSON:tearDownClass): 201 POST http://10.180.1.21/identity/v3/auth/tokens 0.229s
2025-03-11 12:31:00.398 70308 INFO tempest.lib.common.rest_client [req-af300dc8-ea81-41ab-b136-52d7f1e5cb18 req-af300dc8-ea81-41ab-b136-52d7f1e5cb18 ] Request (QuotaClassesAdminTestJSON:setUpClass): 200 GET http://10.180.1.21/identity/v3/roles 0.200s
2025-03-11 12:31:00.422 70306 INFO tempest.lib.common.rest_client [req-10bdacaa-1cd7-49c4-bdb2-47c79c056d59 req-10bdacaa-1cd7-49c4-bdb2-47c79c056d59 ] Request (FloatingIPDetailsTestJSON:tearDownClass): 204 DELETE http://10.180.1.21/identity/v3/projects/ebdcbb38ab824521832f3d95d7c55431 0.176s
2025-03-11 12:31:00.527 70332 INFO tempest.lib.common.rest_client [req-687fedc3-5128-4609-bcdc-07a25ca40702 req-687fedc3-5128-4609-bcdc-07a25ca40702 ] Request (QuotasAdminNegativeTest:tearDownClass): 204 DELETE http://10.180.1.21/identity/v3/users/d5e73acd06cf4f7da1639409751b5a60 0.244s
2025-03-11 12:31:00.528 70332 INFO tempest.lib.common.dynamic_creds [-] Deleting project and security group for project: 9a253dc284a845c494fe38e80946e0de
2025-03-11 12:31:00.558 70314 INFO tempest.lib.common.rest_client [req-cad5a760-519b-4b7f-a14e-61e65d525363 req-cad5a760-519b-4b7f-a14e-61e65d525363 ] Request (SecurityGroupRulesTestJSON:setUpClass): 201 POST http://10.180.1.21:9696/networking/v2.0/routers 1.864s
2025-03-11 12:31:00.577 70272 INFO tempest.lib.common.rest_client [req-758b4de1-50d9-450c-875a-9de582a02e26 req-758b4de1-50d9-450c-875a-9de582a02e26 ] Request (TenantUsagesTestJSON:test_get_usage_tenant): 200 GET http://10.180.1.21/compute/v2.1/os-simple-tenant-usage/90ef47b60ab64229981b7010c4f5cd46?start=2025-03-10T12%3A30%3A58.530041&end=2025-03-12T12%3A30%3A58.530041 2.047s
2025-03-11 12:31:00.644 70330 INFO tempest.lib.common.rest_client [req-4e61238c-078e-4296-91d4-32d9aee38eaf req-4e61238c-078e-4296-91d4-32d9aee38eaf ] Request (VolumesAssistedSnapshotsTest:test_volume_assisted_snapshot_create_delete): 200 GET http://10.180.1.21/compute/v2.1/servers/9e9973e1-feb8-4fd7-95ae-e6d824af5a64 1.749s
2025-03-11 12:31:00.651 70308 INFO tempest.lib.common.rest_client [req-2793a19e-7077-424d-a947-dd561bf98120 req-2793a19e-7077-424d-a947-dd561bf98120 ] Request (QuotaClassesAdminTestJSON:setUpClass): 204 PUT http://10.180.1.21/identity/v3/projects/2e290ded613a4425835986cbc141c296/users/ecb0be7fb5fd488ca50f3d563944717e/roles/1cbe2b73baf544fa8a1bb46d0ba12ca1 0.251s
2025-03-11 12:31:00.684 70306 INFO tempest.lib.common.rest_client [req-3b1fd0dc-2bf7-4507-b32d-b33b88271fa1 req-3b1fd0dc-2bf7-4507-b32d-b33b88271fa1 ] Request (AZV2TestJSON:setUpClass): 201 POST http://10.180.1.21/identity/v3/auth/tokens 0.259s
2025-03-11 12:31:00.703 70332 INFO tempest.lib.common.rest_client [req-b2613677-645b-4c6b-b3a3-e30f1edb8826 req-b2613677-645b-4c6b-b3a3-e30f1edb8826 ] Request (QuotasAdminNegativeTest:tearDownClass): 201 POST http://10.180.1.21/identity/v3/auth/tokens 0.175s
2025-03-11 12:31:00.741 70288 INFO tempest.lib.common.rest_client [req-73313fbd-c235-4813-a824-a4c23bb775f9 req-73313fbd-c235-4813-a824-a4c23bb775f9 ] Request (DeleteServersAdminTestJSON:test_admin_delete_servers_of_others): 200 GET http://10.180.1.21/compute/v2.1/servers/1d5b8fb7-eeb0-49da-acdf-53b7741e863e 1.894s
2025-03-11 12:31:00.747 70304 INFO tempest.lib.common.rest_client [req-6bd3a21c-2ea8-457b-af6b-40a25f2d8905 req-6bd3a21c-2ea8-457b-af6b-40a25f2d8905 ] Request (FloatingIPsTestJSON:setUpClass): 201 POST http://10.180.1.21:9696/networking/v2.0/routers 1.549s
2025-03-11 12:31:00.780 70308 INFO tempest.lib.common.rest_client [req-e32fec72-b8c2-4a67-baf3-fcafd1b56080 req-e32fec72-b8c2-4a67-baf3-fcafd1b56080 ] Request (QuotaClassesAdminTestJSON:setUpClass): 200 GET http://10.180.1.21/identity/v3/roles 0.129s
2025-03-11 12:31:00.809 70306 INFO tempest.lib.common.rest_client [req-9f13395b-e7f7-4802-a587-e9aab0c6b8f0 req-9f13395b-e7f7-4802-a587-e9aab0c6b8f0 ] Request (AZV2TestJSON:setUpClass): 201 POST http://10.180.1.21/identity/v3/auth/tokens 0.123s
2025-03-11 12:31:00.823 70302 INFO tempest.lib.common.rest_client [req-78723d71-16b8-4c18-8896-b161320e4420 req-78723d71-16b8-4c18-8896-b161320e4420 ] Request (QuotaClassesAdmin257Test:test_update_default_quotas): 200 GET http://10.180.1.21/compute/v2.1/os-quota-class-sets/default 1.786s
2025-03-11 12:31:00.847 70308 INFO tempest.lib.common.rest_client [req-bea9f8df-5a66-4fb1-b2cf-ff465f64f047 req-bea9f8df-5a66-4fb1-b2cf-ff465f64f047 ] Request (QuotaClassesAdminTestJSON:setUpClass): 204 PUT http://10.180.1.21/identity/v3/projects/2e290ded613a4425835986cbc141c296/users/ecb0be7fb5fd488ca50f3d563944717e/roles/1cbe2b73baf544fa8a1bb46d0ba12ca1 0.066s
2025-03-11 12:31:00.847 70308 INFO tempest.lib.common.dynamic_creds [-] Dynamic test user ecb0be7fb5fd488ca50f3d563944717e is created with scope project and roles: ['admin']
2025-03-11 12:31:00.847 70308 INFO tempest.lib.common.dynamic_creds [-] Acquired dynamic creds: credentials: Credentials: {'domain_id': 'default', 'domain_name': 'Default', 'username': 'tempest-QuotaClassesAdminTestJSON-165875897-project-admin', 'project_domain_id': 'default', 'project_domain_name': 'Default', 'project_id': '2e290ded613a4425835986cbc141c296', 'project_name': 'tempest-QuotaClassesAdminTestJSON-165875897', 'tenant_id': '2e290ded613a4425835986cbc141c296', 'tenant_name': 'tempest-QuotaClassesAdminTestJSON-165875897', 'user_domain_id': 'default', 'user_domain_name': 'Default', 'user_id': 'ecb0be7fb5fd488ca50f3d563944717e', 'system': None}, Network: None, Subnet: None, Router: None
2025-03-11 12:31:00.847 70308 INFO tempest.lib.common.dynamic_creds [-] Created isolated network resources for: credentials: Credentials: {'domain_id': 'default', 'domain_name': 'Default', 'username': 'tempest-QuotaClassesAdminTestJSON-165875897-project-admin', 'project_domain_id': 'default', 'project_domain_name': 'Default', 'project_id': '2e290ded613a4425835986cbc141c296', 'project_name': 'tempest-QuotaClassesAdminTestJSON-165875897', 'tenant_id': '2e290ded613a4425835986cbc141c296', 'tenant_name': 'tempest-QuotaClassesAdminTestJSON-165875897', 'user_domain_id': 'default', 'user_domain_name': 'Default', 'user_id': 'ecb0be7fb5fd488ca50f3d563944717e', 'system': None}, Network: None, Subnet: None, Router: None
2025-03-11 12:31:00.893 70306 INFO tempest.lib.common.rest_client [req-94f6f93c-e9ed-4b24-b1e2-adfa00a25e69 req-94f6f93c-e9ed-4b24-b1e2-adfa00a25e69 ] Request (AZV2TestJSON:setUpClass): 200 GET http://10.180.1.21/identity/v3/domains?name=Default 0.083s
2025-03-11 12:31:00.924 70282 INFO tempest.lib.common.rest_client [req-210293c7-1b56-49f6-953a-5a5e17782447 req-210293c7-1b56-49f6-953a-5a5e17782447 ] Request (ServersAdminTestJSON:setUpClass): 200 GET http://10.180.1.21/compute/v2.1/servers/627f89ad-0381-4de9-a429-c74e26975ce9 1.293s
2025-03-11 12:31:00.928 70306 INFO tempest.lib.common.rest_client [req-8836861d-40c6-46b8-90ad-f2a70553dc62 req-8836861d-40c6-46b8-90ad-f2a70553dc62 ] Request (AZV2TestJSON:setUpClass): 201 POST http://10.180.1.21/identity/v3/projects 0.034s
2025-03-11 12:31:00.932 70308 INFO tempest.lib.common.rest_client [req-b999876e-93ef-48b7-8aad-e9b1d4b8b815 req-b999876e-93ef-48b7-8aad-e9b1d4b8b815 ] Request (QuotaClassesAdminTestJSON:setUpClass): 201 POST http://10.180.1.21/identity/v3/auth/tokens 0.082s
2025-03-11 12:31:01.000 70306 INFO tempest.lib.common.rest_client [req-35c622c5-4150-4270-bea5-5234598c23e2 req-35c622c5-4150-4270-bea5-5234598c23e2 ] Request (AZV2TestJSON:setUpClass): 201 POST http://10.180.1.21/identity/v3/users 0.072s
2025-03-11 12:31:01.016 70278 INFO tempest.lib.common.rest_client [req-c2389c5c-639e-45aa-b560-d60094c9c2b5 req-c2389c5c-639e-45aa-b560-d60094c9c2b5 ] Request (ServersAdminNegativeTestJSON:setUpClass): 200 GET http://10.180.1.21/compute/v2.1/servers/6aacfc4e-32b4-40d7-8240-e4449cf78925 1.379s
2025-03-11 12:31:01.034 70306 INFO tempest.lib.common.rest_client [req-a8d196cf-0eca-4a17-be7d-c3bcf204c241 req-a8d196cf-0eca-4a17-be7d-c3bcf204c241 ] Request (AZV2TestJSON:setUpClass): 200 GET http://10.180.1.21/identity/v3/roles 0.033s
2025-03-11 12:31:01.042 70300 INFO tempest.lib.common.rest_client [req-7d68959f-defc-43b6-9453-5f37ee3f1041 req-7d68959f-defc-43b6-9453-5f37ee3f1041 ] Request (ServicesAdminNegativeV253TestJSON:test_get_service_with_valid_service_and_invalid_host): 200 GET http://10.180.1.21/compute/v2.1/os-services?host=xxx&binary=nova-scheduler 1.401s
2025-03-11 12:31:01.078 70306 INFO tempest.lib.common.rest_client [req-0839f6f3-6af5-44bb-82de-000cba8f3ffd req-0839f6f3-6af5-44bb-82de-000cba8f3ffd ] Request (AZV2TestJSON:setUpClass): 204 PUT http://10.180.1.21/identity/v3/projects/f1d2bc724825436282fbf532cafca0ec/users/ad0d1573eb1446dbb14c283ac6d0df72/roles/2c0ac3dcbde24dec893f5a493bf7a509 0.044s
2025-03-11 12:31:01.078 70306 INFO tempest.lib.common.dynamic_creds [-] Dynamic test user ad0d1573eb1446dbb14c283ac6d0df72 is created with scope project and roles: ['member']
2025-03-11 12:31:01.078 70306 INFO tempest.lib.common.dynamic_creds [-] Acquired dynamic creds: credentials: Credentials: {'domain_id': 'default', 'domain_name': 'Default', 'username': 'tempest-AZV2TestJSON-1313094824-project-member', 'project_domain_id': 'default', 'project_domain_name': 'Default', 'project_id': 'f1d2bc724825436282fbf532cafca0ec', 'project_name': 'tempest-AZV2TestJSON-1313094824', 'tenant_id': 'f1d2bc724825436282fbf532cafca0ec', 'tenant_name': 'tempest-AZV2TestJSON-1313094824', 'user_domain_id': 'default', 'user_domain_name': 'Default', 'user_id': 'ad0d1573eb1446dbb14c283ac6d0df72', 'system': None}, Network: None, Subnet: None, Router: None
2025-03-11 12:31:01.078 70306 INFO tempest.lib.common.dynamic_creds [-] Created isolated network resources for: credentials: Credentials: {'domain_id': 'default', 'domain_name': 'Default', 'username': 'tempest-AZV2TestJSON-1313094824-project-member', 'project_domain_id': 'default', 'project_domain_name': 'Default', 'project_id': 'f1d2bc724825436282fbf532cafca0ec', 'project_name': 'tempest-AZV2TestJSON-1313094824', 'tenant_id': 'f1d2bc724825436282fbf532cafca0ec', 'tenant_name': 'tempest-AZV2TestJSON-1313094824', 'user_domain_id': 'default', 'user_domain_name': 'Default', 'user_id': 'ad0d1573eb1446dbb14c283ac6d0df72', 'system': None}, Network: None, Subnet: None, Router: None
2025-03-11 12:31:01.125 70316 INFO tempest.lib.common.rest_client [req-a5db55d7-6c4a-4c67-bd6c-14047dd09452 req-a5db55d7-6c4a-4c67-bd6c-14047dd09452 ] Request (ImagesTestJSON:test_create_image_from_stopped_server): 200 GET http://10.180.1.21/compute/v2.1/servers/f3ae584d-18a5-4bbe-b4bf-860e2332b324 1.420s
2025-03-11 12:31:01.141 70316 INFO tempest.common.waiters [-] State transition "BUILD/scheduling" ==> "BUILD/None" after 9 second wait
2025-03-11 12:31:01.154 70306 INFO tempest.lib.common.rest_client [req-1b7b7974-507b-42c6-ba00-e8843edac587 req-1b7b7974-507b-42c6-ba00-e8843edac587 ] Request (AZV2TestJSON:setUpClass): 201 POST http://10.180.1.21/identity/v3/auth/tokens 0.073s
2025-03-11 12:31:01.288 70284 INFO tempest.lib.common.rest_client [req-e92ee7fc-9130-4fe8-9788-ee26fedfd3d1 req-e92ee7fc-9130-4fe8-9788-ee26fedfd3d1 ] Request (ServerDiagnosticsTest:tearDownClass): 200 GET http://10.180.1.21/compute/v2.1/servers/dc548f2f-e6d6-4273-8c24-b4f52842e0d2 1.512s
2025-03-11 12:31:01.310 70280 INFO tempest.lib.common.rest_client [req-8d4482e0-d7ba-40e3-b932-bbf107a7ee95 req-8d4482e0-d7ba-40e3-b932-bbf107a7ee95 ] Request (FlavorsExtraSpecsTestJSON:tearDownClass): 200 GET http://10.180.1.21:9696/networking/v2.0/security-groups?tenant_id=5aea450049c64627b8dbd7dd8bf7383a&name=default 0.954s
2025-03-11 12:31:01.376 70290 INFO tempest.lib.common.rest_client [req-b67106b9-9355-4b5d-bcc7-734af099f3eb req-b67106b9-9355-4b5d-bcc7-734af099f3eb ] Request (ImagesNegativeTestJSON:test_create_image_from_deleted_server): 200 GET http://10.180.1.21/compute/v2.1/servers/443382a8-64af-4f13-b7ab-11234fb13fcf 1.536s
2025-03-11 12:31:01.467 70292 INFO tempest.lib.common.rest_client [req-79b520da-94a7-403d-a09d-042d1c2430d6 req-79b520da-94a7-403d-a09d-042d1c2430d6 ] Request (ServerDiagnosticsV248Test:test_get_server_diagnostics): 200 GET http://10.180.1.21/compute/v2.1/servers/48f6ebca-d7fe-4086-80f4-0b89789dcddb 1.512s
2025-03-11 12:31:01.561 70280 INFO tempest.lib.common.rest_client [req-7c81aa23-e9ac-489f-9784-d73ec043be10 req-7c81aa23-e9ac-489f-9784-d73ec043be10 ] Request (FlavorsExtraSpecsTestJSON:tearDownClass): 204 DELETE http://10.180.1.21:9696/networking/v2.0/security-groups/3f604989-4080-4ca8-b08f-36d97b1ced4d 0.250s
2025-03-11 12:31:01.571 70296 INFO tempest.lib.common.rest_client [req-ef6dcd17-8267-4ada-af38-22294930e878 req-ef6dcd17-8267-4ada-af38-22294930e878 ] Request (ServersTestFqdnHostnames:test_create_server_with_fqdn_name): 200 GET http://10.180.1.21/compute/v2.1/servers/75e952e7-6761-49a4-9193-175f5d30494e 1.570s
2025-03-11 12:31:01.575 70318 INFO tempest.lib.common.rest_client [req-5fa58bec-d8f0-4b0f-8719-819f1c55e589 req-5fa58bec-d8f0-4b0f-8719-819f1c55e589 ] Request (SecurityGroupRulesNegativeTestJSON:test_create_security_group_rule_duplicate): 200 POST http://10.180.1.21/compute/v2.1/os-security-group-rules 2.050s
2025-03-11 12:31:01.588 70332 INFO tempest.lib.common.rest_client [req-2bf4662b-098b-4468-a9af-e40f97e1fd6a req-2bf4662b-098b-4468-a9af-e40f97e1fd6a ] Request (QuotasAdminNegativeTest:tearDownClass): 200 GET http://10.180.1.21:9696/networking/v2.0/security-groups?tenant_id=9a253dc284a845c494fe38e80946e0de&name=default 0.884s
2025-03-11 12:31:01.659 70286 INFO tempest.lib.common.rest_client [req-905a8af6-320f-4c51-bbac-caa7e35b688b req-905a8af6-320f-4c51-bbac-caa7e35b688b ] Request (ServersAdmin275Test:test_rebuild_update_server_275): 200 GET http://10.180.1.21/compute/v2.1/servers/316ab41e-d3c1-4cef-8d63-a138e21d0ea3 1.613s
2025-03-11 12:31:01.687 70298 INFO tempest.lib.common.rest_client [req-76a59d42-413f-480f-83e4-6a755685d314 req-76a59d42-413f-480f-83e4-6a755685d314 ] Request (ServerGroupTestJSON:test_create_delete_multiple_server_groups_with_same_name_policy): 200 GET http://10.180.1.21/compute/v2.1/os-server-groups 1.628s
2025-03-11 12:31:01.711 70280 INFO tempest.lib.common.rest_client [req-18786573-a6dd-4e37-bb7e-75102b323965 req-18786573-a6dd-4e37-bb7e-75102b323965 ] Request (FlavorsExtraSpecsTestJSON:tearDownClass): 204 DELETE http://10.180.1.21/identity/v3/projects/5aea450049c64627b8dbd7dd8bf7383a 0.150s
2025-03-11 12:31:01.712 70280 INFO tempest.lib.common.dynamic_creds [-] Deleting project and security group for project: 77bf444735124755b6faf0d2b59778ca
2025-03-11 12:31:01.919 70322 INFO tempest.lib.common.rest_client [req-b516a02e-8964-4a26-946e-22ad00f3252c req-b516a02e-8964-4a26-946e-22ad00f3252c ] Request (ServerExternalEventsTest:test_create_server_external_events): 200 GET http://10.180.1.21/compute/v2.1/servers/7ea91d3b-1e43-45cd-9bff-e144c63177c8 1.844s
2025-03-11 12:31:01.926 70324 INFO tempest.lib.common.rest_client [req-27121f94-4671-4cd3-bc3d-a3b758f271e5 req-27121f94-4671-4cd3-bc3d-a3b758f271e5 ] Request (AggregatesAdminNegativeTestJSON:test_aggregate_create_as_user): 403 POST http://10.180.1.21/compute/v2.1/os-aggregates 1.851s
2025-03-11 12:31:01.930 70322 INFO tempest.common.waiters [-] State transition "BUILD/networking" ==> "BUILD/spawning" after 15 second wait
2025-03-11 12:31:01.936 70294 INFO tempest.lib.common.rest_client [req-9a6fed89-4c4e-4b65-b1b6-25d5ad29fece req-9a6fed89-4c4e-4b65-b1b6-25d5ad29fece ] Request (MigrationsAdminTest:test_list_migrations_in_flavor_resize_situation): 200 GET http://10.180.1.21/compute/v2.1/servers/63d6a59a-d58c-4179-ad39-eb9863e6f84c 1.922s
2025-03-11 12:31:01.958 70270 INFO tempest.lib.common.rest_client [req-88d5a551-b72b-4c18-9364-88de093e8b0a req-88d5a551-b72b-4c18-9364-88de093e8b0a ] Request (FlavorsAccessNegativeTestJSON:_run_cleanups): 200 GET http://10.180.1.21/compute/v2.1/flavors/detail 1.869s
2025-03-11 12:31:01.972 70332 INFO tempest.lib.common.rest_client [req-44a6b5f1-2253-4bc1-bf2c-e0bf533319f3 req-44a6b5f1-2253-4bc1-bf2c-e0bf533319f3 ] Request (QuotasAdminNegativeTest:tearDownClass): 204 DELETE http://10.180.1.21:9696/networking/v2.0/security-groups/1358cbe7-fac9-4115-9277-0fd2ec0cd899 0.384s
2025-03-11 12:31:01.975 70312 INFO tempest.lib.common.rest_client [req-7948e639-e6b0-4da3-86c4-e54f70f8a6c2 req-7948e639-e6b0-4da3-86c4-e54f70f8a6c2 ] Request (FlavorsV2TestJSON:test_list_flavors_filter_by_min_disk): 200 GET http://10.180.1.21/compute/v2.1/flavors/42 1.824s
2025-03-11 12:31:01.990 70320 INFO tempest.lib.common.rest_client [req-dbbe9644-c462-408a-8e66-80d3c8f9c0a8 req-dbbe9644-c462-408a-8e66-80d3c8f9c0a8 ] Request (KeyPairsV22TestJSON:test_keypairs_create_list_delete): 200 GET http://10.180.1.21/compute/v2.1/os-keypairs 1.709s
2025-03-11 12:31:02.008 70274 INFO tempest.lib.common.rest_client [req-0f8920af-40c4-4f65-a61a-de70213c713a req-0f8920af-40c4-4f65-a61a-de70213c713a ] Request (ImagesOneServerNegativeTestJSON:setUpClass): 200 GET http://10.180.1.21/compute/v2.1/servers/803e9885-000f-4696-9fb9-03361ef46538 1.861s
2025-03-11 12:31:02.018 70274 INFO tempest.common.waiters [-] State transition "BUILD/scheduling" ==> "BUILD/None" after 3 second wait
2025-03-11 12:31:02.038 70276 INFO tempest.lib.common.rest_client [req-8cfdfe69-83fd-490b-8d55-9448f26631bc req-8cfdfe69-83fd-490b-8d55-9448f26631bc ] Request (ServerDiagnosticsNegativeTest:test_get_server_diagnostics_by_non_admin): 403 GET http://10.180.1.21/compute/v2.1/servers/1232f601-3339-4fc2-92b2-aa550af90b01/diagnostics 1.711s
2025-03-11 12:31:02.039 70272 INFO tempest.lib.common.rest_client [req-910069d0-a5e5-4014-834e-3efaa47de953 req-910069d0-a5e5-4014-834e-3efaa47de953 ] Request (TenantUsagesTestJSON:test_get_usage_tenant_with_non_admin_user): 200 GET http://10.180.1.21/compute/v2.1/os-simple-tenant-usage/90ef47b60ab64229981b7010c4f5cd46?start=2025-03-10T12%3A30%3A58.530041&end=2025-03-12T12%3A30%3A58.530041 1.456s
2025-03-11 12:31:02.105 70332 INFO tempest.lib.common.rest_client [req-1b87e460-b33b-4b57-a1dd-5157ced8a649 req-1b87e460-b33b-4b57-a1dd-5157ced8a649 ] Request (QuotasAdminNegativeTest:tearDownClass): 204 DELETE http://10.180.1.21/identity/v3/projects/9a253dc284a845c494fe38e80946e0de 0.132s
2025-03-11 12:31:02.105 70332 INFO tempest.lib.common.dynamic_creds [-] Deleting project and security group for project: 673266f256834a9bbce66bca0f33fac6
2025-03-11 12:31:02.124 70280 INFO tempest.lib.common.rest_client [req-ec7a610f-fcab-47be-acb8-c780d678d081 req-ec7a610f-fcab-47be-acb8-c780d678d081 ] Request (FlavorsExtraSpecsTestJSON:tearDownClass): 200 GET http://10.180.1.21:9696/networking/v2.0/security-groups?tenant_id=77bf444735124755b6faf0d2b59778ca&name=default 0.412s
2025-03-11 12:31:02.126 70328 INFO tempest.lib.common.rest_client [req-a41d44a5-0e25-489a-86ac-500bcc2ae941 req-a41d44a5-0e25-489a-86ac-500bcc2ae941 ] Request (ServersWithSpecificFlavorTestJSON:test_verify_created_server_ephemeral_disk): 200 GET http://10.180.1.21/compute/v2.1/servers/8dcd6786-de5e-4fa0-a6c1-66ff9cf84fd6 1.506s
2025-03-11 12:31:02.159 70302 INFO tempest.lib.common.rest_client [req-43122ef9-bfc0-44ff-9c23-274f36cb43fe req-43122ef9-bfc0-44ff-9c23-274f36cb43fe ] Request (QuotaClassesAdmin257Test:test_update_default_quotas): 200 PUT http://10.180.1.21/compute/v2.1/os-quota-class-sets/default 1.332s
2025-03-11 12:31:02.272 70300 INFO tempest.lib.common.rest_client [req-09b48b15-48c7-457d-9384-27274644fca3 req-09b48b15-48c7-457d-9384-27274644fca3 ] Request (ServicesAdminNegativeV253TestJSON:test_list_services_with_non_admin_user): 403 GET http://10.180.1.21/compute/v2.1/os-services 1.226s
2025-03-11 12:31:02.298 70306 INFO tempest.lib.common.rest_client [req-b69f6da9-bb86-4889-85e9-6d380b968934 req-b69f6da9-bb86-4889-85e9-6d380b968934 ] Request (AZV2TestJSON:test_get_availability_zone_list_with_non_admin_user): 200 GET http://10.180.1.21/compute/v2.1/os-availability-zone 1.143s
2025-03-11 12:31:02.392 70318 INFO tempest.lib.common.rest_client [req-8d9e6ab8-4a6f-48e0-a5bd-0b6895bf26f5 req-8d9e6ab8-4a6f-48e0-a5bd-0b6895bf26f5 ] Request (SecurityGroupRulesNegativeTestJSON:test_create_security_group_rule_duplicate): 400 POST http://10.180.1.21/compute/v2.1/os-security-group-rules 0.814s
2025-03-11 12:31:02.410 70326 INFO tempest.lib.common.rest_client [req-e64574a8-5cb5-40ed-9233-b2b56b95be37 req-e64574a8-5cb5-40ed-9233-b2b56b95be37 ] Request (InstanceActionsNegativeTestJSON:setUpClass): 200 GET http://10.180.1.21/compute/v2.1/servers/9717f586-cedc-4f21-9ea6-7bf6e2991327 1.172s
2025-03-11 12:31:02.455 70300 INFO tempest.lib.common.rest_client [req-08a8d4e6-b84d-4794-b5ba-2fcf1b11f4fa req-08a8d4e6-b84d-4794-b5ba-2fcf1b11f4fa ] Request (ServicesAdminNegativeV253TestJSON:tearDownClass): 204 DELETE http://10.180.1.21/identity/v3/users/f8a943d2c34347ccbfc2f80bedfa995d 0.182s
2025-03-11 12:31:02.469 70306 INFO tempest.lib.common.rest_client [req-c44a9e40-e3bd-4aea-829e-f38dd0d61d30 req-c44a9e40-e3bd-4aea-829e-f38dd0d61d30 ] Request (AZV2TestJSON:tearDownClass): 204 DELETE http://10.180.1.21/identity/v3/users/ad0d1573eb1446dbb14c283ac6d0df72 0.166s
2025-03-11 12:31:02.469 70306 INFO tempest.lib.common.dynamic_creds [-] Deleting project and security group for project: f1d2bc724825436282fbf532cafca0ec
2025-03-11 12:31:02.501 70330 INFO tempest.lib.common.rest_client [req-96f38545-909d-48d8-9bba-9e9551e045d4 req-96f38545-909d-48d8-9bba-9e9551e045d4 ] Request (VolumesAssistedSnapshotsTest:test_volume_assisted_snapshot_create_delete): 200 GET http://10.180.1.21/compute/v2.1/servers/9e9973e1-feb8-4fd7-95ae-e6d824af5a64 0.845s
2025-03-11 12:31:02.516 70298 INFO tempest.lib.common.rest_client [req-631d2230-d174-4c42-94d6-b4cde244bcdf req-631d2230-d174-4c42-94d6-b4cde244bcdf ] Request (ServerGroupTestJSON:test_create_delete_server_group_with_affinity_policy): 200 POST http://10.180.1.21/compute/v2.1/os-server-groups 0.827s
