2025-03-11 12:32:27.155 70318 INFO tempest.common.waiters [-] State transition "BUILD/block_device_mapping" ==> "BUILD/spawning" after 57 second wait
2025-03-11 12:32:27.195 70282 INFO tempest.lib.common.rest_client [req-a8af6c66-8b1e-4737-ae8b-0daf3daae85b req-a8af6c66-8b1e-4737-ae8b-0daf3daae85b ] Request (ServersAdminTestJSON:test_inject_network_info): 200 GET http://10.180.1.21/compute/v2.1/servers/956306bc-4701-4c04-8221-8ec0b9df73ca 0.067s
2025-03-11 12:32:27.202 70312 INFO tempest.lib.common.rest_client [req-90cdaeba-9986-4d17-904d-a924a0900310 req-90cdaeba-9986-4d17-904d-a924a0900310 ] Request (MultipleCreateTestJSON:_run_cleanups): 200 GET http://10.180.1.21/compute/v2.1/servers/db9f7abd-ab45-49a3-9035-695b26756142 0.062s
2025-03-11 12:32:27.232 70290 INFO tempest.lib.common.rest_client [req-50799f31-9a20-45db-8972-9b7e1ccded0e req-50799f31-9a20-45db-8972-9b7e1ccded0e ] Request (ServerActionsV293TestJSON:setUpClass): 200 GET http://10.180.1.21/volume/v3/volumes/cd17a3cc-4285-4a72-b443-b0f9d28d0473 0.030s
2025-03-11 12:32:27.259 70304 INFO tempest.lib.common.rest_client [req-69dea853-00b0-40e4-a471-645f3a88d07a req-69dea853-00b0-40e4-a471-645f3a88d07a ] Request (AttachInterfacesTestJSON:test_create_list_show_delete_interfaces_by_fixed_ip): 200 GET http://10.180.1.21/compute/v2.1/servers/e46b8a11-650a-4e34-bc4a-e1c1b2515e76 0.083s
2025-03-11 12:32:27.278 70286 INFO tempest.lib.common.rest_client [req-39fde583-23a3-438f-ae60-d86c3353a878 req-39fde583-23a3-438f-ae60-d86c3353a878 ] Request (ServersTestJSON:setUpClass): 200 GET http://10.180.1.21/compute/v2.1/servers/c06a2540-e77d-48c0-967f-94e2a53c4d8f 0.061s
2025-03-11 12:32:27.308 70274 INFO tempest.lib.common.rest_client [req-659c35a5-d8e6-4cd4-b252-789f85042014 req-659c35a5-d8e6-4cd4-b252-789f85042014 ] Request (ImagesOneServerNegativeTestJSON:_run_cleanups): 200 GET http://10.180.1.21/compute/v2.1/servers/9269e42b-b05c-4c88-9008-aaeda4b0248f 0.067s
2025-03-11 12:32:27.325 70288 INFO tempest.lib.common.rest_client [req-9f5c4ba1-8d3b-41c4-b522-4d97ef13e9e7 req-9f5c4ba1-8d3b-41c4-b522-4d97ef13e9e7 ] Request (DeleteServersAdminTestJSON:test_delete_server_while_in_error_state): 200 GET http://10.180.1.21/compute/v2.1/servers/2ee43622-74f3-4bf6-88e3-cba4ff7ce33d 0.054s
2025-03-11 12:32:27.354 70294 INFO tempest.lib.common.rest_client [req-c74462e1-6161-43e0-8e8a-c49c80071c7e req-c74462e1-6161-43e0-8e8a-c49c80071c7e ] Request (MigrationsAdminTest:test_resize_server_revert_deleted_flavor): 200 GET http://10.180.1.21/compute/v2.1/servers/f0a4e0cd-d0cd-45d8-8eca-4bdf8973fae8 0.059s
2025-03-11 12:32:27.368 70292 INFO tempest.lib.common.rest_client [req-f939d530-4af6-498f-ac53-b1c435e3f496 req-f939d530-4af6-498f-ac53-b1c435e3f496 ] Request (ServerAddressesNegativeTestJSON:setUpClass): 200 GET http://10.180.1.21/compute/v2.1/servers/9a1343a8-11b4-4c9e-8445-931eab036a4d 0.045s
2025-03-11 12:32:27.673 70320 INFO tempest.lib.common.rest_client [req-949bef10-6b2f-4c46-b1dd-fb5e062910aa req-949bef10-6b2f-4c46-b1dd-fb5e062910aa ] Request (ServersListShow2100Test:test_list_show_rebuild_update_server_2100): 200 GET http://10.180.1.21/compute/v2.1/servers/f36c29d1-b945-4afe-abbd-431e59de7cec 0.064s
2025-03-11 12:32:27.706 70276 INFO tempest.lib.common.rest_client [req-f352a54b-ff76-411a-a4e9-87993e78733f req-f352a54b-ff76-411a-a4e9-87993e78733f ] Request (ServersTestBootFromVolume:setUpClass): 200 GET http://10.180.1.21/compute/v2.1/servers/f1f0d79f-dc67-4cf9-816c-c451f20d65ca 0.056s
2025-03-11 12:32:27.743 70280 INFO tempest.lib.common.rest_client [req-826cfafe-557f-422a-91d4-abb7917dae7d req-826cfafe-557f-422a-91d4-abb7917dae7d ] Request (AttachInterfacesV270Test:tearDownClass): 200 GET http://10.180.1.21/compute/v2.1/servers/e87e1839-9fef-462d-b1ab-842ef76828a4 0.056s
2025-03-11 12:32:27.752 70326 INFO tempest.lib.common.rest_client [req-f2ac9796-26a5-465b-a622-a04411a4040f req-f2ac9796-26a5-465b-a622-a04411a4040f ] Request (ServerMetadataNegativeTestJSON:setUpClass): 200 GET http://10.180.1.21/compute/v2.1/servers/3c814c83-20cc-4871-9f30-5c0c7d99b8a1 0.048s
2025-03-11 12:32:27.787 70272 INFO tempest.lib.common.rest_client [req-5f5913e2-a593-44cb-bd75-7eef3f70a50e req-5f5913e2-a593-44cb-bd75-7eef3f70a50e ] Request (ServerTagsTestJSON:setUpClass): 200 GET http://10.180.1.21/compute/v2.1/servers/03a10403-0253-4df0-84b2-1e56f0c057fe 0.056s
2025-03-11 12:32:27.821 70302 INFO tempest.lib.common.rest_client [req-a39177a7-ea71-4d6e-93e3-5b3fd15ef407 req-a39177a7-ea71-4d6e-93e3-5b3fd15ef407 ] Request (ServersTestMultiNic:_run_cleanups): 200 GET http://10.180.1.21/compute/v2.1/servers/c512ee01-7d45-49f0-b2ce-659392527264 0.050s
2025-03-11 12:32:27.854 70316 INFO tempest.lib.common.rest_client [req-e1b9d4d0-1850-4c0f-99eb-bb1bf4ee98ef req-e1b9d4d0-1850-4c0f-99eb-bb1bf4ee98ef ] Request (ImagesTestJSON:test_create_image_from_suspended_server): 200 GET http://10.180.1.21/compute/v2.1/servers/00ab07b7-e7ed-4a71-b684-d5af8b1b7616 0.047s
2025-03-11 12:32:27.907 70314 INFO tempest.lib.common.rest_client [req-b98d758d-4649-4485-abf7-57153863ac05 req-b98d758d-4649-4485-abf7-57153863ac05 ] Request (AttachVolumeNegativeTest:test_attach_attached_volume_to_different_server): 200 GET http://10.180.1.21/compute/v2.1/servers/ab320e59-febb-4f8f-9bc4-74227d29c752 0.055s
2025-03-11 12:32:27.988 70310 INFO tempest.lib.common.rest_client [req-ca3a6e35-d912-4562-8ce4-3675dc953cc8 req-ca3a6e35-d912-4562-8ce4-3675dc953cc8 ] Request (FloatingIPsAssociationNegativeTestJSON:tearDownClass): 200 GET http://10.180.1.21/compute/v2.1/servers/70e5674d-4627-4720-9b87-955c2749e010 0.054s
2025-03-11 12:32:28.051 70298 INFO tempest.lib.common.rest_client [req-75e07bcf-3aec-4e24-b59b-62cdff1eb59c req-75e07bcf-3aec-4e24-b59b-62cdff1eb59c ] Request (ServerGroupTestJSON:_run_cleanups): 200 GET http://10.180.1.21/compute/v2.1/servers/55dd32b0-e67f-4943-86e8-b9956267fedc 0.074s
2025-03-11 12:32:28.074 70322 INFO tempest.lib.common.rest_client [req-62b3cd6b-cd83-45db-9a50-aebad2c01656 req-62b3cd6b-cd83-45db-9a50-aebad2c01656 ] Request (FloatingIPsAssociationTestJSON:setUpClass): 200 GET http://10.180.1.21/compute/v2.1/servers/9b6aca3c-337b-4067-80e0-487d956fabc7 0.053s
2025-03-11 12:32:28.127 70332 INFO tempest.lib.common.rest_client [req-a7d14872-15fd-45ec-b8db-4c4813ee0347 req-a7d14872-15fd-45ec-b8db-4c4813ee0347 ] Request (ServerAddressesTestJSON:tearDownClass): 200 GET http://10.180.1.21/compute/v2.1/servers/e6cb7f94-9629-4eec-bd2c-5bc2b4583bf4 0.086s
2025-03-11 12:32:28.138 70270 INFO tempest.lib.common.rest_client [req-d83e4971-6dd2-431b-af37-349de2d3f87b req-d83e4971-6dd2-431b-af37-349de2d3f87b ] Request (VolumesAdminNegativeTest:test_update_attached_volume_with_nonexistent_volume_in_body): 200 GET http://10.180.1.21/compute/v2.1/servers/b00d09ea-5eee-47ed-adcb-288cdd362e89 0.057s
2025-03-11 12:32:28.145 70270 INFO tempest.common.waiters [-] State transition "BUILD/None" ==> "BUILD/networking" after 57 second wait
2025-03-11 12:32:28.184 70278 INFO tempest.lib.common.rest_client [req-d4c45748-844c-48f7-b15d-ec45b4e4e570 req-d4c45748-844c-48f7-b15d-ec45b4e4e570 ] Request (ServersAdminNegativeTestJSON:test_migrate_server_invalid_state): 200 GET http://10.180.1.21/compute/v2.1/servers/6fb97a65-bf0b-4e79-9611-f0f3179661b5 0.082s
2025-03-11 12:32:28.205 70284 INFO tempest.lib.common.rest_client [req-27deb997-f90c-45a8-b667-dbdb07b3683a req-27deb997-f90c-45a8-b667-dbdb07b3683a ] Request (ListServerFiltersTestJSON:setUpClass): 200 GET http://10.180.1.21/compute/v2.1/servers/180b4236-289c-4818-885d-c66e9e9a2ea8 0.057s
2025-03-11 12:32:28.254 70318 INFO tempest.lib.common.rest_client [req-b8c9fbc1-a042-40c1-aa32-c22a9574e55a req-b8c9fbc1-a042-40c1-aa32-c22a9574e55a ] Request (ServerShowV254Test:test_rebuild_server): 200 GET http://10.180.1.21/compute/v2.1/servers/1693ccdf-ea72-45d5-8b34-e2b0e155e528 0.097s
2025-03-11 12:32:28.263 70282 INFO tempest.lib.common.rest_client [req-52a014e6-6945-480c-8645-bb6aa2d4b270 req-52a014e6-6945-480c-8645-bb6aa2d4b270 ] Request (ServersAdminTestJSON:test_inject_network_info): 200 GET http://10.180.1.21/compute/v2.1/servers/956306bc-4701-4c04-8221-8ec0b9df73ca 0.060s
2025-03-11 12:32:28.277 70290 INFO tempest.lib.common.rest_client [req-f6f113f7-81db-4f74-8645-6bbc243f10d3 req-f6f113f7-81db-4f74-8645-6bbc243f10d3 ] Request (ServerActionsV293TestJSON:setUpClass): 200 GET http://10.180.1.21/volume/v3/volumes/cd17a3cc-4285-4a72-b443-b0f9d28d0473 0.037s
2025-03-11 12:32:28.286 70290 INFO tempest.common.waiters [-] volume cd17a3cc-4285-4a72-b443-b0f9d28d0473 reached available after waiting for 19.286177 seconds
2025-03-11 12:32:28.321 70312 INFO tempest.lib.common.rest_client [req-50ff54bf-a9f6-4ea0-8a2e-44114147d892 req-50ff54bf-a9f6-4ea0-8a2e-44114147d892 ] Request (MultipleCreateTestJSON:_run_cleanups): 200 GET http://10.180.1.21/compute/v2.1/servers/db9f7abd-ab45-49a3-9035-695b26756142 0.107s
2025-03-11 12:32:28.325 70304 INFO tempest.lib.common.rest_client [req-7879d772-032a-45bc-8b3d-701a60a96afb req-7879d772-032a-45bc-8b3d-701a60a96afb ] Request (AttachInterfacesTestJSON:test_create_list_show_delete_interfaces_by_fixed_ip): 200 GET http://10.180.1.21/compute/v2.1/servers/e46b8a11-650a-4e34-bc4a-e1c1b2515e76 0.058s
2025-03-11 12:32:28.387 70286 INFO tempest.lib.common.rest_client [req-374c9293-0997-47a1-9197-6fa0df41d7ac req-374c9293-0997-47a1-9197-6fa0df41d7ac ] Request (ServersTestJSON:setUpClass): 200 GET http://10.180.1.21/compute/v2.1/servers/c06a2540-e77d-48c0-967f-94e2a53c4d8f 0.101s
2025-03-11 12:32:28.444 70274 INFO tempest.lib.common.rest_client [req-d9f9347a-2d40-43df-9af2-de39e81d1613 req-d9f9347a-2d40-43df-9af2-de39e81d1613 ] Request (ImagesOneServerNegativeTestJSON:_run_cleanups): 200 GET http://10.180.1.21/compute/v2.1/servers/9269e42b-b05c-4c88-9008-aaeda4b0248f 0.126s
2025-03-11 12:32:28.504 70288 INFO tempest.lib.common.rest_client [req-3cb523a5-534e-4cb7-a4fd-e254cf8e2320 req-3cb523a5-534e-4cb7-a4fd-e254cf8e2320 ] Request (DeleteServersAdminTestJSON:test_delete_server_while_in_error_state): 200 GET http://10.180.1.21/compute/v2.1/servers/2ee43622-74f3-4bf6-88e3-cba4ff7ce33d 0.170s
2025-03-11 12:32:28.558 70294 INFO tempest.lib.common.rest_client [req-904e4d8d-9a5c-4efd-a2f7-ab90f880d254 req-904e4d8d-9a5c-4efd-a2f7-ab90f880d254 ] Request (MigrationsAdminTest:test_resize_server_revert_deleted_flavor): 200 GET http://10.180.1.21/compute/v2.1/servers/f0a4e0cd-d0cd-45d8-8eca-4bdf8973fae8 0.192s
2025-03-11 12:32:28.622 70292 INFO tempest.lib.common.rest_client [req-dcc489c9-fba7-4b5f-82d3-3659a3270594 req-dcc489c9-fba7-4b5f-82d3-3659a3270594 ] Request (ServerAddressesNegativeTestJSON:setUpClass): 200 GET http://10.180.1.21/compute/v2.1/servers/9a1343a8-11b4-4c9e-8445-931eab036a4d 0.246s
2025-03-11 12:32:28.759 70320 INFO tempest.lib.common.rest_client [req-9126954b-0c87-41d5-8684-d9b649791302 req-9126954b-0c87-41d5-8684-d9b649791302 ] Request (ServersListShow2100Test:test_list_show_rebuild_update_server_2100): 200 GET http://10.180.1.21/compute/v2.1/servers/f36c29d1-b945-4afe-abbd-431e59de7cec 0.073s
2025-03-11 12:32:28.807 70276 INFO tempest.lib.common.rest_client [req-4ae6ee46-e587-4c94-8a15-141e5bbb8415 req-4ae6ee46-e587-4c94-8a15-141e5bbb8415 ] Request (ServersTestBootFromVolume:setUpClass): 200 GET http://10.180.1.21/compute/v2.1/servers/f1f0d79f-dc67-4cf9-816c-c451f20d65ca 0.094s
2025-03-11 12:32:28.837 70290 INFO tempest.lib.common.rest_client [req-0cf38c8b-9cb2-4e1f-88a4-c3a416afe62a req-0cf38c8b-9cb2-4e1f-88a4-c3a416afe62a ] Request (ServerActionsV293TestJSON:setUpClass): 202 POST http://10.180.1.21/compute/v2.1/servers 0.551s
2025-03-11 12:32:28.864 70280 INFO tempest.lib.common.rest_client [req-fb9a6505-f30d-4099-8481-b9748393860a req-fb9a6505-f30d-4099-8481-b9748393860a ] Request (AttachInterfacesV270Test:tearDownClass): 200 GET http://10.180.1.21/compute/v2.1/servers/e87e1839-9fef-462d-b1ab-842ef76828a4 0.110s
2025-03-11 12:32:28.891 70326 INFO tempest.lib.common.rest_client [req-e4d0e18f-b8d2-4484-afde-075d67456862 req-e4d0e18f-b8d2-4484-afde-075d67456862 ] Request (ServerMetadataNegativeTestJSON:setUpClass): 200 GET http://10.180.1.21/compute/v2.1/servers/3c814c83-20cc-4871-9f30-5c0c7d99b8a1 0.131s
2025-03-11 12:32:28.915 70272 INFO tempest.lib.common.rest_client [req-92078a96-af8c-4610-a26f-96c9df77518c req-92078a96-af8c-4610-a26f-96c9df77518c ] Request (ServerTagsTestJSON:setUpClass): 200 GET http://10.180.1.21/compute/v2.1/servers/03a10403-0253-4df0-84b2-1e56f0c057fe 0.119s
2025-03-11 12:32:28.952 70302 INFO tempest.lib.common.rest_client [req-67359d82-7010-44ed-9196-0e4a271cc548 req-67359d82-7010-44ed-9196-0e4a271cc548 ] Request (ServersTestMultiNic:_run_cleanups): 200 GET http://10.180.1.21/compute/v2.1/servers/c512ee01-7d45-49f0-b2ce-659392527264 0.124s
2025-03-11 12:32:28.953 70290 INFO tempest.lib.common.rest_client [req-d967ec0f-344a-49e3-a3a5-2cb9cfb53812 req-d967ec0f-344a-49e3-a3a5-2cb9cfb53812 ] Request (ServerActionsV293TestJSON:setUpClass): 200 GET http://10.180.1.21/compute/v2.1/servers/4cc99b2f-2d75-4a98-ac02-6b609e0c31d6 0.114s
2025-03-11 12:32:28.999 70316 INFO tempest.lib.common.rest_client [req-8ad395d2-0ca1-43c3-a031-3bfd0094bfc3 req-8ad395d2-0ca1-43c3-a031-3bfd0094bfc3 ] Request (ImagesTestJSON:test_create_image_from_suspended_server): 200 GET http://10.180.1.21/compute/v2.1/servers/00ab07b7-e7ed-4a71-b684-d5af8b1b7616 0.137s
2025-03-11 12:32:29.010 70314 INFO tempest.lib.common.rest_client [req-3bfcd40b-44e1-4420-a31b-485d2370254b req-3bfcd40b-44e1-4420-a31b-485d2370254b ] Request (AttachVolumeNegativeTest:test_attach_attached_volume_to_different_server): 200 GET http://10.180.1.21/compute/v2.1/servers/ab320e59-febb-4f8f-9bc4-74227d29c752 0.091s
2025-03-11 12:32:29.058 70310 INFO tempest.lib.common.rest_client [req-90e431d4-5cb5-47ad-a384-9a8a63493611 req-90e431d4-5cb5-47ad-a384-9a8a63493611 ] Request (FloatingIPsAssociationNegativeTestJSON:tearDownClass): 200 GET http://10.180.1.21/compute/v2.1/servers/70e5674d-4627-4720-9b87-955c2749e010 0.062s
2025-03-11 12:32:29.121 70298 INFO tempest.lib.common.rest_client [req-d712c28d-162c-4f3b-9694-6100ed883979 req-d712c28d-162c-4f3b-9694-6100ed883979 ] Request (ServerGroupTestJSON:_run_cleanups): 200 GET http://10.180.1.21/compute/v2.1/servers/55dd32b0-e67f-4943-86e8-b9956267fedc 0.062s
2025-03-11 12:32:29.132 70322 INFO tempest.lib.common.rest_client [req-7724ae5b-b44d-4878-bf34-48ce2b5973c6 req-7724ae5b-b44d-4878-bf34-48ce2b5973c6 ] Request (FloatingIPsAssociationTestJSON:setUpClass): 200 GET http://10.180.1.21/compute/v2.1/servers/9b6aca3c-337b-4067-80e0-487d956fabc7 0.050s
2025-03-11 12:32:29.164 70296 WARNING tempest.lib.common.ssh [-] Failed to establish authenticated ssh connection to cirros@10.180.180.152 ([Errno None] Unable to connect to port 22 on 10.180.180.152). Number attempts: 8. Retry after 9 seconds.: paramiko.ssh_exception.NoValidConnectionsError: [Errno None] Unable to connect to port 22 on 10.180.180.152
2025-03-11 12:32:29.196 70332 INFO tempest.lib.common.rest_client [req-10e0f2ce-a0f7-43ee-a9aa-b55d1404600b req-10e0f2ce-a0f7-43ee-a9aa-b55d1404600b ] Request (ServerAddressesTestJSON:tearDownClass): 200 GET http://10.180.1.21/compute/v2.1/servers/e6cb7f94-9629-4eec-bd2c-5bc2b4583bf4 0.059s
2025-03-11 12:32:29.250 70278 INFO tempest.lib.common.rest_client [req-10cfdd9d-3e0e-4698-9d88-a8522145e71a req-10cfdd9d-3e0e-4698-9d88-a8522145e71a ] Request (ServersAdminNegativeTestJSON:test_migrate_server_invalid_state): 200 GET http://10.180.1.21/compute/v2.1/servers/6fb97a65-bf0b-4e79-9611-f0f3179661b5 0.057s
2025-03-11 12:32:29.258 70270 INFO tempest.lib.common.rest_client [req-0ff3bf70-8686-4544-be69-79d552fe8207 req-0ff3bf70-8686-4544-be69-79d552fe8207 ] Request (VolumesAdminNegativeTest:test_update_attached_volume_with_nonexistent_volume_in_body): 200 GET http://10.180.1.21/compute/v2.1/servers/b00d09ea-5eee-47ed-adcb-288cdd362e89 0.112s
2025-03-11 12:32:29.265 70270 INFO tempest.common.waiters [-] State transition "BUILD/networking" ==> "BUILD/spawning" after 58 second wait
2025-03-11 12:32:29.313 70284 INFO tempest.lib.common.rest_client [req-677cbb0f-d081-4113-889a-7e3c23f0e03f req-677cbb0f-d081-4113-889a-7e3c23f0e03f ] Request (ListServerFiltersTestJSON:setUpClass): 200 GET http://10.180.1.21/compute/v2.1/servers/180b4236-289c-4818-885d-c66e9e9a2ea8 0.099s
2025-03-11 12:32:29.325 70318 INFO tempest.lib.common.rest_client [req-f7d64d45-f5ef-4ad5-8de7-b9ca4827f340 req-f7d64d45-f5ef-4ad5-8de7-b9ca4827f340 ] Request (ServerShowV254Test:test_rebuild_server): 200 GET http://10.180.1.21/compute/v2.1/servers/1693ccdf-ea72-45d5-8b34-e2b0e155e528 0.060s
2025-03-11 12:32:29.369 70282 INFO tempest.lib.common.rest_client [req-efe5aad5-1a51-4ea9-bfad-858bb41956ec req-efe5aad5-1a51-4ea9-bfad-858bb41956ec ] Request (ServersAdminTestJSON:test_inject_network_info): 200 GET http://10.180.1.21/compute/v2.1/servers/956306bc-4701-4c04-8221-8ec0b9df73ca 0.097s
2025-03-11 12:32:29.399 70312 INFO tempest.lib.common.rest_client [req-7add88d8-9492-4273-bde5-a013247f51fc req-7add88d8-9492-4273-bde5-a013247f51fc ] Request (MultipleCreateTestJSON:_run_cleanups): 200 GET http://10.180.1.21/compute/v2.1/servers/db9f7abd-ab45-49a3-9035-695b26756142 0.067s
2025-03-11 12:32:29.423 70304 INFO tempest.lib.common.rest_client [req-1c6248b6-70b9-4bf2-914d-b1d1fbfa5de5 req-1c6248b6-70b9-4bf2-914d-b1d1fbfa5de5 ] Request (AttachInterfacesTestJSON:test_create_list_show_delete_interfaces_by_fixed_ip): 200 GET http://10.180.1.21/compute/v2.1/servers/e46b8a11-650a-4e34-bc4a-e1c1b2515e76 0.085s
2025-03-11 12:32:29.459 70286 INFO tempest.lib.common.rest_client [req-bb8fdef9-eecc-4eb7-af54-8bba95c1b45d req-bb8fdef9-eecc-4eb7-af54-8bba95c1b45d ] Request (ServersTestJSON:setUpClass): 200 GET http://10.180.1.21/compute/v2.1/servers/c06a2540-e77d-48c0-967f-94e2a53c4d8f 0.062s
2025-03-11 12:32:29.505 70274 INFO tempest.lib.common.rest_client [req-4d1bacbe-0bcd-4379-be03-8c1f5a8e9544 req-4d1bacbe-0bcd-4379-be03-8c1f5a8e9544 ] Request (ImagesOneServerNegativeTestJSON:_run_cleanups): 200 GET http://10.180.1.21/compute/v2.1/servers/9269e42b-b05c-4c88-9008-aaeda4b0248f 0.051s
2025-03-11 12:32:29.568 70288 INFO tempest.lib.common.rest_client [req-718dd9d9-e9de-4eab-a2d3-17e036c5e73b req-718dd9d9-e9de-4eab-a2d3-17e036c5e73b ] Request (DeleteServersAdminTestJSON:test_delete_server_while_in_error_state): 200 GET http://10.180.1.21/compute/v2.1/servers/2ee43622-74f3-4bf6-88e3-cba4ff7ce33d 0.053s
2025-03-11 12:32:29.618 70294 INFO tempest.lib.common.rest_client [req-20aea64e-0cdd-4313-8649-05fa1b5644d4 req-20aea64e-0cdd-4313-8649-05fa1b5644d4 ] Request (MigrationsAdminTest:test_resize_server_revert_deleted_flavor): 200 GET http://10.180.1.21/compute/v2.1/servers/f0a4e0cd-d0cd-45d8-8eca-4bdf8973fae8 0.050s
2025-03-11 12:32:29.676 70292 INFO tempest.lib.common.rest_client [req-1d0730c2-8423-41bc-9b3b-1f684440aed3 req-1d0730c2-8423-41bc-9b3b-1f684440aed3 ] Request (ServerAddressesNegativeTestJSON:setUpClass): 200 GET http://10.180.1.21/compute/v2.1/servers/9a1343a8-11b4-4c9e-8445-931eab036a4d 0.046s
2025-03-11 12:32:29.834 70320 INFO tempest.lib.common.rest_client [req-5847b3d1-cb38-4873-9136-8ba929d5827b req-5847b3d1-cb38-4873-9136-8ba929d5827b ] Request (ServersListShow2100Test:test_list_show_rebuild_update_server_2100): 200 GET http://10.180.1.21/compute/v2.1/servers/f36c29d1-b945-4afe-abbd-431e59de7cec 0.062s
2025-03-11 12:32:29.866 70276 INFO tempest.lib.common.rest_client [req-d679067e-e3d1-4c6e-aafd-d3a0fb302fbb req-d679067e-e3d1-4c6e-aafd-d3a0fb302fbb ] Request (ServersTestBootFromVolume:setUpClass): 200 GET http://10.180.1.21/compute/v2.1/servers/f1f0d79f-dc67-4cf9-816c-c451f20d65ca 0.052s
2025-03-11 12:32:29.934 70280 INFO tempest.lib.common.rest_client [req-0cff18f8-1819-47c5-b3f8-b3ac849b4fb1 req-0cff18f8-1819-47c5-b3f8-b3ac849b4fb1 ] Request (AttachInterfacesV270Test:tearDownClass): 200 GET http://10.180.1.21/compute/v2.1/servers/e87e1839-9fef-462d-b1ab-842ef76828a4 0.060s
2025-03-11 12:32:29.954 70326 INFO tempest.lib.common.rest_client [req-2576594f-6d05-471d-a093-45a8829fe7dd req-2576594f-6d05-471d-a093-45a8829fe7dd ] Request (ServerMetadataNegativeTestJSON:setUpClass): 200 GET http://10.180.1.21/compute/v2.1/servers/3c814c83-20cc-4871-9f30-5c0c7d99b8a1 0.054s
2025-03-11 12:32:29.993 70272 INFO tempest.lib.common.rest_client [req-adb0b597-2885-44af-bb24-7fca35acce45 req-adb0b597-2885-44af-bb24-7fca35acce45 ] Request (ServerTagsTestJSON:setUpClass): 200 GET http://10.180.1.21/compute/v2.1/servers/03a10403-0253-4df0-84b2-1e56f0c057fe 0.066s
2025-03-11 12:32:30.025 70302 INFO tempest.lib.common.rest_client [req-add9bbb9-6d82-4725-9352-cbf2abecb441 req-add9bbb9-6d82-4725-9352-cbf2abecb441 ] Request (ServersTestMultiNic:_run_cleanups): 200 GET http://10.180.1.21/compute/v2.1/servers/c512ee01-7d45-49f0-b2ce-659392527264 0.065s
2025-03-11 12:32:30.054 70290 INFO tempest.lib.common.rest_client [req-f7d549f6-dc31-4f7c-8e98-f845bd2ae2a4 req-f7d549f6-dc31-4f7c-8e98-f845bd2ae2a4 ] Request (ServerActionsV293TestJSON:setUpClass): 200 GET http://10.180.1.21/compute/v2.1/servers/4cc99b2f-2d75-4a98-ac02-6b609e0c31d6 0.089s
2025-03-11 12:32:30.077 70314 INFO tempest.lib.common.rest_client [req-594a91a4-665e-4aca-be62-d2102e16fa80 req-594a91a4-665e-4aca-be62-d2102e16fa80 ] Request (AttachVolumeNegativeTest:test_attach_attached_volume_to_different_server): 200 GET http://10.180.1.21/compute/v2.1/servers/ab320e59-febb-4f8f-9bc4-74227d29c752 0.058s
2025-03-11 12:32:30.106 70316 INFO tempest.lib.common.rest_client [req-fc16c665-bfb0-4077-b0ef-2872469a04ca req-fc16c665-bfb0-4077-b0ef-2872469a04ca ] Request (ImagesTestJSON:test_create_image_from_suspended_server): 200 GET http://10.180.1.21/compute/v2.1/servers/00ab07b7-e7ed-4a71-b684-d5af8b1b7616 0.086s
2025-03-11 12:32:30.135 70310 INFO tempest.lib.common.rest_client [req-61fc69ad-26e4-40c8-be58-0f45e3e7f935 req-61fc69ad-26e4-40c8-be58-0f45e3e7f935 ] Request (FloatingIPsAssociationNegativeTestJSON:tearDownClass): 200 GET http://10.180.1.21/compute/v2.1/servers/70e5674d-4627-4720-9b87-955c2749e010 0.069s
2025-03-11 12:32:30.189 70322 INFO tempest.lib.common.rest_client [req-95465b34-ef0e-451f-8a8a-3e86ec34a15a req-95465b34-ef0e-451f-8a8a-3e86ec34a15a ] Request (FloatingIPsAssociationTestJSON:setUpClass): 200 GET http://10.180.1.21/compute/v2.1/servers/9b6aca3c-337b-4067-80e0-487d956fabc7 0.049s
2025-03-11 12:32:30.268 70332 INFO tempest.lib.common.rest_client [req-ab0ac421-0c99-4671-a3a6-4d5e2758d0bb req-ab0ac421-0c99-4671-a3a6-4d5e2758d0bb ] Request (ServerAddressesTestJSON:tearDownClass): 200 GET http://10.180.1.21/compute/v2.1/servers/e6cb7f94-9629-4eec-bd2c-5bc2b4583bf4 0.064s
2025-03-11 12:32:30.318 70278 INFO tempest.lib.common.rest_client [req-18737b92-a467-493d-bddb-24e072ef3b4d req-18737b92-a467-493d-bddb-24e072ef3b4d ] Request (ServersAdminNegativeTestJSON:test_migrate_server_invalid_state): 200 GET http://10.180.1.21/compute/v2.1/servers/6fb97a65-bf0b-4e79-9611-f0f3179661b5 0.058s
2025-03-11 12:32:30.396 70298 INFO tempest.lib.common.rest_client [req-c38d6c35-8ad2-433d-a1ad-a70652a8f94d req-c38d6c35-8ad2-433d-a1ad-a70652a8f94d ] Request (ServerGroupTestJSON:_run_cleanups): 200 GET http://10.180.1.21/compute/v2.1/servers/55dd32b0-e67f-4943-86e8-b9956267fedc 0.268s
2025-03-11 12:32:30.439 70284 INFO tempest.lib.common.rest_client [req-62f28b5f-e887-4e97-a3cf-a9bd6a1ab4a0 req-62f28b5f-e887-4e97-a3cf-a9bd6a1ab4a0 ] Request (ListServerFiltersTestJSON:setUpClass): 200 GET http://10.180.1.21/compute/v2.1/servers/180b4236-289c-4818-885d-c66e9e9a2ea8 0.116s
2025-03-11 12:32:30.452 70270 INFO tempest.lib.common.rest_client [req-219b4a6c-c4b8-42d4-8409-e2e0640b36b8 req-219b4a6c-c4b8-42d4-8409-e2e0640b36b8 ] Request (VolumesAdminNegativeTest:test_update_attached_volume_with_nonexistent_volume_in_body): 200 GET http://10.180.1.21/compute/v2.1/servers/b00d09ea-5eee-47ed-adcb-288cdd362e89 0.186s
2025-03-11 12:32:30.490 70318 INFO tempest.lib.common.rest_client [req-4db9e3a5-240d-412f-a320-d652e88f6947 req-4db9e3a5-240d-412f-a320-d652e88f6947 ] Request (ServerShowV254Test:test_rebuild_server): 200 GET http://10.180.1.21/compute/v2.1/servers/1693ccdf-ea72-45d5-8b34-e2b0e155e528 0.155s
2025-03-11 12:32:30.508 70282 INFO tempest.lib.common.rest_client [req-398d9710-27ff-4309-926f-0feb3060ad69 req-398d9710-27ff-4309-926f-0feb3060ad69 ] Request (ServersAdminTestJSON:test_inject_network_info): 200 GET http://10.180.1.21/compute/v2.1/servers/956306bc-4701-4c04-8221-8ec0b9df73ca 0.131s
2025-03-11 12:32:30.554 70312 INFO tempest.lib.common.rest_client [req-1a0f31eb-afda-4350-886d-788eee2288c9 req-1a0f31eb-afda-4350-886d-788eee2288c9 ] Request (MultipleCreateTestJSON:_run_cleanups): 200 GET http://10.180.1.21/compute/v2.1/servers/db9f7abd-ab45-49a3-9035-695b26756142 0.147s
2025-03-11 12:32:30.560 70304 INFO tempest.lib.common.rest_client [req-21d0ec91-d537-4408-8d83-ff8dfea8ee6a req-21d0ec91-d537-4408-8d83-ff8dfea8ee6a ] Request (AttachInterfacesTestJSON:test_create_list_show_delete_interfaces_by_fixed_ip): 200 GET http://10.180.1.21/compute/v2.1/servers/e46b8a11-650a-4e34-bc4a-e1c1b2515e76 0.128s
2025-03-11 12:32:30.613 70274 INFO tempest.lib.common.rest_client [req-03e9eee3-8b9a-4577-96a2-129b0020fc0d req-03e9eee3-8b9a-4577-96a2-129b0020fc0d ] Request (ImagesOneServerNegativeTestJSON:_run_cleanups): 200 GET http://10.180.1.21/compute/v2.1/servers/9269e42b-b05c-4c88-9008-aaeda4b0248f 0.098s
2025-03-11 12:32:30.621 70286 INFO tempest.lib.common.rest_client [req-c26a8191-668c-479a-8f1b-4e889ec9f9fe req-c26a8191-668c-479a-8f1b-4e889ec9f9fe ] Request (ServersTestJSON:setUpClass): 200 GET http://10.180.1.21/compute/v2.1/servers/c06a2540-e77d-48c0-967f-94e2a53c4d8f 0.153s
2025-03-11 12:32:30.660 70288 INFO tempest.lib.common.rest_client [req-ccf7a01e-13ca-4211-bd81-24f6dd50b0fc req-ccf7a01e-13ca-4211-bd81-24f6dd50b0fc ] Request (DeleteServersAdminTestJSON:test_delete_server_while_in_error_state): 200 GET http://10.180.1.21/compute/v2.1/servers/2ee43622-74f3-4bf6-88e3-cba4ff7ce33d 0.084s
2025-03-11 12:32:30.667 70288 INFO tempest.common.waiters [-] State transition "BUILD/None" ==> "BUILD/networking" after 58 second wait
2025-03-11 12:32:30.692 70294 INFO tempest.lib.common.rest_client [req-9e1f0850-1b92-4d2c-a7f5-6d7a4312e4dc req-9e1f0850-1b92-4d2c-a7f5-6d7a4312e4dc ] Request (MigrationsAdminTest:test_resize_server_revert_deleted_flavor): 200 GET http://10.180.1.21/compute/v2.1/servers/f0a4e0cd-d0cd-45d8-8eca-4bdf8973fae8 0.064s
2025-03-11 12:32:30.732 70292 INFO tempest.lib.common.rest_client [req-274e6761-a0cf-4c86-86b0-3a5a82144966 req-274e6761-a0cf-4c86-86b0-3a5a82144966 ] Request (ServerAddressesNegativeTestJSON:setUpClass): 200 GET http://10.180.1.21/compute/v2.1/servers/9a1343a8-11b4-4c9e-8445-931eab036a4d 0.048s
2025-03-11 12:32:30.928 70320 INFO tempest.lib.common.rest_client [req-864f089a-eefb-4aad-9361-a8429a901d41 req-864f089a-eefb-4aad-9361-a8429a901d41 ] Request (ServersListShow2100Test:test_list_show_rebuild_update_server_2100): 200 GET http://10.180.1.21/compute/v2.1/servers/f36c29d1-b945-4afe-abbd-431e59de7cec 0.081s
2025-03-11 12:32:30.940 70276 INFO tempest.lib.common.rest_client [req-539c94e9-2c9f-4a74-9676-f7e248099ed7 req-539c94e9-2c9f-4a74-9676-f7e248099ed7 ] Request (ServersTestBootFromVolume:setUpClass): 200 GET http://10.180.1.21/compute/v2.1/servers/f1f0d79f-dc67-4cf9-816c-c451f20d65ca 0.065s
2025-03-11 12:32:30.940 70320 INFO tempest.common.waiters [-] State transition "REBUILD/rebuild_spawning" ==> "ACTIVE/None" after 8 second wait
2025-03-11 12:32:31.024 70320 INFO tempest.lib.common.rest_client [req-fb97785c-a88f-46c8-bc64-063dfb1cb3ce req-fb97785c-a88f-46c8-bc64-063dfb1cb3ce ] Request (ServersListShow2100Test:tearDownClass): 204 DELETE http://10.180.1.21/compute/v2.1/servers/f36c29d1-b945-4afe-abbd-431e59de7cec 0.079s
2025-03-11 12:32:31.033 70280 INFO tempest.lib.common.rest_client [req-44ee00fc-4092-432f-9459-24b51da08e41 req-44ee00fc-4092-432f-9459-24b51da08e41 ] Request (AttachInterfacesV270Test:tearDownClass): 200 GET http://10.180.1.21/compute/v2.1/servers/e87e1839-9fef-462d-b1ab-842ef76828a4 0.088s
2025-03-11 12:32:31.107 70326 INFO tempest.lib.common.rest_client [req-bbd5d876-f8ec-404f-a204-6b7e489a18b8 req-bbd5d876-f8ec-404f-a204-6b7e489a18b8 ] Request (ServerMetadataNegativeTestJSON:setUpClass): 200 GET http://10.180.1.21/compute/v2.1/servers/3c814c83-20cc-4871-9f30-5c0c7d99b8a1 0.145s
2025-03-11 12:32:31.111 70272 INFO tempest.lib.common.rest_client [req-f28e32c7-d8b5-4ce2-bd11-8160f9f215c5 req-f28e32c7-d8b5-4ce2-bd11-8160f9f215c5 ] Request (ServerTagsTestJSON:setUpClass): 200 GET http://10.180.1.21/compute/v2.1/servers/03a10403-0253-4df0-84b2-1e56f0c057fe 0.105s
2025-03-11 12:32:31.178 70302 INFO tempest.lib.common.rest_client [req-baa80fff-4839-4e9a-8ccc-087f1b70149d req-baa80fff-4839-4e9a-8ccc-087f1b70149d ] Request (ServersTestMultiNic:_run_cleanups): 200 GET http://10.180.1.21/compute/v2.1/servers/c512ee01-7d45-49f0-b2ce-659392527264 0.139s
2025-03-11 12:32:31.180 70320 INFO tempest.lib.common.rest_client [req-6284d65e-70ec-46d1-96c7-674bbd6ffa04 req-6284d65e-70ec-46d1-96c7-674bbd6ffa04 ] Request (ServersListShow2100Test:tearDownClass): 200 GET http://10.180.1.21/compute/v2.1/servers/f36c29d1-b945-4afe-abbd-431e59de7cec 0.155s
2025-03-11 12:32:31.238 70314 INFO tempest.lib.common.rest_client [req-9fa4c512-a689-4799-b018-988e9aa0df2d req-9fa4c512-a689-4799-b018-988e9aa0df2d ] Request (AttachVolumeNegativeTest:test_attach_attached_volume_to_different_server): 200 GET http://10.180.1.21/compute/v2.1/servers/ab320e59-febb-4f8f-9bc4-74227d29c752 0.150s
2025-03-11 12:32:31.247 70290 INFO tempest.lib.common.rest_client [req-5c5c1bf8-ddda-4dea-b4ab-7bb24e13cf0f req-5c5c1bf8-ddda-4dea-b4ab-7bb24e13cf0f ] Request (ServerActionsV293TestJSON:setUpClass): 200 GET http://10.180.1.21/compute/v2.1/servers/4cc99b2f-2d75-4a98-ac02-6b609e0c31d6 0.180s
2025-03-11 12:32:31.302 70316 INFO tempest.lib.common.rest_client [req-fe628e92-baf8-49f9-86ef-e0dc734a9c92 req-fe628e92-baf8-49f9-86ef-e0dc734a9c92 ] Request (ImagesTestJSON:test_create_image_from_suspended_server): 200 GET http://10.180.1.21/compute/v2.1/servers/00ab07b7-e7ed-4a71-b684-d5af8b1b7616 0.189s
2025-03-11 12:32:31.352 70322 INFO tempest.lib.common.rest_client [req-2c046e9b-ce81-44bd-933a-6e68bb607b7d req-2c046e9b-ce81-44bd-933a-6e68bb607b7d ] Request (FloatingIPsAssociationTestJSON:setUpClass): 200 GET http://10.180.1.21/compute/v2.1/servers/9b6aca3c-337b-4067-80e0-487d956fabc7 0.154s
2025-03-11 12:32:31.413 70332 INFO tempest.lib.common.rest_client [req-1d8f8c30-0def-433c-ba33-4f9e92df24e0 req-1d8f8c30-0def-433c-ba33-4f9e92df24e0 ] Request (ServerAddressesTestJSON:tearDownClass): 200 GET http://10.180.1.21/compute/v2.1/servers/e6cb7f94-9629-4eec-bd2c-5bc2b4583bf4 0.138s
2025-03-11 12:32:31.457 70278 INFO tempest.lib.common.rest_client [req-022cbf3a-ef58-4e90-abc2-1fef7881c876 req-022cbf3a-ef58-4e90-abc2-1fef7881c876 ] Request (ServersAdminNegativeTestJSON:test_migrate_server_invalid_state): 200 GET http://10.180.1.21/compute/v2.1/servers/6fb97a65-bf0b-4e79-9611-f0f3179661b5 0.128s
2025-03-11 12:32:31.510 70298 INFO tempest.lib.common.rest_client [req-a53028b4-2244-4434-b9db-28ae63075053 req-a53028b4-2244-4434-b9db-28ae63075053 ] Request (ServerGroupTestJSON:_run_cleanups): 200 GET http://10.180.1.21/compute/v2.1/servers/55dd32b0-e67f-4943-86e8-b9956267fedc 0.107s
2025-03-11 12:32:31.512 70310 INFO tempest.lib.common.rest_client [req-95574140-88c9-4565-8a4a-13e4fab22cac req-95574140-88c9-4565-8a4a-13e4fab22cac ] Request (FloatingIPsAssociationNegativeTestJSON:tearDownClass): 200 GET http://10.180.1.21/compute/v2.1/servers/70e5674d-4627-4720-9b87-955c2749e010 0.368s
2025-03-11 12:32:31.556 70284 INFO tempest.lib.common.rest_client [req-3abdb1e6-e2bf-4523-a316-68bba48ef8a6 req-3abdb1e6-e2bf-4523-a316-68bba48ef8a6 ] Request (ListServerFiltersTestJSON:setUpClass): 200 GET http://10.180.1.21/compute/v2.1/servers/180b4236-289c-4818-885d-c66e9e9a2ea8 0.109s
2025-03-11 12:32:31.609 70270 INFO tempest.lib.common.rest_client [req-7aaeb1a4-5a27-4b74-940b-b98e2265b43e req-7aaeb1a4-5a27-4b74-940b-b98e2265b43e ] Request (VolumesAdminNegativeTest:test_update_attached_volume_with_nonexistent_volume_in_body): 200 GET http://10.180.1.21/compute/v2.1/servers/b00d09ea-5eee-47ed-adcb-288cdd362e89 0.150s
2025-03-11 12:32:31.617 70318 INFO tempest.lib.common.rest_client [req-ea3ec687-4c12-454d-a978-d9aa2590d6b2 req-ea3ec687-4c12-454d-a978-d9aa2590d6b2 ] Request (ServerShowV254Test:test_rebuild_server): 200 GET http://10.180.1.21/compute/v2.1/servers/1693ccdf-ea72-45d5-8b34-e2b0e155e528 0.116s
2025-03-11 12:32:31.658 70282 INFO tempest.lib.common.rest_client [req-169484ed-682c-45e5-903b-c772dce22bed req-169484ed-682c-45e5-903b-c772dce22bed ] Request (ServersAdminTestJSON:test_inject_network_info): 200 GET http://10.180.1.21/compute/v2.1/servers/956306bc-4701-4c04-8221-8ec0b9df73ca 0.142s
2025-03-11 12:32:31.674 70312 INFO tempest.lib.common.rest_client [req-5aef0b4b-a2aa-4914-8d4c-0e9a87cccb30 req-5aef0b4b-a2aa-4914-8d4c-0e9a87cccb30 ] Request (MultipleCreateTestJSON:_run_cleanups): 200 GET http://10.180.1.21/compute/v2.1/servers/db9f7abd-ab45-49a3-9035-695b26756142 0.113s
2025-03-11 12:32:31.704 70304 INFO tempest.lib.common.rest_client [req-763b72fb-59d9-4b07-9e2a-ddb94ffe969b req-763b72fb-59d9-4b07-9e2a-ddb94ffe969b ] Request (AttachInterfacesTestJSON:test_create_list_show_delete_interfaces_by_fixed_ip): 200 GET http://10.180.1.21/compute/v2.1/servers/e46b8a11-650a-4e34-bc4a-e1c1b2515e76 0.136s
2025-03-11 12:32:31.718 70274 INFO tempest.lib.common.rest_client [req-8a53e5b6-e28b-437d-a865-83b30f1ee018 req-8a53e5b6-e28b-437d-a865-83b30f1ee018 ] Request (ImagesOneServerNegativeTestJSON:_run_cleanups): 200 GET http://10.180.1.21/compute/v2.1/servers/9269e42b-b05c-4c88-9008-aaeda4b0248f 0.096s
2025-03-11 12:32:31.750 70286 INFO tempest.lib.common.rest_client [req-6337a5da-27ea-4ae4-aac0-b0e323b5af96 req-6337a5da-27ea-4ae4-aac0-b0e323b5af96 ] Request (ServersTestJSON:setUpClass): 200 GET http://10.180.1.21/compute/v2.1/servers/c06a2540-e77d-48c0-967f-94e2a53c4d8f 0.121s
2025-03-11 12:32:31.808 70294 INFO tempest.lib.common.rest_client [req-5249dbc6-36f3-42e7-a757-c1ebfe9a1bdc req-5249dbc6-36f3-42e7-a757-c1ebfe9a1bdc ] Request (MigrationsAdminTest:test_resize_server_revert_deleted_flavor): 200 GET http://10.180.1.21/compute/v2.1/servers/f0a4e0cd-d0cd-45d8-8eca-4bdf8973fae8 0.106s
2025-03-11 12:32:31.810 70288 INFO tempest.lib.common.rest_client [req-e6a398fe-0c18-4874-bb93-2800d945953c req-e6a398fe-0c18-4874-bb93-2800d945953c ] Request (DeleteServersAdminTestJSON:test_delete_server_while_in_error_state): 200 GET http://10.180.1.21/compute/v2.1/servers/2ee43622-74f3-4bf6-88e3-cba4ff7ce33d 0.142s
2025-03-11 12:32:31.818 70288 INFO tempest.common.waiters [-] State transition "BUILD/networking" ==> "BUILD/spawning" after 59 second wait
2025-03-11 12:32:31.852 70330 WARNING tempest.lib.common.ssh [-] Failed to establish authenticated ssh connection to cirros@10.180.180.241 ([Errno None] Unable to connect to port 22 on 10.180.180.241). Number attempts: 8. Retry after 9 seconds.: paramiko.ssh_exception.NoValidConnectionsError: [Errno None] Unable to connect to port 22 on 10.180.180.241
2025-03-11 12:32:31.858 70292 INFO tempest.lib.common.rest_client [req-22ed0485-18bb-4088-8760-82dd3ee51b3a req-22ed0485-18bb-4088-8760-82dd3ee51b3a ] Request (ServerAddressesNegativeTestJSON:setUpClass): 200 GET http://10.180.1.21/compute/v2.1/servers/9a1343a8-11b4-4c9e-8445-931eab036a4d 0.118s
2025-03-11 12:32:32.002 70276 INFO tempest.lib.common.rest_client [req-d7425bb5-4ba6-4012-b474-79a1047a1bd9 req-d7425bb5-4ba6-4012-b474-79a1047a1bd9 ] Request (ServersTestBootFromVolume:setUpClass): 200 GET http://10.180.1.21/compute/v2.1/servers/f1f0d79f-dc67-4cf9-816c-c451f20d65ca 0.054s
2025-03-11 12:32:32.111 70280 INFO tempest.lib.common.rest_client [req-618a7bfa-6163-4e75-8e9d-8bcd156f48e1 req-618a7bfa-6163-4e75-8e9d-8bcd156f48e1 ] Request (AttachInterfacesV270Test:tearDownClass): 200 GET http://10.180.1.21/compute/v2.1/servers/e87e1839-9fef-462d-b1ab-842ef76828a4 0.065s
2025-03-11 12:32:32.168 70326 INFO tempest.lib.common.rest_client [req-e37672db-49ea-49eb-8cd1-0d6536b9432b req-e37672db-49ea-49eb-8cd1-0d6536b9432b ] Request (ServerMetadataNegativeTestJSON:setUpClass): 200 GET http://10.180.1.21/compute/v2.1/servers/3c814c83-20cc-4871-9f30-5c0c7d99b8a1 0.052s
2025-03-11 12:32:32.173 70272 INFO tempest.lib.common.rest_client [req-ac6488c1-b6a2-459d-8894-059388fd727c req-ac6488c1-b6a2-459d-8894-059388fd727c ] Request (ServerTagsTestJSON:setUpClass): 200 GET http://10.180.1.21/compute/v2.1/servers/03a10403-0253-4df0-84b2-1e56f0c057fe 0.052s
2025-03-11 12:32:32.255 70302 INFO tempest.lib.common.rest_client [req-431ec67e-db31-4801-9d02-0b59bced0bb8 req-431ec67e-db31-4801-9d02-0b59bced0bb8 ] Request (ServersTestMultiNic:_run_cleanups): 200 GET http://10.180.1.21/compute/v2.1/servers/c512ee01-7d45-49f0-b2ce-659392527264 0.064s
2025-03-11 12:32:32.287 70320 INFO tempest.lib.common.rest_client [req-b176ba36-dcc5-4f2c-be5f-64db9abcb493 req-b176ba36-dcc5-4f2c-be5f-64db9abcb493 ] Request (ServersListShow2100Test:tearDownClass): 200 GET http://10.180.1.21/compute/v2.1/servers/f36c29d1-b945-4afe-abbd-431e59de7cec 0.086s
2025-03-11 12:32:32.302 70314 INFO tempest.lib.common.rest_client [req-4dc616b4-fce6-4eef-8bd3-be19578c4930 req-4dc616b4-fce6-4eef-8bd3-be19578c4930 ] Request (AttachVolumeNegativeTest:test_attach_attached_volume_to_different_server): 200 GET http://10.180.1.21/compute/v2.1/servers/ab320e59-febb-4f8f-9bc4-74227d29c752 0.056s
2025-03-11 12:32:32.354 70290 INFO tempest.lib.common.rest_client [req-0f9baca3-2305-45fc-90b2-c0d25b91963a req-0f9baca3-2305-45fc-90b2-c0d25b91963a ] Request (ServerActionsV293TestJSON:setUpClass): 200 GET http://10.180.1.21/compute/v2.1/servers/4cc99b2f-2d75-4a98-ac02-6b609e0c31d6 0.097s
2025-03-11 12:32:32.369 70316 INFO tempest.lib.common.rest_client [req-2a351979-0f74-440d-a4de-5b348b24892f req-2a351979-0f74-440d-a4de-5b348b24892f ] Request (ImagesTestJSON:test_create_image_from_suspended_server): 200 GET http://10.180.1.21/compute/v2.1/servers/00ab07b7-e7ed-4a71-b684-d5af8b1b7616 0.057s
2025-03-11 12:32:32.417 70322 INFO tempest.lib.common.rest_client [req-dfdc478c-2263-4f8f-9631-4cbfc8c9a5ed req-dfdc478c-2263-4f8f-9631-4cbfc8c9a5ed ] Request (FloatingIPsAssociationTestJSON:setUpClass): 200 GET http://10.180.1.21/compute/v2.1/servers/9b6aca3c-337b-4067-80e0-487d956fabc7 0.055s
2025-03-11 12:32:32.479 70332 INFO tempest.lib.common.rest_client [req-1877fc8c-d00a-45bf-8b9b-472fce24ebb5 req-1877fc8c-d00a-45bf-8b9b-472fce24ebb5 ] Request (ServerAddressesTestJSON:tearDownClass): 200 GET http://10.180.1.21/compute/v2.1/servers/e6cb7f94-9629-4eec-bd2c-5bc2b4583bf4 0.059s
2025-03-11 12:32:32.515 70278 INFO tempest.lib.common.rest_client [req-fe5f3888-470a-4054-9376-5d49bf37e158 req-fe5f3888-470a-4054-9376-5d49bf37e158 ] Request (ServersAdminNegativeTestJSON:test_migrate_server_invalid_state): 200 GET http://10.180.1.21/compute/v2.1/servers/6fb97a65-bf0b-4e79-9611-f0f3179661b5 0.049s
2025-03-11 12:32:32.573 70298 INFO tempest.lib.common.rest_client [req-981f3c61-58d0-4f2b-82dd-3b875b15dcc1 req-981f3c61-58d0-4f2b-82dd-3b875b15dcc1 ] Request (ServerGroupTestJSON:_run_cleanups): 200 GET http://10.180.1.21/compute/v2.1/servers/55dd32b0-e67f-4943-86e8-b9956267fedc 0.054s
2025-03-11 12:32:32.591 70310 INFO tempest.lib.common.rest_client [req-d604c80f-f314-497e-b096-c89d1767f97b req-d604c80f-f314-497e-b096-c89d1767f97b ] Request (FloatingIPsAssociationNegativeTestJSON:tearDownClass): 200 GET http://10.180.1.21/compute/v2.1/servers/70e5674d-4627-4720-9b87-955c2749e010 0.069s
2025-03-11 12:32:32.630 70284 INFO tempest.lib.common.rest_client [req-3d67d8fe-1ab3-4b5b-81fb-7e13a364c077 req-3d67d8fe-1ab3-4b5b-81fb-7e13a364c077 ] Request (ListServerFiltersTestJSON:setUpClass): 200 GET http://10.180.1.21/compute/v2.1/servers/180b4236-289c-4818-885d-c66e9e9a2ea8 0.067s
2025-03-11 12:32:32.687 70318 INFO tempest.lib.common.rest_client [req-0181e649-2958-4246-95d3-8a397ec88046 req-0181e649-2958-4246-95d3-8a397ec88046 ] Request (ServerShowV254Test:test_rebuild_server): 200 GET http://10.180.1.21/compute/v2.1/servers/1693ccdf-ea72-45d5-8b34-e2b0e155e528 0.060s
2025-03-11 12:32:32.710 70270 INFO tempest.lib.common.rest_client [req-6d8086de-1810-4750-a0bc-6c5182ea252b req-6d8086de-1810-4750-a0bc-6c5182ea252b ] Request (VolumesAdminNegativeTest:test_update_attached_volume_with_nonexistent_volume_in_body): 200 GET http://10.180.1.21/compute/v2.1/servers/b00d09ea-5eee-47ed-adcb-288cdd362e89 0.092s
2025-03-11 12:32:32.742 70282 INFO tempest.lib.common.rest_client [req-58656662-25b5-408a-85bd-459c7ca3c953 req-58656662-25b5-408a-85bd-459c7ca3c953 ] Request (ServersAdminTestJSON:test_inject_network_info): 200 GET http://10.180.1.21/compute/v2.1/servers/956306bc-4701-4c04-8221-8ec0b9df73ca 0.076s
2025-03-11 12:32:32.778 70312 INFO tempest.lib.common.rest_client [req-461994a9-17a8-49d9-8308-b5b97dae2edb req-461994a9-17a8-49d9-8308-b5b97dae2edb ] Request (MultipleCreateTestJSON:_run_cleanups): 200 GET http://10.180.1.21/compute/v2.1/servers/db9f7abd-ab45-49a3-9035-695b26756142 0.093s
2025-03-11 12:32:32.792 70304 INFO tempest.lib.common.rest_client [req-a37cca2f-adb7-4283-826f-5a38d0a51685 req-a37cca2f-adb7-4283-826f-5a38d0a51685 ] Request (AttachInterfacesTestJSON:test_create_list_show_delete_interfaces_by_fixed_ip): 200 GET http://10.180.1.21/compute/v2.1/servers/e46b8a11-650a-4e34-bc4a-e1c1b2515e76 0.075s
2025-03-11 12:32:32.823 70274 INFO tempest.lib.common.rest_client [req-e4f5ed6d-db10-4b3e-b591-8fe0465d5b0a req-e4f5ed6d-db10-4b3e-b591-8fe0465d5b0a ] Request (ImagesOneServerNegativeTestJSON:_run_cleanups): 200 GET http://10.180.1.21/compute/v2.1/servers/9269e42b-b05c-4c88-9008-aaeda4b0248f 0.094s
2025-03-11 12:32:32.843 70286 INFO tempest.lib.common.rest_client [req-fef13fa4-5a1a-4833-8cd9-4bb1bcb3b0ee req-fef13fa4-5a1a-4833-8cd9-4bb1bcb3b0ee ] Request (ServersTestJSON:setUpClass): 200 GET http://10.180.1.21/compute/v2.1/servers/c06a2540-e77d-48c0-967f-94e2a53c4d8f 0.085s
2025-03-11 12:32:32.869 70294 INFO tempest.lib.common.rest_client [req-8cd76429-73b0-4ba8-b065-78818cdc08e9 req-8cd76429-73b0-4ba8-b065-78818cdc08e9 ] Request (MigrationsAdminTest:test_resize_server_revert_deleted_flavor): 200 GET http://10.180.1.21/compute/v2.1/servers/f0a4e0cd-d0cd-45d8-8eca-4bdf8973fae8 0.053s
2025-03-11 12:32:32.915 70292 INFO tempest.lib.common.rest_client [req-5ab1067a-bcef-4214-ac54-abcfbf023de0 req-5ab1067a-bcef-4214-ac54-abcfbf023de0 ] Request (ServerAddressesNegativeTestJSON:setUpClass): 200 GET http://10.180.1.21/compute/v2.1/servers/9a1343a8-11b4-4c9e-8445-931eab036a4d 0.049s
2025-03-11 12:32:32.954 70288 INFO tempest.lib.common.rest_client [req-86c7906f-e7c1-42f7-a5a7-6c2cc74bfa09 req-86c7906f-e7c1-42f7-a5a7-6c2cc74bfa09 ] Request (DeleteServersAdminTestJSON:test_delete_server_while_in_error_state): 200 GET http://10.180.1.21/compute/v2.1/servers/2ee43622-74f3-4bf6-88e3-cba4ff7ce33d 0.135s
2025-03-11 12:32:33.060 70276 INFO tempest.lib.common.rest_client [req-0389529b-c3da-48f2-862c-9a844f05306b req-0389529b-c3da-48f2-862c-9a844f05306b ] Request (ServersTestBootFromVolume:setUpClass): 200 GET http://10.180.1.21/compute/v2.1/servers/f1f0d79f-dc67-4cf9-816c-c451f20d65ca 0.050s
2025-03-11 12:32:33.187 70280 INFO tempest.lib.common.rest_client [req-28055038-2b65-4194-9a8a-f4261768a7c2 req-28055038-2b65-4194-9a8a-f4261768a7c2 ] Request (AttachInterfacesV270Test:tearDownClass): 200 GET http://10.180.1.21/compute/v2.1/servers/e87e1839-9fef-462d-b1ab-842ef76828a4 0.065s
2025-03-11 12:32:33.238 70326 INFO tempest.lib.common.rest_client [req-7df4000d-bc5f-4fdf-8fa3-5c1f9ae33282 req-7df4000d-bc5f-4fdf-8fa3-5c1f9ae33282 ] Request (ServerMetadataNegativeTestJSON:setUpClass): 200 GET http://10.180.1.21/compute/v2.1/servers/3c814c83-20cc-4871-9f30-5c0c7d99b8a1 0.062s
2025-03-11 12:32:33.240 70272 INFO tempest.lib.common.rest_client [req-2ddab2cf-7b31-4054-8eb6-c25dfb0ba6da req-2ddab2cf-7b31-4054-8eb6-c25dfb0ba6da ] Request (ServerTagsTestJSON:setUpClass): 200 GET http://10.180.1.21/compute/v2.1/servers/03a10403-0253-4df0-84b2-1e56f0c057fe 0.055s
2025-03-11 12:32:33.322 70302 INFO tempest.lib.common.rest_client [req-9ea746e1-dee4-44bb-8568-941450977fde req-9ea746e1-dee4-44bb-8568-941450977fde ] Request (ServersTestMultiNic:_run_cleanups): 200 GET http://10.180.1.21/compute/v2.1/servers/c512ee01-7d45-49f0-b2ce-659392527264 0.057s
2025-03-11 12:32:33.365 70320 INFO tempest.lib.common.rest_client [req-b5052d67-e07d-410b-93f5-d784e4d30cd9 req-b5052d67-e07d-410b-93f5-d784e4d30cd9 ] Request (ServersListShow2100Test:tearDownClass): 200 GET http://10.180.1.21/compute/v2.1/servers/f36c29d1-b945-4afe-abbd-431e59de7cec 0.062s
2025-03-11 12:32:33.366 70314 INFO tempest.lib.common.rest_client [req-0dec12f3-1372-4e46-8ee3-66a1b2828cd3 req-0dec12f3-1372-4e46-8ee3-66a1b2828cd3 ] Request (AttachVolumeNegativeTest:test_attach_attached_volume_to_different_server): 200 GET http://10.180.1.21/compute/v2.1/servers/ab320e59-febb-4f8f-9bc4-74227d29c752 0.055s
2025-03-11 12:32:33.413 70290 INFO tempest.lib.common.rest_client [req-3f203749-5fc7-4036-ab43-5b07b9c16b74 req-3f203749-5fc7-4036-ab43-5b07b9c16b74 ] Request (ServerActionsV293TestJSON:setUpClass): 200 GET http://10.180.1.21/compute/v2.1/servers/4cc99b2f-2d75-4a98-ac02-6b609e0c31d6 0.049s
2025-03-11 12:32:33.432 70316 INFO tempest.lib.common.rest_client [req-8441f387-8105-48c3-9846-1ff69a55cefc req-8441f387-8105-48c3-9846-1ff69a55cefc ] Request (ImagesTestJSON:test_create_image_from_suspended_server): 200 GET http://10.180.1.21/compute/v2.1/servers/00ab07b7-e7ed-4a71-b684-d5af8b1b7616 0.046s
2025-03-11 12:32:33.471 70322 INFO tempest.lib.common.rest_client [req-f5dd2645-e33e-4494-ae5d-abb251bcfd36 req-f5dd2645-e33e-4494-ae5d-abb251bcfd36 ] Request (FloatingIPsAssociationTestJSON:setUpClass): 200 GET http://10.180.1.21/compute/v2.1/servers/9b6aca3c-337b-4067-80e0-487d956fabc7 0.046s
2025-03-11 12:32:33.539 70332 INFO tempest.lib.common.rest_client [req-dfb6b60b-a9c4-48a4-b11a-d1acc0ea70c2 req-dfb6b60b-a9c4-48a4-b11a-d1acc0ea70c2 ] Request (ServerAddressesTestJSON:tearDownClass): 200 GET http://10.180.1.21/compute/v2.1/servers/e6cb7f94-9629-4eec-bd2c-5bc2b4583bf4 0.051s
2025-03-11 12:32:33.569 70278 INFO tempest.lib.common.rest_client [req-9676e33c-cceb-4ab7-8e9e-7485665ea922 req-9676e33c-cceb-4ab7-8e9e-7485665ea922 ] Request (ServersAdminNegativeTestJSON:test_migrate_server_invalid_state): 200 GET http://10.180.1.21/compute/v2.1/servers/6fb97a65-bf0b-4e79-9611-f0f3179661b5 0.045s
2025-03-11 12:32:33.630 70298 INFO tempest.lib.common.rest_client [req-fa7f3fdb-0da3-4471-b703-014c85e6976c req-fa7f3fdb-0da3-4471-b703-014c85e6976c ] Request (ServerGroupTestJSON:_run_cleanups): 200 GET http://10.180.1.21/compute/v2.1/servers/55dd32b0-e67f-4943-86e8-b9956267fedc 0.050s
2025-03-11 12:32:33.653 70310 INFO tempest.lib.common.rest_client [req-cfbcdbd4-dc8b-4420-b84e-6528fecb5f72 req-cfbcdbd4-dc8b-4420-b84e-6528fecb5f72 ] Request (FloatingIPsAssociationNegativeTestJSON:tearDownClass): 200 GET http://10.180.1.21/compute/v2.1/servers/70e5674d-4627-4720-9b87-955c2749e010 0.052s
2025-03-11 12:32:33.687 70284 INFO tempest.lib.common.rest_client [req-7644b50e-ce4d-418d-ac10-38a8925f61dc req-7644b50e-ce4d-418d-ac10-38a8925f61dc ] Request (ListServerFiltersTestJSON:setUpClass): 200 GET http://10.180.1.21/compute/v2.1/servers/180b4236-289c-4818-885d-c66e9e9a2ea8 0.047s
2025-03-11 12:32:33.755 70318 INFO tempest.lib.common.rest_client [req-4069fb67-8595-4748-a104-585ce0c71c47 req-4069fb67-8595-4748-a104-585ce0c71c47 ] Request (ServerShowV254Test:test_rebuild_server): 200 GET http://10.180.1.21/compute/v2.1/servers/1693ccdf-ea72-45d5-8b34-e2b0e155e528 0.057s
2025-03-11 12:32:33.763 70318 INFO tempest.common.waiters [-] State transition "BUILD/spawning" ==> "ACTIVE/None" after 63 second wait
2025-03-11 12:32:33.812 70282 INFO tempest.lib.common.rest_client [req-524c8349-84b8-4e35-a916-390a4cc11aea req-524c8349-84b8-4e35-a916-390a4cc11aea ] Request (ServersAdminTestJSON:test_inject_network_info): 200 GET http://10.180.1.21/compute/v2.1/servers/956306bc-4701-4c04-8221-8ec0b9df73ca 0.056s
2025-03-11 12:32:33.839 70270 INFO tempest.lib.common.rest_client [req-bec086b8-561b-4ee0-97a6-2468432ef4be req-bec086b8-561b-4ee0-97a6-2468432ef4be ] Request (VolumesAdminNegativeTest:test_update_attached_volume_with_nonexistent_volume_in_body): 200 GET http://10.180.1.21/compute/v2.1/servers/b00d09ea-5eee-47ed-adcb-288cdd362e89 0.118s
2025-03-11 12:32:33.847 70318 INFO tempest.lib.common.rest_client [req-d2d26cd8-a575-4550-b08d-fc275c6fed58 req-d2d26cd8-a575-4550-b08d-fc275c6fed58 ] Request (ServerShowV254Test:test_rebuild_server): 201 POST http://10.180.1.21/compute/v2.1/os-keypairs 0.082s
2025-03-11 12:32:33.890 70312 INFO tempest.lib.common.rest_client [req-7acca236-7c60-458b-9f2f-af85ee744223 req-7acca236-7c60-458b-9f2f-af85ee744223 ] Request (MultipleCreateTestJSON:_run_cleanups): 200 GET http://10.180.1.21/compute/v2.1/servers/db9f7abd-ab45-49a3-9035-695b26756142 0.104s
2025-03-11 12:32:33.892 70304 INFO tempest.lib.common.rest_client [req-8b0af675-9b38-4d26-bc52-65f391af7dcc req-8b0af675-9b38-4d26-bc52-65f391af7dcc ] Request (AttachInterfacesTestJSON:test_create_list_show_delete_interfaces_by_fixed_ip): 200 GET http://10.180.1.21/compute/v2.1/servers/e46b8a11-650a-4e34-bc4a-e1c1b2515e76 0.091s
2025-03-11 12:32:33.941 70274 INFO tempest.lib.common.rest_client [req-6cf6c256-d718-438b-bb7c-4a11d5a03b1e req-6cf6c256-d718-438b-bb7c-4a11d5a03b1e ] Request (ImagesOneServerNegativeTestJSON:_run_cleanups): 200 GET http://10.180.1.21/compute/v2.1/servers/9269e42b-b05c-4c88-9008-aaeda4b0248f 0.110s
