2025-03-11 12:31:18.344 70270 INFO tempest.lib.common.rest_client [req-e2c72ca2-89be-4248-92f6-1778ccfe3c89 req-e2c72ca2-89be-4248-92f6-1778ccfe3c89 ] Request (VolumesAdminNegativeTest:setUpClass): 204 PUT http://10.180.1.21/identity/v3/projects/3185ee244cc74a8896b062af9d4e1478/users/c345e7849e994e38b9b5a050255115a6/roles/2c0ac3dcbde24dec893f5a493bf7a509 0.055s
2025-03-11 12:31:18.344 70270 INFO tempest.lib.common.dynamic_creds [-] Dynamic test user c345e7849e994e38b9b5a050255115a6 is created with scope project and roles: ['member']
2025-03-11 12:31:18.345 70270 INFO tempest.lib.common.dynamic_creds [-] Acquired dynamic creds: credentials: Credentials: {'domain_id': 'default', 'domain_name': 'Default', 'username': 'tempest-VolumesAdminNegativeTest-1005914206-project-member', 'project_domain_id': 'default', 'project_domain_name': 'Default', 'project_id': '3185ee244cc74a8896b062af9d4e1478', 'project_name': 'tempest-VolumesAdminNegativeTest-1005914206', 'tenant_id': '3185ee244cc74a8896b062af9d4e1478', 'tenant_name': 'tempest-VolumesAdminNegativeTest-1005914206', 'user_domain_id': 'default', 'user_domain_name': 'Default', 'user_id': 'c345e7849e994e38b9b5a050255115a6', 'system': None}, Network: None, Subnet: None, Router: None
2025-03-11 12:31:18.351 70320 INFO tempest.lib.common.rest_client [req-cd29f4de-212b-4b48-85e7-33ba5385dbd0 req-cd29f4de-212b-4b48-85e7-33ba5385dbd0 ] Request (ServersListShow2100Test:setUpClass): 201 POST http://10.180.1.21/identity/v3/auth/tokens 0.136s
2025-03-11 12:31:18.365 70290 INFO tempest.lib.common.rest_client [req-044005a2-726e-4c5b-bcf7-4a9c89244301 req-044005a2-726e-4c5b-bcf7-4a9c89244301 ] Request (ImagesNegativeTestJSON:test_create_image_from_deleted_server): 200 GET http://10.180.1.21/compute/v2.1/servers/443382a8-64af-4f13-b7ab-11234fb13fcf 1.430s
2025-03-11 12:31:18.415 70270 INFO tempest.lib.common.rest_client [req-c5972a9e-5be1-4cfc-a5e8-12e15635980f req-c5972a9e-5be1-4cfc-a5e8-12e15635980f ] Request (VolumesAdminNegativeTest:setUpClass): 201 POST http://10.180.1.21/identity/v3/auth/tokens 0.070s
2025-03-11 12:31:18.449 70320 INFO tempest.lib.common.rest_client [req-c23c5adb-5a6a-4ba2-aa91-b5bbcc4b0d7c req-c23c5adb-5a6a-4ba2-aa91-b5bbcc4b0d7c ] Request (ServersListShow2100Test:test_list_show_rebuild_update_server_2100): 201 POST http://10.180.1.21/identity/v3/auth/tokens 0.086s
2025-03-11 12:31:18.449 70320 INFO tempest.lib.common.fixed_network [-] (ServersListShow2100Test:test_list_show_rebuild_update_server_2100) Found network None available for tenant
2025-03-11 12:31:18.490 70296 INFO tempest.lib.common.rest_client [req-d9325d6e-98c6-4b3c-9b5b-75b9aa00baaf req-d9325d6e-98c6-4b3c-9b5b-75b9aa00baaf ] Request (ServersTestFqdnHostnames:test_create_server_with_fqdn_name): 200 GET http://10.180.1.21/compute/v2.1/servers/75e952e7-6761-49a4-9193-175f5d30494e 1.553s
2025-03-11 12:31:18.500 70292 INFO tempest.lib.common.rest_client [req-2a950d7c-92ae-46c3-840b-9da39d93e371 req-2a950d7c-92ae-46c3-840b-9da39d93e371 ] Request (ServerDiagnosticsV248Test:tearDownClass): 204 DELETE http://10.180.1.21/compute/v2.1/servers/48f6ebca-d7fe-4086-80f4-0b89789dcddb 1.544s
2025-03-11 12:31:18.531 70304 INFO tempest.lib.common.rest_client [req-d3d4de73-6959-4556-b5a2-7749e64b0826 req-d3d4de73-6959-4556-b5a2-7749e64b0826 ] Request (FloatingIPsTestJSON:tearDownClass): 200 PUT http://10.180.1.21:9696/networking/v2.0/routers/1135e21a-0da0-4225-8fef-d9ff61c42214/remove_router_interface 1.546s
2025-03-11 12:31:18.590 70310 INFO tempest.lib.common.rest_client [req-48bd6b35-ef4e-4226-b64e-5ead50bab147 req-48bd6b35-ef4e-4226-b64e-5ead50bab147 ] Request (FloatingIPsAssociationNegativeTestJSON:setUpClass): 200 GET http://10.180.1.21/compute/v2.1/servers/70e5674d-4627-4720-9b87-955c2749e010 1.575s
2025-03-11 12:31:18.592 70308 INFO tempest.lib.common.rest_client [req-7d2f6426-d836-43af-9877-c0abfd53ae23 req-7d2f6426-d836-43af-9877-c0abfd53ae23 ] Request (QuotasAdminTestV257:tearDownClass): 204 DELETE http://10.180.1.21:9696/networking/v2.0/security-groups/6eef0a59-b038-4b78-9a17-0846e59c23d7 0.291s
2025-03-11 12:31:18.614 70276 INFO tempest.lib.common.rest_client [req-113da060-63fd-4e52-95dd-b590182286f4 req-113da060-63fd-4e52-95dd-b590182286f4 ] Request (ServerDiagnosticsNegativeTest:tearDownClass): 200 GET http://10.180.1.21/compute/v2.1/servers/1232f601-3339-4fc2-92b2-aa550af90b01 1.585s
2025-03-11 12:31:18.669 70274 INFO tempest.lib.common.rest_client [req-850cb89a-4c79-4aef-bca4-369b5de130e8 req-850cb89a-4c79-4aef-bca4-369b5de130e8 ] Request (ImagesOneServerNegativeTestJSON:setUpClass): 200 GET http://10.180.1.21/compute/v2.1/servers/803e9885-000f-4696-9fb9-03361ef46538 1.563s
2025-03-11 12:31:18.693 70300 INFO tempest.lib.common.rest_client [req-6ba393c8-8713-4071-9738-5bc61144bdda req-6ba393c8-8713-4071-9738-5bc61144bdda ] Request (VolumesSnapshotsTestJSON:_run_cleanups): 404 GET http://10.180.1.21/compute/v2.1/os-snapshots/523bd528-3fb0-49b8-b609-f2890e357a01 1.261s
2025-03-11 12:31:18.699 70308 INFO tempest.lib.common.rest_client [req-e157de38-c185-4311-841d-4e64556e7a70 req-e157de38-c185-4311-841d-4e64556e7a70 ] Request (QuotasAdminTestV257:tearDownClass): 204 DELETE http://10.180.1.21/identity/v3/projects/210c87f2bcda4b55a8c6a76f36a4377f 0.107s
2025-03-11 12:31:18.700 70308 INFO tempest.lib.common.dynamic_creds [-] Deleting project and security group for project: 7810550248fd4bcd810f349d521b0937
2025-03-11 12:31:18.760 70328 INFO tempest.lib.common.rest_client [req-0d5330c7-04ad-4e4d-8881-1843373d6bd9 req-0d5330c7-04ad-4e4d-8881-1843373d6bd9 ] Request (ServersWithSpecificFlavorTestJSON:test_verify_created_server_ephemeral_disk): 200 GET http://10.180.1.21/compute/v2.1/servers/8dcd6786-de5e-4fa0-a6c1-66ff9cf84fd6 1.250s
2025-03-11 12:31:18.843 70282 INFO tempest.lib.common.rest_client [req-da2a0d55-de51-4550-9396-fe23e790dc05 req-da2a0d55-de51-4550-9396-fe23e790dc05 ] Request (ServersAdminTestJSON:setUpClass): 200 GET http://10.180.1.21/compute/v2.1/servers/298a4d59-733f-4cda-a9c2-80dc21be91ca 1.451s
2025-03-11 12:31:18.933 70280 INFO tempest.lib.common.rest_client [req-5208d87a-d0c8-4b97-82c2-27ecccf05409 req-5208d87a-d0c8-4b97-82c2-27ecccf05409 ] Request (AttachInterfacesV270Test:test_create_get_list_interfaces): 200 GET http://10.180.1.21/compute/v2.1/servers/e87e1839-9fef-462d-b1ab-842ef76828a4 1.345s
2025-03-11 12:31:18.984 70282 INFO tempest.lib.common.rest_client [req-0a03d3cf-1067-4eee-9732-9cfd974f94cf req-0a03d3cf-1067-4eee-9732-9cfd974f94cf ] Request (ServersAdminTestJSON:test_create_server_with_scheduling_hint): 201 POST http://10.180.1.21/identity/v3/auth/tokens 0.131s
2025-03-11 12:31:18.985 70282 INFO tempest.lib.common.fixed_network [-] (ServersAdminTestJSON:test_create_server_with_scheduling_hint) Found network {'id': 'd06e166b-6a41-4b34-867a-f1d420734b41', 'name': 'tempest-ServersAdminTestJSON-1152970649-network', 'tenant_id': '34469ad51e694a3389595c28ef508144', 'admin_state_up': True, 'mtu': 8950, 'status': 'ACTIVE', 'subnets': [], 'shared': False, 'project_id': '34469ad51e694a3389595c28ef508144', 'port_security_enabled': True, 'router:external': False, 'provider:network_type': 'vlan', 'provider:physical_network': 'default', 'provider:segmentation_id': 160, 'availability_zone_hints': [], 'availability_zones': [], 'ipv4_address_scope': None, 'ipv6_address_scope': None, 'description': '', 'tags': [], 'created_at': '2025-03-11T12:30:26Z', 'updated_at': '2025-03-11T12:30:26Z', 'revision_number': 1} available for tenant
2025-03-11 12:31:19.011 70308 INFO tempest.lib.common.rest_client [req-fadac7a6-9b02-41f9-b254-da7809940948 req-fadac7a6-9b02-41f9-b254-da7809940948 ] Request (QuotasAdminTestV257:tearDownClass): 200 GET http://10.180.1.21:9696/networking/v2.0/security-groups?tenant_id=7810550248fd4bcd810f349d521b0937&name=default 0.311s
2025-03-11 12:31:19.032 70298 INFO tempest.lib.common.rest_client [req-88f58ae9-ca91-4e69-8882-ac81d0d8b325 req-88f58ae9-ca91-4e69-8882-ac81d0d8b325 ] Request (ServerGroupTestJSON:test_create_server_with_scheduler_hint_group): 200 GET http://10.180.1.21/compute/v2.1/servers/55dd32b0-e67f-4943-86e8-b9956267fedc 1.391s
2025-03-11 12:31:19.042 70298 INFO tempest.common.waiters [-] State transition "BUILD/scheduling" ==> "BUILD/None" after 8 second wait
2025-03-11 12:31:19.075 70270 INFO tempest.lib.common.rest_client [req-5a64d982-ab34-4ccf-8b4d-65e7b9307ef8 req-5a64d982-ab34-4ccf-8b4d-65e7b9307ef8 ] Request (VolumesAdminNegativeTest:setUpClass): 201 POST http://10.180.1.21:9696/networking/v2.0/networks 0.660s
2025-03-11 12:31:19.127 70326 INFO tempest.lib.common.rest_client [req-4224bfd4-c1b2-4077-a699-e66d3d3781f0 req-4224bfd4-c1b2-4077-a699-e66d3d3781f0 ] Request (InstanceActionsNegativeTestJSON:setUpClass): 200 GET http://10.180.1.21/compute/v2.1/servers/9717f586-cedc-4f21-9ea6-7bf6e2991327 1.351s
2025-03-11 12:31:19.156 70318 INFO tempest.lib.common.rest_client [req-0fd015ad-6482-4a0b-bb8f-38d3dd4d82fe req-0fd015ad-6482-4a0b-bb8f-38d3dd4d82fe ] Request (SecurityGroupRulesNegativeTestJSON:test_delete_security_group_rule_with_non_existent_id): 404 DELETE http://10.180.1.21/compute/v2.1/os-security-group-rules/27ef480a-1586-44b7-b809-c17a100bb11d 1.358s
2025-03-11 12:31:19.215 70308 INFO tempest.lib.common.rest_client [req-3956e191-f539-4595-9fe0-8ae9f5cfee03 req-3956e191-f539-4595-9fe0-8ae9f5cfee03 ] Request (QuotasAdminTestV257:tearDownClass): 204 DELETE http://10.180.1.21:9696/networking/v2.0/security-groups/870d52bd-6ed6-41f8-99ec-077a71292313 0.204s
2025-03-11 12:31:19.241 70314 INFO tempest.lib.common.rest_client [req-105ea6a0-9a27-434d-84b3-fd0a0bad23c5 req-105ea6a0-9a27-434d-84b3-fd0a0bad23c5 ] Request (SecurityGroupRulesTestJSON:test_security_group_rules_delete_when_peer_group_deleted): 200 POST http://10.180.1.21/compute/v2.1/os-security-group-rules 1.689s
2025-03-11 12:31:19.254 70306 INFO tempest.lib.common.rest_client [req-774f6a56-d6e2-4247-bb04-b0cc6946b674 req-774f6a56-d6e2-4247-bb04-b0cc6946b674 ] Request (VolumesNegativeTest:test_delete_volume_without_passing_volume_id): 404 DELETE http://10.180.1.21/compute/v2.1/os-volumes/ 1.394s
2025-03-11 12:31:19.379 70324 INFO tempest.lib.common.rest_client [req-553e5e39-852c-4a29-82ae-de84d790ed2b req-553e5e39-852c-4a29-82ae-de84d790ed2b ] Request (AggregatesAdminNegativeTestJSON:test_aggregate_remove_host_as_user): 200 POST http://10.180.1.21/compute/v2.1/os-aggregates/7/action 1.550s
2025-03-11 12:31:19.398 70304 INFO tempest.lib.common.rest_client [req-b6d7c4e8-83da-4697-86ee-35799de2bd6c req-b6d7c4e8-83da-4697-86ee-35799de2bd6c ] Request (FloatingIPsTestJSON:tearDownClass): 204 DELETE http://10.180.1.21:9696/networking/v2.0/routers/1135e21a-0da0-4225-8fef-d9ff61c42214 0.867s
2025-03-11 12:31:19.424 70302 INFO tempest.lib.common.rest_client [req-3a611120-2794-4e24-847b-38c2dc5497cc req-3a611120-2794-4e24-847b-38c2dc5497cc ] Request (ServersTestMultiNic:test_verify_duplicate_network_nics): 200 GET http://10.180.1.21/compute/v2.1/servers/c512ee01-7d45-49f0-b2ce-659392527264 1.528s
2025-03-11 12:31:19.435 70308 INFO tempest.lib.common.rest_client [req-b78fc020-a91d-47da-8703-31fb5efd6ffd req-b78fc020-a91d-47da-8703-31fb5efd6ffd ] Request (QuotasAdminTestV257:tearDownClass): 204 DELETE http://10.180.1.21/identity/v3/projects/7810550248fd4bcd810f349d521b0937 0.218s
2025-03-11 12:31:19.514 70286 INFO tempest.lib.common.rest_client [req-dc5a1cf8-24f3-48a2-8c52-945b86d5ff36 req-dc5a1cf8-24f3-48a2-8c52-945b86d5ff36 ] Request (ServersAdmin275Test:test_rebuild_update_server_275): 200 GET http://10.180.1.21/compute/v2.1/servers/316ab41e-d3c1-4cef-8d63-a138e21d0ea3 1.374s
2025-03-11 12:31:19.531 70286 INFO tempest.common.waiters [-] State transition "REBUILD/rebuild_spawning" ==> "ACTIVE/None" after 12 second wait
2025-03-11 12:31:19.538 70308 INFO tempest.lib.common.rest_client [req-896b4582-e1c8-41e5-b662-435660192f4f req-896b4582-e1c8-41e5-b662-435660192f4f ] Request (TestVersions:setUpClass): 201 POST http://10.180.1.21/identity/v3/auth/tokens 0.101s
2025-03-11 12:31:19.544 70270 INFO tempest.lib.common.rest_client [req-8b19f13c-8a21-4187-8c57-7abbce954be9 req-8b19f13c-8a21-4187-8c57-7abbce954be9 ] Request (VolumesAdminNegativeTest:setUpClass): 201 POST http://10.180.1.21:9696/networking/v2.0/subnets 0.468s
2025-03-11 12:31:19.578 70308 INFO tempest.lib.common.rest_client [req-fc1cf907-5384-4d02-9f15-032d2afdaf0d req-fc1cf907-5384-4d02-9f15-032d2afdaf0d ] Request (TestVersions:setUpClass): 201 POST http://10.180.1.21/identity/v3/auth/tokens 0.036s
2025-03-11 12:31:19.607 70294 INFO tempest.lib.common.rest_client [req-68f6589c-6968-468c-b45e-01dea6acdc4e req-68f6589c-6968-468c-b45e-01dea6acdc4e ] Request (MigrationsAdminTest:test_list_migrations_in_flavor_resize_situation): 200 GET http://10.180.1.21/compute/v2.1/servers/63d6a59a-d58c-4179-ad39-eb9863e6f84c 1.536s
2025-03-11 12:31:19.611 70308 INFO tempest.lib.common.rest_client [req-52d89b40-99cc-4a9a-8e11-1e46e40ab2b1 req-52d89b40-99cc-4a9a-8e11-1e46e40ab2b1 ] Request (TestVersions:setUpClass): 200 GET http://10.180.1.21/identity/v3/domains?name=Default 0.032s
2025-03-11 12:31:19.652 70308 INFO tempest.lib.common.rest_client [req-8e7edec6-8851-4ccf-a1a3-0b8c24fa6622 req-8e7edec6-8851-4ccf-a1a3-0b8c24fa6622 ] Request (TestVersions:setUpClass): 201 POST http://10.180.1.21/identity/v3/projects 0.040s
2025-03-11 12:31:19.689 70304 INFO tempest.lib.common.rest_client [req-44c5be2e-1e2b-4a9e-96ba-983bf17bd2dd req-44c5be2e-1e2b-4a9e-96ba-983bf17bd2dd ] Request (FloatingIPsTestJSON:tearDownClass): 204 DELETE http://10.180.1.21:9696/networking/v2.0/subnets/572a324a-5aa5-4290-af6c-439bdd781832 0.290s
2025-03-11 12:31:19.693 70288 INFO tempest.lib.common.rest_client [req-9ec1f42e-3589-4b7b-857f-08bdbfa01a11 req-9ec1f42e-3589-4b7b-857f-08bdbfa01a11 ] Request (DeleteServersAdminTestJSON:test_admin_delete_servers_of_others): 200 GET http://10.180.1.21/compute/v2.1/servers/1d5b8fb7-eeb0-49da-acdf-53b7741e863e 1.485s
2025-03-11 12:31:19.747 70308 INFO tempest.lib.common.rest_client [req-38974ac0-8e73-409a-985a-3e864d3696df req-38974ac0-8e73-409a-985a-3e864d3696df ] Request (TestVersions:setUpClass): 201 POST http://10.180.1.21/identity/v3/users 0.094s
2025-03-11 12:31:19.773 70308 INFO tempest.lib.common.rest_client [req-46f2ae8e-ec51-40eb-9bd5-d4655a58a74b req-46f2ae8e-ec51-40eb-9bd5-d4655a58a74b ] Request (TestVersions:setUpClass): 200 GET http://10.180.1.21/identity/v3/roles 0.025s
2025-03-11 12:31:19.778 70330 INFO tempest.lib.common.rest_client [req-dfec712c-f56e-448d-89a8-8ae27bd3a96f req-dfec712c-f56e-448d-89a8-8ae27bd3a96f ] Request (VolumesAssistedSnapshotsTest:test_volume_assisted_snapshot_create_delete): 200 GET http://10.180.1.21/compute/v2.1/servers/9e9973e1-feb8-4fd7-95ae-e6d824af5a64 1.616s
2025-03-11 12:31:19.813 70308 INFO tempest.lib.common.rest_client [req-891c9649-bdb9-4b6a-bc24-9f1045116196 req-891c9649-bdb9-4b6a-bc24-9f1045116196 ] Request (TestVersions:setUpClass): 204 PUT http://10.180.1.21/identity/v3/projects/2a8e7d39448a4fc4a42bc6b20d8f4485/users/bb84f9d2d698473caf3a712a0358bef6/roles/2c0ac3dcbde24dec893f5a493bf7a509 0.040s
2025-03-11 12:31:19.813 70308 INFO tempest.lib.common.dynamic_creds [-] Dynamic test user bb84f9d2d698473caf3a712a0358bef6 is created with scope project and roles: ['member']
2025-03-11 12:31:19.813 70308 INFO tempest.lib.common.dynamic_creds [-] Acquired dynamic creds: credentials: Credentials: {'domain_id': 'default', 'domain_name': 'Default', 'username': 'tempest-TestVersions-1034338741-project-member', 'project_domain_id': 'default', 'project_domain_name': 'Default', 'project_id': '2a8e7d39448a4fc4a42bc6b20d8f4485', 'project_name': 'tempest-TestVersions-1034338741', 'tenant_id': '2a8e7d39448a4fc4a42bc6b20d8f4485', 'tenant_name': 'tempest-TestVersions-1034338741', 'user_domain_id': 'default', 'user_domain_name': 'Default', 'user_id': 'bb84f9d2d698473caf3a712a0358bef6', 'system': None}, Network: None, Subnet: None, Router: None
2025-03-11 12:31:19.814 70308 INFO tempest.lib.common.dynamic_creds [-] Created isolated network resources for: credentials: Credentials: {'domain_id': 'default', 'domain_name': 'Default', 'username': 'tempest-TestVersions-1034338741-project-member', 'project_domain_id': 'default', 'project_domain_name': 'Default', 'project_id': '2a8e7d39448a4fc4a42bc6b20d8f4485', 'project_name': 'tempest-TestVersions-1034338741', 'tenant_id': '2a8e7d39448a4fc4a42bc6b20d8f4485', 'tenant_name': 'tempest-TestVersions-1034338741', 'user_domain_id': 'default', 'user_domain_name': 'Default', 'user_id': 'bb84f9d2d698473caf3a712a0358bef6', 'system': None}, Network: None, Subnet: None, Router: None
2025-03-11 12:31:19.829 70312 INFO tempest.lib.common.rest_client [req-a546b65f-d767-4a73-b718-95d03ac62ed9 req-a546b65f-d767-4a73-b718-95d03ac62ed9 ] Request (MultipleCreateTestJSON:test_multiple_create): 200 GET http://10.180.1.21/compute/v2.1/servers 1.519s
2025-03-11 12:31:19.885 70308 INFO tempest.lib.common.rest_client [req-ee9ee1f1-0fbc-4ef1-83b1-9ec520857165 req-ee9ee1f1-0fbc-4ef1-83b1-9ec520857165 ] Request (TestVersions:setUpClass): 201 POST http://10.180.1.21/identity/v3/auth/tokens 0.067s
2025-03-11 12:31:19.902 70292 INFO tempest.lib.common.rest_client [req-30e1f7c7-158c-4cf6-94f7-6ccba3248d13 req-30e1f7c7-158c-4cf6-94f7-6ccba3248d13 ] Request (ServerDiagnosticsV248Test:tearDownClass): 200 GET http://10.180.1.21/compute/v2.1/servers/48f6ebca-d7fe-4086-80f4-0b89789dcddb 1.401s
2025-03-11 12:31:19.977 70272 INFO tempest.lib.common.rest_client [req-f0bd2355-ada0-4667-8fd7-139aae297955 req-f0bd2355-ada0-4667-8fd7-139aae297955 ] Request (TenantUsagesTestJSON:tearDownClass): 200 GET http://10.180.1.21/compute/v2.1/servers/317e3366-4aec-4c80-bcf9-df84bc5e9939 1.439s
2025-03-11 12:31:20.046 70278 INFO tempest.lib.common.rest_client [req-d33d4a52-4852-4521-b42c-3e2c2a752508 req-d33d4a52-4852-4521-b42c-3e2c2a752508 ] Request (ServersAdminNegativeTestJSON:setUpClass): 200 GET http://10.180.1.21/compute/v2.1/servers/6aacfc4e-32b4-40d7-8240-e4449cf78925 1.426s
2025-03-11 12:31:20.057 70320 INFO tempest.lib.common.rest_client [req-6c5dda00-6204-493d-90cf-64b4c388c42b req-6c5dda00-6204-493d-90cf-64b4c388c42b ] Request (ServersListShow2100Test:test_list_show_rebuild_update_server_2100): 202 POST http://10.180.1.21/compute/v2.1/servers 1.606s
2025-03-11 12:31:20.103 70300 INFO tempest.lib.common.rest_client [req-f8bf55c5-0283-4ca2-8458-15f17216724c req-f8bf55c5-0283-4ca2-8458-15f17216724c ] Request (VolumesSnapshotsTestJSON:_run_cleanups): 202 DELETE http://10.180.1.21/compute/v2.1/os-volumes/e2ca6488-243c-4806-8bdd-dadc9a80a7a9 1.410s
2025-03-11 12:31:20.124 70332 INFO tempest.lib.common.rest_client [req-120cd7c5-5e5b-47a2-a5d9-95080fc5b33e req-120cd7c5-5e5b-47a2-a5d9-95080fc5b33e ] Request (ServerAddressesTestJSON:setUpClass): 200 GET http://10.180.1.21/compute/v2.1/servers/e6cb7f94-9629-4eec-bd2c-5bc2b4583bf4 1.494s
2025-03-11 12:31:20.207 70322 INFO tempest.lib.common.rest_client [req-90a65637-b37b-4ab5-96ce-aa7d501d6f60 req-90a65637-b37b-4ab5-96ce-aa7d501d6f60 ] Request (ServerExternalEventsTest:tearDownClass): 200 GET http://10.180.1.21/compute/v2.1/servers/7ea91d3b-1e43-45cd-9bff-e144c63177c8 1.466s
2025-03-11 12:31:20.246 70316 INFO tempest.lib.common.rest_client [req-87c29341-0fbd-444a-a3cc-626bb829af62 req-87c29341-0fbd-444a-a3cc-626bb829af62 ] Request (ImagesTestJSON:test_create_image_from_stopped_server): 200 GET http://10.180.1.21/compute/v2.1/servers/f3ae584d-18a5-4bbe-b4bf-860e2332b324 1.540s
2025-03-11 12:31:20.256 70316 INFO tempest.common.waiters [-] State transition "BUILD/None" ==> "BUILD/spawning" after 28 second wait
2025-03-11 12:31:20.316 70284 INFO tempest.lib.common.rest_client [req-3c1fbee1-fb00-4001-84ba-34931a0d9a50 req-3c1fbee1-fb00-4001-84ba-34931a0d9a50 ] Request (ServerDiagnosticsTest:tearDownClass): 200 GET http://10.180.1.21/compute/v2.1/servers/dc548f2f-e6d6-4273-8c24-b4f52842e0d2 1.534s
2025-03-11 12:31:20.321 70304 INFO tempest.lib.common.rest_client [req-2f0922f4-cb0c-4e22-b4e1-66594048eb17 req-2f0922f4-cb0c-4e22-b4e1-66594048eb17 ] Request (FloatingIPsTestJSON:tearDownClass): 204 DELETE http://10.180.1.21:9696/networking/v2.0/networks/333055b5-f448-4246-9b3a-a97908b8d643 0.631s
2025-03-11 12:31:20.475 70304 INFO tempest.lib.common.rest_client [req-40bedacc-a45e-404d-8341-db712c02f352 req-40bedacc-a45e-404d-8341-db712c02f352 ] Request (FloatingIPsTestJSON:tearDownClass): 204 DELETE http://10.180.1.21/identity/v3/users/aa59b8a82aa94bc586a26e7189c061c3 0.154s
2025-03-11 12:31:20.476 70304 INFO tempest.lib.common.dynamic_creds [-] Deleting project and security group for project: a5f3cae2af024afd84d8a702609638ba
2025-03-11 12:31:20.508 70304 INFO tempest.lib.common.rest_client [req-00dec020-d1ea-4045-bdcc-abe7c64645e1 req-00dec020-d1ea-4045-bdcc-abe7c64645e1 ] Request (FloatingIPsTestJSON:tearDownClass): 200 GET http://10.180.1.21:9696/networking/v2.0/security-groups?tenant_id=a5f3cae2af024afd84d8a702609638ba&name=default 0.032s
2025-03-11 12:31:20.530 70318 INFO tempest.lib.common.rest_client [req-e92d01a7-c295-4a99-9739-5fe6dbc98925 req-e92d01a7-c295-4a99-9739-5fe6dbc98925 ] Request (SecurityGroupRulesNegativeTestJSON:tearDownClass): 202 DELETE http://10.180.1.21/compute/v2.1/os-security-groups/46ca88ed-2a80-405d-87a5-9a3524519f3d 1.370s
2025-03-11 12:31:20.570 70270 INFO tempest.lib.common.rest_client [req-63901826-1523-4b10-a3f9-f6ea98f6ac1a req-63901826-1523-4b10-a3f9-f6ea98f6ac1a ] Request (VolumesAdminNegativeTest:setUpClass): 201 POST http://10.180.1.21:9696/networking/v2.0/routers 1.025s
2025-03-11 12:31:20.648 70304 INFO tempest.lib.common.rest_client [req-b518a008-bf41-44dd-978b-337655c861f4 req-b518a008-bf41-44dd-978b-337655c861f4 ] Request (FloatingIPsTestJSON:tearDownClass): 204 DELETE http://10.180.1.21:9696/networking/v2.0/security-groups/d5b01585-121b-4113-903c-cb9afb9807a5 0.139s
2025-03-11 12:31:20.707 70282 INFO tempest.lib.common.rest_client [req-eab53b02-8cc7-46dc-bd5a-0a610653e3be req-eab53b02-8cc7-46dc-bd5a-0a610653e3be ] Request (ServersAdminTestJSON:test_create_server_with_scheduling_hint): 202 POST http://10.180.1.21/compute/v2.1/servers 1.722s
2025-03-11 12:31:20.708 70314 INFO tempest.lib.common.rest_client [req-7dce63a8-1cbe-4c2d-ae22-c2c3d81ee2d7 req-7dce63a8-1cbe-4c2d-ae22-c2c3d81ee2d7 ] Request (SecurityGroupRulesTestJSON:test_security_group_rules_delete_when_peer_group_deleted): 202 DELETE http://10.180.1.21/compute/v2.1/os-security-groups/ba1180ee-bdc5-4ffc-b875-306280ebe0c1 1.461s
2025-03-11 12:31:20.713 70306 INFO tempest.lib.common.rest_client [req-463b53f8-b965-4bed-92b2-595f65f93275 req-463b53f8-b965-4bed-92b2-595f65f93275 ] Request (VolumesNegativeTest:test_get_volume_without_passing_volume_id): 404 GET http://10.180.1.21/compute/v2.1/os-volumes/ 1.457s
2025-03-11 12:31:20.720 70324 INFO tempest.lib.common.rest_client [req-9b124a50-b620-4fb3-860c-6e46bd012fce req-9b124a50-b620-4fb3-860c-6e46bd012fce ] Request (AggregatesAdminNegativeTestJSON:test_aggregate_remove_host_as_user): 403 POST http://10.180.1.21/compute/v2.1/os-aggregates/7/action 1.339s
2025-03-11 12:31:20.788 70304 INFO tempest.lib.common.rest_client [req-921de5c9-0fe7-4c7b-a970-56c7065c03ea req-921de5c9-0fe7-4c7b-a970-56c7065c03ea ] Request (FloatingIPsTestJSON:tearDownClass): 204 DELETE http://10.180.1.21/identity/v3/projects/a5f3cae2af024afd84d8a702609638ba 0.139s
2025-03-11 12:31:20.834 70290 INFO tempest.lib.common.rest_client [req-4e1e42c8-90fc-47f1-ae85-397fb708cefb req-4e1e42c8-90fc-47f1-ae85-397fb708cefb ] Request (ImagesNegativeTestJSON:test_create_image_from_deleted_server): 200 GET http://10.180.1.21/compute/v2.1/servers/443382a8-64af-4f13-b7ab-11234fb13fcf 1.458s
2025-03-11 12:31:20.855 70304 INFO tempest.lib.common.rest_client [req-685942e5-3a52-45e9-a5e4-ca5a6ef816d8 req-685942e5-3a52-45e9-a5e4-ca5a6ef816d8 ] Request (ImagesMetadataNegativeTestJSON:setUpClass): 201 POST http://10.180.1.21/identity/v3/auth/tokens 0.065s
2025-03-11 12:31:20.885 70304 INFO tempest.lib.common.rest_client [req-fb216312-bd80-43a1-8283-533792319413 req-fb216312-bd80-43a1-8283-533792319413 ] Request (ImagesMetadataNegativeTestJSON:setUpClass): 201 POST http://10.180.1.21/identity/v3/auth/tokens 0.028s
2025-03-11 12:31:20.911 70304 INFO tempest.lib.common.rest_client [req-56e79886-365c-4674-a76e-df4784273de4 req-56e79886-365c-4674-a76e-df4784273de4 ] Request (ImagesMetadataNegativeTestJSON:setUpClass): 200 GET http://10.180.1.21/identity/v3/domains?name=Default 0.026s
2025-03-11 12:31:20.943 70304 INFO tempest.lib.common.rest_client [req-79340d1d-9d57-41b3-9f17-507e9ddcfdcc req-79340d1d-9d57-41b3-9f17-507e9ddcfdcc ] Request (ImagesMetadataNegativeTestJSON:setUpClass): 201 POST http://10.180.1.21/identity/v3/projects 0.031s
2025-03-11 12:31:21.022 70304 INFO tempest.lib.common.rest_client [req-84cc292d-e0a5-461f-b06e-696ccb0e4127 req-84cc292d-e0a5-461f-b06e-696ccb0e4127 ] Request (ImagesMetadataNegativeTestJSON:setUpClass): 201 POST http://10.180.1.21/identity/v3/users 0.079s
2025-03-11 12:31:21.053 70304 INFO tempest.lib.common.rest_client [req-56777903-e7a0-4f59-af12-21db327fa540 req-56777903-e7a0-4f59-af12-21db327fa540 ] Request (ImagesMetadataNegativeTestJSON:setUpClass): 200 GET http://10.180.1.21/identity/v3/roles 0.030s
2025-03-11 12:31:21.087 70304 INFO tempest.lib.common.rest_client [req-c23e7cde-9c19-45c1-9ca8-91a9f2ac5040 req-c23e7cde-9c19-45c1-9ca8-91a9f2ac5040 ] Request (ImagesMetadataNegativeTestJSON:setUpClass): 204 PUT http://10.180.1.21/identity/v3/projects/6ca4a6b4cbc14de38e55ed74d2b864bf/users/8c9a9a8ab10b41039e010e17b42951c5/roles/2c0ac3dcbde24dec893f5a493bf7a509 0.033s
2025-03-11 12:31:21.087 70304 INFO tempest.lib.common.dynamic_creds [-] Dynamic test user 8c9a9a8ab10b41039e010e17b42951c5 is created with scope project and roles: ['member']
2025-03-11 12:31:21.087 70304 INFO tempest.lib.common.dynamic_creds [-] Acquired dynamic creds: credentials: Credentials: {'domain_id': 'default', 'domain_name': 'Default', 'username': 'tempest-ImagesMetadataNegativeTestJSON-804808000-project-member', 'project_domain_id': 'default', 'project_domain_name': 'Default', 'project_id': '6ca4a6b4cbc14de38e55ed74d2b864bf', 'project_name': 'tempest-ImagesMetadataNegativeTestJSON-804808000', 'tenant_id': '6ca4a6b4cbc14de38e55ed74d2b864bf', 'tenant_name': 'tempest-ImagesMetadataNegativeTestJSON-804808000', 'user_domain_id': 'default', 'user_domain_name': 'Default', 'user_id': '8c9a9a8ab10b41039e010e17b42951c5', 'system': None}, Network: None, Subnet: None, Router: None
2025-03-11 12:31:21.087 70304 INFO tempest.lib.common.dynamic_creds [-] Created isolated network resources for: credentials: Credentials: {'domain_id': 'default', 'domain_name': 'Default', 'username': 'tempest-ImagesMetadataNegativeTestJSON-804808000-project-member', 'project_domain_id': 'default', 'project_domain_name': 'Default', 'project_id': '6ca4a6b4cbc14de38e55ed74d2b864bf', 'project_name': 'tempest-ImagesMetadataNegativeTestJSON-804808000', 'tenant_id': '6ca4a6b4cbc14de38e55ed74d2b864bf', 'tenant_name': 'tempest-ImagesMetadataNegativeTestJSON-804808000', 'user_domain_id': 'default', 'user_domain_name': 'Default', 'user_id': '8c9a9a8ab10b41039e010e17b42951c5', 'system': None}, Network: None, Subnet: None, Router: None
2025-03-11 12:31:21.145 70296 INFO tempest.lib.common.rest_client [req-5e6f8702-7aaf-43d1-b474-9aa86caf5bb0 req-5e6f8702-7aaf-43d1-b474-9aa86caf5bb0 ] Request (ServersTestFqdnHostnames:test_create_server_with_fqdn_name): 200 GET http://10.180.1.21/compute/v2.1/servers/75e952e7-6761-49a4-9193-175f5d30494e 1.644s
2025-03-11 12:31:21.191 70304 INFO tempest.lib.common.rest_client [req-e6d4b144-4e56-42d1-9787-d6ff1b69ee61 req-e6d4b144-4e56-42d1-9787-d6ff1b69ee61 ] Request (ImagesMetadataNegativeTestJSON:setUpClass): 201 POST http://10.180.1.21/identity/v3/auth/tokens 0.099s
2025-03-11 12:31:21.266 70310 INFO tempest.lib.common.rest_client [req-94fd27d6-a981-44ba-bed9-1495d1f58fc9 req-94fd27d6-a981-44ba-bed9-1495d1f58fc9 ] Request (FloatingIPsAssociationNegativeTestJSON:setUpClass): 200 GET http://10.180.1.21/compute/v2.1/servers/70e5674d-4627-4720-9b87-955c2749e010 1.668s
2025-03-11 12:31:21.283 70286 INFO tempest.lib.common.rest_client [req-1681e761-8109-4403-9b27-c2f7bdd0f601 req-1681e761-8109-4403-9b27-c2f7bdd0f601 ] Request (ServersAdmin275Test:test_rebuild_update_server_275): 202 POST http://10.180.1.21/compute/v2.1/servers/316ab41e-d3c1-4cef-8d63-a138e21d0ea3/action 1.751s
2025-03-11 12:31:21.360 70276 INFO tempest.lib.common.rest_client [req-3d9faf79-103a-4b95-81d7-a41ef97c3dce req-3d9faf79-103a-4b95-81d7-a41ef97c3dce ] Request (ServerDiagnosticsNegativeTest:tearDownClass): 200 GET http://10.180.1.21/compute/v2.1/servers/1232f601-3339-4fc2-92b2-aa550af90b01 1.737s
2025-03-11 12:31:21.424 70328 INFO tempest.lib.common.rest_client [req-4e1907b3-a319-462d-ba2b-66d8d0644835 req-4e1907b3-a319-462d-ba2b-66d8d0644835 ] Request (ServersWithSpecificFlavorTestJSON:test_verify_created_server_ephemeral_disk): 200 GET http://10.180.1.21/compute/v2.1/servers/8dcd6786-de5e-4fa0-a6c1-66ff9cf84fd6 1.652s
2025-03-11 12:31:21.479 70274 INFO tempest.lib.common.rest_client [req-1edd444a-496c-4fe2-bb81-9b026d14280b req-1edd444a-496c-4fe2-bb81-9b026d14280b ] Request (ImagesOneServerNegativeTestJSON:setUpClass): 200 GET http://10.180.1.21/compute/v2.1/servers/803e9885-000f-4696-9fb9-03361ef46538 1.798s
2025-03-11 12:31:21.483 70308 INFO tempest.lib.common.rest_client [-] Request (TestVersions:test_get_version_details): 200 GET http://10.180.1.21/compute/ 1.596s
2025-03-11 12:31:21.487 70274 INFO tempest.common.waiters [-] State transition "BUILD/None" ==> "BUILD/networking" after 22 second wait
2025-03-11 12:31:21.502 70312 INFO tempest.lib.common.rest_client [req-37270528-134c-41d8-868f-2dc56ce8dccd req-37270528-134c-41d8-868f-2dc56ce8dccd ] Request (MultipleCreateTestJSON:test_multiple_create): 200 GET http://10.180.1.21/compute/v2.1/servers/367665db-def4-4148-a316-b83378e00ba8 1.669s
2025-03-11 12:31:21.551 70280 INFO tempest.lib.common.rest_client [req-9c5cd5cf-7eab-4240-9b61-bbf18bf3db00 req-9c5cd5cf-7eab-4240-9b61-bbf18bf3db00 ] Request (AttachInterfacesV270Test:test_create_get_list_interfaces): 200 GET http://10.180.1.21/compute/v2.1/servers/e87e1839-9fef-462d-b1ab-842ef76828a4 1.604s
2025-03-11 12:31:21.571 70298 INFO tempest.lib.common.rest_client [req-d0b25ae8-4f8d-4ac7-a1c2-30d2ce51155d req-d0b25ae8-4f8d-4ac7-a1c2-30d2ce51155d ] Request (ServerGroupTestJSON:test_create_server_with_scheduler_hint_group): 200 GET http://10.180.1.21/compute/v2.1/servers/55dd32b0-e67f-4943-86e8-b9956267fedc 1.527s
2025-03-11 12:31:21.599 70300 INFO tempest.lib.common.rest_client [req-a8190131-6245-480a-a227-4f4e206be4c8 req-a8190131-6245-480a-a227-4f4e206be4c8 ] Request (VolumesSnapshotsTestJSON:_run_cleanups): 404 GET http://10.180.1.21/compute/v2.1/os-volumes/e2ca6488-243c-4806-8bdd-dadc9a80a7a9 1.495s
2025-03-11 12:31:21.635 70320 INFO tempest.lib.common.rest_client [req-ec53a5e5-c97e-407d-8804-c028a0c3b319 req-ec53a5e5-c97e-407d-8804-c028a0c3b319 ] Request (ServersListShow2100Test:test_list_show_rebuild_update_server_2100): 200 GET http://10.180.1.21/compute/v2.1/servers/f36c29d1-b945-4afe-abbd-431e59de7cec 1.577s
2025-03-11 12:31:21.657 70326 INFO tempest.lib.common.rest_client [req-c758e3c2-1784-452d-ba78-efb89103617a req-c758e3c2-1784-452d-ba78-efb89103617a ] Request (InstanceActionsNegativeTestJSON:setUpClass): 200 GET http://10.180.1.21/compute/v2.1/servers/9717f586-cedc-4f21-9ea6-7bf6e2991327 1.518s
2025-03-11 12:31:21.689 70302 INFO tempest.lib.common.rest_client [req-e1f92918-63c5-43e2-a004-f039ff538a70 req-e1f92918-63c5-43e2-a004-f039ff538a70 ] Request (ServersTestMultiNic:test_verify_duplicate_network_nics): 200 GET http://10.180.1.21/compute/v2.1/servers/c512ee01-7d45-49f0-b2ce-659392527264 1.249s
2025-03-11 12:31:21.836 70294 INFO tempest.lib.common.rest_client [req-33c4d5e8-6514-4042-9c45-f197c0fbb5c9 req-33c4d5e8-6514-4042-9c45-f197c0fbb5c9 ] Request (MigrationsAdminTest:test_list_migrations_in_flavor_resize_situation): 200 GET http://10.180.1.21/compute/v2.1/servers/63d6a59a-d58c-4179-ad39-eb9863e6f84c 1.215s
2025-03-11 12:31:21.858 70318 INFO tempest.lib.common.rest_client [req-f09004c4-1230-4696-9665-9da0ba1b5de4 req-f09004c4-1230-4696-9665-9da0ba1b5de4 ] Request (SecurityGroupRulesNegativeTestJSON:tearDownClass): 202 DELETE http://10.180.1.21/compute/v2.1/os-security-groups/157bf6e6-d46e-4f4a-8e22-f127cf41140f 1.328s
2025-03-11 12:31:21.893 70288 INFO tempest.lib.common.rest_client [req-209c6940-96a8-424b-81f4-501cfc2a42fb req-209c6940-96a8-424b-81f4-501cfc2a42fb ] Request (DeleteServersAdminTestJSON:test_admin_delete_servers_of_others): 200 GET http://10.180.1.21/compute/v2.1/servers/1d5b8fb7-eeb0-49da-acdf-53b7741e863e 1.189s
2025-03-11 12:31:21.917 70314 INFO tempest.lib.common.rest_client [req-94903f83-5640-40b9-981d-3c00bcd4bacb req-94903f83-5640-40b9-981d-3c00bcd4bacb ] Request (SecurityGroupRulesTestJSON:test_security_group_rules_delete_when_peer_group_deleted): 200 GET http://10.180.1.21/compute/v2.1/os-security-groups/76f1168d-83c9-4f7a-852c-ba1eb07faaa5 1.209s
2025-03-11 12:31:21.940 70282 INFO tempest.lib.common.rest_client [req-0f8d2d5a-dfea-45e3-88a1-2b88a7b456fc req-0f8d2d5a-dfea-45e3-88a1-2b88a7b456fc ] Request (ServersAdminTestJSON:test_create_server_with_scheduling_hint): 200 GET http://10.180.1.21/compute/v2.1/servers/2358d8f6-7fbc-4f30-93ad-27f4d96aefa7 1.231s
2025-03-11 12:31:21.942 70306 INFO tempest.lib.common.rest_client [req-2314af13-73f0-4e45-b25d-11e22247a1a4 req-2314af13-73f0-4e45-b25d-11e22247a1a4 ] Request (VolumesNegativeTest:test_volume_delete_nonexistent_volume_id): 404 DELETE http://10.180.1.21/compute/v2.1/os-volumes/4497b27b-070a-46eb-93d6-8548b4e07933 1.227s
2025-03-11 12:31:22.109 70330 INFO tempest.lib.common.rest_client [req-55dac8bf-05a8-4642-a8fc-5aac11964df9 req-55dac8bf-05a8-4642-a8fc-5aac11964df9 ] Request (VolumesAssistedSnapshotsTest:test_volume_assisted_snapshot_create_delete): 200 GET http://10.180.1.21/compute/v2.1/servers/9e9973e1-feb8-4fd7-95ae-e6d824af5a64 1.320s
2025-03-11 12:31:22.169 70324 INFO tempest.lib.common.rest_client [req-0d880d4d-2688-4522-bd03-f2bba790a88e req-0d880d4d-2688-4522-bd03-f2bba790a88e ] Request (AggregatesAdminNegativeTestJSON:_run_cleanups): 200 POST http://10.180.1.21/compute/v2.1/os-aggregates/7/action 1.447s
2025-03-11 12:31:22.181 70292 INFO tempest.lib.common.rest_client [req-9fcbc023-bed8-4877-b083-c17e2bbfc68d req-9fcbc023-bed8-4877-b083-c17e2bbfc68d ] Request (ServerDiagnosticsV248Test:tearDownClass): 200 GET http://10.180.1.21/compute/v2.1/servers/48f6ebca-d7fe-4086-80f4-0b89789dcddb 1.270s
2025-03-11 12:31:22.249 70272 INFO tempest.lib.common.rest_client [req-616dc3ec-225c-460e-b490-63158a222470 req-616dc3ec-225c-460e-b490-63158a222470 ] Request (TenantUsagesTestJSON:tearDownClass): 200 GET http://10.180.1.21/compute/v2.1/servers/317e3366-4aec-4c80-bcf9-df84bc5e9939 1.262s
2025-03-11 12:31:22.255 70278 INFO tempest.lib.common.rest_client [req-e1c493f9-128b-40af-8227-1fdf0a902398 req-e1c493f9-128b-40af-8227-1fdf0a902398 ] Request (ServersAdminNegativeTestJSON:setUpClass): 200 GET http://10.180.1.21/compute/v2.1/servers/6aacfc4e-32b4-40d7-8240-e4449cf78925 1.201s
2025-03-11 12:31:22.288 70270 INFO tempest.lib.common.rest_client [req-a767acb7-0223-476f-a6af-4c62b5365328 req-a767acb7-0223-476f-a6af-4c62b5365328 ] Request (VolumesAdminNegativeTest:setUpClass): 200 PUT http://10.180.1.21:9696/networking/v2.0/routers/3849bdce-ccf2-45a5-8ccb-d54154c36196/add_router_interface 1.718s
2025-03-11 12:31:22.288 70270 INFO tempest.lib.common.dynamic_creds [-] Created isolated network resources for: credentials: Credentials: {'domain_id': 'default', 'domain_name': 'Default', 'username': 'tempest-VolumesAdminNegativeTest-1005914206-project-member', 'project_domain_id': 'default', 'project_domain_name': 'Default', 'project_id': '3185ee244cc74a8896b062af9d4e1478', 'project_name': 'tempest-VolumesAdminNegativeTest-1005914206', 'tenant_id': '3185ee244cc74a8896b062af9d4e1478', 'tenant_name': 'tempest-VolumesAdminNegativeTest-1005914206', 'user_domain_id': 'default', 'user_domain_name': 'Default', 'user_id': 'c345e7849e994e38b9b5a050255115a6', 'system': None}, Network: {'id': '8f28d0df-43ec-4e28-b4e5-7007b665b70f', 'name': 'tempest-VolumesAdminNegativeTest-1881204323-network', 'tenant_id': '3185ee244cc74a8896b062af9d4e1478', 'admin_state_up': True, 'mtu': 8950, 'status': 'ACTIVE', 'subnets': [], 'shared': False, 'project_id': '3185ee244cc74a8896b062af9d4e1478', 'port_security_enabled': True, 'router:external': False, 'provider:network_type': 'vlan', 'provider:physical_network': 'default', 'provider:segmentation_id': 730, 'availability_zone_hints': [], 'availability_zones': [], 'ipv4_address_scope': None, 'ipv6_address_scope': None, 'description': '', 'tags': [], 'created_at': '2025-03-11T12:31:18Z', 'updated_at': '2025-03-11T12:31:18Z', 'revision_number': 1}, Subnet: {'id': '4cbcecdb-a66d-44da-97d0-176faebdda32', 'name': 'tempest-VolumesAdminNegativeTest-1881204323-subnet', 'tenant_id': '3185ee244cc74a8896b062af9d4e1478', 'network_id': '8f28d0df-43ec-4e28-b4e5-7007b665b70f', 'ip_version': 4, 'subnetpool_id': None, 'enable_dhcp': True, 'ipv6_ra_mode': None, 'ipv6_address_mode': None, 'gateway_ip': '192.168.128.1', 'cidr': '192.168.128.0/28', 'allocation_pools': [{'start': '192.168.128.2', 'end': '192.168.128.14'}], 'host_routes': [], 'dns_nameservers': [], 'description': '', 'router:external': False, 'service_types': [], 'tags': [], 'created_at': '2025-03-11T12:31:19Z', 'updated_at': '2025-03-11T12:31:19Z', 'revision_number': 0, 'project_id': '3185ee244cc74a8896b062af9d4e1478'}, Router: {'id': '3849bdce-ccf2-45a5-8ccb-d54154c36196', 'name': 'tempest-VolumesAdminNegativeTest-1881204323-router', 'tenant_id': '3185ee244cc74a8896b062af9d4e1478', 'admin_state_up': True, 'status': 'ACTIVE', 'external_gateway_info': {'network_id': '93881afb-0686-4c03-8668-76c9d1b554da', 'external_fixed_ips': [{'subnet_id': '1bf4a2e6-4c9e-4ad9-849d-345711ec7c4d', 'ip_address': '10.180.180.159'}], 'enable_snat': True}, 'description': '', 'availability_zones': [], 'distributed': False, 'ha': False, 'availability_zone_hints': [], 'routes': [], 'flavor_id': None, 'tags': [], 'created_at': '2025-03-11T12:31:19Z', 'updated_at': '2025-03-11T12:31:20Z', 'revision_number': 2, 'project_id': '3185ee244cc74a8896b062af9d4e1478'}
2025-03-11 12:31:22.303 70332 INFO tempest.lib.common.rest_client [req-dec1f262-65a1-4ed8-8aa0-066e6a20815e req-dec1f262-65a1-4ed8-8aa0-066e6a20815e ] Request (ServerAddressesTestJSON:setUpClass): 200 GET http://10.180.1.21/compute/v2.1/servers/e6cb7f94-9629-4eec-bd2c-5bc2b4583bf4 1.172s
2025-03-11 12:31:22.358 70304 INFO tempest.lib.common.rest_client [req-1afd2e5d-d484-4b62-b68d-b9a1615d6d22 req-1afd2e5d-d484-4b62-b68d-b9a1615d6d22 ] Request (ImagesMetadataNegativeTestJSON:test_delete_nonexistent_image_metadata_item): 404 DELETE http://10.180.1.21/compute/v2.1/images/5c04443a-120a-47ee-ab6f-8483e44326c1/metadata/os_distro 1.165s
2025-03-11 12:31:22.359 70270 INFO tempest.lib.common.rest_client [req-2eb265de-d481-449c-9aaf-2d61e6bcd609 req-2eb265de-d481-449c-9aaf-2d61e6bcd609 ] Request (VolumesAdminNegativeTest:setUpClass): 201 POST http://10.180.1.21/identity/v3/auth/tokens 0.066s
2025-03-11 12:31:22.368 70322 INFO tempest.lib.common.rest_client [req-71f16100-3ad3-4a08-af67-864a8f432ead req-71f16100-3ad3-4a08-af67-864a8f432ead ] Request (ServerExternalEventsTest:tearDownClass): 200 GET http://10.180.1.21/compute/v2.1/servers/7ea91d3b-1e43-45cd-9bff-e144c63177c8 1.149s
2025-03-11 12:31:22.376 70322 INFO tempest.common.waiters [-] State transition "ACTIVE/deleting" ==> "DELETED/None" after 5 second wait
2025-03-11 12:31:22.431 70270 INFO tempest.lib.common.rest_client [req-5c1fa27a-3c34-45cf-840e-e775c30b8999 req-5c1fa27a-3c34-45cf-840e-e775c30b8999 ] Request (VolumesAdminNegativeTest:setUpClass): 201 POST http://10.180.1.21/identity/v3/projects 0.071s
2025-03-11 12:31:22.452 70286 INFO tempest.lib.common.rest_client [req-448cbeee-5171-48ab-b8da-d2006109f14c req-448cbeee-5171-48ab-b8da-d2006109f14c ] Request (ServersAdmin275Test:_run_cleanups): 200 GET http://10.180.1.21/compute/v2.1/servers/316ab41e-d3c1-4cef-8d63-a138e21d0ea3 1.155s
2025-03-11 12:31:22.469 70316 INFO tempest.lib.common.rest_client [req-6ee835ff-0884-4a44-979e-0f3244daf4bc req-6ee835ff-0884-4a44-979e-0f3244daf4bc ] Request (ImagesTestJSON:test_create_image_from_stopped_server): 200 GET http://10.180.1.21/compute/v2.1/servers/f3ae584d-18a5-4bbe-b4bf-860e2332b324 1.210s
2025-03-11 12:31:22.494 70308 INFO tempest.lib.common.rest_client [req-82742507-833c-44dd-9e51-5cbc4b8e1c62 req-82742507-833c-44dd-9e51-5cbc4b8e1c62 ] Request (TestVersions:test_get_version_details): 200 GET http://10.180.1.21/compute/v2/ 1.008s
2025-03-11 12:31:22.497 70270 INFO tempest.lib.common.rest_client [req-1e6ff0a0-280a-4d46-9504-cad02289f2ee req-1e6ff0a0-280a-4d46-9504-cad02289f2ee ] Request (VolumesAdminNegativeTest:setUpClass): 201 POST http://10.180.1.21/identity/v3/users 0.065s
2025-03-11 12:31:22.525 70284 INFO tempest.lib.common.rest_client [req-054dcab9-ac20-4452-becc-1e9202a29a2c req-054dcab9-ac20-4452-becc-1e9202a29a2c ] Request (ServerDiagnosticsTest:tearDownClass): 200 GET http://10.180.1.21/compute/v2.1/servers/dc548f2f-e6d6-4273-8c24-b4f52842e0d2 1.198s
2025-03-11 12:31:22.530 70300 INFO tempest.lib.common.rest_client [req-aeb06f3f-4e5a-40d9-9d35-957b0bb92600 req-aeb06f3f-4e5a-40d9-9d35-957b0bb92600 ] Request (VolumesSnapshotsTestJSON:tearDownClass): 404 DELETE http://10.180.1.21/compute/v2.1/os-volumes/e2ca6488-243c-4806-8bdd-dadc9a80a7a9 0.926s
2025-03-11 12:31:22.542 70270 INFO tempest.lib.common.rest_client [req-b684b3bc-44fa-4eca-ba7c-ce98556e560e req-b684b3bc-44fa-4eca-ba7c-ce98556e560e ] Request (VolumesAdminNegativeTest:setUpClass): 200 GET http://10.180.1.21/identity/v3/roles 0.045s
2025-03-11 12:31:22.579 70270 INFO tempest.lib.common.rest_client [req-04858e15-c6f3-4c1b-94cc-8c2dfe338ef1 req-04858e15-c6f3-4c1b-94cc-8c2dfe338ef1 ] Request (VolumesAdminNegativeTest:setUpClass): 204 PUT http://10.180.1.21/identity/v3/projects/f6e458db5c1041b39494c04ff0e99dc3/users/9405ecb2369c4ec59543bea79b0df6d0/roles/1cbe2b73baf544fa8a1bb46d0ba12ca1 0.036s
2025-03-11 12:31:22.638 70270 INFO tempest.lib.common.rest_client [req-4e78c59b-ca28-4c5d-b99b-acaef21a9a28 req-4e78c59b-ca28-4c5d-b99b-acaef21a9a28 ] Request (VolumesAdminNegativeTest:setUpClass): 200 GET http://10.180.1.21/identity/v3/roles 0.058s
2025-03-11 12:31:22.638 70318 INFO tempest.lib.common.rest_client [req-e9037451-d350-496a-b6a3-0a0cdad417e2 req-e9037451-d350-496a-b6a3-0a0cdad417e2 ] Request (SecurityGroupRulesNegativeTestJSON:tearDownClass): 202 DELETE http://10.180.1.21/compute/v2.1/os-security-groups/f1098f48-484d-4755-b2a7-330b1ef6bbb3 0.779s
2025-03-11 12:31:22.641 70290 INFO tempest.lib.common.rest_client [req-27750735-5446-4355-9d54-7b3a99a0efb9 req-27750735-5446-4355-9d54-7b3a99a0efb9 ] Request (ImagesNegativeTestJSON:test_create_image_from_deleted_server): 200 GET http://10.180.1.21/compute/v2.1/servers/443382a8-64af-4f13-b7ab-11234fb13fcf 0.796s
2025-03-11 12:31:22.650 70290 INFO tempest.common.waiters [-] State transition "BUILD/spawning" ==> "ACTIVE/None" after 34 second wait
2025-03-11 12:31:22.668 70270 INFO tempest.lib.common.rest_client [req-52b183e1-17c9-4d9a-aa80-48f9fee45a35 req-52b183e1-17c9-4d9a-aa80-48f9fee45a35 ] Request (VolumesAdminNegativeTest:setUpClass): 204 PUT http://10.180.1.21/identity/v3/projects/f6e458db5c1041b39494c04ff0e99dc3/users/9405ecb2369c4ec59543bea79b0df6d0/roles/1cbe2b73baf544fa8a1bb46d0ba12ca1 0.029s
2025-03-11 12:31:22.668 70270 INFO tempest.lib.common.dynamic_creds [-] Dynamic test user 9405ecb2369c4ec59543bea79b0df6d0 is created with scope project and roles: ['admin']
2025-03-11 12:31:22.668 70270 INFO tempest.lib.common.dynamic_creds [-] Acquired dynamic creds: credentials: Credentials: {'domain_id': 'default', 'domain_name': 'Default', 'username': 'tempest-VolumesAdminNegativeTest-1813291581-project-admin', 'project_domain_id': 'default', 'project_domain_name': 'Default', 'project_id': 'f6e458db5c1041b39494c04ff0e99dc3', 'project_name': 'tempest-VolumesAdminNegativeTest-1813291581', 'tenant_id': 'f6e458db5c1041b39494c04ff0e99dc3', 'tenant_name': 'tempest-VolumesAdminNegativeTest-1813291581', 'user_domain_id': 'default', 'user_domain_name': 'Default', 'user_id': '9405ecb2369c4ec59543bea79b0df6d0', 'system': None}, Network: None, Subnet: None, Router: None
2025-03-11 12:31:22.677 70306 INFO tempest.lib.common.rest_client [req-0c4b8aa6-d199-487c-93c5-cdbda36edf5e req-0c4b8aa6-d199-487c-93c5-cdbda36edf5e ] Request (VolumesNegativeTest:test_volume_get_nonexistent_volume_id): 404 GET http://10.180.1.21/compute/v2.1/os-volumes/4e81b0ac-bbd8-43c5-886b-471b23c288cc 0.733s
2025-03-11 12:31:22.795 70314 INFO tempest.lib.common.rest_client [req-1f5c426f-e309-46b1-bc91-3b30ebe8fe2e req-1f5c426f-e309-46b1-bc91-3b30ebe8fe2e ] Request (SecurityGroupRulesTestJSON:test_security_group_rules_list): 200 POST http://10.180.1.21/compute/v2.1/os-security-groups 0.873s
2025-03-11 12:31:22.796 70306 INFO tempest.lib.common.rest_client [req-3dcd0503-511c-4e87-a302-5f953c80917e req-3dcd0503-511c-4e87-a302-5f953c80917e ] Request (VolumesNegativeTest:tearDownClass): 204 DELETE http://10.180.1.21/identity/v3/users/0a002126be2d4ce99adafce05ee299b6 0.115s
2025-03-11 12:31:22.797 70306 INFO tempest.lib.common.dynamic_creds [-] Deleting project and security group for project: 386c0d43efca4ec091700d8f55ed3aa2
2025-03-11 12:31:22.818 70324 INFO tempest.lib.common.rest_client [req-46eabe75-64d0-41af-b1ac-e31688e899e1 req-46eabe75-64d0-41af-b1ac-e31688e899e1 ] Request (AggregatesAdminNegativeTestJSON:_run_cleanups): 200 DELETE http://10.180.1.21/compute/v2.1/os-aggregates/7 0.645s
2025-03-11 12:31:22.873 70306 INFO tempest.lib.common.rest_client [req-5d1b3254-1ab0-4de1-a132-668c3f0f382b req-5d1b3254-1ab0-4de1-a132-668c3f0f382b ] Request (VolumesNegativeTest:tearDownClass): 201 POST http://10.180.1.21/identity/v3/auth/tokens 0.076s
2025-03-11 12:31:22.881 70310 INFO tempest.lib.common.rest_client [req-7192eba1-046a-4b80-b25b-e2eed2451942 req-7192eba1-046a-4b80-b25b-e2eed2451942 ] Request (FloatingIPsAssociationNegativeTestJSON:setUpClass): 200 GET http://10.180.1.21/compute/v2.1/servers/70e5674d-4627-4720-9b87-955c2749e010 0.606s
2025-03-11 12:31:22.902 70304 INFO tempest.lib.common.rest_client [req-53cbf4cf-e763-496a-8ee3-91092b6a8fdc req-53cbf4cf-e763-496a-8ee3-91092b6a8fdc ] Request (ImagesMetadataNegativeTestJSON:test_get_nonexistent_image_metadata_item): 404 GET http://10.180.1.21/compute/v2.1/images/e128a60e-644a-451b-afed-ac870188b109/metadata/os_version 0.542s
2025-03-11 12:31:22.920 70296 INFO tempest.lib.common.rest_client [req-6d4cecc6-c9b0-4c9d-bfa3-38206a721390 req-6d4cecc6-c9b0-4c9d-bfa3-38206a721390 ] Request (ServersTestFqdnHostnames:test_create_server_with_fqdn_name): 200 GET http://10.180.1.21/compute/v2.1/servers/75e952e7-6761-49a4-9193-175f5d30494e 0.760s
2025-03-11 12:31:22.978 70328 INFO tempest.lib.common.rest_client [req-76095ed8-1007-4f98-9bb2-d85fe5c662c5 req-76095ed8-1007-4f98-9bb2-d85fe5c662c5 ] Request (ServersWithSpecificFlavorTestJSON:test_verify_created_server_ephemeral_disk): 200 GET http://10.180.1.21/compute/v2.1/servers/8dcd6786-de5e-4fa0-a6c1-66ff9cf84fd6 0.541s
2025-03-11 12:31:22.991 70276 INFO tempest.lib.common.rest_client [req-d3ff095f-10af-4011-b249-cb7efdc8f2bc req-d3ff095f-10af-4011-b249-cb7efdc8f2bc ] Request (ServerDiagnosticsNegativeTest:tearDownClass): 200 GET http://10.180.1.21/compute/v2.1/servers/1232f601-3339-4fc2-92b2-aa550af90b01 0.620s
2025-03-11 12:31:22.997 70308 INFO tempest.lib.common.rest_client [req-8433bf61-bce7-446a-a067-bd3251f31ecc req-8433bf61-bce7-446a-a067-bd3251f31ecc ] Request (TestVersions:test_get_version_details): 200 GET http://10.180.1.21/compute/v2.1/ 0.501s
2025-03-11 12:31:23.010 70270 INFO tempest.lib.common.rest_client [req-ff637e15-5e76-4f6f-b084-31cbb3a42d24 req-ff637e15-5e76-4f6f-b084-31cbb3a42d24 ] Request (VolumesAdminNegativeTest:setUpClass): 201 POST http://10.180.1.21:9696/networking/v2.0/networks 0.341s
2025-03-11 12:31:23.059 70312 INFO tempest.lib.common.rest_client [req-d5e1b513-1042-49af-ba74-956769b44809 req-d5e1b513-1042-49af-ba74-956769b44809 ] Request (MultipleCreateTestJSON:test_multiple_create): 200 GET http://10.180.1.21/compute/v2.1/servers/367665db-def4-4148-a316-b83378e00ba8 0.547s
2025-03-11 12:31:23.095 70306 INFO tempest.lib.common.rest_client [req-93cbf3d7-76c4-4fdc-93d1-c4d01f5527f8 req-93cbf3d7-76c4-4fdc-93d1-c4d01f5527f8 ] Request (VolumesNegativeTest:tearDownClass): 200 GET http://10.180.1.21:9696/networking/v2.0/security-groups?tenant_id=386c0d43efca4ec091700d8f55ed3aa2&name=default 0.222s
2025-03-11 12:31:23.100 70300 INFO tempest.lib.common.rest_client [req-d5cb12e3-5c9a-49d7-93da-3b0af3585174 req-d5cb12e3-5c9a-49d7-93da-3b0af3585174 ] Request (VolumesSnapshotsTestJSON:tearDownClass): 404 GET http://10.180.1.21/compute/v2.1/os-volumes/e2ca6488-243c-4806-8bdd-dadc9a80a7a9 0.570s
2025-03-11 12:31:23.180 70280 INFO tempest.lib.common.rest_client [req-76ccd1bd-8484-4f1b-9084-eb4067c3b7d7 req-76ccd1bd-8484-4f1b-9084-eb4067c3b7d7 ] Request (AttachInterfacesV270Test:test_create_get_list_interfaces): 200 GET http://10.180.1.21/compute/v2.1/servers/e87e1839-9fef-462d-b1ab-842ef76828a4 0.615s
2025-03-11 12:31:23.200 70300 INFO tempest.lib.common.rest_client [req-384f5813-7053-4f08-9546-34bea64325dd req-384f5813-7053-4f08-9546-34bea64325dd ] Request (VolumesSnapshotsTestJSON:tearDownClass): 204 DELETE http://10.180.1.21/identity/v3/users/2ac4a4eb301f40ddb1d6dc5b97d9b764 0.099s
2025-03-11 12:31:23.200 70300 INFO tempest.lib.common.dynamic_creds [-] Deleting project and security group for project: cfe193787cd24205a42b1b301f684997
