2025-03-11 12:32:33.991 70286 INFO tempest.lib.common.rest_client [req-0f7ec6bd-2669-49c7-830d-56ff9257fcb7 req-0f7ec6bd-2669-49c7-830d-56ff9257fcb7 ] Request (ServersTestJSON:setUpClass): 200 GET http://10.180.1.21/compute/v2.1/servers/c06a2540-e77d-48c0-967f-94e2a53c4d8f 0.140s
2025-03-11 12:32:34.042 70294 INFO tempest.lib.common.rest_client [req-c314013c-efd6-400e-a761-ebf4c52fa9ed req-c314013c-efd6-400e-a761-ebf4c52fa9ed ] Request (MigrationsAdminTest:test_resize_server_revert_deleted_flavor): 200 GET http://10.180.1.21/compute/v2.1/servers/f0a4e0cd-d0cd-45d8-8eca-4bdf8973fae8 0.163s
2025-03-11 12:32:34.069 70318 INFO tempest.lib.common.rest_client [req-78b294f8-eaec-4412-bc0f-0239e77592a2 req-78b294f8-eaec-4412-bc0f-0239e77592a2 ] Request (ServerShowV254Test:test_rebuild_server): 202 POST http://10.180.1.21/compute/v2.1/servers/1693ccdf-ea72-45d5-8b34-e2b0e155e528/action 0.220s
2025-03-11 12:32:34.085 70292 INFO tempest.lib.common.rest_client [req-e01c427b-1ed5-43f2-9fa0-b0b232a60897 req-e01c427b-1ed5-43f2-9fa0-b0b232a60897 ] Request (ServerAddressesNegativeTestJSON:setUpClass): 200 GET http://10.180.1.21/compute/v2.1/servers/9a1343a8-11b4-4c9e-8445-931eab036a4d 0.161s
2025-03-11 12:32:34.140 70276 INFO tempest.lib.common.rest_client [req-b9cb8963-0664-4b12-bc14-a91a4c878b42 req-b9cb8963-0664-4b12-bc14-a91a4c878b42 ] Request (ServersTestBootFromVolume:setUpClass): 200 GET http://10.180.1.21/compute/v2.1/servers/f1f0d79f-dc67-4cf9-816c-c451f20d65ca 0.070s
2025-03-11 12:32:34.184 70288 INFO tempest.lib.common.rest_client [req-bd0b34e3-0bab-42d0-bb81-6ae695f8d15a req-bd0b34e3-0bab-42d0-bb81-6ae695f8d15a ] Request (DeleteServersAdminTestJSON:test_delete_server_while_in_error_state): 200 GET http://10.180.1.21/compute/v2.1/servers/2ee43622-74f3-4bf6-88e3-cba4ff7ce33d 0.222s
2025-03-11 12:32:34.196 70318 INFO tempest.lib.common.rest_client [req-69e0001e-0f43-44c6-9604-e5054ebed28f req-69e0001e-0f43-44c6-9604-e5054ebed28f ] Request (ServerShowV254Test:test_rebuild_server): 200 GET http://10.180.1.21/compute/v2.1/servers/1693ccdf-ea72-45d5-8b34-e2b0e155e528 0.120s
2025-03-11 12:32:34.268 70280 INFO tempest.lib.common.rest_client [req-36bc4b9d-91a1-47f8-bc04-d95cfb259ee0 req-36bc4b9d-91a1-47f8-bc04-d95cfb259ee0 ] Request (AttachInterfacesV270Test:tearDownClass): 200 GET http://10.180.1.21/compute/v2.1/servers/e87e1839-9fef-462d-b1ab-842ef76828a4 0.071s
2025-03-11 12:32:34.305 70326 INFO tempest.lib.common.rest_client [req-06d5aefd-2b31-4d5d-94ad-e07aa8fd3a84 req-06d5aefd-2b31-4d5d-94ad-e07aa8fd3a84 ] Request (ServerMetadataNegativeTestJSON:setUpClass): 200 GET http://10.180.1.21/compute/v2.1/servers/3c814c83-20cc-4871-9f30-5c0c7d99b8a1 0.057s
2025-03-11 12:32:34.330 70272 INFO tempest.lib.common.rest_client [req-67f91805-12fc-4894-8d16-65fc88046af8 req-67f91805-12fc-4894-8d16-65fc88046af8 ] Request (ServerTagsTestJSON:setUpClass): 200 GET http://10.180.1.21/compute/v2.1/servers/03a10403-0253-4df0-84b2-1e56f0c057fe 0.079s
2025-03-11 12:32:34.398 70302 INFO tempest.lib.common.rest_client [req-c15bda41-a905-4e8c-bb10-5f0773b6c59c req-c15bda41-a905-4e8c-bb10-5f0773b6c59c ] Request (ServersTestMultiNic:_run_cleanups): 200 GET http://10.180.1.21/compute/v2.1/servers/c512ee01-7d45-49f0-b2ce-659392527264 0.069s
2025-03-11 12:32:34.430 70314 INFO tempest.lib.common.rest_client [req-f61e2612-4ca9-4a40-83cf-5fd95a5cc529 req-f61e2612-4ca9-4a40-83cf-5fd95a5cc529 ] Request (AttachVolumeNegativeTest:test_attach_attached_volume_to_different_server): 200 GET http://10.180.1.21/compute/v2.1/servers/ab320e59-febb-4f8f-9bc4-74227d29c752 0.056s
2025-03-11 12:32:34.466 70320 INFO tempest.lib.common.rest_client [req-ff6ae79e-eb33-408a-bead-602546940398 req-ff6ae79e-eb33-408a-bead-602546940398 ] Request (ServersListShow2100Test:tearDownClass): 200 GET http://10.180.1.21/compute/v2.1/servers/f36c29d1-b945-4afe-abbd-431e59de7cec 0.087s
2025-03-11 12:32:34.481 70290 INFO tempest.lib.common.rest_client [req-5a8705bf-30d7-469b-9b5c-1c290f1bde69 req-5a8705bf-30d7-469b-9b5c-1c290f1bde69 ] Request (ServerActionsV293TestJSON:setUpClass): 200 GET http://10.180.1.21/compute/v2.1/servers/4cc99b2f-2d75-4a98-ac02-6b609e0c31d6 0.057s
2025-03-11 12:32:34.513 70316 INFO tempest.lib.common.rest_client [req-e975273a-bc8f-4370-ac59-ab214ed91bfb req-e975273a-bc8f-4370-ac59-ab214ed91bfb ] Request (ImagesTestJSON:test_create_image_from_suspended_server): 200 GET http://10.180.1.21/compute/v2.1/servers/00ab07b7-e7ed-4a71-b684-d5af8b1b7616 0.073s
2025-03-11 12:32:34.527 70322 INFO tempest.lib.common.rest_client [req-de53fdca-013d-4323-bed1-77c332091e44 req-de53fdca-013d-4323-bed1-77c332091e44 ] Request (FloatingIPsAssociationTestJSON:setUpClass): 200 GET http://10.180.1.21/compute/v2.1/servers/9b6aca3c-337b-4067-80e0-487d956fabc7 0.049s
2025-03-11 12:32:34.600 70332 INFO tempest.lib.common.rest_client [req-5b5f5da7-547c-4d8a-8e95-746b7e6284ef req-5b5f5da7-547c-4d8a-8e95-746b7e6284ef ] Request (ServerAddressesTestJSON:tearDownClass): 200 GET http://10.180.1.21/compute/v2.1/servers/e6cb7f94-9629-4eec-bd2c-5bc2b4583bf4 0.054s
2025-03-11 12:32:34.628 70278 INFO tempest.lib.common.rest_client [req-2cb0b5e9-8b5a-44d8-b078-87222065a9a8 req-2cb0b5e9-8b5a-44d8-b078-87222065a9a8 ] Request (ServersAdminNegativeTestJSON:test_migrate_server_invalid_state): 200 GET http://10.180.1.21/compute/v2.1/servers/6fb97a65-bf0b-4e79-9611-f0f3179661b5 0.051s
2025-03-11 12:32:34.661 70298 INFO tempest.lib.common.rest_client [req-6b2042ad-9db0-4d13-946a-0ad7225813bd req-6b2042ad-9db0-4d13-946a-0ad7225813bd ] Request (ServerGroupTestJSON:_run_cleanups): 404 GET http://10.180.1.21/compute/v2.1/servers/55dd32b0-e67f-4943-86e8-b9956267fedc 0.021s
2025-03-11 12:32:34.690 70298 INFO tempest.lib.common.rest_client [req-26c76002-fd1d-4475-89b9-ca8f3da3c28a req-26c76002-fd1d-4475-89b9-ca8f3da3c28a ] Request (ServerGroupTestJSON:test_list_server_groups): 200 GET http://10.180.1.21/compute/v2.1/os-server-groups 0.028s
2025-03-11 12:32:34.715 70298 INFO tempest.lib.common.rest_client [req-ecd41d00-a04d-4f9d-b8d4-e4a48846a3b5 req-ecd41d00-a04d-4f9d-b8d4-e4a48846a3b5 ] Request (ServerGroupTestJSON:test_show_server_group): 200 GET http://10.180.1.21/compute/v2.1/os-server-groups/daa2e7c3-b473-4848-9885-9923d8aea5ad 0.022s
2025-03-11 12:32:34.718 70310 INFO tempest.lib.common.rest_client [req-ead4bde1-2171-4499-8b50-a258dffbb16a req-ead4bde1-2171-4499-8b50-a258dffbb16a ] Request (FloatingIPsAssociationNegativeTestJSON:tearDownClass): 200 GET http://10.180.1.21/compute/v2.1/servers/70e5674d-4627-4720-9b87-955c2749e010 0.057s
2025-03-11 12:32:34.735 70298 INFO tempest.lib.common.rest_client [req-290d903c-fc32-4695-8f11-a3bab44e116a req-290d903c-fc32-4695-8f11-a3bab44e116a ] Request (ServerGroupTestJSON:tearDownClass): 404 DELETE http://10.180.1.21/compute/v2.1/servers/55dd32b0-e67f-4943-86e8-b9956267fedc 0.018s
2025-03-11 12:32:34.754 70298 INFO tempest.lib.common.rest_client [req-a0a996a6-31f9-49ac-817b-8f07e23e53fc req-a0a996a6-31f9-49ac-817b-8f07e23e53fc ] Request (ServerGroupTestJSON:tearDownClass): 404 GET http://10.180.1.21/compute/v2.1/servers/55dd32b0-e67f-4943-86e8-b9956267fedc 0.019s
2025-03-11 12:32:34.758 70284 INFO tempest.lib.common.rest_client [req-757cedee-95ad-4ced-8062-d4158eb00fc4 req-757cedee-95ad-4ced-8062-d4158eb00fc4 ] Request (ListServerFiltersTestJSON:setUpClass): 200 GET http://10.180.1.21/compute/v2.1/servers/180b4236-289c-4818-885d-c66e9e9a2ea8 0.062s
2025-03-11 12:32:34.762 70298 INFO tempest.lib.common.rest_client [req-760803a1-19ff-4f0e-b1d9-0c3d5eb772db req-760803a1-19ff-4f0e-b1d9-0c3d5eb772db ] Request (ServerGroupTestJSON:tearDownClass): 404 DELETE http://10.180.1.21/compute/v2.1/os-server-groups/7787e8f5-33da-4ba2-8e16-d2fadb28ec10 0.008s
2025-03-11 12:32:34.771 70298 INFO tempest.lib.common.rest_client [req-39594816-f29c-49f6-8e61-452d83930250 req-39594816-f29c-49f6-8e61-452d83930250 ] Request (ServerGroupTestJSON:tearDownClass): 404 DELETE http://10.180.1.21/compute/v2.1/os-server-groups/868753ba-4f34-4ce4-a485-3e3ac733e600 0.008s
2025-03-11 12:32:34.781 70298 INFO tempest.lib.common.rest_client [req-65b830b3-df69-43e8-8b65-f5874bf81fb9 req-65b830b3-df69-43e8-8b65-f5874bf81fb9 ] Request (ServerGroupTestJSON:tearDownClass): 404 DELETE http://10.180.1.21/compute/v2.1/os-server-groups/e5763b31-7cd7-4665-a823-495c8e8012e9 0.010s
2025-03-11 12:32:34.789 70298 INFO tempest.lib.common.rest_client [req-a1e03322-aa91-44c9-8aa9-e920f92de4f2 req-a1e03322-aa91-44c9-8aa9-e920f92de4f2 ] Request (ServerGroupTestJSON:tearDownClass): 404 DELETE http://10.180.1.21/compute/v2.1/os-server-groups/90ae2f84-7ae6-4855-814d-8f6109c33d64 0.008s
2025-03-11 12:32:34.809 70298 INFO tempest.lib.common.rest_client [req-12eafc0c-3ab9-44e5-8138-a66693dc7770 req-12eafc0c-3ab9-44e5-8138-a66693dc7770 ] Request (ServerGroupTestJSON:tearDownClass): 204 DELETE http://10.180.1.21/compute/v2.1/os-server-groups/daa2e7c3-b473-4848-9885-9923d8aea5ad 0.020s
2025-03-11 12:32:34.876 70282 INFO tempest.lib.common.rest_client [req-698927c6-302f-4da5-bdc6-19369bcb1ac6 req-698927c6-302f-4da5-bdc6-19369bcb1ac6 ] Request (ServersAdminTestJSON:test_inject_network_info): 200 GET http://10.180.1.21/compute/v2.1/servers/956306bc-4701-4c04-8221-8ec0b9df73ca 0.055s
2025-03-11 12:32:34.968 70270 INFO tempest.lib.common.rest_client [req-fbdc9a53-7d6b-40e2-a238-55330f992822 req-fbdc9a53-7d6b-40e2-a238-55330f992822 ] Request (VolumesAdminNegativeTest:test_update_attached_volume_with_nonexistent_volume_in_body): 200 GET http://10.180.1.21/compute/v2.1/servers/b00d09ea-5eee-47ed-adcb-288cdd362e89 0.121s
2025-03-11 12:32:34.973 70312 INFO tempest.lib.common.rest_client [req-2e40c44e-d103-4371-bd61-9fec11b3052d req-2e40c44e-d103-4371-bd61-9fec11b3052d ] Request (MultipleCreateTestJSON:_run_cleanups): 200 GET http://10.180.1.21/compute/v2.1/servers/db9f7abd-ab45-49a3-9035-695b26756142 0.075s
2025-03-11 12:32:35.019 70304 INFO tempest.lib.common.rest_client [req-cf653043-d163-4d56-a8f1-c4ac315fdbf1 req-cf653043-d163-4d56-a8f1-c4ac315fdbf1 ] Request (AttachInterfacesTestJSON:test_create_list_show_delete_interfaces_by_fixed_ip): 200 GET http://10.180.1.21/compute/v2.1/servers/e46b8a11-650a-4e34-bc4a-e1c1b2515e76 0.118s
2025-03-11 12:32:35.024 70274 INFO tempest.lib.common.rest_client [req-016b7ef2-08aa-4d99-abb0-bd5d1062e314 req-016b7ef2-08aa-4d99-abb0-bd5d1062e314 ] Request (ImagesOneServerNegativeTestJSON:_run_cleanups): 200 GET http://10.180.1.21/compute/v2.1/servers/9269e42b-b05c-4c88-9008-aaeda4b0248f 0.074s
2025-03-11 12:32:35.067 70286 INFO tempest.lib.common.rest_client [req-ff32344f-5022-4963-9c78-8521fbe4b02b req-ff32344f-5022-4963-9c78-8521fbe4b02b ] Request (ServersTestJSON:setUpClass): 200 GET http://10.180.1.21/compute/v2.1/servers/c06a2540-e77d-48c0-967f-94e2a53c4d8f 0.069s
2025-03-11 12:32:35.106 70294 INFO tempest.lib.common.rest_client [req-0bcc4008-264e-4d9f-a04c-0c6a7b4d42db req-0bcc4008-264e-4d9f-a04c-0c6a7b4d42db ] Request (MigrationsAdminTest:test_resize_server_revert_deleted_flavor): 200 GET http://10.180.1.21/compute/v2.1/servers/f0a4e0cd-d0cd-45d8-8eca-4bdf8973fae8 0.053s
2025-03-11 12:32:35.141 70292 INFO tempest.lib.common.rest_client [req-c5f6cb13-5844-4b67-8616-715e8b25dc1b req-c5f6cb13-5844-4b67-8616-715e8b25dc1b ] Request (ServerAddressesNegativeTestJSON:setUpClass): 200 GET http://10.180.1.21/compute/v2.1/servers/9a1343a8-11b4-4c9e-8445-931eab036a4d 0.048s
2025-03-11 12:32:35.199 70276 INFO tempest.lib.common.rest_client [req-98d9d07e-4662-4eda-8836-c19ef3c4d309 req-98d9d07e-4662-4eda-8836-c19ef3c4d309 ] Request (ServersTestBootFromVolume:setUpClass): 200 GET http://10.180.1.21/compute/v2.1/servers/f1f0d79f-dc67-4cf9-816c-c451f20d65ca 0.047s
2025-03-11 12:32:35.265 70318 INFO tempest.lib.common.rest_client [req-74f6aa9e-946a-4342-bd19-ae17301b6a43 req-74f6aa9e-946a-4342-bd19-ae17301b6a43 ] Request (ServerShowV254Test:test_rebuild_server): 200 GET http://10.180.1.21/compute/v2.1/servers/1693ccdf-ea72-45d5-8b34-e2b0e155e528 0.057s
2025-03-11 12:32:35.299 70288 INFO tempest.lib.common.rest_client [req-03884d41-e293-4f66-acfb-9f33d1867948 req-03884d41-e293-4f66-acfb-9f33d1867948 ] Request (DeleteServersAdminTestJSON:test_delete_server_while_in_error_state): 200 GET http://10.180.1.21/compute/v2.1/servers/2ee43622-74f3-4bf6-88e3-cba4ff7ce33d 0.107s
2025-03-11 12:32:35.349 70280 INFO tempest.lib.common.rest_client [req-2fe4a1da-6a5e-4e6d-b9f7-4f6257ec696f req-2fe4a1da-6a5e-4e6d-b9f7-4f6257ec696f ] Request (AttachInterfacesV270Test:tearDownClass): 200 GET http://10.180.1.21/compute/v2.1/servers/e87e1839-9fef-462d-b1ab-842ef76828a4 0.068s
2025-03-11 12:32:35.374 70326 INFO tempest.lib.common.rest_client [req-2db4671c-3427-40e7-bee7-cb67b8f4985a req-2db4671c-3427-40e7-bee7-cb67b8f4985a ] Request (ServerMetadataNegativeTestJSON:setUpClass): 200 GET http://10.180.1.21/compute/v2.1/servers/3c814c83-20cc-4871-9f30-5c0c7d99b8a1 0.060s
2025-03-11 12:32:35.397 70272 INFO tempest.lib.common.rest_client [req-d3c78f51-d578-4b7a-b34d-5e99938429fa req-d3c78f51-d578-4b7a-b34d-5e99938429fa ] Request (ServerTagsTestJSON:setUpClass): 200 GET http://10.180.1.21/compute/v2.1/servers/03a10403-0253-4df0-84b2-1e56f0c057fe 0.054s
2025-03-11 12:32:35.480 70302 INFO tempest.lib.common.rest_client [req-f4bafb36-b099-43f6-b9b5-875d06df5ef8 req-f4bafb36-b099-43f6-b9b5-875d06df5ef8 ] Request (ServersTestMultiNic:_run_cleanups): 200 GET http://10.180.1.21/compute/v2.1/servers/c512ee01-7d45-49f0-b2ce-659392527264 0.072s
2025-03-11 12:32:35.499 70314 INFO tempest.lib.common.rest_client [req-ae3fbf4d-7fad-4df8-88c8-0824c08dd84b req-ae3fbf4d-7fad-4df8-88c8-0824c08dd84b ] Request (AttachVolumeNegativeTest:test_attach_attached_volume_to_different_server): 200 GET http://10.180.1.21/compute/v2.1/servers/ab320e59-febb-4f8f-9bc4-74227d29c752 0.061s
2025-03-11 12:32:35.569 70290 INFO tempest.lib.common.rest_client [req-2c6b71fc-2793-4980-9f02-25bf70f7e911 req-2c6b71fc-2793-4980-9f02-25bf70f7e911 ] Request (ServerActionsV293TestJSON:setUpClass): 200 GET http://10.180.1.21/compute/v2.1/servers/4cc99b2f-2d75-4a98-ac02-6b609e0c31d6 0.077s
2025-03-11 12:32:35.570 70320 INFO tempest.lib.common.rest_client [req-0979c986-1c79-4e66-b851-0279f02ca5db req-0979c986-1c79-4e66-b851-0279f02ca5db ] Request (ServersListShow2100Test:tearDownClass): 200 GET http://10.180.1.21/compute/v2.1/servers/f36c29d1-b945-4afe-abbd-431e59de7cec 0.089s
2025-03-11 12:32:35.576 70298 INFO tempest.lib.common.rest_client [req-f0200f30-34d9-4024-a4fd-d65c9917e1f5 req-f0200f30-34d9-4024-a4fd-d65c9917e1f5 ] Request (ServerGroupTestJSON:tearDownClass): 200 PUT http://10.180.1.21:9696/networking/v2.0/routers/b7d91ce2-03f1-41d5-a511-e7c6678ef8d5/remove_router_interface 0.766s
2025-03-11 12:32:35.583 70320 INFO tempest.common.waiters [-] State transition "ACTIVE/deleting" ==> "DELETED/None" after 4 second wait
2025-03-11 12:32:35.627 70316 INFO tempest.lib.common.rest_client [req-d633c467-17e5-4d89-a018-52e19c03a047 req-d633c467-17e5-4d89-a018-52e19c03a047 ] Request (ImagesTestJSON:test_create_image_from_suspended_server): 200 GET http://10.180.1.21/compute/v2.1/servers/00ab07b7-e7ed-4a71-b684-d5af8b1b7616 0.105s
2025-03-11 12:32:35.635 70316 INFO tempest.common.waiters [-] State transition "BUILD/scheduling" ==> "BUILD/None" after 39 second wait
2025-03-11 12:32:35.639 70322 INFO tempest.lib.common.rest_client [req-2a95ea6d-247f-4337-9c03-312953a675b4 req-2a95ea6d-247f-4337-9c03-312953a675b4 ] Request (FloatingIPsAssociationTestJSON:setUpClass): 200 GET http://10.180.1.21/compute/v2.1/servers/9b6aca3c-337b-4067-80e0-487d956fabc7 0.104s
2025-03-11 12:32:35.692 70328 WARNING tempest.lib.common.ssh [-] Failed to establish authenticated ssh connection to cirros@10.180.180.201 ([Errno None] Unable to connect to port 22 on 10.180.180.201). Number attempts: 7. Retry after 8 seconds.: paramiko.ssh_exception.NoValidConnectionsError: [Errno None] Unable to connect to port 22 on 10.180.180.201
2025-03-11 12:32:35.694 70332 INFO tempest.lib.common.rest_client [req-3fb30934-133d-4e81-b480-ffb146163581 req-3fb30934-133d-4e81-b480-ffb146163581 ] Request (ServerAddressesTestJSON:tearDownClass): 200 GET http://10.180.1.21/compute/v2.1/servers/e6cb7f94-9629-4eec-bd2c-5bc2b4583bf4 0.086s
2025-03-11 12:32:35.698 70278 INFO tempest.lib.common.rest_client [req-f8243925-4219-44c9-812c-10a642bee9f7 req-f8243925-4219-44c9-812c-10a642bee9f7 ] Request (ServersAdminNegativeTestJSON:test_migrate_server_invalid_state): 200 GET http://10.180.1.21/compute/v2.1/servers/6fb97a65-bf0b-4e79-9611-f0f3179661b5 0.060s
2025-03-11 12:32:35.792 70310 INFO tempest.lib.common.rest_client [req-3afc29d0-d7a6-4385-a5f0-c4540c34b3ff req-3afc29d0-d7a6-4385-a5f0-c4540c34b3ff ] Request (FloatingIPsAssociationNegativeTestJSON:tearDownClass): 200 GET http://10.180.1.21/compute/v2.1/servers/70e5674d-4627-4720-9b87-955c2749e010 0.067s
2025-03-11 12:32:35.822 70284 INFO tempest.lib.common.rest_client [req-0c24c5c1-05a5-49e8-a8a1-8b13595bc485 req-0c24c5c1-05a5-49e8-a8a1-8b13595bc485 ] Request (ListServerFiltersTestJSON:setUpClass): 200 GET http://10.180.1.21/compute/v2.1/servers/180b4236-289c-4818-885d-c66e9e9a2ea8 0.057s
2025-03-11 12:32:35.955 70282 INFO tempest.lib.common.rest_client [req-d47d1daa-e7b8-4f81-b798-06500c7f0308 req-d47d1daa-e7b8-4f81-b798-06500c7f0308 ] Request (ServersAdminTestJSON:test_inject_network_info): 200 GET http://10.180.1.21/compute/v2.1/servers/956306bc-4701-4c04-8221-8ec0b9df73ca 0.071s
2025-03-11 12:32:35.977 70298 INFO tempest.lib.common.rest_client [req-0e31f14f-589e-4e50-b95a-1300c3728be3 req-0e31f14f-589e-4e50-b95a-1300c3728be3 ] Request (ServerGroupTestJSON:tearDownClass): 204 DELETE http://10.180.1.21:9696/networking/v2.0/routers/b7d91ce2-03f1-41d5-a511-e7c6678ef8d5 0.400s
2025-03-11 12:32:36.047 70312 INFO tempest.lib.common.rest_client [req-db390319-1b75-4a2d-a8f4-835290827bea req-db390319-1b75-4a2d-a8f4-835290827bea ] Request (MultipleCreateTestJSON:_run_cleanups): 200 GET http://10.180.1.21/compute/v2.1/servers/db9f7abd-ab45-49a3-9035-695b26756142 0.064s
2025-03-11 12:32:36.095 70274 INFO tempest.lib.common.rest_client [req-fcffc035-433f-4e03-8039-eea9ba0c5a77 req-fcffc035-433f-4e03-8039-eea9ba0c5a77 ] Request (ImagesOneServerNegativeTestJSON:_run_cleanups): 200 GET http://10.180.1.21/compute/v2.1/servers/9269e42b-b05c-4c88-9008-aaeda4b0248f 0.063s
2025-03-11 12:32:36.111 70270 INFO tempest.lib.common.rest_client [req-f5e450a3-5119-4627-8b04-d71864b1cf3a req-f5e450a3-5119-4627-8b04-d71864b1cf3a ] Request (VolumesAdminNegativeTest:test_update_attached_volume_with_nonexistent_volume_in_body): 200 GET http://10.180.1.21/compute/v2.1/servers/b00d09ea-5eee-47ed-adcb-288cdd362e89 0.134s
2025-03-11 12:32:36.116 70298 INFO tempest.lib.common.rest_client [req-8c1f989b-395e-4286-af01-8e8a5405b459 req-8c1f989b-395e-4286-af01-8e8a5405b459 ] Request (ServerGroupTestJSON:tearDownClass): 204 DELETE http://10.180.1.21:9696/networking/v2.0/subnets/827fdb31-37b0-46ce-b82c-2fba21668fcb 0.139s
2025-03-11 12:32:36.154 70304 INFO tempest.lib.common.rest_client [req-715a917d-1b98-4727-b47f-2d2b1672b6a3 req-715a917d-1b98-4727-b47f-2d2b1672b6a3 ] Request (AttachInterfacesTestJSON:test_create_list_show_delete_interfaces_by_fixed_ip): 200 GET http://10.180.1.21/compute/v2.1/servers/e46b8a11-650a-4e34-bc4a-e1c1b2515e76 0.121s
2025-03-11 12:32:36.177 70286 INFO tempest.lib.common.rest_client [req-b21fb324-70c1-496a-9d50-12b11e2d1ede req-b21fb324-70c1-496a-9d50-12b11e2d1ede ] Request (ServersTestJSON:setUpClass): 200 GET http://10.180.1.21/compute/v2.1/servers/c06a2540-e77d-48c0-967f-94e2a53c4d8f 0.101s
2025-03-11 12:32:36.207 70294 INFO tempest.lib.common.rest_client [req-71269e32-e76f-4e7c-8229-940a3676858b req-71269e32-e76f-4e7c-8229-940a3676858b ] Request (MigrationsAdminTest:test_resize_server_revert_deleted_flavor): 200 GET http://10.180.1.21/compute/v2.1/servers/f0a4e0cd-d0cd-45d8-8eca-4bdf8973fae8 0.093s
2025-03-11 12:32:36.260 70292 INFO tempest.lib.common.rest_client [req-95cd6348-938d-4886-a695-ab125b7501f9 req-95cd6348-938d-4886-a695-ab125b7501f9 ] Request (ServerAddressesNegativeTestJSON:setUpClass): 200 GET http://10.180.1.21/compute/v2.1/servers/9a1343a8-11b4-4c9e-8445-931eab036a4d 0.111s
2025-03-11 12:32:36.261 70276 INFO tempest.lib.common.rest_client [req-9a4beaff-1bff-4f40-ae66-1e2a11de6859 req-9a4beaff-1bff-4f40-ae66-1e2a11de6859 ] Request (ServersTestBootFromVolume:setUpClass): 200 GET http://10.180.1.21/compute/v2.1/servers/f1f0d79f-dc67-4cf9-816c-c451f20d65ca 0.054s
2025-03-11 12:32:36.342 70318 INFO tempest.lib.common.rest_client [req-e63579a4-4901-42b8-8d1f-8100e53c23b4 req-e63579a4-4901-42b8-8d1f-8100e53c23b4 ] Request (ServerShowV254Test:test_rebuild_server): 200 GET http://10.180.1.21/compute/v2.1/servers/1693ccdf-ea72-45d5-8b34-e2b0e155e528 0.067s
2025-03-11 12:32:36.404 70298 INFO tempest.lib.common.rest_client [req-58e25ada-caac-4d67-b660-c987b983121b req-58e25ada-caac-4d67-b660-c987b983121b ] Request (ServerGroupTestJSON:tearDownClass): 204 DELETE http://10.180.1.21:9696/networking/v2.0/networks/4062f8e7-aa89-4561-80d8-21e235919451 0.287s
2025-03-11 12:32:36.428 70280 INFO tempest.lib.common.rest_client [req-24196508-ae84-421e-b148-bb9cd3083af2 req-24196508-ae84-421e-b148-bb9cd3083af2 ] Request (AttachInterfacesV270Test:tearDownClass): 200 GET http://10.180.1.21/compute/v2.1/servers/e87e1839-9fef-462d-b1ab-842ef76828a4 0.067s
2025-03-11 12:32:36.440 70288 INFO tempest.lib.common.rest_client [req-fde567bc-e6d0-47c6-baa7-23bf27bf811b req-fde567bc-e6d0-47c6-baa7-23bf27bf811b ] Request (DeleteServersAdminTestJSON:test_delete_server_while_in_error_state): 200 GET http://10.180.1.21/compute/v2.1/servers/2ee43622-74f3-4bf6-88e3-cba4ff7ce33d 0.131s
2025-03-11 12:32:36.480 70326 INFO tempest.lib.common.rest_client [req-36492f3a-7789-45d1-be47-2e4463f9457a req-36492f3a-7789-45d1-be47-2e4463f9457a ] Request (ServerMetadataNegativeTestJSON:setUpClass): 200 GET http://10.180.1.21/compute/v2.1/servers/3c814c83-20cc-4871-9f30-5c0c7d99b8a1 0.097s
2025-03-11 12:32:36.484 70298 INFO tempest.lib.common.rest_client [req-9733e901-f92d-409e-a2ca-5d152cc9ccef req-9733e901-f92d-409e-a2ca-5d152cc9ccef ] Request (ServerGroupTestJSON:tearDownClass): 204 DELETE http://10.180.1.21/identity/v3/users/41f644c883c4436d987b79290aead911 0.079s
2025-03-11 12:32:36.484 70298 INFO tempest.lib.common.dynamic_creds [-] Deleting project and security group for project: e6a3cec211b648f0b0298983e3c0c7a2
2025-03-11 12:32:36.499 70272 INFO tempest.lib.common.rest_client [req-b7110fe2-22bc-4d86-9c7b-580b9e0406c9 req-b7110fe2-22bc-4d86-9c7b-580b9e0406c9 ] Request (ServerTagsTestJSON:setUpClass): 200 GET http://10.180.1.21/compute/v2.1/servers/03a10403-0253-4df0-84b2-1e56f0c057fe 0.092s
2025-03-11 12:32:36.508 70298 INFO tempest.lib.common.rest_client [req-d8e00ccb-f8d6-45e6-a0bf-93e3e2da37af req-d8e00ccb-f8d6-45e6-a0bf-93e3e2da37af ] Request (ServerGroupTestJSON:tearDownClass): 200 GET http://10.180.1.21:9696/networking/v2.0/security-groups?tenant_id=e6a3cec211b648f0b0298983e3c0c7a2&name=default 0.023s
2025-03-11 12:32:36.548 70302 INFO tempest.lib.common.rest_client [req-c1beb365-aa8a-43bb-8f1f-839eb6941277 req-c1beb365-aa8a-43bb-8f1f-839eb6941277 ] Request (ServersTestMultiNic:_run_cleanups): 200 GET http://10.180.1.21/compute/v2.1/servers/c512ee01-7d45-49f0-b2ce-659392527264 0.059s
2025-03-11 12:32:36.562 70314 INFO tempest.lib.common.rest_client [req-812781d6-eb27-4ce6-8e63-59fa044708c6 req-812781d6-eb27-4ce6-8e63-59fa044708c6 ] Request (AttachVolumeNegativeTest:test_attach_attached_volume_to_different_server): 200 GET http://10.180.1.21/compute/v2.1/servers/ab320e59-febb-4f8f-9bc4-74227d29c752 0.054s
2025-03-11 12:32:36.591 70298 INFO tempest.lib.common.rest_client [req-dd9a3526-d11c-4b0c-a664-ae362ebe3024 req-dd9a3526-d11c-4b0c-a664-ae362ebe3024 ] Request (ServerGroupTestJSON:tearDownClass): 204 DELETE http://10.180.1.21:9696/networking/v2.0/security-groups/c4260aac-8457-4cc4-a61a-a29a4f17a362 0.083s
2025-03-11 12:32:36.657 70290 INFO tempest.lib.common.rest_client [req-8f2d88c8-3877-4712-b541-053029f6b89b req-8f2d88c8-3877-4712-b541-053029f6b89b ] Request (ServerActionsV293TestJSON:setUpClass): 200 GET http://10.180.1.21/compute/v2.1/servers/4cc99b2f-2d75-4a98-ac02-6b609e0c31d6 0.071s
2025-03-11 12:32:36.673 70320 INFO tempest.lib.common.rest_client [req-bcc6afc6-aae1-41f6-b996-d3795cd249e8 req-bcc6afc6-aae1-41f6-b996-d3795cd249e8 ] Request (ServersListShow2100Test:tearDownClass): 200 GET http://10.180.1.21/compute/v2.1/servers/f36c29d1-b945-4afe-abbd-431e59de7cec 0.087s
2025-03-11 12:32:36.705 70298 INFO tempest.lib.common.rest_client [req-3c7ee2c0-4551-4434-97e8-8562535ddc4d req-3c7ee2c0-4551-4434-97e8-8562535ddc4d ] Request (ServerGroupTestJSON:tearDownClass): 204 DELETE http://10.180.1.21/identity/v3/projects/e6a3cec211b648f0b0298983e3c0c7a2 0.113s
2025-03-11 12:32:36.706 70298 INFO tempest.test [-] raised in ComputeNetworksTest.setUpClass. Invoking tearDownClass.
2025-03-11 12:32:36.711 70316 INFO tempest.lib.common.rest_client [req-0508f9b2-5472-4dcc-adf0-c31d4b11bbf4 req-0508f9b2-5472-4dcc-adf0-c31d4b11bbf4 ] Request (ImagesTestJSON:test_create_image_from_suspended_server): 200 GET http://10.180.1.21/compute/v2.1/servers/00ab07b7-e7ed-4a71-b684-d5af8b1b7616 0.075s
2025-03-11 12:32:36.728 70322 INFO tempest.lib.common.rest_client [req-a05c2666-ee79-480e-b91d-bcd5d366c5f1 req-a05c2666-ee79-480e-b91d-bcd5d366c5f1 ] Request (FloatingIPsAssociationTestJSON:setUpClass): 200 GET http://10.180.1.21/compute/v2.1/servers/9b6aca3c-337b-4067-80e0-487d956fabc7 0.078s
2025-03-11 12:32:36.772 70332 INFO tempest.lib.common.rest_client [req-be67cf70-34e0-4c40-8f00-779ffe2a78cb req-be67cf70-34e0-4c40-8f00-779ffe2a78cb ] Request (ServerAddressesTestJSON:tearDownClass): 200 GET http://10.180.1.21/compute/v2.1/servers/e6cb7f94-9629-4eec-bd2c-5bc2b4583bf4 0.071s
2025-03-11 12:32:36.772 70298 INFO tempest.lib.common.rest_client [req-808ccac5-bbea-4869-b7cc-2fc2ad0271c6 req-808ccac5-bbea-4869-b7cc-2fc2ad0271c6 ] Request (VolumesTestJSON:setUpClass): 201 POST http://10.180.1.21/identity/v3/auth/tokens 0.064s
2025-03-11 12:32:36.781 70278 INFO tempest.lib.common.rest_client [req-886576e6-1243-4d08-addd-e6bd4112f579 req-886576e6-1243-4d08-addd-e6bd4112f579 ] Request (ServersAdminNegativeTestJSON:test_migrate_server_invalid_state): 200 GET http://10.180.1.21/compute/v2.1/servers/6fb97a65-bf0b-4e79-9611-f0f3179661b5 0.075s
2025-03-11 12:32:36.803 70298 INFO tempest.lib.common.rest_client [req-a0c93c2e-a318-46b0-ae9b-435a546a7b11 req-a0c93c2e-a318-46b0-ae9b-435a546a7b11 ] Request (VolumesTestJSON:setUpClass): 201 POST http://10.180.1.21/identity/v3/auth/tokens 0.027s
2025-03-11 12:32:36.827 70298 INFO tempest.lib.common.rest_client [req-68378c6b-5911-4386-a377-433ab19794c9 req-68378c6b-5911-4386-a377-433ab19794c9 ] Request (VolumesTestJSON:setUpClass): 200 GET http://10.180.1.21/identity/v3/domains?name=Default 0.024s
2025-03-11 12:32:36.858 70298 INFO tempest.lib.common.rest_client [req-1e8ea283-7b75-46fa-9d43-b66269dfdca3 req-1e8ea283-7b75-46fa-9d43-b66269dfdca3 ] Request (VolumesTestJSON:setUpClass): 201 POST http://10.180.1.21/identity/v3/projects 0.030s
2025-03-11 12:32:36.872 70310 INFO tempest.lib.common.rest_client [req-6497a7dd-3fdb-411b-bc1d-50be08467dd8 req-6497a7dd-3fdb-411b-bc1d-50be08467dd8 ] Request (FloatingIPsAssociationNegativeTestJSON:tearDownClass): 200 GET http://10.180.1.21/compute/v2.1/servers/70e5674d-4627-4720-9b87-955c2749e010 0.064s
2025-03-11 12:32:36.886 70284 INFO tempest.lib.common.rest_client [req-8b2fc747-b0cb-43f4-a668-03897ca1850a req-8b2fc747-b0cb-43f4-a668-03897ca1850a ] Request (ListServerFiltersTestJSON:setUpClass): 200 GET http://10.180.1.21/compute/v2.1/servers/180b4236-289c-4818-885d-c66e9e9a2ea8 0.054s
2025-03-11 12:32:36.917 70298 INFO tempest.lib.common.rest_client [req-0bbfd101-bd02-42c6-a38a-8e94986655fe req-0bbfd101-bd02-42c6-a38a-8e94986655fe ] Request (VolumesTestJSON:setUpClass): 201 POST http://10.180.1.21/identity/v3/users 0.059s
2025-03-11 12:32:36.940 70298 INFO tempest.lib.common.rest_client [req-f02de456-c090-4ca3-bb6c-ca22e307c45b req-f02de456-c090-4ca3-bb6c-ca22e307c45b ] Request (VolumesTestJSON:setUpClass): 200 GET http://10.180.1.21/identity/v3/roles 0.022s
2025-03-11 12:32:36.971 70298 INFO tempest.lib.common.rest_client [req-f8c6e7a1-8bae-4574-94bf-a96a0989e473 req-f8c6e7a1-8bae-4574-94bf-a96a0989e473 ] Request (VolumesTestJSON:setUpClass): 204 PUT http://10.180.1.21/identity/v3/projects/0abbfc1d42344f21a6a59bf94819e8ce/users/f9a0aee53aa14ba8bd3c29100657ad08/roles/2c0ac3dcbde24dec893f5a493bf7a509 0.030s
2025-03-11 12:32:36.971 70298 INFO tempest.lib.common.dynamic_creds [-] Dynamic test user f9a0aee53aa14ba8bd3c29100657ad08 is created with scope project and roles: ['member']
2025-03-11 12:32:36.972 70298 INFO tempest.lib.common.dynamic_creds [-] Acquired dynamic creds: credentials: Credentials: {'domain_id': 'default', 'domain_name': 'Default', 'username': 'tempest-VolumesTestJSON-1175795800-project-member', 'project_domain_id': 'default', 'project_domain_name': 'Default', 'project_id': '0abbfc1d42344f21a6a59bf94819e8ce', 'project_name': 'tempest-VolumesTestJSON-1175795800', 'tenant_id': '0abbfc1d42344f21a6a59bf94819e8ce', 'tenant_name': 'tempest-VolumesTestJSON-1175795800', 'user_domain_id': 'default', 'user_domain_name': 'Default', 'user_id': 'f9a0aee53aa14ba8bd3c29100657ad08', 'system': None}, Network: None, Subnet: None, Router: None
2025-03-11 12:32:36.972 70298 INFO tempest.lib.common.dynamic_creds [-] Created isolated network resources for: credentials: Credentials: {'domain_id': 'default', 'domain_name': 'Default', 'username': 'tempest-VolumesTestJSON-1175795800-project-member', 'project_domain_id': 'default', 'project_domain_name': 'Default', 'project_id': '0abbfc1d42344f21a6a59bf94819e8ce', 'project_name': 'tempest-VolumesTestJSON-1175795800', 'tenant_id': '0abbfc1d42344f21a6a59bf94819e8ce', 'tenant_name': 'tempest-VolumesTestJSON-1175795800', 'user_domain_id': 'default', 'user_domain_name': 'Default', 'user_id': 'f9a0aee53aa14ba8bd3c29100657ad08', 'system': None}, Network: None, Subnet: None, Router: None
2025-03-11 12:32:37.015 70282 INFO tempest.lib.common.rest_client [req-4f212144-e231-4f3b-baf5-e7be882205a5 req-4f212144-e231-4f3b-baf5-e7be882205a5 ] Request (ServersAdminTestJSON:test_inject_network_info): 200 GET http://10.180.1.21/compute/v2.1/servers/956306bc-4701-4c04-8221-8ec0b9df73ca 0.052s
2025-03-11 12:32:37.041 70298 INFO tempest.lib.common.rest_client [req-82f52be4-42c7-45d5-b318-7971752df891 req-82f52be4-42c7-45d5-b318-7971752df891 ] Request (VolumesTestJSON:setUpClass): 201 POST http://10.180.1.21/identity/v3/auth/tokens 0.065s
2025-03-11 12:32:37.111 70312 INFO tempest.lib.common.rest_client [req-6367366a-1543-4b83-a006-ae12a5386f53 req-6367366a-1543-4b83-a006-ae12a5386f53 ] Request (MultipleCreateTestJSON:_run_cleanups): 200 GET http://10.180.1.21/compute/v2.1/servers/db9f7abd-ab45-49a3-9035-695b26756142 0.055s
2025-03-11 12:32:37.155 70274 INFO tempest.lib.common.rest_client [req-7c12660a-c9a2-4de2-abde-78ac408474e5 req-7c12660a-c9a2-4de2-abde-78ac408474e5 ] Request (ImagesOneServerNegativeTestJSON:_run_cleanups): 200 GET http://10.180.1.21/compute/v2.1/servers/9269e42b-b05c-4c88-9008-aaeda4b0248f 0.052s
2025-03-11 12:32:37.222 70304 INFO tempest.lib.common.rest_client [req-4e47f6cf-e4a4-4e50-aa52-f67142a3acf1 req-4e47f6cf-e4a4-4e50-aa52-f67142a3acf1 ] Request (AttachInterfacesTestJSON:test_create_list_show_delete_interfaces_by_fixed_ip): 200 GET http://10.180.1.21/compute/v2.1/servers/e46b8a11-650a-4e34-bc4a-e1c1b2515e76 0.059s
2025-03-11 12:32:37.229 70270 INFO tempest.lib.common.rest_client [req-4c43ef95-0451-4178-ade7-19953b8bc3e0 req-4c43ef95-0451-4178-ade7-19953b8bc3e0 ] Request (VolumesAdminNegativeTest:test_update_attached_volume_with_nonexistent_volume_in_body): 200 GET http://10.180.1.21/compute/v2.1/servers/b00d09ea-5eee-47ed-adcb-288cdd362e89 0.107s
2025-03-11 12:32:37.229 70304 INFO tempest.common.waiters [-] State transition "BUILD/None" ==> "BUILD/networking" after 62 second wait
2025-03-11 12:32:37.232 70298 INFO tempest.lib.common.rest_client [req-4ffa1b51-02fb-45bd-bc67-52fe10325b0d req-4ffa1b51-02fb-45bd-bc67-52fe10325b0d ] Request (VolumesTestJSON:setUpClass): 202 POST http://10.180.1.21/volume/v3/volumes 0.190s
2025-03-11 12:32:37.236 70270 INFO tempest.common.waiters [-] State transition "BUILD/spawning" ==> "ACTIVE/None" after 66 second wait
2025-03-11 12:32:37.268 70298 INFO tempest.lib.common.rest_client [req-78619e50-c01d-4365-8307-903540947dd8 req-78619e50-c01d-4365-8307-903540947dd8 ] Request (VolumesTestJSON:setUpClass): 200 GET http://10.180.1.21/volume/v3/volumes/1a597aac-c066-455d-8198-98950a2b5213 0.028s
2025-03-11 12:32:37.285 70294 INFO tempest.lib.common.rest_client [req-5c2cf3d4-401b-4ad7-b2b8-71ddc5bb0524 req-5c2cf3d4-401b-4ad7-b2b8-71ddc5bb0524 ] Request (MigrationsAdminTest:test_resize_server_revert_deleted_flavor): 200 GET http://10.180.1.21/compute/v2.1/servers/f0a4e0cd-d0cd-45d8-8eca-4bdf8973fae8 0.069s
2025-03-11 12:32:37.289 70286 INFO tempest.lib.common.rest_client [req-025a86d9-dc3a-4200-b9a5-abf3726db819 req-025a86d9-dc3a-4200-b9a5-abf3726db819 ] Request (ServersTestJSON:setUpClass): 200 GET http://10.180.1.21/compute/v2.1/servers/c06a2540-e77d-48c0-967f-94e2a53c4d8f 0.103s
2025-03-11 12:32:37.336 70292 INFO tempest.lib.common.rest_client [req-b947419e-d148-4f64-85d6-601760ea1fc2 req-b947419e-d148-4f64-85d6-601760ea1fc2 ] Request (ServerAddressesNegativeTestJSON:setUpClass): 200 GET http://10.180.1.21/compute/v2.1/servers/9a1343a8-11b4-4c9e-8445-931eab036a4d 0.067s
2025-03-11 12:32:37.340 70270 INFO tempest.lib.common.rest_client [req-02518705-da4f-45b1-9833-e1bf26126741 req-02518705-da4f-45b1-9833-e1bf26126741 ] Request (VolumesAdminNegativeTest:test_update_attached_volume_with_nonexistent_volume_in_body): 200 GET http://10.180.1.21/compute/v2.1/servers/b00d09ea-5eee-47ed-adcb-288cdd362e89/os-interface 0.104s
2025-03-11 12:32:37.394 70276 INFO tempest.lib.common.rest_client [req-222a096e-e66e-4a72-ae9d-2560968b7c6c req-222a096e-e66e-4a72-ae9d-2560968b7c6c ] Request (ServersTestBootFromVolume:setUpClass): 200 GET http://10.180.1.21/compute/v2.1/servers/f1f0d79f-dc67-4cf9-816c-c451f20d65ca 0.124s
2025-03-11 12:32:37.406 70318 INFO tempest.lib.common.rest_client [req-2e224c51-66c1-4865-83f1-24f90ca48130 req-2e224c51-66c1-4865-83f1-24f90ca48130 ] Request (ServerShowV254Test:test_rebuild_server): 200 GET http://10.180.1.21/compute/v2.1/servers/1693ccdf-ea72-45d5-8b34-e2b0e155e528 0.054s
2025-03-11 12:32:37.416 70318 INFO tempest.common.waiters [-] State transition "REBUILD/rebuilding" ==> "REBUILD/rebuild_spawning" after 3 second wait
2025-03-11 12:32:37.523 70280 INFO tempest.lib.common.rest_client [req-134e5a3d-39c5-4b9c-8436-ceb29d06965b req-134e5a3d-39c5-4b9c-8436-ceb29d06965b ] Request (AttachInterfacesV270Test:tearDownClass): 200 GET http://10.180.1.21/compute/v2.1/servers/e87e1839-9fef-462d-b1ab-842ef76828a4 0.086s
2025-03-11 12:32:37.573 70288 INFO tempest.lib.common.rest_client [req-8fab8c15-faf7-44a6-b9d1-ee722b866c9d req-8fab8c15-faf7-44a6-b9d1-ee722b866c9d ] Request (DeleteServersAdminTestJSON:test_delete_server_while_in_error_state): 200 GET http://10.180.1.21/compute/v2.1/servers/2ee43622-74f3-4bf6-88e3-cba4ff7ce33d 0.126s
2025-03-11 12:32:37.583 70326 INFO tempest.lib.common.rest_client [req-d3bd7728-edf8-42c9-9d4a-1616674da33d req-d3bd7728-edf8-42c9-9d4a-1616674da33d ] Request (ServerMetadataNegativeTestJSON:setUpClass): 200 GET http://10.180.1.21/compute/v2.1/servers/3c814c83-20cc-4871-9f30-5c0c7d99b8a1 0.095s
2025-03-11 12:32:37.627 70272 INFO tempest.lib.common.rest_client [req-402c12a9-8732-45c8-bd9e-c28582c5232b req-402c12a9-8732-45c8-bd9e-c28582c5232b ] Request (ServerTagsTestJSON:setUpClass): 200 GET http://10.180.1.21/compute/v2.1/servers/03a10403-0253-4df0-84b2-1e56f0c057fe 0.117s
2025-03-11 12:32:37.649 70302 INFO tempest.lib.common.rest_client [req-7f2b7eec-c6cd-431a-90b2-2eceb04340a0 req-7f2b7eec-c6cd-431a-90b2-2eceb04340a0 ] Request (ServersTestMultiNic:_run_cleanups): 200 GET http://10.180.1.21/compute/v2.1/servers/c512ee01-7d45-49f0-b2ce-659392527264 0.092s
2025-03-11 12:32:37.686 70314 INFO tempest.lib.common.rest_client [req-89e02664-7a06-4038-b419-2b7625f9ceb3 req-89e02664-7a06-4038-b419-2b7625f9ceb3 ] Request (AttachVolumeNegativeTest:test_attach_attached_volume_to_different_server): 200 GET http://10.180.1.21/compute/v2.1/servers/ab320e59-febb-4f8f-9bc4-74227d29c752 0.115s
2025-03-11 12:32:37.734 70290 INFO tempest.lib.common.rest_client [req-ed3cc3cc-283b-413c-a936-201f18edf9a4 req-ed3cc3cc-283b-413c-a936-201f18edf9a4 ] Request (ServerActionsV293TestJSON:setUpClass): 200 GET http://10.180.1.21/compute/v2.1/servers/4cc99b2f-2d75-4a98-ac02-6b609e0c31d6 0.066s
2025-03-11 12:32:37.766 70320 INFO tempest.lib.common.rest_client [req-b78bfd66-8c81-4716-9a38-cc79c0f11159 req-b78bfd66-8c81-4716-9a38-cc79c0f11159 ] Request (ServersListShow2100Test:tearDownClass): 200 GET http://10.180.1.21/compute/v2.1/servers/f36c29d1-b945-4afe-abbd-431e59de7cec 0.080s
2025-03-11 12:32:37.797 70316 INFO tempest.lib.common.rest_client [req-7aacaf0d-9d41-44ae-80b3-73dcf9ba2e05 req-7aacaf0d-9d41-44ae-80b3-73dcf9ba2e05 ] Request (ImagesTestJSON:test_create_image_from_suspended_server): 200 GET http://10.180.1.21/compute/v2.1/servers/00ab07b7-e7ed-4a71-b684-d5af8b1b7616 0.076s
2025-03-11 12:32:37.828 70322 INFO tempest.lib.common.rest_client [req-d8c8410f-dd46-4a0f-9272-f6598bedba1d req-d8c8410f-dd46-4a0f-9272-f6598bedba1d ] Request (FloatingIPsAssociationTestJSON:setUpClass): 200 GET http://10.180.1.21/compute/v2.1/servers/9b6aca3c-337b-4067-80e0-487d956fabc7 0.085s
2025-03-11 12:32:37.874 70332 INFO tempest.lib.common.rest_client [req-04c721ce-058e-4886-be5c-e47487edc35d req-04c721ce-058e-4886-be5c-e47487edc35d ] Request (ServerAddressesTestJSON:tearDownClass): 200 GET http://10.180.1.21/compute/v2.1/servers/e6cb7f94-9629-4eec-bd2c-5bc2b4583bf4 0.093s
2025-03-11 12:32:37.882 70278 INFO tempest.lib.common.rest_client [req-0377b27f-8e1f-467c-aa6d-fabd494aa771 req-0377b27f-8e1f-467c-aa6d-fabd494aa771 ] Request (ServersAdminNegativeTestJSON:test_migrate_server_invalid_state): 200 GET http://10.180.1.21/compute/v2.1/servers/6fb97a65-bf0b-4e79-9611-f0f3179661b5 0.093s
2025-03-11 12:32:37.913 70270 INFO tempest.lib.common.rest_client [req-0b6c3e45-0ef4-4130-88ae-6c452b9964bc req-0b6c3e45-0ef4-4130-88ae-6c452b9964bc ] Request (VolumesAdminNegativeTest:test_update_attached_volume_with_nonexistent_volume_in_body): 200 PUT http://10.180.1.21:9696/networking/v2.0/floatingips/a4005064-fac8-47ce-abc7-d413587b8cb2 0.571s
2025-03-11 12:32:37.916 70270 INFO tempest.lib.common.ssh [-] Creating ssh connection to '10.180.180.217:22' as 'cirros' with public key authentication
2025-03-11 12:32:37.945 70310 INFO tempest.lib.common.rest_client [req-7ae28fff-78ec-49da-a415-9d5b087240eb req-7ae28fff-78ec-49da-a415-9d5b087240eb ] Request (FloatingIPsAssociationNegativeTestJSON:tearDownClass): 200 GET http://10.180.1.21/compute/v2.1/servers/70e5674d-4627-4720-9b87-955c2749e010 0.064s
2025-03-11 12:32:37.959 70284 INFO tempest.lib.common.rest_client [req-c3fa3de8-4afd-4a10-bd43-9cd6921201c0 req-c3fa3de8-4afd-4a10-bd43-9cd6921201c0 ] Request (ListServerFiltersTestJSON:setUpClass): 200 GET http://10.180.1.21/compute/v2.1/servers/180b4236-289c-4818-885d-c66e9e9a2ea8 0.065s
2025-03-11 12:32:38.083 70282 INFO tempest.lib.common.rest_client [req-4e2abddd-7fc1-4612-8387-928c8aca1482 req-4e2abddd-7fc1-4612-8387-928c8aca1482 ] Request (ServersAdminTestJSON:test_inject_network_info): 200 GET http://10.180.1.21/compute/v2.1/servers/956306bc-4701-4c04-8221-8ec0b9df73ca 0.059s
2025-03-11 12:32:38.182 70312 INFO tempest.lib.common.rest_client [req-65e405de-e821-4af9-b86e-4ff240ffb355 req-65e405de-e821-4af9-b86e-4ff240ffb355 ] Request (MultipleCreateTestJSON:_run_cleanups): 200 GET http://10.180.1.21/compute/v2.1/servers/db9f7abd-ab45-49a3-9035-695b26756142 0.063s
2025-03-11 12:32:38.221 70274 INFO tempest.lib.common.rest_client [req-ee5b3fe6-9e85-40da-9fe4-10aa5cf22a24 req-ee5b3fe6-9e85-40da-9fe4-10aa5cf22a24 ] Request (ImagesOneServerNegativeTestJSON:_run_cleanups): 200 GET http://10.180.1.21/compute/v2.1/servers/9269e42b-b05c-4c88-9008-aaeda4b0248f 0.059s
2025-03-11 12:32:38.304 70298 INFO tempest.lib.common.rest_client [req-73009de1-79d0-460b-88ca-2af96f2b9592 req-73009de1-79d0-460b-88ca-2af96f2b9592 ] Request (VolumesTestJSON:setUpClass): 200 GET http://10.180.1.21/volume/v3/volumes/1a597aac-c066-455d-8198-98950a2b5213 0.025s
2025-03-11 12:32:38.311 70298 INFO tempest.common.waiters [-] volume 1a597aac-c066-455d-8198-98950a2b5213 reached available after waiting for 1.311458 seconds
2025-03-11 12:32:38.345 70294 INFO tempest.lib.common.rest_client [req-8f15b197-f51d-452e-bb41-fd7394268838 req-8f15b197-f51d-452e-bb41-fd7394268838 ] Request (MigrationsAdminTest:test_resize_server_revert_deleted_flavor): 200 GET http://10.180.1.21/compute/v2.1/servers/f0a4e0cd-d0cd-45d8-8eca-4bdf8973fae8 0.050s
2025-03-11 12:32:38.368 70304 INFO tempest.lib.common.rest_client [req-a3116c5a-010a-4a74-98ca-9073836d3ff3 req-a3116c5a-010a-4a74-98ca-9073836d3ff3 ] Request (AttachInterfacesTestJSON:test_create_list_show_delete_interfaces_by_fixed_ip): 200 GET http://10.180.1.21/compute/v2.1/servers/e46b8a11-650a-4e34-bc4a-e1c1b2515e76 0.137s
2025-03-11 12:32:38.375 70304 INFO tempest.common.waiters [-] State transition "BUILD/networking" ==> "BUILD/block_device_mapping" after 63 second wait
2025-03-11 12:32:38.390 70286 INFO tempest.lib.common.rest_client [req-deabe829-3756-49fa-b331-4993529ae9aa req-deabe829-3756-49fa-b331-4993529ae9aa ] Request (ServersTestJSON:setUpClass): 200 GET http://10.180.1.21/compute/v2.1/servers/c06a2540-e77d-48c0-967f-94e2a53c4d8f 0.088s
2025-03-11 12:32:38.399 70298 INFO tempest.lib.common.rest_client [req-6358cae4-d04f-48e8-8742-9690fc7aa8be req-6358cae4-d04f-48e8-8742-9690fc7aa8be ] Request (VolumesTestJSON:setUpClass): 200 GET http://10.180.1.21/compute/v2.1/os-volumes/1a597aac-c066-455d-8198-98950a2b5213 0.088s
2025-03-11 12:32:38.439 70292 INFO tempest.lib.common.rest_client [req-24ebe89d-4ca8-43c5-8717-bebe7305ff74 req-24ebe89d-4ca8-43c5-8717-bebe7305ff74 ] Request (ServerAddressesNegativeTestJSON:setUpClass): 200 GET http://10.180.1.21/compute/v2.1/servers/9a1343a8-11b4-4c9e-8445-931eab036a4d 0.096s
2025-03-11 12:32:38.457 70276 INFO tempest.lib.common.rest_client [req-e4010240-d546-445f-a981-78e485c9baa9 req-e4010240-d546-445f-a981-78e485c9baa9 ] Request (ServersTestBootFromVolume:setUpClass): 200 GET http://10.180.1.21/compute/v2.1/servers/f1f0d79f-dc67-4cf9-816c-c451f20d65ca 0.056s
2025-03-11 12:32:38.499 70318 INFO tempest.lib.common.rest_client [req-af834233-5599-49c6-9c79-7c3a335167cb req-af834233-5599-49c6-9c79-7c3a335167cb ] Request (ServerShowV254Test:test_rebuild_server): 200 GET http://10.180.1.21/compute/v2.1/servers/1693ccdf-ea72-45d5-8b34-e2b0e155e528 0.083s
2025-03-11 12:32:38.539 70298 INFO tempest.lib.common.rest_client [req-480d4b9a-250c-41ef-8787-31382ddd668a req-480d4b9a-250c-41ef-8787-31382ddd668a ] Request (VolumesTestJSON:setUpClass): 202 POST http://10.180.1.21/volume/v3/volumes 0.137s
2025-03-11 12:32:38.572 70298 INFO tempest.lib.common.rest_client [req-edbe616d-70a4-4e29-b048-ca4569a4e1dc req-edbe616d-70a4-4e29-b048-ca4569a4e1dc ] Request (VolumesTestJSON:setUpClass): 200 GET http://10.180.1.21/volume/v3/volumes/15de128b-5903-428a-84dc-7dc390260b24 0.027s
2025-03-11 12:32:38.603 70280 INFO tempest.lib.common.rest_client [req-cce30142-c647-4601-a642-a2c25a07a211 req-cce30142-c647-4601-a642-a2c25a07a211 ] Request (AttachInterfacesV270Test:tearDownClass): 200 GET http://10.180.1.21/compute/v2.1/servers/e87e1839-9fef-462d-b1ab-842ef76828a4 0.071s
2025-03-11 12:32:38.667 70326 INFO tempest.lib.common.rest_client [req-465fca60-978e-4090-af2f-fcdb387894d3 req-465fca60-978e-4090-af2f-fcdb387894d3 ] Request (ServerMetadataNegativeTestJSON:setUpClass): 200 GET http://10.180.1.21/compute/v2.1/servers/3c814c83-20cc-4871-9f30-5c0c7d99b8a1 0.076s
2025-03-11 12:32:38.716 70288 INFO tempest.lib.common.rest_client [req-a4ba1561-8396-427f-a68d-b7acb4626814 req-a4ba1561-8396-427f-a68d-b7acb4626814 ] Request (DeleteServersAdminTestJSON:test_delete_server_while_in_error_state): 200 GET http://10.180.1.21/compute/v2.1/servers/2ee43622-74f3-4bf6-88e3-cba4ff7ce33d 0.134s
2025-03-11 12:32:38.718 70272 INFO tempest.lib.common.rest_client [req-1efcbc38-9863-4deb-b93a-0e2fc8ec2f2c req-1efcbc38-9863-4deb-b93a-0e2fc8ec2f2c ] Request (ServerTagsTestJSON:setUpClass): 200 GET http://10.180.1.21/compute/v2.1/servers/03a10403-0253-4df0-84b2-1e56f0c057fe 0.082s
2025-03-11 12:32:38.726 70272 INFO tempest.common.waiters [-] State transition "BUILD/scheduling" ==> "BUILD/None" after 39 second wait
2025-03-11 12:32:38.776 70302 INFO tempest.lib.common.rest_client [req-cc3a9242-2aec-4092-8054-b80183031cbc req-cc3a9242-2aec-4092-8054-b80183031cbc ] Request (ServersTestMultiNic:_run_cleanups): 200 GET http://10.180.1.21/compute/v2.1/servers/c512ee01-7d45-49f0-b2ce-659392527264 0.117s
2025-03-11 12:32:38.829 70290 INFO tempest.lib.common.rest_client [req-e2ca573e-51c6-4efc-8860-f67d483bee96 req-e2ca573e-51c6-4efc-8860-f67d483bee96 ] Request (ServerActionsV293TestJSON:setUpClass): 200 GET http://10.180.1.21/compute/v2.1/servers/4cc99b2f-2d75-4a98-ac02-6b609e0c31d6 0.070s
2025-03-11 12:32:38.897 70320 INFO tempest.lib.common.rest_client [req-9f3c6d33-e754-4712-a31c-b04fa354e53f req-9f3c6d33-e754-4712-a31c-b04fa354e53f ] Request (ServersListShow2100Test:tearDownClass): 200 GET http://10.180.1.21/compute/v2.1/servers/f36c29d1-b945-4afe-abbd-431e59de7cec 0.117s
2025-03-11 12:32:38.944 70316 INFO tempest.lib.common.rest_client [req-8ba29b18-22a8-45d5-8458-4fa4d82a0b8a req-8ba29b18-22a8-45d5-8458-4fa4d82a0b8a ] Request (ImagesTestJSON:test_create_image_from_suspended_server): 200 GET http://10.180.1.21/compute/v2.1/servers/00ab07b7-e7ed-4a71-b684-d5af8b1b7616 0.138s
2025-03-11 12:32:38.981 70314 INFO tempest.lib.common.rest_client [req-c2a8a249-0718-4bec-aa8e-ea797e619ae2 req-c2a8a249-0718-4bec-aa8e-ea797e619ae2 ] Request (AttachVolumeNegativeTest:test_attach_attached_volume_to_different_server): 200 GET http://10.180.1.21/compute/v2.1/servers/ab320e59-febb-4f8f-9bc4-74227d29c752 0.285s
2025-03-11 12:32:38.992 70322 INFO tempest.lib.common.rest_client [req-85cbd139-69c0-4807-b783-433038d6d98c req-85cbd139-69c0-4807-b783-433038d6d98c ] Request (FloatingIPsAssociationTestJSON:setUpClass): 200 GET http://10.180.1.21/compute/v2.1/servers/9b6aca3c-337b-4067-80e0-487d956fabc7 0.155s
2025-03-11 12:32:39.033 70332 INFO tempest.lib.common.rest_client [req-08ae2922-8a94-4764-b6bc-769b0a423935 req-08ae2922-8a94-4764-b6bc-769b0a423935 ] Request (ServerAddressesTestJSON:tearDownClass): 200 GET http://10.180.1.21/compute/v2.1/servers/e6cb7f94-9629-4eec-bd2c-5bc2b4583bf4 0.148s
2025-03-11 12:32:39.035 70278 INFO tempest.lib.common.rest_client [req-5daeb13b-d0af-4fba-84b9-51a76d417217 req-5daeb13b-d0af-4fba-84b9-51a76d417217 ] Request (ServersAdminNegativeTestJSON:test_migrate_server_invalid_state): 200 GET http://10.180.1.21/compute/v2.1/servers/6fb97a65-bf0b-4e79-9611-f0f3179661b5 0.144s
2025-03-11 12:32:39.078 70284 INFO tempest.lib.common.rest_client [req-78d0245c-4db3-4445-824e-d5d32903a8dd req-78d0245c-4db3-4445-824e-d5d32903a8dd ] Request (ListServerFiltersTestJSON:setUpClass): 200 GET http://10.180.1.21/compute/v2.1/servers/180b4236-289c-4818-885d-c66e9e9a2ea8 0.109s
2025-03-11 12:32:39.080 70310 INFO tempest.lib.common.rest_client [req-6dd02216-c7cd-4f10-b9fc-1e3584bdfbf5 req-6dd02216-c7cd-4f10-b9fc-1e3584bdfbf5 ] Request (FloatingIPsAssociationNegativeTestJSON:tearDownClass): 200 GET http://10.180.1.21/compute/v2.1/servers/70e5674d-4627-4720-9b87-955c2749e010 0.122s
2025-03-11 12:32:39.139 70282 INFO tempest.lib.common.rest_client [req-61003889-aeb8-4e14-b1da-09c7686eeec7 req-61003889-aeb8-4e14-b1da-09c7686eeec7 ] Request (ServersAdminTestJSON:test_inject_network_info): 200 GET http://10.180.1.21/compute/v2.1/servers/956306bc-4701-4c04-8221-8ec0b9df73ca 0.048s
2025-03-11 12:32:39.258 70312 INFO tempest.lib.common.rest_client [req-233b1872-0898-4577-9fa1-54286ff13482 req-233b1872-0898-4577-9fa1-54286ff13482 ] Request (MultipleCreateTestJSON:_run_cleanups): 200 GET http://10.180.1.21/compute/v2.1/servers/db9f7abd-ab45-49a3-9035-695b26756142 0.066s
2025-03-11 12:32:39.296 70274 INFO tempest.lib.common.rest_client [req-818dd4f9-b51f-4833-b131-c3b21d30a0e4 req-818dd4f9-b51f-4833-b131-c3b21d30a0e4 ] Request (ImagesOneServerNegativeTestJSON:_run_cleanups): 200 GET http://10.180.1.21/compute/v2.1/servers/9269e42b-b05c-4c88-9008-aaeda4b0248f 0.067s
2025-03-11 12:32:39.409 70294 INFO tempest.lib.common.rest_client [req-3a0407d3-c7e9-4c64-be61-40072c08b068 req-3a0407d3-c7e9-4c64-be61-40072c08b068 ] Request (MigrationsAdminTest:test_resize_server_revert_deleted_flavor): 200 GET http://10.180.1.21/compute/v2.1/servers/f0a4e0cd-d0cd-45d8-8eca-4bdf8973fae8 0.056s
2025-03-11 12:32:39.459 70286 INFO tempest.lib.common.rest_client [req-e4e32536-c43b-4461-9083-fe5579a25420 req-e4e32536-c43b-4461-9083-fe5579a25420 ] Request (ServersTestJSON:setUpClass): 200 GET http://10.180.1.21/compute/v2.1/servers/c06a2540-e77d-48c0-967f-94e2a53c4d8f 0.061s
2025-03-11 12:32:39.464 70304 INFO tempest.lib.common.rest_client [req-9dd80df8-2154-4686-8412-ddef1353daa6 req-9dd80df8-2154-4686-8412-ddef1353daa6 ] Request (AttachInterfacesTestJSON:test_create_list_show_delete_interfaces_by_fixed_ip): 200 GET http://10.180.1.21/compute/v2.1/servers/e46b8a11-650a-4e34-bc4a-e1c1b2515e76 0.088s
2025-03-11 12:32:39.472 70304 INFO tempest.common.waiters [-] State transition "BUILD/block_device_mapping" ==> "BUILD/spawning" after 64 second wait
