2025-03-25 18:33:48.793 69160 INFO tempest.lib.common.rest_client [req-b1353aa2-c1ad-42ee-8c7c-ef7eb3874862 req-b1353aa2-c1ad-42ee-8c7c-ef7eb3874862 ] Request (FloatingIPsAssociationNegativeTestJSON:setUpClass): 201 POST http://10.180.1.21:9696/networking/v2.0/subnets 0.777s
2025-03-25 18:33:48.895 69186 INFO tempest.lib.common.rest_client [req-e01f5e20-6e46-4dbd-b4dd-1fe590e0d02a req-e01f5e20-6e46-4dbd-b4dd-1fe590e0d02a ] Request (QuotasAdminTestJSON:_run_cleanups): 200 PUT http://10.180.1.21/compute/v2.1/os-quota-sets/8eef7e10aa244ebc9d5c4c59855588ee 1.854s
2025-03-25 18:33:48.952 69182 INFO tempest.lib.common.rest_client [req-4a10d678-0ec7-467c-ae58-78084ac8f0f1 req-4a10d678-0ec7-467c-ae58-78084ac8f0f1 ] Request (TenantUsagesTestJSON:test_list_usage_all_tenants): 200 GET http://10.180.1.21/compute/v2.1/os-simple-tenant-usage?start=2025-03-24T18%3A33%3A42.566757&end=2025-03-26T18%3A33%3A42.566757&detailed=1 1.827s
2025-03-25 18:33:49.012 69186 INFO tempest.lib.common.rest_client [req-26095d78-2e7b-4776-9172-bfc5c18c7fb5 req-26095d78-2e7b-4776-9172-bfc5c18c7fb5 ] Request (QuotasAdminTestJSON:tearDownClass): 204 DELETE http://10.180.1.21/identity/v3/users/db7f15da65e3475b8d12a1b7259b2737 0.112s
2025-03-25 18:33:49.088 69212 INFO tempest.lib.common.rest_client [req-7f75b251-2135-48d8-910c-b3ff9e39988f req-7f75b251-2135-48d8-910c-b3ff9e39988f ] Request (QuotasAdminTestV257:test_get_updated_quotas): 200 GET http://10.180.1.21/identity/v3/domains?name=Default 0.173s
2025-03-25 18:33:49.174 69194 INFO tempest.lib.common.rest_client [req-8d4b3066-d5d1-45cc-8737-238a221fd29e req-8d4b3066-d5d1-45cc-8737-238a221fd29e ] Request (FlavorsV2TestJSON:test_get_flavor): 200 GET http://10.180.1.21/compute/v2.1/flavors/42 1.833s
2025-03-25 18:33:49.264 69186 INFO tempest.lib.common.rest_client [req-e82088a4-4736-4d03-9230-229aa4d00c0a req-e82088a4-4736-4d03-9230-229aa4d00c0a ] Request (QuotasAdminTestJSON:tearDownClass): 204 DELETE http://10.180.1.21/identity/v3/users/e1af69c2659c40deb0c3279c82dfb750 0.252s
2025-03-25 18:33:49.264 69186 INFO tempest.lib.common.dynamic_creds [-] Deleting project and security group for project: 8db14d12a86c459cb985656e3cf61bfe
2025-03-25 18:33:49.286 69212 INFO tempest.lib.common.rest_client [req-6d59253d-e1c4-421a-84f9-30353efad799 req-6d59253d-e1c4-421a-84f9-30353efad799 ] Request (QuotasAdminTestV257:test_get_updated_quotas): 201 POST http://10.180.1.21/identity/v3/projects 0.198s
2025-03-25 18:33:49.357 69186 INFO tempest.lib.common.rest_client [req-7aef85ca-f93d-47b4-8569-3107b52630c8 req-7aef85ca-f93d-47b4-8569-3107b52630c8 ] Request (QuotasAdminTestJSON:tearDownClass): 201 POST http://10.180.1.21/identity/v3/auth/tokens 0.092s
2025-03-25 18:33:49.414 69212 INFO tempest.lib.common.rest_client [req-d716768f-548f-46ab-9fe4-235ab1e8c09c req-d716768f-548f-46ab-9fe4-235ab1e8c09c ] Request (QuotasAdminTestV257:test_get_updated_quotas): 200 GET http://10.180.1.21/identity/v3/domains?name=Default 0.127s
2025-03-25 18:33:49.454 69190 INFO tempest.lib.common.rest_client [req-288064fb-fbcd-4bfb-b777-6b2fb81524cd req-288064fb-fbcd-4bfb-b777-6b2fb81524cd ] Request (ServersV294TestFqdnHostnames:setUpClass): 201 POST http://10.180.1.21/compute/v2.1/os-keypairs 1.989s
2025-03-25 18:33:49.456 69162 INFO tempest.lib.common.rest_client [req-2df69125-c180-4de7-95e3-8f1ca459c348 req-2df69125-c180-4de7-95e3-8f1ca459c348 ] Request (HypervisorAdminV228Test:tearDownClass): 200 GET http://10.180.1.21:9696/networking/v2.0/security-groups?tenant_id=433c4fc4e3c441389971142c8dacd7c5&name=default 0.945s
2025-03-25 18:33:49.500 69154 INFO tempest.lib.common.rest_client [req-b941dca0-aeb9-4312-9d60-cf02d12ef201 req-b941dca0-aeb9-4312-9d60-cf02d12ef201 ] Request (ServerDiskConfigTestJSON:setUpClass): 201 POST http://10.180.1.21:9696/networking/v2.0/routers 2.665s
2025-03-25 18:33:49.681 69200 INFO tempest.lib.common.rest_client [req-46483769-9ad1-4de2-8709-6052736c7ca3 req-46483769-9ad1-4de2-8709-6052736c7ca3 ] Request (ServersWithSpecificFlavorTestJSON:test_verify_created_server_ephemeral_disk): 202 POST http://10.180.1.21/compute/v2.1/servers 3.323s
2025-03-25 18:33:49.697 69198 INFO tempest.lib.common.rest_client [req-0c74a612-e073-47f6-ae17-75e1b43fe1a5 req-0c74a612-e073-47f6-ae17-75e1b43fe1a5 ] Request (MigrationsAdminTest:test_list_migrations_in_flavor_resize_situation): 200 GET http://10.180.1.21/compute/v2.1/servers/ff3f81eb-8599-47e0-a5a8-26f21ea70fc5 2.187s
2025-03-25 18:33:49.706 69152 INFO tempest.lib.common.rest_client [req-c95a0040-b85e-4236-8155-aca05fca0fe9 req-c95a0040-b85e-4236-8155-aca05fca0fe9 ] Request (SecurityGroupsNegativeTestJSON:test_delete_security_group_without_passing_id): 404 DELETE http://10.180.1.21/compute/v2.1/os-security-groups/ 1.768s
2025-03-25 18:33:49.759 69166 INFO tempest.lib.common.rest_client [req-b72f5fdc-660f-40ed-9dbc-4491de658577 req-b72f5fdc-660f-40ed-9dbc-4491de658577 ] Request (FloatingIPDetailsTestJSON:tearDownClass): 204 DELETE http://10.180.1.21:9696/networking/v2.0/routers/995c3576-eca3-4808-a8e0-a33fd0ab8d09 1.057s
2025-03-25 18:33:49.817 69214 INFO tempest.lib.common.rest_client [req-5a00bb0a-f85e-4b3c-8a01-ab384b23c895 req-5a00bb0a-f85e-4b3c-8a01-ab384b23c895 ] Request (KeyPairsNegativeTestJSON:test_create_keypair_invalid_name): 400 POST http://10.180.1.21/compute/v2.1/os-keypairs 1.773s
2025-03-25 18:33:49.836 69208 INFO tempest.lib.common.rest_client [req-ff4f238d-4f42-429a-9b9c-c50b2730142c req-ff4f238d-4f42-429a-9b9c-c50b2730142c ] Request (FlavorsAccessNegativeTestJSON:test_flavor_non_admin_remove): 200 POST http://10.180.1.21/compute/v2.1/flavors/331668151/action 2.301s
2025-03-25 18:33:49.846 69162 INFO tempest.lib.common.rest_client [req-74e623b9-448d-45ff-ad74-3970857b914d req-74e623b9-448d-45ff-ad74-3970857b914d ] Request (HypervisorAdminV228Test:tearDownClass): 204 DELETE http://10.180.1.21:9696/networking/v2.0/security-groups/37346b4b-773e-4e0e-96f7-c6c46b71e233 0.389s
2025-03-25 18:33:49.914 69190 INFO tempest.lib.common.rest_client [req-febb5ed1-a209-4cef-9771-138b6160d06a req-febb5ed1-a209-4cef-9771-138b6160d06a ] Request (ServersV294TestFqdnHostnames:setUpClass): 201 POST http://10.180.1.21:9696/networking/v2.0/security-groups 0.457s
2025-03-25 18:33:49.941 69162 INFO tempest.lib.common.rest_client [req-701309ea-b965-488d-9050-6de05be49d9c req-701309ea-b965-488d-9050-6de05be49d9c ] Request (HypervisorAdminV228Test:tearDownClass): 204 DELETE http://10.180.1.21/identity/v3/projects/433c4fc4e3c441389971142c8dacd7c5 0.094s
2025-03-25 18:33:49.941 69162 INFO tempest.lib.common.dynamic_creds [-] Deleting project and security group for project: 00a993be31a842e8af3adb8236c364af
2025-03-25 18:33:49.954 69180 INFO tempest.lib.common.rest_client [req-c3474961-9552-4227-80ab-03afb13c277a req-c3474961-9552-4227-80ab-03afb13c277a ] Request (ServerDiagnosticsV248Test:test_get_server_diagnostics): 200 GET http://10.180.1.21/compute/v2.1/servers/295e1d0c-892d-444d-8461-d6d964eee4ff 1.694s
2025-03-25 18:33:49.958 69186 INFO tempest.lib.common.rest_client [req-07b54e54-1378-49e2-9698-cbeec7ec536a req-07b54e54-1378-49e2-9698-cbeec7ec536a ] Request (QuotasAdminTestJSON:tearDownClass): 200 GET http://10.180.1.21:9696/networking/v2.0/security-groups?tenant_id=8db14d12a86c459cb985656e3cf61bfe&name=default 0.601s
2025-03-25 18:33:49.967 69180 INFO tempest.common.waiters [-] State transition "BUILD/spawning" ==> "ACTIVE/None" after 18 second wait
2025-03-25 18:33:50.208 69166 INFO tempest.lib.common.rest_client [req-c27b9175-41fa-4b6b-93c1-f8bb9a57cfc4 req-c27b9175-41fa-4b6b-93c1-f8bb9a57cfc4 ] Request (FloatingIPDetailsTestJSON:tearDownClass): 204 DELETE http://10.180.1.21:9696/networking/v2.0/subnets/0395b732-7b9c-4163-bd60-ac97fdddce57 0.448s
2025-03-25 18:33:50.228 69162 INFO tempest.lib.common.rest_client [req-e9efbec9-2560-4734-8155-6b68df0f8457 req-e9efbec9-2560-4734-8155-6b68df0f8457 ] Request (HypervisorAdminV228Test:tearDownClass): 200 GET http://10.180.1.21:9696/networking/v2.0/security-groups?tenant_id=00a993be31a842e8af3adb8236c364af&name=default 0.286s
2025-03-25 18:33:50.266 69204 INFO tempest.lib.common.rest_client [req-6f8e029a-520e-4ccb-b001-545b5bdcf152 req-6f8e029a-520e-4ccb-b001-545b5bdcf152 ] Request (ServersAdminTestJSON:setUpClass): 200 GET http://10.180.1.21/compute/v2.1/servers/2a97bbe3-9d5b-4839-82f1-ac5da92928bc 2.168s
2025-03-25 18:33:50.278 69190 INFO tempest.lib.common.rest_client [req-b2e1d500-17b1-4adc-9944-53df4e068feb req-b2e1d500-17b1-4adc-9944-53df4e068feb ] Request (ServersV294TestFqdnHostnames:setUpClass): 201 POST http://10.180.1.21:9696/networking/v2.0/security-group-rules 0.363s
2025-03-25 18:33:50.300 69156 INFO tempest.lib.common.rest_client [req-274f54ff-8087-4a57-a314-3bb44532be36 req-274f54ff-8087-4a57-a314-3bb44532be36 ] Request (ServicesAdminNegativeV253TestJSON:test_get_service_by_invalid_service_and_valid_host): 200 GET http://10.180.1.21/compute/v2.1/os-services 1.913s
2025-03-25 18:33:50.315 69188 INFO tempest.lib.common.rest_client [req-466aae9d-0d19-4c38-b1ec-cee2282a4f58 req-466aae9d-0d19-4c38-b1ec-cee2282a4f58 ] Request (AggregatesAdminNegativeTestJSON:test_aggregate_create_with_existent_aggregate_name): 409 POST http://10.180.1.21/compute/v2.1/os-aggregates 1.900s
2025-03-25 18:33:50.353 69186 INFO tempest.lib.common.rest_client [req-572fa1e3-47ee-44ed-9a32-b4f74575d4cb req-572fa1e3-47ee-44ed-9a32-b4f74575d4cb ] Request (QuotasAdminTestJSON:tearDownClass): 204 DELETE http://10.180.1.21:9696/networking/v2.0/security-groups/346b856e-2302-4794-9845-f3f96c69e93b 0.395s
2025-03-25 18:33:50.407 69184 INFO tempest.lib.common.rest_client [req-66a7a202-f1ef-4807-b565-6ddd4301370e req-66a7a202-f1ef-4807-b565-6ddd4301370e ] Request (VolumesAdminNegativeTest:test_update_attached_volume_with_nonexistent_volume_in_body): 200 GET http://10.180.1.21/compute/v2.1/servers/bf7da137-7978-4d65-b707-e0111d8736d9 2.049s
2025-03-25 18:33:50.492 69186 INFO tempest.lib.common.rest_client [req-8e54458e-48b8-4f81-8e56-13fd66ce8a70 req-8e54458e-48b8-4f81-8e56-13fd66ce8a70 ] Request (QuotasAdminTestJSON:tearDownClass): 204 DELETE http://10.180.1.21/identity/v3/projects/8db14d12a86c459cb985656e3cf61bfe 0.138s
2025-03-25 18:33:50.492 69186 INFO tempest.lib.common.dynamic_creds [-] Deleting project and security group for project: 8eef7e10aa244ebc9d5c4c59855588ee
2025-03-25 18:33:50.494 69171 INFO tempest.lib.common.rest_client [req-813cba71-c65f-4dc5-803c-47d0d4d6d0a0 req-813cba71-c65f-4dc5-803c-47d0d4d6d0a0 ] Request (ImagesMetadataTestJSON:setUp): 200 PUT http://10.180.1.21/compute/v2.1/images/7265c0e1-1669-484e-bf25-df0d76900165/metadata 2.037s
2025-03-25 18:33:50.511 69178 INFO tempest.lib.common.rest_client [req-8fb4b612-2df9-4048-9fed-624e065823b1 req-8fb4b612-2df9-4048-9fed-624e065823b1 ] Request (VolumesAssistedSnapshotsTest:test_volume_assisted_snapshot_create_delete): 200 GET http://10.180.1.21/compute/v2.1/servers/53a0d5d8-8049-427e-8beb-685a275a09f0 2.014s
2025-03-25 18:33:50.535 69172 INFO tempest.lib.common.rest_client [req-49d5368b-a767-4386-83db-d8127a2b55fe req-49d5368b-a767-4386-83db-d8127a2b55fe ] Request (KeyPairsV22TestJSON:_run_cleanups): 204 DELETE http://10.180.1.21/compute/v2.1/os-keypairs/tempest-keypair-1368376094 1.985s
2025-03-25 18:33:50.546 69168 INFO tempest.lib.common.rest_client [req-23049437-69ed-4931-977e-df60dd79aa09 req-23049437-69ed-4931-977e-df60dd79aa09 ] Request (ServerAddressesTestJSON:test_list_server_addresses_by_network): 200 GET http://10.180.1.21/compute/v2.1/servers/30a5da31-76c4-4500-9875-211849ef9c6a/ips/tempest-ServerAddressesTestJSON-1787994227-network 2.014s
2025-03-25 18:33:50.587 69162 INFO tempest.lib.common.rest_client [req-cd861777-e44c-446d-93f5-ab33b15c4e18 req-cd861777-e44c-446d-93f5-ab33b15c4e18 ] Request (HypervisorAdminV228Test:tearDownClass): 204 DELETE http://10.180.1.21:9696/networking/v2.0/security-groups/401998c7-4c22-43b1-b970-aef21034d650 0.358s
2025-03-25 18:33:50.701 69210 INFO tempest.lib.common.rest_client [req-6a85affd-9068-49d7-9693-00f9b52bf04a req-6a85affd-9068-49d7-9693-00f9b52bf04a ] Request (DeleteServersAdminTestJSON:test_admin_delete_servers_of_others): 200 GET http://10.180.1.21/compute/v2.1/servers/5ebcefb7-7726-44fd-a9da-1454cbb39bd7 2.002s
2025-03-25 18:33:50.723 69162 INFO tempest.lib.common.rest_client [req-45239f53-421e-4cce-a57d-0362b18edd00 req-45239f53-421e-4cce-a57d-0362b18edd00 ] Request (HypervisorAdminV228Test:tearDownClass): 204 DELETE http://10.180.1.21/identity/v3/projects/00a993be31a842e8af3adb8236c364af 0.136s
2025-03-25 18:33:50.724 69162 INFO tempest.test [-] raised in UnshelveToHostMultiNodesTest.setUpClass. Invoking tearDownClass.
2025-03-25 18:33:50.784 69190 INFO tempest.lib.common.rest_client [req-48671028-cd06-4ff2-930c-6a2422a09988 req-48671028-cd06-4ff2-930c-6a2422a09988 ] Request (ServersV294TestFqdnHostnames:setUpClass): 201 POST http://10.180.1.21:9696/networking/v2.0/security-group-rules 0.506s
2025-03-25 18:33:50.813 69176 INFO tempest.lib.common.rest_client [req-4a7b716a-b6ac-4425-8ec4-19eda46cc9e7 req-4a7b716a-b6ac-4425-8ec4-19eda46cc9e7 ] Request (ServerExternalEventsTest:test_create_server_external_events): 200 GET http://10.180.1.21/compute/v2.1/servers/72cad1ac-44b8-4d90-bfde-7078e2ffd0e1 2.100s
2025-03-25 18:33:50.817 69162 INFO tempest.lib.common.rest_client [req-e970bfd6-f342-4367-a340-d2a2736045d0 req-e970bfd6-f342-4367-a340-d2a2736045d0 ] Request (SecurityGroupRulesNegativeTestJSON:setUpClass): 201 POST http://10.180.1.21/identity/v3/auth/tokens 0.087s
2025-03-25 18:33:50.850 69202 INFO tempest.lib.common.rest_client [req-e8d0460a-cf47-4fc5-bbdd-f3b64313ecb7 req-e8d0460a-cf47-4fc5-bbdd-f3b64313ecb7 ] Request (ServerRescueNegativeTestJSON:setUpClass): 200 GET http://10.180.1.21/compute/v2.1/servers/423efc1e-c007-42d0-bf18-269b075ccff2 2.262s
2025-03-25 18:33:50.857 69202 INFO tempest.common.waiters [-] State transition "BUILD/None" ==> "BUILD/spawning" after 9 second wait
2025-03-25 18:33:50.867 69162 INFO tempest.lib.common.rest_client [req-eed6844e-9047-41f1-a198-806347719d0a req-eed6844e-9047-41f1-a198-806347719d0a ] Request (SecurityGroupRulesNegativeTestJSON:setUpClass): 201 POST http://10.180.1.21/identity/v3/auth/tokens 0.046s
2025-03-25 18:33:50.908 69162 INFO tempest.lib.common.rest_client [req-4ac2a76a-55a9-445a-bc7a-5154ca84fb75 req-4ac2a76a-55a9-445a-bc7a-5154ca84fb75 ] Request (SecurityGroupRulesNegativeTestJSON:setUpClass): 200 GET http://10.180.1.21/identity/v3/domains?name=Default 0.041s
2025-03-25 18:33:50.948 69162 INFO tempest.lib.common.rest_client [req-743ff5ea-527c-45f5-9314-2b320f938e10 req-743ff5ea-527c-45f5-9314-2b320f938e10 ] Request (SecurityGroupRulesNegativeTestJSON:setUpClass): 201 POST http://10.180.1.21/identity/v3/projects 0.039s
2025-03-25 18:33:50.983 69182 INFO tempest.lib.common.rest_client [req-455e6336-6311-4c20-b758-897182458192 req-455e6336-6311-4c20-b758-897182458192 ] Request (TenantUsagesTestJSON:tearDownClass): 204 DELETE http://10.180.1.21/compute/v2.1/servers/e5210410-3725-4dea-902d-9fcc2a4bc9e5 2.020s
2025-03-25 18:33:51.044 69162 INFO tempest.lib.common.rest_client [req-f0b80292-c6fc-4be3-a601-7672fa163029 req-f0b80292-c6fc-4be3-a601-7672fa163029 ] Request (SecurityGroupRulesNegativeTestJSON:setUpClass): 201 POST http://10.180.1.21/identity/v3/users 0.095s
2025-03-25 18:33:51.081 69162 INFO tempest.lib.common.rest_client [req-4795d30a-0158-48fd-972e-8112d6f210d1 req-4795d30a-0158-48fd-972e-8112d6f210d1 ] Request (SecurityGroupRulesNegativeTestJSON:setUpClass): 200 GET http://10.180.1.21/identity/v3/roles 0.035s
2025-03-25 18:33:51.104 69186 INFO tempest.lib.common.rest_client [req-7983e8a9-56b6-4d32-b216-5d181ed73489 req-7983e8a9-56b6-4d32-b216-5d181ed73489 ] Request (QuotasAdminTestJSON:tearDownClass): 200 GET http://10.180.1.21:9696/networking/v2.0/security-groups?tenant_id=8eef7e10aa244ebc9d5c4c59855588ee&name=default 0.612s
2025-03-25 18:33:51.111 69174 INFO tempest.lib.common.rest_client [req-83a2a5e5-6fe6-4b07-9bfd-11119b2e7a7c req-83a2a5e5-6fe6-4b07-9bfd-11119b2e7a7c ] Request (ImagesNegativeTestJSON:test_create_image_from_deleted_server): 200 GET http://10.180.1.21/compute/v2.1/servers/03a157f6-051b-40f3-89e6-3b24db7d7c61 2.290s
2025-03-25 18:33:51.126 69164 INFO tempest.lib.common.rest_client [req-9b1cc9d2-c7c1-4952-b5a4-cfcd8d7e0b0e req-9b1cc9d2-c7c1-4952-b5a4-cfcd8d7e0b0e ] Request (ServerDiagnosticsNegativeTest:tearDownClass): 200 GET http://10.180.1.21/compute/v2.1/servers/41fc595a-191d-48fb-94bf-67212e8f5699 2.102s
2025-03-25 18:33:51.139 69164 INFO tempest.common.waiters [-] State transition "ACTIVE/deleting" ==> "DELETED/None" after 3 second wait
2025-03-25 18:33:51.143 69162 INFO tempest.lib.common.rest_client [req-76e1be79-c771-460e-8d7b-a25fb05bbedc req-76e1be79-c771-460e-8d7b-a25fb05bbedc ] Request (SecurityGroupRulesNegativeTestJSON:setUpClass): 204 PUT http://10.180.1.21/identity/v3/projects/c276f444eb62403aa67ac39dc1745474/users/cdb5642aecf64608a5be100631eb544b/roles/7c563243bd354a0ea1f7e5c1aadfc9e2 0.061s
2025-03-25 18:33:51.142 69194 INFO tempest.lib.common.rest_client [req-60ca4570-b96a-4dee-913c-1b674e94e96e req-60ca4570-b96a-4dee-913c-1b674e94e96e ] Request (FlavorsV2TestJSON:test_list_flavors): 200 GET http://10.180.1.21/compute/v2.1/flavors 1.962s
2025-03-25 18:33:51.143 69162 INFO tempest.lib.common.dynamic_creds [-] Dynamic test user cdb5642aecf64608a5be100631eb544b is created with scope project and roles: ['member']
2025-03-25 18:33:51.143 69162 INFO tempest.lib.common.dynamic_creds [-] Acquired dynamic creds: credentials: Credentials: {'domain_id': 'default', 'domain_name': 'Default', 'username': 'tempest-SecurityGroupRulesNegativeTestJSON-1632437278-project-member', 'project_domain_id': 'default', 'project_domain_name': 'Default', 'project_id': 'c276f444eb62403aa67ac39dc1745474', 'project_name': 'tempest-SecurityGroupRulesNegativeTestJSON-1632437278', 'tenant_id': 'c276f444eb62403aa67ac39dc1745474', 'tenant_name': 'tempest-SecurityGroupRulesNegativeTestJSON-1632437278', 'user_domain_id': 'default', 'user_domain_name': 'Default', 'user_id': 'cdb5642aecf64608a5be100631eb544b', 'system': None}, Network: None, Subnet: None, Router: None
2025-03-25 18:33:51.238 69162 INFO tempest.lib.common.rest_client [req-b427ac9f-75ea-4ccb-b3f4-6b7e9400c7b8 req-b427ac9f-75ea-4ccb-b3f4-6b7e9400c7b8 ] Request (SecurityGroupRulesNegativeTestJSON:setUpClass): 201 POST http://10.180.1.21/identity/v3/auth/tokens 0.094s
2025-03-25 18:33:51.378 69206 INFO tempest.lib.common.rest_client [req-e121997a-9a34-4068-b838-e1a95b831a60 req-e121997a-9a34-4068-b838-e1a95b831a60 ] Request (FloatingIPsAssociationTestJSON:setUpClass): 200 GET http://10.180.1.21/compute/v2.1/servers/b427c242-aa1f-42cd-9808-a4028c75c2b7 2.097s
2025-03-25 18:33:51.387 69212 INFO tempest.lib.common.rest_client [req-0a48e9ef-18da-4447-8755-48b252ba827b req-0a48e9ef-18da-4447-8755-48b252ba827b ] Request (QuotasAdminTestV257:test_get_updated_quotas): 200 PUT http://10.180.1.21/compute/v2.1/os-quota-sets/ad1f09c4d88f44d193214c20533ce446 1.972s
2025-03-25 18:33:51.387 69206 INFO tempest.common.waiters [-] State transition "BUILD/spawning" ==> "ACTIVE/None" after 24 second wait
2025-03-25 18:33:51.411 69166 INFO tempest.lib.common.rest_client [req-3e4d6efa-d225-455e-aa59-5bbc21f52429 req-3e4d6efa-d225-455e-aa59-5bbc21f52429 ] Request (FloatingIPDetailsTestJSON:tearDownClass): 204 DELETE http://10.180.1.21:9696/networking/v2.0/networks/9a79ee2c-fcf7-4749-b454-5215d2f476db 1.202s
2025-03-25 18:33:51.417 69160 INFO tempest.lib.common.rest_client [req-e70e4818-24b8-4ff9-b372-af1a3cd9eb50 req-e70e4818-24b8-4ff9-b372-af1a3cd9eb50 ] Request (FloatingIPsAssociationNegativeTestJSON:setUpClass): 201 POST http://10.180.1.21:9696/networking/v2.0/routers 2.623s
2025-03-25 18:33:51.439 69186 INFO tempest.lib.common.rest_client [req-260b3838-121f-4f36-9d6b-69e5ac249569 req-260b3838-121f-4f36-9d6b-69e5ac249569 ] Request (QuotasAdminTestJSON:tearDownClass): 204 DELETE http://10.180.1.21:9696/networking/v2.0/security-groups/a6e3724b-8f3f-4e1c-a646-926204ffc0a4 0.334s
2025-03-25 18:33:51.499 69166 INFO tempest.lib.common.rest_client [req-de332635-23f4-4ec5-9612-68f52cfc2aab req-de332635-23f4-4ec5-9612-68f52cfc2aab ] Request (FloatingIPDetailsTestJSON:tearDownClass): 204 DELETE http://10.180.1.21/identity/v3/users/427285c65fd94271afb1cf85d623c811 0.088s
2025-03-25 18:33:51.499 69166 INFO tempest.lib.common.dynamic_creds [-] Deleting project and security group for project: fcfbcf6107ed459eb091ec878fee7fc5
2025-03-25 18:33:51.514 69200 INFO tempest.lib.common.rest_client [req-386665e9-0bf2-4391-97c9-bdc8168c5ac4 req-386665e9-0bf2-4391-97c9-bdc8168c5ac4 ] Request (ServersWithSpecificFlavorTestJSON:test_verify_created_server_ephemeral_disk): 200 GET http://10.180.1.21/compute/v2.1/servers/b40e7bdb-cc27-4536-bc35-68184c900060 1.826s
2025-03-25 18:33:51.545 69214 INFO tempest.lib.common.rest_client [req-8d81fab8-3f5e-4db7-8713-907832d4bbed req-8d81fab8-3f5e-4db7-8713-907832d4bbed ] Request (KeyPairsNegativeTestJSON:test_create_keypair_when_public_key_bits_exceeds_maximum): 400 POST http://10.180.1.21/compute/v2.1/os-keypairs 1.725s
2025-03-25 18:33:51.551 69208 INFO tempest.lib.common.rest_client [req-ef865f2f-0d95-4bf5-b167-ae2189a364e3 req-ef865f2f-0d95-4bf5-b167-ae2189a364e3 ] Request (FlavorsAccessNegativeTestJSON:test_flavor_non_admin_remove): 403 POST http://10.180.1.21/compute/v2.1/flavors/331668151/action 1.713s
2025-03-25 18:33:51.600 69186 INFO tempest.lib.common.rest_client [req-2eea7fbf-935b-449b-958f-82d536f99451 req-2eea7fbf-935b-449b-958f-82d536f99451 ] Request (QuotasAdminTestJSON:tearDownClass): 204 DELETE http://10.180.1.21/identity/v3/projects/8eef7e10aa244ebc9d5c4c59855588ee 0.160s
2025-03-25 18:33:51.635 69166 INFO tempest.lib.common.rest_client [req-5a3e8af7-82cf-455b-a7f4-9ba0a306a172 req-5a3e8af7-82cf-455b-a7f4-9ba0a306a172 ] Request (FloatingIPDetailsTestJSON:tearDownClass): 200 GET http://10.180.1.21:9696/networking/v2.0/security-groups?tenant_id=fcfbcf6107ed459eb091ec878fee7fc5&name=default 0.136s
2025-03-25 18:33:51.665 69186 INFO tempest.lib.common.rest_client [req-ba2b6083-3f01-4587-bc4a-fa07fd86db0c req-ba2b6083-3f01-4587-bc4a-fa07fd86db0c ] Request (ServersAaction247Test:setUpClass): 201 POST http://10.180.1.21/identity/v3/auth/tokens 0.063s
2025-03-25 18:33:51.701 69186 INFO tempest.lib.common.rest_client [req-c6366297-201b-4852-82ff-953db3cbae5d req-c6366297-201b-4852-82ff-953db3cbae5d ] Request (ServersAaction247Test:setUpClass): 201 POST http://10.180.1.21/identity/v3/auth/tokens 0.029s
2025-03-25 18:33:51.733 69152 INFO tempest.lib.common.rest_client [req-66b21d82-dd42-4d7a-89e3-5b1ef81a7105 req-66b21d82-dd42-4d7a-89e3-5b1ef81a7105 ] Request (SecurityGroupsNegativeTestJSON:test_delete_the_default_security_group): 200 GET http://10.180.1.21/compute/v2.1/os-security-groups 2.023s
2025-03-25 18:33:51.734 69186 INFO tempest.lib.common.rest_client [req-92d8d6bf-3d32-4a13-9efa-30b7228bfb63 req-92d8d6bf-3d32-4a13-9efa-30b7228bfb63 ] Request (ServersAaction247Test:setUpClass): 200 GET http://10.180.1.21/identity/v3/domains?name=Default 0.033s
2025-03-25 18:33:51.743 69192 INFO tempest.lib.common.rest_client [req-767d048f-b99b-4b37-9d79-60354bd66640 req-767d048f-b99b-4b37-9d79-60354bd66640 ] Request (FloatingIPsNegativeTestJSON:tearDownClass): 200 PUT http://10.180.1.21:9696/networking/v2.0/routers/9c82a11c-8b73-4ad7-b2f5-80eb8aaee2a4/remove_router_interface 3.387s
2025-03-25 18:33:51.775 69186 INFO tempest.lib.common.rest_client [req-686c1289-6a40-403f-83a9-e25529f1b266 req-686c1289-6a40-403f-83a9-e25529f1b266 ] Request (ServersAaction247Test:setUpClass): 201 POST http://10.180.1.21/identity/v3/projects 0.040s
2025-03-25 18:33:51.775 69156 INFO tempest.lib.common.rest_client [req-f5aa4a79-b09e-471c-8ea9-c6eb7e00203b req-f5aa4a79-b09e-471c-8ea9-c6eb7e00203b ] Request (ServicesAdminNegativeV253TestJSON:test_get_service_by_invalid_service_and_valid_host): 200 GET http://10.180.1.21/compute/v2.1/os-services?host=devstack&binary=xxx 1.473s
2025-03-25 18:33:51.807 69188 INFO tempest.lib.common.rest_client [req-3fee149d-83d9-41f7-aebc-e5ff837a47ea req-3fee149d-83d9-41f7-aebc-e5ff837a47ea ] Request (AggregatesAdminNegativeTestJSON:_run_cleanups): 200 DELETE http://10.180.1.21/compute/v2.1/os-aggregates/4 1.492s
2025-03-25 18:33:51.851 69171 INFO tempest.lib.common.rest_client [req-f904fe6c-7070-43cd-85be-c5c1c4635e7a req-f904fe6c-7070-43cd-85be-c5c1c4635e7a ] Request (ImagesMetadataTestJSON:test_list_image_metadata): 200 GET http://10.180.1.21/compute/v2.1/images/7265c0e1-1669-484e-bf25-df0d76900165/metadata 1.356s
2025-03-25 18:33:51.861 69186 INFO tempest.lib.common.rest_client [req-2d4401a3-60a3-4212-8dc8-ae1f48c89b61 req-2d4401a3-60a3-4212-8dc8-ae1f48c89b61 ] Request (ServersAaction247Test:setUpClass): 201 POST http://10.180.1.21/identity/v3/users 0.085s
2025-03-25 18:33:51.890 69172 INFO tempest.lib.common.rest_client [req-a41422f5-483c-4494-80f7-8e0805e5a658 req-a41422f5-483c-4494-80f7-8e0805e5a658 ] Request (KeyPairsV22TestJSON:test_keypair_create_delete): 201 POST http://10.180.1.21/compute/v2.1/os-keypairs 1.350s
2025-03-25 18:33:51.899 69186 INFO tempest.lib.common.rest_client [req-e8b8973d-7bef-45c0-af0f-f2105756a272 req-e8b8973d-7bef-45c0-af0f-f2105756a272 ] Request (ServersAaction247Test:setUpClass): 200 GET http://10.180.1.21/identity/v3/roles 0.038s
2025-03-25 18:33:51.915 69162 INFO tempest.lib.common.rest_client [req-0aab90fa-f490-47f3-9f0d-f623cc8a58d2 req-0aab90fa-f490-47f3-9f0d-f623cc8a58d2 ] Request (SecurityGroupRulesNegativeTestJSON:setUpClass): 201 POST http://10.180.1.21:9696/networking/v2.0/networks 0.677s
2025-03-25 18:33:51.940 69186 INFO tempest.lib.common.rest_client [req-6a340b1d-6a93-4f17-9ac5-6636824bb0be req-6a340b1d-6a93-4f17-9ac5-6636824bb0be ] Request (ServersAaction247Test:setUpClass): 204 PUT http://10.180.1.21/identity/v3/projects/6c94c352f9a944769d7440b09fb5bfeb/users/af6f3d346ee84e4895a1a83c69ad9bf6/roles/7c563243bd354a0ea1f7e5c1aadfc9e2 0.039s
2025-03-25 18:33:51.940 69186 INFO tempest.lib.common.dynamic_creds [-] Dynamic test user af6f3d346ee84e4895a1a83c69ad9bf6 is created with scope project and roles: ['member']
2025-03-25 18:33:51.941 69186 INFO tempest.lib.common.dynamic_creds [-] Acquired dynamic creds: credentials: Credentials: {'domain_id': 'default', 'domain_name': 'Default', 'username': 'tempest-ServersAaction247Test-531619293-project-member', 'project_domain_id': 'default', 'project_domain_name': 'Default', 'project_id': '6c94c352f9a944769d7440b09fb5bfeb', 'project_name': 'tempest-ServersAaction247Test-531619293', 'tenant_id': '6c94c352f9a944769d7440b09fb5bfeb', 'tenant_name': 'tempest-ServersAaction247Test-531619293', 'user_domain_id': 'default', 'user_domain_name': 'Default', 'user_id': 'af6f3d346ee84e4895a1a83c69ad9bf6', 'system': None}, Network: None, Subnet: None, Router: None
2025-03-25 18:33:51.941 69186 INFO tempest.lib.common.dynamic_creds [-] Created isolated network resources for: credentials: Credentials: {'domain_id': 'default', 'domain_name': 'Default', 'username': 'tempest-ServersAaction247Test-531619293-project-member', 'project_domain_id': 'default', 'project_domain_name': 'Default', 'project_id': '6c94c352f9a944769d7440b09fb5bfeb', 'project_name': 'tempest-ServersAaction247Test-531619293', 'tenant_id': '6c94c352f9a944769d7440b09fb5bfeb', 'tenant_name': 'tempest-ServersAaction247Test-531619293', 'user_domain_id': 'default', 'user_domain_name': 'Default', 'user_id': 'af6f3d346ee84e4895a1a83c69ad9bf6', 'system': None}, Network: None, Subnet: None, Router: None
2025-03-25 18:33:51.981 69168 INFO tempest.lib.common.rest_client [req-3bf5769e-d82c-4b65-9ae7-67693fd4a2db req-3bf5769e-d82c-4b65-9ae7-67693fd4a2db ] Request (ServerAddressesTestJSON:tearDownClass): 204 DELETE http://10.180.1.21/compute/v2.1/servers/30a5da31-76c4-4500-9875-211849ef9c6a 1.433s
2025-03-25 18:33:51.992 69166 INFO tempest.lib.common.rest_client [req-45dc166e-d196-4463-a400-ae4765081e6c req-45dc166e-d196-4463-a400-ae4765081e6c ] Request (FloatingIPDetailsTestJSON:tearDownClass): 204 DELETE http://10.180.1.21:9696/networking/v2.0/security-groups/b5294ec6-b62c-4069-ac5f-79743da5dcca 0.357s
2025-03-25 18:33:52.064 69186 INFO tempest.lib.common.rest_client [req-1d2f0d85-6125-444b-ba6b-a2dcd03d2e5d req-1d2f0d85-6125-444b-ba6b-a2dcd03d2e5d ] Request (ServersAaction247Test:setUpClass): 201 POST http://10.180.1.21/identity/v3/auth/tokens 0.117s
2025-03-25 18:33:52.097 69186 INFO tempest.lib.common.rest_client [req-c21cc04c-259b-44b1-ae91-b62eb686a9e1 req-c21cc04c-259b-44b1-ae91-b62eb686a9e1 ] Request (ServersAaction247Test:test_create_backup): 201 POST http://10.180.1.21/identity/v3/auth/tokens 0.028s
2025-03-25 18:33:52.098 69186 INFO tempest.lib.common.fixed_network [-] (ServersAaction247Test:test_create_backup) Found network None available for tenant
2025-03-25 18:33:52.135 69166 INFO tempest.lib.common.rest_client [req-7555f0f7-30b2-42ac-b265-018028b4695e req-7555f0f7-30b2-42ac-b265-018028b4695e ] Request (FloatingIPDetailsTestJSON:tearDownClass): 204 DELETE http://10.180.1.21/identity/v3/projects/fcfbcf6107ed459eb091ec878fee7fc5 0.143s
2025-03-25 18:33:52.216 69166 INFO tempest.lib.common.rest_client [req-ec2467f5-8ade-4ead-a604-836985fff8f2 req-ec2467f5-8ade-4ead-a604-836985fff8f2 ] Request (KeyPairsV2TestJSON:setUpClass): 201 POST http://10.180.1.21/identity/v3/auth/tokens 0.079s
2025-03-25 18:33:52.262 69198 INFO tempest.lib.common.rest_client [req-b1e2ddb9-fb17-4c98-b9f5-091a5242aefc req-b1e2ddb9-fb17-4c98-b9f5-091a5242aefc ] Request (MigrationsAdminTest:test_list_migrations_in_flavor_resize_situation): 200 GET http://10.180.1.21/compute/v2.1/servers/ff3f81eb-8599-47e0-a5a8-26f21ea70fc5 1.550s
2025-03-25 18:33:52.275 69166 INFO tempest.lib.common.rest_client [req-2fcbd6c1-6749-4d36-a0a6-b8467a7818ba req-2fcbd6c1-6749-4d36-a0a6-b8467a7818ba ] Request (KeyPairsV2TestJSON:setUpClass): 201 POST http://10.180.1.21/identity/v3/auth/tokens 0.056s
2025-03-25 18:33:52.302 69180 INFO tempest.lib.common.rest_client [req-dbc0a8f2-a0ad-440a-8982-1d9b6146c4fc req-dbc0a8f2-a0ad-440a-8982-1d9b6146c4fc ] Request (ServerDiagnosticsV248Test:test_get_server_diagnostics): 200 GET http://10.180.1.21/compute/v2.1/servers/295e1d0c-892d-444d-8461-d6d964eee4ff/diagnostics 2.334s
2025-03-25 18:33:52.324 69190 INFO tempest.lib.common.rest_client [req-f8959c93-70f7-450b-ade3-50ac7ecc69cf req-f8959c93-70f7-450b-ade3-50ac7ecc69cf ] Request (ServersV294TestFqdnHostnames:setUpClass): 201 POST http://10.180.1.21:9696/networking/v2.0/floatingips 1.539s
2025-03-25 18:33:52.335 69166 INFO tempest.lib.common.rest_client [req-b6f68d78-d1b2-4fb3-825b-c65004f9fd53 req-b6f68d78-d1b2-4fb3-825b-c65004f9fd53 ] Request (KeyPairsV2TestJSON:setUpClass): 200 GET http://10.180.1.21/identity/v3/domains?name=Default 0.059s
2025-03-25 18:33:52.338 69194 INFO tempest.lib.common.rest_client [req-56e0a7e1-7cc4-46f7-a8a8-453ec9c13e4d req-56e0a7e1-7cc4-46f7-a8a8-453ec9c13e4d ] Request (FlavorsV2TestJSON:test_list_flavors): 200 GET http://10.180.1.21/compute/v2.1/flavors/42 1.190s
2025-03-25 18:33:52.388 69166 INFO tempest.lib.common.rest_client [req-81f02932-1440-45f2-a71c-810c623bf2a4 req-81f02932-1440-45f2-a71c-810c623bf2a4 ] Request (KeyPairsV2TestJSON:setUpClass): 201 POST http://10.180.1.21/identity/v3/projects 0.053s
2025-03-25 18:33:52.401 69162 INFO tempest.lib.common.rest_client [req-164e275f-3ef0-4003-a0f2-943ca237367d req-164e275f-3ef0-4003-a0f2-943ca237367d ] Request (SecurityGroupRulesNegativeTestJSON:setUpClass): 201 POST http://10.180.1.21:9696/networking/v2.0/subnets 0.485s
2025-03-25 18:33:52.426 69190 INFO tempest.lib.common.rest_client [req-24006c47-49b7-4cf0-88bf-2d9fe3845327 req-24006c47-49b7-4cf0-88bf-2d9fe3845327 ] Request (ServersV294TestFqdnHostnames:setUpClass): 201 POST http://10.180.1.21/identity/v3/auth/tokens 0.098s
2025-03-25 18:33:52.427 69190 INFO tempest.lib.common.fixed_network [-] (ServersV294TestFqdnHostnames:setUpClass) Found network {'id': '8a29a964-7ea8-45fa-a7fa-31f1d8e612f7', 'name': 'tempest-ServersV294TestFqdnHostnames-1402283799-network', 'tenant_id': '317bf852f6e74a829f2150e0d1a10f0a', 'admin_state_up': True, 'mtu': 8950, 'status': 'ACTIVE', 'subnets': [], 'shared': False, 'project_id': '317bf852f6e74a829f2150e0d1a10f0a', 'port_security_enabled': True, 'router:external': False, 'provider:network_type': 'vlan', 'provider:physical_network': 'default', 'provider:segmentation_id': 926, 'availability_zone_hints': [], 'availability_zones': [], 'ipv4_address_scope': None, 'ipv6_address_scope': None, 'description': '', 'tags': [], 'created_at': '2025-03-25T18:33:40Z', 'updated_at': '2025-03-25T18:33:40Z', 'revision_number': 1} available for tenant
2025-03-25 18:33:52.461 69166 INFO tempest.lib.common.rest_client [req-c28adc0d-d761-42a4-bc49-71731cff8dec req-c28adc0d-d761-42a4-bc49-71731cff8dec ] Request (KeyPairsV2TestJSON:setUpClass): 201 POST http://10.180.1.21/identity/v3/users 0.072s
2025-03-25 18:33:52.484 69166 INFO tempest.lib.common.rest_client [req-9e7f6a99-2445-4716-9f63-c82777ddb3e3 req-9e7f6a99-2445-4716-9f63-c82777ddb3e3 ] Request (KeyPairsV2TestJSON:setUpClass): 200 GET http://10.180.1.21/identity/v3/roles 0.023s
2025-03-25 18:33:52.529 69166 INFO tempest.lib.common.rest_client [req-5bcf133b-39cc-49f2-9c78-84414bc51e6a req-5bcf133b-39cc-49f2-9c78-84414bc51e6a ] Request (KeyPairsV2TestJSON:setUpClass): 204 PUT http://10.180.1.21/identity/v3/projects/a995a8ddcb39468fb5c4bdd18366b357/users/244e12fc2d2b4a64b72e6c2059e46ad0/roles/7c563243bd354a0ea1f7e5c1aadfc9e2 0.044s
2025-03-25 18:33:52.530 69166 INFO tempest.lib.common.dynamic_creds [-] Dynamic test user 244e12fc2d2b4a64b72e6c2059e46ad0 is created with scope project and roles: ['member']
2025-03-25 18:33:52.530 69166 INFO tempest.lib.common.dynamic_creds [-] Acquired dynamic creds: credentials: Credentials: {'domain_id': 'default', 'domain_name': 'Default', 'username': 'tempest-KeyPairsV2TestJSON-430511158-project-member', 'project_domain_id': 'default', 'project_domain_name': 'Default', 'project_id': 'a995a8ddcb39468fb5c4bdd18366b357', 'project_name': 'tempest-KeyPairsV2TestJSON-430511158', 'tenant_id': 'a995a8ddcb39468fb5c4bdd18366b357', 'tenant_name': 'tempest-KeyPairsV2TestJSON-430511158', 'user_domain_id': 'default', 'user_domain_name': 'Default', 'user_id': '244e12fc2d2b4a64b72e6c2059e46ad0', 'system': None}, Network: None, Subnet: None, Router: None
2025-03-25 18:33:52.530 69166 INFO tempest.lib.common.dynamic_creds [-] Created isolated network resources for: credentials: Credentials: {'domain_id': 'default', 'domain_name': 'Default', 'username': 'tempest-KeyPairsV2TestJSON-430511158-project-member', 'project_domain_id': 'default', 'project_domain_name': 'Default', 'project_id': 'a995a8ddcb39468fb5c4bdd18366b357', 'project_name': 'tempest-KeyPairsV2TestJSON-430511158', 'tenant_id': 'a995a8ddcb39468fb5c4bdd18366b357', 'tenant_name': 'tempest-KeyPairsV2TestJSON-430511158', 'user_domain_id': 'default', 'user_domain_name': 'Default', 'user_id': '244e12fc2d2b4a64b72e6c2059e46ad0', 'system': None}, Network: None, Subnet: None, Router: None
2025-03-25 18:33:52.553 69182 INFO tempest.lib.common.rest_client [req-d7497545-83a9-43da-92c0-08925900b90c req-d7497545-83a9-43da-92c0-08925900b90c ] Request (TenantUsagesTestJSON:tearDownClass): 200 GET http://10.180.1.21/compute/v2.1/servers/e5210410-3725-4dea-902d-9fcc2a4bc9e5 1.569s
2025-03-25 18:33:52.573 69204 INFO tempest.lib.common.rest_client [req-c772bcb4-ebb3-44af-8dce-16506e29ca2c req-c772bcb4-ebb3-44af-8dce-16506e29ca2c ] Request (ServersAdminTestJSON:setUpClass): 200 GET http://10.180.1.21/compute/v2.1/servers/2a97bbe3-9d5b-4839-82f1-ac5da92928bc 1.294s
2025-03-25 18:33:52.628 69166 INFO tempest.lib.common.rest_client [req-6480a796-d417-43c2-aac1-f19dd341901d req-6480a796-d417-43c2-aac1-f19dd341901d ] Request (KeyPairsV2TestJSON:setUpClass): 201 POST http://10.180.1.21/identity/v3/auth/tokens 0.093s
2025-03-25 18:33:52.708 69192 INFO tempest.lib.common.rest_client [req-44242792-984a-429a-ba1d-15040cab49b3 req-44242792-984a-429a-ba1d-15040cab49b3 ] Request (FloatingIPsNegativeTestJSON:tearDownClass): 204 DELETE http://10.180.1.21:9696/networking/v2.0/routers/9c82a11c-8b73-4ad7-b2f5-80eb8aaee2a4 0.964s
2025-03-25 18:33:52.714 69212 INFO tempest.lib.common.rest_client [req-ecfbf140-8331-4ac7-982c-24b53b1d47e7 req-ecfbf140-8331-4ac7-982c-24b53b1d47e7 ] Request (QuotasAdminTestV257:test_get_updated_quotas): 200 GET http://10.180.1.21/compute/v2.1/os-quota-sets/ad1f09c4d88f44d193214c20533ce446/detail 1.325s
2025-03-25 18:33:52.741 69212 INFO tempest.lib.common.rest_client [req-a504cad6-6a41-4df4-8878-2bc22b9ce233 req-a504cad6-6a41-4df4-8878-2bc22b9ce233 ] Request (QuotasAdminTestV257:test_get_updated_quotas): 200 GET http://10.180.1.21/identity/v3/domains?name=Default 0.023s
2025-03-25 18:33:52.767 69212 INFO tempest.lib.common.rest_client [req-966d5908-297f-4360-9a06-ddd3eddb9e00 req-966d5908-297f-4360-9a06-ddd3eddb9e00 ] Request (QuotasAdminTestV257:test_get_updated_quotas): 201 POST http://10.180.1.21/identity/v3/users 0.025s
2025-03-25 18:33:52.790 69212 INFO tempest.lib.common.rest_client [req-b7ebd7a7-130d-4820-9663-4463c8cb7e5c req-b7ebd7a7-130d-4820-9663-4463c8cb7e5c ] Request (QuotasAdminTestV257:test_get_updated_quotas): 200 GET http://10.180.1.21/identity/v3/domains?name=Default 0.023s
2025-03-25 18:33:52.885 69184 INFO tempest.lib.common.rest_client [req-b9d5ab00-1db2-4d59-83db-233ae143b19f req-b9d5ab00-1db2-4d59-83db-233ae143b19f ] Request (VolumesAdminNegativeTest:test_update_attached_volume_with_nonexistent_volume_in_body): 200 GET http://10.180.1.21/compute/v2.1/servers/bf7da137-7978-4d65-b707-e0111d8736d9 1.467s
2025-03-25 18:33:52.893 69192 INFO tempest.lib.common.rest_client [req-e3fd2e93-0b12-4a96-8e97-85870ad95b68 req-e3fd2e93-0b12-4a96-8e97-85870ad95b68 ] Request (FloatingIPsNegativeTestJSON:tearDownClass): 204 DELETE http://10.180.1.21:9696/networking/v2.0/subnets/d9ed9d1f-d799-4971-975e-6f04dce2473d 0.184s
2025-03-25 18:33:52.897 69154 INFO tempest.lib.common.rest_client [req-cb33d0de-de08-4cce-b43a-35b1cfbebddf req-cb33d0de-de08-4cce-b43a-35b1cfbebddf ] Request (ServerDiskConfigTestJSON:setUpClass): 200 PUT http://10.180.1.21:9696/networking/v2.0/routers/b9446bfb-c0b4-46aa-a552-8b454fe22438/add_router_interface 3.397s
2025-03-25 18:33:52.897 69154 INFO tempest.lib.common.dynamic_creds [-] Created isolated network resources for: credentials: Credentials: {'domain_id': 'default', 'domain_name': 'Default', 'username': 'tempest-ServerDiskConfigTestJSON-1494549287-project-member', 'project_domain_id': 'default', 'project_domain_name': 'Default', 'project_id': '660d1c68ab57427993ef7dd44a9a4189', 'project_name': 'tempest-ServerDiskConfigTestJSON-1494549287', 'tenant_id': '660d1c68ab57427993ef7dd44a9a4189', 'tenant_name': 'tempest-ServerDiskConfigTestJSON-1494549287', 'user_domain_id': 'default', 'user_domain_name': 'Default', 'user_id': '6aaabba20c544048ad6c1b996a2944bc', 'system': None}, Network: {'id': 'd8da5141-46ab-4ddb-af1d-4ff08aafea35', 'name': 'tempest-ServerDiskConfigTestJSON-1005872415-network', 'tenant_id': '660d1c68ab57427993ef7dd44a9a4189', 'admin_state_up': True, 'mtu': 8950, 'status': 'ACTIVE', 'subnets': [], 'shared': False, 'project_id': '660d1c68ab57427993ef7dd44a9a4189', 'port_security_enabled': True, 'router:external': False, 'provider:network_type': 'vlan', 'provider:physical_network': 'default', 'provider:segmentation_id': 916, 'availability_zone_hints': [], 'availability_zones': [], 'ipv4_address_scope': None, 'ipv6_address_scope': None, 'description': '', 'tags': [], 'created_at': '2025-03-25T18:33:46Z', 'updated_at': '2025-03-25T18:33:46Z', 'revision_number': 1}, Subnet: {'id': 'f3f37f54-19c8-46b0-88bd-076f3145abde', 'name': 'tempest-ServerDiskConfigTestJSON-1005872415-subnet', 'tenant_id': '660d1c68ab57427993ef7dd44a9a4189', 'network_id': 'd8da5141-46ab-4ddb-af1d-4ff08aafea35', 'ip_version': 4, 'subnetpool_id': None, 'enable_dhcp': True, 'ipv6_ra_mode': None, 'ipv6_address_mode': None, 'gateway_ip': '192.168.128.1', 'cidr': '192.168.128.0/28', 'allocation_pools': [{'start': '192.168.128.2', 'end': '192.168.128.14'}], 'host_routes': [], 'dns_nameservers': [], 'description': '', 'router:external': False, 'service_types': [], 'tags': [], 'created_at': '2025-03-25T18:33:46Z', 'updated_at': '2025-03-25T18:33:46Z', 'revision_number': 0, 'project_id': '660d1c68ab57427993ef7dd44a9a4189'}, Router: {'id': 'b9446bfb-c0b4-46aa-a552-8b454fe22438', 'name': 'tempest-ServerDiskConfigTestJSON-1005872415-router', 'tenant_id': '660d1c68ab57427993ef7dd44a9a4189', 'admin_state_up': True, 'status': 'ACTIVE', 'external_gateway_info': {'network_id': 'f1f5d0b1-2bf8-477e-a142-32e3af7ac3ad', 'external_fixed_ips': [{'subnet_id': '01c3bb82-19e4-4750-bb0a-823355c64845', 'ip_address': '10.180.180.160'}], 'enable_snat': True}, 'description': '', 'availability_zones': [], 'distributed': False, 'ha': False, 'availability_zone_hints': [], 'routes': [], 'flavor_id': None, 'tags': [], 'created_at': '2025-03-25T18:33:46Z', 'updated_at': '2025-03-25T18:33:47Z', 'revision_number': 2, 'project_id': '660d1c68ab57427993ef7dd44a9a4189'}
2025-03-25 18:33:52.898 69184 INFO tempest.common.waiters [-] State transition "BUILD/spawning" ==> "ACTIVE/None" after 19 second wait
2025-03-25 18:33:52.972 69178 INFO tempest.lib.common.rest_client [req-6ba1e46c-de97-4a55-a860-615f2214d45f req-6ba1e46c-de97-4a55-a860-615f2214d45f ] Request (VolumesAssistedSnapshotsTest:test_volume_assisted_snapshot_create_delete): 200 GET http://10.180.1.21/compute/v2.1/servers/53a0d5d8-8049-427e-8beb-685a275a09f0 1.447s
2025-03-25 18:33:52.984 69154 INFO tempest.lib.common.rest_client [req-54b99592-8433-401e-8385-33c4a9224999 req-54b99592-8433-401e-8385-33c4a9224999 ] Request (ServerDiskConfigTestJSON:setUpClass): 201 POST http://10.180.1.21/identity/v3/auth/tokens 0.079s
2025-03-25 18:33:53.011 69214 INFO tempest.lib.common.rest_client [req-90a2aa75-3b66-48cd-85f6-65cea2b9fc31 req-90a2aa75-3b66-48cd-85f6-65cea2b9fc31 ] Request (KeyPairsNegativeTestJSON:test_create_keypair_with_duplicate_name): 200 POST http://10.180.1.21/compute/v2.1/os-keypairs 1.464s
2025-03-25 18:33:53.023 69154 INFO tempest.lib.common.rest_client [req-aa38eda0-3ac8-4d59-8e95-0a26f6cf4261 req-aa38eda0-3ac8-4d59-8e95-0a26f6cf4261 ] Request (ServerDiskConfigTestJSON:test_rebuild_server_with_auto_disk_config): 201 POST http://10.180.1.21/identity/v3/auth/tokens 0.034s
2025-03-25 18:33:53.024 69154 INFO tempest.lib.common.fixed_network [-] (ServerDiskConfigTestJSON:test_rebuild_server_with_auto_disk_config) Found network {'id': 'd8da5141-46ab-4ddb-af1d-4ff08aafea35', 'name': 'tempest-ServerDiskConfigTestJSON-1005872415-network', 'tenant_id': '660d1c68ab57427993ef7dd44a9a4189', 'admin_state_up': True, 'mtu': 8950, 'status': 'ACTIVE', 'subnets': [], 'shared': False, 'project_id': '660d1c68ab57427993ef7dd44a9a4189', 'port_security_enabled': True, 'router:external': False, 'provider:network_type': 'vlan', 'provider:physical_network': 'default', 'provider:segmentation_id': 916, 'availability_zone_hints': [], 'availability_zones': [], 'ipv4_address_scope': None, 'ipv6_address_scope': None, 'description': '', 'tags': [], 'created_at': '2025-03-25T18:33:46Z', 'updated_at': '2025-03-25T18:33:46Z', 'revision_number': 1} available for tenant
2025-03-25 18:33:53.137 69208 INFO tempest.lib.common.rest_client [req-2f143638-bb6a-4652-a37c-31c96aec0efa req-2f143638-bb6a-4652-a37c-31c96aec0efa ] Request (FlavorsAccessNegativeTestJSON:_run_cleanups): 200 POST http://10.180.1.21/compute/v2.1/flavors/331668151/action 1.586s
2025-03-25 18:33:53.245 69210 INFO tempest.lib.common.rest_client [req-2315b657-317e-42f1-a4a5-c6bdc8ba2cc9 req-2315b657-317e-42f1-a4a5-c6bdc8ba2cc9 ] Request (DeleteServersAdminTestJSON:test_admin_delete_servers_of_others): 200 GET http://10.180.1.21/compute/v2.1/servers/5ebcefb7-7726-44fd-a9da-1454cbb39bd7 1.530s
2025-03-25 18:33:53.279 69192 INFO tempest.lib.common.rest_client [req-556775e9-6de8-4f98-a488-7a0bf5614a0f req-556775e9-6de8-4f98-a488-7a0bf5614a0f ] Request (FloatingIPsNegativeTestJSON:tearDownClass): 204 DELETE http://10.180.1.21:9696/networking/v2.0/networks/2cf50c53-c63d-4a0e-b652-5cf66fbee864 0.386s
2025-03-25 18:33:53.399 69192 INFO tempest.lib.common.rest_client [req-67ed788b-ffec-481b-ae90-0ed1391641b0 req-67ed788b-ffec-481b-ae90-0ed1391641b0 ] Request (FloatingIPsNegativeTestJSON:tearDownClass): 204 DELETE http://10.180.1.21/identity/v3/users/45bdf682aa66417c9f61e51118e473be 0.119s
2025-03-25 18:33:53.399 69192 INFO tempest.lib.common.dynamic_creds [-] Deleting project and security group for project: 13af946914e84cd5a6c213bc82f724bc
2025-03-25 18:33:53.631 69160 INFO tempest.lib.common.rest_client [req-1e15965c-3f52-4104-a876-01efa1fed78d req-1e15965c-3f52-4104-a876-01efa1fed78d ] Request (FloatingIPsAssociationNegativeTestJSON:setUpClass): 200 PUT http://10.180.1.21:9696/networking/v2.0/routers/905f58ec-8af6-4c96-b879-a816a241b59c/add_router_interface 2.214s
2025-03-25 18:33:53.632 69160 INFO tempest.lib.common.dynamic_creds [-] Created isolated network resources for: credentials: Credentials: {'domain_id': 'default', 'domain_name': 'Default', 'username': 'tempest-FloatingIPsAssociationNegativeTestJSON-600040299-project-member', 'project_domain_id': 'default', 'project_domain_name': 'Default', 'project_id': 'da72bae84c4d4ec39695c05e0e111e8e', 'project_name': 'tempest-FloatingIPsAssociationNegativeTestJSON-600040299', 'tenant_id': 'da72bae84c4d4ec39695c05e0e111e8e', 'tenant_name': 'tempest-FloatingIPsAssociationNegativeTestJSON-600040299', 'user_domain_id': 'default', 'user_domain_name': 'Default', 'user_id': '8c22e92544644cbe8d115f6af241fc8a', 'system': None}, Network: {'id': '2740fa55-cb34-488d-9a5c-7f69a520d1f6', 'name': 'tempest-FloatingIPsAssociationNegativeTestJSON-267944478-network', 'tenant_id': 'da72bae84c4d4ec39695c05e0e111e8e', 'admin_state_up': True, 'mtu': 8950, 'status': 'ACTIVE', 'subnets': [], 'shared': False, 'project_id': 'da72bae84c4d4ec39695c05e0e111e8e', 'port_security_enabled': True, 'router:external': False, 'provider:network_type': 'vlan', 'provider:physical_network': 'default', 'provider:segmentation_id': 588, 'availability_zone_hints': [], 'availability_zones': [], 'ipv4_address_scope': None, 'ipv6_address_scope': None, 'description': '', 'tags': [], 'created_at': '2025-03-25T18:33:47Z', 'updated_at': '2025-03-25T18:33:47Z', 'revision_number': 1}, Subnet: {'id': 'f2a6bfef-15b0-4f2e-93b8-bddb0b0faa6d', 'name': 'tempest-FloatingIPsAssociationNegativeTestJSON-267944478-subnet', 'tenant_id': 'da72bae84c4d4ec39695c05e0e111e8e', 'network_id': '2740fa55-cb34-488d-9a5c-7f69a520d1f6', 'ip_version': 4, 'subnetpool_id': None, 'enable_dhcp': True, 'ipv6_ra_mode': None, 'ipv6_address_mode': None, 'gateway_ip': '192.168.128.1', 'cidr': '192.168.128.0/28', 'allocation_pools': [{'start': '192.168.128.2', 'end': '192.168.128.14'}], 'host_routes': [], 'dns_nameservers': [], 'description': '', 'router:external': False, 'service_types': [], 'tags': [], 'created_at': '2025-03-25T18:33:48Z', 'updated_at': '2025-03-25T18:33:48Z', 'revision_number': 0, 'project_id': 'da72bae84c4d4ec39695c05e0e111e8e'}, Router: {'id': '905f58ec-8af6-4c96-b879-a816a241b59c', 'name': 'tempest-FloatingIPsAssociationNegativeTestJSON-267944478-router', 'tenant_id': 'da72bae84c4d4ec39695c05e0e111e8e', 'admin_state_up': True, 'status': 'ACTIVE', 'external_gateway_info': {'network_id': 'f1f5d0b1-2bf8-477e-a142-32e3af7ac3ad', 'external_fixed_ips': [{'subnet_id': '01c3bb82-19e4-4750-bb0a-823355c64845', 'ip_address': '10.180.180.143'}], 'enable_snat': True}, 'description': '', 'availability_zones': [], 'distributed': False, 'ha': False, 'availability_zone_hints': [], 'routes': [], 'flavor_id': None, 'tags': [], 'created_at': '2025-03-25T18:33:48Z', 'updated_at': '2025-03-25T18:33:50Z', 'revision_number': 2, 'project_id': 'da72bae84c4d4ec39695c05e0e111e8e'}
2025-03-25 18:33:53.675 69152 INFO tempest.lib.common.rest_client [req-5608ac1d-c457-47a4-93cc-245dcd5e9cbf req-5608ac1d-c457-47a4-93cc-245dcd5e9cbf ] Request (SecurityGroupsNegativeTestJSON:test_delete_the_default_security_group): 400 DELETE http://10.180.1.21/compute/v2.1/os-security-groups/24718db4-b3cd-4b6a-863f-f1ceaee85758 1.939s
2025-03-25 18:33:53.693 69192 INFO tempest.lib.common.rest_client [req-5a8353ce-1bae-4dd6-8627-f9a45d5a881b req-5a8353ce-1bae-4dd6-8627-f9a45d5a881b ] Request (FloatingIPsNegativeTestJSON:tearDownClass): 200 GET http://10.180.1.21:9696/networking/v2.0/security-groups?tenant_id=13af946914e84cd5a6c213bc82f724bc&name=default 0.293s
2025-03-25 18:33:53.704 69156 INFO tempest.lib.common.rest_client [req-5ebfff46-246f-430f-a0ae-1ab03d4f9796 req-5ebfff46-246f-430f-a0ae-1ab03d4f9796 ] Request (ServicesAdminNegativeV253TestJSON:test_get_service_with_valid_service_and_invalid_host): 200 GET http://10.180.1.21/compute/v2.1/os-services 1.922s
2025-03-25 18:33:53.734 69188 INFO tempest.lib.common.rest_client [req-4d4b2bb7-87cf-4663-af6b-47fab221d0a1 req-4d4b2bb7-87cf-4663-af6b-47fab221d0a1 ] Request (AggregatesAdminNegativeTestJSON:test_aggregate_delete_as_user): 200 POST http://10.180.1.21/compute/v2.1/os-aggregates 1.926s
2025-03-25 18:33:53.744 69160 INFO tempest.lib.common.rest_client [req-1f6a413e-c5d8-4239-9cf5-c9d11ec10b80 req-1f6a413e-c5d8-4239-9cf5-c9d11ec10b80 ] Request (FloatingIPsAssociationNegativeTestJSON:setUpClass): 201 POST http://10.180.1.21/identity/v3/auth/tokens 0.107s
2025-03-25 18:33:53.792 69160 INFO tempest.lib.common.rest_client [req-ae6a1d57-0c52-417d-afab-408f7c620854 req-ae6a1d57-0c52-417d-afab-408f7c620854 ] Request (FloatingIPsAssociationNegativeTestJSON:setUpClass): 201 POST http://10.180.1.21/identity/v3/auth/tokens 0.041s
