2025-03-25 18:34:27.793 69166 INFO tempest.lib.common.rest_client [req-325065f5-292d-46a2-b2bd-6dcda74ae2a3 req-325065f5-292d-46a2-b2bd-6dcda74ae2a3 ] Request (ServerRescueTestJSONUnderV235:setUpClass): 200 GET http://10.180.1.21/compute/v2.1/servers/0f2357fa-1aa1-4309-a46e-497d1a8257b5 1.516s
2025-03-25 18:34:27.849 69156 INFO tempest.lib.common.rest_client [req-d62303aa-17c9-4024-96db-3d6552fddbd5 req-d62303aa-17c9-4024-96db-3d6552fddbd5 ] Request (ServersNegativeTestJSON:setUpClass): 200 GET http://10.180.1.21/compute/v2.1/servers/d5ab1888-4692-4c9b-be29-6adda0c5c931 1.510s
2025-03-25 18:34:27.857 69212 INFO tempest.lib.common.rest_client [req-af10bd24-b1cd-4a88-90c2-c339bbfa06de req-af10bd24-b1cd-4a88-90c2-c339bbfa06de ] Request (ServerShowV254Test:test_rebuild_server): 200 GET http://10.180.1.21/compute/v2.1/servers/b38dc0ec-2fc5-4fba-9c8e-84c5774ddac3 1.489s
2025-03-25 18:34:27.904 69171 INFO tempest.lib.common.rest_client [req-79fcb7f5-aa81-49ca-be79-2ac9635e39d2 req-79fcb7f5-aa81-49ca-be79-2ac9635e39d2 ] Request (ServersTestFqdnHostnames:test_create_server_with_fqdn_name): 200 GET http://10.180.1.21/compute/v2.1/servers/ecbc1ed3-8601-4ea8-b8f9-862e3faf5943 1.456s
2025-03-25 18:34:27.912 69162 INFO tempest.lib.common.rest_client [req-0c4ebcba-1690-4545-bf2a-d77599127f80 req-0c4ebcba-1690-4545-bf2a-d77599127f80 ] Request (ServerRescueTestJSON:setUpClass): 201 POST http://10.180.1.21:9696/networking/v2.0/subnets 0.197s
2025-03-25 18:34:27.965 69182 INFO tempest.lib.common.rest_client [req-c4e7a6e1-4e54-4b9d-93eb-99fd0201cb8f req-c4e7a6e1-4e54-4b9d-93eb-99fd0201cb8f ] Request (ListServersNegativeTestJSON:setUpClass): 200 GET http://10.180.1.21/compute/v2.1/servers 1.516s
2025-03-25 18:34:27.966 69192 INFO tempest.lib.common.rest_client [req-20a1063f-4e8f-40d1-a83e-dbb0acbb809f req-20a1063f-4e8f-40d1-a83e-dbb0acbb809f ] Request (ServerTagsTestJSON:setUpClass): 200 GET http://10.180.1.21/compute/v2.1/servers/35f1fcb9-985b-4bac-8dc3-e0787f43de54 1.449s
2025-03-25 18:34:28.050 69172 INFO tempest.lib.common.rest_client [req-88015090-438c-4c29-bcbf-d774d7b8278a req-88015090-438c-4c29-bcbf-d774d7b8278a ] Request (InstanceActionsTestJSON:setUpClass): 200 GET http://10.180.1.21/compute/v2.1/servers/6e9ea13e-4032-4482-9ec5-3a67f105990d 1.464s
2025-03-25 18:34:28.062 69186 INFO tempest.lib.common.rest_client [req-e0e91b81-57a5-4f97-93ac-5854af0c0799 req-e0e91b81-57a5-4f97-93ac-5854af0c0799 ] Request (ServersAaction247Test:test_create_backup): 200 GET http://10.180.1.21/compute/v2.1/servers/8edd2a87-1a90-43ea-a0fa-c285caa89226 1.395s
2025-03-25 18:34:28.076 69186 INFO tempest.common.waiters [-] State transition "BUILD/spawning" ==> "ACTIVE/None" after 32 second wait
2025-03-25 18:34:28.124 69158 INFO tempest.lib.common.rest_client [req-c3d352dc-607a-4338-8282-012a350050c1 req-c3d352dc-607a-4338-8282-012a350050c1 ] Request (AttachInterfacesV270Test:test_create_get_list_interfaces): 200 GET http://10.180.1.21/compute/v2.1/servers/e9f1dd6d-f377-4d3a-8380-cc652ae025bf 1.289s
2025-03-25 18:34:28.248 69198 INFO tempest.lib.common.rest_client [req-df5853be-d6bb-45d5-9e4d-d4fee767170b req-df5853be-d6bb-45d5-9e4d-d4fee767170b ] Request (MigrationsAdminTest:test_list_migrations_in_flavor_resize_situation): 200 GET http://10.180.1.21/compute/v2.1/servers/ff3f81eb-8599-47e0-a5a8-26f21ea70fc5 1.209s
2025-03-25 18:34:28.345 69196 INFO tempest.lib.common.rest_client [req-8d4fe0b5-e954-401b-b946-23192ebd3991 req-8d4fe0b5-e954-401b-b946-23192ebd3991 ] Request (SecurityGroupsTestAdminJSON:_run_cleanups): 202 DELETE http://10.180.1.21/compute/v2.1/os-security-groups/24a19616-1bba-498b-9cb1-12e336fcee25 1.235s
2025-03-25 18:34:28.584 69190 INFO tempest.lib.common.rest_client [req-b7f228a2-5454-4b1d-930a-b6a43285480a req-b7f228a2-5454-4b1d-930a-b6a43285480a ] Request (ServersV294TestFqdnHostnames:setUpClass): 200 GET http://10.180.1.21/compute/v2.1/servers/e8defb77-1526-4962-9612-f7299492b53b 1.318s
2025-03-25 18:34:28.833 69200 INFO tempest.lib.common.rest_client [req-34ad3ffe-f8c4-4ed6-9aea-6bd4a54be7f6 req-34ad3ffe-f8c4-4ed6-9aea-6bd4a54be7f6 ] Request (ServersWithSpecificFlavorTestJSON:test_verify_created_server_ephemeral_disk): 200 GET http://10.180.1.21/compute/v2.1/servers/b40e7bdb-cc27-4536-bc35-68184c900060/os-interface 1.527s
2025-03-25 18:34:29.222 69168 INFO tempest.lib.common.rest_client [req-fc4eac6a-2c79-4f44-a174-029ee0d0935f req-fc4eac6a-2c79-4f44-a174-029ee0d0935f ] Request (ServerAddressesNegativeTestJSON:setUpClass): 202 POST http://10.180.1.21/compute/v2.1/servers 2.065s
2025-03-25 18:34:29.329 69200 INFO tempest.lib.common.rest_client [req-bd31c39b-0a8f-4295-9b49-88a8cbb1b51a req-bd31c39b-0a8f-4295-9b49-88a8cbb1b51a ] Request (ServersWithSpecificFlavorTestJSON:test_verify_created_server_ephemeral_disk): 200 PUT http://10.180.1.21:9696/networking/v2.0/floatingips/5cfc3fe0-1bff-46d6-acc9-55e5f3296d57 0.493s
2025-03-25 18:34:29.541 69176 INFO tempest.lib.common.rest_client [req-1750753e-fd25-4ebb-81d4-82a327a30b16 req-1750753e-fd25-4ebb-81d4-82a327a30b16 ] Request (ServerExternalEventsTest:tearDownClass): 200 GET http://10.180.1.21/compute/v2.1/servers/72cad1ac-44b8-4d90-bfde-7078e2ffd0e1 2.168s
2025-03-25 18:34:29.605 69210 INFO tempest.lib.common.rest_client [req-0fe184d3-7ffa-4252-9c1b-631dda2d5dad req-0fe184d3-7ffa-4252-9c1b-631dda2d5dad ] Request (DeleteServersAdminTestJSON:test_delete_server_while_in_error_state): 200 GET http://10.180.1.21/compute/v2.1/servers/297ded63-d94a-4997-bbd0-78c27caf99da 2.158s
2025-03-25 18:34:29.672 69180 INFO tempest.lib.common.rest_client [req-c1733e68-b3f6-41c5-babf-ab49fb8cdd7f req-c1733e68-b3f6-41c5-babf-ab49fb8cdd7f ] Request (ServerDiagnosticsV248Test:tearDownClass): 200 GET http://10.180.1.21/compute/v2.1/servers/295e1d0c-892d-444d-8461-d6d964eee4ff 1.919s
2025-03-25 18:34:29.745 69164 INFO tempest.lib.common.rest_client [req-f22077be-1223-4f8a-a484-c4301a188188 req-f22077be-1223-4f8a-a484-c4301a188188 ] Request (ImagesTestJSON:test_create_image_from_stopped_server): 200 GET http://10.180.1.21/compute/v2.1/servers/d9bd6f02-19ff-49b7-9fb4-26119727ad63 1.922s
2025-03-25 18:34:29.828 69182 INFO tempest.lib.common.rest_client [req-34133037-1cbb-425f-99cc-529c0d5cf62b req-34133037-1cbb-425f-99cc-529c0d5cf62b ] Request (ListServersNegativeTestJSON:setUpClass): 200 GET http://10.180.1.21/compute/v2.1/servers/1db421cf-4568-451a-ac6b-3789ac312f33 1.861s
2025-03-25 18:34:29.844 69162 INFO tempest.lib.common.rest_client [req-f52c4a7e-1f47-4010-91fb-14d71f406df6 req-f52c4a7e-1f47-4010-91fb-14d71f406df6 ] Request (ServerRescueTestJSON:setUpClass): 201 POST http://10.180.1.21:9696/networking/v2.0/routers 1.931s
2025-03-25 18:34:30.253 69194 INFO tempest.lib.common.rest_client [req-4777d4fe-904f-4154-8f86-1ce997b2f932 req-4777d4fe-904f-4154-8f86-1ce997b2f932 ] Request (FloatingIPsTestJSON:test_delete_floating_ip): 200 POST http://10.180.1.21/compute/v2.1/os-floating-ips 2.897s
2025-03-25 18:34:30.348 69186 INFO tempest.lib.common.rest_client [req-366a2290-0beb-443f-8fd7-735a55ecf30c req-366a2290-0beb-443f-8fd7-735a55ecf30c ] Request (ServersAaction247Test:test_create_backup): 202 POST http://10.180.1.21/compute/v2.1/servers/8edd2a87-1a90-43ea-a0fa-c285caa89226/action 2.272s
2025-03-25 18:34:30.415 69204 INFO tempest.lib.common.rest_client [req-5d43e636-14ad-4234-bd29-d314803b7e4e req-5d43e636-14ad-4234-bd29-d314803b7e4e ] Request (ServersAdminTestJSON:test_create_server_with_scheduling_hint): 200 GET http://10.180.1.21/compute/v2.1/servers/7eae8370-b95c-4263-a671-a6032ade221d 2.024s
2025-03-25 18:34:30.419 69196 INFO tempest.lib.common.rest_client [req-128702bf-1366-4d13-ac4f-906c7926904d req-128702bf-1366-4d13-ac4f-906c7926904d ] Request (SecurityGroupsTestAdminJSON:_run_cleanups): 202 DELETE http://10.180.1.21/compute/v2.1/os-security-groups/de6b4acd-3ec1-4e53-9a08-d931a40c2429 2.074s
2025-03-25 18:34:30.505 69196 INFO tempest.lib.common.rest_client [req-8ac15d0d-79b4-4e36-a996-5941d214f7c7 req-8ac15d0d-79b4-4e36-a996-5941d214f7c7 ] Request (SecurityGroupsTestAdminJSON:tearDownClass): 204 DELETE http://10.180.1.21/identity/v3/users/675de6dfe81340fda19b90879e914e19 0.084s
2025-03-25 18:34:30.561 69154 INFO tempest.lib.common.rest_client [req-51fcfee7-7ec4-44ef-9d41-37ecfe6bdd87 req-51fcfee7-7ec4-44ef-9d41-37ecfe6bdd87 ] Request (ServerDiskConfigTestJSON:test_rebuild_server_with_auto_disk_config): 200 GET http://10.180.1.21/compute/v2.1/servers/f80f943b-e912-4b1d-a2d2-0d42c7f61e0c 1.983s
2025-03-25 18:34:30.602 69196 INFO tempest.lib.common.rest_client [req-c9f22e43-5aa2-45b8-9151-6e7f7a09b2a2 req-c9f22e43-5aa2-45b8-9151-6e7f7a09b2a2 ] Request (SecurityGroupsTestAdminJSON:tearDownClass): 204 DELETE http://10.180.1.21/identity/v3/users/9050293eafcd46abae497d84a4e28950 0.097s
2025-03-25 18:34:30.602 69196 INFO tempest.lib.common.dynamic_creds [-] Deleting project and security group for project: 855ff7b9c3f04beda2d60585c1cf2dd3
2025-03-25 18:34:30.639 69202 INFO tempest.lib.common.rest_client [req-6952cd2d-e8fc-4212-98bb-176e1df1a7cc req-6952cd2d-e8fc-4212-98bb-176e1df1a7cc ] Request (ServerRescueNegativeTestJSON:test_rescued_vm_attach_volume): 200 GET http://10.180.1.21/compute/v2.1/servers/a08615df-fc52-4a65-bea0-6b3bfc513d99 2.057s
2025-03-25 18:34:30.668 69196 INFO tempest.lib.common.rest_client [req-5ce17e16-15a1-4923-898c-740a7fd5fbbc req-5ce17e16-15a1-4923-898c-740a7fd5fbbc ] Request (SecurityGroupsTestAdminJSON:tearDownClass): 201 POST http://10.180.1.21/identity/v3/auth/tokens 0.065s
2025-03-25 18:34:30.711 69208 INFO tempest.lib.common.rest_client [req-6b3c530c-1212-40c0-9a19-c3b5dffe191a req-6b3c530c-1212-40c0-9a19-c3b5dffe191a ] Request (ServersAdmin275Test:test_rebuild_update_server_275): 200 GET http://10.180.1.21/compute/v2.1/servers/e02e5253-17db-450f-bf10-9cf08255c646 2.048s
2025-03-25 18:34:30.743 69196 INFO tempest.lib.common.rest_client [req-59c5724e-5a0a-4e0f-861e-187e87e4b8e9 req-59c5724e-5a0a-4e0f-861e-187e87e4b8e9 ] Request (SecurityGroupsTestAdminJSON:tearDownClass): 200 GET http://10.180.1.21:9696/networking/v2.0/security-groups?tenant_id=855ff7b9c3f04beda2d60585c1cf2dd3&name=default 0.074s
2025-03-25 18:34:30.766 69152 INFO tempest.lib.common.rest_client [req-f2d17a67-f110-4cbe-ba28-3134609b48a1 req-f2d17a67-f110-4cbe-ba28-3134609b48a1 ] Request (ServersTestManualDisk:setUpClass): 200 GET http://10.180.1.21/compute/v2.1/servers/fdf0747e-1b3f-455c-a853-098c445c8924 2.034s
2025-03-25 18:34:30.767 69160 INFO tempest.lib.common.rest_client [req-a08f8392-4fa3-4c79-82f5-19d2eb1a28c7 req-a08f8392-4fa3-4c79-82f5-19d2eb1a28c7 ] Request (FloatingIPsAssociationNegativeTestJSON:setUpClass): 200 GET http://10.180.1.21/compute/v2.1/servers/cdff230c-2bdf-4bd9-91c0-139f7fafccc3 2.108s
2025-03-25 18:34:30.772 69152 INFO tempest.common.waiters [-] State transition "BUILD/scheduling" ==> "BUILD/None" after 19 second wait
2025-03-25 18:34:30.774 69160 INFO tempest.common.waiters [-] State transition "BUILD/None" ==> "BUILD/spawning" after 33 second wait
2025-03-25 18:34:30.818 69196 INFO tempest.lib.common.rest_client [req-b1d5ffab-b6cc-4505-b2c7-a94463cdda68 req-b1d5ffab-b6cc-4505-b2c7-a94463cdda68 ] Request (SecurityGroupsTestAdminJSON:tearDownClass): 204 DELETE http://10.180.1.21:9696/networking/v2.0/security-groups/c774800a-8b15-469d-9551-111f7b18a1fb 0.075s
2025-03-25 18:34:30.832 69174 INFO tempest.lib.common.rest_client [req-6e8bceca-9621-439c-92fb-7b1f0126dc68 req-6e8bceca-9621-439c-92fb-7b1f0126dc68 ] Request (ImagesNegativeTestJSON:test_create_image_from_deleted_server): 200 GET http://10.180.1.21/compute/v2.1/servers/03a157f6-051b-40f3-89e6-3b24db7d7c61 2.099s
2025-03-25 18:34:30.832 69206 INFO tempest.lib.common.rest_client [req-4af0c215-1ff8-4df0-b2db-08ffa1f91807 req-4af0c215-1ff8-4df0-b2db-08ffa1f91807 ] Request (FloatingIPsAssociationTestJSON:test_associate_already_associated_floating_ip): 200 GET http://10.180.1.21/compute/v2.1/servers/0a3ec5b2-43c5-49ae-ad46-c2a67581ff73 2.037s
2025-03-25 18:34:30.842 69206 INFO tempest.common.waiters [-] State transition "BUILD/None" ==> "BUILD/networking" after 33 second wait
2025-03-25 18:34:30.889 69196 INFO tempest.lib.common.rest_client [req-4e5a8dec-8534-4273-a4fc-adf2dd860a9d req-4e5a8dec-8534-4273-a4fc-adf2dd860a9d ] Request (SecurityGroupsTestAdminJSON:tearDownClass): 204 DELETE http://10.180.1.21/identity/v3/projects/855ff7b9c3f04beda2d60585c1cf2dd3 0.071s
2025-03-25 18:34:30.889 69196 INFO tempest.lib.common.dynamic_creds [-] Deleting project and security group for project: 3d1b496c9cc74d6a8a672a5d650c42ef
2025-03-25 18:34:30.904 69166 INFO tempest.lib.common.rest_client [req-5a8c0527-353c-429c-b03d-d9cdd7154935 req-5a8c0527-353c-429c-b03d-d9cdd7154935 ] Request (ServerRescueTestJSONUnderV235:setUpClass): 200 GET http://10.180.1.21/compute/v2.1/servers/0f2357fa-1aa1-4309-a46e-497d1a8257b5 2.096s
2025-03-25 18:34:30.907 69156 INFO tempest.lib.common.rest_client [req-272a88b1-5fb9-4329-b5e6-04ba3a19467c req-272a88b1-5fb9-4329-b5e6-04ba3a19467c ] Request (ServersNegativeTestJSON:setUpClass): 200 GET http://10.180.1.21/compute/v2.1/servers/d5ab1888-4692-4c9b-be29-6adda0c5c931 2.048s
2025-03-25 18:34:30.939 69196 INFO tempest.lib.common.rest_client [req-4bbb8282-4536-4bd1-b1fa-5bfaef504da7 req-4bbb8282-4536-4bd1-b1fa-5bfaef504da7 ] Request (SecurityGroupsTestAdminJSON:tearDownClass): 200 GET http://10.180.1.21:9696/networking/v2.0/security-groups?tenant_id=3d1b496c9cc74d6a8a672a5d650c42ef&name=default 0.049s
2025-03-25 18:34:30.972 69171 INFO tempest.lib.common.rest_client [req-8be55af4-d84d-4390-95ca-c1e9a79b6ccf req-8be55af4-d84d-4390-95ca-c1e9a79b6ccf ] Request (ServersTestFqdnHostnames:test_create_server_with_fqdn_name): 200 GET http://10.180.1.21/compute/v2.1/servers/ecbc1ed3-8601-4ea8-b8f9-862e3faf5943 2.053s
2025-03-25 18:34:30.982 69212 INFO tempest.lib.common.rest_client [req-5495571b-c717-4bab-948d-e4570713477b req-5495571b-c717-4bab-948d-e4570713477b ] Request (ServerShowV254Test:test_rebuild_server): 200 GET http://10.180.1.21/compute/v2.1/servers/b38dc0ec-2fc5-4fba-9c8e-84c5774ddac3 2.112s
2025-03-25 18:34:31.038 69192 INFO tempest.lib.common.rest_client [req-bf344f5d-7602-4758-8b40-ec8556ea319c req-bf344f5d-7602-4758-8b40-ec8556ea319c ] Request (ServerTagsTestJSON:setUpClass): 200 GET http://10.180.1.21/compute/v2.1/servers/35f1fcb9-985b-4bac-8dc3-e0787f43de54 2.062s
2025-03-25 18:34:31.049 69172 INFO tempest.lib.common.rest_client [req-a35b823c-b2e4-4cd6-bda0-3a9c7626c5dc req-a35b823c-b2e4-4cd6-bda0-3a9c7626c5dc ] Request (InstanceActionsTestJSON:setUpClass): 200 GET http://10.180.1.21/compute/v2.1/servers/6e9ea13e-4032-4482-9ec5-3a67f105990d 1.985s
2025-03-25 18:34:31.058 69196 INFO tempest.lib.common.rest_client [req-6939cdc7-1c19-4430-a0a2-752e68d79960 req-6939cdc7-1c19-4430-a0a2-752e68d79960 ] Request (SecurityGroupsTestAdminJSON:tearDownClass): 204 DELETE http://10.180.1.21:9696/networking/v2.0/security-groups/e2f70494-0788-48ee-b2d1-5f074e899efa 0.118s
2025-03-25 18:34:31.113 69158 INFO tempest.lib.common.rest_client [req-75fe66af-00db-46c2-90e9-c2dc30c0c210 req-75fe66af-00db-46c2-90e9-c2dc30c0c210 ] Request (AttachInterfacesV270Test:test_create_get_list_interfaces): 200 GET http://10.180.1.21/compute/v2.1/servers/e9f1dd6d-f377-4d3a-8380-cc652ae025bf 1.975s
2025-03-25 18:34:31.119 69168 INFO tempest.lib.common.rest_client [req-df225283-82f3-4a62-b331-730eb7f46656 req-df225283-82f3-4a62-b331-730eb7f46656 ] Request (ServerAddressesNegativeTestJSON:setUpClass): 200 GET http://10.180.1.21/compute/v2.1/servers/edebcb67-10a9-47b1-9848-ec003e4de95f 1.895s
2025-03-25 18:34:31.126 69158 INFO tempest.common.waiters [-] State transition "BUILD/scheduling" ==> "BUILD/None" after 19 second wait
2025-03-25 18:34:31.195 69196 INFO tempest.lib.common.rest_client [req-60ad7218-d063-4335-afce-dce0c71c7402 req-60ad7218-d063-4335-afce-dce0c71c7402 ] Request (SecurityGroupsTestAdminJSON:tearDownClass): 204 DELETE http://10.180.1.21/identity/v3/projects/3d1b496c9cc74d6a8a672a5d650c42ef 0.136s
2025-03-25 18:34:31.268 69196 INFO tempest.lib.common.rest_client [req-5aeea829-9237-459c-85d6-c4891244db86 req-5aeea829-9237-459c-85d6-c4891244db86 ] Request (ImagesDeleteNegativeTestJSON:setUpClass): 201 POST http://10.180.1.21/identity/v3/auth/tokens 0.071s
2025-03-25 18:34:31.315 69196 INFO tempest.lib.common.rest_client [req-a7ba34cb-9074-4623-a1ac-bb74e19b2b85 req-a7ba34cb-9074-4623-a1ac-bb74e19b2b85 ] Request (ImagesDeleteNegativeTestJSON:setUpClass): 201 POST http://10.180.1.21/identity/v3/auth/tokens 0.043s
2025-03-25 18:34:31.344 69196 INFO tempest.lib.common.rest_client [req-e1096da8-1c31-4505-979f-32004985c2dd req-e1096da8-1c31-4505-979f-32004985c2dd ] Request (ImagesDeleteNegativeTestJSON:setUpClass): 200 GET http://10.180.1.21/identity/v3/domains?name=Default 0.028s
2025-03-25 18:34:31.360 69200 INFO tempest.lib.common.rest_client [req-b9430805-81d7-46f4-a6e2-7de86d19aff1 req-b9430805-81d7-46f4-a6e2-7de86d19aff1 ] Request (ServersWithSpecificFlavorTestJSON:test_verify_created_server_ephemeral_disk): 200 GET http://10.180.1.21/compute/v2.1/servers/b40e7bdb-cc27-4536-bc35-68184c900060 2.030s
2025-03-25 18:34:31.374 69200 INFO tempest.lib.common.ssh [-] Creating ssh connection to '10.180.180.190:22' as 'cirros' with public key authentication
2025-03-25 18:34:31.377 69196 INFO tempest.lib.common.rest_client [req-e72313f9-2e40-455a-8120-ba94e2d6ce51 req-e72313f9-2e40-455a-8120-ba94e2d6ce51 ] Request (ImagesDeleteNegativeTestJSON:setUpClass): 201 POST http://10.180.1.21/identity/v3/projects 0.032s
2025-03-25 18:34:31.401 69162 INFO tempest.lib.common.rest_client [req-b469cb22-2b5e-4363-9ac1-a3fbdaf8dc8e req-b469cb22-2b5e-4363-9ac1-a3fbdaf8dc8e ] Request (ServerRescueTestJSON:setUpClass): 200 PUT http://10.180.1.21:9696/networking/v2.0/routers/cc09a8f9-924e-4731-a7b4-56d39e564494/add_router_interface 1.557s
2025-03-25 18:34:31.402 69162 INFO tempest.lib.common.dynamic_creds [-] Created isolated network resources for: credentials: Credentials: {'domain_id': 'default', 'domain_name': 'Default', 'username': 'tempest-ServerRescueTestJSON-1908369248-project-member', 'project_domain_id': 'default', 'project_domain_name': 'Default', 'project_id': '3238546c3382429d9d0dd8d36ad1dfdf', 'project_name': 'tempest-ServerRescueTestJSON-1908369248', 'tenant_id': '3238546c3382429d9d0dd8d36ad1dfdf', 'tenant_name': 'tempest-ServerRescueTestJSON-1908369248', 'user_domain_id': 'default', 'user_domain_name': 'Default', 'user_id': 'f401158ed190404b9ccc5e5eece246d6', 'system': None}, Network: {'id': 'b8ce8361-509d-495c-8e8b-6a2a2674d9e7', 'name': 'tempest-ServerRescueTestJSON-1112801713-network', 'tenant_id': '3238546c3382429d9d0dd8d36ad1dfdf', 'admin_state_up': True, 'mtu': 8950, 'status': 'ACTIVE', 'subnets': [], 'shared': False, 'project_id': '3238546c3382429d9d0dd8d36ad1dfdf', 'port_security_enabled': True, 'router:external': False, 'provider:network_type': 'vlan', 'provider:physical_network': 'default', 'provider:segmentation_id': 265, 'availability_zone_hints': [], 'availability_zones': [], 'ipv4_address_scope': None, 'ipv6_address_scope': None, 'description': '', 'tags': [], 'created_at': '2025-03-25T18:34:27Z', 'updated_at': '2025-03-25T18:34:27Z', 'revision_number': 1}, Subnet: {'id': 'ce085fdf-b7d8-4900-a741-44182f513c17', 'name': 'tempest-ServerRescueTestJSON-1112801713-subnet', 'tenant_id': '3238546c3382429d9d0dd8d36ad1dfdf', 'network_id': 'b8ce8361-509d-495c-8e8b-6a2a2674d9e7', 'ip_version': 4, 'subnetpool_id': None, 'enable_dhcp': False, 'ipv6_ra_mode': None, 'ipv6_address_mode': None, 'gateway_ip': '192.168.128.1', 'cidr': '192.168.128.0/28', 'allocation_pools': [{'start': '192.168.128.2', 'end': '192.168.128.14'}], 'host_routes': [], 'dns_nameservers': [], 'description': '', 'router:external': False, 'service_types': [], 'tags': [], 'created_at': '2025-03-25T18:34:27Z', 'updated_at': '2025-03-25T18:34:27Z', 'revision_number': 0, 'project_id': '3238546c3382429d9d0dd8d36ad1dfdf'}, Router: {'id': 'cc09a8f9-924e-4731-a7b4-56d39e564494', 'name': 'tempest-ServerRescueTestJSON-1112801713-router', 'tenant_id': '3238546c3382429d9d0dd8d36ad1dfdf', 'admin_state_up': True, 'status': 'ACTIVE', 'external_gateway_info': {'network_id': 'f1f5d0b1-2bf8-477e-a142-32e3af7ac3ad', 'external_fixed_ips': [{'subnet_id': '01c3bb82-19e4-4750-bb0a-823355c64845', 'ip_address': '10.180.180.138'}], 'enable_snat': True}, 'description': '', 'availability_zones': [], 'distributed': False, 'ha': False, 'availability_zone_hints': [], 'routes': [], 'flavor_id': None, 'tags': [], 'created_at': '2025-03-25T18:34:27Z', 'updated_at': '2025-03-25T18:34:28Z', 'revision_number': 2, 'project_id': '3238546c3382429d9d0dd8d36ad1dfdf'}
2025-03-25 18:34:31.432 69198 INFO tempest.lib.common.rest_client [req-23006874-bca2-4fd9-972f-6154d455aa3d req-23006874-bca2-4fd9-972f-6154d455aa3d ] Request (MigrationsAdminTest:test_list_migrations_in_flavor_resize_situation): 200 GET http://10.180.1.21/compute/v2.1/servers/ff3f81eb-8599-47e0-a5a8-26f21ea70fc5 2.176s
2025-03-25 18:34:31.460 69196 INFO tempest.lib.common.rest_client [req-4da3d8df-f313-4d18-9492-996667fb25e5 req-4da3d8df-f313-4d18-9492-996667fb25e5 ] Request (ImagesDeleteNegativeTestJSON:setUpClass): 201 POST http://10.180.1.21/identity/v3/users 0.083s
2025-03-25 18:34:31.495 69196 INFO tempest.lib.common.rest_client [req-acb409d7-085e-4e7e-9ab4-54ed4787228b req-acb409d7-085e-4e7e-9ab4-54ed4787228b ] Request (ImagesDeleteNegativeTestJSON:setUpClass): 200 GET http://10.180.1.21/identity/v3/roles 0.034s
2025-03-25 18:34:31.504 69162 INFO tempest.lib.common.rest_client [req-36890608-a6be-4654-b6f3-387d1b2728bd req-36890608-a6be-4654-b6f3-387d1b2728bd ] Request (ServerRescueTestJSON:setUpClass): 201 POST http://10.180.1.21/identity/v3/auth/tokens 0.098s
2025-03-25 18:34:31.528 69196 INFO tempest.lib.common.rest_client [req-bca8eeac-9b12-4600-9fe9-a8003ed78b18 req-bca8eeac-9b12-4600-9fe9-a8003ed78b18 ] Request (ImagesDeleteNegativeTestJSON:setUpClass): 204 PUT http://10.180.1.21/identity/v3/projects/67c75d6df10d45bcbd14ea42435f57d9/users/268ace37c5cf40b4a224ca40c1723510/roles/7c563243bd354a0ea1f7e5c1aadfc9e2 0.032s
2025-03-25 18:34:31.528 69196 INFO tempest.lib.common.dynamic_creds [-] Dynamic test user 268ace37c5cf40b4a224ca40c1723510 is created with scope project and roles: ['member']
2025-03-25 18:34:31.528 69196 INFO tempest.lib.common.dynamic_creds [-] Acquired dynamic creds: credentials: Credentials: {'domain_id': 'default', 'domain_name': 'Default', 'username': 'tempest-ImagesDeleteNegativeTestJSON-488561842-project-member', 'project_domain_id': 'default', 'project_domain_name': 'Default', 'project_id': '67c75d6df10d45bcbd14ea42435f57d9', 'project_name': 'tempest-ImagesDeleteNegativeTestJSON-488561842', 'tenant_id': '67c75d6df10d45bcbd14ea42435f57d9', 'tenant_name': 'tempest-ImagesDeleteNegativeTestJSON-488561842', 'user_domain_id': 'default', 'user_domain_name': 'Default', 'user_id': '268ace37c5cf40b4a224ca40c1723510', 'system': None}, Network: None, Subnet: None, Router: None
2025-03-25 18:34:31.529 69196 INFO tempest.lib.common.dynamic_creds [-] Created isolated network resources for: credentials: Credentials: {'domain_id': 'default', 'domain_name': 'Default', 'username': 'tempest-ImagesDeleteNegativeTestJSON-488561842-project-member', 'project_domain_id': 'default', 'project_domain_name': 'Default', 'project_id': '67c75d6df10d45bcbd14ea42435f57d9', 'project_name': 'tempest-ImagesDeleteNegativeTestJSON-488561842', 'tenant_id': '67c75d6df10d45bcbd14ea42435f57d9', 'tenant_name': 'tempest-ImagesDeleteNegativeTestJSON-488561842', 'user_domain_id': 'default', 'user_domain_name': 'Default', 'user_id': '268ace37c5cf40b4a224ca40c1723510', 'system': None}, Network: None, Subnet: None, Router: None
2025-03-25 18:34:31.575 69162 INFO tempest.lib.common.rest_client [req-b1de9a09-5fca-47e7-9608-e3680a1a88b6 req-b1de9a09-5fca-47e7-9608-e3680a1a88b6 ] Request (ServerRescueTestJSON:setUpClass): 201 POST http://10.180.1.21/identity/v3/auth/tokens 0.067s
2025-03-25 18:34:31.575 69162 INFO tempest.lib.common.fixed_network [-] (ServerRescueTestJSON:setUpClass) Found network {'id': 'b8ce8361-509d-495c-8e8b-6a2a2674d9e7', 'name': 'tempest-ServerRescueTestJSON-1112801713-network', 'tenant_id': '3238546c3382429d9d0dd8d36ad1dfdf', 'admin_state_up': True, 'mtu': 8950, 'status': 'ACTIVE', 'subnets': [], 'shared': False, 'project_id': '3238546c3382429d9d0dd8d36ad1dfdf', 'port_security_enabled': True, 'router:external': False, 'provider:network_type': 'vlan', 'provider:physical_network': 'default', 'provider:segmentation_id': 265, 'availability_zone_hints': [], 'availability_zones': [], 'ipv4_address_scope': None, 'ipv6_address_scope': None, 'description': '', 'tags': [], 'created_at': '2025-03-25T18:34:27Z', 'updated_at': '2025-03-25T18:34:27Z', 'revision_number': 1} available for tenant
2025-03-25 18:34:31.609 69196 INFO tempest.lib.common.rest_client [req-de9377c9-9484-463a-bfe7-4d3b67449b40 req-de9377c9-9484-463a-bfe7-4d3b67449b40 ] Request (ImagesDeleteNegativeTestJSON:setUpClass): 201 POST http://10.180.1.21/identity/v3/auth/tokens 0.074s
2025-03-25 18:34:31.653 69190 INFO tempest.lib.common.rest_client [req-900b6f48-8572-4940-a186-ffe7d2340750 req-900b6f48-8572-4940-a186-ffe7d2340750 ] Request (ServersV294TestFqdnHostnames:setUpClass): 200 GET http://10.180.1.21/compute/v2.1/servers/e8defb77-1526-4962-9612-f7299492b53b 2.056s
2025-03-25 18:34:31.740 69186 INFO tempest.lib.common.rest_client [req-cbada7d4-2136-4c8a-879f-37028b7d862a req-cbada7d4-2136-4c8a-879f-37028b7d862a ] Request (ServersAaction247Test:tearDownClass): 204 DELETE http://10.180.1.21/compute/v2.1/servers/8edd2a87-1a90-43ea-a0fa-c285caa89226 1.390s
2025-03-25 18:34:31.806 69176 INFO tempest.lib.common.rest_client [req-110219f0-5d66-4ad6-89dd-e824798d5c7e req-110219f0-5d66-4ad6-89dd-e824798d5c7e ] Request (ServerExternalEventsTest:tearDownClass): 200 GET http://10.180.1.21/compute/v2.1/servers/72cad1ac-44b8-4d90-bfde-7078e2ffd0e1 1.251s
2025-03-25 18:34:31.861 69210 INFO tempest.lib.common.rest_client [req-182eec6d-ee77-4bf4-a5a7-ff0a98c77958 req-182eec6d-ee77-4bf4-a5a7-ff0a98c77958 ] Request (DeleteServersAdminTestJSON:test_delete_server_while_in_error_state): 200 GET http://10.180.1.21/compute/v2.1/servers/297ded63-d94a-4997-bbd0-78c27caf99da 1.242s
2025-03-25 18:34:31.867 69194 INFO tempest.lib.common.rest_client [req-edcebe85-880c-49a9-8e85-e2e84fa3566e req-edcebe85-880c-49a9-8e85-e2e84fa3566e ] Request (FloatingIPsTestJSON:test_delete_floating_ip): 202 DELETE http://10.180.1.21/compute/v2.1/os-floating-ips/1015cfd5-77cf-4ea3-b3ca-50096932a40a 1.611s
2025-03-25 18:34:31.931 69164 INFO tempest.lib.common.rest_client [req-607de590-8ee4-450e-9d67-38c17bddff38 req-607de590-8ee4-450e-9d67-38c17bddff38 ] Request (ImagesTestJSON:test_create_image_from_stopped_server): 200 GET http://10.180.1.21/compute/v2.1/servers/d9bd6f02-19ff-49b7-9fb4-26119727ad63 1.173s
2025-03-25 18:34:31.934 69180 INFO tempest.lib.common.rest_client [req-5211b6cb-436f-4a73-966d-bf979f0f199e req-5211b6cb-436f-4a73-966d-bf979f0f199e ] Request (ServerDiagnosticsV248Test:tearDownClass): 200 GET http://10.180.1.21/compute/v2.1/servers/295e1d0c-892d-444d-8461-d6d964eee4ff 1.245s
2025-03-25 18:34:32.000 69204 INFO tempest.lib.common.rest_client [req-0ea721a4-f7fe-42f3-adc9-c8c2bb885a82 req-0ea721a4-f7fe-42f3-adc9-c8c2bb885a82 ] Request (ServersAdminTestJSON:test_create_server_with_scheduling_hint): 200 GET http://10.180.1.21/compute/v2.1/servers/7eae8370-b95c-4263-a671-a6032ade221d 0.573s
2025-03-25 18:34:32.004 69182 INFO tempest.lib.common.rest_client [req-f4966efe-8e22-4c6b-bf46-96b0c091c8bb req-f4966efe-8e22-4c6b-bf46-96b0c091c8bb ] Request (ListServersNegativeTestJSON:setUpClass): 200 GET http://10.180.1.21/compute/v2.1/servers/1db421cf-4568-451a-ac6b-3789ac312f33 1.164s
2025-03-25 18:34:32.093 69178 WARNING tempest.lib.common.ssh [-] Failed to establish authenticated ssh connection to cirros@10.180.180.166 ([Errno None] Unable to connect to port 22 on 10.180.180.166). Number attempts: 3. Retry after 4 seconds.: paramiko.ssh_exception.NoValidConnectionsError: [Errno None] Unable to connect to port 22 on 10.180.180.166
2025-03-25 18:34:32.180 69154 INFO tempest.lib.common.rest_client [req-dcd9220c-7a63-4e8b-b3a5-1dccd7157f02 req-dcd9220c-7a63-4e8b-b3a5-1dccd7157f02 ] Request (ServerDiskConfigTestJSON:test_rebuild_server_with_auto_disk_config): 200 GET http://10.180.1.21/compute/v2.1/servers/f80f943b-e912-4b1d-a2d2-0d42c7f61e0c 0.611s
2025-03-25 18:34:32.224 69196 INFO tempest.lib.common.rest_client [req-8bfee9bf-314a-447b-9cb9-c107383c90b1 req-8bfee9bf-314a-447b-9cb9-c107383c90b1 ] Request (ImagesDeleteNegativeTestJSON:test_delete_image_blank_id): 404 DELETE http://10.180.1.21/compute/v2.1/images/ 0.613s
2025-03-25 18:34:32.391 69202 INFO tempest.lib.common.rest_client [req-85adc95e-cc41-48f1-95fc-f1453dadd9a1 req-85adc95e-cc41-48f1-95fc-f1453dadd9a1 ] Request (ServerRescueNegativeTestJSON:test_rescued_vm_attach_volume): 200 GET http://10.180.1.21/compute/v2.1/servers/a08615df-fc52-4a65-bea0-6b3bfc513d99 0.745s
2025-03-25 18:34:32.455 69208 INFO tempest.lib.common.rest_client [req-237cd366-8fa9-4a3b-a8ca-067ec3653154 req-237cd366-8fa9-4a3b-a8ca-067ec3653154 ] Request (ServersAdmin275Test:test_rebuild_update_server_275): 200 GET http://10.180.1.21/compute/v2.1/servers/e02e5253-17db-450f-bf10-9cf08255c646 0.729s
2025-03-25 18:34:32.508 69186 INFO tempest.lib.common.rest_client [req-aa7d8703-f604-4363-b90a-071900af995e req-aa7d8703-f604-4363-b90a-071900af995e ] Request (ServersAaction247Test:tearDownClass): 200 GET http://10.180.1.21/compute/v2.1/servers/8edd2a87-1a90-43ea-a0fa-c285caa89226 0.767s
2025-03-25 18:34:32.545 69162 INFO tempest.lib.common.rest_client [req-81a4eeb6-6a26-4eb3-a29d-65f0a334f691 req-81a4eeb6-6a26-4eb3-a29d-65f0a334f691 ] Request (ServerRescueTestJSON:setUpClass): 202 POST http://10.180.1.21/compute/v2.1/servers 0.969s
2025-03-25 18:34:32.564 69152 INFO tempest.lib.common.rest_client [req-22ba7b26-2951-4ffb-82b7-4ed3976fc279 req-22ba7b26-2951-4ffb-82b7-4ed3976fc279 ] Request (ServersTestManualDisk:setUpClass): 200 GET http://10.180.1.21/compute/v2.1/servers/fdf0747e-1b3f-455c-a853-098c445c8924 0.790s
2025-03-25 18:34:32.634 69174 INFO tempest.lib.common.rest_client [req-8ae34734-cc89-4ac3-8c32-e8c29e3586c4 req-8ae34734-cc89-4ac3-8c32-e8c29e3586c4 ] Request (ImagesNegativeTestJSON:test_create_image_from_deleted_server): 200 GET http://10.180.1.21/compute/v2.1/servers/03a157f6-051b-40f3-89e6-3b24db7d7c61 0.794s
2025-03-25 18:34:32.653 69160 INFO tempest.lib.common.rest_client [req-660c32a7-cb8b-4da7-8827-cfcb643bbad2 req-660c32a7-cb8b-4da7-8827-cfcb643bbad2 ] Request (FloatingIPsAssociationNegativeTestJSON:setUpClass): 200 GET http://10.180.1.21/compute/v2.1/servers/cdff230c-2bdf-4bd9-91c0-139f7fafccc3 0.878s
2025-03-25 18:34:32.703 69194 INFO tempest.lib.common.rest_client [req-fa373364-e85b-4402-aeaa-97b587aa9d03 req-fa373364-e85b-4402-aeaa-97b587aa9d03 ] Request (FloatingIPsTestJSON:test_delete_floating_ip): 404 GET http://10.180.1.21/compute/v2.1/os-floating-ips/1015cfd5-77cf-4ea3-b3ca-50096932a40a 0.836s
2025-03-25 18:34:32.781 69166 INFO tempest.lib.common.rest_client [req-62ad49ac-dd70-421d-a45a-33cb1a198086 req-62ad49ac-dd70-421d-a45a-33cb1a198086 ] Request (ServerRescueTestJSONUnderV235:setUpClass): 200 GET http://10.180.1.21/compute/v2.1/servers/0f2357fa-1aa1-4309-a46e-497d1a8257b5 0.861s
2025-03-25 18:34:32.789 69206 INFO tempest.lib.common.rest_client [req-91a88548-9680-4e5f-9151-2bf7a416ead6 req-91a88548-9680-4e5f-9151-2bf7a416ead6 ] Request (FloatingIPsAssociationTestJSON:test_associate_already_associated_floating_ip): 200 GET http://10.180.1.21/compute/v2.1/servers/0a3ec5b2-43c5-49ae-ad46-c2a67581ff73 0.946s
2025-03-25 18:34:32.803 69206 INFO tempest.common.waiters [-] State transition "BUILD/networking" ==> "BUILD/spawning" after 35 second wait
2025-03-25 18:34:32.844 69156 INFO tempest.lib.common.rest_client [req-1254e61c-71bc-42a7-8b6d-fa9354ba29ad req-1254e61c-71bc-42a7-8b6d-fa9354ba29ad ] Request (ServersNegativeTestJSON:setUpClass): 200 GET http://10.180.1.21/compute/v2.1/servers/d5ab1888-4692-4c9b-be29-6adda0c5c931 0.923s
2025-03-25 18:34:32.852 69171 INFO tempest.lib.common.rest_client [req-bb5600ba-ac2a-4a79-831b-5181a3f30c06 req-bb5600ba-ac2a-4a79-831b-5181a3f30c06 ] Request (ServersTestFqdnHostnames:test_create_server_with_fqdn_name): 200 GET http://10.180.1.21/compute/v2.1/servers/ecbc1ed3-8601-4ea8-b8f9-862e3faf5943 0.870s
2025-03-25 18:34:32.920 69192 INFO tempest.lib.common.rest_client [req-b709af3d-8ef7-4d3d-8a5e-6c711b5977f6 req-b709af3d-8ef7-4d3d-8a5e-6c711b5977f6 ] Request (ServerTagsTestJSON:setUpClass): 200 GET http://10.180.1.21/compute/v2.1/servers/35f1fcb9-985b-4bac-8dc3-e0787f43de54 0.870s
2025-03-25 18:34:32.924 69212 INFO tempest.lib.common.rest_client [req-64a09e91-a542-44c6-abbc-fab221914a0b req-64a09e91-a542-44c6-abbc-fab221914a0b ] Request (ServerShowV254Test:test_rebuild_server): 200 GET http://10.180.1.21/compute/v2.1/servers/b38dc0ec-2fc5-4fba-9c8e-84c5774ddac3 0.926s
2025-03-25 18:34:32.934 69192 INFO tempest.common.waiters [-] State transition "BUILD/None" ==> "BUILD/networking" after 32 second wait
2025-03-25 18:34:32.977 69172 INFO tempest.lib.common.rest_client [req-5262c771-3384-4455-9358-c172919084fd req-5262c771-3384-4455-9358-c172919084fd ] Request (InstanceActionsTestJSON:setUpClass): 200 GET http://10.180.1.21/compute/v2.1/servers/6e9ea13e-4032-4482-9ec5-3a67f105990d 0.914s
2025-03-25 18:34:32.989 69158 INFO tempest.lib.common.rest_client [req-475e76f0-0c98-45b3-8240-16e177c0b6a1 req-475e76f0-0c98-45b3-8240-16e177c0b6a1 ] Request (AttachInterfacesV270Test:test_create_get_list_interfaces): 200 GET http://10.180.1.21/compute/v2.1/servers/e9f1dd6d-f377-4d3a-8380-cc652ae025bf 0.861s
2025-03-25 18:34:33.009 69196 INFO tempest.lib.common.rest_client [req-317fc9dd-8cce-42ec-bf7c-b92a012fcbf6 req-317fc9dd-8cce-42ec-bf7c-b92a012fcbf6 ] Request (ImagesDeleteNegativeTestJSON:test_delete_image_negative_image_id): 404 DELETE http://10.180.1.21/compute/v2.1/images/-1 0.783s
2025-03-25 18:34:33.030 69168 INFO tempest.lib.common.rest_client [req-091c26ab-b3b9-4fbb-a940-8a32e0219c63 req-091c26ab-b3b9-4fbb-a940-8a32e0219c63 ] Request (ServerAddressesNegativeTestJSON:setUpClass): 200 GET http://10.180.1.21/compute/v2.1/servers/edebcb67-10a9-47b1-9848-ec003e4de95f 0.899s
2025-03-25 18:34:33.086 69162 INFO tempest.lib.common.rest_client [req-fd77821f-ec35-4f78-ba48-b6c962cccc81 req-fd77821f-ec35-4f78-ba48-b6c962cccc81 ] Request (ServerRescueTestJSON:setUpClass): 200 GET http://10.180.1.21/compute/v2.1/servers/8e863779-d50a-4b1b-b355-d6d0e217addd 0.539s
2025-03-25 18:34:33.139 69198 INFO tempest.lib.common.rest_client [req-5cf6151b-8619-418c-b715-b7aa76856258 req-5cf6151b-8619-418c-b715-b7aa76856258 ] Request (MigrationsAdminTest:test_list_migrations_in_flavor_resize_situation): 200 GET http://10.180.1.21/compute/v2.1/servers/ff3f81eb-8599-47e0-a5a8-26f21ea70fc5 0.691s
2025-03-25 18:34:33.175 69194 INFO tempest.lib.common.rest_client [req-9982a5ed-7570-4d78-bd81-4b109ea74fff req-9982a5ed-7570-4d78-bd81-4b109ea74fff ] Request (FloatingIPsTestJSON:_run_cleanups): 404 DELETE http://10.180.1.21/compute/v2.1/os-floating-ips/1015cfd5-77cf-4ea3-b3ca-50096932a40a 0.471s
2025-03-25 18:34:33.239 69176 INFO tempest.lib.common.rest_client [req-b59753b8-0e8d-4c72-ad7d-bf0b81a0c989 req-b59753b8-0e8d-4c72-ad7d-bf0b81a0c989 ] Request (ServerExternalEventsTest:tearDownClass): 200 GET http://10.180.1.21/compute/v2.1/servers/72cad1ac-44b8-4d90-bfde-7078e2ffd0e1 0.423s
2025-03-25 18:34:33.244 69190 INFO tempest.lib.common.rest_client [req-0c012882-5dc0-46b5-bb92-54d738b73332 req-0c012882-5dc0-46b5-bb92-54d738b73332 ] Request (ServersV294TestFqdnHostnames:setUpClass): 200 GET http://10.180.1.21/compute/v2.1/servers/e8defb77-1526-4962-9612-f7299492b53b 0.575s
2025-03-25 18:34:33.296 69210 INFO tempest.lib.common.rest_client [req-c5498d2e-55f4-4f6d-bcba-2f15b94e47c6 req-c5498d2e-55f4-4f6d-bcba-2f15b94e47c6 ] Request (DeleteServersAdminTestJSON:test_delete_server_while_in_error_state): 200 GET http://10.180.1.21/compute/v2.1/servers/297ded63-d94a-4997-bbd0-78c27caf99da 0.423s
2025-03-25 18:34:33.318 69164 INFO tempest.lib.common.rest_client [req-162ddb01-c890-4b23-b2dc-7f39084d96ad req-162ddb01-c890-4b23-b2dc-7f39084d96ad ] Request (ImagesTestJSON:test_create_image_from_stopped_server): 200 GET http://10.180.1.21/compute/v2.1/servers/d9bd6f02-19ff-49b7-9fb4-26119727ad63 0.375s
2025-03-25 18:34:33.369 69204 INFO tempest.lib.common.rest_client [req-13999116-f91b-4ceb-b6b0-dc063b7c0a22 req-13999116-f91b-4ceb-b6b0-dc063b7c0a22 ] Request (ServersAdminTestJSON:test_create_server_with_scheduling_hint): 200 GET http://10.180.1.21/compute/v2.1/servers/7eae8370-b95c-4263-a671-a6032ade221d 0.361s
2025-03-25 18:34:33.388 69180 INFO tempest.lib.common.rest_client [req-18d5428e-d9f6-420f-b991-490737e65a4f req-18d5428e-d9f6-420f-b991-490737e65a4f ] Request (ServerDiagnosticsV248Test:tearDownClass): 200 GET http://10.180.1.21/compute/v2.1/servers/295e1d0c-892d-444d-8461-d6d964eee4ff 0.444s
2025-03-25 18:34:33.390 69196 INFO tempest.lib.common.rest_client [req-b4198e7f-c3d4-4f23-bcb7-4e1b3eff6d22 req-b4198e7f-c3d4-4f23-bcb7-4e1b3eff6d22 ] Request (ImagesDeleteNegativeTestJSON:test_delete_image_non_hex_string_id): 404 DELETE http://10.180.1.21/compute/v2.1/images/4656228c-b718-4aab-882f-a544737703cj 0.380s
2025-03-25 18:34:33.456 69182 INFO tempest.lib.common.rest_client [req-1b85a1f6-7183-4f75-b526-79b4d5d2d84d req-1b85a1f6-7183-4f75-b526-79b4d5d2d84d ] Request (ListServersNegativeTestJSON:setUpClass): 200 GET http://10.180.1.21/compute/v2.1/servers/1db421cf-4568-451a-ac6b-3789ac312f33 0.438s
2025-03-25 18:34:33.474 69196 INFO tempest.lib.common.rest_client [req-60b6f2d2-e475-4de3-94bb-1595eb1a0c5d req-60b6f2d2-e475-4de3-94bb-1595eb1a0c5d ] Request (ImagesDeleteNegativeTestJSON:test_delete_image_with_id_over_character_limit): 404 DELETE http://10.180.1.21/compute/v2.1/images/5fb08373-5a14-493c-80eb-db18ea7ff9f71 0.082s
2025-03-25 18:34:33.493 69154 INFO tempest.lib.common.rest_client [req-3cb342de-634d-491a-b897-127cdd7a4683 req-3cb342de-634d-491a-b897-127cdd7a4683 ] Request (ServerDiskConfigTestJSON:test_rebuild_server_with_auto_disk_config): 200 GET http://10.180.1.21/compute/v2.1/servers/f80f943b-e912-4b1d-a2d2-0d42c7f61e0c 0.304s
2025-03-25 18:34:33.550 69208 INFO tempest.lib.common.rest_client [req-52332aaf-407b-43b7-9bf7-a1427f70c1dd req-52332aaf-407b-43b7-9bf7-a1427f70c1dd ] Request (ServersAdmin275Test:test_rebuild_update_server_275): 200 GET http://10.180.1.21/compute/v2.1/servers/e02e5253-17db-450f-bf10-9cf08255c646 0.081s
2025-03-25 18:34:33.568 69196 INFO tempest.lib.common.rest_client [req-d4b039e2-1500-45eb-a4a4-cf9a50cb88b6 req-d4b039e2-1500-45eb-a4a4-cf9a50cb88b6 ] Request (ImagesDeleteNegativeTestJSON:test_delete_image_with_invalid_image_id): 404 DELETE http://10.180.1.21/compute/v2.1/images/tempest-invalid-1284292447 0.093s
2025-03-25 18:34:33.578 69202 INFO tempest.lib.common.rest_client [req-5dd0db90-f26b-4027-b0c4-9413ad973f1a req-5dd0db90-f26b-4027-b0c4-9413ad973f1a ] Request (ServerRescueNegativeTestJSON:test_rescued_vm_attach_volume): 200 GET http://10.180.1.21/compute/v2.1/servers/a08615df-fc52-4a65-bea0-6b3bfc513d99 0.178s
2025-03-25 18:34:33.585 69202 INFO tempest.common.waiters [-] State transition "ACTIVE/rescuing" ==> "RESCUE/None" after 8 second wait
2025-03-25 18:34:33.609 69196 INFO tempest.lib.common.rest_client [req-12ed5113-34e3-48ed-ac00-23544e83b1cb req-12ed5113-34e3-48ed-ac00-23544e83b1cb ] Request (ImagesDeleteNegativeTestJSON:test_delete_non_existent_image): 404 DELETE http://10.180.1.21/compute/v2.1/images/6fc60436-261b-46aa-8950-97ebafad9f60 0.039s
2025-03-25 18:34:33.643 69186 INFO tempest.lib.common.rest_client [req-486dce37-e697-447f-9ccd-a529b31de874 req-486dce37-e697-447f-9ccd-a529b31de874 ] Request (ServersAaction247Test:tearDownClass): 200 GET http://10.180.1.21/compute/v2.1/servers/8edd2a87-1a90-43ea-a0fa-c285caa89226 0.125s
2025-03-25 18:34:33.674 69202 INFO tempest.lib.common.rest_client [req-d1ddda10-d145-4f1b-b083-edbc30d782eb req-d1ddda10-d145-4f1b-b083-edbc30d782eb ] Request (ServerRescueNegativeTestJSON:test_rescued_vm_attach_volume): 409 POST http://10.180.1.21/compute/v2.1/servers/a08615df-fc52-4a65-bea0-6b3bfc513d99/os-volume_attachments 0.088s
2025-03-25 18:34:33.677 69152 INFO tempest.lib.common.rest_client [req-8921e23d-df73-4a73-8bb2-6523497a4e68 req-8921e23d-df73-4a73-8bb2-6523497a4e68 ] Request (ServersTestManualDisk:setUpClass): 200 GET http://10.180.1.21/compute/v2.1/servers/fdf0747e-1b3f-455c-a853-098c445c8924 0.105s
2025-03-25 18:34:33.763 69174 INFO tempest.lib.common.rest_client [req-d77352dc-853f-4ce9-bae4-d084437b783f req-d77352dc-853f-4ce9-bae4-d084437b783f ] Request (ImagesNegativeTestJSON:test_create_image_from_deleted_server): 200 GET http://10.180.1.21/compute/v2.1/servers/03a157f6-051b-40f3-89e6-3b24db7d7c61 0.116s
2025-03-25 18:34:33.767 69196 INFO tempest.lib.common.rest_client [req-928a8b04-b666-42c1-aba6-f4bd0abc6985 req-928a8b04-b666-42c1-aba6-f4bd0abc6985 ] Request (ImagesDeleteNegativeTestJSON:tearDownClass): 204 DELETE http://10.180.1.21/identity/v3/users/268ace37c5cf40b4a224ca40c1723510 0.155s
2025-03-25 18:34:33.767 69196 INFO tempest.lib.common.dynamic_creds [-] Deleting project and security group for project: 67c75d6df10d45bcbd14ea42435f57d9
2025-03-25 18:34:33.816 69202 INFO tempest.lib.common.rest_client [req-89a0613a-099e-4cb3-8440-4c0c17896c50 req-89a0613a-099e-4cb3-8440-4c0c17896c50 ] Request (ServerRescueNegativeTestJSON:_run_cleanups): 202 POST http://10.180.1.21/compute/v2.1/servers/a08615df-fc52-4a65-bea0-6b3bfc513d99/action 0.141s
2025-03-25 18:34:33.847 69160 INFO tempest.lib.common.rest_client [req-5ad4f6a3-6fdf-48b0-9af4-20a7d7b3192c req-5ad4f6a3-6fdf-48b0-9af4-20a7d7b3192c ] Request (FloatingIPsAssociationNegativeTestJSON:setUpClass): 200 GET http://10.180.1.21/compute/v2.1/servers/cdff230c-2bdf-4bd9-91c0-139f7fafccc3 0.185s
2025-03-25 18:34:33.855 69196 INFO tempest.lib.common.rest_client [req-37dfda39-59cf-4fab-a378-569e2fb0136a req-37dfda39-59cf-4fab-a378-569e2fb0136a ] Request (ImagesDeleteNegativeTestJSON:tearDownClass): 201 POST http://10.180.1.21/identity/v3/auth/tokens 0.086s
2025-03-25 18:34:33.883 69166 INFO tempest.lib.common.rest_client [req-228c93c6-57d3-4219-85af-8eb195bdcb72 req-228c93c6-57d3-4219-85af-8eb195bdcb72 ] Request (ServerRescueTestJSONUnderV235:setUpClass): 200 GET http://10.180.1.21/compute/v2.1/servers/0f2357fa-1aa1-4309-a46e-497d1a8257b5 0.095s
2025-03-25 18:34:34.307 69202 INFO tempest.lib.common.rest_client [req-b75fd8de-8a5d-438b-852d-2d2e103180bc req-b75fd8de-8a5d-438b-852d-2d2e103180bc ] Request (ServerRescueNegativeTestJSON:_run_cleanups): 200 GET http://10.180.1.21/compute/v2.1/servers/a08615df-fc52-4a65-bea0-6b3bfc513d99 0.490s
2025-03-25 18:34:34.309 69206 INFO tempest.lib.common.rest_client [req-bf751796-f95d-4c3c-b54f-01752d3067c7 req-bf751796-f95d-4c3c-b54f-01752d3067c7 ] Request (FloatingIPsAssociationTestJSON:test_associate_already_associated_floating_ip): 200 GET http://10.180.1.21/compute/v2.1/servers/0a3ec5b2-43c5-49ae-ad46-c2a67581ff73 0.505s
2025-03-25 18:34:34.385 69156 INFO tempest.lib.common.rest_client [req-fff4a2c0-474f-4e3b-b940-fa92ee252c55 req-fff4a2c0-474f-4e3b-b940-fa92ee252c55 ] Request (ServersNegativeTestJSON:setUpClass): 200 GET http://10.180.1.21/compute/v2.1/servers/d5ab1888-4692-4c9b-be29-6adda0c5c931 0.532s
2025-03-25 18:34:34.397 69171 INFO tempest.lib.common.rest_client [req-dded94f8-a2e9-4ed7-97ee-c3bdc2cae55a req-dded94f8-a2e9-4ed7-97ee-c3bdc2cae55a ] Request (ServersTestFqdnHostnames:test_create_server_with_fqdn_name): 200 GET http://10.180.1.21/compute/v2.1/servers/ecbc1ed3-8601-4ea8-b8f9-862e3faf5943 0.533s
2025-03-25 18:34:34.408 69196 INFO tempest.lib.common.rest_client [req-7b0d1496-860d-4bda-917c-9b8ff326ae18 req-7b0d1496-860d-4bda-917c-9b8ff326ae18 ] Request (ImagesDeleteNegativeTestJSON:tearDownClass): 200 GET http://10.180.1.21:9696/networking/v2.0/security-groups?tenant_id=67c75d6df10d45bcbd14ea42435f57d9&name=default 0.553s
2025-03-25 18:34:34.482 69212 INFO tempest.lib.common.rest_client [req-dcda4aef-1c2d-41e5-b1f9-eb43e40c8182 req-dcda4aef-1c2d-41e5-b1f9-eb43e40c8182 ] Request (ServerShowV254Test:test_rebuild_server): 200 GET http://10.180.1.21/compute/v2.1/servers/b38dc0ec-2fc5-4fba-9c8e-84c5774ddac3 0.543s
2025-03-25 18:34:34.557 69172 INFO tempest.lib.common.rest_client [req-83de1d1c-887f-4d4f-bed4-e9ef1b38fec1 req-83de1d1c-887f-4d4f-bed4-e9ef1b38fec1 ] Request (InstanceActionsTestJSON:setUpClass): 200 GET http://10.180.1.21/compute/v2.1/servers/6e9ea13e-4032-4482-9ec5-3a67f105990d 0.568s
2025-03-25 18:34:34.615 69194 INFO tempest.lib.common.rest_client [req-1bf4b005-31af-4b37-8093-68bbc138b5b8 req-1bf4b005-31af-4b37-8093-68bbc138b5b8 ] Request (FloatingIPsTestJSON:tearDownClass): 200 PUT http://10.180.1.21:9696/networking/v2.0/routers/5cabd0ca-1abc-446d-811e-56de0a7d99b7/remove_router_interface 1.437s
2025-03-25 18:34:34.622 69196 INFO tempest.lib.common.rest_client [req-1a7fa53b-3fe2-43a5-ab54-bca0c52f8a39 req-1a7fa53b-3fe2-43a5-ab54-bca0c52f8a39 ] Request (ImagesDeleteNegativeTestJSON:tearDownClass): 204 DELETE http://10.180.1.21:9696/networking/v2.0/security-groups/ae659803-8b95-4389-b868-df5a9571b30f 0.213s
2025-03-25 18:34:34.624 69158 INFO tempest.lib.common.rest_client [req-3939a5c4-1cb4-4a42-adee-591e63e74c93 req-3939a5c4-1cb4-4a42-adee-591e63e74c93 ] Request (AttachInterfacesV270Test:test_create_get_list_interfaces): 200 GET http://10.180.1.21/compute/v2.1/servers/e9f1dd6d-f377-4d3a-8380-cc652ae025bf 0.626s
2025-03-25 18:34:34.631 69192 INFO tempest.lib.common.rest_client [req-98a3f531-2043-4ab6-a5c7-c12f653459e0 req-98a3f531-2043-4ab6-a5c7-c12f653459e0 ] Request (ServerTagsTestJSON:setUpClass): 200 GET http://10.180.1.21/compute/v2.1/servers/35f1fcb9-985b-4bac-8dc3-e0787f43de54 0.695s
2025-03-25 18:34:34.640 69192 INFO tempest.common.waiters [-] State transition "BUILD/networking" ==> "BUILD/spawning" after 34 second wait
2025-03-25 18:34:34.689 69168 INFO tempest.lib.common.rest_client [req-d3bbea67-ea85-44fc-97df-9c77aed0300d req-d3bbea67-ea85-44fc-97df-9c77aed0300d ] Request (ServerAddressesNegativeTestJSON:setUpClass): 200 GET http://10.180.1.21/compute/v2.1/servers/edebcb67-10a9-47b1-9848-ec003e4de95f 0.651s
2025-03-25 18:34:34.697 69162 INFO tempest.lib.common.rest_client [req-28cd548c-51fb-4356-945b-3e3a09d8594b req-28cd548c-51fb-4356-945b-3e3a09d8594b ] Request (ServerRescueTestJSON:setUpClass): 200 GET http://10.180.1.21/compute/v2.1/servers/8e863779-d50a-4b1b-b355-d6d0e217addd 0.600s
2025-03-25 18:34:34.712 69196 INFO tempest.lib.common.rest_client [req-50981368-4bf2-4700-8127-c5c1b18d4eef req-50981368-4bf2-4700-8127-c5c1b18d4eef ] Request (ImagesDeleteNegativeTestJSON:tearDownClass): 204 DELETE http://10.180.1.21/identity/v3/projects/67c75d6df10d45bcbd14ea42435f57d9 0.089s
2025-03-25 18:34:34.770 69176 INFO tempest.lib.common.rest_client [req-43a8f95a-6ff4-4bb8-a1e6-ea852d26ac69 req-43a8f95a-6ff4-4bb8-a1e6-ea852d26ac69 ] Request (ServerExternalEventsTest:tearDownClass): 200 GET http://10.180.1.21/compute/v2.1/servers/72cad1ac-44b8-4d90-bfde-7078e2ffd0e1 0.522s
2025-03-25 18:34:34.804 69196 INFO tempest.lib.common.rest_client [req-b053c1ea-8745-4d9e-8f52-00d1d29e1f23 req-b053c1ea-8745-4d9e-8f52-00d1d29e1f23 ] Request (VolumesNegativeTest:setUpClass): 201 POST http://10.180.1.21/identity/v3/auth/tokens 0.091s
2025-03-25 18:34:34.818 69198 INFO tempest.lib.common.rest_client [req-cf9ef92e-363e-4554-b868-68e95f525c03 req-cf9ef92e-363e-4554-b868-68e95f525c03 ] Request (MigrationsAdminTest:test_list_migrations_in_flavor_resize_situation): 200 GET http://10.180.1.21/compute/v2.1/servers/ff3f81eb-8599-47e0-a5a8-26f21ea70fc5 0.672s
2025-03-25 18:34:34.853 69196 INFO tempest.lib.common.rest_client [req-83f1aa6b-b226-473c-b03e-5d88bdc3666e req-83f1aa6b-b226-473c-b03e-5d88bdc3666e ] Request (VolumesNegativeTest:setUpClass): 201 POST http://10.180.1.21/identity/v3/auth/tokens 0.046s
2025-03-25 18:34:34.877 69210 INFO tempest.lib.common.rest_client [req-5cafb0af-0b89-4ec2-9b70-521796af296a req-5cafb0af-0b89-4ec2-9b70-521796af296a ] Request (DeleteServersAdminTestJSON:test_delete_server_while_in_error_state): 200 GET http://10.180.1.21/compute/v2.1/servers/297ded63-d94a-4997-bbd0-78c27caf99da 0.565s
2025-03-25 18:34:34.884 69190 INFO tempest.lib.common.rest_client [req-3c0d80f5-c641-4a0a-bcdd-3f6a74df6504 req-3c0d80f5-c641-4a0a-bcdd-3f6a74df6504 ] Request (ServersV294TestFqdnHostnames:setUpClass): 200 GET http://10.180.1.21/compute/v2.1/servers/e8defb77-1526-4962-9612-f7299492b53b 0.630s
2025-03-25 18:34:34.909 69190 INFO tempest.common.waiters [-] State transition "BUILD/spawning" ==> "ACTIVE/None" after 38 second wait
2025-03-25 18:34:34.922 69164 INFO tempest.lib.common.rest_client [req-94d243e3-459d-4613-917b-abcb79f0961f req-94d243e3-459d-4613-917b-abcb79f0961f ] Request (ImagesTestJSON:test_create_image_from_stopped_server): 200 GET http://10.180.1.21/compute/v2.1/servers/d9bd6f02-19ff-49b7-9fb4-26119727ad63 0.592s
2025-03-25 18:34:34.941 69204 INFO tempest.lib.common.rest_client [req-b568f26f-5215-4bf8-b348-207b01a6b053 req-b568f26f-5215-4bf8-b348-207b01a6b053 ] Request (ServersAdminTestJSON:test_create_server_with_scheduling_hint): 200 GET http://10.180.1.21/compute/v2.1/servers/7eae8370-b95c-4263-a671-a6032ade221d 0.560s
2025-03-25 18:34:35.000 69180 INFO tempest.lib.common.rest_client [req-b4517d7d-9562-4ec6-98a7-a6e5c46286c1 req-b4517d7d-9562-4ec6-98a7-a6e5c46286c1 ] Request (ServerDiagnosticsV248Test:tearDownClass): 200 GET http://10.180.1.21/compute/v2.1/servers/295e1d0c-892d-444d-8461-d6d964eee4ff 0.602s
