2025-03-25 18:34:20.808 69180 INFO tempest.lib.common.rest_client [req-44c97992-8c9c-4d38-acfe-c023222f08c3 req-44c97992-8c9c-4d38-acfe-c023222f08c3 ] Request (ServerDiagnosticsV248Test:tearDownClass): 200 GET http://10.180.1.21/compute/v2.1/servers/295e1d0c-892d-444d-8461-d6d964eee4ff 1.848s
2025-03-25 18:34:20.949 69168 INFO tempest.lib.common.rest_client [req-7c5bcd5c-26d7-454e-91db-de3a6f723b22 req-7c5bcd5c-26d7-454e-91db-de3a6f723b22 ] Request (ServerAddressesTestJSON:tearDownClass): 204 DELETE http://10.180.1.21:9696/networking/v2.0/subnets/a6e5934d-a442-4965-be11-e7694b5483b5 0.271s
2025-03-25 18:34:21.005 69162 INFO tempest.lib.common.rest_client [req-31b8131b-e60e-46ba-ac1f-27a232d38924 req-31b8131b-e60e-46ba-ac1f-27a232d38924 ] Request (SecurityGroupRulesNegativeTestJSON:tearDownClass): 202 DELETE http://10.180.1.21/compute/v2.1/os-security-groups/643c44df-a957-4d0a-b712-95583d5ffbcb 2.001s
2025-03-25 18:34:21.234 69168 INFO tempest.lib.common.rest_client [req-e57b5137-dc83-42a1-a6e0-f91afb234bd4 req-e57b5137-dc83-42a1-a6e0-f91afb234bd4 ] Request (ServerAddressesTestJSON:tearDownClass): 204 DELETE http://10.180.1.21:9696/networking/v2.0/networks/b2e8152e-0d5c-4caf-881a-a3754f7f4d75 0.284s
2025-03-25 18:34:21.258 69182 INFO tempest.lib.common.rest_client [req-0950bd89-9ea2-4871-ac7c-0567e8ce5e7c req-0950bd89-9ea2-4871-ac7c-0567e8ce5e7c ] Request (AbsoluteLimitsNegativeTestJSON:test_max_metadata_exceed_limit): 403 POST http://10.180.1.21/compute/v2.1/servers 1.907s
2025-03-25 18:34:21.348 69176 INFO tempest.lib.common.rest_client [req-364a06ae-19f7-42f2-9447-4c9903bdef69 req-364a06ae-19f7-42f2-9447-4c9903bdef69 ] Request (ServerExternalEventsTest:tearDownClass): 204 DELETE http://10.180.1.21/compute/v2.1/servers/72cad1ac-44b8-4d90-bfde-7078e2ffd0e1 1.974s
2025-03-25 18:34:21.383 69182 INFO tempest.lib.common.rest_client [req-776bb64e-0eba-494b-bf7a-4573f80c874c req-776bb64e-0eba-494b-bf7a-4573f80c874c ] Request (AbsoluteLimitsNegativeTestJSON:tearDownClass): 204 DELETE http://10.180.1.21/identity/v3/users/4425778a377e48afa5ee573de1e0468a 0.123s
2025-03-25 18:34:21.383 69182 INFO tempest.lib.common.dynamic_creds [-] Deleting project and security group for project: 9b80f0b8d9474c1faf2b513bd187b141
2025-03-25 18:34:21.386 69168 INFO tempest.lib.common.rest_client [req-22b69c89-45e2-4188-8924-68e50e35cbb1 req-22b69c89-45e2-4188-8924-68e50e35cbb1 ] Request (ServerAddressesTestJSON:tearDownClass): 204 DELETE http://10.180.1.21/identity/v3/users/38b5325613f346e7823b642d4ad17ec5 0.150s
2025-03-25 18:34:21.386 69168 INFO tempest.lib.common.dynamic_creds [-] Deleting project and security group for project: ac0d3f8165e243c3bab192483d99f595
2025-03-25 18:34:21.413 69168 INFO tempest.lib.common.rest_client [req-1bda1679-1a62-48c9-9306-caf2e646dd64 req-1bda1679-1a62-48c9-9306-caf2e646dd64 ] Request (ServerAddressesTestJSON:tearDownClass): 200 GET http://10.180.1.21:9696/networking/v2.0/security-groups?tenant_id=ac0d3f8165e243c3bab192483d99f595&name=default 0.026s
2025-03-25 18:34:21.455 69182 INFO tempest.lib.common.rest_client [req-d54026ec-6be9-4649-8304-221e34e7b13e req-d54026ec-6be9-4649-8304-221e34e7b13e ] Request (AbsoluteLimitsNegativeTestJSON:tearDownClass): 201 POST http://10.180.1.21/identity/v3/auth/tokens 0.072s
2025-03-25 18:34:21.509 69168 INFO tempest.lib.common.rest_client [req-bc57f627-83da-4da2-b7cb-e578d413fa03 req-bc57f627-83da-4da2-b7cb-e578d413fa03 ] Request (ServerAddressesTestJSON:tearDownClass): 204 DELETE http://10.180.1.21:9696/networking/v2.0/security-groups/65ecb6f4-7309-401b-a695-1d6786a18c4b 0.096s
2025-03-25 18:34:21.603 69168 INFO tempest.lib.common.rest_client [req-afa61fb3-de8a-4aab-9f91-3f0b49444f7c req-afa61fb3-de8a-4aab-9f91-3f0b49444f7c ] Request (ServerAddressesTestJSON:tearDownClass): 204 DELETE http://10.180.1.21/identity/v3/projects/ac0d3f8165e243c3bab192483d99f595 0.093s
2025-03-25 18:34:21.629 69182 INFO tempest.lib.common.rest_client [req-cbcc8ae3-3dde-4474-8057-d7f2720dd7d9 req-cbcc8ae3-3dde-4474-8057-d7f2720dd7d9 ] Request (AbsoluteLimitsNegativeTestJSON:tearDownClass): 200 GET http://10.180.1.21:9696/networking/v2.0/security-groups?tenant_id=9b80f0b8d9474c1faf2b513bd187b141&name=default 0.173s
2025-03-25 18:34:21.675 69168 INFO tempest.lib.common.rest_client [req-aaa19895-aa16-4815-bc3b-17a0664e20f9 req-aaa19895-aa16-4815-bc3b-17a0664e20f9 ] Request (ServerAddressesNegativeTestJSON:setUpClass): 201 POST http://10.180.1.21/identity/v3/auth/tokens 0.070s
2025-03-25 18:34:21.719 69168 INFO tempest.lib.common.rest_client [req-4507f287-cf02-42d9-9279-a1bc873c7cb6 req-4507f287-cf02-42d9-9279-a1bc873c7cb6 ] Request (ServerAddressesNegativeTestJSON:setUpClass): 201 POST http://10.180.1.21/identity/v3/auth/tokens 0.041s
2025-03-25 18:34:21.748 69168 INFO tempest.lib.common.rest_client [req-1e731c6b-877b-4657-b78d-3a193c9553d9 req-1e731c6b-877b-4657-b78d-3a193c9553d9 ] Request (ServerAddressesNegativeTestJSON:setUpClass): 200 GET http://10.180.1.21/identity/v3/domains?name=Default 0.029s
2025-03-25 18:34:21.786 69168 INFO tempest.lib.common.rest_client [req-0808a5ab-ebf1-4c0f-8326-83a6ba18af58 req-0808a5ab-ebf1-4c0f-8326-83a6ba18af58 ] Request (ServerAddressesNegativeTestJSON:setUpClass): 201 POST http://10.180.1.21/identity/v3/projects 0.038s
2025-03-25 18:34:21.806 69182 INFO tempest.lib.common.rest_client [req-d8c26158-4875-44b4-9615-e5e6f3dbbe74 req-d8c26158-4875-44b4-9615-e5e6f3dbbe74 ] Request (AbsoluteLimitsNegativeTestJSON:tearDownClass): 204 DELETE http://10.180.1.21:9696/networking/v2.0/security-groups/4e68d95a-753f-4995-8770-ef00a906bef8 0.177s
2025-03-25 18:34:21.857 69168 INFO tempest.lib.common.rest_client [req-7eb2fe27-b150-4901-8a99-f64277e08be8 req-7eb2fe27-b150-4901-8a99-f64277e08be8 ] Request (ServerAddressesNegativeTestJSON:setUpClass): 201 POST http://10.180.1.21/identity/v3/users 0.069s
2025-03-25 18:34:21.884 69168 INFO tempest.lib.common.rest_client [req-4adb49be-8b21-414b-9eed-cf519392dfa9 req-4adb49be-8b21-414b-9eed-cf519392dfa9 ] Request (ServerAddressesNegativeTestJSON:setUpClass): 200 GET http://10.180.1.21/identity/v3/roles 0.025s
2025-03-25 18:34:21.902 69182 INFO tempest.lib.common.rest_client [req-d9d7a4e0-354b-4a5e-866e-7ecb7f3297ae req-d9d7a4e0-354b-4a5e-866e-7ecb7f3297ae ] Request (AbsoluteLimitsNegativeTestJSON:tearDownClass): 204 DELETE http://10.180.1.21/identity/v3/projects/9b80f0b8d9474c1faf2b513bd187b141 0.095s
2025-03-25 18:34:21.939 69168 INFO tempest.lib.common.rest_client [req-740b937d-5d8e-4444-b997-6c6f90120bfc req-740b937d-5d8e-4444-b997-6c6f90120bfc ] Request (ServerAddressesNegativeTestJSON:setUpClass): 204 PUT http://10.180.1.21/identity/v3/projects/3e111842c91a4c6eb6b4b6c272369817/users/f2582f863c214b52b5214146d895898a/roles/7c563243bd354a0ea1f7e5c1aadfc9e2 0.054s
2025-03-25 18:34:21.939 69182 INFO tempest.lib.common.rest_client [req-445771d4-27fd-4d12-88af-36edb2b62679 req-445771d4-27fd-4d12-88af-36edb2b62679 ] Request (ListServersNegativeTestJSON:setUpClass): 201 POST http://10.180.1.21/identity/v3/auth/tokens 0.035s
2025-03-25 18:34:21.939 69168 INFO tempest.lib.common.dynamic_creds [-] Dynamic test user f2582f863c214b52b5214146d895898a is created with scope project and roles: ['member']
2025-03-25 18:34:21.939 69168 INFO tempest.lib.common.dynamic_creds [-] Acquired dynamic creds: credentials: Credentials: {'domain_id': 'default', 'domain_name': 'Default', 'username': 'tempest-ServerAddressesNegativeTestJSON-1993261010-project-member', 'project_domain_id': 'default', 'project_domain_name': 'Default', 'project_id': '3e111842c91a4c6eb6b4b6c272369817', 'project_name': 'tempest-ServerAddressesNegativeTestJSON-1993261010', 'tenant_id': '3e111842c91a4c6eb6b4b6c272369817', 'tenant_name': 'tempest-ServerAddressesNegativeTestJSON-1993261010', 'user_domain_id': 'default', 'user_domain_name': 'Default', 'user_id': 'f2582f863c214b52b5214146d895898a', 'system': None}, Network: None, Subnet: None, Router: None
2025-03-25 18:34:22.000 69168 INFO tempest.lib.common.rest_client [req-3385f703-40be-4b9c-89a3-3f773da5e1cc req-3385f703-40be-4b9c-89a3-3f773da5e1cc ] Request (ServerAddressesNegativeTestJSON:setUpClass): 201 POST http://10.180.1.21/identity/v3/auth/tokens 0.061s
2025-03-25 18:34:22.020 69182 INFO tempest.lib.common.rest_client [req-a111c489-b8d0-45a4-9642-cb9d8ca2dd39 req-a111c489-b8d0-45a4-9642-cb9d8ca2dd39 ] Request (ListServersNegativeTestJSON:setUpClass): 201 POST http://10.180.1.21/identity/v3/auth/tokens 0.078s
2025-03-25 18:34:22.063 69182 INFO tempest.lib.common.rest_client [req-a645ebfa-4662-46bd-a8b2-4ca996d928d4 req-a645ebfa-4662-46bd-a8b2-4ca996d928d4 ] Request (ListServersNegativeTestJSON:setUpClass): 200 GET http://10.180.1.21/identity/v3/domains?name=Default 0.042s
2025-03-25 18:34:22.106 69182 INFO tempest.lib.common.rest_client [req-3e456e57-5127-43bf-9723-ccd2bc9e2fc5 req-3e456e57-5127-43bf-9723-ccd2bc9e2fc5 ] Request (ListServersNegativeTestJSON:setUpClass): 201 POST http://10.180.1.21/identity/v3/projects 0.042s
2025-03-25 18:34:22.180 69182 INFO tempest.lib.common.rest_client [req-cf021133-8d1f-40ec-88eb-9c2716a231fa req-cf021133-8d1f-40ec-88eb-9c2716a231fa ] Request (ListServersNegativeTestJSON:setUpClass): 201 POST http://10.180.1.21/identity/v3/users 0.073s
2025-03-25 18:34:22.206 69182 INFO tempest.lib.common.rest_client [req-d2dc94f8-713d-4f7a-bc26-8642f5f73133 req-d2dc94f8-713d-4f7a-bc26-8642f5f73133 ] Request (ListServersNegativeTestJSON:setUpClass): 200 GET http://10.180.1.21/identity/v3/roles 0.026s
2025-03-25 18:34:22.233 69182 INFO tempest.lib.common.rest_client [req-21c358f6-7aba-414a-89bb-7a1e40f44078 req-21c358f6-7aba-414a-89bb-7a1e40f44078 ] Request (ListServersNegativeTestJSON:setUpClass): 204 PUT http://10.180.1.21/identity/v3/projects/9894e05d6e764637a2fa31a0447d4d96/users/1cb66772481c4d2cb040a46396bcf443/roles/7c563243bd354a0ea1f7e5c1aadfc9e2 0.027s
2025-03-25 18:34:22.234 69182 INFO tempest.lib.common.dynamic_creds [-] Dynamic test user 1cb66772481c4d2cb040a46396bcf443 is created with scope project and roles: ['member']
2025-03-25 18:34:22.234 69182 INFO tempest.lib.common.dynamic_creds [-] Acquired dynamic creds: credentials: Credentials: {'domain_id': 'default', 'domain_name': 'Default', 'username': 'tempest-ListServersNegativeTestJSON-1806494464-project-member', 'project_domain_id': 'default', 'project_domain_name': 'Default', 'project_id': '9894e05d6e764637a2fa31a0447d4d96', 'project_name': 'tempest-ListServersNegativeTestJSON-1806494464', 'tenant_id': '9894e05d6e764637a2fa31a0447d4d96', 'tenant_name': 'tempest-ListServersNegativeTestJSON-1806494464', 'user_domain_id': 'default', 'user_domain_name': 'Default', 'user_id': '1cb66772481c4d2cb040a46396bcf443', 'system': None}, Network: None, Subnet: None, Router: None
2025-03-25 18:34:22.306 69182 INFO tempest.lib.common.rest_client [req-348ce31f-9c67-453d-afe6-508001463fa7 req-348ce31f-9c67-453d-afe6-508001463fa7 ] Request (ListServersNegativeTestJSON:setUpClass): 201 POST http://10.180.1.21/identity/v3/auth/tokens 0.071s
2025-03-25 18:34:22.461 69194 INFO tempest.lib.common.rest_client [req-39f3c430-09be-4a49-b58f-f022da887b81 req-39f3c430-09be-4a49-b58f-f022da887b81 ] Request (FloatingIPsTestJSON:test_allocate_floating_ip): 200 POST http://10.180.1.21/compute/v2.1/os-floating-ips 3.039s
2025-03-25 18:34:22.549 69168 INFO tempest.lib.common.rest_client [req-95763a12-7341-4218-a0d4-229a00536d3c req-95763a12-7341-4218-a0d4-229a00536d3c ] Request (ServerAddressesNegativeTestJSON:setUpClass): 201 POST http://10.180.1.21:9696/networking/v2.0/networks 0.548s
2025-03-25 18:34:22.655 69182 INFO tempest.lib.common.rest_client [req-b85e3df0-02ce-4fbb-91d3-b888e6c2cd33 req-b85e3df0-02ce-4fbb-91d3-b888e6c2cd33 ] Request (ListServersNegativeTestJSON:setUpClass): 201 POST http://10.180.1.21:9696/networking/v2.0/networks 0.349s
2025-03-25 18:34:22.727 69200 INFO tempest.lib.common.rest_client [req-dd11bb0b-ad3f-404d-af35-65ad7f74cec9 req-dd11bb0b-ad3f-404d-af35-65ad7f74cec9 ] Request (ServersWithSpecificFlavorTestJSON:test_verify_created_server_ephemeral_disk): 200 GET http://10.180.1.21/compute/v2.1/servers/b40e7bdb-cc27-4536-bc35-68184c900060 3.301s
2025-03-25 18:34:22.813 69182 INFO tempest.lib.common.rest_client [req-788ade06-f36a-4525-a7d5-2199f91d4b4b req-788ade06-f36a-4525-a7d5-2199f91d4b4b ] Request (ListServersNegativeTestJSON:setUpClass): 201 POST http://10.180.1.21:9696/networking/v2.0/subnets 0.157s
2025-03-25 18:34:22.819 69204 INFO tempest.lib.common.rest_client [req-4d93a0f8-82e4-4e9e-9723-73d58746fa95 req-4d93a0f8-82e4-4e9e-9723-73d58746fa95 ] Request (ServersAdminTestJSON:test_create_server_with_scheduling_hint): 200 GET http://10.180.1.21/compute/v2.1/servers/7eae8370-b95c-4263-a671-a6032ade221d 3.307s
2025-03-25 18:34:22.880 69196 INFO tempest.lib.common.rest_client [req-9a413882-4afa-4d20-800f-989b45e86163 req-9a413882-4afa-4d20-800f-989b45e86163 ] Request (SecurityGroupsTestAdminJSON:test_list_security_groups_list_all_tenants_filter): 200 GET http://10.180.1.21/compute/v2.1/os-security-groups?all_tenants=true 4.443s
2025-03-25 18:34:22.892 69154 INFO tempest.lib.common.rest_client [req-6724a0db-5879-4240-adb4-3c6534c7dc04 req-6724a0db-5879-4240-adb4-3c6534c7dc04 ] Request (ServerDiskConfigTestJSON:test_rebuild_server_with_auto_disk_config): 200 GET http://10.180.1.21/compute/v2.1/servers/f80f943b-e912-4b1d-a2d2-0d42c7f61e0c 3.361s
2025-03-25 18:34:22.914 69168 INFO tempest.lib.common.rest_client [req-9a6c23b2-5668-441f-ae50-dc7306820297 req-9a6c23b2-5668-441f-ae50-dc7306820297 ] Request (ServerAddressesNegativeTestJSON:setUpClass): 201 POST http://10.180.1.21:9696/networking/v2.0/subnets 0.364s
2025-03-25 18:34:22.955 69208 INFO tempest.lib.common.rest_client [req-b3781403-a682-418e-a44b-9e43c0bf847c req-b3781403-a682-418e-a44b-9e43c0bf847c ] Request (ServersAdmin275Test:test_rebuild_update_server_275): 200 GET http://10.180.1.21/compute/v2.1/servers/e02e5253-17db-450f-bf10-9cf08255c646 3.417s
2025-03-25 18:34:23.010 69160 INFO tempest.lib.common.rest_client [req-0a6d97d8-d074-4e90-9875-13b14f8507e3 req-0a6d97d8-d074-4e90-9875-13b14f8507e3 ] Request (FloatingIPsAssociationNegativeTestJSON:setUpClass): 200 GET http://10.180.1.21/compute/v2.1/servers/cdff230c-2bdf-4bd9-91c0-139f7fafccc3 3.376s
2025-03-25 18:34:23.073 69174 INFO tempest.lib.common.rest_client [req-698dd259-9b9c-466d-91f4-f76a3fa09730 req-698dd259-9b9c-466d-91f4-f76a3fa09730 ] Request (ImagesNegativeTestJSON:test_create_image_from_deleted_server): 200 GET http://10.180.1.21/compute/v2.1/servers/03a157f6-051b-40f3-89e6-3b24db7d7c61 3.348s
2025-03-25 18:34:23.150 69152 INFO tempest.lib.common.rest_client [req-c434e692-fa42-4eba-abf6-5606b0150b8c req-c434e692-fa42-4eba-abf6-5606b0150b8c ] Request (ServersTestManualDisk:setUpClass): 200 GET http://10.180.1.21/compute/v2.1/servers/fdf0747e-1b3f-455c-a853-098c445c8924 3.209s
2025-03-25 18:34:23.232 69166 INFO tempest.lib.common.rest_client [req-a8a332f1-c23a-4608-ae99-a22f0bed67d5 req-a8a332f1-c23a-4608-ae99-a22f0bed67d5 ] Request (ServerRescueTestJSONUnderV235:setUpClass): 200 GET http://10.180.1.21/compute/v2.1/servers/0f2357fa-1aa1-4309-a46e-497d1a8257b5 3.225s
2025-03-25 18:34:23.300 69206 INFO tempest.lib.common.rest_client [req-c5419cd3-785a-4648-9bc6-eadcdf9a2ee5 req-c5419cd3-785a-4648-9bc6-eadcdf9a2ee5 ] Request (FloatingIPsAssociationTestJSON:test_associate_already_associated_floating_ip): 200 GET http://10.180.1.21/compute/v2.1/servers/0a3ec5b2-43c5-49ae-ad46-c2a67581ff73 3.219s
2025-03-25 18:34:23.363 69156 INFO tempest.lib.common.rest_client [req-1ac32987-de4f-41fc-80e5-01638e3d0076 req-1ac32987-de4f-41fc-80e5-01638e3d0076 ] Request (ServersNegativeTestJSON:setUpClass): 200 GET http://10.180.1.21/compute/v2.1/servers/d5ab1888-4692-4c9b-be29-6adda0c5c931 3.247s
2025-03-25 18:34:23.425 69212 INFO tempest.lib.common.rest_client [req-cb94f6bc-f8a3-44db-98c1-987ac349ed97 req-cb94f6bc-f8a3-44db-98c1-987ac349ed97 ] Request (ServerShowV254Test:test_rebuild_server): 200 GET http://10.180.1.21/compute/v2.1/servers/b38dc0ec-2fc5-4fba-9c8e-84c5774ddac3 3.198s
2025-03-25 18:34:23.531 69164 INFO tempest.lib.common.rest_client [req-80762f1a-9fcb-4920-a6f9-a75c92e30511 req-80762f1a-9fcb-4920-a6f9-a75c92e30511 ] Request (ImagesTestJSON:test_create_image_from_stopped_server): 202 POST http://10.180.1.21/compute/v2.1/servers 3.954s
2025-03-25 18:34:23.688 69171 INFO tempest.lib.common.rest_client [req-2fb3d490-d29c-471c-a8a3-95d6730f9837 req-2fb3d490-d29c-471c-a8a3-95d6730f9837 ] Request (ServersTestFqdnHostnames:test_create_server_with_fqdn_name): 200 GET http://10.180.1.21/compute/v2.1/servers/ecbc1ed3-8601-4ea8-b8f9-862e3faf5943 3.368s
2025-03-25 18:34:23.705 69192 INFO tempest.lib.common.rest_client [req-3c4cc598-be2c-4dd9-ae2e-b92cbc09ca8f req-3c4cc598-be2c-4dd9-ae2e-b92cbc09ca8f ] Request (ServerTagsTestJSON:setUpClass): 200 GET http://10.180.1.21/compute/v2.1/servers/35f1fcb9-985b-4bac-8dc3-e0787f43de54 3.091s
2025-03-25 18:34:23.781 69202 INFO tempest.lib.common.rest_client [req-37cbdd60-acae-4ae6-b996-fb5c2e22b092 req-37cbdd60-acae-4ae6-b996-fb5c2e22b092 ] Request (ServerRescueNegativeTestJSON:test_rescued_vm_attach_volume): 200 POST http://10.180.1.21/compute/v2.1/servers/a08615df-fc52-4a65-bea0-6b3bfc513d99/action 3.160s
2025-03-25 18:34:23.812 69182 INFO tempest.lib.common.rest_client [req-ef13c9f3-255c-4f9c-901d-59c72a978000 req-ef13c9f3-255c-4f9c-901d-59c72a978000 ] Request (ListServersNegativeTestJSON:setUpClass): 201 POST http://10.180.1.21:9696/networking/v2.0/routers 0.998s
2025-03-25 18:34:23.868 69172 INFO tempest.lib.common.rest_client [req-c6266850-6afd-4c41-87da-06d6bd2a8af3 req-c6266850-6afd-4c41-87da-06d6bd2a8af3 ] Request (InstanceActionsTestJSON:setUpClass): 200 GET http://10.180.1.21/compute/v2.1/servers/6e9ea13e-4032-4482-9ec5-3a67f105990d 3.210s
2025-03-25 18:34:23.970 69186 INFO tempest.lib.common.rest_client [req-35fc8c8d-cce7-4c34-a916-1f00e2825711 req-35fc8c8d-cce7-4c34-a916-1f00e2825711 ] Request (ServersAaction247Test:test_create_backup): 200 GET http://10.180.1.21/compute/v2.1/servers/8edd2a87-1a90-43ea-a0fa-c285caa89226 3.241s
2025-03-25 18:34:23.985 69186 INFO tempest.common.waiters [-] State transition "BUILD/None" ==> "BUILD/spawning" after 27 second wait
2025-03-25 18:34:23.999 69198 INFO tempest.lib.common.rest_client [req-f4c1ac73-8263-49da-8bfd-1cec83519c4f req-f4c1ac73-8263-49da-8bfd-1cec83519c4f ] Request (MigrationsAdminTest:test_list_migrations_in_flavor_resize_situation): 200 GET http://10.180.1.21/compute/v2.1/servers/ff3f81eb-8599-47e0-a5a8-26f21ea70fc5 3.369s
2025-03-25 18:34:24.012 69198 INFO tempest.common.waiters [-] State transition "RESIZE/resize_migrated" ==> "VERIFY_RESIZE/None" after 35 second wait
2025-03-25 18:34:24.036 69158 INFO tempest.lib.common.rest_client [req-7cb788a2-fc45-4494-b7b8-d2235b76d055 req-7cb788a2-fc45-4494-b7b8-d2235b76d055 ] Request (AttachInterfacesV270Test:test_create_get_list_interfaces): 200 GET http://10.180.1.21/compute/v2.1/servers/e9f1dd6d-f377-4d3a-8380-cc652ae025bf 3.206s
2025-03-25 18:34:24.325 69190 INFO tempest.lib.common.rest_client [req-83f099ff-c067-4c7f-bca0-9ad1060e1ee9 req-83f099ff-c067-4c7f-bca0-9ad1060e1ee9 ] Request (ServersV294TestFqdnHostnames:setUpClass): 200 GET http://10.180.1.21/compute/v2.1/servers/e8defb77-1526-4962-9612-f7299492b53b 3.402s
2025-03-25 18:34:24.326 69162 INFO tempest.lib.common.rest_client [req-0ff2113a-c290-4ef0-86e9-93b391b36ce9 req-0ff2113a-c290-4ef0-86e9-93b391b36ce9 ] Request (SecurityGroupRulesNegativeTestJSON:tearDownClass): 202 DELETE http://10.180.1.21/compute/v2.1/os-security-groups/aa618863-8a7e-4031-a1a1-59082eb1ce40 3.320s
2025-03-25 18:34:24.342 69190 INFO tempest.common.waiters [-] State transition "BUILD/None" ==> "BUILD/spawning" after 28 second wait
2025-03-25 18:34:24.419 69176 INFO tempest.lib.common.rest_client [req-454cf30b-38b2-4cfa-b4bf-7d5399cc59d9 req-454cf30b-38b2-4cfa-b4bf-7d5399cc59d9 ] Request (ServerExternalEventsTest:tearDownClass): 200 GET http://10.180.1.21/compute/v2.1/servers/72cad1ac-44b8-4d90-bfde-7078e2ffd0e1 3.071s
2025-03-25 18:34:24.430 69210 INFO tempest.lib.common.rest_client [req-e95a780a-cc57-4144-b726-3c3233224162 req-e95a780a-cc57-4144-b726-3c3233224162 ] Request (DeleteServersAdminTestJSON:test_delete_server_while_in_error_state): 200 GET http://10.180.1.21/compute/v2.1/servers/297ded63-d94a-4997-bbd0-78c27caf99da 2.697s
2025-03-25 18:34:24.510 69180 INFO tempest.lib.common.rest_client [req-a53865db-b4b9-4330-9c5d-a354dd16307d req-a53865db-b4b9-4330-9c5d-a354dd16307d ] Request (ServerDiagnosticsV248Test:tearDownClass): 200 GET http://10.180.1.21/compute/v2.1/servers/295e1d0c-892d-444d-8461-d6d964eee4ff 2.687s
2025-03-25 18:34:24.533 69168 INFO tempest.lib.common.rest_client [req-19cb1b44-9662-4319-9c25-a56b5e9e0fdf req-19cb1b44-9662-4319-9c25-a56b5e9e0fdf ] Request (ServerAddressesNegativeTestJSON:setUpClass): 201 POST http://10.180.1.21:9696/networking/v2.0/routers 1.619s
2025-03-25 18:34:24.595 69194 INFO tempest.lib.common.rest_client [req-de7b3961-0eeb-4729-b392-3818d5fe6a07 req-de7b3961-0eeb-4729-b392-3818d5fe6a07 ] Request (FloatingIPsTestJSON:test_allocate_floating_ip): 200 GET http://10.180.1.21/compute/v2.1/os-floating-ips/71e51ea7-c5c5-4e8d-bcf4-7607c35340cd 2.131s
2025-03-25 18:34:24.654 69164 INFO tempest.lib.common.rest_client [req-bc5bfddd-86d2-4caa-8687-f32bb7ea4848 req-bc5bfddd-86d2-4caa-8687-f32bb7ea4848 ] Request (ImagesTestJSON:test_create_image_from_stopped_server): 200 GET http://10.180.1.21/compute/v2.1/servers/d9bd6f02-19ff-49b7-9fb4-26119727ad63 1.121s
2025-03-25 18:34:24.738 69196 INFO tempest.lib.common.rest_client [req-1c8ec090-a6ef-4dbe-9b81-1a117a4fb864 req-1c8ec090-a6ef-4dbe-9b81-1a117a4fb864 ] Request (SecurityGroupsTestAdminJSON:test_list_security_groups_list_all_tenants_filter): 200 GET http://10.180.1.21/compute/v2.1/os-security-groups?all_tenants=true 1.833s
2025-03-25 18:34:24.800 69200 INFO tempest.lib.common.rest_client [req-32d8a626-07b3-4515-9af1-9bc6e9f2fe47 req-32d8a626-07b3-4515-9af1-9bc6e9f2fe47 ] Request (ServersWithSpecificFlavorTestJSON:test_verify_created_server_ephemeral_disk): 200 GET http://10.180.1.21/compute/v2.1/servers/b40e7bdb-cc27-4536-bc35-68184c900060 1.064s
2025-03-25 18:34:24.853 69182 INFO tempest.lib.common.rest_client [req-3a52dc09-b812-4058-b666-1b97356b6eea req-3a52dc09-b812-4058-b666-1b97356b6eea ] Request (ListServersNegativeTestJSON:setUpClass): 200 PUT http://10.180.1.21:9696/networking/v2.0/routers/a039c081-bbe0-47b4-940e-f446ee470373/add_router_interface 1.040s
2025-03-25 18:34:24.853 69182 INFO tempest.lib.common.dynamic_creds [-] Created isolated network resources for: credentials: Credentials: {'domain_id': 'default', 'domain_name': 'Default', 'username': 'tempest-ListServersNegativeTestJSON-1806494464-project-member', 'project_domain_id': 'default', 'project_domain_name': 'Default', 'project_id': '9894e05d6e764637a2fa31a0447d4d96', 'project_name': 'tempest-ListServersNegativeTestJSON-1806494464', 'tenant_id': '9894e05d6e764637a2fa31a0447d4d96', 'tenant_name': 'tempest-ListServersNegativeTestJSON-1806494464', 'user_domain_id': 'default', 'user_domain_name': 'Default', 'user_id': '1cb66772481c4d2cb040a46396bcf443', 'system': None}, Network: {'id': '82c3ac39-94e0-4849-8a0e-d83d425b1e76', 'name': 'tempest-ListServersNegativeTestJSON-1675890520-network', 'tenant_id': '9894e05d6e764637a2fa31a0447d4d96', 'admin_state_up': True, 'mtu': 8950, 'status': 'ACTIVE', 'subnets': [], 'shared': False, 'project_id': '9894e05d6e764637a2fa31a0447d4d96', 'port_security_enabled': True, 'router:external': False, 'provider:network_type': 'vlan', 'provider:physical_network': 'default', 'provider:segmentation_id': 634, 'availability_zone_hints': [], 'availability_zones': [], 'ipv4_address_scope': None, 'ipv6_address_scope': None, 'description': '', 'tags': [], 'created_at': '2025-03-25T18:34:22Z', 'updated_at': '2025-03-25T18:34:22Z', 'revision_number': 1}, Subnet: {'id': '778b886e-111a-431a-af0e-4bacb62ca1d9', 'name': 'tempest-ListServersNegativeTestJSON-1675890520-subnet', 'tenant_id': '9894e05d6e764637a2fa31a0447d4d96', 'network_id': '82c3ac39-94e0-4849-8a0e-d83d425b1e76', 'ip_version': 4, 'subnetpool_id': None, 'enable_dhcp': True, 'ipv6_ra_mode': None, 'ipv6_address_mode': None, 'gateway_ip': '192.168.128.1', 'cidr': '192.168.128.0/28', 'allocation_pools': [{'start': '192.168.128.2', 'end': '192.168.128.14'}], 'host_routes': [], 'dns_nameservers': [], 'description': '', 'router:external': False, 'service_types': [], 'tags': [], 'created_at': '2025-03-25T18:34:22Z', 'updated_at': '2025-03-25T18:34:22Z', 'revision_number': 0, 'project_id': '9894e05d6e764637a2fa31a0447d4d96'}, Router: {'id': 'a039c081-bbe0-47b4-940e-f446ee470373', 'name': 'tempest-ListServersNegativeTestJSON-1675890520-router', 'tenant_id': '9894e05d6e764637a2fa31a0447d4d96', 'admin_state_up': True, 'status': 'ACTIVE', 'external_gateway_info': {'network_id': 'f1f5d0b1-2bf8-477e-a142-32e3af7ac3ad', 'external_fixed_ips': [{'subnet_id': '01c3bb82-19e4-4750-bb0a-823355c64845', 'ip_address': '10.180.180.228'}], 'enable_snat': True}, 'description': '', 'availability_zones': [], 'distributed': False, 'ha': False, 'availability_zone_hints': [], 'routes': [], 'flavor_id': None, 'tags': [], 'created_at': '2025-03-25T18:34:22Z', 'updated_at': '2025-03-25T18:34:23Z', 'revision_number': 2, 'project_id': '9894e05d6e764637a2fa31a0447d4d96'}
2025-03-25 18:34:24.876 69204 INFO tempest.lib.common.rest_client [req-0d26463d-0629-4c92-b9d6-bd9f25b2b1cc req-0d26463d-0629-4c92-b9d6-bd9f25b2b1cc ] Request (ServersAdminTestJSON:test_create_server_with_scheduling_hint): 200 GET http://10.180.1.21/compute/v2.1/servers/7eae8370-b95c-4263-a671-a6032ade221d 1.048s
2025-03-25 18:34:24.967 69154 INFO tempest.lib.common.rest_client [req-81a84236-8437-45e7-8416-c6c8ac7a6be2 req-81a84236-8437-45e7-8416-c6c8ac7a6be2 ] Request (ServerDiskConfigTestJSON:test_rebuild_server_with_auto_disk_config): 200 GET http://10.180.1.21/compute/v2.1/servers/f80f943b-e912-4b1d-a2d2-0d42c7f61e0c 1.067s
2025-03-25 18:34:24.983 69182 INFO tempest.lib.common.rest_client [req-758d3120-6bb5-47cb-8011-6b8110a7e20b req-758d3120-6bb5-47cb-8011-6b8110a7e20b ] Request (ListServersNegativeTestJSON:setUpClass): 201 POST http://10.180.1.21/identity/v3/auth/tokens 0.127s
2025-03-25 18:34:25.009 69202 INFO tempest.lib.common.rest_client [req-f7b8f0d1-c567-45c6-a11b-fb51cea7eaac req-f7b8f0d1-c567-45c6-a11b-fb51cea7eaac ] Request (ServerRescueNegativeTestJSON:test_rescued_vm_attach_volume): 200 GET http://10.180.1.21/compute/v2.1/servers/a08615df-fc52-4a65-bea0-6b3bfc513d99 1.227s
2025-03-25 18:34:25.025 69182 INFO tempest.lib.common.rest_client [req-1b5fdcda-ac4c-4c53-ac5b-e9f54dcc0d53 req-1b5fdcda-ac4c-4c53-ac5b-e9f54dcc0d53 ] Request (ListServersNegativeTestJSON:setUpClass): 201 POST http://10.180.1.21/identity/v3/auth/tokens 0.036s
2025-03-25 18:34:25.025 69182 INFO tempest.lib.common.fixed_network [-] (ListServersNegativeTestJSON:setUpClass) Found network {'id': '82c3ac39-94e0-4849-8a0e-d83d425b1e76', 'name': 'tempest-ListServersNegativeTestJSON-1675890520-network', 'tenant_id': '9894e05d6e764637a2fa31a0447d4d96', 'admin_state_up': True, 'mtu': 8950, 'status': 'ACTIVE', 'subnets': [], 'shared': False, 'project_id': '9894e05d6e764637a2fa31a0447d4d96', 'port_security_enabled': True, 'router:external': False, 'provider:network_type': 'vlan', 'provider:physical_network': 'default', 'provider:segmentation_id': 634, 'availability_zone_hints': [], 'availability_zones': [], 'ipv4_address_scope': None, 'ipv6_address_scope': None, 'description': '', 'tags': [], 'created_at': '2025-03-25T18:34:22Z', 'updated_at': '2025-03-25T18:34:22Z', 'revision_number': 1} available for tenant
2025-03-25 18:34:25.047 69208 INFO tempest.lib.common.rest_client [req-c7e52258-6b13-4f01-ae04-3fff24509afb req-c7e52258-6b13-4f01-ae04-3fff24509afb ] Request (ServersAdmin275Test:test_rebuild_update_server_275): 200 GET http://10.180.1.21/compute/v2.1/servers/e02e5253-17db-450f-bf10-9cf08255c646 1.074s
2025-03-25 18:34:25.076 69198 INFO tempest.lib.common.rest_client [req-a39a0124-1167-4482-86c6-8bafd1cb7aa0 req-a39a0124-1167-4482-86c6-8bafd1cb7aa0 ] Request (MigrationsAdminTest:test_list_migrations_in_flavor_resize_situation): 204 POST http://10.180.1.21/compute/v2.1/servers/ff3f81eb-8599-47e0-a5a8-26f21ea70fc5/action 1.064s
2025-03-25 18:34:25.121 69160 INFO tempest.lib.common.rest_client [req-3e89e7d4-708b-43d8-b0f9-f732f27b027a req-3e89e7d4-708b-43d8-b0f9-f732f27b027a ] Request (FloatingIPsAssociationNegativeTestJSON:setUpClass): 200 GET http://10.180.1.21/compute/v2.1/servers/cdff230c-2bdf-4bd9-91c0-139f7fafccc3 1.102s
2025-03-25 18:34:25.185 69174 INFO tempest.lib.common.rest_client [req-1e34dc52-2c5d-4d88-8ed9-f42b97365f8b req-1e34dc52-2c5d-4d88-8ed9-f42b97365f8b ] Request (ImagesNegativeTestJSON:test_create_image_from_deleted_server): 200 GET http://10.180.1.21/compute/v2.1/servers/03a157f6-051b-40f3-89e6-3b24db7d7c61 1.100s
2025-03-25 18:34:25.196 69174 INFO tempest.common.waiters [-] State transition "ACTIVE/deleting" ==> "DELETED/None" after 2 second wait
2025-03-25 18:34:25.205 69152 INFO tempest.lib.common.rest_client [req-65b10fb7-3e00-4e5c-b862-60efa7bf3aa5 req-65b10fb7-3e00-4e5c-b862-60efa7bf3aa5 ] Request (ServersTestManualDisk:setUpClass): 200 GET http://10.180.1.21/compute/v2.1/servers/fdf0747e-1b3f-455c-a853-098c445c8924 1.040s
2025-03-25 18:34:25.266 69166 INFO tempest.lib.common.rest_client [req-aee1005d-0ad9-47a7-a92e-7264019d3f7c req-aee1005d-0ad9-47a7-a92e-7264019d3f7c ] Request (ServerRescueTestJSONUnderV235:setUpClass): 200 GET http://10.180.1.21/compute/v2.1/servers/0f2357fa-1aa1-4309-a46e-497d1a8257b5 1.024s
2025-03-25 18:34:25.282 69206 INFO tempest.lib.common.rest_client [req-508b5337-794e-4c3b-b7ae-501f26d09ad7 req-508b5337-794e-4c3b-b7ae-501f26d09ad7 ] Request (FloatingIPsAssociationTestJSON:test_associate_already_associated_floating_ip): 200 GET http://10.180.1.21/compute/v2.1/servers/0a3ec5b2-43c5-49ae-ad46-c2a67581ff73 0.973s
2025-03-25 18:34:25.327 69156 INFO tempest.lib.common.rest_client [req-6b644b5b-ed51-4ae4-bf49-ca7af62ba47a req-6b644b5b-ed51-4ae4-bf49-ca7af62ba47a ] Request (ServersNegativeTestJSON:setUpClass): 200 GET http://10.180.1.21/compute/v2.1/servers/d5ab1888-4692-4c9b-be29-6adda0c5c931 0.954s
2025-03-25 18:34:25.358 69212 INFO tempest.lib.common.rest_client [req-ed4141dc-6743-4424-8721-019f425cc022 req-ed4141dc-6743-4424-8721-019f425cc022 ] Request (ServerShowV254Test:test_rebuild_server): 200 GET http://10.180.1.21/compute/v2.1/servers/b38dc0ec-2fc5-4fba-9c8e-84c5774ddac3 0.920s
2025-03-25 18:34:25.373 69162 INFO tempest.lib.common.rest_client [req-9ab7cca5-6568-414f-985a-d052687bdef1 req-9ab7cca5-6568-414f-985a-d052687bdef1 ] Request (SecurityGroupRulesNegativeTestJSON:tearDownClass): 200 PUT http://10.180.1.21:9696/networking/v2.0/routers/b96f2cec-e67c-42bc-bebf-b1bd67bd6739/remove_router_interface 1.046s
2025-03-25 18:34:25.430 69171 INFO tempest.lib.common.rest_client [req-87209aba-0b7d-42f0-a276-f264e47b7703 req-87209aba-0b7d-42f0-a276-f264e47b7703 ] Request (ServersTestFqdnHostnames:test_create_server_with_fqdn_name): 200 GET http://10.180.1.21/compute/v2.1/servers/ecbc1ed3-8601-4ea8-b8f9-862e3faf5943 0.732s
2025-03-25 18:34:25.485 69194 INFO tempest.lib.common.rest_client [req-186896b7-d2ae-4a83-935e-2f12b583fa94 req-186896b7-d2ae-4a83-935e-2f12b583fa94 ] Request (FloatingIPsTestJSON:test_allocate_floating_ip): 200 GET http://10.180.1.21/compute/v2.1/os-floating-ips 0.887s
2025-03-25 18:34:25.499 69178 WARNING tempest.lib.common.ssh [-] Failed to establish authenticated ssh connection to cirros@10.180.180.166 ([Errno None] Unable to connect to port 22 on 10.180.180.166). Number attempts: 2. Retry after 3 seconds.: paramiko.ssh_exception.NoValidConnectionsError: [Errno None] Unable to connect to port 22 on 10.180.180.166
2025-03-25 18:34:25.506 69192 INFO tempest.lib.common.rest_client [req-50aac647-e58e-4ed8-b1c1-1c19f6d2d2d1 req-50aac647-e58e-4ed8-b1c1-1c19f6d2d2d1 ] Request (ServerTagsTestJSON:setUpClass): 200 GET http://10.180.1.21/compute/v2.1/servers/35f1fcb9-985b-4bac-8dc3-e0787f43de54 0.792s
2025-03-25 18:34:25.574 69172 INFO tempest.lib.common.rest_client [req-c4eabe0b-97b4-415e-a994-db74ec541a26 req-c4eabe0b-97b4-415e-a994-db74ec541a26 ] Request (InstanceActionsTestJSON:setUpClass): 200 GET http://10.180.1.21/compute/v2.1/servers/6e9ea13e-4032-4482-9ec5-3a67f105990d 0.696s
2025-03-25 18:34:25.655 69186 INFO tempest.lib.common.rest_client [req-9cf7e5eb-22d0-47be-8559-31ed15eff376 req-9cf7e5eb-22d0-47be-8559-31ed15eff376 ] Request (ServersAaction247Test:test_create_backup): 200 GET http://10.180.1.21/compute/v2.1/servers/8edd2a87-1a90-43ea-a0fa-c285caa89226 0.670s
2025-03-25 18:34:25.739 69196 INFO tempest.lib.common.rest_client [req-4e3dc53d-161c-42dd-920c-338b8b99eba8 req-4e3dc53d-161c-42dd-920c-338b8b99eba8 ] Request (SecurityGroupsTestAdminJSON:_run_cleanups): 202 DELETE http://10.180.1.21/compute/v2.1/os-security-groups/e8499049-9786-4a27-a222-47df3c88ecad 0.997s
2025-03-25 18:34:25.819 69158 INFO tempest.lib.common.rest_client [req-edfc2395-f8f6-4e64-a9e8-73cd9afed283 req-edfc2395-f8f6-4e64-a9e8-73cd9afed283 ] Request (AttachInterfacesV270Test:test_create_get_list_interfaces): 200 GET http://10.180.1.21/compute/v2.1/servers/e9f1dd6d-f377-4d3a-8380-cc652ae025bf 0.769s
2025-03-25 18:34:25.947 69184 WARNING tempest.lib.common.ssh [-] Failed to establish authenticated ssh connection to cirros@10.180.180.226 ([Errno None] Unable to connect to port 22 on 10.180.180.226). Number attempts: 5. Retry after 6 seconds.: paramiko.ssh_exception.NoValidConnectionsError: [Errno None] Unable to connect to port 22 on 10.180.180.226
2025-03-25 18:34:25.968 69162 INFO tempest.lib.common.rest_client [req-327fcf6e-07ca-46bf-9104-79b62963329a req-327fcf6e-07ca-46bf-9104-79b62963329a ] Request (SecurityGroupRulesNegativeTestJSON:tearDownClass): 204 DELETE http://10.180.1.21:9696/networking/v2.0/routers/b96f2cec-e67c-42bc-bebf-b1bd67bd6739 0.595s
2025-03-25 18:34:26.028 69198 INFO tempest.lib.common.rest_client [req-442e454a-0378-4be3-a246-fc00c6570cc9 req-442e454a-0378-4be3-a246-fc00c6570cc9 ] Request (MigrationsAdminTest:test_list_migrations_in_flavor_resize_situation): 200 GET http://10.180.1.21/compute/v2.1/servers/ff3f81eb-8599-47e0-a5a8-26f21ea70fc5 0.952s
2025-03-25 18:34:26.166 69162 INFO tempest.lib.common.rest_client [req-cd7cdd15-b8c2-4abb-a421-b88280d89355 req-cd7cdd15-b8c2-4abb-a421-b88280d89355 ] Request (SecurityGroupRulesNegativeTestJSON:tearDownClass): 204 DELETE http://10.180.1.21:9696/networking/v2.0/subnets/43de0293-9579-4911-bc22-e13ae673c4c5 0.197s
2025-03-25 18:34:26.252 69190 INFO tempest.lib.common.rest_client [req-0074d442-f8e4-4d32-8ace-462ed092f590 req-0074d442-f8e4-4d32-8ace-462ed092f590 ] Request (ServersV294TestFqdnHostnames:setUpClass): 200 GET http://10.180.1.21/compute/v2.1/servers/e8defb77-1526-4962-9612-f7299492b53b 0.909s
2025-03-25 18:34:26.358 69176 INFO tempest.lib.common.rest_client [req-8d655d68-f1cf-4f46-a363-3bc2566ee587 req-8d655d68-f1cf-4f46-a363-3bc2566ee587 ] Request (ServerExternalEventsTest:tearDownClass): 200 GET http://10.180.1.21/compute/v2.1/servers/72cad1ac-44b8-4d90-bfde-7078e2ffd0e1 0.922s
2025-03-25 18:34:26.372 69176 INFO tempest.common.waiters [-] State transition "ACTIVE/deleting" ==> "DELETED/None" after 2 second wait
2025-03-25 18:34:26.438 69210 INFO tempest.lib.common.rest_client [req-9369c661-65a8-4fbf-903f-2fab4ac0bdc0 req-9369c661-65a8-4fbf-903f-2fab4ac0bdc0 ] Request (DeleteServersAdminTestJSON:test_delete_server_while_in_error_state): 200 GET http://10.180.1.21/compute/v2.1/servers/297ded63-d94a-4997-bbd0-78c27caf99da 0.994s
2025-03-25 18:34:26.448 69182 INFO tempest.lib.common.rest_client [req-f5944f2f-ceae-4771-9d16-2272125e4810 req-f5944f2f-ceae-4771-9d16-2272125e4810 ] Request (ListServersNegativeTestJSON:setUpClass): 202 POST http://10.180.1.21/compute/v2.1/servers 1.420s
2025-03-25 18:34:26.557 69162 INFO tempest.lib.common.rest_client [req-d8256a77-cc16-41b5-977a-455a48a00473 req-d8256a77-cc16-41b5-977a-455a48a00473 ] Request (SecurityGroupRulesNegativeTestJSON:tearDownClass): 204 DELETE http://10.180.1.21:9696/networking/v2.0/networks/c6e681c0-5577-4994-91af-9249981c3029 0.390s
2025-03-25 18:34:26.651 69162 INFO tempest.lib.common.rest_client [req-bd52da12-0a8b-46f0-940f-6526e5a7a9c9 req-bd52da12-0a8b-46f0-940f-6526e5a7a9c9 ] Request (SecurityGroupRulesNegativeTestJSON:tearDownClass): 204 DELETE http://10.180.1.21/identity/v3/users/cdb5642aecf64608a5be100631eb544b 0.094s
2025-03-25 18:34:26.652 69162 INFO tempest.lib.common.dynamic_creds [-] Deleting project and security group for project: c276f444eb62403aa67ac39dc1745474
2025-03-25 18:34:26.681 69162 INFO tempest.lib.common.rest_client [req-9c79c330-26d8-4542-8960-e7decd535859 req-9c79c330-26d8-4542-8960-e7decd535859 ] Request (SecurityGroupRulesNegativeTestJSON:tearDownClass): 200 GET http://10.180.1.21:9696/networking/v2.0/security-groups?tenant_id=c276f444eb62403aa67ac39dc1745474&name=default 0.029s
2025-03-25 18:34:26.739 69180 INFO tempest.lib.common.rest_client [req-562c2ae0-84cc-496d-9f77-c96f0c599174 req-562c2ae0-84cc-496d-9f77-c96f0c599174 ] Request (ServerDiagnosticsV248Test:tearDownClass): 200 GET http://10.180.1.21/compute/v2.1/servers/295e1d0c-892d-444d-8461-d6d964eee4ff 1.216s
2025-03-25 18:34:26.779 69162 INFO tempest.lib.common.rest_client [req-20fd6f91-8213-4bd3-9549-a3e3ebd1994c req-20fd6f91-8213-4bd3-9549-a3e3ebd1994c ] Request (SecurityGroupRulesNegativeTestJSON:tearDownClass): 204 DELETE http://10.180.1.21:9696/networking/v2.0/security-groups/5545b5d1-7c6c-494d-8b2f-c1b049f1ac54 0.098s
2025-03-25 18:34:26.815 69164 INFO tempest.lib.common.rest_client [req-20ee0121-01fd-433b-986d-cb96cc527e7a req-20ee0121-01fd-433b-986d-cb96cc527e7a ] Request (ImagesTestJSON:test_create_image_from_stopped_server): 200 GET http://10.180.1.21/compute/v2.1/servers/d9bd6f02-19ff-49b7-9fb4-26119727ad63 1.149s
2025-03-25 18:34:26.876 69162 INFO tempest.lib.common.rest_client [req-e5a38c36-9adf-4b40-ae1e-edcd443886bd req-e5a38c36-9adf-4b40-ae1e-edcd443886bd ] Request (SecurityGroupRulesNegativeTestJSON:tearDownClass): 204 DELETE http://10.180.1.21/identity/v3/projects/c276f444eb62403aa67ac39dc1745474 0.096s
2025-03-25 18:34:26.933 69162 INFO tempest.lib.common.rest_client [req-0bb352d5-6aae-4501-ac9e-8816089051df req-0bb352d5-6aae-4501-ac9e-8816089051df ] Request (ServerRescueTestJSON:setUpClass): 201 POST http://10.180.1.21/identity/v3/auth/tokens 0.055s
2025-03-25 18:34:26.964 69162 INFO tempest.lib.common.rest_client [req-fe1a0d1a-d2f3-482b-a8f8-9e8ebc6b8542 req-fe1a0d1a-d2f3-482b-a8f8-9e8ebc6b8542 ] Request (ServerRescueTestJSON:setUpClass): 201 POST http://10.180.1.21/identity/v3/auth/tokens 0.029s
2025-03-25 18:34:26.988 69162 INFO tempest.lib.common.rest_client [req-95be1ad8-e297-4198-be8a-cc7433fe9a06 req-95be1ad8-e297-4198-be8a-cc7433fe9a06 ] Request (ServerRescueTestJSON:setUpClass): 200 GET http://10.180.1.21/identity/v3/domains?name=Default 0.024s
2025-03-25 18:34:27.021 69162 INFO tempest.lib.common.rest_client [req-8b6dedea-a106-4bd4-901a-26e19e81b3c0 req-8b6dedea-a106-4bd4-901a-26e19e81b3c0 ] Request (ServerRescueTestJSON:setUpClass): 201 POST http://10.180.1.21/identity/v3/projects 0.032s
2025-03-25 18:34:27.023 69168 INFO tempest.lib.common.rest_client [req-addfcdfc-2b61-40c3-ac7e-3add7018a87b req-addfcdfc-2b61-40c3-ac7e-3add7018a87b ] Request (ServerAddressesNegativeTestJSON:setUpClass): 200 PUT http://10.180.1.21:9696/networking/v2.0/routers/d8d00976-8efc-4b0c-aebf-ecbdfd516a81/add_router_interface 2.489s
2025-03-25 18:34:27.023 69168 INFO tempest.lib.common.dynamic_creds [-] Created isolated network resources for: credentials: Credentials: {'domain_id': 'default', 'domain_name': 'Default', 'username': 'tempest-ServerAddressesNegativeTestJSON-1993261010-project-member', 'project_domain_id': 'default', 'project_domain_name': 'Default', 'project_id': '3e111842c91a4c6eb6b4b6c272369817', 'project_name': 'tempest-ServerAddressesNegativeTestJSON-1993261010', 'tenant_id': '3e111842c91a4c6eb6b4b6c272369817', 'tenant_name': 'tempest-ServerAddressesNegativeTestJSON-1993261010', 'user_domain_id': 'default', 'user_domain_name': 'Default', 'user_id': 'f2582f863c214b52b5214146d895898a', 'system': None}, Network: {'id': '837c1e12-04c4-4b4f-b523-485594e8d313', 'name': 'tempest-ServerAddressesNegativeTestJSON-2139325904-network', 'tenant_id': '3e111842c91a4c6eb6b4b6c272369817', 'admin_state_up': True, 'mtu': 8950, 'status': 'ACTIVE', 'subnets': [], 'shared': False, 'project_id': '3e111842c91a4c6eb6b4b6c272369817', 'port_security_enabled': True, 'router:external': False, 'provider:network_type': 'vlan', 'provider:physical_network': 'default', 'provider:segmentation_id': 343, 'availability_zone_hints': [], 'availability_zones': [], 'ipv4_address_scope': None, 'ipv6_address_scope': None, 'description': '', 'tags': [], 'created_at': '2025-03-25T18:34:22Z', 'updated_at': '2025-03-25T18:34:22Z', 'revision_number': 1}, Subnet: {'id': '7ddfa8fe-6f9c-41e3-bc43-6b556c10c123', 'name': 'tempest-ServerAddressesNegativeTestJSON-2139325904-subnet', 'tenant_id': '3e111842c91a4c6eb6b4b6c272369817', 'network_id': '837c1e12-04c4-4b4f-b523-485594e8d313', 'ip_version': 4, 'subnetpool_id': None, 'enable_dhcp': True, 'ipv6_ra_mode': None, 'ipv6_address_mode': None, 'gateway_ip': '192.168.128.1', 'cidr': '192.168.128.0/28', 'allocation_pools': [{'start': '192.168.128.2', 'end': '192.168.128.14'}], 'host_routes': [], 'dns_nameservers': [], 'description': '', 'router:external': False, 'service_types': [], 'tags': [], 'created_at': '2025-03-25T18:34:22Z', 'updated_at': '2025-03-25T18:34:22Z', 'revision_number': 0, 'project_id': '3e111842c91a4c6eb6b4b6c272369817'}, Router: {'id': 'd8d00976-8efc-4b0c-aebf-ecbdfd516a81', 'name': 'tempest-ServerAddressesNegativeTestJSON-2139325904-router', 'tenant_id': '3e111842c91a4c6eb6b4b6c272369817', 'admin_state_up': True, 'status': 'ACTIVE', 'external_gateway_info': {'network_id': 'f1f5d0b1-2bf8-477e-a142-32e3af7ac3ad', 'external_fixed_ips': [{'subnet_id': '01c3bb82-19e4-4750-bb0a-823355c64845', 'ip_address': '10.180.180.244'}], 'enable_snat': True}, 'description': '', 'availability_zones': [], 'distributed': False, 'ha': False, 'availability_zone_hints': [], 'routes': [], 'flavor_id': None, 'tags': [], 'created_at': '2025-03-25T18:34:22Z', 'updated_at': '2025-03-25T18:34:23Z', 'revision_number': 2, 'project_id': '3e111842c91a4c6eb6b4b6c272369817'}
2025-03-25 18:34:27.102 69168 INFO tempest.lib.common.rest_client [req-3033aebd-fd85-4642-93c1-80f85f2314e3 req-3033aebd-fd85-4642-93c1-80f85f2314e3 ] Request (ServerAddressesNegativeTestJSON:setUpClass): 201 POST http://10.180.1.21/identity/v3/auth/tokens 0.075s
2025-03-25 18:34:27.107 69162 INFO tempest.lib.common.rest_client [req-700a2ebe-627c-4958-934b-01b29b94921d req-700a2ebe-627c-4958-934b-01b29b94921d ] Request (ServerRescueTestJSON:setUpClass): 201 POST http://10.180.1.21/identity/v3/users 0.085s
2025-03-25 18:34:27.109 69196 INFO tempest.lib.common.rest_client [req-c7a2780f-6465-4daa-ac22-1c856910a922 req-c7a2780f-6465-4daa-ac22-1c856910a922 ] Request (SecurityGroupsTestAdminJSON:_run_cleanups): 202 DELETE http://10.180.1.21/compute/v2.1/os-security-groups/b24f0b21-d384-4238-81ab-51366c71446d 1.369s
2025-03-25 18:34:27.132 69162 INFO tempest.lib.common.rest_client [req-1e3b4f3f-5b63-4567-83d1-6ca9e47c4569 req-1e3b4f3f-5b63-4567-83d1-6ca9e47c4569 ] Request (ServerRescueTestJSON:setUpClass): 200 GET http://10.180.1.21/identity/v3/roles 0.024s
2025-03-25 18:34:27.156 69168 INFO tempest.lib.common.rest_client [req-e9441d63-4ea6-430c-9c95-704e365c7f70 req-e9441d63-4ea6-430c-9c95-704e365c7f70 ] Request (ServerAddressesNegativeTestJSON:setUpClass): 201 POST http://10.180.1.21/identity/v3/auth/tokens 0.049s
2025-03-25 18:34:27.157 69168 INFO tempest.lib.common.fixed_network [-] (ServerAddressesNegativeTestJSON:setUpClass) Found network {'id': '837c1e12-04c4-4b4f-b523-485594e8d313', 'name': 'tempest-ServerAddressesNegativeTestJSON-2139325904-network', 'tenant_id': '3e111842c91a4c6eb6b4b6c272369817', 'admin_state_up': True, 'mtu': 8950, 'status': 'ACTIVE', 'subnets': [], 'shared': False, 'project_id': '3e111842c91a4c6eb6b4b6c272369817', 'port_security_enabled': True, 'router:external': False, 'provider:network_type': 'vlan', 'provider:physical_network': 'default', 'provider:segmentation_id': 343, 'availability_zone_hints': [], 'availability_zones': [], 'ipv4_address_scope': None, 'ipv6_address_scope': None, 'description': '', 'tags': [], 'created_at': '2025-03-25T18:34:22Z', 'updated_at': '2025-03-25T18:34:22Z', 'revision_number': 1} available for tenant
2025-03-25 18:34:27.190 69162 INFO tempest.lib.common.rest_client [req-8fcb0ab9-d01c-470c-9075-32b2100ddca2 req-8fcb0ab9-d01c-470c-9075-32b2100ddca2 ] Request (ServerRescueTestJSON:setUpClass): 204 PUT http://10.180.1.21/identity/v3/projects/3238546c3382429d9d0dd8d36ad1dfdf/users/f401158ed190404b9ccc5e5eece246d6/roles/7c563243bd354a0ea1f7e5c1aadfc9e2 0.057s
2025-03-25 18:34:27.191 69162 INFO tempest.lib.common.dynamic_creds [-] Dynamic test user f401158ed190404b9ccc5e5eece246d6 is created with scope project and roles: ['member']
2025-03-25 18:34:27.191 69162 INFO tempest.lib.common.dynamic_creds [-] Acquired dynamic creds: credentials: Credentials: {'domain_id': 'default', 'domain_name': 'Default', 'username': 'tempest-ServerRescueTestJSON-1908369248-project-member', 'project_domain_id': 'default', 'project_domain_name': 'Default', 'project_id': '3238546c3382429d9d0dd8d36ad1dfdf', 'project_name': 'tempest-ServerRescueTestJSON-1908369248', 'tenant_id': '3238546c3382429d9d0dd8d36ad1dfdf', 'tenant_name': 'tempest-ServerRescueTestJSON-1908369248', 'user_domain_id': 'default', 'user_domain_name': 'Default', 'user_id': 'f401158ed190404b9ccc5e5eece246d6', 'system': None}, Network: None, Subnet: None, Router: None
2025-03-25 18:34:27.282 69162 INFO tempest.lib.common.rest_client [req-a46eec03-60d5-496f-b736-d6e3a5500c81 req-a46eec03-60d5-496f-b736-d6e3a5500c81 ] Request (ServerRescueTestJSON:setUpClass): 201 POST http://10.180.1.21/identity/v3/auth/tokens 0.091s
2025-03-25 18:34:27.293 69200 INFO tempest.lib.common.rest_client [req-fe390468-4880-4982-9324-1325a61d9820 req-fe390468-4880-4982-9324-1325a61d9820 ] Request (ServersWithSpecificFlavorTestJSON:test_verify_created_server_ephemeral_disk): 200 GET http://10.180.1.21/compute/v2.1/servers/b40e7bdb-cc27-4536-bc35-68184c900060 1.482s
2025-03-25 18:34:27.305 69200 INFO tempest.common.waiters [-] State transition "BUILD/spawning" ==> "ACTIVE/None" after 36 second wait
2025-03-25 18:34:27.354 69194 INFO tempest.lib.common.rest_client [req-00cd73fe-30d7-40d1-afc6-43d2a226ef0d req-00cd73fe-30d7-40d1-afc6-43d2a226ef0d ] Request (FloatingIPsTestJSON:_run_cleanups): 202 DELETE http://10.180.1.21/compute/v2.1/os-floating-ips/71e51ea7-c5c5-4e8d-bcf4-7607c35340cd 1.866s
2025-03-25 18:34:27.382 69204 INFO tempest.lib.common.rest_client [req-3dd13b1f-b86c-44d9-afa6-793bc42edc25 req-3dd13b1f-b86c-44d9-afa6-793bc42edc25 ] Request (ServersAdminTestJSON:test_create_server_with_scheduling_hint): 200 GET http://10.180.1.21/compute/v2.1/servers/7eae8370-b95c-4263-a671-a6032ade221d 1.491s
2025-03-25 18:34:27.569 69154 INFO tempest.lib.common.rest_client [req-5a3531c2-b707-4da9-a6a3-e5a125b7b532 req-5a3531c2-b707-4da9-a6a3-e5a125b7b532 ] Request (ServerDiskConfigTestJSON:test_rebuild_server_with_auto_disk_config): 200 GET http://10.180.1.21/compute/v2.1/servers/f80f943b-e912-4b1d-a2d2-0d42c7f61e0c 1.592s
2025-03-25 18:34:27.575 69202 INFO tempest.lib.common.rest_client [req-31b79cc0-1c61-4b63-aabf-0be90733244a req-31b79cc0-1c61-4b63-aabf-0be90733244a ] Request (ServerRescueNegativeTestJSON:test_rescued_vm_attach_volume): 200 GET http://10.180.1.21/compute/v2.1/servers/a08615df-fc52-4a65-bea0-6b3bfc513d99 1.556s
2025-03-25 18:34:27.578 69154 INFO tempest.common.waiters [-] State transition "BUILD/None" ==> "BUILD/spawning" after 30 second wait
2025-03-25 18:34:27.647 69208 INFO tempest.lib.common.rest_client [req-8301b861-e85a-42b3-b5f8-e56aa72e8c60 req-8301b861-e85a-42b3-b5f8-e56aa72e8c60 ] Request (ServersAdmin275Test:test_rebuild_update_server_275): 200 GET http://10.180.1.21/compute/v2.1/servers/e02e5253-17db-450f-bf10-9cf08255c646 1.587s
2025-03-25 18:34:27.652 69160 INFO tempest.lib.common.rest_client [req-a06e3119-183a-4060-8769-71e7842044f4 req-a06e3119-183a-4060-8769-71e7842044f4 ] Request (FloatingIPsAssociationNegativeTestJSON:setUpClass): 200 GET http://10.180.1.21/compute/v2.1/servers/cdff230c-2bdf-4bd9-91c0-139f7fafccc3 1.515s
2025-03-25 18:34:27.715 69162 INFO tempest.lib.common.rest_client [req-b1866717-0fde-4cb0-91e3-10fc2db548dc req-b1866717-0fde-4cb0-91e3-10fc2db548dc ] Request (ServerRescueTestJSON:setUpClass): 201 POST http://10.180.1.21:9696/networking/v2.0/networks 0.432s
2025-03-25 18:34:27.720 69174 INFO tempest.lib.common.rest_client [req-588b016e-ec1f-4367-85bf-363375479ace req-588b016e-ec1f-4367-85bf-363375479ace ] Request (ImagesNegativeTestJSON:test_create_image_from_deleted_server): 200 GET http://10.180.1.21/compute/v2.1/servers/03a157f6-051b-40f3-89e6-3b24db7d7c61 1.523s
2025-03-25 18:34:27.723 69152 INFO tempest.lib.common.rest_client [req-57bcf732-9e2c-451a-a15a-f772b5378d67 req-57bcf732-9e2c-451a-a15a-f772b5378d67 ] Request (ServersTestManualDisk:setUpClass): 200 GET http://10.180.1.21/compute/v2.1/servers/fdf0747e-1b3f-455c-a853-098c445c8924 1.507s
2025-03-25 18:34:27.786 69206 INFO tempest.lib.common.rest_client [req-f094ed5e-9c8b-40b1-9680-07eb0c34cccf req-f094ed5e-9c8b-40b1-9680-07eb0c34cccf ] Request (FloatingIPsAssociationTestJSON:test_associate_already_associated_floating_ip): 200 GET http://10.180.1.21/compute/v2.1/servers/0a3ec5b2-43c5-49ae-ad46-c2a67581ff73 1.493s
