2025-03-25 18:35:46.822 69156 INFO tempest.lib.common.rest_client [req-d32013dc-1a1a-45cf-986b-6103bcf69943 req-d32013dc-1a1a-45cf-986b-6103bcf69943 ] Request (ServersNegativeTestJSON:setUpClass): 200 GET http://10.180.1.21/compute/v2.1/servers/0a1e604e-a962-4f9a-86d9-8f769c6309f2 0.106s
2025-03-25 18:35:46.826 69182 INFO tempest.lib.common.rest_client [req-c8f55fce-c6e1-48e3-8628-1c06441ecc01 req-c8f55fce-c6e1-48e3-8628-1c06441ecc01 ] Request (ListServersNegativeTestJSON:setUpClass): 204 DELETE http://10.180.1.21/compute/v2.1/servers/835f5213-974c-4441-adac-e3b020e7906d 0.125s
2025-03-25 18:35:46.876 69176 INFO tempest.lib.common.rest_client [req-6a0cc318-b96c-4dba-81d2-d0516b0a640a req-6a0cc318-b96c-4dba-81d2-d0516b0a640a ] Request (AttachInterfacesUnderV243Test:test_add_remove_fixed_ip): 200 GET http://10.180.1.21/compute/v2.1/servers/c0da5ecd-fe38-4ccc-aeb0-23760d4f9d0b 0.142s
2025-03-25 18:35:46.881 69184 INFO tempest.lib.common.rest_client [req-5cdce784-7fc5-45f9-bae1-d51cf70de345 req-5cdce784-7fc5-45f9-bae1-d51cf70de345 ] Request (VolumesAdminNegativeTest:test_update_attached_volume_with_nonexistent_volume_in_uri): 200 GET http://10.180.1.21/compute/v2.1/servers/331e225a-d8c7-46c7-ae1d-076523661d23 0.104s
2025-03-25 18:35:46.939 69166 INFO tempest.lib.common.rest_client [req-79364502-a42f-4620-be60-59e1ec2ddeba req-79364502-a42f-4620-be60-59e1ec2ddeba ] Request (ServerRescueTestJSONUnderV235:tearDownClass): 200 GET http://10.180.1.21/compute/v2.1/servers/0f2357fa-1aa1-4309-a46e-497d1a8257b5 0.152s
2025-03-25 18:35:46.988 69204 INFO tempest.lib.common.rest_client [req-14c0ec2f-af58-40c5-a87d-c851e59004dd req-14c0ec2f-af58-40c5-a87d-c851e59004dd ] Request (ServersAdminTestJSON:test_inject_network_info): 200 GET http://10.180.1.21/compute/v2.1/servers/36785fa4-2ffb-42cf-b0d6-63c8047fa7df 0.157s
2025-03-25 18:35:46.997 69182 INFO tempest.lib.common.rest_client [req-cfbb7902-9866-4c7c-86d3-2af115bb9771 req-cfbb7902-9866-4c7c-86d3-2af115bb9771 ] Request (ListServersNegativeTestJSON:setUpClass): 200 GET http://10.180.1.21/compute/v2.1/servers/835f5213-974c-4441-adac-e3b020e7906d 0.170s
2025-03-25 18:35:47.059 69158 INFO tempest.lib.common.rest_client [req-37f7315c-1647-4b83-b7d2-df848d50b388 req-37f7315c-1647-4b83-b7d2-df848d50b388 ] Request (AttachInterfacesV270Test:tearDownClass): 200 GET http://10.180.1.21/compute/v2.1/servers/e9f1dd6d-f377-4d3a-8380-cc652ae025bf 0.201s
2025-03-25 18:35:47.059 69210 INFO tempest.lib.common.rest_client [req-314bf1bf-67a5-499e-ae76-93cc96873da7 req-314bf1bf-67a5-499e-ae76-93cc96873da7 ] Request (ServerDiagnosticsTest:test_get_server_diagnostics): 200 GET http://10.180.1.21/compute/v2.1/servers/6f1067b2-8a98-4611-9713-2ce516a9fd4e 0.170s
2025-03-25 18:35:47.117 69154 INFO tempest.lib.common.rest_client [req-bc56f38a-bd6c-4885-a6ff-fa5b339fbd2d req-bc56f38a-bd6c-4885-a6ff-fa5b339fbd2d ] Request (ServerDiskConfigTestJSON:test_rebuild_server_with_manual_disk_config): 200 GET http://10.180.1.21/compute/v2.1/servers/c5ca9575-0509-4b69-ad7e-0b5b70889f97 0.203s
2025-03-25 18:35:47.118 69198 INFO tempest.lib.common.rest_client [req-0a02fbc1-c2ee-4887-939b-8495353ec801 req-0a02fbc1-c2ee-4887-939b-8495353ec801 ] Request (MigrationsAdminTest:test_resize_server_revert_deleted_flavor): 200 GET http://10.180.1.21/compute/v2.1/servers/78270b54-cc89-4b58-b168-6ca1161b4f4a 0.175s
2025-03-25 18:35:47.177 69174 INFO tempest.lib.common.rest_client [req-6b6e7811-4a7d-4438-9462-c98f6f0004b3 req-6b6e7811-4a7d-4438-9462-c98f6f0004b3 ] Request (SecurityGroupsTestJSON:test_list_security_groups_by_server): 200 GET http://10.180.1.21/compute/v2.1/servers/9698591c-877c-4cb9-8aa1-00e4f126e049 0.157s
2025-03-25 18:35:47.180 69186 INFO tempest.lib.common.rest_client [req-e3467db1-de69-42f9-bdb0-a012c4813a27 req-e3467db1-de69-42f9-bdb0-a012c4813a27 ] Request (ServerPasswordTestJSON:setUpClass): 200 GET http://10.180.1.21/compute/v2.1/servers/abadafe3-5419-40ad-ad35-d83ab9b5c0fb 0.154s
2025-03-25 18:35:47.227 69194 INFO tempest.lib.common.rest_client [req-01dbeb0e-5c43-4f61-8353-f6f5f6a6fefd req-01dbeb0e-5c43-4f61-8353-f6f5f6a6fefd ] Request (ImagesOneServerTestJSON:setUpClass): 200 GET http://10.180.1.21/compute/v2.1/servers/8a20799c-f053-4d14-86a5-46adae023a07 0.148s
2025-03-25 18:35:47.310 69164 INFO tempest.lib.common.rest_client [req-ac26aa30-2dd1-446c-824e-062ab6419b64 req-ac26aa30-2dd1-446c-824e-062ab6419b64 ] Request (ImagesTestJSON:test_create_image_from_stopped_server): 200 GET http://10.180.1.21/compute/v2.1/images/aaf1c94c-6479-4d8f-8763-603fdf4537d6 0.036s
2025-03-25 18:35:47.319 69208 INFO tempest.lib.common.rest_client [req-7f3ffb92-6ea0-4138-bb62-896e0e96203f req-7f3ffb92-6ea0-4138-bb62-896e0e96203f ] Request (ServersAdmin275Test:tearDownClass): 200 GET http://10.180.1.21/compute/v2.1/servers/e02e5253-17db-450f-bf10-9cf08255c646 0.077s
2025-03-25 18:35:47.351 69164 INFO tempest.lib.common.rest_client [req-b1daed50-2c70-41f2-940b-5fc4058ff86a req-b1daed50-2c70-41f2-940b-5fc4058ff86a ] Request (ImagesTestJSON:test_create_image_from_stopped_server): 200 GET http://10.180.1.21/compute/v2.1/images/aaf1c94c-6479-4d8f-8763-603fdf4537d6 0.038s
2025-03-25 18:35:47.380 69164 INFO tempest.lib.common.rest_client [req-2664c7f2-4045-421e-8423-b40292b78152 req-2664c7f2-4045-421e-8423-b40292b78152 ] Request (ImagesTestJSON:test_create_image_from_stopped_server): 200 GET http://10.180.1.21/image/v2/images/aaf1c94c-6479-4d8f-8763-603fdf4537d6/tasks 0.025s
2025-03-25 18:35:47.402 69168 INFO tempest.lib.common.rest_client [req-6afa5017-79c0-4164-8345-72f5508c2346 req-6afa5017-79c0-4164-8345-72f5508c2346 ] Request (ServerAddressesNegativeTestJSON:setUpClass): 200 GET http://10.180.1.21/compute/v2.1/servers/edebcb67-10a9-47b1-9848-ec003e4de95f 0.108s
2025-03-25 18:35:47.462 69160 INFO tempest.lib.common.rest_client [req-9ff2c34d-55ab-4425-ae63-662ab3241986 req-9ff2c34d-55ab-4425-ae63-662ab3241986 ] Request (ServersTestBootFromVolume:setUpClass): 200 GET http://10.180.1.21/volume/v3/volumes/1688ba1c-1bdf-4770-852e-c8d8e23eaae7 0.028s
2025-03-25 18:35:47.476 69164 INFO tempest.lib.common.rest_client [req-901c2c5a-4da9-4111-a4aa-4619df654262 req-901c2c5a-4da9-4111-a4aa-4619df654262 ] Request (ImagesTestJSON:_run_cleanups): 204 DELETE http://10.180.1.21/compute/v2.1/images/aaf1c94c-6479-4d8f-8763-603fdf4537d6 0.095s
2025-03-25 18:35:47.554 69164 INFO tempest.lib.common.rest_client [req-7f306626-d0a5-4b70-b5b0-448bbcfa28ba req-7f306626-d0a5-4b70-b5b0-448bbcfa28ba ] Request (ImagesTestJSON:_run_cleanups): 204 DELETE http://10.180.1.21/compute/v2.1/servers/d9bd6f02-19ff-49b7-9fb4-26119727ad63 0.077s
2025-03-25 18:35:47.621 69212 INFO tempest.lib.common.rest_client [req-a933212c-7b3d-4d91-ad6b-9b2cc23f7e11 req-a933212c-7b3d-4d91-ad6b-9b2cc23f7e11 ] Request (ServerShowV254Test:tearDownClass): 200 GET http://10.180.1.21/compute/v2.1/servers/b38dc0ec-2fc5-4fba-9c8e-84c5774ddac3 0.104s
2025-03-25 18:35:47.630 69164 INFO tempest.lib.common.rest_client [req-36f09bb4-bad9-49ea-bb27-dec0f00995e6 req-36f09bb4-bad9-49ea-bb27-dec0f00995e6 ] Request (ImagesTestJSON:test_create_image_from_suspended_server): 201 POST http://10.180.1.21/identity/v3/auth/tokens 0.071s
2025-03-25 18:35:47.630 69164 INFO tempest.lib.common.fixed_network [-] (ImagesTestJSON:test_create_image_from_suspended_server) Found network {'id': 'a8e5adda-7b2f-4e21-8fa1-724a60f0e662', 'name': 'tempest-ImagesTestJSON-461378913-network', 'tenant_id': '0f8791e85e9748538ea6efc5bb61f1ee', 'admin_state_up': True, 'mtu': 8950, 'status': 'ACTIVE', 'subnets': [], 'shared': False, 'project_id': '0f8791e85e9748538ea6efc5bb61f1ee', 'port_security_enabled': True, 'router:external': False, 'provider:network_type': 'vlan', 'provider:physical_network': 'default', 'provider:segmentation_id': 446, 'availability_zone_hints': [], 'availability_zones': [], 'ipv4_address_scope': None, 'ipv6_address_scope': None, 'description': '', 'tags': [], 'created_at': '2025-03-25T18:34:13Z', 'updated_at': '2025-03-25T18:34:13Z', 'revision_number': 1} available for tenant
2025-03-25 18:35:47.635 69162 INFO tempest.lib.common.rest_client [req-a0e26af8-dc15-4341-9441-ba7fbf2dcf6b req-a0e26af8-dc15-4341-9441-ba7fbf2dcf6b ] Request (ServerRescueTestJSON:setUpClass): 200 GET http://10.180.1.21/compute/v2.1/servers/8e863779-d50a-4b1b-b355-d6d0e217addd 0.154s
2025-03-25 18:35:47.718 69190 WARNING tempest.lib.common.ssh [-] Failed to establish authenticated ssh connection to cirros@10.180.180.237 ([Errno None] Unable to connect to port 22 on 10.180.180.237). Number attempts: 9. Retry after 10 seconds.: paramiko.ssh_exception.NoValidConnectionsError: [Errno None] Unable to connect to port 22 on 10.180.180.237
2025-03-25 18:35:47.762 69172 INFO tempest.lib.common.rest_client [req-64ff6f72-36e1-4812-8be6-4f486ab23e6d req-64ff6f72-36e1-4812-8be6-4f486ab23e6d ] Request (InstanceActionsTestJSON:tearDownClass): 200 GET http://10.180.1.21/compute/v2.1/servers/6e9ea13e-4032-4482-9ec5-3a67f105990d 0.086s
2025-03-25 18:35:47.827 69180 INFO tempest.lib.common.rest_client [req-f03ffc2a-e8a8-4c56-a8a3-6472aa5c3add req-f03ffc2a-e8a8-4c56-a8a3-6472aa5c3add ] Request (ServersAdminNegativeTestJSON:setUpClass): 200 GET http://10.180.1.21/compute/v2.1/servers/4743452f-e6f6-4069-bb1a-bc08b74287f1 0.094s
2025-03-25 18:35:47.895 69206 INFO tempest.lib.common.rest_client [req-56570eed-e349-4909-8ae2-bb6521547138 req-56570eed-e349-4909-8ae2-bb6521547138 ] Request (FloatingIPsAssociationTestJSON:tearDownClass): 200 GET http://10.180.1.21/compute/v2.1/servers/b427c242-aa1f-42cd-9808-a4028c75c2b7 0.130s
2025-03-25 18:35:47.942 69202 INFO tempest.lib.common.rest_client [req-6e8bdecf-5692-485b-a04c-4a915dce46e9 req-6e8bdecf-5692-485b-a04c-4a915dce46e9 ] Request (ServerRescueNegativeTestJSON:test_rescued_vm_detach_volume): 200 GET http://10.180.1.21/compute/v2.1/servers/225bcb4f-da24-40a4-bb9f-8cdf79b76c52 0.165s
2025-03-25 18:35:47.962 69164 INFO tempest.lib.common.rest_client [req-8dc81e28-40e3-48c6-a942-3f61f5f703b4 req-8dc81e28-40e3-48c6-a942-3f61f5f703b4 ] Request (ImagesTestJSON:test_create_image_from_suspended_server): 202 POST http://10.180.1.21/compute/v2.1/servers 0.332s
2025-03-25 18:35:47.991 69156 INFO tempest.lib.common.rest_client [req-53be8d1e-94bc-4e6c-95f1-ac97111cee54 req-53be8d1e-94bc-4e6c-95f1-ac97111cee54 ] Request (ServersNegativeTestJSON:setUpClass): 200 GET http://10.180.1.21/compute/v2.1/servers/0a1e604e-a962-4f9a-86d9-8f769c6309f2 0.162s
2025-03-25 18:35:48.014 69176 INFO tempest.lib.common.rest_client [req-df54a3ae-d8cd-49c2-8da9-f9b0db2de30d req-df54a3ae-d8cd-49c2-8da9-f9b0db2de30d ] Request (AttachInterfacesUnderV243Test:test_add_remove_fixed_ip): 200 GET http://10.180.1.21/compute/v2.1/servers/c0da5ecd-fe38-4ccc-aeb0-23760d4f9d0b 0.130s
2025-03-25 18:35:48.021 69176 INFO tempest.common.waiters [-] State transition "BUILD/scheduling" ==> "BUILD/None" after 48 second wait
2025-03-25 18:35:48.037 69184 INFO tempest.lib.common.rest_client [req-03320830-b51b-48cb-b13d-7496deac6dba req-03320830-b51b-48cb-b13d-7496deac6dba ] Request (VolumesAdminNegativeTest:test_update_attached_volume_with_nonexistent_volume_in_uri): 200 GET http://10.180.1.21/compute/v2.1/servers/331e225a-d8c7-46c7-ae1d-076523661d23 0.147s
2025-03-25 18:35:48.080 69166 INFO tempest.lib.common.rest_client [req-7e6a03e1-f060-47fc-8f7f-99adf99e5bdb req-7e6a03e1-f060-47fc-8f7f-99adf99e5bdb ] Request (ServerRescueTestJSONUnderV235:tearDownClass): 200 GET http://10.180.1.21/compute/v2.1/servers/0f2357fa-1aa1-4309-a46e-497d1a8257b5 0.133s
2025-03-25 18:35:48.087 69164 INFO tempest.lib.common.rest_client [req-cb7dc5bb-850d-43f3-9bf2-ff3477584e83 req-cb7dc5bb-850d-43f3-9bf2-ff3477584e83 ] Request (ImagesTestJSON:test_create_image_from_suspended_server): 200 GET http://10.180.1.21/compute/v2.1/servers/76398266-5b27-46b1-bb3d-0d2834315a84 0.123s
2025-03-25 18:35:48.140 69204 INFO tempest.lib.common.rest_client [req-47778a2b-44c8-4f86-9315-9df31dfa0930 req-47778a2b-44c8-4f86-9315-9df31dfa0930 ] Request (ServersAdminTestJSON:test_inject_network_info): 200 GET http://10.180.1.21/compute/v2.1/servers/36785fa4-2ffb-42cf-b0d6-63c8047fa7df 0.142s
2025-03-25 18:35:48.207 69210 INFO tempest.lib.common.rest_client [req-e69fccf4-571f-496c-8119-4685554614da req-e69fccf4-571f-496c-8119-4685554614da ] Request (ServerDiagnosticsTest:test_get_server_diagnostics): 200 GET http://10.180.1.21/compute/v2.1/servers/6f1067b2-8a98-4611-9713-2ce516a9fd4e 0.140s
2025-03-25 18:35:48.222 69182 INFO tempest.lib.common.rest_client [req-89454842-d821-45e9-be01-f6ae6d832cc4 req-89454842-d821-45e9-be01-f6ae6d832cc4 ] Request (ListServersNegativeTestJSON:setUpClass): 200 GET http://10.180.1.21/compute/v2.1/servers/835f5213-974c-4441-adac-e3b020e7906d 0.217s
2025-03-25 18:35:48.288 69154 INFO tempest.lib.common.rest_client [req-9928eeb5-92b0-4b82-b330-80ce88e2f18a req-9928eeb5-92b0-4b82-b330-80ce88e2f18a ] Request (ServerDiskConfigTestJSON:test_rebuild_server_with_manual_disk_config): 200 GET http://10.180.1.21/compute/v2.1/servers/c5ca9575-0509-4b69-ad7e-0b5b70889f97 0.164s
2025-03-25 18:35:48.293 69158 INFO tempest.lib.common.rest_client [req-069ba1ca-bcd8-4cde-928c-bab747dbcb0f req-069ba1ca-bcd8-4cde-928c-bab747dbcb0f ] Request (AttachInterfacesV270Test:tearDownClass): 200 GET http://10.180.1.21/compute/v2.1/servers/e9f1dd6d-f377-4d3a-8380-cc652ae025bf 0.224s
2025-03-25 18:35:48.345 69198 INFO tempest.lib.common.rest_client [req-0ae2fa60-b2d9-44b2-a66a-d856787ef089 req-0ae2fa60-b2d9-44b2-a66a-d856787ef089 ] Request (MigrationsAdminTest:test_resize_server_revert_deleted_flavor): 200 GET http://10.180.1.21/compute/v2.1/servers/78270b54-cc89-4b58-b168-6ca1161b4f4a 0.219s
2025-03-25 18:35:48.350 69174 INFO tempest.lib.common.rest_client [req-7a7ac825-34f9-46d0-8cd3-d0cfb6290486 req-7a7ac825-34f9-46d0-8cd3-d0cfb6290486 ] Request (SecurityGroupsTestJSON:test_list_security_groups_by_server): 200 GET http://10.180.1.21/compute/v2.1/servers/9698591c-877c-4cb9-8aa1-00e4f126e049 0.164s
2025-03-25 18:35:48.398 69186 INFO tempest.lib.common.rest_client [req-6f88abee-f277-4a85-9177-82b94c416f4c req-6f88abee-f277-4a85-9177-82b94c416f4c ] Request (ServerPasswordTestJSON:setUpClass): 200 GET http://10.180.1.21/compute/v2.1/servers/abadafe3-5419-40ad-ad35-d83ab9b5c0fb 0.206s
2025-03-25 18:35:48.410 69194 INFO tempest.lib.common.rest_client [req-a0e014bd-d2f2-4a39-ac25-6100a35699f4 req-a0e014bd-d2f2-4a39-ac25-6100a35699f4 ] Request (ImagesOneServerTestJSON:setUpClass): 200 GET http://10.180.1.21/compute/v2.1/servers/8a20799c-f053-4d14-86a5-46adae023a07 0.173s
2025-03-25 18:35:48.462 69208 INFO tempest.lib.common.rest_client [req-80690bd0-f6ab-49e5-bd8e-1943b21d6bcb req-80690bd0-f6ab-49e5-bd8e-1943b21d6bcb ] Request (ServersAdmin275Test:tearDownClass): 200 GET http://10.180.1.21/compute/v2.1/servers/e02e5253-17db-450f-bf10-9cf08255c646 0.132s
2025-03-25 18:35:48.497 69160 INFO tempest.lib.common.rest_client [req-59ffbc1b-21eb-4fb9-a63f-b046078aeb1f req-59ffbc1b-21eb-4fb9-a63f-b046078aeb1f ] Request (ServersTestBootFromVolume:setUpClass): 200 GET http://10.180.1.21/volume/v3/volumes/1688ba1c-1bdf-4770-852e-c8d8e23eaae7 0.027s
2025-03-25 18:35:48.503 69168 INFO tempest.lib.common.rest_client [req-1af95289-753a-4f95-b17a-f6c502e9b103 req-1af95289-753a-4f95-b17a-f6c502e9b103 ] Request (ServerAddressesNegativeTestJSON:setUpClass): 200 GET http://10.180.1.21/compute/v2.1/servers/edebcb67-10a9-47b1-9848-ec003e4de95f 0.094s
2025-03-25 18:35:48.504 69160 INFO tempest.common.waiters [-] volume 1688ba1c-1bdf-4770-852e-c8d8e23eaae7 reached available after waiting for 19.504579 seconds
2025-03-25 18:35:48.571 69171 WARNING tempest.lib.common.ssh [-] Failed to establish authenticated ssh connection to cirros@10.180.180.206 ([Errno None] Unable to connect to port 22 on 10.180.180.206). Number attempts: 5. Retry after 6 seconds.: paramiko.ssh_exception.NoValidConnectionsError: [Errno None] Unable to connect to port 22 on 10.180.180.206
2025-03-25 18:35:48.693 69212 INFO tempest.lib.common.rest_client [req-903f3a71-1625-4164-a43d-b14a72af8e4c req-903f3a71-1625-4164-a43d-b14a72af8e4c ] Request (ServerShowV254Test:tearDownClass): 200 GET http://10.180.1.21/compute/v2.1/servers/b38dc0ec-2fc5-4fba-9c8e-84c5774ddac3 0.062s
2025-03-25 18:35:48.810 69162 INFO tempest.lib.common.rest_client [req-2d52aa2e-0cf3-4233-a34b-5c70e9f996a0 req-2d52aa2e-0cf3-4233-a34b-5c70e9f996a0 ] Request (ServerRescueTestJSON:setUpClass): 200 GET http://10.180.1.21/compute/v2.1/servers/8e863779-d50a-4b1b-b355-d6d0e217addd 0.167s
2025-03-25 18:35:48.866 69172 INFO tempest.lib.common.rest_client [req-21b8f469-2288-4d6e-8a45-d4272a140e39 req-21b8f469-2288-4d6e-8a45-d4272a140e39 ] Request (InstanceActionsTestJSON:tearDownClass): 200 GET http://10.180.1.21/compute/v2.1/servers/6e9ea13e-4032-4482-9ec5-3a67f105990d 0.096s
2025-03-25 18:35:48.919 69180 INFO tempest.lib.common.rest_client [req-8c56232d-8e76-45a5-bba0-c7feb5c3a68c req-8c56232d-8e76-45a5-bba0-c7feb5c3a68c ] Request (ServersAdminNegativeTestJSON:setUpClass): 200 GET http://10.180.1.21/compute/v2.1/servers/4743452f-e6f6-4069-bb1a-bc08b74287f1 0.083s
2025-03-25 18:35:48.971 69160 INFO tempest.lib.common.rest_client [req-dce7bb0e-a3fe-42f3-aa48-9edf749807d2 req-dce7bb0e-a3fe-42f3-aa48-9edf749807d2 ] Request (ServersTestBootFromVolume:setUpClass): 202 POST http://10.180.1.21/compute/v2.1/servers 0.466s
2025-03-25 18:35:48.979 69206 INFO tempest.lib.common.rest_client [req-152febae-c315-4b88-8167-639ba1a7ef63 req-152febae-c315-4b88-8167-639ba1a7ef63 ] Request (FloatingIPsAssociationTestJSON:tearDownClass): 200 GET http://10.180.1.21/compute/v2.1/servers/b427c242-aa1f-42cd-9808-a4028c75c2b7 0.075s
2025-03-25 18:35:49.030 69160 INFO tempest.lib.common.rest_client [req-34f8421a-5502-4339-873f-c9338fd46115 req-34f8421a-5502-4339-873f-c9338fd46115 ] Request (ServersTestBootFromVolume:setUpClass): 200 GET http://10.180.1.21/compute/v2.1/servers/23c2f2ab-a6cc-44e5-9d00-cf0582390e0e 0.057s
2025-03-25 18:35:49.031 69202 INFO tempest.lib.common.rest_client [req-bdfe0fc6-2cc1-4634-8b65-eab0a5008750 req-bdfe0fc6-2cc1-4634-8b65-eab0a5008750 ] Request (ServerRescueNegativeTestJSON:test_rescued_vm_detach_volume): 200 GET http://10.180.1.21/compute/v2.1/servers/225bcb4f-da24-40a4-bb9f-8cdf79b76c52 0.079s
2025-03-25 18:35:49.089 69156 INFO tempest.lib.common.rest_client [req-7a6b0620-7bb3-4084-8bda-ae013fa57346 req-7a6b0620-7bb3-4084-8bda-ae013fa57346 ] Request (ServersNegativeTestJSON:setUpClass): 200 GET http://10.180.1.21/compute/v2.1/servers/0a1e604e-a962-4f9a-86d9-8f769c6309f2 0.088s
2025-03-25 18:35:49.090 69176 INFO tempest.lib.common.rest_client [req-aa7f2524-670c-49a8-a577-4a82c681549d req-aa7f2524-670c-49a8-a577-4a82c681549d ] Request (AttachInterfacesUnderV243Test:test_add_remove_fixed_ip): 200 GET http://10.180.1.21/compute/v2.1/servers/c0da5ecd-fe38-4ccc-aeb0-23760d4f9d0b 0.068s
2025-03-25 18:35:49.141 69184 INFO tempest.lib.common.rest_client [req-307fc223-0e1f-4913-a836-cf99100f6a9e req-307fc223-0e1f-4913-a836-cf99100f6a9e ] Request (VolumesAdminNegativeTest:test_update_attached_volume_with_nonexistent_volume_in_uri): 200 GET http://10.180.1.21/compute/v2.1/servers/331e225a-d8c7-46c7-ae1d-076523661d23 0.096s
2025-03-25 18:35:49.152 69166 INFO tempest.lib.common.rest_client [req-f0601d57-d109-4d52-879d-e52628e09d2e req-f0601d57-d109-4d52-879d-e52628e09d2e ] Request (ServerRescueTestJSONUnderV235:tearDownClass): 200 GET http://10.180.1.21/compute/v2.1/servers/0f2357fa-1aa1-4309-a46e-497d1a8257b5 0.064s
2025-03-25 18:35:49.194 69164 INFO tempest.lib.common.rest_client [req-6f036780-128b-4afd-9155-0ace1c36a211 req-6f036780-128b-4afd-9155-0ace1c36a211 ] Request (ImagesTestJSON:test_create_image_from_suspended_server): 200 GET http://10.180.1.21/compute/v2.1/servers/76398266-5b27-46b1-bb3d-0d2834315a84 0.098s
2025-03-25 18:35:49.203 69204 INFO tempest.lib.common.rest_client [req-1501983a-b4f1-4b6b-be55-97cb589ec88f req-1501983a-b4f1-4b6b-be55-97cb589ec88f ] Request (ServersAdminTestJSON:test_inject_network_info): 200 GET http://10.180.1.21/compute/v2.1/servers/36785fa4-2ffb-42cf-b0d6-63c8047fa7df 0.052s
2025-03-25 18:35:49.282 69210 INFO tempest.lib.common.rest_client [req-0cd09d5e-1306-431e-a13a-de39dd26095f req-0cd09d5e-1306-431e-a13a-de39dd26095f ] Request (ServerDiagnosticsTest:test_get_server_diagnostics): 200 GET http://10.180.1.21/compute/v2.1/servers/6f1067b2-8a98-4611-9713-2ce516a9fd4e 0.065s
2025-03-25 18:35:49.372 69154 INFO tempest.lib.common.rest_client [req-13508843-1801-4584-88a6-87517653dd10 req-13508843-1801-4584-88a6-87517653dd10 ] Request (ServerDiskConfigTestJSON:test_rebuild_server_with_manual_disk_config): 200 GET http://10.180.1.21/compute/v2.1/servers/c5ca9575-0509-4b69-ad7e-0b5b70889f97 0.077s
2025-03-25 18:35:49.393 69182 INFO tempest.lib.common.rest_client [req-2cad102f-832d-40cd-95bf-f709292ad400 req-2cad102f-832d-40cd-95bf-f709292ad400 ] Request (ListServersNegativeTestJSON:setUpClass): 200 GET http://10.180.1.21/compute/v2.1/servers/835f5213-974c-4441-adac-e3b020e7906d 0.161s
2025-03-25 18:35:49.394 69158 INFO tempest.lib.common.rest_client [req-610ac94f-4149-4189-ae53-1a351c939c6e req-610ac94f-4149-4189-ae53-1a351c939c6e ] Request (AttachInterfacesV270Test:tearDownClass): 404 GET http://10.180.1.21/compute/v2.1/servers/e9f1dd6d-f377-4d3a-8380-cc652ae025bf 0.089s
2025-03-25 18:35:49.447 69198 INFO tempest.lib.common.rest_client [req-2d2214c9-1f28-4348-aad1-f40fbcccee87 req-2d2214c9-1f28-4348-aad1-f40fbcccee87 ] Request (MigrationsAdminTest:test_resize_server_revert_deleted_flavor): 200 GET http://10.180.1.21/compute/v2.1/servers/78270b54-cc89-4b58-b168-6ca1161b4f4a 0.094s
2025-03-25 18:35:49.449 69174 INFO tempest.lib.common.rest_client [req-7d9f086f-8949-428b-9a77-9b7b02470357 req-7d9f086f-8949-428b-9a77-9b7b02470357 ] Request (SecurityGroupsTestJSON:test_list_security_groups_by_server): 200 GET http://10.180.1.21/compute/v2.1/servers/9698591c-877c-4cb9-8aa1-00e4f126e049 0.089s
2025-03-25 18:35:49.504 69186 INFO tempest.lib.common.rest_client [req-66083d00-f547-4236-b158-6f6d93f5699b req-66083d00-f547-4236-b158-6f6d93f5699b ] Request (ServerPasswordTestJSON:setUpClass): 200 GET http://10.180.1.21/compute/v2.1/servers/abadafe3-5419-40ad-ad35-d83ab9b5c0fb 0.097s
2025-03-25 18:35:49.505 69194 INFO tempest.lib.common.rest_client [req-5b864499-d346-4942-96a1-1606002fcc82 req-5b864499-d346-4942-96a1-1606002fcc82 ] Request (ImagesOneServerTestJSON:setUpClass): 200 GET http://10.180.1.21/compute/v2.1/servers/8a20799c-f053-4d14-86a5-46adae023a07 0.087s
2025-03-25 18:35:49.583 69208 INFO tempest.lib.common.rest_client [req-9852133d-0d18-460a-be7a-ccf2dbf423ad req-9852133d-0d18-460a-be7a-ccf2dbf423ad ] Request (ServersAdmin275Test:tearDownClass): 200 GET http://10.180.1.21/compute/v2.1/servers/e02e5253-17db-450f-bf10-9cf08255c646 0.111s
2025-03-25 18:35:49.623 69168 INFO tempest.lib.common.rest_client [req-99e0b6dc-da7a-4b40-a512-3b18ee8e0418 req-99e0b6dc-da7a-4b40-a512-3b18ee8e0418 ] Request (ServerAddressesNegativeTestJSON:setUpClass): 200 GET http://10.180.1.21/compute/v2.1/servers/edebcb67-10a9-47b1-9848-ec003e4de95f 0.111s
2025-03-25 18:35:49.772 69212 INFO tempest.lib.common.rest_client [req-f860b55e-02e5-4969-b802-9b531d101980 req-f860b55e-02e5-4969-b802-9b531d101980 ] Request (ServerShowV254Test:tearDownClass): 200 GET http://10.180.1.21/compute/v2.1/servers/b38dc0ec-2fc5-4fba-9c8e-84c5774ddac3 0.069s
2025-03-25 18:35:49.949 69172 INFO tempest.lib.common.rest_client [req-f891d431-da98-4012-89ac-ed84ab94b30d req-f891d431-da98-4012-89ac-ed84ab94b30d ] Request (InstanceActionsTestJSON:tearDownClass): 200 GET http://10.180.1.21/compute/v2.1/servers/6e9ea13e-4032-4482-9ec5-3a67f105990d 0.076s
2025-03-25 18:35:49.978 69162 INFO tempest.lib.common.rest_client [req-71a66171-65cf-449e-9706-bfe25f0a5162 req-71a66171-65cf-449e-9706-bfe25f0a5162 ] Request (ServerRescueTestJSON:setUpClass): 200 GET http://10.180.1.21/compute/v2.1/servers/8e863779-d50a-4b1b-b355-d6d0e217addd 0.159s
2025-03-25 18:35:50.003 69180 INFO tempest.lib.common.rest_client [req-4910ec67-1ff4-450e-add2-f31cca324a98 req-4910ec67-1ff4-450e-add2-f31cca324a98 ] Request (ServersAdminNegativeTestJSON:setUpClass): 200 GET http://10.180.1.21/compute/v2.1/servers/4743452f-e6f6-4069-bb1a-bc08b74287f1 0.077s
2025-03-25 18:35:50.073 69206 INFO tempest.lib.common.rest_client [req-0777b8d7-e97d-497d-8816-1d4062b7e3a2 req-0777b8d7-e97d-497d-8816-1d4062b7e3a2 ] Request (FloatingIPsAssociationTestJSON:tearDownClass): 200 GET http://10.180.1.21/compute/v2.1/servers/b427c242-aa1f-42cd-9808-a4028c75c2b7 0.086s
2025-03-25 18:35:50.103 69202 INFO tempest.lib.common.rest_client [req-130ebf63-c76d-4426-b93e-cfdd7e4332c7 req-130ebf63-c76d-4426-b93e-cfdd7e4332c7 ] Request (ServerRescueNegativeTestJSON:test_rescued_vm_detach_volume): 200 GET http://10.180.1.21/compute/v2.1/servers/225bcb4f-da24-40a4-bb9f-8cdf79b76c52 0.063s
2025-03-25 18:35:50.133 69160 INFO tempest.lib.common.rest_client [req-86a5837e-0b94-4ee0-89a4-717e50705813 req-86a5837e-0b94-4ee0-89a4-717e50705813 ] Request (ServersTestBootFromVolume:setUpClass): 200 GET http://10.180.1.21/compute/v2.1/servers/23c2f2ab-a6cc-44e5-9d00-cf0582390e0e 0.094s
2025-03-25 18:35:50.156 69156 INFO tempest.lib.common.rest_client [req-b2158b77-281a-4802-941d-efc14b206cce req-b2158b77-281a-4802-941d-efc14b206cce ] Request (ServersNegativeTestJSON:setUpClass): 200 GET http://10.180.1.21/compute/v2.1/servers/0a1e604e-a962-4f9a-86d9-8f769c6309f2 0.060s
2025-03-25 18:35:50.196 69158 INFO tempest.lib.common.rest_client [req-553550b0-0188-471b-a9d1-ed7dc149ff2a req-553550b0-0188-471b-a9d1-ed7dc149ff2a ] Request (AttachInterfacesV270Test:tearDownClass): 200 PUT http://10.180.1.21:9696/networking/v2.0/routers/343a35a2-8ab1-4c2f-a1de-874543248d53/remove_router_interface 0.802s
2025-03-25 18:35:50.235 69176 INFO tempest.lib.common.rest_client [req-75db4546-21a8-4576-b832-93eafedb15f1 req-75db4546-21a8-4576-b832-93eafedb15f1 ] Request (AttachInterfacesUnderV243Test:test_add_remove_fixed_ip): 200 GET http://10.180.1.21/compute/v2.1/servers/c0da5ecd-fe38-4ccc-aeb0-23760d4f9d0b 0.136s
2025-03-25 18:35:50.242 69184 INFO tempest.lib.common.rest_client [req-cd05b50c-4a4d-4d00-a9f8-eaee0000f65e req-cd05b50c-4a4d-4d00-a9f8-eaee0000f65e ] Request (VolumesAdminNegativeTest:test_update_attached_volume_with_nonexistent_volume_in_uri): 200 GET http://10.180.1.21/compute/v2.1/servers/331e225a-d8c7-46c7-ae1d-076523661d23 0.092s
2025-03-25 18:35:50.256 69152 WARNING tempest.lib.common.ssh [-] Failed to establish authenticated ssh connection to cirros@10.180.180.141 ([Errno None] Unable to connect to port 22 on 10.180.180.141). Number attempts: 7. Retry after 8 seconds.: paramiko.ssh_exception.NoValidConnectionsError: [Errno None] Unable to connect to port 22 on 10.180.180.141
2025-03-25 18:35:50.526 69164 INFO tempest.lib.common.rest_client [req-99a8d60b-4960-4d45-aac0-d53de5dee5ea req-99a8d60b-4960-4d45-aac0-d53de5dee5ea ] Request (ImagesTestJSON:test_create_image_from_suspended_server): 200 GET http://10.180.1.21/compute/v2.1/servers/76398266-5b27-46b1-bb3d-0d2834315a84 0.324s
2025-03-25 18:35:50.542 69166 INFO tempest.lib.common.rest_client [req-b469f294-fe7d-4df6-945d-7428a8825e17 req-b469f294-fe7d-4df6-945d-7428a8825e17 ] Request (ServerRescueTestJSONUnderV235:tearDownClass): 200 GET http://10.180.1.21/compute/v2.1/servers/0f2357fa-1aa1-4309-a46e-497d1a8257b5 0.382s
2025-03-25 18:35:50.599 69204 INFO tempest.lib.common.rest_client [req-84af8e86-3aa6-4cc2-a8ab-7d905f9fe28e req-84af8e86-3aa6-4cc2-a8ab-7d905f9fe28e ] Request (ServersAdminTestJSON:test_inject_network_info): 200 GET http://10.180.1.21/compute/v2.1/servers/36785fa4-2ffb-42cf-b0d6-63c8047fa7df 0.387s
2025-03-25 18:35:50.627 69158 INFO tempest.lib.common.rest_client [req-185ca51b-a0db-400a-88ac-2ced39e03b49 req-185ca51b-a0db-400a-88ac-2ced39e03b49 ] Request (AttachInterfacesV270Test:tearDownClass): 204 DELETE http://10.180.1.21:9696/networking/v2.0/routers/343a35a2-8ab1-4c2f-a1de-874543248d53 0.430s
2025-03-25 18:35:50.631 69210 INFO tempest.lib.common.rest_client [req-e6630c8f-b20d-4f6b-8823-2e2cf95c738e req-e6630c8f-b20d-4f6b-8823-2e2cf95c738e ] Request (ServerDiagnosticsTest:test_get_server_diagnostics): 200 GET http://10.180.1.21/compute/v2.1/servers/6f1067b2-8a98-4611-9713-2ce516a9fd4e 0.339s
2025-03-25 18:35:50.654 69154 INFO tempest.lib.common.rest_client [req-b17759ac-e0c3-4cc0-8bfb-3f04064e1f7f req-b17759ac-e0c3-4cc0-8bfb-3f04064e1f7f ] Request (ServerDiskConfigTestJSON:test_rebuild_server_with_manual_disk_config): 200 GET http://10.180.1.21/compute/v2.1/servers/c5ca9575-0509-4b69-ad7e-0b5b70889f97 0.273s
2025-03-25 18:35:50.680 69182 INFO tempest.lib.common.rest_client [req-9fad42ca-d93e-4b1f-8517-796de6e51f9c req-9fad42ca-d93e-4b1f-8517-796de6e51f9c ] Request (ListServersNegativeTestJSON:setUpClass): 200 GET http://10.180.1.21/compute/v2.1/servers/835f5213-974c-4441-adac-e3b020e7906d 0.280s
2025-03-25 18:35:50.698 69174 INFO tempest.lib.common.rest_client [req-1e9deb43-f3e6-4df9-8c36-7f7a8865bf67 req-1e9deb43-f3e6-4df9-8c36-7f7a8865bf67 ] Request (SecurityGroupsTestJSON:test_list_security_groups_by_server): 200 GET http://10.180.1.21/compute/v2.1/servers/9698591c-877c-4cb9-8aa1-00e4f126e049 0.242s
2025-03-25 18:35:50.729 69198 INFO tempest.lib.common.rest_client [req-1a5226ff-d1a5-4269-96e7-fa145aa4237e req-1a5226ff-d1a5-4269-96e7-fa145aa4237e ] Request (MigrationsAdminTest:test_resize_server_revert_deleted_flavor): 200 GET http://10.180.1.21/compute/v2.1/servers/78270b54-cc89-4b58-b168-6ca1161b4f4a 0.274s
2025-03-25 18:35:50.736 69158 INFO tempest.lib.common.rest_client [req-fef388c9-ac0a-4007-8601-65f54d7da0d5 req-fef388c9-ac0a-4007-8601-65f54d7da0d5 ] Request (AttachInterfacesV270Test:tearDownClass): 204 DELETE http://10.180.1.21:9696/networking/v2.0/subnets/22fa5195-9328-42dc-8c21-9becfad4799d 0.108s
2025-03-25 18:35:50.745 69186 INFO tempest.lib.common.rest_client [req-571d4c3f-9e23-42c5-87af-d8553bfafa0e req-571d4c3f-9e23-42c5-87af-d8553bfafa0e ] Request (ServerPasswordTestJSON:setUpClass): 200 GET http://10.180.1.21/compute/v2.1/servers/abadafe3-5419-40ad-ad35-d83ab9b5c0fb 0.233s
2025-03-25 18:35:50.775 69194 INFO tempest.lib.common.rest_client [req-5a021db0-2c20-4f94-bf7b-8ab739c13da8 req-5a021db0-2c20-4f94-bf7b-8ab739c13da8 ] Request (ImagesOneServerTestJSON:setUpClass): 200 GET http://10.180.1.21/compute/v2.1/servers/8a20799c-f053-4d14-86a5-46adae023a07 0.263s
2025-03-25 18:35:50.814 69208 INFO tempest.lib.common.rest_client [req-517fe95b-762a-4b31-b0a7-6190260ad5b8 req-517fe95b-762a-4b31-b0a7-6190260ad5b8 ] Request (ServersAdmin275Test:tearDownClass): 200 GET http://10.180.1.21/compute/v2.1/servers/e02e5253-17db-450f-bf10-9cf08255c646 0.222s
2025-03-25 18:35:50.881 69212 INFO tempest.lib.common.rest_client [req-ed6eade7-c0f5-46e9-8570-44ecce2908f9 req-ed6eade7-c0f5-46e9-8570-44ecce2908f9 ] Request (ServerShowV254Test:tearDownClass): 200 GET http://10.180.1.21/compute/v2.1/servers/b38dc0ec-2fc5-4fba-9c8e-84c5774ddac3 0.096s
2025-03-25 18:35:50.918 69168 INFO tempest.lib.common.rest_client [req-d06ea099-5e69-4671-b8c1-9a071ffefba7 req-d06ea099-5e69-4671-b8c1-9a071ffefba7 ] Request (ServerAddressesNegativeTestJSON:setUpClass): 200 GET http://10.180.1.21/compute/v2.1/servers/edebcb67-10a9-47b1-9848-ec003e4de95f 0.288s
2025-03-25 18:35:50.926 69168 INFO tempest.common.waiters [-] State transition "BUILD/spawning" ==> "ACTIVE/None" after 79 second wait
2025-03-25 18:35:50.953 69158 INFO tempest.lib.common.rest_client [req-55e9b5b5-e7a1-45e4-88e9-88f87564a72a req-55e9b5b5-e7a1-45e4-88e9-88f87564a72a ] Request (AttachInterfacesV270Test:tearDownClass): 204 DELETE http://10.180.1.21:9696/networking/v2.0/networks/ba40b4aa-8707-4cfc-83e7-7f18c18cbecd 0.216s
2025-03-25 18:35:50.954 69168 INFO tempest.lib.common.rest_client [req-6633eb4f-deff-4f4c-8eb6-037d6cde97e6 req-6633eb4f-deff-4f4c-8eb6-037d6cde97e6 ] Request (ServerAddressesNegativeTestJSON:test_list_server_addresses_by_network_neg): 404 GET http://10.180.1.21/compute/v2.1/servers/edebcb67-10a9-47b1-9848-ec003e4de95f/ips/invalid 0.027s
2025-03-25 18:35:50.964 69168 INFO tempest.lib.common.rest_client [req-f9bee060-fb8a-42c8-8b76-649f303f37cd req-f9bee060-fb8a-42c8-8b76-649f303f37cd ] Request (ServerAddressesNegativeTestJSON:test_list_server_addresses_invalid_server_id): 404 GET http://10.180.1.21/compute/v2.1/servers/999/ips 0.008s
2025-03-25 18:35:51.020 69172 INFO tempest.lib.common.rest_client [req-9a725135-3eb1-44f6-88aa-daa188fd66ae req-9a725135-3eb1-44f6-88aa-daa188fd66ae ] Request (InstanceActionsTestJSON:tearDownClass): 200 GET http://10.180.1.21/compute/v2.1/servers/6e9ea13e-4032-4482-9ec5-3a67f105990d 0.060s
2025-03-25 18:35:51.043 69168 INFO tempest.lib.common.rest_client [req-29234cf7-5dfd-4d2e-a750-068a4deb38f1 req-29234cf7-5dfd-4d2e-a750-068a4deb38f1 ] Request (ServerAddressesNegativeTestJSON:tearDownClass): 204 DELETE http://10.180.1.21/compute/v2.1/servers/edebcb67-10a9-47b1-9848-ec003e4de95f 0.078s
2025-03-25 18:35:51.075 69158 INFO tempest.lib.common.rest_client [req-b7568419-6c45-4d4e-85a0-d3e5de47a60a req-b7568419-6c45-4d4e-85a0-d3e5de47a60a ] Request (AttachInterfacesV270Test:tearDownClass): 204 DELETE http://10.180.1.21/identity/v3/users/ca84ea4792554251887496ee3e8a1540 0.121s
2025-03-25 18:35:51.075 69158 INFO tempest.lib.common.dynamic_creds [-] Deleting project and security group for project: ca498a014f06403cb8502ce9c936e932
2025-03-25 18:35:51.100 69158 INFO tempest.lib.common.rest_client [req-db26c578-9c03-458b-8baf-96847ae77cec req-db26c578-9c03-458b-8baf-96847ae77cec ] Request (AttachInterfacesV270Test:tearDownClass): 200 GET http://10.180.1.21:9696/networking/v2.0/security-groups?tenant_id=ca498a014f06403cb8502ce9c936e932&name=default 0.024s
2025-03-25 18:35:51.106 69180 INFO tempest.lib.common.rest_client [req-d47ce690-6aac-487e-bce0-7f51ecb6d24a req-d47ce690-6aac-487e-bce0-7f51ecb6d24a ] Request (ServersAdminNegativeTestJSON:setUpClass): 200 GET http://10.180.1.21/compute/v2.1/servers/4743452f-e6f6-4069-bb1a-bc08b74287f1 0.095s
2025-03-25 18:35:51.130 69162 INFO tempest.lib.common.rest_client [req-c61f4380-18f9-4c9e-b067-f2f64fa1a763 req-c61f4380-18f9-4c9e-b067-f2f64fa1a763 ] Request (ServerRescueTestJSON:setUpClass): 200 GET http://10.180.1.21/compute/v2.1/servers/8e863779-d50a-4b1b-b355-d6d0e217addd 0.142s
2025-03-25 18:35:51.195 69158 INFO tempest.lib.common.rest_client [req-72f42b8e-227c-428f-b3f6-e3c1bc43b3da req-72f42b8e-227c-428f-b3f6-e3c1bc43b3da ] Request (AttachInterfacesV270Test:tearDownClass): 204 DELETE http://10.180.1.21:9696/networking/v2.0/security-groups/0f8d10e5-3f7f-4005-acfc-a08c1e1ac8ff 0.094s
2025-03-25 18:35:51.197 69206 INFO tempest.lib.common.rest_client [req-04855660-243b-4200-aa11-eeca5607f217 req-04855660-243b-4200-aa11-eeca5607f217 ] Request (FloatingIPsAssociationTestJSON:tearDownClass): 200 GET http://10.180.1.21/compute/v2.1/servers/b427c242-aa1f-42cd-9808-a4028c75c2b7 0.117s
2025-03-25 18:35:51.212 69168 INFO tempest.lib.common.rest_client [req-dd244c88-5614-4bbc-b05d-76d833256a24 req-dd244c88-5614-4bbc-b05d-76d833256a24 ] Request (ServerAddressesNegativeTestJSON:tearDownClass): 200 GET http://10.180.1.21/compute/v2.1/servers/edebcb67-10a9-47b1-9848-ec003e4de95f 0.168s
2025-03-25 18:35:51.260 69202 INFO tempest.lib.common.rest_client [req-041653ae-0177-44a8-9112-b1f23c7bffba req-041653ae-0177-44a8-9112-b1f23c7bffba ] Request (ServerRescueNegativeTestJSON:test_rescued_vm_detach_volume): 200 GET http://10.180.1.21/compute/v2.1/servers/225bcb4f-da24-40a4-bb9f-8cdf79b76c52 0.149s
2025-03-25 18:35:51.267 69160 INFO tempest.lib.common.rest_client [req-f8cf2428-8339-4ec9-98af-3c9c2d52ef2f req-f8cf2428-8339-4ec9-98af-3c9c2d52ef2f ] Request (ServersTestBootFromVolume:setUpClass): 200 GET http://10.180.1.21/compute/v2.1/servers/23c2f2ab-a6cc-44e5-9d00-cf0582390e0e 0.122s
2025-03-25 18:35:51.300 69158 INFO tempest.lib.common.rest_client [req-5f744736-c77a-493f-a929-6aa3fccfb99e req-5f744736-c77a-493f-a929-6aa3fccfb99e ] Request (AttachInterfacesV270Test:tearDownClass): 204 DELETE http://10.180.1.21/identity/v3/projects/ca498a014f06403cb8502ce9c936e932 0.105s
2025-03-25 18:35:51.316 69156 INFO tempest.lib.common.rest_client [req-22ade301-26fd-4014-bf5c-72b029ea5818 req-22ade301-26fd-4014-bf5c-72b029ea5818 ] Request (ServersNegativeTestJSON:setUpClass): 200 GET http://10.180.1.21/compute/v2.1/servers/0a1e604e-a962-4f9a-86d9-8f769c6309f2 0.150s
2025-03-25 18:35:51.322 69176 INFO tempest.lib.common.rest_client [req-39d44c97-113b-4336-8b2d-a6a3a3896e70 req-39d44c97-113b-4336-8b2d-a6a3a3896e70 ] Request (AttachInterfacesUnderV243Test:test_add_remove_fixed_ip): 200 GET http://10.180.1.21/compute/v2.1/servers/c0da5ecd-fe38-4ccc-aeb0-23760d4f9d0b 0.080s
2025-03-25 18:35:51.355 69158 INFO tempest.lib.common.rest_client [req-7c63e549-6c85-4425-b613-641c320a60a1 req-7c63e549-6c85-4425-b613-641c320a60a1 ] Request (ServersTestJSON:setUpClass): 201 POST http://10.180.1.21/identity/v3/auth/tokens 0.053s
2025-03-25 18:35:51.360 69184 INFO tempest.lib.common.rest_client [req-90a3a0b4-b088-416d-80f6-5008b2265a7c req-90a3a0b4-b088-416d-80f6-5008b2265a7c ] Request (VolumesAdminNegativeTest:test_update_attached_volume_with_nonexistent_volume_in_uri): 200 GET http://10.180.1.21/compute/v2.1/servers/331e225a-d8c7-46c7-ae1d-076523661d23 0.108s
2025-03-25 18:35:51.383 69158 INFO tempest.lib.common.rest_client [req-f16bf69f-9231-42b0-a86b-78eec5b8837e req-f16bf69f-9231-42b0-a86b-78eec5b8837e ] Request (ServersTestJSON:setUpClass): 201 POST http://10.180.1.21/identity/v3/auth/tokens 0.025s
2025-03-25 18:35:51.408 69158 INFO tempest.lib.common.rest_client [req-176f15b4-5e1b-4617-80f9-4327b64d88c4 req-176f15b4-5e1b-4617-80f9-4327b64d88c4 ] Request (ServersTestJSON:setUpClass): 200 GET http://10.180.1.21/identity/v3/domains?name=Default 0.024s
2025-03-25 18:35:51.433 69158 INFO tempest.lib.common.rest_client [req-dda8996c-fd29-41d8-a17a-50c2095bcc45 req-dda8996c-fd29-41d8-a17a-50c2095bcc45 ] Request (ServersTestJSON:setUpClass): 201 POST http://10.180.1.21/identity/v3/projects 0.024s
2025-03-25 18:35:51.482 69158 INFO tempest.lib.common.rest_client [req-cf871522-e132-45f7-b42b-43238817f4da req-cf871522-e132-45f7-b42b-43238817f4da ] Request (ServersTestJSON:setUpClass): 201 POST http://10.180.1.21/identity/v3/users 0.049s
2025-03-25 18:35:51.506 69158 INFO tempest.lib.common.rest_client [req-9194f041-e181-45c3-a995-fdf60276911d req-9194f041-e181-45c3-a995-fdf60276911d ] Request (ServersTestJSON:setUpClass): 200 GET http://10.180.1.21/identity/v3/roles 0.023s
2025-03-25 18:35:51.530 69158 INFO tempest.lib.common.rest_client [req-1230ddcb-132a-471b-a5e6-e66ddc255e97 req-1230ddcb-132a-471b-a5e6-e66ddc255e97 ] Request (ServersTestJSON:setUpClass): 204 PUT http://10.180.1.21/identity/v3/projects/5789565d9a494faa810646fa93eca63f/users/db3e692c7b6c427092c5df3846e0c56e/roles/7c563243bd354a0ea1f7e5c1aadfc9e2 0.024s
2025-03-25 18:35:51.531 69158 INFO tempest.lib.common.dynamic_creds [-] Dynamic test user db3e692c7b6c427092c5df3846e0c56e is created with scope project and roles: ['member']
2025-03-25 18:35:51.531 69158 INFO tempest.lib.common.dynamic_creds [-] Acquired dynamic creds: credentials: Credentials: {'domain_id': 'default', 'domain_name': 'Default', 'username': 'tempest-ServersTestJSON-1924623746-project-member', 'project_domain_id': 'default', 'project_domain_name': 'Default', 'project_id': '5789565d9a494faa810646fa93eca63f', 'project_name': 'tempest-ServersTestJSON-1924623746', 'tenant_id': '5789565d9a494faa810646fa93eca63f', 'tenant_name': 'tempest-ServersTestJSON-1924623746', 'user_domain_id': 'default', 'user_domain_name': 'Default', 'user_id': 'db3e692c7b6c427092c5df3846e0c56e', 'system': None}, Network: None, Subnet: None, Router: None
2025-03-25 18:35:51.567 69178 INFO paramiko.transport [-] Connected (version 2.0, client dropbear_2020.81)
2025-03-25 18:35:51.588 69158 INFO tempest.lib.common.rest_client [req-4e6f95f9-3255-45eb-ab1f-6db399a59ddf req-4e6f95f9-3255-45eb-ab1f-6db399a59ddf ] Request (ServersTestJSON:setUpClass): 201 POST http://10.180.1.21/identity/v3/auth/tokens 0.056s
2025-03-25 18:35:51.590 69164 INFO tempest.lib.common.rest_client [req-15f96b60-b5ea-4efb-ba13-199805225989 req-15f96b60-b5ea-4efb-ba13-199805225989 ] Request (ImagesTestJSON:test_create_image_from_suspended_server): 200 GET http://10.180.1.21/compute/v2.1/servers/76398266-5b27-46b1-bb3d-0d2834315a84 0.054s
2025-03-25 18:35:51.612 69166 INFO tempest.lib.common.rest_client [req-489c0777-6a67-4939-9fcb-ed8f4497ff2a req-489c0777-6a67-4939-9fcb-ed8f4497ff2a ] Request (ServerRescueTestJSONUnderV235:tearDownClass): 200 GET http://10.180.1.21/compute/v2.1/servers/0f2357fa-1aa1-4309-a46e-497d1a8257b5 0.062s
2025-03-25 18:35:51.656 69204 INFO tempest.lib.common.rest_client [req-bad55a25-0ebe-4519-85db-64ce86d4acde req-bad55a25-0ebe-4519-85db-64ce86d4acde ] Request (ServersAdminTestJSON:test_inject_network_info): 200 GET http://10.180.1.21/compute/v2.1/servers/36785fa4-2ffb-42cf-b0d6-63c8047fa7df 0.048s
2025-03-25 18:35:51.669 69178 INFO paramiko.transport [-] Authentication (publickey) successful!
2025-03-25 18:35:51.670 69178 INFO tempest.lib.common.ssh [-] ssh connection to cirros@10.180.180.166 successfully created
2025-03-25 18:35:51.687 69210 INFO tempest.lib.common.rest_client [req-f5ee23cf-62e9-4935-adf9-81366b30319d req-f5ee23cf-62e9-4935-adf9-81366b30319d ] Request (ServerDiagnosticsTest:test_get_server_diagnostics): 200 GET http://10.180.1.21/compute/v2.1/servers/6f1067b2-8a98-4611-9713-2ce516a9fd4e 0.048s
2025-03-25 18:35:51.709 69154 INFO tempest.lib.common.rest_client [req-69a17aaf-76cd-4477-816c-2d896255b934 req-69a17aaf-76cd-4477-816c-2d896255b934 ] Request (ServerDiskConfigTestJSON:test_rebuild_server_with_manual_disk_config): 200 GET http://10.180.1.21/compute/v2.1/servers/c5ca9575-0509-4b69-ad7e-0b5b70889f97 0.047s
2025-03-25 18:35:51.770 69182 INFO tempest.lib.common.rest_client [req-d9cf478c-b264-4c65-a2ee-98b4a798ff9f req-d9cf478c-b264-4c65-a2ee-98b4a798ff9f ] Request (ListServersNegativeTestJSON:setUpClass): 200 GET http://10.180.1.21/compute/v2.1/servers/835f5213-974c-4441-adac-e3b020e7906d 0.081s
2025-03-25 18:35:51.777 69182 INFO tempest.common.waiters [-] State transition "ACTIVE/deleting" ==> "DELETED/None" after 4 second wait
2025-03-25 18:35:51.823 69174 INFO tempest.lib.common.rest_client [req-2721513c-4aaa-441c-bdb8-43e8633028ad req-2721513c-4aaa-441c-bdb8-43e8633028ad ] Request (SecurityGroupsTestJSON:test_list_security_groups_by_server): 200 GET http://10.180.1.21/compute/v2.1/servers/9698591c-877c-4cb9-8aa1-00e4f126e049 0.116s
2025-03-25 18:35:51.827 69158 INFO tempest.lib.common.rest_client [req-e4b800ed-35b9-435f-b697-af231b465542 req-e4b800ed-35b9-435f-b697-af231b465542 ] Request (ServersTestJSON:setUpClass): 201 POST http://10.180.1.21:9696/networking/v2.0/networks 0.238s
2025-03-25 18:35:51.834 69174 INFO tempest.common.waiters [-] State transition "BUILD/scheduling" ==> "BUILD/None" after 49 second wait
2025-03-25 18:35:51.881 69198 INFO tempest.lib.common.rest_client [req-773f9db3-8f55-404d-adb8-fc475c380533 req-773f9db3-8f55-404d-adb8-fc475c380533 ] Request (MigrationsAdminTest:test_resize_server_revert_deleted_flavor): 200 GET http://10.180.1.21/compute/v2.1/servers/78270b54-cc89-4b58-b168-6ca1161b4f4a 0.140s
2025-03-25 18:35:51.931 69186 INFO tempest.lib.common.rest_client [req-16ed5102-3e36-4378-8d4d-a9804b260778 req-16ed5102-3e36-4378-8d4d-a9804b260778 ] Request (ServerPasswordTestJSON:setUpClass): 200 GET http://10.180.1.21/compute/v2.1/servers/abadafe3-5419-40ad-ad35-d83ab9b5c0fb 0.172s
2025-03-25 18:35:51.983 69194 INFO tempest.lib.common.rest_client [req-656884d1-4574-46b2-8170-c4589cac1d3d req-656884d1-4574-46b2-8170-c4589cac1d3d ] Request (ImagesOneServerTestJSON:setUpClass): 200 GET http://10.180.1.21/compute/v2.1/servers/8a20799c-f053-4d14-86a5-46adae023a07 0.199s
2025-03-25 18:35:52.005 69158 INFO tempest.lib.common.rest_client [req-af3560ca-098a-45e4-a77b-e52a96d790b6 req-af3560ca-098a-45e4-a77b-e52a96d790b6 ] Request (ServersTestJSON:setUpClass): 201 POST http://10.180.1.21:9696/networking/v2.0/subnets 0.178s
2025-03-25 18:35:52.045 69208 INFO tempest.lib.common.rest_client [req-09b6811b-8b26-454b-abf8-79c119129660 req-09b6811b-8b26-454b-abf8-79c119129660 ] Request (ServersAdmin275Test:tearDownClass): 200 GET http://10.180.1.21/compute/v2.1/servers/e02e5253-17db-450f-bf10-9cf08255c646 0.218s
2025-03-25 18:35:52.127 69212 INFO tempest.lib.common.rest_client [req-b5333644-ceda-4261-82af-66d3e248d40f req-b5333644-ceda-4261-82af-66d3e248d40f ] Request (ServerShowV254Test:tearDownClass): 200 GET http://10.180.1.21/compute/v2.1/servers/b38dc0ec-2fc5-4fba-9c8e-84c5774ddac3 0.236s
2025-03-25 18:35:52.194 69172 INFO tempest.lib.common.rest_client [req-1b74e36d-ac4e-4666-a422-6b0baeb24e47 req-1b74e36d-ac4e-4666-a422-6b0baeb24e47 ] Request (InstanceActionsTestJSON:tearDownClass): 200 GET http://10.180.1.21/compute/v2.1/servers/6e9ea13e-4032-4482-9ec5-3a67f105990d 0.164s
2025-03-25 18:35:52.270 69180 INFO tempest.lib.common.rest_client [req-eccfc416-6f02-42b1-994f-fc7941e9ce5b req-eccfc416-6f02-42b1-994f-fc7941e9ce5b ] Request (ServersAdminNegativeTestJSON:setUpClass): 200 GET http://10.180.1.21/compute/v2.1/servers/4743452f-e6f6-4069-bb1a-bc08b74287f1 0.153s
2025-03-25 18:35:52.279 69180 INFO tempest.common.waiters [-] State transition "BUILD/None" ==> "BUILD/networking" after 74 second wait
2025-03-25 18:35:52.383 69162 INFO tempest.lib.common.rest_client [req-9c0fd85e-cb08-41a1-ae48-5f0d38168002 req-9c0fd85e-cb08-41a1-ae48-5f0d38168002 ] Request (ServerRescueTestJSON:setUpClass): 200 GET http://10.180.1.21/compute/v2.1/servers/8e863779-d50a-4b1b-b355-d6d0e217addd 0.245s
2025-03-25 18:35:52.391 69162 INFO tempest.common.waiters [-] State transition "BUILD/spawning" ==> "ACTIVE/None" after 79 second wait
2025-03-25 18:35:52.451 69206 INFO tempest.lib.common.rest_client [req-8ebc820f-1c90-43bd-a496-a11643e22a6e req-8ebc820f-1c90-43bd-a496-a11643e22a6e ] Request (FloatingIPsAssociationTestJSON:tearDownClass): 200 GET http://10.180.1.21/compute/v2.1/servers/b427c242-aa1f-42cd-9808-a4028c75c2b7 0.245s
2025-03-25 18:35:52.570 69168 INFO tempest.lib.common.rest_client [req-a60877e0-cb3c-4d36-ba03-178f3dd80bc3 req-a60877e0-cb3c-4d36-ba03-178f3dd80bc3 ] Request (ServerAddressesNegativeTestJSON:tearDownClass): 200 GET http://10.180.1.21/compute/v2.1/servers/edebcb67-10a9-47b1-9848-ec003e4de95f 0.349s
2025-03-25 18:35:52.628 69202 INFO tempest.lib.common.rest_client [req-5a95cccd-46c2-435c-aca7-f528ed5e31c8 req-5a95cccd-46c2-435c-aca7-f528ed5e31c8 ] Request (ServerRescueNegativeTestJSON:test_rescued_vm_detach_volume): 200 GET http://10.180.1.21/compute/v2.1/servers/225bcb4f-da24-40a4-bb9f-8cdf79b76c52 0.359s
2025-03-25 18:35:52.691 69160 INFO tempest.lib.common.rest_client [req-d6731e5d-9a1a-4564-b5e2-06be7a2b4c0c req-d6731e5d-9a1a-4564-b5e2-06be7a2b4c0c ] Request (ServersTestBootFromVolume:setUpClass): 200 GET http://10.180.1.21/compute/v2.1/servers/23c2f2ab-a6cc-44e5-9d00-cf0582390e0e 0.414s
2025-03-25 18:35:52.760 69156 INFO tempest.lib.common.rest_client [req-477c70b3-7fa4-4ca8-8f5b-9fa84e782100 req-477c70b3-7fa4-4ca8-8f5b-9fa84e782100 ] Request (ServersNegativeTestJSON:setUpClass): 200 GET http://10.180.1.21/compute/v2.1/servers/0a1e604e-a962-4f9a-86d9-8f769c6309f2 0.436s
2025-03-25 18:35:52.813 69176 INFO tempest.lib.common.rest_client [req-2b5f4d9f-d145-4d44-b762-7f986911330f req-2b5f4d9f-d145-4d44-b762-7f986911330f ] Request (AttachInterfacesUnderV243Test:test_add_remove_fixed_ip): 200 GET http://10.180.1.21/compute/v2.1/servers/c0da5ecd-fe38-4ccc-aeb0-23760d4f9d0b 0.482s
2025-03-25 18:35:52.838 69158 INFO tempest.lib.common.rest_client [req-4f25e90a-183c-4a0f-a5f5-cde6f87a6205 req-4f25e90a-183c-4a0f-a5f5-cde6f87a6205 ] Request (ServersTestJSON:setUpClass): 201 POST http://10.180.1.21:9696/networking/v2.0/routers 0.832s
2025-03-25 18:35:52.877 69184 INFO tempest.lib.common.rest_client [req-649ca5a5-3f28-44f8-8f88-34e2bf388935 req-649ca5a5-3f28-44f8-8f88-34e2bf388935 ] Request (VolumesAdminNegativeTest:test_update_attached_volume_with_nonexistent_volume_in_uri): 200 GET http://10.180.1.21/compute/v2.1/servers/331e225a-d8c7-46c7-ae1d-076523661d23 0.510s
2025-03-25 18:35:52.944 69162 INFO tempest.lib.common.rest_client [req-8c144c19-c31e-4ecb-bcfe-2f19ee699148 req-8c144c19-c31e-4ecb-bcfe-2f19ee699148 ] Request (ServerRescueTestJSON:setUpClass): 200 POST http://10.180.1.21/compute/v2.1/servers/8e863779-d50a-4b1b-b355-d6d0e217addd/action 0.553s
2025-03-25 18:35:52.993 69164 INFO tempest.lib.common.rest_client [req-5f68b52d-bcba-456d-9a5a-be0b4314f975 req-5f68b52d-bcba-456d-9a5a-be0b4314f975 ] Request (ImagesTestJSON:test_create_image_from_suspended_server): 200 GET http://10.180.1.21/compute/v2.1/servers/76398266-5b27-46b1-bb3d-0d2834315a84 0.396s
2025-03-25 18:35:53.057 69166 INFO tempest.lib.common.rest_client [req-6c1302e4-f271-42d0-aa43-17169a149014 req-6c1302e4-f271-42d0-aa43-17169a149014 ] Request (ServerRescueTestJSONUnderV235:tearDownClass): 200 GET http://10.180.1.21/compute/v2.1/servers/0f2357fa-1aa1-4309-a46e-497d1a8257b5 0.436s
2025-03-25 18:35:53.108 69204 INFO tempest.lib.common.rest_client [req-46183731-5248-4f03-8ce2-ef3b5a441680 req-46183731-5248-4f03-8ce2-ef3b5a441680 ] Request (ServersAdminTestJSON:test_inject_network_info): 200 GET http://10.180.1.21/compute/v2.1/servers/36785fa4-2ffb-42cf-b0d6-63c8047fa7df 0.443s
2025-03-25 18:35:53.110 69200 WARNING tempest.lib.common.ssh [-] Failed to establish authenticated ssh connection to cirros@10.180.180.190 ([Errno None] Unable to connect to port 22 on 10.180.180.190). Number attempts: 10. Retry after 11 seconds.: paramiko.ssh_exception.NoValidConnectionsError: [Errno None] Unable to connect to port 22 on 10.180.180.190
