2025-03-25 18:34:03.611 69156 INFO tempest.lib.common.dynamic_creds [-] Created isolated network resources for: credentials: Credentials: {'domain_id': 'default', 'domain_name': 'Default', 'username': 'tempest-ServersNegativeTestJSON-1274465967-project-member', 'project_domain_id': 'default', 'project_domain_name': 'Default', 'project_id': 'd6b12c1f77f041a19fd68317da38caa1', 'project_name': 'tempest-ServersNegativeTestJSON-1274465967', 'tenant_id': 'd6b12c1f77f041a19fd68317da38caa1', 'tenant_name': 'tempest-ServersNegativeTestJSON-1274465967', 'user_domain_id': 'default', 'user_domain_name': 'Default', 'user_id': '1bb2831faced4427a76f2a964c7702f2', 'system': None}, Network: {'id': '92622d23-aae8-4ad8-a19a-e69ffcd62c46', 'name': 'tempest-ServersNegativeTestJSON-1866716046-network', 'tenant_id': 'd6b12c1f77f041a19fd68317da38caa1', 'admin_state_up': True, 'mtu': 8950, 'status': 'ACTIVE', 'subnets': [], 'shared': False, 'project_id': 'd6b12c1f77f041a19fd68317da38caa1', 'port_security_enabled': True, 'router:external': False, 'provider:network_type': 'vlan', 'provider:physical_network': 'default', 'provider:segmentation_id': 83, 'availability_zone_hints': [], 'availability_zones': [], 'ipv4_address_scope': None, 'ipv6_address_scope': None, 'description': '', 'tags': [], 'created_at': '2025-03-25T18:33:59Z', 'updated_at': '2025-03-25T18:33:59Z', 'revision_number': 1}, Subnet: {'id': '226f6202-8f12-48d7-bf4e-d66736db0802', 'name': 'tempest-ServersNegativeTestJSON-1866716046-subnet', 'tenant_id': 'd6b12c1f77f041a19fd68317da38caa1', 'network_id': '92622d23-aae8-4ad8-a19a-e69ffcd62c46', 'ip_version': 4, 'subnetpool_id': None, 'enable_dhcp': True, 'ipv6_ra_mode': None, 'ipv6_address_mode': None, 'gateway_ip': '192.168.128.1', 'cidr': '192.168.128.0/28', 'allocation_pools': [{'start': '192.168.128.2', 'end': '192.168.128.14'}], 'host_routes': [], 'dns_nameservers': [], 'description': '', 'router:external': False, 'service_types': [], 'tags': [], 'created_at': '2025-03-25T18:33:59Z', 'updated_at': '2025-03-25T18:33:59Z', 'revision_number': 0, 'project_id': 'd6b12c1f77f041a19fd68317da38caa1'}, Router: {'id': 'f086b688-635c-4aab-b15a-e182d763adea', 'name': 'tempest-ServersNegativeTestJSON-1866716046-router', 'tenant_id': 'd6b12c1f77f041a19fd68317da38caa1', 'admin_state_up': True, 'status': 'ACTIVE', 'external_gateway_info': {'network_id': 'f1f5d0b1-2bf8-477e-a142-32e3af7ac3ad', 'external_fixed_ips': [{'subnet_id': '01c3bb82-19e4-4750-bb0a-823355c64845', 'ip_address': '10.180.180.201'}], 'enable_snat': True}, 'description': '', 'availability_zones': [], 'distributed': False, 'ha': False, 'availability_zone_hints': [], 'routes': [], 'flavor_id': None, 'tags': [], 'created_at': '2025-03-25T18:34:00Z', 'updated_at': '2025-03-25T18:34:01Z', 'revision_number': 2, 'project_id': 'd6b12c1f77f041a19fd68317da38caa1'}
2025-03-25 18:34:03.647 69208 INFO tempest.lib.common.rest_client [req-a88a09b0-fd20-4cc9-8636-8a627cdc4f65 req-a88a09b0-fd20-4cc9-8636-8a627cdc4f65 ] Request (FlavorsAccessNegativeTestJSON:tearDownClass): 204 DELETE http://10.180.1.21:9696/networking/v2.0/security-groups/cde3f891-71a8-4fb1-9014-3b298f903931 0.161s
2025-03-25 18:34:03.660 69158 INFO tempest.lib.common.rest_client [req-77746a11-bbd7-4261-b222-98c64686f842 req-77746a11-bbd7-4261-b222-98c64686f842 ] Request (QuotasAdminTestV236:tearDownClass): 200 GET http://10.180.1.21:9696/networking/v2.0/security-groups?tenant_id=c416a29a4fe1421c987a47f2aa5bb163&name=default 0.442s
2025-03-25 18:34:03.672 69204 INFO tempest.lib.common.rest_client [req-90172e0b-43c4-4de2-ba66-b3a6e933ebf4 req-90172e0b-43c4-4de2-ba66-b3a6e933ebf4 ] Request (ServersAdminTestJSON:test_create_server_with_scheduling_hint): 200 GET http://10.180.1.21/compute/v2.1/servers/7eae8370-b95c-4263-a671-a6032ade221d 0.994s
2025-03-25 18:34:03.691 69156 INFO tempest.lib.common.rest_client [req-d23a64ae-693a-492c-a02b-00dba0cc73ad req-d23a64ae-693a-492c-a02b-00dba0cc73ad ] Request (ServersNegativeTestJSON:setUpClass): 201 POST http://10.180.1.21/identity/v3/auth/tokens 0.076s
2025-03-25 18:34:03.732 69156 INFO tempest.lib.common.rest_client [req-3d21e12f-3322-45af-9a86-6ce6fb71a637 req-3d21e12f-3322-45af-9a86-6ce6fb71a637 ] Request (ServersNegativeTestJSON:setUpClass): 201 POST http://10.180.1.21/identity/v3/auth/tokens 0.034s
2025-03-25 18:34:03.732 69156 INFO tempest.lib.common.fixed_network [-] (ServersNegativeTestJSON:setUpClass) Found network {'id': '92622d23-aae8-4ad8-a19a-e69ffcd62c46', 'name': 'tempest-ServersNegativeTestJSON-1866716046-network', 'tenant_id': 'd6b12c1f77f041a19fd68317da38caa1', 'admin_state_up': True, 'mtu': 8950, 'status': 'ACTIVE', 'subnets': [], 'shared': False, 'project_id': 'd6b12c1f77f041a19fd68317da38caa1', 'port_security_enabled': True, 'router:external': False, 'provider:network_type': 'vlan', 'provider:physical_network': 'default', 'provider:segmentation_id': 83, 'availability_zone_hints': [], 'availability_zones': [], 'ipv4_address_scope': None, 'ipv6_address_scope': None, 'description': '', 'tags': [], 'created_at': '2025-03-25T18:33:59Z', 'updated_at': '2025-03-25T18:33:59Z', 'revision_number': 1} available for tenant
2025-03-25 18:34:03.734 69154 INFO tempest.lib.common.rest_client [req-1629299f-40a7-47c2-a245-cdacccc41171 req-1629299f-40a7-47c2-a245-cdacccc41171 ] Request (ServerDiskConfigTestJSON:test_rebuild_server_with_auto_disk_config): 200 GET http://10.180.1.21/compute/v2.1/servers/f80f943b-e912-4b1d-a2d2-0d42c7f61e0c 1.053s
2025-03-25 18:34:03.757 69208 INFO tempest.lib.common.rest_client [req-b9aa0b95-05cd-470d-9499-6db24e3b172f req-b9aa0b95-05cd-470d-9499-6db24e3b172f ] Request (FlavorsAccessNegativeTestJSON:tearDownClass): 204 DELETE http://10.180.1.21/identity/v3/projects/0125f540df1547c9bd212122a58e50fb 0.109s
2025-03-25 18:34:03.787 69158 INFO tempest.lib.common.rest_client [req-4bb51ba8-e203-40f3-a5a7-cba3e420ff79 req-4bb51ba8-e203-40f3-a5a7-cba3e420ff79 ] Request (QuotasAdminTestV236:tearDownClass): 204 DELETE http://10.180.1.21:9696/networking/v2.0/security-groups/73faf107-457a-40be-a209-4984ddd5a6a9 0.126s
2025-03-25 18:34:03.798 69212 INFO tempest.lib.common.rest_client [req-0d70ef0b-5aa3-429d-8fe6-f3583c883e05 req-0d70ef0b-5aa3-429d-8fe6-f3583c883e05 ] Request (ServerGroup264TestJSON:test_create_get_server_group): 200 POST http://10.180.1.21/compute/v2.1/os-server-groups 1.144s
2025-03-25 18:34:03.837 69208 INFO tempest.lib.common.rest_client [req-0a80fc15-09a3-4483-b573-84ae8001f2bc req-0a80fc15-09a3-4483-b573-84ae8001f2bc ] Request (HypervisorAdminNegativeUnderV252Test:setUpClass): 201 POST http://10.180.1.21/identity/v3/auth/tokens 0.078s
2025-03-25 18:34:03.867 69208 INFO tempest.lib.common.rest_client [req-af6e8c65-9ed1-4c11-bfe9-4063dedaba51 req-af6e8c65-9ed1-4c11-bfe9-4063dedaba51 ] Request (HypervisorAdminNegativeUnderV252Test:setUpClass): 201 POST http://10.180.1.21/identity/v3/auth/tokens 0.027s
2025-03-25 18:34:03.891 69158 INFO tempest.lib.common.rest_client [req-8126fc9c-5c43-4f40-b317-726c4f6d79ae req-8126fc9c-5c43-4f40-b317-726c4f6d79ae ] Request (QuotasAdminTestV236:tearDownClass): 204 DELETE http://10.180.1.21/identity/v3/projects/c416a29a4fe1421c987a47f2aa5bb163 0.104s
2025-03-25 18:34:03.891 69158 INFO tempest.lib.common.dynamic_creds [-] Deleting project and security group for project: 3b8192a7282649408d3b3ddd54ef2b77
2025-03-25 18:34:03.917 69208 INFO tempest.lib.common.rest_client [req-315fa4b0-2b15-4ace-a50c-8a7129db1417 req-315fa4b0-2b15-4ace-a50c-8a7129db1417 ] Request (HypervisorAdminNegativeUnderV252Test:setUpClass): 200 GET http://10.180.1.21/identity/v3/domains?name=Default 0.049s
2025-03-25 18:34:03.950 69208 INFO tempest.lib.common.rest_client [req-f7e2b73e-647b-4f1d-8c2a-673a5953b253 req-f7e2b73e-647b-4f1d-8c2a-673a5953b253 ] Request (HypervisorAdminNegativeUnderV252Test:setUpClass): 201 POST http://10.180.1.21/identity/v3/projects 0.033s
2025-03-25 18:34:03.980 69160 INFO tempest.lib.common.rest_client [req-05714e7e-43de-4ba7-a78d-8c6716a1cfa6 req-05714e7e-43de-4ba7-a78d-8c6716a1cfa6 ] Request (FloatingIPsAssociationNegativeTestJSON:setUpClass): 200 GET http://10.180.1.21/compute/v2.1/servers/cdff230c-2bdf-4bd9-91c0-139f7fafccc3 1.222s
2025-03-25 18:34:03.985 69182 INFO tempest.lib.common.rest_client [req-6d354e68-2781-4781-b5cc-ca87473e2143 req-6d354e68-2781-4781-b5cc-ca87473e2143 ] Request (TenantUsagesTestJSON:tearDownClass): 200 GET http://10.180.1.21/compute/v2.1/servers/e5210410-3725-4dea-902d-9fcc2a4bc9e5 1.151s
2025-03-25 18:34:04.010 69208 INFO tempest.lib.common.rest_client [req-3441e16e-bfee-4791-97e2-b66ca14a4293 req-3441e16e-bfee-4791-97e2-b66ca14a4293 ] Request (HypervisorAdminNegativeUnderV252Test:setUpClass): 201 POST http://10.180.1.21/identity/v3/users 0.059s
2025-03-25 18:34:04.012 69152 INFO tempest.lib.common.rest_client [req-b6ea872d-3bb4-4a00-ba83-376249305158 req-b6ea872d-3bb4-4a00-ba83-376249305158 ] Request (ServersTestManualDisk:setUpClass): 200 PUT http://10.180.1.21:9696/networking/v2.0/routers/c5035150-c661-4930-99c9-87ed82082723/add_router_interface 1.241s
2025-03-25 18:34:04.012 69152 INFO tempest.lib.common.dynamic_creds [-] Created isolated network resources for: credentials: Credentials: {'domain_id': 'default', 'domain_name': 'Default', 'username': 'tempest-ServersTestManualDisk-1277052254-project-member', 'project_domain_id': 'default', 'project_domain_name': 'Default', 'project_id': 'cd1fcc31fae94c9d801bf91c69b2f709', 'project_name': 'tempest-ServersTestManualDisk-1277052254', 'tenant_id': 'cd1fcc31fae94c9d801bf91c69b2f709', 'tenant_name': 'tempest-ServersTestManualDisk-1277052254', 'user_domain_id': 'default', 'user_domain_name': 'Default', 'user_id': '709a1db676b8495cbf49392b4083cca1', 'system': None}, Network: {'id': 'a298c39c-cc72-4bfa-962b-cbfe33880491', 'name': 'tempest-ServersTestManualDisk-1429385485-network', 'tenant_id': 'cd1fcc31fae94c9d801bf91c69b2f709', 'admin_state_up': True, 'mtu': 8950, 'status': 'ACTIVE', 'subnets': [], 'shared': False, 'project_id': 'cd1fcc31fae94c9d801bf91c69b2f709', 'port_security_enabled': True, 'router:external': False, 'provider:network_type': 'vlan', 'provider:physical_network': 'default', 'provider:segmentation_id': 145, 'availability_zone_hints': [], 'availability_zones': [], 'ipv4_address_scope': None, 'ipv6_address_scope': None, 'description': '', 'tags': [], 'created_at': '2025-03-25T18:34:00Z', 'updated_at': '2025-03-25T18:34:00Z', 'revision_number': 1}, Subnet: {'id': '18b71e1c-a7c4-44a2-aa20-35014bbcf91f', 'name': 'tempest-ServersTestManualDisk-1429385485-subnet', 'tenant_id': 'cd1fcc31fae94c9d801bf91c69b2f709', 'network_id': 'a298c39c-cc72-4bfa-962b-cbfe33880491', 'ip_version': 4, 'subnetpool_id': None, 'enable_dhcp': True, 'ipv6_ra_mode': None, 'ipv6_address_mode': None, 'gateway_ip': '192.168.128.1', 'cidr': '192.168.128.0/28', 'allocation_pools': [{'start': '192.168.128.2', 'end': '192.168.128.14'}], 'host_routes': [], 'dns_nameservers': [], 'description': '', 'router:external': False, 'service_types': [], 'tags': [], 'created_at': '2025-03-25T18:34:01Z', 'updated_at': '2025-03-25T18:34:01Z', 'revision_number': 0, 'project_id': 'cd1fcc31fae94c9d801bf91c69b2f709'}, Router: {'id': 'c5035150-c661-4930-99c9-87ed82082723', 'name': 'tempest-ServersTestManualDisk-1429385485-router', 'tenant_id': 'cd1fcc31fae94c9d801bf91c69b2f709', 'admin_state_up': True, 'status': 'ACTIVE', 'external_gateway_info': {'network_id': 'f1f5d0b1-2bf8-477e-a142-32e3af7ac3ad', 'external_fixed_ips': [{'subnet_id': '01c3bb82-19e4-4750-bb0a-823355c64845', 'ip_address': '10.180.180.230'}], 'enable_snat': True}, 'description': '', 'availability_zones': [], 'distributed': False, 'ha': False, 'availability_zone_hints': [], 'routes': [], 'flavor_id': None, 'tags': [], 'created_at': '2025-03-25T18:34:01Z', 'updated_at': '2025-03-25T18:34:02Z', 'revision_number': 2, 'project_id': 'cd1fcc31fae94c9d801bf91c69b2f709'}
2025-03-25 18:34:04.030 69171 INFO tempest.lib.common.rest_client [req-c5d452b0-b612-4f50-b077-80d48caebfb9 req-c5d452b0-b612-4f50-b077-80d48caebfb9 ] Request (ImagesMetadataTestJSON:test_update_image_metadata): 200 GET http://10.180.1.21/compute/v2.1/images/7265c0e1-1669-484e-bf25-df0d76900165/metadata 1.131s
2025-03-25 18:34:04.033 69158 INFO tempest.lib.common.rest_client [req-7f57d79a-c321-4fc4-9d41-9e3b9d788fe1 req-7f57d79a-c321-4fc4-9d41-9e3b9d788fe1 ] Request (QuotasAdminTestV236:tearDownClass): 200 GET http://10.180.1.21:9696/networking/v2.0/security-groups?tenant_id=3b8192a7282649408d3b3ddd54ef2b77&name=default 0.141s
2025-03-25 18:34:04.034 69208 INFO tempest.lib.common.rest_client [req-d7f27296-6372-4dfd-b8e6-e0590edf1344 req-d7f27296-6372-4dfd-b8e6-e0590edf1344 ] Request (HypervisorAdminNegativeUnderV252Test:setUpClass): 200 GET http://10.180.1.21/identity/v3/roles 0.024s
2025-03-25 18:34:04.061 69188 INFO tempest.lib.common.rest_client [req-739b1d07-3fa3-466b-9bdb-56c2bf6a969c req-739b1d07-3fa3-466b-9bdb-56c2bf6a969c ] Request (AggregatesAdminNegativeTestJSON:test_aggregate_remove_host_as_user): 200 POST http://10.180.1.21/compute/v2.1/os-aggregates 1.145s
2025-03-25 18:34:04.118 69152 INFO tempest.lib.common.rest_client [req-0ea64c59-f0fe-4142-aa5b-4a0f9887c328 req-0ea64c59-f0fe-4142-aa5b-4a0f9887c328 ] Request (ServersTestManualDisk:setUpClass): 201 POST http://10.180.1.21/identity/v3/auth/tokens 0.101s
2025-03-25 18:34:04.150 69196 INFO tempest.lib.common.rest_client [req-b506ddb6-1914-4d36-af47-aaf066b9ff5c req-b506ddb6-1914-4d36-af47-aaf066b9ff5c ] Request (QuotaClassesAdminTestJSON:test_update_default_quotas): 200 GET http://10.180.1.21/compute/v2.1/os-quota-class-sets/default 1.270s
2025-03-25 18:34:04.178 69208 INFO tempest.lib.common.rest_client [req-8c894aa0-1fff-4673-9d64-471897abb9e8 req-8c894aa0-1fff-4673-9d64-471897abb9e8 ] Request (HypervisorAdminNegativeUnderV252Test:setUpClass): 204 PUT http://10.180.1.21/identity/v3/projects/f7227b642cbf43e8b6b81e04f05c51b0/users/214ee67dbbd24161be5a78ba76651972/roles/7c563243bd354a0ea1f7e5c1aadfc9e2 0.143s
2025-03-25 18:34:04.178 69208 INFO tempest.lib.common.dynamic_creds [-] Dynamic test user 214ee67dbbd24161be5a78ba76651972 is created with scope project and roles: ['member']
2025-03-25 18:34:04.179 69208 INFO tempest.lib.common.dynamic_creds [-] Acquired dynamic creds: credentials: Credentials: {'domain_id': 'default', 'domain_name': 'Default', 'username': 'tempest-HypervisorAdminNegativeUnderV252Test-151907148-project-member', 'project_domain_id': 'default', 'project_domain_name': 'Default', 'project_id': 'f7227b642cbf43e8b6b81e04f05c51b0', 'project_name': 'tempest-HypervisorAdminNegativeUnderV252Test-151907148', 'tenant_id': 'f7227b642cbf43e8b6b81e04f05c51b0', 'tenant_name': 'tempest-HypervisorAdminNegativeUnderV252Test-151907148', 'user_domain_id': 'default', 'user_domain_name': 'Default', 'user_id': '214ee67dbbd24161be5a78ba76651972', 'system': None}, Network: None, Subnet: None, Router: None
2025-03-25 18:34:04.179 69208 INFO tempest.lib.common.dynamic_creds [-] Created isolated network resources for: credentials: Credentials: {'domain_id': 'default', 'domain_name': 'Default', 'username': 'tempest-HypervisorAdminNegativeUnderV252Test-151907148-project-member', 'project_domain_id': 'default', 'project_domain_name': 'Default', 'project_id': 'f7227b642cbf43e8b6b81e04f05c51b0', 'project_name': 'tempest-HypervisorAdminNegativeUnderV252Test-151907148', 'tenant_id': 'f7227b642cbf43e8b6b81e04f05c51b0', 'tenant_name': 'tempest-HypervisorAdminNegativeUnderV252Test-151907148', 'user_domain_id': 'default', 'user_domain_name': 'Default', 'user_id': '214ee67dbbd24161be5a78ba76651972', 'system': None}, Network: None, Subnet: None, Router: None
2025-03-25 18:34:04.195 69171 INFO tempest.lib.common.rest_client [req-fd6bca35-551e-4f4c-a1bc-48f68e7cac13 req-fd6bca35-551e-4f4c-a1bc-48f68e7cac13 ] Request (ImagesMetadataTestJSON:tearDownClass): 204 DELETE http://10.180.1.21/image/v2/images/7265c0e1-1669-484e-bf25-df0d76900165 0.162s
2025-03-25 18:34:04.202 69206 INFO tempest.lib.common.rest_client [req-9f5871c2-79ba-4a29-a339-df6bdb3e6c9f req-9f5871c2-79ba-4a29-a339-df6bdb3e6c9f ] Request (FloatingIPsAssociationTestJSON:test_associate_already_associated_floating_ip): 200 GET http://10.180.1.21/compute/v2.1/servers/0a3ec5b2-43c5-49ae-ad46-c2a67581ff73 0.996s
2025-03-25 18:34:04.210 69158 INFO tempest.lib.common.rest_client [req-982804a3-fff4-4977-a8ab-33964c52f045 req-982804a3-fff4-4977-a8ab-33964c52f045 ] Request (QuotasAdminTestV236:tearDownClass): 204 DELETE http://10.180.1.21:9696/networking/v2.0/security-groups/0bb4657d-09d0-4955-b499-c688d7ca2c1e 0.177s
2025-03-25 18:34:04.273 69208 INFO tempest.lib.common.rest_client [req-a3a6e111-6a87-4a29-9abb-8b27c4ccc539 req-a3a6e111-6a87-4a29-9abb-8b27c4ccc539 ] Request (HypervisorAdminNegativeUnderV252Test:setUpClass): 201 POST http://10.180.1.21/identity/v3/auth/tokens 0.091s
2025-03-25 18:34:04.298 69202 INFO tempest.lib.common.rest_client [req-856bb78e-25b2-4736-8bd8-a6c53eb869a5 req-856bb78e-25b2-4736-8bd8-a6c53eb869a5 ] Request (ServerRescueNegativeTestJSON:setUpClass): 200 POST http://10.180.1.21/compute/v2.1/servers/423efc1e-c007-42d0-bf18-269b075ccff2/action 1.016s
2025-03-25 18:34:04.323 69172 INFO tempest.lib.common.rest_client [req-0ebbff00-00e5-40f7-9da8-f5362289ccfd req-0ebbff00-00e5-40f7-9da8-f5362289ccfd ] Request (KeyPairsV22TestJSON:_run_cleanups): 204 DELETE http://10.180.1.21/compute/v2.1/os-keypairs/tempest-KeyPairsV22TestJSON-keypair-1642173271 1.028s
2025-03-25 18:34:04.345 69194 INFO tempest.lib.common.rest_client [req-63bfd29e-97e2-438c-b983-35ed074a2d12 req-63bfd29e-97e2-438c-b983-35ed074a2d12 ] Request (FlavorsV2TestJSON:test_list_flavors_filter_by_min_ram): 200 GET http://10.180.1.21/compute/v2.1/flavors/42 1.026s
2025-03-25 18:34:04.359 69171 INFO tempest.lib.common.rest_client [req-f88c1d99-7a91-45dc-815a-6d1e0bb111de req-f88c1d99-7a91-45dc-815a-6d1e0bb111de ] Request (ImagesMetadataTestJSON:tearDownClass): 204 DELETE http://10.180.1.21/identity/v3/users/242397b1fd0940db85e7116c721c11d4 0.164s
2025-03-25 18:34:04.359 69171 INFO tempest.lib.common.dynamic_creds [-] Deleting project and security group for project: ba9fce002ae04cb29b5dedee90687a60
2025-03-25 18:34:04.359 69158 INFO tempest.lib.common.rest_client [req-7eaa8db1-fb5c-485e-92bb-3be4ad36a75d req-7eaa8db1-fb5c-485e-92bb-3be4ad36a75d ] Request (QuotasAdminTestV236:tearDownClass): 204 DELETE http://10.180.1.21/identity/v3/projects/3b8192a7282649408d3b3ddd54ef2b77 0.149s
2025-03-25 18:34:04.361 69158 INFO tempest.test [-] raised in SpiceDirectConsoleTestJSON.setUpClass. Invoking tearDownClass.
2025-03-25 18:34:04.367 69198 INFO tempest.lib.common.rest_client [req-a1b429a8-bf88-439f-bd7c-1bf5aec3344e req-a1b429a8-bf88-439f-bd7c-1bf5aec3344e ] Request (MigrationsAdminTest:test_list_migrations_in_flavor_resize_situation): 200 GET http://10.180.1.21/compute/v2.1/servers/ff3f81eb-8599-47e0-a5a8-26f21ea70fc5 1.157s
2025-03-25 18:34:04.443 69171 INFO tempest.lib.common.rest_client [req-ceae314c-1157-43aa-9c4c-0fdd4196afc9 req-ceae314c-1157-43aa-9c4c-0fdd4196afc9 ] Request (ImagesMetadataTestJSON:tearDownClass): 201 POST http://10.180.1.21/identity/v3/auth/tokens 0.084s
2025-03-25 18:34:04.456 69208 INFO tempest.lib.common.rest_client [req-14ca5963-bc9e-4eef-9872-3e2ed1202018 req-14ca5963-bc9e-4eef-9872-3e2ed1202018 ] Request (HypervisorAdminNegativeUnderV252Test:setUpClass): 201 POST http://10.180.1.21/identity/v3/projects 0.182s
2025-03-25 18:34:04.470 69180 INFO tempest.lib.common.rest_client [req-fdfa8988-e206-4b41-bb2e-99a810dadc3c req-fdfa8988-e206-4b41-bb2e-99a810dadc3c ] Request (ServerDiagnosticsV248Test:tearDownClass): 204 DELETE http://10.180.1.21/compute/v2.1/servers/295e1d0c-892d-444d-8461-d6d964eee4ff 0.998s
2025-03-25 18:34:04.502 69158 INFO tempest.lib.common.rest_client [req-db858d7a-c02a-46b0-92fc-3f0481add98f req-db858d7a-c02a-46b0-92fc-3f0481add98f ] Request (AttachInterfacesV270Test:setUpClass): 201 POST http://10.180.1.21/identity/v3/auth/tokens 0.136s
2025-03-25 18:34:04.544 69208 INFO tempest.lib.common.rest_client [req-74a05f9d-0a44-480c-896f-0389cc212904 req-74a05f9d-0a44-480c-896f-0389cc212904 ] Request (HypervisorAdminNegativeUnderV252Test:setUpClass): 201 POST http://10.180.1.21/identity/v3/users 0.087s
2025-03-25 18:34:04.553 69178 INFO tempest.lib.common.rest_client [req-b93707a1-ca19-4219-93b6-42cba954b93c req-b93707a1-ca19-4219-93b6-42cba954b93c ] Request (VolumesAssistedSnapshotsTest:test_volume_assisted_snapshot_create_delete): 200 GET http://10.180.1.21/compute/v2.1/servers/53a0d5d8-8049-427e-8beb-685a275a09f0 1.141s
2025-03-25 18:34:04.574 69158 INFO tempest.lib.common.rest_client [req-048fa502-b492-439b-bfc9-529d80d4f0f2 req-048fa502-b492-439b-bfc9-529d80d4f0f2 ] Request (AttachInterfacesV270Test:setUpClass): 201 POST http://10.180.1.21/identity/v3/auth/tokens 0.070s
2025-03-25 18:34:04.579 69208 INFO tempest.lib.common.rest_client [req-cb3c003c-ab8a-4f5f-ba13-ae7b425b3a4b req-cb3c003c-ab8a-4f5f-ba13-ae7b425b3a4b ] Request (HypervisorAdminNegativeUnderV252Test:setUpClass): 200 GET http://10.180.1.21/identity/v3/roles 0.035s
2025-03-25 18:34:04.612 69208 INFO tempest.lib.common.rest_client [req-2c8f7381-b7eb-4fa0-9c59-003780ac64f0 req-2c8f7381-b7eb-4fa0-9c59-003780ac64f0 ] Request (HypervisorAdminNegativeUnderV252Test:setUpClass): 204 PUT http://10.180.1.21/identity/v3/projects/2f3fdaea87534c6eab9358395acb61fb/users/92213d77115d4cc2a1ed0bb397475d05/roles/4d20d821c8824c91a41c00ba08c79739 0.032s
2025-03-25 18:34:04.620 69158 INFO tempest.lib.common.rest_client [req-a1296d5c-1d40-4e33-a013-9a0e15237776 req-a1296d5c-1d40-4e33-a013-9a0e15237776 ] Request (AttachInterfacesV270Test:setUpClass): 200 GET http://10.180.1.21/identity/v3/domains?name=Default 0.045s
2025-03-25 18:34:04.650 69192 INFO tempest.lib.common.rest_client [req-e494e492-b9da-4596-9281-5bd7d7129f60 req-e494e492-b9da-4596-9281-5bd7d7129f60 ] Request (ServerTagsTestJSON:setUpClass): 200 GET http://10.180.1.21/compute/v2.1/servers/35f1fcb9-985b-4bac-8dc3-e0787f43de54 1.149s
2025-03-25 18:34:04.664 69192 INFO tempest.common.waiters [-] State transition "BUILD/scheduling" ==> "BUILD/None" after 4 second wait
2025-03-25 18:34:04.666 69208 INFO tempest.lib.common.rest_client [req-8e1297f7-5218-4daf-aca2-e98fbde21897 req-8e1297f7-5218-4daf-aca2-e98fbde21897 ] Request (HypervisorAdminNegativeUnderV252Test:setUpClass): 200 GET http://10.180.1.21/identity/v3/roles 0.053s
2025-03-25 18:34:04.685 69208 INFO tempest.lib.common.rest_client [req-afc89ca3-9664-4843-a421-490647e36b6c req-afc89ca3-9664-4843-a421-490647e36b6c ] Request (HypervisorAdminNegativeUnderV252Test:setUpClass): 204 PUT http://10.180.1.21/identity/v3/projects/2f3fdaea87534c6eab9358395acb61fb/users/92213d77115d4cc2a1ed0bb397475d05/roles/4d20d821c8824c91a41c00ba08c79739 0.019s
2025-03-25 18:34:04.685 69208 INFO tempest.lib.common.dynamic_creds [-] Dynamic test user 92213d77115d4cc2a1ed0bb397475d05 is created with scope project and roles: ['admin']
2025-03-25 18:34:04.685 69208 INFO tempest.lib.common.dynamic_creds [-] Acquired dynamic creds: credentials: Credentials: {'domain_id': 'default', 'domain_name': 'Default', 'username': 'tempest-HypervisorAdminNegativeUnderV252Test-2028685335-project-admin', 'project_domain_id': 'default', 'project_domain_name': 'Default', 'project_id': '2f3fdaea87534c6eab9358395acb61fb', 'project_name': 'tempest-HypervisorAdminNegativeUnderV252Test-2028685335', 'tenant_id': '2f3fdaea87534c6eab9358395acb61fb', 'tenant_name': 'tempest-HypervisorAdminNegativeUnderV252Test-2028685335', 'user_domain_id': 'default', 'user_domain_name': 'Default', 'user_id': '92213d77115d4cc2a1ed0bb397475d05', 'system': None}, Network: None, Subnet: None, Router: None
2025-03-25 18:34:04.685 69208 INFO tempest.lib.common.dynamic_creds [-] Created isolated network resources for: credentials: Credentials: {'domain_id': 'default', 'domain_name': 'Default', 'username': 'tempest-HypervisorAdminNegativeUnderV252Test-2028685335-project-admin', 'project_domain_id': 'default', 'project_domain_name': 'Default', 'project_id': '2f3fdaea87534c6eab9358395acb61fb', 'project_name': 'tempest-HypervisorAdminNegativeUnderV252Test-2028685335', 'tenant_id': '2f3fdaea87534c6eab9358395acb61fb', 'tenant_name': 'tempest-HypervisorAdminNegativeUnderV252Test-2028685335', 'user_domain_id': 'default', 'user_domain_name': 'Default', 'user_id': '92213d77115d4cc2a1ed0bb397475d05', 'system': None}, Network: None, Subnet: None, Router: None
2025-03-25 18:34:04.696 69166 INFO tempest.lib.common.rest_client [req-f66d3e37-d531-4a8f-aefd-9d1a67aec190 req-f66d3e37-d531-4a8f-aefd-9d1a67aec190 ] Request (KeyPairsV2TestJSON:test_keypairs_create_list_delete): 200 POST http://10.180.1.21/compute/v2.1/os-keypairs 1.181s
2025-03-25 18:34:04.699 69158 INFO tempest.lib.common.rest_client [req-450ffbc1-ba76-4716-9376-640f08601e7c req-450ffbc1-ba76-4716-9376-640f08601e7c ] Request (AttachInterfacesV270Test:setUpClass): 201 POST http://10.180.1.21/identity/v3/projects 0.079s
2025-03-25 18:34:04.719 69210 INFO tempest.lib.common.rest_client [req-67f4fccb-7b63-493e-a584-48a15af30623 req-67f4fccb-7b63-493e-a584-48a15af30623 ] Request (DeleteServersAdminTestJSON:test_admin_delete_servers_of_others): 404 GET http://10.180.1.21/compute/v2.1/servers/5ebcefb7-7726-44fd-a9da-1454cbb39bd7 1.047s
2025-03-25 18:34:04.754 69162 INFO tempest.lib.common.rest_client [req-36998ca0-cd44-4f3a-8e6b-e653478f3d37 req-36998ca0-cd44-4f3a-8e6b-e653478f3d37 ] Request (SecurityGroupRulesNegativeTestJSON:test_create_security_group_rule_with_invalid_ip_protocol): 200 POST http://10.180.1.21/compute/v2.1/os-security-groups 1.280s
2025-03-25 18:34:04.757 69158 INFO tempest.lib.common.rest_client [req-15794257-f0e4-48d3-8999-afc5264d9885 req-15794257-f0e4-48d3-8999-afc5264d9885 ] Request (AttachInterfacesV270Test:setUpClass): 201 POST http://10.180.1.21/identity/v3/users 0.057s
2025-03-25 18:34:04.774 69171 INFO tempest.lib.common.rest_client [req-a53b621b-bd85-400d-95e2-8336faa1de16 req-a53b621b-bd85-400d-95e2-8336faa1de16 ] Request (ImagesMetadataTestJSON:tearDownClass): 200 GET http://10.180.1.21:9696/networking/v2.0/security-groups?tenant_id=ba9fce002ae04cb29b5dedee90687a60&name=default 0.330s
2025-03-25 18:34:04.798 69208 INFO tempest.lib.common.rest_client [req-63fdb01e-d089-4c56-9d87-3de34c957b9e req-63fdb01e-d089-4c56-9d87-3de34c957b9e ] Request (HypervisorAdminNegativeUnderV252Test:setUpClass): 201 POST http://10.180.1.21/identity/v3/auth/tokens 0.108s
2025-03-25 18:34:04.813 69186 INFO tempest.lib.common.rest_client [req-8dfc3aad-6270-4a70-865b-9e4dc56cd932 req-8dfc3aad-6270-4a70-865b-9e4dc56cd932 ] Request (ServersAaction247Test:test_create_backup): 200 GET http://10.180.1.21/compute/v2.1/servers/8edd2a87-1a90-43ea-a0fa-c285caa89226 1.028s
2025-03-25 18:34:04.833 69212 INFO tempest.lib.common.rest_client [req-9700bb21-6d89-4815-bb1d-ed645f7fa5d4 req-9700bb21-6d89-4815-bb1d-ed645f7fa5d4 ] Request (ServerGroup264TestJSON:test_create_get_server_group): 200 GET http://10.180.1.21/compute/v2.1/os-server-groups 1.033s
2025-03-25 18:34:04.855 69210 INFO tempest.lib.common.rest_client [req-646e514b-bc95-4294-a833-dbf722e0df4b req-646e514b-bc95-4294-a833-dbf722e0df4b ] Request (DeleteServersAdminTestJSON:test_delete_server_while_in_error_state): 201 POST http://10.180.1.21/identity/v3/auth/tokens 0.125s
2025-03-25 18:34:04.855 69210 INFO tempest.lib.common.fixed_network [-] (DeleteServersAdminTestJSON:test_delete_server_while_in_error_state) Found network None available for tenant
2025-03-25 18:34:04.863 69158 INFO tempest.lib.common.rest_client [req-85aafdee-30c7-4532-89c5-43be63cc087d req-85aafdee-30c7-4532-89c5-43be63cc087d ] Request (AttachInterfacesV270Test:setUpClass): 200 GET http://10.180.1.21/identity/v3/roles 0.106s
2025-03-25 18:34:04.877 69171 INFO tempest.lib.common.rest_client [req-fa573d6c-5a98-4ed7-a7c0-65c40013b11b req-fa573d6c-5a98-4ed7-a7c0-65c40013b11b ] Request (ImagesMetadataTestJSON:tearDownClass): 204 DELETE http://10.180.1.21:9696/networking/v2.0/security-groups/d4b37321-39c4-4dbb-855a-aefd37206267 0.103s
2025-03-25 18:34:04.895 69158 INFO tempest.lib.common.rest_client [req-3f6e8e3a-92d2-46af-bfae-65c03e868023 req-3f6e8e3a-92d2-46af-bfae-65c03e868023 ] Request (AttachInterfacesV270Test:setUpClass): 204 PUT http://10.180.1.21/identity/v3/projects/ca498a014f06403cb8502ce9c936e932/users/ca84ea4792554251887496ee3e8a1540/roles/7c563243bd354a0ea1f7e5c1aadfc9e2 0.032s
2025-03-25 18:34:04.896 69158 INFO tempest.lib.common.dynamic_creds [-] Dynamic test user ca84ea4792554251887496ee3e8a1540 is created with scope project and roles: ['member']
2025-03-25 18:34:04.896 69158 INFO tempest.lib.common.dynamic_creds [-] Acquired dynamic creds: credentials: Credentials: {'domain_id': 'default', 'domain_name': 'Default', 'username': 'tempest-AttachInterfacesV270Test-155196817-project-member', 'project_domain_id': 'default', 'project_domain_name': 'Default', 'project_id': 'ca498a014f06403cb8502ce9c936e932', 'project_name': 'tempest-AttachInterfacesV270Test-155196817', 'tenant_id': 'ca498a014f06403cb8502ce9c936e932', 'tenant_name': 'tempest-AttachInterfacesV270Test-155196817', 'user_domain_id': 'default', 'user_domain_name': 'Default', 'user_id': 'ca84ea4792554251887496ee3e8a1540', 'system': None}, Network: None, Subnet: None, Router: None
2025-03-25 18:34:04.948 69171 INFO tempest.lib.common.rest_client [req-ed4e053b-d685-4fd0-9807-c1e113cc9a29 req-ed4e053b-d685-4fd0-9807-c1e113cc9a29 ] Request (ImagesMetadataTestJSON:tearDownClass): 204 DELETE http://10.180.1.21/identity/v3/projects/ba9fce002ae04cb29b5dedee90687a60 0.071s
2025-03-25 18:34:04.959 69158 INFO tempest.lib.common.rest_client [req-da13945b-835c-44f4-88aa-a108bb6219d1 req-da13945b-835c-44f4-88aa-a108bb6219d1 ] Request (AttachInterfacesV270Test:setUpClass): 201 POST http://10.180.1.21/identity/v3/auth/tokens 0.063s
2025-03-25 18:34:04.986 69176 INFO tempest.lib.common.rest_client [req-9cc623c4-dc26-47d0-b195-3a0ea30233c2 req-9cc623c4-dc26-47d0-b195-3a0ea30233c2 ] Request (ServerExternalEventsTest:test_create_server_external_events): 200 GET http://10.180.1.21/compute/v2.1/servers/72cad1ac-44b8-4d90-bfde-7078e2ffd0e1 1.103s
2025-03-25 18:34:04.995 69176 INFO tempest.common.waiters [-] State transition "BUILD/block_device_mapping" ==> "BUILD/spawning" after 20 second wait
2025-03-25 18:34:05.006 69171 INFO tempest.lib.common.rest_client [req-ba4e1d61-eabc-4eeb-8045-0dfe5204554c req-ba4e1d61-eabc-4eeb-8045-0dfe5204554c ] Request (ListImageFiltersNegativeTestJSON:setUpClass): 201 POST http://10.180.1.21/identity/v3/auth/tokens 0.056s
2025-03-25 18:34:05.040 69171 INFO tempest.lib.common.rest_client [req-208f4ca4-54ce-41eb-a243-116a8480efce req-208f4ca4-54ce-41eb-a243-116a8480efce ] Request (ListImageFiltersNegativeTestJSON:setUpClass): 201 POST http://10.180.1.21/identity/v3/auth/tokens 0.032s
2025-03-25 18:34:05.075 69171 INFO tempest.lib.common.rest_client [req-a548174b-fe03-4b5e-8ee9-ca7b4b76a0ad req-a548174b-fe03-4b5e-8ee9-ca7b4b76a0ad ] Request (ListImageFiltersNegativeTestJSON:setUpClass): 200 GET http://10.180.1.21/identity/v3/domains?name=Default 0.035s
2025-03-25 18:34:05.085 69190 INFO tempest.lib.common.rest_client [req-a6217ca5-5793-406b-a2b2-e7d3425970a7 req-a6217ca5-5793-406b-a2b2-e7d3425970a7 ] Request (ServersV294TestFqdnHostnames:setUpClass): 200 GET http://10.180.1.21/compute/v2.1/servers/e8defb77-1526-4962-9612-f7299492b53b 1.066s
2025-03-25 18:34:05.129 69171 INFO tempest.lib.common.rest_client [req-b09dd5aa-a081-406a-ad7b-f78167cd2813 req-b09dd5aa-a081-406a-ad7b-f78167cd2813 ] Request (ListImageFiltersNegativeTestJSON:setUpClass): 201 POST http://10.180.1.21/identity/v3/projects 0.052s
2025-03-25 18:34:05.241 69171 INFO tempest.lib.common.rest_client [req-98deba7b-5725-4247-98b6-e2f1c1697b66 req-98deba7b-5725-4247-98b6-e2f1c1697b66 ] Request (ListImageFiltersNegativeTestJSON:setUpClass): 201 POST http://10.180.1.21/identity/v3/users 0.111s
2025-03-25 18:34:05.270 69171 INFO tempest.lib.common.rest_client [req-25c28fae-d0fc-41b0-a34e-36082affc17c req-25c28fae-d0fc-41b0-a34e-36082affc17c ] Request (ListImageFiltersNegativeTestJSON:setUpClass): 200 GET http://10.180.1.21/identity/v3/roles 0.029s
2025-03-25 18:34:05.315 69171 INFO tempest.lib.common.rest_client [req-659938ea-f6db-4000-ad87-9ba60e2630e4 req-659938ea-f6db-4000-ad87-9ba60e2630e4 ] Request (ListImageFiltersNegativeTestJSON:setUpClass): 204 PUT http://10.180.1.21/identity/v3/projects/706bd18095da47b58241674b5ccf1a46/users/8552aa95bca342cf85f5eb0e4617c429/roles/7c563243bd354a0ea1f7e5c1aadfc9e2 0.044s
2025-03-25 18:34:05.315 69171 INFO tempest.lib.common.dynamic_creds [-] Dynamic test user 8552aa95bca342cf85f5eb0e4617c429 is created with scope project and roles: ['member']
2025-03-25 18:34:05.315 69171 INFO tempest.lib.common.dynamic_creds [-] Acquired dynamic creds: credentials: Credentials: {'domain_id': 'default', 'domain_name': 'Default', 'username': 'tempest-ListImageFiltersNegativeTestJSON-900754505-project-member', 'project_domain_id': 'default', 'project_domain_name': 'Default', 'project_id': '706bd18095da47b58241674b5ccf1a46', 'project_name': 'tempest-ListImageFiltersNegativeTestJSON-900754505', 'tenant_id': '706bd18095da47b58241674b5ccf1a46', 'tenant_name': 'tempest-ListImageFiltersNegativeTestJSON-900754505', 'user_domain_id': 'default', 'user_domain_name': 'Default', 'user_id': '8552aa95bca342cf85f5eb0e4617c429', 'system': None}, Network: None, Subnet: None, Router: None
2025-03-25 18:34:05.315 69171 INFO tempest.lib.common.dynamic_creds [-] Created isolated network resources for: credentials: Credentials: {'domain_id': 'default', 'domain_name': 'Default', 'username': 'tempest-ListImageFiltersNegativeTestJSON-900754505-project-member', 'project_domain_id': 'default', 'project_domain_name': 'Default', 'project_id': '706bd18095da47b58241674b5ccf1a46', 'project_name': 'tempest-ListImageFiltersNegativeTestJSON-900754505', 'tenant_id': '706bd18095da47b58241674b5ccf1a46', 'tenant_name': 'tempest-ListImageFiltersNegativeTestJSON-900754505', 'user_domain_id': 'default', 'user_domain_name': 'Default', 'user_id': '8552aa95bca342cf85f5eb0e4617c429', 'system': None}, Network: None, Subnet: None, Router: None
2025-03-25 18:34:05.425 69171 INFO tempest.lib.common.rest_client [req-53678df0-b31d-4b20-bd3b-e77753d06835 req-53678df0-b31d-4b20-bd3b-e77753d06835 ] Request (ListImageFiltersNegativeTestJSON:setUpClass): 201 POST http://10.180.1.21/identity/v3/auth/tokens 0.106s
2025-03-25 18:34:05.472 69158 INFO tempest.lib.common.rest_client [req-60318a7c-422e-43c4-ab47-14227afc15bf req-60318a7c-422e-43c4-ab47-14227afc15bf ] Request (AttachInterfacesV270Test:setUpClass): 201 POST http://10.180.1.21:9696/networking/v2.0/networks 0.512s
2025-03-25 18:34:05.479 69156 INFO tempest.lib.common.rest_client [req-60b76942-9c3f-4920-a2f5-e41ba701f154 req-60b76942-9c3f-4920-a2f5-e41ba701f154 ] Request (ServersNegativeTestJSON:setUpClass): 202 POST http://10.180.1.21/compute/v2.1/servers 1.746s
2025-03-25 18:34:05.510 69188 INFO tempest.lib.common.rest_client [req-ed2ce081-d495-468d-9ce2-c82e559b673d req-ed2ce081-d495-468d-9ce2-c82e559b673d ] Request (AggregatesAdminNegativeTestJSON:test_aggregate_remove_host_as_user): 200 POST http://10.180.1.21/compute/v2.1/os-aggregates/7/action 1.442s
2025-03-25 18:34:05.620 69152 INFO tempest.lib.common.rest_client [req-72e34790-27e4-4b84-bf3c-ecbcdf9c9e5d req-72e34790-27e4-4b84-bf3c-ecbcdf9c9e5d ] Request (ServersTestManualDisk:setUpClass): 200 POST http://10.180.1.21/compute/v2.1/os-keypairs 1.501s
2025-03-25 18:34:05.647 69196 INFO tempest.lib.common.rest_client [req-d7ebb2cb-6923-4c2d-80ab-6868ff80dde3 req-d7ebb2cb-6923-4c2d-80ab-6868ff80dde3 ] Request (QuotaClassesAdminTestJSON:test_update_default_quotas): 200 PUT http://10.180.1.21/compute/v2.1/os-quota-class-sets/default 1.494s
2025-03-25 18:34:05.683 69172 INFO tempest.lib.common.rest_client [req-c2911ee7-ff5c-45c3-b8fa-1cfb42fda1b3 req-c2911ee7-ff5c-45c3-b8fa-1cfb42fda1b3 ] Request (KeyPairsV22TestJSON:test_keypairsv22_create_list_show): 201 POST http://10.180.1.21/compute/v2.1/os-keypairs 1.355s
2025-03-25 18:34:05.713 69194 INFO tempest.lib.common.rest_client [req-aa417ec6-8e2a-4f07-b17e-b1f202c8eb65 req-aa417ec6-8e2a-4f07-b17e-b1f202c8eb65 ] Request (FlavorsV2TestJSON:test_list_flavors_filter_by_min_ram): 200 GET http://10.180.1.21/compute/v2.1/flavors?minRam=193 1.365s
2025-03-25 18:34:05.737 69158 INFO tempest.lib.common.rest_client [req-cc20ceb5-e3e7-436b-8646-b9d0842185f7 req-cc20ceb5-e3e7-436b-8646-b9d0842185f7 ] Request (AttachInterfacesV270Test:setUpClass): 201 POST http://10.180.1.21:9696/networking/v2.0/subnets 0.264s
2025-03-25 18:34:05.842 69202 INFO tempest.lib.common.rest_client [req-30186544-f300-4850-be18-6643982b524e req-30186544-f300-4850-be18-6643982b524e ] Request (ServerRescueNegativeTestJSON:setUpClass): 200 GET http://10.180.1.21/compute/v2.1/servers/423efc1e-c007-42d0-bf18-269b075ccff2 1.543s
2025-03-25 18:34:05.865 69174 INFO tempest.lib.common.rest_client [req-193e586a-a4c2-4ef2-855a-ec0b8c2cf4d4 req-193e586a-a4c2-4ef2-855a-ec0b8c2cf4d4 ] Request (ImagesNegativeTestJSON:test_create_image_from_deleted_server): 200 GET http://10.180.1.21/compute/v2.1/servers/03a157f6-051b-40f3-89e6-3b24db7d7c61 1.461s
2025-03-25 18:34:05.867 69152 INFO tempest.lib.common.rest_client [req-221f8887-3cbd-401f-9ec4-5e28c1178c5f req-221f8887-3cbd-401f-9ec4-5e28c1178c5f ] Request (ServersTestManualDisk:setUpClass): 201 POST http://10.180.1.21:9696/networking/v2.0/security-groups 0.245s
2025-03-25 18:34:05.872 69174 INFO tempest.common.waiters [-] State transition "BUILD/None" ==> "BUILD/spawning" after 18 second wait
2025-03-25 18:34:05.896 69180 INFO tempest.lib.common.rest_client [req-123c47b4-006c-4eb3-87d7-e14e8bd5bce7 req-123c47b4-006c-4eb3-87d7-e14e8bd5bce7 ] Request (ServerDiagnosticsV248Test:tearDownClass): 200 GET http://10.180.1.21/compute/v2.1/servers/295e1d0c-892d-444d-8461-d6d964eee4ff 1.425s
2025-03-25 18:34:05.921 69168 INFO tempest.lib.common.rest_client [req-db783402-6f4f-4e04-8f4a-7dd9246aaa90 req-db783402-6f4f-4e04-8f4a-7dd9246aaa90 ] Request (ServerAddressesTestJSON:tearDownClass): 200 GET http://10.180.1.21/compute/v2.1/servers/30a5da31-76c4-4500-9875-211849ef9c6a 1.441s
2025-03-25 18:34:05.954 69164 INFO tempest.lib.common.rest_client [req-08292ac6-8735-44a5-8075-66a8820d72c9 req-08292ac6-8735-44a5-8075-66a8820d72c9 ] Request (ServerDiagnosticsNegativeTest:tearDownClass): 200 GET http://10.180.1.21/compute/v2.1/servers/41fc595a-191d-48fb-94bf-67212e8f5699 1.360s
2025-03-25 18:34:05.969 69200 INFO tempest.lib.common.rest_client [req-46500370-2978-4d84-9dd2-523385764dc6 req-46500370-2978-4d84-9dd2-523385764dc6 ] Request (ServersWithSpecificFlavorTestJSON:test_verify_created_server_ephemeral_disk): 200 GET http://10.180.1.21/compute/v2.1/servers/b40e7bdb-cc27-4536-bc35-68184c900060 1.358s
2025-03-25 18:34:05.978 69166 INFO tempest.lib.common.rest_client [req-0acc95a8-09cd-4266-9634-00076a726fa8 req-0acc95a8-09cd-4266-9634-00076a726fa8 ] Request (KeyPairsV2TestJSON:test_keypairs_create_list_delete): 200 GET http://10.180.1.21/compute/v2.1/os-keypairs 1.280s
2025-03-25 18:34:06.012 69204 INFO tempest.lib.common.rest_client [req-aa2b8049-1299-46e7-8aa2-5fd1c5a9a97a req-aa2b8049-1299-46e7-8aa2-5fd1c5a9a97a ] Request (ServersAdminTestJSON:test_create_server_with_scheduling_hint): 200 GET http://10.180.1.21/compute/v2.1/servers/7eae8370-b95c-4263-a671-a6032ade221d 1.329s
2025-03-25 18:34:06.031 69154 INFO tempest.lib.common.rest_client [req-444db07e-3a3b-43d3-b357-2934548637f2 req-444db07e-3a3b-43d3-b357-2934548637f2 ] Request (ServerDiskConfigTestJSON:test_rebuild_server_with_auto_disk_config): 200 GET http://10.180.1.21/compute/v2.1/servers/f80f943b-e912-4b1d-a2d2-0d42c7f61e0c 1.287s
2025-03-25 18:34:06.046 69162 INFO tempest.lib.common.rest_client [req-85c67f09-62c8-491d-b3a3-adcf7943ef60 req-85c67f09-62c8-491d-b3a3-adcf7943ef60 ] Request (SecurityGroupRulesNegativeTestJSON:test_create_security_group_rule_with_invalid_ip_protocol): 400 POST http://10.180.1.21/compute/v2.1/os-security-group-rules 1.287s
2025-03-25 18:34:06.077 69212 INFO tempest.lib.common.rest_client [req-bda35113-0572-4dd0-a7d1-7282f2ae58bc req-bda35113-0572-4dd0-a7d1-7282f2ae58bc ] Request (ServerGroup264TestJSON:test_create_get_server_group): 200 GET http://10.180.1.21/compute/v2.1/os-server-groups/6593c123-2de8-4312-b89b-97bcb317a872 1.241s
2025-03-25 18:34:06.090 69152 INFO tempest.lib.common.rest_client [req-d24d8807-c6e9-40c9-8e61-63e69b3b11cc req-d24d8807-c6e9-40c9-8e61-63e69b3b11cc ] Request (ServersTestManualDisk:setUpClass): 201 POST http://10.180.1.21:9696/networking/v2.0/security-group-rules 0.222s
2025-03-25 18:34:06.163 69208 INFO tempest.lib.common.rest_client [req-f95c242d-5c72-400c-abbc-e8aa309d8d10 req-f95c242d-5c72-400c-abbc-e8aa309d8d10 ] Request (HypervisorAdminNegativeUnderV252Test:test_search_hypervisor_with_non_admin_user): 200 GET http://10.180.1.21/compute/v2.1/os-hypervisors 1.363s
2025-03-25 18:34:06.236 69160 INFO tempest.lib.common.rest_client [req-6fad3e99-2e23-4f0e-8628-42a0e03f6080 req-6fad3e99-2e23-4f0e-8628-42a0e03f6080 ] Request (FloatingIPsAssociationNegativeTestJSON:setUpClass): 200 GET http://10.180.1.21/compute/v2.1/servers/cdff230c-2bdf-4bd9-91c0-139f7fafccc3 1.244s
2025-03-25 18:34:06.262 69152 INFO tempest.lib.common.rest_client [req-c8b7c4e8-cec4-4c42-9944-99989962cbf2 req-c8b7c4e8-cec4-4c42-9944-99989962cbf2 ] Request (ServersTestManualDisk:setUpClass): 201 POST http://10.180.1.21:9696/networking/v2.0/security-group-rules 0.172s
2025-03-25 18:34:06.337 69182 INFO tempest.lib.common.rest_client [req-c05e4470-9236-4961-9696-7bb8c29b6cb8 req-c05e4470-9236-4961-9696-7bb8c29b6cb8 ] Request (TenantUsagesTestJSON:tearDownClass): 200 GET http://10.180.1.21/compute/v2.1/servers/e5210410-3725-4dea-902d-9fcc2a4bc9e5 1.339s
2025-03-25 18:34:06.359 69210 INFO tempest.lib.common.rest_client [req-2bdd5e6d-62cf-4f49-8fef-6eed5e592ad3 req-2bdd5e6d-62cf-4f49-8fef-6eed5e592ad3 ] Request (DeleteServersAdminTestJSON:test_delete_server_while_in_error_state): 202 POST http://10.180.1.21/compute/v2.1/servers 1.503s
2025-03-25 18:34:06.414 69206 INFO tempest.lib.common.rest_client [req-2ac86bdc-810a-448a-b725-b070cd18c7d3 req-2ac86bdc-810a-448a-b725-b070cd18c7d3 ] Request (FloatingIPsAssociationTestJSON:test_associate_already_associated_floating_ip): 200 GET http://10.180.1.21/compute/v2.1/servers/0a3ec5b2-43c5-49ae-ad46-c2a67581ff73 1.203s
2025-03-25 18:34:06.452 69171 INFO tempest.lib.common.rest_client [req-f86002e7-bc48-4db8-bb69-b019993ffa42 req-f86002e7-bc48-4db8-bb69-b019993ffa42 ] Request (ListImageFiltersNegativeTestJSON:test_get_nonexistent_image): 404 GET http://10.180.1.21/compute/v2.1/images/5fac35e6-bfda-4bf7-a03a-032c44064db2 1.026s
2025-03-25 18:34:06.520 69156 INFO tempest.lib.common.rest_client [req-8eca7cef-a823-4fd1-8d55-60e7bfb7976f req-8eca7cef-a823-4fd1-8d55-60e7bfb7976f ] Request (ServersNegativeTestJSON:setUpClass): 200 GET http://10.180.1.21/compute/v2.1/servers/d5ab1888-4692-4c9b-be29-6adda0c5c931 1.037s
2025-03-25 18:34:06.552 69188 INFO tempest.lib.common.rest_client [req-7ed4ec47-1ae7-4a78-964c-73311c9ff455 req-7ed4ec47-1ae7-4a78-964c-73311c9ff455 ] Request (AggregatesAdminNegativeTestJSON:test_aggregate_remove_host_as_user): 403 POST http://10.180.1.21/compute/v2.1/os-aggregates/7/action 1.038s
2025-03-25 18:34:06.562 69198 INFO tempest.lib.common.rest_client [req-eb13a2f6-6ef5-40de-97dd-10e4546de7e7 req-eb13a2f6-6ef5-40de-97dd-10e4546de7e7 ] Request (MigrationsAdminTest:test_list_migrations_in_flavor_resize_situation): 200 GET http://10.180.1.21/compute/v2.1/servers/ff3f81eb-8599-47e0-a5a8-26f21ea70fc5 1.185s
2025-03-25 18:34:06.583 69196 INFO tempest.lib.common.rest_client [req-66a93bda-29ca-49f8-b5d3-ba70f66ba302 req-66a93bda-29ca-49f8-b5d3-ba70f66ba302 ] Request (QuotaClassesAdminTestJSON:test_update_default_quotas): 200 GET http://10.180.1.21/compute/v2.1/os-quota-class-sets/default 0.932s
2025-03-25 18:34:06.599 69171 INFO tempest.lib.common.rest_client [req-132998b7-9577-42cb-88cb-054fefd54090 req-132998b7-9577-42cb-88cb-054fefd54090 ] Request (ListImageFiltersNegativeTestJSON:tearDownClass): 204 DELETE http://10.180.1.21/identity/v3/users/8552aa95bca342cf85f5eb0e4617c429 0.145s
2025-03-25 18:34:06.599 69171 INFO tempest.lib.common.dynamic_creds [-] Deleting project and security group for project: 706bd18095da47b58241674b5ccf1a46
2025-03-25 18:34:06.649 69192 INFO tempest.lib.common.rest_client [req-c5c14713-a278-4ce9-aa52-5c226d9e9ae0 req-c5c14713-a278-4ce9-aa52-5c226d9e9ae0 ] Request (ServerTagsTestJSON:setUpClass): 200 GET http://10.180.1.21/compute/v2.1/servers/35f1fcb9-985b-4bac-8dc3-e0787f43de54 0.984s
2025-03-25 18:34:06.661 69172 INFO tempest.lib.common.rest_client [req-3c4479cb-5725-4cfa-af19-77274ec8c071 req-3c4479cb-5725-4cfa-af19-77274ec8c071 ] Request (KeyPairsV22TestJSON:test_keypairsv22_create_list_show): 200 GET http://10.180.1.21/compute/v2.1/os-keypairs/tempest-keypair-403504180 0.977s
2025-03-25 18:34:06.672 69171 INFO tempest.lib.common.rest_client [req-bfdaad16-efaf-4e55-a540-065b335f241c req-bfdaad16-efaf-4e55-a540-065b335f241c ] Request (ListImageFiltersNegativeTestJSON:tearDownClass): 201 POST http://10.180.1.21/identity/v3/auth/tokens 0.072s
2025-03-25 18:34:06.677 69194 INFO tempest.lib.common.rest_client [req-8742f064-5b16-4c0d-8832-ca3ee92bb5b1 req-8742f064-5b16-4c0d-8832-ca3ee92bb5b1 ] Request (FlavorsV2TestJSON:test_list_flavors_limit_results): 200 GET http://10.180.1.21/compute/v2.1/flavors?limit=1 0.961s
2025-03-25 18:34:06.735 69178 INFO tempest.lib.common.rest_client [req-260c3f0f-572b-418e-b761-e3ca7e2c43e5 req-260c3f0f-572b-418e-b761-e3ca7e2c43e5 ] Request (VolumesAssistedSnapshotsTest:test_volume_assisted_snapshot_create_delete): 200 GET http://10.180.1.21/compute/v2.1/servers/53a0d5d8-8049-427e-8beb-685a275a09f0 1.165s
2025-03-25 18:34:06.753 69186 INFO tempest.lib.common.rest_client [req-101814fa-5ca1-4d99-82f5-a92990e9cc47 req-101814fa-5ca1-4d99-82f5-a92990e9cc47 ] Request (ServersAaction247Test:test_create_backup): 200 GET http://10.180.1.21/compute/v2.1/servers/8edd2a87-1a90-43ea-a0fa-c285caa89226 0.928s
2025-03-25 18:34:06.753 69166 INFO tempest.lib.common.rest_client [req-c3f186ee-a8fd-4fb2-a1a1-b8b36e26301f req-c3f186ee-a8fd-4fb2-a1a1-b8b36e26301f ] Request (KeyPairsV2TestJSON:_run_cleanups): 202 DELETE http://10.180.1.21/compute/v2.1/os-keypairs/tempest-KeyPairsV2TestJSON-keypair-1771927789 0.774s
2025-03-25 18:34:06.923 69158 INFO tempest.lib.common.rest_client [req-ed75edfc-4bb9-45c4-94fa-c2b72c1c3192 req-ed75edfc-4bb9-45c4-94fa-c2b72c1c3192 ] Request (AttachInterfacesV270Test:setUpClass): 201 POST http://10.180.1.21:9696/networking/v2.0/routers 1.185s
2025-03-25 18:34:07.022 69176 INFO tempest.lib.common.rest_client [req-76a94df0-e21e-4c86-9163-2682240ca65c req-76a94df0-e21e-4c86-9163-2682240ca65c ] Request (ServerExternalEventsTest:test_create_server_external_events): 200 GET http://10.180.1.21/compute/v2.1/servers/72cad1ac-44b8-4d90-bfde-7078e2ffd0e1 1.026s
2025-03-25 18:34:07.065 69212 INFO tempest.lib.common.rest_client [req-8587cf98-c1b3-454e-9878-f774ecd233a5 req-8587cf98-c1b3-454e-9878-f774ecd233a5 ] Request (ServerGroup264TestJSON:_run_cleanups): 204 DELETE http://10.180.1.21/compute/v2.1/os-server-groups/6593c123-2de8-4312-b89b-97bcb317a872 0.986s
2025-03-25 18:34:07.110 69171 INFO tempest.lib.common.rest_client [req-77dd63d2-c039-48d1-83fe-c787e4e01df2 req-77dd63d2-c039-48d1-83fe-c787e4e01df2 ] Request (ListImageFiltersNegativeTestJSON:tearDownClass): 200 GET http://10.180.1.21:9696/networking/v2.0/security-groups?tenant_id=706bd18095da47b58241674b5ccf1a46&name=default 0.438s
2025-03-25 18:34:07.123 69162 INFO tempest.lib.common.rest_client [req-20705e77-5a72-43ad-91ab-89a6f9bb2ea7 req-20705e77-5a72-43ad-91ab-89a6f9bb2ea7 ] Request (SecurityGroupRulesNegativeTestJSON:test_create_security_group_rule_with_invalid_port_range): 200 POST http://10.180.1.21/compute/v2.1/os-security-groups 1.075s
2025-03-25 18:34:07.161 69190 INFO tempest.lib.common.rest_client [req-5b58bed7-21ba-405b-ab6a-97aee51a80fd req-5b58bed7-21ba-405b-ab6a-97aee51a80fd ] Request (ServersV294TestFqdnHostnames:setUpClass): 200 GET http://10.180.1.21/compute/v2.1/servers/e8defb77-1526-4962-9612-f7299492b53b 1.065s
2025-03-25 18:34:07.189 69152 INFO tempest.lib.common.rest_client [req-37eb196f-2747-4e0c-8db8-1b1bd5b9fa32 req-37eb196f-2747-4e0c-8db8-1b1bd5b9fa32 ] Request (ServersTestManualDisk:setUpClass): 201 POST http://10.180.1.21:9696/networking/v2.0/floatingips 0.927s
2025-03-25 18:34:07.250 69210 INFO tempest.lib.common.rest_client [req-bf8988fc-66f3-4647-b093-149c4b73a498 req-bf8988fc-66f3-4647-b093-149c4b73a498 ] Request (DeleteServersAdminTestJSON:test_delete_server_while_in_error_state): 200 GET http://10.180.1.21/compute/v2.1/servers/297ded63-d94a-4997-bbd0-78c27caf99da 0.889s
2025-03-25 18:34:07.265 69152 INFO tempest.lib.common.rest_client [req-96d1d734-ec59-4671-9d70-bc59fc749dfc req-96d1d734-ec59-4671-9d70-bc59fc749dfc ] Request (ServersTestManualDisk:setUpClass): 201 POST http://10.180.1.21/identity/v3/auth/tokens 0.072s
