2025-03-25 18:34:38.874 69152 INFO tempest.lib.common.rest_client [req-0be895b6-3295-420d-baf7-4f70bee78fc0 req-0be895b6-3295-420d-baf7-4f70bee78fc0 ] Request (ServersTestManualDisk:setUpClass): 200 GET http://10.180.1.21/compute/v2.1/servers/fdf0747e-1b3f-455c-a853-098c445c8924 0.272s
2025-03-25 18:34:38.881 69154 INFO tempest.common.waiters [-] State transition "BUILD/spawning" ==> "ACTIVE/None" after 41 second wait
2025-03-25 18:34:38.927 69166 INFO tempest.lib.common.rest_client [req-720f8b11-a085-40a6-81ec-b412bb7233b6 req-720f8b11-a085-40a6-81ec-b412bb7233b6 ] Request (ServerRescueTestJSONUnderV235:setUpClass): 200 GET http://10.180.1.21/compute/v2.1/servers/0f2357fa-1aa1-4309-a46e-497d1a8257b5 0.277s
2025-03-25 18:34:38.942 69174 INFO tempest.lib.common.rest_client [req-ee2793b9-3418-4c58-bdf7-05a20488838d req-ee2793b9-3418-4c58-bdf7-05a20488838d ] Request (ImagesNegativeTestJSON:test_create_image_from_deleted_server): 200 GET http://10.180.1.21/compute/v2.1/servers/03a157f6-051b-40f3-89e6-3b24db7d7c61 0.292s
2025-03-25 18:34:39.044 69160 INFO tempest.lib.common.rest_client [req-63b470f1-649d-492a-a346-f06e3e004d2c req-63b470f1-649d-492a-a346-f06e3e004d2c ] Request (FloatingIPsAssociationNegativeTestJSON:setUpClass): 200 GET http://10.180.1.21/compute/v2.1/servers/cdff230c-2bdf-4bd9-91c0-139f7fafccc3 0.221s
2025-03-25 18:34:39.054 69160 INFO tempest.common.waiters [-] State transition "BUILD/spawning" ==> "ACTIVE/None" after 42 second wait
2025-03-25 18:34:39.080 69202 INFO tempest.lib.common.rest_client [req-8ce2bcde-8194-40a9-b8a2-4b2c173f1b5d req-8ce2bcde-8194-40a9-b8a2-4b2c173f1b5d ] Request (ServerRescueNegativeTestJSON:_run_cleanups): 200 GET http://10.180.1.21/compute/v2.1/servers/a08615df-fc52-4a65-bea0-6b3bfc513d99 0.212s
2025-03-25 18:34:39.163 69156 INFO tempest.lib.common.rest_client [req-a3543d09-1533-4821-b648-f038d515acfb req-a3543d09-1533-4821-b648-f038d515acfb ] Request (ServersNegativeTestJSON:setUpClass): 200 GET http://10.180.1.21/compute/v2.1/servers/d5ab1888-4692-4c9b-be29-6adda0c5c931 0.262s
2025-03-25 18:34:39.176 69154 INFO tempest.lib.common.rest_client [req-afbee2fc-546f-4099-8b3b-31652d31c10a req-afbee2fc-546f-4099-8b3b-31652d31c10a ] Request (ServerDiskConfigTestJSON:test_rebuild_server_with_auto_disk_config): 200 GET http://10.180.1.21/compute/v2.1/servers/f80f943b-e912-4b1d-a2d2-0d42c7f61e0c 0.294s
2025-03-25 18:34:39.246 69171 INFO tempest.lib.common.rest_client [req-d03d2956-ff2b-4929-985e-6194707f5db9 req-d03d2956-ff2b-4929-985e-6194707f5db9 ] Request (ServersTestFqdnHostnames:test_create_server_with_fqdn_name): 200 GET http://10.180.1.21/compute/v2.1/servers/ecbc1ed3-8601-4ea8-b8f9-862e3faf5943 0.265s
2025-03-25 18:34:39.299 69194 INFO tempest.lib.common.rest_client [req-00bd3472-fa5b-4c13-ad8c-ea5c4574750f req-00bd3472-fa5b-4c13-ad8c-ea5c4574750f ] Request (ImagesOneServerTestJSON:setUpClass): 200 PUT http://10.180.1.21:9696/networking/v2.0/routers/1183a6c5-df2f-4a63-803d-b4ae90400501/add_router_interface 1.315s
2025-03-25 18:34:39.299 69194 INFO tempest.lib.common.dynamic_creds [-] Created isolated network resources for: credentials: Credentials: {'domain_id': 'default', 'domain_name': 'Default', 'username': 'tempest-ImagesOneServerTestJSON-1388923083-project-member', 'project_domain_id': 'default', 'project_domain_name': 'Default', 'project_id': '1a33818dcef5498cb00eef9f83e86544', 'project_name': 'tempest-ImagesOneServerTestJSON-1388923083', 'tenant_id': '1a33818dcef5498cb00eef9f83e86544', 'tenant_name': 'tempest-ImagesOneServerTestJSON-1388923083', 'user_domain_id': 'default', 'user_domain_name': 'Default', 'user_id': '14dfd2f095e24a8bb05931f35345c8fb', 'system': None}, Network: {'id': '648c54dc-b3d1-44f6-bb9c-8f54100f350a', 'name': 'tempest-ImagesOneServerTestJSON-1021804195-network', 'tenant_id': '1a33818dcef5498cb00eef9f83e86544', 'admin_state_up': True, 'mtu': 8950, 'status': 'ACTIVE', 'subnets': [], 'shared': False, 'project_id': '1a33818dcef5498cb00eef9f83e86544', 'port_security_enabled': True, 'router:external': False, 'provider:network_type': 'vlan', 'provider:physical_network': 'default', 'provider:segmentation_id': 806, 'availability_zone_hints': [], 'availability_zones': [], 'ipv4_address_scope': None, 'ipv6_address_scope': None, 'description': '', 'tags': [], 'created_at': '2025-03-25T18:34:36Z', 'updated_at': '2025-03-25T18:34:36Z', 'revision_number': 1}, Subnet: {'id': 'bba1e8b1-f5f6-45d7-8ca1-4b29385ab571', 'name': 'tempest-ImagesOneServerTestJSON-1021804195-subnet', 'tenant_id': '1a33818dcef5498cb00eef9f83e86544', 'network_id': '648c54dc-b3d1-44f6-bb9c-8f54100f350a', 'ip_version': 4, 'subnetpool_id': None, 'enable_dhcp': True, 'ipv6_ra_mode': None, 'ipv6_address_mode': None, 'gateway_ip': '192.168.128.1', 'cidr': '192.168.128.0/28', 'allocation_pools': [{'start': '192.168.128.2', 'end': '192.168.128.14'}], 'host_routes': [], 'dns_nameservers': [], 'description': '', 'router:external': False, 'service_types': [], 'tags': [], 'created_at': '2025-03-25T18:34:37Z', 'updated_at': '2025-03-25T18:34:37Z', 'revision_number': 0, 'project_id': '1a33818dcef5498cb00eef9f83e86544'}, Router: {'id': '1183a6c5-df2f-4a63-803d-b4ae90400501', 'name': 'tempest-ImagesOneServerTestJSON-1021804195-router', 'tenant_id': '1a33818dcef5498cb00eef9f83e86544', 'admin_state_up': True, 'status': 'ACTIVE', 'external_gateway_info': {'network_id': 'f1f5d0b1-2bf8-477e-a142-32e3af7ac3ad', 'external_fixed_ips': [{'subnet_id': '01c3bb82-19e4-4750-bb0a-823355c64845', 'ip_address': '10.180.180.168'}], 'enable_snat': True}, 'description': '', 'availability_zones': [], 'distributed': False, 'ha': False, 'availability_zone_hints': [], 'routes': [], 'flavor_id': None, 'tags': [], 'created_at': '2025-03-25T18:34:37Z', 'updated_at': '2025-03-25T18:34:37Z', 'revision_number': 2, 'project_id': '1a33818dcef5498cb00eef9f83e86544'}
2025-03-25 18:34:39.383 69206 INFO tempest.lib.common.rest_client [req-590e8fbc-f855-4e0d-ae0c-39f92c6c5c0e req-590e8fbc-f855-4e0d-ae0c-39f92c6c5c0e ] Request (FloatingIPsAssociationTestJSON:test_associate_already_associated_floating_ip): 200 GET http://10.180.1.21/compute/v2.1/servers/0a3ec5b2-43c5-49ae-ad46-c2a67581ff73 0.325s
2025-03-25 18:34:39.399 69194 INFO tempest.lib.common.rest_client [req-ed39176b-07ae-497a-81b7-a7c0caadbd75 req-ed39176b-07ae-497a-81b7-a7c0caadbd75 ] Request (ImagesOneServerTestJSON:setUpClass): 201 POST http://10.180.1.21/identity/v3/auth/tokens 0.094s
2025-03-25 18:34:39.446 69194 INFO tempest.lib.common.rest_client [req-749cf4e6-bef5-435b-b319-d408bb2b7a45 req-749cf4e6-bef5-435b-b319-d408bb2b7a45 ] Request (ImagesOneServerTestJSON:setUpClass): 201 POST http://10.180.1.21/identity/v3/auth/tokens 0.044s
2025-03-25 18:34:39.447 69194 INFO tempest.lib.common.fixed_network [-] (ImagesOneServerTestJSON:setUpClass) Found network {'id': '648c54dc-b3d1-44f6-bb9c-8f54100f350a', 'name': 'tempest-ImagesOneServerTestJSON-1021804195-network', 'tenant_id': '1a33818dcef5498cb00eef9f83e86544', 'admin_state_up': True, 'mtu': 8950, 'status': 'ACTIVE', 'subnets': [], 'shared': False, 'project_id': '1a33818dcef5498cb00eef9f83e86544', 'port_security_enabled': True, 'router:external': False, 'provider:network_type': 'vlan', 'provider:physical_network': 'default', 'provider:segmentation_id': 806, 'availability_zone_hints': [], 'availability_zones': [], 'ipv4_address_scope': None, 'ipv6_address_scope': None, 'description': '', 'tags': [], 'created_at': '2025-03-25T18:34:36Z', 'updated_at': '2025-03-25T18:34:36Z', 'revision_number': 1} available for tenant
2025-03-25 18:34:39.468 69212 INFO tempest.lib.common.rest_client [req-e2f741ec-19e4-403d-8aca-c0c9e735091b req-e2f741ec-19e4-403d-8aca-c0c9e735091b ] Request (ServerShowV254Test:test_rebuild_server): 200 GET http://10.180.1.21/compute/v2.1/servers/b38dc0ec-2fc5-4fba-9c8e-84c5774ddac3 0.396s
2025-03-25 18:34:39.521 69172 INFO tempest.lib.common.rest_client [req-4a5242fe-0331-4355-a4cb-3e7e3cb8da0c req-4a5242fe-0331-4355-a4cb-3e7e3cb8da0c ] Request (InstanceActionsTestJSON:setUpClass): 200 GET http://10.180.1.21/compute/v2.1/servers/6e9ea13e-4032-4482-9ec5-3a67f105990d 0.402s
2025-03-25 18:34:39.578 69168 INFO tempest.lib.common.rest_client [req-25d2d825-d491-490c-8eb7-7f493c53e2e0 req-25d2d825-d491-490c-8eb7-7f493c53e2e0 ] Request (ServerAddressesNegativeTestJSON:setUpClass): 200 GET http://10.180.1.21/compute/v2.1/servers/edebcb67-10a9-47b1-9848-ec003e4de95f 0.402s
2025-03-25 18:34:39.709 69178 WARNING tempest.lib.common.ssh [-] Failed to establish authenticated ssh connection to cirros@10.180.180.166 ([Errno None] Unable to connect to port 22 on 10.180.180.166). Number attempts: 4. Retry after 5 seconds.: paramiko.ssh_exception.NoValidConnectionsError: [Errno None] Unable to connect to port 22 on 10.180.180.166
2025-03-25 18:34:39.778 69154 INFO tempest.lib.common.rest_client [req-2da479fa-e3e3-4b30-a2ee-f88658c40aad req-2da479fa-e3e3-4b30-a2ee-f88658c40aad ] Request (ServerDiskConfigTestJSON:test_rebuild_server_with_auto_disk_config): 202 POST http://10.180.1.21/compute/v2.1/servers/f80f943b-e912-4b1d-a2d2-0d42c7f61e0c/action 0.584s
2025-03-25 18:34:39.805 69160 INFO tempest.lib.common.rest_client [req-a1d1a45f-65ea-485e-bd28-8cb4c4fcc6e8 req-a1d1a45f-65ea-485e-bd28-8cb4c4fcc6e8 ] Request (FloatingIPsAssociationNegativeTestJSON:test_associate_ip_to_server_with_floating_ip): 200 POST http://10.180.1.21/compute/v2.1/os-floating-ips 0.749s
2025-03-25 18:34:39.868 69162 INFO tempest.lib.common.rest_client [req-dc3ecf0a-f3fe-4b36-bac6-d1b5af368996 req-dc3ecf0a-f3fe-4b36-bac6-d1b5af368996 ] Request (ServerRescueTestJSON:setUpClass): 200 GET http://10.180.1.21/compute/v2.1/servers/8e863779-d50a-4b1b-b355-d6d0e217addd 0.578s
2025-03-25 18:34:40.006 69192 INFO tempest.lib.common.rest_client [req-483b693d-63d6-4445-953c-473d75e03fc4 req-483b693d-63d6-4445-953c-473d75e03fc4 ] Request (ServerTagsTestJSON:setUpClass): 200 GET http://10.180.1.21/compute/v2.1/servers/35f1fcb9-985b-4bac-8dc3-e0787f43de54 0.583s
2025-03-25 18:34:40.050 69158 INFO tempest.lib.common.rest_client [req-52f3745b-02e2-418a-ae6b-579a820db91c req-52f3745b-02e2-418a-ae6b-579a820db91c ] Request (AttachInterfacesV270Test:test_create_get_list_interfaces): 200 GET http://10.180.1.21/compute/v2.1/servers/e9f1dd6d-f377-4d3a-8380-cc652ae025bf 0.818s
2025-03-25 18:34:40.108 69210 INFO tempest.lib.common.rest_client [req-be3003fb-565e-417e-ab47-e966c73189d2 req-be3003fb-565e-417e-ab47-e966c73189d2 ] Request (DeleteServersAdminTestJSON:test_delete_server_while_in_error_state): 200 GET http://10.180.1.21/compute/v2.1/servers/297ded63-d94a-4997-bbd0-78c27caf99da 0.632s
2025-03-25 18:34:40.178 69176 INFO tempest.lib.common.rest_client [req-baeb8390-8710-43e1-abf9-dfcda2bef806 req-baeb8390-8710-43e1-abf9-dfcda2bef806 ] Request (ServerExternalEventsTest:tearDownClass): 200 GET http://10.180.1.21/compute/v2.1/servers/72cad1ac-44b8-4d90-bfde-7078e2ffd0e1 0.665s
2025-03-25 18:34:40.237 69164 INFO tempest.lib.common.rest_client [req-7c066060-dbd5-41bd-a2b6-a4268ca75430 req-7c066060-dbd5-41bd-a2b6-a4268ca75430 ] Request (ImagesTestJSON:test_create_image_from_stopped_server): 200 GET http://10.180.1.21/compute/v2.1/servers/d9bd6f02-19ff-49b7-9fb4-26119727ad63 0.707s
2025-03-25 18:34:40.300 69180 INFO tempest.lib.common.rest_client [req-9d356b32-c7cc-4138-9f07-cd48b1948fd6 req-9d356b32-c7cc-4138-9f07-cd48b1948fd6 ] Request (ServersAdminNegativeTestJSON:setUpClass): 200 GET http://10.180.1.21/compute/v2.1/servers/4743452f-e6f6-4069-bb1a-bc08b74287f1 0.718s
2025-03-25 18:34:40.446 69194 INFO tempest.lib.common.rest_client [req-4d81928e-1877-44b9-b078-2ceb5f4150ef req-4d81928e-1877-44b9-b078-2ceb5f4150ef ] Request (ImagesOneServerTestJSON:setUpClass): 202 POST http://10.180.1.21/compute/v2.1/servers 0.992s
2025-03-25 18:34:40.452 69204 INFO tempest.lib.common.rest_client [req-6ce349fe-7113-43e6-89a2-31248ddce7e2 req-6ce349fe-7113-43e6-89a2-31248ddce7e2 ] Request (ServersAdminTestJSON:test_create_server_with_scheduling_hint): 200 GET http://10.180.1.21/compute/v2.1/servers/7eae8370-b95c-4263-a671-a6032ade221d 0.798s
2025-03-25 18:34:40.465 69204 INFO tempest.common.waiters [-] State transition "BUILD/networking" ==> "BUILD/spawning" after 39 second wait
2025-03-25 18:34:40.526 69182 INFO tempest.lib.common.rest_client [req-1582d95e-a809-4e13-82b4-76ffba4ced4b req-1582d95e-a809-4e13-82b4-76ffba4ced4b ] Request (ListServersNegativeTestJSON:setUpClass): 200 GET http://10.180.1.21/compute/v2.1/servers/1db421cf-4568-451a-ac6b-3789ac312f33 0.794s
2025-03-25 18:34:40.607 69190 WARNING tempest.lib.common.ssh [-] Failed to establish authenticated ssh connection to cirros@10.180.180.237 ([Errno None] Unable to connect to port 22 on 10.180.180.237). Number attempts: 1. Retry after 2 seconds.: paramiko.ssh_exception.NoValidConnectionsError: [Errno None] Unable to connect to port 22 on 10.180.180.237
2025-03-25 18:34:40.611 69198 INFO tempest.lib.common.rest_client [req-8e400dd1-b1b4-4884-8870-4802b8d1ef56 req-8e400dd1-b1b4-4884-8870-4802b8d1ef56 ] Request (MigrationsAdminTest:test_list_migrations_in_flavor_resize_situation): 200 GET http://10.180.1.21/compute/v2.1/servers/ff3f81eb-8599-47e0-a5a8-26f21ea70fc5 0.945s
2025-03-25 18:34:40.613 69208 INFO tempest.lib.common.rest_client [req-c1e07fcf-b371-4dcc-af5d-0f256961f712 req-c1e07fcf-b371-4dcc-af5d-0f256961f712 ] Request (ServersAdmin275Test:test_rebuild_update_server_275): 200 GET http://10.180.1.21/compute/v2.1/servers/e02e5253-17db-450f-bf10-9cf08255c646 0.862s
2025-03-25 18:34:40.736 69154 INFO tempest.lib.common.rest_client [req-4fb1533d-2784-4769-881d-729941a978ce req-4fb1533d-2784-4769-881d-729941a978ce ] Request (ServerDiskConfigTestJSON:test_rebuild_server_with_auto_disk_config): 200 GET http://10.180.1.21/compute/v2.1/servers/f80f943b-e912-4b1d-a2d2-0d42c7f61e0c 0.952s
2025-03-25 18:34:40.808 69186 INFO tempest.lib.common.rest_client [req-a4137c17-8792-4239-931b-1eb7df3f941e req-a4137c17-8792-4239-931b-1eb7df3f941e ] Request (ServersAaction247Test:tearDownClass): 200 GET http://10.180.1.21/compute/v2.1/servers/8edd2a87-1a90-43ea-a0fa-c285caa89226 0.976s
2025-03-25 18:34:40.874 69152 INFO tempest.lib.common.rest_client [req-c09253c4-d47f-4483-8d3a-edca431d804d req-c09253c4-d47f-4483-8d3a-edca431d804d ] Request (ServersTestManualDisk:setUpClass): 200 GET http://10.180.1.21/compute/v2.1/servers/fdf0747e-1b3f-455c-a853-098c445c8924 0.992s
2025-03-25 18:34:40.942 69166 INFO tempest.lib.common.rest_client [req-3e0bb518-2efa-4360-a288-94d113ec894f req-3e0bb518-2efa-4360-a288-94d113ec894f ] Request (ServerRescueTestJSONUnderV235:setUpClass): 200 GET http://10.180.1.21/compute/v2.1/servers/0f2357fa-1aa1-4309-a46e-497d1a8257b5 1.006s
2025-03-25 18:34:40.951 69166 INFO tempest.common.waiters [-] State transition "BUILD/scheduling" ==> "BUILD/None" after 21 second wait
2025-03-25 18:34:41.021 69174 INFO tempest.lib.common.rest_client [req-65732ae2-b057-4539-ac7d-d8f8e98fc07d req-65732ae2-b057-4539-ac7d-d8f8e98fc07d ] Request (ImagesNegativeTestJSON:test_create_image_from_deleted_server): 200 GET http://10.180.1.21/compute/v2.1/servers/03a157f6-051b-40f3-89e6-3b24db7d7c61 1.069s
2025-03-25 18:34:41.384 69202 INFO tempest.lib.common.rest_client [req-0c1d1b29-ae00-4484-bfe7-49b52a5e9dc3 req-0c1d1b29-ae00-4484-bfe7-49b52a5e9dc3 ] Request (ServerRescueNegativeTestJSON:_run_cleanups): 200 GET http://10.180.1.21/compute/v2.1/servers/a08615df-fc52-4a65-bea0-6b3bfc513d99 1.293s
2025-03-25 18:34:41.399 69202 INFO tempest.common.waiters [-] State transition "RESCUE/unrescuing" ==> "ACTIVE/None" after 7 second wait
2025-03-25 18:34:41.468 69156 INFO tempest.lib.common.rest_client [req-c6f48fcb-0a2f-492d-9375-56eae845cd13 req-c6f48fcb-0a2f-492d-9375-56eae845cd13 ] Request (ServersNegativeTestJSON:setUpClass): 200 GET http://10.180.1.21/compute/v2.1/servers/d5ab1888-4692-4c9b-be29-6adda0c5c931 1.285s
2025-03-25 18:34:41.475 69156 INFO tempest.common.waiters [-] State transition "BUILD/None" ==> "BUILD/networking" after 35 second wait
2025-03-25 18:34:41.534 69171 INFO tempest.lib.common.rest_client [req-2cb13f1c-9756-4a35-86dc-704cd6df9970 req-2cb13f1c-9756-4a35-86dc-704cd6df9970 ] Request (ServersTestFqdnHostnames:test_create_server_with_fqdn_name): 200 GET http://10.180.1.21/compute/v2.1/servers/ecbc1ed3-8601-4ea8-b8f9-862e3faf5943 1.275s
2025-03-25 18:34:41.543 69171 INFO tempest.common.waiters [-] State transition "BUILD/scheduling" ==> "BUILD/None" after 22 second wait
2025-03-25 18:34:41.546 69202 INFO tempest.lib.common.rest_client [req-d081950f-6202-4932-8331-0a6fb5c45e0a req-d081950f-6202-4932-8331-0a6fb5c45e0a ] Request (ServerRescueNegativeTestJSON:test_rescued_vm_detach_volume): 202 POST http://10.180.1.21/volume/v3/volumes 0.140s
2025-03-25 18:34:41.590 69202 INFO tempest.lib.common.rest_client [req-ae2875a6-2e1d-4d2a-83ac-0147b4f55f5c req-ae2875a6-2e1d-4d2a-83ac-0147b4f55f5c ] Request (ServerRescueNegativeTestJSON:test_rescued_vm_detach_volume): 200 GET http://10.180.1.21/volume/v3/volumes/b580ab51-4770-4d90-9d88-d422ba0b4839 0.033s
2025-03-25 18:34:41.672 69206 INFO tempest.lib.common.rest_client [req-878fdfb4-578b-4761-8892-0ef2ca45e596 req-878fdfb4-578b-4761-8892-0ef2ca45e596 ] Request (FloatingIPsAssociationTestJSON:test_associate_already_associated_floating_ip): 200 GET http://10.180.1.21/compute/v2.1/servers/0a3ec5b2-43c5-49ae-ad46-c2a67581ff73 1.273s
2025-03-25 18:34:41.728 69194 INFO tempest.lib.common.rest_client [req-06f90af7-8565-4192-a6b3-0ff9dbc79fff req-06f90af7-8565-4192-a6b3-0ff9dbc79fff ] Request (ImagesOneServerTestJSON:setUpClass): 200 GET http://10.180.1.21/compute/v2.1/servers/8a20799c-f053-4d14-86a5-46adae023a07 1.279s
2025-03-25 18:34:41.787 69212 INFO tempest.lib.common.rest_client [req-457c56d3-5b14-41fb-8238-ea374947b6b8 req-457c56d3-5b14-41fb-8238-ea374947b6b8 ] Request (ServerShowV254Test:test_rebuild_server): 200 GET http://10.180.1.21/compute/v2.1/servers/b38dc0ec-2fc5-4fba-9c8e-84c5774ddac3 1.301s
2025-03-25 18:34:41.854 69172 INFO tempest.lib.common.rest_client [req-0e02de53-b8c3-4f1e-b86c-05327f9d4751 req-0e02de53-b8c3-4f1e-b86c-05327f9d4751 ] Request (InstanceActionsTestJSON:setUpClass): 200 GET http://10.180.1.21/compute/v2.1/servers/6e9ea13e-4032-4482-9ec5-3a67f105990d 1.322s
2025-03-25 18:34:41.901 69160 INFO tempest.lib.common.rest_client [req-6af41de0-090d-4940-a70c-ce312359df64 req-6af41de0-090d-4940-a70c-ce312359df64 ] Request (FloatingIPsAssociationNegativeTestJSON:test_associate_ip_to_server_with_floating_ip): 202 POST http://10.180.1.21/compute/v2.1/servers/cdff230c-2bdf-4bd9-91c0-139f7fafccc3/action 2.093s
2025-03-25 18:34:41.907 69168 INFO tempest.lib.common.rest_client [req-141c87a4-b879-46e8-8745-fbd1a6158e97 req-141c87a4-b879-46e8-8745-fbd1a6158e97 ] Request (ServerAddressesNegativeTestJSON:setUpClass): 200 GET http://10.180.1.21/compute/v2.1/servers/edebcb67-10a9-47b1-9848-ec003e4de95f 1.320s
2025-03-25 18:34:41.957 69162 INFO tempest.lib.common.rest_client [req-ebfd762e-df34-419b-89d6-5868b96355d2 req-ebfd762e-df34-419b-89d6-5868b96355d2 ] Request (ServerRescueTestJSON:setUpClass): 200 GET http://10.180.1.21/compute/v2.1/servers/8e863779-d50a-4b1b-b355-d6d0e217addd 1.076s
2025-03-25 18:34:42.017 69158 INFO tempest.lib.common.rest_client [req-5033dd82-5ac2-4558-ae0b-8b5c02a940db req-5033dd82-5ac2-4558-ae0b-8b5c02a940db ] Request (AttachInterfacesV270Test:test_create_get_list_interfaces): 200 GET http://10.180.1.21/compute/v2.1/servers/e9f1dd6d-f377-4d3a-8380-cc652ae025bf 0.955s
2025-03-25 18:34:42.032 69192 INFO tempest.lib.common.rest_client [req-18a482d1-995e-40c8-9b90-093953aaabec req-18a482d1-995e-40c8-9b90-093953aaabec ] Request (ServerTagsTestJSON:setUpClass): 200 GET http://10.180.1.21/compute/v2.1/servers/35f1fcb9-985b-4bac-8dc3-e0787f43de54 1.009s
2025-03-25 18:34:42.070 69210 INFO tempest.lib.common.rest_client [req-a17bd0b8-7968-49a7-abfc-3da631c1b593 req-a17bd0b8-7968-49a7-abfc-3da631c1b593 ] Request (DeleteServersAdminTestJSON:test_delete_server_while_in_error_state): 200 GET http://10.180.1.21/compute/v2.1/servers/297ded63-d94a-4997-bbd0-78c27caf99da 0.949s
2025-03-25 18:34:42.101 69176 INFO tempest.lib.common.rest_client [req-c8b4f54e-e37f-4552-af0a-a3c42a8986c5 req-c8b4f54e-e37f-4552-af0a-a3c42a8986c5 ] Request (ServerExternalEventsTest:tearDownClass): 200 GET http://10.180.1.21/compute/v2.1/servers/72cad1ac-44b8-4d90-bfde-7078e2ffd0e1 0.914s
2025-03-25 18:34:42.133 69164 INFO tempest.lib.common.rest_client [req-02e21eff-e1eb-4c32-8d11-164876f59f7f req-02e21eff-e1eb-4c32-8d11-164876f59f7f ] Request (ImagesTestJSON:test_create_image_from_stopped_server): 200 GET http://10.180.1.21/compute/v2.1/servers/d9bd6f02-19ff-49b7-9fb4-26119727ad63 0.887s
2025-03-25 18:34:42.162 69180 INFO tempest.lib.common.rest_client [req-4accf694-8168-4947-93fd-e80c7f8361f8 req-4accf694-8168-4947-93fd-e80c7f8361f8 ] Request (ServersAdminNegativeTestJSON:setUpClass): 200 GET http://10.180.1.21/compute/v2.1/servers/4743452f-e6f6-4069-bb1a-bc08b74287f1 0.852s
2025-03-25 18:34:42.225 69182 INFO tempest.lib.common.rest_client [req-2a2f9c7a-eeb9-4319-93ac-1136989ac8ba req-2a2f9c7a-eeb9-4319-93ac-1136989ac8ba ] Request (ListServersNegativeTestJSON:setUpClass): 200 GET http://10.180.1.21/compute/v2.1/servers/1db421cf-4568-451a-ac6b-3789ac312f33 0.690s
2025-03-25 18:34:42.266 69204 INFO tempest.lib.common.rest_client [req-9ef30282-d3b6-48bc-8de7-eaeaf6062c0d req-9ef30282-d3b6-48bc-8de7-eaeaf6062c0d ] Request (ServersAdminTestJSON:test_create_server_with_scheduling_hint): 200 GET http://10.180.1.21/compute/v2.1/servers/7eae8370-b95c-4263-a671-a6032ade221d 0.799s
2025-03-25 18:34:42.343 69208 INFO tempest.lib.common.rest_client [req-682a8720-f18c-4640-9da1-d8a098a6980f req-682a8720-f18c-4640-9da1-d8a098a6980f ] Request (ServersAdmin275Test:test_rebuild_update_server_275): 200 GET http://10.180.1.21/compute/v2.1/servers/e02e5253-17db-450f-bf10-9cf08255c646 0.718s
2025-03-25 18:34:42.438 69198 INFO tempest.lib.common.rest_client [req-d24b6057-3304-4a9e-8967-a8f0340159cd req-d24b6057-3304-4a9e-8967-a8f0340159cd ] Request (MigrationsAdminTest:test_list_migrations_in_flavor_resize_situation): 200 GET http://10.180.1.21/compute/v2.1/servers/ff3f81eb-8599-47e0-a5a8-26f21ea70fc5 0.809s
2025-03-25 18:34:42.468 69154 INFO tempest.lib.common.rest_client [req-79267669-9142-48e1-8a59-6be41ea91414 req-79267669-9142-48e1-8a59-6be41ea91414 ] Request (ServerDiskConfigTestJSON:test_rebuild_server_with_auto_disk_config): 200 GET http://10.180.1.21/compute/v2.1/servers/f80f943b-e912-4b1d-a2d2-0d42c7f61e0c 0.719s
2025-03-25 18:34:42.520 69186 INFO tempest.lib.common.rest_client [req-bcab7142-1315-4896-bcab-f98521d0fd7d req-bcab7142-1315-4896-bcab-f98521d0fd7d ] Request (ServersAaction247Test:tearDownClass): 200 GET http://10.180.1.21/compute/v2.1/servers/8edd2a87-1a90-43ea-a0fa-c285caa89226 0.700s
2025-03-25 18:34:42.535 69152 INFO tempest.lib.common.rest_client [req-8bf7b75b-c830-484c-b8e7-1ae237781697 req-8bf7b75b-c830-484c-b8e7-1ae237781697 ] Request (ServersTestManualDisk:setUpClass): 200 GET http://10.180.1.21/compute/v2.1/servers/fdf0747e-1b3f-455c-a853-098c445c8924 0.651s
2025-03-25 18:34:42.585 69166 INFO tempest.lib.common.rest_client [req-26a21057-fbb4-44d7-9545-ff8907301f2c req-26a21057-fbb4-44d7-9545-ff8907301f2c ] Request (ServerRescueTestJSONUnderV235:setUpClass): 200 GET http://10.180.1.21/compute/v2.1/servers/0f2357fa-1aa1-4309-a46e-497d1a8257b5 0.632s
2025-03-25 18:34:42.630 69202 INFO tempest.lib.common.rest_client [req-be6f8508-3db7-448e-85ff-6598dbe4ae43 req-be6f8508-3db7-448e-85ff-6598dbe4ae43 ] Request (ServerRescueNegativeTestJSON:test_rescued_vm_detach_volume): 200 GET http://10.180.1.21/volume/v3/volumes/b580ab51-4770-4d90-9d88-d422ba0b4839 0.033s
2025-03-25 18:34:42.637 69202 INFO tempest.common.waiters [-] volume b580ab51-4770-4d90-9d88-d422ba0b4839 reached available after waiting for 1.637280 seconds
2025-03-25 18:34:42.642 69174 INFO tempest.lib.common.rest_client [req-634d2c5c-e709-4c3e-9841-70e814a99bed req-634d2c5c-e709-4c3e-9841-70e814a99bed ] Request (ImagesNegativeTestJSON:test_create_image_from_deleted_server): 200 GET http://10.180.1.21/compute/v2.1/servers/03a157f6-051b-40f3-89e6-3b24db7d7c61 0.610s
2025-03-25 18:34:42.808 69156 INFO tempest.lib.common.rest_client [req-891efc66-fccf-44ef-90d9-d31fe88504d0 req-891efc66-fccf-44ef-90d9-d31fe88504d0 ] Request (ServersNegativeTestJSON:setUpClass): 200 GET http://10.180.1.21/compute/v2.1/servers/d5ab1888-4692-4c9b-be29-6adda0c5c931 0.331s
2025-03-25 18:34:42.815 69156 INFO tempest.common.waiters [-] State transition "BUILD/networking" ==> "BUILD/block_device_mapping" after 36 second wait
2025-03-25 18:34:42.862 69171 INFO tempest.lib.common.rest_client [req-48254cf3-87be-494e-a19f-499207bb9533 req-48254cf3-87be-494e-a19f-499207bb9533 ] Request (ServersTestFqdnHostnames:test_create_server_with_fqdn_name): 200 GET http://10.180.1.21/compute/v2.1/servers/ecbc1ed3-8601-4ea8-b8f9-862e3faf5943 0.318s
2025-03-25 18:34:42.898 69202 INFO tempest.lib.common.rest_client [req-e3980ef6-5252-4f11-968f-67b26ecde746 req-e3980ef6-5252-4f11-968f-67b26ecde746 ] Request (ServerRescueNegativeTestJSON:test_rescued_vm_detach_volume): 200 POST http://10.180.1.21/compute/v2.1/os-keypairs 0.259s
2025-03-25 18:34:43.051 69206 INFO tempest.lib.common.rest_client [req-87f566e3-5ffb-4a9e-acec-3f70f990c4b5 req-87f566e3-5ffb-4a9e-acec-3f70f990c4b5 ] Request (FloatingIPsAssociationTestJSON:test_associate_already_associated_floating_ip): 200 GET http://10.180.1.21/compute/v2.1/servers/0a3ec5b2-43c5-49ae-ad46-c2a67581ff73 0.368s
2025-03-25 18:34:43.059 69206 INFO tempest.common.waiters [-] State transition "BUILD/spawning" ==> "ACTIVE/None" after 46 second wait
2025-03-25 18:34:43.108 69194 INFO tempest.lib.common.rest_client [req-e116d02a-e865-4b5e-afd6-1539ed4ae256 req-e116d02a-e865-4b5e-afd6-1539ed4ae256 ] Request (ImagesOneServerTestJSON:setUpClass): 200 GET http://10.180.1.21/compute/v2.1/servers/8a20799c-f053-4d14-86a5-46adae023a07 0.369s
2025-03-25 18:34:43.113 69202 INFO tempest.lib.common.rest_client [req-687d6b50-9c93-4b1b-a0d5-70eada827d77 req-687d6b50-9c93-4b1b-a0d5-70eada827d77 ] Request (ServerRescueNegativeTestJSON:test_rescued_vm_detach_volume): 201 POST http://10.180.1.21:9696/networking/v2.0/security-groups 0.213s
2025-03-25 18:34:43.174 69212 INFO tempest.lib.common.rest_client [req-9abd850d-bd54-4ab7-8ee4-3a7f45800c0d req-9abd850d-bd54-4ab7-8ee4-3a7f45800c0d ] Request (ServerShowV254Test:test_rebuild_server): 200 GET http://10.180.1.21/compute/v2.1/servers/b38dc0ec-2fc5-4fba-9c8e-84c5774ddac3 0.367s
2025-03-25 18:34:43.197 69202 INFO tempest.lib.common.rest_client [req-49861dc3-f451-45c8-85c2-a834f350ca66 req-49861dc3-f451-45c8-85c2-a834f350ca66 ] Request (ServerRescueNegativeTestJSON:test_rescued_vm_detach_volume): 201 POST http://10.180.1.21:9696/networking/v2.0/security-group-rules 0.084s
2025-03-25 18:34:43.230 69172 INFO tempest.lib.common.rest_client [req-a00326c5-6523-4138-87ee-c472c903d707 req-a00326c5-6523-4138-87ee-c472c903d707 ] Request (InstanceActionsTestJSON:setUpClass): 200 GET http://10.180.1.21/compute/v2.1/servers/6e9ea13e-4032-4482-9ec5-3a67f105990d 0.364s
2025-03-25 18:34:43.235 69160 INFO tempest.lib.common.rest_client [req-13c4b25f-288e-48b3-8405-e5926300c326 req-13c4b25f-288e-48b3-8405-e5926300c326 ] Request (FloatingIPsAssociationNegativeTestJSON:test_associate_ip_to_server_with_floating_ip): 200 POST http://10.180.1.21/compute/v2.1/os-floating-ips 1.334s
2025-03-25 18:34:43.284 69202 INFO tempest.lib.common.rest_client [req-e6e8b698-6345-41d1-a16e-e0ce50ead428 req-e6e8b698-6345-41d1-a16e-e0ce50ead428 ] Request (ServerRescueNegativeTestJSON:test_rescued_vm_detach_volume): 201 POST http://10.180.1.21:9696/networking/v2.0/security-group-rules 0.087s
2025-03-25 18:34:43.292 69168 INFO tempest.lib.common.rest_client [req-8acfbeb1-2351-4b3c-b749-d3622efa2ebb req-8acfbeb1-2351-4b3c-b749-d3622efa2ebb ] Request (ServerAddressesNegativeTestJSON:setUpClass): 200 GET http://10.180.1.21/compute/v2.1/servers/edebcb67-10a9-47b1-9848-ec003e4de95f 0.378s
2025-03-25 18:34:43.293 69162 INFO tempest.lib.common.rest_client [req-e05d7495-548c-422d-b44b-bd33a36eadc2 req-e05d7495-548c-422d-b44b-bd33a36eadc2 ] Request (ServerRescueTestJSON:setUpClass): 200 GET http://10.180.1.21/compute/v2.1/servers/8e863779-d50a-4b1b-b355-d6d0e217addd 0.327s
2025-03-25 18:34:43.366 69158 INFO tempest.lib.common.rest_client [req-ac988297-f460-4c40-b5dc-f15f48dbff3b req-ac988297-f460-4c40-b5dc-f15f48dbff3b ] Request (AttachInterfacesV270Test:test_create_get_list_interfaces): 200 GET http://10.180.1.21/compute/v2.1/servers/e9f1dd6d-f377-4d3a-8380-cc652ae025bf 0.339s
2025-03-25 18:34:43.424 69192 INFO tempest.lib.common.rest_client [req-1fbd486e-8c50-4a1c-a5af-bbe24f4a0241 req-1fbd486e-8c50-4a1c-a5af-bbe24f4a0241 ] Request (ServerTagsTestJSON:setUpClass): 200 GET http://10.180.1.21/compute/v2.1/servers/35f1fcb9-985b-4bac-8dc3-e0787f43de54 0.382s
2025-03-25 18:34:43.488 69210 INFO tempest.lib.common.rest_client [req-c0562a75-c9c3-4ed9-9b67-db3c028f21fa req-c0562a75-c9c3-4ed9-9b67-db3c028f21fa ] Request (DeleteServersAdminTestJSON:test_delete_server_while_in_error_state): 200 GET http://10.180.1.21/compute/v2.1/servers/297ded63-d94a-4997-bbd0-78c27caf99da 0.409s
2025-03-25 18:34:43.558 69176 INFO tempest.lib.common.rest_client [req-4f5f1ff1-0848-495c-9569-13f3c485eef2 req-4f5f1ff1-0848-495c-9569-13f3c485eef2 ] Request (ServerExternalEventsTest:tearDownClass): 200 GET http://10.180.1.21/compute/v2.1/servers/72cad1ac-44b8-4d90-bfde-7078e2ffd0e1 0.447s
2025-03-25 18:34:43.618 69164 INFO tempest.lib.common.rest_client [req-55ed32bb-fa98-414f-b97f-7e476c0fb888 req-55ed32bb-fa98-414f-b97f-7e476c0fb888 ] Request (ImagesTestJSON:test_create_image_from_stopped_server): 200 GET http://10.180.1.21/compute/v2.1/servers/d9bd6f02-19ff-49b7-9fb4-26119727ad63 0.475s
2025-03-25 18:34:43.675 69190 WARNING tempest.lib.common.ssh [-] Failed to establish authenticated ssh connection to cirros@10.180.180.237 ([Errno None] Unable to connect to port 22 on 10.180.180.237). Number attempts: 2. Retry after 3 seconds.: paramiko.ssh_exception.NoValidConnectionsError: [Errno None] Unable to connect to port 22 on 10.180.180.237
2025-03-25 18:34:43.695 69180 INFO tempest.lib.common.rest_client [req-86d0697a-3aea-49f2-b419-3f658fc27fb4 req-86d0697a-3aea-49f2-b419-3f658fc27fb4 ] Request (ServersAdminNegativeTestJSON:setUpClass): 200 GET http://10.180.1.21/compute/v2.1/servers/4743452f-e6f6-4069-bb1a-bc08b74287f1 0.524s
2025-03-25 18:34:44.147 69202 INFO tempest.lib.common.rest_client [req-e470c624-7413-4fd7-a2b8-22292514e62b req-e470c624-7413-4fd7-a2b8-22292514e62b ] Request (ServerRescueNegativeTestJSON:test_rescued_vm_detach_volume): 201 POST http://10.180.1.21:9696/networking/v2.0/floatingips 0.862s
2025-03-25 18:34:44.160 69160 INFO tempest.lib.common.rest_client [req-f8956196-23a5-44a5-adcd-ccd058123713 req-f8956196-23a5-44a5-adcd-ccd058123713 ] Request (FloatingIPsAssociationNegativeTestJSON:test_associate_ip_to_server_with_floating_ip): 400 POST http://10.180.1.21/compute/v2.1/servers/cdff230c-2bdf-4bd9-91c0-139f7fafccc3/action 0.921s
2025-03-25 18:34:44.217 69202 INFO tempest.lib.common.rest_client [req-c41601e2-adf0-4a75-9845-08b5f42064a9 req-c41601e2-adf0-4a75-9845-08b5f42064a9 ] Request (ServerRescueNegativeTestJSON:test_rescued_vm_detach_volume): 201 POST http://10.180.1.21/identity/v3/auth/tokens 0.067s
2025-03-25 18:34:44.217 69202 INFO tempest.lib.common.fixed_network [-] (ServerRescueNegativeTestJSON:test_rescued_vm_detach_volume) Found network {'id': '5e25d55c-ae94-488d-a760-8724f5b28202', 'name': 'tempest-ServerRescueNegativeTestJSON-2137189452-network', 'tenant_id': '6d208ae6bc544935aa50e7d6943be08b', 'admin_state_up': True, 'mtu': 8950, 'status': 'ACTIVE', 'subnets': [], 'shared': False, 'project_id': '6d208ae6bc544935aa50e7d6943be08b', 'port_security_enabled': True, 'router:external': False, 'provider:network_type': 'vlan', 'provider:physical_network': 'default', 'provider:segmentation_id': 512, 'availability_zone_hints': [], 'availability_zones': [], 'ipv4_address_scope': None, 'ipv6_address_scope': None, 'description': '', 'tags': [], 'created_at': '2025-03-25T18:33:22Z', 'updated_at': '2025-03-25T18:33:22Z', 'revision_number': 1} available for tenant
2025-03-25 18:34:44.235 69182 INFO tempest.lib.common.rest_client [req-3b80e7af-0efc-4de4-9d1d-5115f02b7770 req-3b80e7af-0efc-4de4-9d1d-5115f02b7770 ] Request (ListServersNegativeTestJSON:setUpClass): 200 GET http://10.180.1.21/compute/v2.1/servers/1db421cf-4568-451a-ac6b-3789ac312f33 0.995s
2025-03-25 18:34:44.554 69204 INFO tempest.lib.common.rest_client [req-faeaf280-89c3-4d0d-93a6-861dae77a33f req-faeaf280-89c3-4d0d-93a6-861dae77a33f ] Request (ServersAdminTestJSON:test_create_server_with_scheduling_hint): 200 GET http://10.180.1.21/compute/v2.1/servers/7eae8370-b95c-4263-a671-a6032ade221d 1.279s
2025-03-25 18:34:44.596 69206 INFO tempest.lib.common.rest_client [req-077b29cf-78ec-4d9a-aaff-4db2d78c2622 req-077b29cf-78ec-4d9a-aaff-4db2d78c2622 ] Request (FloatingIPsAssociationTestJSON:test_associate_already_associated_floating_ip): 202 POST http://10.180.1.21/compute/v2.1/servers/b427c242-aa1f-42cd-9808-a4028c75c2b7/action 1.536s
2025-03-25 18:34:44.604 69208 INFO tempest.lib.common.rest_client [req-09ad9f03-0372-4bb9-8b5f-38fe54c9bc61 req-09ad9f03-0372-4bb9-8b5f-38fe54c9bc61 ] Request (ServersAdmin275Test:test_rebuild_update_server_275): 200 GET http://10.180.1.21/compute/v2.1/servers/e02e5253-17db-450f-bf10-9cf08255c646 1.251s
2025-03-25 18:34:44.614 69208 INFO tempest.common.waiters [-] State transition "BUILD/scheduling" ==> "BUILD/None" after 22 second wait
2025-03-25 18:34:44.725 69198 INFO tempest.lib.common.rest_client [req-7c520b76-6e88-4f29-9e0f-3f8d07205109 req-7c520b76-6e88-4f29-9e0f-3f8d07205109 ] Request (MigrationsAdminTest:test_list_migrations_in_flavor_resize_situation): 200 GET http://10.180.1.21/compute/v2.1/servers/ff3f81eb-8599-47e0-a5a8-26f21ea70fc5 1.277s
2025-03-25 18:34:44.750 69154 INFO tempest.lib.common.rest_client [req-38d77b91-d8d0-43e2-b842-3f73f4f92031 req-38d77b91-d8d0-43e2-b842-3f73f4f92031 ] Request (ServerDiskConfigTestJSON:test_rebuild_server_with_auto_disk_config): 200 GET http://10.180.1.21/compute/v2.1/servers/f80f943b-e912-4b1d-a2d2-0d42c7f61e0c 1.272s
2025-03-25 18:34:44.764 69154 INFO tempest.common.waiters [-] State transition "REBUILD/rebuilding" ==> "REBUILD/rebuild_spawning" after 4 second wait
2025-03-25 18:34:44.801 69186 INFO tempest.lib.common.rest_client [req-15d82ed9-6d55-4bed-9b4b-053224a72962 req-15d82ed9-6d55-4bed-9b4b-053224a72962 ] Request (ServersAaction247Test:tearDownClass): 200 GET http://10.180.1.21/compute/v2.1/servers/8edd2a87-1a90-43ea-a0fa-c285caa89226 1.267s
2025-03-25 18:34:44.823 69152 INFO tempest.lib.common.rest_client [req-0244c299-51ba-440b-ae1b-d14154376582 req-0244c299-51ba-440b-ae1b-d14154376582 ] Request (ServersTestManualDisk:setUpClass): 200 GET http://10.180.1.21/compute/v2.1/servers/fdf0747e-1b3f-455c-a853-098c445c8924 1.280s
2025-03-25 18:34:44.871 69166 INFO tempest.lib.common.rest_client [req-44cbf4a7-a24b-4cd8-a761-c97e41174bf8 req-44cbf4a7-a24b-4cd8-a761-c97e41174bf8 ] Request (ServerRescueTestJSONUnderV235:setUpClass): 200 GET http://10.180.1.21/compute/v2.1/servers/0f2357fa-1aa1-4309-a46e-497d1a8257b5 1.273s
2025-03-25 18:34:44.896 69174 INFO tempest.lib.common.rest_client [req-f2a3098b-c5eb-4be0-b0ea-64d2f7f212b9 req-f2a3098b-c5eb-4be0-b0ea-64d2f7f212b9 ] Request (ImagesNegativeTestJSON:test_create_image_from_deleted_server): 200 GET http://10.180.1.21/compute/v2.1/servers/03a157f6-051b-40f3-89e6-3b24db7d7c61 1.246s
2025-03-25 18:34:44.966 69171 INFO tempest.lib.common.rest_client [req-49e3c744-666d-43d4-b150-38da94b2c49d req-49e3c744-666d-43d4-b150-38da94b2c49d ] Request (ServersTestFqdnHostnames:test_create_server_with_fqdn_name): 200 GET http://10.180.1.21/compute/v2.1/servers/ecbc1ed3-8601-4ea8-b8f9-862e3faf5943 1.094s
2025-03-25 18:34:44.976 69156 INFO tempest.lib.common.rest_client [req-b575128a-d1d5-480e-80ff-3978f863c63b req-b575128a-d1d5-480e-80ff-3978f863c63b ] Request (ServersNegativeTestJSON:setUpClass): 200 GET http://10.180.1.21/compute/v2.1/servers/d5ab1888-4692-4c9b-be29-6adda0c5c931 1.160s
2025-03-25 18:34:44.986 69156 INFO tempest.common.waiters [-] State transition "BUILD/block_device_mapping" ==> "BUILD/spawning" after 38 second wait
2025-03-25 18:34:45.045 69194 INFO tempest.lib.common.rest_client [req-2a681b73-9e28-49f6-8463-53b8fcdb9cdc req-2a681b73-9e28-49f6-8463-53b8fcdb9cdc ] Request (ImagesOneServerTestJSON:setUpClass): 200 GET http://10.180.1.21/compute/v2.1/servers/8a20799c-f053-4d14-86a5-46adae023a07 0.930s
2025-03-25 18:34:45.115 69212 INFO tempest.lib.common.rest_client [req-bd23278e-4934-4b04-8d3e-afc3f941f795 req-bd23278e-4934-4b04-8d3e-afc3f941f795 ] Request (ServerShowV254Test:test_rebuild_server): 200 GET http://10.180.1.21/compute/v2.1/servers/b38dc0ec-2fc5-4fba-9c8e-84c5774ddac3 0.923s
2025-03-25 18:34:45.147 69200 WARNING tempest.lib.common.ssh [-] Failed to establish authenticated ssh connection to cirros@10.180.180.190 ([Errno None] Unable to connect to port 22 on 10.180.180.190). Number attempts: 3. Retry after 4 seconds.: paramiko.ssh_exception.NoValidConnectionsError: [Errno None] Unable to connect to port 22 on 10.180.180.190
2025-03-25 18:34:45.445 69160 INFO tempest.lib.common.rest_client [req-a9c932a4-02be-4bc4-abfe-ee97a5d33d6a req-a9c932a4-02be-4bc4-abfe-ee97a5d33d6a ] Request (FloatingIPsAssociationNegativeTestJSON:_run_cleanups): 202 DELETE http://10.180.1.21/compute/v2.1/os-floating-ips/a6f3b47e-a302-46ea-8745-0dcfda6099dc 1.284s
2025-03-25 18:34:45.503 69172 INFO tempest.lib.common.rest_client [req-7d8c9df8-8887-4b56-a2c4-dfe68b432cd0 req-7d8c9df8-8887-4b56-a2c4-dfe68b432cd0 ] Request (InstanceActionsTestJSON:setUpClass): 200 GET http://10.180.1.21/compute/v2.1/servers/6e9ea13e-4032-4482-9ec5-3a67f105990d 1.261s
2025-03-25 18:34:45.549 69202 INFO tempest.lib.common.rest_client [req-db8c633a-f1c3-4661-a6c9-36049aa22931 req-db8c633a-f1c3-4661-a6c9-36049aa22931 ] Request (ServerRescueNegativeTestJSON:test_rescued_vm_detach_volume): 202 POST http://10.180.1.21/compute/v2.1/servers 1.331s
2025-03-25 18:34:45.576 69168 INFO tempest.lib.common.rest_client [req-c4acf2d6-54c8-43c2-9be0-4e44c9b251ef req-c4acf2d6-54c8-43c2-9be0-4e44c9b251ef ] Request (ServerAddressesNegativeTestJSON:setUpClass): 200 GET http://10.180.1.21/compute/v2.1/servers/edebcb67-10a9-47b1-9848-ec003e4de95f 1.275s
2025-03-25 18:34:45.599 69162 INFO tempest.lib.common.rest_client [req-ac3da733-6bbc-4a25-847d-bbb499bc30a3 req-ac3da733-6bbc-4a25-847d-bbb499bc30a3 ] Request (ServerRescueTestJSON:setUpClass): 200 GET http://10.180.1.21/compute/v2.1/servers/8e863779-d50a-4b1b-b355-d6d0e217addd 1.296s
2025-03-25 18:34:45.841 69158 INFO tempest.lib.common.rest_client [req-a74d6190-aa2c-4279-a4da-b3dcc031e12a req-a74d6190-aa2c-4279-a4da-b3dcc031e12a ] Request (AttachInterfacesV270Test:test_create_get_list_interfaces): 200 GET http://10.180.1.21/compute/v2.1/servers/e9f1dd6d-f377-4d3a-8380-cc652ae025bf 1.465s
2025-03-25 18:34:45.921 69192 INFO tempest.lib.common.rest_client [req-75ca230e-79f9-4b42-a03d-5e3b219774c5 req-75ca230e-79f9-4b42-a03d-5e3b219774c5 ] Request (ServerTagsTestJSON:setUpClass): 200 GET http://10.180.1.21/compute/v2.1/servers/35f1fcb9-985b-4bac-8dc3-e0787f43de54 1.487s
2025-03-25 18:34:45.931 69192 INFO tempest.common.waiters [-] State transition "BUILD/spawning" ==> "ACTIVE/None" after 45 second wait
2025-03-25 18:34:45.941 69210 INFO tempest.lib.common.rest_client [req-223680d8-b11a-4a06-85d6-f867a6ed947f req-223680d8-b11a-4a06-85d6-f867a6ed947f ] Request (DeleteServersAdminTestJSON:test_delete_server_while_in_error_state): 200 GET http://10.180.1.21/compute/v2.1/servers/297ded63-d94a-4997-bbd0-78c27caf99da 1.445s
2025-03-25 18:34:45.948 69210 INFO tempest.common.waiters [-] State transition "BUILD/None" ==> "BUILD/spawning" after 38 second wait
2025-03-25 18:34:45.974 69176 INFO tempest.lib.common.rest_client [req-6f98485f-715e-48f7-928d-c342bb1e4c98 req-6f98485f-715e-48f7-928d-c342bb1e4c98 ] Request (ServerExternalEventsTest:tearDownClass): 200 GET http://10.180.1.21/compute/v2.1/servers/72cad1ac-44b8-4d90-bfde-7078e2ffd0e1 1.408s
2025-03-25 18:34:46.031 69164 INFO tempest.lib.common.rest_client [req-e9e8e2e0-cde5-47bc-a043-d4b40d92eee1 req-e9e8e2e0-cde5-47bc-a043-d4b40d92eee1 ] Request (ImagesTestJSON:test_create_image_from_stopped_server): 200 GET http://10.180.1.21/compute/v2.1/servers/d9bd6f02-19ff-49b7-9fb4-26119727ad63 1.405s
2025-03-25 18:34:46.082 69180 INFO tempest.lib.common.rest_client [req-cc488e6c-31fd-4408-9e2d-308d5e5f11e1 req-cc488e6c-31fd-4408-9e2d-308d5e5f11e1 ] Request (ServersAdminNegativeTestJSON:setUpClass): 200 GET http://10.180.1.21/compute/v2.1/servers/4743452f-e6f6-4069-bb1a-bc08b74287f1 1.379s
2025-03-25 18:34:46.107 69184 WARNING tempest.lib.common.ssh [-] Failed to establish authenticated ssh connection to cirros@10.180.180.226 ([Errno None] Unable to connect to port 22 on 10.180.180.226). Number attempts: 7. Retry after 8 seconds.: paramiko.ssh_exception.NoValidConnectionsError: [Errno None] Unable to connect to port 22 on 10.180.180.226
2025-03-25 18:34:46.145 69182 INFO tempest.lib.common.rest_client [req-055fee32-c299-4ab9-83c2-b3e81e5c94e0 req-055fee32-c299-4ab9-83c2-b3e81e5c94e0 ] Request (ListServersNegativeTestJSON:setUpClass): 200 GET http://10.180.1.21/compute/v2.1/servers/1db421cf-4568-451a-ac6b-3789ac312f33 0.902s
2025-03-25 18:34:47.301 69160 INFO tempest.lib.common.rest_client [req-07fd02d5-e039-49b4-aa26-b0063722e88b req-07fd02d5-e039-49b4-aa26-b0063722e88b ] Request (FloatingIPsAssociationNegativeTestJSON:_run_cleanups): 202 POST http://10.180.1.21/compute/v2.1/servers/cdff230c-2bdf-4bd9-91c0-139f7fafccc3/action 1.855s
2025-03-25 18:34:47.372 69202 INFO tempest.lib.common.rest_client [req-a75f77f1-1461-428d-beaa-34a840242f25 req-a75f77f1-1461-428d-beaa-34a840242f25 ] Request (ServerRescueNegativeTestJSON:test_rescued_vm_detach_volume): 200 GET http://10.180.1.21/compute/v2.1/servers/225bcb4f-da24-40a4-bb9f-8cdf79b76c52 1.821s
2025-03-25 18:34:47.530 69204 INFO tempest.lib.common.rest_client [req-7f6f386f-548a-46d9-b7a3-c313eaf88828 req-7f6f386f-548a-46d9-b7a3-c313eaf88828 ] Request (ServersAdminTestJSON:test_create_server_with_scheduling_hint): 200 GET http://10.180.1.21/compute/v2.1/servers/7eae8370-b95c-4263-a671-a6032ade221d 1.966s
2025-03-25 18:34:47.593 69208 INFO tempest.lib.common.rest_client [req-387317af-4e23-4504-9f78-ae01900c26ec req-387317af-4e23-4504-9f78-ae01900c26ec ] Request (ServersAdmin275Test:test_rebuild_update_server_275): 200 GET http://10.180.1.21/compute/v2.1/servers/e02e5253-17db-450f-bf10-9cf08255c646 1.977s
2025-03-25 18:34:47.769 69198 INFO tempest.lib.common.rest_client [req-b5ea2292-b412-47ce-a2cd-0b36b58fa518 req-b5ea2292-b412-47ce-a2cd-0b36b58fa518 ] Request (MigrationsAdminTest:test_list_migrations_in_flavor_resize_situation): 200 GET http://10.180.1.21/compute/v2.1/servers/ff3f81eb-8599-47e0-a5a8-26f21ea70fc5 2.034s
2025-03-25 18:34:47.872 69206 INFO tempest.lib.common.rest_client [req-42cfa2b2-df8e-49da-8a04-3cd4d96b5490 req-42cfa2b2-df8e-49da-8a04-3cd4d96b5490 ] Request (FloatingIPsAssociationTestJSON:test_associate_already_associated_floating_ip): 202 POST http://10.180.1.21/compute/v2.1/servers/0a3ec5b2-43c5-49ae-ad46-c2a67581ff73/action 3.276s
2025-03-25 18:34:47.880 69154 INFO tempest.lib.common.rest_client [req-846d3c0a-92d1-4c85-9e3a-a015b0eefc29 req-846d3c0a-92d1-4c85-9e3a-a015b0eefc29 ] Request (ServerDiskConfigTestJSON:test_rebuild_server_with_auto_disk_config): 200 GET http://10.180.1.21/compute/v2.1/servers/f80f943b-e912-4b1d-a2d2-0d42c7f61e0c 2.115s
2025-03-25 18:34:47.933 69186 INFO tempest.lib.common.rest_client [req-ec024c71-189a-4659-b322-75634b8213e6 req-ec024c71-189a-4659-b322-75634b8213e6 ] Request (ServersAaction247Test:tearDownClass): 200 GET http://10.180.1.21/compute/v2.1/servers/8edd2a87-1a90-43ea-a0fa-c285caa89226 2.122s
2025-03-25 18:34:47.938 69152 INFO tempest.lib.common.rest_client [req-160d7c78-1fba-471a-83f6-bb3bbde19e6d req-160d7c78-1fba-471a-83f6-bb3bbde19e6d ] Request (ServersTestManualDisk:setUpClass): 200 GET http://10.180.1.21/compute/v2.1/servers/fdf0747e-1b3f-455c-a853-098c445c8924 2.104s
2025-03-25 18:34:47.961 69174 INFO tempest.lib.common.rest_client [req-d3da3bba-db4f-4bd2-887b-8f142aba957a req-d3da3bba-db4f-4bd2-887b-8f142aba957a ] Request (ImagesNegativeTestJSON:test_create_image_from_deleted_server): 404 GET http://10.180.1.21/compute/v2.1/servers/03a157f6-051b-40f3-89e6-3b24db7d7c61 2.054s
2025-03-25 18:34:47.986 69166 INFO tempest.lib.common.rest_client [req-cd2fb62d-47d1-4c35-9dee-0aea0dcdbafc req-cd2fb62d-47d1-4c35-9dee-0aea0dcdbafc ] Request (ServerRescueTestJSONUnderV235:setUpClass): 200 GET http://10.180.1.21/compute/v2.1/servers/0f2357fa-1aa1-4309-a46e-497d1a8257b5 2.106s
2025-03-25 18:34:48.031 69192 INFO tempest.lib.common.rest_client [req-0d6ef827-1b85-4adc-98f2-6d45712a7167 req-0d6ef827-1b85-4adc-98f2-6d45712a7167 ] Request (ServerTagsTestJSON:test_check_tag_existence): 201 PUT http://10.180.1.21/compute/v2.1/servers/35f1fcb9-985b-4bac-8dc3-e0787f43de54/tags/tempest-tag-1903472786 2.098s
2025-03-25 18:34:48.038 69171 INFO tempest.lib.common.rest_client [req-a99260a4-aa51-4746-beb8-cf422940f688 req-a99260a4-aa51-4746-beb8-cf422940f688 ] Request (ServersTestFqdnHostnames:test_create_server_with_fqdn_name): 200 GET http://10.180.1.21/compute/v2.1/servers/ecbc1ed3-8601-4ea8-b8f9-862e3faf5943 2.061s
2025-03-25 18:34:48.099 69194 INFO tempest.lib.common.rest_client [req-500eadb8-1ddf-4ad1-aff9-5df5e6819d6b req-500eadb8-1ddf-4ad1-aff9-5df5e6819d6b ] Request (ImagesOneServerTestJSON:setUpClass): 200 GET http://10.180.1.21/compute/v2.1/servers/8a20799c-f053-4d14-86a5-46adae023a07 2.044s
2025-03-25 18:34:48.157 69212 INFO tempest.lib.common.rest_client [req-3564dd62-54fb-4b15-969c-28fee0cbec41 req-3564dd62-54fb-4b15-969c-28fee0cbec41 ] Request (ServerShowV254Test:test_rebuild_server): 200 GET http://10.180.1.21/compute/v2.1/servers/b38dc0ec-2fc5-4fba-9c8e-84c5774ddac3 2.028s
2025-03-25 18:34:48.176 69156 INFO tempest.lib.common.rest_client [req-b2e1564a-0d0e-4848-921e-af6dbfb4fbf9 req-b2e1564a-0d0e-4848-921e-af6dbfb4fbf9 ] Request (ServersNegativeTestJSON:setUpClass): 200 GET http://10.180.1.21/compute/v2.1/servers/d5ab1888-4692-4c9b-be29-6adda0c5c931 2.189s
2025-03-25 18:34:48.205 69172 INFO tempest.lib.common.rest_client [req-653f0c49-347f-46e6-a286-051fdd73ea51 req-653f0c49-347f-46e6-a286-051fdd73ea51 ] Request (InstanceActionsTestJSON:setUpClass): 200 GET http://10.180.1.21/compute/v2.1/servers/6e9ea13e-4032-4482-9ec5-3a67f105990d 1.695s
2025-03-25 18:34:48.212 69172 INFO tempest.common.waiters [-] State transition "BUILD/scheduling" ==> "BUILD/None" after 25 second wait
2025-03-25 18:34:48.224 69168 INFO tempest.lib.common.rest_client [req-97fce579-1a80-4752-a048-37220e8481ee req-97fce579-1a80-4752-a048-37220e8481ee ] Request (ServerAddressesNegativeTestJSON:setUpClass): 200 GET http://10.180.1.21/compute/v2.1/servers/edebcb67-10a9-47b1-9848-ec003e4de95f 1.638s
2025-03-25 18:34:48.252 69162 INFO tempest.lib.common.rest_client [req-b528e402-eb81-4163-9d1c-9ad6f2b0d19d req-b528e402-eb81-4163-9d1c-9ad6f2b0d19d ] Request (ServerRescueTestJSON:setUpClass): 200 GET http://10.180.1.21/compute/v2.1/servers/8e863779-d50a-4b1b-b355-d6d0e217addd 1.645s
2025-03-25 18:34:48.284 69178 WARNING tempest.lib.common.ssh [-] Failed to establish authenticated ssh connection to cirros@10.180.180.166 ([Errno None] Unable to connect to port 22 on 10.180.180.166). Number attempts: 5. Retry after 6 seconds.: paramiko.ssh_exception.NoValidConnectionsError: [Errno None] Unable to connect to port 22 on 10.180.180.166
2025-03-25 18:34:48.293 69158 INFO tempest.lib.common.rest_client [req-329b911e-cbd9-4530-8eff-4b84f3d9eaf4 req-329b911e-cbd9-4530-8eff-4b84f3d9eaf4 ] Request (AttachInterfacesV270Test:test_create_get_list_interfaces): 200 GET http://10.180.1.21/compute/v2.1/servers/e9f1dd6d-f377-4d3a-8380-cc652ae025bf 1.441s
2025-03-25 18:34:48.366 69176 INFO tempest.lib.common.rest_client [req-0abb9e56-78fa-47fe-86d1-f5494c991200 req-0abb9e56-78fa-47fe-86d1-f5494c991200 ] Request (ServerExternalEventsTest:tearDownClass): 200 GET http://10.180.1.21/compute/v2.1/servers/72cad1ac-44b8-4d90-bfde-7078e2ffd0e1 1.383s
2025-03-25 18:34:48.392 69210 INFO tempest.lib.common.rest_client [req-5f4054d4-1475-4ebd-9d6d-9cc1c1f1e4c9 req-5f4054d4-1475-4ebd-9d6d-9cc1c1f1e4c9 ] Request (DeleteServersAdminTestJSON:test_delete_server_while_in_error_state): 200 GET http://10.180.1.21/compute/v2.1/servers/297ded63-d94a-4997-bbd0-78c27caf99da 1.442s
2025-03-25 18:34:48.451 69164 INFO tempest.lib.common.rest_client [req-85ea7038-6b72-4869-baac-08977cba8dc7 req-85ea7038-6b72-4869-baac-08977cba8dc7 ] Request (ImagesTestJSON:test_create_image_from_stopped_server): 200 GET http://10.180.1.21/compute/v2.1/servers/d9bd6f02-19ff-49b7-9fb4-26119727ad63 1.409s
2025-03-25 18:34:48.466 69180 INFO tempest.lib.common.rest_client [req-a1e9193f-144b-498a-9577-45490c192a0b req-a1e9193f-144b-498a-9577-45490c192a0b ] Request (ServersAdminNegativeTestJSON:setUpClass): 200 GET http://10.180.1.21/compute/v2.1/servers/4743452f-e6f6-4069-bb1a-bc08b74287f1 1.375s
2025-03-25 18:34:48.524 69182 INFO tempest.lib.common.rest_client [req-b4ffd801-7874-4d6d-b878-c12b52a701d7 req-b4ffd801-7874-4d6d-b878-c12b52a701d7 ] Request (ListServersNegativeTestJSON:setUpClass): 200 GET http://10.180.1.21/compute/v2.1/servers/1db421cf-4568-451a-ac6b-3789ac312f33 1.370s
2025-03-25 18:34:48.870 69206 INFO tempest.lib.common.rest_client [req-0c6d66c4-b224-4fd0-9600-e72ec7fe4933 req-0c6d66c4-b224-4fd0-9600-e72ec7fe4933 ] Request (FloatingIPsAssociationTestJSON:test_associate_already_associated_floating_ip): 409 POST http://10.180.1.21/compute/v2.1/servers/b427c242-aa1f-42cd-9808-a4028c75c2b7/action 0.997s
