2025-03-25 18:33:20.530 69158 INFO tempest.lib.common.rest_client [req-ab0e30bc-cba3-4827-8ae6-64c50f368b9c req-ab0e30bc-cba3-4827-8ae6-64c50f368b9c ] Request (FlavorsAccessTestJSON:test_flavor_access_add_remove): 200 POST http://10.180.1.21/compute/v2.1/flavors/324920107/action 1.887s
2025-03-25 18:33:20.539 69200 INFO tempest.lib.common.rest_client [req-c85cba20-a186-4aeb-9429-d8d5b50c7a8d req-c85cba20-a186-4aeb-9429-d8d5b50c7a8d ] Request (ServersWithSpecificFlavorTestJSON:setUpClass): 204 PUT http://10.180.1.21/identity/v3/projects/a00138c07e694f2c8222f0c3254fcd74/users/ff46a6695ee54c08bc64e9863f936700/roles/4d20d821c8824c91a41c00ba08c79739 0.131s
2025-03-25 18:33:20.569 69204 INFO tempest.lib.common.rest_client [req-0ce1e22c-219d-4344-ba89-8494c3152436 req-0ce1e22c-219d-4344-ba89-8494c3152436 ] Request (ServersAdminTestJSON:setUpClass): 201 POST http://10.180.1.21/identity/v3/auth/tokens 0.112s
2025-03-25 18:33:20.579 69202 INFO tempest.lib.common.rest_client [req-cfa19755-9385-4b63-9f01-09e28accf414 req-cfa19755-9385-4b63-9f01-09e28accf414 ] Request (AZAdminNegativeTestJSON:tearDownClass): 200 GET http://10.180.1.21:9696/networking/v2.0/security-groups?tenant_id=6472ce527ebf4b37a90564a12e143460&name=default 0.193s
2025-03-25 18:33:20.593 69168 INFO tempest.lib.common.rest_client [req-abdb0b0f-afd1-453a-a558-3fc61c3ed9a1 req-abdb0b0f-afd1-453a-a558-3fc61c3ed9a1 ] Request (ServerAddressesTestJSON:setUpClass): 201 POST http://10.180.1.21/identity/v3/auth/tokens 0.112s
2025-03-25 18:33:20.593 69168 INFO tempest.lib.common.fixed_network [-] (ServerAddressesTestJSON:setUpClass) Found network {'id': 'b2e8152e-0d5c-4caf-881a-a3754f7f4d75', 'name': 'tempest-ServerAddressesTestJSON-1787994227-network', 'tenant_id': 'ac0d3f8165e243c3bab192483d99f595', 'admin_state_up': True, 'mtu': 8950, 'status': 'ACTIVE', 'subnets': [], 'shared': False, 'project_id': 'ac0d3f8165e243c3bab192483d99f595', 'port_security_enabled': True, 'router:external': False, 'provider:network_type': 'vlan', 'provider:physical_network': 'default', 'provider:segmentation_id': 544, 'availability_zone_hints': [], 'availability_zones': [], 'ipv4_address_scope': None, 'ipv6_address_scope': None, 'description': '', 'tags': [], 'created_at': '2025-03-25T18:33:15Z', 'updated_at': '2025-03-25T18:33:15Z', 'revision_number': 1} available for tenant
2025-03-25 18:33:20.596 69206 INFO tempest.lib.common.rest_client [req-d1a142be-3954-47cc-a3f3-44bb9c34babd req-d1a142be-3954-47cc-a3f3-44bb9c34babd ] Request (FloatingIPsAssociationTestJSON:setUpClass): 200 PUT http://10.180.1.21:9696/networking/v2.0/routers/d001b1a6-ccba-439d-bb44-232b843208a7/add_router_interface 2.542s
2025-03-25 18:33:20.596 69206 INFO tempest.lib.common.dynamic_creds [-] Created isolated network resources for: credentials: Credentials: {'domain_id': 'default', 'domain_name': 'Default', 'username': 'tempest-FloatingIPsAssociationTestJSON-1635333144-project-member', 'project_domain_id': 'default', 'project_domain_name': 'Default', 'project_id': '278ec598bc174a17b8f094b7af6dec73', 'project_name': 'tempest-FloatingIPsAssociationTestJSON-1635333144', 'tenant_id': '278ec598bc174a17b8f094b7af6dec73', 'tenant_name': 'tempest-FloatingIPsAssociationTestJSON-1635333144', 'user_domain_id': 'default', 'user_domain_name': 'Default', 'user_id': '864bca1f064041208416f83aab56fd7d', 'system': None}, Network: {'id': '4796552a-438b-4789-9297-47ef68a6d663', 'name': 'tempest-FloatingIPsAssociationTestJSON-1544253656-network', 'tenant_id': '278ec598bc174a17b8f094b7af6dec73', 'admin_state_up': True, 'mtu': 8950, 'status': 'ACTIVE', 'subnets': [], 'shared': False, 'project_id': '278ec598bc174a17b8f094b7af6dec73', 'port_security_enabled': True, 'router:external': False, 'provider:network_type': 'vlan', 'provider:physical_network': 'default', 'provider:segmentation_id': 975, 'availability_zone_hints': [], 'availability_zones': [], 'ipv4_address_scope': None, 'ipv6_address_scope': None, 'description': '', 'tags': [], 'created_at': '2025-03-25T18:33:15Z', 'updated_at': '2025-03-25T18:33:15Z', 'revision_number': 1}, Subnet: {'id': '83b3baa6-7c57-40e6-99fe-6c63ebb85c55', 'name': 'tempest-FloatingIPsAssociationTestJSON-1544253656-subnet', 'tenant_id': '278ec598bc174a17b8f094b7af6dec73', 'network_id': '4796552a-438b-4789-9297-47ef68a6d663', 'ip_version': 4, 'subnetpool_id': None, 'enable_dhcp': True, 'ipv6_ra_mode': None, 'ipv6_address_mode': None, 'gateway_ip': '192.168.128.1', 'cidr': '192.168.128.0/28', 'allocation_pools': [{'start': '192.168.128.2', 'end': '192.168.128.14'}], 'host_routes': [], 'dns_nameservers': [], 'description': '', 'router:external': False, 'service_types': [], 'tags': [], 'created_at': '2025-03-25T18:33:15Z', 'updated_at': '2025-03-25T18:33:15Z', 'revision_number': 0, 'project_id': '278ec598bc174a17b8f094b7af6dec73'}, Router: {'id': 'd001b1a6-ccba-439d-bb44-232b843208a7', 'name': 'tempest-FloatingIPsAssociationTestJSON-1544253656-router', 'tenant_id': '278ec598bc174a17b8f094b7af6dec73', 'admin_state_up': True, 'status': 'ACTIVE', 'external_gateway_info': {'network_id': 'f1f5d0b1-2bf8-477e-a142-32e3af7ac3ad', 'external_fixed_ips': [{'subnet_id': '01c3bb82-19e4-4750-bb0a-823355c64845', 'ip_address': '10.180.180.171'}], 'enable_snat': True}, 'description': '', 'availability_zones': [], 'distributed': False, 'ha': False, 'availability_zone_hints': [], 'routes': [], 'flavor_id': None, 'tags': [], 'created_at': '2025-03-25T18:33:15Z', 'updated_at': '2025-03-25T18:33:17Z', 'revision_number': 2, 'project_id': '278ec598bc174a17b8f094b7af6dec73'}
2025-03-25 18:33:20.599 69184 INFO tempest.lib.common.rest_client [req-c6251478-8428-45b2-ba03-32d0a926e2cb req-c6251478-8428-45b2-ba03-32d0a926e2cb ] Request (VolumesAdminNegativeTest:setUpClass): 201 POST http://10.180.1.21:9696/networking/v2.0/networks 0.436s
2025-03-25 18:33:20.639 69171 INFO tempest.lib.common.rest_client [req-7e3d456b-4e76-411a-8527-a4bb7c6fbb98 req-7e3d456b-4e76-411a-8527-a4bb7c6fbb98 ] Request (ServicesAdminTestJSON:setUpClass): 200 GET http://10.180.1.21/identity/v3/roles 0.136s
2025-03-25 18:33:20.688 69178 INFO tempest.lib.common.rest_client [req-83df912f-ffb5-4579-9a01-6cbb66a88664 req-83df912f-ffb5-4579-9a01-6cbb66a88664 ] Request (VolumesAssistedSnapshotsTest:setUpClass): 201 POST http://10.180.1.21/identity/v3/auth/tokens 0.170s
2025-03-25 18:33:20.715 69200 INFO tempest.lib.common.rest_client [req-fc5ad41b-1e1b-425e-ba64-f2137eb39247 req-fc5ad41b-1e1b-425e-ba64-f2137eb39247 ] Request (ServersWithSpecificFlavorTestJSON:setUpClass): 200 GET http://10.180.1.21/identity/v3/roles 0.175s
2025-03-25 18:33:20.745 69162 INFO tempest.lib.common.rest_client [req-4610bb43-b738-405e-aec0-e0e7fa175712 req-4610bb43-b738-405e-aec0-e0e7fa175712 ] Request (FlavorsExtraSpecsNegativeTestJSON:test_flavor_get_nonexistent_key): 404 GET http://10.180.1.21/compute/v2.1/flavors/860115563/os-extra_specs/hw:cpu_thread_policy 2.021s
2025-03-25 18:33:20.746 69202 INFO tempest.lib.common.rest_client [req-9d8e81ae-1be7-4faf-9da0-a4f1d743645c req-9d8e81ae-1be7-4faf-9da0-a4f1d743645c ] Request (AZAdminNegativeTestJSON:tearDownClass): 204 DELETE http://10.180.1.21:9696/networking/v2.0/security-groups/c6e73ff5-90dd-4ecf-8710-5f45aa4f4a1e 0.166s
2025-03-25 18:33:20.773 69184 INFO tempest.lib.common.rest_client [req-2037ca54-0916-45cd-bf4b-0b6772217838 req-2037ca54-0916-45cd-bf4b-0b6772217838 ] Request (VolumesAdminNegativeTest:setUpClass): 201 POST http://10.180.1.21:9696/networking/v2.0/subnets 0.173s
2025-03-25 18:33:20.777 69204 INFO tempest.lib.common.rest_client [req-e25caa5a-cfe7-4e5d-b0da-0d8b5f46d518 req-e25caa5a-cfe7-4e5d-b0da-0d8b5f46d518 ] Request (ServersAdminTestJSON:setUpClass): 201 POST http://10.180.1.21/identity/v3/projects 0.207s
2025-03-25 18:33:20.813 69206 INFO tempest.lib.common.rest_client [req-75a56b71-7e21-4595-8993-db585b86de01 req-75a56b71-7e21-4595-8993-db585b86de01 ] Request (FloatingIPsAssociationTestJSON:setUpClass): 201 POST http://10.180.1.21/identity/v3/auth/tokens 0.176s
2025-03-25 18:33:20.876 69171 INFO tempest.lib.common.rest_client [req-d6e1e453-e82a-44dc-ac69-971d514e8735 req-d6e1e453-e82a-44dc-ac69-971d514e8735 ] Request (ServicesAdminTestJSON:setUpClass): 204 PUT http://10.180.1.21/identity/v3/projects/2583aff57b4745edbb143453dce8b109/users/fd0a022793c045e6b6558f9c606dfa1a/roles/7c563243bd354a0ea1f7e5c1aadfc9e2 0.235s
2025-03-25 18:33:20.876 69171 INFO tempest.lib.common.dynamic_creds [-] Dynamic test user fd0a022793c045e6b6558f9c606dfa1a is created with scope project and roles: ['member']
2025-03-25 18:33:20.877 69171 INFO tempest.lib.common.dynamic_creds [-] Acquired dynamic creds: credentials: Credentials: {'domain_id': 'default', 'domain_name': 'Default', 'username': 'tempest-ServicesAdminTestJSON-522650170-project-member', 'project_domain_id': 'default', 'project_domain_name': 'Default', 'project_id': '2583aff57b4745edbb143453dce8b109', 'project_name': 'tempest-ServicesAdminTestJSON-522650170', 'tenant_id': '2583aff57b4745edbb143453dce8b109', 'tenant_name': 'tempest-ServicesAdminTestJSON-522650170', 'user_domain_id': 'default', 'user_domain_name': 'Default', 'user_id': 'fd0a022793c045e6b6558f9c606dfa1a', 'system': None}, Network: None, Subnet: None, Router: None
2025-03-25 18:33:20.877 69171 INFO tempest.lib.common.dynamic_creds [-] Created isolated network resources for: credentials: Credentials: {'domain_id': 'default', 'domain_name': 'Default', 'username': 'tempest-ServicesAdminTestJSON-522650170-project-member', 'project_domain_id': 'default', 'project_domain_name': 'Default', 'project_id': '2583aff57b4745edbb143453dce8b109', 'project_name': 'tempest-ServicesAdminTestJSON-522650170', 'tenant_id': '2583aff57b4745edbb143453dce8b109', 'tenant_name': 'tempest-ServicesAdminTestJSON-522650170', 'user_domain_id': 'default', 'user_domain_name': 'Default', 'user_id': 'fd0a022793c045e6b6558f9c606dfa1a', 'system': None}, Network: None, Subnet: None, Router: None
2025-03-25 18:33:20.899 69178 INFO tempest.lib.common.rest_client [req-80f81b08-cdd2-4ec0-90f4-5d14c59a16d0 req-80f81b08-cdd2-4ec0-90f4-5d14c59a16d0 ] Request (VolumesAssistedSnapshotsTest:setUpClass): 201 POST http://10.180.1.21/identity/v3/projects 0.210s
2025-03-25 18:33:20.954 69200 INFO tempest.lib.common.rest_client [req-77443504-e8d4-44ec-8e68-0af82e8c5b9c req-77443504-e8d4-44ec-8e68-0af82e8c5b9c ] Request (ServersWithSpecificFlavorTestJSON:setUpClass): 204 PUT http://10.180.1.21/identity/v3/projects/a00138c07e694f2c8222f0c3254fcd74/users/ff46a6695ee54c08bc64e9863f936700/roles/4d20d821c8824c91a41c00ba08c79739 0.239s
2025-03-25 18:33:20.954 69200 INFO tempest.lib.common.dynamic_creds [-] Dynamic test user ff46a6695ee54c08bc64e9863f936700 is created with scope project and roles: ['admin']
2025-03-25 18:33:20.954 69200 INFO tempest.lib.common.dynamic_creds [-] Acquired dynamic creds: credentials: Credentials: {'domain_id': 'default', 'domain_name': 'Default', 'username': 'tempest-ServersWithSpecificFlavorTestJSON-1813646292-project-admin', 'project_domain_id': 'default', 'project_domain_name': 'Default', 'project_id': 'a00138c07e694f2c8222f0c3254fcd74', 'project_name': 'tempest-ServersWithSpecificFlavorTestJSON-1813646292', 'tenant_id': 'a00138c07e694f2c8222f0c3254fcd74', 'tenant_name': 'tempest-ServersWithSpecificFlavorTestJSON-1813646292', 'user_domain_id': 'default', 'user_domain_name': 'Default', 'user_id': 'ff46a6695ee54c08bc64e9863f936700', 'system': None}, Network: None, Subnet: None, Router: None
2025-03-25 18:33:20.986 69182 INFO tempest.lib.common.rest_client [req-06e5514c-3d32-41a6-8c4a-0599fbe0397b req-06e5514c-3d32-41a6-8c4a-0599fbe0397b ] Request (TenantUsagesTestJSON:setUpClass): 200 GET http://10.180.1.21/compute/v2.1/servers/e5210410-3725-4dea-902d-9fcc2a4bc9e5 2.171s
2025-03-25 18:33:21.016 69166 INFO tempest.lib.common.rest_client [req-3fdf799d-0d86-4957-83a7-b8171abf0d63 req-3fdf799d-0d86-4957-83a7-b8171abf0d63 ] Request (FloatingIPDetailsTestJSON:setUpClass): 200 POST http://10.180.1.21/compute/v2.1/os-floating-ips 2.967s
2025-03-25 18:33:21.041 69202 INFO tempest.lib.common.rest_client [req-c036299f-5402-43c6-a111-bb317e32103d req-c036299f-5402-43c6-a111-bb317e32103d ] Request (AZAdminNegativeTestJSON:tearDownClass): 204 DELETE http://10.180.1.21/identity/v3/projects/6472ce527ebf4b37a90564a12e143460 0.294s
2025-03-25 18:33:21.042 69190 INFO tempest.lib.common.rest_client [req-4b60b754-88f0-49c1-b143-b08c36c552d5 req-4b60b754-88f0-49c1-b143-b08c36c552d5 ] Request (AZAdminV2TestJSON:test_get_availability_zone_list_detail): 200 GET http://10.180.1.21/compute/v2.1/os-availability-zone/detail 2.106s
2025-03-25 18:33:21.047 69180 INFO tempest.lib.common.rest_client [req-c4035baa-3641-4bf6-bf38-6583e61c140d req-c4035baa-3641-4bf6-bf38-6583e61c140d ] Request (HypervisorAdminV253TestBase:test_list_show_detail_hypervisors): 200 GET http://10.180.1.21/compute/v2.1/os-hypervisors?with_servers=True 2.180s
2025-03-25 18:33:21.066 69152 INFO tempest.lib.common.rest_client [req-9e0dddd7-df75-412c-9371-ccc7ff68d98f req-9e0dddd7-df75-412c-9371-ccc7ff68d98f ] Request (HypervisorAdminTestJSON:test_get_hypervisor_list_details): 200 GET http://10.180.1.21/compute/v2.1/os-hypervisors/detail 2.013s
2025-03-25 18:33:21.102 69204 INFO tempest.lib.common.rest_client [req-5885c398-eeff-463e-b945-67b99acfabb6 req-5885c398-eeff-463e-b945-67b99acfabb6 ] Request (ServersAdminTestJSON:setUpClass): 201 POST http://10.180.1.21/identity/v3/users 0.325s
2025-03-25 18:33:21.107 69188 INFO tempest.lib.common.rest_client [req-e6c84af4-a14e-4257-9b22-bc9ffa4c0b80 req-e6c84af4-a14e-4257-9b22-bc9ffa4c0b80 ] Request (AggregatesAdminNegativeTestJSON:test_aggregate_add_existent_host): 200 POST http://10.180.1.21/compute/v2.1/os-aggregates 1.939s
2025-03-25 18:33:21.119 69206 INFO tempest.lib.common.rest_client [req-0cee442d-d4a8-47eb-b634-0fb71fbf8a24 req-0cee442d-d4a8-47eb-b634-0fb71fbf8a24 ] Request (FloatingIPsAssociationTestJSON:setUpClass): 201 POST http://10.180.1.21/identity/v3/auth/tokens 0.299s
2025-03-25 18:33:21.119 69206 INFO tempest.lib.common.fixed_network [-] (FloatingIPsAssociationTestJSON:setUpClass) Found network {'id': '4796552a-438b-4789-9297-47ef68a6d663', 'name': 'tempest-FloatingIPsAssociationTestJSON-1544253656-network', 'tenant_id': '278ec598bc174a17b8f094b7af6dec73', 'admin_state_up': True, 'mtu': 8950, 'status': 'ACTIVE', 'subnets': [], 'shared': False, 'project_id': '278ec598bc174a17b8f094b7af6dec73', 'port_security_enabled': True, 'router:external': False, 'provider:network_type': 'vlan', 'provider:physical_network': 'default', 'provider:segmentation_id': 975, 'availability_zone_hints': [], 'availability_zones': [], 'ipv4_address_scope': None, 'ipv6_address_scope': None, 'description': '', 'tags': [], 'created_at': '2025-03-25T18:33:15Z', 'updated_at': '2025-03-25T18:33:15Z', 'revision_number': 1} available for tenant
2025-03-25 18:33:21.151 69192 INFO tempest.lib.common.rest_client [req-8e00c731-7312-43a6-bda1-30f4f43862b3 req-8e00c731-7312-43a6-bda1-30f4f43862b3 ] Request (KeyPairsV210TestJSON:test_admin_manage_keypairs_for_other_users): 201 POST http://10.180.1.21/compute/v2.1/os-keypairs 1.821s
2025-03-25 18:33:21.165 69178 INFO tempest.lib.common.rest_client [req-ff85b079-3b79-4b48-b8df-a1612f0e1189 req-ff85b079-3b79-4b48-b8df-a1612f0e1189 ] Request (VolumesAssistedSnapshotsTest:setUpClass): 201 POST http://10.180.1.21/identity/v3/users 0.266s
2025-03-25 18:33:21.190 69171 INFO tempest.lib.common.rest_client [req-faaeb155-9c62-48c3-86dd-6202b50c4d40 req-faaeb155-9c62-48c3-86dd-6202b50c4d40 ] Request (ServicesAdminTestJSON:setUpClass): 201 POST http://10.180.1.21/identity/v3/auth/tokens 0.305s
2025-03-25 18:33:21.190 69202 INFO tempest.lib.common.rest_client [req-8a5f2b09-c286-43fd-a37a-b83d96984ffb req-8a5f2b09-c286-43fd-a37a-b83d96984ffb ] Request (ServerRescueNegativeTestJSON:setUpClass): 201 POST http://10.180.1.21/identity/v3/auth/tokens 0.147s
2025-03-25 18:33:21.237 69210 INFO tempest.lib.common.rest_client [req-9629f926-e1ab-4fda-9c37-f0d7843e0994 req-9629f926-e1ab-4fda-9c37-f0d7843e0994 ] Request (DeleteServersAdminTestJSON:test_admin_delete_servers_of_others): 200 GET http://10.180.1.21/compute/v2.1/servers/5ebcefb7-7726-44fd-a9da-1454cbb39bd7 1.862s
2025-03-25 18:33:21.246 69210 INFO tempest.common.waiters [-] State transition "BUILD/None" ==> "BUILD/networking" after 3 second wait
2025-03-25 18:33:21.304 69190 INFO tempest.lib.common.rest_client [req-ab866896-a2ab-4739-87e8-00472e7a86bd req-ab866896-a2ab-4739-87e8-00472e7a86bd ] Request (AZAdminV2TestJSON:tearDownClass): 204 DELETE http://10.180.1.21/identity/v3/users/fba0bee8fb86408f8cfa7fd33c867cc5 0.257s
2025-03-25 18:33:21.315 69164 INFO tempest.lib.common.rest_client [req-7eeca236-993a-490d-a9db-b291b6f871eb req-7eeca236-993a-490d-a9db-b291b6f871eb ] Request (ServerDiagnosticsNegativeTest:test_get_server_diagnostics_by_non_admin): 200 GET http://10.180.1.21/compute/v2.1/servers/41fc595a-191d-48fb-94bf-67212e8f5699 1.869s
2025-03-25 18:33:21.327 69164 INFO tempest.common.waiters [-] State transition "BUILD/scheduling" ==> "BUILD/None" after 3 second wait
2025-03-25 18:33:21.328 69186 INFO tempest.lib.common.rest_client [req-9aba2dae-be26-487a-be89-cfef1d92e603 req-9aba2dae-be26-487a-be89-cfef1d92e603 ] Request (QuotasAdminTestJSON:test_delete_quota): 202 DELETE http://10.180.1.21/compute/v2.1/os-quota-sets/f20665a714da4dae911a92774a891a9a 1.855s
2025-03-25 18:33:21.373 69178 INFO tempest.lib.common.rest_client [req-a7cd7734-0af7-430c-a12c-d9b483f81d0e req-a7cd7734-0af7-430c-a12c-d9b483f81d0e ] Request (VolumesAssistedSnapshotsTest:setUpClass): 200 GET http://10.180.1.21/identity/v3/roles 0.208s
2025-03-25 18:33:21.374 69204 INFO tempest.lib.common.rest_client [req-cd3286b1-f1ce-43c3-a148-b5888117f037 req-cd3286b1-f1ce-43c3-a148-b5888117f037 ] Request (ServersAdminTestJSON:setUpClass): 200 GET http://10.180.1.21/identity/v3/roles 0.271s
2025-03-25 18:33:21.394 69200 INFO tempest.lib.common.rest_client [req-bd8e8381-efec-4de5-acdc-7292056eec8c req-bd8e8381-efec-4de5-acdc-7292056eec8c ] Request (ServersWithSpecificFlavorTestJSON:setUpClass): 201 POST http://10.180.1.21:9696/networking/v2.0/networks 0.440s
2025-03-25 18:33:21.397 69202 INFO tempest.lib.common.rest_client [req-01aac251-9ffc-4a70-b419-50bd2ce7b9a9 req-01aac251-9ffc-4a70-b419-50bd2ce7b9a9 ] Request (ServerRescueNegativeTestJSON:setUpClass): 201 POST http://10.180.1.21/identity/v3/auth/tokens 0.205s
2025-03-25 18:33:21.423 69171 INFO tempest.lib.common.rest_client [req-a7395f3c-5c9c-4edd-b099-2c7794c30df0 req-a7395f3c-5c9c-4edd-b099-2c7794c30df0 ] Request (ServicesAdminTestJSON:setUpClass): 201 POST http://10.180.1.21/identity/v3/projects 0.232s
2025-03-25 18:33:21.459 69190 INFO tempest.lib.common.rest_client [req-2cd3cbbe-c9f9-4fd5-b270-926514cdfa39 req-2cd3cbbe-c9f9-4fd5-b270-926514cdfa39 ] Request (AZAdminV2TestJSON:tearDownClass): 204 DELETE http://10.180.1.21/identity/v3/users/b5bf00601da24e5b9e42030ef369bce4 0.154s
2025-03-25 18:33:21.459 69190 INFO tempest.lib.common.dynamic_creds [-] Deleting project and security group for project: f217a7e3d59241e3869eb42da9682263
2025-03-25 18:33:21.528 69178 INFO tempest.lib.common.rest_client [req-42b05a33-f73c-4912-bcd4-8719db609481 req-42b05a33-f73c-4912-bcd4-8719db609481 ] Request (VolumesAssistedSnapshotsTest:setUpClass): 204 PUT http://10.180.1.21/identity/v3/projects/532c426651b64c7abdff99cc030683ae/users/1baae0d2237541a5946477c389876a9d/roles/4d20d821c8824c91a41c00ba08c79739 0.154s
2025-03-25 18:33:21.552 69154 INFO tempest.lib.common.rest_client [req-76c3a8fa-2df4-4ee2-823f-209266303817 req-76c3a8fa-2df4-4ee2-823f-209266303817 ] Request (FlavorsExtraSpecsTestJSON:test_flavor_non_admin_get_all_keys): 200 GET http://10.180.1.21/compute/v2.1/flavors/977276556/os-extra_specs 2.032s
2025-03-25 18:33:21.576 69198 INFO tempest.lib.common.rest_client [req-46d78eba-3ae7-4535-ab09-4192ef256143 req-46d78eba-3ae7-4535-ab09-4192ef256143 ] Request (MigrationsAdminTest:test_list_migrations_in_flavor_resize_situation): 202 POST http://10.180.1.21/compute/v2.1/servers 2.249s
2025-03-25 18:33:21.580 69176 INFO tempest.lib.common.rest_client [req-982972b6-d24e-4723-b05f-d54cf6484e02 req-982972b6-d24e-4723-b05f-d54cf6484e02 ] Request (HostsAdminTestJSON:test_list_hosts_with_nonexistent_zone): 200 GET http://10.180.1.21/compute/v2.1/os-hosts?zone=xxx 2.031s
2025-03-25 18:33:21.601 69214 INFO tempest.lib.common.rest_client [req-b93fc191-32f9-467d-864e-768c1ef1e742 req-b93fc191-32f9-467d-864e-768c1ef1e742 ] Request (FlavorMetadataValidation:_run_cleanups): 202 DELETE http://10.180.1.21/compute/v2.1/flavors/1997149071 1.935s
2025-03-25 18:33:21.604 69204 INFO tempest.lib.common.rest_client [req-724e14a6-3c76-49dc-a91a-30ba1b0f63e6 req-724e14a6-3c76-49dc-a91a-30ba1b0f63e6 ] Request (ServersAdminTestJSON:setUpClass): 204 PUT http://10.180.1.21/identity/v3/projects/aa102765a9a849b2954d5a750072a3b0/users/61ed61d47d6c4e7f97fa49608b7ac7c6/roles/4d20d821c8824c91a41c00ba08c79739 0.230s
2025-03-25 18:33:21.614 69202 INFO tempest.lib.common.rest_client [req-ad1c429b-a420-43a6-94a1-be10978daf98 req-ad1c429b-a420-43a6-94a1-be10978daf98 ] Request (ServerRescueNegativeTestJSON:setUpClass): 200 GET http://10.180.1.21/identity/v3/domains?name=Default 0.216s
2025-03-25 18:33:21.685 69190 INFO tempest.lib.common.rest_client [req-72bde86f-476e-4204-9199-d9ca2dbed699 req-72bde86f-476e-4204-9199-d9ca2dbed699 ] Request (AZAdminV2TestJSON:tearDownClass): 201 POST http://10.180.1.21/identity/v3/auth/tokens 0.226s
2025-03-25 18:33:21.690 69171 INFO tempest.lib.common.rest_client [req-c1890218-ffc4-45da-855c-19f0b2334d0b req-c1890218-ffc4-45da-855c-19f0b2334d0b ] Request (ServicesAdminTestJSON:setUpClass): 201 POST http://10.180.1.21/identity/v3/users 0.266s
2025-03-25 18:33:21.705 69178 INFO tempest.lib.common.rest_client [req-72170cc1-3b49-4d36-8526-047f759871a4 req-72170cc1-3b49-4d36-8526-047f759871a4 ] Request (VolumesAssistedSnapshotsTest:setUpClass): 200 GET http://10.180.1.21/identity/v3/roles 0.177s
2025-03-25 18:33:21.718 69200 INFO tempest.lib.common.rest_client [req-8ba7bfdc-88ed-4c08-8f67-3947be0dbbcc req-8ba7bfdc-88ed-4c08-8f67-3947be0dbbcc ] Request (ServersWithSpecificFlavorTestJSON:setUpClass): 201 POST http://10.180.1.21:9696/networking/v2.0/subnets 0.322s
2025-03-25 18:33:21.724 69204 INFO tempest.lib.common.rest_client [req-1c60e3cd-22d0-4f00-9bbd-43e539762fc3 req-1c60e3cd-22d0-4f00-9bbd-43e539762fc3 ] Request (ServersAdminTestJSON:setUpClass): 200 GET http://10.180.1.21/identity/v3/roles 0.119s
2025-03-25 18:33:21.748 69202 INFO tempest.lib.common.rest_client [req-1ce5a452-d906-4671-a903-8eca63c18c3c req-1ce5a452-d906-4671-a903-8eca63c18c3c ] Request (ServerRescueNegativeTestJSON:setUpClass): 201 POST http://10.180.1.21/identity/v3/projects 0.134s
2025-03-25 18:33:21.873 69171 INFO tempest.lib.common.rest_client [req-5f3bf986-d148-473b-ae29-acbc66e0d8c7 req-5f3bf986-d148-473b-ae29-acbc66e0d8c7 ] Request (ServicesAdminTestJSON:setUpClass): 200 GET http://10.180.1.21/identity/v3/roles 0.183s
2025-03-25 18:33:21.891 69178 INFO tempest.lib.common.rest_client [req-7cf9acf2-1a7d-4d68-9c9d-048be1ed070b req-7cf9acf2-1a7d-4d68-9c9d-048be1ed070b ] Request (VolumesAssistedSnapshotsTest:setUpClass): 204 PUT http://10.180.1.21/identity/v3/projects/532c426651b64c7abdff99cc030683ae/users/1baae0d2237541a5946477c389876a9d/roles/4d20d821c8824c91a41c00ba08c79739 0.185s
2025-03-25 18:33:21.891 69178 INFO tempest.lib.common.dynamic_creds [-] Dynamic test user 1baae0d2237541a5946477c389876a9d is created with scope project and roles: ['admin']
2025-03-25 18:33:21.891 69178 INFO tempest.lib.common.dynamic_creds [-] Acquired dynamic creds: credentials: Credentials: {'domain_id': 'default', 'domain_name': 'Default', 'username': 'tempest-VolumesAssistedSnapshotsTest-536585431-project-admin', 'project_domain_id': 'default', 'project_domain_name': 'Default', 'project_id': '532c426651b64c7abdff99cc030683ae', 'project_name': 'tempest-VolumesAssistedSnapshotsTest-536585431', 'tenant_id': '532c426651b64c7abdff99cc030683ae', 'tenant_name': 'tempest-VolumesAssistedSnapshotsTest-536585431', 'user_domain_id': 'default', 'user_domain_name': 'Default', 'user_id': '1baae0d2237541a5946477c389876a9d', 'system': None}, Network: None, Subnet: None, Router: None
2025-03-25 18:33:21.932 69204 INFO tempest.lib.common.rest_client [req-2025780e-d64f-4d60-89fd-df1c362bca3c req-2025780e-d64f-4d60-89fd-df1c362bca3c ] Request (ServersAdminTestJSON:setUpClass): 204 PUT http://10.180.1.21/identity/v3/projects/aa102765a9a849b2954d5a750072a3b0/users/61ed61d47d6c4e7f97fa49608b7ac7c6/roles/4d20d821c8824c91a41c00ba08c79739 0.208s
2025-03-25 18:33:21.932 69204 INFO tempest.lib.common.dynamic_creds [-] Dynamic test user 61ed61d47d6c4e7f97fa49608b7ac7c6 is created with scope project and roles: ['admin']
2025-03-25 18:33:21.932 69204 INFO tempest.lib.common.dynamic_creds [-] Acquired dynamic creds: credentials: Credentials: {'domain_id': 'default', 'domain_name': 'Default', 'username': 'tempest-ServersAdminTestJSON-263111550-project-admin', 'project_domain_id': 'default', 'project_domain_name': 'Default', 'project_id': 'aa102765a9a849b2954d5a750072a3b0', 'project_name': 'tempest-ServersAdminTestJSON-263111550', 'tenant_id': 'aa102765a9a849b2954d5a750072a3b0', 'tenant_name': 'tempest-ServersAdminTestJSON-263111550', 'user_domain_id': 'default', 'user_domain_name': 'Default', 'user_id': '61ed61d47d6c4e7f97fa49608b7ac7c6', 'system': None}, Network: None, Subnet: None, Router: None
2025-03-25 18:33:21.989 69184 INFO tempest.lib.common.rest_client [req-3f53d29b-2914-4102-88e7-8b62514c838d req-3f53d29b-2914-4102-88e7-8b62514c838d ] Request (VolumesAdminNegativeTest:setUpClass): 201 POST http://10.180.1.21:9696/networking/v2.0/routers 1.215s
2025-03-25 18:33:21.994 69202 INFO tempest.lib.common.rest_client [req-d4cda839-be47-4985-833d-8929e55b922a req-d4cda839-be47-4985-833d-8929e55b922a ] Request (ServerRescueNegativeTestJSON:setUpClass): 201 POST http://10.180.1.21/identity/v3/users 0.245s
2025-03-25 18:33:22.000 69208 INFO tempest.lib.common.rest_client [req-de6426f5-6893-4161-bcce-c6c791a2b581 req-de6426f5-6893-4161-bcce-c6c791a2b581 ] Request (FlavorsAccessNegativeTestJSON:test_add_flavor_access_duplicate): 200 POST http://10.180.1.21/compute/v2.1/flavors/1688239117/action 2.221s
2025-03-25 18:33:22.007 69174 INFO tempest.lib.common.rest_client [req-33fffdd8-97da-445b-9b1b-b4870ca30aa1 req-33fffdd8-97da-445b-9b1b-b4870ca30aa1 ] Request (InstanceUsageAuditLogNegativeTestJSON:test_instance_usage_audit_logs_with_nonadmin_user): 403 GET http://10.180.1.21/compute/v2.1/os-instance_usage_audit_log/2025-03-25%2018%3A33%3A20 1.987s
2025-03-25 18:33:22.017 69202 INFO tempest.lib.common.rest_client [req-705bfc30-aa72-48ac-b5e9-e52a94f8d6bb req-705bfc30-aa72-48ac-b5e9-e52a94f8d6bb ] Request (ServerRescueNegativeTestJSON:setUpClass): 200 GET http://10.180.1.21/identity/v3/roles 0.023s
2025-03-25 18:33:22.024 69171 INFO tempest.lib.common.rest_client [req-ac0b3de1-4847-4034-b375-f100dcf9dbae req-ac0b3de1-4847-4034-b375-f100dcf9dbae ] Request (ServicesAdminTestJSON:setUpClass): 204 PUT http://10.180.1.21/identity/v3/projects/31fd9a7d185a4874bc6b1f23f4f02846/users/1fd66ea7b063439c91e631585b5c6a72/roles/4d20d821c8824c91a41c00ba08c79739 0.150s
2025-03-25 18:33:22.039 69156 INFO tempest.lib.common.rest_client [req-a8541c30-14e4-4c75-af35-6c31c0c4440f req-a8541c30-14e4-4c75-af35-6c31c0c4440f ] Request (FlavorsV261TestJSON:test_crud_flavor): 200 GET http://10.180.1.21/compute/v2.1/flavors 1.962s
2025-03-25 18:33:22.046 69160 INFO tempest.lib.common.rest_client [req-d0b6d0e6-6b2a-4367-b3ef-dfcfbafdc512 req-d0b6d0e6-6b2a-4367-b3ef-dfcfbafdc512 ] Request (HostsAdminNegativeTestJSON:test_reboot_host_with_non_admin_user): 403 GET http://10.180.1.21/compute/v2.1/os-hosts/devstack/reboot 1.762s
2025-03-25 18:33:22.111 69202 INFO tempest.lib.common.rest_client [req-bee12214-5956-4429-9977-db12f1578d65 req-bee12214-5956-4429-9977-db12f1578d65 ] Request (ServerRescueNegativeTestJSON:setUpClass): 204 PUT http://10.180.1.21/identity/v3/projects/6d208ae6bc544935aa50e7d6943be08b/users/838aa22538ad449e8faab8efcce59ca0/roles/7c563243bd354a0ea1f7e5c1aadfc9e2 0.093s
2025-03-25 18:33:22.112 69202 INFO tempest.lib.common.dynamic_creds [-] Dynamic test user 838aa22538ad449e8faab8efcce59ca0 is created with scope project and roles: ['member']
2025-03-25 18:33:22.112 69202 INFO tempest.lib.common.dynamic_creds [-] Acquired dynamic creds: credentials: Credentials: {'domain_id': 'default', 'domain_name': 'Default', 'username': 'tempest-ServerRescueNegativeTestJSON-1083036709-project-member', 'project_domain_id': 'default', 'project_domain_name': 'Default', 'project_id': '6d208ae6bc544935aa50e7d6943be08b', 'project_name': 'tempest-ServerRescueNegativeTestJSON-1083036709', 'tenant_id': '6d208ae6bc544935aa50e7d6943be08b', 'tenant_name': 'tempest-ServerRescueNegativeTestJSON-1083036709', 'user_domain_id': 'default', 'user_domain_name': 'Default', 'user_id': '838aa22538ad449e8faab8efcce59ca0', 'system': None}, Network: None, Subnet: None, Router: None
2025-03-25 18:33:22.141 69174 INFO tempest.lib.common.rest_client [req-b03a4a69-d6ee-4206-a9fa-5b9917c655b2 req-b03a4a69-d6ee-4206-a9fa-5b9917c655b2 ] Request (InstanceUsageAuditLogNegativeTestJSON:tearDownClass): 204 DELETE http://10.180.1.21/identity/v3/users/0e02e8a1ae3c4b5bafb57b4a7415f6a0 0.132s
2025-03-25 18:33:22.235 69171 INFO tempest.lib.common.rest_client [req-296aba5f-5799-4ef8-83e2-a5ea8d0b4874 req-296aba5f-5799-4ef8-83e2-a5ea8d0b4874 ] Request (ServicesAdminTestJSON:setUpClass): 200 GET http://10.180.1.21/identity/v3/roles 0.210s
2025-03-25 18:33:22.265 69202 INFO tempest.lib.common.rest_client [req-721db3f8-c3b4-47d8-98ab-562bf5e728e2 req-721db3f8-c3b4-47d8-98ab-562bf5e728e2 ] Request (ServerRescueNegativeTestJSON:setUpClass): 201 POST http://10.180.1.21/identity/v3/auth/tokens 0.152s
2025-03-25 18:33:22.287 69171 INFO tempest.lib.common.rest_client [req-f122dd6a-f7d4-4cc4-a10a-bf4c697959ab req-f122dd6a-f7d4-4cc4-a10a-bf4c697959ab ] Request (ServicesAdminTestJSON:setUpClass): 204 PUT http://10.180.1.21/identity/v3/projects/31fd9a7d185a4874bc6b1f23f4f02846/users/1fd66ea7b063439c91e631585b5c6a72/roles/4d20d821c8824c91a41c00ba08c79739 0.051s
2025-03-25 18:33:22.289 69158 INFO tempest.lib.common.rest_client [req-c99f85b5-30b2-45dd-9969-aa2ad5c26f1f req-c99f85b5-30b2-45dd-9969-aa2ad5c26f1f ] Request (FlavorsAccessTestJSON:test_flavor_access_add_remove): 200 GET http://10.180.1.21/compute/v2.1/flavors/detail 1.757s
2025-03-25 18:33:22.289 69171 INFO tempest.lib.common.dynamic_creds [-] Dynamic test user 1fd66ea7b063439c91e631585b5c6a72 is created with scope project and roles: ['admin']
2025-03-25 18:33:22.289 69171 INFO tempest.lib.common.dynamic_creds [-] Acquired dynamic creds: credentials: Credentials: {'domain_id': 'default', 'domain_name': 'Default', 'username': 'tempest-ServicesAdminTestJSON-2118384997-project-admin', 'project_domain_id': 'default', 'project_domain_name': 'Default', 'project_id': '31fd9a7d185a4874bc6b1f23f4f02846', 'project_name': 'tempest-ServicesAdminTestJSON-2118384997', 'tenant_id': '31fd9a7d185a4874bc6b1f23f4f02846', 'tenant_name': 'tempest-ServicesAdminTestJSON-2118384997', 'user_domain_id': 'default', 'user_domain_name': 'Default', 'user_id': '1fd66ea7b063439c91e631585b5c6a72', 'system': None}, Network: None, Subnet: None, Router: None
2025-03-25 18:33:22.289 69171 INFO tempest.lib.common.dynamic_creds [-] Created isolated network resources for: credentials: Credentials: {'domain_id': 'default', 'domain_name': 'Default', 'username': 'tempest-ServicesAdminTestJSON-2118384997-project-admin', 'project_domain_id': 'default', 'project_domain_name': 'Default', 'project_id': '31fd9a7d185a4874bc6b1f23f4f02846', 'project_name': 'tempest-ServicesAdminTestJSON-2118384997', 'tenant_id': '31fd9a7d185a4874bc6b1f23f4f02846', 'tenant_name': 'tempest-ServicesAdminTestJSON-2118384997', 'user_domain_id': 'default', 'user_domain_name': 'Default', 'user_id': '1fd66ea7b063439c91e631585b5c6a72', 'system': None}, Network: None, Subnet: None, Router: None
2025-03-25 18:33:22.295 69194 INFO tempest.lib.common.rest_client [req-fed78013-5a69-4175-b046-a4dc627e01cd req-fed78013-5a69-4175-b046-a4dc627e01cd ] Request (QuotasAdminNegativeTest:test_create_server_when_cpu_quota_is_full): 403 POST http://10.180.1.21/compute/v2.1/servers 2.671s
2025-03-25 18:33:22.310 69162 INFO tempest.lib.common.rest_client [req-7e36a207-f7a3-48ad-8db0-c760aa68e983 req-7e36a207-f7a3-48ad-8db0-c760aa68e983 ] Request (FlavorsExtraSpecsNegativeTestJSON:test_flavor_non_admin_set_keys): 403 POST http://10.180.1.21/compute/v2.1/flavors/860115563/os-extra_specs 1.557s
2025-03-25 18:33:22.342 69174 INFO tempest.lib.common.rest_client [req-9dbe36e3-1d0c-4501-8c05-fe9574240cd3 req-9dbe36e3-1d0c-4501-8c05-fe9574240cd3 ] Request (InstanceUsageAuditLogNegativeTestJSON:tearDownClass): 204 DELETE http://10.180.1.21/identity/v3/users/7e1aae629883460db792cc6a51200a0e 0.201s
2025-03-25 18:33:22.343 69174 INFO tempest.lib.common.dynamic_creds [-] Deleting project and security group for project: fb3550d45a1b4ea281fd63ef09172efa
2025-03-25 18:33:22.520 69190 INFO tempest.lib.common.rest_client [req-b98d5537-207c-43cf-ab61-7cf88aa2991d req-b98d5537-207c-43cf-ab61-7cf88aa2991d ] Request (AZAdminV2TestJSON:tearDownClass): 200 GET http://10.180.1.21:9696/networking/v2.0/security-groups?tenant_id=f217a7e3d59241e3869eb42da9682263&name=default 0.834s
2025-03-25 18:33:22.530 69171 INFO tempest.lib.common.rest_client [req-1a5aa6d8-303d-430a-af11-0912b8c13e5b req-1a5aa6d8-303d-430a-af11-0912b8c13e5b ] Request (ServicesAdminTestJSON:setUpClass): 201 POST http://10.180.1.21/identity/v3/auth/tokens 0.237s
2025-03-25 18:33:22.531 69174 INFO tempest.lib.common.rest_client [req-40a48636-0a7c-4547-b920-fa05282ee25a req-40a48636-0a7c-4547-b920-fa05282ee25a ] Request (InstanceUsageAuditLogNegativeTestJSON:tearDownClass): 201 POST http://10.180.1.21/identity/v3/auth/tokens 0.187s
2025-03-25 18:33:22.692 69190 INFO tempest.lib.common.rest_client [req-9ac56d7b-344b-4cb6-8657-7eda3b33f296 req-9ac56d7b-344b-4cb6-8657-7eda3b33f296 ] Request (AZAdminV2TestJSON:tearDownClass): 204 DELETE http://10.180.1.21:9696/networking/v2.0/security-groups/cc454698-2a78-4784-aafe-86f30037e7e2 0.171s
2025-03-25 18:33:22.755 69190 INFO tempest.lib.common.rest_client [req-483924a6-ffbc-4d14-b555-bac203a31aa9 req-483924a6-ffbc-4d14-b555-bac203a31aa9 ] Request (AZAdminV2TestJSON:tearDownClass): 204 DELETE http://10.180.1.21/identity/v3/projects/f217a7e3d59241e3869eb42da9682263 0.063s
2025-03-25 18:33:22.755 69190 INFO tempest.lib.common.dynamic_creds [-] Deleting project and security group for project: 3016cf79a8234573bcd9117ad6d2ae14
2025-03-25 18:33:22.808 69202 INFO tempest.lib.common.rest_client [req-6aab8a1d-17b4-4205-b16b-a9f206b76d19 req-6aab8a1d-17b4-4205-b16b-a9f206b76d19 ] Request (ServerRescueNegativeTestJSON:setUpClass): 201 POST http://10.180.1.21:9696/networking/v2.0/networks 0.541s
2025-03-25 18:33:22.893 69178 INFO tempest.lib.common.rest_client [req-c24115ea-43ab-4109-9797-280cb626c51b req-c24115ea-43ab-4109-9797-280cb626c51b ] Request (VolumesAssistedSnapshotsTest:setUpClass): 201 POST http://10.180.1.21:9696/networking/v2.0/networks 1.002s
2025-03-25 18:33:22.971 69204 INFO tempest.lib.common.rest_client [req-bdeaf328-8663-4b66-a062-b248ee8b77d8 req-bdeaf328-8663-4b66-a062-b248ee8b77d8 ] Request (ServersAdminTestJSON:setUpClass): 201 POST http://10.180.1.21:9696/networking/v2.0/networks 1.038s
2025-03-25 18:33:22.999 69190 INFO tempest.lib.common.rest_client [req-da0849b4-e800-4c12-8943-a267979fb72c req-da0849b4-e800-4c12-8943-a267979fb72c ] Request (AZAdminV2TestJSON:tearDownClass): 200 GET http://10.180.1.21:9696/networking/v2.0/security-groups?tenant_id=3016cf79a8234573bcd9117ad6d2ae14&name=default 0.244s
2025-03-25 18:33:23.148 69174 INFO tempest.lib.common.rest_client [req-7a8536a6-0a13-4a0e-9217-53af539d7dd1 req-7a8536a6-0a13-4a0e-9217-53af539d7dd1 ] Request (InstanceUsageAuditLogNegativeTestJSON:tearDownClass): 200 GET http://10.180.1.21:9696/networking/v2.0/security-groups?tenant_id=fb3550d45a1b4ea281fd63ef09172efa&name=default 0.616s
2025-03-25 18:33:23.255 69202 INFO tempest.lib.common.rest_client [req-5367c2db-70f1-46ff-a743-50914047f6d0 req-5367c2db-70f1-46ff-a743-50914047f6d0 ] Request (ServerRescueNegativeTestJSON:setUpClass): 201 POST http://10.180.1.21:9696/networking/v2.0/subnets 0.446s
2025-03-25 18:33:23.313 69184 INFO tempest.lib.common.rest_client [req-178d45f0-475c-48fe-ae0f-ee48947575fc req-178d45f0-475c-48fe-ae0f-ee48947575fc ] Request (VolumesAdminNegativeTest:setUpClass): 200 PUT http://10.180.1.21:9696/networking/v2.0/routers/38550df3-fa61-4f18-b3cb-ad16bad09220/add_router_interface 1.324s
2025-03-25 18:33:23.313 69184 INFO tempest.lib.common.dynamic_creds [-] Created isolated network resources for: credentials: Credentials: {'domain_id': 'default', 'domain_name': 'Default', 'username': 'tempest-VolumesAdminNegativeTest-688881332-project-admin', 'project_domain_id': 'default', 'project_domain_name': 'Default', 'project_id': 'f4f58aed0a1d400db5c10428adbbfa67', 'project_name': 'tempest-VolumesAdminNegativeTest-688881332', 'tenant_id': 'f4f58aed0a1d400db5c10428adbbfa67', 'tenant_name': 'tempest-VolumesAdminNegativeTest-688881332', 'user_domain_id': 'default', 'user_domain_name': 'Default', 'user_id': '95ce9b9181d747cea59070a0429cd7a3', 'system': None}, Network: {'id': '9060b337-1c52-4132-9d63-0907339bc078', 'name': 'tempest-VolumesAdminNegativeTest-1103207414-network', 'tenant_id': 'f4f58aed0a1d400db5c10428adbbfa67', 'admin_state_up': True, 'mtu': 8950, 'status': 'ACTIVE', 'subnets': [], 'shared': False, 'project_id': 'f4f58aed0a1d400db5c10428adbbfa67', 'port_security_enabled': True, 'router:external': False, 'provider:network_type': 'vlan', 'provider:physical_network': 'default', 'provider:segmentation_id': 690, 'availability_zone_hints': [], 'availability_zones': [], 'ipv4_address_scope': None, 'ipv6_address_scope': None, 'description': '', 'tags': [], 'created_at': '2025-03-25T18:33:20Z', 'updated_at': '2025-03-25T18:33:20Z', 'revision_number': 1}, Subnet: {'id': '40b54349-733b-47aa-9fdd-a3d56f7636cb', 'name': 'tempest-VolumesAdminNegativeTest-1103207414-subnet', 'tenant_id': 'f4f58aed0a1d400db5c10428adbbfa67', 'network_id': '9060b337-1c52-4132-9d63-0907339bc078', 'ip_version': 4, 'subnetpool_id': None, 'enable_dhcp': True, 'ipv6_ra_mode': None, 'ipv6_address_mode': None, 'gateway_ip': '192.168.128.1', 'cidr': '192.168.128.0/28', 'allocation_pools': [{'start': '192.168.128.2', 'end': '192.168.128.14'}], 'host_routes': [], 'dns_nameservers': [], 'description': '', 'router:external': False, 'service_types': [], 'tags': [], 'created_at': '2025-03-25T18:33:20Z', 'updated_at': '2025-03-25T18:33:20Z', 'revision_number': 0, 'project_id': 'f4f58aed0a1d400db5c10428adbbfa67'}, Router: {'id': '38550df3-fa61-4f18-b3cb-ad16bad09220', 'name': 'tempest-VolumesAdminNegativeTest-1103207414-router', 'tenant_id': 'f4f58aed0a1d400db5c10428adbbfa67', 'admin_state_up': True, 'status': 'ACTIVE', 'external_gateway_info': {'network_id': 'f1f5d0b1-2bf8-477e-a142-32e3af7ac3ad', 'external_fixed_ips': [{'subnet_id': '01c3bb82-19e4-4750-bb0a-823355c64845', 'ip_address': '10.180.180.165'}], 'enable_snat': True}, 'description': '', 'availability_zones': [], 'distributed': False, 'ha': False, 'availability_zone_hints': [], 'routes': [], 'flavor_id': None, 'tags': [], 'created_at': '2025-03-25T18:33:20Z', 'updated_at': '2025-03-25T18:33:21Z', 'revision_number': 2, 'project_id': 'f4f58aed0a1d400db5c10428adbbfa67'}
2025-03-25 18:33:23.317 69178 INFO tempest.lib.common.rest_client [req-d96b7390-d79e-41d0-8a19-6391a0e1eee5 req-d96b7390-d79e-41d0-8a19-6391a0e1eee5 ] Request (VolumesAssistedSnapshotsTest:setUpClass): 201 POST http://10.180.1.21:9696/networking/v2.0/subnets 0.423s
2025-03-25 18:33:23.348 69174 INFO tempest.lib.common.rest_client [req-bb725d90-e06c-46f4-a897-1c83750897d8 req-bb725d90-e06c-46f4-a897-1c83750897d8 ] Request (InstanceUsageAuditLogNegativeTestJSON:tearDownClass): 204 DELETE http://10.180.1.21:9696/networking/v2.0/security-groups/66b7e31e-3013-462c-83d8-622706cfd50a 0.198s
2025-03-25 18:33:23.423 69184 INFO tempest.lib.common.rest_client [req-3e551e9e-e33d-42b7-83d4-4927f9ceb753 req-3e551e9e-e33d-42b7-83d4-4927f9ceb753 ] Request (VolumesAdminNegativeTest:setUpClass): 201 POST http://10.180.1.21/identity/v3/auth/tokens 0.106s
2025-03-25 18:33:23.465 69174 INFO tempest.lib.common.rest_client [req-0805ed62-071c-4b65-a59d-e4b5d22563ac req-0805ed62-071c-4b65-a59d-e4b5d22563ac ] Request (InstanceUsageAuditLogNegativeTestJSON:tearDownClass): 204 DELETE http://10.180.1.21/identity/v3/projects/fb3550d45a1b4ea281fd63ef09172efa 0.116s
2025-03-25 18:33:23.465 69174 INFO tempest.lib.common.dynamic_creds [-] Deleting project and security group for project: 595b50b96432447997a95903c32a6da8
2025-03-25 18:33:23.480 69190 INFO tempest.lib.common.rest_client [req-03feb666-1d4b-480c-87f0-3503a9188690 req-03feb666-1d4b-480c-87f0-3503a9188690 ] Request (AZAdminV2TestJSON:tearDownClass): 204 DELETE http://10.180.1.21:9696/networking/v2.0/security-groups/cb42f6ed-0935-46e4-935f-e241fda05732 0.479s
2025-03-25 18:33:23.569 69190 INFO tempest.lib.common.rest_client [req-6af44fa1-db6d-4f81-bb12-2932afc235f0 req-6af44fa1-db6d-4f81-bb12-2932afc235f0 ] Request (AZAdminV2TestJSON:tearDownClass): 204 DELETE http://10.180.1.21/identity/v3/projects/3016cf79a8234573bcd9117ad6d2ae14 0.089s
2025-03-25 18:33:23.643 69190 INFO tempest.lib.common.rest_client [req-dba4f20b-b949-4b9e-a58f-024f30ef0337 req-dba4f20b-b949-4b9e-a58f-024f30ef0337 ] Request (FloatingIPDetailsNegativeTestJSON:setUpClass): 201 POST http://10.180.1.21/identity/v3/auth/tokens 0.073s
2025-03-25 18:33:23.679 69190 INFO tempest.lib.common.rest_client [req-0d7aaef1-0559-4160-b639-e0ada1d290bd req-0d7aaef1-0559-4160-b639-e0ada1d290bd ] Request (FloatingIPDetailsNegativeTestJSON:setUpClass): 201 POST http://10.180.1.21/identity/v3/auth/tokens 0.033s
2025-03-25 18:33:23.713 69168 INFO tempest.lib.common.rest_client [req-7bd9452c-c2f9-4401-bc4e-465906fa2263 req-7bd9452c-c2f9-4401-bc4e-465906fa2263 ] Request (ServerAddressesTestJSON:setUpClass): 202 POST http://10.180.1.21/compute/v2.1/servers 3.119s
2025-03-25 18:33:23.716 69190 INFO tempest.lib.common.rest_client [req-d92f26cd-d2fb-4237-9bcb-039fe7bc946d req-d92f26cd-d2fb-4237-9bcb-039fe7bc946d ] Request (FloatingIPDetailsNegativeTestJSON:setUpClass): 200 GET http://10.180.1.21/identity/v3/domains?name=Default 0.037s
2025-03-25 18:33:23.747 69190 INFO tempest.lib.common.rest_client [req-9c20061e-3951-4b49-85a1-917b545d5c5c req-9c20061e-3951-4b49-85a1-917b545d5c5c ] Request (FloatingIPDetailsNegativeTestJSON:setUpClass): 201 POST http://10.180.1.21/identity/v3/projects 0.030s
2025-03-25 18:33:23.748 69180 INFO tempest.lib.common.rest_client [req-bfc4787d-8cad-403e-91e3-09bbcd90d958 req-bfc4787d-8cad-403e-91e3-09bbcd90d958 ] Request (HypervisorAdminV253TestBase:test_list_show_detail_hypervisors): 200 GET http://10.180.1.21/compute/v2.1/os-hypervisors/630ca13a-1b55-4f34-b293-1d2d311149b3 2.698s
2025-03-25 18:33:23.771 69152 INFO tempest.lib.common.rest_client [req-939cf361-f5b5-43bf-8ee3-61dbeaba6b13 req-939cf361-f5b5-43bf-8ee3-61dbeaba6b13 ] Request (HypervisorAdminTestJSON:test_get_hypervisor_show_details): 200 GET http://10.180.1.21/compute/v2.1/os-hypervisors 2.697s
2025-03-25 18:33:23.837 69204 INFO tempest.lib.common.rest_client [req-4bd257b2-ec9a-4e42-afda-a0cee256edbb req-4bd257b2-ec9a-4e42-afda-a0cee256edbb ] Request (ServersAdminTestJSON:setUpClass): 201 POST http://10.180.1.21:9696/networking/v2.0/subnets 0.865s
2025-03-25 18:33:23.861 69190 INFO tempest.lib.common.rest_client [req-65c4488f-a237-46e0-891a-00cdc3a298a7 req-65c4488f-a237-46e0-891a-00cdc3a298a7 ] Request (FloatingIPDetailsNegativeTestJSON:setUpClass): 201 POST http://10.180.1.21/identity/v3/users 0.114s
2025-03-25 18:33:23.896 69180 INFO tempest.lib.common.rest_client [req-c7cbed55-c49b-4c41-85e8-f6d7880efca2 req-c7cbed55-c49b-4c41-85e8-f6d7880efca2 ] Request (HypervisorAdminV253TestBase:tearDownClass): 204 DELETE http://10.180.1.21/identity/v3/users/5932b5f891514e93a1e91fe551277853 0.135s
2025-03-25 18:33:23.971 69190 INFO tempest.lib.common.rest_client [req-7ffbc292-3d97-4b4a-8145-a1f452dc4f5b req-7ffbc292-3d97-4b4a-8145-a1f452dc4f5b ] Request (FloatingIPDetailsNegativeTestJSON:setUpClass): 200 GET http://10.180.1.21/identity/v3/roles 0.108s
2025-03-25 18:33:24.036 69190 INFO tempest.lib.common.rest_client [req-ca10b589-e482-456a-afe7-99ddb6f13b42 req-ca10b589-e482-456a-afe7-99ddb6f13b42 ] Request (FloatingIPDetailsNegativeTestJSON:setUpClass): 204 PUT http://10.180.1.21/identity/v3/projects/5f5faadfe77a4603af045c9f7728c9fa/users/cdf30a79f04044fd8fff0c82a1818480/roles/7c563243bd354a0ea1f7e5c1aadfc9e2 0.065s
2025-03-25 18:33:24.037 69190 INFO tempest.lib.common.dynamic_creds [-] Dynamic test user cdf30a79f04044fd8fff0c82a1818480 is created with scope project and roles: ['member']
2025-03-25 18:33:24.037 69190 INFO tempest.lib.common.dynamic_creds [-] Acquired dynamic creds: credentials: Credentials: {'domain_id': 'default', 'domain_name': 'Default', 'username': 'tempest-FloatingIPDetailsNegativeTestJSON-176408018-project-member', 'project_domain_id': 'default', 'project_domain_name': 'Default', 'project_id': '5f5faadfe77a4603af045c9f7728c9fa', 'project_name': 'tempest-FloatingIPDetailsNegativeTestJSON-176408018', 'tenant_id': '5f5faadfe77a4603af045c9f7728c9fa', 'tenant_name': 'tempest-FloatingIPDetailsNegativeTestJSON-176408018', 'user_domain_id': 'default', 'user_domain_name': 'Default', 'user_id': 'cdf30a79f04044fd8fff0c82a1818480', 'system': None}, Network: None, Subnet: None, Router: None
2025-03-25 18:33:24.072 69180 INFO tempest.lib.common.rest_client [req-7e7684d6-2803-4f0f-b8da-6583a86a81de req-7e7684d6-2803-4f0f-b8da-6583a86a81de ] Request (HypervisorAdminV253TestBase:tearDownClass): 204 DELETE http://10.180.1.21/identity/v3/users/ba01e20530274d2098326d31423e0f9a 0.176s
2025-03-25 18:33:24.073 69180 INFO tempest.lib.common.dynamic_creds [-] Deleting project and security group for project: 90f50610b6ba45d592326cbe14b0313a
2025-03-25 18:33:24.101 69200 INFO tempest.lib.common.rest_client [req-e944cad0-55a0-4c77-92f7-6a5851fe6b9e req-e944cad0-55a0-4c77-92f7-6a5851fe6b9e ] Request (ServersWithSpecificFlavorTestJSON:setUpClass): 201 POST http://10.180.1.21:9696/networking/v2.0/routers 2.382s
2025-03-25 18:33:24.104 69174 INFO tempest.lib.common.rest_client [req-1dae930c-a36c-4409-a212-26b70083ca9f req-1dae930c-a36c-4409-a212-26b70083ca9f ] Request (InstanceUsageAuditLogNegativeTestJSON:tearDownClass): 200 GET http://10.180.1.21:9696/networking/v2.0/security-groups?tenant_id=595b50b96432447997a95903c32a6da8&name=default 0.638s
2025-03-25 18:33:24.135 69190 INFO tempest.lib.common.rest_client [req-b0a52a5a-91ec-4251-b55d-cb6a905df8df req-b0a52a5a-91ec-4251-b55d-cb6a905df8df ] Request (FloatingIPDetailsNegativeTestJSON:setUpClass): 201 POST http://10.180.1.21/identity/v3/auth/tokens 0.098s
2025-03-25 18:33:24.157 69166 INFO tempest.lib.common.rest_client [req-24fef9d0-82d4-4cc8-871c-7a8bd255d6e9 req-24fef9d0-82d4-4cc8-871c-7a8bd255d6e9 ] Request (FloatingIPDetailsTestJSON:setUpClass): 200 POST http://10.180.1.21/compute/v2.1/os-floating-ips 3.139s
2025-03-25 18:33:24.201 69180 INFO tempest.lib.common.rest_client [req-ec86ad65-3741-4e40-bc2b-b7e58392975d req-ec86ad65-3741-4e40-bc2b-b7e58392975d ] Request (HypervisorAdminV253TestBase:tearDownClass): 201 POST http://10.180.1.21/identity/v3/auth/tokens 0.128s
2025-03-25 18:33:24.327 69188 INFO tempest.lib.common.rest_client [req-d7ff959e-7418-4cfd-b55a-9f2c66749f22 req-d7ff959e-7418-4cfd-b55a-9f2c66749f22 ] Request (AggregatesAdminNegativeTestJSON:test_aggregate_add_existent_host): 200 POST http://10.180.1.21/compute/v2.1/os-aggregates/1/action 3.216s
2025-03-25 18:33:24.346 69192 INFO tempest.lib.common.rest_client [req-1077652a-281e-41db-a384-551d4d31ae07 req-1077652a-281e-41db-a384-551d4d31ae07 ] Request (KeyPairsV210TestJSON:test_admin_manage_keypairs_for_other_users): 200 GET http://10.180.1.21/compute/v2.1/os-keypairs/tempest-keypair-485177918?user_id=bc88e1b0fde74938b69dbf94412e5782 3.193s
2025-03-25 18:33:24.443 69186 INFO tempest.lib.common.rest_client [req-322fcce2-4709-4cc8-9581-a1c11ca0d55c req-322fcce2-4709-4cc8-9581-a1c11ca0d55c ] Request (QuotasAdminTestJSON:test_delete_quota): 200 GET http://10.180.1.21/compute/v2.1/os-quota-sets/f20665a714da4dae911a92774a891a9a 3.115s
2025-03-25 18:33:24.466 69154 INFO tempest.lib.common.rest_client [req-8c93a56d-fa8d-48f7-95b0-9d6f532cc063 req-8c93a56d-fa8d-48f7-95b0-9d6f532cc063 ] Request (FlavorsExtraSpecsTestJSON:test_flavor_non_admin_get_specific_key): 200 POST http://10.180.1.21/compute/v2.1/flavors/977276556/os-extra_specs 2.907s
2025-03-25 18:33:24.516 69186 INFO tempest.lib.common.rest_client [req-28e3d282-ea11-4078-9ac1-64c63724880d req-28e3d282-ea11-4078-9ac1-64c63724880d ] Request (QuotasAdminTestJSON:_run_cleanups): 204 DELETE http://10.180.1.21/identity/v3/projects/f20665a714da4dae911a92774a891a9a 0.070s
2025-03-25 18:33:24.554 69174 INFO tempest.lib.common.rest_client [req-ee2dea39-458a-4346-b391-80ffb1de70a7 req-ee2dea39-458a-4346-b391-80ffb1de70a7 ] Request (InstanceUsageAuditLogNegativeTestJSON:tearDownClass): 204 DELETE http://10.180.1.21:9696/networking/v2.0/security-groups/172bdf64-0b46-4380-8568-7bf4e67f3b33 0.449s
2025-03-25 18:33:24.581 69198 INFO tempest.lib.common.rest_client [req-17ac23ad-1ad2-47f8-9a00-113a4a68cd8b req-17ac23ad-1ad2-47f8-9a00-113a4a68cd8b ] Request (MigrationsAdminTest:test_list_migrations_in_flavor_resize_situation): 200 GET http://10.180.1.21/compute/v2.1/servers/ff3f81eb-8599-47e0-a5a8-26f21ea70fc5 2.999s
