2025-03-25 18:36:05.284 69206 WARNING tempest.lib.common.rest_client [-] Deprecated: "tenant_id" property is deprecated for removal, use "project_id" instead
2025-03-25 18:36:05.316 69206 INFO tempest.lib.common.rest_client [req-b908f066-ea29-4431-bc4a-d1d976f161f3 req-b908f066-ea29-4431-bc4a-d1d976f161f3 ] Request (ServerMetadataNegativeTestJSON:setUpClass): 201 POST http://10.180.1.21/identity/v3/auth/tokens 0.027s
2025-03-25 18:36:05.316 69206 INFO tempest.lib.common.fixed_network [-] (ServerMetadataNegativeTestJSON:setUpClass) Found network {'id': '009cdc19-5a15-4e87-b63b-dd3beac11280', 'name': 'tempest-ServerMetadataNegativeTestJSON-1746716905-network', 'tenant_id': 'c8bf60491a8c4423ba733fea1703c054', 'admin_state_up': True, 'mtu': 8950, 'status': 'ACTIVE', 'subnets': [], 'shared': False, 'project_id': 'c8bf60491a8c4423ba733fea1703c054', 'port_security_enabled': True, 'router:external': False, 'provider:network_type': 'vlan', 'provider:physical_network': 'default', 'provider:segmentation_id': 476, 'availability_zone_hints': [], 'availability_zones': [], 'ipv4_address_scope': None, 'ipv6_address_scope': None, 'description': '', 'tags': [], 'created_at': '2025-03-25T18:36:03Z', 'updated_at': '2025-03-25T18:36:03Z', 'revision_number': 1} available for tenant
2025-03-25 18:36:05.394 69194 INFO tempest.lib.common.rest_client [req-afa8125c-c64b-4b03-920e-eacc17973526 req-afa8125c-c64b-4b03-920e-eacc17973526 ] Request (ImagesOneServerTestJSON:test_create_delete_image): 202 POST http://10.180.1.21/compute/v2.1/servers/8a20799c-f053-4d14-86a5-46adae023a07/action 0.709s
2025-03-25 18:36:05.439 69200 INFO tempest.lib.common.rest_client [req-11ba44b6-c37f-45d5-b14e-25d97237ba84 req-11ba44b6-c37f-45d5-b14e-25d97237ba84 ] Request (ServersWithSpecificFlavorTestJSON:test_verify_created_server_ephemeral_disk): 202 POST http://10.180.1.21/compute/v2.1/servers 0.388s
2025-03-25 18:36:05.461 69210 INFO tempest.lib.common.rest_client [req-5a9e48e8-4249-403c-839b-b5b9642594d9 req-5a9e48e8-4249-403c-839b-b5b9642594d9 ] Request (ServerDiagnosticsTest:test_get_server_diagnostics): 200 GET http://10.180.1.21/compute/v2.1/servers/6f1067b2-8a98-4611-9713-2ce516a9fd4e 0.367s
2025-03-25 18:36:05.553 69166 INFO tempest.lib.common.rest_client [req-df3a8328-c80b-4c8a-a9ff-d8223dfc6a12 req-df3a8328-c80b-4c8a-a9ff-d8223dfc6a12 ] Request (ServerRescueTestJSONUnderV235:tearDownClass): 200 GET http://10.180.1.21/compute/v2.1/servers/0f2357fa-1aa1-4309-a46e-497d1a8257b5 0.381s
2025-03-25 18:36:05.594 69202 INFO tempest.lib.common.rest_client [req-c451f604-8064-4880-9d94-37fc49d29423 req-c451f604-8064-4880-9d94-37fc49d29423 ] Request (ServerRescueNegativeTestJSON:test_rescued_vm_detach_volume): 200 GET http://10.180.1.21/compute/v2.1/servers/225bcb4f-da24-40a4-bb9f-8cdf79b76c52 0.461s
2025-03-25 18:36:05.616 69154 INFO tempest.lib.common.rest_client [req-06882463-422c-4ce2-92bf-e94121e98c77 req-06882463-422c-4ce2-92bf-e94121e98c77 ] Request (ServerDiskConfigTestJSON:test_rebuild_server_with_manual_disk_config): 200 GET http://10.180.1.21/compute/v2.1/servers/c5ca9575-0509-4b69-ad7e-0b5b70889f97 0.370s
2025-03-25 18:36:05.681 69171 WARNING tempest.lib.common.ssh [-] Failed to establish authenticated ssh connection to cirros@10.180.180.206 ([Errno None] Unable to connect to port 22 on 10.180.180.206). Number attempts: 7. Retry after 8 seconds.: paramiko.ssh_exception.NoValidConnectionsError: [Errno None] Unable to connect to port 22 on 10.180.180.206
2025-03-25 18:36:05.700 69204 INFO tempest.lib.common.rest_client [req-fd916af4-26ba-46a6-adb4-d174b05f47ab req-fd916af4-26ba-46a6-adb4-d174b05f47ab ] Request (ServersAdminTestJSON:test_inject_network_info): 200 GET http://10.180.1.21/compute/v2.1/servers/36785fa4-2ffb-42cf-b0d6-63c8047fa7df 0.438s
2025-03-25 18:36:05.770 69182 INFO tempest.lib.common.rest_client [req-b4369e1b-c916-464e-9e5b-0123ce966be7 req-b4369e1b-c916-464e-9e5b-0123ce966be7 ] Request (ListServersNegativeTestJSON:setUpClass): 200 GET http://10.180.1.21/compute/v2.1/servers/835f5213-974c-4441-adac-e3b020e7906d 0.433s
2025-03-25 18:36:05.845 69198 INFO tempest.lib.common.rest_client [req-dc61b649-2c5e-4914-ae0f-9d2e0a84de09 req-dc61b649-2c5e-4914-ae0f-9d2e0a84de09 ] Request (MigrationsAdminTest:test_resize_server_revert_deleted_flavor): 200 GET http://10.180.1.21/compute/v2.1/servers/78270b54-cc89-4b58-b168-6ca1161b4f4a 0.504s
2025-03-25 18:36:05.872 69194 INFO tempest.lib.common.rest_client [req-e322fce0-0252-4104-80b9-57f59736eb09 req-e322fce0-0252-4104-80b9-57f59736eb09 ] Request (ImagesOneServerTestJSON:test_create_delete_image): 200 GET http://10.180.1.21/compute/v2.1/images/28cf1120-f2a4-4aef-b96a-a84b2f5e2e1a 0.477s
2025-03-25 18:36:05.944 69162 INFO tempest.lib.common.rest_client [req-b65be751-4bd8-4715-b611-6b6936454c4d req-b65be751-4bd8-4715-b611-6b6936454c4d ] Request (ServerRescueTestJSON:test_rescue_unrescue_instance): 200 GET http://10.180.1.21/compute/v2.1/servers/a57efa90-bb0d-47fd-9dc8-51322a72d564 0.541s
2025-03-25 18:36:06.021 69174 INFO tempest.lib.common.rest_client [req-536c1af4-d806-42b0-9a49-3e215a7cbc49 req-536c1af4-d806-42b0-9a49-3e215a7cbc49 ] Request (SecurityGroupsTestJSON:test_list_security_groups_by_server): 200 GET http://10.180.1.21/compute/v2.1/servers/9698591c-877c-4cb9-8aa1-00e4f126e049 0.618s
2025-03-25 18:36:06.071 69200 INFO tempest.lib.common.rest_client [req-8f7ec823-200f-4d98-9a28-c8bbe4ffc7cd req-8f7ec823-200f-4d98-9a28-c8bbe4ffc7cd ] Request (ServersWithSpecificFlavorTestJSON:test_verify_created_server_ephemeral_disk): 200 GET http://10.180.1.21/compute/v2.1/servers/036b2b50-7c4b-444c-9645-7502e650e674 0.630s
2025-03-25 18:36:06.134 69186 INFO tempest.lib.common.rest_client [req-457a360d-784d-49af-a7f3-6616bad941b4 req-457a360d-784d-49af-a7f3-6616bad941b4 ] Request (ServerPasswordTestJSON:setUpClass): 200 GET http://10.180.1.21/compute/v2.1/servers/abadafe3-5419-40ad-ad35-d83ab9b5c0fb 0.668s
2025-03-25 18:36:06.184 69206 INFO tempest.lib.common.rest_client [req-7d5ec96f-0ce7-444a-b9c1-fc152017ee55 req-7d5ec96f-0ce7-444a-b9c1-fc152017ee55 ] Request (ServerMetadataNegativeTestJSON:setUpClass): 202 POST http://10.180.1.21/compute/v2.1/servers 0.867s
2025-03-25 18:36:06.206 69208 INFO tempest.lib.common.rest_client [req-c0c36f30-00a9-4c51-bc9f-66b0a7614891 req-c0c36f30-00a9-4c51-bc9f-66b0a7614891 ] Request (ServersAdmin275Test:tearDownClass): 200 GET http://10.180.1.21/compute/v2.1/servers/e02e5253-17db-450f-bf10-9cf08255c646 0.725s
2025-03-25 18:36:06.256 69172 INFO tempest.lib.common.rest_client [req-2a2ef059-e70b-4570-b36d-85e612092ae2 req-2a2ef059-e70b-4570-b36d-85e612092ae2 ] Request (InstanceActionsTestJSON:tearDownClass): 200 GET http://10.180.1.21/compute/v2.1/servers/6e9ea13e-4032-4482-9ec5-3a67f105990d 0.720s
2025-03-25 18:36:06.271 69180 INFO tempest.lib.common.rest_client [req-9bae195d-c07d-42ee-9e02-b88c7795ff25 req-9bae195d-c07d-42ee-9e02-b88c7795ff25 ] Request (ServersAdminNegativeTestJSON:test_migrate_server_invalid_state): 200 GET http://10.180.1.21/compute/v2.1/servers/4e2e375c-803e-44b0-8480-30f8080da1c1 0.726s
2025-03-25 18:36:06.304 69178 INFO tempest.lib.common.rest_client [req-0ed4543b-9871-4b9d-89e0-624b9d64ce0c req-0ed4543b-9871-4b9d-89e0-624b9d64ce0c ] Request (VolumesAssistedSnapshotsTest:_run_cleanups): 200 GET http://10.180.1.21/compute/v2.1/servers/53a0d5d8-8049-427e-8beb-685a275a09f0/os-volume_attachments 0.672s
2025-03-25 18:36:06.329 69168 INFO tempest.lib.common.rest_client [req-ea74b8d8-7ecf-420c-8dda-25993b70ffd9 req-ea74b8d8-7ecf-420c-8dda-25993b70ffd9 ] Request (ServerAddressesNegativeTestJSON:tearDownClass): 200 GET http://10.180.1.21/compute/v2.1/servers/edebcb67-10a9-47b1-9848-ec003e4de95f 0.728s
2025-03-25 18:36:06.352 69178 INFO tempest.lib.common.rest_client [req-f191aff2-4b5d-48e8-9692-2cf727aa9a9a req-f191aff2-4b5d-48e8-9692-2cf727aa9a9a ] Request (VolumesAssistedSnapshotsTest:_run_cleanups): 200 GET http://10.180.1.21/volume/v3/volumes/1a4eb399-779d-4169-b18b-8c01cb708437 0.046s
2025-03-25 18:36:06.360 69158 INFO tempest.lib.common.rest_client [req-43aaf208-6875-4266-9c1c-bdaa10cc5e0b req-43aaf208-6875-4266-9c1c-bdaa10cc5e0b ] Request (ServersTestJSON:test_create_server_specify_multibyte_character_name): 200 GET http://10.180.1.21/compute/v2.1/servers/0c4ae68e-49bd-4c7e-b899-44dafaf180cc 0.658s
2025-03-25 18:36:06.363 69178 INFO tempest.common.waiters [-] volume 1a4eb399-779d-4169-b18b-8c01cb708437 reached available after waiting for 0.363539 seconds
2025-03-25 18:36:06.409 69160 INFO tempest.lib.common.rest_client [req-d966f4b7-78cb-4dce-acc4-9d98bb249789 req-d966f4b7-78cb-4dce-acc4-9d98bb249789 ] Request (ServersTestBootFromVolume:setUpClass): 200 GET http://10.180.1.21/compute/v2.1/servers/23c2f2ab-a6cc-44e5-9d00-cf0582390e0e 0.658s
2025-03-25 18:36:06.423 69178 INFO tempest.lib.common.rest_client [req-9f96f7ef-def6-4f14-a444-09708ce260c9 req-9f96f7ef-def6-4f14-a444-09708ce260c9 ] Request (VolumesAssistedSnapshotsTest:_run_cleanups): 202 DELETE http://10.180.1.21/volume/v3/volumes/1a4eb399-779d-4169-b18b-8c01cb708437 0.060s
2025-03-25 18:36:06.452 69178 INFO tempest.lib.common.rest_client [req-00ba91ef-ec4a-461d-a5ad-2921184d12e8 req-00ba91ef-ec4a-461d-a5ad-2921184d12e8 ] Request (VolumesAssistedSnapshotsTest:_run_cleanups): 200 GET http://10.180.1.21/volume/v3/volumes/1a4eb399-779d-4169-b18b-8c01cb708437 0.028s
2025-03-25 18:36:06.474 69176 INFO tempest.lib.common.rest_client [req-742b8d05-a5a0-4feb-a0f1-255675103e2c req-742b8d05-a5a0-4feb-a0f1-255675103e2c ] Request (AttachInterfacesUnderV243Test:test_add_remove_fixed_ip): 200 GET http://10.180.1.21/compute/v2.1/servers/c0da5ecd-fe38-4ccc-aeb0-23760d4f9d0b 0.635s
2025-03-25 18:36:06.492 69156 INFO tempest.lib.common.rest_client [req-82e7b456-9ca5-413b-b6e4-b755d73b9605 req-82e7b456-9ca5-413b-b6e4-b755d73b9605 ] Request (ServersNegativeTestJSON:setUpClass): 200 GET http://10.180.1.21/compute/v2.1/servers/0a1e604e-a962-4f9a-86d9-8f769c6309f2 0.657s
2025-03-25 18:36:06.530 69184 INFO tempest.lib.common.rest_client [req-a114ed00-fcdb-4fb0-8787-7366ef75b3c3 req-a114ed00-fcdb-4fb0-8787-7366ef75b3c3 ] Request (VolumesAdminNegativeTest:test_update_attached_volume_with_nonexistent_volume_in_uri): 200 GET http://10.180.1.21/compute/v2.1/servers/331e225a-d8c7-46c7-ae1d-076523661d23 0.616s
2025-03-25 18:36:06.538 69184 INFO tempest.common.waiters [-] State transition "BUILD/scheduling" ==> "BUILD/None" after 21 second wait
2025-03-25 18:36:06.555 69164 INFO tempest.lib.common.rest_client [req-66e3e494-aae5-4bd9-8d8b-cc0385f02941 req-66e3e494-aae5-4bd9-8d8b-cc0385f02941 ] Request (ImagesTestJSON:test_create_image_from_suspended_server): 200 GET http://10.180.1.21/compute/v2.1/servers/76398266-5b27-46b1-bb3d-0d2834315a84 0.637s
2025-03-25 18:36:06.600 69206 INFO tempest.lib.common.rest_client [req-43dfaa98-1d6a-4db0-8fb3-278ef15498a0 req-43dfaa98-1d6a-4db0-8fb3-278ef15498a0 ] Request (ServerMetadataNegativeTestJSON:setUpClass): 200 GET http://10.180.1.21/compute/v2.1/servers/9e655764-988a-4b70-a278-26be0dc4adda 0.414s
2025-03-25 18:36:06.613 69210 INFO tempest.lib.common.rest_client [req-eabb6070-05a7-49db-9180-c73c3b33f9bc req-eabb6070-05a7-49db-9180-c73c3b33f9bc ] Request (ServerDiagnosticsTest:test_get_server_diagnostics): 200 GET http://10.180.1.21/compute/v2.1/servers/6f1067b2-8a98-4611-9713-2ce516a9fd4e 0.141s
2025-03-25 18:36:06.668 69166 INFO tempest.lib.common.rest_client [req-bbb06d1f-7448-47da-9a49-cff9e002ec51 req-bbb06d1f-7448-47da-9a49-cff9e002ec51 ] Request (ServerRescueTestJSONUnderV235:tearDownClass): 200 GET http://10.180.1.21/compute/v2.1/servers/0f2357fa-1aa1-4309-a46e-497d1a8257b5 0.103s
2025-03-25 18:36:06.717 69202 INFO tempest.lib.common.rest_client [req-ed3d202e-6210-4b26-8d45-1565ad3be4d7 req-ed3d202e-6210-4b26-8d45-1565ad3be4d7 ] Request (ServerRescueNegativeTestJSON:test_rescued_vm_detach_volume): 200 GET http://10.180.1.21/compute/v2.1/servers/225bcb4f-da24-40a4-bb9f-8cdf79b76c52 0.113s
2025-03-25 18:36:06.722 69154 INFO tempest.lib.common.rest_client [req-017ec618-8a84-49c1-a30f-fde6904e61e9 req-017ec618-8a84-49c1-a30f-fde6904e61e9 ] Request (ServerDiskConfigTestJSON:test_rebuild_server_with_manual_disk_config): 200 GET http://10.180.1.21/compute/v2.1/servers/c5ca9575-0509-4b69-ad7e-0b5b70889f97 0.097s
2025-03-25 18:36:06.855 69182 INFO tempest.lib.common.rest_client [req-af4f6173-5f6b-4f81-b020-f27634224dee req-af4f6173-5f6b-4f81-b020-f27634224dee ] Request (ListServersNegativeTestJSON:setUpClass): 200 GET http://10.180.1.21/compute/v2.1/servers/835f5213-974c-4441-adac-e3b020e7906d 0.073s
2025-03-25 18:36:06.865 69204 INFO tempest.lib.common.rest_client [req-71477471-b455-4562-8b83-69557dd996dc req-71477471-b455-4562-8b83-69557dd996dc ] Request (ServersAdminTestJSON:test_inject_network_info): 200 GET http://10.180.1.21/compute/v2.1/servers/36785fa4-2ffb-42cf-b0d6-63c8047fa7df 0.156s
2025-03-25 18:36:06.907 69198 INFO tempest.lib.common.rest_client [req-5cfffdc8-4532-4e7f-a939-43e0a18b1df8 req-5cfffdc8-4532-4e7f-a939-43e0a18b1df8 ] Request (MigrationsAdminTest:test_resize_server_revert_deleted_flavor): 200 GET http://10.180.1.21/compute/v2.1/servers/78270b54-cc89-4b58-b168-6ca1161b4f4a 0.050s
2025-03-25 18:36:06.915 69194 INFO tempest.lib.common.rest_client [req-bc501b38-f29f-40d2-bd18-4204fc96588d req-bc501b38-f29f-40d2-bd18-4204fc96588d ] Request (ImagesOneServerTestJSON:test_create_delete_image): 200 GET http://10.180.1.21/compute/v2.1/images/28cf1120-f2a4-4aef-b96a-a84b2f5e2e1a 0.038s
2025-03-25 18:36:07.015 69162 INFO tempest.lib.common.rest_client [req-83c6404b-2343-45d4-9504-94c31e110542 req-83c6404b-2343-45d4-9504-94c31e110542 ] Request (ServerRescueTestJSON:test_rescue_unrescue_instance): 200 GET http://10.180.1.21/compute/v2.1/servers/a57efa90-bb0d-47fd-9dc8-51322a72d564 0.059s
2025-03-25 18:36:07.086 69174 INFO tempest.lib.common.rest_client [req-0067e5d8-b534-4c80-8a25-18a7a7d7ab74 req-0067e5d8-b534-4c80-8a25-18a7a7d7ab74 ] Request (SecurityGroupsTestJSON:test_list_security_groups_by_server): 200 GET http://10.180.1.21/compute/v2.1/servers/9698591c-877c-4cb9-8aa1-00e4f126e049 0.057s
2025-03-25 18:36:07.145 69200 INFO tempest.lib.common.rest_client [req-82aba271-3d7a-4a64-b853-364fc0bd5169 req-82aba271-3d7a-4a64-b853-364fc0bd5169 ] Request (ServersWithSpecificFlavorTestJSON:test_verify_created_server_ephemeral_disk): 200 GET http://10.180.1.21/compute/v2.1/servers/036b2b50-7c4b-444c-9645-7502e650e674 0.059s
2025-03-25 18:36:07.206 69186 INFO tempest.lib.common.rest_client [req-727ac571-5e55-474d-889a-54b5853812b8 req-727ac571-5e55-474d-889a-54b5853812b8 ] Request (ServerPasswordTestJSON:setUpClass): 200 GET http://10.180.1.21/compute/v2.1/servers/abadafe3-5419-40ad-ad35-d83ab9b5c0fb 0.062s
2025-03-25 18:36:07.288 69172 INFO tempest.lib.common.rest_client [req-bf4a450a-26ef-4776-a38a-2568675dce80 req-bf4a450a-26ef-4776-a38a-2568675dce80 ] Request (InstanceActionsTestJSON:tearDownClass): 404 GET http://10.180.1.21/compute/v2.1/servers/6e9ea13e-4032-4482-9ec5-3a67f105990d 0.023s
2025-03-25 18:36:07.308 69208 INFO tempest.lib.common.rest_client [req-4de8e263-dbd5-4b7e-a953-54f49ad234fd req-4de8e263-dbd5-4b7e-a953-54f49ad234fd ] Request (ServersAdmin275Test:tearDownClass): 200 GET http://10.180.1.21/compute/v2.1/servers/e02e5253-17db-450f-bf10-9cf08255c646 0.090s
2025-03-25 18:36:07.354 69180 INFO tempest.lib.common.rest_client [req-a11092af-0a00-4cde-8744-61d9cbb7cfc2 req-a11092af-0a00-4cde-8744-61d9cbb7cfc2 ] Request (ServersAdminNegativeTestJSON:test_migrate_server_invalid_state): 200 GET http://10.180.1.21/compute/v2.1/servers/4e2e375c-803e-44b0-8480-30f8080da1c1 0.072s
2025-03-25 18:36:07.403 69168 INFO tempest.lib.common.rest_client [req-942c16ab-0b4b-47e3-bd8a-4806ae4c7574 req-942c16ab-0b4b-47e3-bd8a-4806ae4c7574 ] Request (ServerAddressesNegativeTestJSON:tearDownClass): 200 GET http://10.180.1.21/compute/v2.1/servers/edebcb67-10a9-47b1-9848-ec003e4de95f 0.065s
2025-03-25 18:36:07.423 69158 INFO tempest.lib.common.rest_client [req-eab786ec-29ca-403f-b768-85338899647e req-eab786ec-29ca-403f-b768-85338899647e ] Request (ServersTestJSON:test_create_server_specify_multibyte_character_name): 200 GET http://10.180.1.21/compute/v2.1/servers/0c4ae68e-49bd-4c7e-b899-44dafaf180cc 0.052s
2025-03-25 18:36:07.481 69160 INFO tempest.lib.common.rest_client [req-7225bc30-deee-4381-83dd-c05c4c2cd171 req-7225bc30-deee-4381-83dd-c05c4c2cd171 ] Request (ServersTestBootFromVolume:setUpClass): 200 GET http://10.180.1.21/compute/v2.1/servers/23c2f2ab-a6cc-44e5-9d00-cf0582390e0e 0.062s
2025-03-25 18:36:07.491 69178 INFO tempest.lib.common.rest_client [req-ee8ffd77-96a3-44b0-9a20-73dbbfb897c3 req-ee8ffd77-96a3-44b0-9a20-73dbbfb897c3 ] Request (VolumesAssistedSnapshotsTest:_run_cleanups): 200 GET http://10.180.1.21/volume/v3/volumes/1a4eb399-779d-4169-b18b-8c01cb708437 0.031s
2025-03-25 18:36:07.552 69176 INFO tempest.lib.common.rest_client [req-83c18dbc-20e1-4efe-84e3-16caf4ea2f38 req-83c18dbc-20e1-4efe-84e3-16caf4ea2f38 ] Request (AttachInterfacesUnderV243Test:test_add_remove_fixed_ip): 200 GET http://10.180.1.21/compute/v2.1/servers/c0da5ecd-fe38-4ccc-aeb0-23760d4f9d0b 0.066s
2025-03-25 18:36:07.614 69184 INFO tempest.lib.common.rest_client [req-a2be062e-482d-4cf0-adc3-c470ebf9d260 req-a2be062e-482d-4cf0-adc3-c470ebf9d260 ] Request (VolumesAdminNegativeTest:test_update_attached_volume_with_nonexistent_volume_in_uri): 200 GET http://10.180.1.21/compute/v2.1/servers/331e225a-d8c7-46c7-ae1d-076523661d23 0.074s
2025-03-25 18:36:07.652 69156 INFO tempest.lib.common.rest_client [req-cd1fde7b-ca2f-4ab6-bbe9-6d492409582c req-cd1fde7b-ca2f-4ab6-bbe9-6d492409582c ] Request (ServersNegativeTestJSON:setUpClass): 200 GET http://10.180.1.21/compute/v2.1/servers/0a1e604e-a962-4f9a-86d9-8f769c6309f2 0.145s
2025-03-25 18:36:07.675 69164 INFO tempest.lib.common.rest_client [req-988ed596-dc4c-4a10-bc30-7f64fe1a42cb req-988ed596-dc4c-4a10-bc30-7f64fe1a42cb ] Request (ImagesTestJSON:test_create_image_from_suspended_server): 200 GET http://10.180.1.21/compute/v2.1/servers/76398266-5b27-46b1-bb3d-0d2834315a84 0.108s
2025-03-25 18:36:07.709 69206 INFO tempest.lib.common.rest_client [req-bbc19512-ba97-4720-b115-eb7d95fd69be req-bbc19512-ba97-4720-b115-eb7d95fd69be ] Request (ServerMetadataNegativeTestJSON:setUpClass): 200 GET http://10.180.1.21/compute/v2.1/servers/9e655764-988a-4b70-a278-26be0dc4adda 0.098s
2025-03-25 18:36:07.726 69210 INFO tempest.lib.common.rest_client [req-43992402-567a-4865-80c3-1c4034e049f7 req-43992402-567a-4865-80c3-1c4034e049f7 ] Request (ServerDiagnosticsTest:test_get_server_diagnostics): 200 GET http://10.180.1.21/compute/v2.1/servers/6f1067b2-8a98-4611-9713-2ce516a9fd4e 0.104s
2025-03-25 18:36:07.732 69166 INFO tempest.lib.common.rest_client [req-e12dae82-4363-487b-bf43-0652f82484b2 req-e12dae82-4363-487b-bf43-0652f82484b2 ] Request (ServerRescueTestJSONUnderV235:tearDownClass): 404 GET http://10.180.1.21/compute/v2.1/servers/0f2357fa-1aa1-4309-a46e-497d1a8257b5 0.049s
2025-03-25 18:36:07.787 69154 INFO tempest.lib.common.rest_client [req-43beacda-395d-421d-8d68-54248c2aae37 req-43beacda-395d-421d-8d68-54248c2aae37 ] Request (ServerDiskConfigTestJSON:test_rebuild_server_with_manual_disk_config): 200 GET http://10.180.1.21/compute/v2.1/servers/c5ca9575-0509-4b69-ad7e-0b5b70889f97 0.057s
2025-03-25 18:36:07.794 69154 INFO tempest.common.waiters [-] State transition "BUILD/None" ==> "BUILD/networking" after 71 second wait
2025-03-25 18:36:07.897 69202 INFO tempest.lib.common.rest_client [req-42beb037-7f23-4fe3-afaf-a0f1b7a758e7 req-42beb037-7f23-4fe3-afaf-a0f1b7a758e7 ] Request (ServerRescueNegativeTestJSON:test_rescued_vm_detach_volume): 200 GET http://10.180.1.21/compute/v2.1/servers/225bcb4f-da24-40a4-bb9f-8cdf79b76c52 0.167s
2025-03-25 18:36:07.906 69202 INFO tempest.common.waiters [-] State transition "BUILD/spawning" ==> "ACTIVE/None" after 80 second wait
2025-03-25 18:36:07.932 69182 INFO tempest.lib.common.rest_client [req-37a16e65-57d4-475c-b8b8-77f80e7fa711 req-37a16e65-57d4-475c-b8b8-77f80e7fa711 ] Request (ListServersNegativeTestJSON:setUpClass): 200 GET http://10.180.1.21/compute/v2.1/servers/835f5213-974c-4441-adac-e3b020e7906d 0.069s
2025-03-25 18:36:08.015 69202 INFO tempest.lib.common.rest_client [req-e6329f1d-3552-4a95-a198-56183e99ae61 req-e6329f1d-3552-4a95-a198-56183e99ae61 ] Request (ServerRescueNegativeTestJSON:test_rescued_vm_detach_volume): 200 GET http://10.180.1.21/compute/v2.1/servers/225bcb4f-da24-40a4-bb9f-8cdf79b76c52/os-interface 0.109s
2025-03-25 18:36:08.017 69204 INFO tempest.lib.common.rest_client [req-cfa0c2ef-a680-4fb2-91cd-ae586dfdd4f8 req-cfa0c2ef-a680-4fb2-91cd-ae586dfdd4f8 ] Request (ServersAdminTestJSON:test_inject_network_info): 200 GET http://10.180.1.21/compute/v2.1/servers/36785fa4-2ffb-42cf-b0d6-63c8047fa7df 0.145s
2025-03-25 18:36:08.062 69194 INFO tempest.lib.common.rest_client [req-fb04ed2b-de11-489f-8f1f-6440537f6908 req-fb04ed2b-de11-489f-8f1f-6440537f6908 ] Request (ImagesOneServerTestJSON:test_create_delete_image): 200 GET http://10.180.1.21/compute/v2.1/images/28cf1120-f2a4-4aef-b96a-a84b2f5e2e1a 0.143s
2025-03-25 18:36:08.085 69198 INFO tempest.lib.common.rest_client [req-1b601d19-eefa-4a1c-b668-43a7b78287fe req-1b601d19-eefa-4a1c-b668-43a7b78287fe ] Request (MigrationsAdminTest:test_resize_server_revert_deleted_flavor): 200 GET http://10.180.1.21/compute/v2.1/servers/78270b54-cc89-4b58-b168-6ca1161b4f4a 0.168s
2025-03-25 18:36:08.118 69162 INFO tempest.lib.common.rest_client [req-90400fa3-6e58-4ed1-992b-9bf53985d0bd req-90400fa3-6e58-4ed1-992b-9bf53985d0bd ] Request (ServerRescueTestJSON:test_rescue_unrescue_instance): 200 GET http://10.180.1.21/compute/v2.1/servers/a57efa90-bb0d-47fd-9dc8-51322a72d564 0.095s
2025-03-25 18:36:08.167 69174 INFO tempest.lib.common.rest_client [req-ec34e2aa-b105-4c55-bbbb-1d8105480da2 req-ec34e2aa-b105-4c55-bbbb-1d8105480da2 ] Request (SecurityGroupsTestJSON:test_list_security_groups_by_server): 200 GET http://10.180.1.21/compute/v2.1/servers/9698591c-877c-4cb9-8aa1-00e4f126e049 0.073s
2025-03-25 18:36:08.234 69200 INFO tempest.lib.common.rest_client [req-420ddff2-9319-441c-8a88-e3309c27697b req-420ddff2-9319-441c-8a88-e3309c27697b ] Request (ServersWithSpecificFlavorTestJSON:test_verify_created_server_ephemeral_disk): 200 GET http://10.180.1.21/compute/v2.1/servers/036b2b50-7c4b-444c-9645-7502e650e674 0.080s
2025-03-25 18:36:08.271 69186 INFO tempest.lib.common.rest_client [req-b9d7d8d3-7827-4061-9d26-4b3bc09adc45 req-b9d7d8d3-7827-4061-9d26-4b3bc09adc45 ] Request (ServerPasswordTestJSON:setUpClass): 200 GET http://10.180.1.21/compute/v2.1/servers/abadafe3-5419-40ad-ad35-d83ab9b5c0fb 0.058s
2025-03-25 18:36:08.297 69152 INFO paramiko.transport [-] Connected (version 2.0, client dropbear_2020.81)
2025-03-25 18:36:08.407 69152 INFO paramiko.transport [-] Authentication (publickey) successful!
2025-03-25 18:36:08.408 69152 INFO tempest.lib.common.ssh [-] ssh connection to cirros@10.180.180.141 successfully created
2025-03-25 18:36:08.425 69208 INFO tempest.lib.common.rest_client [req-b01f1899-65b0-4ec6-83c5-1f91a3328aa5 req-b01f1899-65b0-4ec6-83c5-1f91a3328aa5 ] Request (ServersAdmin275Test:tearDownClass): 200 GET http://10.180.1.21/compute/v2.1/servers/e02e5253-17db-450f-bf10-9cf08255c646 0.106s
2025-03-25 18:36:08.443 69180 INFO tempest.lib.common.rest_client [req-e4107fd8-96a1-4197-b5ec-717dcae6d2e6 req-e4107fd8-96a1-4197-b5ec-717dcae6d2e6 ] Request (ServersAdminNegativeTestJSON:test_migrate_server_invalid_state): 200 GET http://10.180.1.21/compute/v2.1/servers/4e2e375c-803e-44b0-8480-30f8080da1c1 0.079s
2025-03-25 18:36:08.540 69178 INFO tempest.lib.common.rest_client [req-3b20a359-4cc7-40a7-a2fa-20a4069ee01d req-3b20a359-4cc7-40a7-a2fa-20a4069ee01d ] Request (VolumesAssistedSnapshotsTest:_run_cleanups): 200 GET http://10.180.1.21/volume/v3/volumes/1a4eb399-779d-4169-b18b-8c01cb708437 0.040s
2025-03-25 18:36:08.558 69152 INFO tempest.lib.common.rest_client [req-8b93103a-e4e7-452a-af32-fd155eab1b4e req-8b93103a-e4e7-452a-af32-fd155eab1b4e ] Request (ServersTestManualDisk:test_list_servers): 200 GET http://10.180.1.21/compute/v2.1/servers 0.137s
2025-03-25 18:36:08.615 69168 INFO tempest.lib.common.rest_client [req-2951194d-dd59-42ec-ad6b-3614db889a0c req-2951194d-dd59-42ec-ad6b-3614db889a0c ] Request (ServerAddressesNegativeTestJSON:tearDownClass): 200 GET http://10.180.1.21/compute/v2.1/servers/edebcb67-10a9-47b1-9848-ec003e4de95f 0.202s
2025-03-25 18:36:08.633 69158 INFO tempest.lib.common.rest_client [req-c5b4b1ff-40f5-4eaa-942e-b08a5e025da9 req-c5b4b1ff-40f5-4eaa-942e-b08a5e025da9 ] Request (ServersTestJSON:test_create_server_specify_multibyte_character_name): 200 GET http://10.180.1.21/compute/v2.1/servers/0c4ae68e-49bd-4c7e-b899-44dafaf180cc 0.202s
2025-03-25 18:36:08.677 69160 INFO tempest.lib.common.rest_client [req-94f4aaf4-a143-4b27-9659-b6a3c9443818 req-94f4aaf4-a143-4b27-9659-b6a3c9443818 ] Request (ServersTestBootFromVolume:setUpClass): 200 GET http://10.180.1.21/compute/v2.1/servers/23c2f2ab-a6cc-44e5-9d00-cf0582390e0e 0.186s
2025-03-25 18:36:08.748 69176 INFO tempest.lib.common.rest_client [req-49df9481-994e-4b29-ac10-918a08ab0fc7 req-49df9481-994e-4b29-ac10-918a08ab0fc7 ] Request (AttachInterfacesUnderV243Test:test_add_remove_fixed_ip): 200 GET http://10.180.1.21/compute/v2.1/servers/c0da5ecd-fe38-4ccc-aeb0-23760d4f9d0b 0.181s
2025-03-25 18:36:08.772 69202 INFO tempest.lib.common.rest_client [req-1ade8f7c-13dd-486c-91e4-c3e1e0679177 req-1ade8f7c-13dd-486c-91e4-c3e1e0679177 ] Request (ServerRescueNegativeTestJSON:test_rescued_vm_detach_volume): 200 PUT http://10.180.1.21:9696/networking/v2.0/floatingips/bf4687ae-843a-4142-bfbe-212f5434e94f 0.752s
2025-03-25 18:36:08.773 69202 INFO tempest.lib.common.ssh [-] Creating ssh connection to '10.180.180.248:22' as 'cirros' with public key authentication
2025-03-25 18:36:08.869 69184 INFO tempest.lib.common.rest_client [req-99829587-3033-4112-9bf6-7163bd6873da req-99829587-3033-4112-9bf6-7163bd6873da ] Request (VolumesAdminNegativeTest:test_update_attached_volume_with_nonexistent_volume_in_uri): 200 GET http://10.180.1.21/compute/v2.1/servers/331e225a-d8c7-46c7-ae1d-076523661d23 0.238s
2025-03-25 18:36:08.997 69156 INFO tempest.lib.common.rest_client [req-f2b87074-775d-4afe-afb0-51fe67b924d7 req-f2b87074-775d-4afe-afb0-51fe67b924d7 ] Request (ServersNegativeTestJSON:setUpClass): 200 GET http://10.180.1.21/compute/v2.1/servers/0a1e604e-a962-4f9a-86d9-8f769c6309f2 0.333s
2025-03-25 18:36:09.072 69164 INFO tempest.lib.common.rest_client [req-b362fd2f-ad3d-4adb-8527-2779b544933b req-b362fd2f-ad3d-4adb-8527-2779b544933b ] Request (ImagesTestJSON:test_create_image_from_suspended_server): 200 GET http://10.180.1.21/compute/v2.1/servers/76398266-5b27-46b1-bb3d-0d2834315a84 0.384s
2025-03-25 18:36:09.131 69206 INFO tempest.lib.common.rest_client [req-3168a065-e339-4260-8195-80a5dfd2a548 req-3168a065-e339-4260-8195-80a5dfd2a548 ] Request (ServerMetadataNegativeTestJSON:setUpClass): 200 GET http://10.180.1.21/compute/v2.1/servers/9e655764-988a-4b70-a278-26be0dc4adda 0.413s
2025-03-25 18:36:09.141 69152 INFO tempest.lib.common.rest_client [req-5aa5bff0-9664-4450-b409-8363b835ee1f req-5aa5bff0-9664-4450-b409-8363b835ee1f ] Request (ServersTestManualDisk:test_list_servers_with_detail): 200 GET http://10.180.1.21/compute/v2.1/servers/detail 0.579s
2025-03-25 18:36:09.186 69210 INFO tempest.lib.common.rest_client [req-2375d21f-799f-4687-9c91-c653ddd2b263 req-2375d21f-799f-4687-9c91-c653ddd2b263 ] Request (ServerDiagnosticsTest:test_get_server_diagnostics): 200 GET http://10.180.1.21/compute/v2.1/servers/6f1067b2-8a98-4611-9713-2ce516a9fd4e 0.451s
2025-03-25 18:36:09.264 69182 INFO tempest.lib.common.rest_client [req-612b10bf-c9cc-4fad-a914-622e8d15dfbd req-612b10bf-c9cc-4fad-a914-622e8d15dfbd ] Request (ListServersNegativeTestJSON:setUpClass): 200 GET http://10.180.1.21/compute/v2.1/servers/835f5213-974c-4441-adac-e3b020e7906d 0.319s
2025-03-25 18:36:09.286 69154 INFO tempest.lib.common.rest_client [req-8c5bbff0-be0e-44e7-b6e0-2ee246deb7fe req-8c5bbff0-be0e-44e7-b6e0-2ee246deb7fe ] Request (ServerDiskConfigTestJSON:test_rebuild_server_with_manual_disk_config): 200 GET http://10.180.1.21/compute/v2.1/servers/c5ca9575-0509-4b69-ad7e-0b5b70889f97 0.490s
2025-03-25 18:36:09.293 69154 INFO tempest.common.waiters [-] State transition "BUILD/networking" ==> "BUILD/spawning" after 73 second wait
2025-03-25 18:36:09.327 69194 INFO tempest.lib.common.rest_client [req-5437d166-10a1-46c1-8776-8fddfc53ed73 req-5437d166-10a1-46c1-8776-8fddfc53ed73 ] Request (ImagesOneServerTestJSON:test_create_delete_image): 200 GET http://10.180.1.21/compute/v2.1/images/28cf1120-f2a4-4aef-b96a-a84b2f5e2e1a 0.256s
2025-03-25 18:36:09.384 69198 INFO tempest.lib.common.rest_client [req-cf98ee5b-a208-4737-9a03-94110c4a109f req-cf98ee5b-a208-4737-9a03-94110c4a109f ] Request (MigrationsAdminTest:test_resize_server_revert_deleted_flavor): 200 GET http://10.180.1.21/compute/v2.1/servers/78270b54-cc89-4b58-b168-6ca1161b4f4a 0.279s
2025-03-25 18:36:09.395 69204 INFO tempest.lib.common.rest_client [req-df78c50f-833a-4336-b7a3-1d57ece7330b req-df78c50f-833a-4336-b7a3-1d57ece7330b ] Request (ServersAdminTestJSON:test_inject_network_info): 200 GET http://10.180.1.21/compute/v2.1/servers/36785fa4-2ffb-42cf-b0d6-63c8047fa7df 0.367s
2025-03-25 18:36:09.413 69152 INFO tempest.lib.common.rest_client [req-1257ddbd-7db3-432b-bd29-81ba6c4248d7 req-1257ddbd-7db3-432b-bd29-81ba6c4248d7 ] Request (ServersTestManualDisk:test_verify_created_server_vcpus): 200 GET http://10.180.1.21/compute/v2.1/flavors/42 0.262s
2025-03-25 18:36:09.416 69152 INFO tempest.lib.common.ssh [-] Creating ssh connection to '10.180.180.141:22' as 'cirros' with public key authentication
2025-03-25 18:36:09.429 69172 INFO tempest.lib.common.rest_client [req-6699a996-7aef-4cde-bf09-011987b27a6c req-6699a996-7aef-4cde-bf09-011987b27a6c ] Request (InstanceActionsTestJSON:tearDownClass): 200 PUT http://10.180.1.21:9696/networking/v2.0/routers/1dae013f-ebbc-47c1-9cf3-ee1817bb6dd0/remove_router_interface 2.140s
2025-03-25 18:36:09.431 69152 INFO paramiko.transport [-] Connected (version 2.0, client dropbear_2020.81)
2025-03-25 18:36:09.481 69162 INFO tempest.lib.common.rest_client [req-f0bec75a-2ff4-45f4-b07d-f36c24fb0a90 req-f0bec75a-2ff4-45f4-b07d-f36c24fb0a90 ] Request (ServerRescueTestJSON:test_rescue_unrescue_instance): 200 GET http://10.180.1.21/compute/v2.1/servers/a57efa90-bb0d-47fd-9dc8-51322a72d564 0.351s
2025-03-25 18:36:09.498 69174 INFO tempest.lib.common.rest_client [req-a4273da1-a95c-458f-88fc-695c3921682e req-a4273da1-a95c-458f-88fc-695c3921682e ] Request (SecurityGroupsTestJSON:test_list_security_groups_by_server): 200 GET http://10.180.1.21/compute/v2.1/servers/9698591c-877c-4cb9-8aa1-00e4f126e049 0.321s
2025-03-25 18:36:09.542 69152 INFO paramiko.transport [-] Authentication (publickey) successful!
2025-03-25 18:36:09.542 69152 INFO tempest.lib.common.ssh [-] ssh connection to cirros@10.180.180.141 successfully created
2025-03-25 18:36:09.555 69200 INFO tempest.lib.common.rest_client [req-725a0db3-8c1b-4287-9b2b-adea1760a72a req-725a0db3-8c1b-4287-9b2b-adea1760a72a ] Request (ServersWithSpecificFlavorTestJSON:test_verify_created_server_ephemeral_disk): 200 GET http://10.180.1.21/compute/v2.1/servers/036b2b50-7c4b-444c-9645-7502e650e674 0.308s
2025-03-25 18:36:09.579 69178 INFO tempest.lib.common.rest_client [req-38ac1aff-21ba-4505-bd48-49e9bb2c07b4 req-38ac1aff-21ba-4505-bd48-49e9bb2c07b4 ] Request (VolumesAssistedSnapshotsTest:_run_cleanups): 404 GET http://10.180.1.21/volume/v3/volumes/1a4eb399-779d-4169-b18b-8c01cb708437 0.026s
2025-03-25 18:36:09.592 69186 INFO tempest.lib.common.rest_client [req-930787db-40cc-4b27-a37d-73d72259d55c req-930787db-40cc-4b27-a37d-73d72259d55c ] Request (ServerPasswordTestJSON:setUpClass): 200 GET http://10.180.1.21/compute/v2.1/servers/abadafe3-5419-40ad-ad35-d83ab9b5c0fb 0.313s
2025-03-25 18:36:09.610 69166 INFO tempest.lib.common.rest_client [req-51ecc9f8-9c57-4abb-982b-4e147ea8c0a3 req-51ecc9f8-9c57-4abb-982b-4e147ea8c0a3 ] Request (ServerRescueTestJSONUnderV235:tearDownClass): 200 PUT http://10.180.1.21:9696/networking/v2.0/routers/287a7772-3d91-4476-89dc-2e9a6d575bba/remove_router_interface 1.877s
2025-03-25 18:36:09.738 69190 WARNING tempest.lib.common.ssh [-] Failed to establish authenticated ssh connection to cirros@10.180.180.237 ([Errno None] Unable to connect to port 22 on 10.180.180.237). Number attempts: 11. Retry after 12 seconds.: paramiko.ssh_exception.NoValidConnectionsError: [Errno None] Unable to connect to port 22 on 10.180.180.237
2025-03-25 18:36:09.920 69180 INFO tempest.lib.common.rest_client [req-020e1cf2-af2b-47b4-a8b4-7bf063e6e04d req-020e1cf2-af2b-47b4-a8b4-7bf063e6e04d ] Request (ServersAdminNegativeTestJSON:test_migrate_server_invalid_state): 200 GET http://10.180.1.21/compute/v2.1/servers/4e2e375c-803e-44b0-8480-30f8080da1c1 0.470s
2025-03-25 18:36:09.937 69208 INFO tempest.lib.common.rest_client [req-0cd76f56-c926-4dcb-9a78-bfba2e8db9de req-0cd76f56-c926-4dcb-9a78-bfba2e8db9de ] Request (ServersAdmin275Test:tearDownClass): 200 GET http://10.180.1.21/compute/v2.1/servers/e02e5253-17db-450f-bf10-9cf08255c646 0.496s
2025-03-25 18:36:10.027 69178 INFO tempest.lib.common.rest_client [req-f1251dd1-25b7-4eaf-9825-82d727c6c116 req-f1251dd1-25b7-4eaf-9825-82d727c6c116 ] Request (VolumesAssistedSnapshotsTest:tearDownClass): 204 DELETE http://10.180.1.21/compute/v2.1/servers/53a0d5d8-8049-427e-8beb-685a275a09f0 0.438s
2025-03-25 18:36:10.072 69152 INFO tempest.lib.common.rest_client [req-7a228f5b-67b3-4d9d-b509-ecbfed96e3cf req-7a228f5b-67b3-4d9d-b509-ecbfed96e3cf ] Request (ServersTestManualDisk:tearDownClass): 204 DELETE http://10.180.1.21/compute/v2.1/servers/fdf0747e-1b3f-455c-a853-098c445c8924 0.517s
2025-03-25 18:36:10.109 69168 INFO tempest.lib.common.rest_client [req-e0865515-2398-422f-96bb-d29422292a9d req-e0865515-2398-422f-96bb-d29422292a9d ] Request (ServerAddressesNegativeTestJSON:tearDownClass): 200 GET http://10.180.1.21/compute/v2.1/servers/edebcb67-10a9-47b1-9848-ec003e4de95f 0.481s
2025-03-25 18:36:10.144 69158 INFO tempest.lib.common.rest_client [req-89bcd2bf-d019-437a-9f1a-a947abffa20e req-89bcd2bf-d019-437a-9f1a-a947abffa20e ] Request (ServersTestJSON:test_create_server_specify_multibyte_character_name): 200 GET http://10.180.1.21/compute/v2.1/servers/0c4ae68e-49bd-4c7e-b899-44dafaf180cc 0.500s
2025-03-25 18:36:10.186 69160 INFO tempest.lib.common.rest_client [req-e1b58400-88e5-4d4d-8de1-dcead74db261 req-e1b58400-88e5-4d4d-8de1-dcead74db261 ] Request (ServersTestBootFromVolume:setUpClass): 200 GET http://10.180.1.21/compute/v2.1/servers/23c2f2ab-a6cc-44e5-9d00-cf0582390e0e 0.502s
2025-03-25 18:36:10.217 69176 INFO tempest.lib.common.rest_client [req-0bb9f153-17d3-4632-a715-675a96214a03 req-0bb9f153-17d3-4632-a715-675a96214a03 ] Request (AttachInterfacesUnderV243Test:test_add_remove_fixed_ip): 200 GET http://10.180.1.21/compute/v2.1/servers/c0da5ecd-fe38-4ccc-aeb0-23760d4f9d0b 0.460s
2025-03-25 18:36:10.278 69184 INFO tempest.lib.common.rest_client [req-e77ae2e9-0b61-4ea1-b199-55c5facd084a req-e77ae2e9-0b61-4ea1-b199-55c5facd084a ] Request (VolumesAdminNegativeTest:test_update_attached_volume_with_nonexistent_volume_in_uri): 200 GET http://10.180.1.21/compute/v2.1/servers/331e225a-d8c7-46c7-ae1d-076523661d23 0.400s
2025-03-25 18:36:10.567 69156 INFO tempest.lib.common.rest_client [req-1d603d04-a69b-497a-97f1-e498a8dd2047 req-1d603d04-a69b-497a-97f1-e498a8dd2047 ] Request (ServersNegativeTestJSON:setUpClass): 200 GET http://10.180.1.21/compute/v2.1/servers/0a1e604e-a962-4f9a-86d9-8f769c6309f2 0.558s
2025-03-25 18:36:10.568 69172 INFO tempest.lib.common.rest_client [req-75f1c464-a0f8-477a-bd3c-8b5d4506fa79 req-75f1c464-a0f8-477a-bd3c-8b5d4506fa79 ] Request (InstanceActionsTestJSON:tearDownClass): 204 DELETE http://10.180.1.21:9696/networking/v2.0/routers/1dae013f-ebbc-47c1-9cf3-ee1817bb6dd0 1.138s
2025-03-25 18:36:10.619 69178 INFO tempest.lib.common.rest_client [req-460fcadd-40a1-4a80-ac4d-fe628e9277be req-460fcadd-40a1-4a80-ac4d-fe628e9277be ] Request (VolumesAssistedSnapshotsTest:tearDownClass): 200 GET http://10.180.1.21/compute/v2.1/servers/53a0d5d8-8049-427e-8beb-685a275a09f0 0.592s
2025-03-25 18:36:10.720 69164 INFO tempest.lib.common.rest_client [req-501e9cbb-0b16-40d5-9b63-218718b131d3 req-501e9cbb-0b16-40d5-9b63-218718b131d3 ] Request (ImagesTestJSON:test_create_image_from_suspended_server): 200 GET http://10.180.1.21/compute/v2.1/servers/76398266-5b27-46b1-bb3d-0d2834315a84 0.636s
2025-03-25 18:36:10.734 69164 INFO tempest.common.waiters [-] State transition "BUILD/scheduling" ==> "BUILD/None" after 22 second wait
2025-03-25 18:36:10.773 69166 INFO tempest.lib.common.rest_client [req-745b229b-8a1b-4e80-aff5-1226cd924751 req-745b229b-8a1b-4e80-aff5-1226cd924751 ] Request (ServerRescueTestJSONUnderV235:tearDownClass): 204 DELETE http://10.180.1.21:9696/networking/v2.0/routers/287a7772-3d91-4476-89dc-2e9a6d575bba 1.162s
2025-03-25 18:36:10.794 69152 INFO tempest.lib.common.rest_client [req-4a7d36f0-6f49-43d4-a950-2cf468a4977a req-4a7d36f0-6f49-43d4-a950-2cf468a4977a ] Request (ServersTestManualDisk:tearDownClass): 200 GET http://10.180.1.21/compute/v2.1/servers/fdf0747e-1b3f-455c-a853-098c445c8924 0.721s
2025-03-25 18:36:10.819 69206 INFO tempest.lib.common.rest_client [req-8302e701-12f5-4000-b0e0-ad5f0e568e38 req-8302e701-12f5-4000-b0e0-ad5f0e568e38 ] Request (ServerMetadataNegativeTestJSON:setUpClass): 200 GET http://10.180.1.21/compute/v2.1/servers/9e655764-988a-4b70-a278-26be0dc4adda 0.676s
2025-03-25 18:36:10.873 69210 INFO tempest.lib.common.rest_client [req-a288d1bf-b5cc-4958-af1e-2a886d010579 req-a288d1bf-b5cc-4958-af1e-2a886d010579 ] Request (ServerDiagnosticsTest:test_get_server_diagnostics): 200 GET http://10.180.1.21/compute/v2.1/servers/6f1067b2-8a98-4611-9713-2ce516a9fd4e 0.673s
2025-03-25 18:36:10.875 69172 INFO tempest.lib.common.rest_client [req-514cf8d1-5ceb-457a-9a98-5da4137d179e req-514cf8d1-5ceb-457a-9a98-5da4137d179e ] Request (InstanceActionsTestJSON:tearDownClass): 204 DELETE http://10.180.1.21:9696/networking/v2.0/subnets/128ad30e-a427-4e5b-b0fa-a639cf7c0154 0.306s
2025-03-25 18:36:10.913 69182 INFO tempest.lib.common.rest_client [req-871606b6-7198-4010-8dc8-9c837d0cf6ff req-871606b6-7198-4010-8dc8-9c837d0cf6ff ] Request (ListServersNegativeTestJSON:setUpClass): 200 GET http://10.180.1.21/compute/v2.1/servers/835f5213-974c-4441-adac-e3b020e7906d 0.641s
2025-03-25 18:36:10.955 69194 INFO tempest.lib.common.rest_client [req-46eef81f-c2a0-4c38-9e19-04165ae2c52d req-46eef81f-c2a0-4c38-9e19-04165ae2c52d ] Request (ImagesOneServerTestJSON:test_create_delete_image): 200 GET http://10.180.1.21/compute/v2.1/images/28cf1120-f2a4-4aef-b96a-a84b2f5e2e1a 0.622s
2025-03-25 18:36:11.014 69166 INFO tempest.lib.common.rest_client [req-ee2c97ec-e89a-41c0-9b2f-de39f33266ba req-ee2c97ec-e89a-41c0-9b2f-de39f33266ba ] Request (ServerRescueTestJSONUnderV235:tearDownClass): 204 DELETE http://10.180.1.21:9696/networking/v2.0/subnets/ec737478-49a8-4a3c-ae5b-95834875d709 0.240s
2025-03-25 18:36:11.026 69154 INFO tempest.lib.common.rest_client [req-e6562050-0a52-4b8d-8e9f-2f11e27bf949 req-e6562050-0a52-4b8d-8e9f-2f11e27bf949 ] Request (ServerDiskConfigTestJSON:test_rebuild_server_with_manual_disk_config): 200 GET http://10.180.1.21/compute/v2.1/servers/c5ca9575-0509-4b69-ad7e-0b5b70889f97 0.732s
2025-03-25 18:36:11.193 69198 INFO tempest.lib.common.rest_client [req-526fc7c6-08b0-4e01-81d2-67e3e603783d req-526fc7c6-08b0-4e01-81d2-67e3e603783d ] Request (MigrationsAdminTest:test_resize_server_revert_deleted_flavor): 200 GET http://10.180.1.21/compute/v2.1/servers/78270b54-cc89-4b58-b168-6ca1161b4f4a 0.800s
2025-03-25 18:36:11.194 69204 INFO tempest.lib.common.rest_client [req-448b3ad4-cf06-4b4c-bed3-a3507594d04c req-448b3ad4-cf06-4b4c-bed3-a3507594d04c ] Request (ServersAdminTestJSON:test_inject_network_info): 200 GET http://10.180.1.21/compute/v2.1/servers/36785fa4-2ffb-42cf-b0d6-63c8047fa7df 0.790s
2025-03-25 18:36:11.208 69198 INFO tempest.common.waiters [-] State transition "BUILD/None" ==> "BUILD/block_device_mapping" after 72 second wait
2025-03-25 18:36:11.271 69166 INFO tempest.lib.common.rest_client [req-3dcbd5fe-9c5c-4207-bd19-4fb6ce92c3e9 req-3dcbd5fe-9c5c-4207-bd19-4fb6ce92c3e9 ] Request (ServerRescueTestJSONUnderV235:tearDownClass): 204 DELETE http://10.180.1.21:9696/networking/v2.0/networks/84f699ee-65e2-4593-bdeb-807d544a4c65 0.257s
2025-03-25 18:36:11.311 69174 INFO tempest.lib.common.rest_client [req-826b358c-ae56-4456-9f8a-4aa6830dccf9 req-826b358c-ae56-4456-9f8a-4aa6830dccf9 ] Request (SecurityGroupsTestJSON:test_list_security_groups_by_server): 200 GET http://10.180.1.21/compute/v2.1/servers/9698591c-877c-4cb9-8aa1-00e4f126e049 0.802s
2025-03-25 18:36:11.317 69162 INFO tempest.lib.common.rest_client [req-3222efd2-d1be-4877-a436-903c2771faff req-3222efd2-d1be-4877-a436-903c2771faff ] Request (ServerRescueTestJSON:test_rescue_unrescue_instance): 200 GET http://10.180.1.21/compute/v2.1/servers/a57efa90-bb0d-47fd-9dc8-51322a72d564 0.816s
2025-03-25 18:36:11.350 69172 INFO tempest.lib.common.rest_client [req-cb9017e4-63b2-4935-888e-cf6c4ee2714b req-cb9017e4-63b2-4935-888e-cf6c4ee2714b ] Request (InstanceActionsTestJSON:tearDownClass): 204 DELETE http://10.180.1.21:9696/networking/v2.0/networks/b730c776-5e42-45ca-be21-f7135cb05c4b 0.475s
2025-03-25 18:36:11.389 69166 INFO tempest.lib.common.rest_client [req-f95eb818-3898-40fe-91b5-0a32822ab707 req-f95eb818-3898-40fe-91b5-0a32822ab707 ] Request (ServerRescueTestJSONUnderV235:tearDownClass): 204 DELETE http://10.180.1.21/identity/v3/users/0ea06ee148114b0abb47960d7d112549 0.117s
2025-03-25 18:36:11.390 69166 INFO tempest.lib.common.dynamic_creds [-] Deleting project and security group for project: ba70cf1666ed4e72a15cbcbab858d8c7
2025-03-25 18:36:11.396 69200 INFO tempest.lib.common.rest_client [req-9fc87eeb-6aba-41cb-b8bd-b449705d4b2f req-9fc87eeb-6aba-41cb-b8bd-b449705d4b2f ] Request (ServersWithSpecificFlavorTestJSON:test_verify_created_server_ephemeral_disk): 200 GET http://10.180.1.21/compute/v2.1/servers/036b2b50-7c4b-444c-9645-7502e650e674 0.824s
2025-03-25 18:36:11.401 69186 INFO tempest.lib.common.rest_client [req-652d587d-26fe-48fa-b167-9bb3046d6032 req-652d587d-26fe-48fa-b167-9bb3046d6032 ] Request (ServerPasswordTestJSON:setUpClass): 200 GET http://10.180.1.21/compute/v2.1/servers/abadafe3-5419-40ad-ad35-d83ab9b5c0fb 0.796s
2025-03-25 18:36:11.437 69166 INFO tempest.lib.common.rest_client [req-f4d1aa70-47ed-437c-8cda-b83d512729d2 req-f4d1aa70-47ed-437c-8cda-b83d512729d2 ] Request (ServerRescueTestJSONUnderV235:tearDownClass): 200 GET http://10.180.1.21:9696/networking/v2.0/security-groups?tenant_id=ba70cf1666ed4e72a15cbcbab858d8c7&name=default 0.046s
2025-03-25 18:36:11.462 69172 INFO tempest.lib.common.rest_client [req-554679ed-c59b-4d1a-ad88-9a41179bcc35 req-554679ed-c59b-4d1a-ad88-9a41179bcc35 ] Request (InstanceActionsTestJSON:tearDownClass): 204 DELETE http://10.180.1.21/identity/v3/users/c67f44126a394d1fbfe1c2f8460305f5 0.110s
2025-03-25 18:36:11.462 69172 INFO tempest.lib.common.dynamic_creds [-] Deleting project and security group for project: a8fd89d431bf4d35a6a560b667fe4f6e
2025-03-25 18:36:11.480 69180 INFO tempest.lib.common.rest_client [req-6ebd3fbe-ae38-498b-9be5-dbe980e93b61 req-6ebd3fbe-ae38-498b-9be5-dbe980e93b61 ] Request (ServersAdminNegativeTestJSON:test_migrate_server_invalid_state): 200 GET http://10.180.1.21/compute/v2.1/servers/4e2e375c-803e-44b0-8480-30f8080da1c1 0.539s
2025-03-25 18:36:11.500 69208 INFO tempest.lib.common.rest_client [req-aae9bd55-c579-404f-8659-f20c783efab1 req-aae9bd55-c579-404f-8659-f20c783efab1 ] Request (ServersAdmin275Test:tearDownClass): 200 GET http://10.180.1.21/compute/v2.1/servers/e02e5253-17db-450f-bf10-9cf08255c646 0.547s
2025-03-25 18:36:11.513 69172 INFO tempest.lib.common.rest_client [req-baeb96b9-75cc-4d34-b586-852fc83a84e0 req-baeb96b9-75cc-4d34-b586-852fc83a84e0 ] Request (InstanceActionsTestJSON:tearDownClass): 200 GET http://10.180.1.21:9696/networking/v2.0/security-groups?tenant_id=a8fd89d431bf4d35a6a560b667fe4f6e&name=default 0.050s
2025-03-25 18:36:11.534 69168 INFO tempest.lib.common.rest_client [req-42f9fb33-aae0-4ae7-a83a-44b54011d596 req-42f9fb33-aae0-4ae7-a83a-44b54011d596 ] Request (ServerAddressesNegativeTestJSON:tearDownClass): 200 GET http://10.180.1.21/compute/v2.1/servers/edebcb67-10a9-47b1-9848-ec003e4de95f 0.416s
2025-03-25 18:36:11.555 69158 INFO tempest.lib.common.rest_client [req-cefded26-7cb9-4e21-9e9e-03e7a70995f7 req-cefded26-7cb9-4e21-9e9e-03e7a70995f7 ] Request (ServersTestJSON:test_create_server_specify_multibyte_character_name): 200 GET http://10.180.1.21/compute/v2.1/servers/0c4ae68e-49bd-4c7e-b899-44dafaf180cc 0.402s
2025-03-25 18:36:11.596 69166 INFO tempest.lib.common.rest_client [req-efa14960-dea0-44d4-ac47-ddcfb5964bfb req-efa14960-dea0-44d4-ac47-ddcfb5964bfb ] Request (ServerRescueTestJSONUnderV235:tearDownClass): 204 DELETE http://10.180.1.21:9696/networking/v2.0/security-groups/1cfee739-816c-4ab2-8883-cdd3c2d159db 0.158s
2025-03-25 18:36:11.611 69160 INFO tempest.lib.common.rest_client [req-665fe288-cac7-4f82-8173-4fcd9f592e64 req-665fe288-cac7-4f82-8173-4fcd9f592e64 ] Request (ServersTestBootFromVolume:setUpClass): 200 GET http://10.180.1.21/compute/v2.1/servers/23c2f2ab-a6cc-44e5-9d00-cf0582390e0e 0.413s
2025-03-25 18:36:11.619 69176 INFO tempest.lib.common.rest_client [req-0f135f29-7574-42d0-8f8d-031146b3793c req-0f135f29-7574-42d0-8f8d-031146b3793c ] Request (AttachInterfacesUnderV243Test:test_add_remove_fixed_ip): 200 GET http://10.180.1.21/compute/v2.1/servers/c0da5ecd-fe38-4ccc-aeb0-23760d4f9d0b 0.390s
2025-03-25 18:36:11.626 69172 INFO tempest.lib.common.rest_client [req-8ea5b738-d789-424c-b674-66d27f827185 req-8ea5b738-d789-424c-b674-66d27f827185 ] Request (InstanceActionsTestJSON:tearDownClass): 204 DELETE http://10.180.1.21:9696/networking/v2.0/security-groups/29278155-2b69-484f-b19d-598dcb421e94 0.112s
2025-03-25 18:36:11.673 69184 INFO tempest.lib.common.rest_client [req-1e804647-84d5-4b35-9fd3-d57b9cef44a6 req-1e804647-84d5-4b35-9fd3-d57b9cef44a6 ] Request (VolumesAdminNegativeTest:test_update_attached_volume_with_nonexistent_volume_in_uri): 200 GET http://10.180.1.21/compute/v2.1/servers/331e225a-d8c7-46c7-ae1d-076523661d23 0.387s
2025-03-25 18:36:11.721 69156 INFO tempest.lib.common.rest_client [req-7271941a-f3fd-4e1a-b2f2-815a43a837b8 req-7271941a-f3fd-4e1a-b2f2-815a43a837b8 ] Request (ServersNegativeTestJSON:setUpClass): 200 GET http://10.180.1.21/compute/v2.1/servers/0a1e604e-a962-4f9a-86d9-8f769c6309f2 0.145s
2025-03-25 18:36:11.743 69166 INFO tempest.lib.common.rest_client [req-e9f2b58e-099b-4ced-acb2-58afb54891d1 req-e9f2b58e-099b-4ced-acb2-58afb54891d1 ] Request (ServerRescueTestJSONUnderV235:tearDownClass): 204 DELETE http://10.180.1.21/identity/v3/projects/ba70cf1666ed4e72a15cbcbab858d8c7 0.146s
2025-03-25 18:36:11.745 69172 INFO tempest.lib.common.rest_client [req-7c6c3bf6-2d66-422d-8b1b-4d0517757811 req-7c6c3bf6-2d66-422d-8b1b-4d0517757811 ] Request (InstanceActionsTestJSON:tearDownClass): 204 DELETE http://10.180.1.21/identity/v3/projects/a8fd89d431bf4d35a6a560b667fe4f6e 0.118s
2025-03-25 18:36:11.782 69178 INFO tempest.lib.common.rest_client [req-22bada74-eac4-4bf0-a5f4-50e46e2aa90a req-22bada74-eac4-4bf0-a5f4-50e46e2aa90a ] Request (VolumesAssistedSnapshotsTest:tearDownClass): 200 GET http://10.180.1.21/compute/v2.1/servers/53a0d5d8-8049-427e-8beb-685a275a09f0 0.155s
2025-03-25 18:36:11.805 69164 INFO tempest.lib.common.rest_client [req-b59aec88-9621-4018-a948-36b848399372 req-b59aec88-9621-4018-a948-36b848399372 ] Request (ImagesTestJSON:test_create_image_from_suspended_server): 200 GET http://10.180.1.21/compute/v2.1/servers/76398266-5b27-46b1-bb3d-0d2834315a84 0.069s
2025-03-25 18:36:11.811 69166 INFO tempest.lib.common.rest_client [req-4478f67e-81f1-48dd-8396-a8ba56da6a01 req-4478f67e-81f1-48dd-8396-a8ba56da6a01 ] Request (ServerShowV257Test:setUpClass): 201 POST http://10.180.1.21/identity/v3/auth/tokens 0.065s
2025-03-25 18:36:11.823 69172 INFO tempest.lib.common.rest_client [req-6aa8b8ef-4cfb-4a13-8d6f-6e125330b274 req-6aa8b8ef-4cfb-4a13-8d6f-6e125330b274 ] Request (AttachVolumeNegativeTest:setUpClass): 201 POST http://10.180.1.21/identity/v3/auth/tokens 0.072s
2025-03-25 18:36:11.845 69166 INFO tempest.lib.common.rest_client [req-eeaacfbc-761a-4d32-90ef-f5714d6a231a req-eeaacfbc-761a-4d32-90ef-f5714d6a231a ] Request (ServerShowV257Test:setUpClass): 201 POST http://10.180.1.21/identity/v3/auth/tokens 0.031s
2025-03-25 18:36:11.858 69172 INFO tempest.lib.common.rest_client [req-b5c28720-51f7-4155-8840-1682f787e248 req-b5c28720-51f7-4155-8840-1682f787e248 ] Request (AttachVolumeNegativeTest:setUpClass): 201 POST http://10.180.1.21/identity/v3/auth/tokens 0.033s
2025-03-25 18:36:11.882 69166 INFO tempest.lib.common.rest_client [req-fc63a982-a926-462b-85a1-c515ffc2f2ec req-fc63a982-a926-462b-85a1-c515ffc2f2ec ] Request (ServerShowV257Test:setUpClass): 200 GET http://10.180.1.21/identity/v3/domains?name=Default 0.037s
2025-03-25 18:36:11.901 69172 INFO tempest.lib.common.rest_client [req-7d88cbf9-de17-4446-adf0-5c3feaa1c895 req-7d88cbf9-de17-4446-adf0-5c3feaa1c895 ] Request (AttachVolumeNegativeTest:setUpClass): 200 GET http://10.180.1.21/identity/v3/domains?name=Default 0.042s
2025-03-25 18:36:11.906 69206 INFO tempest.lib.common.rest_client [req-ccd78b56-63c8-4b09-ad6a-33c093fbea3c req-ccd78b56-63c8-4b09-ad6a-33c093fbea3c ] Request (ServerMetadataNegativeTestJSON:setUpClass): 200 GET http://10.180.1.21/compute/v2.1/servers/9e655764-988a-4b70-a278-26be0dc4adda 0.073s
2025-03-25 18:36:11.920 69166 INFO tempest.lib.common.rest_client [req-f7354c87-dba8-4a58-9a85-f3ba4b4643b5 req-f7354c87-dba8-4a58-9a85-f3ba4b4643b5 ] Request (ServerShowV257Test:setUpClass): 201 POST http://10.180.1.21/identity/v3/projects 0.037s
