2025-03-25 18:33:59.175 69212 INFO tempest.lib.common.dynamic_creds [-] Acquired dynamic creds: credentials: Credentials: {'domain_id': 'default', 'domain_name': 'Default', 'username': 'tempest-ServerGroup264TestJSON-1241372035-project-member', 'project_domain_id': 'default', 'project_domain_name': 'Default', 'project_id': '657e7ce16838406b9369ad6ff7819fe9', 'project_name': 'tempest-ServerGroup264TestJSON-1241372035', 'tenant_id': '657e7ce16838406b9369ad6ff7819fe9', 'tenant_name': 'tempest-ServerGroup264TestJSON-1241372035', 'user_domain_id': 'default', 'user_domain_name': 'Default', 'user_id': '9ba524e03cb245ddb671ec5de2564934', 'system': None}, Network: None, Subnet: None, Router: None
2025-03-25 18:33:59.182 69156 INFO tempest.lib.common.rest_client [req-03ba1067-89eb-46fb-b30d-140404c7c259 req-03ba1067-89eb-46fb-b30d-140404c7c259 ] Request (ServersNegativeTestJSON:setUpClass): 201 POST http://10.180.1.21/identity/v3/users 0.089s
2025-03-25 18:33:59.202 69202 INFO tempest.lib.common.rest_client [req-75dd415f-656a-4636-954b-0d6b5f5e2372 req-75dd415f-656a-4636-954b-0d6b5f5e2372 ] Request (ServerRescueNegativeTestJSON:setUpClass): 200 GET http://10.180.1.21/compute/v2.1/servers/423efc1e-c007-42d0-bf18-269b075ccff2 1.020s
2025-03-25 18:33:59.243 69212 INFO tempest.lib.common.rest_client [req-f2ea9b06-e467-41c8-98be-33ff38bc4f4b req-f2ea9b06-e467-41c8-98be-33ff38bc4f4b ] Request (ServerGroup264TestJSON:setUpClass): 201 POST http://10.180.1.21/identity/v3/auth/tokens 0.067s
2025-03-25 18:33:59.245 69156 INFO tempest.lib.common.rest_client [req-5d06af9c-80b1-4656-b286-57a84560af3f req-5d06af9c-80b1-4656-b286-57a84560af3f ] Request (ServersNegativeTestJSON:setUpClass): 200 GET http://10.180.1.21/identity/v3/roles 0.062s
2025-03-25 18:33:59.276 69156 INFO tempest.lib.common.rest_client [req-ac90143d-83f7-4371-9fc9-f68303242a19 req-ac90143d-83f7-4371-9fc9-f68303242a19 ] Request (ServersNegativeTestJSON:setUpClass): 204 PUT http://10.180.1.21/identity/v3/projects/d6b12c1f77f041a19fd68317da38caa1/users/1bb2831faced4427a76f2a964c7702f2/roles/7c563243bd354a0ea1f7e5c1aadfc9e2 0.031s
2025-03-25 18:33:59.277 69156 INFO tempest.lib.common.dynamic_creds [-] Dynamic test user 1bb2831faced4427a76f2a964c7702f2 is created with scope project and roles: ['member']
2025-03-25 18:33:59.277 69156 INFO tempest.lib.common.dynamic_creds [-] Acquired dynamic creds: credentials: Credentials: {'domain_id': 'default', 'domain_name': 'Default', 'username': 'tempest-ServersNegativeTestJSON-1274465967-project-member', 'project_domain_id': 'default', 'project_domain_name': 'Default', 'project_id': 'd6b12c1f77f041a19fd68317da38caa1', 'project_name': 'tempest-ServersNegativeTestJSON-1274465967', 'tenant_id': 'd6b12c1f77f041a19fd68317da38caa1', 'tenant_name': 'tempest-ServersNegativeTestJSON-1274465967', 'user_domain_id': 'default', 'user_domain_name': 'Default', 'user_id': '1bb2831faced4427a76f2a964c7702f2', 'system': None}, Network: None, Subnet: None, Router: None
2025-03-25 18:33:59.355 69152 INFO tempest.lib.common.rest_client [req-33cd7d06-9072-49fa-b7a6-f9d6a6f71f78 req-33cd7d06-9072-49fa-b7a6-f9d6a6f71f78 ] Request (SecurityGroupsNegativeTestJSON:tearDownClass): 204 DELETE http://10.180.1.21:9696/networking/v2.0/routers/a44e98dd-8d51-4139-8baf-fd7e2d1c2d79 0.429s
2025-03-25 18:33:59.386 69208 INFO tempest.lib.common.rest_client [req-1b6c47e7-10ef-42cd-a00b-a3f96476e31e req-1b6c47e7-10ef-42cd-a00b-a3f96476e31e ] Request (FlavorsAccessNegativeTestJSON:test_remove_flavor_access_not_found): 404 POST http://10.180.1.21/compute/v2.1/flavors/584572188/action 1.135s
2025-03-25 18:33:59.388 69156 INFO tempest.lib.common.rest_client [req-6591e38b-ff04-4c85-82f3-dca946def068 req-6591e38b-ff04-4c85-82f3-dca946def068 ] Request (ServersNegativeTestJSON:setUpClass): 201 POST http://10.180.1.21/identity/v3/auth/tokens 0.110s
2025-03-25 18:33:59.408 69192 INFO tempest.lib.common.rest_client [req-0ddc48c3-87da-4a98-9cfd-e4368eaa8498 req-0ddc48c3-87da-4a98-9cfd-e4368eaa8498 ] Request (ServerTagsTestJSON:setUpClass): 202 POST http://10.180.1.21/compute/v2.1/servers 1.514s
2025-03-25 18:33:59.433 69188 INFO tempest.lib.common.rest_client [req-16792af6-a484-4005-bfa2-2758945a83cd req-16792af6-a484-4005-bfa2-2758945a83cd ] Request (AggregatesAdminNegativeTestJSON:test_aggregate_get_details_as_user): 200 POST http://10.180.1.21/compute/v2.1/os-aggregates 1.168s
2025-03-25 18:33:59.490 69152 INFO tempest.lib.common.rest_client [req-9d916a75-cf0e-4cdf-ad83-53016fe588d9 req-9d916a75-cf0e-4cdf-ad83-53016fe588d9 ] Request (SecurityGroupsNegativeTestJSON:tearDownClass): 204 DELETE http://10.180.1.21:9696/networking/v2.0/subnets/042f368e-e77e-4e4a-bea8-3aa0489d8a18 0.134s
2025-03-25 18:33:59.502 69174 INFO tempest.lib.common.rest_client [req-5b7c3cbe-5861-427b-a068-d690d0ea79ec req-5b7c3cbe-5861-427b-a068-d690d0ea79ec ] Request (ImagesNegativeTestJSON:test_create_image_from_deleted_server): 200 GET http://10.180.1.21/compute/v2.1/servers/03a157f6-051b-40f3-89e6-3b24db7d7c61 1.248s
2025-03-25 18:33:59.536 69162 INFO tempest.lib.common.rest_client [req-f00a9f35-5918-4d6f-8a07-6817df0c3a0f req-f00a9f35-5918-4d6f-8a07-6817df0c3a0f ] Request (SecurityGroupRulesNegativeTestJSON:test_create_security_group_rule_duplicate): 400 POST http://10.180.1.21/compute/v2.1/os-security-group-rules 1.259s
2025-03-25 18:33:59.571 69168 INFO tempest.lib.common.rest_client [req-c5c61f70-174b-41dd-8676-435f3a1fe2fb req-c5c61f70-174b-41dd-8676-435f3a1fe2fb ] Request (ServerAddressesTestJSON:tearDownClass): 200 GET http://10.180.1.21/compute/v2.1/servers/30a5da31-76c4-4500-9875-211849ef9c6a 1.273s
2025-03-25 18:33:59.585 69172 INFO tempest.lib.common.rest_client [req-0088db2f-b6a0-4a2d-9de4-a441edb1b7a2 req-0088db2f-b6a0-4a2d-9de4-a441edb1b7a2 ] Request (KeyPairsV22TestJSON:test_keypairs_create_list_delete): 201 POST http://10.180.1.21/compute/v2.1/os-keypairs 1.255s
2025-03-25 18:33:59.662 69164 INFO tempest.lib.common.rest_client [req-464b21d4-1fe0-456b-869b-cbc09fd7ab16 req-464b21d4-1fe0-456b-869b-cbc09fd7ab16 ] Request (ServerDiagnosticsNegativeTest:tearDownClass): 200 GET http://10.180.1.21/compute/v2.1/servers/41fc595a-191d-48fb-94bf-67212e8f5699 1.321s
2025-03-25 18:33:59.668 69200 INFO tempest.lib.common.rest_client [req-fa8b03e6-f23b-4f22-a3fe-78beda5ff26b req-fa8b03e6-f23b-4f22-a3fe-78beda5ff26b ] Request (ServersWithSpecificFlavorTestJSON:test_verify_created_server_ephemeral_disk): 200 GET http://10.180.1.21/compute/v2.1/servers/b40e7bdb-cc27-4536-bc35-68184c900060 1.296s
2025-03-25 18:33:59.690 69156 INFO tempest.lib.common.rest_client [req-c79de7f2-7fe1-40e0-b016-e29d5db4428c req-c79de7f2-7fe1-40e0-b016-e29d5db4428c ] Request (ServersNegativeTestJSON:setUpClass): 201 POST http://10.180.1.21:9696/networking/v2.0/networks 0.302s
2025-03-25 18:33:59.697 69152 INFO tempest.lib.common.rest_client [req-e1063a0a-bf87-4a76-8bca-9d65861e8721 req-e1063a0a-bf87-4a76-8bca-9d65861e8721 ] Request (SecurityGroupsNegativeTestJSON:tearDownClass): 204 DELETE http://10.180.1.21:9696/networking/v2.0/networks/0db12ac0-5cd5-48d9-9470-f257ad72690a 0.207s
2025-03-25 18:33:59.704 69212 INFO tempest.lib.common.rest_client [req-d978b8b9-5c3c-443d-b962-cccf96db7be9 req-d978b8b9-5c3c-443d-b962-cccf96db7be9 ] Request (ServerGroup264TestJSON:setUpClass): 201 POST http://10.180.1.21:9696/networking/v2.0/networks 0.461s
2025-03-25 18:33:59.740 69154 INFO tempest.lib.common.rest_client [req-3944838e-45a2-461e-bf61-6ce9c047116e req-3944838e-45a2-461e-bf61-6ce9c047116e ] Request (ServerDiskConfigTestJSON:test_rebuild_server_with_auto_disk_config): 200 GET http://10.180.1.21/compute/v2.1/servers/f80f943b-e912-4b1d-a2d2-0d42c7f61e0c 1.318s
2025-03-25 18:33:59.806 69152 INFO tempest.lib.common.rest_client [req-77fb6b8d-226d-482a-9042-c1483ed072ce req-77fb6b8d-226d-482a-9042-c1483ed072ce ] Request (SecurityGroupsNegativeTestJSON:tearDownClass): 204 DELETE http://10.180.1.21/identity/v3/users/b95d213f9504464090793d99cfd4e258 0.108s
2025-03-25 18:33:59.806 69152 INFO tempest.lib.common.dynamic_creds [-] Deleting project and security group for project: d38a2a08d08741c59c71154317fb64f3
2025-03-25 18:33:59.861 69152 INFO tempest.lib.common.rest_client [req-7db40645-78f1-4c91-a887-96cbc651bc55 req-7db40645-78f1-4c91-a887-96cbc651bc55 ] Request (SecurityGroupsNegativeTestJSON:tearDownClass): 200 GET http://10.180.1.21:9696/networking/v2.0/security-groups?tenant_id=d38a2a08d08741c59c71154317fb64f3&name=default 0.054s
2025-03-25 18:33:59.909 69171 INFO tempest.lib.common.rest_client [req-582e5db2-0fdd-47d3-b127-8d7deaf2a6de req-582e5db2-0fdd-47d3-b127-8d7deaf2a6de ] Request (ImagesMetadataTestJSON:test_set_image_metadata_item): 200 PUT http://10.180.1.21/compute/v2.1/images/7265c0e1-1669-484e-bf25-df0d76900165/metadata/os_version 1.396s
2025-03-25 18:33:59.925 69158 INFO tempest.lib.common.rest_client [req-9a5009fa-82d5-4524-9acd-3bd2a5dd74a3 req-9a5009fa-82d5-4524-9acd-3bd2a5dd74a3 ] Request (QuotasAdminTestV236:test_get_updated_quotas): 200 GET http://10.180.1.21/compute/v2.1/os-quota-sets/b5043923fc1d497f9e4e74e1f5aa3567/detail 1.347s
2025-03-25 18:33:59.928 69194 INFO tempest.lib.common.rest_client [req-b3806c71-e20b-406a-94c8-6e179aa064ce req-b3806c71-e20b-406a-94c8-6e179aa064ce ] Request (FlavorsV2TestJSON:test_list_flavors_detailed_limit_results): 200 GET http://10.180.1.21/compute/v2.1/flavors/detail?limit=1 1.312s
2025-03-25 18:33:59.948 69166 INFO tempest.lib.common.rest_client [req-3d4fe832-4677-42c5-b888-727edade8871 req-3d4fe832-4677-42c5-b888-727edade8871 ] Request (KeyPairsV2TestJSON:_run_cleanups): 202 DELETE http://10.180.1.21/compute/v2.1/os-keypairs/tempest-keypair-1974655489 1.305s
2025-03-25 18:33:59.953 69214 INFO tempest.lib.common.rest_client [req-911a2a8d-08bf-49b7-85fa-41d837f433e0 req-911a2a8d-08bf-49b7-85fa-41d837f433e0 ] Request (KeyPairsNegativeTestJSON:test_create_keypair_with_long_keynames): 400 POST http://10.180.1.21/compute/v2.1/os-keypairs 1.277s
2025-03-25 18:33:59.970 69212 INFO tempest.lib.common.rest_client [req-4e80fb9c-8571-4d3d-ae58-5e15ced3449d req-4e80fb9c-8571-4d3d-ae58-5e15ced3449d ] Request (ServerGroup264TestJSON:setUpClass): 201 POST http://10.180.1.21:9696/networking/v2.0/subnets 0.265s
2025-03-25 18:33:59.992 69158 INFO tempest.lib.common.rest_client [req-6c26a424-e36c-463c-8e54-90db9a8e8b4e req-6c26a424-e36c-463c-8e54-90db9a8e8b4e ] Request (QuotasAdminTestV236:test_get_updated_quotas): 200 GET http://10.180.1.21/identity/v3/domains?name=Default 0.057s
2025-03-25 18:34:00.004 69152 INFO tempest.lib.common.rest_client [req-66c34182-90d0-4162-92c6-95085e546f38 req-66c34182-90d0-4162-92c6-95085e546f38 ] Request (SecurityGroupsNegativeTestJSON:tearDownClass): 204 DELETE http://10.180.1.21:9696/networking/v2.0/security-groups/24718db4-b3cd-4b6a-863f-f1ceaee85758 0.143s
2025-03-25 18:34:00.021 69156 INFO tempest.lib.common.rest_client [req-9692a7b9-97eb-48f5-bf4c-fd9ff0a353fa req-9692a7b9-97eb-48f5-bf4c-fd9ff0a353fa ] Request (ServersNegativeTestJSON:setUpClass): 201 POST http://10.180.1.21:9696/networking/v2.0/subnets 0.329s
2025-03-25 18:34:00.026 69158 INFO tempest.lib.common.rest_client [req-b3905f39-d49e-402b-be63-8cf088acd702 req-b3905f39-d49e-402b-be63-8cf088acd702 ] Request (QuotasAdminTestV236:test_get_updated_quotas): 201 POST http://10.180.1.21/identity/v3/users 0.033s
2025-03-25 18:34:00.035 69160 INFO tempest.lib.common.rest_client [req-bac0a838-326d-40b2-b1e6-e2690c88eb94 req-bac0a838-326d-40b2-b1e6-e2690c88eb94 ] Request (FloatingIPsAssociationNegativeTestJSON:setUpClass): 200 GET http://10.180.1.21/compute/v2.1/servers/cdff230c-2bdf-4bd9-91c0-139f7fafccc3 1.343s
2025-03-25 18:34:00.046 69160 INFO tempest.common.waiters [-] State transition "BUILD/scheduling" ==> "BUILD/None" after 3 second wait
2025-03-25 18:34:00.053 69158 INFO tempest.lib.common.rest_client [req-a80ada9d-871c-45a4-8c91-f1fefe6798b2 req-a80ada9d-871c-45a4-8c91-f1fefe6798b2 ] Request (QuotasAdminTestV236:test_get_updated_quotas): 200 GET http://10.180.1.21/identity/v3/domains?name=Default 0.027s
2025-03-25 18:34:00.093 69184 WARNING tempest.lib.common.ssh [-] Failed to establish authenticated ssh connection to cirros@10.180.180.226 ([Errno None] Unable to connect to port 22 on 10.180.180.226). Number attempts: 1. Retry after 2 seconds.: paramiko.ssh_exception.NoValidConnectionsError: [Errno None] Unable to connect to port 22 on 10.180.180.226
2025-03-25 18:34:00.147 69182 INFO tempest.lib.common.rest_client [req-3fe0ecf6-b767-4cf0-bd66-1bf886d589e5 req-3fe0ecf6-b767-4cf0-bd66-1bf886d589e5 ] Request (TenantUsagesTestJSON:tearDownClass): 200 GET http://10.180.1.21/compute/v2.1/servers/e5210410-3725-4dea-902d-9fcc2a4bc9e5 1.381s
2025-03-25 18:34:00.198 69152 INFO tempest.lib.common.rest_client [req-0080036f-b41f-438f-9487-b5a916419d96 req-0080036f-b41f-438f-9487-b5a916419d96 ] Request (SecurityGroupsNegativeTestJSON:tearDownClass): 204 DELETE http://10.180.1.21/identity/v3/projects/d38a2a08d08741c59c71154317fb64f3 0.193s
2025-03-25 18:34:00.260 69198 INFO tempest.lib.common.rest_client [req-889124e6-49cb-4ca8-9161-a56ff7c16d93 req-889124e6-49cb-4ca8-9161-a56ff7c16d93 ] Request (MigrationsAdminTest:test_list_migrations_in_flavor_resize_situation): 200 GET http://10.180.1.21/compute/v2.1/servers/ff3f81eb-8599-47e0-a5a8-26f21ea70fc5 1.584s
2025-03-25 18:34:00.260 69206 INFO tempest.lib.common.rest_client [req-62c81b52-25ba-4c64-be75-fd39005e9a2e req-62c81b52-25ba-4c64-be75-fd39005e9a2e ] Request (FloatingIPsAssociationTestJSON:test_associate_already_associated_floating_ip): 200 GET http://10.180.1.21/compute/v2.1/servers/0a3ec5b2-43c5-49ae-ad46-c2a67581ff73 1.460s
2025-03-25 18:34:00.274 69206 INFO tempest.common.waiters [-] State transition "BUILD/scheduling" ==> "BUILD/None" after 3 second wait
2025-03-25 18:34:00.286 69152 INFO tempest.lib.common.rest_client [req-4a7f227a-0c24-4ff8-9999-2ef1abdb6cfc req-4a7f227a-0c24-4ff8-9999-2ef1abdb6cfc ] Request (ServersTestManualDisk:setUpClass): 201 POST http://10.180.1.21/identity/v3/auth/tokens 0.087s
2025-03-25 18:34:00.334 69152 INFO tempest.lib.common.rest_client [req-3eddf4ce-38ba-4024-ac6a-4cb23635a363 req-3eddf4ce-38ba-4024-ac6a-4cb23635a363 ] Request (ServersTestManualDisk:setUpClass): 201 POST http://10.180.1.21/identity/v3/auth/tokens 0.045s
2025-03-25 18:34:00.361 69152 INFO tempest.lib.common.rest_client [req-3c06e93d-cf49-4726-906b-b333792fca4d req-3c06e93d-cf49-4726-906b-b333792fca4d ] Request (ServersTestManualDisk:setUpClass): 200 GET http://10.180.1.21/identity/v3/domains?name=Default 0.026s
2025-03-25 18:34:00.393 69152 INFO tempest.lib.common.rest_client [req-ae48bcee-ad4c-4d5c-93b1-47400bd84fef req-ae48bcee-ad4c-4d5c-93b1-47400bd84fef ] Request (ServersTestManualDisk:setUpClass): 201 POST http://10.180.1.21/identity/v3/projects 0.031s
2025-03-25 18:34:00.450 69152 INFO tempest.lib.common.rest_client [req-f21f7516-9914-4945-bfa8-c08d170a4409 req-f21f7516-9914-4945-bfa8-c08d170a4409 ] Request (ServersTestManualDisk:setUpClass): 201 POST http://10.180.1.21/identity/v3/users 0.056s
2025-03-25 18:34:00.472 69152 INFO tempest.lib.common.rest_client [req-75287641-3729-46e7-b624-e4bc3dc79885 req-75287641-3729-46e7-b624-e4bc3dc79885 ] Request (ServersTestManualDisk:setUpClass): 200 GET http://10.180.1.21/identity/v3/roles 0.022s
2025-03-25 18:34:00.487 69178 INFO tempest.lib.common.rest_client [req-221951e5-eaee-4d74-acba-d8cfe6623682 req-221951e5-eaee-4d74-acba-d8cfe6623682 ] Request (VolumesAssistedSnapshotsTest:test_volume_assisted_snapshot_create_delete): 200 GET http://10.180.1.21/compute/v2.1/servers/53a0d5d8-8049-427e-8beb-685a275a09f0 1.252s
2025-03-25 18:34:00.495 69178 INFO tempest.common.waiters [-] State transition "BUILD/None" ==> "BUILD/block_device_mapping" after 17 second wait
2025-03-25 18:34:00.506 69152 INFO tempest.lib.common.rest_client [req-724cd382-b473-4859-8a26-584bf366d25d req-724cd382-b473-4859-8a26-584bf366d25d ] Request (ServersTestManualDisk:setUpClass): 204 PUT http://10.180.1.21/identity/v3/projects/cd1fcc31fae94c9d801bf91c69b2f709/users/709a1db676b8495cbf49392b4083cca1/roles/7c563243bd354a0ea1f7e5c1aadfc9e2 0.034s
2025-03-25 18:34:00.506 69152 INFO tempest.lib.common.dynamic_creds [-] Dynamic test user 709a1db676b8495cbf49392b4083cca1 is created with scope project and roles: ['member']
2025-03-25 18:34:00.507 69152 INFO tempest.lib.common.dynamic_creds [-] Acquired dynamic creds: credentials: Credentials: {'domain_id': 'default', 'domain_name': 'Default', 'username': 'tempest-ServersTestManualDisk-1277052254-project-member', 'project_domain_id': 'default', 'project_domain_name': 'Default', 'project_id': 'cd1fcc31fae94c9d801bf91c69b2f709', 'project_name': 'tempest-ServersTestManualDisk-1277052254', 'tenant_id': 'cd1fcc31fae94c9d801bf91c69b2f709', 'tenant_name': 'tempest-ServersTestManualDisk-1277052254', 'user_domain_id': 'default', 'user_domain_name': 'Default', 'user_id': '709a1db676b8495cbf49392b4083cca1', 'system': None}, Network: None, Subnet: None, Router: None
2025-03-25 18:34:00.508 69208 INFO tempest.lib.common.rest_client [req-34bf0966-ce22-4a0f-b995-8c2ea773c5f8 req-34bf0966-ce22-4a0f-b995-8c2ea773c5f8 ] Request (FlavorsAccessNegativeTestJSON:_run_cleanups): 202 DELETE http://10.180.1.21/compute/v2.1/flavors/584572188 1.121s
2025-03-25 18:34:00.569 69152 INFO tempest.lib.common.rest_client [req-53fb2fc4-99e0-47d0-bdd1-5d712c777385 req-53fb2fc4-99e0-47d0-bdd1-5d712c777385 ] Request (ServersTestManualDisk:setUpClass): 201 POST http://10.180.1.21/identity/v3/auth/tokens 0.062s
2025-03-25 18:34:00.579 69192 INFO tempest.lib.common.rest_client [req-b0d5c7e8-3c41-456d-9d35-0d0b0a3862f5 req-b0d5c7e8-3c41-456d-9d35-0d0b0a3862f5 ] Request (ServerTagsTestJSON:setUpClass): 200 GET http://10.180.1.21/compute/v2.1/servers/35f1fcb9-985b-4bac-8dc3-e0787f43de54 1.169s
2025-03-25 18:34:00.584 69188 INFO tempest.lib.common.rest_client [req-e6b5df49-0a27-40cf-883a-016a137c523f req-e6b5df49-0a27-40cf-883a-016a137c523f ] Request (AggregatesAdminNegativeTestJSON:test_aggregate_get_details_as_user): 403 GET http://10.180.1.21/compute/v2.1/os-aggregates/6 1.148s
2025-03-25 18:34:00.716 69212 INFO tempest.lib.common.rest_client [req-c2237899-6fe0-4a2b-8262-375aaff53a6c req-c2237899-6fe0-4a2b-8262-375aaff53a6c ] Request (ServerGroup264TestJSON:setUpClass): 201 POST http://10.180.1.21:9696/networking/v2.0/routers 0.745s
2025-03-25 18:34:00.987 69204 INFO tempest.lib.common.rest_client [req-abc2e624-78a5-47c0-aee4-8a07b0bddb58 req-abc2e624-78a5-47c0-aee4-8a07b0bddb58 ] Request (ServersAdminTestJSON:test_create_server_with_scheduling_hint): 202 POST http://10.180.1.21/compute/v2.1/servers 1.863s
2025-03-25 18:34:01.020 69172 INFO tempest.lib.common.rest_client [req-d3b031a9-f12c-4d6f-b4aa-b3a1e8dbe060 req-d3b031a9-f12c-4d6f-b4aa-b3a1e8dbe060 ] Request (KeyPairsV22TestJSON:test_keypairs_create_list_delete): 201 POST http://10.180.1.21/compute/v2.1/os-keypairs 1.432s
2025-03-25 18:34:01.037 69162 INFO tempest.lib.common.rest_client [req-c6ca0397-3442-41ff-9268-a86df3b73a32 req-c6ca0397-3442-41ff-9268-a86df3b73a32 ] Request (SecurityGroupRulesNegativeTestJSON:_run_cleanups): 202 DELETE http://10.180.1.21/compute/v2.1/os-security-group-rules/b1b3bc5d-48da-42ef-8573-fc209fc2f115 1.500s
2025-03-25 18:34:01.101 69210 INFO tempest.lib.common.rest_client [req-d835ed59-5fb5-4697-a3d8-3b31b15e794e req-d835ed59-5fb5-4697-a3d8-3b31b15e794e ] Request (DeleteServersAdminTestJSON:test_admin_delete_servers_of_others): 200 GET http://10.180.1.21/compute/v2.1/servers/5ebcefb7-7726-44fd-a9da-1454cbb39bd7 1.487s
2025-03-25 18:34:01.114 69186 INFO tempest.lib.common.rest_client [req-fb6e25e3-de3e-4b74-8a8f-97b2755f03b9 req-fb6e25e3-de3e-4b74-8a8f-97b2755f03b9 ] Request (ServersAaction247Test:test_create_backup): 200 GET http://10.180.1.21/compute/v2.1/servers/8edd2a87-1a90-43ea-a0fa-c285caa89226 1.386s
2025-03-25 18:34:01.140 69152 INFO tempest.lib.common.rest_client [req-3404cdac-67f6-49c6-871a-b7830092a3a9 req-3404cdac-67f6-49c6-871a-b7830092a3a9 ] Request (ServersTestManualDisk:setUpClass): 201 POST http://10.180.1.21:9696/networking/v2.0/networks 0.571s
2025-03-25 18:34:01.168 69176 INFO tempest.lib.common.rest_client [req-12f62670-f00e-4503-a653-545077757965 req-12f62670-f00e-4503-a653-545077757965 ] Request (ServerExternalEventsTest:test_create_server_external_events): 200 GET http://10.180.1.21/compute/v2.1/servers/72cad1ac-44b8-4d90-bfde-7078e2ffd0e1 1.393s
2025-03-25 18:34:01.178 69190 INFO tempest.lib.common.rest_client [req-db80b7b0-1e5c-4c35-925e-1410901a65ce req-db80b7b0-1e5c-4c35-925e-1410901a65ce ] Request (ServersV294TestFqdnHostnames:setUpClass): 200 GET http://10.180.1.21/compute/v2.1/servers/e8defb77-1526-4962-9612-f7299492b53b 1.314s
2025-03-25 18:34:01.196 69194 INFO tempest.lib.common.rest_client [req-ecf11c26-03bd-469b-8f60-56b6924c8a80 req-ecf11c26-03bd-469b-8f60-56b6924c8a80 ] Request (FlavorsV2TestJSON:test_list_flavors_detailed_using_marker): 200 GET http://10.180.1.21/compute/v2.1/flavors/42 1.264s
2025-03-25 18:34:01.211 69171 INFO tempest.lib.common.rest_client [req-cc02e8e3-f88e-482a-9cc6-c8dc155f237f req-cc02e8e3-f88e-482a-9cc6-c8dc155f237f ] Request (ImagesMetadataTestJSON:test_set_image_metadata_item): 200 GET http://10.180.1.21/compute/v2.1/images/7265c0e1-1669-484e-bf25-df0d76900165/metadata 1.301s
2025-03-25 18:34:01.234 69214 INFO tempest.lib.common.rest_client [req-2118e1ee-865f-47fe-bc6c-23cd634e910a req-2118e1ee-865f-47fe-bc6c-23cd634e910a ] Request (KeyPairsNegativeTestJSON:test_keypair_create_with_invalid_pub_key): 400 POST http://10.180.1.21/compute/v2.1/os-keypairs 1.277s
2025-03-25 18:34:01.240 69166 INFO tempest.lib.common.rest_client [req-12dcff10-e020-43d5-a3fb-f9dd3010a251 req-12dcff10-e020-43d5-a3fb-f9dd3010a251 ] Request (KeyPairsV2TestJSON:test_keypair_create_with_pub_key): 200 POST http://10.180.1.21/compute/v2.1/os-keypairs 1.291s
2025-03-25 18:34:01.362 69202 INFO tempest.lib.common.rest_client [req-e0c012c6-8768-42b2-a840-24a954d46f77 req-e0c012c6-8768-42b2-a840-24a954d46f77 ] Request (ServerRescueNegativeTestJSON:setUpClass): 200 GET http://10.180.1.21/compute/v2.1/servers/423efc1e-c007-42d0-bf18-269b075ccff2 1.150s
2025-03-25 18:34:01.392 69208 INFO tempest.lib.common.rest_client [req-e1f17848-722e-4d23-822e-645aa75f11d5 req-e1f17848-722e-4d23-822e-645aa75f11d5 ] Request (FlavorsAccessNegativeTestJSON:_run_cleanups): 200 GET http://10.180.1.21/compute/v2.1/flavors/detail 0.883s
2025-03-25 18:34:01.399 69152 INFO tempest.lib.common.rest_client [req-8db605f9-6d1f-4e88-98a0-89d01fb22061 req-8db605f9-6d1f-4e88-98a0-89d01fb22061 ] Request (ServersTestManualDisk:setUpClass): 201 POST http://10.180.1.21:9696/networking/v2.0/subnets 0.259s
2025-03-25 18:34:01.416 69156 INFO tempest.lib.common.rest_client [req-55a7aa44-b38d-4302-81ec-a3fbc1f4c556 req-55a7aa44-b38d-4302-81ec-a3fbc1f4c556 ] Request (ServersNegativeTestJSON:setUpClass): 201 POST http://10.180.1.21:9696/networking/v2.0/routers 1.395s
2025-03-25 18:34:01.444 69158 INFO tempest.lib.common.rest_client [req-acc64f66-10c4-4198-b30b-d81ac637fb04 req-acc64f66-10c4-4198-b30b-d81ac637fb04 ] Request (QuotasAdminTestV236:test_get_updated_quotas): 200 PUT http://10.180.1.21/compute/v2.1/os-quota-sets/b5043923fc1d497f9e4e74e1f5aa3567?user_id=f09996cd794b4b8b93fa309235ed25be 1.390s
2025-03-25 18:34:01.465 69174 INFO tempest.lib.common.rest_client [req-2842d17d-4c51-4773-8e9d-7a568bdd65c4 req-2842d17d-4c51-4773-8e9d-7a568bdd65c4 ] Request (ImagesNegativeTestJSON:test_create_image_from_deleted_server): 200 GET http://10.180.1.21/compute/v2.1/servers/03a157f6-051b-40f3-89e6-3b24db7d7c61 0.954s
2025-03-25 18:34:01.489 69208 INFO tempest.lib.common.rest_client [req-66ca71c5-09d5-4b78-a69c-79d32df6c61b req-66ca71c5-09d5-4b78-a69c-79d32df6c61b ] Request (FlavorsAccessNegativeTestJSON:tearDownClass): 204 DELETE http://10.180.1.21/identity/v3/users/fcd68cbc91c24acc94c9f50b4bf6746b 0.087s
2025-03-25 18:34:01.495 69188 INFO tempest.lib.common.rest_client [req-fc1d21b1-fac6-4966-879c-3d9a65c7a500 req-fc1d21b1-fac6-4966-879c-3d9a65c7a500 ] Request (AggregatesAdminNegativeTestJSON:_run_cleanups): 200 DELETE http://10.180.1.21/compute/v2.1/os-aggregates/6 0.911s
2025-03-25 18:34:01.511 69168 INFO tempest.lib.common.rest_client [req-b0c0265b-537a-48a5-bf30-708514728ebb req-b0c0265b-537a-48a5-bf30-708514728ebb ] Request (ServerAddressesTestJSON:tearDownClass): 200 GET http://10.180.1.21/compute/v2.1/servers/30a5da31-76c4-4500-9875-211849ef9c6a 0.928s
2025-03-25 18:34:01.586 69164 INFO tempest.lib.common.rest_client [req-19ff1b74-91be-432f-b48e-fc0174401891 req-19ff1b74-91be-432f-b48e-fc0174401891 ] Request (ServerDiagnosticsNegativeTest:tearDownClass): 200 GET http://10.180.1.21/compute/v2.1/servers/41fc595a-191d-48fb-94bf-67212e8f5699 0.910s
2025-03-25 18:34:01.586 69200 INFO tempest.lib.common.rest_client [req-9468e3b5-415e-4367-8dc1-b41a37df614f req-9468e3b5-415e-4367-8dc1-b41a37df614f ] Request (ServersWithSpecificFlavorTestJSON:test_verify_created_server_ephemeral_disk): 200 GET http://10.180.1.21/compute/v2.1/servers/b40e7bdb-cc27-4536-bc35-68184c900060 0.910s
2025-03-25 18:34:01.588 69208 INFO tempest.lib.common.rest_client [req-28b868ee-0d33-42ed-a614-9526e725b757 req-28b868ee-0d33-42ed-a614-9526e725b757 ] Request (FlavorsAccessNegativeTestJSON:tearDownClass): 204 DELETE http://10.180.1.21/identity/v3/users/c449f8393b644e6eb8bd408b921ff170 0.099s
2025-03-25 18:34:01.665 69204 INFO tempest.lib.common.rest_client [req-185aae98-2f11-459f-85e4-e392ee812f09 req-185aae98-2f11-459f-85e4-e392ee812f09 ] Request (ServersAdminTestJSON:test_create_server_with_scheduling_hint): 200 GET http://10.180.1.21/compute/v2.1/servers/7eae8370-b95c-4263-a671-a6032ade221d 0.676s
2025-03-25 18:34:01.672 69154 INFO tempest.lib.common.rest_client [req-134a42f3-cc4b-4709-9f2e-d8cbcedde60d req-134a42f3-cc4b-4709-9f2e-d8cbcedde60d ] Request (ServerDiskConfigTestJSON:test_rebuild_server_with_auto_disk_config): 200 GET http://10.180.1.21/compute/v2.1/servers/f80f943b-e912-4b1d-a2d2-0d42c7f61e0c 0.920s
2025-03-25 18:34:01.678 69172 INFO tempest.lib.common.rest_client [req-254c2a5b-d673-43eb-9dae-18ee3ebad1e6 req-254c2a5b-d673-43eb-9dae-18ee3ebad1e6 ] Request (KeyPairsV22TestJSON:test_keypairs_create_list_delete): 200 GET http://10.180.1.21/compute/v2.1/os-keypairs 0.655s
2025-03-25 18:34:01.686 69208 INFO tempest.lib.common.rest_client [req-6d6da476-d19d-4f65-9b07-61b667bcd594 req-6d6da476-d19d-4f65-9b07-61b667bcd594 ] Request (FlavorsAccessNegativeTestJSON:tearDownClass): 204 DELETE http://10.180.1.21/identity/v3/users/b9948401eee24b3badd68e0b1577224d 0.097s
2025-03-25 18:34:01.687 69208 INFO tempest.lib.common.dynamic_creds [-] Deleting project and security group for project: 6c42dae0430a4f7c9f8152a55f4d6d17
2025-03-25 18:34:01.741 69160 INFO tempest.lib.common.rest_client [req-784b8ff8-b020-4a2b-8382-4a13f770edd4 req-784b8ff8-b020-4a2b-8382-4a13f770edd4 ] Request (FloatingIPsAssociationNegativeTestJSON:setUpClass): 200 GET http://10.180.1.21/compute/v2.1/servers/cdff230c-2bdf-4bd9-91c0-139f7fafccc3 0.694s
2025-03-25 18:34:01.757 69208 INFO tempest.lib.common.rest_client [req-97f328d1-0f86-4154-a8bc-bf1257702577 req-97f328d1-0f86-4154-a8bc-bf1257702577 ] Request (FlavorsAccessNegativeTestJSON:tearDownClass): 201 POST http://10.180.1.21/identity/v3/auth/tokens 0.070s
2025-03-25 18:34:01.819 69182 INFO tempest.lib.common.rest_client [req-4e7adb2d-e063-42ab-af4f-0301e68b8ba4 req-4e7adb2d-e063-42ab-af4f-0301e68b8ba4 ] Request (TenantUsagesTestJSON:tearDownClass): 200 GET http://10.180.1.21/compute/v2.1/servers/e5210410-3725-4dea-902d-9fcc2a4bc9e5 0.663s
2025-03-25 18:34:01.859 69194 INFO tempest.lib.common.rest_client [req-06e083ad-ddf4-4b57-90d3-f7b1b7c2c50b req-06e083ad-ddf4-4b57-90d3-f7b1b7c2c50b ] Request (FlavorsV2TestJSON:test_list_flavors_detailed_using_marker): 200 GET http://10.180.1.21/compute/v2.1/flavors/detail?marker=42 0.660s
2025-03-25 18:34:01.892 69162 INFO tempest.lib.common.rest_client [req-47f765de-eadb-42fc-86ae-d94c589d94ee req-47f765de-eadb-42fc-86ae-d94c589d94ee ] Request (SecurityGroupRulesNegativeTestJSON:test_create_security_group_rule_with_invalid_from_port): 200 POST http://10.180.1.21/compute/v2.1/os-security-groups 0.854s
2025-03-25 18:34:01.908 69214 INFO tempest.lib.common.rest_client [req-cc3c339f-2802-45b8-b92c-d75d0bc833b9 req-cc3c339f-2802-45b8-b92c-d75d0bc833b9 ] Request (KeyPairsNegativeTestJSON:test_keypair_delete_nonexistent_key): 404 DELETE http://10.180.1.21/compute/v2.1/os-keypairs/tempest-keypair-non-existent-1171902911 0.671s
2025-03-25 18:34:01.929 69166 INFO tempest.lib.common.rest_client [req-7cf8e17f-3e3d-41bd-b088-841fab2d2f53 req-7cf8e17f-3e3d-41bd-b088-841fab2d2f53 ] Request (KeyPairsV2TestJSON:_run_cleanups): 202 DELETE http://10.180.1.21/compute/v2.1/os-keypairs/tempest-keypair-1374107819 0.687s
2025-03-25 18:34:02.023 69214 INFO tempest.lib.common.rest_client [req-9be718d5-a4d7-4a97-a0ab-70509fad244d req-9be718d5-a4d7-4a97-a0ab-70509fad244d ] Request (KeyPairsNegativeTestJSON:tearDownClass): 204 DELETE http://10.180.1.21/identity/v3/users/def80f476ebf48d8adac3d2b634c3fba 0.107s
2025-03-25 18:34:02.023 69214 INFO tempest.lib.common.dynamic_creds [-] Deleting project and security group for project: 0d15c0351ce9483ca38f3627bca0682d
2025-03-25 18:34:02.096 69171 INFO tempest.lib.common.rest_client [req-08224497-024e-4505-ba5c-0a2e202c438c req-08224497-024e-4505-ba5c-0a2e202c438c ] Request (ImagesMetadataTestJSON:setUp): 200 PUT http://10.180.1.21/compute/v2.1/images/7265c0e1-1669-484e-bf25-df0d76900165/metadata 0.883s
2025-03-25 18:34:02.110 69214 INFO tempest.lib.common.rest_client [req-f849b1b9-1d43-454e-b1af-1b143cc27972 req-f849b1b9-1d43-454e-b1af-1b143cc27972 ] Request (KeyPairsNegativeTestJSON:tearDownClass): 201 POST http://10.180.1.21/identity/v3/auth/tokens 0.086s
2025-03-25 18:34:02.129 69208 INFO tempest.lib.common.rest_client [req-993f449c-afb5-4ddb-87ec-f899d0dc0404 req-993f449c-afb5-4ddb-87ec-f899d0dc0404 ] Request (FlavorsAccessNegativeTestJSON:tearDownClass): 200 GET http://10.180.1.21:9696/networking/v2.0/security-groups?tenant_id=6c42dae0430a4f7c9f8152a55f4d6d17&name=default 0.372s
2025-03-25 18:34:02.186 69198 INFO tempest.lib.common.rest_client [req-577d5811-9545-4fd3-95ee-9ff8e19bca59 req-577d5811-9545-4fd3-95ee-9ff8e19bca59 ] Request (MigrationsAdminTest:test_list_migrations_in_flavor_resize_situation): 200 GET http://10.180.1.21/compute/v2.1/servers/ff3f81eb-8599-47e0-a5a8-26f21ea70fc5 0.919s
2025-03-25 18:34:02.192 69206 INFO tempest.lib.common.rest_client [req-83d51d63-33ce-45f7-a26f-d3321cb78ff7 req-83d51d63-33ce-45f7-a26f-d3321cb78ff7 ] Request (FloatingIPsAssociationTestJSON:test_associate_already_associated_floating_ip): 200 GET http://10.180.1.21/compute/v2.1/servers/0a3ec5b2-43c5-49ae-ad46-c2a67581ff73 0.916s
2025-03-25 18:34:02.203 69188 INFO tempest.lib.common.rest_client [req-1f4671d7-f1ec-42ce-8814-14a721c042b9 req-1f4671d7-f1ec-42ce-8814-14a721c042b9 ] Request (AggregatesAdminNegativeTestJSON:test_aggregate_get_details_with_invalid_id): 404 GET http://10.180.1.21/compute/v2.1/os-aggregates/-1 0.706s
2025-03-25 18:34:02.362 69158 INFO tempest.lib.common.rest_client [req-4b0cb7ef-7880-4305-8449-3b17ba962d06 req-4b0cb7ef-7880-4305-8449-3b17ba962d06 ] Request (QuotasAdminTestV236:test_get_updated_quotas): 200 GET http://10.180.1.21/compute/v2.1/os-quota-sets/b5043923fc1d497f9e4e74e1f5aa3567?user_id=f09996cd794b4b8b93fa309235ed25be 0.917s
2025-03-25 18:34:02.402 69208 INFO tempest.lib.common.rest_client [req-efc6ab13-aacc-4da4-add8-e60bcdc44082 req-efc6ab13-aacc-4da4-add8-e60bcdc44082 ] Request (FlavorsAccessNegativeTestJSON:tearDownClass): 204 DELETE http://10.180.1.21:9696/networking/v2.0/security-groups/1874ae6c-18dc-4747-976e-678241e75eb8 0.269s
2025-03-25 18:34:02.403 69178 INFO tempest.lib.common.rest_client [req-2294b64a-fb4c-4386-ace4-8ebcbd90eb4f req-2294b64a-fb4c-4386-ace4-8ebcbd90eb4f ] Request (VolumesAssistedSnapshotsTest:test_volume_assisted_snapshot_create_delete): 200 GET http://10.180.1.21/compute/v2.1/servers/53a0d5d8-8049-427e-8beb-685a275a09f0 0.905s
2025-03-25 18:34:02.410 69178 INFO tempest.common.waiters [-] State transition "BUILD/block_device_mapping" ==> "BUILD/spawning" after 19 second wait
2025-03-25 18:34:02.420 69172 INFO tempest.lib.common.rest_client [req-066978e1-e8d4-4f62-9d40-98bfa1b58fd3 req-066978e1-e8d4-4f62-9d40-98bfa1b58fd3 ] Request (KeyPairsV22TestJSON:_run_cleanups): 204 DELETE http://10.180.1.21/compute/v2.1/os-keypairs/tempest-KeyPairsV22TestJSON-keypair-883683742 0.740s
2025-03-25 18:34:02.436 69194 INFO tempest.lib.common.rest_client [req-5922e2b8-afe1-4107-88cb-511559a145ce req-5922e2b8-afe1-4107-88cb-511559a145ce ] Request (FlavorsV2TestJSON:test_list_flavors_filter_by_min_disk): 200 GET http://10.180.1.21/compute/v2.1/flavors/42 0.569s
2025-03-25 18:34:02.466 69212 INFO tempest.lib.common.rest_client [req-e526f9f1-85dd-486d-9ef8-e4e6d3700d8d req-e526f9f1-85dd-486d-9ef8-e4e6d3700d8d ] Request (ServerGroup264TestJSON:setUpClass): 200 PUT http://10.180.1.21:9696/networking/v2.0/routers/d6c401a5-1534-4d32-a181-9c6b66a7196e/add_router_interface 1.750s
2025-03-25 18:34:02.466 69212 INFO tempest.lib.common.dynamic_creds [-] Created isolated network resources for: credentials: Credentials: {'domain_id': 'default', 'domain_name': 'Default', 'username': 'tempest-ServerGroup264TestJSON-1241372035-project-member', 'project_domain_id': 'default', 'project_domain_name': 'Default', 'project_id': '657e7ce16838406b9369ad6ff7819fe9', 'project_name': 'tempest-ServerGroup264TestJSON-1241372035', 'tenant_id': '657e7ce16838406b9369ad6ff7819fe9', 'tenant_name': 'tempest-ServerGroup264TestJSON-1241372035', 'user_domain_id': 'default', 'user_domain_name': 'Default', 'user_id': '9ba524e03cb245ddb671ec5de2564934', 'system': None}, Network: {'id': 'ff17af95-ef2f-4314-b1e2-95e81b37eef2', 'name': 'tempest-ServerGroup264TestJSON-1884719027-network', 'tenant_id': '657e7ce16838406b9369ad6ff7819fe9', 'admin_state_up': True, 'mtu': 8950, 'status': 'ACTIVE', 'subnets': [], 'shared': False, 'project_id': '657e7ce16838406b9369ad6ff7819fe9', 'port_security_enabled': True, 'router:external': False, 'provider:network_type': 'vlan', 'provider:physical_network': 'default', 'provider:segmentation_id': 443, 'availability_zone_hints': [], 'availability_zones': [], 'ipv4_address_scope': None, 'ipv6_address_scope': None, 'description': '', 'tags': [], 'created_at': '2025-03-25T18:33:59Z', 'updated_at': '2025-03-25T18:33:59Z', 'revision_number': 1}, Subnet: {'id': 'dfbff48c-d703-48fe-9b22-f417fc80c0dc', 'name': 'tempest-ServerGroup264TestJSON-1884719027-subnet', 'tenant_id': '657e7ce16838406b9369ad6ff7819fe9', 'network_id': 'ff17af95-ef2f-4314-b1e2-95e81b37eef2', 'ip_version': 4, 'subnetpool_id': None, 'enable_dhcp': True, 'ipv6_ra_mode': None, 'ipv6_address_mode': None, 'gateway_ip': '192.168.128.1', 'cidr': '192.168.128.0/28', 'allocation_pools': [{'start': '192.168.128.2', 'end': '192.168.128.14'}], 'host_routes': [], 'dns_nameservers': [], 'description': '', 'router:external': False, 'service_types': [], 'tags': [], 'created_at': '2025-03-25T18:33:59Z', 'updated_at': '2025-03-25T18:33:59Z', 'revision_number': 0, 'project_id': '657e7ce16838406b9369ad6ff7819fe9'}, Router: {'id': 'd6c401a5-1534-4d32-a181-9c6b66a7196e', 'name': 'tempest-ServerGroup264TestJSON-1884719027-router', 'tenant_id': '657e7ce16838406b9369ad6ff7819fe9', 'admin_state_up': True, 'status': 'ACTIVE', 'external_gateway_info': {'network_id': 'f1f5d0b1-2bf8-477e-a142-32e3af7ac3ad', 'external_fixed_ips': [{'subnet_id': '01c3bb82-19e4-4750-bb0a-823355c64845', 'ip_address': '10.180.180.131'}], 'enable_snat': True}, 'description': '', 'availability_zones': [], 'distributed': False, 'ha': False, 'availability_zone_hints': [], 'routes': [], 'flavor_id': None, 'tags': [], 'created_at': '2025-03-25T18:34:00Z', 'updated_at': '2025-03-25T18:34:00Z', 'revision_number': 2, 'project_id': '657e7ce16838406b9369ad6ff7819fe9'}
2025-03-25 18:34:02.488 69192 INFO tempest.lib.common.rest_client [req-11afb65c-5141-41b1-ba58-8424afcbffb9 req-11afb65c-5141-41b1-ba58-8424afcbffb9 ] Request (ServerTagsTestJSON:setUpClass): 200 GET http://10.180.1.21/compute/v2.1/servers/35f1fcb9-985b-4bac-8dc3-e0787f43de54 0.892s
2025-03-25 18:34:02.521 69214 INFO tempest.lib.common.rest_client [req-07112ad0-1e67-4546-988d-8503db0d8c69 req-07112ad0-1e67-4546-988d-8503db0d8c69 ] Request (KeyPairsNegativeTestJSON:tearDownClass): 200 GET http://10.180.1.21:9696/networking/v2.0/security-groups?tenant_id=0d15c0351ce9483ca38f3627bca0682d&name=default 0.411s
2025-03-25 18:34:02.536 69166 INFO tempest.lib.common.rest_client [req-1ab2361e-8f44-4a22-a800-f7749e45068a req-1ab2361e-8f44-4a22-a800-f7749e45068a ] Request (KeyPairsV2TestJSON:test_keypairs_create_list_delete): 200 POST http://10.180.1.21/compute/v2.1/os-keypairs 0.604s
2025-03-25 18:34:02.540 69162 INFO tempest.lib.common.rest_client [req-59d3722e-d383-474d-b84d-0ee3996c34a0 req-59d3722e-d383-474d-b84d-0ee3996c34a0 ] Request (SecurityGroupRulesNegativeTestJSON:test_create_security_group_rule_with_invalid_from_port): 400 POST http://10.180.1.21/compute/v2.1/os-security-group-rules 0.641s
2025-03-25 18:34:02.545 69158 INFO tempest.lib.common.rest_client [req-81e041ce-cc5a-428a-a695-b46092b5e9a8 req-81e041ce-cc5a-428a-a695-b46092b5e9a8 ] Request (QuotasAdminTestV236:_run_cleanups): 204 DELETE http://10.180.1.21/identity/v3/users/f09996cd794b4b8b93fa309235ed25be 0.180s
2025-03-25 18:34:02.555 69208 INFO tempest.lib.common.rest_client [req-4ff9f198-4b7c-41b3-8ef0-18d72b3a5a68 req-4ff9f198-4b7c-41b3-8ef0-18d72b3a5a68 ] Request (FlavorsAccessNegativeTestJSON:tearDownClass): 204 DELETE http://10.180.1.21/identity/v3/projects/6c42dae0430a4f7c9f8152a55f4d6d17 0.152s
2025-03-25 18:34:02.555 69208 INFO tempest.lib.common.dynamic_creds [-] Deleting project and security group for project: cd0a5b4693ce4f03a616cd06ce89bf5e
2025-03-25 18:34:02.653 69212 INFO tempest.lib.common.rest_client [req-02c1a2f0-dda8-487b-b7a7-c7f1420d3c6e req-02c1a2f0-dda8-487b-b7a7-c7f1420d3c6e ] Request (ServerGroup264TestJSON:setUpClass): 201 POST http://10.180.1.21/identity/v3/auth/tokens 0.181s
2025-03-25 18:34:02.664 69210 INFO tempest.lib.common.rest_client [req-34bcda43-2291-4c3b-a897-42defc1f8122 req-34bcda43-2291-4c3b-a897-42defc1f8122 ] Request (DeleteServersAdminTestJSON:test_admin_delete_servers_of_others): 200 GET http://10.180.1.21/compute/v2.1/servers/5ebcefb7-7726-44fd-a9da-1454cbb39bd7 0.551s
2025-03-25 18:34:02.726 69214 INFO tempest.lib.common.rest_client [req-2fd955bd-ed6d-4c07-bc28-21171b8e4e5d req-2fd955bd-ed6d-4c07-bc28-21171b8e4e5d ] Request (KeyPairsNegativeTestJSON:tearDownClass): 204 DELETE http://10.180.1.21:9696/networking/v2.0/security-groups/8299ce03-8610-4f02-88d1-e162462583df 0.204s
2025-03-25 18:34:02.765 69186 INFO tempest.lib.common.rest_client [req-23275215-c5b8-451e-95cc-b901f2f8a554 req-23275215-c5b8-451e-95cc-b901f2f8a554 ] Request (ServersAaction247Test:test_create_backup): 200 GET http://10.180.1.21/compute/v2.1/servers/8edd2a87-1a90-43ea-a0fa-c285caa89226 0.640s
2025-03-25 18:34:02.770 69152 INFO tempest.lib.common.rest_client [req-40fa9eaa-cbcd-45aa-8455-8f9f4b0c9cbf req-40fa9eaa-cbcd-45aa-8455-8f9f4b0c9cbf ] Request (ServersTestManualDisk:setUpClass): 201 POST http://10.180.1.21:9696/networking/v2.0/routers 1.370s
2025-03-25 18:34:02.804 69158 INFO tempest.lib.common.rest_client [req-2e256a76-acbe-4da1-afd7-a171524b64b3 req-2e256a76-acbe-4da1-afd7-a171524b64b3 ] Request (QuotasAdminTestV236:_run_cleanups): 204 DELETE http://10.180.1.21/identity/v3/projects/b5043923fc1d497f9e4e74e1f5aa3567 0.254s
2025-03-25 18:34:02.866 69176 INFO tempest.lib.common.rest_client [req-6c5f36d1-b9b7-4410-864d-79325bc05be1 req-6c5f36d1-b9b7-4410-864d-79325bc05be1 ] Request (ServerExternalEventsTest:test_create_server_external_events): 200 GET http://10.180.1.21/compute/v2.1/servers/72cad1ac-44b8-4d90-bfde-7078e2ffd0e1 0.685s
2025-03-25 18:34:02.883 69176 INFO tempest.common.waiters [-] State transition "BUILD/None" ==> "BUILD/block_device_mapping" after 18 second wait
2025-03-25 18:34:02.898 69171 INFO tempest.lib.common.rest_client [req-3ccdf685-2a9d-48e7-80a4-78979af478a7 req-3ccdf685-2a9d-48e7-80a4-78979af478a7 ] Request (ImagesMetadataTestJSON:test_update_image_metadata): 200 POST http://10.180.1.21/compute/v2.1/images/7265c0e1-1669-484e-bf25-df0d76900165/metadata 0.800s
2025-03-25 18:34:02.914 69188 INFO tempest.lib.common.rest_client [req-9922ac51-3305-4b73-826d-f26c9925d9c4 req-9922ac51-3305-4b73-826d-f26c9925d9c4 ] Request (AggregatesAdminNegativeTestJSON:test_aggregate_list_as_user): 403 GET http://10.180.1.21/compute/v2.1/os-aggregates 0.707s
2025-03-25 18:34:02.915 69214 INFO tempest.lib.common.rest_client [req-2d5eac28-0a12-4da7-9af4-172af3e720c5 req-2d5eac28-0a12-4da7-9af4-172af3e720c5 ] Request (KeyPairsNegativeTestJSON:tearDownClass): 204 DELETE http://10.180.1.21/identity/v3/projects/0d15c0351ce9483ca38f3627bca0682d 0.188s
2025-03-25 18:34:02.949 69158 INFO tempest.lib.common.rest_client [req-af769e7b-57fa-471f-890a-e88d1f7dd490 req-af769e7b-57fa-471f-890a-e88d1f7dd490 ] Request (QuotasAdminTestV236:tearDownClass): 204 DELETE http://10.180.1.21/identity/v3/users/d6a0508f713c4c61bbf61680756b128b 0.144s
2025-03-25 18:34:02.970 69208 INFO tempest.lib.common.rest_client [req-9e8ae817-8a90-4df7-86ea-2a84ca47959e req-9e8ae817-8a90-4df7-86ea-2a84ca47959e ] Request (FlavorsAccessNegativeTestJSON:tearDownClass): 200 GET http://10.180.1.21:9696/networking/v2.0/security-groups?tenant_id=cd0a5b4693ce4f03a616cd06ce89bf5e&name=default 0.414s
2025-03-25 18:34:02.999 69190 INFO tempest.lib.common.rest_client [req-d2a0f148-8592-4ad5-8fdb-12778f87512e req-d2a0f148-8592-4ad5-8fdb-12778f87512e ] Request (ServersV294TestFqdnHostnames:setUpClass): 200 GET http://10.180.1.21/compute/v2.1/servers/e8defb77-1526-4962-9612-f7299492b53b 0.810s
2025-03-25 18:34:03.125 69208 INFO tempest.lib.common.rest_client [req-c091a3d9-9a7c-40bb-b79e-e43e890e6cf4 req-c091a3d9-9a7c-40bb-b79e-e43e890e6cf4 ] Request (FlavorsAccessNegativeTestJSON:tearDownClass): 204 DELETE http://10.180.1.21:9696/networking/v2.0/security-groups/9f334be7-1c94-4d78-8970-536423c80cce 0.154s
2025-03-25 18:34:03.156 69158 INFO tempest.lib.common.rest_client [req-fd0db0d2-6c6a-4716-9d1e-c195b0df438a req-fd0db0d2-6c6a-4716-9d1e-c195b0df438a ] Request (QuotasAdminTestV236:tearDownClass): 204 DELETE http://10.180.1.21/identity/v3/users/81825a15ebcf460ab1ddbe820bc8dbb1 0.206s
2025-03-25 18:34:03.156 69158 INFO tempest.lib.common.dynamic_creds [-] Deleting project and security group for project: c416a29a4fe1421c987a47f2aa5bb163
2025-03-25 18:34:03.163 69184 WARNING tempest.lib.common.ssh [-] Failed to establish authenticated ssh connection to cirros@10.180.180.226 ([Errno None] Unable to connect to port 22 on 10.180.180.226). Number attempts: 2. Retry after 3 seconds.: paramiko.ssh_exception.NoValidConnectionsError: [Errno None] Unable to connect to port 22 on 10.180.180.226
2025-03-25 18:34:03.218 69158 INFO tempest.lib.common.rest_client [req-de671f9b-b813-4f73-9c1c-6e7d3e5c2a2c req-de671f9b-b813-4f73-9c1c-6e7d3e5c2a2c ] Request (QuotasAdminTestV236:tearDownClass): 201 POST http://10.180.1.21/identity/v3/auth/tokens 0.061s
2025-03-25 18:34:03.269 69202 INFO tempest.lib.common.rest_client [req-3682fb0f-405c-4930-88e9-e0d23e607387 req-3682fb0f-405c-4930-88e9-e0d23e607387 ] Request (ServerRescueNegativeTestJSON:setUpClass): 200 GET http://10.180.1.21/compute/v2.1/servers/423efc1e-c007-42d0-bf18-269b075ccff2 0.895s
2025-03-25 18:34:03.279 69208 INFO tempest.lib.common.rest_client [req-77d97e69-098e-42a1-a19c-948eec7e943a req-77d97e69-098e-42a1-a19c-948eec7e943a ] Request (FlavorsAccessNegativeTestJSON:tearDownClass): 204 DELETE http://10.180.1.21/identity/v3/projects/cd0a5b4693ce4f03a616cd06ce89bf5e 0.153s
2025-03-25 18:34:03.279 69208 INFO tempest.lib.common.dynamic_creds [-] Deleting project and security group for project: 0125f540df1547c9bd212122a58e50fb
2025-03-25 18:34:03.280 69202 INFO tempest.common.waiters [-] State transition "BUILD/spawning" ==> "ACTIVE/None" after 22 second wait
2025-03-25 18:34:03.294 69172 INFO tempest.lib.common.rest_client [req-7f727b88-3385-4b94-8a9a-e1e8210ff7f2 req-7f727b88-3385-4b94-8a9a-e1e8210ff7f2 ] Request (KeyPairsV22TestJSON:_run_cleanups): 204 DELETE http://10.180.1.21/compute/v2.1/os-keypairs/tempest-KeyPairsV22TestJSON-keypair-2077319000 0.874s
2025-03-25 18:34:03.315 69194 INFO tempest.lib.common.rest_client [req-d5d3f130-448f-4daf-9883-1a675fe9ee63 req-d5d3f130-448f-4daf-9883-1a675fe9ee63 ] Request (FlavorsV2TestJSON:test_list_flavors_filter_by_min_disk): 200 GET http://10.180.1.21/compute/v2.1/flavors?minDisk=2 0.876s
2025-03-25 18:34:03.389 69174 INFO tempest.lib.common.rest_client [req-097c1f85-357f-40cb-8824-139240fc5541 req-097c1f85-357f-40cb-8824-139240fc5541 ] Request (ImagesNegativeTestJSON:test_create_image_from_deleted_server): 200 GET http://10.180.1.21/compute/v2.1/servers/03a157f6-051b-40f3-89e6-3b24db7d7c61 0.910s
2025-03-25 18:34:03.463 69180 INFO tempest.lib.common.rest_client [req-420d9a59-2271-4cf7-9da3-dbe2776f49cd req-420d9a59-2271-4cf7-9da3-dbe2776f49cd ] Request (ServerDiagnosticsV248Test:test_get_server_diagnostics): 200 GET http://10.180.1.21/compute/v2.1/servers/295e1d0c-892d-444d-8461-d6d964eee4ff/diagnostics 1.145s
2025-03-25 18:34:03.471 69168 INFO tempest.lib.common.rest_client [req-8926c3e5-7c3a-4b7b-869d-76591a4264dd req-8926c3e5-7c3a-4b7b-869d-76591a4264dd ] Request (ServerAddressesTestJSON:tearDownClass): 200 GET http://10.180.1.21/compute/v2.1/servers/30a5da31-76c4-4500-9875-211849ef9c6a 0.947s
2025-03-25 18:34:03.473 69162 INFO tempest.lib.common.rest_client [req-fb89a95f-e001-4deb-961b-23500c7ed9b5 req-fb89a95f-e001-4deb-961b-23500c7ed9b5 ] Request (SecurityGroupRulesNegativeTestJSON:test_create_security_group_rule_with_invalid_id): 400 POST http://10.180.1.21/compute/v2.1/os-security-group-rules 0.932s
2025-03-25 18:34:03.485 69208 INFO tempest.lib.common.rest_client [req-8032ddd9-2420-4221-ac71-197abaeddc47 req-8032ddd9-2420-4221-ac71-197abaeddc47 ] Request (FlavorsAccessNegativeTestJSON:tearDownClass): 200 GET http://10.180.1.21:9696/networking/v2.0/security-groups?tenant_id=0125f540df1547c9bd212122a58e50fb&name=default 0.206s
2025-03-25 18:34:03.512 69166 INFO tempest.lib.common.rest_client [req-f2c55709-86c3-492e-bf54-b7e98ceb7f98 req-f2c55709-86c3-492e-bf54-b7e98ceb7f98 ] Request (KeyPairsV2TestJSON:test_keypairs_create_list_delete): 200 POST http://10.180.1.21/compute/v2.1/os-keypairs 0.969s
2025-03-25 18:34:03.587 69164 INFO tempest.lib.common.rest_client [req-3da100c7-180b-44fc-bd24-440a832b1632 req-3da100c7-180b-44fc-bd24-440a832b1632 ] Request (ServerDiagnosticsNegativeTest:tearDownClass): 200 GET http://10.180.1.21/compute/v2.1/servers/41fc595a-191d-48fb-94bf-67212e8f5699 0.989s
2025-03-25 18:34:03.602 69200 INFO tempest.lib.common.rest_client [req-a4c2e1c4-9714-42b7-bbef-9e16d0ff3856 req-a4c2e1c4-9714-42b7-bbef-9e16d0ff3856 ] Request (ServersWithSpecificFlavorTestJSON:test_verify_created_server_ephemeral_disk): 200 GET http://10.180.1.21/compute/v2.1/servers/b40e7bdb-cc27-4536-bc35-68184c900060 0.998s
2025-03-25 18:34:03.611 69156 INFO tempest.lib.common.rest_client [req-f2f99c85-bc64-48f8-8551-1e370c0f6a73 req-f2f99c85-bc64-48f8-8551-1e370c0f6a73 ] Request (ServersNegativeTestJSON:setUpClass): 200 PUT http://10.180.1.21:9696/networking/v2.0/routers/f086b688-635c-4aab-b15a-e182d763adea/add_router_interface 2.194s
