2025-03-11 14:08:55.119 69645 INFO tempest.lib.common.rest_client [req-cf1aceea-329e-4a09-8588-8bd28aeb7313 req-cf1aceea-329e-4a09-8588-8bd28aeb7313 ] Request (FlavorsAccessNegativeTestJSON:test_add_flavor_access_duplicate): 409 POST http://10.180.1.21/compute/v2.1/flavors/183135866/action 1.554s
2025-03-11 14:08:55.145 69617 INFO tempest.lib.common.rest_client [req-c95c6dbe-4244-44e6-a2da-31eee30db2e5 req-c95c6dbe-4244-44e6-a2da-31eee30db2e5 ] Request (AZAdminNegativeTestJSON:test_get_availability_zone_list_detail_with_non_admin_user): 403 GET http://10.180.1.21/compute/v2.1/os-availability-zone/detail 1.413s
2025-03-11 14:08:55.153 69637 INFO tempest.lib.common.rest_client [req-751152cf-0b94-4919-84a1-b037caf71b97 req-751152cf-0b94-4919-84a1-b037caf71b97 ] Request (VolumesAdminNegativeTest:setUpClass): 201 POST http://10.180.1.21:9696/networking/v2.0/subnets 0.187s
2025-03-11 14:08:55.219 69627 INFO tempest.lib.common.rest_client [req-096860c5-35a3-45ae-b4b1-dbcb5f0a67b8 req-096860c5-35a3-45ae-b4b1-dbcb5f0a67b8 ] Request (InstanceActionsTestJSON:setUpClass): 201 POST http://10.180.1.21:9696/networking/v2.0/networks 0.445s
2025-03-11 14:08:55.232 69639 INFO tempest.lib.common.rest_client [req-eec0edec-7b13-4224-99a2-aae0474277ff req-eec0edec-7b13-4224-99a2-aae0474277ff ] Request (FlavorMetadataValidation:test_flavor_update_with_custom_namespace): 200 POST http://10.180.1.21/compute/v2.1/flavors 1.471s
2025-03-11 14:08:55.294 69641 INFO tempest.lib.common.rest_client [req-d4b689b0-60f9-46c9-897d-56b891b9cde3 req-d4b689b0-60f9-46c9-897d-56b891b9cde3 ] Request (QuotasAdminTestV236:test_get_updated_quotas): 200 PUT http://10.180.1.21/compute/v2.1/os-quota-sets/07b3ebc743ab4b74a88361dfa2afaef3 1.509s
2025-03-11 14:08:55.294 69629 INFO tempest.lib.common.rest_client [req-696a9d0c-f2b8-41bc-8051-56d5e3885d93 req-696a9d0c-f2b8-41bc-8051-56d5e3885d93 ] Request (ServersWithSpecificFlavorTestJSON:setUpClass): 201 POST http://10.180.1.21:9696/networking/v2.0/subnets 0.409s
2025-03-11 14:08:55.326 69617 INFO tempest.lib.common.rest_client [req-324af618-454c-4659-8006-31c23d1227d1 req-324af618-454c-4659-8006-31c23d1227d1 ] Request (AZAdminNegativeTestJSON:tearDownClass): 204 DELETE http://10.180.1.21/identity/v3/users/3f586b4cd26547c6895f9e472d238d3e 0.174s
2025-03-11 14:08:55.336 69635 INFO tempest.lib.common.rest_client [req-3addc189-227d-4348-9058-5c0a94fb50f4 req-3addc189-227d-4348-9058-5c0a94fb50f4 ] Request (VolumesAssistedSnapshotsTest:setUpClass): 201 POST http://10.180.1.21:9696/networking/v2.0/subnets 0.418s
2025-03-11 14:08:55.410 69659 INFO tempest.lib.common.rest_client [req-00466482-262d-4838-9980-a00b7df31cb6 req-00466482-262d-4838-9980-a00b7df31cb6 ] Request (FlavorsAccessTestJSON:test_flavor_access_add_remove): 200 POST http://10.180.1.21/compute/v2.1/flavors 1.552s
2025-03-11 14:08:55.422 69617 INFO tempest.lib.common.rest_client [req-1d35727d-774e-4549-a1d7-346ef8a2ef16 req-1d35727d-774e-4549-a1d7-346ef8a2ef16 ] Request (AZAdminNegativeTestJSON:tearDownClass): 204 DELETE http://10.180.1.21/identity/v3/users/dd192342da084c4db1cce4f17e075f98 0.095s
2025-03-11 14:08:55.422 69617 INFO tempest.lib.common.dynamic_creds [-] Deleting project and security group for project: 629e83fe657f4776a612360159a67252
2025-03-11 14:08:55.445 69679 INFO tempest.lib.common.rest_client [req-ccf03347-9ea8-4a00-97ba-7705f999436f req-ccf03347-9ea8-4a00-97ba-7705f999436f ] Request (NetworksTest:test_get_network): 200 GET http://10.180.1.21/compute/v2.1/os-networks 1.615s
2025-03-11 14:08:55.474 69617 INFO tempest.lib.common.rest_client [req-1d175b67-1ed3-46ed-9e66-4d74808fc7b5 req-1d175b67-1ed3-46ed-9e66-4d74808fc7b5 ] Request (AZAdminNegativeTestJSON:tearDownClass): 201 POST http://10.180.1.21/identity/v3/auth/tokens 0.052s
2025-03-11 14:08:55.516 69623 INFO tempest.lib.common.rest_client [req-94ade049-09b2-4f3a-969d-cd940e6f06e9 req-94ade049-09b2-4f3a-969d-cd940e6f06e9 ] Request (HypervisorAdminV228Test:test_get_list_hypervisor_details): 200 GET http://10.180.1.21/compute/v2.1/os-hypervisors 1.607s
2025-03-11 14:08:55.573 69657 INFO tempest.lib.common.rest_client [req-81507919-35f2-4cad-9f71-2df47a625e8b req-81507919-35f2-4cad-9f71-2df47a625e8b ] Request (InstanceUsageAuditLogTestJSON:test_get_instance_usage_audit_log): 200 GET http://10.180.1.21/compute/v2.1/os-instance_usage_audit_log/2025-03-11%2014%3A08%3A53 1.653s
2025-03-11 14:08:55.632 69621 INFO tempest.lib.common.rest_client [req-78f0f25c-9c69-44d2-baad-2070ea7a85af req-78f0f25c-9c69-44d2-baad-2070ea7a85af ] Request (FlavorsAdminTestJSON:test_create_flavor_using_string_ram): 200 POST http://10.180.1.21/compute/v2.1/flavors 1.662s
2025-03-11 14:08:55.659 69669 INFO tempest.lib.common.rest_client [req-418f4e6c-9eac-4bbe-a7a1-192deb92087a req-418f4e6c-9eac-4bbe-a7a1-192deb92087a ] Request (HypervisorAdminNegativeUnderV252Test:test_search_hypervisor_with_non_admin_user): 200 GET http://10.180.1.21/compute/v2.1/os-hypervisors 1.605s
2025-03-11 14:08:55.713 69673 INFO tempest.lib.common.rest_client [req-31f678fc-f74f-4b08-9b31-cc49031f6fa9 req-31f678fc-f74f-4b08-9b31-cc49031f6fa9 ] Request (FlavorsExtraSpecsNegativeTestJSON:setUpClass): 200 POST http://10.180.1.21/compute/v2.1/flavors 1.599s
2025-03-11 14:08:55.731 69617 INFO tempest.lib.common.rest_client [req-509ae392-b1a6-45ec-926a-408893d46043 req-509ae392-b1a6-45ec-926a-408893d46043 ] Request (AZAdminNegativeTestJSON:tearDownClass): 200 GET http://10.180.1.21:9696/networking/v2.0/security-groups?tenant_id=629e83fe657f4776a612360159a67252&name=default 0.256s
2025-03-11 14:08:55.755 69627 INFO tempest.lib.common.rest_client [req-389f2e47-ae26-48d0-a23f-8becba73cec8 req-389f2e47-ae26-48d0-a23f-8becba73cec8 ] Request (InstanceActionsTestJSON:setUpClass): 201 POST http://10.180.1.21:9696/networking/v2.0/subnets 0.535s
2025-03-11 14:08:55.769 69633 INFO tempest.lib.common.rest_client [req-cfc697c0-d87e-4517-9af9-19f031fa70ac req-cfc697c0-d87e-4517-9af9-19f031fa70ac ] Request (QuotasAdminNegativeTest:test_create_server_when_cpu_quota_is_full): 200 GET http://10.180.1.21/compute/v2.1/os-quota-sets/d6ef14dc6ee04d709d3937d3331c2965 1.613s
2025-03-11 14:08:55.793 69655 INFO tempest.lib.common.rest_client [req-291aeb3b-d58b-40f3-8d21-46f6f69c0fd4 req-291aeb3b-d58b-40f3-8d21-46f6f69c0fd4 ] Request (FlavorsExtraSpecsTestJSON:test_flavor_non_admin_get_all_keys): 200 POST http://10.180.1.21/compute/v2.1/flavors/606909598/os-extra_specs 1.474s
2025-03-11 14:08:55.866 69617 INFO tempest.lib.common.rest_client [req-4a79a21a-00ea-4eaa-b151-bf86b5df22d4 req-4a79a21a-00ea-4eaa-b151-bf86b5df22d4 ] Request (AZAdminNegativeTestJSON:tearDownClass): 204 DELETE http://10.180.1.21:9696/networking/v2.0/security-groups/39319e0e-96b4-41f1-b395-d92b15d0e6be 0.135s
2025-03-11 14:08:55.932 69617 INFO tempest.lib.common.rest_client [req-293f76cc-9722-4f2c-9730-5d8deef16ea6 req-293f76cc-9722-4f2c-9730-5d8deef16ea6 ] Request (AZAdminNegativeTestJSON:tearDownClass): 204 DELETE http://10.180.1.21/identity/v3/projects/629e83fe657f4776a612360159a67252 0.065s
2025-03-11 14:08:55.932 69617 INFO tempest.lib.common.dynamic_creds [-] Deleting project and security group for project: f333467bcf3c487ebabbd46aeab60e0c
2025-03-11 14:08:55.937 69675 INFO tempest.lib.common.rest_client [req-8d7d65e3-faf2-4f6c-ac17-ea0454b67c76 req-8d7d65e3-faf2-4f6c-ac17-ea0454b67c76 ] Request (ServersAdmin275Test:test_rebuild_update_server_275): 202 POST http://10.180.1.21/compute/v2.1/servers 1.768s
2025-03-11 14:08:55.959 69649 INFO tempest.lib.common.rest_client [req-05e77784-7d9c-4104-af1c-51e706459748 req-05e77784-7d9c-4104-af1c-51e706459748 ] Request (ServerDiagnosticsV248Test:test_get_server_diagnostics): 202 POST http://10.180.1.21/compute/v2.1/servers 1.583s
2025-03-11 14:08:55.991 69663 INFO tempest.lib.common.rest_client [req-bedd72ca-71e4-485b-a2ac-dc078760a7ff req-bedd72ca-71e4-485b-a2ac-dc078760a7ff ] Request (AggregatesAdminNegativeTestJSON:test_aggregate_add_existent_host): 200 POST http://10.180.1.21/compute/v2.1/os-aggregates 1.243s
2025-03-11 14:08:55.998 69651 INFO tempest.lib.common.rest_client [req-24336e0a-6d5b-462f-a640-3f9bdff66ccd req-24336e0a-6d5b-462f-a640-3f9bdff66ccd ] Request (HypervisorAdminNegativeTestJSON:test_get_hypervisor_list_with_non_admin_user): 403 GET http://10.180.1.21/compute/v2.1/os-hypervisors 1.145s
2025-03-11 14:08:56.022 69631 INFO tempest.lib.common.rest_client [req-644a4746-cf53-431b-9d08-58c061b4e442 req-644a4746-cf53-431b-9d08-58c061b4e442 ] Request (MigrationsAdminTest:test_list_migrations_in_flavor_resize_situation): 200 GET http://10.180.1.21/compute/v2.1/servers/b38c80c7-3686-4e96-853f-24fb8643ce0a 1.444s
2025-03-11 14:08:56.051 69661 INFO tempest.lib.common.rest_client [req-7e88ce61-7b74-4d56-a8f4-84bf802a8cee req-7e88ce61-7b74-4d56-a8f4-84bf802a8cee ] Request (AZAdminV2TestJSON:test_get_availability_zone_list_detail): 200 GET http://10.180.1.21/compute/v2.1/os-availability-zone/detail 1.106s
2025-03-11 14:08:56.059 69643 INFO tempest.lib.common.rest_client [req-b17a54f0-7900-41da-b3d4-311d1486339a req-b17a54f0-7900-41da-b3d4-311d1486339a ] Request (ServerDiagnosticsNegativeTest:test_get_server_diagnostics_by_non_admin): 200 GET http://10.180.1.21/compute/v2.1/servers/a4c9aa55-b4db-42e7-ab90-26bb66af6167 1.196s
2025-03-11 14:08:56.067 69643 INFO tempest.common.waiters [-] State transition "BUILD/scheduling" ==> "BUILD/None" after 3 second wait
2025-03-11 14:08:56.115 69637 INFO tempest.lib.common.rest_client [req-c13c1ecc-a1f9-4b71-84c3-9225ffd1a4f6 req-c13c1ecc-a1f9-4b71-84c3-9225ffd1a4f6 ] Request (VolumesAdminNegativeTest:setUpClass): 201 POST http://10.180.1.21:9696/networking/v2.0/routers 0.961s
2025-03-11 14:08:56.149 69677 INFO tempest.lib.common.rest_client [req-d617f1e8-c3e2-4fa3-9b92-339962b70906 req-d617f1e8-c3e2-4fa3-9b92-339962b70906 ] Request (DeleteServersAdminTestJSON:test_admin_delete_servers_of_others): 200 GET http://10.180.1.21/compute/v2.1/servers/498fb00b-18b5-457f-92eb-61e5f9b3fc9d 1.202s
2025-03-11 14:08:56.154 69617 INFO tempest.lib.common.rest_client [req-ee11e0d1-4401-43af-97ff-b8949353d6cb req-ee11e0d1-4401-43af-97ff-b8949353d6cb ] Request (AZAdminNegativeTestJSON:tearDownClass): 200 GET http://10.180.1.21:9696/networking/v2.0/security-groups?tenant_id=f333467bcf3c487ebabbd46aeab60e0c&name=default 0.221s
2025-03-11 14:08:56.158 69677 INFO tempest.common.waiters [-] State transition "BUILD/scheduling" ==> "BUILD/None" after 3 second wait
2025-03-11 14:08:56.179 69661 INFO tempest.lib.common.rest_client [req-520cb953-2f8d-4009-bbb5-686f44f5bb51 req-520cb953-2f8d-4009-bbb5-686f44f5bb51 ] Request (AZAdminV2TestJSON:tearDownClass): 204 DELETE http://10.180.1.21/identity/v3/users/9ee28439b2754751a64a16f2210858e5 0.123s
2025-03-11 14:08:56.277 69661 INFO tempest.lib.common.rest_client [req-171cdb83-3594-494e-bba1-a46366f38c95 req-171cdb83-3594-494e-bba1-a46366f38c95 ] Request (AZAdminV2TestJSON:tearDownClass): 204 DELETE http://10.180.1.21/identity/v3/users/bb3e3a5fc273417d9446bee002edf360 0.097s
2025-03-11 14:08:56.277 69661 INFO tempest.lib.common.dynamic_creds [-] Deleting project and security group for project: 5e244633e83d4b4597c9713b50460954
2025-03-11 14:08:56.287 69665 INFO tempest.lib.common.rest_client [req-dcc80d8a-31e0-4a5e-ade3-01cf21e3c6f8 req-dcc80d8a-31e0-4a5e-ade3-01cf21e3c6f8 ] Request (InstanceUsageAuditLogNegativeTestJSON:test_instance_usage_audit_logs_with_nonadmin_user): 403 GET http://10.180.1.21/compute/v2.1/os-instance_usage_audit_log 1.261s
2025-03-11 14:08:56.344 69661 INFO tempest.lib.common.rest_client [req-19bfe86c-9997-436a-836f-bbcd1b0d7330 req-19bfe86c-9997-436a-836f-bbcd1b0d7330 ] Request (AZAdminV2TestJSON:tearDownClass): 201 POST http://10.180.1.21/identity/v3/auth/tokens 0.066s
2025-03-11 14:08:56.401 69617 INFO tempest.lib.common.rest_client [req-7b87b34c-c737-4b92-a723-1c30d09d801f req-7b87b34c-c737-4b92-a723-1c30d09d801f ] Request (AZAdminNegativeTestJSON:tearDownClass): 204 DELETE http://10.180.1.21:9696/networking/v2.0/security-groups/3f7f6e15-ffd0-490d-80c1-964fd6848e0d 0.247s
2025-03-11 14:08:56.421 69667 INFO tempest.lib.common.rest_client [req-57c5134c-da02-4ce6-b0d9-b1dcf658d480 req-57c5134c-da02-4ce6-b0d9-b1dcf658d480 ] Request (FlavorsV261TestJSON:test_crud_flavor): 200 GET http://10.180.1.21/compute/v2.1/flavors/1104390776 1.390s
2025-03-11 14:08:56.448 69647 INFO tempest.lib.common.rest_client [req-9b727153-1920-4355-bebd-f8edaf0ae631 req-9b727153-1920-4355-bebd-f8edaf0ae631 ] Request (HypervisorAdminV253TestBase:test_list_show_detail_hypervisors): 200 GET http://10.180.1.21/compute/v2.1/os-hypervisors/9303ec18-10b6-441c-809f-b9cc7d664453 1.362s
2025-03-11 14:08:56.475 69617 INFO tempest.lib.common.rest_client [req-4ef05576-6b6c-44ad-8e2d-595373002dbf req-4ef05576-6b6c-44ad-8e2d-595373002dbf ] Request (AZAdminNegativeTestJSON:tearDownClass): 204 DELETE http://10.180.1.21/identity/v3/projects/f333467bcf3c487ebabbd46aeab60e0c 0.074s
2025-03-11 14:08:56.573 69647 INFO tempest.lib.common.rest_client [req-82b6d218-9137-41a8-83b0-00166e7f43b3 req-82b6d218-9137-41a8-83b0-00166e7f43b3 ] Request (HypervisorAdminV253TestBase:tearDownClass): 204 DELETE http://10.180.1.21/identity/v3/users/5bc42f5b85404985845b393f371febed 0.113s
2025-03-11 14:08:56.621 69645 INFO tempest.lib.common.rest_client [req-cfa66135-590c-4220-abbf-7f4201ce25ab req-cfa66135-590c-4220-abbf-7f4201ce25ab ] Request (FlavorsAccessNegativeTestJSON:_run_cleanups): 200 POST http://10.180.1.21/compute/v2.1/flavors/183135866/action 1.501s
2025-03-11 14:08:56.625 69617 INFO tempest.lib.common.rest_client [req-da9cd362-7659-479b-a3a9-f65e6c3d3847 req-da9cd362-7659-479b-a3a9-f65e6c3d3847 ] Request (ServersAdminTestJSON:setUpClass): 201 POST http://10.180.1.21/identity/v3/auth/tokens 0.148s
2025-03-11 14:08:56.658 69617 INFO tempest.lib.common.rest_client [req-2f71b634-82f6-49f2-9a89-cbebe16371a7 req-2f71b634-82f6-49f2-9a89-cbebe16371a7 ] Request (ServersAdminTestJSON:setUpClass): 201 POST http://10.180.1.21/identity/v3/auth/tokens 0.030s
2025-03-11 14:08:56.680 69617 INFO tempest.lib.common.rest_client [req-b139b6ef-798d-49c5-b45e-806242738384 req-b139b6ef-798d-49c5-b45e-806242738384 ] Request (ServersAdminTestJSON:setUpClass): 200 GET http://10.180.1.21/identity/v3/domains?name=Default 0.022s
2025-03-11 14:08:56.700 69647 INFO tempest.lib.common.rest_client [req-beb36d3e-ae9c-47f1-8c36-8b0c519d3819 req-beb36d3e-ae9c-47f1-8c36-8b0c519d3819 ] Request (HypervisorAdminV253TestBase:tearDownClass): 204 DELETE http://10.180.1.21/identity/v3/users/14e899c427b643cfb8416efc4dd46bed 0.127s
2025-03-11 14:08:56.701 69647 INFO tempest.lib.common.dynamic_creds [-] Deleting project and security group for project: 500bea2e8f4c4c47939813dc957a7076
2025-03-11 14:08:56.716 69639 INFO tempest.lib.common.rest_client [req-d2f93e81-027b-44af-a96b-9e3063096bbe req-d2f93e81-027b-44af-a96b-9e3063096bbe ] Request (FlavorMetadataValidation:test_flavor_update_with_custom_namespace): 200 POST http://10.180.1.21/compute/v2.1/flavors/1915275068/os-extra_specs 1.481s
2025-03-11 14:08:56.742 69617 INFO tempest.lib.common.rest_client [req-173fc109-bcb7-48a3-be59-b8bc379ad485 req-173fc109-bcb7-48a3-be59-b8bc379ad485 ] Request (ServersAdminTestJSON:setUpClass): 201 POST http://10.180.1.21/identity/v3/projects 0.061s
2025-03-11 14:08:56.765 69647 INFO tempest.lib.common.rest_client [req-5f788443-60dd-4ddc-b939-c3cabe53a9dd req-5f788443-60dd-4ddc-b939-c3cabe53a9dd ] Request (HypervisorAdminV253TestBase:tearDownClass): 201 POST http://10.180.1.21/identity/v3/auth/tokens 0.064s
2025-03-11 14:08:56.784 69625 INFO tempest.lib.common.rest_client [req-9687f755-75f8-470d-9091-5f7aa9242d79 req-9687f755-75f8-470d-9091-5f7aa9242d79 ] Request (FloatingIPsTestJSON:test_delete_floating_ip): 200 POST http://10.180.1.21/compute/v2.1/os-floating-ips 1.828s
2025-03-11 14:08:56.802 69617 INFO tempest.lib.common.rest_client [req-dbdb8592-cb05-4b60-afab-e7b53bef7fc2 req-dbdb8592-cb05-4b60-afab-e7b53bef7fc2 ] Request (ServersAdminTestJSON:setUpClass): 201 POST http://10.180.1.21/identity/v3/users 0.059s
2025-03-11 14:08:56.868 69617 INFO tempest.lib.common.rest_client [req-82872458-d93b-445b-80cf-4c9de67c9cb4 req-82872458-d93b-445b-80cf-4c9de67c9cb4 ] Request (ServersAdminTestJSON:setUpClass): 200 GET http://10.180.1.21/identity/v3/roles 0.065s
2025-03-11 14:08:56.921 69641 INFO tempest.lib.common.rest_client [req-3994433d-b667-47d3-81f6-2df92df51a38 req-3994433d-b667-47d3-81f6-2df92df51a38 ] Request (QuotasAdminTestV236:test_get_updated_quotas): 200 GET http://10.180.1.21/compute/v2.1/os-quota-sets/07b3ebc743ab4b74a88361dfa2afaef3/detail 1.623s
2025-03-11 14:08:56.932 69617 INFO tempest.lib.common.rest_client [req-5cf98fcc-8711-4676-8c93-3ff318cf0c88 req-5cf98fcc-8711-4676-8c93-3ff318cf0c88 ] Request (ServersAdminTestJSON:setUpClass): 204 PUT http://10.180.1.21/identity/v3/projects/3ab49c7f79b84fa18455933e561c0145/users/32998671241e442ab09975465012193d/roles/aa55d1a75ea94b2e81549290782e6f84 0.063s
2025-03-11 14:08:56.932 69617 INFO tempest.lib.common.dynamic_creds [-] Dynamic test user 32998671241e442ab09975465012193d is created with scope project and roles: ['member']
2025-03-11 14:08:56.933 69617 INFO tempest.lib.common.dynamic_creds [-] Acquired dynamic creds: credentials: Credentials: {'domain_id': 'default', 'domain_name': 'Default', 'username': 'tempest-ServersAdminTestJSON-33347308-project-member', 'project_domain_id': 'default', 'project_domain_name': 'Default', 'project_id': '3ab49c7f79b84fa18455933e561c0145', 'project_name': 'tempest-ServersAdminTestJSON-33347308', 'tenant_id': '3ab49c7f79b84fa18455933e561c0145', 'tenant_name': 'tempest-ServersAdminTestJSON-33347308', 'user_domain_id': 'default', 'user_domain_name': 'Default', 'user_id': '32998671241e442ab09975465012193d', 'system': None}, Network: None, Subnet: None, Router: None
2025-03-11 14:08:56.956 69647 INFO tempest.lib.common.rest_client [req-54996612-7e8c-4efa-a789-fdb54d84b32c req-54996612-7e8c-4efa-a789-fdb54d84b32c ] Request (HypervisorAdminV253TestBase:tearDownClass): 200 GET http://10.180.1.21:9696/networking/v2.0/security-groups?tenant_id=500bea2e8f4c4c47939813dc957a7076&name=default 0.187s
2025-03-11 14:08:56.979 69641 INFO tempest.lib.common.rest_client [req-d3955f20-8280-4bb4-bc60-6ac163ea8c61 req-d3955f20-8280-4bb4-bc60-6ac163ea8c61 ] Request (QuotasAdminTestV236:test_get_updated_quotas): 200 GET http://10.180.1.21/identity/v3/domains?name=Default 0.052s
2025-03-11 14:08:56.983 69679 INFO tempest.lib.common.rest_client [req-02c3a57d-823a-4532-850e-6896deadeb97 req-02c3a57d-823a-4532-850e-6896deadeb97 ] Request (NetworksTest:test_get_network): 200 GET http://10.180.1.21/compute/v2.1/os-networks/607b45ef-82a9-4868-ac2f-1bb9e0947fab 1.537s
2025-03-11 14:08:56.985 69661 INFO tempest.lib.common.rest_client [req-f7e66f00-05ac-442c-94b5-af2cffa42f42 req-f7e66f00-05ac-442c-94b5-af2cffa42f42 ] Request (AZAdminV2TestJSON:tearDownClass): 200 GET http://10.180.1.21:9696/networking/v2.0/security-groups?tenant_id=5e244633e83d4b4597c9713b50460954&name=default 0.641s
2025-03-11 14:08:57.016 69623 INFO tempest.lib.common.rest_client [req-4d28ca76-5819-42e9-8105-09c063da9a52 req-4d28ca76-5819-42e9-8105-09c063da9a52 ] Request (HypervisorAdminV228Test:test_get_list_hypervisor_details): 200 GET http://10.180.1.21/compute/v2.1/os-hypervisors/1 1.499s
2025-03-11 14:08:57.021 69659 INFO tempest.lib.common.rest_client [req-fa0641fb-231b-4eda-a63c-b69e6e162b7b req-fa0641fb-231b-4eda-a63c-b69e6e162b7b ] Request (FlavorsAccessTestJSON:test_flavor_access_add_remove): 200 POST http://10.180.1.21/compute/v2.1/flavors/607884083/action 1.607s
2025-03-11 14:08:57.032 69641 INFO tempest.lib.common.rest_client [req-d98cf9d7-df6e-446b-980f-159d5c233c3c req-d98cf9d7-df6e-446b-980f-159d5c233c3c ] Request (QuotasAdminTestV236:test_get_updated_quotas): 201 POST http://10.180.1.21/identity/v3/users 0.053s
2025-03-11 14:08:57.033 69657 INFO tempest.lib.common.rest_client [req-e4a7f536-e82b-4b07-af64-531467e8e6fd req-e4a7f536-e82b-4b07-af64-531467e8e6fd ] Request (InstanceUsageAuditLogTestJSON:test_list_instance_usage_audit_logs): 200 GET http://10.180.1.21/compute/v2.1/os-instance_usage_audit_log 1.452s
2025-03-11 14:08:57.048 69621 INFO tempest.lib.common.rest_client [req-8e62deb5-6292-4fc8-88bd-7f7122a57763 req-8e62deb5-6292-4fc8-88bd-7f7122a57763 ] Request (FlavorsAdminTestJSON:_run_cleanups): 202 DELETE http://10.180.1.21/compute/v2.1/flavors/1009702152 1.413s
2025-03-11 14:08:57.051 69617 INFO tempest.lib.common.rest_client [req-0bfc2971-9442-4a8b-90ca-d4822dd9da8a req-0bfc2971-9442-4a8b-90ca-d4822dd9da8a ] Request (ServersAdminTestJSON:setUpClass): 201 POST http://10.180.1.21/identity/v3/auth/tokens 0.117s
2025-03-11 14:08:57.072 69641 INFO tempest.lib.common.rest_client [req-e0c7fe08-6aa7-4744-8108-8c7dcf8646c9 req-e0c7fe08-6aa7-4744-8108-8c7dcf8646c9 ] Request (QuotasAdminTestV236:test_get_updated_quotas): 200 GET http://10.180.1.21/identity/v3/domains?name=Default 0.039s
2025-03-11 14:08:57.081 69647 INFO tempest.lib.common.rest_client [req-c6276885-c8c4-4ec9-800c-c15aadbf5f18 req-c6276885-c8c4-4ec9-800c-c15aadbf5f18 ] Request (HypervisorAdminV253TestBase:tearDownClass): 204 DELETE http://10.180.1.21:9696/networking/v2.0/security-groups/b681be7c-0dc6-49e3-babb-b7075650d42a 0.125s
2025-03-11 14:08:57.106 69661 INFO tempest.lib.common.rest_client [req-fce03ab4-0d6a-4e1d-998b-4fa35c7e711c req-fce03ab4-0d6a-4e1d-998b-4fa35c7e711c ] Request (AZAdminV2TestJSON:tearDownClass): 204 DELETE http://10.180.1.21:9696/networking/v2.0/security-groups/b0150d5c-4f4f-4a1d-adf2-a346c929d3e3 0.120s
2025-03-11 14:08:57.153 69623 INFO tempest.lib.common.rest_client [req-7087c664-3803-4c34-a0c3-5c1b50db8484 req-7087c664-3803-4c34-a0c3-5c1b50db8484 ] Request (HypervisorAdminV228Test:tearDownClass): 204 DELETE http://10.180.1.21/identity/v3/users/4fef4c60f97e40efa5ff376d50736317 0.126s
2025-03-11 14:08:57.157 69669 INFO tempest.lib.common.rest_client [req-7a412a42-5c58-439f-88db-e7f1424e3da8 req-7a412a42-5c58-439f-88db-e7f1424e3da8 ] Request (HypervisorAdminNegativeUnderV252Test:test_search_hypervisor_with_non_admin_user): 403 GET http://10.180.1.21/compute/v2.1/os-hypervisors/domain-c8.fc996f14-c53b-4953-92e3-bdfa48f5cc28/search 1.497s
2025-03-11 14:08:57.252 69673 INFO tempest.lib.common.rest_client [req-e6412775-366f-4968-84e6-ae5c5e36ddb6 req-e6412775-366f-4968-84e6-ae5c5e36ddb6 ] Request (FlavorsExtraSpecsNegativeTestJSON:test_flavor_get_nonexistent_key): 404 GET http://10.180.1.21/compute/v2.1/flavors/1972120085/os-extra_specs/hw:cpu_thread_policy 1.536s
2025-03-11 14:08:57.253 69657 INFO tempest.lib.common.rest_client [req-cbee5d1d-78e0-43cc-b207-d31a77e8f689 req-cbee5d1d-78e0-43cc-b207-d31a77e8f689 ] Request (InstanceUsageAuditLogTestJSON:tearDownClass): 204 DELETE http://10.180.1.21/identity/v3/users/756f297ced084c22a93ddd9c2d864c88 0.215s
2025-03-11 14:08:57.332 69629 INFO tempest.lib.common.rest_client [req-465ab440-693e-45a3-b0f3-7f5a2eb11014 req-465ab440-693e-45a3-b0f3-7f5a2eb11014 ] Request (ServersWithSpecificFlavorTestJSON:setUpClass): 201 POST http://10.180.1.21:9696/networking/v2.0/routers 2.037s
2025-03-11 14:08:57.344 69647 INFO tempest.lib.common.rest_client [req-a5409728-4017-45a8-a2c0-30e7197886ce req-a5409728-4017-45a8-a2c0-30e7197886ce ] Request (HypervisorAdminV253TestBase:tearDownClass): 204 DELETE http://10.180.1.21/identity/v3/projects/500bea2e8f4c4c47939813dc957a7076 0.262s
2025-03-11 14:08:57.344 69647 INFO tempest.lib.common.dynamic_creds [-] Deleting project and security group for project: ca97cfb840f74469a1ae276b14a4fd40
2025-03-11 14:08:57.377 69635 INFO tempest.lib.common.rest_client [req-8335baf8-5726-464c-bb91-e07344a33a7d req-8335baf8-5726-464c-bb91-e07344a33a7d ] Request (VolumesAssistedSnapshotsTest:setUpClass): 201 POST http://10.180.1.21:9696/networking/v2.0/routers 2.040s
2025-03-11 14:08:57.426 69661 INFO tempest.lib.common.rest_client [req-429033ec-297c-4f6a-aa49-8bd28da41699 req-429033ec-297c-4f6a-aa49-8bd28da41699 ] Request (AZAdminV2TestJSON:tearDownClass): 204 DELETE http://10.180.1.21/identity/v3/projects/5e244633e83d4b4597c9713b50460954 0.318s
2025-03-11 14:08:57.426 69661 INFO tempest.lib.common.dynamic_creds [-] Deleting project and security group for project: 67b4e63a20d64bb8bda2ae68bd3e9ad6
2025-03-11 14:08:57.427 69623 INFO tempest.lib.common.rest_client [req-3df564a3-18aa-4abe-a874-8131d8225da3 req-3df564a3-18aa-4abe-a874-8131d8225da3 ] Request (HypervisorAdminV228Test:tearDownClass): 204 DELETE http://10.180.1.21/identity/v3/users/155709880d154cb987058fb8140a6f65 0.274s
2025-03-11 14:08:57.428 69623 INFO tempest.lib.common.dynamic_creds [-] Deleting project and security group for project: 6617af3b700b45baaa6ea5ca0cf0f52e
2025-03-11 14:08:57.516 69657 INFO tempest.lib.common.rest_client [req-c75a10c3-5322-405e-9533-54c90011baae req-c75a10c3-5322-405e-9533-54c90011baae ] Request (InstanceUsageAuditLogTestJSON:tearDownClass): 204 DELETE http://10.180.1.21/identity/v3/users/a15988b4b11c489191e7820d2d9ae0aa 0.262s
2025-03-11 14:08:57.516 69657 INFO tempest.lib.common.dynamic_creds [-] Deleting project and security group for project: 354d811da73148dfab201e1e887a15e0
2025-03-11 14:08:57.538 69655 INFO tempest.lib.common.rest_client [req-2a757471-42e0-4616-9fa0-f3149234d5b3 req-2a757471-42e0-4616-9fa0-f3149234d5b3 ] Request (FlavorsExtraSpecsTestJSON:test_flavor_non_admin_get_all_keys): 200 GET http://10.180.1.21/compute/v2.1/flavors/606909598/os-extra_specs 1.744s
2025-03-11 14:08:57.572 69623 INFO tempest.lib.common.rest_client [req-00b29f08-34c7-49e0-b890-1466c202cdfc req-00b29f08-34c7-49e0-b890-1466c202cdfc ] Request (HypervisorAdminV228Test:tearDownClass): 201 POST http://10.180.1.21/identity/v3/auth/tokens 0.144s
2025-03-11 14:08:57.598 69657 INFO tempest.lib.common.rest_client [req-fd07fcbd-b4da-40d5-bba3-2ca59bd12420 req-fd07fcbd-b4da-40d5-bba3-2ca59bd12420 ] Request (InstanceUsageAuditLogTestJSON:tearDownClass): 201 POST http://10.180.1.21/identity/v3/auth/tokens 0.081s
2025-03-11 14:08:57.663 69647 INFO tempest.lib.common.rest_client [req-c3838a8d-ec2c-4112-ba36-ddc9eb9ff8b7 req-c3838a8d-ec2c-4112-ba36-ddc9eb9ff8b7 ] Request (HypervisorAdminV253TestBase:tearDownClass): 200 GET http://10.180.1.21:9696/networking/v2.0/security-groups?tenant_id=ca97cfb840f74469a1ae276b14a4fd40&name=default 0.318s
2025-03-11 14:08:57.685 69675 INFO tempest.lib.common.rest_client [req-c1c7005e-53cc-40be-836b-14bc53a00221 req-c1c7005e-53cc-40be-836b-14bc53a00221 ] Request (ServersAdmin275Test:test_rebuild_update_server_275): 200 PUT http://10.180.1.21/compute/v2.1/servers/40bc1ca1-dcb3-4d03-8e57-290e21f30e93 1.747s
2025-03-11 14:08:57.691 69633 INFO tempest.lib.common.rest_client [req-f4e329f7-83fe-4fa8-a6dd-20c197b4c595 req-f4e329f7-83fe-4fa8-a6dd-20c197b4c595 ] Request (QuotasAdminNegativeTest:test_create_server_when_cpu_quota_is_full): 200 PUT http://10.180.1.21/compute/v2.1/os-quota-sets/d6ef14dc6ee04d709d3937d3331c2965 1.920s
2025-03-11 14:08:57.755 69633 INFO tempest.lib.common.rest_client [req-8b38c1ba-9ab9-4b1b-bb71-8a0c3a325768 req-8b38c1ba-9ab9-4b1b-bb71-8a0c3a325768 ] Request (QuotasAdminNegativeTest:test_create_server_when_cpu_quota_is_full): 201 POST http://10.180.1.21/identity/v3/auth/tokens 0.058s
2025-03-11 14:08:57.755 69633 INFO tempest.lib.common.fixed_network [-] (QuotasAdminNegativeTest:test_create_server_when_cpu_quota_is_full) Found network None available for tenant
2025-03-11 14:08:57.809 69661 INFO tempest.lib.common.rest_client [req-96e9f6a7-07d7-4ffb-ac9b-0f0bb154c845 req-96e9f6a7-07d7-4ffb-ac9b-0f0bb154c845 ] Request (AZAdminV2TestJSON:tearDownClass): 200 GET http://10.180.1.21:9696/networking/v2.0/security-groups?tenant_id=67b4e63a20d64bb8bda2ae68bd3e9ad6&name=default 0.382s
2025-03-11 14:08:57.854 69649 INFO tempest.lib.common.rest_client [req-1b796b1a-b83c-49e6-93ba-6f39cf658f14 req-1b796b1a-b83c-49e6-93ba-6f39cf658f14 ] Request (ServerDiagnosticsV248Test:test_get_server_diagnostics): 200 GET http://10.180.1.21/compute/v2.1/servers/81894aff-58d3-4d13-a743-643267fad2bf 1.892s
2025-03-11 14:08:57.857 69651 INFO tempest.lib.common.rest_client [req-d134387a-d66c-4dc3-a0ef-089b861dafdd req-d134387a-d66c-4dc3-a0ef-089b861dafdd ] Request (HypervisorAdminNegativeTestJSON:test_get_hypervisor_stats_with_non_admin_user): 403 GET http://10.180.1.21/compute/v2.1/os-hypervisors/statistics 1.858s
2025-03-11 14:08:57.866 69665 INFO tempest.lib.common.rest_client [req-2ddd5a87-2eff-4c14-9e9b-2c13859e19a0 req-2ddd5a87-2eff-4c14-9e9b-2c13859e19a0 ] Request (InstanceUsageAuditLogNegativeTestJSON:test_instance_usage_audit_logs_with_nonadmin_user): 403 GET http://10.180.1.21/compute/v2.1/os-instance_usage_audit_log/2025-03-11%2014%3A08%3A56 1.578s
2025-03-11 14:08:57.879 69627 INFO tempest.lib.common.rest_client [req-13dcbe96-2812-43b9-abbe-1a9dc2eb4c89 req-13dcbe96-2812-43b9-abbe-1a9dc2eb4c89 ] Request (InstanceActionsTestJSON:setUpClass): 201 POST http://10.180.1.21:9696/networking/v2.0/routers 2.124s
2025-03-11 14:08:57.894 69617 INFO tempest.lib.common.rest_client [req-2d715ffa-78c6-4b22-9760-50380968f040 req-2d715ffa-78c6-4b22-9760-50380968f040 ] Request (ServersAdminTestJSON:setUpClass): 201 POST http://10.180.1.21:9696/networking/v2.0/networks 0.842s
2025-03-11 14:08:57.905 69667 INFO tempest.lib.common.rest_client [req-c374f01f-1683-41c7-a330-f1c89dfa7707 req-c374f01f-1683-41c7-a330-f1c89dfa7707 ] Request (FlavorsV261TestJSON:test_crud_flavor): 200 PUT http://10.180.1.21/compute/v2.1/flavors/1104390776 1.481s
2025-03-11 14:08:57.924 69645 INFO tempest.lib.common.rest_client [req-5466a775-4796-4848-a57a-456139f4c4c4 req-5466a775-4796-4848-a57a-456139f4c4c4 ] Request (FlavorsAccessNegativeTestJSON:_run_cleanups): 202 DELETE http://10.180.1.21/compute/v2.1/flavors/183135866 1.301s
2025-03-11 14:08:57.937 69639 INFO tempest.lib.common.rest_client [req-b0b64cb7-44fc-4943-ae6e-6532dbf23b06 req-b0b64cb7-44fc-4943-ae6e-6532dbf23b06 ] Request (FlavorMetadataValidation:_run_cleanups): 202 DELETE http://10.180.1.21/compute/v2.1/flavors/1915275068 1.220s
2025-03-11 14:08:57.965 69665 INFO tempest.lib.common.rest_client [req-95b0e28a-5582-4e3f-bca7-703a819af981 req-95b0e28a-5582-4e3f-bca7-703a819af981 ] Request (InstanceUsageAuditLogNegativeTestJSON:tearDownClass): 204 DELETE http://10.180.1.21/identity/v3/users/d8332fa709094213a2d20ae1a0628f47 0.098s
2025-03-11 14:08:57.997 69663 INFO tempest.lib.common.rest_client [req-acc37260-0204-492b-affb-3ebf2c57584c req-acc37260-0204-492b-affb-3ebf2c57584c ] Request (AggregatesAdminNegativeTestJSON:test_aggregate_add_existent_host): 200 POST http://10.180.1.21/compute/v2.1/os-aggregates/1/action 2.004s
2025-03-11 14:08:58.054 69665 INFO tempest.lib.common.rest_client [req-8536db1e-b6aa-42ee-8a91-75cbf4c996b5 req-8536db1e-b6aa-42ee-8a91-75cbf4c996b5 ] Request (InstanceUsageAuditLogNegativeTestJSON:tearDownClass): 204 DELETE http://10.180.1.21/identity/v3/users/48bef52e55104a61894cf13e7cf867de 0.088s
2025-03-11 14:08:58.054 69665 INFO tempest.lib.common.dynamic_creds [-] Deleting project and security group for project: 5b10a5c2de454f1eb8dbcb4a0c26ab50
2025-03-11 14:08:58.118 69665 INFO tempest.lib.common.rest_client [req-9a6a181d-7724-4506-895c-c73fc03467aa req-9a6a181d-7724-4506-895c-c73fc03467aa ] Request (InstanceUsageAuditLogNegativeTestJSON:tearDownClass): 201 POST http://10.180.1.21/identity/v3/auth/tokens 0.064s
2025-03-11 14:08:58.118 69647 INFO tempest.lib.common.rest_client [req-76fa302f-59d5-465c-b12a-35eb452eda0d req-76fa302f-59d5-465c-b12a-35eb452eda0d ] Request (HypervisorAdminV253TestBase:tearDownClass): 204 DELETE http://10.180.1.21:9696/networking/v2.0/security-groups/d204ede3-3236-433e-9e0f-0ac02d24152b 0.455s
2025-03-11 14:08:58.123 69661 INFO tempest.lib.common.rest_client [req-d8ea1197-abed-4f52-9a59-944e266591f7 req-d8ea1197-abed-4f52-9a59-944e266591f7 ] Request (AZAdminV2TestJSON:tearDownClass): 204 DELETE http://10.180.1.21:9696/networking/v2.0/security-groups/0ee9a425-a4f7-4dc5-8142-8940a78d181c 0.314s
2025-03-11 14:08:58.187 69661 INFO tempest.lib.common.rest_client [req-a4820f73-25ed-46e9-9ae7-c6ff7b2b469c req-a4820f73-25ed-46e9-9ae7-c6ff7b2b469c ] Request (AZAdminV2TestJSON:tearDownClass): 204 DELETE http://10.180.1.21/identity/v3/projects/67b4e63a20d64bb8bda2ae68bd3e9ad6 0.063s
2025-03-11 14:08:58.190 69647 INFO tempest.lib.common.rest_client [req-b7a55ede-4624-40ea-9cd1-13ab707cddd1 req-b7a55ede-4624-40ea-9cd1-13ab707cddd1 ] Request (HypervisorAdminV253TestBase:tearDownClass): 204 DELETE http://10.180.1.21/identity/v3/projects/ca97cfb840f74469a1ae276b14a4fd40 0.071s
2025-03-11 14:08:58.191 69647 INFO tempest.test [-] raised in LiveAutoBlockMigrationV225Test.setUpClass. Invoking tearDownClass.
2025-03-11 14:08:58.235 69623 INFO tempest.lib.common.rest_client [req-d6d27e0c-d70d-4bee-95f7-f0b178d54955 req-d6d27e0c-d70d-4bee-95f7-f0b178d54955 ] Request (HypervisorAdminV228Test:tearDownClass): 200 GET http://10.180.1.21:9696/networking/v2.0/security-groups?tenant_id=6617af3b700b45baaa6ea5ca0cf0f52e&name=default 0.662s
2025-03-11 14:08:58.237 69657 INFO tempest.lib.common.rest_client [req-9ab2897b-ff50-44f5-a4f6-13fd39a39172 req-9ab2897b-ff50-44f5-a4f6-13fd39a39172 ] Request (InstanceUsageAuditLogTestJSON:tearDownClass): 200 GET http://10.180.1.21:9696/networking/v2.0/security-groups?tenant_id=354d811da73148dfab201e1e887a15e0&name=default 0.638s
2025-03-11 14:08:58.251 69661 INFO tempest.lib.common.rest_client [req-e0cb6ad4-db8d-4e7f-a14a-70135dbaa568 req-e0cb6ad4-db8d-4e7f-a14a-70135dbaa568 ] Request (SecurityGroupsTestAdminJSON:setUpClass): 201 POST http://10.180.1.21/identity/v3/auth/tokens 0.062s
2025-03-11 14:08:58.274 69647 INFO tempest.lib.common.rest_client [req-684f3690-4512-4674-a76a-078cdd3a33de req-684f3690-4512-4674-a76a-078cdd3a33de ] Request (FloatingIPsAssociationNegativeTestJSON:setUpClass): 201 POST http://10.180.1.21/identity/v3/auth/tokens 0.079s
2025-03-11 14:08:58.280 69679 INFO tempest.lib.common.rest_client [req-075cb3f7-498e-4655-a56e-6631461634cc req-075cb3f7-498e-4655-a56e-6631461634cc ] Request (NetworksTest:test_list_all_networks): 200 GET http://10.180.1.21/compute/v2.1/os-networks 1.293s
2025-03-11 14:08:58.294 69661 INFO tempest.lib.common.rest_client [req-2802e6e9-ddf7-421e-a4e1-a3e5a32ba089 req-2802e6e9-ddf7-421e-a4e1-a3e5a32ba089 ] Request (SecurityGroupsTestAdminJSON:setUpClass): 201 POST http://10.180.1.21/identity/v3/auth/tokens 0.040s
2025-03-11 14:08:58.303 69647 INFO tempest.lib.common.rest_client [req-36df7581-5531-4d29-80e0-a751acfb8c85 req-36df7581-5531-4d29-80e0-a751acfb8c85 ] Request (FloatingIPsAssociationNegativeTestJSON:setUpClass): 201 POST http://10.180.1.21/identity/v3/auth/tokens 0.027s
2025-03-11 14:08:58.354 69679 INFO tempest.lib.common.rest_client [req-7e226123-e57c-4c5e-a53e-b78f454f9dac req-7e226123-e57c-4c5e-a53e-b78f454f9dac ] Request (NetworksTest:tearDownClass): 204 DELETE http://10.180.1.21/identity/v3/users/7c00c1406dc64aaf93905b8a16268f7c 0.072s
2025-03-11 14:08:58.409 69661 INFO tempest.lib.common.rest_client [req-77413216-3e2b-4c87-a46d-978126828790 req-77413216-3e2b-4c87-a46d-978126828790 ] Request (SecurityGroupsTestAdminJSON:setUpClass): 200 GET http://10.180.1.21/identity/v3/domains?name=Default 0.115s
2025-03-11 14:08:58.446 69647 INFO tempest.lib.common.rest_client [req-ba77e886-6279-4112-80b4-0a8975a35d27 req-ba77e886-6279-4112-80b4-0a8975a35d27 ] Request (FloatingIPsAssociationNegativeTestJSON:setUpClass): 200 GET http://10.180.1.21/identity/v3/domains?name=Default 0.143s
2025-03-11 14:08:58.471 69659 INFO tempest.lib.common.rest_client [req-b663da6d-7970-460d-804a-a0e4715d1ea5 req-b663da6d-7970-460d-804a-a0e4715d1ea5 ] Request (FlavorsAccessTestJSON:test_flavor_access_add_remove): 200 GET http://10.180.1.21/compute/v2.1/flavors/detail 1.447s
2025-03-11 14:08:58.475 69661 INFO tempest.lib.common.rest_client [req-dc22bc18-41de-470d-90d6-323e6db0e252 req-dc22bc18-41de-470d-90d6-323e6db0e252 ] Request (SecurityGroupsTestAdminJSON:setUpClass): 201 POST http://10.180.1.21/identity/v3/projects 0.066s
2025-03-11 14:08:58.532 69679 INFO tempest.lib.common.rest_client [req-7a31a6da-4571-4ac1-a6a1-fcedf2df4f0b req-7a31a6da-4571-4ac1-a6a1-fcedf2df4f0b ] Request (NetworksTest:tearDownClass): 204 DELETE http://10.180.1.21/identity/v3/users/5de2c577488741a7b884d65c457a287d 0.177s
2025-03-11 14:08:58.532 69679 INFO tempest.lib.common.dynamic_creds [-] Deleting project and security group for project: aa70eb47febd4948a9428959e787e17e
2025-03-11 14:08:58.584 69631 INFO tempest.lib.common.rest_client [req-d97dcf60-a0e1-42d9-91d3-0e5bca8f38fd req-d97dcf60-a0e1-42d9-91d3-0e5bca8f38fd ] Request (MigrationsAdminTest:test_list_migrations_in_flavor_resize_situation): 200 GET http://10.180.1.21/compute/v2.1/servers/b38c80c7-3686-4e96-853f-24fb8643ce0a 1.552s
2025-03-11 14:08:58.590 69647 INFO tempest.lib.common.rest_client [req-db523060-5be6-4a9a-847e-ff405c3fdcee req-db523060-5be6-4a9a-847e-ff405c3fdcee ] Request (FloatingIPsAssociationNegativeTestJSON:setUpClass): 201 POST http://10.180.1.21/identity/v3/projects 0.143s
2025-03-11 14:08:58.605 69661 INFO tempest.lib.common.rest_client [req-82078e41-d71b-41cd-9b16-b55fecf8fd46 req-82078e41-d71b-41cd-9b16-b55fecf8fd46 ] Request (SecurityGroupsTestAdminJSON:setUpClass): 201 POST http://10.180.1.21/identity/v3/users 0.129s
2025-03-11 14:08:58.617 69621 INFO tempest.lib.common.rest_client [req-b3706397-45c6-49b8-9f00-83029a48a53e req-b3706397-45c6-49b8-9f00-83029a48a53e ] Request (FlavorsAdminTestJSON:_run_cleanups): 200 GET http://10.180.1.21/compute/v2.1/flavors/detail 1.569s
2025-03-11 14:08:58.660 69679 INFO tempest.lib.common.rest_client [req-e7197e2d-3c5a-436d-92bb-010ee53e9522 req-e7197e2d-3c5a-436d-92bb-010ee53e9522 ] Request (NetworksTest:tearDownClass): 201 POST http://10.180.1.21/identity/v3/auth/tokens 0.128s
2025-03-11 14:08:58.681 69661 INFO tempest.lib.common.rest_client [req-f0ab6775-e729-4407-b85e-deb3c662259b req-f0ab6775-e729-4407-b85e-deb3c662259b ] Request (SecurityGroupsTestAdminJSON:setUpClass): 200 GET http://10.180.1.21/identity/v3/roles 0.072s
2025-03-11 14:08:58.685 69647 INFO tempest.lib.common.rest_client [req-42f5250a-35e9-45b6-b3c5-57c646b96693 req-42f5250a-35e9-45b6-b3c5-57c646b96693 ] Request (FloatingIPsAssociationNegativeTestJSON:setUpClass): 201 POST http://10.180.1.21/identity/v3/users 0.094s
2025-03-11 14:08:58.706 69657 INFO tempest.lib.common.rest_client [req-3152c4e9-a9ac-45b4-8230-1a12ae4c3ee4 req-3152c4e9-a9ac-45b4-8230-1a12ae4c3ee4 ] Request (InstanceUsageAuditLogTestJSON:tearDownClass): 204 DELETE http://10.180.1.21:9696/networking/v2.0/security-groups/73d6b197-9ab8-4a58-a671-1b71390dceb1 0.469s
2025-03-11 14:08:58.708 69661 INFO tempest.lib.common.rest_client [req-f9c375c7-f6af-41e7-8efd-1a9e65f0cdd6 req-f9c375c7-f6af-41e7-8efd-1a9e65f0cdd6 ] Request (SecurityGroupsTestAdminJSON:setUpClass): 204 PUT http://10.180.1.21/identity/v3/projects/40fe22f8289141a190c1152ad8fcf2ac/users/95fb8f6edaf44c4fab06ff8da44ea813/roles/aa55d1a75ea94b2e81549290782e6f84 0.026s
2025-03-11 14:08:58.709 69661 INFO tempest.lib.common.dynamic_creds [-] Dynamic test user 95fb8f6edaf44c4fab06ff8da44ea813 is created with scope project and roles: ['member']
2025-03-11 14:08:58.709 69661 INFO tempest.lib.common.dynamic_creds [-] Acquired dynamic creds: credentials: Credentials: {'domain_id': 'default', 'domain_name': 'Default', 'username': 'tempest-SecurityGroupsTestAdminJSON-1750978079-project-member', 'project_domain_id': 'default', 'project_domain_name': 'Default', 'project_id': '40fe22f8289141a190c1152ad8fcf2ac', 'project_name': 'tempest-SecurityGroupsTestAdminJSON-1750978079', 'tenant_id': '40fe22f8289141a190c1152ad8fcf2ac', 'tenant_name': 'tempest-SecurityGroupsTestAdminJSON-1750978079', 'user_domain_id': 'default', 'user_domain_name': 'Default', 'user_id': '95fb8f6edaf44c4fab06ff8da44ea813', 'system': None}, Network: None, Subnet: None, Router: None
2025-03-11 14:08:58.709 69661 INFO tempest.lib.common.dynamic_creds [-] Created isolated network resources for: credentials: Credentials: {'domain_id': 'default', 'domain_name': 'Default', 'username': 'tempest-SecurityGroupsTestAdminJSON-1750978079-project-member', 'project_domain_id': 'default', 'project_domain_name': 'Default', 'project_id': '40fe22f8289141a190c1152ad8fcf2ac', 'project_name': 'tempest-SecurityGroupsTestAdminJSON-1750978079', 'tenant_id': '40fe22f8289141a190c1152ad8fcf2ac', 'tenant_name': 'tempest-SecurityGroupsTestAdminJSON-1750978079', 'user_domain_id': 'default', 'user_domain_name': 'Default', 'user_id': '95fb8f6edaf44c4fab06ff8da44ea813', 'system': None}, Network: None, Subnet: None, Router: None
2025-03-11 14:08:58.713 69623 INFO tempest.lib.common.rest_client [req-fed06b99-ef1a-4dd7-94f8-306b7972b285 req-fed06b99-ef1a-4dd7-94f8-306b7972b285 ] Request (HypervisorAdminV228Test:tearDownClass): 204 DELETE http://10.180.1.21:9696/networking/v2.0/security-groups/7072fdfa-2a8d-46cc-a880-dac139c7ed85 0.477s
2025-03-11 14:08:58.732 69643 INFO tempest.lib.common.rest_client [req-0ebc9210-90a0-45ce-942e-3e0d8d4ec27b req-0ebc9210-90a0-45ce-942e-3e0d8d4ec27b ] Request (ServerDiagnosticsNegativeTest:test_get_server_diagnostics_by_non_admin): 200 GET http://10.180.1.21/compute/v2.1/servers/a4c9aa55-b4db-42e7-ab90-26bb66af6167 1.664s
2025-03-11 14:08:58.758 69647 INFO tempest.lib.common.rest_client [req-144ce4bf-bb97-46f3-95a5-6fdb5fc04e5e req-144ce4bf-bb97-46f3-95a5-6fdb5fc04e5e ] Request (FloatingIPsAssociationNegativeTestJSON:setUpClass): 200 GET http://10.180.1.21/identity/v3/roles 0.073s
2025-03-11 14:08:58.760 69665 INFO tempest.lib.common.rest_client [req-066ddc40-7225-4703-a5ad-478b65a883cd req-066ddc40-7225-4703-a5ad-478b65a883cd ] Request (InstanceUsageAuditLogNegativeTestJSON:tearDownClass): 200 GET http://10.180.1.21:9696/networking/v2.0/security-groups?tenant_id=5b10a5c2de454f1eb8dbcb4a0c26ab50&name=default 0.641s
2025-03-11 14:08:58.836 69623 INFO tempest.lib.common.rest_client [req-6f19ab04-a55b-4cf3-a42c-cd1007caceb4 req-6f19ab04-a55b-4cf3-a42c-cd1007caceb4 ] Request (HypervisorAdminV228Test:tearDownClass): 204 DELETE http://10.180.1.21/identity/v3/projects/6617af3b700b45baaa6ea5ca0cf0f52e 0.123s
2025-03-11 14:08:58.837 69623 INFO tempest.lib.common.dynamic_creds [-] Deleting project and security group for project: bdce4b33f4fd49be8c27e656cb4b228c
2025-03-11 14:08:58.841 69657 INFO tempest.lib.common.rest_client [req-8942690c-3bf3-4bc9-b026-aab9115461ac req-8942690c-3bf3-4bc9-b026-aab9115461ac ] Request (InstanceUsageAuditLogTestJSON:tearDownClass): 204 DELETE http://10.180.1.21/identity/v3/projects/354d811da73148dfab201e1e887a15e0 0.135s
2025-03-11 14:08:58.841 69657 INFO tempest.lib.common.dynamic_creds [-] Deleting project and security group for project: ee7ed6d6be774fa6b2cf98dd3b535c1e
2025-03-11 14:08:58.920 69661 INFO tempest.lib.common.rest_client [req-aa15d0bb-6a53-44ae-bfb4-2e61021342e5 req-aa15d0bb-6a53-44ae-bfb4-2e61021342e5 ] Request (SecurityGroupsTestAdminJSON:setUpClass): 201 POST http://10.180.1.21/identity/v3/auth/tokens 0.203s
2025-03-11 14:08:58.924 69647 INFO tempest.lib.common.rest_client [req-a569428f-8d98-40c7-bc8c-4d9124aac1ab req-a569428f-8d98-40c7-bc8c-4d9124aac1ab ] Request (FloatingIPsAssociationNegativeTestJSON:setUpClass): 204 PUT http://10.180.1.21/identity/v3/projects/ad45cf4c96c34775a9f9fa8ace2bb702/users/d336939943b84480bf40f7f8e02f9060/roles/aa55d1a75ea94b2e81549290782e6f84 0.165s
2025-03-11 14:08:58.924 69647 INFO tempest.lib.common.dynamic_creds [-] Dynamic test user d336939943b84480bf40f7f8e02f9060 is created with scope project and roles: ['member']
2025-03-11 14:08:58.925 69647 INFO tempest.lib.common.dynamic_creds [-] Acquired dynamic creds: credentials: Credentials: {'domain_id': 'default', 'domain_name': 'Default', 'username': 'tempest-FloatingIPsAssociationNegativeTestJSON-358471507-project-member', 'project_domain_id': 'default', 'project_domain_name': 'Default', 'project_id': 'ad45cf4c96c34775a9f9fa8ace2bb702', 'project_name': 'tempest-FloatingIPsAssociationNegativeTestJSON-358471507', 'tenant_id': 'ad45cf4c96c34775a9f9fa8ace2bb702', 'tenant_name': 'tempest-FloatingIPsAssociationNegativeTestJSON-358471507', 'user_domain_id': 'default', 'user_domain_name': 'Default', 'user_id': 'd336939943b84480bf40f7f8e02f9060', 'system': None}, Network: None, Subnet: None, Router: None
2025-03-11 14:08:58.989 69617 INFO tempest.lib.common.rest_client [req-6bd481ef-6315-450c-98ff-3cd1f2681e89 req-6bd481ef-6315-450c-98ff-3cd1f2681e89 ] Request (ServersAdminTestJSON:setUpClass): 201 POST http://10.180.1.21:9696/networking/v2.0/subnets 1.094s
2025-03-11 14:08:58.991 69661 INFO tempest.lib.common.rest_client [req-92f77fe0-f2b5-4700-acba-0a28e8c64c09 req-92f77fe0-f2b5-4700-acba-0a28e8c64c09 ] Request (SecurityGroupsTestAdminJSON:setUpClass): 201 POST http://10.180.1.21/identity/v3/projects 0.070s
2025-03-11 14:08:58.999 69637 INFO tempest.lib.common.rest_client [req-82650534-a494-424d-8021-6f68e0af2206 req-82650534-a494-424d-8021-6f68e0af2206 ] Request (VolumesAdminNegativeTest:setUpClass): 200 PUT http://10.180.1.21:9696/networking/v2.0/routers/7732f6fd-9f45-4431-8abe-622e600cc461/add_router_interface 2.884s
2025-03-11 14:08:59.000 69637 INFO tempest.lib.common.dynamic_creds [-] Created isolated network resources for: credentials: Credentials: {'domain_id': 'default', 'domain_name': 'Default', 'username': 'tempest-VolumesAdminNegativeTest-1553674948-project-admin', 'project_domain_id': 'default', 'project_domain_name': 'Default', 'project_id': '9eec81a33c0646268167180e8e903a9f', 'project_name': 'tempest-VolumesAdminNegativeTest-1553674948', 'tenant_id': '9eec81a33c0646268167180e8e903a9f', 'tenant_name': 'tempest-VolumesAdminNegativeTest-1553674948', 'user_domain_id': 'default', 'user_domain_name': 'Default', 'user_id': 'dbce92c8a62b4d4bbf6831f5682abdb5', 'system': None}, Network: {'id': '43d1156a-6504-4b9e-a305-38dc7dd37edf', 'name': 'tempest-VolumesAdminNegativeTest-1826457213-network', 'tenant_id': '9eec81a33c0646268167180e8e903a9f', 'admin_state_up': True, 'mtu': 8950, 'status': 'ACTIVE', 'subnets': [], 'shared': False, 'project_id': '9eec81a33c0646268167180e8e903a9f', 'port_security_enabled': True, 'router:external': False, 'provider:network_type': 'vlan', 'provider:physical_network': 'default', 'provider:segmentation_id': 523, 'availability_zone_hints': [], 'availability_zones': [], 'ipv4_address_scope': None, 'ipv6_address_scope': None, 'description': '', 'tags': [], 'created_at': '2025-03-11T14:08:54Z', 'updated_at': '2025-03-11T14:08:54Z', 'revision_number': 1}, Subnet: {'id': '55892ee9-7c6c-4fd1-bee6-5e9a753a4d1a', 'name': 'tempest-VolumesAdminNegativeTest-1826457213-subnet', 'tenant_id': '9eec81a33c0646268167180e8e903a9f', 'network_id': '43d1156a-6504-4b9e-a305-38dc7dd37edf', 'ip_version': 4, 'subnetpool_id': None, 'enable_dhcp': True, 'ipv6_ra_mode': None, 'ipv6_address_mode': None, 'gateway_ip': '192.168.128.1', 'cidr': '192.168.128.0/28', 'allocation_pools': [{'start': '192.168.128.2', 'end': '192.168.128.14'}], 'host_routes': [], 'dns_nameservers': [], 'description': '', 'router:external': False, 'service_types': [], 'tags': [], 'created_at': '2025-03-11T14:08:55Z', 'updated_at': '2025-03-11T14:08:55Z', 'revision_number': 0, 'project_id': '9eec81a33c0646268167180e8e903a9f'}, Router: {'id': '7732f6fd-9f45-4431-8abe-622e600cc461', 'name': 'tempest-VolumesAdminNegativeTest-1826457213-router', 'tenant_id': '9eec81a33c0646268167180e8e903a9f', 'admin_state_up': True, 'status': 'ACTIVE', 'external_gateway_info': {'network_id': '607b45ef-82a9-4868-ac2f-1bb9e0947fab', 'external_fixed_ips': [{'subnet_id': '6b4af3a1-be27-42df-97fc-cd5380d7fa2c', 'ip_address': '10.180.180.151'}], 'enable_snat': True}, 'description': '', 'availability_zones': [], 'distributed': False, 'ha': False, 'availability_zone_hints': [], 'routes': [], 'flavor_id': None, 'tags': [], 'created_at': '2025-03-11T14:08:55Z', 'updated_at': '2025-03-11T14:08:55Z', 'revision_number': 2, 'project_id': '9eec81a33c0646268167180e8e903a9f'}
2025-03-11 14:08:59.089 69647 INFO tempest.lib.common.rest_client [req-3dd44f01-e203-4fca-aad8-2b57fcb2d1db req-3dd44f01-e203-4fca-aad8-2b57fcb2d1db ] Request (FloatingIPsAssociationNegativeTestJSON:setUpClass): 201 POST http://10.180.1.21/identity/v3/auth/tokens 0.164s
2025-03-11 14:08:59.115 69661 INFO tempest.lib.common.rest_client [req-ee7ae6ae-eea7-4c27-a2e7-6527e98eb7fa req-ee7ae6ae-eea7-4c27-a2e7-6527e98eb7fa ] Request (SecurityGroupsTestAdminJSON:setUpClass): 201 POST http://10.180.1.21/identity/v3/users 0.123s
2025-03-11 14:08:59.173 69637 INFO tempest.lib.common.rest_client [req-6c2e8a22-9f15-4a2b-95f9-49f7271b04d3 req-6c2e8a22-9f15-4a2b-95f9-49f7271b04d3 ] Request (VolumesAdminNegativeTest:setUpClass): 201 POST http://10.180.1.21/identity/v3/auth/tokens 0.171s
2025-03-11 14:08:59.180 69665 INFO tempest.lib.common.rest_client [req-e7b89fd3-ce49-44bb-a354-9fe4ae75b3b0 req-e7b89fd3-ce49-44bb-a354-9fe4ae75b3b0 ] Request (InstanceUsageAuditLogNegativeTestJSON:tearDownClass): 204 DELETE http://10.180.1.21:9696/networking/v2.0/security-groups/2b9b4136-c596-4477-8d03-52586e36050b 0.420s
2025-03-11 14:08:59.181 69641 INFO tempest.lib.common.rest_client [req-74385f23-90e1-4496-b4c7-5bd243d39bf4 req-74385f23-90e1-4496-b4c7-5bd243d39bf4 ] Request (QuotasAdminTestV236:test_get_updated_quotas): 200 PUT http://10.180.1.21/compute/v2.1/os-quota-sets/07b3ebc743ab4b74a88361dfa2afaef3?user_id=8dccbb1970c34c368c56957a5ad070c0 2.108s
2025-03-11 14:08:59.190 69625 INFO tempest.lib.common.rest_client [req-9f672d9e-890b-4fa1-98d7-d4fae9fc9878 req-9f672d9e-890b-4fa1-98d7-d4fae9fc9878 ] Request (FloatingIPsTestJSON:test_delete_floating_ip): 202 DELETE http://10.180.1.21/compute/v2.1/os-floating-ips/0721685c-34ab-4a98-905f-f31a60baa722 2.403s
