2025-03-11 14:11:06.055 69671 INFO tempest.lib.common.rest_client [req-59f44976-0764-4335-9a50-df45e87c7e00 req-59f44976-0764-4335-9a50-df45e87c7e00 ] Request (ImagesNegativeTestJSON:test_create_image_from_deleted_server): 200 GET http://10.180.1.21/compute/v2.1/servers/1de1db29-df8e-4de4-8d18-83f4ddd3357d 0.071s
2025-03-11 14:11:06.097 69621 INFO tempest.lib.common.rest_client [req-e337bc57-6211-4f4f-a2a7-c533bf9fbd6e req-e337bc57-6211-4f4f-a2a7-c533bf9fbd6e ] Request (ServerDiskConfigTestJSON:test_rebuild_server_with_auto_disk_config): 200 GET http://10.180.1.21/compute/v2.1/servers/1ef70ab1-479b-4eaf-8e46-0662d9f3d12e 0.068s
2025-03-11 14:11:06.223 69649 INFO tempest.lib.common.rest_client [req-805b2c9d-a32b-48f1-beae-8b1b250a7239 req-805b2c9d-a32b-48f1-beae-8b1b250a7239 ] Request (ListServersNegativeTestJSON:setUpClass): 200 GET http://10.180.1.21/compute/v2.1/servers/0ccd9dbc-38cb-4a6a-a55a-69632034b7e1 0.056s
2025-03-11 14:11:06.473 69625 INFO tempest.lib.common.rest_client [req-bd54d38c-705a-42b0-bac6-5b5887c47f97 req-bd54d38c-705a-42b0-bac6-5b5887c47f97 ] Request (ImagesOneServerNegativeTestJSON:_run_cleanups): 200 GET http://10.180.1.21/compute/v2.1/servers/5d2fc2d4-b02c-45ed-addb-36766b55bf5d 0.064s
2025-03-11 14:11:06.521 69677 INFO tempest.lib.common.rest_client [req-669c7e3e-0e0c-42ae-811f-276a5550dbad req-669c7e3e-0e0c-42ae-811f-276a5550dbad ] Request (DeleteServersAdminTestJSON:test_delete_server_while_in_error_state): 404 GET http://10.180.1.21/compute/v2.1/servers/394819e1-618e-4143-ac2b-72183da86403 0.024s
2025-03-11 14:11:06.573 69675 INFO tempest.lib.common.rest_client [req-9afe0560-d900-48a8-8e3e-1d6057560972 req-9afe0560-d900-48a8-8e3e-1d6057560972 ] Request (AttachInterfacesUnderV243Test:test_add_remove_fixed_ip): 200 GET http://10.180.1.21/compute/v2.1/servers/1d64138f-358b-41a0-855b-e92b53ae8fd0 0.056s
2025-03-11 14:11:06.590 69663 INFO tempest.lib.common.rest_client [req-eec028fc-afdd-4b18-96b8-205ab80aa83e req-eec028fc-afdd-4b18-96b8-205ab80aa83e ] Request (ServersTestMultiNic:test_verify_duplicate_network_nics): 200 GET http://10.180.1.21/compute/v2.1/servers/02b8da67-2bd0-4e21-b052-b4748e26677f 0.128s
2025-03-11 14:11:06.590 69677 INFO tempest.lib.common.rest_client [req-168be337-b21d-4874-9462-59bdd451e4bf req-168be337-b21d-4874-9462-59bdd451e4bf ] Request (DeleteServersAdminTestJSON:tearDownClass): 404 DELETE http://10.180.1.21/compute/v2.1/servers/394819e1-618e-4143-ac2b-72183da86403 0.066s
2025-03-11 14:11:06.626 69643 INFO tempest.lib.common.rest_client [req-7fa71c78-a561-4002-9086-077bd17c1c79 req-7fa71c78-a561-4002-9086-077bd17c1c79 ] Request (ImagesTestJSON:test_create_image_from_stopped_server): 200 GET http://10.180.1.21/compute/v2.1/images/8f8d59dc-f63b-4ef5-9b42-ca8623ac1a49 0.072s
2025-03-11 14:11:06.640 69619 INFO tempest.lib.common.rest_client [req-665fd483-eb70-4d21-8818-06f12db189f7 req-665fd483-eb70-4d21-8818-06f12db189f7 ] Request (SecurityGroupsTestJSON:test_list_security_groups_by_server): 200 GET http://10.180.1.21/compute/v2.1/servers/3831d5ae-d59f-4199-be88-f4a8a37c623d 0.090s
2025-03-11 14:11:06.647 69677 INFO tempest.lib.common.rest_client [req-d1f5c796-a786-420f-a6c9-3a966ca94ea2 req-d1f5c796-a786-420f-a6c9-3a966ca94ea2 ] Request (DeleteServersAdminTestJSON:tearDownClass): 404 GET http://10.180.1.21/compute/v2.1/servers/394819e1-618e-4143-ac2b-72183da86403 0.056s
2025-03-11 14:11:06.669 69677 INFO tempest.lib.common.rest_client [req-1069688e-8005-45db-af4f-81be982a9acc req-1069688e-8005-45db-af4f-81be982a9acc ] Request (DeleteServersAdminTestJSON:tearDownClass): 404 DELETE http://10.180.1.21/compute/v2.1/servers/498fb00b-18b5-457f-92eb-61e5f9b3fc9d 0.021s
2025-03-11 14:11:06.695 69677 INFO tempest.lib.common.rest_client [req-1da914ed-0935-461a-a430-09a79ec55034 req-1da914ed-0935-461a-a430-09a79ec55034 ] Request (DeleteServersAdminTestJSON:tearDownClass): 404 GET http://10.180.1.21/compute/v2.1/servers/498fb00b-18b5-457f-92eb-61e5f9b3fc9d 0.026s
2025-03-11 14:11:06.771 69659 INFO tempest.lib.common.rest_client [req-8535f0fb-8895-478d-91ae-dc9f65e22845 req-8535f0fb-8895-478d-91ae-dc9f65e22845 ] Request (ImagesOneServerTestJSON:tearDownClass): 200 GET http://10.180.1.21/compute/v2.1/servers/5c94bddf-c87b-4512-b7e5-ab270a4d8848 0.074s
2025-03-11 14:11:06.777 69677 INFO tempest.lib.common.rest_client [req-2d81d76c-8395-4e38-be77-908b6e53c6ea req-2d81d76c-8395-4e38-be77-908b6e53c6ea ] Request (DeleteServersAdminTestJSON:tearDownClass): 204 DELETE http://10.180.1.21/identity/v3/users/eb0bf50b51754a188a30a5f4ba4f572c 0.081s
2025-03-11 14:11:06.826 69627 INFO tempest.lib.common.rest_client [req-bf077a86-5f0e-4347-ac43-87fda9be962f req-bf077a86-5f0e-4347-ac43-87fda9be962f ] Request (InstanceActionsNegativeTestJSON:setUpClass): 200 GET http://10.180.1.21/compute/v2.1/servers/325218ad-6e90-4211-99b5-6df5bb6ebd7d 0.080s
2025-03-11 14:11:06.842 69641 INFO tempest.lib.common.rest_client [req-e1b4b04a-60c6-4b2b-a362-cb9129145ca6 req-e1b4b04a-60c6-4b2b-a362-cb9129145ca6 ] Request (AttachVolumeTestJSON:test_attach_detach_volume): 200 GET http://10.180.1.21/compute/v2.1/servers/8eb26ee5-ddc5-4739-a01d-ba1f534b8f7c 0.111s
2025-03-11 14:11:06.850 69641 INFO tempest.common.waiters [-] State transition "BUILD/spawning" ==> "ACTIVE/None" after 53 second wait
2025-03-11 14:11:06.880 69633 INFO tempest.lib.common.rest_client [req-420c5507-8e54-466d-8491-c416e7c9ac5d req-420c5507-8e54-466d-8491-c416e7c9ac5d ] Request (ServerShowV254Test:test_rebuild_server): 200 GET http://10.180.1.21/compute/v2.1/servers/01cbc35b-115d-4fdd-9047-e1260bceb7d3 0.094s
2025-03-11 14:11:06.883 69677 INFO tempest.lib.common.rest_client [req-349ea53e-0e9a-4b7f-8c26-a29f977c23b6 req-349ea53e-0e9a-4b7f-8c26-a29f977c23b6 ] Request (DeleteServersAdminTestJSON:tearDownClass): 204 DELETE http://10.180.1.21/identity/v3/users/2337fdaf8a2342789520bbd2616ceedb 0.105s
2025-03-11 14:11:06.884 69677 INFO tempest.lib.common.dynamic_creds [-] Deleting project and security group for project: 0d60d39e563f4fefa41915552b7c6004
2025-03-11 14:11:06.896 69631 INFO tempest.lib.common.rest_client [req-a6ce8f03-ac17-4699-a3f8-44b493f5242c req-a6ce8f03-ac17-4699-a3f8-44b493f5242c ] Request (MigrationsAdminTest:test_resize_server_revert_deleted_flavor): 200 GET http://10.180.1.21/compute/v2.1/servers/665055ca-2209-41dd-84ee-98adb209c925 0.069s
2025-03-11 14:11:06.948 69645 INFO tempest.lib.common.rest_client [req-2a6c4596-0f4d-4a31-be06-b8f5f596688c req-2a6c4596-0f4d-4a31-be06-b8f5f596688c ] Request (ServerDiagnosticsTest:tearDownClass): 200 GET http://10.180.1.21/compute/v2.1/servers/5e95fc18-681b-44ce-88c4-b3fe4de06f0d 0.108s
2025-03-11 14:11:06.959 69677 INFO tempest.lib.common.rest_client [req-736a6b01-2703-4f63-888f-e7bd5c66475c req-736a6b01-2703-4f63-888f-e7bd5c66475c ] Request (DeleteServersAdminTestJSON:tearDownClass): 201 POST http://10.180.1.21/identity/v3/auth/tokens 0.074s
2025-03-11 14:11:06.966 69641 INFO tempest.lib.common.rest_client [req-3d77a21d-a65a-4d35-95af-ead239f4787f req-3d77a21d-a65a-4d35-95af-ead239f4787f ] Request (AttachVolumeTestJSON:test_attach_detach_volume): 200 GET http://10.180.1.21/compute/v2.1/servers/8eb26ee5-ddc5-4739-a01d-ba1f534b8f7c/os-interface 0.115s
2025-03-11 14:11:07.000 69665 INFO tempest.lib.common.rest_client [req-a462ed31-0721-4af6-bb6e-b1a8383992a3 req-a462ed31-0721-4af6-bb6e-b1a8383992a3 ] Request (ServerRescueTestJSON:test_rescue_unrescue_instance): 200 GET http://10.180.1.21/compute/v2.1/servers/aaa0201b-5e5b-4a35-a327-dfa54ca3400d 0.100s
2025-03-11 14:11:07.033 69651 INFO tempest.lib.common.rest_client [req-3c607c6f-85ca-4c8d-8d55-9d28de6f8195 req-3c607c6f-85ca-4c8d-8d55-9d28de6f8195 ] Request (AttachVolumeShelveTestJSON:test_attach_volume_shelved_or_offload_server): 200 GET http://10.180.1.21/compute/v2.1/servers/ab2dc89a-41e4-422f-8db5-fb01f06f49ef 0.119s
2025-03-11 14:11:07.058 69679 INFO tempest.lib.common.rest_client [req-ac3735da-b285-4958-8a7b-42a21d61a869 req-ac3735da-b285-4958-8a7b-42a21d61a869 ] Request (ServerTagsTestJSON:setUpClass): 200 GET http://10.180.1.21/compute/v2.1/servers/9971da56-8816-4274-8ee1-726a3608fcb8 0.077s
2025-03-11 14:11:07.099 69639 INFO tempest.lib.common.rest_client [req-4ee36a51-57ff-4422-961b-ffad7aeb7e98 req-4ee36a51-57ff-4422-961b-ffad7aeb7e98 ] Request (ServersAdminNegativeTestJSON:tearDownClass): 200 GET http://10.180.1.21/compute/v2.1/servers/027ce8e3-fcd7-4ecb-804e-e7669cf5c8f3 0.111s
2025-03-11 14:11:07.114 69617 INFO tempest.lib.common.rest_client [req-c2371cd9-9827-4f6e-b5e7-517f0a069b69 req-c2371cd9-9827-4f6e-b5e7-517f0a069b69 ] Request (ServersAdminTestJSON:test_inject_network_info): 200 GET http://10.180.1.21/compute/v2.1/servers/2a5fca55-728c-40f0-99e4-d2a19cbeec98 0.062s
2025-03-11 14:11:07.163 69671 INFO tempest.lib.common.rest_client [req-92fbb70e-703b-44ed-b96b-1884597d9299 req-92fbb70e-703b-44ed-b96b-1884597d9299 ] Request (ImagesNegativeTestJSON:test_create_image_from_deleted_server): 200 GET http://10.180.1.21/compute/v2.1/servers/1de1db29-df8e-4de4-8d18-83f4ddd3357d 0.100s
2025-03-11 14:11:07.172 69621 INFO tempest.lib.common.rest_client [req-6df31522-7d9c-46bc-a95f-bf6eb89b9b2c req-6df31522-7d9c-46bc-a95f-bf6eb89b9b2c ] Request (ServerDiskConfigTestJSON:test_rebuild_server_with_auto_disk_config): 200 GET http://10.180.1.21/compute/v2.1/servers/1ef70ab1-479b-4eaf-8e46-0662d9f3d12e 0.065s
2025-03-11 14:11:07.230 69677 INFO tempest.lib.common.rest_client [req-25062615-f066-433f-9d7e-f7aed2994d25 req-25062615-f066-433f-9d7e-f7aed2994d25 ] Request (DeleteServersAdminTestJSON:tearDownClass): 200 GET http://10.180.1.21:9696/networking/v2.0/security-groups?tenant_id=0d60d39e563f4fefa41915552b7c6004&name=default 0.271s
2025-03-11 14:11:07.297 69649 INFO tempest.lib.common.rest_client [req-88e9f5fd-305e-4f26-ad0d-e7b71adb45e3 req-88e9f5fd-305e-4f26-ad0d-e7b71adb45e3 ] Request (ListServersNegativeTestJSON:setUpClass): 200 GET http://10.180.1.21/compute/v2.1/servers/0ccd9dbc-38cb-4a6a-a55a-69632034b7e1 0.067s
2025-03-11 14:11:07.350 69677 INFO tempest.lib.common.rest_client [req-8c2a95ad-ee10-4a85-84b7-7ac4081064a7 req-8c2a95ad-ee10-4a85-84b7-7ac4081064a7 ] Request (DeleteServersAdminTestJSON:tearDownClass): 204 DELETE http://10.180.1.21:9696/networking/v2.0/security-groups/8a313200-d80f-48a9-9efd-39d94d729d87 0.119s
2025-03-11 14:11:07.420 69677 INFO tempest.lib.common.rest_client [req-260b5488-031b-4a31-87d0-d397351b3c12 req-260b5488-031b-4a31-87d0-d397351b3c12 ] Request (DeleteServersAdminTestJSON:tearDownClass): 204 DELETE http://10.180.1.21/identity/v3/projects/0d60d39e563f4fefa41915552b7c6004 0.069s
2025-03-11 14:11:07.420 69677 INFO tempest.lib.common.dynamic_creds [-] Deleting project and security group for project: de9ec37757f244e685d9e62e5223f494
2025-03-11 14:11:07.454 69677 INFO tempest.lib.common.rest_client [req-e60b06e2-4ad0-4752-a358-d56cf37b0caa req-e60b06e2-4ad0-4752-a358-d56cf37b0caa ] Request (DeleteServersAdminTestJSON:tearDownClass): 200 GET http://10.180.1.21:9696/networking/v2.0/security-groups?tenant_id=de9ec37757f244e685d9e62e5223f494&name=default 0.034s
2025-03-11 14:11:07.721 69641 INFO tempest.lib.common.rest_client [req-efcd3441-b176-43cb-bd8e-4dd791a91564 req-efcd3441-b176-43cb-bd8e-4dd791a91564 ] Request (AttachVolumeTestJSON:test_attach_detach_volume): 200 PUT http://10.180.1.21:9696/networking/v2.0/floatingips/4486d62e-fb7b-4e36-bf67-10406fcc9c66 0.752s
2025-03-11 14:11:07.723 69641 INFO tempest.lib.common.ssh [-] Creating ssh connection to '10.180.180.173:22' as 'cirros' with public key authentication
2025-03-11 14:11:07.781 69675 INFO tempest.lib.common.rest_client [req-75f53105-1f07-4998-b08e-85861407fbd4 req-75f53105-1f07-4998-b08e-85861407fbd4 ] Request (AttachInterfacesUnderV243Test:test_add_remove_fixed_ip): 200 GET http://10.180.1.21/compute/v2.1/servers/1d64138f-358b-41a0-855b-e92b53ae8fd0 0.200s
2025-03-11 14:11:07.783 69625 INFO tempest.lib.common.rest_client [req-70df081b-5208-4bde-942f-b2f2216b65d1 req-70df081b-5208-4bde-942f-b2f2216b65d1 ] Request (ImagesOneServerNegativeTestJSON:_run_cleanups): 200 GET http://10.180.1.21/compute/v2.1/servers/5d2fc2d4-b02c-45ed-addb-36766b55bf5d 0.302s
2025-03-11 14:11:07.819 69643 INFO tempest.lib.common.rest_client [req-c0ad9190-91c2-4c18-890a-f734541aa4a5 req-c0ad9190-91c2-4c18-890a-f734541aa4a5 ] Request (ImagesTestJSON:test_create_image_from_stopped_server): 200 GET http://10.180.1.21/compute/v2.1/images/8f8d59dc-f63b-4ef5-9b42-ca8623ac1a49 0.190s
2025-03-11 14:11:07.854 69677 INFO tempest.lib.common.rest_client [req-b65ed112-d075-4170-bac2-19b44a4eff3c req-b65ed112-d075-4170-bac2-19b44a4eff3c ] Request (DeleteServersAdminTestJSON:tearDownClass): 204 DELETE http://10.180.1.21:9696/networking/v2.0/security-groups/377a4f0e-c388-4ea3-8ebf-cab46d711a46 0.399s
2025-03-11 14:11:07.879 69619 INFO tempest.lib.common.rest_client [req-dea52e37-9878-407f-9e7e-b0d0ce6e647a req-dea52e37-9878-407f-9e7e-b0d0ce6e647a ] Request (SecurityGroupsTestJSON:test_list_security_groups_by_server): 200 GET http://10.180.1.21/compute/v2.1/servers/3831d5ae-d59f-4199-be88-f4a8a37c623d 0.231s
2025-03-11 14:11:07.897 69663 INFO tempest.lib.common.rest_client [req-4d1c9b85-fcea-4409-b591-04a76715175e req-4d1c9b85-fcea-4409-b591-04a76715175e ] Request (ServersTestMultiNic:test_verify_duplicate_network_nics): 200 GET http://10.180.1.21/compute/v2.1/servers/02b8da67-2bd0-4e21-b052-b4748e26677f 0.299s
2025-03-11 14:11:07.907 69663 INFO tempest.common.waiters [-] State transition "BUILD/spawning" ==> "ACTIVE/None" after 54 second wait
2025-03-11 14:11:07.949 69677 INFO tempest.lib.common.rest_client [req-a0712411-67f2-44b7-9782-d879f54b7e58 req-a0712411-67f2-44b7-9782-d879f54b7e58 ] Request (DeleteServersAdminTestJSON:tearDownClass): 204 DELETE http://10.180.1.21/identity/v3/projects/de9ec37757f244e685d9e62e5223f494 0.094s
2025-03-11 14:11:07.954 69627 INFO tempest.lib.common.rest_client [req-f1440cc2-e502-491c-a634-f40dea2d1e21 req-f1440cc2-e502-491c-a634-f40dea2d1e21 ] Request (InstanceActionsNegativeTestJSON:setUpClass): 200 GET http://10.180.1.21/compute/v2.1/servers/325218ad-6e90-4211-99b5-6df5bb6ebd7d 0.120s
2025-03-11 14:11:07.965 69659 INFO tempest.lib.common.rest_client [req-11735591-8ce4-42b2-934c-a33677376b39 req-11735591-8ce4-42b2-934c-a33677376b39 ] Request (ImagesOneServerTestJSON:tearDownClass): 200 GET http://10.180.1.21/compute/v2.1/servers/5c94bddf-c87b-4512-b7e5-ab270a4d8848 0.186s
2025-03-11 14:11:08.012 69633 INFO tempest.lib.common.rest_client [req-b9aa1d72-6116-4244-8f12-77abdbe7ddc8 req-b9aa1d72-6116-4244-8f12-77abdbe7ddc8 ] Request (ServerShowV254Test:test_rebuild_server): 200 GET http://10.180.1.21/compute/v2.1/servers/01cbc35b-115d-4fdd-9047-e1260bceb7d3 0.120s
2025-03-11 14:11:08.021 69677 INFO tempest.lib.common.rest_client [req-92f59f72-56fd-4097-8b36-f18328b56b26 req-92f59f72-56fd-4097-8b36-f18328b56b26 ] Request (ServersTestFqdnHostnames:setUpClass): 201 POST http://10.180.1.21/identity/v3/auth/tokens 0.070s
2025-03-11 14:11:08.026 69631 INFO tempest.lib.common.rest_client [req-d11aeafe-6480-4566-af33-6c5f1185f975 req-d11aeafe-6480-4566-af33-6c5f1185f975 ] Request (MigrationsAdminTest:test_resize_server_revert_deleted_flavor): 200 GET http://10.180.1.21/compute/v2.1/servers/665055ca-2209-41dd-84ee-98adb209c925 0.122s
2025-03-11 14:11:08.039 69663 INFO tempest.lib.common.rest_client [req-cb103635-b75f-4b7b-80e2-1c8127ee1329 req-cb103635-b75f-4b7b-80e2-1c8127ee1329 ] Request (ServersTestMultiNic:test_verify_duplicate_network_nics): 200 GET http://10.180.1.21/compute/v2.1/servers/02b8da67-2bd0-4e21-b052-b4748e26677f/ips 0.131s
2025-03-11 14:11:08.044 69629 WARNING tempest.lib.common.ssh [-] Failed to establish authenticated ssh connection to cirros@10.180.180.252 ([Errno None] Unable to connect to port 22 on 10.180.180.252). Number attempts: 9. Retry after 10 seconds.: paramiko.ssh_exception.NoValidConnectionsError: [Errno None] Unable to connect to port 22 on 10.180.180.252
2025-03-11 14:11:08.066 69677 INFO tempest.lib.common.rest_client [req-8d1e5ed6-8c65-4dfd-aca5-a988a86a5265 req-8d1e5ed6-8c65-4dfd-aca5-a988a86a5265 ] Request (ServersTestFqdnHostnames:setUpClass): 201 POST http://10.180.1.21/identity/v3/auth/tokens 0.039s
2025-03-11 14:11:08.087 69645 INFO tempest.lib.common.rest_client [req-6df1e67b-0a21-4d0d-b156-c27dad805e49 req-6df1e67b-0a21-4d0d-b156-c27dad805e49 ] Request (ServerDiagnosticsTest:tearDownClass): 200 GET http://10.180.1.21/compute/v2.1/servers/5e95fc18-681b-44ce-88c4-b3fe4de06f0d 0.130s
2025-03-11 14:11:08.089 69677 INFO tempest.lib.common.rest_client [req-0abeaaa0-e894-4a6b-ab07-234b9f7b0e54 req-0abeaaa0-e894-4a6b-ab07-234b9f7b0e54 ] Request (ServersTestFqdnHostnames:setUpClass): 200 GET http://10.180.1.21/identity/v3/domains?name=Default 0.022s
2025-03-11 14:11:08.102 69665 INFO tempest.lib.common.rest_client [req-4babd3d7-bfce-498c-8620-d3f3025c9069 req-4babd3d7-bfce-498c-8620-d3f3025c9069 ] Request (ServerRescueTestJSON:test_rescue_unrescue_instance): 200 GET http://10.180.1.21/compute/v2.1/servers/aaa0201b-5e5b-4a35-a327-dfa54ca3400d 0.091s
2025-03-11 14:11:08.109 69665 INFO tempest.common.waiters [-] State transition "BUILD/scheduling" ==> "BUILD/None" after 36 second wait
2025-03-11 14:11:08.120 69677 INFO tempest.lib.common.rest_client [req-60ae7c9a-e416-4d86-b285-c067f4ae1e4b req-60ae7c9a-e416-4d86-b285-c067f4ae1e4b ] Request (ServersTestFqdnHostnames:setUpClass): 201 POST http://10.180.1.21/identity/v3/projects 0.031s
2025-03-11 14:11:08.156 69651 INFO tempest.lib.common.rest_client [req-7fd02855-3ca6-491c-9b60-fbde7561cbfa req-7fd02855-3ca6-491c-9b60-fbde7561cbfa ] Request (AttachVolumeShelveTestJSON:test_attach_volume_shelved_or_offload_server): 200 GET http://10.180.1.21/compute/v2.1/servers/ab2dc89a-41e4-422f-8db5-fb01f06f49ef 0.112s
2025-03-11 14:11:08.159 69663 INFO tempest.lib.common.rest_client [req-8571c639-70d6-46d4-83db-1990f45809c7 req-8571c639-70d6-46d4-83db-1990f45809c7 ] Request (ServersTestMultiNic:_run_cleanups): 204 DELETE http://10.180.1.21/compute/v2.1/servers/02b8da67-2bd0-4e21-b052-b4748e26677f 0.119s
2025-03-11 14:11:08.184 69677 INFO tempest.lib.common.rest_client [req-1ada6843-9fa9-4799-8906-afb9642fb3d5 req-1ada6843-9fa9-4799-8906-afb9642fb3d5 ] Request (ServersTestFqdnHostnames:setUpClass): 201 POST http://10.180.1.21/identity/v3/users 0.063s
2025-03-11 14:11:08.215 69679 INFO tempest.lib.common.rest_client [req-29881632-70d6-4d52-80fe-b662a4375b54 req-29881632-70d6-4d52-80fe-b662a4375b54 ] Request (ServerTagsTestJSON:setUpClass): 200 GET http://10.180.1.21/compute/v2.1/servers/9971da56-8816-4274-8ee1-726a3608fcb8 0.147s
2025-03-11 14:11:08.225 69677 INFO tempest.lib.common.rest_client [req-ed6a37a9-a350-4550-8bac-ca52890b20b3 req-ed6a37a9-a350-4550-8bac-ca52890b20b3 ] Request (ServersTestFqdnHostnames:setUpClass): 200 GET http://10.180.1.21/identity/v3/roles 0.040s
2025-03-11 14:11:08.245 69639 INFO tempest.lib.common.rest_client [req-c23f9b48-3b37-4c20-b714-c019b86e4012 req-c23f9b48-3b37-4c20-b714-c019b86e4012 ] Request (ServersAdminNegativeTestJSON:tearDownClass): 200 GET http://10.180.1.21/compute/v2.1/servers/027ce8e3-fcd7-4ecb-804e-e7669cf5c8f3 0.133s
2025-03-11 14:11:08.279 69677 INFO tempest.lib.common.rest_client [req-aed90dca-e1e8-44ef-a7d8-1d6d4331aae8 req-aed90dca-e1e8-44ef-a7d8-1d6d4331aae8 ] Request (ServersTestFqdnHostnames:setUpClass): 204 PUT http://10.180.1.21/identity/v3/projects/b379f8d8fd3d400988afc9f52e13e899/users/ff1084a3a0414c42aa57efd5bd8ae69d/roles/aa55d1a75ea94b2e81549290782e6f84 0.053s
2025-03-11 14:11:08.279 69677 INFO tempest.lib.common.dynamic_creds [-] Dynamic test user ff1084a3a0414c42aa57efd5bd8ae69d is created with scope project and roles: ['member']
2025-03-11 14:11:08.279 69677 INFO tempest.lib.common.dynamic_creds [-] Acquired dynamic creds: credentials: Credentials: {'domain_id': 'default', 'domain_name': 'Default', 'username': 'tempest-ServersTestFqdnHostnames-298808061-project-member', 'project_domain_id': 'default', 'project_domain_name': 'Default', 'project_id': 'b379f8d8fd3d400988afc9f52e13e899', 'project_name': 'tempest-ServersTestFqdnHostnames-298808061', 'tenant_id': 'b379f8d8fd3d400988afc9f52e13e899', 'tenant_name': 'tempest-ServersTestFqdnHostnames-298808061', 'user_domain_id': 'default', 'user_domain_name': 'Default', 'user_id': 'ff1084a3a0414c42aa57efd5bd8ae69d', 'system': None}, Network: None, Subnet: None, Router: None
2025-03-11 14:11:08.286 69617 INFO tempest.lib.common.rest_client [req-726ee0d6-b95d-46b4-af9b-b0dff7637c01 req-726ee0d6-b95d-46b4-af9b-b0dff7637c01 ] Request (ServersAdminTestJSON:test_inject_network_info): 200 GET http://10.180.1.21/compute/v2.1/servers/2a5fca55-728c-40f0-99e4-d2a19cbeec98 0.162s
2025-03-11 14:11:08.355 69677 INFO tempest.lib.common.rest_client [req-3b286ec6-8609-43b0-9b0f-fe9d199f5b3b req-3b286ec6-8609-43b0-9b0f-fe9d199f5b3b ] Request (ServersTestFqdnHostnames:setUpClass): 201 POST http://10.180.1.21/identity/v3/auth/tokens 0.075s
2025-03-11 14:11:08.367 69671 INFO tempest.lib.common.rest_client [req-4ea22a07-800e-480d-b8ae-32f7d11a92b7 req-4ea22a07-800e-480d-b8ae-32f7d11a92b7 ] Request (ImagesNegativeTestJSON:test_create_image_from_deleted_server): 200 GET http://10.180.1.21/compute/v2.1/servers/1de1db29-df8e-4de4-8d18-83f4ddd3357d 0.194s
2025-03-11 14:11:08.448 69621 INFO tempest.lib.common.rest_client [req-0163ad92-cccb-48a0-88a0-aa476f334759 req-0163ad92-cccb-48a0-88a0-aa476f334759 ] Request (ServerDiskConfigTestJSON:test_rebuild_server_with_auto_disk_config): 200 GET http://10.180.1.21/compute/v2.1/servers/1ef70ab1-479b-4eaf-8e46-0662d9f3d12e 0.268s
2025-03-11 14:11:08.449 69663 INFO tempest.lib.common.rest_client [req-a0a6e0ca-7ae2-4290-91ae-d1774a5d34a5 req-a0a6e0ca-7ae2-4290-91ae-d1774a5d34a5 ] Request (ServersTestMultiNic:_run_cleanups): 200 GET http://10.180.1.21/compute/v2.1/servers/02b8da67-2bd0-4e21-b052-b4748e26677f 0.288s
2025-03-11 14:11:08.523 69649 INFO tempest.lib.common.rest_client [req-7bd4d93c-cea0-4af0-b30a-eed59062be2e req-7bd4d93c-cea0-4af0-b30a-eed59062be2e ] Request (ListServersNegativeTestJSON:setUpClass): 200 GET http://10.180.1.21/compute/v2.1/servers/0ccd9dbc-38cb-4a6a-a55a-69632034b7e1 0.217s
2025-03-11 14:11:08.530 69649 INFO tempest.common.waiters [-] State transition "BUILD/None" ==> "BUILD/networking" after 51 second wait
2025-03-11 14:11:08.640 69655 WARNING tempest.lib.common.ssh [-] Failed to establish authenticated ssh connection to cirros@10.180.180.172 ([Errno None] Unable to connect to port 22 on 10.180.180.172). Number attempts: 5. Retry after 6 seconds.: paramiko.ssh_exception.NoValidConnectionsError: [Errno None] Unable to connect to port 22 on 10.180.180.172
2025-03-11 14:11:08.805 69677 INFO tempest.lib.common.rest_client [req-218b43e6-703e-4e93-9508-cc0cea089651 req-218b43e6-703e-4e93-9508-cc0cea089651 ] Request (ServersTestFqdnHostnames:setUpClass): 201 POST http://10.180.1.21:9696/networking/v2.0/networks 0.450s
2025-03-11 14:11:08.870 69625 INFO tempest.lib.common.rest_client [req-c298745f-fb97-4703-b704-73e3894d59c0 req-c298745f-fb97-4703-b704-73e3894d59c0 ] Request (ImagesOneServerNegativeTestJSON:_run_cleanups): 200 GET http://10.180.1.21/compute/v2.1/servers/5d2fc2d4-b02c-45ed-addb-36766b55bf5d 0.079s
2025-03-11 14:11:08.882 69675 INFO tempest.lib.common.rest_client [req-3e01b8ba-ac72-495a-a3e3-bc7f6fd31721 req-3e01b8ba-ac72-495a-a3e3-bc7f6fd31721 ] Request (AttachInterfacesUnderV243Test:test_add_remove_fixed_ip): 200 GET http://10.180.1.21/compute/v2.1/servers/1d64138f-358b-41a0-855b-e92b53ae8fd0 0.091s
2025-03-11 14:11:08.921 69643 INFO tempest.lib.common.rest_client [req-a0a0dab8-38cc-4057-8188-d41d47f5f773 req-a0a0dab8-38cc-4057-8188-d41d47f5f773 ] Request (ImagesTestJSON:test_create_image_from_stopped_server): 200 GET http://10.180.1.21/compute/v2.1/images/8f8d59dc-f63b-4ef5-9b42-ca8623ac1a49 0.097s
2025-03-11 14:11:08.958 69619 INFO tempest.lib.common.rest_client [req-26a1154c-6ac1-4d62-b9fc-e588c2a778dc req-26a1154c-6ac1-4d62-b9fc-e588c2a778dc ] Request (SecurityGroupsTestJSON:test_list_security_groups_by_server): 200 GET http://10.180.1.21/compute/v2.1/servers/3831d5ae-d59f-4199-be88-f4a8a37c623d 0.068s
2025-03-11 14:11:08.986 69677 INFO tempest.lib.common.rest_client [req-90b4e528-1c69-4093-aef9-ba17ce7e5a09 req-90b4e528-1c69-4093-aef9-ba17ce7e5a09 ] Request (ServersTestFqdnHostnames:setUpClass): 201 POST http://10.180.1.21:9696/networking/v2.0/subnets 0.180s
2025-03-11 14:11:09.048 69627 INFO tempest.lib.common.rest_client [req-37d92803-c8a3-4179-bcf9-9db7f6a3371f req-37d92803-c8a3-4179-bcf9-9db7f6a3371f ] Request (InstanceActionsNegativeTestJSON:setUpClass): 200 GET http://10.180.1.21/compute/v2.1/servers/325218ad-6e90-4211-99b5-6df5bb6ebd7d 0.086s
2025-03-11 14:11:09.070 69659 INFO tempest.lib.common.rest_client [req-f436fb3d-69ae-4ccf-9bce-fd225e08ed87 req-f436fb3d-69ae-4ccf-9bce-fd225e08ed87 ] Request (ImagesOneServerTestJSON:tearDownClass): 200 GET http://10.180.1.21/compute/v2.1/servers/5c94bddf-c87b-4512-b7e5-ab270a4d8848 0.097s
2025-03-11 14:11:09.139 69631 INFO tempest.lib.common.rest_client [req-f23c0696-0847-4ef5-8373-07519fc181fa req-f23c0696-0847-4ef5-8373-07519fc181fa ] Request (MigrationsAdminTest:test_resize_server_revert_deleted_flavor): 200 GET http://10.180.1.21/compute/v2.1/servers/665055ca-2209-41dd-84ee-98adb209c925 0.106s
2025-03-11 14:11:09.140 69633 INFO tempest.lib.common.rest_client [req-87bdebe7-de8c-4be9-bd95-0588b1dd9f51 req-87bdebe7-de8c-4be9-bd95-0588b1dd9f51 ] Request (ServerShowV254Test:test_rebuild_server): 200 GET http://10.180.1.21/compute/v2.1/servers/01cbc35b-115d-4fdd-9047-e1260bceb7d3 0.114s
2025-03-11 14:11:09.217 69665 INFO tempest.lib.common.rest_client [req-c2798d59-9872-48c2-9217-7ae62012eda4 req-c2798d59-9872-48c2-9217-7ae62012eda4 ] Request (ServerRescueTestJSON:test_rescue_unrescue_instance): 200 GET http://10.180.1.21/compute/v2.1/servers/aaa0201b-5e5b-4a35-a327-dfa54ca3400d 0.107s
2025-03-11 14:11:09.217 69645 INFO tempest.lib.common.rest_client [req-99a80737-7ed2-49e7-9d05-1a5216f75288 req-99a80737-7ed2-49e7-9d05-1a5216f75288 ] Request (ServerDiagnosticsTest:tearDownClass): 200 GET http://10.180.1.21/compute/v2.1/servers/5e95fc18-681b-44ce-88c4-b3fe4de06f0d 0.122s
2025-03-11 14:11:09.284 69651 INFO tempest.lib.common.rest_client [req-fc351648-b40f-407c-b763-88453b949b27 req-fc351648-b40f-407c-b763-88453b949b27 ] Request (AttachVolumeShelveTestJSON:test_attach_volume_shelved_or_offload_server): 200 GET http://10.180.1.21/compute/v2.1/servers/ab2dc89a-41e4-422f-8db5-fb01f06f49ef 0.117s
2025-03-11 14:11:09.314 69679 INFO tempest.lib.common.rest_client [req-dcede460-d1ff-4b43-b32c-76aab4588b4c req-dcede460-d1ff-4b43-b32c-76aab4588b4c ] Request (ServerTagsTestJSON:setUpClass): 200 GET http://10.180.1.21/compute/v2.1/servers/9971da56-8816-4274-8ee1-726a3608fcb8 0.085s
2025-03-11 14:11:09.353 69639 INFO tempest.lib.common.rest_client [req-d8ada0db-579d-44de-a46a-6d99e1bbc32d req-d8ada0db-579d-44de-a46a-6d99e1bbc32d ] Request (ServersAdminNegativeTestJSON:tearDownClass): 200 GET http://10.180.1.21/compute/v2.1/servers/027ce8e3-fcd7-4ecb-804e-e7669cf5c8f3 0.095s
2025-03-11 14:11:09.387 69617 INFO tempest.lib.common.rest_client [req-b88ef13b-6758-40c3-9ed8-9269e3d9f141 req-b88ef13b-6758-40c3-9ed8-9269e3d9f141 ] Request (ServersAdminTestJSON:test_inject_network_info): 200 GET http://10.180.1.21/compute/v2.1/servers/2a5fca55-728c-40f0-99e4-d2a19cbeec98 0.089s
2025-03-11 14:11:09.395 69617 INFO tempest.common.waiters [-] State transition "BUILD/scheduling" ==> "BUILD/None" after 36 second wait
2025-03-11 14:11:09.458 69671 INFO tempest.lib.common.rest_client [req-0996eabd-a342-4cbd-b649-f26ef7c356e9 req-0996eabd-a342-4cbd-b649-f26ef7c356e9 ] Request (ImagesNegativeTestJSON:test_create_image_from_deleted_server): 200 GET http://10.180.1.21/compute/v2.1/servers/1de1db29-df8e-4de4-8d18-83f4ddd3357d 0.079s
2025-03-11 14:11:09.537 69621 INFO tempest.lib.common.rest_client [req-ca93d702-e89f-4eee-b43a-5744b93fc9a4 req-ca93d702-e89f-4eee-b43a-5744b93fc9a4 ] Request (ServerDiskConfigTestJSON:test_rebuild_server_with_auto_disk_config): 200 GET http://10.180.1.21/compute/v2.1/servers/1ef70ab1-479b-4eaf-8e46-0662d9f3d12e 0.081s
2025-03-11 14:11:09.655 69663 INFO tempest.lib.common.rest_client [req-11281d0a-14a3-41a7-a3aa-06da090d5735 req-11281d0a-14a3-41a7-a3aa-06da090d5735 ] Request (ServersTestMultiNic:_run_cleanups): 200 GET http://10.180.1.21/compute/v2.1/servers/02b8da67-2bd0-4e21-b052-b4748e26677f 0.197s
2025-03-11 14:11:09.669 69677 INFO tempest.lib.common.rest_client [req-31ba9115-39f4-43ce-b22c-9e518c015ca2 req-31ba9115-39f4-43ce-b22c-9e518c015ca2 ] Request (ServersTestFqdnHostnames:setUpClass): 201 POST http://10.180.1.21:9696/networking/v2.0/routers 0.682s
2025-03-11 14:11:09.672 69649 INFO tempest.lib.common.rest_client [req-a99ce1d5-6510-4f9c-a11d-a68d333b6329 req-a99ce1d5-6510-4f9c-a11d-a68d333b6329 ] Request (ListServersNegativeTestJSON:setUpClass): 200 GET http://10.180.1.21/compute/v2.1/servers/0ccd9dbc-38cb-4a6a-a55a-69632034b7e1 0.140s
2025-03-11 14:11:09.682 69649 INFO tempest.common.waiters [-] State transition "BUILD/networking" ==> "BUILD/block_device_mapping" after 52 second wait
2025-03-11 14:11:09.934 69625 INFO tempest.lib.common.rest_client [req-22437995-3d5c-429a-a0a4-f52e7a8af38e req-22437995-3d5c-429a-a0a4-f52e7a8af38e ] Request (ImagesOneServerNegativeTestJSON:_run_cleanups): 200 GET http://10.180.1.21/compute/v2.1/servers/5d2fc2d4-b02c-45ed-addb-36766b55bf5d 0.052s
2025-03-11 14:11:09.962 69675 INFO tempest.lib.common.rest_client [req-4bd28331-77ef-4d99-be0a-65fd22f0ad91 req-4bd28331-77ef-4d99-be0a-65fd22f0ad91 ] Request (AttachInterfacesUnderV243Test:test_add_remove_fixed_ip): 200 GET http://10.180.1.21/compute/v2.1/servers/1d64138f-358b-41a0-855b-e92b53ae8fd0 0.071s
2025-03-11 14:11:09.966 69643 INFO tempest.lib.common.rest_client [req-6f88d53d-9aa3-4d47-87cf-cb58a1d57d42 req-6f88d53d-9aa3-4d47-87cf-cb58a1d57d42 ] Request (ImagesTestJSON:test_create_image_from_stopped_server): 200 GET http://10.180.1.21/compute/v2.1/images/8f8d59dc-f63b-4ef5-9b42-ca8623ac1a49 0.040s
2025-03-11 14:11:10.004 69643 INFO tempest.lib.common.rest_client [req-9a9c1b8b-23c4-46ad-bc72-ee79c96a6fd1 req-9a9c1b8b-23c4-46ad-bc72-ee79c96a6fd1 ] Request (ImagesTestJSON:test_create_image_from_stopped_server): 200 GET http://10.180.1.21/compute/v2.1/images/8f8d59dc-f63b-4ef5-9b42-ca8623ac1a49 0.034s
2025-03-11 14:11:10.025 69619 INFO tempest.lib.common.rest_client [req-2c21b8ae-d346-43f3-96d9-3f47fba1f8f2 req-2c21b8ae-d346-43f3-96d9-3f47fba1f8f2 ] Request (SecurityGroupsTestJSON:test_list_security_groups_by_server): 200 GET http://10.180.1.21/compute/v2.1/servers/3831d5ae-d59f-4199-be88-f4a8a37c623d 0.060s
2025-03-11 14:11:10.034 69643 INFO tempest.lib.common.rest_client [req-6fc08b7c-248b-461d-a77a-7a1e417c3d95 req-6fc08b7c-248b-461d-a77a-7a1e417c3d95 ] Request (ImagesTestJSON:test_create_image_from_stopped_server): 200 GET http://10.180.1.21/image/v2/images/8f8d59dc-f63b-4ef5-9b42-ca8623ac1a49/tasks 0.026s
2025-03-11 14:11:10.115 69627 INFO tempest.lib.common.rest_client [req-d868b12f-dab7-4d64-8b1a-c1e5529d4019 req-d868b12f-dab7-4d64-8b1a-c1e5529d4019 ] Request (InstanceActionsNegativeTestJSON:setUpClass): 200 GET http://10.180.1.21/compute/v2.1/servers/325218ad-6e90-4211-99b5-6df5bb6ebd7d 0.052s
2025-03-11 14:11:10.128 69643 INFO tempest.lib.common.rest_client [req-d8e33cc7-6b2d-4b27-9a8b-53fcf80636aa req-d8e33cc7-6b2d-4b27-9a8b-53fcf80636aa ] Request (ImagesTestJSON:_run_cleanups): 204 DELETE http://10.180.1.21/compute/v2.1/images/8f8d59dc-f63b-4ef5-9b42-ca8623ac1a49 0.093s
2025-03-11 14:11:10.179 69659 INFO tempest.lib.common.rest_client [req-b307d3bb-661b-4e3f-b2f7-85e85a5e9689 req-b307d3bb-661b-4e3f-b2f7-85e85a5e9689 ] Request (ImagesOneServerTestJSON:tearDownClass): 200 GET http://10.180.1.21/compute/v2.1/servers/5c94bddf-c87b-4512-b7e5-ab270a4d8848 0.093s
2025-03-11 14:11:10.207 69643 INFO tempest.lib.common.rest_client [req-7fbae683-b802-4bbc-8424-9916259eadd3 req-7fbae683-b802-4bbc-8424-9916259eadd3 ] Request (ImagesTestJSON:_run_cleanups): 204 DELETE http://10.180.1.21/compute/v2.1/servers/074290d5-554d-4a86-b52b-53e6a114dac6 0.079s
2025-03-11 14:11:10.236 69631 INFO tempest.lib.common.rest_client [req-ff9f53d8-1d86-40c0-9000-8d1f4f80189f req-ff9f53d8-1d86-40c0-9000-8d1f4f80189f ] Request (MigrationsAdminTest:test_resize_server_revert_deleted_flavor): 200 GET http://10.180.1.21/compute/v2.1/servers/665055ca-2209-41dd-84ee-98adb209c925 0.090s
2025-03-11 14:11:10.270 69633 INFO tempest.lib.common.rest_client [req-46d6a5a7-61d9-4a33-acd6-13aacec3820b req-46d6a5a7-61d9-4a33-acd6-13aacec3820b ] Request (ServerShowV254Test:test_rebuild_server): 200 GET http://10.180.1.21/compute/v2.1/servers/01cbc35b-115d-4fdd-9047-e1260bceb7d3 0.120s
2025-03-11 14:11:10.290 69643 INFO tempest.lib.common.rest_client [req-0ce47af0-ea48-4947-a007-3559b068a96a req-0ce47af0-ea48-4947-a007-3559b068a96a ] Request (ImagesTestJSON:test_create_image_from_suspended_server): 201 POST http://10.180.1.21/identity/v3/auth/tokens 0.075s
2025-03-11 14:11:10.290 69643 INFO tempest.lib.common.fixed_network [-] (ImagesTestJSON:test_create_image_from_suspended_server) Found network {'id': 'b43c4d8d-4afc-4000-b558-15fb371552ba', 'name': 'tempest-ImagesTestJSON-281235514-network', 'tenant_id': '53389ee13ae34a0aa8d2587690690b03', 'admin_state_up': True, 'mtu': 8950, 'status': 'ACTIVE', 'subnets': [], 'shared': False, 'project_id': '53389ee13ae34a0aa8d2587690690b03', 'port_security_enabled': True, 'router:external': False, 'provider:network_type': 'vlan', 'provider:physical_network': 'default', 'provider:segmentation_id': 744, 'availability_zone_hints': [], 'availability_zones': [], 'ipv4_address_scope': None, 'ipv6_address_scope': None, 'description': '', 'tags': [], 'created_at': '2025-03-11T14:09:48Z', 'updated_at': '2025-03-11T14:09:48Z', 'revision_number': 1} available for tenant
2025-03-11 14:11:10.291 69665 INFO tempest.lib.common.rest_client [req-6ee54a2d-7a00-4290-abd5-571595b35b6c req-6ee54a2d-7a00-4290-abd5-571595b35b6c ] Request (ServerRescueTestJSON:test_rescue_unrescue_instance): 200 GET http://10.180.1.21/compute/v2.1/servers/aaa0201b-5e5b-4a35-a327-dfa54ca3400d 0.066s
2025-03-11 14:11:10.322 69645 INFO tempest.lib.common.rest_client [req-4e13f6e4-90f2-4ff7-8ea8-de3b7f5cafcf req-4e13f6e4-90f2-4ff7-8ea8-de3b7f5cafcf ] Request (ServerDiagnosticsTest:tearDownClass): 200 GET http://10.180.1.21/compute/v2.1/servers/5e95fc18-681b-44ce-88c4-b3fe4de06f0d 0.094s
2025-03-11 14:11:10.392 69651 INFO tempest.lib.common.rest_client [req-a0b97d55-1ea5-4fbb-a777-5eefa0951f8e req-a0b97d55-1ea5-4fbb-a777-5eefa0951f8e ] Request (AttachVolumeShelveTestJSON:test_attach_volume_shelved_or_offload_server): 200 GET http://10.180.1.21/compute/v2.1/servers/ab2dc89a-41e4-422f-8db5-fb01f06f49ef 0.098s
2025-03-11 14:11:10.429 69677 INFO tempest.lib.common.rest_client [req-01370219-2246-4fa9-af9b-bd833e8df6b8 req-01370219-2246-4fa9-af9b-bd833e8df6b8 ] Request (ServersTestFqdnHostnames:setUpClass): 200 PUT http://10.180.1.21:9696/networking/v2.0/routers/91277878-674b-48b6-9ef5-e58fbc9b8e85/add_router_interface 0.759s
2025-03-11 14:11:10.429 69677 INFO tempest.lib.common.dynamic_creds [-] Created isolated network resources for: credentials: Credentials: {'domain_id': 'default', 'domain_name': 'Default', 'username': 'tempest-ServersTestFqdnHostnames-298808061-project-member', 'project_domain_id': 'default', 'project_domain_name': 'Default', 'project_id': 'b379f8d8fd3d400988afc9f52e13e899', 'project_name': 'tempest-ServersTestFqdnHostnames-298808061', 'tenant_id': 'b379f8d8fd3d400988afc9f52e13e899', 'tenant_name': 'tempest-ServersTestFqdnHostnames-298808061', 'user_domain_id': 'default', 'user_domain_name': 'Default', 'user_id': 'ff1084a3a0414c42aa57efd5bd8ae69d', 'system': None}, Network: {'id': '2a82825f-96a2-498a-856d-1ae419404044', 'name': 'tempest-ServersTestFqdnHostnames-1492684949-network', 'tenant_id': 'b379f8d8fd3d400988afc9f52e13e899', 'admin_state_up': True, 'mtu': 8950, 'status': 'ACTIVE', 'subnets': [], 'shared': False, 'project_id': 'b379f8d8fd3d400988afc9f52e13e899', 'port_security_enabled': True, 'router:external': False, 'provider:network_type': 'vlan', 'provider:physical_network': 'default', 'provider:segmentation_id': 438, 'availability_zone_hints': [], 'availability_zones': [], 'ipv4_address_scope': None, 'ipv6_address_scope': None, 'description': '', 'tags': [], 'created_at': '2025-03-11T14:11:08Z', 'updated_at': '2025-03-11T14:11:08Z', 'revision_number': 1}, Subnet: {'id': '406c5b8d-2b0e-4084-9adf-c56ccd5bc3ae', 'name': 'tempest-ServersTestFqdnHostnames-1492684949-subnet', 'tenant_id': 'b379f8d8fd3d400988afc9f52e13e899', 'network_id': '2a82825f-96a2-498a-856d-1ae419404044', 'ip_version': 4, 'subnetpool_id': None, 'enable_dhcp': True, 'ipv6_ra_mode': None, 'ipv6_address_mode': None, 'gateway_ip': '192.168.128.1', 'cidr': '192.168.128.0/28', 'allocation_pools': [{'start': '192.168.128.2', 'end': '192.168.128.14'}], 'host_routes': [], 'dns_nameservers': [], 'description': '', 'router:external': False, 'service_types': [], 'tags': [], 'created_at': '2025-03-11T14:11:08Z', 'updated_at': '2025-03-11T14:11:08Z', 'revision_number': 0, 'project_id': 'b379f8d8fd3d400988afc9f52e13e899'}, Router: {'id': '91277878-674b-48b6-9ef5-e58fbc9b8e85', 'name': 'tempest-ServersTestFqdnHostnames-1492684949-router', 'tenant_id': 'b379f8d8fd3d400988afc9f52e13e899', 'admin_state_up': True, 'status': 'ACTIVE', 'external_gateway_info': {'network_id': '607b45ef-82a9-4868-ac2f-1bb9e0947fab', 'external_fixed_ips': [{'subnet_id': '6b4af3a1-be27-42df-97fc-cd5380d7fa2c', 'ip_address': '10.180.180.157'}], 'enable_snat': True}, 'description': '', 'availability_zones': [], 'distributed': False, 'ha': False, 'availability_zone_hints': [], 'routes': [], 'flavor_id': None, 'tags': [], 'created_at': '2025-03-11T14:11:09Z', 'updated_at': '2025-03-11T14:11:09Z', 'revision_number': 2, 'project_id': 'b379f8d8fd3d400988afc9f52e13e899'}
2025-03-11 14:11:10.466 69679 INFO tempest.lib.common.rest_client [req-cfc11852-f5c5-4841-9ea0-456f5e930881 req-cfc11852-f5c5-4841-9ea0-456f5e930881 ] Request (ServerTagsTestJSON:setUpClass): 200 GET http://10.180.1.21/compute/v2.1/servers/9971da56-8816-4274-8ee1-726a3608fcb8 0.141s
2025-03-11 14:11:10.517 69677 INFO tempest.lib.common.rest_client [req-af9a91d0-76d0-4e5b-a0ee-74a2e9e80d7b req-af9a91d0-76d0-4e5b-a0ee-74a2e9e80d7b ] Request (ServersTestFqdnHostnames:setUpClass): 201 POST http://10.180.1.21/identity/v3/auth/tokens 0.083s
2025-03-11 14:11:10.531 69639 INFO tempest.lib.common.rest_client [req-22863977-b2c5-4907-bb4f-8a78f239f686 req-22863977-b2c5-4907-bb4f-8a78f239f686 ] Request (ServersAdminNegativeTestJSON:tearDownClass): 200 GET http://10.180.1.21/compute/v2.1/servers/027ce8e3-fcd7-4ecb-804e-e7669cf5c8f3 0.169s
2025-03-11 14:11:10.587 69617 INFO tempest.lib.common.rest_client [req-b1462a19-ff7e-42b4-b52e-928a44388142 req-b1462a19-ff7e-42b4-b52e-928a44388142 ] Request (ServersAdminTestJSON:test_inject_network_info): 200 GET http://10.180.1.21/compute/v2.1/servers/2a5fca55-728c-40f0-99e4-d2a19cbeec98 0.191s
2025-03-11 14:11:10.646 69671 INFO tempest.lib.common.rest_client [req-8d3a0802-4cd9-49d9-a07a-b7a2dfeb46fe req-8d3a0802-4cd9-49d9-a07a-b7a2dfeb46fe ] Request (ImagesNegativeTestJSON:test_create_image_from_deleted_server): 200 GET http://10.180.1.21/compute/v2.1/servers/1de1db29-df8e-4de4-8d18-83f4ddd3357d 0.181s
2025-03-11 14:11:10.686 69643 INFO tempest.lib.common.rest_client [req-75d14be0-1e52-499d-b520-a28a5774da55 req-75d14be0-1e52-499d-b520-a28a5774da55 ] Request (ImagesTestJSON:test_create_image_from_suspended_server): 202 POST http://10.180.1.21/compute/v2.1/servers 0.394s
2025-03-11 14:11:10.750 69677 INFO tempest.lib.common.rest_client [req-1916cfb8-2800-4c6e-abe0-ff1f97a3dfca req-1916cfb8-2800-4c6e-abe0-ff1f97a3dfca ] Request (ServersTestFqdnHostnames:test_create_server_with_fqdn_name): 200 POST http://10.180.1.21/compute/v2.1/os-keypairs 0.231s
2025-03-11 14:11:10.762 69621 INFO tempest.lib.common.rest_client [req-68bbd62c-f14f-429b-81e4-4e28df8c8f0c req-68bbd62c-f14f-429b-81e4-4e28df8c8f0c ] Request (ServerDiskConfigTestJSON:test_rebuild_server_with_auto_disk_config): 200 GET http://10.180.1.21/compute/v2.1/servers/1ef70ab1-479b-4eaf-8e46-0662d9f3d12e 0.210s
2025-03-11 14:11:10.871 69677 INFO tempest.lib.common.rest_client [req-80a24856-23d2-4e42-b0cc-9bd2877db9d7 req-80a24856-23d2-4e42-b0cc-9bd2877db9d7 ] Request (ServersTestFqdnHostnames:test_create_server_with_fqdn_name): 201 POST http://10.180.1.21:9696/networking/v2.0/security-groups 0.119s
2025-03-11 14:11:10.926 69649 INFO tempest.lib.common.rest_client [req-2e1eab1e-3447-4153-9b5e-4ee73d545d9d req-2e1eab1e-3447-4153-9b5e-4ee73d545d9d ] Request (ListServersNegativeTestJSON:setUpClass): 200 GET http://10.180.1.21/compute/v2.1/servers/0ccd9dbc-38cb-4a6a-a55a-69632034b7e1 0.243s
2025-03-11 14:11:10.932 69649 INFO tempest.common.waiters [-] State transition "BUILD/block_device_mapping" ==> "BUILD/spawning" after 53 second wait
2025-03-11 14:11:10.974 69643 INFO tempest.lib.common.rest_client [req-03c60702-44f8-4199-8ae8-e148ad179b1a req-03c60702-44f8-4199-8ae8-e148ad179b1a ] Request (ImagesTestJSON:test_create_image_from_suspended_server): 200 GET http://10.180.1.21/compute/v2.1/servers/ef10624e-0d25-4240-b925-f7f99f212a8b 0.286s
2025-03-11 14:11:11.005 69677 INFO tempest.lib.common.rest_client [req-2aceafc0-a59e-4986-a719-eec77f87db43 req-2aceafc0-a59e-4986-a719-eec77f87db43 ] Request (ServersTestFqdnHostnames:test_create_server_with_fqdn_name): 201 POST http://10.180.1.21:9696/networking/v2.0/security-group-rules 0.133s
2025-03-11 14:11:11.037 69625 INFO tempest.lib.common.rest_client [req-5c137b98-a029-470f-9c4f-4ac1eb633e31 req-5c137b98-a029-470f-9c4f-4ac1eb633e31 ] Request (ImagesOneServerNegativeTestJSON:_run_cleanups): 200 GET http://10.180.1.21/compute/v2.1/servers/5d2fc2d4-b02c-45ed-addb-36766b55bf5d 0.093s
2025-03-11 14:11:11.055 69663 INFO tempest.lib.common.rest_client [req-97ea843c-ea10-40a3-a7e2-49df66fd8588 req-97ea843c-ea10-40a3-a7e2-49df66fd8588 ] Request (ServersTestMultiNic:_run_cleanups): 200 GET http://10.180.1.21/compute/v2.1/servers/02b8da67-2bd0-4e21-b052-b4748e26677f 0.391s
2025-03-11 14:11:11.106 69675 INFO tempest.lib.common.rest_client [req-85b3a00e-67e1-4c26-8503-28855aa4b413 req-85b3a00e-67e1-4c26-8503-28855aa4b413 ] Request (AttachInterfacesUnderV243Test:test_add_remove_fixed_ip): 200 GET http://10.180.1.21/compute/v2.1/servers/1d64138f-358b-41a0-855b-e92b53ae8fd0 0.136s
2025-03-11 14:11:11.128 69619 INFO tempest.lib.common.rest_client [req-48015fe0-ce61-435c-817f-9de90f6896f5 req-48015fe0-ce61-435c-817f-9de90f6896f5 ] Request (SecurityGroupsTestJSON:test_list_security_groups_by_server): 200 GET http://10.180.1.21/compute/v2.1/servers/3831d5ae-d59f-4199-be88-f4a8a37c623d 0.095s
2025-03-11 14:11:11.145 69677 INFO tempest.lib.common.rest_client [req-345f495e-1dfb-4b97-a218-6f5637e619c3 req-345f495e-1dfb-4b97-a218-6f5637e619c3 ] Request (ServersTestFqdnHostnames:test_create_server_with_fqdn_name): 201 POST http://10.180.1.21:9696/networking/v2.0/security-group-rules 0.139s
2025-03-11 14:11:11.191 69627 INFO tempest.lib.common.rest_client [req-f3b42a1f-68bf-40e4-bd7b-2fe7e6f59aae req-f3b42a1f-68bf-40e4-bd7b-2fe7e6f59aae ] Request (InstanceActionsNegativeTestJSON:setUpClass): 200 GET http://10.180.1.21/compute/v2.1/servers/325218ad-6e90-4211-99b5-6df5bb6ebd7d 0.064s
2025-03-11 14:11:11.313 69659 INFO tempest.lib.common.rest_client [req-c42d7ccd-6619-4748-bb13-9b47eae2ec06 req-c42d7ccd-6619-4748-bb13-9b47eae2ec06 ] Request (ImagesOneServerTestJSON:tearDownClass): 200 GET http://10.180.1.21/compute/v2.1/servers/5c94bddf-c87b-4512-b7e5-ab270a4d8848 0.111s
2025-03-11 14:11:11.324 69635 WARNING tempest.lib.common.ssh [-] Failed to establish authenticated ssh connection to cirros@10.180.180.132 ([Errno None] Unable to connect to port 22 on 10.180.180.132). Number attempts: 10. Retry after 11 seconds.: paramiko.ssh_exception.NoValidConnectionsError: [Errno None] Unable to connect to port 22 on 10.180.180.132
2025-03-11 14:11:11.329 69631 INFO tempest.lib.common.rest_client [req-92c72712-19e8-40d3-86f7-b53435247c8d req-92c72712-19e8-40d3-86f7-b53435247c8d ] Request (MigrationsAdminTest:test_resize_server_revert_deleted_flavor): 200 GET http://10.180.1.21/compute/v2.1/servers/665055ca-2209-41dd-84ee-98adb209c925 0.077s
2025-03-11 14:11:11.405 69633 INFO tempest.lib.common.rest_client [req-4455e5dd-e806-4a74-afa5-3b6f6423a6e0 req-4455e5dd-e806-4a74-afa5-3b6f6423a6e0 ] Request (ServerShowV254Test:test_rebuild_server): 200 GET http://10.180.1.21/compute/v2.1/servers/01cbc35b-115d-4fdd-9047-e1260bceb7d3 0.118s
2025-03-11 14:11:11.411 69665 INFO tempest.lib.common.rest_client [req-0c0b75f7-4040-47be-aaea-687804ca3df0 req-0c0b75f7-4040-47be-aaea-687804ca3df0 ] Request (ServerRescueTestJSON:test_rescue_unrescue_instance): 200 GET http://10.180.1.21/compute/v2.1/servers/aaa0201b-5e5b-4a35-a327-dfa54ca3400d 0.108s
2025-03-11 14:11:11.497 69645 INFO tempest.lib.common.rest_client [req-a1037fe4-7b5d-43c8-b0e0-beab17440c19 req-a1037fe4-7b5d-43c8-b0e0-beab17440c19 ] Request (ServerDiagnosticsTest:tearDownClass): 200 GET http://10.180.1.21/compute/v2.1/servers/5e95fc18-681b-44ce-88c4-b3fe4de06f0d 0.165s
2025-03-11 14:11:11.515 69651 INFO tempest.lib.common.rest_client [req-1ba70119-9a72-417e-8dc1-566ee128a11b req-1ba70119-9a72-417e-8dc1-566ee128a11b ] Request (AttachVolumeShelveTestJSON:test_attach_volume_shelved_or_offload_server): 200 GET http://10.180.1.21/compute/v2.1/servers/ab2dc89a-41e4-422f-8db5-fb01f06f49ef 0.110s
2025-03-11 14:11:11.565 69679 INFO tempest.lib.common.rest_client [req-b3a91ce4-86a9-41cf-94f1-de3839620f80 req-b3a91ce4-86a9-41cf-94f1-de3839620f80 ] Request (ServerTagsTestJSON:setUpClass): 200 GET http://10.180.1.21/compute/v2.1/servers/9971da56-8816-4274-8ee1-726a3608fcb8 0.085s
2025-03-11 14:11:11.604 69639 INFO tempest.lib.common.rest_client [req-1dc9eda1-e08c-417a-939b-64feef708d1b req-1dc9eda1-e08c-417a-939b-64feef708d1b ] Request (ServersAdminNegativeTestJSON:tearDownClass): 200 GET http://10.180.1.21/compute/v2.1/servers/027ce8e3-fcd7-4ecb-804e-e7669cf5c8f3 0.063s
2025-03-11 14:11:11.654 69617 INFO tempest.lib.common.rest_client [req-ebd27743-8380-48f9-b6bc-ca95d35e1fa1 req-ebd27743-8380-48f9-b6bc-ca95d35e1fa1 ] Request (ServersAdminTestJSON:test_inject_network_info): 200 GET http://10.180.1.21/compute/v2.1/servers/2a5fca55-728c-40f0-99e4-d2a19cbeec98 0.056s
2025-03-11 14:11:11.718 69671 INFO tempest.lib.common.rest_client [req-ca17e1f7-da0a-4c65-b893-6fa24f94d6a2 req-ca17e1f7-da0a-4c65-b893-6fa24f94d6a2 ] Request (ImagesNegativeTestJSON:test_create_image_from_deleted_server): 200 GET http://10.180.1.21/compute/v2.1/servers/1de1db29-df8e-4de4-8d18-83f4ddd3357d 0.059s
2025-03-11 14:11:11.830 69621 INFO tempest.lib.common.rest_client [req-302e174d-4cb8-4ec9-a9d6-d6a4cced0cfe req-302e174d-4cb8-4ec9-a9d6-d6a4cced0cfe ] Request (ServerDiskConfigTestJSON:test_rebuild_server_with_auto_disk_config): 200 GET http://10.180.1.21/compute/v2.1/servers/1ef70ab1-479b-4eaf-8e46-0662d9f3d12e 0.059s
2025-03-11 14:11:11.841 69641 WARNING tempest.lib.common.ssh [-] Failed to establish authenticated ssh connection to cirros@10.180.180.173 ([Errno None] Unable to connect to port 22 on 10.180.180.173). Number attempts: 1. Retry after 2 seconds.: paramiko.ssh_exception.NoValidConnectionsError: [Errno None] Unable to connect to port 22 on 10.180.180.173
2025-03-11 14:11:11.842 69677 INFO tempest.lib.common.rest_client [req-6059ac8b-d6ee-484b-8046-65a29ec68421 req-6059ac8b-d6ee-484b-8046-65a29ec68421 ] Request (ServersTestFqdnHostnames:test_create_server_with_fqdn_name): 201 POST http://10.180.1.21:9696/networking/v2.0/floatingips 0.696s
2025-03-11 14:11:11.876 69677 INFO tempest.lib.common.rest_client [req-a85b75c6-2886-440a-9b13-f0f2dc99e288 req-a85b75c6-2886-440a-9b13-f0f2dc99e288 ] Request (ServersTestFqdnHostnames:test_create_server_with_fqdn_name): 201 POST http://10.180.1.21/identity/v3/auth/tokens 0.031s
2025-03-11 14:11:11.877 69677 INFO tempest.lib.common.fixed_network [-] (ServersTestFqdnHostnames:test_create_server_with_fqdn_name) Found network {'id': '2a82825f-96a2-498a-856d-1ae419404044', 'name': 'tempest-ServersTestFqdnHostnames-1492684949-network', 'tenant_id': 'b379f8d8fd3d400988afc9f52e13e899', 'admin_state_up': True, 'mtu': 8950, 'status': 'ACTIVE', 'subnets': [], 'shared': False, 'project_id': 'b379f8d8fd3d400988afc9f52e13e899', 'port_security_enabled': True, 'router:external': False, 'provider:network_type': 'vlan', 'provider:physical_network': 'default', 'provider:segmentation_id': 438, 'availability_zone_hints': [], 'availability_zones': [], 'ipv4_address_scope': None, 'ipv6_address_scope': None, 'description': '', 'tags': [], 'created_at': '2025-03-11T14:11:08Z', 'updated_at': '2025-03-11T14:11:08Z', 'revision_number': 1} available for tenant
2025-03-11 14:11:12.032 69661 WARNING tempest.lib.common.ssh [-] Failed to establish authenticated ssh connection to cirros@10.180.180.245 ([Errno None] Unable to connect to port 22 on 10.180.180.245). Number attempts: 4. Retry after 5 seconds.: paramiko.ssh_exception.NoValidConnectionsError: [Errno None] Unable to connect to port 22 on 10.180.180.245
2025-03-11 14:11:12.126 69649 INFO tempest.lib.common.rest_client [req-7335fcaf-d714-4f09-82c7-c860fb2a735c req-7335fcaf-d714-4f09-82c7-c860fb2a735c ] Request (ListServersNegativeTestJSON:setUpClass): 200 GET http://10.180.1.21/compute/v2.1/servers/0ccd9dbc-38cb-4a6a-a55a-69632034b7e1 0.192s
2025-03-11 14:11:12.198 69643 INFO tempest.lib.common.rest_client [req-0685046c-1bcc-4bca-a17a-c9df8e94d28e req-0685046c-1bcc-4bca-a17a-c9df8e94d28e ] Request (ImagesTestJSON:test_create_image_from_suspended_server): 200 GET http://10.180.1.21/compute/v2.1/servers/ef10624e-0d25-4240-b925-f7f99f212a8b 0.210s
