2025-03-11 14:10:53.013 69631 INFO tempest.lib.common.rest_client [req-ff4c7052-9180-47f2-98b1-92ba2755ee7e req-ff4c7052-9180-47f2-98b1-92ba2755ee7e ] Request (MigrationsAdminTest:test_resize_server_revert_deleted_flavor): 200 GET http://10.180.1.21/compute/v2.1/servers/665055ca-2209-41dd-84ee-98adb209c925 0.220s
2025-03-11 14:10:53.027 69651 INFO tempest.lib.common.rest_client [req-7b2507da-7229-4265-898c-edc7882c2434 req-7b2507da-7229-4265-898c-edc7882c2434 ] Request (InstanceActionsV221TestJSON:tearDownClass): 200 GET http://10.180.1.21:9696/networking/v2.0/security-groups?tenant_id=2b39e4a7325e4111b7da89a20242f584&name=default 0.046s
2025-03-11 14:10:53.076 69679 INFO tempest.lib.common.rest_client [req-0101f9e3-857e-4daf-8f01-c5a7e9c8da47 req-0101f9e3-857e-4daf-8f01-c5a7e9c8da47 ] Request (ServerTagsTestJSON:setUpClass): 200 GET http://10.180.1.21/compute/v2.1/servers/9971da56-8816-4274-8ee1-726a3608fcb8 0.280s
2025-03-11 14:10:53.123 69617 INFO tempest.lib.common.rest_client [req-2616346e-752c-4775-be5a-0b79cd49beab req-2616346e-752c-4775-be5a-0b79cd49beab ] Request (ServersAdminTestJSON:test_inject_network_info): 200 GET http://10.180.1.21/compute/v2.1/servers/2a5fca55-728c-40f0-99e4-d2a19cbeec98 0.266s
2025-03-11 14:10:53.239 69651 INFO tempest.lib.common.rest_client [req-b5a648e4-abe6-4dbd-95df-59929c3a3815 req-b5a648e4-abe6-4dbd-95df-59929c3a3815 ] Request (InstanceActionsV221TestJSON:tearDownClass): 204 DELETE http://10.180.1.21:9696/networking/v2.0/security-groups/25081152-0e68-4bdc-8b46-3f0cba16d534 0.211s
2025-03-11 14:10:53.294 69663 INFO tempest.lib.common.rest_client [req-4a43803c-50f3-4d08-912c-fffb1accfd9d req-4a43803c-50f3-4d08-912c-fffb1accfd9d ] Request (ServersTestMultiNic:test_verify_duplicate_network_nics): 200 GET http://10.180.1.21/compute/v2.1/servers/02b8da67-2bd0-4e21-b052-b4748e26677f 0.376s
2025-03-11 14:10:53.300 69663 INFO tempest.common.waiters [-] State transition "BUILD/networking" ==> "BUILD/spawning" after 40 second wait
2025-03-11 14:10:53.394 69619 INFO tempest.lib.common.rest_client [req-d48a9a82-3988-4250-b4aa-b01b26216b09 req-d48a9a82-3988-4250-b4aa-b01b26216b09 ] Request (TenantUsagesTestJSON:tearDownClass): 200 GET http://10.180.1.21/compute/v2.1/servers/e591ffdf-b855-4c8c-a85d-55c3e8128ecc 0.429s
2025-03-11 14:10:53.468 69621 INFO tempest.lib.common.rest_client [req-fafe6039-fa75-4409-a6a5-644e1a558d44 req-fafe6039-fa75-4409-a6a5-644e1a558d44 ] Request (ServerDiskConfigTestJSON:test_rebuild_server_with_auto_disk_config): 200 GET http://10.180.1.21/compute/v2.1/servers/1ef70ab1-479b-4eaf-8e46-0662d9f3d12e 0.476s
2025-03-11 14:10:53.472 69651 INFO tempest.lib.common.rest_client [req-209ab1af-0de1-4f57-83ac-e6d8c7526d1a req-209ab1af-0de1-4f57-83ac-e6d8c7526d1a ] Request (InstanceActionsV221TestJSON:tearDownClass): 204 DELETE http://10.180.1.21/identity/v3/projects/2b39e4a7325e4111b7da89a20242f584 0.232s
2025-03-11 14:10:53.506 69643 INFO tempest.lib.common.rest_client [req-ed57d3ea-b7c8-45da-8223-784bf06d477c req-ed57d3ea-b7c8-45da-8223-784bf06d477c ] Request (ImagesTestJSON:test_create_image_from_stopped_server): 202 POST http://10.180.1.21/compute/v2.1/servers/074290d5-554d-4a86-b52b-53e6a114dac6/action 0.742s
2025-03-11 14:10:53.535 69641 INFO tempest.lib.common.rest_client [req-c8b13e66-db34-46d5-b331-df1d6673bd2e req-c8b13e66-db34-46d5-b331-df1d6673bd2e ] Request (AttachVolumeTestJSON:test_attach_detach_volume): 200 GET http://10.180.1.21/compute/v2.1/servers/8eb26ee5-ddc5-4739-a01d-ba1f534b8f7c 0.478s
2025-03-11 14:10:53.561 69649 INFO tempest.lib.common.rest_client [req-8eae9041-c507-43cc-a3a0-04620f1dd5a2 req-8eae9041-c507-43cc-a3a0-04620f1dd5a2 ] Request (ListServersNegativeTestJSON:setUpClass): 200 GET http://10.180.1.21/compute/v2.1/servers/0ccd9dbc-38cb-4a6a-a55a-69632034b7e1 0.498s
2025-03-11 14:10:53.582 69651 INFO tempest.lib.common.rest_client [req-8f47c32d-8104-41a6-ac15-2339899590c4 req-8f47c32d-8104-41a6-ac15-2339899590c4 ] Request (AttachVolumeShelveTestJSON:setUpClass): 201 POST http://10.180.1.21/identity/v3/auth/tokens 0.107s
2025-03-11 14:10:53.589 69625 INFO tempest.lib.common.rest_client [req-bdd1876a-4cf4-469c-86c0-40359cb87a06 req-bdd1876a-4cf4-469c-86c0-40359cb87a06 ] Request (ImagesOneServerNegativeTestJSON:_run_cleanups): 200 GET http://10.180.1.21/compute/v2.1/servers/5d2fc2d4-b02c-45ed-addb-36766b55bf5d 0.481s
2025-03-11 14:10:53.616 69651 INFO tempest.lib.common.rest_client [req-0aa81469-6a9f-45e6-b7f6-0690fc271a43 req-0aa81469-6a9f-45e6-b7f6-0690fc271a43 ] Request (AttachVolumeShelveTestJSON:setUpClass): 201 POST http://10.180.1.21/identity/v3/auth/tokens 0.032s
2025-03-11 14:10:53.623 69659 INFO tempest.lib.common.rest_client [req-7d007ce3-59d2-4ffb-bec5-b1a101bab3d2 req-7d007ce3-59d2-4ffb-bec5-b1a101bab3d2 ] Request (ImagesOneServerTestJSON:tearDownClass): 200 GET http://10.180.1.21/compute/v2.1/servers/5c94bddf-c87b-4512-b7e5-ab270a4d8848 0.493s
2025-03-11 14:10:53.644 69653 INFO tempest.lib.common.rest_client [req-cdc4493d-3355-4edc-9be4-13004a99d3f3 req-cdc4493d-3355-4edc-9be4-13004a99d3f3 ] Request (ServerShowV257Test:tearDownClass): 404 GET http://10.180.1.21/compute/v2.1/servers/d31edcc0-475f-4f82-98bd-6070655bb7b9 0.445s
2025-03-11 14:10:53.647 69677 INFO tempest.lib.common.rest_client [req-1a4fe3d4-38a1-4cd6-9d4f-a80138ae5ec2 req-1a4fe3d4-38a1-4cd6-9d4f-a80138ae5ec2 ] Request (DeleteServersAdminTestJSON:test_delete_server_while_in_error_state): 200 GET http://10.180.1.21/compute/v2.1/servers/394819e1-618e-4143-ac2b-72183da86403 0.475s
2025-03-11 14:10:53.661 69651 INFO tempest.lib.common.rest_client [req-a6c14473-9e5e-478d-8a7e-7ac29c40e9bd req-a6c14473-9e5e-478d-8a7e-7ac29c40e9bd ] Request (AttachVolumeShelveTestJSON:setUpClass): 200 GET http://10.180.1.21/identity/v3/domains?name=Default 0.044s
2025-03-11 14:10:53.706 69651 INFO tempest.lib.common.rest_client [req-e896d54f-b7b9-455d-a0a8-dbbbef1e49c7 req-e896d54f-b7b9-455d-a0a8-dbbbef1e49c7 ] Request (AttachVolumeShelveTestJSON:setUpClass): 201 POST http://10.180.1.21/identity/v3/projects 0.044s
2025-03-11 14:10:53.747 69627 INFO tempest.lib.common.rest_client [req-a23ca746-1d6d-4e59-bab6-9f83c0c78f04 req-a23ca746-1d6d-4e59-bab6-9f83c0c78f04 ] Request (InstanceActionsNegativeTestJSON:setUpClass): 200 GET http://10.180.1.21/compute/v2.1/servers/325218ad-6e90-4211-99b5-6df5bb6ebd7d 0.519s
2025-03-11 14:10:53.748 69675 INFO tempest.lib.common.rest_client [req-1e6785b3-a24c-4659-b5dd-ba685b850b4b req-1e6785b3-a24c-4659-b5dd-ba685b850b4b ] Request (AttachInterfacesUnderV243Test:test_add_remove_fixed_ip): 200 GET http://10.180.1.21/compute/v2.1/servers/1d64138f-358b-41a0-855b-e92b53ae8fd0 0.455s
2025-03-11 14:10:53.780 69653 INFO tempest.lib.common.rest_client [req-07d7f47b-485d-407b-9047-2e854f4c6c43 req-07d7f47b-485d-407b-9047-2e854f4c6c43 ] Request (ServerShowV257Test:tearDownClass): 204 DELETE http://10.180.1.21/identity/v3/users/c86839f2f89b4e88a214adcdb16e957e 0.135s
2025-03-11 14:10:53.781 69653 INFO tempest.lib.common.dynamic_creds [-] Deleting project and security group for project: 26b2d1c4dbee4492986496b582156cdc
2025-03-11 14:10:53.786 69643 INFO tempest.lib.common.rest_client [req-31b74a5c-4853-400e-88e6-3c1a208f4532 req-31b74a5c-4853-400e-88e6-3c1a208f4532 ] Request (ImagesTestJSON:test_create_image_from_stopped_server): 200 GET http://10.180.1.21/compute/v2.1/images/8f8d59dc-f63b-4ef5-9b42-ca8623ac1a49 0.279s
2025-03-11 14:10:53.803 69645 INFO tempest.lib.common.rest_client [req-325c42f3-f6bc-45b6-b2e6-37694b97d3fb req-325c42f3-f6bc-45b6-b2e6-37694b97d3fb ] Request (ServerDiagnosticsTest:tearDownClass): 200 GET http://10.180.1.21/compute/v2.1/servers/5e95fc18-681b-44ce-88c4-b3fe4de06f0d 0.342s
2025-03-11 14:10:53.804 69651 INFO tempest.lib.common.rest_client [req-e8ca9dd1-6097-4d1b-85c7-1feb3ebb8ffb req-e8ca9dd1-6097-4d1b-85c7-1feb3ebb8ffb ] Request (AttachVolumeShelveTestJSON:setUpClass): 201 POST http://10.180.1.21/identity/v3/users 0.097s
2025-03-11 14:10:53.836 69653 INFO tempest.lib.common.rest_client [req-815f5a98-ccc4-4230-bb6e-ef3212df4a1e req-815f5a98-ccc4-4230-bb6e-ef3212df4a1e ] Request (ServerShowV257Test:tearDownClass): 201 POST http://10.180.1.21/identity/v3/auth/tokens 0.054s
2025-03-11 14:10:53.857 69651 INFO tempest.lib.common.rest_client [req-56e70bb6-3527-49c3-8f5e-cb929c5bc10e req-56e70bb6-3527-49c3-8f5e-cb929c5bc10e ] Request (AttachVolumeShelveTestJSON:setUpClass): 200 GET http://10.180.1.21/identity/v3/roles 0.053s
2025-03-11 14:10:53.867 69633 INFO tempest.lib.common.rest_client [req-cb16ff08-a80b-4273-8e81-bb6c9facf2c1 req-cb16ff08-a80b-4273-8e81-bb6c9facf2c1 ] Request (ServerShowV254Test:test_rebuild_server): 200 GET http://10.180.1.21/compute/v2.1/servers/01cbc35b-115d-4fdd-9047-e1260bceb7d3 0.055s
2025-03-11 14:10:53.876 69633 INFO tempest.common.waiters [-] State transition "BUILD/scheduling" ==> "BUILD/None" after 24 second wait
2025-03-11 14:10:53.883 69651 INFO tempest.lib.common.rest_client [req-32c8432d-0173-404f-b678-be2d8efe8829 req-32c8432d-0173-404f-b678-be2d8efe8829 ] Request (AttachVolumeShelveTestJSON:setUpClass): 204 PUT http://10.180.1.21/identity/v3/projects/d85ae7902cf7486c80a24382834bceb4/users/0b1d3ca037094951864f9b1dd9041461/roles/aa55d1a75ea94b2e81549290782e6f84 0.025s
2025-03-11 14:10:53.883 69651 INFO tempest.lib.common.dynamic_creds [-] Dynamic test user 0b1d3ca037094951864f9b1dd9041461 is created with scope project and roles: ['member']
2025-03-11 14:10:53.883 69651 INFO tempest.lib.common.dynamic_creds [-] Acquired dynamic creds: credentials: Credentials: {'domain_id': 'default', 'domain_name': 'Default', 'username': 'tempest-AttachVolumeShelveTestJSON-1798213301-project-member', 'project_domain_id': 'default', 'project_domain_name': 'Default', 'project_id': 'd85ae7902cf7486c80a24382834bceb4', 'project_name': 'tempest-AttachVolumeShelveTestJSON-1798213301', 'tenant_id': 'd85ae7902cf7486c80a24382834bceb4', 'tenant_name': 'tempest-AttachVolumeShelveTestJSON-1798213301', 'user_domain_id': 'default', 'user_domain_name': 'Default', 'user_id': '0b1d3ca037094951864f9b1dd9041461', 'system': None}, Network: None, Subnet: None, Router: None
2025-03-11 14:10:53.933 69665 INFO tempest.lib.common.rest_client [req-40dce41c-24f3-4fb9-a5c3-6e32838cf0aa req-40dce41c-24f3-4fb9-a5c3-6e32838cf0aa ] Request (ServerRescueTestJSON:test_rescue_unrescue_instance): 200 GET http://10.180.1.21/compute/v2.1/servers/aaa0201b-5e5b-4a35-a327-dfa54ca3400d 0.061s
2025-03-11 14:10:53.937 69651 INFO tempest.lib.common.rest_client [req-a1d19248-5c1b-460a-848e-3c404e1e5627 req-a1d19248-5c1b-460a-848e-3c404e1e5627 ] Request (AttachVolumeShelveTestJSON:setUpClass): 201 POST http://10.180.1.21/identity/v3/auth/tokens 0.053s
2025-03-11 14:10:54.137 69671 INFO tempest.lib.common.rest_client [req-8f7a5dfa-595b-4b85-8bab-3471ef127a62 req-8f7a5dfa-595b-4b85-8bab-3471ef127a62 ] Request (ImagesNegativeTestJSON:test_create_image_from_deleted_server): 200 GET http://10.180.1.21/compute/v2.1/servers/1de1db29-df8e-4de4-8d18-83f4ddd3357d 0.165s
2025-03-11 14:10:54.175 69653 INFO tempest.lib.common.rest_client [req-f1549ad9-7b17-4f19-918b-db5c8ec0d436 req-f1549ad9-7b17-4f19-918b-db5c8ec0d436 ] Request (ServerShowV257Test:tearDownClass): 200 GET http://10.180.1.21:9696/networking/v2.0/security-groups?tenant_id=26b2d1c4dbee4492986496b582156cdc&name=default 0.338s
2025-03-11 14:10:54.207 69631 INFO tempest.lib.common.rest_client [req-303c0c61-9e5a-41c3-b763-9d8af2964be8 req-303c0c61-9e5a-41c3-b763-9d8af2964be8 ] Request (MigrationsAdminTest:test_resize_server_revert_deleted_flavor): 200 GET http://10.180.1.21/compute/v2.1/servers/665055ca-2209-41dd-84ee-98adb209c925 0.182s
2025-03-11 14:10:54.223 69639 INFO tempest.lib.common.rest_client [req-d38d36e1-5044-410c-be88-3805c5628c95 req-d38d36e1-5044-410c-be88-3805c5628c95 ] Request (ServersAdminNegativeTestJSON:test_migrate_server_invalid_state): 200 GET http://10.180.1.21/compute/v2.1/servers/027ce8e3-fcd7-4ecb-804e-e7669cf5c8f3 0.330s
2025-03-11 14:10:54.230 69639 INFO tempest.common.waiters [-] State transition "BUILD/spawning" ==> "ACTIVE/None" after 42 second wait
2025-03-11 14:10:54.269 69679 INFO tempest.lib.common.rest_client [req-a4cbb9f1-7621-47d8-b836-dc703a0f8fae req-a4cbb9f1-7621-47d8-b836-dc703a0f8fae ] Request (ServerTagsTestJSON:setUpClass): 200 GET http://10.180.1.21/compute/v2.1/servers/9971da56-8816-4274-8ee1-726a3608fcb8 0.181s
2025-03-11 14:10:54.279 69617 INFO tempest.lib.common.rest_client [req-21df5fb7-b012-4309-a1f7-da558fec4a4d req-21df5fb7-b012-4309-a1f7-da558fec4a4d ] Request (ServersAdminTestJSON:test_inject_network_info): 200 GET http://10.180.1.21/compute/v2.1/servers/2a5fca55-728c-40f0-99e4-d2a19cbeec98 0.147s
2025-03-11 14:10:54.289 69653 INFO tempest.lib.common.rest_client [req-19a4127c-74dd-43b1-8351-612af8d0df6b req-19a4127c-74dd-43b1-8351-612af8d0df6b ] Request (ServerShowV257Test:tearDownClass): 204 DELETE http://10.180.1.21:9696/networking/v2.0/security-groups/366f7ca3-e4f7-4df9-b79c-7173e4f7d37c 0.114s
2025-03-11 14:10:54.380 69639 INFO tempest.lib.common.rest_client [req-7555a47e-be22-43b2-aeca-ea2efc49f4f4 req-7555a47e-be22-43b2-aeca-ea2efc49f4f4 ] Request (ServersAdminNegativeTestJSON:test_migrate_server_invalid_state): 202 POST http://10.180.1.21/compute/v2.1/servers/027ce8e3-fcd7-4ecb-804e-e7669cf5c8f3/action 0.149s
2025-03-11 14:10:54.388 69653 INFO tempest.lib.common.rest_client [req-a01ba027-92a0-48de-88ac-a1500cf36468 req-a01ba027-92a0-48de-88ac-a1500cf36468 ] Request (ServerShowV257Test:tearDownClass): 204 DELETE http://10.180.1.21/identity/v3/projects/26b2d1c4dbee4492986496b582156cdc 0.098s
2025-03-11 14:10:54.430 69651 INFO tempest.lib.common.rest_client [req-5f42b895-18d5-491f-96e5-7afed5425f4f req-5f42b895-18d5-491f-96e5-7afed5425f4f ] Request (AttachVolumeShelveTestJSON:setUpClass): 201 POST http://10.180.1.21:9696/networking/v2.0/networks 0.492s
2025-03-11 14:10:54.443 69663 INFO tempest.lib.common.rest_client [req-393e2585-f080-4bfb-81c8-9d51124b6bd6 req-393e2585-f080-4bfb-81c8-9d51124b6bd6 ] Request (ServersTestMultiNic:test_verify_duplicate_network_nics): 200 GET http://10.180.1.21/compute/v2.1/servers/02b8da67-2bd0-4e21-b052-b4748e26677f 0.140s
2025-03-11 14:10:54.526 69619 INFO tempest.lib.common.rest_client [req-a34ec0be-0101-49fa-9bae-15e731d587f3 req-a34ec0be-0101-49fa-9bae-15e731d587f3 ] Request (TenantUsagesTestJSON:tearDownClass): 200 GET http://10.180.1.21/compute/v2.1/servers/e591ffdf-b855-4c8c-a85d-55c3e8128ecc 0.120s
2025-03-11 14:10:54.580 69621 INFO tempest.lib.common.rest_client [req-47210fc6-c716-4232-a47f-0c704b255eea req-47210fc6-c716-4232-a47f-0c704b255eea ] Request (ServerDiskConfigTestJSON:test_rebuild_server_with_auto_disk_config): 200 GET http://10.180.1.21/compute/v2.1/servers/1ef70ab1-479b-4eaf-8e46-0662d9f3d12e 0.105s
2025-03-11 14:10:54.637 69641 INFO tempest.lib.common.rest_client [req-09220021-1228-480a-9394-d93e04f3a778 req-09220021-1228-480a-9394-d93e04f3a778 ] Request (AttachVolumeTestJSON:test_attach_detach_volume): 200 GET http://10.180.1.21/compute/v2.1/servers/8eb26ee5-ddc5-4739-a01d-ba1f534b8f7c 0.094s
2025-03-11 14:10:54.655 69639 INFO tempest.lib.common.rest_client [req-94009165-8f5d-404d-9f22-becb66e638da req-94009165-8f5d-404d-9f22-becb66e638da ] Request (ServersAdminNegativeTestJSON:test_migrate_server_invalid_state): 200 GET http://10.180.1.21/compute/v2.1/servers/027ce8e3-fcd7-4ecb-804e-e7669cf5c8f3 0.275s
2025-03-11 14:10:54.670 69651 INFO tempest.lib.common.rest_client [req-81fd5136-84a2-4398-b386-4395d62dc7c0 req-81fd5136-84a2-4398-b386-4395d62dc7c0 ] Request (AttachVolumeShelveTestJSON:setUpClass): 201 POST http://10.180.1.21:9696/networking/v2.0/subnets 0.240s
2025-03-11 14:10:54.710 69649 INFO tempest.lib.common.rest_client [req-9c79abad-4e88-4a2a-b91d-f7ef90dd099f req-9c79abad-4e88-4a2a-b91d-f7ef90dd099f ] Request (ListServersNegativeTestJSON:setUpClass): 200 GET http://10.180.1.21/compute/v2.1/servers/0ccd9dbc-38cb-4a6a-a55a-69632034b7e1 0.138s
2025-03-11 14:10:54.718 69625 INFO tempest.lib.common.rest_client [req-37b1cd15-9f16-408e-a38e-52a7b7b9b021 req-37b1cd15-9f16-408e-a38e-52a7b7b9b021 ] Request (ImagesOneServerNegativeTestJSON:_run_cleanups): 200 GET http://10.180.1.21/compute/v2.1/servers/5d2fc2d4-b02c-45ed-addb-36766b55bf5d 0.116s
2025-03-11 14:10:54.754 69661 WARNING tempest.lib.common.ssh [-] Failed to establish authenticated ssh connection to cirros@10.180.180.245 ([Errno None] Unable to connect to port 22 on 10.180.180.245). Number attempts: 1. Retry after 2 seconds.: paramiko.ssh_exception.NoValidConnectionsError: [Errno None] Unable to connect to port 22 on 10.180.180.245
2025-03-11 14:10:54.773 69659 INFO tempest.lib.common.rest_client [req-639faa0f-3afa-4c26-aae8-0fdc8b51d346 req-639faa0f-3afa-4c26-aae8-0fdc8b51d346 ] Request (ImagesOneServerTestJSON:tearDownClass): 200 GET http://10.180.1.21/compute/v2.1/servers/5c94bddf-c87b-4512-b7e5-ab270a4d8848 0.143s
2025-03-11 14:10:54.784 69677 INFO tempest.lib.common.rest_client [req-0d831155-463d-421c-8839-84027523c960 req-0d831155-463d-421c-8839-84027523c960 ] Request (DeleteServersAdminTestJSON:test_delete_server_while_in_error_state): 200 GET http://10.180.1.21/compute/v2.1/servers/394819e1-618e-4143-ac2b-72183da86403 0.124s
2025-03-11 14:10:55.049 69675 INFO tempest.lib.common.rest_client [req-3eceb033-c82f-48aa-a965-3d23e229550a req-3eceb033-c82f-48aa-a965-3d23e229550a ] Request (AttachInterfacesUnderV243Test:test_add_remove_fixed_ip): 200 GET http://10.180.1.21/compute/v2.1/servers/1d64138f-358b-41a0-855b-e92b53ae8fd0 0.292s
2025-03-11 14:10:55.051 69627 INFO tempest.lib.common.rest_client [req-b3a93f89-e4fd-4809-b98c-02b37d2262bd req-b3a93f89-e4fd-4809-b98c-02b37d2262bd ] Request (InstanceActionsNegativeTestJSON:setUpClass): 200 GET http://10.180.1.21/compute/v2.1/servers/325218ad-6e90-4211-99b5-6df5bb6ebd7d 0.296s
2025-03-11 14:10:55.091 69643 INFO tempest.lib.common.rest_client [req-e261dcae-2588-4713-8710-7f9a6ff5dc49 req-e261dcae-2588-4713-8710-7f9a6ff5dc49 ] Request (ImagesTestJSON:test_create_image_from_stopped_server): 200 GET http://10.180.1.21/compute/v2.1/images/8f8d59dc-f63b-4ef5-9b42-ca8623ac1a49 0.299s
2025-03-11 14:10:55.127 69645 INFO tempest.lib.common.rest_client [req-4be63a3e-3e67-4d34-bec1-69b8266a2071 req-4be63a3e-3e67-4d34-bec1-69b8266a2071 ] Request (ServerDiagnosticsTest:tearDownClass): 200 GET http://10.180.1.21/compute/v2.1/servers/5e95fc18-681b-44ce-88c4-b3fe4de06f0d 0.317s
2025-03-11 14:10:55.164 69633 INFO tempest.lib.common.rest_client [req-a04c3859-35a6-4ada-9a75-06683bda3d94 req-a04c3859-35a6-4ada-9a75-06683bda3d94 ] Request (ServerShowV254Test:test_rebuild_server): 200 GET http://10.180.1.21/compute/v2.1/servers/01cbc35b-115d-4fdd-9047-e1260bceb7d3 0.287s
2025-03-11 14:10:55.186 69665 INFO tempest.lib.common.rest_client [req-b1609411-46d7-4b15-bfcf-90bbca54f778 req-b1609411-46d7-4b15-bfcf-90bbca54f778 ] Request (ServerRescueTestJSON:test_rescue_unrescue_instance): 200 GET http://10.180.1.21/compute/v2.1/servers/aaa0201b-5e5b-4a35-a327-dfa54ca3400d 0.246s
2025-03-11 14:10:55.275 69631 INFO tempest.lib.common.rest_client [req-75372257-ecb8-4b4e-ab85-9ceb540a6d14 req-75372257-ecb8-4b4e-ab85-9ceb540a6d14 ] Request (MigrationsAdminTest:test_resize_server_revert_deleted_flavor): 200 GET http://10.180.1.21/compute/v2.1/servers/665055ca-2209-41dd-84ee-98adb209c925 0.060s
2025-03-11 14:10:55.297 69671 INFO tempest.lib.common.rest_client [req-656904ef-54ec-435b-811e-cf64ccaa49a6 req-656904ef-54ec-435b-811e-cf64ccaa49a6 ] Request (ImagesNegativeTestJSON:test_create_image_from_deleted_server): 200 GET http://10.180.1.21/compute/v2.1/servers/1de1db29-df8e-4de4-8d18-83f4ddd3357d 0.149s
2025-03-11 14:10:55.338 69679 INFO tempest.lib.common.rest_client [req-0235101f-1e66-44c4-8ecb-f32e502cee95 req-0235101f-1e66-44c4-8ecb-f32e502cee95 ] Request (ServerTagsTestJSON:setUpClass): 200 GET http://10.180.1.21/compute/v2.1/servers/9971da56-8816-4274-8ee1-726a3608fcb8 0.059s
2025-03-11 14:10:55.358 69617 INFO tempest.lib.common.rest_client [req-eec90fd4-eb17-4f12-a8bc-ed664be27907 req-eec90fd4-eb17-4f12-a8bc-ed664be27907 ] Request (ServersAdminTestJSON:test_inject_network_info): 200 GET http://10.180.1.21/compute/v2.1/servers/2a5fca55-728c-40f0-99e4-d2a19cbeec98 0.070s
2025-03-11 14:10:55.647 69619 INFO tempest.lib.common.rest_client [req-7363bc9c-fa3e-4565-8f74-1df96b16b22c req-7363bc9c-fa3e-4565-8f74-1df96b16b22c ] Request (TenantUsagesTestJSON:tearDownClass): 200 GET http://10.180.1.21/compute/v2.1/servers/e591ffdf-b855-4c8c-a85d-55c3e8128ecc 0.113s
2025-03-11 14:10:55.715 69663 INFO tempest.lib.common.rest_client [req-b9ab4045-0d77-463b-b550-43a6f1983e62 req-b9ab4045-0d77-463b-b550-43a6f1983e62 ] Request (ServersTestMultiNic:test_verify_duplicate_network_nics): 200 GET http://10.180.1.21/compute/v2.1/servers/02b8da67-2bd0-4e21-b052-b4748e26677f 0.260s
2025-03-11 14:10:55.715 69621 INFO tempest.lib.common.rest_client [req-9c17fb32-2d6c-4516-8114-4a1a42175101 req-9c17fb32-2d6c-4516-8114-4a1a42175101 ] Request (ServerDiskConfigTestJSON:test_rebuild_server_with_auto_disk_config): 200 GET http://10.180.1.21/compute/v2.1/servers/1ef70ab1-479b-4eaf-8e46-0662d9f3d12e 0.128s
2025-03-11 14:10:55.722 69621 INFO tempest.common.waiters [-] State transition "BUILD/scheduling" ==> "BUILD/None" after 23 second wait
2025-03-11 14:10:55.784 69641 INFO tempest.lib.common.rest_client [req-82f630df-adf3-4176-8499-564ae551621e req-82f630df-adf3-4176-8499-564ae551621e ] Request (AttachVolumeTestJSON:test_attach_detach_volume): 200 GET http://10.180.1.21/compute/v2.1/servers/8eb26ee5-ddc5-4739-a01d-ba1f534b8f7c 0.134s
2025-03-11 14:10:55.854 69649 INFO tempest.lib.common.rest_client [req-2b0d3752-5c05-4823-b9ab-51957b3b9960 req-2b0d3752-5c05-4823-b9ab-51957b3b9960 ] Request (ListServersNegativeTestJSON:setUpClass): 200 GET http://10.180.1.21/compute/v2.1/servers/0ccd9dbc-38cb-4a6a-a55a-69632034b7e1 0.132s
2025-03-11 14:10:55.893 69639 INFO tempest.lib.common.rest_client [req-033e623e-7aa3-45c9-a68c-c85e527637ba req-033e623e-7aa3-45c9-a68c-c85e527637ba ] Request (ServersAdminNegativeTestJSON:test_migrate_server_invalid_state): 200 GET http://10.180.1.21/compute/v2.1/servers/027ce8e3-fcd7-4ecb-804e-e7669cf5c8f3 0.223s
2025-03-11 14:10:55.921 69625 INFO tempest.lib.common.rest_client [req-769c6c41-0668-4875-a476-d10c0e85167f req-769c6c41-0668-4875-a476-d10c0e85167f ] Request (ImagesOneServerNegativeTestJSON:_run_cleanups): 200 GET http://10.180.1.21/compute/v2.1/servers/5d2fc2d4-b02c-45ed-addb-36766b55bf5d 0.192s
2025-03-11 14:10:55.985 69677 INFO tempest.lib.common.rest_client [req-cfe89e74-7404-4530-92f7-efba9dc5130d req-cfe89e74-7404-4530-92f7-efba9dc5130d ] Request (DeleteServersAdminTestJSON:test_delete_server_while_in_error_state): 200 GET http://10.180.1.21/compute/v2.1/servers/394819e1-618e-4143-ac2b-72183da86403 0.192s
2025-03-11 14:10:56.078 69651 INFO tempest.lib.common.rest_client [req-68595974-2393-4fac-9858-2e96772f9689 req-68595974-2393-4fac-9858-2e96772f9689 ] Request (AttachVolumeShelveTestJSON:setUpClass): 201 POST http://10.180.1.21:9696/networking/v2.0/routers 1.407s
2025-03-11 14:10:56.125 69675 INFO tempest.lib.common.rest_client [req-fe69c408-e352-4331-92f2-d69a9915fb1a req-fe69c408-e352-4331-92f2-d69a9915fb1a ] Request (AttachInterfacesUnderV243Test:test_add_remove_fixed_ip): 200 GET http://10.180.1.21/compute/v2.1/servers/1d64138f-358b-41a0-855b-e92b53ae8fd0 0.069s
2025-03-11 14:10:56.197 69659 INFO tempest.lib.common.rest_client [req-9efdf830-78ed-416d-b164-c1e28eac5fa4 req-9efdf830-78ed-416d-b164-c1e28eac5fa4 ] Request (ImagesOneServerTestJSON:tearDownClass): 200 GET http://10.180.1.21/compute/v2.1/servers/5c94bddf-c87b-4512-b7e5-ab270a4d8848 0.415s
2025-03-11 14:10:56.200 69627 INFO tempest.lib.common.rest_client [req-c07b66c0-a88e-4be9-ab94-5c1ccacb6bdc req-c07b66c0-a88e-4be9-ab94-5c1ccacb6bdc ] Request (InstanceActionsNegativeTestJSON:setUpClass): 200 GET http://10.180.1.21/compute/v2.1/servers/325218ad-6e90-4211-99b5-6df5bb6ebd7d 0.142s
2025-03-11 14:10:56.238 69643 INFO tempest.lib.common.rest_client [req-ef330b5c-2878-4bdd-a371-b1788913399e req-ef330b5c-2878-4bdd-a371-b1788913399e ] Request (ImagesTestJSON:test_create_image_from_stopped_server): 200 GET http://10.180.1.21/compute/v2.1/images/8f8d59dc-f63b-4ef5-9b42-ca8623ac1a49 0.144s
2025-03-11 14:10:56.268 69645 INFO tempest.lib.common.rest_client [req-7d8d8c76-68ec-46b8-b5ee-09cc87482f74 req-7d8d8c76-68ec-46b8-b5ee-09cc87482f74 ] Request (ServerDiagnosticsTest:tearDownClass): 200 GET http://10.180.1.21/compute/v2.1/servers/5e95fc18-681b-44ce-88c4-b3fe4de06f0d 0.132s
2025-03-11 14:10:56.288 69633 INFO tempest.lib.common.rest_client [req-d4516b40-10d7-4a9b-94cd-9bef8c93edf0 req-d4516b40-10d7-4a9b-94cd-9bef8c93edf0 ] Request (ServerShowV254Test:test_rebuild_server): 200 GET http://10.180.1.21/compute/v2.1/servers/01cbc35b-115d-4fdd-9047-e1260bceb7d3 0.114s
2025-03-11 14:10:56.322 69665 INFO tempest.lib.common.rest_client [req-9193d8b1-9735-481c-a0c4-5dc642036419 req-9193d8b1-9735-481c-a0c4-5dc642036419 ] Request (ServerRescueTestJSON:test_rescue_unrescue_instance): 200 GET http://10.180.1.21/compute/v2.1/servers/aaa0201b-5e5b-4a35-a327-dfa54ca3400d 0.125s
2025-03-11 14:10:56.337 69631 INFO tempest.lib.common.rest_client [req-c530da58-90eb-43b2-8dfc-7f08f20c7f69 req-c530da58-90eb-43b2-8dfc-7f08f20c7f69 ] Request (MigrationsAdminTest:test_resize_server_revert_deleted_flavor): 200 GET http://10.180.1.21/compute/v2.1/servers/665055ca-2209-41dd-84ee-98adb209c925 0.048s
2025-03-11 14:10:56.426 69671 INFO tempest.lib.common.rest_client [req-8059e022-40d0-4329-887d-62a6dbecdcd6 req-8059e022-40d0-4329-887d-62a6dbecdcd6 ] Request (ImagesNegativeTestJSON:test_create_image_from_deleted_server): 200 GET http://10.180.1.21/compute/v2.1/servers/1de1db29-df8e-4de4-8d18-83f4ddd3357d 0.121s
2025-03-11 14:10:56.428 69679 INFO tempest.lib.common.rest_client [req-df33fec9-ca55-48a6-ba33-fc214daec9e8 req-df33fec9-ca55-48a6-ba33-fc214daec9e8 ] Request (ServerTagsTestJSON:setUpClass): 200 GET http://10.180.1.21/compute/v2.1/servers/9971da56-8816-4274-8ee1-726a3608fcb8 0.080s
2025-03-11 14:10:56.486 69617 INFO tempest.lib.common.rest_client [req-2f686252-5ff5-44b8-b2a2-a6f1716d82df req-2f686252-5ff5-44b8-b2a2-a6f1716d82df ] Request (ServersAdminTestJSON:test_inject_network_info): 200 GET http://10.180.1.21/compute/v2.1/servers/2a5fca55-728c-40f0-99e4-d2a19cbeec98 0.119s
2025-03-11 14:10:56.750 69619 INFO tempest.lib.common.rest_client [req-3bd4a79f-f715-483b-999e-90f8fe804e10 req-3bd4a79f-f715-483b-999e-90f8fe804e10 ] Request (TenantUsagesTestJSON:tearDownClass): 200 GET http://10.180.1.21/compute/v2.1/servers/e591ffdf-b855-4c8c-a85d-55c3e8128ecc 0.095s
2025-03-11 14:10:56.805 69621 INFO tempest.lib.common.rest_client [req-88b5a645-ab92-427b-98b6-cea3b15efdce req-88b5a645-ab92-427b-98b6-cea3b15efdce ] Request (ServerDiskConfigTestJSON:test_rebuild_server_with_auto_disk_config): 200 GET http://10.180.1.21/compute/v2.1/servers/1ef70ab1-479b-4eaf-8e46-0662d9f3d12e 0.081s
2025-03-11 14:10:56.942 69663 INFO tempest.lib.common.rest_client [req-bd9203dc-c8cb-4bfb-a540-662d49e53659 req-bd9203dc-c8cb-4bfb-a540-662d49e53659 ] Request (ServersTestMultiNic:test_verify_duplicate_network_nics): 200 GET http://10.180.1.21/compute/v2.1/servers/02b8da67-2bd0-4e21-b052-b4748e26677f 0.218s
2025-03-11 14:10:57.029 69649 INFO tempest.lib.common.rest_client [req-b9c17463-edf0-40d6-88e9-809671bd8dd5 req-b9c17463-edf0-40d6-88e9-809671bd8dd5 ] Request (ListServersNegativeTestJSON:setUpClass): 200 GET http://10.180.1.21/compute/v2.1/servers/0ccd9dbc-38cb-4a6a-a55a-69632034b7e1 0.165s
2025-03-11 14:10:57.077 69641 INFO tempest.lib.common.rest_client [req-7e7cb165-d7a5-4c06-b1b4-ea9c1d9ed188 req-7e7cb165-d7a5-4c06-b1b4-ea9c1d9ed188 ] Request (AttachVolumeTestJSON:test_attach_detach_volume): 200 GET http://10.180.1.21/compute/v2.1/servers/8eb26ee5-ddc5-4739-a01d-ba1f534b8f7c 0.277s
2025-03-11 14:10:57.086 69641 INFO tempest.common.waiters [-] State transition "BUILD/None" ==> "BUILD/networking" after 44 second wait
2025-03-11 14:10:57.175 69625 INFO tempest.lib.common.rest_client [req-fb2ec91b-b13b-47f8-bf39-1a62a8b5ec68 req-fb2ec91b-b13b-47f8-bf39-1a62a8b5ec68 ] Request (ImagesOneServerNegativeTestJSON:_run_cleanups): 200 GET http://10.180.1.21/compute/v2.1/servers/5d2fc2d4-b02c-45ed-addb-36766b55bf5d 0.237s
2025-03-11 14:10:57.205 69639 INFO tempest.lib.common.rest_client [req-e2bd96e0-3cc5-4443-bd95-44c7b84b6738 req-e2bd96e0-3cc5-4443-bd95-44c7b84b6738 ] Request (ServersAdminNegativeTestJSON:test_migrate_server_invalid_state): 200 GET http://10.180.1.21/compute/v2.1/servers/027ce8e3-fcd7-4ecb-804e-e7669cf5c8f3 0.297s
2025-03-11 14:10:57.214 69639 INFO tempest.common.waiters [-] State transition "ACTIVE/suspending" ==> "SUSPENDED/None" after 3 second wait
2025-03-11 14:10:57.250 69677 INFO tempest.lib.common.rest_client [req-4ab885af-44cb-4e7a-9d44-d95af17a9b36 req-4ab885af-44cb-4e7a-9d44-d95af17a9b36 ] Request (DeleteServersAdminTestJSON:test_delete_server_while_in_error_state): 200 GET http://10.180.1.21/compute/v2.1/servers/394819e1-618e-4143-ac2b-72183da86403 0.255s
2025-03-11 14:10:57.278 69675 INFO tempest.lib.common.rest_client [req-0625095c-f62e-4b25-9a04-27b274c6f64e req-0625095c-f62e-4b25-9a04-27b274c6f64e ] Request (AttachInterfacesUnderV243Test:test_add_remove_fixed_ip): 200 GET http://10.180.1.21/compute/v2.1/servers/1d64138f-358b-41a0-855b-e92b53ae8fd0 0.144s
2025-03-11 14:10:57.324 69659 INFO tempest.lib.common.rest_client [req-63a0d3db-caea-46a2-8c94-91fdc8726f65 req-63a0d3db-caea-46a2-8c94-91fdc8726f65 ] Request (ImagesOneServerTestJSON:tearDownClass): 200 GET http://10.180.1.21/compute/v2.1/servers/5c94bddf-c87b-4512-b7e5-ab270a4d8848 0.119s
2025-03-11 14:10:57.348 69627 INFO tempest.lib.common.rest_client [req-8d4b0a74-e315-4f30-ac1f-630ab16d5eed req-8d4b0a74-e315-4f30-ac1f-630ab16d5eed ] Request (InstanceActionsNegativeTestJSON:setUpClass): 200 GET http://10.180.1.21/compute/v2.1/servers/325218ad-6e90-4211-99b5-6df5bb6ebd7d 0.141s
2025-03-11 14:10:57.411 69643 INFO tempest.lib.common.rest_client [req-2a8a9d22-aeec-4a7d-9e54-ebdb1db2e66a req-2a8a9d22-aeec-4a7d-9e54-ebdb1db2e66a ] Request (ImagesTestJSON:test_create_image_from_stopped_server): 200 GET http://10.180.1.21/compute/v2.1/images/8f8d59dc-f63b-4ef5-9b42-ca8623ac1a49 0.168s
2025-03-11 14:10:57.414 69639 INFO tempest.lib.common.rest_client [req-5764b1d2-5279-4563-bcc3-a916fd4b2b10 req-5764b1d2-5279-4563-bcc3-a916fd4b2b10 ] Request (ServersAdminNegativeTestJSON:test_migrate_server_invalid_state): 409 POST http://10.180.1.21/compute/v2.1/servers/027ce8e3-fcd7-4ecb-804e-e7669cf5c8f3/action 0.200s
2025-03-11 14:10:57.495 69633 INFO tempest.lib.common.rest_client [req-1ed9fb7d-ed72-44fa-aa08-12fc76626408 req-1ed9fb7d-ed72-44fa-aa08-12fc76626408 ] Request (ServerShowV254Test:test_rebuild_server): 200 GET http://10.180.1.21/compute/v2.1/servers/01cbc35b-115d-4fdd-9047-e1260bceb7d3 0.195s
2025-03-11 14:10:57.505 69645 INFO tempest.lib.common.rest_client [req-b22685fb-282b-4b17-bda2-7f8f201c3844 req-b22685fb-282b-4b17-bda2-7f8f201c3844 ] Request (ServerDiagnosticsTest:tearDownClass): 200 GET http://10.180.1.21/compute/v2.1/servers/5e95fc18-681b-44ce-88c4-b3fe4de06f0d 0.228s
2025-03-11 14:10:57.623 69631 INFO tempest.lib.common.rest_client [req-cd289d92-3abd-4712-98d2-af02879d7838 req-cd289d92-3abd-4712-98d2-af02879d7838 ] Request (MigrationsAdminTest:test_resize_server_revert_deleted_flavor): 200 GET http://10.180.1.21/compute/v2.1/servers/665055ca-2209-41dd-84ee-98adb209c925 0.278s
2025-03-11 14:10:57.627 69665 INFO tempest.lib.common.rest_client [req-bc77c434-3035-4e80-9b01-dd3837a41db4 req-bc77c434-3035-4e80-9b01-dd3837a41db4 ] Request (ServerRescueTestJSON:test_rescue_unrescue_instance): 200 GET http://10.180.1.21/compute/v2.1/servers/aaa0201b-5e5b-4a35-a327-dfa54ca3400d 0.296s
2025-03-11 14:10:57.640 69639 INFO tempest.lib.common.rest_client [req-7d25d35b-385c-4003-9dd5-1415cabf0635 req-7d25d35b-385c-4003-9dd5-1415cabf0635 ] Request (ServersAdminNegativeTestJSON:test_reset_state_server_invalid_state): 400 POST http://10.180.1.21/compute/v2.1/servers/0f8a22c8-b592-42f5-a57f-807e117ec4d6/action 0.224s
2025-03-11 14:10:57.721 69679 INFO tempest.lib.common.rest_client [req-74907278-ce5d-480e-af44-c5b98782971e req-74907278-ce5d-480e-af44-c5b98782971e ] Request (ServerTagsTestJSON:setUpClass): 200 GET http://10.180.1.21/compute/v2.1/servers/9971da56-8816-4274-8ee1-726a3608fcb8 0.279s
2025-03-11 14:10:57.724 69671 INFO tempest.lib.common.rest_client [req-9b9b6d54-9fd7-4d8f-92fe-f8c46f4ce7fa req-9b9b6d54-9fd7-4d8f-92fe-f8c46f4ce7fa ] Request (ImagesNegativeTestJSON:test_create_image_from_deleted_server): 200 GET http://10.180.1.21/compute/v2.1/servers/1de1db29-df8e-4de4-8d18-83f4ddd3357d 0.291s
2025-03-11 14:10:57.729 69639 INFO tempest.lib.common.rest_client [req-85f378df-2dd7-44dd-bebf-44f7ae52a73d req-85f378df-2dd7-44dd-bebf-44f7ae52a73d ] Request (ServersAdminNegativeTestJSON:test_reset_state_server_invalid_type): 400 POST http://10.180.1.21/compute/v2.1/servers/0f8a22c8-b592-42f5-a57f-807e117ec4d6/action 0.087s
2025-03-11 14:10:57.730 69651 INFO tempest.lib.common.rest_client [req-3689325f-4924-4954-89b5-37352a812cbb req-3689325f-4924-4954-89b5-37352a812cbb ] Request (AttachVolumeShelveTestJSON:setUpClass): 200 PUT http://10.180.1.21:9696/networking/v2.0/routers/ede9dbbf-1e86-4ef6-857c-ee4ac0d77f26/add_router_interface 1.651s
2025-03-11 14:10:57.730 69651 INFO tempest.lib.common.dynamic_creds [-] Created isolated network resources for: credentials: Credentials: {'domain_id': 'default', 'domain_name': 'Default', 'username': 'tempest-AttachVolumeShelveTestJSON-1798213301-project-member', 'project_domain_id': 'default', 'project_domain_name': 'Default', 'project_id': 'd85ae7902cf7486c80a24382834bceb4', 'project_name': 'tempest-AttachVolumeShelveTestJSON-1798213301', 'tenant_id': 'd85ae7902cf7486c80a24382834bceb4', 'tenant_name': 'tempest-AttachVolumeShelveTestJSON-1798213301', 'user_domain_id': 'default', 'user_domain_name': 'Default', 'user_id': '0b1d3ca037094951864f9b1dd9041461', 'system': None}, Network: {'id': 'cdf057ff-f178-4d33-b8eb-d98d2f2698db', 'name': 'tempest-AttachVolumeShelveTestJSON-795692188-network', 'tenant_id': 'd85ae7902cf7486c80a24382834bceb4', 'admin_state_up': True, 'mtu': 8950, 'status': 'ACTIVE', 'subnets': [], 'shared': False, 'project_id': 'd85ae7902cf7486c80a24382834bceb4', 'port_security_enabled': True, 'router:external': False, 'provider:network_type': 'vlan', 'provider:physical_network': 'default', 'provider:segmentation_id': 733, 'availability_zone_hints': [], 'availability_zones': [], 'ipv4_address_scope': None, 'ipv6_address_scope': None, 'description': '', 'tags': [], 'created_at': '2025-03-11T14:10:54Z', 'updated_at': '2025-03-11T14:10:54Z', 'revision_number': 1}, Subnet: {'id': 'c66ae403-8fd2-4112-9681-c99e9a5938eb', 'name': 'tempest-AttachVolumeShelveTestJSON-795692188-subnet', 'tenant_id': 'd85ae7902cf7486c80a24382834bceb4', 'network_id': 'cdf057ff-f178-4d33-b8eb-d98d2f2698db', 'ip_version': 4, 'subnetpool_id': None, 'enable_dhcp': True, 'ipv6_ra_mode': None, 'ipv6_address_mode': None, 'gateway_ip': '192.168.128.1', 'cidr': '192.168.128.0/28', 'allocation_pools': [{'start': '192.168.128.2', 'end': '192.168.128.14'}], 'host_routes': [], 'dns_nameservers': [], 'description': '', 'router:external': False, 'service_types': [], 'tags': [], 'created_at': '2025-03-11T14:10:54Z', 'updated_at': '2025-03-11T14:10:54Z', 'revision_number': 0, 'project_id': 'd85ae7902cf7486c80a24382834bceb4'}, Router: {'id': 'ede9dbbf-1e86-4ef6-857c-ee4ac0d77f26', 'name': 'tempest-AttachVolumeShelveTestJSON-795692188-router', 'tenant_id': 'd85ae7902cf7486c80a24382834bceb4', 'admin_state_up': True, 'status': 'ACTIVE', 'external_gateway_info': {'network_id': '607b45ef-82a9-4868-ac2f-1bb9e0947fab', 'external_fixed_ips': [{'subnet_id': '6b4af3a1-be27-42df-97fc-cd5380d7fa2c', 'ip_address': '10.180.180.193'}], 'enable_snat': True}, 'description': '', 'availability_zones': [], 'distributed': False, 'ha': False, 'availability_zone_hints': [], 'routes': [], 'flavor_id': None, 'tags': [], 'created_at': '2025-03-11T14:10:54Z', 'updated_at': '2025-03-11T14:10:55Z', 'revision_number': 2, 'project_id': 'd85ae7902cf7486c80a24382834bceb4'}
2025-03-11 14:10:57.738 69671 INFO tempest.common.waiters [-] State transition "ACTIVE/deleting" ==> "DELETED/None" after 5 second wait
2025-03-11 14:10:57.744 69639 INFO tempest.lib.common.rest_client [req-1be51fbc-2947-4e66-84f8-d1e27e6250f9 req-1be51fbc-2947-4e66-84f8-d1e27e6250f9 ] Request (ServersAdminNegativeTestJSON:test_reset_state_server_nonexistent_server): 404 POST http://10.180.1.21/compute/v2.1/servers/999/action 0.014s
2025-03-11 14:10:57.778 69617 INFO tempest.lib.common.rest_client [req-9503e44b-2faf-485a-bb3e-26c944f7587b req-9503e44b-2faf-485a-bb3e-26c944f7587b ] Request (ServersAdminTestJSON:test_inject_network_info): 200 GET http://10.180.1.21/compute/v2.1/servers/2a5fca55-728c-40f0-99e4-d2a19cbeec98 0.284s
2025-03-11 14:10:57.825 69661 WARNING tempest.lib.common.ssh [-] Failed to establish authenticated ssh connection to cirros@10.180.180.245 ([Errno None] Unable to connect to port 22 on 10.180.180.245). Number attempts: 2. Retry after 3 seconds.: paramiko.ssh_exception.NoValidConnectionsError: [Errno None] Unable to connect to port 22 on 10.180.180.245
2025-03-11 14:10:57.837 69619 INFO tempest.lib.common.rest_client [req-46323600-47f0-43ae-8e78-ca8c3658414d req-46323600-47f0-43ae-8e78-ca8c3658414d ] Request (TenantUsagesTestJSON:tearDownClass): 200 GET http://10.180.1.21/compute/v2.1/servers/e591ffdf-b855-4c8c-a85d-55c3e8128ecc 0.077s
2025-03-11 14:10:57.840 69651 INFO tempest.lib.common.rest_client [req-4472fb59-7d5b-4bb7-b508-4f6ac2809da1 req-4472fb59-7d5b-4bb7-b508-4f6ac2809da1 ] Request (AttachVolumeShelveTestJSON:setUpClass): 201 POST http://10.180.1.21/identity/v3/auth/tokens 0.104s
2025-03-11 14:10:57.886 69621 INFO tempest.lib.common.rest_client [req-3ea10e24-0f98-41b5-9820-7add41523132 req-3ea10e24-0f98-41b5-9820-7add41523132 ] Request (ServerDiskConfigTestJSON:test_rebuild_server_with_auto_disk_config): 200 GET http://10.180.1.21/compute/v2.1/servers/1ef70ab1-479b-4eaf-8e46-0662d9f3d12e 0.071s
2025-03-11 14:10:57.914 69639 INFO tempest.lib.common.rest_client [req-306a2c80-1b16-4dd7-8d32-97ae937176fb req-306a2c80-1b16-4dd7-8d32-97ae937176fb ] Request (ServersAdminNegativeTestJSON:test_resize_server_using_overlimit_ram): 200 GET http://10.180.1.21/compute/v2.1/os-quota-sets/c85c672ebbfc4c719d75bc8143a2fe44 0.167s
2025-03-11 14:10:57.942 69639 INFO tempest.lib.common.rest_client [req-ba85a012-30a3-40c2-a1a1-aa0d8695f7c5 req-ba85a012-30a3-40c2-a1a1-aa0d8695f7c5 ] Request (ServersAdminNegativeTestJSON:test_resize_server_using_overlimit_ram): 200 POST http://10.180.1.21/compute/v2.1/flavors 0.025s
2025-03-11 14:10:57.974 69651 INFO tempest.lib.common.rest_client [req-1573561d-c0c9-4a78-819e-ffc2f6423b82 req-1573561d-c0c9-4a78-819e-ffc2f6423b82 ] Request (ValidationResourcesFixture:setUp): 201 POST http://10.180.1.21/compute/v2.1/os-keypairs 0.131s
2025-03-11 14:10:58.112 69663 INFO tempest.lib.common.rest_client [req-d3df3350-9f46-4bf8-9b94-6278bb81cd44 req-d3df3350-9f46-4bf8-9b94-6278bb81cd44 ] Request (ServersTestMultiNic:test_verify_duplicate_network_nics): 200 GET http://10.180.1.21/compute/v2.1/servers/02b8da67-2bd0-4e21-b052-b4748e26677f 0.156s
2025-03-11 14:10:58.164 69649 INFO tempest.lib.common.rest_client [req-9a63e166-3707-412a-a49d-80d928a1b8cf req-9a63e166-3707-412a-a49d-80d928a1b8cf ] Request (ListServersNegativeTestJSON:setUpClass): 200 GET http://10.180.1.21/compute/v2.1/servers/0ccd9dbc-38cb-4a6a-a55a-69632034b7e1 0.115s
2025-03-11 14:10:58.169 69651 INFO tempest.lib.common.rest_client [req-7d96671b-9cdf-446a-b261-483b9e126431 req-7d96671b-9cdf-446a-b261-483b9e126431 ] Request (ValidationResourcesFixture:setUp): 201 POST http://10.180.1.21:9696/networking/v2.0/security-groups 0.194s
2025-03-11 14:10:58.282 69641 INFO tempest.lib.common.rest_client [req-0c467e44-c8d1-467d-aaa7-986dfc89d4ef req-0c467e44-c8d1-467d-aaa7-986dfc89d4ef ] Request (AttachVolumeTestJSON:test_attach_detach_volume): 200 GET http://10.180.1.21/compute/v2.1/servers/8eb26ee5-ddc5-4739-a01d-ba1f534b8f7c 0.194s
2025-03-11 14:10:58.287 69651 INFO tempest.lib.common.rest_client [req-496810c3-6dc0-48e5-b44f-fb104a626d52 req-496810c3-6dc0-48e5-b44f-fb104a626d52 ] Request (ValidationResourcesFixture:setUp): 201 POST http://10.180.1.21:9696/networking/v2.0/security-group-rules 0.117s
2025-03-11 14:10:58.290 69641 INFO tempest.common.waiters [-] State transition "BUILD/networking" ==> "BUILD/spawning" after 45 second wait
2025-03-11 14:10:58.295 69639 INFO tempest.lib.common.rest_client [req-7185ebe3-a294-4a0f-9799-4fff3f5e05cb req-7185ebe3-a294-4a0f-9799-4fff3f5e05cb ] Request (ServersAdminNegativeTestJSON:test_resize_server_using_overlimit_ram): 403 POST http://10.180.1.21/compute/v2.1/servers/0f8a22c8-b592-42f5-a57f-807e117ec4d6/action 0.350s
2025-03-11 14:10:58.334 69625 INFO tempest.lib.common.rest_client [req-83776e59-5d42-479b-80ea-3faa1c76288e req-83776e59-5d42-479b-80ea-3faa1c76288e ] Request (ImagesOneServerNegativeTestJSON:_run_cleanups): 200 GET http://10.180.1.21/compute/v2.1/servers/5d2fc2d4-b02c-45ed-addb-36766b55bf5d 0.149s
2025-03-11 14:10:58.356 69677 INFO tempest.lib.common.rest_client [req-6861a343-dbd5-4d65-97b7-4ebe97d3d337 req-6861a343-dbd5-4d65-97b7-4ebe97d3d337 ] Request (DeleteServersAdminTestJSON:test_delete_server_while_in_error_state): 200 GET http://10.180.1.21/compute/v2.1/servers/394819e1-618e-4143-ac2b-72183da86403 0.093s
2025-03-11 14:10:58.375 69639 INFO tempest.lib.common.rest_client [req-b4092346-79ca-478b-b6a9-17fda19ce168 req-b4092346-79ca-478b-b6a9-17fda19ce168 ] Request (ServersAdminNegativeTestJSON:_run_cleanups): 202 DELETE http://10.180.1.21/compute/v2.1/flavors/218598804 0.079s
2025-03-11 14:10:58.387 69675 INFO tempest.lib.common.rest_client [req-80206479-d1eb-4dba-bda6-37409eb23de4 req-80206479-d1eb-4dba-bda6-37409eb23de4 ] Request (AttachInterfacesUnderV243Test:test_add_remove_fixed_ip): 200 GET http://10.180.1.21/compute/v2.1/servers/1d64138f-358b-41a0-855b-e92b53ae8fd0 0.101s
2025-03-11 14:10:58.409 69651 INFO tempest.lib.common.rest_client [req-207222eb-32be-40fb-aa65-6e7a3ef9bcb0 req-207222eb-32be-40fb-aa65-6e7a3ef9bcb0 ] Request (ValidationResourcesFixture:setUp): 201 POST http://10.180.1.21:9696/networking/v2.0/security-group-rules 0.121s
2025-03-11 14:10:58.439 69659 INFO tempest.lib.common.rest_client [req-31090fc4-2d65-49e6-8e60-d28cf842ad33 req-31090fc4-2d65-49e6-8e60-d28cf842ad33 ] Request (ImagesOneServerTestJSON:tearDownClass): 200 GET http://10.180.1.21/compute/v2.1/servers/5c94bddf-c87b-4512-b7e5-ab270a4d8848 0.103s
2025-03-11 14:10:58.444 69627 INFO tempest.lib.common.rest_client [req-ce17dc89-5352-4dac-89e6-7a48ac5eb89e req-ce17dc89-5352-4dac-89e6-7a48ac5eb89e ] Request (InstanceActionsNegativeTestJSON:setUpClass): 200 GET http://10.180.1.21/compute/v2.1/servers/325218ad-6e90-4211-99b5-6df5bb6ebd7d 0.087s
2025-03-11 14:10:58.465 69639 INFO tempest.lib.common.rest_client [req-b4ec7169-7419-487a-bdc2-7931441b49b7 req-b4ec7169-7419-487a-bdc2-7931441b49b7 ] Request (ServersAdminNegativeTestJSON:_run_cleanups): 200 GET http://10.180.1.21/compute/v2.1/flavors/detail 0.090s
2025-03-11 14:10:58.489 69643 INFO tempest.lib.common.rest_client [req-4ac9ea2e-2091-4eaf-9485-6433d19afebe req-4ac9ea2e-2091-4eaf-9485-6433d19afebe ] Request (ImagesTestJSON:test_create_image_from_stopped_server): 200 GET http://10.180.1.21/compute/v2.1/images/8f8d59dc-f63b-4ef5-9b42-ca8623ac1a49 0.071s
2025-03-11 14:10:58.517 69639 INFO tempest.lib.common.rest_client [req-77a3b209-1b9d-4810-a892-fc44a3a357e5 req-77a3b209-1b9d-4810-a892-fc44a3a357e5 ] Request (ServersAdminNegativeTestJSON:test_resize_server_using_overlimit_vcpus): 200 GET http://10.180.1.21/compute/v2.1/os-quota-sets/c85c672ebbfc4c719d75bc8143a2fe44 0.046s
2025-03-11 14:10:58.530 69629 WARNING tempest.lib.common.ssh [-] Failed to establish authenticated ssh connection to cirros@10.180.180.252 ([Errno None] Unable to connect to port 22 on 10.180.180.252). Number attempts: 8. Retry after 9 seconds.: paramiko.ssh_exception.NoValidConnectionsError: [Errno None] Unable to connect to port 22 on 10.180.180.252
2025-03-11 14:10:58.588 69633 INFO tempest.lib.common.rest_client [req-52b0e81a-9ce9-470c-8a85-238769a91ebd req-52b0e81a-9ce9-470c-8a85-238769a91ebd ] Request (ServerShowV254Test:test_rebuild_server): 200 GET http://10.180.1.21/compute/v2.1/servers/01cbc35b-115d-4fdd-9047-e1260bceb7d3 0.080s
2025-03-11 14:10:58.602 69645 INFO tempest.lib.common.rest_client [req-874edcc6-83d4-4dc8-9dcd-7301083060a3 req-874edcc6-83d4-4dc8-9dcd-7301083060a3 ] Request (ServerDiagnosticsTest:tearDownClass): 200 GET http://10.180.1.21/compute/v2.1/servers/5e95fc18-681b-44ce-88c4-b3fe4de06f0d 0.086s
2025-03-11 14:10:58.612 69639 INFO tempest.lib.common.rest_client [req-feac1fb0-f3fa-4c44-be77-6984f3fff106 req-feac1fb0-f3fa-4c44-be77-6984f3fff106 ] Request (ServersAdminNegativeTestJSON:test_resize_server_using_overlimit_vcpus): 200 POST http://10.180.1.21/compute/v2.1/flavors 0.092s
2025-03-11 14:10:58.697 69631 INFO tempest.lib.common.rest_client [req-4aeef55b-965f-4e4e-9bb5-b96ca1b34190 req-4aeef55b-965f-4e4e-9bb5-b96ca1b34190 ] Request (MigrationsAdminTest:test_resize_server_revert_deleted_flavor): 200 GET http://10.180.1.21/compute/v2.1/servers/665055ca-2209-41dd-84ee-98adb209c925 0.059s
2025-03-11 14:10:58.742 69639 INFO tempest.lib.common.rest_client [req-b66a0bf6-805d-4085-b323-1bbef4751c14 req-b66a0bf6-805d-4085-b323-1bbef4751c14 ] Request (ServersAdminNegativeTestJSON:test_resize_server_using_overlimit_vcpus): 403 POST http://10.180.1.21/compute/v2.1/servers/0f8a22c8-b592-42f5-a57f-807e117ec4d6/action 0.126s
2025-03-11 14:10:58.747 69665 INFO tempest.lib.common.rest_client [req-3f6dc15a-33b6-4ba0-96ac-78325c8122c7 req-3f6dc15a-33b6-4ba0-96ac-78325c8122c7 ] Request (ServerRescueTestJSON:test_rescue_unrescue_instance): 200 GET http://10.180.1.21/compute/v2.1/servers/aaa0201b-5e5b-4a35-a327-dfa54ca3400d 0.108s
2025-03-11 14:10:58.799 69679 INFO tempest.lib.common.rest_client [req-a6654828-6474-487b-ab8e-4d543aac58af req-a6654828-6474-487b-ab8e-4d543aac58af ] Request (ServerTagsTestJSON:setUpClass): 200 GET http://10.180.1.21/compute/v2.1/servers/9971da56-8816-4274-8ee1-726a3608fcb8 0.059s
2025-03-11 14:10:58.831 69639 INFO tempest.lib.common.rest_client [req-c1238345-5483-4a2f-bd42-3d58e670ee23 req-c1238345-5483-4a2f-bd42-3d58e670ee23 ] Request (ServersAdminNegativeTestJSON:_run_cleanups): 202 DELETE http://10.180.1.21/compute/v2.1/flavors/1510641408 0.088s
2025-03-11 14:10:58.912 69637 WARNING tempest.lib.common.ssh [-] Failed to establish authenticated ssh connection to cirros@10.180.180.248 ([Errno None] Unable to connect to port 22 on 10.180.180.248). Number attempts: 10. Retry after 11 seconds.: paramiko.ssh_exception.NoValidConnectionsError: [Errno None] Unable to connect to port 22 on 10.180.180.248
2025-03-11 14:10:58.961 69651 INFO tempest.lib.common.rest_client [req-388cd96b-fdb2-4a36-b2cc-2f249ddfb26a req-388cd96b-fdb2-4a36-b2cc-2f249ddfb26a ] Request (ValidationResourcesFixture:setUp): 201 POST http://10.180.1.21:9696/networking/v2.0/floatingips 0.551s
2025-03-11 14:10:59.014 69651 INFO tempest.lib.common.rest_client [req-fedb5815-e328-43ce-8dd4-5b08a34d9d28 req-fedb5815-e328-43ce-8dd4-5b08a34d9d28 ] Request (AttachVolumeShelveTestJSON:test_attach_volume_shelved_or_offload_server): 201 POST http://10.180.1.21/identity/v3/auth/tokens 0.047s
2025-03-11 14:10:59.014 69651 INFO tempest.lib.common.fixed_network [-] (AttachVolumeShelveTestJSON:test_attach_volume_shelved_or_offload_server) Found network {'id': 'cdf057ff-f178-4d33-b8eb-d98d2f2698db', 'name': 'tempest-AttachVolumeShelveTestJSON-795692188-network', 'tenant_id': 'd85ae7902cf7486c80a24382834bceb4', 'admin_state_up': True, 'mtu': 8950, 'status': 'ACTIVE', 'subnets': [], 'shared': False, 'project_id': 'd85ae7902cf7486c80a24382834bceb4', 'port_security_enabled': True, 'router:external': False, 'provider:network_type': 'vlan', 'provider:physical_network': 'default', 'provider:segmentation_id': 733, 'availability_zone_hints': [], 'availability_zones': [], 'ipv4_address_scope': None, 'ipv6_address_scope': None, 'description': '', 'tags': [], 'created_at': '2025-03-11T14:10:54Z', 'updated_at': '2025-03-11T14:10:54Z', 'revision_number': 1} available for tenant
2025-03-11 14:10:59.059 69671 INFO tempest.lib.common.rest_client [req-0e170878-8c33-43c7-9e4c-96d85caaedca req-0e170878-8c33-43c7-9e4c-96d85caaedca ] Request (ImagesNegativeTestJSON:test_create_image_from_deleted_server): 200 GET http://10.180.1.21/compute/v2.1/servers/1de1db29-df8e-4de4-8d18-83f4ddd3357d 0.320s
2025-03-11 14:10:59.082 69617 INFO tempest.lib.common.rest_client [req-936421b2-9842-469b-a2e9-41e37e2c3138 req-936421b2-9842-469b-a2e9-41e37e2c3138 ] Request (ServersAdminTestJSON:test_inject_network_info): 200 GET http://10.180.1.21/compute/v2.1/servers/2a5fca55-728c-40f0-99e4-d2a19cbeec98 0.294s
2025-03-11 14:10:59.089 69639 INFO tempest.lib.common.rest_client [req-737e2fda-8578-45ba-9190-3c054513ac9f req-737e2fda-8578-45ba-9190-3c054513ac9f ] Request (ServersAdminNegativeTestJSON:_run_cleanups): 200 GET http://10.180.1.21/compute/v2.1/flavors/detail 0.258s
2025-03-11 14:10:59.111 69619 INFO tempest.lib.common.rest_client [req-9eea5cc5-23ce-4201-a7ec-f8696b29e0dc req-9eea5cc5-23ce-4201-a7ec-f8696b29e0dc ] Request (TenantUsagesTestJSON:tearDownClass): 404 GET http://10.180.1.21/compute/v2.1/servers/e591ffdf-b855-4c8c-a85d-55c3e8128ecc 0.266s
