2025-03-11 14:09:46.225 69645 INFO tempest.lib.common.rest_client [req-3909d43c-6646-4162-8789-677e9d8cc771 req-3909d43c-6646-4162-8789-677e9d8cc771 ] Request (ServerDiagnosticsTest:test_get_server_diagnostics): 201 POST http://10.180.1.21/identity/v3/auth/tokens 0.075s
2025-03-11 14:09:46.225 69645 INFO tempest.lib.common.fixed_network [-] (ServerDiagnosticsTest:test_get_server_diagnostics) Found network None available for tenant
2025-03-11 14:09:46.263 69659 INFO tempest.lib.common.rest_client [req-62dbabc7-68bf-4401-b581-b2017416569e req-62dbabc7-68bf-4401-b581-b2017416569e ] Request (ImagesOneServerTestJSON:setUpClass): 200 GET http://10.180.1.21/compute/v2.1/servers/5c94bddf-c87b-4512-b7e5-ab270a4d8848 1.876s
2025-03-11 14:09:46.317 69661 INFO tempest.lib.common.rest_client [req-a3eaec89-8703-4ed9-abc4-c4f0571c851e req-a3eaec89-8703-4ed9-abc4-c4f0571c851e ] Request (ServersTestBootFromVolume:setUpClass): 200 GET http://10.180.1.21/volume/v3/volumes/04da9cbd-9abb-4f64-9488-c55e20c91c14 0.044s
2025-03-11 14:09:46.319 69633 INFO tempest.lib.common.rest_client [req-693d064e-6526-41dc-916d-1d494cdf8b46 req-693d064e-6526-41dc-916d-1d494cdf8b46 ] Request (ImagesMetadataTestJSON:setUp): 200 PUT http://10.180.1.21/compute/v2.1/images/3b4b1aaf-1efe-41ac-b301-5d68118f26a4/metadata 2.093s
2025-03-11 14:09:46.394 69675 INFO tempest.lib.common.rest_client [req-6b89d1bb-1c6f-43f6-881d-c61b4f030483 req-6b89d1bb-1c6f-43f6-881d-c61b4f030483 ] Request (ServersAdmin275Test:_run_cleanups): 200 GET http://10.180.1.21/compute/v2.1/servers/40bc1ca1-dcb3-4d03-8e57-290e21f30e93 1.943s
2025-03-11 14:09:46.396 69679 INFO tempest.lib.common.rest_client [req-e32e5b62-5dce-480e-a712-dec891762228 req-e32e5b62-5dce-480e-a712-dec891762228 ] Request (AttachInterfacesV270Test:tearDownClass): 200 GET http://10.180.1.21/compute/v2.1/servers/8bb97c0a-e052-4844-937c-f26c2bd28b33 1.851s
2025-03-11 14:09:46.404 69675 INFO tempest.common.waiters [-] State transition "REBUILD/rebuild_spawning" ==> "ACTIVE/None" after 10 second wait
2025-03-11 14:09:46.405 69679 INFO tempest.common.waiters [-] State transition "ACTIVE/deleting" ==> "DELETED/None" after 3 second wait
2025-03-11 14:09:46.525 69631 INFO tempest.lib.common.rest_client [req-0989b17b-1643-4c53-b173-c3858261e2eb req-0989b17b-1643-4c53-b173-c3858261e2eb ] Request (MigrationsAdminTest:test_list_migrations_in_flavor_resize_situation): 200 GET http://10.180.1.21/compute/v2.1/servers/b38c80c7-3686-4e96-853f-24fb8643ce0a 1.638s
2025-03-11 14:09:46.542 69625 INFO tempest.lib.common.rest_client [req-c51b591a-e716-4031-becc-8807a4def0ab req-c51b591a-e716-4031-becc-8807a4def0ab ] Request (ImagesOneServerNegativeTestJSON:setUp): 200 GET http://10.180.1.21/compute/v2.1/servers/a3cf9b1d-995f-4540-a2fc-9039ae57e41e 1.786s
2025-03-11 14:09:46.573 69677 INFO tempest.lib.common.rest_client [req-287bae59-28de-4041-a985-10358f0eb934 req-287bae59-28de-4041-a985-10358f0eb934 ] Request (DeleteServersAdminTestJSON:test_delete_server_while_in_error_state): 200 GET http://10.180.1.21/compute/v2.1/servers/394819e1-618e-4143-ac2b-72183da86403 1.592s
2025-03-11 14:09:46.581 69677 INFO tempest.common.waiters [-] State transition "BUILD/scheduling" ==> "BUILD/None" after 3 second wait
2025-03-11 14:09:46.593 69665 INFO tempest.lib.common.rest_client [req-649a3155-4d47-4f1a-9b1e-d3abd5ba3310 req-649a3155-4d47-4f1a-9b1e-d3abd5ba3310 ] Request (ServerRescueTestJSON:setUpClass): 200 GET http://10.180.1.21/compute/v2.1/servers/d7acde69-37bc-477b-9c80-d3271a71fdfc 1.516s
2025-03-11 14:09:46.600 69665 INFO tempest.common.waiters [-] State transition "BUILD/scheduling" ==> "BUILD/None" after 5 second wait
2025-03-11 14:09:46.622 69639 INFO tempest.lib.common.rest_client [req-24fca99d-c2ea-4b64-b657-dd6bb08f0405 req-24fca99d-c2ea-4b64-b657-dd6bb08f0405 ] Request (ServersAdminNegativeTestJSON:setUpClass): 200 GET http://10.180.1.21/compute/v2.1/servers/0f8a22c8-b592-42f5-a57f-807e117ec4d6 1.431s
2025-03-11 14:09:46.651 69641 INFO tempest.lib.common.rest_client [req-3d97835d-0828-4f49-ab1c-901d5b487a7b req-3d97835d-0828-4f49-ab1c-901d5b487a7b ] Request (ServerExternalEventsTest:tearDownClass): 200 GET http://10.180.1.21/compute/v2.1/servers/25cbcb64-eef2-42e9-b5d4-30121ca2be4c 1.325s
2025-03-11 14:09:46.669 69643 INFO tempest.lib.common.rest_client [req-a9ede042-8045-4ca3-9897-b3e0753d95ab req-a9ede042-8045-4ca3-9897-b3e0753d95ab ] Request (ServerDiagnosticsNegativeTest:tearDownClass): 404 GET http://10.180.1.21/compute/v2.1/servers/a4c9aa55-b4db-42e7-ab90-26bb66af6167 1.227s
2025-03-11 14:09:46.727 69627 INFO tempest.lib.common.rest_client [req-134b9745-38fd-4b16-9066-96846c53fb6c req-134b9745-38fd-4b16-9066-96846c53fb6c ] Request (InstanceActionsTestJSON:tearDownClass): 200 GET http://10.180.1.21/compute/v2.1/servers/fe49a256-114c-4d15-9647-a89d85ba735f 1.193s
2025-03-11 14:09:46.784 69643 INFO tempest.lib.common.rest_client [req-f8668aa7-974a-4fa4-9a57-567944ffa9d0 req-f8668aa7-974a-4fa4-9a57-567944ffa9d0 ] Request (ServerDiagnosticsNegativeTest:tearDownClass): 204 DELETE http://10.180.1.21/identity/v3/users/d627d4d52b8e4c29b09c4664c1a93c9b 0.114s
2025-03-11 14:09:46.879 69643 INFO tempest.lib.common.rest_client [req-9a7e2c80-fb82-45b5-b64e-ca05f1b1bc26 req-9a7e2c80-fb82-45b5-b64e-ca05f1b1bc26 ] Request (ServerDiagnosticsNegativeTest:tearDownClass): 204 DELETE http://10.180.1.21/identity/v3/users/356df6b842614ae9aff01bec6cf1feb9 0.094s
2025-03-11 14:09:46.879 69643 INFO tempest.lib.common.dynamic_creds [-] Deleting project and security group for project: 77ff13bb0ece4a2e80ab72086ddc1cab
2025-03-11 14:09:46.904 69635 INFO tempest.lib.common.rest_client [req-39fa57b8-f9ac-4fd9-aa6f-129532745882 req-39fa57b8-f9ac-4fd9-aa6f-129532745882 ] Request (VolumesAssistedSnapshotsTest:test_volume_assisted_snapshot_create_delete): 200 GET http://10.180.1.21/compute/v2.1/servers/0d31a377-7c63-47e9-85b8-85c6f702db66 1.354s
2025-03-11 14:09:46.912 69635 INFO tempest.common.waiters [-] State transition "BUILD/spawning" ==> "ACTIVE/None" after 24 second wait
2025-03-11 14:09:46.942 69643 INFO tempest.lib.common.rest_client [req-c7fee394-02d9-4ebb-b62e-7e8ac0d54108 req-c7fee394-02d9-4ebb-b62e-7e8ac0d54108 ] Request (ServerDiagnosticsNegativeTest:tearDownClass): 201 POST http://10.180.1.21/identity/v3/auth/tokens 0.062s
2025-03-11 14:09:46.973 69655 INFO tempest.lib.common.rest_client [req-41dc3a3f-739a-46a6-b877-a94c249575fc req-41dc3a3f-739a-46a6-b877-a94c249575fc ] Request (ServersTestJSON:setUpClass): 200 GET http://10.180.1.21/compute/v2.1/servers/43062545-3fc6-45b9-b473-10a40a37bda9 1.348s
2025-03-11 14:09:46.986 69621 INFO tempest.lib.common.rest_client [req-e44c8172-f5b4-4962-b3b6-88423376aa20 req-e44c8172-f5b4-4962-b3b6-88423376aa20 ] Request (FlavorsAdminTestJSON:test_is_public_string_variations): 200 GET http://10.180.1.21/compute/v2.1/flavors/detail?is_public=0 1.264s
2025-03-11 14:09:47.018 69643 INFO tempest.lib.common.rest_client [req-717f8de9-bcab-4b85-a3dd-0cefc7116c3f req-717f8de9-bcab-4b85-a3dd-0cefc7116c3f ] Request (ServerDiagnosticsNegativeTest:tearDownClass): 200 GET http://10.180.1.21:9696/networking/v2.0/security-groups?tenant_id=77ff13bb0ece4a2e80ab72086ddc1cab&name=default 0.076s
2025-03-11 14:09:47.109 69643 INFO tempest.lib.common.rest_client [req-28226967-e363-4dee-8681-1883ef049513 req-28226967-e363-4dee-8681-1883ef049513 ] Request (ServerDiagnosticsNegativeTest:tearDownClass): 204 DELETE http://10.180.1.21:9696/networking/v2.0/security-groups/123caffb-c8aa-466a-aca7-ea6942bb1b25 0.091s
2025-03-11 14:09:47.177 69643 INFO tempest.lib.common.rest_client [req-2ade6f11-b923-49d7-8888-d77581ccf711 req-2ade6f11-b923-49d7-8888-d77581ccf711 ] Request (ServerDiagnosticsNegativeTest:tearDownClass): 204 DELETE http://10.180.1.21/identity/v3/projects/77ff13bb0ece4a2e80ab72086ddc1cab 0.067s
2025-03-11 14:09:47.178 69643 INFO tempest.lib.common.dynamic_creds [-] Deleting project and security group for project: 52a63b8d9e364028832338a91d489076
2025-03-11 14:09:47.198 69657 INFO tempest.lib.common.rest_client [req-efc9bcba-927c-41d3-bd48-4bd63815413a req-efc9bcba-927c-41d3-bd48-4bd63815413a ] Request (SecurityGroupRulesNegativeTestJSON:tearDownClass): 202 DELETE http://10.180.1.21/compute/v2.1/os-security-groups/2f605a5d-fdd1-4dc9-85f4-91139c59f676 1.384s
2025-03-11 14:09:47.286 69643 INFO tempest.lib.common.rest_client [req-5e058e0a-4411-49fb-8a4b-9edf50fd0912 req-5e058e0a-4411-49fb-8a4b-9edf50fd0912 ] Request (ServerDiagnosticsNegativeTest:tearDownClass): 200 GET http://10.180.1.21:9696/networking/v2.0/security-groups?tenant_id=52a63b8d9e364028832338a91d489076&name=default 0.108s
2025-03-11 14:09:47.334 69623 INFO tempest.lib.common.rest_client [req-80ef40ae-8d1a-461d-985d-45f2f04db079 req-80ef40ae-8d1a-461d-985d-45f2f04db079 ] Request (ServersTestManualDisk:setUpClass): 200 GET http://10.180.1.21/compute/v2.1/servers/9e33aaee-64fa-4dff-aec3-774768adffa7 1.241s
2025-03-11 14:09:47.344 69623 INFO tempest.lib.common.ssh [-] Creating ssh connection to '10.180.180.221:22' as 'cirros' with public key authentication
2025-03-11 14:09:47.360 69661 INFO tempest.lib.common.rest_client [req-5fe33c15-38fd-4f44-bfd1-e0c8e89fd9a3 req-5fe33c15-38fd-4f44-bfd1-e0c8e89fd9a3 ] Request (ServersTestBootFromVolume:setUpClass): 200 GET http://10.180.1.21/volume/v3/volumes/04da9cbd-9abb-4f64-9488-c55e20c91c14 0.031s
2025-03-11 14:09:47.375 69643 INFO tempest.lib.common.rest_client [req-d2ea4f99-fddf-4150-b726-0821753537f9 req-d2ea4f99-fddf-4150-b726-0821753537f9 ] Request (ServerDiagnosticsNegativeTest:tearDownClass): 204 DELETE http://10.180.1.21:9696/networking/v2.0/security-groups/0eba2058-530e-463a-9d84-56f8a4266503 0.088s
2025-03-11 14:09:47.384 69663 INFO tempest.lib.common.rest_client [req-da6177f8-8479-46ca-882c-e36ec17d9ae9 req-da6177f8-8479-46ca-882c-e36ec17d9ae9 ] Request (AggregatesAdminNegativeTestJSON:_run_cleanups): 200 DELETE http://10.180.1.21/compute/v2.1/os-aggregates/7 1.270s
2025-03-11 14:09:47.480 69643 INFO tempest.lib.common.rest_client [req-40272667-4c49-4d6d-89d3-21dfa3e7d2df req-40272667-4c49-4d6d-89d3-21dfa3e7d2df ] Request (ServerDiagnosticsNegativeTest:tearDownClass): 204 DELETE http://10.180.1.21/identity/v3/projects/52a63b8d9e364028832338a91d489076 0.105s
2025-03-11 14:09:47.547 69643 INFO tempest.lib.common.rest_client [req-44ce3a8b-e9ea-4d53-bd51-06dc70ed3000 req-44ce3a8b-e9ea-4d53-bd51-06dc70ed3000 ] Request (ImagesTestJSON:setUpClass): 201 POST http://10.180.1.21/identity/v3/auth/tokens 0.065s
2025-03-11 14:09:47.588 69643 INFO tempest.lib.common.rest_client [req-2d30952b-8f4e-46a2-bfff-c1c91e824e75 req-2d30952b-8f4e-46a2-bfff-c1c91e824e75 ] Request (ImagesTestJSON:setUpClass): 201 POST http://10.180.1.21/identity/v3/auth/tokens 0.038s
2025-03-11 14:09:47.612 69643 INFO tempest.lib.common.rest_client [req-5a0fc833-af96-411a-930e-6c61f9439953 req-5a0fc833-af96-411a-930e-6c61f9439953 ] Request (ImagesTestJSON:setUpClass): 200 GET http://10.180.1.21/identity/v3/domains?name=Default 0.023s
2025-03-11 14:09:47.644 69643 INFO tempest.lib.common.rest_client [req-1969bb20-1d5c-4ad9-8d8b-4c1ea5b8a916 req-1969bb20-1d5c-4ad9-8d8b-4c1ea5b8a916 ] Request (ImagesTestJSON:setUpClass): 201 POST http://10.180.1.21/identity/v3/projects 0.032s
2025-03-11 14:09:47.704 69671 INFO tempest.lib.common.rest_client [req-55b47a30-6cc5-4ec9-a7b6-ddcbd3a9a4e2 req-55b47a30-6cc5-4ec9-a7b6-ddcbd3a9a4e2 ] Request (QuotasAdminTestV257:test_get_updated_quotas): 200 PUT http://10.180.1.21/compute/v2.1/os-quota-sets/b73552a79d184348b90967e79174abaa 1.571s
2025-03-11 14:09:47.720 69643 INFO tempest.lib.common.rest_client [req-ead1980c-b9da-4b84-bcf4-1bf4e5c1ef89 req-ead1980c-b9da-4b84-bcf4-1bf4e5c1ef89 ] Request (ImagesTestJSON:setUpClass): 201 POST http://10.180.1.21/identity/v3/users 0.075s
2025-03-11 14:09:47.741 69643 INFO tempest.lib.common.rest_client [req-85267cac-7a16-4670-8054-939760170c97 req-85267cac-7a16-4670-8054-939760170c97 ] Request (ImagesTestJSON:setUpClass): 200 GET http://10.180.1.21/identity/v3/roles 0.020s
2025-03-11 14:09:47.772 69643 INFO tempest.lib.common.rest_client [req-58a8368d-3b06-460e-a6fd-5fa6ebd61d16 req-58a8368d-3b06-460e-a6fd-5fa6ebd61d16 ] Request (ImagesTestJSON:setUpClass): 204 PUT http://10.180.1.21/identity/v3/projects/53389ee13ae34a0aa8d2587690690b03/users/74c4fde95a184df9bec59a3abe155da8/roles/aa55d1a75ea94b2e81549290782e6f84 0.030s
2025-03-11 14:09:47.772 69643 INFO tempest.lib.common.dynamic_creds [-] Dynamic test user 74c4fde95a184df9bec59a3abe155da8 is created with scope project and roles: ['member']
2025-03-11 14:09:47.772 69643 INFO tempest.lib.common.dynamic_creds [-] Acquired dynamic creds: credentials: Credentials: {'domain_id': 'default', 'domain_name': 'Default', 'username': 'tempest-ImagesTestJSON-1435009116-project-member', 'project_domain_id': 'default', 'project_domain_name': 'Default', 'project_id': '53389ee13ae34a0aa8d2587690690b03', 'project_name': 'tempest-ImagesTestJSON-1435009116', 'tenant_id': '53389ee13ae34a0aa8d2587690690b03', 'tenant_name': 'tempest-ImagesTestJSON-1435009116', 'user_domain_id': 'default', 'user_domain_name': 'Default', 'user_id': '74c4fde95a184df9bec59a3abe155da8', 'system': None}, Network: None, Subnet: None, Router: None
2025-03-11 14:09:47.836 69643 INFO tempest.lib.common.rest_client [req-ee3ffda0-d35e-4842-ad64-026d6686077d req-ee3ffda0-d35e-4842-ad64-026d6686077d ] Request (ImagesTestJSON:setUpClass): 201 POST http://10.180.1.21/identity/v3/auth/tokens 0.064s
2025-03-11 14:09:47.840 69647 INFO tempest.lib.common.rest_client [req-28dd571b-4bb9-4192-a5d6-48fdf650df9c req-28dd571b-4bb9-4192-a5d6-48fdf650df9c ] Request (FloatingIPsAssociationNegativeTestJSON:_run_cleanups): 202 POST http://10.180.1.21/compute/v2.1/servers/3cc3caaa-7bab-4839-9ff0-804abf2ab595/action 2.467s
2025-03-11 14:09:47.867 69633 INFO tempest.lib.common.rest_client [req-7df81665-1070-4ad6-aab0-53bbc88bf4f2 req-7df81665-1070-4ad6-aab0-53bbc88bf4f2 ] Request (ImagesMetadataTestJSON:test_get_image_metadata_item): 200 GET http://10.180.1.21/compute/v2.1/images/3b4b1aaf-1efe-41ac-b301-5d68118f26a4/metadata/os_distro 1.546s
2025-03-11 14:09:47.961 69675 INFO tempest.lib.common.rest_client [req-99467dac-95e2-463c-9d25-6a61015cb251 req-99467dac-95e2-463c-9d25-6a61015cb251 ] Request (ServersAdmin275Test:tearDownClass): 204 DELETE http://10.180.1.21/compute/v2.1/servers/40bc1ca1-dcb3-4d03-8e57-290e21f30e93 1.550s
2025-03-11 14:09:48.008 69645 INFO tempest.lib.common.rest_client [req-847b609b-24dd-44d3-9b8f-8d36950a5284 req-847b609b-24dd-44d3-9b8f-8d36950a5284 ] Request (ServerDiagnosticsTest:test_get_server_diagnostics): 202 POST http://10.180.1.21/compute/v2.1/servers 1.781s
2025-03-11 14:09:48.017 69625 INFO tempest.lib.common.rest_client [req-f9a34f2e-9898-4ba5-9de9-2d5b3bbf389a req-f9a34f2e-9898-4ba5-9de9-2d5b3bbf389a ] Request (ImagesOneServerNegativeTestJSON:test_create_image_specify_invalid_metadata): 400 POST http://10.180.1.21/compute/v2.1/servers/a3cf9b1d-995f-4540-a2fc-9039ae57e41e/action 1.466s
2025-03-11 14:09:48.018 69651 INFO tempest.lib.common.rest_client [req-6a87312b-d22b-4d09-9555-8e521b174f48 req-6a87312b-d22b-4d09-9555-8e521b174f48 ] Request (InstanceActionsV221TestJSON:test_get_list_deleted_instance_actions): 200 GET http://10.180.1.21/compute/v2.1/servers/66d0f6fb-aafc-4406-b545-36664abf7348 1.526s
2025-03-11 14:09:48.112 69653 INFO tempest.lib.common.rest_client [req-8810fd69-1f04-42cf-9eb8-df07a196d620 req-8810fd69-1f04-42cf-9eb8-df07a196d620 ] Request (ServerShowV257Test:test_rebuild_server): 200 GET http://10.180.1.21/compute/v2.1/servers/d31edcc0-475f-4f82-98bd-6070655bb7b9 1.550s
2025-03-11 14:09:48.191 69649 INFO tempest.lib.common.rest_client [req-92330072-9dbf-455d-a70e-65c1986fed43 req-92330072-9dbf-455d-a70e-65c1986fed43 ] Request (ServerDiagnosticsV248Test:tearDownClass): 200 GET http://10.180.1.21/compute/v2.1/servers/81894aff-58d3-4d13-a743-643267fad2bf 1.383s
2025-03-11 14:09:48.192 69629 INFO tempest.lib.common.rest_client [req-d2e26d2a-cfca-4c7f-a963-91c54b0fc985 req-d2e26d2a-cfca-4c7f-a963-91c54b0fc985 ] Request (ServersWithSpecificFlavorTestJSON:test_verify_created_server_ephemeral_disk): 200 GET http://10.180.1.21/compute/v2.1/servers/d876a739-03b5-46c5-a072-af020ce202ef 1.484s
2025-03-11 14:09:48.267 69619 INFO tempest.lib.common.rest_client [req-77b9f4e8-24d6-45f8-99e5-3f4c06b59eb0 req-77b9f4e8-24d6-45f8-99e5-3f4c06b59eb0 ] Request (TenantUsagesTestJSON:setUpClass): 200 GET http://10.180.1.21/compute/v2.1/servers/e591ffdf-b855-4c8c-a85d-55c3e8128ecc 1.336s
2025-03-11 14:09:48.274 69635 INFO tempest.lib.common.rest_client [req-4c912b40-da6c-4456-a002-de8d825176b7 req-4c912b40-da6c-4456-a002-de8d825176b7 ] Request (VolumesAssistedSnapshotsTest:test_volume_assisted_snapshot_create_delete): 200 GET http://10.180.1.21/compute/v2.1/servers/0d31a377-7c63-47e9-85b8-85c6f702db66/os-interface 1.361s
2025-03-11 14:09:48.301 69643 INFO tempest.lib.common.rest_client [req-7cf0ba5d-5deb-4a7b-8e08-8ef9fe683461 req-7cf0ba5d-5deb-4a7b-8e08-8ef9fe683461 ] Request (ImagesTestJSON:setUpClass): 201 POST http://10.180.1.21:9696/networking/v2.0/networks 0.465s
2025-03-11 14:09:48.303 69621 INFO tempest.lib.common.rest_client [req-91c956ea-a4f1-4f80-b08f-c69f76da65e2 req-91c956ea-a4f1-4f80-b08f-c69f76da65e2 ] Request (FlavorsAdminTestJSON:test_is_public_string_variations): 200 GET http://10.180.1.21/compute/v2.1/flavors/detail?is_public=t 1.313s
2025-03-11 14:09:48.408 69661 INFO tempest.lib.common.rest_client [req-b33297fe-f8e3-4e2b-bbd3-2bb798561131 req-b33297fe-f8e3-4e2b-bbd3-2bb798561131 ] Request (ServersTestBootFromVolume:setUpClass): 200 GET http://10.180.1.21/volume/v3/volumes/04da9cbd-9abb-4f64-9488-c55e20c91c14 0.038s
2025-03-11 14:09:48.449 69643 INFO tempest.lib.common.rest_client [req-dce5d712-1938-4171-91ad-06f4733f2316 req-dce5d712-1938-4171-91ad-06f4733f2316 ] Request (ImagesTestJSON:setUpClass): 201 POST http://10.180.1.21:9696/networking/v2.0/subnets 0.147s
2025-03-11 14:09:48.474 69669 INFO tempest.lib.common.rest_client [req-52b083c7-dcef-4a22-8696-fc77bdc6ec8b req-52b083c7-dcef-4a22-8696-fc77bdc6ec8b ] Request (AttachInterfacesTestJSON:test_create_list_show_delete_interfaces_by_fixed_ip): 200 GET http://10.180.1.21/compute/v2.1/servers/ade366c6-e13e-4247-9dad-1035ef640406 1.422s
2025-03-11 14:09:48.483 69669 INFO tempest.common.waiters [-] State transition "BUILD/block_device_mapping" ==> "BUILD/spawning" after 25 second wait
2025-03-11 14:09:48.547 69657 INFO tempest.lib.common.rest_client [req-3f887910-df44-4301-bd78-115b8a9c5a77 req-3f887910-df44-4301-bd78-115b8a9c5a77 ] Request (SecurityGroupRulesNegativeTestJSON:tearDownClass): 202 DELETE http://10.180.1.21/compute/v2.1/os-security-groups/64e29213-71dc-42d6-a904-f335f32ee384 1.348s
2025-03-11 14:09:48.548 69617 INFO tempest.lib.common.rest_client [req-6189dfa1-2144-4101-9f6e-b8603c73c932 req-6189dfa1-2144-4101-9f6e-b8603c73c932 ] Request (ServersAdminTestJSON:test_create_server_with_scheduling_hint): 200 GET http://10.180.1.21/compute/v2.1/servers/a4a8e06a-6def-4ef6-a500-13f1f753f63a 1.347s
2025-03-11 14:09:48.573 69663 INFO tempest.lib.common.rest_client [req-4dccd14e-8eae-425a-9207-e39e6827bf38 req-4dccd14e-8eae-425a-9207-e39e6827bf38 ] Request (AggregatesAdminNegativeTestJSON:test_aggregate_remove_nonexistent_host): 200 POST http://10.180.1.21/compute/v2.1/os-aggregates 1.186s
2025-03-11 14:09:48.606 69659 INFO tempest.lib.common.rest_client [req-6c262629-6e37-4ed7-b5e5-aa48679831a5 req-6c262629-6e37-4ed7-b5e5-aa48679831a5 ] Request (ImagesOneServerTestJSON:setUpClass): 200 GET http://10.180.1.21/compute/v2.1/servers/5c94bddf-c87b-4512-b7e5-ab270a4d8848 1.326s
2025-03-11 14:09:48.653 69679 INFO tempest.lib.common.rest_client [req-93c56fb3-b234-40be-9370-f1164e6e7103 req-93c56fb3-b234-40be-9370-f1164e6e7103 ] Request (AttachInterfacesV270Test:tearDownClass): 200 GET http://10.180.1.21/compute/v2.1/servers/8bb97c0a-e052-4844-937c-f26c2bd28b33 1.247s
2025-03-11 14:09:48.739 69677 INFO tempest.lib.common.rest_client [req-ea5e459e-0de1-46e5-ae4f-4cd9f1dd4558 req-ea5e459e-0de1-46e5-ae4f-4cd9f1dd4558 ] Request (DeleteServersAdminTestJSON:test_delete_server_while_in_error_state): 200 GET http://10.180.1.21/compute/v2.1/servers/394819e1-618e-4143-ac2b-72183da86403 1.157s
2025-03-11 14:09:48.807 69665 INFO tempest.lib.common.rest_client [req-3957b4b6-ff41-438f-bc10-5b80a67ed5d9 req-3957b4b6-ff41-438f-bc10-5b80a67ed5d9 ] Request (ServerRescueTestJSON:setUpClass): 200 GET http://10.180.1.21/compute/v2.1/servers/d7acde69-37bc-477b-9c80-d3271a71fdfc 1.205s
2025-03-11 14:09:48.850 69631 INFO tempest.lib.common.rest_client [req-21c023fa-1ffe-4368-918b-3516c4068eb0 req-21c023fa-1ffe-4368-918b-3516c4068eb0 ] Request (MigrationsAdminTest:test_list_migrations_in_flavor_resize_situation): 200 GET http://10.180.1.21/compute/v2.1/servers/b38c80c7-3686-4e96-853f-24fb8643ce0a 1.313s
2025-03-11 14:09:48.859 69631 INFO tempest.common.waiters [-] State transition "RESIZE/resize_migrating" ==> "RESIZE/resize_migrated" after 25 second wait
2025-03-11 14:09:48.875 69639 INFO tempest.lib.common.rest_client [req-d5519b66-ad2e-4deb-a596-ca62e0430d5b req-d5519b66-ad2e-4deb-a596-ca62e0430d5b ] Request (ServersAdminNegativeTestJSON:setUpClass): 200 GET http://10.180.1.21/compute/v2.1/servers/0f8a22c8-b592-42f5-a57f-807e117ec4d6 1.244s
2025-03-11 14:09:48.923 69641 INFO tempest.lib.common.rest_client [req-9f218468-9ae7-4d79-a46f-2a2dfe27f27d req-9f218468-9ae7-4d79-a46f-2a2dfe27f27d ] Request (ServerExternalEventsTest:tearDownClass): 200 GET http://10.180.1.21/compute/v2.1/servers/25cbcb64-eef2-42e9-b5d4-30121ca2be4c 1.262s
2025-03-11 14:09:48.990 69627 INFO tempest.lib.common.rest_client [req-1596b717-a68e-4022-954f-8af7dd2d3b3b req-1596b717-a68e-4022-954f-8af7dd2d3b3b ] Request (InstanceActionsTestJSON:tearDownClass): 200 GET http://10.180.1.21/compute/v2.1/servers/fe49a256-114c-4d15-9647-a89d85ba735f 1.256s
2025-03-11 14:09:49.009 69671 INFO tempest.lib.common.rest_client [req-bfb3081f-25d4-4e24-bc6f-3e58b3db039c req-bfb3081f-25d4-4e24-bc6f-3e58b3db039c ] Request (QuotasAdminTestV257:test_get_updated_quotas): 200 GET http://10.180.1.21/compute/v2.1/os-quota-sets/b73552a79d184348b90967e79174abaa/detail 1.303s
2025-03-11 14:09:49.048 69671 INFO tempest.lib.common.rest_client [req-52a603cd-4f2a-457c-9bb0-47da0777c9a3 req-52a603cd-4f2a-457c-9bb0-47da0777c9a3 ] Request (QuotasAdminTestV257:test_get_updated_quotas): 200 GET http://10.180.1.21/identity/v3/domains?name=Default 0.035s
2025-03-11 14:09:49.089 69671 INFO tempest.lib.common.rest_client [req-f50d1b24-c331-4f9e-8a41-84f971c97d5c req-f50d1b24-c331-4f9e-8a41-84f971c97d5c ] Request (QuotasAdminTestV257:test_get_updated_quotas): 201 POST http://10.180.1.21/identity/v3/users 0.041s
2025-03-11 14:09:49.112 69671 INFO tempest.lib.common.rest_client [req-ef023548-1f7e-4f4a-91db-e70f1a9fd249 req-ef023548-1f7e-4f4a-91db-e70f1a9fd249 ] Request (QuotasAdminTestV257:test_get_updated_quotas): 200 GET http://10.180.1.21/identity/v3/domains?name=Default 0.022s
2025-03-11 14:09:49.177 69633 INFO tempest.lib.common.rest_client [req-1403b818-db0b-4689-88db-22c3e8886aef req-1403b818-db0b-4689-88db-22c3e8886aef ] Request (ImagesMetadataTestJSON:setUp): 200 PUT http://10.180.1.21/compute/v2.1/images/3b4b1aaf-1efe-41ac-b301-5d68118f26a4/metadata 1.309s
2025-03-11 14:09:49.182 69635 INFO tempest.lib.common.rest_client [req-7920d885-4acd-4a84-ad08-7bd8bab282aa req-7920d885-4acd-4a84-ad08-7bd8bab282aa ] Request (VolumesAssistedSnapshotsTest:test_volume_assisted_snapshot_create_delete): 200 PUT http://10.180.1.21:9696/networking/v2.0/floatingips/52407a32-2911-472c-9416-be1ea9d66706 0.906s
2025-03-11 14:09:49.184 69635 INFO tempest.lib.common.ssh [-] Creating ssh connection to '10.180.180.132:22' as 'cirros' with public key authentication
2025-03-11 14:09:49.230 69643 INFO tempest.lib.common.rest_client [req-57e36519-4571-466e-8d17-85aa5692349c req-57e36519-4571-466e-8d17-85aa5692349c ] Request (ImagesTestJSON:setUpClass): 201 POST http://10.180.1.21:9696/networking/v2.0/routers 0.781s
2025-03-11 14:09:49.251 69675 INFO tempest.lib.common.rest_client [req-d82fbacd-50bb-4579-b5b5-556a3ab143e7 req-d82fbacd-50bb-4579-b5b5-556a3ab143e7 ] Request (ServersAdmin275Test:tearDownClass): 200 GET http://10.180.1.21/compute/v2.1/servers/40bc1ca1-dcb3-4d03-8e57-290e21f30e93 1.289s
2025-03-11 14:09:49.323 69655 INFO tempest.lib.common.rest_client [req-d68e1f6f-6764-4694-b548-d361887eef20 req-d68e1f6f-6764-4694-b548-d361887eef20 ] Request (ServersTestJSON:setUpClass): 200 GET http://10.180.1.21/compute/v2.1/servers/43062545-3fc6-45b9-b473-10a40a37bda9 1.341s
2025-03-11 14:09:49.374 69645 INFO tempest.lib.common.rest_client [req-9286a200-676c-4aa5-bd5e-f7884866d334 req-9286a200-676c-4aa5-bd5e-f7884866d334 ] Request (ServerDiagnosticsTest:test_get_server_diagnostics): 200 GET http://10.180.1.21/compute/v2.1/servers/5e95fc18-681b-44ce-88c4-b3fe4de06f0d 1.364s
2025-03-11 14:09:49.434 69647 INFO tempest.lib.common.rest_client [req-e77ab212-b1ed-4a5d-a4cf-958c67144c8f req-e77ab212-b1ed-4a5d-a4cf-958c67144c8f ] Request (FloatingIPsAssociationNegativeTestJSON:_run_cleanups): 202 DELETE http://10.180.1.21/compute/v2.1/os-floating-ips/daf425b1-2526-4330-bc14-0443122653ff 1.594s
2025-03-11 14:09:49.454 69661 INFO tempest.lib.common.rest_client [req-d8820797-1e75-4ae2-ab1d-1b4baf8ded46 req-d8820797-1e75-4ae2-ab1d-1b4baf8ded46 ] Request (ServersTestBootFromVolume:setUpClass): 200 GET http://10.180.1.21/volume/v3/volumes/04da9cbd-9abb-4f64-9488-c55e20c91c14 0.038s
2025-03-11 14:09:49.466 69621 INFO tempest.lib.common.rest_client [req-9db83a6f-3b22-48ca-9113-44fabd2fd7c8 req-9db83a6f-3b22-48ca-9113-44fabd2fd7c8 ] Request (FlavorsAdminTestJSON:test_is_public_string_variations): 200 GET http://10.180.1.21/compute/v2.1/flavors/detail?is_public=true 1.158s
2025-03-11 14:09:49.491 69625 INFO tempest.lib.common.rest_client [req-740a8341-516d-42f4-aaab-eec57dee99a9 req-740a8341-516d-42f4-aaab-eec57dee99a9 ] Request (ImagesOneServerNegativeTestJSON:tearDown): 200 GET http://10.180.1.21/compute/v2.1/servers/a3cf9b1d-995f-4540-a2fc-9039ae57e41e 1.474s
2025-03-11 14:09:49.516 69663 INFO tempest.lib.common.rest_client [req-1ef9ee6b-4dc8-46b8-bb27-d7e895712f9e req-1ef9ee6b-4dc8-46b8-bb27-d7e895712f9e ] Request (AggregatesAdminNegativeTestJSON:test_aggregate_remove_nonexistent_host): 404 POST http://10.180.1.21/compute/v2.1/os-aggregates/8/action 0.940s
2025-03-11 14:09:49.585 69651 INFO tempest.lib.common.rest_client [req-420649b5-085d-494a-945c-5a6f94330bca req-420649b5-085d-494a-945c-5a6f94330bca ] Request (InstanceActionsV221TestJSON:test_get_list_deleted_instance_actions): 200 GET http://10.180.1.21/compute/v2.1/servers/66d0f6fb-aafc-4406-b545-36664abf7348 0.558s
2025-03-11 14:09:49.659 69657 INFO tempest.lib.common.rest_client [req-5db9021a-3cfd-4f87-a35b-135359f97b26 req-5db9021a-3cfd-4f87-a35b-135359f97b26 ] Request (SecurityGroupRulesNegativeTestJSON:tearDownClass): 202 DELETE http://10.180.1.21/compute/v2.1/os-security-groups/d94cad0b-046b-49fb-a08a-682e470226fb 1.111s
2025-03-11 14:09:49.711 69671 INFO tempest.lib.common.rest_client [req-307e47eb-6a2d-4325-b5f7-7bdb0408d9e8 req-307e47eb-6a2d-4325-b5f7-7bdb0408d9e8 ] Request (QuotasAdminTestV257:test_get_updated_quotas): 200 PUT http://10.180.1.21/compute/v2.1/os-quota-sets/b73552a79d184348b90967e79174abaa?user_id=b283b62b515c4a60a476323cdc3628be 0.597s
2025-03-11 14:09:49.714 69653 INFO tempest.lib.common.rest_client [req-376daf52-0404-4792-98f6-c01538bc454e req-376daf52-0404-4792-98f6-c01538bc454e ] Request (ServerShowV257Test:test_rebuild_server): 200 GET http://10.180.1.21/compute/v2.1/servers/d31edcc0-475f-4f82-98bd-6070655bb7b9 0.588s
2025-03-11 14:09:49.751 69633 INFO tempest.lib.common.rest_client [req-5c5d9612-d3b4-4caf-b1d3-8556a0838d9d req-5c5d9612-d3b4-4caf-b1d3-8556a0838d9d ] Request (ImagesMetadataTestJSON:test_list_image_metadata): 200 GET http://10.180.1.21/compute/v2.1/images/3b4b1aaf-1efe-41ac-b301-5d68118f26a4/metadata 0.573s
2025-03-11 14:09:49.793 69649 INFO tempest.lib.common.rest_client [req-28c15256-e9d4-483b-ad99-3a748933e2eb req-28c15256-e9d4-483b-ad99-3a748933e2eb ] Request (ServerDiagnosticsV248Test:tearDownClass): 200 GET http://10.180.1.21/compute/v2.1/servers/81894aff-58d3-4d13-a743-643267fad2bf 0.590s
2025-03-11 14:09:49.843 69619 INFO tempest.lib.common.rest_client [req-f0cff98e-e81b-4710-8bd8-48f112139e29 req-f0cff98e-e81b-4710-8bd8-48f112139e29 ] Request (TenantUsagesTestJSON:setUpClass): 200 GET http://10.180.1.21/compute/v2.1/servers/e591ffdf-b855-4c8c-a85d-55c3e8128ecc 0.564s
2025-03-11 14:09:49.872 69647 INFO tempest.lib.common.rest_client [req-0be74420-0ade-4c25-a6de-7b6a5633fdca req-0be74420-0ade-4c25-a6de-7b6a5633fdca ] Request (FloatingIPsAssociationNegativeTestJSON:test_associate_ip_to_server_without_passing_floating_ip): 400 POST http://10.180.1.21/compute/v2.1/servers/3cc3caaa-7bab-4839-9ff0-804abf2ab595/action 0.436s
2025-03-11 14:09:49.891 69629 INFO tempest.lib.common.rest_client [req-b3abd953-d2bb-435a-a1b1-4bd359709416 req-b3abd953-d2bb-435a-a1b1-4bd359709416 ] Request (ServersWithSpecificFlavorTestJSON:test_verify_created_server_ephemeral_disk): 200 GET http://10.180.1.21/compute/v2.1/servers/d876a739-03b5-46c5-a072-af020ce202ef 0.684s
2025-03-11 14:09:49.897 69621 INFO tempest.lib.common.rest_client [req-af0c600a-fe43-47cb-a8f7-3c2641a34371 req-af0c600a-fe43-47cb-a8f7-3c2641a34371 ] Request (FlavorsAdminTestJSON:test_is_public_string_variations): 200 GET http://10.180.1.21/compute/v2.1/flavors/detail?is_public=yes 0.424s
2025-03-11 14:09:50.038 69669 INFO tempest.lib.common.rest_client [req-ce06404e-2a80-4e9d-a8f7-8fdccea41ae8 req-ce06404e-2a80-4e9d-a8f7-8fdccea41ae8 ] Request (AttachInterfacesTestJSON:test_create_list_show_delete_interfaces_by_fixed_ip): 200 GET http://10.180.1.21/compute/v2.1/servers/ade366c6-e13e-4247-9dad-1035ef640406 0.554s
2025-03-11 14:09:50.043 69643 INFO tempest.lib.common.rest_client [req-6b56c0cb-ac52-4463-87bd-be01142b92e0 req-6b56c0cb-ac52-4463-87bd-be01142b92e0 ] Request (ImagesTestJSON:setUpClass): 200 PUT http://10.180.1.21:9696/networking/v2.0/routers/0ad8dfbb-6994-4c54-9d28-46083ad87072/add_router_interface 0.812s
2025-03-11 14:09:50.043 69643 INFO tempest.lib.common.dynamic_creds [-] Created isolated network resources for: credentials: Credentials: {'domain_id': 'default', 'domain_name': 'Default', 'username': 'tempest-ImagesTestJSON-1435009116-project-member', 'project_domain_id': 'default', 'project_domain_name': 'Default', 'project_id': '53389ee13ae34a0aa8d2587690690b03', 'project_name': 'tempest-ImagesTestJSON-1435009116', 'tenant_id': '53389ee13ae34a0aa8d2587690690b03', 'tenant_name': 'tempest-ImagesTestJSON-1435009116', 'user_domain_id': 'default', 'user_domain_name': 'Default', 'user_id': '74c4fde95a184df9bec59a3abe155da8', 'system': None}, Network: {'id': 'b43c4d8d-4afc-4000-b558-15fb371552ba', 'name': 'tempest-ImagesTestJSON-281235514-network', 'tenant_id': '53389ee13ae34a0aa8d2587690690b03', 'admin_state_up': True, 'mtu': 8950, 'status': 'ACTIVE', 'subnets': [], 'shared': False, 'project_id': '53389ee13ae34a0aa8d2587690690b03', 'port_security_enabled': True, 'router:external': False, 'provider:network_type': 'vlan', 'provider:physical_network': 'default', 'provider:segmentation_id': 744, 'availability_zone_hints': [], 'availability_zones': [], 'ipv4_address_scope': None, 'ipv6_address_scope': None, 'description': '', 'tags': [], 'created_at': '2025-03-11T14:09:48Z', 'updated_at': '2025-03-11T14:09:48Z', 'revision_number': 1}, Subnet: {'id': '9905c537-c95b-4f24-bea3-b26a633da428', 'name': 'tempest-ImagesTestJSON-281235514-subnet', 'tenant_id': '53389ee13ae34a0aa8d2587690690b03', 'network_id': 'b43c4d8d-4afc-4000-b558-15fb371552ba', 'ip_version': 4, 'subnetpool_id': None, 'enable_dhcp': True, 'ipv6_ra_mode': None, 'ipv6_address_mode': None, 'gateway_ip': '192.168.128.1', 'cidr': '192.168.128.0/28', 'allocation_pools': [{'start': '192.168.128.2', 'end': '192.168.128.14'}], 'host_routes': [], 'dns_nameservers': [], 'description': '', 'router:external': False, 'service_types': [], 'tags': [], 'created_at': '2025-03-11T14:09:48Z', 'updated_at': '2025-03-11T14:09:48Z', 'revision_number': 0, 'project_id': '53389ee13ae34a0aa8d2587690690b03'}, Router: {'id': '0ad8dfbb-6994-4c54-9d28-46083ad87072', 'name': 'tempest-ImagesTestJSON-281235514-router', 'tenant_id': '53389ee13ae34a0aa8d2587690690b03', 'admin_state_up': True, 'status': 'ACTIVE', 'external_gateway_info': {'network_id': '607b45ef-82a9-4868-ac2f-1bb9e0947fab', 'external_fixed_ips': [{'subnet_id': '6b4af3a1-be27-42df-97fc-cd5380d7fa2c', 'ip_address': '10.180.180.186'}], 'enable_snat': True}, 'description': '', 'availability_zones': [], 'distributed': False, 'ha': False, 'availability_zone_hints': [], 'routes': [], 'flavor_id': None, 'tags': [], 'created_at': '2025-03-11T14:09:48Z', 'updated_at': '2025-03-11T14:09:48Z', 'revision_number': 2, 'project_id': '53389ee13ae34a0aa8d2587690690b03'}
2025-03-11 14:09:50.056 69625 INFO tempest.lib.common.rest_client [req-9153b415-92dd-4354-b721-4ce30f61ea21 req-9153b415-92dd-4354-b721-4ce30f61ea21 ] Request (ImagesOneServerNegativeTestJSON:setUp): 200 GET http://10.180.1.21/compute/v2.1/servers/a3cf9b1d-995f-4540-a2fc-9039ae57e41e 0.553s
2025-03-11 14:09:50.080 69663 INFO tempest.lib.common.rest_client [req-7815d027-879b-44ca-8676-d6481ff9014a req-7815d027-879b-44ca-8676-d6481ff9014a ] Request (AggregatesAdminNegativeTestJSON:_run_cleanups): 200 DELETE http://10.180.1.21/compute/v2.1/os-aggregates/8 0.563s
2025-03-11 14:09:50.125 69617 INFO tempest.lib.common.rest_client [req-80e955fe-f963-4c6d-b99a-9f8a1f6b176b req-80e955fe-f963-4c6d-b99a-9f8a1f6b176b ] Request (ServersAdminTestJSON:test_create_server_with_scheduling_hint): 200 GET http://10.180.1.21/compute/v2.1/servers/a4a8e06a-6def-4ef6-a500-13f1f753f63a 0.568s
2025-03-11 14:09:50.155 69643 INFO tempest.lib.common.rest_client [req-45275357-6ce6-479b-9a20-14f178a492b6 req-45275357-6ce6-479b-9a20-14f178a492b6 ] Request (ImagesTestJSON:setUpClass): 201 POST http://10.180.1.21/identity/v3/auth/tokens 0.107s
2025-03-11 14:09:50.173 69659 INFO tempest.lib.common.rest_client [req-0bf008a0-8b32-4e10-89e9-6153779b97c7 req-0bf008a0-8b32-4e10-89e9-6153779b97c7 ] Request (ImagesOneServerTestJSON:setUpClass): 200 GET http://10.180.1.21/compute/v2.1/servers/5c94bddf-c87b-4512-b7e5-ab270a4d8848 0.559s
2025-03-11 14:09:50.192 69663 INFO tempest.lib.common.rest_client [req-6c085014-7af1-424b-b4d8-eef5a41b7816 req-6c085014-7af1-424b-b4d8-eef5a41b7816 ] Request (AggregatesAdminNegativeTestJSON:tearDownClass): 204 DELETE http://10.180.1.21/identity/v3/users/5640efb355914b37863fecbf54fc4a84 0.109s
2025-03-11 14:09:50.235 69643 INFO tempest.lib.common.rest_client [req-fe66df1f-b17e-4542-bd24-53aae32bf0e5 req-fe66df1f-b17e-4542-bd24-53aae32bf0e5 ] Request (ImagesTestJSON:test_create_image_from_stopped_server): 201 POST http://10.180.1.21/identity/v3/auth/tokens 0.075s
2025-03-11 14:09:50.235 69643 INFO tempest.lib.common.fixed_network [-] (ImagesTestJSON:test_create_image_from_stopped_server) Found network {'id': 'b43c4d8d-4afc-4000-b558-15fb371552ba', 'name': 'tempest-ImagesTestJSON-281235514-network', 'tenant_id': '53389ee13ae34a0aa8d2587690690b03', 'admin_state_up': True, 'mtu': 8950, 'status': 'ACTIVE', 'subnets': [], 'shared': False, 'project_id': '53389ee13ae34a0aa8d2587690690b03', 'port_security_enabled': True, 'router:external': False, 'provider:network_type': 'vlan', 'provider:physical_network': 'default', 'provider:segmentation_id': 744, 'availability_zone_hints': [], 'availability_zones': [], 'ipv4_address_scope': None, 'ipv6_address_scope': None, 'description': '', 'tags': [], 'created_at': '2025-03-11T14:09:48Z', 'updated_at': '2025-03-11T14:09:48Z', 'revision_number': 1} available for tenant
2025-03-11 14:09:50.280 69679 INFO tempest.lib.common.rest_client [req-76f7e98b-94a5-42de-a629-0aa51344b374 req-76f7e98b-94a5-42de-a629-0aa51344b374 ] Request (AttachInterfacesV270Test:tearDownClass): 200 GET http://10.180.1.21/compute/v2.1/servers/8bb97c0a-e052-4844-937c-f26c2bd28b33 0.616s
2025-03-11 14:09:50.354 69657 INFO tempest.lib.common.rest_client [req-0d63ce75-7057-465c-9500-2c02f0197df3 req-0d63ce75-7057-465c-9500-2c02f0197df3 ] Request (SecurityGroupRulesNegativeTestJSON:tearDownClass): 202 DELETE http://10.180.1.21/compute/v2.1/os-security-groups/3f4513ad-9356-46a9-a4d0-d0966ed07ca7 0.695s
2025-03-11 14:09:50.379 69663 INFO tempest.lib.common.rest_client [req-1a0a4c43-d825-474d-9664-319d9176bf47 req-1a0a4c43-d825-474d-9664-319d9176bf47 ] Request (AggregatesAdminNegativeTestJSON:tearDownClass): 204 DELETE http://10.180.1.21/identity/v3/users/83fecd6fe6424def87fb01fca1f45056 0.186s
2025-03-11 14:09:50.379 69663 INFO tempest.lib.common.dynamic_creds [-] Deleting project and security group for project: 7b467964b42d4d01a75a27c83b4f765b
2025-03-11 14:09:50.435 69623 WARNING tempest.lib.common.ssh [-] Failed to establish authenticated ssh connection to cirros@10.180.180.221 ([Errno None] Unable to connect to port 22 on 10.180.180.221). Number attempts: 1. Retry after 2 seconds.: paramiko.ssh_exception.NoValidConnectionsError: [Errno None] Unable to connect to port 22 on 10.180.180.221
2025-03-11 14:09:50.440 69677 INFO tempest.lib.common.rest_client [req-4b013451-614d-4427-9652-b678ca777572 req-4b013451-614d-4427-9652-b678ca777572 ] Request (DeleteServersAdminTestJSON:test_delete_server_while_in_error_state): 200 GET http://10.180.1.21/compute/v2.1/servers/394819e1-618e-4143-ac2b-72183da86403 0.693s
2025-03-11 14:09:50.468 69663 INFO tempest.lib.common.rest_client [req-2493aad0-846e-4af0-9dd3-f6a3c0064971 req-2493aad0-846e-4af0-9dd3-f6a3c0064971 ] Request (AggregatesAdminNegativeTestJSON:tearDownClass): 201 POST http://10.180.1.21/identity/v3/auth/tokens 0.088s
2025-03-11 14:09:50.493 69661 INFO tempest.lib.common.rest_client [req-1463c053-b0cb-468e-901a-6a0574f8c7e4 req-1463c053-b0cb-468e-901a-6a0574f8c7e4 ] Request (ServersTestBootFromVolume:setUpClass): 200 GET http://10.180.1.21/volume/v3/volumes/04da9cbd-9abb-4f64-9488-c55e20c91c14 0.031s
2025-03-11 14:09:50.528 69671 INFO tempest.lib.common.rest_client [req-973dd7ea-5bc0-4096-abda-bcf22199d4db req-973dd7ea-5bc0-4096-abda-bcf22199d4db ] Request (QuotasAdminTestV257:test_get_updated_quotas): 200 GET http://10.180.1.21/compute/v2.1/os-quota-sets/b73552a79d184348b90967e79174abaa?user_id=b283b62b515c4a60a476323cdc3628be 0.816s
2025-03-11 14:09:50.609 69665 INFO tempest.lib.common.rest_client [req-5b0fc63f-598c-4ad0-9de3-afd057d70e00 req-5b0fc63f-598c-4ad0-9de3-afd057d70e00 ] Request (ServerRescueTestJSON:setUpClass): 200 GET http://10.180.1.21/compute/v2.1/servers/d7acde69-37bc-477b-9c80-d3271a71fdfc 0.785s
2025-03-11 14:09:50.638 69671 INFO tempest.lib.common.rest_client [req-f3ee68af-97b2-49ff-94ee-e5316cde2e69 req-f3ee68af-97b2-49ff-94ee-e5316cde2e69 ] Request (QuotasAdminTestV257:_run_cleanups): 204 DELETE http://10.180.1.21/identity/v3/users/b283b62b515c4a60a476323cdc3628be 0.107s
2025-03-11 14:09:50.639 69633 INFO tempest.lib.common.rest_client [req-87c3d092-1742-4636-847a-1c033a022a9d req-87c3d092-1742-4636-847a-1c033a022a9d ] Request (ImagesMetadataTestJSON:setUp): 200 PUT http://10.180.1.21/compute/v2.1/images/3b4b1aaf-1efe-41ac-b301-5d68118f26a4/metadata 0.885s
2025-03-11 14:09:50.755 69671 INFO tempest.lib.common.rest_client [req-0502ce67-0888-441b-a7b9-c9d46ed5665c req-0502ce67-0888-441b-a7b9-c9d46ed5665c ] Request (QuotasAdminTestV257:_run_cleanups): 204 DELETE http://10.180.1.21/identity/v3/projects/b73552a79d184348b90967e79174abaa 0.116s
2025-03-11 14:09:50.801 69663 INFO tempest.lib.common.rest_client [req-9d4ab150-6017-426c-86fd-f971cdbc6548 req-9d4ab150-6017-426c-86fd-f971cdbc6548 ] Request (AggregatesAdminNegativeTestJSON:tearDownClass): 200 GET http://10.180.1.21:9696/networking/v2.0/security-groups?tenant_id=7b467964b42d4d01a75a27c83b4f765b&name=default 0.333s
2025-03-11 14:09:50.822 69631 INFO tempest.lib.common.rest_client [req-220bb1f2-2afb-47f7-87ab-2b14b2bf2cda req-220bb1f2-2afb-47f7-87ab-2b14b2bf2cda ] Request (MigrationsAdminTest:test_list_migrations_in_flavor_resize_situation): 200 GET http://10.180.1.21/compute/v2.1/servers/b38c80c7-3686-4e96-853f-24fb8643ce0a 0.962s
2025-03-11 14:09:50.833 69631 INFO tempest.common.waiters [-] State transition "RESIZE/resize_migrated" ==> "RESIZE/resize_finish" after 27 second wait
2025-03-11 14:09:50.894 69647 INFO tempest.lib.common.rest_client [req-2fe723a3-df27-40e3-a9a9-3ebf55140680 req-2fe723a3-df27-40e3-a9a9-3ebf55140680 ] Request (FloatingIPsAssociationNegativeTestJSON:test_associate_nonexistent_floating_ip): 404 POST http://10.180.1.21/compute/v2.1/servers/3cc3caaa-7bab-4839-9ff0-804abf2ab595/action 1.017s
2025-03-11 14:09:50.905 69639 INFO tempest.lib.common.rest_client [req-286cc312-afa3-489d-a1c0-90f2ea20d2d4 req-286cc312-afa3-489d-a1c0-90f2ea20d2d4 ] Request (ServersAdminNegativeTestJSON:setUpClass): 200 GET http://10.180.1.21/compute/v2.1/servers/0f8a22c8-b592-42f5-a57f-807e117ec4d6 1.014s
2025-03-11 14:09:50.916 69671 INFO tempest.lib.common.rest_client [req-b1b483ef-3c33-4231-8fd6-ab88be76522a req-b1b483ef-3c33-4231-8fd6-ab88be76522a ] Request (QuotasAdminTestV257:tearDownClass): 204 DELETE http://10.180.1.21/identity/v3/users/96ac85fd7db548e9addc36aa9e7e1735 0.160s
2025-03-11 14:09:50.937 69621 INFO tempest.lib.common.rest_client [req-c7d12f1e-d556-4d03-8166-f7493a9df48a req-c7d12f1e-d556-4d03-8166-f7493a9df48a ] Request (FlavorsAdminTestJSON:test_is_public_string_variations): 200 GET http://10.180.1.21/compute/v2.1/flavors/detail?is_public=1 1.032s
2025-03-11 14:09:50.935 69663 INFO tempest.lib.common.rest_client [req-e750c136-6547-4fcd-8e08-9b6028e3865b req-e750c136-6547-4fcd-8e08-9b6028e3865b ] Request (AggregatesAdminNegativeTestJSON:tearDownClass): 204 DELETE http://10.180.1.21:9696/networking/v2.0/security-groups/77fe9c5a-ea7e-48b5-a022-310d555e2244 0.134s
2025-03-11 14:09:50.996 69641 INFO tempest.lib.common.rest_client [req-47eb8566-abfb-45a4-9506-ff32aae180a8 req-47eb8566-abfb-45a4-9506-ff32aae180a8 ] Request (ServerExternalEventsTest:tearDownClass): 200 GET http://10.180.1.21/compute/v2.1/servers/25cbcb64-eef2-42e9-b5d4-30121ca2be4c 1.061s
2025-03-11 14:09:51.001 69625 INFO tempest.lib.common.rest_client [req-014425c1-0f39-4bdc-bf6a-f6d22cf6e805 req-014425c1-0f39-4bdc-bf6a-f6d22cf6e805 ] Request (ImagesOneServerNegativeTestJSON:test_create_image_specify_metadata_over_limits): 400 POST http://10.180.1.21/compute/v2.1/servers/a3cf9b1d-995f-4540-a2fc-9039ae57e41e/action 0.938s
2025-03-11 14:09:51.014 69627 INFO tempest.lib.common.rest_client [req-144a3f40-ccc1-4247-a1f5-74ff52b54bfe req-144a3f40-ccc1-4247-a1f5-74ff52b54bfe ] Request (InstanceActionsTestJSON:tearDownClass): 200 GET http://10.180.1.21/compute/v2.1/servers/fe49a256-114c-4d15-9647-a89d85ba735f 1.015s
2025-03-11 14:09:51.069 69663 INFO tempest.lib.common.rest_client [req-ad243bcf-0e59-476d-9f61-2e338276e549 req-ad243bcf-0e59-476d-9f61-2e338276e549 ] Request (AggregatesAdminNegativeTestJSON:tearDownClass): 204 DELETE http://10.180.1.21/identity/v3/projects/7b467964b42d4d01a75a27c83b4f765b 0.131s
2025-03-11 14:09:51.069 69663 INFO tempest.lib.common.dynamic_creds [-] Deleting project and security group for project: 4efcdb71dcf644aea118e3197a833376
2025-03-11 14:09:51.076 69671 INFO tempest.lib.common.rest_client [req-b764a8c1-27e7-4d45-93c8-9c0ee57114be req-b764a8c1-27e7-4d45-93c8-9c0ee57114be ] Request (QuotasAdminTestV257:tearDownClass): 204 DELETE http://10.180.1.21/identity/v3/users/1fb6b84d9fc84487a7a3f298d935475a 0.158s
2025-03-11 14:09:51.076 69671 INFO tempest.lib.common.dynamic_creds [-] Deleting project and security group for project: 600ae67c1e6c46e795b890e1da89d672
2025-03-11 14:09:51.087 69675 INFO tempest.lib.common.rest_client [req-59f4c6f8-a56f-40df-b795-65092152348e req-59f4c6f8-a56f-40df-b795-65092152348e ] Request (ServersAdmin275Test:tearDownClass): 200 GET http://10.180.1.21/compute/v2.1/servers/40bc1ca1-dcb3-4d03-8e57-290e21f30e93 0.821s
2025-03-11 14:09:51.141 69671 INFO tempest.lib.common.rest_client [req-0fb68378-6369-4e86-badd-bca1a983d2ae req-0fb68378-6369-4e86-badd-bca1a983d2ae ] Request (QuotasAdminTestV257:tearDownClass): 201 POST http://10.180.1.21/identity/v3/auth/tokens 0.064s
2025-03-11 14:09:51.168 69655 INFO tempest.lib.common.rest_client [req-871ab6ec-0a43-4093-b439-b71f8e5a07f2 req-871ab6ec-0a43-4093-b439-b71f8e5a07f2 ] Request (ServersTestJSON:setUpClass): 200 GET http://10.180.1.21/compute/v2.1/servers/43062545-3fc6-45b9-b473-10a40a37bda9 0.837s
2025-03-11 14:09:51.264 69645 INFO tempest.lib.common.rest_client [req-b1bd380f-c275-4251-a2a3-761c6a045b07 req-b1bd380f-c275-4251-a2a3-761c6a045b07 ] Request (ServerDiagnosticsTest:test_get_server_diagnostics): 200 GET http://10.180.1.21/compute/v2.1/servers/5e95fc18-681b-44ce-88c4-b3fe4de06f0d 0.879s
2025-03-11 14:09:51.270 69663 INFO tempest.lib.common.rest_client [req-bf1c5ee1-6d8b-4d21-96e6-b49d5e2386fd req-bf1c5ee1-6d8b-4d21-96e6-b49d5e2386fd ] Request (AggregatesAdminNegativeTestJSON:tearDownClass): 200 GET http://10.180.1.21:9696/networking/v2.0/security-groups?tenant_id=4efcdb71dcf644aea118e3197a833376&name=default 0.200s
2025-03-11 14:09:51.363 69651 INFO tempest.lib.common.rest_client [req-66177dbd-7e5d-4417-83fe-b16969115438 req-66177dbd-7e5d-4417-83fe-b16969115438 ] Request (InstanceActionsV221TestJSON:test_get_list_deleted_instance_actions): 200 GET http://10.180.1.21/compute/v2.1/servers/66d0f6fb-aafc-4406-b545-36664abf7348 0.761s
2025-03-11 14:09:51.531 69671 INFO tempest.lib.common.rest_client [req-0b45d27e-360d-4641-b8a1-5d02c68b8fb4 req-0b45d27e-360d-4641-b8a1-5d02c68b8fb4 ] Request (QuotasAdminTestV257:tearDownClass): 200 GET http://10.180.1.21:9696/networking/v2.0/security-groups?tenant_id=600ae67c1e6c46e795b890e1da89d672&name=default 0.390s
2025-03-11 14:09:51.534 69661 INFO tempest.lib.common.rest_client [req-9c066aad-e65a-4e6b-bcf4-f077fdffcc72 req-9c066aad-e65a-4e6b-bcf4-f077fdffcc72 ] Request (ServersTestBootFromVolume:setUpClass): 200 GET http://10.180.1.21/volume/v3/volumes/04da9cbd-9abb-4f64-9488-c55e20c91c14 0.030s
2025-03-11 14:09:51.625 69633 INFO tempest.lib.common.rest_client [req-93cc1ae9-24c4-4322-a51b-494f88796542 req-93cc1ae9-24c4-4322-a51b-494f88796542 ] Request (ImagesMetadataTestJSON:test_set_image_metadata): 200 PUT http://10.180.1.21/compute/v2.1/images/3b4b1aaf-1efe-41ac-b301-5d68118f26a4/metadata 0.985s
2025-03-11 14:09:51.654 69657 INFO tempest.lib.common.rest_client [req-bf6a99de-ebf3-48f6-a8a1-b4c607783941 req-bf6a99de-ebf3-48f6-a8a1-b4c607783941 ] Request (SecurityGroupRulesNegativeTestJSON:tearDownClass): 200 PUT http://10.180.1.21:9696/networking/v2.0/routers/cee7c72c-e45d-46b4-8ad4-a0b35273fd51/remove_router_interface 1.299s
2025-03-11 14:09:51.657 69671 INFO tempest.lib.common.rest_client [req-1e68b962-c23b-4d0b-9be4-25baa2baf1f9 req-1e68b962-c23b-4d0b-9be4-25baa2baf1f9 ] Request (QuotasAdminTestV257:tearDownClass): 204 DELETE http://10.180.1.21:9696/networking/v2.0/security-groups/b7963016-75ef-4224-b532-1b8711f1d36c 0.125s
2025-03-11 14:09:51.735 69671 INFO tempest.lib.common.rest_client [req-a48fb239-0462-4b9a-87e7-cee434a1b825 req-a48fb239-0462-4b9a-87e7-cee434a1b825 ] Request (QuotasAdminTestV257:tearDownClass): 204 DELETE http://10.180.1.21/identity/v3/projects/600ae67c1e6c46e795b890e1da89d672 0.077s
2025-03-11 14:09:51.735 69671 INFO tempest.lib.common.dynamic_creds [-] Deleting project and security group for project: 0a1b97a9d25742c188496fe54f540564
2025-03-11 14:09:51.814 69663 INFO tempest.lib.common.rest_client [req-5d5886d0-9f23-4d50-96c1-273f0adeca50 req-5d5886d0-9f23-4d50-96c1-273f0adeca50 ] Request (AggregatesAdminNegativeTestJSON:tearDownClass): 204 DELETE http://10.180.1.21:9696/networking/v2.0/security-groups/850b1824-5173-4322-9289-f538c2142607 0.544s
2025-03-11 14:09:51.833 69653 INFO tempest.lib.common.rest_client [req-5bf42d87-184a-4ac6-9c8b-2bd144fd4eb3 req-5bf42d87-184a-4ac6-9c8b-2bd144fd4eb3 ] Request (ServerShowV257Test:test_rebuild_server): 200 GET http://10.180.1.21/compute/v2.1/servers/d31edcc0-475f-4f82-98bd-6070655bb7b9 1.106s
2025-03-11 14:09:51.874 69671 INFO tempest.lib.common.rest_client [req-494bf41e-ad78-4b61-bb13-341f008c65db req-494bf41e-ad78-4b61-bb13-341f008c65db ] Request (QuotasAdminTestV257:tearDownClass): 200 GET http://10.180.1.21:9696/networking/v2.0/security-groups?tenant_id=0a1b97a9d25742c188496fe54f540564&name=default 0.138s
2025-03-11 14:09:51.916 69663 INFO tempest.lib.common.rest_client [req-34193d2c-21e2-4fba-a446-6abc9ffb128f req-34193d2c-21e2-4fba-a446-6abc9ffb128f ] Request (AggregatesAdminNegativeTestJSON:tearDownClass): 204 DELETE http://10.180.1.21/identity/v3/projects/4efcdb71dcf644aea118e3197a833376 0.101s
2025-03-11 14:09:51.937 69649 INFO tempest.lib.common.rest_client [req-9a86d087-0da7-4066-9c3d-e8fa46357a61 req-9a86d087-0da7-4066-9c3d-e8fa46357a61 ] Request (ServerDiagnosticsV248Test:tearDownClass): 200 GET http://10.180.1.21/compute/v2.1/servers/81894aff-58d3-4d13-a743-643267fad2bf 1.132s
2025-03-11 14:09:51.986 69663 INFO tempest.lib.common.rest_client [req-6ceec8f0-6b8d-4923-bc11-f2de5e6d74b8 req-6ceec8f0-6b8d-4923-bc11-f2de5e6d74b8 ] Request (FloatingIPDetailsNegativeTestJSON:setUpClass): 201 POST http://10.180.1.21/identity/v3/auth/tokens 0.068s
2025-03-11 14:09:52.013 69671 INFO tempest.lib.common.rest_client [req-55276fb8-fefb-4953-963b-d767f4b9ab29 req-55276fb8-fefb-4953-963b-d767f4b9ab29 ] Request (QuotasAdminTestV257:tearDownClass): 204 DELETE http://10.180.1.21:9696/networking/v2.0/security-groups/f1beeec6-de96-44dd-a06e-32d83029afd0 0.138s
2025-03-11 14:09:52.019 69619 INFO tempest.lib.common.rest_client [req-bd12ab08-bf96-4741-821d-f2f7a5e7bb09 req-bd12ab08-bf96-4741-821d-f2f7a5e7bb09 ] Request (TenantUsagesTestJSON:setUpClass): 200 GET http://10.180.1.21/compute/v2.1/servers/e591ffdf-b855-4c8c-a85d-55c3e8128ecc 1.167s
