2025-03-11 14:09:26.445 69635 INFO tempest.lib.common.rest_client [req-316e4bfc-3f8f-4b55-9612-df9b1558e0b4 req-316e4bfc-3f8f-4b55-9612-df9b1558e0b4 ] Request (VolumesAssistedSnapshotsTest:test_volume_assisted_snapshot_create_delete): 200 GET http://10.180.1.21/compute/v2.1/servers/0d31a377-7c63-47e9-85b8-85c6f702db66 1.001s
2025-03-11 14:09:26.506 69619 INFO tempest.lib.common.rest_client [req-b13c72b0-eb99-407a-bf94-0974acd3f3ca req-b13c72b0-eb99-407a-bf94-0974acd3f3ca ] Request (QuotasAdminTestJSON:_run_cleanups): 204 DELETE http://10.180.1.21/identity/v3/projects/f1f96e12a9394c58ac43eb72287a4889 0.140s
2025-03-11 14:09:26.515 69679 INFO tempest.lib.common.rest_client [req-90f45bf7-0851-4cb0-8573-b8bc88d01f7c req-90f45bf7-0851-4cb0-8573-b8bc88d01f7c ] Request (AttachInterfacesV270Test:test_create_get_list_interfaces): 200 GET http://10.180.1.21/compute/v2.1/servers/8bb97c0a-e052-4844-937c-f26c2bd28b33 1.159s
2025-03-11 14:09:26.611 69645 INFO tempest.lib.common.rest_client [req-c097ba06-636b-4065-91d1-07c56bebab7a req-c097ba06-636b-4065-91d1-07c56bebab7a ] Request (FlavorsAccessNegativeTestJSON:test_remove_flavor_access_not_found): 404 POST http://10.180.1.21/compute/v2.1/flavors/1744341983/action 0.825s
2025-03-11 14:09:26.772 69651 INFO tempest.lib.common.rest_client [req-f3d7122e-b391-48c1-b1f6-3cc39de5acbc req-f3d7122e-b391-48c1-b1f6-3cc39de5acbc ] Request (KeyPairsV210TestJSON:tearDownClass): 204 DELETE http://10.180.1.21:9696/networking/v2.0/security-groups/4368450f-fb05-49f3-9e1f-1290f4f478d8 0.407s
2025-03-11 14:09:26.772 69643 INFO tempest.lib.common.rest_client [req-e266e798-b107-48b2-b5ec-e6233b5a3671 req-e266e798-b107-48b2-b5ec-e6233b5a3671 ] Request (ServerDiagnosticsNegativeTest:tearDownClass): 200 GET http://10.180.1.21/compute/v2.1/servers/a4c9aa55-b4db-42e7-ab90-26bb66af6167 0.968s
2025-03-11 14:09:26.779 69663 INFO tempest.lib.common.rest_client [req-a8553e10-92ce-4689-8d58-ae1c3a0fdfc4 req-a8553e10-92ce-4689-8d58-ae1c3a0fdfc4 ] Request (AggregatesAdminNegativeTestJSON:test_aggregate_delete_as_user): 403 DELETE http://10.180.1.21/compute/v2.1/os-aggregates/5 0.940s
2025-03-11 14:09:26.788 69657 INFO tempest.lib.common.rest_client [req-54ec9e46-5e09-4fe3-b1e2-7e1228bdff3d req-54ec9e46-5e09-4fe3-b1e2-7e1228bdff3d ] Request (SecurityGroupRulesNegativeTestJSON:test_create_security_group_rule_with_invalid_from_port): 400 POST http://10.180.1.21/compute/v2.1/os-security-group-rules 0.976s
2025-03-11 14:09:26.788 69665 INFO tempest.lib.common.rest_client [req-baf77245-3095-4832-8154-f15197e373e0 req-baf77245-3095-4832-8154-f15197e373e0 ] Request (KeyPairsNegativeTestJSON:test_create_keypair_with_long_keynames): 400 POST http://10.180.1.21/compute/v2.1/os-keypairs 0.913s
2025-03-11 14:09:26.803 69639 INFO tempest.lib.common.rest_client [req-ca4ff953-1b64-4845-9e7d-bc5e2ee8f127 req-ca4ff953-1b64-4845-9e7d-bc5e2ee8f127 ] Request (HostsAdminNegativeTestJSON:test_update_host_without_param): 400 PUT http://10.180.1.21/compute/v2.1/os-hosts/devstack 0.926s
2025-03-11 14:09:26.879 69625 INFO tempest.lib.common.rest_client [req-87e9417f-1401-4097-a5d6-282eb5079ffe req-87e9417f-1401-4097-a5d6-282eb5079ffe ] Request (ImagesOneServerNegativeTestJSON:setUpClass): 200 GET http://10.180.1.21/compute/v2.1/servers/a3cf9b1d-995f-4540-a2fc-9039ae57e41e 0.929s
2025-03-11 14:09:26.894 69675 INFO tempest.lib.common.rest_client [req-542fad84-5075-48b0-bd83-38c1d97b9441 req-542fad84-5075-48b0-bd83-38c1d97b9441 ] Request (ServersAdmin275Test:test_rebuild_update_server_275): 200 GET http://10.180.1.21/compute/v2.1/servers/40bc1ca1-dcb3-4d03-8e57-290e21f30e93 0.932s
2025-03-11 14:09:26.904 69651 INFO tempest.lib.common.rest_client [req-df4f98d0-cb68-483a-892f-1465de29eda0 req-df4f98d0-cb68-483a-892f-1465de29eda0 ] Request (KeyPairsV210TestJSON:tearDownClass): 204 DELETE http://10.180.1.21/identity/v3/projects/ad3db58338fb4d389cb556c6ec419b12 0.132s
2025-03-11 14:09:26.904 69651 INFO tempest.lib.common.dynamic_creds [-] Deleting project and security group for project: a438c7d9dd7f4eb88da63f30f9e8f2a9
2025-03-11 14:09:26.908 69667 INFO tempest.lib.common.rest_client [req-bd11e9fe-308a-4ed0-98fe-0f8d0168e498 req-bd11e9fe-308a-4ed0-98fe-0f8d0168e498 ] Request (ImagesMetadataNegativeTestJSON:test_update_nonexistent_image_metadata): 404 POST http://10.180.1.21/compute/v2.1/images/65be5745-be11-49ed-9efc-7d312f35bd85/metadata 0.897s
2025-03-11 14:09:27.026 69629 INFO tempest.lib.common.rest_client [req-6317ced4-8ab5-469a-8841-fa5304418d70 req-6317ced4-8ab5-469a-8841-fa5304418d70 ] Request (ServersWithSpecificFlavorTestJSON:test_verify_created_server_ephemeral_disk): 200 GET http://10.180.1.21/compute/v2.1/servers/d876a739-03b5-46c5-a072-af020ce202ef 0.981s
2025-03-11 14:09:27.027 69617 INFO tempest.lib.common.rest_client [req-0313ea11-2f1b-4322-9952-81d1eb5ef2af req-0313ea11-2f1b-4322-9952-81d1eb5ef2af ] Request (ServersAdminTestJSON:setUpClass): 200 GET http://10.180.1.21/compute/v2.1/servers/a1c42ba5-a656-4d2f-8da4-f8558790f7fb 1.008s
2025-03-11 14:09:27.030 69667 INFO tempest.lib.common.rest_client [req-cbe3cdef-7321-46e6-95d7-bfda9974df94 req-cbe3cdef-7321-46e6-95d7-bfda9974df94 ] Request (ImagesMetadataNegativeTestJSON:tearDownClass): 204 DELETE http://10.180.1.21/identity/v3/users/0cf10c37f721432eb0760bbf2cad8b21 0.114s
2025-03-11 14:09:27.030 69667 INFO tempest.lib.common.dynamic_creds [-] Deleting project and security group for project: b58b38c3330b403da1aaad045b0a153f
2025-03-11 14:09:27.035 69617 INFO tempest.common.waiters [-] State transition "BUILD/None" ==> "BUILD/networking" after 8 second wait
2025-03-11 14:09:27.052 69621 INFO tempest.lib.common.rest_client [req-23c6de96-08ac-41b5-aa84-36d4e7d1ca68 req-23c6de96-08ac-41b5-aa84-36d4e7d1ca68 ] Request (FlavorsAdminTestJSON:_run_cleanups): 202 DELETE http://10.180.1.21/compute/v2.1/flavors/1791403045 0.995s
2025-03-11 14:09:27.059 69673 INFO tempest.lib.common.rest_client [req-fe544d1a-c834-4cdc-a1e4-f841cd31039f req-fe544d1a-c834-4cdc-a1e4-f841cd31039f ] Request (HostsAdminTestJSON:test_show_host_detail): 200 GET http://10.180.1.21/compute/v2.1/os-hosts 1.001s
2025-03-11 14:09:27.063 69653 INFO tempest.lib.common.rest_client [req-4a3285f3-b991-4d7f-8614-a32e350da391 req-4a3285f3-b991-4d7f-8614-a32e350da391 ] Request (MultipleCreateNegativeTestJSON:test_min_count_less_than_one): 400 POST http://10.180.1.21/compute/v2.1/servers 0.989s
2025-03-11 14:09:27.069 69651 INFO tempest.lib.common.rest_client [req-60caa99f-d1db-4066-ab8d-fde63cb87883 req-60caa99f-d1db-4066-ab8d-fde63cb87883 ] Request (KeyPairsV210TestJSON:tearDownClass): 200 GET http://10.180.1.21:9696/networking/v2.0/security-groups?tenant_id=a438c7d9dd7f4eb88da63f30f9e8f2a9&name=default 0.164s
2025-03-11 14:09:27.135 69667 INFO tempest.lib.common.rest_client [req-d45b8dba-973b-4910-a4a3-c4ce2f9a37bc req-d45b8dba-973b-4910-a4a3-c4ce2f9a37bc ] Request (ImagesMetadataNegativeTestJSON:tearDownClass): 201 POST http://10.180.1.21/identity/v3/auth/tokens 0.105s
2025-03-11 14:09:27.162 69653 INFO tempest.lib.common.rest_client [req-b0e2f25e-bb47-4457-8172-e5b9a996b6ab req-b0e2f25e-bb47-4457-8172-e5b9a996b6ab ] Request (MultipleCreateNegativeTestJSON:test_min_count_non_integer): 201 POST http://10.180.1.21/identity/v3/auth/tokens 0.087s
2025-03-11 14:09:27.163 69653 INFO tempest.lib.common.fixed_network [-] (MultipleCreateNegativeTestJSON:test_min_count_non_integer) Found network None available for tenant
2025-03-11 14:09:27.183 69677 INFO tempest.lib.common.rest_client [req-237e721f-92be-4bf6-80b9-13a0e20150e7 req-237e721f-92be-4bf6-80b9-13a0e20150e7 ] Request (DeleteServersAdminTestJSON:test_admin_delete_servers_of_others): 200 GET http://10.180.1.21/compute/v2.1/servers/498fb00b-18b5-457f-92eb-61e5f9b3fc9d 1.105s
2025-03-11 14:09:27.193 69677 INFO tempest.common.waiters [-] State transition "ACTIVE/deleting" ==> "DELETED/None" after 4 second wait
2025-03-11 14:09:27.208 69633 INFO tempest.lib.common.rest_client [req-9e38e2a0-38f9-48d4-8ad4-cf858ec0ff9c req-9e38e2a0-38f9-48d4-8ad4-cf858ec0ff9c ] Request (ServicesAdminNegativeTestJSON:test_get_service_by_invalid_service_and_valid_host): 200 GET http://10.180.1.21/compute/v2.1/os-services 0.933s
2025-03-11 14:09:27.213 69631 INFO tempest.lib.common.rest_client [req-dfd21df7-6b94-4949-a93b-ac9e152e6bff req-dfd21df7-6b94-4949-a93b-ac9e152e6bff ] Request (MigrationsAdminTest:test_list_migrations_in_flavor_resize_situation): 200 GET http://10.180.1.21/compute/v2.1/servers/b38c80c7-3686-4e96-853f-24fb8643ce0a 1.018s
2025-03-11 14:09:27.257 69627 INFO tempest.lib.common.rest_client [req-03dfdd39-c3d5-4e5c-a3f6-cfa887884c71 req-03dfdd39-c3d5-4e5c-a3f6-cfa887884c71 ] Request (InstanceActionsTestJSON:test_get_instance_action): 200 GET http://10.180.1.21/compute/v2.1/servers/fe49a256-114c-4d15-9647-a89d85ba735f/os-instance-actions/req-d97eb87d-02d6-4168-8bbd-f037b475f045 0.887s
2025-03-11 14:09:27.285 69623 INFO tempest.lib.common.rest_client [req-5f89a0b2-8a56-4568-a9f5-ccab65c24096 req-5f89a0b2-8a56-4568-a9f5-ccab65c24096 ] Request (ServersTestManualDisk:setUpClass): 200 GET http://10.180.1.21/compute/v2.1/servers/9e33aaee-64fa-4dff-aec3-774768adffa7 0.898s
2025-03-11 14:09:27.318 69651 INFO tempest.lib.common.rest_client [req-88643b9c-b45b-4304-97b1-823364adddb1 req-88643b9c-b45b-4304-97b1-823364adddb1 ] Request (KeyPairsV210TestJSON:tearDownClass): 204 DELETE http://10.180.1.21:9696/networking/v2.0/security-groups/8b594e5a-8b8a-459d-84d4-955b6020d16b 0.249s
2025-03-11 14:09:27.321 69669 INFO tempest.lib.common.rest_client [req-0c877ac5-e6f7-4279-b7dc-9fe5f55d8c68 req-0c877ac5-e6f7-4279-b7dc-9fe5f55d8c68 ] Request (AttachInterfacesTestJSON:test_create_list_show_delete_interfaces_by_fixed_ip): 200 GET http://10.180.1.21/compute/v2.1/servers/ade366c6-e13e-4247-9dad-1035ef640406 0.859s
2025-03-11 14:09:27.387 69651 INFO tempest.lib.common.rest_client [req-6f7e218e-b0ba-4c44-bc46-5993a2b75323 req-6f7e218e-b0ba-4c44-bc46-5993a2b75323 ] Request (KeyPairsV210TestJSON:tearDownClass): 204 DELETE http://10.180.1.21/identity/v3/projects/a438c7d9dd7f4eb88da63f30f9e8f2a9 0.068s
2025-03-11 14:09:27.388 69651 INFO tempest.test [-] raised in LiveMigrationTest.setUpClass. Invoking tearDownClass.
2025-03-11 14:09:27.440 69619 INFO tempest.lib.common.rest_client [req-0ab7df96-0bec-46db-a839-8975dc7466f0 req-0ab7df96-0bec-46db-a839-8975dc7466f0 ] Request (QuotasAdminTestJSON:test_update_all_quota_resources_for_tenant): 200 GET http://10.180.1.21/compute/v2.1/os-quota-sets/e5587d4669c54c34b81e1e1f343875d2/defaults 0.930s
2025-03-11 14:09:27.448 69637 INFO tempest.lib.common.rest_client [req-6bf8f51e-410a-4954-952b-2db3011e97fe req-6bf8f51e-410a-4954-952b-2db3011e97fe ] Request (VolumesAdminNegativeTest:test_update_attached_volume_with_nonexistent_volume_in_body): 200 GET http://10.180.1.21/compute/v2.1/servers/f29b0f1c-7f85-4c4b-8402-aa7958bebb7c 0.931s
2025-03-11 14:09:27.459 69637 INFO tempest.common.waiters [-] State transition "BUILD/spawning" ==> "ACTIVE/None" after 21 second wait
2025-03-11 14:09:27.469 69645 INFO tempest.lib.common.rest_client [req-5d280b99-1aaf-4c51-ad37-45e1edaa72d4 req-5d280b99-1aaf-4c51-ad37-45e1edaa72d4 ] Request (FlavorsAccessNegativeTestJSON:_run_cleanups): 202 DELETE http://10.180.1.21/compute/v2.1/flavors/1744341983 0.857s
2025-03-11 14:09:27.473 69651 INFO tempest.lib.common.rest_client [req-eb34a6f2-7a32-4db1-8651-b068d5a67578 req-eb34a6f2-7a32-4db1-8651-b068d5a67578 ] Request (InstanceActionsV221TestJSON:setUpClass): 201 POST http://10.180.1.21/identity/v3/auth/tokens 0.081s
2025-03-11 14:09:27.500 69663 INFO tempest.lib.common.rest_client [req-4aaea930-ccca-47b4-84d6-eb8f62be25e6 req-4aaea930-ccca-47b4-84d6-eb8f62be25e6 ] Request (AggregatesAdminNegativeTestJSON:_run_cleanups): 200 DELETE http://10.180.1.21/compute/v2.1/os-aggregates/5 0.720s
2025-03-11 14:09:27.507 69657 INFO tempest.lib.common.rest_client [req-e6627224-dcc6-42a1-ae1d-2bc6bcb7012b req-e6627224-dcc6-42a1-ae1d-2bc6bcb7012b ] Request (SecurityGroupRulesNegativeTestJSON:test_create_security_group_rule_with_invalid_id): 400 POST http://10.180.1.21/compute/v2.1/os-security-group-rules 0.718s
2025-03-11 14:09:27.507 69651 INFO tempest.lib.common.rest_client [req-6c4899fd-f5cb-4e70-92c9-07ec704a4f76 req-6c4899fd-f5cb-4e70-92c9-07ec704a4f76 ] Request (InstanceActionsV221TestJSON:setUpClass): 201 POST http://10.180.1.21/identity/v3/auth/tokens 0.031s
2025-03-11 14:09:27.510 69667 INFO tempest.lib.common.rest_client [req-16fb379d-f5f4-4209-bccc-bfb212b31aa1 req-16fb379d-f5f4-4209-bccc-bfb212b31aa1 ] Request (ImagesMetadataNegativeTestJSON:tearDownClass): 200 GET http://10.180.1.21:9696/networking/v2.0/security-groups?tenant_id=b58b38c3330b403da1aaad045b0a153f&name=default 0.373s
2025-03-11 14:09:27.545 69665 INFO tempest.lib.common.rest_client [req-98dd3db4-82f3-4c23-b44e-e6d895053caa req-98dd3db4-82f3-4c23-b44e-e6d895053caa ] Request (KeyPairsNegativeTestJSON:test_keypair_create_with_invalid_pub_key): 400 POST http://10.180.1.21/compute/v2.1/os-keypairs 0.754s
2025-03-11 14:09:27.553 69651 INFO tempest.lib.common.rest_client [req-6a54bd07-5e41-4438-a1d4-6a7705891963 req-6a54bd07-5e41-4438-a1d4-6a7705891963 ] Request (InstanceActionsV221TestJSON:setUpClass): 200 GET http://10.180.1.21/identity/v3/domains?name=Default 0.044s
2025-03-11 14:09:27.559 69639 INFO tempest.lib.common.rest_client [req-aab11fac-68c4-4cc4-a934-2977dde60e49 req-aab11fac-68c4-4cc4-a934-2977dde60e49 ] Request (HostsAdminNegativeTestJSON:test_update_nonexistent_host): 404 PUT http://10.180.1.21/compute/v2.1/os-hosts/nonexistent_hostname 0.755s
2025-03-11 14:09:27.585 69651 INFO tempest.lib.common.rest_client [req-77a505e6-361b-4b1a-a3db-ecf7aac6454a req-77a505e6-361b-4b1a-a3db-ecf7aac6454a ] Request (InstanceActionsV221TestJSON:setUpClass): 201 POST http://10.180.1.21/identity/v3/projects 0.031s
2025-03-11 14:09:27.607 69641 INFO tempest.lib.common.rest_client [req-2171a00a-e075-4ae9-83c2-d4369439bbe1 req-2171a00a-e075-4ae9-83c2-d4369439bbe1 ] Request (ServerExternalEventsTest:test_create_server_external_events): 200 GET http://10.180.1.21/compute/v2.1/servers/25cbcb64-eef2-42e9-b5d4-30121ca2be4c 0.863s
2025-03-11 14:09:27.658 69639 INFO tempest.lib.common.rest_client [req-b366b453-53ed-4da3-8117-d68e53efadc4 req-b366b453-53ed-4da3-8117-d68e53efadc4 ] Request (HostsAdminNegativeTestJSON:tearDownClass): 204 DELETE http://10.180.1.21/identity/v3/users/6ede2514ee554e3f99c24707d4fbf378 0.096s
2025-03-11 14:09:27.665 69621 INFO tempest.lib.common.rest_client [req-e9be8373-ee07-441e-be20-41e3126b10b4 req-e9be8373-ee07-441e-be20-41e3126b10b4 ] Request (FlavorsAdminTestJSON:_run_cleanups): 200 GET http://10.180.1.21/compute/v2.1/flavors/detail 0.612s
2025-03-11 14:09:27.704 69651 INFO tempest.lib.common.rest_client [req-82288d56-f995-4bd6-a6d6-395ccba71f13 req-82288d56-f995-4bd6-a6d6-395ccba71f13 ] Request (InstanceActionsV221TestJSON:setUpClass): 201 POST http://10.180.1.21/identity/v3/users 0.119s
2025-03-11 14:09:27.711 69673 INFO tempest.lib.common.rest_client [req-ea851820-1c4a-4ed6-bf7e-f58881b55c54 req-ea851820-1c4a-4ed6-bf7e-f58881b55c54 ] Request (HostsAdminTestJSON:test_show_host_detail): 200 GET http://10.180.1.21/compute/v2.1/os-hosts/cpu-1 0.651s
2025-03-11 14:09:27.718 69653 INFO tempest.lib.common.rest_client [req-9585ca45-bf62-4fd1-8f46-e691528f4ff7 req-9585ca45-bf62-4fd1-8f46-e691528f4ff7 ] Request (MultipleCreateNegativeTestJSON:test_min_count_non_integer): 400 POST http://10.180.1.21/compute/v2.1/servers 0.554s
2025-03-11 14:09:27.724 69667 INFO tempest.lib.common.rest_client [req-d6e53a6e-4439-48ab-87d9-e25e17f2e26b req-d6e53a6e-4439-48ab-87d9-e25e17f2e26b ] Request (ImagesMetadataNegativeTestJSON:tearDownClass): 204 DELETE http://10.180.1.21:9696/networking/v2.0/security-groups/a6e4c859-2a9a-4428-aeff-2c1d6aa514c6 0.213s
2025-03-11 14:09:27.738 69651 INFO tempest.lib.common.rest_client [req-033c049f-734b-49ab-82d6-a2088ae062ea req-033c049f-734b-49ab-82d6-a2088ae062ea ] Request (InstanceActionsV221TestJSON:setUpClass): 200 GET http://10.180.1.21/identity/v3/roles 0.033s
2025-03-11 14:09:27.741 69633 INFO tempest.lib.common.rest_client [req-81e0be80-d7dc-41e6-b1de-b77044b7c875 req-81e0be80-d7dc-41e6-b1de-b77044b7c875 ] Request (ServicesAdminNegativeTestJSON:test_get_service_by_invalid_service_and_valid_host): 200 GET http://10.180.1.21/compute/v2.1/os-services?host=devstack&binary=xxx 0.529s
2025-03-11 14:09:27.745 69647 INFO tempest.lib.common.rest_client [req-9559ff6b-c6c4-4f28-820a-4e622af05b6e req-9559ff6b-c6c4-4f28-820a-4e622af05b6e ] Request (FloatingIPsAssociationNegativeTestJSON:setUpClass): 200 GET http://10.180.1.21/compute/v2.1/servers/3cc3caaa-7bab-4839-9ff0-804abf2ab595 0.761s
2025-03-11 14:09:27.805 69639 INFO tempest.lib.common.rest_client [req-9ef67888-4df0-4edd-874f-ea0be5747e20 req-9ef67888-4df0-4edd-874f-ea0be5747e20 ] Request (HostsAdminNegativeTestJSON:tearDownClass): 204 DELETE http://10.180.1.21/identity/v3/users/c0088bc1b4544967aabe9e26987ec9db 0.147s
2025-03-11 14:09:27.805 69639 INFO tempest.lib.common.dynamic_creds [-] Deleting project and security group for project: 6f09f2b8885b444d9f00a92462158e86
2025-03-11 14:09:27.822 69659 INFO tempest.lib.common.rest_client [req-9b6d7c68-3c56-4eed-8558-0a32b1954660 req-9b6d7c68-3c56-4eed-8558-0a32b1954660 ] Request (ImagesOneServerTestJSON:setUpClass): 200 PUT http://10.180.1.21:9696/networking/v2.0/routers/c5381c63-1d3b-4a88-9537-031b5c654d0d/add_router_interface 1.516s
2025-03-11 14:09:27.823 69659 INFO tempest.lib.common.dynamic_creds [-] Created isolated network resources for: credentials: Credentials: {'domain_id': 'default', 'domain_name': 'Default', 'username': 'tempest-ImagesOneServerTestJSON-1913468942-project-member', 'project_domain_id': 'default', 'project_domain_name': 'Default', 'project_id': '739134360fce47b18527185fd72adea1', 'project_name': 'tempest-ImagesOneServerTestJSON-1913468942', 'tenant_id': '739134360fce47b18527185fd72adea1', 'tenant_name': 'tempest-ImagesOneServerTestJSON-1913468942', 'user_domain_id': 'default', 'user_domain_name': 'Default', 'user_id': '5520360906824b239148d47eca5870d0', 'system': None}, Network: {'id': 'a70757ee-0b3f-4f65-afad-f4026773d2ea', 'name': 'tempest-ImagesOneServerTestJSON-473898740-network', 'tenant_id': '739134360fce47b18527185fd72adea1', 'admin_state_up': True, 'mtu': 8950, 'status': 'ACTIVE', 'subnets': [], 'shared': False, 'project_id': '739134360fce47b18527185fd72adea1', 'port_security_enabled': True, 'router:external': False, 'provider:network_type': 'vlan', 'provider:physical_network': 'default', 'provider:segmentation_id': 386, 'availability_zone_hints': [], 'availability_zones': [], 'ipv4_address_scope': None, 'ipv6_address_scope': None, 'description': '', 'tags': [], 'created_at': '2025-03-11T14:09:24Z', 'updated_at': '2025-03-11T14:09:24Z', 'revision_number': 1}, Subnet: {'id': '337dc9c3-934c-4946-a3c5-084d81cea99b', 'name': 'tempest-ImagesOneServerTestJSON-473898740-subnet', 'tenant_id': '739134360fce47b18527185fd72adea1', 'network_id': 'a70757ee-0b3f-4f65-afad-f4026773d2ea', 'ip_version': 4, 'subnetpool_id': None, 'enable_dhcp': True, 'ipv6_ra_mode': None, 'ipv6_address_mode': None, 'gateway_ip': '192.168.128.1', 'cidr': '192.168.128.0/28', 'allocation_pools': [{'start': '192.168.128.2', 'end': '192.168.128.14'}], 'host_routes': [], 'dns_nameservers': [], 'description': '', 'router:external': False, 'service_types': [], 'tags': [], 'created_at': '2025-03-11T14:09:24Z', 'updated_at': '2025-03-11T14:09:24Z', 'revision_number': 0, 'project_id': '739134360fce47b18527185fd72adea1'}, Router: {'id': 'c5381c63-1d3b-4a88-9537-031b5c654d0d', 'name': 'tempest-ImagesOneServerTestJSON-473898740-router', 'tenant_id': '739134360fce47b18527185fd72adea1', 'admin_state_up': True, 'status': 'ACTIVE', 'external_gateway_info': {'network_id': '607b45ef-82a9-4868-ac2f-1bb9e0947fab', 'external_fixed_ips': [{'subnet_id': '6b4af3a1-be27-42df-97fc-cd5380d7fa2c', 'ip_address': '10.180.180.209'}], 'enable_snat': True}, 'description': '', 'availability_zones': [], 'distributed': False, 'ha': False, 'availability_zone_hints': [], 'routes': [], 'flavor_id': None, 'tags': [], 'created_at': '2025-03-11T14:09:25Z', 'updated_at': '2025-03-11T14:09:25Z', 'revision_number': 2, 'project_id': '739134360fce47b18527185fd72adea1'}
2025-03-11 14:09:27.833 69673 INFO tempest.lib.common.rest_client [req-49de4d9e-ea83-4a7f-8c44-e101bf0d57a2 req-49de4d9e-ea83-4a7f-8c44-e101bf0d57a2 ] Request (HostsAdminTestJSON:tearDownClass): 204 DELETE http://10.180.1.21/identity/v3/users/ffa5b223281b4c2d85fced8c70176e65 0.118s
2025-03-11 14:09:27.888 69627 INFO tempest.lib.common.rest_client [req-2f66e997-8b3a-41a9-9e15-d7d296613769 req-2f66e997-8b3a-41a9-9e15-d7d296613769 ] Request (InstanceActionsTestJSON:test_list_instance_actions): 202 POST http://10.180.1.21/compute/v2.1/servers/fe49a256-114c-4d15-9647-a89d85ba735f/action 0.625s
2025-03-11 14:09:27.968 69635 INFO tempest.lib.common.rest_client [req-c5de21dc-d2f9-4d25-bd01-fe195e46bf80 req-c5de21dc-d2f9-4d25-bd01-fe195e46bf80 ] Request (VolumesAssistedSnapshotsTest:test_volume_assisted_snapshot_create_delete): 200 GET http://10.180.1.21/compute/v2.1/servers/0d31a377-7c63-47e9-85b8-85c6f702db66 0.513s
2025-03-11 14:09:27.977 69667 INFO tempest.lib.common.rest_client [req-547a4de5-9343-4371-a55f-65d7ea20b131 req-547a4de5-9343-4371-a55f-65d7ea20b131 ] Request (ImagesMetadataNegativeTestJSON:tearDownClass): 204 DELETE http://10.180.1.21/identity/v3/projects/b58b38c3330b403da1aaad045b0a153f 0.253s
2025-03-11 14:09:27.996 69653 INFO tempest.lib.common.rest_client [req-f9fe844b-5f28-4f79-bf79-34fa9305a10f req-f9fe844b-5f28-4f79-bf79-34fa9305a10f ] Request (MultipleCreateNegativeTestJSON:tearDownClass): 204 DELETE http://10.180.1.21/identity/v3/users/ccc11cfc861e4259afe899ff0411c3e6 0.273s
2025-03-11 14:09:27.996 69653 INFO tempest.lib.common.dynamic_creds [-] Deleting project and security group for project: 48b6c94066d24e3a9c2b713d9e97c1d5
2025-03-11 14:09:28.063 69637 INFO tempest.lib.common.rest_client [req-40619133-fa2a-4910-b3dc-9405f0592c5e req-40619133-fa2a-4910-b3dc-9405f0592c5e ] Request (VolumesAdminNegativeTest:test_update_attached_volume_with_nonexistent_volume_in_body): 200 GET http://10.180.1.21/compute/v2.1/servers/f29b0f1c-7f85-4c4b-8402-aa7958bebb7c/os-interface 0.603s
2025-03-11 14:09:28.078 69639 INFO tempest.lib.common.rest_client [req-08e5346b-8517-4000-9ea4-3575906224e4 req-08e5346b-8517-4000-9ea4-3575906224e4 ] Request (HostsAdminNegativeTestJSON:tearDownClass): 201 POST http://10.180.1.21/identity/v3/auth/tokens 0.273s
2025-03-11 14:09:28.098 69645 INFO tempest.lib.common.rest_client [req-c9fc94fe-1f16-48d6-8644-205bc23bd0bf req-c9fc94fe-1f16-48d6-8644-205bc23bd0bf ] Request (FlavorsAccessNegativeTestJSON:_run_cleanups): 200 GET http://10.180.1.21/compute/v2.1/flavors/detail 0.627s
2025-03-11 14:09:28.109 69651 INFO tempest.lib.common.rest_client [req-cc9a0965-4d2b-4a22-8dc9-5030d7aa1b6e req-cc9a0965-4d2b-4a22-8dc9-5030d7aa1b6e ] Request (InstanceActionsV221TestJSON:setUpClass): 204 PUT http://10.180.1.21/identity/v3/projects/2b39e4a7325e4111b7da89a20242f584/users/85f3a58d094c4493a83673a76a54e361/roles/aa55d1a75ea94b2e81549290782e6f84 0.369s
2025-03-11 14:09:28.109 69651 INFO tempest.lib.common.dynamic_creds [-] Dynamic test user 85f3a58d094c4493a83673a76a54e361 is created with scope project and roles: ['member']
2025-03-11 14:09:28.109 69651 INFO tempest.lib.common.dynamic_creds [-] Acquired dynamic creds: credentials: Credentials: {'domain_id': 'default', 'domain_name': 'Default', 'username': 'tempest-InstanceActionsV221TestJSON-1831895164-project-member', 'project_domain_id': 'default', 'project_domain_name': 'Default', 'project_id': '2b39e4a7325e4111b7da89a20242f584', 'project_name': 'tempest-InstanceActionsV221TestJSON-1831895164', 'tenant_id': '2b39e4a7325e4111b7da89a20242f584', 'tenant_name': 'tempest-InstanceActionsV221TestJSON-1831895164', 'user_domain_id': 'default', 'user_domain_name': 'Default', 'user_id': '85f3a58d094c4493a83673a76a54e361', 'system': None}, Network: None, Subnet: None, Router: None
2025-03-11 14:09:28.113 69661 INFO tempest.lib.common.rest_client [req-1244314a-044e-407e-ac70-d4d7c1846bac req-1244314a-044e-407e-ac70-d4d7c1846bac ] Request (ServersTestBootFromVolume:setUpClass): 200 PUT http://10.180.1.21:9696/networking/v2.0/routers/6b2ad27d-84f8-402a-866c-e3519beb1c02/add_router_interface 1.688s
2025-03-11 14:09:28.113 69661 INFO tempest.lib.common.dynamic_creds [-] Created isolated network resources for: credentials: Credentials: {'domain_id': 'default', 'domain_name': 'Default', 'username': 'tempest-ServersTestBootFromVolume-1337850294-project-member', 'project_domain_id': 'default', 'project_domain_name': 'Default', 'project_id': '7084c44322a04cdcb4f51b7720db0349', 'project_name': 'tempest-ServersTestBootFromVolume-1337850294', 'tenant_id': '7084c44322a04cdcb4f51b7720db0349', 'tenant_name': 'tempest-ServersTestBootFromVolume-1337850294', 'user_domain_id': 'default', 'user_domain_name': 'Default', 'user_id': '54a08a663e3b440ebb9dda3f37b6cfca', 'system': None}, Network: {'id': 'e62a0661-24ef-4338-855b-dbe633765fdd', 'name': 'tempest-ServersTestBootFromVolume-1402430639-network', 'tenant_id': '7084c44322a04cdcb4f51b7720db0349', 'admin_state_up': True, 'mtu': 8950, 'status': 'ACTIVE', 'subnets': [], 'shared': False, 'project_id': '7084c44322a04cdcb4f51b7720db0349', 'port_security_enabled': True, 'router:external': False, 'provider:network_type': 'vlan', 'provider:physical_network': 'default', 'provider:segmentation_id': 996, 'availability_zone_hints': [], 'availability_zones': [], 'ipv4_address_scope': None, 'ipv6_address_scope': None, 'description': '', 'tags': [], 'created_at': '2025-03-11T14:09:24Z', 'updated_at': '2025-03-11T14:09:24Z', 'revision_number': 1}, Subnet: {'id': 'f917e600-ed40-4e41-85f2-b715cfbe3daf', 'name': 'tempest-ServersTestBootFromVolume-1402430639-subnet', 'tenant_id': '7084c44322a04cdcb4f51b7720db0349', 'network_id': 'e62a0661-24ef-4338-855b-dbe633765fdd', 'ip_version': 4, 'subnetpool_id': None, 'enable_dhcp': True, 'ipv6_ra_mode': None, 'ipv6_address_mode': None, 'gateway_ip': '192.168.128.1', 'cidr': '192.168.128.0/28', 'allocation_pools': [{'start': '192.168.128.2', 'end': '192.168.128.14'}], 'host_routes': [], 'dns_nameservers': [], 'description': '', 'router:external': False, 'service_types': [], 'tags': [], 'created_at': '2025-03-11T14:09:24Z', 'updated_at': '2025-03-11T14:09:24Z', 'revision_number': 0, 'project_id': '7084c44322a04cdcb4f51b7720db0349'}, Router: {'id': '6b2ad27d-84f8-402a-866c-e3519beb1c02', 'name': 'tempest-ServersTestBootFromVolume-1402430639-router', 'tenant_id': '7084c44322a04cdcb4f51b7720db0349', 'admin_state_up': True, 'status': 'ACTIVE', 'external_gateway_info': {'network_id': '607b45ef-82a9-4868-ac2f-1bb9e0947fab', 'external_fixed_ips': [{'subnet_id': '6b4af3a1-be27-42df-97fc-cd5380d7fa2c', 'ip_address': '10.180.180.168'}], 'enable_snat': True}, 'description': '', 'availability_zones': [], 'distributed': False, 'ha': False, 'availability_zone_hints': [], 'routes': [], 'flavor_id': None, 'tags': [], 'created_at': '2025-03-11T14:09:25Z', 'updated_at': '2025-03-11T14:09:25Z', 'revision_number': 2, 'project_id': '7084c44322a04cdcb4f51b7720db0349'}
2025-03-11 14:09:28.128 69663 INFO tempest.lib.common.rest_client [req-537068d0-3e65-4176-93d7-b750841538ad req-537068d0-3e65-4176-93d7-b750841538ad ] Request (AggregatesAdminNegativeTestJSON:test_aggregate_delete_with_invalid_id): 404 DELETE http://10.180.1.21/compute/v2.1/os-aggregates/-1 0.626s
2025-03-11 14:09:28.171 69659 INFO tempest.lib.common.rest_client [req-b8904b1f-59d5-459d-86cc-b89856f46290 req-b8904b1f-59d5-459d-86cc-b89856f46290 ] Request (ImagesOneServerTestJSON:setUpClass): 201 POST http://10.180.1.21/identity/v3/auth/tokens 0.342s
2025-03-11 14:09:28.207 69653 INFO tempest.lib.common.rest_client [req-82cbc538-f411-433d-a0d8-aee3c6371ac0 req-82cbc538-f411-433d-a0d8-aee3c6371ac0 ] Request (MultipleCreateNegativeTestJSON:tearDownClass): 201 POST http://10.180.1.21/identity/v3/auth/tokens 0.210s
2025-03-11 14:09:28.252 69673 INFO tempest.lib.common.rest_client [req-d0d84ff3-c2b8-41af-b3cd-e3b66cd3bc7e req-d0d84ff3-c2b8-41af-b3cd-e3b66cd3bc7e ] Request (HostsAdminTestJSON:tearDownClass): 204 DELETE http://10.180.1.21/identity/v3/users/8d6ad7b85b60410f9c9d41639d7aef7f 0.419s
2025-03-11 14:09:28.253 69673 INFO tempest.lib.common.dynamic_creds [-] Deleting project and security group for project: ed57a2b6938e4eb88f85ceb05b03e6e1
2025-03-11 14:09:28.375 69657 INFO tempest.lib.common.rest_client [req-f8fd8377-5505-4906-bb33-7663aefaaa01 req-f8fd8377-5505-4906-bb33-7663aefaaa01 ] Request (SecurityGroupRulesNegativeTestJSON:test_create_security_group_rule_with_invalid_ip_protocol): 200 POST http://10.180.1.21/compute/v2.1/os-security-groups 0.866s
2025-03-11 14:09:28.392 69651 INFO tempest.lib.common.rest_client [req-e5948796-6469-401b-96e8-5b7cd68bc963 req-e5948796-6469-401b-96e8-5b7cd68bc963 ] Request (InstanceActionsV221TestJSON:setUpClass): 201 POST http://10.180.1.21/identity/v3/auth/tokens 0.282s
2025-03-11 14:09:28.442 69645 INFO tempest.lib.common.rest_client [req-87e43072-8a6a-453c-a048-897715e9ca7f req-87e43072-8a6a-453c-a048-897715e9ca7f ] Request (FlavorsAccessNegativeTestJSON:tearDownClass): 204 DELETE http://10.180.1.21/identity/v3/users/9c8627246ef34bc8bad4493b7dfee110 0.332s
2025-03-11 14:09:28.470 69661 INFO tempest.lib.common.rest_client [req-0f879919-32dd-45b4-9bb4-6baaa19c9f68 req-0f879919-32dd-45b4-9bb4-6baaa19c9f68 ] Request (ServersTestBootFromVolume:setUpClass): 201 POST http://10.180.1.21/identity/v3/auth/tokens 0.343s
2025-03-11 14:09:28.517 69659 INFO tempest.lib.common.rest_client [req-8fd370b9-9687-4069-a7dc-c17a98019c24 req-8fd370b9-9687-4069-a7dc-c17a98019c24 ] Request (ImagesOneServerTestJSON:setUpClass): 201 POST http://10.180.1.21/identity/v3/auth/tokens 0.335s
2025-03-11 14:09:28.517 69659 INFO tempest.lib.common.fixed_network [-] (ImagesOneServerTestJSON:setUpClass) Found network {'id': 'a70757ee-0b3f-4f65-afad-f4026773d2ea', 'name': 'tempest-ImagesOneServerTestJSON-473898740-network', 'tenant_id': '739134360fce47b18527185fd72adea1', 'admin_state_up': True, 'mtu': 8950, 'status': 'ACTIVE', 'subnets': [], 'shared': False, 'project_id': '739134360fce47b18527185fd72adea1', 'port_security_enabled': True, 'router:external': False, 'provider:network_type': 'vlan', 'provider:physical_network': 'default', 'provider:segmentation_id': 386, 'availability_zone_hints': [], 'availability_zones': [], 'ipv4_address_scope': None, 'ipv6_address_scope': None, 'description': '', 'tags': [], 'created_at': '2025-03-11T14:09:24Z', 'updated_at': '2025-03-11T14:09:24Z', 'revision_number': 1} available for tenant
2025-03-11 14:09:28.591 69673 INFO tempest.lib.common.rest_client [req-55f222aa-1dea-4451-9cab-0d780633e1fe req-55f222aa-1dea-4451-9cab-0d780633e1fe ] Request (HostsAdminTestJSON:tearDownClass): 201 POST http://10.180.1.21/identity/v3/auth/tokens 0.338s
2025-03-11 14:09:28.601 69619 INFO tempest.lib.common.rest_client [req-cf3aaa4c-d0ff-4131-ab5a-a552d07a4445 req-cf3aaa4c-d0ff-4131-ab5a-a552d07a4445 ] Request (QuotasAdminTestJSON:test_update_all_quota_resources_for_tenant): 200 PUT http://10.180.1.21/compute/v2.1/os-quota-sets/e5587d4669c54c34b81e1e1f343875d2 1.155s
2025-03-11 14:09:28.625 69665 INFO tempest.lib.common.rest_client [req-80c45ff1-0466-45cc-825a-7281ab090b3f req-80c45ff1-0466-45cc-825a-7281ab090b3f ] Request (KeyPairsNegativeTestJSON:test_keypair_delete_nonexistent_key): 404 DELETE http://10.180.1.21/compute/v2.1/os-keypairs/tempest-keypair-non-existent-1539311909 1.077s
2025-03-11 14:09:28.653 69621 INFO tempest.lib.common.rest_client [req-ea7edbc5-d5b7-49bf-ae4c-be3a5f3ddc13 req-ea7edbc5-d5b7-49bf-ae4c-be3a5f3ddc13 ] Request (FlavorsAdminTestJSON:test_create_server_with_non_public_flavor): 200 POST http://10.180.1.21/compute/v2.1/flavors 0.981s
2025-03-11 14:09:28.684 69633 INFO tempest.lib.common.rest_client [req-a591d111-eea3-4f92-b8e8-0868f55a015d req-a591d111-eea3-4f92-b8e8-0868f55a015d ] Request (ServicesAdminNegativeTestJSON:test_get_service_with_valid_service_and_invalid_host): 200 GET http://10.180.1.21/compute/v2.1/os-services 0.937s
2025-03-11 14:09:28.704 69645 INFO tempest.lib.common.rest_client [req-82eb74ae-1a79-4cc7-8351-b975478b3f2f req-82eb74ae-1a79-4cc7-8351-b975478b3f2f ] Request (FlavorsAccessNegativeTestJSON:tearDownClass): 204 DELETE http://10.180.1.21/identity/v3/users/188f5f568fe14774bbcc46b84183a7c6 0.262s
2025-03-11 14:09:28.719 69665 INFO tempest.lib.common.rest_client [req-a773d82a-f89c-46b1-96aa-264cd2c99904 req-a773d82a-f89c-46b1-96aa-264cd2c99904 ] Request (KeyPairsNegativeTestJSON:tearDownClass): 204 DELETE http://10.180.1.21/identity/v3/users/d51b0f29e46a4373b7c3ebc448abca9f 0.090s
2025-03-11 14:09:28.719 69665 INFO tempest.lib.common.dynamic_creds [-] Deleting project and security group for project: 095bcf5a89734c0aa31333254ff1206b
2025-03-11 14:09:28.764 69679 INFO tempest.lib.common.rest_client [req-4e7f77a2-a338-4709-b462-a94c66b70f4c req-4e7f77a2-a338-4709-b462-a94c66b70f4c ] Request (AttachInterfacesV270Test:test_create_get_list_interfaces): 200 GET http://10.180.1.21/compute/v2.1/servers/8bb97c0a-e052-4844-937c-f26c2bd28b33 1.237s
2025-03-11 14:09:28.787 69665 INFO tempest.lib.common.rest_client [req-db4aa54e-6d7d-4724-b195-5bf508cf93c4 req-db4aa54e-6d7d-4724-b195-5bf508cf93c4 ] Request (KeyPairsNegativeTestJSON:tearDownClass): 201 POST http://10.180.1.21/identity/v3/auth/tokens 0.067s
2025-03-11 14:09:28.887 69645 INFO tempest.lib.common.rest_client [req-ea83d26d-e904-4c44-ba69-87ac6920da57 req-ea83d26d-e904-4c44-ba69-87ac6920da57 ] Request (FlavorsAccessNegativeTestJSON:tearDownClass): 204 DELETE http://10.180.1.21/identity/v3/users/c2c6e796bded49e6959db6c469c1337b 0.183s
2025-03-11 14:09:28.887 69645 INFO tempest.lib.common.dynamic_creds [-] Deleting project and security group for project: 9e33acc3f53640969a71a3dd743093f8
2025-03-11 14:09:28.909 69673 INFO tempest.lib.common.rest_client [req-34f9fa9a-6cfe-40b8-92af-6850d4863137 req-34f9fa9a-6cfe-40b8-92af-6850d4863137 ] Request (HostsAdminTestJSON:tearDownClass): 200 GET http://10.180.1.21:9696/networking/v2.0/security-groups?tenant_id=ed57a2b6938e4eb88f85ceb05b03e6e1&name=default 0.318s
2025-03-11 14:09:28.962 69645 INFO tempest.lib.common.rest_client [req-b45fe153-1fef-4e3a-b09f-e07355494d44 req-b45fe153-1fef-4e3a-b09f-e07355494d44 ] Request (FlavorsAccessNegativeTestJSON:tearDownClass): 201 POST http://10.180.1.21/identity/v3/auth/tokens 0.074s
2025-03-11 14:09:29.020 69643 INFO tempest.lib.common.rest_client [req-f72dedd9-9df1-4479-8e8d-d426337e76f2 req-f72dedd9-9df1-4479-8e8d-d426337e76f2 ] Request (ServerDiagnosticsNegativeTest:tearDownClass): 200 GET http://10.180.1.21/compute/v2.1/servers/a4c9aa55-b4db-42e7-ab90-26bb66af6167 1.232s
2025-03-11 14:09:29.032 69643 INFO tempest.common.waiters [-] State transition "ACTIVE/deleting" ==> "DELETED/None" after 5 second wait
2025-03-11 14:09:29.060 69651 INFO tempest.lib.common.rest_client [req-080d2c15-e53c-4a64-84d2-14f79832ee34 req-080d2c15-e53c-4a64-84d2-14f79832ee34 ] Request (InstanceActionsV221TestJSON:setUpClass): 201 POST http://10.180.1.21:9696/networking/v2.0/networks 0.668s
2025-03-11 14:09:29.072 69625 INFO tempest.lib.common.rest_client [req-465b66bb-961a-4dcb-b88a-2cb8bc078203 req-465b66bb-961a-4dcb-b88a-2cb8bc078203 ] Request (ImagesOneServerNegativeTestJSON:setUpClass): 200 GET http://10.180.1.21/compute/v2.1/servers/a3cf9b1d-995f-4540-a2fc-9039ae57e41e 1.182s
2025-03-11 14:09:29.102 69639 INFO tempest.lib.common.rest_client [req-a7b7d271-972d-4b21-9d5b-702546315aa4 req-a7b7d271-972d-4b21-9d5b-702546315aa4 ] Request (HostsAdminNegativeTestJSON:tearDownClass): 200 GET http://10.180.1.21:9696/networking/v2.0/security-groups?tenant_id=6f09f2b8885b444d9f00a92462158e86&name=default 1.023s
2025-03-11 14:09:29.159 69673 INFO tempest.lib.common.rest_client [req-9979e512-3ae5-4654-b5ef-5948c6336cf7 req-9979e512-3ae5-4654-b5ef-5948c6336cf7 ] Request (HostsAdminTestJSON:tearDownClass): 204 DELETE http://10.180.1.21:9696/networking/v2.0/security-groups/8a6c4258-7443-4910-8b90-4492328de6f9 0.249s
2025-03-11 14:09:29.171 69675 INFO tempest.lib.common.rest_client [req-a4f05490-68a1-4b30-9c0a-953604d317b0 req-a4f05490-68a1-4b30-9c0a-953604d317b0 ] Request (ServersAdmin275Test:test_rebuild_update_server_275): 200 GET http://10.180.1.21/compute/v2.1/servers/40bc1ca1-dcb3-4d03-8e57-290e21f30e93 1.265s
2025-03-11 14:09:29.249 69673 INFO tempest.lib.common.rest_client [req-1a0c2b49-1475-42e4-bda9-b69e59fdd766 req-1a0c2b49-1475-42e4-bda9-b69e59fdd766 ] Request (HostsAdminTestJSON:tearDownClass): 204 DELETE http://10.180.1.21/identity/v3/projects/ed57a2b6938e4eb88f85ceb05b03e6e1 0.090s
2025-03-11 14:09:29.250 69673 INFO tempest.lib.common.dynamic_creds [-] Deleting project and security group for project: 4f0ac4adca89459a81c7cdf8beeea43d
2025-03-11 14:09:29.255 69665 INFO tempest.lib.common.rest_client [req-e545fced-e18c-49fc-80e7-22e707ce9615 req-e545fced-e18c-49fc-80e7-22e707ce9615 ] Request (KeyPairsNegativeTestJSON:tearDownClass): 200 GET http://10.180.1.21:9696/networking/v2.0/security-groups?tenant_id=095bcf5a89734c0aa31333254ff1206b&name=default 0.467s
2025-03-11 14:09:29.310 69627 INFO tempest.lib.common.rest_client [req-064596b9-0c4e-48ec-a3a6-c67c585d28d7 req-064596b9-0c4e-48ec-a3a6-c67c585d28d7 ] Request (InstanceActionsTestJSON:test_list_instance_actions): 200 GET http://10.180.1.21/compute/v2.1/servers/fe49a256-114c-4d15-9647-a89d85ba735f 1.422s
2025-03-11 14:09:29.339 69645 INFO tempest.lib.common.rest_client [req-fecb2f1d-7a11-4af5-9508-1c76eca0bd2b req-fecb2f1d-7a11-4af5-9508-1c76eca0bd2b ] Request (FlavorsAccessNegativeTestJSON:tearDownClass): 200 GET http://10.180.1.21:9696/networking/v2.0/security-groups?tenant_id=9e33acc3f53640969a71a3dd743093f8&name=default 0.377s
2025-03-11 14:09:29.394 69639 INFO tempest.lib.common.rest_client [req-8aa277f8-a4bc-4a35-ba8e-b4cfbdf2d6ae req-8aa277f8-a4bc-4a35-ba8e-b4cfbdf2d6ae ] Request (HostsAdminNegativeTestJSON:tearDownClass): 204 DELETE http://10.180.1.21:9696/networking/v2.0/security-groups/8a9e83e1-1e49-4e19-923a-2819c4f6c420 0.292s
2025-03-11 14:09:29.397 69653 INFO tempest.lib.common.rest_client [req-ca7a2504-c7cc-4865-aeee-844d6918ee8b req-ca7a2504-c7cc-4865-aeee-844d6918ee8b ] Request (MultipleCreateNegativeTestJSON:tearDownClass): 200 GET http://10.180.1.21:9696/networking/v2.0/security-groups?tenant_id=48b6c94066d24e3a9c2b713d9e97c1d5&name=default 1.190s
2025-03-11 14:09:29.422 69629 INFO tempest.lib.common.rest_client [req-2827c176-1226-4846-a8ba-1a9e95e0eea4 req-2827c176-1226-4846-a8ba-1a9e95e0eea4 ] Request (ServersWithSpecificFlavorTestJSON:test_verify_created_server_ephemeral_disk): 200 GET http://10.180.1.21/compute/v2.1/servers/d876a739-03b5-46c5-a072-af020ce202ef 1.384s
2025-03-11 14:09:29.432 69629 INFO tempest.common.waiters [-] State transition "BUILD/scheduling" ==> "BUILD/None" after 7 second wait
2025-03-11 14:09:29.453 69663 INFO tempest.lib.common.rest_client [req-a174b2ad-401f-44b7-9f1d-f47a7973be0b req-a174b2ad-401f-44b7-9f1d-f47a7973be0b ] Request (AggregatesAdminNegativeTestJSON:test_aggregate_get_details_as_user): 200 POST http://10.180.1.21/compute/v2.1/os-aggregates 1.324s
2025-03-11 14:09:29.535 69639 INFO tempest.lib.common.rest_client [req-c71cd60d-f557-4c3c-b717-f87cff3d18ce req-c71cd60d-f557-4c3c-b717-f87cff3d18ce ] Request (HostsAdminNegativeTestJSON:tearDownClass): 204 DELETE http://10.180.1.21/identity/v3/projects/6f09f2b8885b444d9f00a92462158e86 0.140s
2025-03-11 14:09:29.535 69639 INFO tempest.lib.common.dynamic_creds [-] Deleting project and security group for project: 1effa4161eb6418da6050539460208ba
2025-03-11 14:09:29.574 69617 INFO tempest.lib.common.rest_client [req-b0a02c4a-547c-4c3d-85e1-eece0489fb64 req-b0a02c4a-547c-4c3d-85e1-eece0489fb64 ] Request (ServersAdminTestJSON:setUpClass): 200 GET http://10.180.1.21/compute/v2.1/servers/a1c42ba5-a656-4d2f-8da4-f8558790f7fb 1.537s
2025-03-11 14:09:29.581 69677 INFO tempest.lib.common.rest_client [req-8b21c964-fcb6-4f2a-95f3-cb7f145772ed req-8b21c964-fcb6-4f2a-95f3-cb7f145772ed ] Request (DeleteServersAdminTestJSON:test_admin_delete_servers_of_others): 200 GET http://10.180.1.21/compute/v2.1/servers/498fb00b-18b5-457f-92eb-61e5f9b3fc9d 1.387s
2025-03-11 14:09:29.586 69617 INFO tempest.common.waiters [-] State transition "BUILD/networking" ==> "BUILD/spawning" after 10 second wait
2025-03-11 14:09:29.593 69645 INFO tempest.lib.common.rest_client [req-8ad84409-21fd-4a06-95b1-6252be603359 req-8ad84409-21fd-4a06-95b1-6252be603359 ] Request (FlavorsAccessNegativeTestJSON:tearDownClass): 204 DELETE http://10.180.1.21:9696/networking/v2.0/security-groups/fd71d99e-68d9-459e-85f4-b2c56f289554 0.254s
2025-03-11 14:09:29.614 69665 INFO tempest.lib.common.rest_client [req-3a5326dd-92f8-4a44-b40c-fd2912d1055a req-3a5326dd-92f8-4a44-b40c-fd2912d1055a ] Request (KeyPairsNegativeTestJSON:tearDownClass): 204 DELETE http://10.180.1.21:9696/networking/v2.0/security-groups/ebb9d72d-c962-4613-991a-8f9dad089c76 0.359s
2025-03-11 14:09:29.624 69653 INFO tempest.lib.common.rest_client [req-f5e8273f-c518-4046-bbab-a6efc899bc11 req-f5e8273f-c518-4046-bbab-a6efc899bc11 ] Request (MultipleCreateNegativeTestJSON:tearDownClass): 204 DELETE http://10.180.1.21:9696/networking/v2.0/security-groups/cbc51659-b1cc-45de-842f-8649e089eb03 0.226s
2025-03-11 14:09:29.642 69673 INFO tempest.lib.common.rest_client [req-f3d11577-447d-42e5-862b-c971f4a1f845 req-f3d11577-447d-42e5-862b-c971f4a1f845 ] Request (HostsAdminTestJSON:tearDownClass): 200 GET http://10.180.1.21:9696/networking/v2.0/security-groups?tenant_id=4f0ac4adca89459a81c7cdf8beeea43d&name=default 0.392s
2025-03-11 14:09:29.684 69623 INFO tempest.lib.common.rest_client [req-5b43a7a7-b810-421d-8a34-16c3bc7cc526 req-5b43a7a7-b810-421d-8a34-16c3bc7cc526 ] Request (ServersTestManualDisk:setUpClass): 200 GET http://10.180.1.21/compute/v2.1/servers/9e33aaee-64fa-4dff-aec3-774768adffa7 1.388s
2025-03-11 14:09:29.698 69623 INFO tempest.common.waiters [-] State transition "BUILD/None" ==> "BUILD/networking" after 8 second wait
2025-03-11 14:09:29.701 69645 INFO tempest.lib.common.rest_client [req-3b2302fa-7ea6-45ec-a313-8b5895ccc819 req-3b2302fa-7ea6-45ec-a313-8b5895ccc819 ] Request (FlavorsAccessNegativeTestJSON:tearDownClass): 204 DELETE http://10.180.1.21/identity/v3/projects/9e33acc3f53640969a71a3dd743093f8 0.107s
2025-03-11 14:09:29.701 69645 INFO tempest.lib.common.dynamic_creds [-] Deleting project and security group for project: f5849489591d4666962a6e8162b06e2c
2025-03-11 14:09:29.720 69665 INFO tempest.lib.common.rest_client [req-d191db25-0d83-44f0-9ca6-9af5b3330a87 req-d191db25-0d83-44f0-9ca6-9af5b3330a87 ] Request (KeyPairsNegativeTestJSON:tearDownClass): 204 DELETE http://10.180.1.21/identity/v3/projects/095bcf5a89734c0aa31333254ff1206b 0.105s
2025-03-11 14:09:29.744 69651 INFO tempest.lib.common.rest_client [req-7cbc638f-9087-4ea1-9305-7987676a691e req-7cbc638f-9087-4ea1-9305-7987676a691e ] Request (InstanceActionsV221TestJSON:setUpClass): 201 POST http://10.180.1.21:9696/networking/v2.0/subnets 0.682s
2025-03-11 14:09:29.774 69669 INFO tempest.lib.common.rest_client [req-686d9f92-b97b-4ab7-8ea6-cd67884d7e68 req-686d9f92-b97b-4ab7-8ea6-cd67884d7e68 ] Request (AttachInterfacesTestJSON:test_create_list_show_delete_interfaces_by_fixed_ip): 200 GET http://10.180.1.21/compute/v2.1/servers/ade366c6-e13e-4247-9dad-1035ef640406 1.444s
2025-03-11 14:09:29.777 69665 INFO tempest.lib.common.rest_client [req-319bb17c-2d77-442a-a9ea-f8935f789f2f req-319bb17c-2d77-442a-a9ea-f8935f789f2f ] Request (ServerRescueTestJSON:setUpClass): 201 POST http://10.180.1.21/identity/v3/auth/tokens 0.055s
2025-03-11 14:09:29.784 69669 INFO tempest.common.waiters [-] State transition "BUILD/scheduling" ==> "BUILD/None" after 6 second wait
2025-03-11 14:09:29.822 69653 INFO tempest.lib.common.rest_client [req-a1bc2cda-326a-4039-9f6c-2e67eb34fe6e req-a1bc2cda-326a-4039-9f6c-2e67eb34fe6e ] Request (MultipleCreateNegativeTestJSON:tearDownClass): 204 DELETE http://10.180.1.21/identity/v3/projects/48b6c94066d24e3a9c2b713d9e97c1d5 0.197s
2025-03-11 14:09:29.838 69665 INFO tempest.lib.common.rest_client [req-a9a3ed4b-6780-46a8-a746-f7a4b86d2a7e req-a9a3ed4b-6780-46a8-a746-f7a4b86d2a7e ] Request (ServerRescueTestJSON:setUpClass): 201 POST http://10.180.1.21/identity/v3/auth/tokens 0.059s
2025-03-11 14:09:29.854 69653 INFO tempest.lib.common.rest_client [req-502772be-ca14-4477-9a7b-e24018a6e780 req-502772be-ca14-4477-9a7b-e24018a6e780 ] Request (ServerShowV257Test:setUpClass): 201 POST http://10.180.1.21/identity/v3/auth/tokens 0.030s
2025-03-11 14:09:29.861 69665 INFO tempest.lib.common.rest_client [req-683ff67a-5302-4c16-8e13-88458fa57d45 req-683ff67a-5302-4c16-8e13-88458fa57d45 ] Request (ServerRescueTestJSON:setUpClass): 200 GET http://10.180.1.21/identity/v3/domains?name=Default 0.022s
2025-03-11 14:09:29.870 69657 INFO tempest.lib.common.rest_client [req-1b0927f9-2e8a-4112-95cb-c3cbb91687bd req-1b0927f9-2e8a-4112-95cb-c3cbb91687bd ] Request (SecurityGroupRulesNegativeTestJSON:test_create_security_group_rule_with_invalid_ip_protocol): 400 POST http://10.180.1.21/compute/v2.1/os-security-group-rules 1.490s
2025-03-11 14:09:29.895 69653 INFO tempest.lib.common.rest_client [req-02f375c5-f706-4d15-a3d1-2d47eda960b3 req-02f375c5-f706-4d15-a3d1-2d47eda960b3 ] Request (ServerShowV257Test:setUpClass): 201 POST http://10.180.1.21/identity/v3/auth/tokens 0.039s
2025-03-11 14:09:29.900 69665 INFO tempest.lib.common.rest_client [req-2167b3ac-dd00-468f-ac25-2fc992a45f33 req-2167b3ac-dd00-468f-ac25-2fc992a45f33 ] Request (ServerRescueTestJSON:setUpClass): 201 POST http://10.180.1.21/identity/v3/projects 0.038s
2025-03-11 14:09:29.949 69639 INFO tempest.lib.common.rest_client [req-f02f5a7d-1c4d-4b69-abd3-8dda56940091 req-f02f5a7d-1c4d-4b69-abd3-8dda56940091 ] Request (HostsAdminNegativeTestJSON:tearDownClass): 200 GET http://10.180.1.21:9696/networking/v2.0/security-groups?tenant_id=1effa4161eb6418da6050539460208ba&name=default 0.413s
2025-03-11 14:09:29.962 69653 INFO tempest.lib.common.rest_client [req-26792d10-c336-4e12-bbfd-1023423fd786 req-26792d10-c336-4e12-bbfd-1023423fd786 ] Request (ServerShowV257Test:setUpClass): 200 GET http://10.180.1.21/identity/v3/domains?name=Default 0.066s
2025-03-11 14:09:29.981 69673 INFO tempest.lib.common.rest_client [req-3db1e87f-a7cd-4a58-8f0c-b896f2803fe8 req-3db1e87f-a7cd-4a58-8f0c-b896f2803fe8 ] Request (HostsAdminTestJSON:tearDownClass): 204 DELETE http://10.180.1.21:9696/networking/v2.0/security-groups/e685628a-2d19-48bc-9156-a171c938f108 0.339s
2025-03-11 14:09:29.986 69631 INFO tempest.lib.common.rest_client [req-f78086c9-6561-426d-bc97-bdf81fc5bef2 req-f78086c9-6561-426d-bc97-bdf81fc5bef2 ] Request (MigrationsAdminTest:test_list_migrations_in_flavor_resize_situation): 200 GET http://10.180.1.21/compute/v2.1/servers/b38c80c7-3686-4e96-853f-24fb8643ce0a 1.762s
2025-03-11 14:09:29.992 69665 INFO tempest.lib.common.rest_client [req-a74ac6e8-f4d0-43f7-8e81-27e9b4cbdf9c req-a74ac6e8-f4d0-43f7-8e81-27e9b4cbdf9c ] Request (ServerRescueTestJSON:setUpClass): 201 POST http://10.180.1.21/identity/v3/users 0.091s
2025-03-11 14:09:30.001 69637 INFO tempest.lib.common.rest_client [req-ef1106a9-d63f-401c-bbdf-6d5a4c61175d req-ef1106a9-d63f-401c-bbdf-6d5a4c61175d ] Request (VolumesAdminNegativeTest:test_update_attached_volume_with_nonexistent_volume_in_body): 200 PUT http://10.180.1.21:9696/networking/v2.0/floatingips/1d894fc2-3829-4d93-bdb7-8c51e6509a42 1.935s
2025-03-11 14:09:30.002 69637 INFO tempest.lib.common.ssh [-] Creating ssh connection to '10.180.180.248:22' as 'cirros' with public key authentication
2025-03-11 14:09:30.023 69653 INFO tempest.lib.common.rest_client [req-1b9f16ea-2484-4e96-a224-8dd38a9db060 req-1b9f16ea-2484-4e96-a224-8dd38a9db060 ] Request (ServerShowV257Test:setUpClass): 201 POST http://10.180.1.21/identity/v3/projects 0.061s
2025-03-11 14:09:30.074 69661 INFO tempest.lib.common.rest_client [req-ef1423d9-7b5f-4574-b337-bf29c55a1d41 req-ef1423d9-7b5f-4574-b337-bf29c55a1d41 ] Request (ServersTestBootFromVolume:setUpClass): 200 POST http://10.180.1.21/compute/v2.1/os-keypairs 1.602s
2025-03-11 14:09:30.117 69673 INFO tempest.lib.common.rest_client [req-379c1871-3d69-4071-a2c3-bbda7350b494 req-379c1871-3d69-4071-a2c3-bbda7350b494 ] Request (HostsAdminTestJSON:tearDownClass): 204 DELETE http://10.180.1.21/identity/v3/projects/4f0ac4adca89459a81c7cdf8beeea43d 0.134s
2025-03-11 14:09:30.135 69645 INFO tempest.lib.common.rest_client [req-b293cc7f-240a-4045-840b-639f466ece0d req-b293cc7f-240a-4045-840b-639f466ece0d ] Request (FlavorsAccessNegativeTestJSON:tearDownClass): 200 GET http://10.180.1.21:9696/networking/v2.0/security-groups?tenant_id=f5849489591d4666962a6e8162b06e2c&name=default 0.433s
2025-03-11 14:09:30.184 69665 INFO tempest.lib.common.rest_client [req-f7fd6669-a91b-43be-babc-c956a1d621cc req-f7fd6669-a91b-43be-babc-c956a1d621cc ] Request (ServerRescueTestJSON:setUpClass): 200 GET http://10.180.1.21/identity/v3/roles 0.191s
2025-03-11 14:09:30.208 69653 INFO tempest.lib.common.rest_client [req-496e5c93-e75d-4f01-b444-ec4b366c1602 req-496e5c93-e75d-4f01-b444-ec4b366c1602 ] Request (ServerShowV257Test:setUpClass): 201 POST http://10.180.1.21/identity/v3/users 0.183s
2025-03-11 14:09:30.214 69673 INFO tempest.lib.common.rest_client [req-95363231-a754-4fac-ab58-5b2c02298336 req-95363231-a754-4fac-ab58-5b2c02298336 ] Request (HypervisorAdminUnderV252Test:setUpClass): 201 POST http://10.180.1.21/identity/v3/auth/tokens 0.096s
