2025-03-11 14:51:53.716 69133 INFO tempest.lib.common.rest_client [req-95a18809-ab1f-4447-8c99-6954e2c1235c req-95a18809-ab1f-4447-8c99-6954e2c1235c ] Request (QuotasAdminTestJSON:test_delete_quota): 200 GET http://10.180.1.21/identity/v3/domains?name=Default 0.901s
2025-03-11 14:51:53.734 69107 INFO tempest.lib.common.rest_client [req-9dbd66fd-ba88-45eb-b6db-012bfe59758e req-9dbd66fd-ba88-45eb-b6db-012bfe59758e ] Request (DeleteServersAdminTestJSON:setUpClass): 201 POST http://10.180.1.21/identity/v3/auth/tokens 0.931s
2025-03-11 14:51:53.785 69118 INFO tempest.lib.common.rest_client [req-55106a84-d2eb-487e-a2c7-b17c504f3bd5 req-55106a84-d2eb-487e-a2c7-b17c504f3bd5 ] Request (InstanceUsageAuditLogTestJSON:setUpClass): 201 POST http://10.180.1.21/identity/v3/auth/tokens 0.936s
2025-03-11 14:51:53.806 69089 INFO tempest.lib.common.rest_client [req-e66e92c8-16d7-4459-a2f9-130a8526a1c0 req-e66e92c8-16d7-4459-a2f9-130a8526a1c0 ] Request (FlavorsExtraSpecsTestJSON:setUpClass): 201 POST http://10.180.1.21/identity/v3/auth/tokens 0.940s
2025-03-11 14:51:53.862 69115 INFO tempest.lib.common.rest_client [req-aceb1192-0602-41d6-99c3-7ace733d1c8e req-aceb1192-0602-41d6-99c3-7ace733d1c8e ] Request (FloatingIPsNegativeTestJSON:setUpClass): 201 POST http://10.180.1.21/identity/v3/auth/tokens 0.995s
2025-03-11 14:51:53.873 69097 INFO tempest.lib.common.rest_client [req-3bb8e7fe-42d2-4b99-a38a-4f4600a273e8 req-3bb8e7fe-42d2-4b99-a38a-4f4600a273e8 ] Request (HostsAdminTestJSON:setUpClass): 201 POST http://10.180.1.21/identity/v3/projects 0.947s
2025-03-11 14:51:53.910 69121 INFO tempest.lib.common.rest_client [req-89786980-9d19-4928-b1c4-ef942f8b190e req-89786980-9d19-4928-b1c4-ef942f8b190e ] Request (ServersTestJSON:setUpClass): 201 POST http://10.180.1.21/identity/v3/auth/tokens 0.920s
2025-03-11 14:51:53.939 69139 INFO tempest.lib.common.rest_client [req-cfbc07d3-dae5-4f7d-99aa-e25ed721b97f req-cfbc07d3-dae5-4f7d-99aa-e25ed721b97f ] Request (FlavorsAccessTestJSON:setUpClass): 201 POST http://10.180.1.21/identity/v3/auth/tokens 0.930s
2025-03-11 14:51:53.940 69139 WARNING tempest.lib.common.rest_client [-] Deprecated: "tenant_id" property is deprecated for removal, use "project_id" instead
2025-03-11 14:51:53.969 69099 INFO tempest.lib.common.rest_client [req-bc337088-c861-4b3e-8118-4f7c783028c2 req-bc337088-c861-4b3e-8118-4f7c783028c2 ] Request (InstanceUsageAuditLogNegativeTestJSON:setUpClass): 204 PUT http://10.180.1.21/identity/v3/projects/65501f3765644adbbb3f550c05289ba0/users/6872a9cbdf4b406194bec46362a93559/roles/5e5b883e13dc4889a5e1b9a2cfed857a 0.902s
2025-03-11 14:51:53.969 69099 INFO tempest.lib.common.dynamic_creds [-] Dynamic test user 6872a9cbdf4b406194bec46362a93559 is created with scope project and roles: ['member']
2025-03-11 14:51:53.969 69099 INFO tempest.lib.common.dynamic_creds [-] Acquired dynamic creds: credentials: Credentials: {'domain_id': 'default', 'domain_name': 'Default', 'username': 'tempest-InstanceUsageAuditLogNegativeTestJSON-1192674000-project-member', 'project_domain_id': 'default', 'project_domain_name': 'Default', 'project_id': '65501f3765644adbbb3f550c05289ba0', 'project_name': 'tempest-InstanceUsageAuditLogNegativeTestJSON-1192674000', 'tenant_id': '65501f3765644adbbb3f550c05289ba0', 'tenant_name': 'tempest-InstanceUsageAuditLogNegativeTestJSON-1192674000', 'user_domain_id': 'default', 'user_domain_name': 'Default', 'user_id': '6872a9cbdf4b406194bec46362a93559', 'system': None}, Network: None, Subnet: None, Router: None
2025-03-11 14:51:53.969 69099 INFO tempest.lib.common.dynamic_creds [-] Created isolated network resources for: credentials: Credentials: {'domain_id': 'default', 'domain_name': 'Default', 'username': 'tempest-InstanceUsageAuditLogNegativeTestJSON-1192674000-project-member', 'project_domain_id': 'default', 'project_domain_name': 'Default', 'project_id': '65501f3765644adbbb3f550c05289ba0', 'project_name': 'tempest-InstanceUsageAuditLogNegativeTestJSON-1192674000', 'tenant_id': '65501f3765644adbbb3f550c05289ba0', 'tenant_name': 'tempest-InstanceUsageAuditLogNegativeTestJSON-1192674000', 'user_domain_id': 'default', 'user_domain_name': 'Default', 'user_id': '6872a9cbdf4b406194bec46362a93559', 'system': None}, Network: None, Subnet: None, Router: None
2025-03-11 14:51:53.972 69093 INFO tempest.lib.common.rest_client [req-3552a391-4585-4f23-ba3f-9af1993dd417 req-3552a391-4585-4f23-ba3f-9af1993dd417 ] Request (MigrationsAdminTest:setUpClass): 201 POST http://10.180.1.21/identity/v3/auth/tokens 0.917s
2025-03-11 14:51:54.035 69101 INFO tempest.lib.common.rest_client [req-222aee05-4a46-4f5c-a209-2d0b4568c177 req-222aee05-4a46-4f5c-a209-2d0b4568c177 ] Request (ServersAdminTestJSON:setUpClass): 201 POST http://10.180.1.21/identity/v3/projects 0.909s
2025-03-11 14:51:54.037 69087 INFO tempest.lib.common.rest_client [req-5cdad5f0-972e-46c3-a30d-3d3b91459ba3 req-5cdad5f0-972e-46c3-a30d-3d3b91459ba3 ] Request (AZAdminNegativeTestJSON:setUpClass): 201 POST http://10.180.1.21/identity/v3/auth/tokens 0.927s
2025-03-11 14:51:54.097 69103 INFO tempest.lib.common.rest_client [req-e0ced97c-5e5f-42bf-a13e-c6622e4f130e req-e0ced97c-5e5f-42bf-a13e-c6622e4f130e ] Request (VolumesAdminNegativeTest:setUpClass): 201 POST http://10.180.1.21/identity/v3/auth/tokens 0.885s
2025-03-11 14:51:54.114 69129 INFO tempest.lib.common.rest_client [req-c59918f1-a535-4907-8f22-51a0a4201f05 req-c59918f1-a535-4907-8f22-51a0a4201f05 ] Request (TenantUsagesNegativeTestJSON:setUpClass): 201 POST http://10.180.1.21/identity/v3/auth/tokens 0.929s
2025-03-11 14:51:54.163 69127 INFO tempest.lib.common.rest_client [req-83314e78-cbfa-4f7c-baf1-4459b8058125 req-83314e78-cbfa-4f7c-baf1-4459b8058125 ] Request (VolumesAssistedSnapshotsTest:setUpClass): 201 POST http://10.180.1.21/identity/v3/auth/tokens 0.949s
2025-03-11 14:51:54.174 69143 INFO tempest.lib.common.rest_client [req-e975cbc9-d120-47b8-a09b-53e8279f7a1e req-e975cbc9-d120-47b8-a09b-53e8279f7a1e ] Request (KeyPairsV22TestJSON:tearDownClass): 201 POST http://10.180.1.21/identity/v3/auth/tokens 0.943s
2025-03-11 14:51:54.237 69119 INFO tempest.lib.common.rest_client [req-cb884cfe-77d9-4266-bf61-a04c3602b2b0 req-cb884cfe-77d9-4266-bf61-a04c3602b2b0 ] Request (FlavorsV255TestJSON:setUpClass): 201 POST http://10.180.1.21/identity/v3/auth/tokens 0.955s
2025-03-11 14:51:54.242 69109 INFO tempest.lib.common.rest_client [req-83506984-7b53-4913-a823-a2c476105979 req-83506984-7b53-4913-a823-a2c476105979 ] Request (HypervisorAdminTestJSON:setUpClass): 201 POST http://10.180.1.21/identity/v3/auth/tokens 0.953s
2025-03-11 14:51:54.300 69123 INFO tempest.lib.common.rest_client [req-7144f675-a5ed-4fbb-b3fd-3dc8546d5da2 req-7144f675-a5ed-4fbb-b3fd-3dc8546d5da2 ] Request (ServersWithSpecificFlavorTestJSON:setUpClass): 201 POST http://10.180.1.21/identity/v3/auth/tokens 0.983s
2025-03-11 14:51:54.310 69149 INFO tempest.lib.common.rest_client [req-1cde4b50-e39c-4f4e-bc5e-1f2f876f8d30 req-1cde4b50-e39c-4f4e-bc5e-1f2f876f8d30 ] Request (QuotasSecurityGroupAdminNegativeTest:setUpClass): 201 POST http://10.180.1.21/identity/v3/auth/tokens 0.954s
2025-03-11 14:51:54.311 69149 WARNING tempest.lib.common.rest_client [-] Deprecated: "tenant_id" property is deprecated for removal, use "project_id" instead
2025-03-11 14:51:54.379 69137 INFO tempest.lib.common.rest_client [req-995b945e-eb8f-42f2-9541-97080aaae4b1 req-995b945e-eb8f-42f2-9541-97080aaae4b1 ] Request (ServersAdmin275Test:setUpClass): 201 POST http://10.180.1.21/identity/v3/auth/tokens 1.019s
2025-03-11 14:51:54.386 69141 INFO tempest.lib.common.rest_client [req-527e7787-a6a0-421d-9ce3-62e2eea1b0df req-527e7787-a6a0-421d-9ce3-62e2eea1b0df ] Request (QuotasAdminTestV236:setUpClass): 201 POST http://10.180.1.21/identity/v3/auth/tokens 0.897s
2025-03-11 14:51:54.387 69141 WARNING tempest.lib.common.rest_client [-] Deprecated: "tenant_id" property is deprecated for removal, use "project_id" instead
2025-03-11 14:51:54.421 69147 INFO tempest.lib.common.rest_client [req-1abd6401-01a6-43e4-a94f-a79e4197b634 req-1abd6401-01a6-43e4-a94f-a79e4197b634 ] Request (FlavorsAccessNegativeTestJSON:setUpClass): 201 POST http://10.180.1.21/identity/v3/users 0.856s
2025-03-11 14:51:54.424 69111 INFO tempest.lib.common.rest_client [req-21f19e7a-f223-40b4-a396-c0816ced5b6a req-21f19e7a-f223-40b4-a396-c0816ced5b6a ] Request (ServersAdminNegativeTestJSON:setUpClass): 201 POST http://10.180.1.21/identity/v3/auth/tokens 0.864s
2025-03-11 14:51:54.425 69111 INFO tempest.lib.common.fixed_network [-] (ServersAdminNegativeTestJSON:setUpClass) Found network None available for tenant
2025-03-11 14:51:54.493 69131 INFO tempest.lib.common.rest_client [req-c83fc279-069c-4332-af6d-c03ec4e59067 req-c83fc279-069c-4332-af6d-c03ec4e59067 ] Request (QuotaClassesAdminTestJSON:setUpClass): 201 POST http://10.180.1.21/identity/v3/auth/tokens 0.858s
2025-03-11 14:51:54.542 69135 INFO tempest.lib.common.rest_client [req-b39cb364-d3a7-4002-ba0c-cdff6a870ebe req-b39cb364-d3a7-4002-ba0c-cdff6a870ebe ] Request (QuotasAdminNegativeTest:test_create_server_when_cpu_quota_is_full): 200 PUT http://10.180.1.21/compute/v2.1/os-quota-sets/2df75810e8924af7923b53ad983ed3d9 1.846s
2025-03-11 14:51:54.550 69095 INFO tempest.lib.common.rest_client [req-60868f5d-08e7-43a3-9c5c-caad2f399e9d req-60868f5d-08e7-43a3-9c5c-caad2f399e9d ] Request (HypervisorAdminUnderV252Test:tearDownClass): 204 DELETE http://10.180.1.21/identity/v3/users/9846622d326f476081975e482395db55 0.897s
2025-03-11 14:51:54.550 69095 INFO tempest.lib.common.dynamic_creds [-] Deleting project and security group for project: f2477f61ea2542b4b372f67ef4c2667b
2025-03-11 14:51:54.572 69113 INFO tempest.lib.common.rest_client [req-5db9792c-3694-4067-9dfc-c44bed4b3e57 req-5db9792c-3694-4067-9dfc-c44bed4b3e57 ] Request (FlavorsV261TestJSON:test_crud_flavor): 200 POST http://10.180.1.21/compute/v2.1/flavors 1.786s
2025-03-11 14:51:54.600 69107 INFO tempest.lib.common.rest_client [req-1cfc2aae-72ef-4c5c-8dd6-7dcf44af728e req-1cfc2aae-72ef-4c5c-8dd6-7dcf44af728e ] Request (DeleteServersAdminTestJSON:test_admin_delete_servers_of_others): 201 POST http://10.180.1.21/identity/v3/auth/tokens 0.862s
2025-03-11 14:51:54.601 69107 INFO tempest.lib.common.fixed_network [-] (DeleteServersAdminTestJSON:test_admin_delete_servers_of_others) Found network None available for tenant
2025-03-11 14:51:54.603 69133 INFO tempest.lib.common.rest_client [req-26d10469-761c-4b97-8e29-89eeebb7e492 req-26d10469-761c-4b97-8e29-89eeebb7e492 ] Request (QuotasAdminTestJSON:test_delete_quota): 201 POST http://10.180.1.21/identity/v3/projects 0.886s
2025-03-11 14:51:54.653 69121 INFO tempest.lib.common.rest_client [req-1416d4e9-dbc2-4ee6-a541-b212efb15c0b req-1416d4e9-dbc2-4ee6-a541-b212efb15c0b ] Request (ServersTestJSON:setUpClass): 201 POST http://10.180.1.21/identity/v3/auth/tokens 0.741s
2025-03-11 14:51:54.692 69097 INFO tempest.lib.common.rest_client [req-e5223010-e978-4ed8-af2e-f0a3b187185a req-e5223010-e978-4ed8-af2e-f0a3b187185a ] Request (HostsAdminTestJSON:setUpClass): 201 POST http://10.180.1.21/identity/v3/users 0.819s
2025-03-11 14:51:54.714 69099 INFO tempest.lib.common.rest_client [req-071e0427-cc51-4711-8cbe-9944d1410a40 req-071e0427-cc51-4711-8cbe-9944d1410a40 ] Request (InstanceUsageAuditLogNegativeTestJSON:setUpClass): 201 POST http://10.180.1.21/identity/v3/auth/tokens 0.741s
2025-03-11 14:51:54.717 69101 INFO tempest.lib.common.rest_client [req-2b5b2b85-d180-414d-970b-a645fa844915 req-2b5b2b85-d180-414d-970b-a645fa844915 ] Request (ServersAdminTestJSON:setUpClass): 201 POST http://10.180.1.21/identity/v3/users 0.680s
2025-03-11 14:51:54.744 69127 INFO tempest.lib.common.rest_client [req-1ae6c0bc-ceb5-420c-aad7-6965486fe5a2 req-1ae6c0bc-ceb5-420c-aad7-6965486fe5a2 ] Request (VolumesAssistedSnapshotsTest:setUpClass): 201 POST http://10.180.1.21/identity/v3/projects 0.580s
2025-03-11 14:51:54.744 69103 INFO tempest.lib.common.rest_client [req-a1c7c0a9-3952-4d71-8bda-4b54747f3bb0 req-a1c7c0a9-3952-4d71-8bda-4b54747f3bb0 ] Request (VolumesAdminNegativeTest:setUpClass): 201 POST http://10.180.1.21/identity/v3/projects 0.645s
2025-03-11 14:51:54.805 69123 INFO tempest.lib.common.rest_client [req-abafb1ba-7ac0-48cd-bba8-c84c755243a7 req-abafb1ba-7ac0-48cd-bba8-c84c755243a7 ] Request (ServersWithSpecificFlavorTestJSON:setUpClass): 201 POST http://10.180.1.21/identity/v3/projects 0.503s
2025-03-11 14:51:54.870 69137 INFO tempest.lib.common.rest_client [req-20728f52-2407-4945-8304-453358e1d684 req-20728f52-2407-4945-8304-453358e1d684 ] Request (ServersAdmin275Test:test_rebuild_update_server_275): 201 POST http://10.180.1.21/identity/v3/auth/tokens 0.487s
2025-03-11 14:51:54.870 69137 INFO tempest.lib.common.fixed_network [-] (ServersAdmin275Test:test_rebuild_update_server_275) Found network None available for tenant
2025-03-11 14:51:54.877 69149 INFO tempest.lib.common.rest_client [req-635e4f00-f699-41a9-9825-a0b39f599621 req-635e4f00-f699-41a9-9825-a0b39f599621 ] Request (QuotasSecurityGroupAdminNegativeTest:tearDownClass): 204 DELETE http://10.180.1.21/identity/v3/users/9782751e65ea4dcfb42dbec96d2e60fc 0.561s
2025-03-11 14:51:54.918 69143 INFO tempest.lib.common.rest_client [req-83c5e4bf-072c-4308-adf4-ff1243e921a6 req-83c5e4bf-072c-4308-adf4-ff1243e921a6 ] Request (KeyPairsV22TestJSON:tearDownClass): 200 GET http://10.180.1.21:9696/networking/v2.0/security-groups?tenant_id=bd26be82c1e6435fbcc80fc126b84347&name=default 0.744s
2025-03-11 14:51:54.919 69147 INFO tempest.lib.common.rest_client [req-07ca2c91-bf93-447d-85f1-8793f7088cf2 req-07ca2c91-bf93-447d-85f1-8793f7088cf2 ] Request (FlavorsAccessNegativeTestJSON:setUpClass): 200 GET http://10.180.1.21/identity/v3/roles 0.498s
2025-03-11 14:51:54.965 69135 INFO tempest.lib.common.rest_client [req-292dc3ad-0498-40a6-aaa5-8cc17da15c3f req-292dc3ad-0498-40a6-aaa5-8cc17da15c3f ] Request (QuotasAdminNegativeTest:test_create_server_when_cpu_quota_is_full): 201 POST http://10.180.1.21/identity/v3/auth/tokens 0.418s
2025-03-11 14:51:54.965 69135 INFO tempest.lib.common.fixed_network [-] (QuotasAdminNegativeTest:test_create_server_when_cpu_quota_is_full) Found network None available for tenant
2025-03-11 14:51:54.974 69095 INFO tempest.lib.common.rest_client [req-6963ed1c-f24e-4cc0-a190-a02e4bdadc94 req-6963ed1c-f24e-4cc0-a190-a02e4bdadc94 ] Request (HypervisorAdminUnderV252Test:tearDownClass): 201 POST http://10.180.1.21/identity/v3/auth/tokens 0.424s
2025-03-11 14:51:54.994 69143 INFO tempest.lib.common.rest_client [req-6ea4daf1-1e28-4f11-814a-88de09e3bbb3 req-6ea4daf1-1e28-4f11-814a-88de09e3bbb3 ] Request (KeyPairsV22TestJSON:tearDownClass): 204 DELETE http://10.180.1.21:9696/networking/v2.0/security-groups/18d4b1f5-bb5e-4372-b1b0-2f93e1c41aad 0.075s
2025-03-11 14:51:55.027 69133 INFO tempest.lib.common.rest_client [req-fd732e78-4428-4fe3-b601-e60964c6c044 req-fd732e78-4428-4fe3-b601-e60964c6c044 ] Request (QuotasAdminTestJSON:test_delete_quota): 200 GET http://10.180.1.21/identity/v3/domains?name=Default 0.424s
2025-03-11 14:51:55.040 69121 INFO tempest.lib.common.rest_client [req-6daf116f-b866-47a7-936b-26203432011d req-6daf116f-b866-47a7-936b-26203432011d ] Request (ServersTestJSON:setUpClass): 200 GET http://10.180.1.21/identity/v3/domains?name=Default 0.387s
2025-03-11 14:51:55.060 69091 INFO tempest.lib.common.rest_client [req-3dd1cdcd-3f6c-4d79-95cf-f5af0ede6dab req-3dd1cdcd-3f6c-4d79-95cf-f5af0ede6dab ] Request (AggregatesAdminNegativeTestJSON:setUpClass): 200 GET http://10.180.1.21/compute/v2.1/os-services?binary=nova-compute 1.622s
2025-03-11 14:51:55.074 69097 INFO tempest.lib.common.rest_client [req-cec46717-4f5e-4637-bc35-014f4f713d91 req-cec46717-4f5e-4637-bc35-014f4f713d91 ] Request (HostsAdminTestJSON:setUpClass): 200 GET http://10.180.1.21/identity/v3/roles 0.382s
2025-03-11 14:51:55.076 69099 INFO tempest.lib.common.rest_client [req-9140af96-a25a-43bc-a251-bd8e592bfcfa req-9140af96-a25a-43bc-a251-bd8e592bfcfa ] Request (InstanceUsageAuditLogNegativeTestJSON:setUpClass): 201 POST http://10.180.1.21/identity/v3/projects 0.361s
2025-03-11 14:51:55.086 69145 INFO tempest.lib.common.rest_client [req-32b11600-92a4-44eb-8290-733ece60515a req-32b11600-92a4-44eb-8290-733ece60515a ] Request (FlavorsAdminTestJSON:_run_cleanups): 202 DELETE http://10.180.1.21/compute/v2.1/flavors/967297559 1.416s
2025-03-11 14:51:55.102 69105 INFO tempest.lib.common.rest_client [req-72e7b121-2d40-4bc7-9efd-8ae86b05a543 req-72e7b121-2d40-4bc7-9efd-8ae86b05a543 ] Request (HostsAdminNegativeTestJSON:test_shutdown_nonexistent_host): 404 GET http://10.180.1.21/compute/v2.1/os-hosts/nonexistent_hostname/shutdown 1.426s
2025-03-11 14:51:55.138 69101 INFO tempest.lib.common.rest_client [req-2ede6085-29fb-4d82-a3ff-99009d01da99 req-2ede6085-29fb-4d82-a3ff-99009d01da99 ] Request (ServersAdminTestJSON:setUpClass): 200 GET http://10.180.1.21/identity/v3/roles 0.421s
2025-03-11 14:51:55.166 69103 INFO tempest.lib.common.rest_client [req-53b45811-5ede-4b87-8877-b6e0f4a7ef9a req-53b45811-5ede-4b87-8877-b6e0f4a7ef9a ] Request (VolumesAdminNegativeTest:setUpClass): 201 POST http://10.180.1.21/identity/v3/users 0.421s
2025-03-11 14:51:55.167 69127 INFO tempest.lib.common.rest_client [req-15d6d456-b03b-4316-afbd-12b261a83624 req-15d6d456-b03b-4316-afbd-12b261a83624 ] Request (VolumesAssistedSnapshotsTest:setUpClass): 201 POST http://10.180.1.21/identity/v3/users 0.423s
2025-03-11 14:51:55.179 69125 INFO tempest.lib.common.rest_client [req-a5ac73ac-9701-4644-9762-75dfad2613ac req-a5ac73ac-9701-4644-9762-75dfad2613ac ] Request (HypervisorAdminV253TestBase:test_list_show_detail_hypervisors): 200 GET http://10.180.1.21/compute/v2.1/os-hypervisors/detail?with_servers=True 2.274s
2025-03-11 14:51:55.192 69123 INFO tempest.lib.common.rest_client [req-924a0772-5a11-4064-a7bd-f92cd5401508 req-924a0772-5a11-4064-a7bd-f92cd5401508 ] Request (ServersWithSpecificFlavorTestJSON:setUpClass): 201 POST http://10.180.1.21/identity/v3/users 0.387s
2025-03-11 14:51:55.215 69147 INFO tempest.lib.common.rest_client [req-8dd833a0-150d-4631-bd10-888f5bfe940e req-8dd833a0-150d-4631-bd10-888f5bfe940e ] Request (FlavorsAccessNegativeTestJSON:setUpClass): 204 PUT http://10.180.1.21/identity/v3/projects/c66ccf57d29f4d1bb6e212f0c996c75c/users/ec44265d337a4ac986d4fbe9485fd712/roles/5e5b883e13dc4889a5e1b9a2cfed857a 0.295s
2025-03-11 14:51:55.215 69147 INFO tempest.lib.common.dynamic_creds [-] Dynamic test user ec44265d337a4ac986d4fbe9485fd712 is created with scope project and roles: ['member']
2025-03-11 14:51:55.215 69147 INFO tempest.lib.common.dynamic_creds [-] Acquired dynamic creds: credentials: Credentials: {'domain_id': 'default', 'domain_name': 'Default', 'username': 'tempest-FlavorsAccessNegativeTestJSON-841434921-project-member', 'project_domain_id': 'default', 'project_domain_name': 'Default', 'project_id': 'c66ccf57d29f4d1bb6e212f0c996c75c', 'project_name': 'tempest-FlavorsAccessNegativeTestJSON-841434921', 'tenant_id': 'c66ccf57d29f4d1bb6e212f0c996c75c', 'tenant_name': 'tempest-FlavorsAccessNegativeTestJSON-841434921', 'user_domain_id': 'default', 'user_domain_name': 'Default', 'user_id': 'ec44265d337a4ac986d4fbe9485fd712', 'system': None}, Network: None, Subnet: None, Router: None
2025-03-11 14:51:55.216 69147 INFO tempest.lib.common.dynamic_creds [-] Created isolated network resources for: credentials: Credentials: {'domain_id': 'default', 'domain_name': 'Default', 'username': 'tempest-FlavorsAccessNegativeTestJSON-841434921-project-member', 'project_domain_id': 'default', 'project_domain_name': 'Default', 'project_id': 'c66ccf57d29f4d1bb6e212f0c996c75c', 'project_name': 'tempest-FlavorsAccessNegativeTestJSON-841434921', 'tenant_id': 'c66ccf57d29f4d1bb6e212f0c996c75c', 'tenant_name': 'tempest-FlavorsAccessNegativeTestJSON-841434921', 'user_domain_id': 'default', 'user_domain_name': 'Default', 'user_id': 'ec44265d337a4ac986d4fbe9485fd712', 'system': None}, Network: None, Subnet: None, Router: None
2025-03-11 14:51:55.228 69149 INFO tempest.lib.common.rest_client [req-10b33289-5bf2-48f8-9991-8beec31f6893 req-10b33289-5bf2-48f8-9991-8beec31f6893 ] Request (QuotasSecurityGroupAdminNegativeTest:tearDownClass): 204 DELETE http://10.180.1.21/identity/v3/users/666f9f0f99e74a80ab63d818c8a1f113 0.350s
2025-03-11 14:51:55.229 69149 INFO tempest.lib.common.dynamic_creds [-] Deleting project and security group for project: 05f9a075af4c4c2c855c910d61db5aee
2025-03-11 14:51:55.312 69143 INFO tempest.lib.common.rest_client [req-cc8cc009-f7f9-400e-bcc8-0fbfd0700341 req-cc8cc009-f7f9-400e-bcc8-0fbfd0700341 ] Request (KeyPairsV22TestJSON:tearDownClass): 204 DELETE http://10.180.1.21/identity/v3/projects/bd26be82c1e6435fbcc80fc126b84347 0.317s
2025-03-11 14:51:55.337 69121 INFO tempest.lib.common.rest_client [req-be9c8e0b-1184-41a2-b076-af55a138d743 req-be9c8e0b-1184-41a2-b076-af55a138d743 ] Request (ServersTestJSON:setUpClass): 201 POST http://10.180.1.21/identity/v3/projects 0.296s
2025-03-11 14:51:55.371 69095 INFO tempest.lib.common.rest_client [req-23f8f09f-b3f5-4a44-9db8-94480240f7f5 req-23f8f09f-b3f5-4a44-9db8-94480240f7f5 ] Request (HypervisorAdminUnderV252Test:tearDownClass): 200 GET http://10.180.1.21:9696/networking/v2.0/security-groups?tenant_id=f2477f61ea2542b4b372f67ef4c2667b&name=default 0.397s
2025-03-11 14:51:55.390 69099 INFO tempest.lib.common.rest_client [req-98ad6316-e8b3-4be4-8c4d-5a18c793a901 req-98ad6316-e8b3-4be4-8c4d-5a18c793a901 ] Request (InstanceUsageAuditLogNegativeTestJSON:setUpClass): 201 POST http://10.180.1.21/identity/v3/users 0.314s
2025-03-11 14:51:55.401 69097 INFO tempest.lib.common.rest_client [req-32030a3f-34d0-4eba-b45d-a374a1a47cd5 req-32030a3f-34d0-4eba-b45d-a374a1a47cd5 ] Request (HostsAdminTestJSON:setUpClass): 204 PUT http://10.180.1.21/identity/v3/projects/235b8a0256594092a712b723186a1a9c/users/fda59edc7fb14df39f91d6bbd1e2967d/roles/d5d76ad3ffe3469f902d7f4ad838ff4e 0.326s
2025-03-11 14:51:55.444 69095 INFO tempest.lib.common.rest_client [req-7c8849fd-fdd2-49ca-8f90-ea9398e38843 req-7c8849fd-fdd2-49ca-8f90-ea9398e38843 ] Request (HypervisorAdminUnderV252Test:tearDownClass): 204 DELETE http://10.180.1.21:9696/networking/v2.0/security-groups/63b3fc4a-8a28-4c16-aadb-f6d01bad217c 0.072s
2025-03-11 14:51:55.459 69101 INFO tempest.lib.common.rest_client [req-07c093be-7305-484d-8589-7e86810e5851 req-07c093be-7305-484d-8589-7e86810e5851 ] Request (ServersAdminTestJSON:setUpClass): 204 PUT http://10.180.1.21/identity/v3/projects/73ac435d0c1e49328d49dccf6ada0ec1/users/b7d68d57d08b4616976204c9ac8eac69/roles/5e5b883e13dc4889a5e1b9a2cfed857a 0.320s
2025-03-11 14:51:55.459 69101 INFO tempest.lib.common.dynamic_creds [-] Dynamic test user b7d68d57d08b4616976204c9ac8eac69 is created with scope project and roles: ['member']
2025-03-11 14:51:55.459 69101 INFO tempest.lib.common.dynamic_creds [-] Acquired dynamic creds: credentials: Credentials: {'domain_id': 'default', 'domain_name': 'Default', 'username': 'tempest-ServersAdminTestJSON-857561442-project-member', 'project_domain_id': 'default', 'project_domain_name': 'Default', 'project_id': '73ac435d0c1e49328d49dccf6ada0ec1', 'project_name': 'tempest-ServersAdminTestJSON-857561442', 'tenant_id': '73ac435d0c1e49328d49dccf6ada0ec1', 'tenant_name': 'tempest-ServersAdminTestJSON-857561442', 'user_domain_id': 'default', 'user_domain_name': 'Default', 'user_id': 'b7d68d57d08b4616976204c9ac8eac69', 'system': None}, Network: None, Subnet: None, Router: None
2025-03-11 14:51:55.513 69103 INFO tempest.lib.common.rest_client [req-f700d06a-5f50-47aa-8bd1-197f4ec123d7 req-f700d06a-5f50-47aa-8bd1-197f4ec123d7 ] Request (VolumesAdminNegativeTest:setUpClass): 200 GET http://10.180.1.21/identity/v3/roles 0.347s
2025-03-11 14:51:55.526 69118 INFO tempest.lib.common.rest_client [req-13af7974-5a54-4787-b62e-18f0437a3de0 req-13af7974-5a54-4787-b62e-18f0437a3de0 ] Request (InstanceUsageAuditLogTestJSON:test_get_instance_usage_audit_log): 200 GET http://10.180.1.21/compute/v2.1/os-instance_usage_audit_log/2025-03-11%2014%3A51%3A53 1.739s
2025-03-11 14:51:55.530 69127 INFO tempest.lib.common.rest_client [req-57d18876-d703-43a9-8703-1a42fcf0bfbc req-57d18876-d703-43a9-8703-1a42fcf0bfbc ] Request (VolumesAssistedSnapshotsTest:setUpClass): 200 GET http://10.180.1.21/identity/v3/roles 0.362s
2025-03-11 14:51:55.550 69123 INFO tempest.lib.common.rest_client [req-b6426622-6b8e-41fc-9ed3-19297ec67845 req-b6426622-6b8e-41fc-9ed3-19297ec67845 ] Request (ServersWithSpecificFlavorTestJSON:setUpClass): 200 GET http://10.180.1.21/identity/v3/roles 0.357s
2025-03-11 14:51:55.605 69147 INFO tempest.lib.common.rest_client [req-e66965ab-c054-4222-b85a-ee6811063873 req-e66965ab-c054-4222-b85a-ee6811063873 ] Request (FlavorsAccessNegativeTestJSON:setUpClass): 201 POST http://10.180.1.21/identity/v3/auth/tokens 0.386s
2025-03-11 14:51:55.605 69147 WARNING tempest.lib.common.rest_client [-] Deprecated: "tenant_id" property is deprecated for removal, use "project_id" instead
2025-03-11 14:51:55.614 69089 INFO tempest.lib.common.rest_client [req-6f4bcdf7-3768-4468-a18f-173d9ab7af80 req-6f4bcdf7-3768-4468-a18f-173d9ab7af80 ] Request (FlavorsExtraSpecsTestJSON:setUpClass): 200 POST http://10.180.1.21/compute/v2.1/flavors 1.807s
2025-03-11 14:51:55.620 69149 INFO tempest.lib.common.rest_client [req-3f6e1cd2-cf73-4b0c-a213-b8bc116cca77 req-3f6e1cd2-cf73-4b0c-a213-b8bc116cca77 ] Request (QuotasSecurityGroupAdminNegativeTest:tearDownClass): 201 POST http://10.180.1.21/identity/v3/auth/tokens 0.391s
2025-03-11 14:51:55.629 69143 INFO tempest.lib.common.rest_client [req-4c2960fb-1b0c-4900-a5d7-4fc39f4912e8 req-4c2960fb-1b0c-4900-a5d7-4fc39f4912e8 ] Request (ServerActionsTestJSON:setUpClass): 201 POST http://10.180.1.21/identity/v3/auth/tokens 0.315s
2025-03-11 14:51:55.641 69121 INFO tempest.lib.common.rest_client [req-96de7749-7b7d-466c-86eb-1d810ef23f33 req-96de7749-7b7d-466c-86eb-1d810ef23f33 ] Request (ServersTestJSON:setUpClass): 201 POST http://10.180.1.21/identity/v3/users 0.303s
2025-03-11 14:51:55.645 69099 INFO tempest.lib.common.rest_client [req-0e68d63c-2a71-4f79-8994-96a1dd6e35e5 req-0e68d63c-2a71-4f79-8994-96a1dd6e35e5 ] Request (InstanceUsageAuditLogNegativeTestJSON:setUpClass): 200 GET http://10.180.1.21/identity/v3/roles 0.254s
2025-03-11 14:51:55.657 69097 INFO tempest.lib.common.rest_client [req-91fa63e1-e2ce-4dc1-af55-5ddab48a5fe8 req-91fa63e1-e2ce-4dc1-af55-5ddab48a5fe8 ] Request (HostsAdminTestJSON:setUpClass): 200 GET http://10.180.1.21/identity/v3/roles 0.256s
2025-03-11 14:51:55.679 69101 INFO tempest.lib.common.rest_client [req-294f33e0-795d-4583-aea5-9499d13c6a4d req-294f33e0-795d-4583-aea5-9499d13c6a4d ] Request (ServersAdminTestJSON:setUpClass): 201 POST http://10.180.1.21/identity/v3/auth/tokens 0.219s
2025-03-11 14:51:55.695 69095 INFO tempest.lib.common.rest_client [req-3de763ee-c54f-46fd-b091-06355b3ae5ec req-3de763ee-c54f-46fd-b091-06355b3ae5ec ] Request (HypervisorAdminUnderV252Test:tearDownClass): 204 DELETE http://10.180.1.21/identity/v3/projects/f2477f61ea2542b4b372f67ef4c2667b 0.250s
2025-03-11 14:51:55.696 69095 INFO tempest.lib.common.dynamic_creds [-] Deleting project and security group for project: d395328a6c8a42e4bf6dee8bc153fe6b
2025-03-11 14:51:55.731 69103 INFO tempest.lib.common.rest_client [req-0e8000be-789e-4470-9479-3fe6134bf45a req-0e8000be-789e-4470-9479-3fe6134bf45a ] Request (VolumesAdminNegativeTest:setUpClass): 204 PUT http://10.180.1.21/identity/v3/projects/de8a27a128864547922929fff960774f/users/31fd8bd089f7406291f9ce8464d5641b/roles/d5d76ad3ffe3469f902d7f4ad838ff4e 0.216s
2025-03-11 14:51:55.785 69095 INFO tempest.lib.common.rest_client [req-c6068ef7-9a40-471a-8c52-ee4176c8fdeb req-c6068ef7-9a40-471a-8c52-ee4176c8fdeb ] Request (HypervisorAdminUnderV252Test:tearDownClass): 200 GET http://10.180.1.21:9696/networking/v2.0/security-groups?tenant_id=d395328a6c8a42e4bf6dee8bc153fe6b&name=default 0.088s
2025-03-11 14:51:55.790 69127 INFO tempest.lib.common.rest_client [req-019ac724-8ba1-467e-be08-03284d715d47 req-019ac724-8ba1-467e-be08-03284d715d47 ] Request (VolumesAssistedSnapshotsTest:setUpClass): 204 PUT http://10.180.1.21/identity/v3/projects/0378470a70ff49248f0d1b256c317f47/users/be4b8270a53e4383b7d26833e9475a39/roles/d5d76ad3ffe3469f902d7f4ad838ff4e 0.260s
2025-03-11 14:51:55.852 69123 INFO tempest.lib.common.rest_client [req-d960360c-afcf-45c5-8b93-ad988363a69a req-d960360c-afcf-45c5-8b93-ad988363a69a ] Request (ServersWithSpecificFlavorTestJSON:setUpClass): 204 PUT http://10.180.1.21/identity/v3/projects/bf37644cfb6b4906abe8915d26671f59/users/7042cb531f5747b38a603e45bd80b0ad/roles/d5d76ad3ffe3469f902d7f4ad838ff4e 0.301s
2025-03-11 14:51:55.857 69095 INFO tempest.lib.common.rest_client [req-dbde9173-da56-482f-b2d8-fa7a8ce9db94 req-dbde9173-da56-482f-b2d8-fa7a8ce9db94 ] Request (HypervisorAdminUnderV252Test:tearDownClass): 204 DELETE http://10.180.1.21:9696/networking/v2.0/security-groups/61eb3d42-1cc3-4dac-b69c-c61aba8d3de7 0.072s
2025-03-11 14:51:55.922 69139 INFO tempest.lib.common.rest_client [req-c81f7500-cb8a-4d61-b448-33f52547a768 req-c81f7500-cb8a-4d61-b448-33f52547a768 ] Request (FlavorsAccessTestJSON:test_flavor_access_add_remove): 200 POST http://10.180.1.21/compute/v2.1/flavors 1.981s
2025-03-11 14:51:55.927 69143 INFO tempest.lib.common.rest_client [req-89836a22-6192-437f-afe8-8856baa74f82 req-89836a22-6192-437f-afe8-8856baa74f82 ] Request (ServerActionsTestJSON:setUpClass): 201 POST http://10.180.1.21/identity/v3/auth/tokens 0.296s
2025-03-11 14:51:55.937 69121 INFO tempest.lib.common.rest_client [req-c5b1c4cc-ddec-4e1a-a42b-40ab570653eb req-c5b1c4cc-ddec-4e1a-a42b-40ab570653eb ] Request (ServersTestJSON:setUpClass): 200 GET http://10.180.1.21/identity/v3/roles 0.295s
2025-03-11 14:51:55.953 69099 INFO tempest.lib.common.rest_client [req-a7ca7fc0-2ad2-4ff8-a3cd-d3b3ef75c3e8 req-a7ca7fc0-2ad2-4ff8-a3cd-d3b3ef75c3e8 ] Request (InstanceUsageAuditLogNegativeTestJSON:setUpClass): 204 PUT http://10.180.1.21/identity/v3/projects/1193fb1d64974593bbde44abb82fc751/users/83869a1e5e2540eb944c88da4bd4ed18/roles/d5d76ad3ffe3469f902d7f4ad838ff4e 0.307s
2025-03-11 14:51:55.958 69097 INFO tempest.lib.common.rest_client [req-7543ea48-4736-4a99-8c16-2bd0c0a5c22d req-7543ea48-4736-4a99-8c16-2bd0c0a5c22d ] Request (HostsAdminTestJSON:setUpClass): 204 PUT http://10.180.1.21/identity/v3/projects/235b8a0256594092a712b723186a1a9c/users/fda59edc7fb14df39f91d6bbd1e2967d/roles/d5d76ad3ffe3469f902d7f4ad838ff4e 0.300s
2025-03-11 14:51:55.958 69097 INFO tempest.lib.common.dynamic_creds [-] Dynamic test user fda59edc7fb14df39f91d6bbd1e2967d is created with scope project and roles: ['admin']
2025-03-11 14:51:55.958 69097 INFO tempest.lib.common.dynamic_creds [-] Acquired dynamic creds: credentials: Credentials: {'domain_id': 'default', 'domain_name': 'Default', 'username': 'tempest-HostsAdminTestJSON-527829687-project-admin', 'project_domain_id': 'default', 'project_domain_name': 'Default', 'project_id': '235b8a0256594092a712b723186a1a9c', 'project_name': 'tempest-HostsAdminTestJSON-527829687', 'tenant_id': '235b8a0256594092a712b723186a1a9c', 'tenant_name': 'tempest-HostsAdminTestJSON-527829687', 'user_domain_id': 'default', 'user_domain_name': 'Default', 'user_id': 'fda59edc7fb14df39f91d6bbd1e2967d', 'system': None}, Network: None, Subnet: None, Router: None
2025-03-11 14:51:55.958 69097 INFO tempest.lib.common.dynamic_creds [-] Created isolated network resources for: credentials: Credentials: {'domain_id': 'default', 'domain_name': 'Default', 'username': 'tempest-HostsAdminTestJSON-527829687-project-admin', 'project_domain_id': 'default', 'project_domain_name': 'Default', 'project_id': '235b8a0256594092a712b723186a1a9c', 'project_name': 'tempest-HostsAdminTestJSON-527829687', 'tenant_id': '235b8a0256594092a712b723186a1a9c', 'tenant_name': 'tempest-HostsAdminTestJSON-527829687', 'user_domain_id': 'default', 'user_domain_name': 'Default', 'user_id': 'fda59edc7fb14df39f91d6bbd1e2967d', 'system': None}, Network: None, Subnet: None, Router: None
2025-03-11 14:51:56.003 69103 INFO tempest.lib.common.rest_client [req-4345fd24-c03b-47d7-8797-cb8d5afc4f56 req-4345fd24-c03b-47d7-8797-cb8d5afc4f56 ] Request (VolumesAdminNegativeTest:setUpClass): 200 GET http://10.180.1.21/identity/v3/roles 0.272s
2025-03-11 14:51:56.005 69149 INFO tempest.lib.common.rest_client [req-b7554600-ca3e-4d5b-b0a6-bad9b8f69373 req-b7554600-ca3e-4d5b-b0a6-bad9b8f69373 ] Request (QuotasSecurityGroupAdminNegativeTest:tearDownClass): 200 GET http://10.180.1.21:9696/networking/v2.0/security-groups?tenant_id=05f9a075af4c4c2c855c910d61db5aee&name=default 0.384s
2025-03-11 14:51:56.019 69127 INFO tempest.lib.common.rest_client [req-92fead2a-d270-41db-bf4e-0e54f41ecbdc req-92fead2a-d270-41db-bf4e-0e54f41ecbdc ] Request (VolumesAssistedSnapshotsTest:setUpClass): 200 GET http://10.180.1.21/identity/v3/roles 0.228s
2025-03-11 14:51:56.036 69123 INFO tempest.lib.common.rest_client [req-118c3fb1-9958-420d-9b44-f2547fde8ede req-118c3fb1-9958-420d-9b44-f2547fde8ede ] Request (ServersWithSpecificFlavorTestJSON:setUpClass): 200 GET http://10.180.1.21/identity/v3/roles 0.184s
2025-03-11 14:51:56.084 69095 INFO tempest.lib.common.rest_client [req-ae8db7c7-8fe1-49f1-8e99-89f964db12a3 req-ae8db7c7-8fe1-49f1-8e99-89f964db12a3 ] Request (HypervisorAdminUnderV252Test:tearDownClass): 204 DELETE http://10.180.1.21/identity/v3/projects/d395328a6c8a42e4bf6dee8bc153fe6b 0.224s
2025-03-11 14:51:56.085 69095 INFO tempest.test [-] raised in ServersOnMultiNodesTest.setUpClass. Invoking tearDownClass.
2025-03-11 14:51:56.134 69143 INFO tempest.lib.common.rest_client [req-825d388e-61c7-421a-9b9c-41cd6ea51934 req-825d388e-61c7-421a-9b9c-41cd6ea51934 ] Request (ServerActionsTestJSON:setUpClass): 200 GET http://10.180.1.21/identity/v3/domains?name=Default 0.206s
2025-03-11 14:51:56.152 69149 INFO tempest.lib.common.rest_client [req-21528b19-caa9-423b-8e8e-a7aac3b9659e req-21528b19-caa9-423b-8e8e-a7aac3b9659e ] Request (QuotasSecurityGroupAdminNegativeTest:tearDownClass): 204 DELETE http://10.180.1.21:9696/networking/v2.0/security-groups/18daf5c6-632a-4ea4-b9b6-dc2359273b8d 0.146s
2025-03-11 14:51:56.172 69093 INFO tempest.lib.common.rest_client [req-02e9e206-05a2-46ef-abe4-1b4d33c70074 req-02e9e206-05a2-46ef-abe4-1b4d33c70074 ] Request (MigrationsAdminTest:test_list_migrations): 200 GET http://10.180.1.21/compute/v2.1/os-migrations 2.195s
2025-03-11 14:51:56.175 69099 INFO tempest.lib.common.rest_client [req-dd157260-1dbb-47c5-a9cb-75ee752fd325 req-dd157260-1dbb-47c5-a9cb-75ee752fd325 ] Request (InstanceUsageAuditLogNegativeTestJSON:setUpClass): 200 GET http://10.180.1.21/identity/v3/roles 0.221s
2025-03-11 14:51:56.174 69121 INFO tempest.lib.common.rest_client [req-660c99ea-b0ba-44b4-81a8-913d3e773080 req-660c99ea-b0ba-44b4-81a8-913d3e773080 ] Request (ServersTestJSON:setUpClass): 204 PUT http://10.180.1.21/identity/v3/projects/7cb445d3081941e28b65d07211ff0ad8/users/6890ffd033c44298aab7e9a27dde4ddf/roles/5e5b883e13dc4889a5e1b9a2cfed857a 0.237s
2025-03-11 14:51:56.177 69121 INFO tempest.lib.common.dynamic_creds [-] Dynamic test user 6890ffd033c44298aab7e9a27dde4ddf is created with scope project and roles: ['member']
2025-03-11 14:51:56.177 69121 INFO tempest.lib.common.dynamic_creds [-] Acquired dynamic creds: credentials: Credentials: {'domain_id': 'default', 'domain_name': 'Default', 'username': 'tempest-ServersTestJSON-1243723047-project-member', 'project_domain_id': 'default', 'project_domain_name': 'Default', 'project_id': '7cb445d3081941e28b65d07211ff0ad8', 'project_name': 'tempest-ServersTestJSON-1243723047', 'tenant_id': '7cb445d3081941e28b65d07211ff0ad8', 'tenant_name': 'tempest-ServersTestJSON-1243723047', 'user_domain_id': 'default', 'user_domain_name': 'Default', 'user_id': '6890ffd033c44298aab7e9a27dde4ddf', 'system': None}, Network: None, Subnet: None, Router: None
2025-03-11 14:51:56.228 69103 INFO tempest.lib.common.rest_client [req-3d60d05a-c7d5-4f30-b964-47c459a271c1 req-3d60d05a-c7d5-4f30-b964-47c459a271c1 ] Request (VolumesAdminNegativeTest:setUpClass): 204 PUT http://10.180.1.21/identity/v3/projects/de8a27a128864547922929fff960774f/users/31fd8bd089f7406291f9ce8464d5641b/roles/d5d76ad3ffe3469f902d7f4ad838ff4e 0.224s
2025-03-11 14:51:56.228 69103 INFO tempest.lib.common.dynamic_creds [-] Dynamic test user 31fd8bd089f7406291f9ce8464d5641b is created with scope project and roles: ['admin']
2025-03-11 14:51:56.228 69103 INFO tempest.lib.common.dynamic_creds [-] Acquired dynamic creds: credentials: Credentials: {'domain_id': 'default', 'domain_name': 'Default', 'username': 'tempest-VolumesAdminNegativeTest-161563439-project-admin', 'project_domain_id': 'default', 'project_domain_name': 'Default', 'project_id': 'de8a27a128864547922929fff960774f', 'project_name': 'tempest-VolumesAdminNegativeTest-161563439', 'tenant_id': 'de8a27a128864547922929fff960774f', 'tenant_name': 'tempest-VolumesAdminNegativeTest-161563439', 'user_domain_id': 'default', 'user_domain_name': 'Default', 'user_id': '31fd8bd089f7406291f9ce8464d5641b', 'system': None}, Network: None, Subnet: None, Router: None
2025-03-11 14:51:56.248 69097 INFO tempest.lib.common.rest_client [req-98d9d456-7d8a-4867-9858-4fb71e564ab0 req-98d9d456-7d8a-4867-9858-4fb71e564ab0 ] Request (HostsAdminTestJSON:setUpClass): 201 POST http://10.180.1.21/identity/v3/auth/tokens 0.287s
2025-03-11 14:51:56.274 69101 INFO tempest.lib.common.rest_client [req-f7efc0c9-651f-4b1e-b701-ef66c122ace6 req-f7efc0c9-651f-4b1e-b701-ef66c122ace6 ] Request (ServersAdminTestJSON:setUpClass): 201 POST http://10.180.1.21:9696/networking/v2.0/networks 0.595s
2025-03-11 14:51:56.300 69127 INFO tempest.lib.common.rest_client [req-e2d763cd-3cd7-4871-b876-f585f83a5931 req-e2d763cd-3cd7-4871-b876-f585f83a5931 ] Request (VolumesAssistedSnapshotsTest:setUpClass): 204 PUT http://10.180.1.21/identity/v3/projects/0378470a70ff49248f0d1b256c317f47/users/be4b8270a53e4383b7d26833e9475a39/roles/d5d76ad3ffe3469f902d7f4ad838ff4e 0.281s
2025-03-11 14:51:56.301 69127 INFO tempest.lib.common.dynamic_creds [-] Dynamic test user be4b8270a53e4383b7d26833e9475a39 is created with scope project and roles: ['admin']
2025-03-11 14:51:56.301 69127 INFO tempest.lib.common.dynamic_creds [-] Acquired dynamic creds: credentials: Credentials: {'domain_id': 'default', 'domain_name': 'Default', 'username': 'tempest-VolumesAssistedSnapshotsTest-1062716579-project-admin', 'project_domain_id': 'default', 'project_domain_name': 'Default', 'project_id': '0378470a70ff49248f0d1b256c317f47', 'project_name': 'tempest-VolumesAssistedSnapshotsTest-1062716579', 'tenant_id': '0378470a70ff49248f0d1b256c317f47', 'tenant_name': 'tempest-VolumesAssistedSnapshotsTest-1062716579', 'user_domain_id': 'default', 'user_domain_name': 'Default', 'user_id': 'be4b8270a53e4383b7d26833e9475a39', 'system': None}, Network: None, Subnet: None, Router: None
2025-03-11 14:51:56.350 69095 INFO tempest.lib.common.rest_client [req-5c28b6d7-c442-4189-8dd4-4943ae1f6c30 req-5c28b6d7-c442-4189-8dd4-4943ae1f6c30 ] Request (ServicesAdminNegativeV253TestJSON:setUpClass): 201 POST http://10.180.1.21/identity/v3/auth/tokens 0.262s
2025-03-11 14:51:56.367 69123 INFO tempest.lib.common.rest_client [req-562d3c18-eb2f-4728-a1ab-366eb67aaadc req-562d3c18-eb2f-4728-a1ab-366eb67aaadc ] Request (ServersWithSpecificFlavorTestJSON:setUpClass): 204 PUT http://10.180.1.21/identity/v3/projects/bf37644cfb6b4906abe8915d26671f59/users/7042cb531f5747b38a603e45bd80b0ad/roles/d5d76ad3ffe3469f902d7f4ad838ff4e 0.331s
2025-03-11 14:51:56.367 69123 INFO tempest.lib.common.dynamic_creds [-] Dynamic test user 7042cb531f5747b38a603e45bd80b0ad is created with scope project and roles: ['admin']
2025-03-11 14:51:56.367 69123 INFO tempest.lib.common.dynamic_creds [-] Acquired dynamic creds: credentials: Credentials: {'domain_id': 'default', 'domain_name': 'Default', 'username': 'tempest-ServersWithSpecificFlavorTestJSON-468124325-project-admin', 'project_domain_id': 'default', 'project_domain_name': 'Default', 'project_id': 'bf37644cfb6b4906abe8915d26671f59', 'project_name': 'tempest-ServersWithSpecificFlavorTestJSON-468124325', 'tenant_id': 'bf37644cfb6b4906abe8915d26671f59', 'tenant_name': 'tempest-ServersWithSpecificFlavorTestJSON-468124325', 'user_domain_id': 'default', 'user_domain_name': 'Default', 'user_id': '7042cb531f5747b38a603e45bd80b0ad', 'system': None}, Network: None, Subnet: None, Router: None
2025-03-11 14:51:56.374 69143 INFO tempest.lib.common.rest_client [req-2a007443-276a-4a87-81e0-05c611737538 req-2a007443-276a-4a87-81e0-05c611737538 ] Request (ServerActionsTestJSON:setUpClass): 201 POST http://10.180.1.21/identity/v3/projects 0.240s
2025-03-11 14:51:56.391 69103 INFO tempest.lib.common.rest_client [req-8122e514-d6fb-4067-9564-52cdac173f86 req-8122e514-d6fb-4067-9564-52cdac173f86 ] Request (VolumesAdminNegativeTest:setUpClass): 201 POST http://10.180.1.21:9696/networking/v2.0/networks 0.162s
2025-03-11 14:51:56.459 69087 INFO tempest.lib.common.rest_client [req-83224671-3c90-42a5-8547-16e666a3a10f req-83224671-3c90-42a5-8547-16e666a3a10f ] Request (AZAdminNegativeTestJSON:test_get_availability_zone_list_detail_with_non_admin_user): 403 GET http://10.180.1.21/compute/v2.1/os-availability-zone/detail 2.421s
2025-03-11 14:51:56.474 69149 INFO tempest.lib.common.rest_client [req-3b755a96-0fae-4147-85ea-e0e8354cb5ea req-3b755a96-0fae-4147-85ea-e0e8354cb5ea ] Request (QuotasSecurityGroupAdminNegativeTest:tearDownClass): 204 DELETE http://10.180.1.21/identity/v3/projects/05f9a075af4c4c2c855c910d61db5aee 0.322s
2025-03-11 14:51:56.474 69149 INFO tempest.lib.common.dynamic_creds [-] Deleting project and security group for project: 6638d25b50b0418d91668d267cc3ac29
2025-03-11 14:51:56.497 69099 INFO tempest.lib.common.rest_client [req-1d4dafe1-40e8-4769-aacf-1ca054ba95da req-1d4dafe1-40e8-4769-aacf-1ca054ba95da ] Request (InstanceUsageAuditLogNegativeTestJSON:setUpClass): 204 PUT http://10.180.1.21/identity/v3/projects/1193fb1d64974593bbde44abb82fc751/users/83869a1e5e2540eb944c88da4bd4ed18/roles/d5d76ad3ffe3469f902d7f4ad838ff4e 0.322s
2025-03-11 14:51:56.497 69099 INFO tempest.lib.common.dynamic_creds [-] Dynamic test user 83869a1e5e2540eb944c88da4bd4ed18 is created with scope project and roles: ['admin']
2025-03-11 14:51:56.497 69099 INFO tempest.lib.common.dynamic_creds [-] Acquired dynamic creds: credentials: Credentials: {'domain_id': 'default', 'domain_name': 'Default', 'username': 'tempest-InstanceUsageAuditLogNegativeTestJSON-1579305349-project-admin', 'project_domain_id': 'default', 'project_domain_name': 'Default', 'project_id': '1193fb1d64974593bbde44abb82fc751', 'project_name': 'tempest-InstanceUsageAuditLogNegativeTestJSON-1579305349', 'tenant_id': '1193fb1d64974593bbde44abb82fc751', 'tenant_name': 'tempest-InstanceUsageAuditLogNegativeTestJSON-1579305349', 'user_domain_id': 'default', 'user_domain_name': 'Default', 'user_id': '83869a1e5e2540eb944c88da4bd4ed18', 'system': None}, Network: None, Subnet: None, Router: None
2025-03-11 14:51:56.497 69121 INFO tempest.lib.common.rest_client [req-b330f881-6645-4519-9739-66d21282ff2c req-b330f881-6645-4519-9739-66d21282ff2c ] Request (ServersTestJSON:setUpClass): 201 POST http://10.180.1.21/identity/v3/auth/tokens 0.320s
2025-03-11 14:51:56.497 69099 INFO tempest.lib.common.dynamic_creds [-] Created isolated network resources for: credentials: Credentials: {'domain_id': 'default', 'domain_name': 'Default', 'username': 'tempest-InstanceUsageAuditLogNegativeTestJSON-1579305349-project-admin', 'project_domain_id': 'default', 'project_domain_name': 'Default', 'project_id': '1193fb1d64974593bbde44abb82fc751', 'project_name': 'tempest-InstanceUsageAuditLogNegativeTestJSON-1579305349', 'tenant_id': '1193fb1d64974593bbde44abb82fc751', 'tenant_name': 'tempest-InstanceUsageAuditLogNegativeTestJSON-1579305349', 'user_domain_id': 'default', 'user_domain_name': 'Default', 'user_id': '83869a1e5e2540eb944c88da4bd4ed18', 'system': None}, Network: None, Subnet: None, Router: None
2025-03-11 14:51:56.542 69093 INFO tempest.lib.common.rest_client [req-34891342-a96a-4f5c-9789-e8c42754f143 req-34891342-a96a-4f5c-9789-e8c42754f143 ] Request (MigrationsAdminTest:test_list_migrations_in_flavor_resize_situation): 201 POST http://10.180.1.21/identity/v3/auth/tokens 0.355s
2025-03-11 14:51:56.543 69093 INFO tempest.lib.common.fixed_network [-] (MigrationsAdminTest:test_list_migrations_in_flavor_resize_situation) Found network None available for tenant
2025-03-11 14:51:56.579 69103 INFO tempest.lib.common.rest_client [req-92456629-c6a7-4263-8f77-9de34b92cd8c req-92456629-c6a7-4263-8f77-9de34b92cd8c ] Request (VolumesAdminNegativeTest:setUpClass): 201 POST http://10.180.1.21:9696/networking/v2.0/subnets 0.188s
2025-03-11 14:51:56.600 69101 INFO tempest.lib.common.rest_client [req-1b62bcb5-816c-4cbc-83c3-df52c552637c req-1b62bcb5-816c-4cbc-83c3-df52c552637c ] Request (ServersAdminTestJSON:setUpClass): 201 POST http://10.180.1.21:9696/networking/v2.0/subnets 0.325s
2025-03-11 14:51:56.605 69095 INFO tempest.lib.common.rest_client [req-3204f670-2052-4278-8abb-61a9a503cd66 req-3204f670-2052-4278-8abb-61a9a503cd66 ] Request (ServicesAdminNegativeV253TestJSON:setUpClass): 201 POST http://10.180.1.21/identity/v3/auth/tokens 0.252s
2025-03-11 14:51:56.621 69149 INFO tempest.lib.common.rest_client [req-cba0d723-4a4e-4e0a-a0ac-06862ec1379a req-cba0d723-4a4e-4e0a-a0ac-06862ec1379a ] Request (QuotasSecurityGroupAdminNegativeTest:tearDownClass): 200 GET http://10.180.1.21:9696/networking/v2.0/security-groups?tenant_id=6638d25b50b0418d91668d267cc3ac29&name=default 0.147s
2025-03-11 14:51:56.648 69127 INFO tempest.lib.common.rest_client [req-a0789e51-6c5c-4ca1-bed6-85f9bb6e01ce req-a0789e51-6c5c-4ca1-bed6-85f9bb6e01ce ] Request (VolumesAssistedSnapshotsTest:setUpClass): 201 POST http://10.180.1.21:9696/networking/v2.0/networks 0.346s
2025-03-11 14:51:56.651 69115 INFO tempest.lib.common.rest_client [req-1fdb49fb-9a24-4da8-a446-cd88bb8409fe req-1fdb49fb-9a24-4da8-a446-cd88bb8409fe ] Request (FloatingIPsNegativeTestJSON:setUpClass): 200 GET http://10.180.1.21/compute/v2.1/os-floating-ips 2.789s
2025-03-11 14:51:56.657 69143 INFO tempest.lib.common.rest_client [req-50a2f6c9-2d7a-4f0e-8a7a-6d784695b03c req-50a2f6c9-2d7a-4f0e-8a7a-6d784695b03c ] Request (ServerActionsTestJSON:setUpClass): 201 POST http://10.180.1.21/identity/v3/users 0.283s
2025-03-11 14:51:56.661 69129 INFO tempest.lib.common.rest_client [req-4d51cf5d-d5ac-4eca-a1a4-ad016b4741c4 req-4d51cf5d-d5ac-4eca-a1a4-ad016b4741c4 ] Request (TenantUsagesNegativeTestJSON:test_get_usage_tenant_with_empty_tenant_id): 404 GET http://10.180.1.21/compute/v2.1/os-simple-tenant-usage/?start=2025-03-10T14%3A51%3A54.115866&end=2025-03-12T14%3A51%3A54.115866 2.545s
2025-03-11 14:51:56.666 69129 WARNING tempest.lib.common.rest_client [-] Deprecated: "tenant_id" property is deprecated for removal, use "project_id" instead
2025-03-11 14:51:56.727 69099 INFO tempest.lib.common.rest_client [req-d72e2819-a394-4546-93e1-47717f28bab0 req-d72e2819-a394-4546-93e1-47717f28bab0 ] Request (InstanceUsageAuditLogNegativeTestJSON:setUpClass): 201 POST http://10.180.1.21/identity/v3/auth/tokens 0.227s
2025-03-11 14:51:56.728 69087 INFO tempest.lib.common.rest_client [req-6b67021c-6b1d-423d-b22a-2ab7c2406db5 req-6b67021c-6b1d-423d-b22a-2ab7c2406db5 ] Request (AZAdminNegativeTestJSON:tearDownClass): 204 DELETE http://10.180.1.21/identity/v3/users/f4d535182c134aac909de2ed8ac1cfa8 0.259s
2025-03-11 14:51:56.730 69123 INFO tempest.lib.common.rest_client [req-4ada83a0-ccc7-4ce3-b0ff-24337547b173 req-4ada83a0-ccc7-4ce3-b0ff-24337547b173 ] Request (ServersWithSpecificFlavorTestJSON:setUpClass): 201 POST http://10.180.1.21:9696/networking/v2.0/networks 0.362s
2025-03-11 14:51:56.780 69095 INFO tempest.lib.common.rest_client [req-622f1c78-4eb7-40fa-8bdc-ab2f163416ce req-622f1c78-4eb7-40fa-8bdc-ab2f163416ce ] Request (ServicesAdminNegativeV253TestJSON:setUpClass): 200 GET http://10.180.1.21/identity/v3/domains?name=Default 0.174s
2025-03-11 14:51:56.823 69143 INFO tempest.lib.common.rest_client [req-b17b3e8b-04e1-471d-afb3-596cfa58aa1a req-b17b3e8b-04e1-471d-afb3-596cfa58aa1a ] Request (ServerActionsTestJSON:setUpClass): 200 GET http://10.180.1.21/identity/v3/roles 0.165s
2025-03-11 14:51:56.879 69119 INFO tempest.lib.common.rest_client [req-c9cd61e2-4dd6-4252-907d-15f3930a4caa req-c9cd61e2-4dd6-4252-907d-15f3930a4caa ] Request (FlavorsV255TestJSON:test_crud_flavor): 200 POST http://10.180.1.21/compute/v2.1/flavors 2.638s
2025-03-11 14:51:56.888 69127 INFO tempest.lib.common.rest_client [req-7067cd39-4072-4944-b4af-6f053a5d6af2 req-7067cd39-4072-4944-b4af-6f053a5d6af2 ] Request (VolumesAssistedSnapshotsTest:setUpClass): 201 POST http://10.180.1.21:9696/networking/v2.0/subnets 0.240s
2025-03-11 14:51:56.895 69149 INFO tempest.lib.common.rest_client [req-303cde73-8b40-4bda-9346-5d86cf48c78c req-303cde73-8b40-4bda-9346-5d86cf48c78c ] Request (QuotasSecurityGroupAdminNegativeTest:tearDownClass): 204 DELETE http://10.180.1.21:9696/networking/v2.0/security-groups/30c368c5-ea08-44ab-8060-d9aa010c5686 0.274s
2025-03-11 14:51:56.907 69095 INFO tempest.lib.common.rest_client [req-c701c105-ad14-4357-9bf1-240427f7c9ad req-c701c105-ad14-4357-9bf1-240427f7c9ad ] Request (ServicesAdminNegativeV253TestJSON:setUpClass): 201 POST http://10.180.1.21/identity/v3/projects 0.127s
2025-03-11 14:51:56.909 69109 INFO tempest.lib.common.rest_client [req-f18ab785-85db-42f5-8af3-94203b0c220f req-f18ab785-85db-42f5-8af3-94203b0c220f ] Request (HypervisorAdminTestJSON:test_get_hypervisor_list): 200 GET http://10.180.1.21/compute/v2.1/os-hypervisors 2.665s
2025-03-11 14:51:56.916 69087 INFO tempest.lib.common.rest_client [req-725c2dd4-0fa3-4a3d-9040-725fa01284ea req-725c2dd4-0fa3-4a3d-9040-725fa01284ea ] Request (AZAdminNegativeTestJSON:tearDownClass): 204 DELETE http://10.180.1.21/identity/v3/users/67a617ee0b6247938d3a65b752c3db77 0.187s
