2025-03-11 14:51:56.916 69087 INFO tempest.lib.common.dynamic_creds [-] Deleting project and security group for project: 59686b2bb21246c0a321702121510823
2025-03-11 14:51:56.995 69143 INFO tempest.lib.common.rest_client [req-c2f88fe2-c93e-4c4e-84c9-23eb6710ac68 req-c2f88fe2-c93e-4c4e-84c9-23eb6710ac68 ] Request (ServerActionsTestJSON:setUpClass): 204 PUT http://10.180.1.21/identity/v3/projects/602cb3ea3e4047c69534d3d2ea663705/users/9b25fd0c0fdc4254a54305996a2bc51d/roles/5e5b883e13dc4889a5e1b9a2cfed857a 0.171s
2025-03-11 14:51:56.996 69143 INFO tempest.lib.common.dynamic_creds [-] Dynamic test user 9b25fd0c0fdc4254a54305996a2bc51d is created with scope project and roles: ['member']
2025-03-11 14:51:56.996 69143 INFO tempest.lib.common.dynamic_creds [-] Acquired dynamic creds: credentials: Credentials: {'domain_id': 'default', 'domain_name': 'Default', 'username': 'tempest-ServerActionsTestJSON-949793723-project-member', 'project_domain_id': 'default', 'project_domain_name': 'Default', 'project_id': '602cb3ea3e4047c69534d3d2ea663705', 'project_name': 'tempest-ServerActionsTestJSON-949793723', 'tenant_id': '602cb3ea3e4047c69534d3d2ea663705', 'tenant_name': 'tempest-ServerActionsTestJSON-949793723', 'user_domain_id': 'default', 'user_domain_name': 'Default', 'user_id': '9b25fd0c0fdc4254a54305996a2bc51d', 'system': None}, Network: None, Subnet: None, Router: None
2025-03-11 14:51:56.998 69123 INFO tempest.lib.common.rest_client [req-97da07fc-c5ab-441f-b7b3-98778d898ddc req-97da07fc-c5ab-441f-b7b3-98778d898ddc ] Request (ServersWithSpecificFlavorTestJSON:setUpClass): 201 POST http://10.180.1.21:9696/networking/v2.0/subnets 0.267s
2025-03-11 14:51:57.053 69095 INFO tempest.lib.common.rest_client [req-ab89ec2b-deb5-4b53-b459-0c0f0bdd64c4 req-ab89ec2b-deb5-4b53-b459-0c0f0bdd64c4 ] Request (ServicesAdminNegativeV253TestJSON:setUpClass): 201 POST http://10.180.1.21/identity/v3/users 0.145s
2025-03-11 14:51:57.081 69149 INFO tempest.lib.common.rest_client [req-ed8e9669-2b5d-4299-b5fb-febbbc9bced8 req-ed8e9669-2b5d-4299-b5fb-febbbc9bced8 ] Request (QuotasSecurityGroupAdminNegativeTest:tearDownClass): 204 DELETE http://10.180.1.21/identity/v3/projects/6638d25b50b0418d91668d267cc3ac29 0.185s
2025-03-11 14:51:57.082 69149 INFO tempest.test [-] raised in UpdateMultiattachVolumeNegativeTest.setUpClass. Invoking tearDownClass.
2025-03-11 14:51:57.132 69087 INFO tempest.lib.common.rest_client [req-72a40736-770c-43de-a1af-2f29da276aa4 req-72a40736-770c-43de-a1af-2f29da276aa4 ] Request (AZAdminNegativeTestJSON:tearDownClass): 201 POST http://10.180.1.21/identity/v3/auth/tokens 0.216s
2025-03-11 14:51:57.155 69143 INFO tempest.lib.common.rest_client [req-bcc40227-3f55-4cd0-881a-a86a2fd72557 req-bcc40227-3f55-4cd0-881a-a86a2fd72557 ] Request (ServerActionsTestJSON:setUpClass): 201 POST http://10.180.1.21/identity/v3/auth/tokens 0.158s
2025-03-11 14:51:57.185 69095 INFO tempest.lib.common.rest_client [req-b466e1f4-95a3-42c2-9078-45649f818e37 req-b466e1f4-95a3-42c2-9078-45649f818e37 ] Request (ServicesAdminNegativeV253TestJSON:setUpClass): 200 GET http://10.180.1.21/identity/v3/roles 0.131s
2025-03-11 14:51:57.213 69149 INFO tempest.lib.common.rest_client [req-29253db1-fb19-4dc2-b232-e2229124363c req-29253db1-fb19-4dc2-b232-e2229124363c ] Request (ListImageFiltersTestJSON:setUpClass): 201 POST http://10.180.1.21/identity/v3/auth/tokens 0.128s
2025-03-11 14:51:57.248 69113 INFO tempest.lib.common.rest_client [req-3e051729-737e-4b73-96b7-1aedcfc6251b req-3e051729-737e-4b73-96b7-1aedcfc6251b ] Request (FlavorsV261TestJSON:test_crud_flavor): 200 GET http://10.180.1.21/compute/v2.1/flavors/322958304 2.672s
2025-03-11 14:51:57.282 69095 INFO tempest.lib.common.rest_client [req-ea4d2349-3e96-4351-be22-df2e9b36a760 req-ea4d2349-3e96-4351-be22-df2e9b36a760 ] Request (ServicesAdminNegativeV253TestJSON:setUpClass): 204 PUT http://10.180.1.21/identity/v3/projects/9cd2ecaba94e4b618d54f8fabf576242/users/180b1972dd584680a22524efd86341b3/roles/5e5b883e13dc4889a5e1b9a2cfed857a 0.095s
2025-03-11 14:51:57.283 69095 INFO tempest.lib.common.dynamic_creds [-] Dynamic test user 180b1972dd584680a22524efd86341b3 is created with scope project and roles: ['member']
2025-03-11 14:51:57.283 69095 INFO tempest.lib.common.dynamic_creds [-] Acquired dynamic creds: credentials: Credentials: {'domain_id': 'default', 'domain_name': 'Default', 'username': 'tempest-ServicesAdminNegativeV253TestJSON-1236365973-project-member', 'project_domain_id': 'default', 'project_domain_name': 'Default', 'project_id': '9cd2ecaba94e4b618d54f8fabf576242', 'project_name': 'tempest-ServicesAdminNegativeV253TestJSON-1236365973', 'tenant_id': '9cd2ecaba94e4b618d54f8fabf576242', 'tenant_name': 'tempest-ServicesAdminNegativeV253TestJSON-1236365973', 'user_domain_id': 'default', 'user_domain_name': 'Default', 'user_id': '180b1972dd584680a22524efd86341b3', 'system': None}, Network: None, Subnet: None, Router: None
2025-03-11 14:51:57.283 69095 INFO tempest.lib.common.dynamic_creds [-] Created isolated network resources for: credentials: Credentials: {'domain_id': 'default', 'domain_name': 'Default', 'username': 'tempest-ServicesAdminNegativeV253TestJSON-1236365973-project-member', 'project_domain_id': 'default', 'project_domain_name': 'Default', 'project_id': '9cd2ecaba94e4b618d54f8fabf576242', 'project_name': 'tempest-ServicesAdminNegativeV253TestJSON-1236365973', 'tenant_id': '9cd2ecaba94e4b618d54f8fabf576242', 'tenant_name': 'tempest-ServicesAdminNegativeV253TestJSON-1236365973', 'user_domain_id': 'default', 'user_domain_name': 'Default', 'user_id': '180b1972dd584680a22524efd86341b3', 'system': None}, Network: None, Subnet: None, Router: None
2025-03-11 14:51:57.330 69149 INFO tempest.lib.common.rest_client [req-63235e1c-1014-4f9d-af1f-24922ecd8cbd req-63235e1c-1014-4f9d-af1f-24922ecd8cbd ] Request (ListImageFiltersTestJSON:setUpClass): 201 POST http://10.180.1.21/identity/v3/auth/tokens 0.114s
2025-03-11 14:51:57.384 69111 INFO tempest.lib.common.rest_client [req-f007f3ef-4db8-4af7-a648-cabe19cfbbea req-f007f3ef-4db8-4af7-a648-cabe19cfbbea ] Request (ServersAdminNegativeTestJSON:setUpClass): 202 POST http://10.180.1.21/compute/v2.1/servers 2.956s
2025-03-11 14:51:57.399 69095 INFO tempest.lib.common.rest_client [req-45b797e9-8a41-41b8-a5c0-8ddd9da5356e req-45b797e9-8a41-41b8-a5c0-8ddd9da5356e ] Request (ServicesAdminNegativeV253TestJSON:setUpClass): 201 POST http://10.180.1.21/identity/v3/auth/tokens 0.109s
2025-03-11 14:51:57.406 69149 INFO tempest.lib.common.rest_client [req-12ecc362-8b98-4d2c-ac08-88a87e2abbe7 req-12ecc362-8b98-4d2c-ac08-88a87e2abbe7 ] Request (ListImageFiltersTestJSON:setUpClass): 200 GET http://10.180.1.21/identity/v3/domains?name=Default 0.076s
2025-03-11 14:51:57.432 69095 INFO tempest.lib.common.rest_client [req-d7c530f1-0adb-4496-8a92-0c9a48e8dbe2 req-d7c530f1-0adb-4496-8a92-0c9a48e8dbe2 ] Request (ServicesAdminNegativeV253TestJSON:setUpClass): 201 POST http://10.180.1.21/identity/v3/projects 0.032s
2025-03-11 14:51:57.475 69121 INFO tempest.lib.common.rest_client [req-20c1d008-fad2-4c53-956b-1fd382e91f3d req-20c1d008-fad2-4c53-956b-1fd382e91f3d ] Request (ServersTestJSON:setUpClass): 201 POST http://10.180.1.21:9696/networking/v2.0/networks 0.977s
2025-03-11 14:51:57.482 69087 INFO tempest.lib.common.rest_client [req-75364eec-b164-4329-80dc-5eddee333b67 req-75364eec-b164-4329-80dc-5eddee333b67 ] Request (AZAdminNegativeTestJSON:tearDownClass): 200 GET http://10.180.1.21:9696/networking/v2.0/security-groups?tenant_id=59686b2bb21246c0a321702121510823&name=default 0.349s
2025-03-11 14:51:57.507 69149 INFO tempest.lib.common.rest_client [req-20848817-ae4c-467f-80b3-0d5f8b86c714 req-20848817-ae4c-467f-80b3-0d5f8b86c714 ] Request (ListImageFiltersTestJSON:setUpClass): 201 POST http://10.180.1.21/identity/v3/projects 0.100s
2025-03-11 14:51:57.565 69095 INFO tempest.lib.common.rest_client [req-f1f952f1-c8ad-4404-9f07-7fc6d7413bb8 req-f1f952f1-c8ad-4404-9f07-7fc6d7413bb8 ] Request (ServicesAdminNegativeV253TestJSON:setUpClass): 201 POST http://10.180.1.21/identity/v3/users 0.129s
2025-03-11 14:51:57.579 69137 INFO tempest.lib.common.rest_client [req-c34fd7de-c69b-4a1b-be26-6aab911a49e3 req-c34fd7de-c69b-4a1b-be26-6aab911a49e3 ] Request (ServersAdmin275Test:test_rebuild_update_server_275): 202 POST http://10.180.1.21/compute/v2.1/servers 2.708s
2025-03-11 14:51:57.593 69149 INFO tempest.lib.common.rest_client [req-99903154-d6b4-47f5-aec1-b9061fb5623c req-99903154-d6b4-47f5-aec1-b9061fb5623c ] Request (ListImageFiltersTestJSON:setUpClass): 201 POST http://10.180.1.21/identity/v3/users 0.085s
2025-03-11 14:51:57.617 69095 INFO tempest.lib.common.rest_client [req-2e64dd59-d4e7-485a-b8fc-aa389e4216e5 req-2e64dd59-d4e7-485a-b8fc-aa389e4216e5 ] Request (ServicesAdminNegativeV253TestJSON:setUpClass): 200 GET http://10.180.1.21/identity/v3/roles 0.052s
2025-03-11 14:51:57.637 69149 INFO tempest.lib.common.rest_client [req-8363f058-d510-4d07-9dbc-0a4e96ada6a3 req-8363f058-d510-4d07-9dbc-0a4e96ada6a3 ] Request (ListImageFiltersTestJSON:setUpClass): 200 GET http://10.180.1.21/identity/v3/roles 0.044s
2025-03-11 14:51:57.691 69095 INFO tempest.lib.common.rest_client [req-b327e49e-70bc-4bbb-8122-a10cbc5edfca req-b327e49e-70bc-4bbb-8122-a10cbc5edfca ] Request (ServicesAdminNegativeV253TestJSON:setUpClass): 204 PUT http://10.180.1.21/identity/v3/projects/ff282b6d807041c5980c7c787440b14f/users/687f31c4ff18472ca221eaced21b5e06/roles/d5d76ad3ffe3469f902d7f4ad838ff4e 0.073s
2025-03-11 14:51:57.745 69149 INFO tempest.lib.common.rest_client [req-7aa2c7ba-ca3a-4793-801f-3298050901ef req-7aa2c7ba-ca3a-4793-801f-3298050901ef ] Request (ListImageFiltersTestJSON:setUpClass): 204 PUT http://10.180.1.21/identity/v3/projects/ba0ec1c2b34f42fb97bc455a362f91e5/users/26cf6aae1f924127b26f99fbfca74faa/roles/5e5b883e13dc4889a5e1b9a2cfed857a 0.107s
2025-03-11 14:51:57.745 69149 INFO tempest.lib.common.dynamic_creds [-] Dynamic test user 26cf6aae1f924127b26f99fbfca74faa is created with scope project and roles: ['member']
2025-03-11 14:51:57.745 69149 INFO tempest.lib.common.dynamic_creds [-] Acquired dynamic creds: credentials: Credentials: {'domain_id': 'default', 'domain_name': 'Default', 'username': 'tempest-ListImageFiltersTestJSON-1665830036-project-member', 'project_domain_id': 'default', 'project_domain_name': 'Default', 'project_id': 'ba0ec1c2b34f42fb97bc455a362f91e5', 'project_name': 'tempest-ListImageFiltersTestJSON-1665830036', 'tenant_id': 'ba0ec1c2b34f42fb97bc455a362f91e5', 'tenant_name': 'tempest-ListImageFiltersTestJSON-1665830036', 'user_domain_id': 'default', 'user_domain_name': 'Default', 'user_id': '26cf6aae1f924127b26f99fbfca74faa', 'system': None}, Network: None, Subnet: None, Router: None
2025-03-11 14:51:57.745 69149 INFO tempest.lib.common.dynamic_creds [-] Created isolated network resources for: credentials: Credentials: {'domain_id': 'default', 'domain_name': 'Default', 'username': 'tempest-ListImageFiltersTestJSON-1665830036-project-member', 'project_domain_id': 'default', 'project_domain_name': 'Default', 'project_id': 'ba0ec1c2b34f42fb97bc455a362f91e5', 'project_name': 'tempest-ListImageFiltersTestJSON-1665830036', 'tenant_id': 'ba0ec1c2b34f42fb97bc455a362f91e5', 'tenant_name': 'tempest-ListImageFiltersTestJSON-1665830036', 'user_domain_id': 'default', 'user_domain_name': 'Default', 'user_id': '26cf6aae1f924127b26f99fbfca74faa', 'system': None}, Network: None, Subnet: None, Router: None
2025-03-11 14:51:57.790 69095 INFO tempest.lib.common.rest_client [req-b5df721f-83a1-4af0-86a6-7b4e421c6c03 req-b5df721f-83a1-4af0-86a6-7b4e421c6c03 ] Request (ServicesAdminNegativeV253TestJSON:setUpClass): 200 GET http://10.180.1.21/identity/v3/roles 0.099s
2025-03-11 14:51:57.805 69087 INFO tempest.lib.common.rest_client [req-51e9aabc-2f49-423b-9a4d-b8cc24977afc req-51e9aabc-2f49-423b-9a4d-b8cc24977afc ] Request (AZAdminNegativeTestJSON:tearDownClass): 204 DELETE http://10.180.1.21:9696/networking/v2.0/security-groups/4229b0c2-fb06-4b9c-889d-cbd62c287378 0.323s
2025-03-11 14:51:57.809 69095 INFO tempest.lib.common.rest_client [req-89725347-58ee-4f3b-a153-f6dd42d00a67 req-89725347-58ee-4f3b-a153-f6dd42d00a67 ] Request (ServicesAdminNegativeV253TestJSON:setUpClass): 204 PUT http://10.180.1.21/identity/v3/projects/ff282b6d807041c5980c7c787440b14f/users/687f31c4ff18472ca221eaced21b5e06/roles/d5d76ad3ffe3469f902d7f4ad838ff4e 0.017s
2025-03-11 14:51:57.809 69095 INFO tempest.lib.common.dynamic_creds [-] Dynamic test user 687f31c4ff18472ca221eaced21b5e06 is created with scope project and roles: ['admin']
2025-03-11 14:51:57.809 69095 INFO tempest.lib.common.dynamic_creds [-] Acquired dynamic creds: credentials: Credentials: {'domain_id': 'default', 'domain_name': 'Default', 'username': 'tempest-ServicesAdminNegativeV253TestJSON-1008969522-project-admin', 'project_domain_id': 'default', 'project_domain_name': 'Default', 'project_id': 'ff282b6d807041c5980c7c787440b14f', 'project_name': 'tempest-ServicesAdminNegativeV253TestJSON-1008969522', 'tenant_id': 'ff282b6d807041c5980c7c787440b14f', 'tenant_name': 'tempest-ServicesAdminNegativeV253TestJSON-1008969522', 'user_domain_id': 'default', 'user_domain_name': 'Default', 'user_id': '687f31c4ff18472ca221eaced21b5e06', 'system': None}, Network: None, Subnet: None, Router: None
2025-03-11 14:51:57.809 69095 INFO tempest.lib.common.dynamic_creds [-] Created isolated network resources for: credentials: Credentials: {'domain_id': 'default', 'domain_name': 'Default', 'username': 'tempest-ServicesAdminNegativeV253TestJSON-1008969522-project-admin', 'project_domain_id': 'default', 'project_domain_name': 'Default', 'project_id': 'ff282b6d807041c5980c7c787440b14f', 'project_name': 'tempest-ServicesAdminNegativeV253TestJSON-1008969522', 'tenant_id': 'ff282b6d807041c5980c7c787440b14f', 'tenant_name': 'tempest-ServicesAdminNegativeV253TestJSON-1008969522', 'user_domain_id': 'default', 'user_domain_name': 'Default', 'user_id': '687f31c4ff18472ca221eaced21b5e06', 'system': None}, Network: None, Subnet: None, Router: None
2025-03-11 14:51:57.830 69143 INFO tempest.lib.common.rest_client [req-117e93b0-c09c-4b7b-9194-1befcd9d000a req-117e93b0-c09c-4b7b-9194-1befcd9d000a ] Request (ServerActionsTestJSON:setUpClass): 201 POST http://10.180.1.21:9696/networking/v2.0/networks 0.675s
2025-03-11 14:51:57.860 69149 INFO tempest.lib.common.rest_client [req-9c550afa-7bab-4581-80b2-755739bc581f req-9c550afa-7bab-4581-80b2-755739bc581f ] Request (ListImageFiltersTestJSON:setUpClass): 201 POST http://10.180.1.21/identity/v3/auth/tokens 0.110s
2025-03-11 14:51:57.892 69087 INFO tempest.lib.common.rest_client [req-cae4bd99-7284-455b-9b37-925d53bd7dad req-cae4bd99-7284-455b-9b37-925d53bd7dad ] Request (AZAdminNegativeTestJSON:tearDownClass): 204 DELETE http://10.180.1.21/identity/v3/projects/59686b2bb21246c0a321702121510823 0.086s
2025-03-11 14:51:57.892 69087 INFO tempest.lib.common.dynamic_creds [-] Deleting project and security group for project: 068bda5b09554a8182ba112c846d2201
2025-03-11 14:51:57.921 69095 INFO tempest.lib.common.rest_client [req-f716c6a4-b5c5-4ab3-9d16-337da97555d4 req-f716c6a4-b5c5-4ab3-9d16-337da97555d4 ] Request (ServicesAdminNegativeV253TestJSON:setUpClass): 201 POST http://10.180.1.21/identity/v3/auth/tokens 0.109s
2025-03-11 14:51:57.959 69135 INFO tempest.lib.common.rest_client [req-562825ee-1e61-4934-9ca6-a2bb8232f529 req-562825ee-1e61-4934-9ca6-a2bb8232f529 ] Request (QuotasAdminNegativeTest:test_create_server_when_cpu_quota_is_full): 403 POST http://10.180.1.21/compute/v2.1/servers 2.992s
2025-03-11 14:51:58.070 69121 INFO tempest.lib.common.rest_client [req-dcafc791-bbb2-483b-b585-2b0fb41b7af5 req-dcafc791-bbb2-483b-b585-2b0fb41b7af5 ] Request (ServersTestJSON:setUpClass): 201 POST http://10.180.1.21:9696/networking/v2.0/subnets 0.594s
2025-03-11 14:51:58.090 69133 INFO tempest.lib.common.rest_client [req-bc678fa7-4bba-4f71-9470-0ed81af1658d req-bc678fa7-4bba-4f71-9470-0ed81af1658d ] Request (QuotasAdminTestJSON:test_delete_quota): 200 GET http://10.180.1.21/compute/v2.1/os-quota-sets/9e237980fc22400fac61c22d046ce508 3.062s
2025-03-11 14:51:58.144 69091 INFO tempest.lib.common.rest_client [req-092dded1-8e67-4ecd-93ac-5a7068aad5d0 req-092dded1-8e67-4ecd-93ac-5a7068aad5d0 ] Request (AggregatesAdminNegativeTestJSON:test_aggregate_add_existent_host): 200 POST http://10.180.1.21/compute/v2.1/os-aggregates 3.079s
2025-03-11 14:51:58.152 69107 INFO tempest.lib.common.rest_client [req-adf761cf-dda2-430c-b09f-1403055d3f91 req-adf761cf-dda2-430c-b09f-1403055d3f91 ] Request (DeleteServersAdminTestJSON:test_admin_delete_servers_of_others): 202 POST http://10.180.1.21/compute/v2.1/servers 3.551s
2025-03-11 14:51:58.161 69105 INFO tempest.lib.common.rest_client [req-68754c84-0ece-412c-9ddd-20ea5a906b78 req-68754c84-0ece-412c-9ddd-20ea5a906b78 ] Request (HostsAdminNegativeTestJSON:test_startup_host_with_non_admin_user): 403 GET http://10.180.1.21/compute/v2.1/os-hosts/devstack/startup 3.058s
2025-03-11 14:51:58.170 69145 INFO tempest.lib.common.rest_client [req-a744b967-e4cb-406f-bc81-1968aa60925e req-a744b967-e4cb-406f-bc81-1968aa60925e ] Request (FlavorsAdminTestJSON:_run_cleanups): 200 GET http://10.180.1.21/compute/v2.1/flavors/detail 3.084s
2025-03-11 14:51:58.186 69118 INFO tempest.lib.common.rest_client [req-d3c76be9-7e34-4137-9417-57090588c282 req-d3c76be9-7e34-4137-9417-57090588c282 ] Request (InstanceUsageAuditLogTestJSON:test_list_instance_usage_audit_logs): 200 GET http://10.180.1.21/compute/v2.1/os-instance_usage_audit_log 2.652s
2025-03-11 14:51:58.201 69087 INFO tempest.lib.common.rest_client [req-cb91385e-a281-4ab9-9992-0356d6c4d449 req-cb91385e-a281-4ab9-9992-0356d6c4d449 ] Request (AZAdminNegativeTestJSON:tearDownClass): 200 GET http://10.180.1.21:9696/networking/v2.0/security-groups?tenant_id=068bda5b09554a8182ba112c846d2201&name=default 0.308s
2025-03-11 14:51:58.215 69125 INFO tempest.lib.common.rest_client [req-4d495ba5-3875-49e3-9d0b-9b5026a17e4e req-4d495ba5-3875-49e3-9d0b-9b5026a17e4e ] Request (HypervisorAdminV253TestBase:test_list_show_detail_hypervisors): 200 GET http://10.180.1.21/compute/v2.1/os-hypervisors?with_servers=True 3.031s
2025-03-11 14:51:58.258 69089 INFO tempest.lib.common.rest_client [req-725645fa-f85f-4cca-a9c5-521c8ce620b6 req-725645fa-f85f-4cca-a9c5-521c8ce620b6 ] Request (FlavorsExtraSpecsTestJSON:test_flavor_non_admin_get_all_keys): 200 POST http://10.180.1.21/compute/v2.1/flavors/167599165/os-extra_specs 2.639s
2025-03-11 14:51:58.272 69143 INFO tempest.lib.common.rest_client [req-42c43cda-7ac2-40f4-ab81-6e0b9a1cc0b7 req-42c43cda-7ac2-40f4-ab81-6e0b9a1cc0b7 ] Request (ServerActionsTestJSON:setUpClass): 201 POST http://10.180.1.21:9696/networking/v2.0/subnets 0.441s
2025-03-11 14:51:58.314 69147 INFO tempest.lib.common.rest_client [req-da9b8067-322e-4412-a744-8029d439b851 req-da9b8067-322e-4412-a744-8029d439b851 ] Request (FlavorsAccessNegativeTestJSON:test_add_flavor_access_duplicate): 200 POST http://10.180.1.21/compute/v2.1/flavors 2.708s
2025-03-11 14:51:58.360 69149 INFO tempest.lib.common.rest_client [req-5542ea9d-baab-4531-b2f1-b3f701246294 req-5542ea9d-baab-4531-b2f1-b3f701246294 ] Request (ListImageFiltersTestJSON:setUpClass): 201 POST http://10.180.1.21/image/v2/images 0.498s
2025-03-11 14:51:58.383 69118 INFO tempest.lib.common.rest_client [req-8dd3d8e3-82d1-48cc-8c77-cc46551e5a00 req-8dd3d8e3-82d1-48cc-8c77-cc46551e5a00 ] Request (InstanceUsageAuditLogTestJSON:tearDownClass): 204 DELETE http://10.180.1.21/identity/v3/users/06203e4d75a14a2b9e4af595badabe2d 0.188s
2025-03-11 14:51:58.402 69127 INFO tempest.lib.common.rest_client [req-fb481d4d-e5b4-4b32-b71a-e027359276c0 req-fb481d4d-e5b4-4b32-b71a-e027359276c0 ] Request (VolumesAssistedSnapshotsTest:setUpClass): 201 POST http://10.180.1.21:9696/networking/v2.0/routers 1.513s
2025-03-11 14:51:58.437 69097 INFO tempest.lib.common.rest_client [req-4fb8cb8b-6ee3-4b14-b226-69ac5154fcce req-4fb8cb8b-6ee3-4b14-b226-69ac5154fcce ] Request (HostsAdminTestJSON:test_list_hosts): 200 GET http://10.180.1.21/compute/v2.1/os-hosts 2.184s
2025-03-11 14:51:58.495 69139 INFO tempest.lib.common.rest_client [req-1cfb53b6-0aaa-4ea4-9e98-e6a4cc2fcbb5 req-1cfb53b6-0aaa-4ea4-9e98-e6a4cc2fcbb5 ] Request (FlavorsAccessTestJSON:test_flavor_access_add_remove): 200 POST http://10.180.1.21/compute/v2.1/flavors/884876772/action 2.570s
2025-03-11 14:51:58.531 69115 INFO tempest.lib.common.rest_client [req-6e759450-84ea-4ef7-8e31-6d71a495a047 req-6e759450-84ea-4ef7-8e31-6d71a495a047 ] Request (FloatingIPsNegativeTestJSON:test_allocate_floating_ip_from_nonexistent_pool): 404 POST http://10.180.1.21/compute/v2.1/os-floating-ips 1.876s
2025-03-11 14:51:58.537 69118 INFO tempest.lib.common.rest_client [req-86cefe30-a255-46cf-ac91-cee4fad6a35d req-86cefe30-a255-46cf-ac91-cee4fad6a35d ] Request (InstanceUsageAuditLogTestJSON:tearDownClass): 204 DELETE http://10.180.1.21/identity/v3/users/41c0f28efd7b4d679a1978c437d66525 0.153s
2025-03-11 14:51:58.537 69118 INFO tempest.lib.common.dynamic_creds [-] Deleting project and security group for project: ee389de85d2741f1b7524c603805ff91
2025-03-11 14:51:58.542 69129 INFO tempest.lib.common.rest_client [req-b9f34f61-baba-4768-9ffa-f3059ecf645b req-b9f34f61-baba-4768-9ffa-f3059ecf645b ] Request (TenantUsagesNegativeTestJSON:test_get_usage_tenant_with_invalid_date): 400 GET http://10.180.1.21/compute/v2.1/os-simple-tenant-usage/c01190ddb09e4545b4d513f40da328f7?start=2025-03-12T14%3A51%3A54.115866&end=2025-03-10T14%3A51%3A54.115866 1.875s
2025-03-11 14:51:58.600 69118 INFO tempest.lib.common.rest_client [req-8ba8444a-33ea-4be7-b160-7f193ed20f78 req-8ba8444a-33ea-4be7-b160-7f193ed20f78 ] Request (InstanceUsageAuditLogTestJSON:tearDownClass): 201 POST http://10.180.1.21/identity/v3/auth/tokens 0.061s
2025-03-11 14:51:58.639 69099 INFO tempest.lib.common.rest_client [req-9b65be39-d305-4fc6-b221-ea9804e40140 req-9b65be39-d305-4fc6-b221-ea9804e40140 ] Request (InstanceUsageAuditLogNegativeTestJSON:test_get_instance_usage_audit_logs_with_invalid_time): 400 GET http://10.180.1.21/compute/v2.1/os-instance_usage_audit_log/invalid_time 1.907s
2025-03-11 14:51:58.700 69119 INFO tempest.lib.common.rest_client [req-bc9005ba-6d53-4948-b803-4b35e933ddc8 req-bc9005ba-6d53-4948-b803-4b35e933ddc8 ] Request (FlavorsV255TestJSON:test_crud_flavor): 200 GET http://10.180.1.21/compute/v2.1/flavors/422367282 1.815s
2025-03-11 14:51:58.717 69109 INFO tempest.lib.common.rest_client [req-de01f967-aeee-4868-8cf2-5e65b961b1cc req-de01f967-aeee-4868-8cf2-5e65b961b1cc ] Request (HypervisorAdminTestJSON:test_get_hypervisor_list_details): 200 GET http://10.180.1.21/compute/v2.1/os-hypervisors/detail 1.801s
2025-03-11 14:51:58.730 69087 INFO tempest.lib.common.rest_client [req-a6f062c0-4c0f-4a1f-95c7-935e4846df90 req-a6f062c0-4c0f-4a1f-95c7-935e4846df90 ] Request (AZAdminNegativeTestJSON:tearDownClass): 204 DELETE http://10.180.1.21:9696/networking/v2.0/security-groups/b07b69f7-9c56-4550-85bc-a18f39853934 0.529s
2025-03-11 14:51:58.760 69113 INFO tempest.lib.common.rest_client [req-369ae3ab-e7e6-4e0d-8d48-8ad542c3e3e1 req-369ae3ab-e7e6-4e0d-8d48-8ad542c3e3e1 ] Request (FlavorsV261TestJSON:test_crud_flavor): 200 PUT http://10.180.1.21/compute/v2.1/flavors/322958304 1.510s
2025-03-11 14:51:58.820 69087 INFO tempest.lib.common.rest_client [req-15cab9e2-6164-4f97-b328-b3cf2af08a70 req-15cab9e2-6164-4f97-b328-b3cf2af08a70 ] Request (AZAdminNegativeTestJSON:tearDownClass): 204 DELETE http://10.180.1.21/identity/v3/projects/068bda5b09554a8182ba112c846d2201 0.090s
2025-03-11 14:51:58.857 69103 INFO tempest.lib.common.rest_client [req-92fe68e5-9444-4a8d-9981-33373fd73d8c req-92fe68e5-9444-4a8d-9981-33373fd73d8c ] Request (VolumesAdminNegativeTest:setUpClass): 201 POST http://10.180.1.21:9696/networking/v2.0/routers 2.277s
2025-03-11 14:51:58.883 69093 INFO tempest.lib.common.rest_client [req-0ac3925e-b46c-4eaa-90ad-1b91b7d3d1ac req-0ac3925e-b46c-4eaa-90ad-1b91b7d3d1ac ] Request (MigrationsAdminTest:test_list_migrations_in_flavor_resize_situation): 202 POST http://10.180.1.21/compute/v2.1/servers 2.340s
2025-03-11 14:51:58.890 69087 INFO tempest.lib.common.rest_client [req-5211511e-e244-4553-a01a-d7c66e3561dc req-5211511e-e244-4553-a01a-d7c66e3561dc ] Request (ServicesAdminNegativeTestJSON:setUpClass): 201 POST http://10.180.1.21/identity/v3/auth/tokens 0.068s
2025-03-11 14:51:58.901 69101 INFO tempest.lib.common.rest_client [req-0ffbc452-382a-4baf-8338-b8cf458e2322 req-0ffbc452-382a-4baf-8338-b8cf458e2322 ] Request (ServersAdminTestJSON:setUpClass): 201 POST http://10.180.1.21:9696/networking/v2.0/routers 2.300s
2025-03-11 14:51:58.918 69111 INFO tempest.lib.common.rest_client [req-e0b2b112-766a-4fd2-b263-54846878d60c req-e0b2b112-766a-4fd2-b263-54846878d60c ] Request (ServersAdminNegativeTestJSON:setUpClass): 200 GET http://10.180.1.21/compute/v2.1/servers/7c9c6fe1-4802-4e2d-ad77-96e8accb2348 1.533s
2025-03-11 14:51:58.927 69087 INFO tempest.lib.common.rest_client [req-9b270bb2-e7d6-4b94-b515-33af9a6c1fd8 req-9b270bb2-e7d6-4b94-b515-33af9a6c1fd8 ] Request (ServicesAdminNegativeTestJSON:setUpClass): 201 POST http://10.180.1.21/identity/v3/auth/tokens 0.034s
2025-03-11 14:51:58.954 69087 INFO tempest.lib.common.rest_client [req-55518af3-c6c5-41ea-8e4a-106c835a47ef req-55518af3-c6c5-41ea-8e4a-106c835a47ef ] Request (ServicesAdminNegativeTestJSON:setUpClass): 200 GET http://10.180.1.21/identity/v3/domains?name=Default 0.027s
2025-03-11 14:51:58.956 69118 INFO tempest.lib.common.rest_client [req-4cacf2da-c728-4096-a35f-df6af14120ce req-4cacf2da-c728-4096-a35f-df6af14120ce ] Request (InstanceUsageAuditLogTestJSON:tearDownClass): 200 GET http://10.180.1.21:9696/networking/v2.0/security-groups?tenant_id=ee389de85d2741f1b7524c603805ff91&name=default 0.355s
2025-03-11 14:51:58.986 69087 INFO tempest.lib.common.rest_client [req-cdbfd67b-865c-4289-913b-95fb677d53d3 req-cdbfd67b-865c-4289-913b-95fb677d53d3 ] Request (ServicesAdminNegativeTestJSON:setUpClass): 201 POST http://10.180.1.21/identity/v3/projects 0.031s
2025-03-11 14:51:59.015 69137 INFO tempest.lib.common.rest_client [req-9a8932ad-ba1a-49e9-aa0e-6370163c47dc req-9a8932ad-ba1a-49e9-aa0e-6370163c47dc ] Request (ServersAdmin275Test:test_rebuild_update_server_275): 200 PUT http://10.180.1.21/compute/v2.1/servers/18c25ab9-16c1-45b5-8615-74ff264be4f0 1.435s
2025-03-11 14:51:59.062 69087 INFO tempest.lib.common.rest_client [req-6b638784-5e78-48a1-8b4c-3696e670442f req-6b638784-5e78-48a1-8b4c-3696e670442f ] Request (ServicesAdminNegativeTestJSON:setUpClass): 201 POST http://10.180.1.21/identity/v3/users 0.076s
2025-03-11 14:51:59.083 69087 INFO tempest.lib.common.rest_client [req-e5c2aa45-22b1-4f3e-b43e-a4f3e63da75f req-e5c2aa45-22b1-4f3e-b43e-a4f3e63da75f ] Request (ServicesAdminNegativeTestJSON:setUpClass): 200 GET http://10.180.1.21/identity/v3/roles 0.020s
2025-03-11 14:51:59.090 69095 INFO tempest.lib.common.rest_client [req-bcf2cc8c-c2fe-4fb5-83f9-9dd58e739c70 req-bcf2cc8c-c2fe-4fb5-83f9-9dd58e739c70 ] Request (ServicesAdminNegativeV253TestJSON:test_disable_log_reason_with_invalid_service_id): 404 PUT http://10.180.1.21/compute/v2.1/os-services/63e64190-ab50-4cd0-aaf5-32177593145e 1.167s
2025-03-11 14:51:59.120 69087 INFO tempest.lib.common.rest_client [req-ae73f43b-01ed-428d-9a37-953ebb987367 req-ae73f43b-01ed-428d-9a37-953ebb987367 ] Request (ServicesAdminNegativeTestJSON:setUpClass): 204 PUT http://10.180.1.21/identity/v3/projects/9c0488f75e1c42e9926a7e8e2d39bed9/users/2da464d2f71742ccabdb6a9d4c6407bf/roles/5e5b883e13dc4889a5e1b9a2cfed857a 0.037s
2025-03-11 14:51:59.121 69087 INFO tempest.lib.common.dynamic_creds [-] Dynamic test user 2da464d2f71742ccabdb6a9d4c6407bf is created with scope project and roles: ['member']
2025-03-11 14:51:59.121 69087 INFO tempest.lib.common.dynamic_creds [-] Acquired dynamic creds: credentials: Credentials: {'domain_id': 'default', 'domain_name': 'Default', 'username': 'tempest-ServicesAdminNegativeTestJSON-131151434-project-member', 'project_domain_id': 'default', 'project_domain_name': 'Default', 'project_id': '9c0488f75e1c42e9926a7e8e2d39bed9', 'project_name': 'tempest-ServicesAdminNegativeTestJSON-131151434', 'tenant_id': '9c0488f75e1c42e9926a7e8e2d39bed9', 'tenant_name': 'tempest-ServicesAdminNegativeTestJSON-131151434', 'user_domain_id': 'default', 'user_domain_name': 'Default', 'user_id': '2da464d2f71742ccabdb6a9d4c6407bf', 'system': None}, Network: None, Subnet: None, Router: None
2025-03-11 14:51:59.121 69087 INFO tempest.lib.common.dynamic_creds [-] Created isolated network resources for: credentials: Credentials: {'domain_id': 'default', 'domain_name': 'Default', 'username': 'tempest-ServicesAdminNegativeTestJSON-131151434-project-member', 'project_domain_id': 'default', 'project_domain_name': 'Default', 'project_id': '9c0488f75e1c42e9926a7e8e2d39bed9', 'project_name': 'tempest-ServicesAdminNegativeTestJSON-131151434', 'tenant_id': '9c0488f75e1c42e9926a7e8e2d39bed9', 'tenant_name': 'tempest-ServicesAdminNegativeTestJSON-131151434', 'user_domain_id': 'default', 'user_domain_name': 'Default', 'user_id': '2da464d2f71742ccabdb6a9d4c6407bf', 'system': None}, Network: None, Subnet: None, Router: None
2025-03-11 14:51:59.218 69087 INFO tempest.lib.common.rest_client [req-c198bdc4-09a0-4665-a526-6e4950e3f3c9 req-c198bdc4-09a0-4665-a526-6e4950e3f3c9 ] Request (ServicesAdminNegativeTestJSON:setUpClass): 201 POST http://10.180.1.21/identity/v3/auth/tokens 0.091s
2025-03-11 14:51:59.225 69135 INFO tempest.lib.common.rest_client [req-07a80bbf-b14d-4085-afe7-67c7f8cde995 req-07a80bbf-b14d-4085-afe7-67c7f8cde995 ] Request (QuotasAdminNegativeTest:_run_cleanups): 200 PUT http://10.180.1.21/compute/v2.1/os-quota-sets/2df75810e8924af7923b53ad983ed3d9 1.265s
2025-03-11 14:51:59.237 69118 INFO tempest.lib.common.rest_client [req-9a30ea46-9455-4b37-ba2a-e0744b4e2d9f req-9a30ea46-9455-4b37-ba2a-e0744b4e2d9f ] Request (InstanceUsageAuditLogTestJSON:tearDownClass): 204 DELETE http://10.180.1.21:9696/networking/v2.0/security-groups/ccbb8ec7-2807-4c82-90f7-228b7dbb0f1a 0.280s
2025-03-11 14:51:59.300 69087 INFO tempest.lib.common.rest_client [req-946135be-efcb-4394-9b2d-dad7ad07a69b req-946135be-efcb-4394-9b2d-dad7ad07a69b ] Request (ServicesAdminNegativeTestJSON:setUpClass): 201 POST http://10.180.1.21/identity/v3/projects 0.081s
2025-03-11 14:51:59.323 69133 INFO tempest.lib.common.rest_client [req-21d3ddc6-583b-479a-b975-6851466ef58a req-21d3ddc6-583b-479a-b975-6851466ef58a ] Request (QuotasAdminTestJSON:test_delete_quota): 200 PUT http://10.180.1.21/compute/v2.1/os-quota-sets/9e237980fc22400fac61c22d046ce508 1.229s
2025-03-11 14:51:59.331 69123 INFO tempest.lib.common.rest_client [req-e9374cb0-a0e1-43d2-b584-528d055bd6f7 req-e9374cb0-a0e1-43d2-b584-528d055bd6f7 ] Request (ServersWithSpecificFlavorTestJSON:setUpClass): 201 POST http://10.180.1.21:9696/networking/v2.0/routers 2.332s
2025-03-11 14:51:59.335 69118 INFO tempest.lib.common.rest_client [req-42073924-6a8a-4fec-80ca-c3abe7bdaca6 req-42073924-6a8a-4fec-80ca-c3abe7bdaca6 ] Request (InstanceUsageAuditLogTestJSON:tearDownClass): 204 DELETE http://10.180.1.21/identity/v3/projects/ee389de85d2741f1b7524c603805ff91 0.097s
2025-03-11 14:51:59.335 69118 INFO tempest.lib.common.dynamic_creds [-] Deleting project and security group for project: 2af725d7b3d74cc9b1d677efa037a893
2025-03-11 14:51:59.412 69107 INFO tempest.lib.common.rest_client [req-3e02d768-fb12-4156-87c7-746f1c1c2539 req-3e02d768-fb12-4156-87c7-746f1c1c2539 ] Request (DeleteServersAdminTestJSON:test_admin_delete_servers_of_others): 200 GET http://10.180.1.21/compute/v2.1/servers/42c9bb2a-cd61-45b8-9d81-90a3b6093fbb 1.258s
2025-03-11 14:51:59.415 69087 INFO tempest.lib.common.rest_client [req-04acf4c9-d247-4c3a-b050-5d1b650019e5 req-04acf4c9-d247-4c3a-b050-5d1b650019e5 ] Request (ServicesAdminNegativeTestJSON:setUpClass): 201 POST http://10.180.1.21/identity/v3/users 0.115s
2025-03-11 14:51:59.424 69105 INFO tempest.lib.common.rest_client [req-2087618d-009a-4733-af49-256626c28ed3 req-2087618d-009a-4733-af49-256626c28ed3 ] Request (HostsAdminNegativeTestJSON:test_startup_nonexistent_host): 404 GET http://10.180.1.21/compute/v2.1/os-hosts/nonexistent_hostname/startup 1.260s
2025-03-11 14:51:59.444 69145 INFO tempest.lib.common.rest_client [req-a7f84074-78ce-4320-bc3d-894a50d9eb3a req-a7f84074-78ce-4320-bc3d-894a50d9eb3a ] Request (FlavorsAdminTestJSON:test_create_flavor_verify_entry_in_list_details): 200 POST http://10.180.1.21/compute/v2.1/flavors 1.252s
2025-03-11 14:51:59.470 69125 INFO tempest.lib.common.rest_client [req-615721c0-f86e-405b-a3c3-073591166171 req-615721c0-f86e-405b-a3c3-073591166171 ] Request (HypervisorAdminV253TestBase:test_list_show_detail_hypervisors): 200 GET http://10.180.1.21/compute/v2.1/os-hypervisors/6300fcec-0802-415f-bfe3-e0291050fee1 1.252s
2025-03-11 14:51:59.489 69087 INFO tempest.lib.common.rest_client [req-a1f0d4c5-56eb-4d13-9d9f-7c1d2d744a83 req-a1f0d4c5-56eb-4d13-9d9f-7c1d2d744a83 ] Request (ServicesAdminNegativeTestJSON:setUpClass): 200 GET http://10.180.1.21/identity/v3/roles 0.074s
2025-03-11 14:51:59.577 69089 INFO tempest.lib.common.rest_client [req-7cb48eed-5c86-473d-a6ef-9b42812ebbfb req-7cb48eed-5c86-473d-a6ef-9b42812ebbfb ] Request (FlavorsExtraSpecsTestJSON:test_flavor_non_admin_get_all_keys): 200 GET http://10.180.1.21/compute/v2.1/flavors/167599165/os-extra_specs 1.317s
2025-03-11 14:51:59.578 69087 INFO tempest.lib.common.rest_client [req-13e9907d-25ba-445d-a22d-e50cdb5c1e24 req-13e9907d-25ba-445d-a22d-e50cdb5c1e24 ] Request (ServicesAdminNegativeTestJSON:setUpClass): 204 PUT http://10.180.1.21/identity/v3/projects/9e615ccd8d6a4fdc9bdd6a42967a5585/users/5ae036b44a674480a4ca68f8d90d636d/roles/d5d76ad3ffe3469f902d7f4ad838ff4e 0.088s
2025-03-11 14:51:59.621 69091 INFO tempest.lib.common.rest_client [req-fbec97c5-a3b5-4541-b2de-2dd1108d3f38 req-fbec97c5-a3b5-4541-b2de-2dd1108d3f38 ] Request (AggregatesAdminNegativeTestJSON:test_aggregate_add_existent_host): 200 POST http://10.180.1.21/compute/v2.1/os-aggregates/1/action 1.474s
2025-03-11 14:51:59.635 69125 INFO tempest.lib.common.rest_client [req-5b412131-150b-458f-9c1a-d93c1d066c24 req-5b412131-150b-458f-9c1a-d93c1d066c24 ] Request (HypervisorAdminV253TestBase:tearDownClass): 204 DELETE http://10.180.1.21/identity/v3/users/769cd9e6f67b49938bd5bb89df10b9fd 0.138s
2025-03-11 14:51:59.648 69097 INFO tempest.lib.common.rest_client [req-f9aa42fd-d155-4354-8732-ba51bef70b08 req-f9aa42fd-d155-4354-8732-ba51bef70b08 ] Request (HostsAdminTestJSON:test_list_hosts_with_a_blank_zone): 200 GET http://10.180.1.21/compute/v2.1/os-hosts?zone= 1.209s
2025-03-11 14:51:59.691 69118 INFO tempest.lib.common.rest_client [req-62c42d94-7bcc-4b41-8ba3-94fe8a88eb33 req-62c42d94-7bcc-4b41-8ba3-94fe8a88eb33 ] Request (InstanceUsageAuditLogTestJSON:tearDownClass): 200 GET http://10.180.1.21:9696/networking/v2.0/security-groups?tenant_id=2af725d7b3d74cc9b1d677efa037a893&name=default 0.355s
2025-03-11 14:51:59.710 69087 INFO tempest.lib.common.rest_client [req-c929c100-81a9-4e7f-9740-0d6aa3641a8d req-c929c100-81a9-4e7f-9740-0d6aa3641a8d ] Request (ServicesAdminNegativeTestJSON:setUpClass): 200 GET http://10.180.1.21/identity/v3/roles 0.131s
2025-03-11 14:51:59.763 69125 INFO tempest.lib.common.rest_client [req-9247db99-0d82-427d-a7e9-5ccca0319bb8 req-9247db99-0d82-427d-a7e9-5ccca0319bb8 ] Request (HypervisorAdminV253TestBase:tearDownClass): 204 DELETE http://10.180.1.21/identity/v3/users/33d28a1cd431472cac2fadeea4942736 0.128s
2025-03-11 14:51:59.763 69125 INFO tempest.lib.common.dynamic_creds [-] Deleting project and security group for project: af35d48c287b4ebdb40fcb30050bfb96
2025-03-11 14:51:59.865 69147 INFO tempest.lib.common.rest_client [req-45a2a119-4cbe-48f5-9f06-303e32c9e70f req-45a2a119-4cbe-48f5-9f06-303e32c9e70f ] Request (FlavorsAccessNegativeTestJSON:test_add_flavor_access_duplicate): 200 POST http://10.180.1.21/compute/v2.1/flavors/144386850/action 1.547s
2025-03-11 14:51:59.886 69087 INFO tempest.lib.common.rest_client [req-8140373b-d4f6-4c02-9b48-b75e3f974540 req-8140373b-d4f6-4c02-9b48-b75e3f974540 ] Request (ServicesAdminNegativeTestJSON:setUpClass): 204 PUT http://10.180.1.21/identity/v3/projects/9e615ccd8d6a4fdc9bdd6a42967a5585/users/5ae036b44a674480a4ca68f8d90d636d/roles/d5d76ad3ffe3469f902d7f4ad838ff4e 0.176s
2025-03-11 14:51:59.886 69087 INFO tempest.lib.common.dynamic_creds [-] Dynamic test user 5ae036b44a674480a4ca68f8d90d636d is created with scope project and roles: ['admin']
2025-03-11 14:51:59.887 69087 INFO tempest.lib.common.dynamic_creds [-] Acquired dynamic creds: credentials: Credentials: {'domain_id': 'default', 'domain_name': 'Default', 'username': 'tempest-ServicesAdminNegativeTestJSON-632723341-project-admin', 'project_domain_id': 'default', 'project_domain_name': 'Default', 'project_id': '9e615ccd8d6a4fdc9bdd6a42967a5585', 'project_name': 'tempest-ServicesAdminNegativeTestJSON-632723341', 'tenant_id': '9e615ccd8d6a4fdc9bdd6a42967a5585', 'tenant_name': 'tempest-ServicesAdminNegativeTestJSON-632723341', 'user_domain_id': 'default', 'user_domain_name': 'Default', 'user_id': '5ae036b44a674480a4ca68f8d90d636d', 'system': None}, Network: None, Subnet: None, Router: None
2025-03-11 14:51:59.887 69087 INFO tempest.lib.common.dynamic_creds [-] Created isolated network resources for: credentials: Credentials: {'domain_id': 'default', 'domain_name': 'Default', 'username': 'tempest-ServicesAdminNegativeTestJSON-632723341-project-admin', 'project_domain_id': 'default', 'project_domain_name': 'Default', 'project_id': '9e615ccd8d6a4fdc9bdd6a42967a5585', 'project_name': 'tempest-ServicesAdminNegativeTestJSON-632723341', 'tenant_id': '9e615ccd8d6a4fdc9bdd6a42967a5585', 'tenant_name': 'tempest-ServicesAdminNegativeTestJSON-632723341', 'user_domain_id': 'default', 'user_domain_name': 'Default', 'user_id': '5ae036b44a674480a4ca68f8d90d636d', 'system': None}, Network: None, Subnet: None, Router: None
2025-03-11 14:51:59.914 69139 INFO tempest.lib.common.rest_client [req-ca7c4a80-30d7-40c3-966c-99c813b43b3e req-ca7c4a80-30d7-40c3-966c-99c813b43b3e ] Request (FlavorsAccessTestJSON:test_flavor_access_add_remove): 200 GET http://10.180.1.21/compute/v2.1/flavors/detail 1.417s
2025-03-11 14:51:59.931 69115 INFO tempest.lib.common.rest_client [req-7a1453f2-8f67-43bd-8072-d52ffbfda70c req-7a1453f2-8f67-43bd-8072-d52ffbfda70c ] Request (FloatingIPsNegativeTestJSON:test_delete_nonexistent_floating_ip): 404 DELETE http://10.180.1.21/compute/v2.1/os-floating-ips/e55d7223-d325-48ed-ae55-9fdd39e45cf5 1.393s
2025-03-11 14:51:59.948 69125 INFO tempest.lib.common.rest_client [req-8926172d-c3ea-4c50-bff7-8c0ab3c263ee req-8926172d-c3ea-4c50-bff7-8c0ab3c263ee ] Request (HypervisorAdminV253TestBase:tearDownClass): 201 POST http://10.180.1.21/identity/v3/auth/tokens 0.184s
2025-03-11 14:52:00.064 69087 INFO tempest.lib.common.rest_client [req-a88d00c7-3828-46a3-a996-5cc5ef662c65 req-a88d00c7-3828-46a3-a996-5cc5ef662c65 ] Request (ServicesAdminNegativeTestJSON:setUpClass): 201 POST http://10.180.1.21/identity/v3/auth/tokens 0.175s
2025-03-11 14:52:00.075 69129 INFO tempest.lib.common.rest_client [req-c1656992-3c21-4130-bf72-bc199f5eea1e req-c1656992-3c21-4130-bf72-bc199f5eea1e ] Request (TenantUsagesNegativeTestJSON:test_list_usage_all_tenants_with_non_admin_user): 403 GET http://10.180.1.21/compute/v2.1/os-simple-tenant-usage?start=2025-03-10T14%3A51%3A54.115866&end=2025-03-12T14%3A51%3A54.115866&detailed=1 1.531s
2025-03-11 14:52:00.112 69118 INFO tempest.lib.common.rest_client [req-e425551e-df5b-418d-902d-93191692127d req-e425551e-df5b-418d-902d-93191692127d ] Request (InstanceUsageAuditLogTestJSON:tearDownClass): 204 DELETE http://10.180.1.21:9696/networking/v2.0/security-groups/6dae064b-0f60-43a5-8bb6-b24ed61146d3 0.421s
2025-03-11 14:52:00.130 69119 INFO tempest.lib.common.rest_client [req-1ddb164a-bcc7-4ad0-b8aa-cd1108c03213 req-1ddb164a-bcc7-4ad0-b8aa-cd1108c03213 ] Request (FlavorsV255TestJSON:test_crud_flavor): 200 PUT http://10.180.1.21/compute/v2.1/flavors/422367282 1.425s
2025-03-11 14:52:00.138 69099 INFO tempest.lib.common.rest_client [req-0ef88988-e429-429f-8b16-0bdabeba63f9 req-0ef88988-e429-429f-8b16-0bdabeba63f9 ] Request (InstanceUsageAuditLogNegativeTestJSON:test_instance_usage_audit_logs_with_nonadmin_user): 403 GET http://10.180.1.21/compute/v2.1/os-instance_usage_audit_log 1.498s
2025-03-11 14:52:00.158 69109 INFO tempest.lib.common.rest_client [req-1506c577-44c1-44a1-a285-34fb041efbac req-1506c577-44c1-44a1-a285-34fb041efbac ] Request (HypervisorAdminTestJSON:test_get_hypervisor_show_details): 200 GET http://10.180.1.21/compute/v2.1/os-hypervisors 1.436s
2025-03-11 14:52:00.201 69113 INFO tempest.lib.common.rest_client [req-024113ff-7afd-4a81-9ac0-adc0b8b2a74b req-024113ff-7afd-4a81-9ac0-adc0b8b2a74b ] Request (FlavorsV261TestJSON:test_crud_flavor): 200 GET http://10.180.1.21/compute/v2.1/flavors/detail 1.437s
2025-03-11 14:52:00.269 69129 INFO tempest.lib.common.rest_client [req-ead7bc43-98dc-4ab0-bc50-5ae5f82568e5 req-ead7bc43-98dc-4ab0-bc50-5ae5f82568e5 ] Request (TenantUsagesNegativeTestJSON:tearDownClass): 204 DELETE http://10.180.1.21/identity/v3/users/bdc4968c11604de9bc42275fb8f0a74a 0.182s
2025-03-11 14:52:00.277 69093 INFO tempest.lib.common.rest_client [req-07111dc9-176e-4f2f-adab-a3b7002b6f83 req-07111dc9-176e-4f2f-adab-a3b7002b6f83 ] Request (MigrationsAdminTest:test_list_migrations_in_flavor_resize_situation): 200 GET http://10.180.1.21/compute/v2.1/servers/69f3331f-bcea-4eee-816f-c3d445baf821 1.392s
2025-03-11 14:52:00.299 69095 INFO tempest.lib.common.rest_client [req-a1160270-c2ec-4a00-a434-c02be96ff945 req-a1160270-c2ec-4a00-a434-c02be96ff945 ] Request (ServicesAdminNegativeV253TestJSON:test_disable_service_with_invalid_service_id): 404 PUT http://10.180.1.21/compute/v2.1/os-services/63e64190-ab50-4cd0-aaf5-32177593145e 1.207s
2025-03-11 14:52:00.333 69118 INFO tempest.lib.common.rest_client [req-8e53895c-28c2-4dc8-a4ad-fbdba905ac78 req-8e53895c-28c2-4dc8-a4ad-fbdba905ac78 ] Request (InstanceUsageAuditLogTestJSON:tearDownClass): 204 DELETE http://10.180.1.21/identity/v3/projects/2af725d7b3d74cc9b1d677efa037a893 0.220s
2025-03-11 14:52:00.385 69137 INFO tempest.lib.common.rest_client [req-9229d4c5-a4fd-4c6d-8a60-bd46088c2476 req-9229d4c5-a4fd-4c6d-8a60-bd46088c2476 ] Request (ServersAdmin275Test:test_rebuild_update_server_275): 200 GET http://10.180.1.21/compute/v2.1/servers/18c25ab9-16c1-45b5-8615-74ff264be4f0 1.352s
2025-03-11 14:52:00.408 69143 INFO tempest.lib.common.rest_client [req-095c43d9-af49-429f-9f6c-4050e391cd55 req-095c43d9-af49-429f-9f6c-4050e391cd55 ] Request (ServerActionsTestJSON:setUpClass): 201 POST http://10.180.1.21:9696/networking/v2.0/routers 2.135s
2025-03-11 14:52:00.412 69133 INFO tempest.lib.common.rest_client [req-93b5f162-4be7-4eca-802d-5b7de50750bc req-93b5f162-4be7-4eca-802d-5b7de50750bc ] Request (QuotasAdminTestJSON:test_delete_quota): 202 DELETE http://10.180.1.21/compute/v2.1/os-quota-sets/9e237980fc22400fac61c22d046ce508 1.086s
2025-03-11 14:52:00.415 69118 INFO tempest.lib.common.rest_client [req-79b17ffc-b1a5-426e-8826-48dc657de1b0 req-79b17ffc-b1a5-426e-8826-48dc657de1b0 ] Request (KeyPairsV2TestJSON:setUpClass): 201 POST http://10.180.1.21/identity/v3/auth/tokens 0.077s
2025-03-11 14:52:00.420 69105 INFO tempest.lib.common.rest_client [req-f7b7b276-8666-4a11-bbe8-0bdb03d47011 req-f7b7b276-8666-4a11-bbe8-0bdb03d47011 ] Request (HostsAdminNegativeTestJSON:test_update_host_with_invalid_maintenance_mode): 400 PUT http://10.180.1.21/compute/v2.1/os-hosts/devstack 0.994s
2025-03-11 14:52:00.439 69121 INFO tempest.lib.common.rest_client [req-02af854e-4001-4ada-b2f9-3336f306a10e req-02af854e-4001-4ada-b2f9-3336f306a10e ] Request (ServersTestJSON:setUpClass): 201 POST http://10.180.1.21:9696/networking/v2.0/routers 2.369s
2025-03-11 14:52:00.458 69145 INFO tempest.lib.common.rest_client [req-bab168f6-e72f-4e7b-8bee-6d130177c7c0 req-bab168f6-e72f-4e7b-8bee-6d130177c7c0 ] Request (FlavorsAdminTestJSON:test_create_flavor_verify_entry_in_list_details): 200 GET http://10.180.1.21/compute/v2.1/flavors/detail 1.008s
2025-03-11 14:52:00.483 69089 INFO tempest.lib.common.rest_client [req-3255f1fb-a3de-42d9-95bb-431083d5ddc8 req-3255f1fb-a3de-42d9-95bb-431083d5ddc8 ] Request (FlavorsExtraSpecsTestJSON:test_flavor_non_admin_get_specific_key): 200 POST http://10.180.1.21/compute/v2.1/flavors/167599165/os-extra_specs 0.898s
2025-03-11 14:52:00.484 69129 INFO tempest.lib.common.rest_client [req-2bcfd4cc-6f23-4d8b-aece-1bc5e3fb1143 req-2bcfd4cc-6f23-4d8b-aece-1bc5e3fb1143 ] Request (TenantUsagesNegativeTestJSON:tearDownClass): 204 DELETE http://10.180.1.21/identity/v3/users/dc33a36d30dd4028b316d72092607be7 0.215s
2025-03-11 14:52:00.485 69129 INFO tempest.lib.common.dynamic_creds [-] Deleting project and security group for project: c01190ddb09e4545b4d513f40da328f7
2025-03-11 14:52:00.564 69091 INFO tempest.lib.common.rest_client [req-1ff4b1a1-55ea-4986-a3de-f1ff0f5c3ea6 req-1ff4b1a1-55ea-4986-a3de-f1ff0f5c3ea6 ] Request (AggregatesAdminNegativeTestJSON:test_aggregate_add_existent_host): 409 POST http://10.180.1.21/compute/v2.1/os-aggregates/1/action 0.940s
2025-03-11 14:52:00.590 69097 INFO tempest.lib.common.rest_client [req-8cc8ad34-ce49-4d23-90a5-99cc143bc765 req-8cc8ad34-ce49-4d23-90a5-99cc143bc765 ] Request (HostsAdminTestJSON:test_list_hosts_with_nonexistent_zone): 200 GET http://10.180.1.21/compute/v2.1/os-hosts?zone=xxx 0.940s
2025-03-11 14:52:00.626 69135 INFO tempest.lib.common.rest_client [req-03c9fa63-10ea-4aa6-8f26-1f258c9df090 req-03c9fa63-10ea-4aa6-8f26-1f258c9df090 ] Request (QuotasAdminNegativeTest:test_create_server_when_instances_quota_is_full): 200 GET http://10.180.1.21/compute/v2.1/os-quota-sets/2df75810e8924af7923b53ad983ed3d9 1.391s
2025-03-11 14:52:00.629 69125 INFO tempest.lib.common.rest_client [req-7987abc1-f802-4dde-a6ef-29994a5e1514 req-7987abc1-f802-4dde-a6ef-29994a5e1514 ] Request (HypervisorAdminV253TestBase:tearDownClass): 200 GET http://10.180.1.21:9696/networking/v2.0/security-groups?tenant_id=af35d48c287b4ebdb40fcb30050bfb96&name=default 0.681s
2025-03-11 14:52:00.645 69118 INFO tempest.lib.common.rest_client [req-0377ef14-455b-49c0-b4b2-39a96a529742 req-0377ef14-455b-49c0-b4b2-39a96a529742 ] Request (KeyPairsV2TestJSON:setUpClass): 201 POST http://10.180.1.21/identity/v3/auth/tokens 0.228s
2025-03-11 14:52:00.683 69129 INFO tempest.lib.common.rest_client [req-3287abf9-d6a0-4b0f-9251-afcb4fbeb2fe req-3287abf9-d6a0-4b0f-9251-afcb4fbeb2fe ] Request (TenantUsagesNegativeTestJSON:tearDownClass): 201 POST http://10.180.1.21/identity/v3/auth/tokens 0.198s
2025-03-11 14:52:00.722 69118 INFO tempest.lib.common.rest_client [req-14622c28-aab1-420c-a615-faa7975250d5 req-14622c28-aab1-420c-a615-faa7975250d5 ] Request (KeyPairsV2TestJSON:setUpClass): 200 GET http://10.180.1.21/identity/v3/domains?name=Default 0.076s
2025-03-11 14:52:00.782 69149 INFO tempest.lib.common.rest_client [req-9ff81f2d-0b5f-4a2d-999e-7b34c42369d1 req-9ff81f2d-0b5f-4a2d-999e-7b34c42369d1 ] Request (ListImageFiltersTestJSON:setUpClass): 204 PUT http://10.180.1.21/image/v2/images/a8877471-292d-423b-89cd-d269a727d72d/file 1.421s
2025-03-11 14:52:00.788 69147 INFO tempest.lib.common.rest_client [req-b7d420c4-8a0f-4861-97eb-3be8c4b5cbcb req-b7d420c4-8a0f-4861-97eb-3be8c4b5cbcb ] Request (FlavorsAccessNegativeTestJSON:test_add_flavor_access_duplicate): 409 POST http://10.180.1.21/compute/v2.1/flavors/144386850/action 0.921s
2025-03-11 14:52:00.820 69139 INFO tempest.lib.common.rest_client [req-4e3fdda4-26f1-4b99-a93a-df9f9f28b4bf req-4e3fdda4-26f1-4b99-a93a-df9f9f28b4bf ] Request (FlavorsAccessTestJSON:test_flavor_access_add_remove): 200 POST http://10.180.1.21/compute/v2.1/flavors/884876772/action 0.899s
2025-03-11 14:52:00.831 69118 INFO tempest.lib.common.rest_client [req-502f6797-bef6-4141-b2b7-0bedb0ba7e35 req-502f6797-bef6-4141-b2b7-0bedb0ba7e35 ] Request (KeyPairsV2TestJSON:setUpClass): 201 POST http://10.180.1.21/identity/v3/projects 0.109s
2025-03-11 14:52:00.908 69118 INFO tempest.lib.common.rest_client [req-d2d2b419-cb3d-4928-b9e7-4f41b33c787a req-d2d2b419-cb3d-4928-b9e7-4f41b33c787a ] Request (KeyPairsV2TestJSON:setUpClass): 201 POST http://10.180.1.21/identity/v3/users 0.076s
2025-03-11 14:52:00.927 69118 INFO tempest.lib.common.rest_client [req-84e9c1d7-255c-4ced-b693-a0e6c7faf4da req-84e9c1d7-255c-4ced-b693-a0e6c7faf4da ] Request (KeyPairsV2TestJSON:setUpClass): 200 GET http://10.180.1.21/identity/v3/roles 0.018s
2025-03-11 14:52:00.934 69087 INFO tempest.lib.common.rest_client [req-eb119dc7-36a5-45fe-b406-e582084d9b8a req-eb119dc7-36a5-45fe-b406-e582084d9b8a ] Request (ServicesAdminNegativeTestJSON:test_get_service_by_invalid_params): 200 GET http://10.180.1.21/compute/v2.1/os-services 0.868s
2025-03-11 14:52:00.957 69111 INFO tempest.lib.common.rest_client [req-9f99135e-7010-441a-92ae-ced61558847a req-9f99135e-7010-441a-92ae-ced61558847a ] Request (ServersAdminNegativeTestJSON:setUpClass): 200 GET http://10.180.1.21/compute/v2.1/servers/7c9c6fe1-4802-4e2d-ad77-96e8accb2348 1.030s
2025-03-11 14:52:00.962 69119 INFO tempest.lib.common.rest_client [req-dbb1e568-bf4f-4696-888a-dca83719998e req-dbb1e568-bf4f-4696-888a-dca83719998e ] Request (FlavorsV255TestJSON:test_crud_flavor): 200 GET http://10.180.1.21/compute/v2.1/flavors/detail 0.830s
2025-03-11 14:52:00.965 69118 INFO tempest.lib.common.rest_client [req-4ce94f87-a2c4-4791-ae4e-e33f84a0aa16 req-4ce94f87-a2c4-4791-ae4e-e33f84a0aa16 ] Request (KeyPairsV2TestJSON:setUpClass): 204 PUT http://10.180.1.21/identity/v3/projects/2ad6416b49e24b05b0f73c2a3d8ce89d/users/feafe1a48a09431fb7d64917fb11be3f/roles/5e5b883e13dc4889a5e1b9a2cfed857a 0.037s
2025-03-11 14:52:00.965 69118 INFO tempest.lib.common.dynamic_creds [-] Dynamic test user feafe1a48a09431fb7d64917fb11be3f is created with scope project and roles: ['member']
