2025-03-11 14:53:00.464 69129 INFO tempest.lib.common.rest_client [req-689f6a03-ba7b-4675-b907-1a730b134d9b req-689f6a03-ba7b-4675-b907-1a730b134d9b ] Request (ServerGroupTestJSON:test_create_server_with_scheduler_hint_group): 200 GET http://10.180.1.21/compute/v2.1/servers/4256b74b-3d54-4912-ace3-80f81c344a93 0.170s
2025-03-11 14:53:00.477 69119 INFO tempest.lib.common.rest_client [req-57324344-3212-4948-875d-c1132486e554 req-57324344-3212-4948-875d-c1132486e554 ] Request (ServerActionsTestOtherB:setUpClass): 200 GET http://10.180.1.21/compute/v2.1/servers/cc31ecbb-b6dc-4785-8231-efb8796465b3 0.175s
2025-03-11 14:53:00.511 69145 INFO tempest.lib.common.rest_client [req-0766d5dd-5ff9-46cb-97ba-a7fafc02058c req-0766d5dd-5ff9-46cb-97ba-a7fafc02058c ] Request (ServerExternalEventsTest:setUpClass): 201 POST http://10.180.1.21/identity/v3/auth/tokens 0.095s
2025-03-11 14:53:00.529 69109 INFO tempest.lib.common.rest_client [req-911d2929-7279-48f3-9ce4-b1b36e7e842b req-911d2929-7279-48f3-9ce4-b1b36e7e842b ] Request (TenantUsagesTestJSON:setUpClass): 200 GET http://10.180.1.21/compute/v2.1/servers/776380ee-20db-46e5-a0a1-f95598fd37c9 0.180s
2025-03-11 14:53:00.536 69109 INFO tempest.common.waiters [-] State transition "BUILD/None" ==> "BUILD/networking" after 25 second wait
2025-03-11 14:53:00.539 69099 INFO tempest.lib.common.rest_client [req-1770d445-564a-4bf4-8910-efaa4fe7eaf1 req-1770d445-564a-4bf4-8910-efaa4fe7eaf1 ] Request (ServersNegativeTestJSON:setUpClass): 200 GET http://10.180.1.21/compute/v2.1/servers/66b70934-edbd-4e5a-aaba-fcc35969b5c1 0.133s
2025-03-11 14:53:00.583 69147 INFO tempest.lib.common.rest_client [req-1324218d-3be1-4269-b554-4d2a6b6a7ad5 req-1324218d-3be1-4269-b554-4d2a6b6a7ad5 ] Request (SecurityGroupsTestJSON:test_list_security_groups_by_server): 200 GET http://10.180.1.21/compute/v2.1/servers/7bb8bece-20ee-4dae-b3b4-015745aff01a 0.120s
2025-03-11 14:53:00.583 69145 INFO tempest.lib.common.rest_client [req-895fc689-01fb-4524-a2f1-e6a71e9681c2 req-895fc689-01fb-4524-a2f1-e6a71e9681c2 ] Request (ServerExternalEventsTest:setUpClass): 201 POST http://10.180.1.21/identity/v3/projects 0.071s
2025-03-11 14:53:00.610 69113 INFO tempest.lib.common.rest_client [req-8ef4075e-9c7b-4fc9-bfef-9771ee510995 req-8ef4075e-9c7b-4fc9-bfef-9771ee510995 ] Request (AttachInterfacesV270Test:tearDownClass): 200 GET http://10.180.1.21/compute/v2.1/servers/355d5465-f430-492c-9df7-50aba00b72aa 0.071s
2025-03-11 14:53:00.623 69115 INFO tempest.lib.common.rest_client [req-a6e8556a-1086-40d3-b07f-0f069755200b req-a6e8556a-1086-40d3-b07f-0f069755200b ] Request (ImagesTestJSON:test_create_image_from_stopped_server): 200 GET http://10.180.1.21/compute/v2.1/images/b2e89092-ffb6-4743-a43e-1985f45856e4 0.051s
2025-03-11 14:53:00.653 69145 INFO tempest.lib.common.rest_client [req-670b163b-c5df-42b7-b217-e56c23c10b2e req-670b163b-c5df-42b7-b217-e56c23c10b2e ] Request (ServerExternalEventsTest:setUpClass): 201 POST http://10.180.1.21/identity/v3/users 0.069s
2025-03-11 14:53:00.660 69131 INFO tempest.lib.common.rest_client [req-b5d4cd77-ffe3-479f-aa3f-09c10f93fb1f req-b5d4cd77-ffe3-479f-aa3f-09c10f93fb1f ] Request (ImagesOneServerTestJSON:test_create_delete_image): 200 GET http://10.180.1.21/compute/v2.1/images/d2d9f4b3-f806-451a-9e06-c5ffd210909d 0.047s
2025-03-11 14:53:00.685 69145 INFO tempest.lib.common.rest_client [req-c8778814-26f6-4aff-8b00-bd66a5bb094f req-c8778814-26f6-4aff-8b00-bd66a5bb094f ] Request (ServerExternalEventsTest:setUpClass): 200 GET http://10.180.1.21/identity/v3/roles 0.031s
2025-03-11 14:53:00.721 69145 INFO tempest.lib.common.rest_client [req-a5794c13-c628-4437-b9c4-9f1bc1d5a4e1 req-a5794c13-c628-4437-b9c4-9f1bc1d5a4e1 ] Request (ServerExternalEventsTest:setUpClass): 204 PUT http://10.180.1.21/identity/v3/projects/ffa182d48b0e4db0b96a5e11c21c4bbf/users/3b3420c8f2804dd485806724bb9d03ff/roles/5f64f86c327a4b75b5e316d21abedcb6 0.035s
2025-03-11 14:53:00.723 69091 INFO tempest.lib.common.rest_client [req-633925fe-7377-4630-947e-65f298a8facf req-633925fe-7377-4630-947e-65f298a8facf ] Request (AttachInterfacesTestJSON:test_create_list_show_delete_interfaces_by_fixed_ip): 200 GET http://10.180.1.21/compute/v2.1/servers/b0d2fa9a-a09a-4071-a249-a976f9249eb2 0.073s
2025-03-11 14:53:00.747 69139 INFO tempest.lib.common.rest_client [req-85999c33-9bdc-44e6-baec-2dc7accb24b9 req-85999c33-9bdc-44e6-baec-2dc7accb24b9 ] Request (ImagesOneServerNegativeTestJSON:setUpClass): 200 GET http://10.180.1.21/compute/v2.1/servers/72f660d3-9878-4e81-a1fc-425edc0d89f1 0.165s
2025-03-11 14:53:00.772 69118 INFO tempest.lib.common.rest_client [req-1a6ea2ac-c2d1-4db9-8e86-56ad6bc2ec6a req-1a6ea2ac-c2d1-4db9-8e86-56ad6bc2ec6a ] Request (InstanceActionsNegativeTestJSON:setUpClass): 200 GET http://10.180.1.21/compute/v2.1/servers/556a1ddb-62ce-4872-96f6-9be4c461177b 0.083s
2025-03-11 14:53:00.776 69145 INFO tempest.lib.common.rest_client [req-1cfc6616-5892-4e2e-9ed4-f6efa22a5dff req-1cfc6616-5892-4e2e-9ed4-f6efa22a5dff ] Request (ServerExternalEventsTest:setUpClass): 200 GET http://10.180.1.21/identity/v3/roles 0.054s
2025-03-11 14:53:00.798 69145 INFO tempest.lib.common.rest_client [req-9d987ee2-088d-4b40-8294-6f31c2c5d3d6 req-9d987ee2-088d-4b40-8294-6f31c2c5d3d6 ] Request (ServerExternalEventsTest:setUpClass): 204 PUT http://10.180.1.21/identity/v3/projects/ffa182d48b0e4db0b96a5e11c21c4bbf/users/3b3420c8f2804dd485806724bb9d03ff/roles/d5d76ad3ffe3469f902d7f4ad838ff4e 0.022s
2025-03-11 14:53:00.798 69145 INFO tempest.lib.common.dynamic_creds [-] Dynamic test user 3b3420c8f2804dd485806724bb9d03ff is created with scope project and roles: ['service', 'admin']
2025-03-11 14:53:00.799 69145 INFO tempest.lib.common.dynamic_creds [-] Acquired dynamic creds: credentials: Credentials: {'domain_id': 'default', 'domain_name': 'Default', 'username': 'tempest-ServerExternalEventsTest-102670649-project', 'project_domain_id': 'default', 'project_domain_name': 'Default', 'project_id': 'ffa182d48b0e4db0b96a5e11c21c4bbf', 'project_name': 'tempest-ServerExternalEventsTest-102670649', 'tenant_id': 'ffa182d48b0e4db0b96a5e11c21c4bbf', 'tenant_name': 'tempest-ServerExternalEventsTest-102670649', 'user_domain_id': 'default', 'user_domain_name': 'Default', 'user_id': '3b3420c8f2804dd485806724bb9d03ff', 'system': None}, Network: None, Subnet: None, Router: None
2025-03-11 14:53:00.799 69145 INFO tempest.lib.common.dynamic_creds [-] Created isolated network resources for: credentials: Credentials: {'domain_id': 'default', 'domain_name': 'Default', 'username': 'tempest-ServerExternalEventsTest-102670649-project', 'project_domain_id': 'default', 'project_domain_name': 'Default', 'project_id': 'ffa182d48b0e4db0b96a5e11c21c4bbf', 'project_name': 'tempest-ServerExternalEventsTest-102670649', 'tenant_id': 'ffa182d48b0e4db0b96a5e11c21c4bbf', 'tenant_name': 'tempest-ServerExternalEventsTest-102670649', 'user_domain_id': 'default', 'user_domain_name': 'Default', 'user_id': '3b3420c8f2804dd485806724bb9d03ff', 'system': None}, Network: None, Subnet: None, Router: None
2025-03-11 14:53:00.813 69089 INFO tempest.lib.common.rest_client [req-9a97b356-2452-431c-8268-a5ed205ec666 req-9a97b356-2452-431c-8268-a5ed205ec666 ] Request (ServerDiagnosticsTest:test_get_server_diagnostics): 200 GET http://10.180.1.21/compute/v2.1/servers/b04b1b2d-8361-4e50-a109-1b76f6122ca0 0.106s
2025-03-11 14:53:00.895 69145 INFO tempest.lib.common.rest_client [req-3d0b9b6e-a795-4238-aba9-e53c0c72eff5 req-3d0b9b6e-a795-4238-aba9-e53c0c72eff5 ] Request (ServerExternalEventsTest:setUpClass): 201 POST http://10.180.1.21/identity/v3/auth/tokens 0.092s
2025-03-11 14:53:00.936 69105 INFO tempest.lib.common.rest_client [req-fc2153c3-8039-4a8d-9edb-4cc512379373 req-fc2153c3-8039-4a8d-9edb-4cc512379373 ] Request (ServerAddressesNegativeTestJSON:setUpClass): 200 GET http://10.180.1.21/compute/v2.1/servers/01aff794-4d90-47b8-9fc3-4f518bba2661 0.071s
2025-03-11 14:53:00.939 69111 INFO tempest.lib.common.rest_client [req-b5889dd9-4940-4869-b21d-7f9fb790dce6 req-b5889dd9-4940-4869-b21d-7f9fb790dce6 ] Request (ServersAdminNegativeTestJSON:test_migrate_server_invalid_state): 200 GET http://10.180.1.21/compute/v2.1/servers/5f67246a-f15d-4555-84dc-b06a65322e3c 0.142s
2025-03-11 14:53:00.971 69145 INFO tempest.lib.common.rest_client [req-858645cf-dba0-4412-b852-5c9a4fa58f92 req-858645cf-dba0-4412-b852-5c9a4fa58f92 ] Request (ServerExternalEventsTest:test_create_server_external_events): 201 POST http://10.180.1.21/identity/v3/auth/tokens 0.071s
2025-03-11 14:53:00.971 69145 INFO tempest.lib.common.fixed_network [-] (ServerExternalEventsTest:test_create_server_external_events) Found network None available for tenant
2025-03-11 14:53:01.007 69133 INFO tempest.lib.common.rest_client [req-b2ee6c08-2146-46f9-b1a2-68c8320f64fe req-b2ee6c08-2146-46f9-b1a2-68c8320f64fe ] Request (ServerMetadataTestJSON:setUpClass): 200 GET http://10.180.1.21/compute/v2.1/servers/f7e5f969-1dbf-43d8-bfcf-191f917ea41b 0.087s
2025-03-11 14:53:01.086 69149 INFO tempest.lib.common.rest_client [req-6a9d2842-09a4-4c87-9969-32dc4589c37b req-6a9d2842-09a4-4c87-9969-32dc4589c37b ] Request (ListImageFiltersTestJSON:setUpClass): 200 GET http://10.180.1.21/compute/v2.1/servers/8bdc8997-1e93-46c1-ae70-1ac96d6c82b8 0.136s
2025-03-11 14:53:01.182 69137 INFO tempest.lib.common.rest_client [req-b6d6e588-a43c-4617-94af-292e3f1d6e9b req-b6d6e588-a43c-4617-94af-292e3f1d6e9b ] Request (ServersAdmin275Test:tearDownClass): 200 GET http://10.180.1.21/compute/v2.1/servers/18c25ab9-16c1-45b5-8615-74ff264be4f0 0.181s
2025-03-11 14:53:01.453 69087 INFO tempest.lib.common.rest_client [req-90f1caf4-368e-4e28-8a99-516da0f8c62a req-90f1caf4-368e-4e28-8a99-516da0f8c62a ] Request (ServerRescueTestJSONUnderV235:setUpClass): 200 GET http://10.180.1.21/compute/v2.1/servers/e2864a00-6ef3-4a62-9e6f-fb3499e467c1 0.442s
2025-03-11 14:53:01.562 69135 INFO tempest.lib.common.rest_client [req-6e8bf8be-3ae9-44e9-a4bc-e0f950d506f8 req-6e8bf8be-3ae9-44e9-a4bc-e0f950d506f8 ] Request (ImagesNegativeTestJSON:test_create_image_from_deleted_server): 200 GET http://10.180.1.21/compute/v2.1/servers/daaf83a1-08c2-4616-ad17-2a7a2742f685 0.394s
2025-03-11 14:53:01.594 69145 INFO tempest.lib.common.rest_client [req-d7e298f9-47ee-4f2e-aba3-65781fb010c4 req-d7e298f9-47ee-4f2e-aba3-65781fb010c4 ] Request (ServerExternalEventsTest:test_create_server_external_events): 202 POST http://10.180.1.21/compute/v2.1/servers 0.621s
2025-03-11 14:53:01.616 69107 INFO tempest.lib.common.rest_client [req-ffaa6396-1183-4850-b9c2-d2f76e4ad980 req-ffaa6396-1183-4850-b9c2-d2f76e4ad980 ] Request (DeleteServersAdminTestJSON:test_delete_server_while_in_error_state): 200 GET http://10.180.1.21/compute/v2.1/servers/2d93889e-f698-49de-9950-c7411e536933 0.371s
2025-03-11 14:53:01.686 69141 INFO tempest.lib.common.rest_client [req-3a3dc90a-f2dd-4725-b999-55cfd637bbb3 req-3a3dc90a-f2dd-4725-b999-55cfd637bbb3 ] Request (ServerRescueNegativeTestJSON:setUpClass): 200 GET http://10.180.1.21/compute/v2.1/servers/1e8e7cc6-19e2-49d2-8cff-b7345449b80e 0.374s
2025-03-11 14:53:01.700 69093 INFO tempest.lib.common.rest_client [req-f0bab4ad-d1ec-45fd-924e-ff8405fa8403 req-f0bab4ad-d1ec-45fd-924e-ff8405fa8403 ] Request (MigrationsAdminTest:test_list_migrations_in_flavor_resize_situation): 200 GET http://10.180.1.21/compute/v2.1/servers/69f3331f-bcea-4eee-816f-c3d445baf821 0.446s
2025-03-11 14:53:01.752 69125 INFO tempest.lib.common.rest_client [req-6cb297fe-d7b1-4eef-bcb8-afb24aa764ba req-6cb297fe-d7b1-4eef-bcb8-afb24aa764ba ] Request (ServersListShow2100Test:test_list_show_rebuild_update_server_2100): 200 GET http://10.180.1.21/compute/v2.1/servers/72ebc6d5-0b06-410f-a136-6102ba326884 0.393s
2025-03-11 14:53:01.758 69097 INFO tempest.lib.common.rest_client [req-e5ce6107-330c-44ab-b66c-8d98ca28ef2b req-e5ce6107-330c-44ab-b66c-8d98ca28ef2b ] Request (FloatingIPsAssociationNegativeTestJSON:setUpClass): 200 GET http://10.180.1.21/compute/v2.1/servers/1e5d9d3d-0088-4b8b-ab36-c23e88bc6386 0.343s
2025-03-11 14:53:01.813 69101 INFO tempest.lib.common.rest_client [req-0dfecf0e-d423-4c24-a657-27309b67b7df req-0dfecf0e-d423-4c24-a657-27309b67b7df ] Request (ServersAdminTestJSON:test_create_server_with_scheduling_hint): 200 GET http://10.180.1.21/compute/v2.1/servers/c3bd6684-4b0e-4ed0-ae2e-d9663cb35e55 0.397s
2025-03-11 14:53:01.821 69129 INFO tempest.lib.common.rest_client [req-7afc437b-492e-4957-9e23-cfa8027ce5c5 req-7afc437b-492e-4957-9e23-cfa8027ce5c5 ] Request (ServerGroupTestJSON:test_create_server_with_scheduler_hint_group): 200 GET http://10.180.1.21/compute/v2.1/servers/4256b74b-3d54-4912-ace3-80f81c344a93 0.344s
2025-03-11 14:53:01.879 69119 INFO tempest.lib.common.rest_client [req-b5ecb5df-e02d-469b-bdfa-ad511b7b149d req-b5ecb5df-e02d-469b-bdfa-ad511b7b149d ] Request (ServerActionsTestOtherB:setUpClass): 200 GET http://10.180.1.21/compute/v2.1/servers/cc31ecbb-b6dc-4785-8231-efb8796465b3 0.391s
2025-03-11 14:53:01.932 69099 INFO tempest.lib.common.rest_client [req-0e175da3-5475-4621-93ae-3660b9007329 req-0e175da3-5475-4621-93ae-3660b9007329 ] Request (ServersNegativeTestJSON:setUpClass): 200 GET http://10.180.1.21/compute/v2.1/servers/66b70934-edbd-4e5a-aaba-fcc35969b5c1 0.385s
2025-03-11 14:53:01.933 69109 INFO tempest.lib.common.rest_client [req-f4251bbd-fafd-4e97-8034-b36aad30fb8a req-f4251bbd-fafd-4e97-8034-b36aad30fb8a ] Request (TenantUsagesTestJSON:setUpClass): 200 GET http://10.180.1.21/compute/v2.1/servers/776380ee-20db-46e5-a0a1-f95598fd37c9 0.395s
2025-03-11 14:53:01.943 69109 INFO tempest.common.waiters [-] State transition "BUILD/networking" ==> "BUILD/spawning" after 26 second wait
2025-03-11 14:53:01.985 69145 INFO tempest.lib.common.rest_client [req-8e9ed9c8-f52a-49e5-a94a-eaa99624270f req-8e9ed9c8-f52a-49e5-a94a-eaa99624270f ] Request (ServerExternalEventsTest:test_create_server_external_events): 200 GET http://10.180.1.21/compute/v2.1/servers/02cdf5a9-85d6-4356-9cb8-dc557dc71e30 0.389s
2025-03-11 14:53:01.990 69147 INFO tempest.lib.common.rest_client [req-09271371-dbab-4a48-b501-8bf9c852ef68 req-09271371-dbab-4a48-b501-8bf9c852ef68 ] Request (SecurityGroupsTestJSON:test_list_security_groups_by_server): 200 GET http://10.180.1.21/compute/v2.1/servers/7bb8bece-20ee-4dae-b3b4-015745aff01a 0.397s
2025-03-11 14:53:02.021 69115 INFO tempest.lib.common.rest_client [req-1a93595b-7e4c-40e7-9f07-1f71d7e65aef req-1a93595b-7e4c-40e7-9f07-1f71d7e65aef ] Request (ImagesTestJSON:test_create_image_from_stopped_server): 200 GET http://10.180.1.21/compute/v2.1/images/b2e89092-ffb6-4743-a43e-1985f45856e4 0.394s
2025-03-11 14:53:02.057 69131 INFO tempest.lib.common.rest_client [req-a73cdbda-22c8-4403-a463-f2b02beca21b req-a73cdbda-22c8-4403-a463-f2b02beca21b ] Request (ImagesOneServerTestJSON:test_create_delete_image): 200 GET http://10.180.1.21/compute/v2.1/images/d2d9f4b3-f806-451a-9e06-c5ffd210909d 0.391s
2025-03-11 14:53:02.057 69113 INFO tempest.lib.common.rest_client [req-5406ec8c-ba39-4403-a238-405de7772020 req-5406ec8c-ba39-4403-a238-405de7772020 ] Request (AttachInterfacesV270Test:tearDownClass): 200 GET http://10.180.1.21/compute/v2.1/servers/355d5465-f430-492c-9df7-50aba00b72aa 0.429s
2025-03-11 14:53:02.126 69091 INFO tempest.lib.common.rest_client [req-68d60147-f6c6-468e-859d-ed20cef19fce req-68d60147-f6c6-468e-859d-ed20cef19fce ] Request (AttachInterfacesTestJSON:test_create_list_show_delete_interfaces_by_fixed_ip): 200 GET http://10.180.1.21/compute/v2.1/servers/b0d2fa9a-a09a-4071-a249-a976f9249eb2 0.394s
2025-03-11 14:53:02.184 69139 INFO tempest.lib.common.rest_client [req-91dc734f-e45f-4ff0-83f1-14aa833e84cc req-91dc734f-e45f-4ff0-83f1-14aa833e84cc ] Request (ImagesOneServerNegativeTestJSON:setUpClass): 200 GET http://10.180.1.21/compute/v2.1/servers/72f660d3-9878-4e81-a1fc-425edc0d89f1 0.426s
2025-03-11 14:53:02.187 69118 INFO tempest.lib.common.rest_client [req-0af1d1df-e8d9-46b2-b64e-956dac77e6d5 req-0af1d1df-e8d9-46b2-b64e-956dac77e6d5 ] Request (InstanceActionsNegativeTestJSON:setUpClass): 200 GET http://10.180.1.21/compute/v2.1/servers/556a1ddb-62ce-4872-96f6-9be4c461177b 0.406s
2025-03-11 14:53:02.274 69105 INFO tempest.lib.common.rest_client [req-951d854b-db1e-4d10-88fd-448ba991487f req-951d854b-db1e-4d10-88fd-448ba991487f ] Request (ServerAddressesNegativeTestJSON:setUpClass): 200 GET http://10.180.1.21/compute/v2.1/servers/01aff794-4d90-47b8-9fc3-4f518bba2661 0.325s
2025-03-11 14:53:02.282 69089 INFO tempest.lib.common.rest_client [req-60191d9b-9325-4d0c-9e78-14329e2cbe57 req-60191d9b-9325-4d0c-9e78-14329e2cbe57 ] Request (ServerDiagnosticsTest:test_get_server_diagnostics): 200 GET http://10.180.1.21/compute/v2.1/servers/b04b1b2d-8361-4e50-a109-1b76f6122ca0 0.461s
2025-03-11 14:53:02.362 69133 INFO tempest.lib.common.rest_client [req-2e7260bd-8647-4a8b-8bfd-dbe066d8a864 req-2e7260bd-8647-4a8b-8bfd-dbe066d8a864 ] Request (ServerMetadataTestJSON:setUpClass): 200 GET http://10.180.1.21/compute/v2.1/servers/f7e5f969-1dbf-43d8-bfcf-191f917ea41b 0.344s
2025-03-11 14:53:02.400 69111 INFO tempest.lib.common.rest_client [req-13c02323-b0bc-4a50-9af6-d6749b1fb759 req-13c02323-b0bc-4a50-9af6-d6749b1fb759 ] Request (ServersAdminNegativeTestJSON:test_migrate_server_invalid_state): 200 GET http://10.180.1.21/compute/v2.1/servers/5f67246a-f15d-4555-84dc-b06a65322e3c 0.447s
2025-03-11 14:53:02.471 69149 INFO tempest.lib.common.rest_client [req-14490779-c8ac-4516-8488-4b742ee45024 req-14490779-c8ac-4516-8488-4b742ee45024 ] Request (ListImageFiltersTestJSON:setUpClass): 200 GET http://10.180.1.21/compute/v2.1/servers/8bdc8997-1e93-46c1-ae70-1ac96d6c82b8 0.375s
2025-03-11 14:53:02.483 69137 INFO tempest.lib.common.rest_client [req-643fef56-eb27-4b64-82ce-00dbd634f33d req-643fef56-eb27-4b64-82ce-00dbd634f33d ] Request (ServersAdmin275Test:tearDownClass): 200 GET http://10.180.1.21/compute/v2.1/servers/18c25ab9-16c1-45b5-8615-74ff264be4f0 0.286s
2025-03-11 14:53:02.551 69087 INFO tempest.lib.common.rest_client [req-a2ae5f81-f065-4d55-9b44-f9f144c12723 req-a2ae5f81-f065-4d55-9b44-f9f144c12723 ] Request (ServerRescueTestJSONUnderV235:setUpClass): 200 GET http://10.180.1.21/compute/v2.1/servers/e2864a00-6ef3-4a62-9e6f-fb3499e467c1 0.088s
2025-03-11 14:53:02.629 69135 INFO tempest.lib.common.rest_client [req-62fcebb4-d7d3-402f-a68e-3514edbc3f99 req-62fcebb4-d7d3-402f-a68e-3514edbc3f99 ] Request (ImagesNegativeTestJSON:test_create_image_from_deleted_server): 200 GET http://10.180.1.21/compute/v2.1/servers/daaf83a1-08c2-4616-ad17-2a7a2742f685 0.057s
2025-03-11 14:53:02.690 69107 INFO tempest.lib.common.rest_client [req-d27a0398-86a1-43e3-b4fb-3aec12373cf6 req-d27a0398-86a1-43e3-b4fb-3aec12373cf6 ] Request (DeleteServersAdminTestJSON:test_delete_server_while_in_error_state): 200 GET http://10.180.1.21/compute/v2.1/servers/2d93889e-f698-49de-9950-c7411e536933 0.066s
2025-03-11 14:53:02.757 69141 INFO tempest.lib.common.rest_client [req-5b2aa252-1e24-4678-b6fe-e8c6920de136 req-5b2aa252-1e24-4678-b6fe-e8c6920de136 ] Request (ServerRescueNegativeTestJSON:setUpClass): 200 GET http://10.180.1.21/compute/v2.1/servers/1e8e7cc6-19e2-49d2-8cff-b7345449b80e 0.062s
2025-03-11 14:53:02.834 69125 INFO tempest.lib.common.rest_client [req-12bf3909-a95a-4326-8492-e4c4422c01e9 req-12bf3909-a95a-4326-8492-e4c4422c01e9 ] Request (ServersListShow2100Test:test_list_show_rebuild_update_server_2100): 200 GET http://10.180.1.21/compute/v2.1/servers/72ebc6d5-0b06-410f-a136-6102ba326884 0.069s
2025-03-11 14:53:02.842 69093 INFO tempest.lib.common.rest_client [req-2ecc0220-1aa1-45d1-aefb-6857fa1ac9e7 req-2ecc0220-1aa1-45d1-aefb-6857fa1ac9e7 ] Request (MigrationsAdminTest:test_list_migrations_in_flavor_resize_situation): 200 GET http://10.180.1.21/compute/v2.1/servers/69f3331f-bcea-4eee-816f-c3d445baf821 0.133s
2025-03-11 14:53:02.883 69097 INFO tempest.lib.common.rest_client [req-fd626f8b-0b98-498a-9fb1-7d40d4d91dd4 req-fd626f8b-0b98-498a-9fb1-7d40d4d91dd4 ] Request (FloatingIPsAssociationNegativeTestJSON:setUpClass): 200 GET http://10.180.1.21/compute/v2.1/servers/1e5d9d3d-0088-4b8b-ab36-c23e88bc6386 0.113s
2025-03-11 14:53:02.894 69101 INFO tempest.lib.common.rest_client [req-61340309-3757-4c22-8839-fcf45dd9e836 req-61340309-3757-4c22-8839-fcf45dd9e836 ] Request (ServersAdminTestJSON:test_create_server_with_scheduling_hint): 200 GET http://10.180.1.21/compute/v2.1/servers/c3bd6684-4b0e-4ed0-ae2e-d9663cb35e55 0.070s
2025-03-11 14:53:02.936 69129 INFO tempest.lib.common.rest_client [req-c3eea97f-e761-44fd-b770-5a43563bb190 req-c3eea97f-e761-44fd-b770-5a43563bb190 ] Request (ServerGroupTestJSON:test_create_server_with_scheduler_hint_group): 200 GET http://10.180.1.21/compute/v2.1/servers/4256b74b-3d54-4912-ace3-80f81c344a93 0.106s
2025-03-11 14:53:02.946 69103 WARNING tempest.lib.common.ssh [-] Failed to establish authenticated ssh connection to cirros@10.180.180.142 ([Errno None] Unable to connect to port 22 on 10.180.180.142). Number attempts: 5. Retry after 6 seconds.: paramiko.ssh_exception.NoValidConnectionsError: [Errno None] Unable to connect to port 22 on 10.180.180.142
2025-03-11 14:53:02.949 69119 INFO tempest.lib.common.rest_client [req-641c6a36-65ef-4ad9-a157-a3d89b0c0fd8 req-641c6a36-65ef-4ad9-a157-a3d89b0c0fd8 ] Request (ServerActionsTestOtherB:setUpClass): 200 GET http://10.180.1.21/compute/v2.1/servers/cc31ecbb-b6dc-4785-8231-efb8796465b3 0.062s
2025-03-11 14:53:02.997 69099 INFO tempest.lib.common.rest_client [req-3bd65f1f-c6a6-4c6d-ac09-a666349ec2aa req-3bd65f1f-c6a6-4c6d-ac09-a666349ec2aa ] Request (ServersNegativeTestJSON:setUpClass): 200 GET http://10.180.1.21/compute/v2.1/servers/66b70934-edbd-4e5a-aaba-fcc35969b5c1 0.056s
2025-03-11 14:53:03.060 69109 INFO tempest.lib.common.rest_client [req-686c5ebb-9f7b-4eb2-a771-0bf2bae57ef8 req-686c5ebb-9f7b-4eb2-a771-0bf2bae57ef8 ] Request (TenantUsagesTestJSON:setUpClass): 200 GET http://10.180.1.21/compute/v2.1/servers/776380ee-20db-46e5-a0a1-f95598fd37c9 0.117s
2025-03-11 14:53:03.062 69145 INFO tempest.lib.common.rest_client [req-edb4531e-301e-4821-895c-a3b98afeb7e4 req-edb4531e-301e-4821-895c-a3b98afeb7e4 ] Request (ServerExternalEventsTest:test_create_server_external_events): 200 GET http://10.180.1.21/compute/v2.1/servers/02cdf5a9-85d6-4356-9cb8-dc557dc71e30 0.068s
2025-03-11 14:53:03.101 69115 INFO tempest.lib.common.rest_client [req-3b377487-f42e-48db-90fb-dd5d98cb9992 req-3b377487-f42e-48db-90fb-dd5d98cb9992 ] Request (ImagesTestJSON:test_create_image_from_stopped_server): 200 GET http://10.180.1.21/compute/v2.1/images/b2e89092-ffb6-4743-a43e-1985f45856e4 0.077s
2025-03-11 14:53:03.121 69147 INFO tempest.lib.common.rest_client [req-dba7c9bc-d3d5-4123-84b6-983e074a66ab req-dba7c9bc-d3d5-4123-84b6-983e074a66ab ] Request (SecurityGroupsTestJSON:test_list_security_groups_by_server): 200 GET http://10.180.1.21/compute/v2.1/servers/7bb8bece-20ee-4dae-b3b4-015745aff01a 0.123s
2025-03-11 14:53:03.138 69123 WARNING tempest.lib.common.ssh [-] Failed to establish authenticated ssh connection to cirros@10.180.180.128 ([Errno None] Unable to connect to port 22 on 10.180.180.128). Number attempts: 4. Retry after 5 seconds.: paramiko.ssh_exception.NoValidConnectionsError: [Errno None] Unable to connect to port 22 on 10.180.180.128
2025-03-11 14:53:03.142 69131 INFO tempest.lib.common.rest_client [req-a624a363-e21f-4cdf-bc45-fd04ed09567b req-a624a363-e21f-4cdf-bc45-fd04ed09567b ] Request (ImagesOneServerTestJSON:test_create_delete_image): 200 GET http://10.180.1.21/compute/v2.1/images/d2d9f4b3-f806-451a-9e06-c5ffd210909d 0.082s
2025-03-11 14:53:03.206 69113 INFO tempest.lib.common.rest_client [req-038aec4d-8684-4657-9387-fe39dceb654f req-038aec4d-8684-4657-9387-fe39dceb654f ] Request (AttachInterfacesV270Test:tearDownClass): 200 GET http://10.180.1.21/compute/v2.1/servers/355d5465-f430-492c-9df7-50aba00b72aa 0.138s
2025-03-11 14:53:03.214 69091 INFO tempest.lib.common.rest_client [req-1acc1e58-a86b-42fa-8869-425faf73c6ed req-1acc1e58-a86b-42fa-8869-425faf73c6ed ] Request (AttachInterfacesTestJSON:test_create_list_show_delete_interfaces_by_fixed_ip): 200 GET http://10.180.1.21/compute/v2.1/servers/b0d2fa9a-a09a-4071-a249-a976f9249eb2 0.074s
2025-03-11 14:53:03.289 69118 INFO tempest.lib.common.rest_client [req-13e2503f-f547-484f-959f-c6d8acbcca2b req-13e2503f-f547-484f-959f-c6d8acbcca2b ] Request (InstanceActionsNegativeTestJSON:setUpClass): 200 GET http://10.180.1.21/compute/v2.1/servers/556a1ddb-62ce-4872-96f6-9be4c461177b 0.087s
2025-03-11 14:53:03.297 69118 INFO tempest.common.waiters [-] State transition "BUILD/None" ==> "BUILD/networking" after 27 second wait
2025-03-11 14:53:03.350 69105 INFO tempest.lib.common.rest_client [req-e6c8f6f5-d0d1-46ba-b064-149ca3421982 req-e6c8f6f5-d0d1-46ba-b064-149ca3421982 ] Request (ServerAddressesNegativeTestJSON:setUpClass): 200 GET http://10.180.1.21/compute/v2.1/servers/01aff794-4d90-47b8-9fc3-4f518bba2661 0.067s
2025-03-11 14:53:03.403 69089 INFO tempest.lib.common.rest_client [req-35c12ed1-e741-45b9-8a4b-e55fbfaaeb1d req-35c12ed1-e741-45b9-8a4b-e55fbfaaeb1d ] Request (ServerDiagnosticsTest:test_get_server_diagnostics): 200 GET http://10.180.1.21/compute/v2.1/servers/b04b1b2d-8361-4e50-a109-1b76f6122ca0 0.112s
2025-03-11 14:53:03.405 69139 INFO tempest.lib.common.rest_client [req-8dfb91b8-a84b-48da-aaa1-1a9ec0f22fa9 req-8dfb91b8-a84b-48da-aaa1-1a9ec0f22fa9 ] Request (ImagesOneServerNegativeTestJSON:setUpClass): 200 GET http://10.180.1.21/compute/v2.1/servers/72f660d3-9878-4e81-a1fc-425edc0d89f1 0.208s
2025-03-11 14:53:03.461 69133 INFO tempest.lib.common.rest_client [req-bda64618-2ad5-4dce-8c23-313b2082ac94 req-bda64618-2ad5-4dce-8c23-313b2082ac94 ] Request (ServerMetadataTestJSON:setUpClass): 200 GET http://10.180.1.21/compute/v2.1/servers/f7e5f969-1dbf-43d8-bfcf-191f917ea41b 0.092s
2025-03-11 14:53:03.512 69111 INFO tempest.lib.common.rest_client [req-62c011d6-e22e-4834-ac9b-ada6ddbbd942 req-62c011d6-e22e-4834-ac9b-ada6ddbbd942 ] Request (ServersAdminNegativeTestJSON:test_migrate_server_invalid_state): 200 GET http://10.180.1.21/compute/v2.1/servers/5f67246a-f15d-4555-84dc-b06a65322e3c 0.104s
2025-03-11 14:53:03.519 69111 INFO tempest.common.waiters [-] State transition "BUILD/spawning" ==> "ACTIVE/None" after 38 second wait
2025-03-11 14:53:03.595 69149 INFO tempest.lib.common.rest_client [req-5119ea34-be5c-4216-a894-616f5600f9fc req-5119ea34-be5c-4216-a894-616f5600f9fc ] Request (ListImageFiltersTestJSON:setUpClass): 200 GET http://10.180.1.21/compute/v2.1/servers/8bdc8997-1e93-46c1-ae70-1ac96d6c82b8 0.113s
2025-03-11 14:53:03.603 69137 INFO tempest.lib.common.rest_client [req-8a46ccea-7aa8-4cf1-983d-7063ee926471 req-8a46ccea-7aa8-4cf1-983d-7063ee926471 ] Request (ServersAdmin275Test:tearDownClass): 200 GET http://10.180.1.21/compute/v2.1/servers/18c25ab9-16c1-45b5-8615-74ff264be4f0 0.106s
2025-03-11 14:53:03.668 69087 INFO tempest.lib.common.rest_client [req-28e54e1e-0c81-4b6f-b245-78ad353c2f05 req-28e54e1e-0c81-4b6f-b245-78ad353c2f05 ] Request (ServerRescueTestJSONUnderV235:setUpClass): 200 GET http://10.180.1.21/compute/v2.1/servers/e2864a00-6ef3-4a62-9e6f-fb3499e467c1 0.106s
2025-03-11 14:53:03.710 69111 INFO tempest.lib.common.rest_client [req-b950997a-92a6-4366-b3cb-b769166aa210 req-b950997a-92a6-4366-b3cb-b769166aa210 ] Request (ServersAdminNegativeTestJSON:test_migrate_server_invalid_state): 202 POST http://10.180.1.21/compute/v2.1/servers/5f67246a-f15d-4555-84dc-b06a65322e3c/action 0.190s
2025-03-11 14:53:03.715 69127 WARNING tempest.lib.common.ssh [-] Failed to establish authenticated ssh connection to cirros@10.180.180.226 ([Errno None] Unable to connect to port 22 on 10.180.180.226). Number attempts: 3. Retry after 4 seconds.: paramiko.ssh_exception.NoValidConnectionsError: [Errno None] Unable to connect to port 22 on 10.180.180.226
2025-03-11 14:53:03.746 69135 INFO tempest.lib.common.rest_client [req-eea0a3fd-95d4-4746-94d7-a21832573597 req-eea0a3fd-95d4-4746-94d7-a21832573597 ] Request (ImagesNegativeTestJSON:test_create_image_from_deleted_server): 200 GET http://10.180.1.21/compute/v2.1/servers/daaf83a1-08c2-4616-ad17-2a7a2742f685 0.109s
2025-03-11 14:53:03.756 69135 INFO tempest.common.waiters [-] State transition "ACTIVE/deleting" ==> "DELETED/None" after 3 second wait
2025-03-11 14:53:03.769 69107 INFO tempest.lib.common.rest_client [req-80429ac2-d536-4a72-aa30-5c2b273ada07 req-80429ac2-d536-4a72-aa30-5c2b273ada07 ] Request (DeleteServersAdminTestJSON:test_delete_server_while_in_error_state): 200 GET http://10.180.1.21/compute/v2.1/servers/2d93889e-f698-49de-9950-c7411e536933 0.071s
2025-03-11 14:53:03.844 69141 INFO tempest.lib.common.rest_client [req-244a1762-419a-4ba5-88cc-ef7f51e623ee req-244a1762-419a-4ba5-88cc-ef7f51e623ee ] Request (ServerRescueNegativeTestJSON:setUpClass): 200 GET http://10.180.1.21/compute/v2.1/servers/1e8e7cc6-19e2-49d2-8cff-b7345449b80e 0.079s
2025-03-11 14:53:03.936 69125 INFO tempest.lib.common.rest_client [req-a8003ef2-386a-4e83-ac18-29088ebec691 req-a8003ef2-386a-4e83-ac18-29088ebec691 ] Request (ServersListShow2100Test:test_list_show_rebuild_update_server_2100): 200 GET http://10.180.1.21/compute/v2.1/servers/72ebc6d5-0b06-410f-a136-6102ba326884 0.088s
2025-03-11 14:53:03.987 69111 INFO tempest.lib.common.rest_client [req-a546a3ec-4a8a-4029-b73b-973963e2d55c req-a546a3ec-4a8a-4029-b73b-973963e2d55c ] Request (ServersAdminNegativeTestJSON:test_migrate_server_invalid_state): 200 GET http://10.180.1.21/compute/v2.1/servers/5f67246a-f15d-4555-84dc-b06a65322e3c 0.277s
2025-03-11 14:53:04.049 69097 INFO tempest.lib.common.rest_client [req-e520a352-dadf-4f4f-aacb-8753ec265dd7 req-e520a352-dadf-4f4f-aacb-8753ec265dd7 ] Request (FloatingIPsAssociationNegativeTestJSON:setUpClass): 200 GET http://10.180.1.21/compute/v2.1/servers/1e5d9d3d-0088-4b8b-ab36-c23e88bc6386 0.157s
2025-03-11 14:53:04.065 69093 INFO tempest.lib.common.rest_client [req-c39df7f4-cc64-49b1-afce-9afefdf8fb3e req-c39df7f4-cc64-49b1-afce-9afefdf8fb3e ] Request (MigrationsAdminTest:test_list_migrations_in_flavor_resize_situation): 200 GET http://10.180.1.21/compute/v2.1/servers/69f3331f-bcea-4eee-816f-c3d445baf821 0.210s
2025-03-11 14:53:04.110 69101 INFO tempest.lib.common.rest_client [req-77b34a0e-c886-42d3-b529-c36637975885 req-77b34a0e-c886-42d3-b529-c36637975885 ] Request (ServersAdminTestJSON:test_create_server_with_scheduling_hint): 200 GET http://10.180.1.21/compute/v2.1/servers/c3bd6684-4b0e-4ed0-ae2e-d9663cb35e55 0.207s
2025-03-11 14:53:04.123 69129 INFO tempest.lib.common.rest_client [req-28f042a6-a0e1-4271-b246-2d4aaa19612b req-28f042a6-a0e1-4271-b246-2d4aaa19612b ] Request (ServerGroupTestJSON:test_create_server_with_scheduler_hint_group): 200 GET http://10.180.1.21/compute/v2.1/servers/4256b74b-3d54-4912-ace3-80f81c344a93 0.178s
2025-03-11 14:53:04.169 69119 INFO tempest.lib.common.rest_client [req-1f960737-438b-4c46-95a0-48bdfe409cb3 req-1f960737-438b-4c46-95a0-48bdfe409cb3 ] Request (ServerActionsTestOtherB:setUpClass): 200 GET http://10.180.1.21/compute/v2.1/servers/cc31ecbb-b6dc-4785-8231-efb8796465b3 0.212s
2025-03-11 14:53:04.184 69099 INFO tempest.lib.common.rest_client [req-8dc1ad1c-3e0a-4fe4-8c89-ccb3a59d5efa req-8dc1ad1c-3e0a-4fe4-8c89-ccb3a59d5efa ] Request (ServersNegativeTestJSON:setUpClass): 200 GET http://10.180.1.21/compute/v2.1/servers/66b70934-edbd-4e5a-aaba-fcc35969b5c1 0.177s
2025-03-11 14:53:04.265 69145 INFO tempest.lib.common.rest_client [req-2ae557cb-5b88-4b4f-b7ff-791518837df2 req-2ae557cb-5b88-4b4f-b7ff-791518837df2 ] Request (ServerExternalEventsTest:test_create_server_external_events): 200 GET http://10.180.1.21/compute/v2.1/servers/02cdf5a9-85d6-4356-9cb8-dc557dc71e30 0.192s
2025-03-11 14:53:04.313 69109 INFO tempest.lib.common.rest_client [req-f30525fe-18f1-4849-bbf9-7c15dc840122 req-f30525fe-18f1-4849-bbf9-7c15dc840122 ] Request (TenantUsagesTestJSON:setUpClass): 200 GET http://10.180.1.21/compute/v2.1/servers/776380ee-20db-46e5-a0a1-f95598fd37c9 0.246s
2025-03-11 14:53:04.378 69147 INFO tempest.lib.common.rest_client [req-3ebb92b1-f143-464b-b194-5cad8ba7aa4e req-3ebb92b1-f143-464b-b194-5cad8ba7aa4e ] Request (SecurityGroupsTestJSON:test_list_security_groups_by_server): 200 GET http://10.180.1.21/compute/v2.1/servers/7bb8bece-20ee-4dae-b3b4-015745aff01a 0.247s
2025-03-11 14:53:06.837 69143 INFO paramiko.transport [-] Connected (version 2.0, client dropbear_2020.81)
2025-03-11 14:53:06.957 69143 INFO paramiko.transport [-] Authentication (publickey) successful!
2025-03-11 14:53:06.957 69143 INFO tempest.lib.common.ssh [-] ssh connection to cirros@10.180.180.205 successfully created
2025-03-11 14:53:08.962 69121 WARNING tempest.lib.common.ssh [-] Failed to establish authenticated ssh connection to cirros@10.180.180.171 ([Errno None] Unable to connect to port 22 on 10.180.180.171). Number attempts: 5. Retry after 6 seconds.: paramiko.ssh_exception.NoValidConnectionsError: [Errno None] Unable to connect to port 22 on 10.180.180.171
2025-03-11 14:53:11.329 69127 WARNING tempest.lib.common.ssh [-] Failed to establish authenticated ssh connection to cirros@10.180.180.226 ([Errno None] Unable to connect to port 22 on 10.180.180.226). Number attempts: 4. Retry after 5 seconds.: paramiko.ssh_exception.NoValidConnectionsError: [Errno None] Unable to connect to port 22 on 10.180.180.226
2025-03-11 14:53:11.713 69123 WARNING tempest.lib.common.ssh [-] Failed to establish authenticated ssh connection to cirros@10.180.180.128 ([Errno None] Unable to connect to port 22 on 10.180.180.128). Number attempts: 5. Retry after 6 seconds.: paramiko.ssh_exception.NoValidConnectionsError: [Errno None] Unable to connect to port 22 on 10.180.180.128
2025-03-11 14:53:12.546 69103 WARNING tempest.lib.common.ssh [-] Failed to establish authenticated ssh connection to cirros@10.180.180.142 ([Errno None] Unable to connect to port 22 on 10.180.180.142). Number attempts: 6. Retry after 7 seconds.: paramiko.ssh_exception.NoValidConnectionsError: [Errno None] Unable to connect to port 22 on 10.180.180.142
2025-03-11 14:53:12.584 69115 INFO tempest.lib.common.rest_client [req-021712b2-de09-4515-88d3-c9b8c907f2a2 req-021712b2-de09-4515-88d3-c9b8c907f2a2 ] Request (ImagesTestJSON:test_create_image_from_stopped_server): 200 GET http://10.180.1.21/compute/v2.1/images/b2e89092-ffb6-4743-a43e-1985f45856e4 8.477s
2025-03-11 14:53:12.588 69131 INFO tempest.lib.common.rest_client [req-9e26b79a-8e75-413b-8d4f-3af2a2edfd01 req-9e26b79a-8e75-413b-8d4f-3af2a2edfd01 ] Request (ImagesOneServerTestJSON:test_create_delete_image): 200 GET http://10.180.1.21/compute/v2.1/images/d2d9f4b3-f806-451a-9e06-c5ffd210909d 8.438s
2025-03-11 14:53:12.607 69113 INFO tempest.lib.common.rest_client [req-7a071891-87de-4034-9656-d7cb623003a7 req-7a071891-87de-4034-9656-d7cb623003a7 ] Request (AttachInterfacesV270Test:tearDownClass): 404 GET http://10.180.1.21/compute/v2.1/servers/355d5465-f430-492c-9df7-50aba00b72aa 8.389s
2025-03-11 14:53:12.660 69091 INFO tempest.lib.common.rest_client [req-dcfc980b-a352-4500-a20e-82c3b00e6472 req-dcfc980b-a352-4500-a20e-82c3b00e6472 ] Request (AttachInterfacesTestJSON:test_create_list_show_delete_interfaces_by_fixed_ip): 200 GET http://10.180.1.21/compute/v2.1/servers/b0d2fa9a-a09a-4071-a249-a976f9249eb2 8.436s
2025-03-11 14:53:12.727 69105 INFO tempest.lib.common.rest_client [req-077cf143-6d6a-49e0-b62b-de7a338c10e8 req-077cf143-6d6a-49e0-b62b-de7a338c10e8 ] Request (ServerAddressesNegativeTestJSON:setUpClass): 200 GET http://10.180.1.21/compute/v2.1/servers/01aff794-4d90-47b8-9fc3-4f518bba2661 8.367s
2025-03-11 14:53:12.735 69105 INFO tempest.common.waiters [-] State transition "BUILD/scheduling" ==> "BUILD/None" after 24 second wait
2025-03-11 14:53:12.790 69089 INFO tempest.lib.common.rest_client [req-b3a551cd-4f31-44d3-926b-fbba798ceba1 req-b3a551cd-4f31-44d3-926b-fbba798ceba1 ] Request (ServerDiagnosticsTest:test_get_server_diagnostics): 200 GET http://10.180.1.21/compute/v2.1/servers/b04b1b2d-8361-4e50-a109-1b76f6122ca0 8.378s
2025-03-11 14:53:12.833 69118 INFO tempest.lib.common.rest_client [req-3ba24c73-1849-4374-a6e6-5d46db48785c req-3ba24c73-1849-4374-a6e6-5d46db48785c ] Request (InstanceActionsNegativeTestJSON:setUpClass): 200 GET http://10.180.1.21/compute/v2.1/servers/556a1ddb-62ce-4872-96f6-9be4c461177b 8.534s
2025-03-11 14:53:12.844 69118 INFO tempest.common.waiters [-] State transition "BUILD/networking" ==> "BUILD/spawning" after 36 second wait
2025-03-11 14:53:13.069 69139 INFO tempest.lib.common.rest_client [req-26a45ae9-521e-479b-8f43-3eeda32a4bf8 req-26a45ae9-521e-479b-8f43-3eeda32a4bf8 ] Request (ImagesOneServerNegativeTestJSON:setUpClass): 200 GET http://10.180.1.21/compute/v2.1/servers/72f660d3-9878-4e81-a1fc-425edc0d89f1 8.653s
2025-03-11 14:53:13.079 69139 INFO tempest.common.waiters [-] State transition "BUILD/spawning" ==> "ACTIVE/None" after 41 second wait
2025-03-11 14:53:13.105 69133 INFO tempest.lib.common.rest_client [req-e9bf174e-da4e-4f82-8ec7-1660a50a1c81 req-e9bf174e-da4e-4f82-8ec7-1660a50a1c81 ] Request (ServerMetadataTestJSON:setUpClass): 200 GET http://10.180.1.21/compute/v2.1/servers/f7e5f969-1dbf-43d8-bfcf-191f917ea41b 8.636s
2025-03-11 14:53:13.116 69133 INFO tempest.common.waiters [-] State transition "BUILD/None" ==> "BUILD/spawning" after 33 second wait
2025-03-11 14:53:13.215 69137 INFO tempest.lib.common.rest_client [req-02db80b7-7283-48a0-9ca6-5b8ef9fedcb6 req-02db80b7-7283-48a0-9ca6-5b8ef9fedcb6 ] Request (ServersAdmin275Test:tearDownClass): 200 GET http://10.180.1.21/compute/v2.1/servers/18c25ab9-16c1-45b5-8615-74ff264be4f0 8.600s
2025-03-11 14:53:13.281 69087 INFO tempest.lib.common.rest_client [req-eadcadaa-b829-45ce-8071-7fab16dc88e6 req-eadcadaa-b829-45ce-8071-7fab16dc88e6 ] Request (ServerRescueTestJSONUnderV235:setUpClass): 200 GET http://10.180.1.21/compute/v2.1/servers/e2864a00-6ef3-4a62-9e6f-fb3499e467c1 8.602s
2025-03-11 14:53:13.285 69149 INFO tempest.lib.common.rest_client [req-70650b3d-808c-4ca7-8256-581ec3ee258d req-70650b3d-808c-4ca7-8256-581ec3ee258d ] Request (ListImageFiltersTestJSON:setUpClass): 200 GET http://10.180.1.21/compute/v2.1/servers/8bdc8997-1e93-46c1-ae70-1ac96d6c82b8 8.678s
2025-03-11 14:53:13.293 69149 INFO tempest.common.waiters [-] State transition "BUILD/spawning" ==> "ACTIVE/None" after 47 second wait
2025-03-11 14:53:13.353 69107 INFO tempest.lib.common.rest_client [req-73cc8dec-d48d-4fbd-afe8-14319b1f84c9 req-73cc8dec-d48d-4fbd-afe8-14319b1f84c9 ] Request (DeleteServersAdminTestJSON:test_delete_server_while_in_error_state): 200 GET http://10.180.1.21/compute/v2.1/servers/2d93889e-f698-49de-9950-c7411e536933 8.571s
2025-03-11 14:53:13.356 69135 INFO tempest.lib.common.rest_client [req-6aa991a6-9b2d-4c20-9e6b-8af72db2cb2e req-6aa991a6-9b2d-4c20-9e6b-8af72db2cb2e ] Request (ImagesNegativeTestJSON:test_create_image_from_deleted_server): 200 GET http://10.180.1.21/compute/v2.1/servers/daaf83a1-08c2-4616-ad17-2a7a2742f685 8.599s
2025-03-11 14:53:13.439 69125 INFO tempest.lib.common.rest_client [req-692c73d3-acc0-4884-b8b3-cbb67d3ca277 req-692c73d3-acc0-4884-b8b3-cbb67d3ca277 ] Request (ServersListShow2100Test:test_list_show_rebuild_update_server_2100): 200 GET http://10.180.1.21/compute/v2.1/servers/72ebc6d5-0b06-410f-a136-6102ba326884 8.486s
2025-03-11 14:53:13.443 69141 INFO tempest.lib.common.rest_client [req-a356fcfd-029f-4d82-bba4-1eee233d2623 req-a356fcfd-029f-4d82-bba4-1eee233d2623 ] Request (ServerRescueNegativeTestJSON:setUpClass): 200 GET http://10.180.1.21/compute/v2.1/servers/1e8e7cc6-19e2-49d2-8cff-b7345449b80e 8.591s
2025-03-11 14:53:13.456 69141 INFO tempest.common.waiters [-] State transition "BUILD/scheduling" ==> "BUILD/None" after 22 second wait
2025-03-11 14:53:13.660 69111 INFO tempest.lib.common.rest_client [req-dfbbd8e6-46e9-4cf9-8e03-f6984e7f82e1 req-dfbbd8e6-46e9-4cf9-8e03-f6984e7f82e1 ] Request (ServersAdminNegativeTestJSON:test_migrate_server_invalid_state): 200 GET http://10.180.1.21/compute/v2.1/servers/5f67246a-f15d-4555-84dc-b06a65322e3c 8.665s
2025-03-11 14:53:13.668 69111 INFO tempest.common.waiters [-] State transition "ACTIVE/suspending" ==> "SUSPENDED/None" after 10 second wait
2025-03-11 14:53:13.684 69097 INFO tempest.lib.common.rest_client [req-305243ea-4aff-467a-85f7-f358b9c56f65 req-305243ea-4aff-467a-85f7-f358b9c56f65 ] Request (FloatingIPsAssociationNegativeTestJSON:setUpClass): 200 GET http://10.180.1.21/compute/v2.1/servers/1e5d9d3d-0088-4b8b-ab36-c23e88bc6386 8.624s
2025-03-11 14:53:13.693 69097 INFO tempest.common.waiters [-] State transition "BUILD/None" ==> "BUILD/spawning" after 29 second wait
2025-03-11 14:53:13.745 69101 INFO tempest.lib.common.rest_client [req-a25e6d26-afd3-4ce9-b54c-bde50f04803f req-a25e6d26-afd3-4ce9-b54c-bde50f04803f ] Request (ServersAdminTestJSON:test_create_server_with_scheduling_hint): 200 GET http://10.180.1.21/compute/v2.1/servers/c3bd6684-4b0e-4ed0-ae2e-d9663cb35e55 8.625s
2025-03-11 14:53:13.751 69101 INFO tempest.common.waiters [-] State transition "BUILD/scheduling" ==> "BUILD/None" after 24 second wait
2025-03-11 14:53:13.810 69093 INFO tempest.lib.common.rest_client [req-8c52b250-8d1e-4953-86bb-1e3c2cbb60ba req-8c52b250-8d1e-4953-86bb-1e3c2cbb60ba ] Request (MigrationsAdminTest:test_list_migrations_in_flavor_resize_situation): 200 GET http://10.180.1.21/compute/v2.1/servers/69f3331f-bcea-4eee-816f-c3d445baf821 8.734s
2025-03-11 14:53:13.825 69129 INFO tempest.lib.common.rest_client [req-bf450c3f-dd7e-4533-8f73-a4dd82758679 req-bf450c3f-dd7e-4533-8f73-a4dd82758679 ] Request (ServerGroupTestJSON:test_create_server_with_scheduler_hint_group): 200 GET http://10.180.1.21/compute/v2.1/servers/4256b74b-3d54-4912-ace3-80f81c344a93 8.695s
2025-03-11 14:53:13.893 69099 INFO tempest.lib.common.rest_client [req-abb751e3-d965-42fa-8356-919e9db9edd5 req-abb751e3-d965-42fa-8356-919e9db9edd5 ] Request (ServersNegativeTestJSON:setUpClass): 200 GET http://10.180.1.21/compute/v2.1/servers/66b70934-edbd-4e5a-aaba-fcc35969b5c1 8.700s
2025-03-11 14:53:13.897 69119 INFO tempest.lib.common.rest_client [req-fdbdfe99-fe63-4dd4-b5b5-0c174b41034e req-fdbdfe99-fe63-4dd4-b5b5-0c174b41034e ] Request (ServerActionsTestOtherB:setUpClass): 200 GET http://10.180.1.21/compute/v2.1/servers/cc31ecbb-b6dc-4785-8231-efb8796465b3 8.719s
2025-03-11 14:53:13.902 69099 INFO tempest.common.waiters [-] State transition "BUILD/scheduling" ==> "BUILD/None" after 23 second wait
2025-03-11 14:53:13.929 69113 INFO tempest.lib.common.rest_client [req-abc741b7-2f52-4fea-88b1-69cf3c406348 req-abc741b7-2f52-4fea-88b1-69cf3c406348 ] Request (AttachInterfacesV270Test:tearDownClass): 200 PUT http://10.180.1.21:9696/networking/v2.0/routers/23f06821-f085-4903-8ea1-098d71ecd48b/remove_router_interface 1.321s
2025-03-11 14:53:13.970 69145 INFO tempest.lib.common.rest_client [req-0bcb121e-643c-4b1c-86a5-ec668b0a771b req-0bcb121e-643c-4b1c-86a5-ec668b0a771b ] Request (ServerExternalEventsTest:test_create_server_external_events): 200 GET http://10.180.1.21/compute/v2.1/servers/02cdf5a9-85d6-4356-9cb8-dc557dc71e30 8.695s
2025-03-11 14:53:14.005 69109 INFO tempest.lib.common.rest_client [req-f88a8f7b-4a74-4125-b5ca-d6ee14edde7b req-f88a8f7b-4a74-4125-b5ca-d6ee14edde7b ] Request (TenantUsagesTestJSON:setUpClass): 200 GET http://10.180.1.21/compute/v2.1/servers/776380ee-20db-46e5-a0a1-f95598fd37c9 8.673s
2025-03-11 14:53:14.017 69109 INFO tempest.common.waiters [-] State transition "BUILD/spawning" ==> "ACTIVE/None" after 39 second wait
2025-03-11 14:53:14.018 69147 INFO tempest.lib.common.rest_client [req-3aabb178-eafc-427e-a7aa-a046e292d43d req-3aabb178-eafc-427e-a7aa-a046e292d43d ] Request (SecurityGroupsTestJSON:test_list_security_groups_by_server): 200 GET http://10.180.1.21/compute/v2.1/servers/7bb8bece-20ee-4dae-b3b4-015745aff01a 8.630s
2025-03-11 14:53:14.064 69131 INFO tempest.lib.common.rest_client [req-06aa4e7f-27c1-48dc-a98d-07dfde7eddac req-06aa4e7f-27c1-48dc-a98d-07dfde7eddac ] Request (ImagesOneServerTestJSON:test_create_delete_image): 200 GET http://10.180.1.21/compute/v2.1/images/d2d9f4b3-f806-451a-9e06-c5ffd210909d 1.473s
2025-03-11 14:53:14.162 69143 INFO tempest.lib.common.rest_client [req-2a70af8c-6503-4e95-9614-b638ba6a3ba7 req-2a70af8c-6503-4e95-9614-b638ba6a3ba7 ] Request (ServerActionsTestJSON:setUp): 200 GET http://10.180.1.21/compute/v2.1/servers/25f67d77-b17e-4146-b544-7f6671a8ea6f 7.203s
2025-03-11 14:53:14.187 69139 INFO tempest.lib.common.rest_client [req-e747ea76-9102-41fe-b7b9-c6b416e50a89 req-e747ea76-9102-41fe-b7b9-c6b416e50a89 ] Request (ImagesOneServerNegativeTestJSON:setUp): 200 GET http://10.180.1.21/compute/v2.1/servers/72f660d3-9878-4e81-a1fc-425edc0d89f1 1.107s
2025-03-11 14:53:14.230 69115 INFO tempest.lib.common.rest_client [req-12334874-9ba3-4856-a954-dd4fbf0d9f71 req-12334874-9ba3-4856-a954-dd4fbf0d9f71 ] Request (ImagesTestJSON:test_create_image_from_stopped_server): 200 GET http://10.180.1.21/compute/v2.1/images/b2e89092-ffb6-4743-a43e-1985f45856e4 0.641s
2025-03-11 14:53:14.269 69149 INFO tempest.lib.common.rest_client [req-1fe8b0ef-104a-462b-90f2-75f882ab0269 req-1fe8b0ef-104a-462b-90f2-75f882ab0269 ] Request (ListImageFiltersTestJSON:setUpClass): 200 GET http://10.180.1.21/compute/v2.1/servers/8f04c7e3-8b37-43c9-ad6e-4775fa7b2166 0.975s
2025-03-11 14:53:14.296 69113 INFO tempest.lib.common.rest_client [req-57c48482-220b-4013-b62e-2c526c6be351 req-57c48482-220b-4013-b62e-2c526c6be351 ] Request (AttachInterfacesV270Test:tearDownClass): 204 DELETE http://10.180.1.21:9696/networking/v2.0/routers/23f06821-f085-4903-8ea1-098d71ecd48b 0.366s
2025-03-11 14:53:14.307 69111 INFO tempest.lib.common.rest_client [req-f8b4c707-e47e-41fb-97b1-026fc20d0565 req-f8b4c707-e47e-41fb-97b1-026fc20d0565 ] Request (ServersAdminNegativeTestJSON:test_migrate_server_invalid_state): 409 POST http://10.180.1.21/compute/v2.1/servers/5f67246a-f15d-4555-84dc-b06a65322e3c/action 0.638s
2025-03-11 14:53:14.326 69091 INFO tempest.lib.common.rest_client [req-44de6b5e-ce9f-41d5-820a-c35d6bd5cc3f req-44de6b5e-ce9f-41d5-820a-c35d6bd5cc3f ] Request (AttachInterfacesTestJSON:test_create_list_show_delete_interfaces_by_fixed_ip): 200 GET http://10.180.1.21/compute/v2.1/servers/b0d2fa9a-a09a-4071-a249-a976f9249eb2 0.657s
2025-03-11 14:53:14.361 69105 INFO tempest.lib.common.rest_client [req-9cea79cd-e9be-4412-8441-eb2c3f98f485 req-9cea79cd-e9be-4412-8441-eb2c3f98f485 ] Request (ServerAddressesNegativeTestJSON:setUpClass): 200 GET http://10.180.1.21/compute/v2.1/servers/01aff794-4d90-47b8-9fc3-4f518bba2661 0.625s
2025-03-11 14:53:14.381 69089 INFO tempest.lib.common.rest_client [req-1ca49c12-1884-401a-b73f-59982906e7ae req-1ca49c12-1884-401a-b73f-59982906e7ae ] Request (ServerDiagnosticsTest:test_get_server_diagnostics): 200 GET http://10.180.1.21/compute/v2.1/servers/b04b1b2d-8361-4e50-a109-1b76f6122ca0 0.573s
2025-03-11 14:53:14.425 69113 INFO tempest.lib.common.rest_client [req-e7e3d600-39a1-4c73-8018-1ccbec3a8b69 req-e7e3d600-39a1-4c73-8018-1ccbec3a8b69 ] Request (AttachInterfacesV270Test:tearDownClass): 204 DELETE http://10.180.1.21:9696/networking/v2.0/subnets/bb189485-5594-4a5e-a808-d48a4d04d4b0 0.128s
2025-03-11 14:53:14.506 69109 INFO tempest.lib.common.rest_client [req-a5572d38-cfa5-4e2e-9d00-f2f2ef42d065 req-a5572d38-cfa5-4e2e-9d00-f2f2ef42d065 ] Request (TenantUsagesTestJSON:test_get_usage_tenant): 200 GET http://10.180.1.21/compute/v2.1/os-simple-tenant-usage/2bc7bfb7d9eb4c418529358aebbb5608?start=2025-03-10T14%3A53%3A14.017629&end=2025-03-12T14%3A53%3A14.017629 0.487s
2025-03-11 14:53:14.663 69131 INFO tempest.lib.common.rest_client [req-ab7416ca-259e-4e57-a16a-46e6989bd527 req-ab7416ca-259e-4e57-a16a-46e6989bd527 ] Request (ImagesOneServerTestJSON:test_create_delete_image): 200 GET http://10.180.1.21/compute/v2.1/servers/d469eba2-f7c1-4e68-b235-58740e9e34d7 0.595s
2025-03-11 14:53:14.705 69118 INFO tempest.lib.common.rest_client [req-c9ac9f98-4767-4cb3-8676-f9e6f305aa1b req-c9ac9f98-4767-4cb3-8676-f9e6f305aa1b ] Request (InstanceActionsNegativeTestJSON:setUpClass): 200 GET http://10.180.1.21/compute/v2.1/servers/556a1ddb-62ce-4872-96f6-9be4c461177b 0.860s
2025-03-11 14:53:14.714 69113 INFO tempest.lib.common.rest_client [req-a2a5a708-42ad-43f9-aa21-e1a1c4ad79b0 req-a2a5a708-42ad-43f9-aa21-e1a1c4ad79b0 ] Request (AttachInterfacesV270Test:tearDownClass): 204 DELETE http://10.180.1.21:9696/networking/v2.0/networks/88dfcd93-5b48-44c1-9fa1-87a18c11b128 0.289s
2025-03-11 14:53:14.762 69133 INFO tempest.lib.common.rest_client [req-e8fa7cf5-7860-4a1f-80f5-ad0e685d088a req-e8fa7cf5-7860-4a1f-80f5-ad0e685d088a ] Request (ServerMetadataTestJSON:setUpClass): 200 GET http://10.180.1.21/compute/v2.1/servers/f7e5f969-1dbf-43d8-bfcf-191f917ea41b 0.644s
2025-03-11 14:53:14.767 69139 INFO tempest.lib.common.rest_client [req-4455d829-3e19-4e87-8fbf-66943362aa9f req-4455d829-3e19-4e87-8fbf-66943362aa9f ] Request (ImagesOneServerNegativeTestJSON:test_create_image_specify_invalid_metadata): 400 POST http://10.180.1.21/compute/v2.1/servers/72f660d3-9878-4e81-a1fc-425edc0d89f1/action 0.565s
2025-03-11 14:53:14.791 69137 INFO tempest.lib.common.rest_client [req-7581e0ed-e689-4ae1-9318-e6e4b955e01c req-7581e0ed-e689-4ae1-9318-e6e4b955e01c ] Request (ServersAdmin275Test:tearDownClass): 404 GET http://10.180.1.21/compute/v2.1/servers/18c25ab9-16c1-45b5-8615-74ff264be4f0 0.562s
2025-03-11 14:53:14.793 69143 INFO tempest.lib.common.rest_client [req-baa94b66-023b-40f1-a023-54668a8de0ee req-baa94b66-023b-40f1-a023-54668a8de0ee ] Request (ServerActionsTestJSON:test_lock_unlock_server): 202 POST http://10.180.1.21/compute/v2.1/servers/25f67d77-b17e-4146-b544-7f6671a8ea6f/action 0.617s
2025-03-11 14:53:14.833 69115 INFO tempest.lib.common.rest_client [req-064cdf26-8576-4df4-a6d2-024b2c0f1d73 req-064cdf26-8576-4df4-a6d2-024b2c0f1d73 ] Request (ImagesTestJSON:test_create_image_from_stopped_server): 200 GET http://10.180.1.21/compute/v2.1/images/b2e89092-ffb6-4743-a43e-1985f45856e4 0.598s
