2025-03-11 14:53:19.020 69099 INFO tempest.lib.common.rest_client [req-3b7ee2ed-85e9-4038-9c97-e35f7cde99e3 req-3b7ee2ed-85e9-4038-9c97-e35f7cde99e3 ] Request (ServersNegativeTestJSON:setUpClass): 200 GET http://10.180.1.21/compute/v2.1/servers/66b70934-edbd-4e5a-aaba-fcc35969b5c1 0.548s
2025-03-11 14:53:19.033 69113 INFO tempest.lib.common.rest_client [req-da3b257e-3318-469d-bf25-6f1a793c9573 req-da3b257e-3318-469d-bf25-6f1a793c9573 ] Request (ListServerFiltersTestJSON:setUpClass): 201 POST http://10.180.1.21/identity/v3/auth/tokens 0.042s
2025-03-11 14:53:19.033 69113 INFO tempest.lib.common.fixed_network [-] (ListServerFiltersTestJSON:setUpClass) Found network {'id': 'c3f50861-bb60-457a-b237-ad65086ccd18', 'name': 'tempest-ListServerFiltersTestJSON-718717931-network', 'tenant_id': '4172da55e2944007aef08b5f397280a9', 'admin_state_up': True, 'mtu': 8950, 'status': 'ACTIVE', 'subnets': [], 'shared': False, 'project_id': '4172da55e2944007aef08b5f397280a9', 'port_security_enabled': True, 'router:external': False, 'provider:network_type': 'vlan', 'provider:physical_network': 'default', 'provider:segmentation_id': 263, 'availability_zone_hints': [], 'availability_zones': [], 'ipv4_address_scope': None, 'ipv6_address_scope': None, 'description': '', 'tags': [], 'created_at': '2025-03-11T14:53:17Z', 'updated_at': '2025-03-11T14:53:17Z', 'revision_number': 1} available for tenant
2025-03-11 14:53:19.110 69145 INFO tempest.lib.common.rest_client [req-de5f4c3b-4cda-407a-977a-4a7d3ea1f596 req-de5f4c3b-4cda-407a-977a-4a7d3ea1f596 ] Request (ServerExternalEventsTest:test_create_server_external_events): 200 GET http://10.180.1.21/compute/v2.1/servers/02cdf5a9-85d6-4356-9cb8-dc557dc71e30 0.553s
2025-03-11 14:53:19.125 69093 INFO tempest.lib.common.rest_client [req-aee3887d-1aa3-4c69-a6f8-3e8a930da7bd req-aee3887d-1aa3-4c69-a6f8-3e8a930da7bd ] Request (MigrationsAdminTest:test_list_migrations_in_flavor_resize_situation): 200 GET http://10.180.1.21/compute/v2.1/servers/69f3331f-bcea-4eee-816f-c3d445baf821 0.642s
2025-03-11 14:53:19.183 69147 INFO tempest.lib.common.rest_client [req-ec31d5e4-8a78-45d2-bb80-55da154caae5 req-ec31d5e4-8a78-45d2-bb80-55da154caae5 ] Request (SecurityGroupsTestJSON:test_list_security_groups_by_server): 200 GET http://10.180.1.21/compute/v2.1/servers/7bb8bece-20ee-4dae-b3b4-015745aff01a 0.541s
2025-03-11 14:53:19.217 69149 INFO tempest.lib.common.rest_client [req-d48c05f7-cda9-4371-86b3-a58eaef1f604 req-d48c05f7-cda9-4371-86b3-a58eaef1f604 ] Request (ListImageFiltersTestJSON:setUpClass): 200 GET http://10.180.1.21/compute/v2.1/images/0dd8fccb-95a1-466b-bfa2-809738b36dfd 0.538s
2025-03-11 14:53:19.266 69119 INFO tempest.lib.common.rest_client [req-4ea18c03-9ea2-4b31-b0ee-964638a4b90d req-4ea18c03-9ea2-4b31-b0ee-964638a4b90d ] Request (ServerActionsTestOtherB:setUpClass): 200 GET http://10.180.1.21/compute/v2.1/servers/cc31ecbb-b6dc-4785-8231-efb8796465b3 0.693s
2025-03-11 14:53:19.278 69091 INFO tempest.lib.common.rest_client [req-7f474762-1ea0-44e1-acef-ad08cacbd8d1 req-7f474762-1ea0-44e1-acef-ad08cacbd8d1 ] Request (AttachInterfacesTestJSON:test_create_list_show_delete_interfaces_by_fixed_ip): 200 GET http://10.180.1.21/compute/v2.1/servers/b0d2fa9a-a09a-4071-a249-a976f9249eb2 0.544s
2025-03-11 14:53:19.282 69119 INFO tempest.common.waiters [-] State transition "BUILD/networking" ==> "BUILD/block_device_mapping" after 35 second wait
2025-03-11 14:53:19.320 69089 INFO tempest.lib.common.rest_client [req-cbe05985-1023-4831-abad-9a7756f59864 req-cbe05985-1023-4831-abad-9a7756f59864 ] Request (ServerDiagnosticsTest:test_get_server_diagnostics): 200 GET http://10.180.1.21/compute/v2.1/servers/b04b1b2d-8361-4e50-a109-1b76f6122ca0 0.539s
2025-03-11 14:53:19.333 69105 INFO tempest.lib.common.rest_client [req-ad95ca6f-3d73-481c-b1be-72a3d49a6817 req-ad95ca6f-3d73-481c-b1be-72a3d49a6817 ] Request (ServerAddressesNegativeTestJSON:setUpClass): 200 GET http://10.180.1.21/compute/v2.1/servers/01aff794-4d90-47b8-9fc3-4f518bba2661 0.499s
2025-03-11 14:53:19.357 69111 INFO tempest.lib.common.rest_client [req-570dc16e-42fa-4a75-8dbb-94b83c8c25c4 req-570dc16e-42fa-4a75-8dbb-94b83c8c25c4 ] Request (ServersAdminNegativeTestJSON:_run_cleanups): 200 GET http://10.180.1.21/compute/v2.1/flavors/detail 0.473s
2025-03-11 14:53:19.379 69137 INFO tempest.lib.common.rest_client [req-b464487e-ca38-4931-81f1-4b234a928018 req-b464487e-ca38-4931-81f1-4b234a928018 ] Request (ImagesMetadataNegativeTestJSON:test_set_nonexistent_image_metadata_item): 404 PUT http://10.180.1.21/compute/v2.1/images/ecfc1678-a3e9-4cca-a689-527823a2f66e/metadata/os_distro 0.476s
2025-03-11 14:53:19.415 69139 INFO tempest.lib.common.rest_client [req-b567b674-110d-4ac7-9ce4-21989e6386dc req-b567b674-110d-4ac7-9ce4-21989e6386dc ] Request (ImagesOneServerNegativeTestJSON:tearDown): 200 GET http://10.180.1.21/compute/v2.1/servers/72f660d3-9878-4e81-a1fc-425edc0d89f1 0.547s
2025-03-11 14:53:19.502 69143 INFO tempest.lib.common.rest_client [req-50a7d9f9-6f54-42f3-b604-2737237b0754 req-50a7d9f9-6f54-42f3-b604-2737237b0754 ] Request (ServerActionsTestJSON:test_lock_unlock_server): 200 GET http://10.180.1.21/compute/v2.1/servers/25f67d77-b17e-4146-b544-7f6671a8ea6f 0.571s
2025-03-11 14:53:19.647 69118 INFO tempest.lib.common.rest_client [req-6d924b22-f0af-48fa-880c-36fe02e3cbe6 req-6d924b22-f0af-48fa-880c-36fe02e3cbe6 ] Request (InstanceActionsNegativeTestJSON:setUpClass): 200 GET http://10.180.1.21/compute/v2.1/servers/556a1ddb-62ce-4872-96f6-9be4c461177b 0.568s
2025-03-11 14:53:19.724 69115 INFO tempest.lib.common.rest_client [req-044dcd6c-aab5-4c47-aa7d-395d462c4b81 req-044dcd6c-aab5-4c47-aa7d-395d462c4b81 ] Request (ImagesTestJSON:test_create_image_from_suspended_server): 200 GET http://10.180.1.21/compute/v2.1/servers/5da73876-e660-4622-9146-0b57641dd0f3 0.586s
2025-03-11 14:53:19.787 69087 INFO tempest.lib.common.rest_client [req-6f513677-b5ed-4d55-9cdd-268ace3a761e req-6f513677-b5ed-4d55-9cdd-268ace3a761e ] Request (ServerRescueTestJSONUnderV235:setUpClass): 200 GET http://10.180.1.21/compute/v2.1/servers/e2864a00-6ef3-4a62-9e6f-fb3499e467c1 0.422s
2025-03-11 14:53:19.807 69113 INFO tempest.lib.common.rest_client [req-9817e19a-aab6-4120-85a8-88485797fbaf req-9817e19a-aab6-4120-85a8-88485797fbaf ] Request (ListServerFiltersTestJSON:setUpClass): 202 POST http://10.180.1.21/compute/v2.1/servers 0.773s
2025-03-11 14:53:19.852 69113 INFO tempest.lib.common.rest_client [req-d7f85a63-519f-442f-837d-d70e2c479cdc req-d7f85a63-519f-442f-837d-d70e2c479cdc ] Request (ListServerFiltersTestJSON:setUpClass): 201 POST http://10.180.1.21/identity/v3/auth/tokens 0.041s
2025-03-11 14:53:19.852 69113 INFO tempest.lib.common.fixed_network [-] (ListServerFiltersTestJSON:setUpClass) Found network {'id': 'c3f50861-bb60-457a-b237-ad65086ccd18', 'name': 'tempest-ListServerFiltersTestJSON-718717931-network', 'tenant_id': '4172da55e2944007aef08b5f397280a9', 'admin_state_up': True, 'mtu': 8950, 'status': 'ACTIVE', 'subnets': [], 'shared': False, 'project_id': '4172da55e2944007aef08b5f397280a9', 'port_security_enabled': True, 'router:external': False, 'provider:network_type': 'vlan', 'provider:physical_network': 'default', 'provider:segmentation_id': 263, 'availability_zone_hints': [], 'availability_zones': [], 'ipv4_address_scope': None, 'ipv6_address_scope': None, 'description': '', 'tags': [], 'created_at': '2025-03-11T14:53:17Z', 'updated_at': '2025-03-11T14:53:17Z', 'revision_number': 1} available for tenant
2025-03-11 14:53:19.894 69111 INFO tempest.lib.common.rest_client [req-438d5271-2af6-4d15-8cec-aaaddbb23997 req-438d5271-2af6-4d15-8cec-aaaddbb23997 ] Request (ServersAdminNegativeTestJSON:test_resize_server_using_overlimit_vcpus): 200 GET http://10.180.1.21/compute/v2.1/os-quota-sets/0f72668c5a284ef18fc6e0959e6b0950 0.528s
2025-03-11 14:53:19.905 69127 WARNING tempest.lib.common.ssh [-] Failed to establish authenticated ssh connection to cirros@10.180.180.226 ([Errno None] Unable to connect to port 22 on 10.180.180.226). Number attempts: 5. Retry after 6 seconds.: paramiko.ssh_exception.NoValidConnectionsError: [Errno None] Unable to connect to port 22 on 10.180.180.226
2025-03-11 14:53:19.919 69137 INFO tempest.lib.common.rest_client [req-4f85c792-c413-4ac8-9c1d-f6b4ed6ca3ba req-4f85c792-c413-4ac8-9c1d-f6b4ed6ca3ba ] Request (ImagesMetadataNegativeTestJSON:test_update_nonexistent_image_metadata): 404 POST http://10.180.1.21/compute/v2.1/images/95429b93-1a16-49d0-b12d-1bd568d9813d/metadata 0.538s
2025-03-11 14:53:19.930 69133 INFO tempest.lib.common.rest_client [req-4bf35867-898a-4a7a-bdfc-62025b1e91c4 req-4bf35867-898a-4a7a-bdfc-62025b1e91c4 ] Request (ServerMetadataTestJSON:setUpClass): 200 GET http://10.180.1.21/compute/v2.1/servers/f7e5f969-1dbf-43d8-bfcf-191f917ea41b 0.556s
2025-03-11 14:53:19.940 69133 INFO tempest.common.waiters [-] State transition "BUILD/spawning" ==> "ACTIVE/None" after 39 second wait
2025-03-11 14:53:19.982 69107 INFO tempest.lib.common.rest_client [req-a54be135-a0e9-44c7-bc16-643239762c94 req-a54be135-a0e9-44c7-bc16-643239762c94 ] Request (DeleteServersAdminTestJSON:test_delete_server_while_in_error_state): 200 GET http://10.180.1.21/compute/v2.1/servers/2d93889e-f698-49de-9950-c7411e536933 0.552s
2025-03-11 14:53:20.007 69137 INFO tempest.lib.common.rest_client [req-e36e78fe-7cef-4b48-991a-45b6ff93df12 req-e36e78fe-7cef-4b48-991a-45b6ff93df12 ] Request (ImagesMetadataNegativeTestJSON:tearDownClass): 204 DELETE http://10.180.1.21/identity/v3/users/322c3165bde4499dbb91940e98f271b2 0.087s
2025-03-11 14:53:20.008 69137 INFO tempest.lib.common.dynamic_creds [-] Deleting project and security group for project: 96c79c377f564207bb084fe9558351b1
2025-03-11 14:53:20.031 69139 INFO tempest.lib.common.rest_client [req-bf1e7ef9-6b90-4df2-869a-c7c31d5d2d66 req-bf1e7ef9-6b90-4df2-869a-c7c31d5d2d66 ] Request (ImagesOneServerNegativeTestJSON:setUp): 200 GET http://10.180.1.21/compute/v2.1/servers/72f660d3-9878-4e81-a1fc-425edc0d89f1 0.607s
2025-03-11 14:53:20.047 69135 INFO tempest.lib.common.rest_client [req-b57569ff-732a-4788-a954-aa90fb60ca6d req-b57569ff-732a-4788-a954-aa90fb60ca6d ] Request (ImagesNegativeTestJSON:test_create_image_from_deleted_server): 200 GET http://10.180.1.21/compute/v2.1/servers/daaf83a1-08c2-4616-ad17-2a7a2742f685 0.602s
2025-03-11 14:53:20.084 69141 INFO tempest.lib.common.rest_client [req-231e114c-52fc-442b-bd8d-b5d38584becb req-231e114c-52fc-442b-bd8d-b5d38584becb ] Request (ServerRescueNegativeTestJSON:setUpClass): 200 GET http://10.180.1.21/compute/v2.1/servers/1e8e7cc6-19e2-49d2-8cff-b7345449b80e 0.576s
2025-03-11 14:53:20.093 69137 INFO tempest.lib.common.rest_client [req-8f5c5947-e5b3-4bb6-89a1-79c8826ca71a req-8f5c5947-e5b3-4bb6-89a1-79c8826ca71a ] Request (ImagesMetadataNegativeTestJSON:tearDownClass): 201 POST http://10.180.1.21/identity/v3/auth/tokens 0.084s
2025-03-11 14:53:20.129 69125 INFO tempest.lib.common.rest_client [req-d0a3b043-4b1f-420d-b96b-a7242e366168 req-d0a3b043-4b1f-420d-b96b-a7242e366168 ] Request (ServersListShow2100Test:test_list_show_rebuild_update_server_2100): 200 GET http://10.180.1.21/compute/v2.1/servers/72ebc6d5-0b06-410f-a136-6102ba326884 0.581s
2025-03-11 14:53:20.138 69101 INFO tempest.lib.common.rest_client [req-b5ebfa82-c1aa-4b92-acbf-b7f8d478525f req-b5ebfa82-c1aa-4b92-acbf-b7f8d478525f ] Request (ServersAdminTestJSON:test_create_server_with_scheduling_hint): 200 GET http://10.180.1.21/compute/v2.1/servers/c3bd6684-4b0e-4ed0-ae2e-d9663cb35e55 0.575s
2025-03-11 14:53:20.185 69131 INFO tempest.lib.common.rest_client [req-d0677d5b-058d-4705-85d2-aaf98d161665 req-d0677d5b-058d-4705-85d2-aaf98d161665 ] Request (ImagesOneServerTestJSON:test_create_image_specify_multibyte_character_image_name): 200 GET http://10.180.1.21/compute/v2.1/images/fea42ffd-c9d0-43af-b509-216ed6c66313 0.516s
2025-03-11 14:53:20.361 69097 INFO tempest.lib.common.rest_client [req-362b967b-0c5d-4db4-8a49-b233044f6224 req-362b967b-0c5d-4db4-8a49-b233044f6224 ] Request (FloatingIPsAssociationNegativeTestJSON:setUpClass): 200 GET http://10.180.1.21/compute/v2.1/servers/1e5d9d3d-0088-4b8b-ab36-c23e88bc6386 0.727s
2025-03-11 14:53:20.427 69137 INFO tempest.lib.common.rest_client [req-61f0e03c-2b1f-41e1-8639-bb230589e66c req-61f0e03c-2b1f-41e1-8639-bb230589e66c ] Request (ImagesMetadataNegativeTestJSON:tearDownClass): 200 GET http://10.180.1.21:9696/networking/v2.0/security-groups?tenant_id=96c79c377f564207bb084fe9558351b1&name=default 0.334s
2025-03-11 14:53:20.435 69109 INFO tempest.lib.common.rest_client [req-e48eed92-9618-4ab8-a8b2-df553448886a req-e48eed92-9618-4ab8-a8b2-df553448886a ] Request (TenantUsagesTestJSON:tearDownClass): 200 GET http://10.180.1.21/compute/v2.1/servers/776380ee-20db-46e5-a0a1-f95598fd37c9 0.566s
2025-03-11 14:53:20.472 69111 INFO tempest.lib.common.rest_client [req-39b6176f-059c-4216-82df-8b1e1c1d9e08 req-39b6176f-059c-4216-82df-8b1e1c1d9e08 ] Request (ServersAdminNegativeTestJSON:test_resize_server_using_overlimit_vcpus): 200 POST http://10.180.1.21/compute/v2.1/flavors 0.575s
2025-03-11 14:53:20.536 69133 INFO tempest.lib.common.rest_client [req-0372465c-1791-44bb-a12a-9748472dcb26 req-0372465c-1791-44bb-a12a-9748472dcb26 ] Request (ServerMetadataTestJSON:setUp): 200 PUT http://10.180.1.21/compute/v2.1/servers/f7e5f969-1dbf-43d8-bfcf-191f917ea41b/metadata 0.595s
2025-03-11 14:53:20.558 69137 INFO tempest.lib.common.rest_client [req-af0aca08-138c-416c-95bd-5c6b31fa432c req-af0aca08-138c-416c-95bd-5c6b31fa432c ] Request (ImagesMetadataNegativeTestJSON:tearDownClass): 204 DELETE http://10.180.1.21:9696/networking/v2.0/security-groups/d008acf1-6865-431b-8c86-1c2031ed64a6 0.129s
2025-03-11 14:53:20.585 69129 INFO tempest.lib.common.rest_client [req-1a6962fc-e5b4-4f58-bd4b-d59b672b0e68 req-1a6962fc-e5b4-4f58-bd4b-d59b672b0e68 ] Request (ServerGroupTestJSON:test_create_server_with_scheduler_hint_group): 200 GET http://10.180.1.21/compute/v2.1/servers/4256b74b-3d54-4912-ace3-80f81c344a93 0.623s
2025-03-11 14:53:20.600 69113 INFO tempest.lib.common.rest_client [req-86e1a807-fe7a-43a2-a967-86c5e923ead1 req-86e1a807-fe7a-43a2-a967-86c5e923ead1 ] Request (ListServerFiltersTestJSON:setUpClass): 202 POST http://10.180.1.21/compute/v2.1/servers 0.747s
2025-03-11 14:53:20.634 69099 INFO tempest.lib.common.rest_client [req-abc63292-43ca-4a92-82c1-91f0b7b98891 req-abc63292-43ca-4a92-82c1-91f0b7b98891 ] Request (ServersNegativeTestJSON:setUpClass): 200 GET http://10.180.1.21/compute/v2.1/servers/66b70934-edbd-4e5a-aaba-fcc35969b5c1 0.606s
2025-03-11 14:53:20.643 69137 INFO tempest.lib.common.rest_client [req-b00c07aa-1449-436d-b03e-d8083f2740b8 req-b00c07aa-1449-436d-b03e-d8083f2740b8 ] Request (ImagesMetadataNegativeTestJSON:tearDownClass): 204 DELETE http://10.180.1.21/identity/v3/projects/96c79c377f564207bb084fe9558351b1 0.084s
2025-03-11 14:53:20.682 69145 INFO tempest.lib.common.rest_client [req-2a9ec6ba-1a3c-4020-8938-f624bdc75c92 req-2a9ec6ba-1a3c-4020-8938-f624bdc75c92 ] Request (ServerExternalEventsTest:test_create_server_external_events): 200 GET http://10.180.1.21/compute/v2.1/servers/02cdf5a9-85d6-4356-9cb8-dc557dc71e30 0.557s
2025-03-11 14:53:20.752 69137 INFO tempest.lib.common.rest_client [req-bbc309c8-ec13-4109-90c3-35ab0b5719b5 req-bbc309c8-ec13-4109-90c3-35ab0b5719b5 ] Request (SecurityGroupsNegativeTestJSON:setUpClass): 201 POST http://10.180.1.21/identity/v3/auth/tokens 0.108s
2025-03-11 14:53:20.785 69137 INFO tempest.lib.common.rest_client [req-9f8c4dd9-f1dd-4169-b1f9-f9247b51cafa req-9f8c4dd9-f1dd-4169-b1f9-f9247b51cafa ] Request (SecurityGroupsNegativeTestJSON:setUpClass): 201 POST http://10.180.1.21/identity/v3/auth/tokens 0.028s
2025-03-11 14:53:20.810 69093 INFO tempest.lib.common.rest_client [req-c948f069-9b62-46fc-9396-bf1cdacd85c4 req-c948f069-9b62-46fc-9396-bf1cdacd85c4 ] Request (MigrationsAdminTest:test_list_migrations_in_flavor_resize_situation): 200 GET http://10.180.1.21/compute/v2.1/servers/69f3331f-bcea-4eee-816f-c3d445baf821 0.675s
2025-03-11 14:53:20.810 69137 INFO tempest.lib.common.rest_client [req-ef517725-767f-447f-adb9-24ac770ffa8f req-ef517725-767f-447f-adb9-24ac770ffa8f ] Request (SecurityGroupsNegativeTestJSON:setUpClass): 200 GET http://10.180.1.21/identity/v3/domains?name=Default 0.025s
2025-03-11 14:53:20.840 69137 INFO tempest.lib.common.rest_client [req-a73ca0f8-7adc-428e-9c49-957317503296 req-a73ca0f8-7adc-428e-9c49-957317503296 ] Request (SecurityGroupsNegativeTestJSON:setUpClass): 201 POST http://10.180.1.21/identity/v3/projects 0.029s
2025-03-11 14:53:20.857 69147 INFO tempest.lib.common.rest_client [req-02f0b3e8-5fa6-4e22-a09b-2f43f9d33ae7 req-02f0b3e8-5fa6-4e22-a09b-2f43f9d33ae7 ] Request (SecurityGroupsTestJSON:test_list_security_groups_by_server): 200 GET http://10.180.1.21/compute/v2.1/servers/7bb8bece-20ee-4dae-b3b4-015745aff01a 0.663s
2025-03-11 14:53:20.892 69149 INFO tempest.lib.common.rest_client [req-e934587a-730e-4ad4-b49e-3c3b3e11041b req-e934587a-730e-4ad4-b49e-3c3b3e11041b ] Request (ListImageFiltersTestJSON:setUpClass): 200 GET http://10.180.1.21/compute/v2.1/images/0dd8fccb-95a1-466b-bfa2-809738b36dfd 0.668s
2025-03-11 14:53:20.897 69137 INFO tempest.lib.common.rest_client [req-e9642d6b-ca11-46bd-ac00-df55136d0c79 req-e9642d6b-ca11-46bd-ac00-df55136d0c79 ] Request (SecurityGroupsNegativeTestJSON:setUpClass): 201 POST http://10.180.1.21/identity/v3/users 0.056s
2025-03-11 14:53:20.917 69137 INFO tempest.lib.common.rest_client [req-a36e754e-3fe8-406b-9736-fe030123833b req-a36e754e-3fe8-406b-9736-fe030123833b ] Request (SecurityGroupsNegativeTestJSON:setUpClass): 200 GET http://10.180.1.21/identity/v3/roles 0.020s
2025-03-11 14:53:20.944 69137 INFO tempest.lib.common.rest_client [req-731c0552-092c-4290-9dc7-21cdf34ebfcd req-731c0552-092c-4290-9dc7-21cdf34ebfcd ] Request (SecurityGroupsNegativeTestJSON:setUpClass): 204 PUT http://10.180.1.21/identity/v3/projects/de68824ee29c41c880b2a75b994569b2/users/26f97e474d5d4917bc59d77931e3d895/roles/5e5b883e13dc4889a5e1b9a2cfed857a 0.027s
2025-03-11 14:53:20.944 69137 INFO tempest.lib.common.dynamic_creds [-] Dynamic test user 26f97e474d5d4917bc59d77931e3d895 is created with scope project and roles: ['member']
2025-03-11 14:53:20.945 69137 INFO tempest.lib.common.dynamic_creds [-] Acquired dynamic creds: credentials: Credentials: {'domain_id': 'default', 'domain_name': 'Default', 'username': 'tempest-SecurityGroupsNegativeTestJSON-378293536-project-member', 'project_domain_id': 'default', 'project_domain_name': 'Default', 'project_id': 'de68824ee29c41c880b2a75b994569b2', 'project_name': 'tempest-SecurityGroupsNegativeTestJSON-378293536', 'tenant_id': 'de68824ee29c41c880b2a75b994569b2', 'tenant_name': 'tempest-SecurityGroupsNegativeTestJSON-378293536', 'user_domain_id': 'default', 'user_domain_name': 'Default', 'user_id': '26f97e474d5d4917bc59d77931e3d895', 'system': None}, Network: None, Subnet: None, Router: None
2025-03-11 14:53:20.993 69119 INFO tempest.lib.common.rest_client [req-1cf79a53-cee8-4cd4-975b-8e560b868640 req-1cf79a53-cee8-4cd4-975b-8e560b868640 ] Request (ServerActionsTestOtherB:setUpClass): 200 GET http://10.180.1.21/compute/v2.1/servers/cc31ecbb-b6dc-4785-8231-efb8796465b3 0.710s
2025-03-11 14:53:20.997 69137 INFO tempest.lib.common.rest_client [req-a80e6aa6-2489-4ef9-a399-6bbaad97282d req-a80e6aa6-2489-4ef9-a399-6bbaad97282d ] Request (SecurityGroupsNegativeTestJSON:setUpClass): 201 POST http://10.180.1.21/identity/v3/auth/tokens 0.052s
2025-03-11 14:53:21.003 69119 INFO tempest.common.waiters [-] State transition "BUILD/block_device_mapping" ==> "BUILD/spawning" after 37 second wait
2025-03-11 14:53:21.046 69139 INFO tempest.lib.common.rest_client [req-aed9bcb8-db5b-4ac0-86fc-c237febbf759 req-aed9bcb8-db5b-4ac0-86fc-c237febbf759 ] Request (ImagesOneServerNegativeTestJSON:test_create_second_image_when_first_image_is_being_saved): 202 POST http://10.180.1.21/compute/v2.1/servers/72f660d3-9878-4e81-a1fc-425edc0d89f1/action 1.007s
2025-03-11 14:53:21.054 69091 INFO tempest.lib.common.rest_client [req-0186c761-f32c-4741-ac86-4bc287a68ea8 req-0186c761-f32c-4741-ac86-4bc287a68ea8 ] Request (AttachInterfacesTestJSON:test_create_list_show_delete_interfaces_by_fixed_ip): 200 GET http://10.180.1.21/compute/v2.1/servers/b0d2fa9a-a09a-4071-a249-a976f9249eb2 0.767s
2025-03-11 14:53:21.114 69089 INFO tempest.lib.common.rest_client [req-dfa59037-9e5b-4061-8e56-87ec49023156 req-dfa59037-9e5b-4061-8e56-87ec49023156 ] Request (ServerDiagnosticsTest:test_get_server_diagnostics): 200 GET http://10.180.1.21/compute/v2.1/servers/b04b1b2d-8361-4e50-a109-1b76f6122ca0 0.785s
2025-03-11 14:53:21.114 69105 INFO tempest.lib.common.rest_client [req-a0233a07-b04e-4bee-811b-859cbc53f93b req-a0233a07-b04e-4bee-811b-859cbc53f93b ] Request (ServerAddressesNegativeTestJSON:setUpClass): 200 GET http://10.180.1.21/compute/v2.1/servers/01aff794-4d90-47b8-9fc3-4f518bba2661 0.772s
2025-03-11 14:53:21.121 69089 INFO tempest.common.waiters [-] State transition "BUILD/scheduling" ==> "BUILD/None" after 29 second wait
2025-03-11 14:53:21.257 69143 INFO tempest.lib.common.rest_client [req-cd4b73dc-def4-4eef-97e6-dc3097a92aa3 req-cd4b73dc-def4-4eef-97e6-dc3097a92aa3 ] Request (ServerActionsTestJSON:test_lock_unlock_server): 200 GET http://10.180.1.21/compute/v2.1/servers/25f67d77-b17e-4146-b544-7f6671a8ea6f 0.737s
2025-03-11 14:53:21.266 69143 INFO tempest.common.waiters [-] State transition "ACTIVE/powering-off" ==> "SHUTOFF/None" after 4 second wait
2025-03-11 14:53:21.266 69111 INFO tempest.lib.common.rest_client [req-4ff2eff3-de28-4a56-a1ee-f3d6d61b0398 req-4ff2eff3-de28-4a56-a1ee-f3d6d61b0398 ] Request (ServersAdminNegativeTestJSON:test_resize_server_using_overlimit_vcpus): 403 POST http://10.180.1.21/compute/v2.1/servers/7c9c6fe1-4802-4e2d-ad77-96e8accb2348/action 0.791s
2025-03-11 14:53:21.298 69133 INFO tempest.lib.common.rest_client [req-5a668ae7-effd-4be3-929e-98ab37b9c2f9 req-5a668ae7-effd-4be3-929e-98ab37b9c2f9 ] Request (ServerMetadataTestJSON:test_delete_server_metadata_item): 204 DELETE http://10.180.1.21/compute/v2.1/servers/f7e5f969-1dbf-43d8-bfcf-191f917ea41b/metadata/key1 0.761s
2025-03-11 14:53:21.314 69123 WARNING tempest.lib.common.ssh [-] Failed to establish authenticated ssh connection to cirros@10.180.180.128 ([Errno None] Unable to connect to port 22 on 10.180.180.128). Number attempts: 6. Retry after 7 seconds.: paramiko.ssh_exception.NoValidConnectionsError: [Errno None] Unable to connect to port 22 on 10.180.180.128
2025-03-11 14:53:21.326 69113 INFO tempest.lib.common.rest_client [req-dbfcd361-a4a9-4c16-8aeb-fc43e89fa845 req-dbfcd361-a4a9-4c16-8aeb-fc43e89fa845 ] Request (ListServerFiltersTestJSON:setUpClass): 200 GET http://10.180.1.21/compute/v2.1/servers/8dc08cf4-1a85-4fc3-acd8-16ed7e4ee86d 0.725s
2025-03-11 14:53:21.381 69115 INFO tempest.lib.common.rest_client [req-2bf0458a-7c60-43c4-bb9c-ead1318539b9 req-2bf0458a-7c60-43c4-bb9c-ead1318539b9 ] Request (ImagesTestJSON:test_create_image_from_suspended_server): 200 GET http://10.180.1.21/compute/v2.1/servers/5da73876-e660-4622-9146-0b57641dd0f3 0.647s
2025-03-11 14:53:21.385 69137 INFO tempest.lib.common.rest_client [req-90330b29-79d0-4be5-9225-50ea587688be req-90330b29-79d0-4be5-9225-50ea587688be ] Request (SecurityGroupsNegativeTestJSON:setUpClass): 201 POST http://10.180.1.21:9696/networking/v2.0/networks 0.388s
2025-03-11 14:53:21.427 69118 INFO tempest.lib.common.rest_client [req-545b58ce-b838-4608-aa74-4e568ad0da9b req-545b58ce-b838-4608-aa74-4e568ad0da9b ] Request (InstanceActionsNegativeTestJSON:setUpClass): 200 GET http://10.180.1.21/compute/v2.1/servers/556a1ddb-62ce-4872-96f6-9be4c461177b 0.769s
2025-03-11 14:53:21.428 69087 INFO tempest.lib.common.rest_client [req-0958847e-79d8-4be6-8e67-4624da498e80 req-0958847e-79d8-4be6-8e67-4624da498e80 ] Request (ServerRescueTestJSONUnderV235:setUpClass): 200 GET http://10.180.1.21/compute/v2.1/servers/e2864a00-6ef3-4a62-9e6f-fb3499e467c1 0.629s
2025-03-11 14:53:21.437 69118 INFO tempest.common.waiters [-] State transition "BUILD/spawning" ==> "ACTIVE/None" after 45 second wait
2025-03-11 14:53:21.480 69107 INFO tempest.lib.common.rest_client [req-6b36abaa-de2e-4922-8b2a-4602ca303fb4 req-6b36abaa-de2e-4922-8b2a-4602ca303fb4 ] Request (DeleteServersAdminTestJSON:test_delete_server_while_in_error_state): 200 GET http://10.180.1.21/compute/v2.1/servers/2d93889e-f698-49de-9950-c7411e536933 0.489s
2025-03-11 14:53:21.534 69135 INFO tempest.lib.common.rest_client [req-3d47028e-506c-424b-ba9d-8e207e5b99f8 req-3d47028e-506c-424b-ba9d-8e207e5b99f8 ] Request (ImagesNegativeTestJSON:test_create_image_from_deleted_server): 200 GET http://10.180.1.21/compute/v2.1/servers/daaf83a1-08c2-4616-ad17-2a7a2742f685 0.478s
2025-03-11 14:53:21.550 69137 INFO tempest.lib.common.rest_client [req-77ad0a33-6af0-46be-b00c-da7a80d06eb6 req-77ad0a33-6af0-46be-b00c-da7a80d06eb6 ] Request (SecurityGroupsNegativeTestJSON:setUpClass): 201 POST http://10.180.1.21:9696/networking/v2.0/subnets 0.164s
2025-03-11 14:53:21.591 69141 INFO tempest.lib.common.rest_client [req-5cbe4002-7024-415d-8136-f7ab50286c7a req-5cbe4002-7024-415d-8136-f7ab50286c7a ] Request (ServerRescueNegativeTestJSON:setUpClass): 200 GET http://10.180.1.21/compute/v2.1/servers/1e8e7cc6-19e2-49d2-8cff-b7345449b80e 0.498s
2025-03-11 14:53:21.658 69101 INFO tempest.lib.common.rest_client [req-8d7808f6-b163-43a2-bf00-4dbb1db77968 req-8d7808f6-b163-43a2-bf00-4dbb1db77968 ] Request (ServersAdminTestJSON:test_create_server_with_scheduling_hint): 200 GET http://10.180.1.21/compute/v2.1/servers/c3bd6684-4b0e-4ed0-ae2e-d9663cb35e55 0.503s
2025-03-11 14:53:21.674 69139 INFO tempest.lib.common.rest_client [req-0f4a4e63-0768-48ef-aadb-24483bcb9ea0 req-0f4a4e63-0768-48ef-aadb-24483bcb9ea0 ] Request (ImagesOneServerNegativeTestJSON:test_create_second_image_when_first_image_is_being_saved): 409 POST http://10.180.1.21/compute/v2.1/servers/72f660d3-9878-4e81-a1fc-425edc0d89f1/action 0.626s
2025-03-11 14:53:21.705 69131 INFO tempest.lib.common.rest_client [req-f554846a-d1e9-40e0-aae1-5cea2d1fd325 req-f554846a-d1e9-40e0-aae1-5cea2d1fd325 ] Request (ImagesOneServerTestJSON:test_create_image_specify_multibyte_character_image_name): 200 GET http://10.180.1.21/compute/v2.1/images/fea42ffd-c9d0-43af-b509-216ed6c66313 0.513s
2025-03-11 14:53:21.731 69125 INFO tempest.lib.common.rest_client [req-96f7a51c-dac8-44c4-8f60-93afa10518c9 req-96f7a51c-dac8-44c4-8f60-93afa10518c9 ] Request (ServersListShow2100Test:test_list_show_rebuild_update_server_2100): 200 GET http://10.180.1.21/compute/v2.1/servers/72ebc6d5-0b06-410f-a136-6102ba326884 0.570s
2025-03-11 14:53:21.760 69111 INFO tempest.lib.common.rest_client [req-c88e22c5-0908-4947-8fe8-9d49af867d91 req-c88e22c5-0908-4947-8fe8-9d49af867d91 ] Request (ServersAdminNegativeTestJSON:_run_cleanups): 202 DELETE http://10.180.1.21/compute/v2.1/flavors/1951357748 0.494s
2025-03-11 14:53:21.769 69143 INFO tempest.lib.common.rest_client [req-403234a8-9ab9-494d-938f-7f6ce9c9fbbc req-403234a8-9ab9-494d-938f-7f6ce9c9fbbc ] Request (ServerActionsTestJSON:test_lock_unlock_server): 202 POST http://10.180.1.21/compute/v2.1/servers/25f67d77-b17e-4146-b544-7f6671a8ea6f/action 0.503s
2025-03-11 14:53:21.803 69133 INFO tempest.lib.common.rest_client [req-bb01c184-8b5d-449b-8dfc-118553bef2c9 req-bb01c184-8b5d-449b-8dfc-118553bef2c9 ] Request (ServerMetadataTestJSON:test_delete_server_metadata_item): 200 GET http://10.180.1.21/compute/v2.1/servers/f7e5f969-1dbf-43d8-bfcf-191f917ea41b/metadata 0.504s
2025-03-11 14:53:21.831 69118 INFO tempest.lib.common.rest_client [req-c09d4909-5d7b-40f9-b119-018ca4686f90 req-c09d4909-5d7b-40f9-b119-018ca4686f90 ] Request (InstanceActionsNegativeTestJSON:test_get_instance_action_invalid_request): 404 GET http://10.180.1.21/compute/v2.1/servers/556a1ddb-62ce-4872-96f6-9be4c461177b/os-instance-actions/999 0.392s
2025-03-11 14:53:21.893 69109 INFO tempest.lib.common.rest_client [req-d6a29189-cf70-4114-a34e-edc05036247a req-d6a29189-cf70-4114-a34e-edc05036247a ] Request (TenantUsagesTestJSON:tearDownClass): 200 GET http://10.180.1.21/compute/v2.1/servers/776380ee-20db-46e5-a0a1-f95598fd37c9 0.448s
2025-03-11 14:53:21.896 69097 INFO tempest.lib.common.rest_client [req-dd2d2c7f-c917-4653-94b9-db7d674c3a41 req-dd2d2c7f-c917-4653-94b9-db7d674c3a41 ] Request (FloatingIPsAssociationNegativeTestJSON:setUpClass): 200 GET http://10.180.1.21/compute/v2.1/servers/1e5d9d3d-0088-4b8b-ab36-c23e88bc6386 0.522s
2025-03-11 14:53:21.901 69109 INFO tempest.common.waiters [-] State transition "ACTIVE/deleting" ==> "DELETED/None" after 4 second wait
2025-03-11 14:53:21.903 69097 INFO tempest.common.waiters [-] State transition "BUILD/spawning" ==> "ACTIVE/None" after 37 second wait
2025-03-11 14:53:21.950 69129 INFO tempest.lib.common.rest_client [req-704448a5-cd58-423c-872f-3a75654032e7 req-704448a5-cd58-423c-872f-3a75654032e7 ] Request (ServerGroupTestJSON:test_create_server_with_scheduler_hint_group): 200 GET http://10.180.1.21/compute/v2.1/servers/4256b74b-3d54-4912-ace3-80f81c344a93 0.357s
2025-03-11 14:53:21.955 69099 INFO tempest.lib.common.rest_client [req-482ed379-e014-462c-98dd-54746f2f3665 req-482ed379-e014-462c-98dd-54746f2f3665 ] Request (ServersNegativeTestJSON:setUpClass): 200 GET http://10.180.1.21/compute/v2.1/servers/66b70934-edbd-4e5a-aaba-fcc35969b5c1 0.311s
2025-03-11 14:53:21.957 69129 INFO tempest.common.waiters [-] State transition "BUILD/scheduling" ==> "BUILD/None" after 26 second wait
2025-03-11 14:53:22.008 69145 INFO tempest.lib.common.rest_client [req-6b49948d-4d58-407d-a774-73d6199a18f8 req-6b49948d-4d58-407d-a774-73d6199a18f8 ] Request (ServerExternalEventsTest:test_create_server_external_events): 200 GET http://10.180.1.21/compute/v2.1/servers/02cdf5a9-85d6-4356-9cb8-dc557dc71e30 0.314s
2025-03-11 14:53:22.030 69111 INFO tempest.lib.common.rest_client [req-3d7eb61d-ace0-4017-9d1c-faa038182c80 req-3d7eb61d-ace0-4017-9d1c-faa038182c80 ] Request (ServersAdminNegativeTestJSON:_run_cleanups): 200 GET http://10.180.1.21/compute/v2.1/flavors/detail 0.269s
2025-03-11 14:53:22.042 69139 INFO tempest.lib.common.rest_client [req-0044e8a0-ff70-4253-a3f7-3dbfabdb3765 req-0044e8a0-ff70-4253-a3f7-3dbfabdb3765 ] Request (ImagesOneServerNegativeTestJSON:test_create_second_image_when_first_image_is_being_saved): 204 DELETE http://10.180.1.21/compute/v2.1/images/8dda5d82-ce7c-4a26-b971-0dae84def586 0.367s
2025-03-11 14:53:22.114 69133 INFO tempest.lib.common.rest_client [req-b046c4b3-e549-448b-9da4-44596a67b488 req-b046c4b3-e549-448b-9da4-44596a67b488 ] Request (ServerMetadataTestJSON:setUp): 200 PUT http://10.180.1.21/compute/v2.1/servers/f7e5f969-1dbf-43d8-bfcf-191f917ea41b/metadata 0.309s
2025-03-11 14:53:22.131 69143 INFO tempest.lib.common.rest_client [req-3890d50a-cbad-4004-adf9-8289e7a9110b req-3890d50a-cbad-4004-adf9-8289e7a9110b ] Request (ServerActionsTestJSON:test_lock_unlock_server): 200 GET http://10.180.1.21/compute/v2.1/servers/25f67d77-b17e-4146-b544-7f6671a8ea6f 0.361s
2025-03-11 14:53:22.140 69118 INFO tempest.lib.common.rest_client [req-f45360e5-81d4-455a-a984-bb94b0880dc9 req-f45360e5-81d4-455a-a984-bb94b0880dc9 ] Request (InstanceActionsNegativeTestJSON:test_list_instance_actions_non_existent_server): 404 GET http://10.180.1.21/compute/v2.1/servers/0fec9a97-8433-49e0-95da-ffa668291412/os-instance-actions 0.308s
2025-03-11 14:53:22.212 69147 INFO tempest.lib.common.rest_client [req-d39d4f8e-ba40-44ff-b4e3-23c7c76e7ac8 req-d39d4f8e-ba40-44ff-b4e3-23c7c76e7ac8 ] Request (SecurityGroupsTestJSON:test_list_security_groups_by_server): 200 GET http://10.180.1.21/compute/v2.1/servers/7bb8bece-20ee-4dae-b3b4-015745aff01a 0.347s
2025-03-11 14:53:22.230 69093 INFO tempest.lib.common.rest_client [req-093c05b0-2634-410e-a8a2-9b0f535d1098 req-093c05b0-2634-410e-a8a2-9b0f535d1098 ] Request (MigrationsAdminTest:test_list_migrations_in_flavor_resize_situation): 200 GET http://10.180.1.21/compute/v2.1/servers/69f3331f-bcea-4eee-816f-c3d445baf821 0.412s
2025-03-11 14:53:22.266 69149 INFO tempest.lib.common.rest_client [req-eb44bbe0-ba3d-44ef-adcf-3e281507163f req-eb44bbe0-ba3d-44ef-adcf-3e281507163f ] Request (ListImageFiltersTestJSON:setUpClass): 200 GET http://10.180.1.21/compute/v2.1/images/0dd8fccb-95a1-466b-bfa2-809738b36dfd 0.370s
2025-03-11 14:53:22.298 69137 INFO tempest.lib.common.rest_client [req-e8240deb-00b5-4ad2-90b9-8a7f92e7e8b0 req-e8240deb-00b5-4ad2-90b9-8a7f92e7e8b0 ] Request (SecurityGroupsNegativeTestJSON:setUpClass): 201 POST http://10.180.1.21:9696/networking/v2.0/routers 0.748s
2025-03-11 14:53:22.447 69119 INFO tempest.lib.common.rest_client [req-68f13751-6621-417a-8c73-6c0e0ba67cf7 req-68f13751-6621-417a-8c73-6c0e0ba67cf7 ] Request (ServerActionsTestOtherB:setUpClass): 200 GET http://10.180.1.21/compute/v2.1/servers/cc31ecbb-b6dc-4785-8231-efb8796465b3 0.442s
2025-03-11 14:53:22.483 69111 INFO tempest.lib.common.rest_client [req-30e9eb90-5606-4356-89ed-94f4f39714a7 req-30e9eb90-5606-4356-89ed-94f4f39714a7 ] Request (ServersAdminNegativeTestJSON:test_restore_server_invalid_state): 409 POST http://10.180.1.21/compute/v2.1/servers/7c9c6fe1-4802-4e2d-ad77-96e8accb2348/action 0.448s
2025-03-11 14:53:22.597 69139 INFO tempest.lib.common.rest_client [req-11b2f0f5-7ecb-45e3-a55f-24d06055b62d req-11b2f0f5-7ecb-45e3-a55f-24d06055b62d ] Request (ImagesOneServerNegativeTestJSON:tearDown): 200 GET http://10.180.1.21/compute/v2.1/servers/72f660d3-9878-4e81-a1fc-425edc0d89f1 0.555s
2025-03-11 14:53:22.658 69091 INFO tempest.lib.common.rest_client [req-d51775de-c760-4cf6-b373-32245d737117 req-d51775de-c760-4cf6-b373-32245d737117 ] Request (AttachInterfacesTestJSON:test_create_list_show_delete_interfaces_by_fixed_ip): 200 GET http://10.180.1.21/compute/v2.1/servers/b0d2fa9a-a09a-4071-a249-a976f9249eb2 0.594s
2025-03-11 14:53:22.694 69133 INFO tempest.lib.common.rest_client [req-11f2b57d-4f22-41a3-b663-ed911b55088a req-11f2b57d-4f22-41a3-b663-ed911b55088a ] Request (ServerMetadataTestJSON:test_get_server_metadata_item): 200 GET http://10.180.1.21/compute/v2.1/servers/f7e5f969-1dbf-43d8-bfcf-191f917ea41b/metadata/key2 0.578s
2025-03-11 14:53:22.755 69089 INFO tempest.lib.common.rest_client [req-84d94ace-ce83-4b42-a530-1b03ba851b9f req-84d94ace-ce83-4b42-a530-1b03ba851b9f ] Request (ServerDiagnosticsTest:test_get_server_diagnostics): 200 GET http://10.180.1.21/compute/v2.1/servers/b04b1b2d-8361-4e50-a109-1b76f6122ca0 0.632s
2025-03-11 14:53:22.820 69105 INFO tempest.lib.common.rest_client [req-4e61eba8-4afe-4565-a002-262c492aad2c req-4e61eba8-4afe-4565-a002-262c492aad2c ] Request (ServerAddressesNegativeTestJSON:setUpClass): 200 GET http://10.180.1.21/compute/v2.1/servers/01aff794-4d90-47b8-9fc3-4f518bba2661 0.696s
2025-03-11 14:53:22.925 69097 INFO tempest.lib.common.rest_client [req-30746900-a7d7-4229-99ca-1bfcb96826f5 req-30746900-a7d7-4229-99ca-1bfcb96826f5 ] Request (FloatingIPsAssociationNegativeTestJSON:test_associate_ip_to_server_with_floating_ip): 200 POST http://10.180.1.21/compute/v2.1/os-floating-ips 1.021s
2025-03-11 14:53:22.928 69118 INFO tempest.lib.common.rest_client [req-59b88df5-735c-47ed-b82e-af725cd692bb req-59b88df5-735c-47ed-b82e-af725cd692bb ] Request (InstanceActionsNegativeTestJSON:tearDownClass): 204 DELETE http://10.180.1.21/compute/v2.1/servers/556a1ddb-62ce-4872-96f6-9be4c461177b 0.787s
2025-03-11 14:53:22.987 69113 INFO tempest.lib.common.rest_client [req-f325597b-4698-424a-a843-94db42a658db req-f325597b-4698-424a-a843-94db42a658db ] Request (ListServerFiltersTestJSON:setUpClass): 200 GET http://10.180.1.21/compute/v2.1/servers/8dc08cf4-1a85-4fc3-acd8-16ed7e4ee86d 0.651s
2025-03-11 14:53:22.995 69115 INFO tempest.lib.common.rest_client [req-78a16113-46b5-4bad-9716-ca3b52390e1a req-78a16113-46b5-4bad-9716-ca3b52390e1a ] Request (ImagesTestJSON:test_create_image_from_suspended_server): 200 GET http://10.180.1.21/compute/v2.1/servers/5da73876-e660-4622-9146-0b57641dd0f3 0.605s
2025-03-11 14:53:23.051 69087 INFO tempest.lib.common.rest_client [req-861eee0a-1908-4e40-b18c-b32f5b6980b0 req-861eee0a-1908-4e40-b18c-b32f5b6980b0 ] Request (ServerRescueTestJSONUnderV235:setUpClass): 200 GET http://10.180.1.21/compute/v2.1/servers/e2864a00-6ef3-4a62-9e6f-fb3499e467c1 0.614s
2025-03-11 14:53:23.094 69111 INFO tempest.lib.common.rest_client [req-c2f8fe1b-6127-4850-87b9-b3d17b167041 req-c2f8fe1b-6127-4850-87b9-b3d17b167041 ] Request (ServersAdminNegativeTestJSON:tearDownClass): 204 DELETE http://10.180.1.21/compute/v2.1/servers/5f67246a-f15d-4555-84dc-b06a65322e3c 0.609s
2025-03-11 14:53:23.105 69103 WARNING tempest.lib.common.ssh [-] Failed to establish authenticated ssh connection to cirros@10.180.180.142 ([Errno None] Unable to connect to port 22 on 10.180.180.142). Number attempts: 7. Retry after 8 seconds.: paramiko.ssh_exception.NoValidConnectionsError: [Errno None] Unable to connect to port 22 on 10.180.180.142
2025-03-11 14:53:23.112 69107 INFO tempest.lib.common.rest_client [req-ef8b0ee3-9dfa-4e8d-9066-e098cb10c011 req-ef8b0ee3-9dfa-4e8d-9066-e098cb10c011 ] Request (DeleteServersAdminTestJSON:test_delete_server_while_in_error_state): 200 GET http://10.180.1.21/compute/v2.1/servers/2d93889e-f698-49de-9950-c7411e536933 0.623s
2025-03-11 14:53:23.165 69137 INFO tempest.lib.common.rest_client [req-0c43ed73-3256-4778-98bd-d62657819150 req-0c43ed73-3256-4778-98bd-d62657819150 ] Request (SecurityGroupsNegativeTestJSON:setUpClass): 200 PUT http://10.180.1.21:9696/networking/v2.0/routers/ee60a2d1-d236-4b5f-a891-8e973dd8c9f3/add_router_interface 0.866s
2025-03-11 14:53:23.166 69137 INFO tempest.lib.common.dynamic_creds [-] Created isolated network resources for: credentials: Credentials: {'domain_id': 'default', 'domain_name': 'Default', 'username': 'tempest-SecurityGroupsNegativeTestJSON-378293536-project-member', 'project_domain_id': 'default', 'project_domain_name': 'Default', 'project_id': 'de68824ee29c41c880b2a75b994569b2', 'project_name': 'tempest-SecurityGroupsNegativeTestJSON-378293536', 'tenant_id': 'de68824ee29c41c880b2a75b994569b2', 'tenant_name': 'tempest-SecurityGroupsNegativeTestJSON-378293536', 'user_domain_id': 'default', 'user_domain_name': 'Default', 'user_id': '26f97e474d5d4917bc59d77931e3d895', 'system': None}, Network: {'id': '2c0df01e-901b-4225-b815-dd48379b8bb9', 'name': 'tempest-SecurityGroupsNegativeTestJSON-1629110371-network', 'tenant_id': 'de68824ee29c41c880b2a75b994569b2', 'admin_state_up': True, 'mtu': 8950, 'status': 'ACTIVE', 'subnets': [], 'shared': False, 'project_id': 'de68824ee29c41c880b2a75b994569b2', 'port_security_enabled': True, 'router:external': False, 'provider:network_type': 'vlan', 'provider:physical_network': 'default', 'provider:segmentation_id': 860, 'availability_zone_hints': [], 'availability_zones': [], 'ipv4_address_scope': None, 'ipv6_address_scope': None, 'description': '', 'tags': [], 'created_at': '2025-03-11T14:53:21Z', 'updated_at': '2025-03-11T14:53:21Z', 'revision_number': 1}, Subnet: {'id': 'd1e89a56-5b68-49e3-b5a3-ff9a888fbdf0', 'name': 'tempest-SecurityGroupsNegativeTestJSON-1629110371-subnet', 'tenant_id': 'de68824ee29c41c880b2a75b994569b2', 'network_id': '2c0df01e-901b-4225-b815-dd48379b8bb9', 'ip_version': 4, 'subnetpool_id': None, 'enable_dhcp': True, 'ipv6_ra_mode': None, 'ipv6_address_mode': None, 'gateway_ip': '192.168.128.1', 'cidr': '192.168.128.0/28', 'allocation_pools': [{'start': '192.168.128.2', 'end': '192.168.128.14'}], 'host_routes': [], 'dns_nameservers': [], 'description': '', 'router:external': False, 'service_types': [], 'tags': [], 'created_at': '2025-03-11T14:53:21Z', 'updated_at': '2025-03-11T14:53:21Z', 'revision_number': 0, 'project_id': 'de68824ee29c41c880b2a75b994569b2'}, Router: {'id': 'ee60a2d1-d236-4b5f-a891-8e973dd8c9f3', 'name': 'tempest-SecurityGroupsNegativeTestJSON-1629110371-router', 'tenant_id': 'de68824ee29c41c880b2a75b994569b2', 'admin_state_up': True, 'status': 'ACTIVE', 'external_gateway_info': {'network_id': 'ae557b1c-2de1-4740-9a6d-7ec43e1a2894', 'external_fixed_ips': [{'subnet_id': '2e06c735-2a3c-455d-9973-b55622a7e11b', 'ip_address': '10.180.180.218'}], 'enable_snat': True}, 'description': '', 'availability_zones': [], 'distributed': False, 'ha': False, 'availability_zone_hints': [], 'routes': [], 'flavor_id': None, 'tags': [], 'created_at': '2025-03-11T14:53:21Z', 'updated_at': '2025-03-11T14:53:21Z', 'revision_number': 2, 'project_id': 'de68824ee29c41c880b2a75b994569b2'}
2025-03-11 14:53:23.173 69141 INFO tempest.lib.common.rest_client [req-4ae0b755-4ec6-4cbe-abdc-7c02d5d97c5b req-4ae0b755-4ec6-4cbe-abdc-7c02d5d97c5b ] Request (ServerRescueNegativeTestJSON:setUpClass): 200 GET http://10.180.1.21/compute/v2.1/servers/1e8e7cc6-19e2-49d2-8cff-b7345449b80e 0.571s
2025-03-11 14:53:23.178 69135 INFO tempest.lib.common.rest_client [req-e7c62658-40e2-47f4-a807-8ee05fb64516 req-e7c62658-40e2-47f4-a807-8ee05fb64516 ] Request (ImagesNegativeTestJSON:test_create_image_from_deleted_server): 200 GET http://10.180.1.21/compute/v2.1/servers/daaf83a1-08c2-4616-ad17-2a7a2742f685 0.633s
2025-03-11 14:53:23.246 69101 INFO tempest.lib.common.rest_client [req-f04d0bd9-4933-4c37-854b-3c96c65f9140 req-f04d0bd9-4933-4c37-854b-3c96c65f9140 ] Request (ServersAdminTestJSON:test_create_server_with_scheduling_hint): 200 GET http://10.180.1.21/compute/v2.1/servers/c3bd6684-4b0e-4ed0-ae2e-d9663cb35e55 0.573s
2025-03-11 14:53:23.278 69133 INFO tempest.lib.common.rest_client [req-5d751e1e-3429-43f1-821c-72ac19ae3cf3 req-5d751e1e-3429-43f1-821c-72ac19ae3cf3 ] Request (ServerMetadataTestJSON:setUp): 200 PUT http://10.180.1.21/compute/v2.1/servers/f7e5f969-1dbf-43d8-bfcf-191f917ea41b/metadata 0.580s
2025-03-11 14:53:23.281 69131 INFO tempest.lib.common.rest_client [req-902fb751-7180-4084-b236-f729ca8c674d req-902fb751-7180-4084-b236-f729ca8c674d ] Request (ImagesOneServerTestJSON:test_create_image_specify_multibyte_character_image_name): 200 GET http://10.180.1.21/compute/v2.1/images/fea42ffd-c9d0-43af-b509-216ed6c66313 0.573s
2025-03-11 14:53:23.294 69137 INFO tempest.lib.common.rest_client [req-2d4bffa1-e8eb-4217-a61d-e81c08ec2e8e req-2d4bffa1-e8eb-4217-a61d-e81c08ec2e8e ] Request (SecurityGroupsNegativeTestJSON:setUpClass): 201 POST http://10.180.1.21/identity/v3/auth/tokens 0.120s
2025-03-11 14:53:23.371 69109 INFO tempest.lib.common.rest_client [req-ad18deb3-62aa-4bd5-980b-b2a3f4e5b497 req-ad18deb3-62aa-4bd5-980b-b2a3f4e5b497 ] Request (TenantUsagesTestJSON:tearDownClass): 200 GET http://10.180.1.21/compute/v2.1/servers/776380ee-20db-46e5-a0a1-f95598fd37c9 0.468s
2025-03-11 14:53:23.377 69125 INFO tempest.lib.common.rest_client [req-44a40ec1-7c50-4ff9-b1c0-1113a7ac4537 req-44a40ec1-7c50-4ff9-b1c0-1113a7ac4537 ] Request (ServersListShow2100Test:test_list_show_rebuild_update_server_2100): 200 GET http://10.180.1.21/compute/v2.1/servers/72ebc6d5-0b06-410f-a136-6102ba326884 0.627s
2025-03-11 14:53:23.393 69125 INFO tempest.common.waiters [-] State transition "BUILD/scheduling" ==> "BUILD/None" after 26 second wait
2025-03-11 14:53:23.885 69118 INFO tempest.lib.common.rest_client [req-be1644a6-8a41-46d3-9661-01aaf26a4b6c req-be1644a6-8a41-46d3-9661-01aaf26a4b6c ] Request (InstanceActionsNegativeTestJSON:tearDownClass): 200 GET http://10.180.1.21/compute/v2.1/servers/556a1ddb-62ce-4872-96f6-9be4c461177b 0.956s
2025-03-11 14:53:23.948 69129 INFO tempest.lib.common.rest_client [req-a2685e61-dd41-41b3-94c9-75f8f6cc4851 req-a2685e61-dd41-41b3-94c9-75f8f6cc4851 ] Request (ServerGroupTestJSON:test_create_server_with_scheduler_hint_group): 200 GET http://10.180.1.21/compute/v2.1/servers/4256b74b-3d54-4912-ace3-80f81c344a93 0.987s
2025-03-11 14:53:24.009 69099 INFO tempest.lib.common.rest_client [req-8ec158e4-d01f-4316-ac38-ab3a6c0accb4 req-8ec158e4-d01f-4316-ac38-ab3a6c0accb4 ] Request (ServersNegativeTestJSON:setUpClass): 200 GET http://10.180.1.21/compute/v2.1/servers/66b70934-edbd-4e5a-aaba-fcc35969b5c1 1.046s
2025-03-11 14:53:24.074 69145 INFO tempest.lib.common.rest_client [req-a57d1676-a465-478c-ad24-37b56550e3dd req-a57d1676-a465-478c-ad24-37b56550e3dd ] Request (ServerExternalEventsTest:test_create_server_external_events): 200 GET http://10.180.1.21/compute/v2.1/servers/02cdf5a9-85d6-4356-9cb8-dc557dc71e30 1.057s
2025-03-11 14:53:24.294 69111 INFO tempest.lib.common.rest_client [req-f50751dd-122c-4c1b-a795-385673b6a369 req-f50751dd-122c-4c1b-a795-385673b6a369 ] Request (ServersAdminNegativeTestJSON:tearDownClass): 200 GET http://10.180.1.21/compute/v2.1/servers/5f67246a-f15d-4555-84dc-b06a65322e3c 1.199s
2025-03-11 14:53:24.433 69143 INFO tempest.lib.common.rest_client [req-b940f50f-94be-48ae-92a0-ddd58f4fb1b6 req-b940f50f-94be-48ae-92a0-ddd58f4fb1b6 ] Request (ServerActionsTestJSON:test_lock_unlock_server): 200 GET http://10.180.1.21/compute/v2.1/servers/25f67d77-b17e-4146-b544-7f6671a8ea6f 1.294s
2025-03-11 14:53:24.503 69147 INFO tempest.lib.common.rest_client [req-2c87c38a-619a-4676-9197-45192775cec7 req-2c87c38a-619a-4676-9197-45192775cec7 ] Request (SecurityGroupsTestJSON:test_list_security_groups_by_server): 200 GET http://10.180.1.21/compute/v2.1/servers/7bb8bece-20ee-4dae-b3b4-015745aff01a 1.277s
2025-03-11 14:53:24.645 69093 INFO tempest.lib.common.rest_client [req-5e628756-5db9-4585-b95a-933116e9cd56 req-5e628756-5db9-4585-b95a-933116e9cd56 ] Request (MigrationsAdminTest:test_list_migrations_in_flavor_resize_situation): 200 GET http://10.180.1.21/compute/v2.1/servers/69f3331f-bcea-4eee-816f-c3d445baf821 1.405s
2025-03-11 14:53:24.686 69149 INFO tempest.lib.common.rest_client [req-6dc177ad-747d-4697-90a8-4fa97fb6e79c req-6dc177ad-747d-4697-90a8-4fa97fb6e79c ] Request (ListImageFiltersTestJSON:setUpClass): 200 GET http://10.180.1.21/compute/v2.1/images/0dd8fccb-95a1-466b-bfa2-809738b36dfd 1.415s
2025-03-11 14:53:24.722 69133 INFO tempest.lib.common.rest_client [req-9c5d9146-bd8d-4270-bcd4-8293059b0394 req-9c5d9146-bd8d-4270-bcd4-8293059b0394 ] Request (ServerMetadataTestJSON:test_list_server_metadata): 200 GET http://10.180.1.21/compute/v2.1/servers/f7e5f969-1dbf-43d8-bfcf-191f917ea41b/metadata 1.443s
2025-03-11 14:53:24.778 69097 INFO tempest.lib.common.rest_client [req-85fbd90c-6b0e-4f87-b49a-74eebdd4725f req-85fbd90c-6b0e-4f87-b49a-74eebdd4725f ] Request (FloatingIPsAssociationNegativeTestJSON:test_associate_ip_to_server_with_floating_ip): 202 POST http://10.180.1.21/compute/v2.1/servers/1e5d9d3d-0088-4b8b-ab36-c23e88bc6386/action 1.849s
2025-03-11 14:53:24.850 69137 INFO tempest.lib.common.rest_client [req-8699d92a-af7f-4958-81c6-9f6aa848b6db req-8699d92a-af7f-4958-81c6-9f6aa848b6db ] Request (SecurityGroupsNegativeTestJSON:test_delete_nonexistent_security_group): 404 DELETE http://10.180.1.21/compute/v2.1/os-security-groups/fc9ebfc8-2bce-4d7f-bf7f-a64d3e6e6fb6 1.551s
2025-03-11 14:53:24.931 69119 INFO tempest.lib.common.rest_client [req-df2286fb-cc56-4ec5-bb48-8ebbc6d19149 req-df2286fb-cc56-4ec5-bb48-8ebbc6d19149 ] Request (ServerActionsTestOtherB:setUpClass): 200 GET http://10.180.1.21/compute/v2.1/servers/cc31ecbb-b6dc-4785-8231-efb8796465b3 1.469s
2025-03-11 14:53:25.000 69091 INFO tempest.lib.common.rest_client [req-fe2757ce-34eb-4116-8a06-b998efe5e71f req-fe2757ce-34eb-4116-8a06-b998efe5e71f ] Request (AttachInterfacesTestJSON:test_create_list_show_delete_interfaces_by_fixed_ip): 200 GET http://10.180.1.21/compute/v2.1/servers/b0d2fa9a-a09a-4071-a249-a976f9249eb2 1.330s
2025-03-11 14:53:25.035 69139 INFO tempest.lib.common.rest_client [req-90e8a111-f52b-4a95-b367-d1ce5629b90c req-90e8a111-f52b-4a95-b367-d1ce5629b90c ] Request (ImagesOneServerNegativeTestJSON:tearDown): 200 GET http://10.180.1.21/compute/v2.1/servers/72f660d3-9878-4e81-a1fc-425edc0d89f1 1.428s
2025-03-11 14:53:25.048 69139 INFO tempest.common.waiters [-] State transition "ACTIVE/image_snapshot" ==> "ACTIVE/image_uploading" after 3 second wait
2025-03-11 14:53:25.092 69089 INFO tempest.lib.common.rest_client [req-ea778c88-a7f8-455e-978e-b31592cf0fb5 req-ea778c88-a7f8-455e-978e-b31592cf0fb5 ] Request (ServerDiagnosticsTest:test_get_server_diagnostics): 200 GET http://10.180.1.21/compute/v2.1/servers/b04b1b2d-8361-4e50-a109-1b76f6122ca0 1.329s
2025-03-11 14:53:25.123 69105 INFO tempest.lib.common.rest_client [req-d22b0779-ff50-41d7-ad78-e4593897c227 req-d22b0779-ff50-41d7-ad78-e4593897c227 ] Request (ServerAddressesNegativeTestJSON:setUpClass): 200 GET http://10.180.1.21/compute/v2.1/servers/01aff794-4d90-47b8-9fc3-4f518bba2661 1.292s
2025-03-11 14:53:25.157 69113 INFO tempest.lib.common.rest_client [req-49322c93-7571-478a-a9ed-519fdefee251 req-49322c93-7571-478a-a9ed-519fdefee251 ] Request (ListServerFiltersTestJSON:setUpClass): 200 GET http://10.180.1.21/compute/v2.1/servers/8dc08cf4-1a85-4fc3-acd8-16ed7e4ee86d 1.157s
2025-03-11 14:53:25.178 69115 INFO tempest.lib.common.rest_client [req-f6b7d49a-325f-49cb-89ed-fcb8af2a2bab req-f6b7d49a-325f-49cb-89ed-fcb8af2a2bab ] Request (ImagesTestJSON:test_create_image_from_suspended_server): 200 GET http://10.180.1.21/compute/v2.1/servers/5da73876-e660-4622-9146-0b57641dd0f3 1.170s
2025-03-11 14:53:25.215 69087 INFO tempest.lib.common.rest_client [req-e6febdd9-f4cb-4b1c-982c-a64677ae84ca req-e6febdd9-f4cb-4b1c-982c-a64677ae84ca ] Request (ServerRescueTestJSONUnderV235:setUpClass): 200 GET http://10.180.1.21/compute/v2.1/servers/e2864a00-6ef3-4a62-9e6f-fb3499e467c1 1.155s
2025-03-11 14:53:25.318 69141 INFO tempest.lib.common.rest_client [req-de34cbbd-dd4e-4849-8060-d132ed4e99fb req-de34cbbd-dd4e-4849-8060-d132ed4e99fb ] Request (ServerRescueNegativeTestJSON:setUpClass): 200 GET http://10.180.1.21/compute/v2.1/servers/1e8e7cc6-19e2-49d2-8cff-b7345449b80e 1.130s
2025-03-11 14:53:25.342 69107 INFO tempest.lib.common.rest_client [req-3f0e3207-3b05-415d-a8c0-66b2be18a834 req-3f0e3207-3b05-415d-a8c0-66b2be18a834 ] Request (DeleteServersAdminTestJSON:test_delete_server_while_in_error_state): 200 GET http://10.180.1.21/compute/v2.1/servers/2d93889e-f698-49de-9950-c7411e536933 1.218s
2025-03-11 14:53:25.355 69107 INFO tempest.common.waiters [-] State transition "BUILD/None" ==> "BUILD/block_device_mapping" after 39 second wait
