2025-03-11 20:24:02.725 70205 INFO tempest.lib.common.rest_client [req-a404e178-fd57-443a-bd1b-cc32f63bf512 req-a404e178-fd57-443a-bd1b-cc32f63bf512 ] Request (SecurityGroupsTestJSON:test_list_security_groups_by_server): 200 GET http://10.180.1.21/compute/v2.1/servers/a297dccd-e92a-4651-978c-d4ac3a97cdce 1.311s
2025-03-11 20:24:02.784 70213 INFO tempest.lib.common.rest_client [req-6ad319c1-da96-463a-82f9-4d5601acde78 req-6ad319c1-da96-463a-82f9-4d5601acde78 ] Request (ServerAddressesNegativeTestJSON:setUpClass): 200 GET http://10.180.1.21/compute/v2.1/servers/d12fd3b4-c5d1-41eb-acff-0336ff39e534 1.359s
2025-03-11 20:24:02.864 70191 INFO tempest.lib.common.rest_client [req-62ac49f2-6f94-489a-927e-0f2a90aeb608 req-62ac49f2-6f94-489a-927e-0f2a90aeb608 ] Request (ServerShowV247Test:tearDownClass): 200 GET http://10.180.1.21/compute/v2.1/servers/d4c75539-92f9-4ccb-a517-74038bc54eec 1.364s
2025-03-11 20:24:02.935 70165 INFO tempest.lib.common.rest_client [req-84fecfa3-d17f-4b0e-8287-db472c43405f req-84fecfa3-d17f-4b0e-8287-db472c43405f ] Request (ServerRescueNegativeTestJSON:setUpClass): 200 GET http://10.180.1.21/compute/v2.1/servers/1f002cc4-b87c-44cd-b908-1d91494b800a 1.435s
2025-03-11 20:24:02.960 70171 INFO tempest.lib.common.rest_client [req-2e0b2338-9961-4f1b-94ee-1e70334785cf req-2e0b2338-9961-4f1b-94ee-1e70334785cf ] Request (ServerActionsV293TestJSON:setUpClass): 200 GET http://10.180.1.21/volume/v3/volumes/043a63f5-8011-4e97-9698-9e383b9a21b8 0.043s
2025-03-11 20:24:02.971 70167 INFO tempest.lib.common.rest_client [req-e9a8f546-4e5b-421c-b86c-93502c25fed5 req-e9a8f546-4e5b-421c-b86c-93502c25fed5 ] Request (FloatingIPsAssociationTestJSON:test_associate_already_associated_floating_ip): 202 POST http://10.180.1.21/compute/v2.1/servers/451bdd24-e6cc-4961-a4b2-10a1468dfb8e/action 2.279s
2025-03-11 20:24:03.021 70203 INFO tempest.lib.common.rest_client [req-098dade4-0b07-485f-b572-4a3d58b773ef req-098dade4-0b07-485f-b572-4a3d58b773ef ] Request (MigrationsAdminTest:test_resize_server_revert_deleted_flavor): 200 GET http://10.180.1.21/compute/v2.1/servers/3c7a9ef0-3f60-4d10-a23a-c204653082c6 1.463s
2025-03-11 20:24:03.047 70195 INFO tempest.lib.common.rest_client [req-62f82037-9686-4453-80d4-a38bdcf635db req-62f82037-9686-4453-80d4-a38bdcf635db ] Request (ListServerFiltersTestJSON:tearDownClass): 200 GET http://10.180.1.21/compute/v2.1/servers/88079f59-b8d4-4b06-9fb3-e5be8f6b6b54 1.409s
2025-03-11 20:24:03.081 70193 INFO tempest.lib.common.rest_client [req-b49923ba-4565-4303-9463-9220127d00a6 req-b49923ba-4565-4303-9463-9220127d00a6 ] Request (ServersWithSpecificFlavorTestJSON:test_verify_created_server_ephemeral_disk): 200 GET http://10.180.1.21/compute/v2.1/servers/c77fb8dd-3444-4264-bb20-732f82ff62f6 1.362s
2025-03-11 20:24:03.087 70211 INFO tempest.lib.common.rest_client [req-50ce9b4e-750a-4db8-8162-d4e10d915314 req-50ce9b4e-750a-4db8-8162-d4e10d915314 ] Request (ListImageFiltersTestJSON:setUpClass): 200 GET http://10.180.1.21/compute/v2.1/images/468a3ea7-f884-4157-bad8-f592a419d0a7 1.328s
2025-03-11 20:24:03.111 70189 INFO tempest.lib.common.rest_client [req-4220144c-3cf9-4dee-be06-02a1521f0042 req-4220144c-3cf9-4dee-be06-02a1521f0042 ] Request (DeleteServersAdminTestJSON:test_delete_server_while_in_error_state): 404 GET http://10.180.1.21/compute/v2.1/servers/3719ed62-b76c-425e-8721-5ba909bda739 1.265s
2025-03-11 20:24:03.194 70199 INFO tempest.lib.common.rest_client [req-e4424938-3805-495f-841f-79447ce8bf65 req-e4424938-3805-495f-841f-79447ce8bf65 ] Request (ServerPasswordTestJSON:setUpClass): 200 GET http://10.180.1.21/compute/v2.1/servers/afa37493-33be-477d-9343-1129c24f0ebe 1.265s
2025-03-11 20:24:03.204 70199 INFO tempest.common.waiters [-] State transition "BUILD/scheduling" ==> "BUILD/None" after 72 second wait
2025-03-11 20:24:03.297 70225 INFO tempest.lib.common.rest_client [req-ba23ac35-9940-432b-a7c0-f450e272db56 req-ba23ac35-9940-432b-a7c0-f450e272db56 ] Request (ServerMetadataTestJSON:setUpClass): 200 GET http://10.180.1.21/compute/v2.1/servers/64daeb7e-b2b0-49fd-abca-3fe57c97fa89 1.534s
2025-03-11 20:24:03.310 70225 INFO tempest.common.waiters [-] State transition "BUILD/networking" ==> "BUILD/spawning" after 112 second wait
2025-03-11 20:24:03.360 70219 INFO tempest.lib.common.rest_client [req-add0b67b-843f-4b16-a8c3-e0d0ab0fb77d req-add0b67b-843f-4b16-a8c3-e0d0ab0fb77d ] Request (ImagesTestJSON:test_create_image_from_stopped_server): 200 GET http://10.180.1.21/compute/v2.1/servers/b1d15af5-a87a-4c19-a5f0-1b9d78f8d845 1.188s
2025-03-11 20:24:03.387 70209 INFO tempest.lib.common.rest_client [req-cb9ff215-90be-46dd-9654-2aa2c21d87ac req-cb9ff215-90be-46dd-9654-2aa2c21d87ac ] Request (MultipleCreateTestJSON:test_multiple_create_with_reservation_return): 200 GET http://10.180.1.21/compute/v2.1/servers/8451f526-ffe5-4d94-a027-6dc67d8bd598 0.862s
2025-03-11 20:24:03.552 70173 INFO tempest.lib.common.rest_client [req-f98d433d-9dd0-4c2a-81e5-37c7f5fb762c req-f98d433d-9dd0-4c2a-81e5-37c7f5fb762c ] Request (ServerActionsTestOtherA:setUp): 200 GET http://10.180.1.21/compute/v2.1/servers/628fd318-5e25-4902-9bd1-8573df493026 0.941s
2025-03-11 20:24:03.645 70201 INFO tempest.lib.common.rest_client [req-d4d13f64-b3af-443b-9b60-c6c140a7ffbc req-d4d13f64-b3af-443b-9b60-c6c140a7ffbc ] Request (ServerRescueTestJSON:setUpClass): 200 GET http://10.180.1.21/compute/v2.1/servers/cf6d7dcf-f4ac-40e2-868e-199f7e6ad25c 0.916s
2025-03-11 20:24:03.660 70173 INFO tempest.lib.common.rest_client [req-6546db68-bdd4-4563-9e79-de6f731954c8 req-6546db68-bdd4-4563-9e79-de6f731954c8 ] Request (ServerActionsTestOtherA:test_rebuild_server_in_stop_state): 201 POST http://10.180.1.21/identity/v3/auth/tokens 0.094s
2025-03-11 20:24:03.660 70173 INFO tempest.lib.common.fixed_network [-] (ServerActionsTestOtherA:test_rebuild_server_in_stop_state) Found network {'id': 'ea59b435-20ae-4dc0-9a9b-7d70b5407e9a', 'name': 'tempest-ServerActionsTestOtherA-165437735-network', 'tenant_id': '0f027fc663134437bd5fedbe4d244f31', 'admin_state_up': True, 'mtu': 8950, 'status': 'ACTIVE', 'subnets': [], 'shared': False, 'project_id': '0f027fc663134437bd5fedbe4d244f31', 'port_security_enabled': True, 'router:external': False, 'provider:network_type': 'vlan', 'provider:physical_network': 'default', 'provider:segmentation_id': 210, 'availability_zone_hints': [], 'availability_zones': [], 'ipv4_address_scope': None, 'ipv6_address_scope': None, 'description': '', 'tags': [], 'created_at': '2025-03-11T20:21:23Z', 'updated_at': '2025-03-11T20:21:23Z', 'revision_number': 1} available for tenant
2025-03-11 20:24:03.678 70185 INFO tempest.lib.common.rest_client [req-17635c00-529f-45c8-b46d-da508bb8bb94 req-17635c00-529f-45c8-b46d-da508bb8bb94 ] Request (ServersListShow296Test:tearDownClass): 404 GET http://10.180.1.21/compute/v2.1/servers/07c43be2-c15c-476d-ab0a-550d0511a785 1.034s
2025-03-11 20:24:03.719 70179 INFO tempest.lib.common.rest_client [req-354657db-26e6-42ad-825b-596342ba3705 req-354657db-26e6-42ad-825b-596342ba3705 ] Request (ServersAdminNegativeTestJSON:tearDownClass): 200 GET http://10.180.1.21/compute/v2.1/servers/1104e337-464b-4df2-9c4a-7a1695128caa 0.901s
2025-03-11 20:24:03.750 70185 INFO tempest.lib.common.rest_client [req-8f985391-e0f0-4505-b5b6-3fc9b8d33087 req-8f985391-e0f0-4505-b5b6-3fc9b8d33087 ] Request (ServersListShow296Test:tearDownClass): 204 DELETE http://10.180.1.21/identity/v3/users/4382af84051f43488aeaf04148a8d9af 0.071s
2025-03-11 20:24:03.750 70185 INFO tempest.lib.common.dynamic_creds [-] Deleting project and security group for project: a5e8e2d707b14acbb7fe19c72b72cc96
2025-03-11 20:24:03.761 70187 INFO tempest.lib.common.rest_client [req-4871e33a-44aa-4bba-82ed-a2d231cba2f7 req-4871e33a-44aa-4bba-82ed-a2d231cba2f7 ] Request (ServerMetadataNegativeTestJSON:setUpClass): 200 GET http://10.180.1.21/compute/v2.1/servers/94ca9823-14c8-4da4-9c79-ae233f79d656 0.864s
2025-03-11 20:24:03.772 70187 INFO tempest.common.waiters [-] State transition "BUILD/None" ==> "BUILD/networking" after 103 second wait
2025-03-11 20:24:03.813 70185 INFO tempest.lib.common.rest_client [req-267b9ec8-6934-4b50-a3d5-fd2e87e9b11f req-267b9ec8-6934-4b50-a3d5-fd2e87e9b11f ] Request (ServersListShow296Test:tearDownClass): 201 POST http://10.180.1.21/identity/v3/auth/tokens 0.062s
2025-03-11 20:24:03.944 70223 INFO tempest.lib.common.rest_client [req-e028b175-8243-4f68-aaca-df210098d45b req-e028b175-8243-4f68-aaca-df210098d45b ] Request (VolumesAdminNegativeTest:test_update_attached_volume_with_nonexistent_volume_in_body): 200 GET http://10.180.1.21/compute/v2.1/servers/821ee995-2b25-4053-bc3c-6523f1db90e2 0.831s
2025-03-11 20:24:03.952 70223 INFO tempest.common.waiters [-] State transition "BUILD/spawning" ==> "ACTIVE/None" after 115 second wait
2025-03-11 20:24:03.965 70189 INFO tempest.lib.common.rest_client [req-38c39d7c-85b8-4ac2-a8ec-de4ab9115239 req-38c39d7c-85b8-4ac2-a8ec-de4ab9115239 ] Request (DeleteServersAdminTestJSON:tearDownClass): 404 DELETE http://10.180.1.21/compute/v2.1/servers/3719ed62-b76c-425e-8721-5ba909bda739 0.851s
2025-03-11 20:24:04.001 70171 INFO tempest.lib.common.rest_client [req-1b8e6d69-f507-4a7a-8153-f0f7b4018166 req-1b8e6d69-f507-4a7a-8153-f0f7b4018166 ] Request (ServerActionsV293TestJSON:setUpClass): 200 GET http://10.180.1.21/volume/v3/volumes/043a63f5-8011-4e97-9698-9e383b9a21b8 0.033s
2025-03-11 20:24:04.038 70215 INFO tempest.lib.common.rest_client [req-d8e62b0f-37d5-46c3-b174-706696d6bd36 req-d8e62b0f-37d5-46c3-b174-706696d6bd36 ] Request (ServersAdminTestJSON:test_inject_network_info): 200 GET http://10.180.1.21/compute/v2.1/servers/b0cce521-8ca7-43fd-b774-705ca70d6471 0.852s
2025-03-11 20:24:04.067 70185 INFO tempest.lib.common.rest_client [req-8aa6c7b0-c788-4a76-a08d-49775ece0d6b req-8aa6c7b0-c788-4a76-a08d-49775ece0d6b ] Request (ServersListShow296Test:tearDownClass): 200 GET http://10.180.1.21:9696/networking/v2.0/security-groups?tenant_id=a5e8e2d707b14acbb7fe19c72b72cc96&name=default 0.254s
2025-03-11 20:24:04.127 70163 INFO tempest.lib.common.rest_client [req-18e5538d-2f94-475e-8b5e-2d37ecc69e0d req-18e5538d-2f94-475e-8b5e-2d37ecc69e0d ] Request (AttachVolumeTestJSON:test_attach_detach_volume): 200 GET http://10.180.1.21/compute/v2.1/servers/57215d4f-805a-43ad-ac2e-704ed71ed837 0.863s
2025-03-11 20:24:04.208 70185 INFO tempest.lib.common.rest_client [req-8129f53f-d3f9-46a8-aeac-fd37bf85e256 req-8129f53f-d3f9-46a8-aeac-fd37bf85e256 ] Request (ServersListShow296Test:tearDownClass): 204 DELETE http://10.180.1.21:9696/networking/v2.0/security-groups/2968b1c3-3140-455b-a507-7fcf0b5d6f7e 0.140s
2025-03-11 20:24:04.267 70185 INFO tempest.lib.common.rest_client [req-119a0430-ed9c-44bd-82f5-beae83a7ce88 req-119a0430-ed9c-44bd-82f5-beae83a7ce88 ] Request (ServersListShow296Test:tearDownClass): 204 DELETE http://10.180.1.21/identity/v3/projects/a5e8e2d707b14acbb7fe19c72b72cc96 0.059s
2025-03-11 20:24:04.334 70185 INFO tempest.lib.common.rest_client [req-715f8a99-cdd0-479b-835a-a426289cdde9 req-715f8a99-cdd0-479b-835a-a426289cdde9 ] Request (ServersNegativeTestJSON:setUpClass): 201 POST http://10.180.1.21/identity/v3/auth/tokens 0.065s
2025-03-11 20:24:04.361 70181 INFO tempest.lib.common.rest_client [req-8cd12ac7-82ec-45f5-81df-f31110d8713b req-8cd12ac7-82ec-45f5-81df-f31110d8713b ] Request (ServersTestMultiNic:test_verify_duplicate_network_nics): 200 GET http://10.180.1.21/compute/v2.1/servers/295b2bc5-a56d-4eca-940f-c04d3adae804 0.763s
2025-03-11 20:24:04.373 70185 INFO tempest.lib.common.rest_client [req-a3f1b23e-3a16-492e-9d3d-75c90665959a req-a3f1b23e-3a16-492e-9d3d-75c90665959a ] Request (ServersNegativeTestJSON:setUpClass): 201 POST http://10.180.1.21/identity/v3/auth/tokens 0.036s
2025-03-11 20:24:04.401 70185 INFO tempest.lib.common.rest_client [req-395e8ec2-08d1-4a96-bead-5e1fed9e3602 req-395e8ec2-08d1-4a96-bead-5e1fed9e3602 ] Request (ServersNegativeTestJSON:setUpClass): 200 GET http://10.180.1.21/identity/v3/domains?name=Default 0.028s
2025-03-11 20:24:04.434 70185 INFO tempest.lib.common.rest_client [req-05330e19-c684-4804-9003-dddcebc42384 req-05330e19-c684-4804-9003-dddcebc42384 ] Request (ServersNegativeTestJSON:setUpClass): 201 POST http://10.180.1.21/identity/v3/projects 0.032s
2025-03-11 20:24:04.516 70185 INFO tempest.lib.common.rest_client [req-82d9ecca-56b6-40ca-9525-1dce5df86145 req-82d9ecca-56b6-40ca-9525-1dce5df86145 ] Request (ServersNegativeTestJSON:setUpClass): 201 POST http://10.180.1.21/identity/v3/users 0.081s
2025-03-11 20:24:04.540 70185 INFO tempest.lib.common.rest_client [req-c3399e66-a950-4cd6-adfb-2b9333faac03 req-c3399e66-a950-4cd6-adfb-2b9333faac03 ] Request (ServersNegativeTestJSON:setUpClass): 200 GET http://10.180.1.21/identity/v3/roles 0.024s
2025-03-11 20:24:04.545 70217 WARNING tempest.lib.common.ssh [-] Failed to establish authenticated ssh connection to cirros@10.180.180.133 ([Errno None] Unable to connect to port 22 on 10.180.180.133). Number attempts: 1. Retry after 2 seconds.: paramiko.ssh_exception.NoValidConnectionsError: [Errno None] Unable to connect to port 22 on 10.180.180.133
2025-03-11 20:24:04.575 70185 INFO tempest.lib.common.rest_client [req-0fafdee2-1534-4ec8-9376-16453a1ed9e0 req-0fafdee2-1534-4ec8-9376-16453a1ed9e0 ] Request (ServersNegativeTestJSON:setUpClass): 204 PUT http://10.180.1.21/identity/v3/projects/98213ebe32a04a54bc9b0dca299d9068/users/85fded32cca74eef9538fd0ea4385cdd/roles/a77d81d099f94155a3df94049a5bc344 0.034s
2025-03-11 20:24:04.576 70185 INFO tempest.lib.common.dynamic_creds [-] Dynamic test user 85fded32cca74eef9538fd0ea4385cdd is created with scope project and roles: ['member']
2025-03-11 20:24:04.576 70185 INFO tempest.lib.common.dynamic_creds [-] Acquired dynamic creds: credentials: Credentials: {'domain_id': 'default', 'domain_name': 'Default', 'username': 'tempest-ServersNegativeTestJSON-374123074-project-member', 'project_domain_id': 'default', 'project_domain_name': 'Default', 'project_id': '98213ebe32a04a54bc9b0dca299d9068', 'project_name': 'tempest-ServersNegativeTestJSON-374123074', 'tenant_id': '98213ebe32a04a54bc9b0dca299d9068', 'tenant_name': 'tempest-ServersNegativeTestJSON-374123074', 'user_domain_id': 'default', 'user_domain_name': 'Default', 'user_id': '85fded32cca74eef9538fd0ea4385cdd', 'system': None}, Network: None, Subnet: None, Router: None
2025-03-11 20:24:04.650 70185 INFO tempest.lib.common.rest_client [req-54a1389a-131f-4891-aac1-81485b796fa2 req-54a1389a-131f-4891-aac1-81485b796fa2 ] Request (ServersNegativeTestJSON:setUpClass): 201 POST http://10.180.1.21/identity/v3/auth/tokens 0.074s
2025-03-11 20:24:04.947 70185 INFO tempest.lib.common.rest_client [req-be9b523c-e821-488e-900e-01536f397fb6 req-be9b523c-e821-488e-900e-01536f397fb6 ] Request (ServersNegativeTestJSON:setUpClass): 201 POST http://10.180.1.21:9696/networking/v2.0/networks 0.296s
2025-03-11 20:24:05.040 70171 INFO tempest.lib.common.rest_client [req-8ba89a51-e633-4674-bb94-1667e102efa2 req-8ba89a51-e633-4674-bb94-1667e102efa2 ] Request (ServerActionsV293TestJSON:setUpClass): 200 GET http://10.180.1.21/volume/v3/volumes/043a63f5-8011-4e97-9698-9e383b9a21b8 0.030s
2025-03-11 20:24:05.103 70185 INFO tempest.lib.common.rest_client [req-ddc5ebbf-2315-4988-8e03-b8a913a6d1e7 req-ddc5ebbf-2315-4988-8e03-b8a913a6d1e7 ] Request (ServersNegativeTestJSON:setUpClass): 201 POST http://10.180.1.21:9696/networking/v2.0/subnets 0.156s
2025-03-11 20:24:05.254 70173 INFO tempest.lib.common.rest_client [req-57e06024-6e10-4991-80f5-44c12a576421 req-57e06024-6e10-4991-80f5-44c12a576421 ] Request (ServerActionsTestOtherA:test_rebuild_server_in_stop_state): 202 POST http://10.180.1.21/compute/v2.1/servers 1.593s
2025-03-11 20:24:05.330 70169 INFO tempest.lib.common.rest_client [req-b448d59f-47b1-4faa-ac48-54eaff9ef054 req-b448d59f-47b1-4faa-ac48-54eaff9ef054 ] Request (DeleteServersTestJSON:test_delete_active_server): 200 GET http://10.180.1.21/compute/v2.1/servers/861f39de-66ab-4ddb-9672-5b8474a2f0d3 1.655s
2025-03-11 20:24:05.406 70205 INFO tempest.lib.common.rest_client [req-12a0e81c-b66e-40d5-be77-3c3fde855f4e req-12a0e81c-b66e-40d5-be77-3c3fde855f4e ] Request (SecurityGroupsTestJSON:test_list_security_groups_by_se