2025-03-11 20:51:33.209 69235 INFO tempest.lib.common.rest_client [req-f616c56d-8738-4cf5-94e7-e43ac5f12e8c req-f616c56d-8738-4cf5-94e7-e43ac5f12e8c ] Request (FlavorsExtraSpecsNegativeTestJSON:setUpClass): 201 POST http://10.180.1.21/identity/v3/users 0.639s
2025-03-11 20:51:33.222 69196 INFO tempest.lib.common.rest_client [req-be62e087-3371-467b-90d0-e9fbe2821fba req-be62e087-3371-467b-90d0-e9fbe2821fba ] Request (HypervisorAdminTestJSON:setUpClass): 204 PUT http://10.180.1.21/identity/v3/projects/10d82f78704843fb8b8804a99b326eb9/users/2185d2cfdb7b4542ac94738c68106fe6/roles/426b85f5122a49f5bb761150385c07a3 0.657s
2025-03-11 20:51:33.228 69247 INFO tempest.lib.common.rest_client [req-47773816-f8d0-4ae1-a85c-f17d90f15133 req-47773816-f8d0-4ae1-a85c-f17d90f15133 ] Request (QuotasAdminNegativeTest:setUpClass): 200 GET http://10.180.1.21/identity/v3/roles 0.642s
2025-03-11 20:51:33.272 69226 INFO tempest.lib.common.rest_client [req-9f3720af-a966-4890-bf06-89f4ac425cef req-9f3720af-a966-4890-bf06-89f4ac425cef ] Request (QuotasAdminTestJSON:setUpClass): 200 GET http://10.180.1.21/identity/v3/roles 0.636s
2025-03-11 20:51:33.294 69216 INFO tempest.lib.common.rest_client [req-62c3c7dd-f5ed-47f2-8ce7-4ec76257f3e9 req-62c3c7dd-f5ed-47f2-8ce7-4ec76257f3e9 ] Request (NetworksTest:setUpClass): 201 POST http://10.180.1.21/identity/v3/users 0.656s
2025-03-11 20:51:33.313 69237 INFO tempest.lib.common.rest_client [req-f56fdd94-3c2f-443b-964d-5f7e3552e763 req-f56fdd94-3c2f-443b-964d-5f7e3552e763 ] Request (AZAdminV2TestJSON:tearDownClass): 204 DELETE http://10.180.1.21/identity/v3/users/38fbae1ad4444e5080de27a73d779d05 0.726s
2025-03-11 20:51:33.345 69228 INFO tempest.lib.common.rest_client [req-2467aa68-d2e9-4c7d-815b-2685b9785c17 req-2467aa68-d2e9-4c7d-815b-2685b9785c17 ] Request (HostsAdminTestJSON:setUpClass): 201 POST http://10.180.1.21/identity/v3/users 0.650s
2025-03-11 20:51:33.363 69224 INFO tempest.lib.common.rest_client [req-b59fd647-0d32-4294-9f0d-ae26501fe107 req-b59fd647-0d32-4294-9f0d-ae26501fe107 ] Request (VolumesAssistedSnapshotsTest:setUpClass): 201 POST http://10.180.1.21:9696/networking/v2.0/subnets 0.265s
2025-03-11 20:51:33.455 69222 INFO tempest.lib.common.rest_client [req-5f2c85c2-6fb8-4b80-bb1d-b9c51440f4ec req-5f2c85c2-6fb8-4b80-bb1d-b9c51440f4ec ] Request (HypervisorAdminV228Test:setUpClass): 200 GET http://10.180.1.21/identity/v3/roles 0.694s
2025-03-11 20:51:33.474 69244 INFO tempest.lib.common.rest_client [req-a5d72122-8525-4c3c-a1ef-8ef6b5e13948 req-a5d72122-8525-4c3c-a1ef-8ef6b5e13948 ] Request (ServicesAdminNegativeTestJSON:setUpClass): 201 POST http://10.180.1.21/identity/v3/users 0.692s
2025-03-11 20:51:33.496 69188 INFO tempest.lib.common.rest_client [req-cbb3158d-14ca-48bd-835e-37b7584007dc req-cbb3158d-14ca-48bd-835e-37b7584007dc ] Request (AZAdminNegativeTestJSON:setUpClass): 200 GET http://10.180.1.21/identity/v3/roles 0.610s
2025-03-11 20:51:33.518 69210 INFO tempest.lib.common.rest_client [req-be69cff1-7d5b-4c5b-9432-528a4c030e21 req-be69cff1-7d5b-4c5b-9432-528a4c030e21 ] Request (FlavorsAdminTestJSON:setUpClass): 200 GET http://10.180.1.21/identity/v3/roles 0.609s
2025-03-11 20:51:33.518 69220 INFO tempest.lib.common.rest_client [req-06e42d1e-725c-4e8d-a009-ccb4f7462f4f req-06e42d1e-725c-4e8d-a009-ccb4f7462f4f ] Request (VolumesAdminNegativeTest:setUpClass): 200 PUT http://10.180.1.21:9696/networking/v2.0/routers/dc4bc5e5-c563-42dd-9f85-6f6d91f9db01/add_router_interface 0.915s
2025-03-11 20:51:33.519 69220 INFO tempest.lib.common.dynamic_creds [-] Created isolated network resources for: credentials: Credentials: {'domain_id': 'default', 'domain_name': 'Default', 'username': 'tempest-VolumesAdminNegativeTest-2125697234-project-member', 'project_domain_id': 'default', 'project_domain_name': 'Default', 'project_id': '08ec7b77851347a2817fdff002ac5f1f', 'project_name': 'tempest-VolumesAdminNegativeTest-2125697234', 'tenant_id': '08ec7b77851347a2817fdff002ac5f1f', 'tenant_name': 'tempest-VolumesAdminNegativeTest-2125697234', 'user_domain_id': 'default', 'user_domain_name': 'Default', 'user_id': 'ad26627050e441a3a3da27551befa796', 'system': None}, Network: {'id': 'f8d17783-7a0d-4afd-8e46-0b33924667c2', 'name': 'tempest-VolumesAdminNegativeTest-1162646381-network', 'tenant_id': '08ec7b77851347a2817fdff002ac5f1f', 'admin_state_up': True, 'mtu': 8950, 'status': 'ACTIVE', 'subnets': [], 'shared': False, 'project_id': '08ec7b77851347a2817fdff002ac5f1f', 'port_security_enabled': True, 'router:external': False, 'provider:network_type': 'vlan', 'provider:physical_network': 'default', 'provider:segmentation_id': 480, 'availability_zone_hints': [], 'availability_zones': [], 'ipv4_address_scope': None, 'ipv6_address_scope': None, 'description': '', 'tags': [], 'created_at': '2025-03-11T20:51:31Z', 'updated_at': '2025-03-11T20:51:31Z', 'revision_number': 1}, Subnet: {'id': '955e88d5-0826-43d0-a64e-d9996efb9927', 'name': 'tempest-VolumesAdminNegativeTest-1162646381-subnet', 'tenant_id': '08ec7b77851347a2817fdff002ac5f1f', 'network_id': 'f8d17783-7a0d-4afd-8e46-0b33924667c2', 'ip_version': 4, 'subnetpool_id': None, 'enable_dhcp': True, 'ipv6_ra_mode': None, 'ipv6_address_mode': None, 'gateway_ip': '192.168.128.1', 'cidr': '192.168.128.0/28', 'allocation_pools': [{'start': '192.168.128.2', 'end': '192.168.128.14'}], 'host_routes': [], 'dns_nameservers': [], 'description': '', 'router:external': False, 'service_types': [], 'tags': [], 'created_at': '2025-03-11T20:51:31Z', 'updated_at': '2025-03-11T20:51:31Z', 'revision_number': 0, 'project_id': '08ec7b77851347a2817fdff002ac5f1f'}, Router: {'id': 'dc4bc5e5-c563-42dd-9f85-6f6d91f9db01', 'name': 'tempest-VolumesAdminNegativeTest-1162646381-router', 'tenant_id': '08ec7b77851347a2817fdff002ac5f1f', 'admin_state_up': True, 'status': 'ACTIVE', 'external_gateway_info': {'network_id': 'cc194e04-0a46-4494-b374-7a85c8bd7b72', 'external_fixed_ips': [{'subnet_id': '1042a5b3-51cb-483b-accb-f03c5e4ca1f6', 'ip_address': '10.180.180.189'}], 'enable_snat': True}, 'description': '', 'availability_zones': [], 'distributed': False, 'ha': False, 'availability_zone_hints': [], 'routes': [], 'flavor_id': None, 'tags': [], 'created_at': '2025-03-11T20:51:31Z', 'updated_at': '2025-03-11T20:51:32Z', 'revision_number': 2, 'project_id': '08ec7b77851347a2817fdff002ac5f1f'}
2025-03-11 20:51:33.521 69198 INFO tempest.lib.common.rest_client [req-5337bafb-537b-4390-b93b-5e873af53f74 req-5337bafb-537b-4390-b93b-5e873af53f74 ] Request (DeleteServersAdminTestJSON:setUpClass): 201 POST http://10.180.1.21/identity/v3/auth/tokens 0.690s
2025-03-11 20:51:33.549 69249 INFO tempest.lib.common.rest_client [req-744f5f20-4c1d-4bef-ae91-ceb5402e58a1 req-744f5f20-4c1d-4bef-ae91-ceb5402e58a1 ] Request (ServerDiagnosticsV248Test:setUpClass): 201 POST http://10.180.1.21/identity/v3/users 0.631s
2025-03-11 20:51:33.552 69239 INFO tempest.lib.common.rest_client [req-9a13dcbf-8618-4dca-9315-c9fba78d8037 req-9a13dcbf-8618-4dca-9315-c9fba78d8037 ] Request (AggregatesAdminNegativeTestJSON:setUpClass): 200 GET http://10.180.1.21/identity/v3/roles 0.623s
2025-03-11 20:51:33.574 69192 INFO tempest.lib.common.rest_client [req-801be579-9234-4ee1-99e9-31e803d8d552 req-801be579-9234-4ee1-99e9-31e803d8d552 ] Request (HypervisorAdminNegativeTestJSON:setUpClass): 200 GET http://10.180.1.21/identity/v3/roles 0.580s
2025-03-11 20:51:33.578 69232 INFO tempest.lib.common.rest_client [req-328664ed-c595-4974-86af-b2181878fd71 req-328664ed-c595-4974-86af-b2181878fd71 ] Request (QuotasAdminTestV257:setUpClass): 204 PUT http://10.180.1.21/identity/v3/projects/dfd13375181f4591b26639fa8a06a6fb/users/c1ab50ca5e394d5184ae61d8dd274e3a/roles/426b85f5122a49f5bb761150385c07a3 0.607s
2025-03-11 20:51:33.623 69218 INFO tempest.lib.common.rest_client [req-c5ef37d2-ab2f-4ec5-9bb2-cdb7b60987bf req-c5ef37d2-ab2f-4ec5-9bb2-cdb7b60987bf ] Request (HypervisorAdminNegativeUnderV252Test:setUpClass): 200 GET http://10.180.1.21/identity/v3/roles 0.621s
2025-03-11 20:51:33.625 69200 INFO tempest.lib.common.rest_client [req-91003fc3-c411-4163-b1c2-e34bc05b3b4d req-91003fc3-c411-4163-b1c2-e34bc05b3b4d ] Request (KeyPairsV210TestJSON:setUpClass): 200 GET http://10.180.1.21/identity/v3/roles 0.594s
2025-03-11 20:51:33.649 69202 INFO tempest.lib.common.rest_client [req-0ba7b548-6bf0-4157-a32f-5c5253f9b163 req-0ba7b548-6bf0-4157-a32f-5c5253f9b163 ] Request (TenantUsagesTestJSON:setUpClass): 200 GET http://10.180.1.21/identity/v3/roles 0.568s
2025-03-11 20:51:33.651 69241 INFO tempest.lib.common.rest_client [req-4fda1154-3350-43c7-b74a-d8599e51cfcf req-4fda1154-3350-43c7-b74a-d8599e51cfcf ] Request (InstanceUsageAuditLogNegativeTestJSON:setUpClass): 204 PUT http://10.180.1.21/identity/v3/projects/733d06b2587642a988daf98ee2b1d25b/users/b23a8395cfea47408b88c394c263cf57/roles/426b85f5122a49f5bb761150385c07a3 0.603s
2025-03-11 20:51:33.699 69204 INFO tempest.lib.common.rest_client [req-27cf0b6c-37f4-42ca-8aa9-867666300063 req-27cf0b6c-37f4-42ca-8aa9-867666300063 ] Request (SecurityGroupsTestAdminJSON:setUpClass): 200 GET http://10.180.1.21/identity/v3/roles 0.594s
2025-03-11 20:51:33.706 69208 INFO tempest.lib.common.rest_client [req-ba60a318-91ae-4f22-8b1a-25d333e7b7a3 req-ba60a318-91ae-4f22-8b1a-25d333e7b7a3 ] Request (FlavorsExtraSpecsTestJSON:setUpClass): 204 PUT http://10.180.1.21/identity/v3/projects/a324bddb44be4043bbe2e615e9acb4fb/users/71b6690c73844a6ea116b5eeed358322/roles/426b85f5122a49f5bb761150385c07a3 0.584s
2025-03-11 20:51:33.750 69186 INFO tempest.lib.common.rest_client [req-7fd05f38-58ab-4415-9726-f5574f541133 req-7fd05f38-58ab-4415-9726-f5574f541133 ] Request (FlavorsAccessNegativeTestJSON:setUpClass): 200 GET http://10.180.1.21/identity/v3/roles 0.605s
2025-03-11 20:51:33.771 69206 INFO tempest.lib.common.rest_client [req-5f63ab13-9d89-4ec8-8098-79edbc6dfcc6 req-5f63ab13-9d89-4ec8-8098-79edbc6dfcc6 ] Request (HypervisorAdminV253TestBase:setUpClass): 200 GET http://10.180.1.21/identity/v3/roles 0.612s
2025-03-11 20:51:33.796 69190 INFO tempest.lib.common.rest_client [req-4034f192-e27f-4461-928f-c6e87de2f8e6 req-4034f192-e27f-4461-928f-c6e87de2f8e6 ] Request (InstanceUsageAuditLogTestJSON:tearDownClass): 204 DELETE http://10.180.1.21/identity/v3/projects/5fb9661871f841c5bc37159e6dcd9c51 0.649s
2025-03-11 20:51:33.796 69190 INFO tempest.lib.common.dynamic_creds [-] Deleting project and security group for project: 686cf1beb90743fba3f395e1dbe2734e
2025-03-11 20:51:33.849 69235 INFO tempest.lib.common.rest_client [req-3bca11ae-5b11-4043-a190-536cd26c0114 req-3bca11ae-5b11-4043-a190-536cd26c0114 ] Request (FlavorsExtraSpecsNegativeTestJSON:setUpClass): 200 GET http://10.180.1.21/identity/v3/roles 0.639s
2025-03-11 20:51:33.875 69196 INFO tempest.lib.common.rest_client [req-40ede53a-ab71-4095-b63d-1072e9cc65ac req-40ede53a-ab71-4095-b63d-1072e9cc65ac ] Request (HypervisorAdminTestJSON:setUpClass): 200 GET http://10.180.1.21/identity/v3/roles 0.652s
2025-03-11 20:51:33.907 69247 INFO tempest.lib.common.rest_client [req-b81a5a18-7c11-466c-ae60-b597396e5970 req-b81a5a18-7c11-466c-ae60-b597396e5970 ] Request (QuotasAdminNegativeTest:setUpClass): 204 PUT http://10.180.1.21/identity/v3/projects/aabb12ebc01b4ee2ad9a3e0643a800e6/users/7bf90b9fc0ab408f93965d4de5c65419/roles/426b85f5122a49f5bb761150385c07a3 0.678s
2025-03-11 20:51:33.916 69190 INFO tempest.lib.common.rest_client [req-7364fd12-0103-46fa-9250-71116f5bbfcf req-7364fd12-0103-46fa-9250-71116f5bbfcf ] Request (InstanceUsageAuditLogTestJSON:tearDownClass): 200 GET http://10.180.1.21:9696/networking/v2.0/security-groups?tenant_id=686cf1beb90743fba3f395e1dbe2734e&name=default 0.119s
2025-03-11 20:51:33.923 69226 INFO tempest.lib.common.rest_client [req-cf183e98-d637-4f6a-aa5e-d6419b2121d3 req-cf183e98-d637-4f6a-aa5e-d6419b2121d3 ] Request (QuotasAdminTestJSON:setUpClass): 204 PUT http://10.180.1.21/identity/v3/projects/c7c80c5316a34c38960f1de09f44ab45/users/d127f44fc52340ed844f222f975f51dd/roles/426b85f5122a49f5bb761150385c07a3 0.650s
2025-03-11 20:51:33.968 69216 INFO tempest.lib.common.rest_client [req-c8cbc5e8-b5f1-4d4b-a0bb-e2bb236f68b0 req-c8cbc5e8-b5f1-4d4b-a0bb-e2bb236f68b0 ] Request (NetworksTest:setUpClass): 200 GET http://10.180.1.21/identity/v3/roles 0.674s
2025-03-11 20:51:33.993 69228 INFO tempest.lib.common.rest_client [req-8e5da9cb-142e-4a4c-ab59-cdcc9804c4b5 req-8e5da9cb-142e-4a4c-ab59-cdcc9804c4b5 ] Request (HostsAdminTestJSON:setUpClass): 200 GET http://10.180.1.21/identity/v3/roles 0.648s
2025-03-11 20:51:34.005 69190 INFO tempest.lib.common.rest_client [req-3610a7ff-67b2-4711-84ea-c44bdb36a88f req-3610a7ff-67b2-4711-84ea-c44bdb36a88f ] Request (InstanceUsageAuditLogTestJSON:tearDownClass): 204 DELETE http://10.180.1.21:9696/networking/v2.0/security-groups/635e62d0-a6ed-462e-8978-3831982fa9aa 0.089s
2025-03-11 20:51:34.022 69237 INFO tempest.lib.common.rest_client [req-209806de-6f31-4c05-bf1b-e55aef726a07 req-209806de-6f31-4c05-bf1b-e55aef726a07 ] Request (AZAdminV2TestJSON:tearDownClass): 204 DELETE http://10.180.1.21/identity/v3/users/1e9497ac2dd74547bc3cb1538766a320 0.709s
2025-03-11 20:51:34.022 69237 INFO tempest.lib.common.dynamic_creds [-] Deleting project and security group for project: e4babc4c790b4a12bb3da80c96266486
2025-03-11 20:51:34.077 69222 INFO tempest.lib.common.rest_client [req-1e145975-c395-4bad-899b-0492ad1a4669 req-1e145975-c395-4bad-899b-0492ad1a4669 ] Request (HypervisorAdminV228Test:setUpClass): 204 PUT http://10.180.1.21/identity/v3/projects/be5bb20a913c46b2a00f908e7d6404d4/users/3b25d339279544fc93004adfd73bedf7/roles/426b85f5122a49f5bb761150385c07a3 0.621s
2025-03-11 20:51:34.110 69214 INFO tempest.lib.common.rest_client [req-41493fce-2a36-494d-8e83-875253010463 req-41493fce-2a36-494d-8e83-875253010463 ] Request (ServersWithSpecificFlavorTestJSON:setUpClass): 200 PUT http://10.180.1.21:9696/networking/v2.0/routers/01dd26c9-bd69-4d3f-a555-f80b04b69c6c/add_router_interface 1.090s
2025-03-11 20:51:34.110 69214 INFO tempest.lib.common.dynamic_creds [-] Created isolated network resources for: credentials: Credentials: {'domain_id': 'default', 'domain_name': 'Default', 'username': 'tempest-ServersWithSpecificFlavorTestJSON-1241167309-project-member', 'project_domain_id': 'default', 'project_domain_name': 'Default', 'project_id': 'd2ef65643d834b06a71e9b74f7e8fac4', 'project_name': 'tempest-ServersWithSpecificFlavorTestJSON-1241167309', 'tenant_id': 'd2ef65643d834b06a71e9b74f7e8fac4', 'tenant_name': 'tempest-ServersWithSpecificFlavorTestJSON-1241167309', 'user_domain_id': 'default', 'user_domain_name': 'Default', 'user_id': '4c2fdf51e8554ac28c4066e8acca4d18', 'system': None}, Network: {'id': '073b8fe0-11fe-4a08-9ccf-9a0beb877e9d', 'name': 'tempest-ServersWithSpecificFlavorTestJSON-695463773-network', 'tenant_id': 'd2ef65643d834b06a71e9b74f7e8fac4', 'admin_state_up': True, 'mtu': 8950, 'status': 'ACTIVE', 'subnets': [], 'shared': False, 'project_id': 'd2ef65643d834b06a71e9b74f7e8fac4', 'port_security_enabled': True, 'router:external': False, 'provider:network_type': 'vlan', 'provider:physical_network': 'default', 'provider:segmentation_id': 717, 'availability_zone_hints': [], 'availability_zones': [], 'ipv4_address_scope': None, 'ipv6_address_scope': None, 'description': '', 'tags': [], 'created_at': '2025-03-11T20:51:32Z', 'updated_at': '2025-03-11T20:51:32Z', 'revision_number': 1}, Subnet: {'id': '3d03ee85-5012-436a-a93c-39099adacefe', 'name': 'tempest-ServersWithSpecificFlavorTestJSON-695463773-subnet', 'tenant_id': 'd2ef65643d834b06a71e9b74f7e8fac4', 'network_id': '073b8fe0-11fe-4a08-9ccf-9a0beb877e9d', 'ip_version': 4, 'subnetpool_id': None, 'enable_dhcp': True, 'ipv6_ra_mode': None, 'ipv6_address_mode': None, 'gateway_ip': '192.168.128.1', 'cidr': '192.168.128.0/28', 'allocation_pools': [{'start': '192.168.128.2', 'end': '192.168.128.14'}], 'host_routes': [], 'dns_nameservers': [], 'description': '', 'router:external': False, 'service_types': [], 'tags': [], 'created_at': '2025-03-11T20:51:32Z', 'updated_at': '2025-03-11T20:51:32Z', 'revision_number': 0, 'project_id': 'd2ef65643d834b06a71e9b74f7e8fac4'}, Router: {'id': '01dd26c9-bd69-4d3f-a555-f80b04b69c6c', 'name': 'tempest-ServersWithSpecificFlavorTestJSON-695463773-router', 'tenant_id': 'd2ef65643d834b06a71e9b74f7e8fac4', 'admin_state_up': True, 'status': 'ACTIVE', 'external_gateway_info': {'network_id': 'cc194e04-0a46-4494-b374-7a85c8bd7b72', 'external_fixed_ips': [{'subnet_id': '1042a5b3-51cb-483b-accb-f03c5e4ca1f6', 'ip_address': '10.180.180.211'}], 'enable_snat': True}, 'description': '', 'availability_zones': [], 'distributed': False, 'ha': False, 'availability_zone_hints': [], 'routes': [], 'flavor_id': None, 'tags': [], 'created_at': '2025-03-11T20:51:32Z', 'updated_at': '2025-03-11T20:51:32Z', 'revision_number': 2, 'project_id': 'd2ef65643d834b06a71e9b74f7e8fac4'}
2025-03-11 20:51:34.119 69244 INFO tempest.lib.common.rest_client [req-a36fb107-4f8a-4509-9c7b-e2fc2118a88a req-a36fb107-4f8a-4509-9c7b-e2fc2118a88a ] Request (ServicesAdminNegativeTestJSON:setUpClass): 200 GET http://10.180.1.21/identity/v3/roles 0.644s
2025-03-11 20:51:34.141 69188 INFO tempest.lib.common.rest_client [req-24544692-e4ea-40ad-828f-aa9ba53f571f req-24544692-e4ea-40ad-828f-aa9ba53f571f ] Request (AZAdminNegativeTestJSON:setUpClass): 204 PUT http://10.180.1.21/identity/v3/projects/eee27373062242438a4b518bae042804/users/b7d9cd4de45e49dfa4eca6b24eaff0be/roles/426b85f5122a49f5bb761150385c07a3 0.644s
2025-03-11 20:51:34.144 69210 INFO tempest.lib.common.rest_client [req-a5cc8953-055b-4b55-93c5-30e6af77b1db req-a5cc8953-055b-4b55-93c5-30e6af77b1db ] Request (FlavorsAdminTestJSON:setUpClass): 204 PUT http://10.180.1.21/identity/v3/projects/c93133b918af4c05a17abd7c369e507c/users/3dc2f6e249644f33b2621e408818f897/roles/426b85f5122a49f5bb761150385c07a3 0.625s
2025-03-11 20:51:34.191 69198 INFO tempest.lib.common.rest_client [req-854637e2-99b3-43ef-aab6-c3a4951186be req-854637e2-99b3-43ef-aab6-c3a4951186be ] Request (DeleteServersAdminTestJSON:test_admin_delete_servers_of_others): 201 POST http://10.180.1.21/identity/v3/auth/tokens 0.666s
2025-03-11 20:51:34.191 69198 INFO tempest.lib.common.fixed_network [-] (DeleteServersAdminTestJSON:test_admin_delete_servers_of_others) Found network None available for tenant
2025-03-11 20:51:34.201 69249 INFO tempest.lib.common.rest_client [req-e9291efd-4dde-4acb-9285-c2831054fd2b req-e9291efd-4dde-4acb-9285-c2831054fd2b ] Request (ServerDiagnosticsV248Test:setUpClass): 200 GET http://10.180.1.21/identity/v3/roles 0.651s
2025-03-11 20:51:34.226 69239 INFO tempest.lib.common.rest_client [req-383b6817-fa59-4c65-bc6a-5af815340ccd req-383b6817-fa59-4c65-bc6a-5af815340ccd ] Request (AggregatesAdminNegativeTestJSON:setUpClass): 204 PUT http://10.180.1.21/identity/v3/projects/47d48fcaaf73466f9c4fa115f84afd3c/users/bd6faf45b1304dcda3021be9aae4f516/roles/426b85f5122a49f5bb761150385c07a3 0.673s
2025-03-11 20:51:34.266 69220 INFO tempest.lib.common.rest_client [req-737e9e61-2dc5-41c8-94f4-a66aa90ebacf req-737e9e61-2dc5-41c8-94f4-a66aa90ebacf ] Request (VolumesAdminNegativeTest:setUpClass): 201 POST http://10.180.1.21/identity/v3/auth/tokens 0.701s
2025-03-11 20:51:34.279 69192 INFO tempest.lib.common.rest_client [req-5cfb5a59-4b62-40cc-b132-2a1107ec6097 req-5cfb5a59-4b62-40cc-b132-2a1107ec6097 ] Request (HypervisorAdminNegativeTestJSON:setUpClass): 204 PUT http://10.180.1.21/identity/v3/projects/f8d98d2091a24ac79d77d731f4293d27/users/9311078f5b50492c87b23f09b7ec3ce3/roles/426b85f5122a49f5bb761150385c07a3 0.705s
2025-03-11 20:51:34.307 69224 INFO tempest.lib.common.rest_client [req-48ef4f97-13e2-42b6-9fd6-9c8fb36fe1b7 req-48ef4f97-13e2-42b6-9fd6-9c8fb36fe1b7 ] Request (VolumesAssistedSnapshotsTest:setUpClass): 201 POST http://10.180.1.21:9696/networking/v2.0/routers 0.944s
2025-03-11 20:51:34.322 69232 INFO tempest.lib.common.rest_client [req-06b6a3a3-7b53-4bce-90b2-19b70aa5d370 req-06b6a3a3-7b53-4bce-90b2-19b70aa5d370 ] Request (QuotasAdminTestV257:setUpClass): 200 GET http://10.180.1.21/identity/v3/roles 0.744s
2025-03-11 20:51:34.332 69218 INFO tempest.lib.common.rest_client [req-bf6f96f4-9997-44c7-85ed-a494e2552a42 req-bf6f96f4-9997-44c7-85ed-a494e2552a42 ] Request (HypervisorAdminNegativeUnderV252Test:setUpClass): 204 PUT http://10.180.1.21/identity/v3/projects/e8e7421d348b4253aba9ca0c3d5c528d/users/8ce5309ccb49445da30900305c821883/roles/426b85f5122a49f5bb761150385c07a3 0.709s
2025-03-11 20:51:34.380 69200 INFO tempest.lib.common.rest_client [req-39c91917-45b7-4729-8910-98aee0a8d6fc req-39c91917-45b7-4729-8910-98aee0a8d6fc ] Request (KeyPairsV210TestJSON:setUpClass): 204 PUT http://10.180.1.21/identity/v3/projects/3c060a37c08b46388cb236bda81704aa/users/df7a0a59352941f78cf71432925e4a25/roles/426b85f5122a49f5bb761150385c07a3 0.754s
2025-03-11 20:51:34.382 69241 INFO tempest.lib.common.rest_client [req-f0662dae-f5e4-477e-9a4d-d7a190345484 req-f0662dae-f5e4-477e-9a4d-d7a190345484 ] Request (InstanceUsageAuditLogNegativeTestJSON:setUpClass): 200 GET http://10.180.1.21/identity/v3/roles 0.731s
2025-03-11 20:51:34.436 69202 INFO tempest.lib.common.rest_client [req-2eb5947e-3de5-411b-b138-68a112158b6d req-2eb5947e-3de5-411b-b138-68a112158b6d ] Request (TenantUsagesTestJSON:setUpClass): 204 PUT http://10.180.1.21/identity/v3/projects/dd29b5d40bd04f51b3ab868de8aa766e/users/207e36af908d46b387b3d94123b2f9f6/roles/426b85f5122a49f5bb761150385c07a3 0.786s
2025-03-11 20:51:34.441 69204 INFO tempest.lib.common.rest_client [req-2a9bebc8-2acb-47ec-9d9f-2ecf3af2aa9d req-2a9bebc8-2acb-47ec-9d9f-2ecf3af2aa9d ] Request (SecurityGroupsTestAdminJSON:setUpClass): 204 PUT http://10.180.1.21/identity/v3/projects/ca6f037c843543ae9c05f91536d0ef29/users/8a9dd10f78eb413086e775fd77216888/roles/426b85f5122a49f5bb761150385c07a3 0.741s
2025-03-11 20:51:34.484 69208 INFO tempest.lib.common.rest_client [req-b44af533-0942-497e-8f5a-84ee2be0dad9 req-b44af533-0942-497e-8f5a-84ee2be0dad9 ] Request (FlavorsExtraSpecsTestJSON:setUpClass): 200 GET http://10.180.1.21/identity/v3/roles 0.777s
2025-03-11 20:51:34.486 69186 INFO tempest.lib.common.rest_client [req-6c0e0058-c874-4620-b977-48c66ae41dae req-6c0e0058-c874-4620-b977-48c66ae41dae ] Request (FlavorsAccessNegativeTestJSON:setUpClass): 204 PUT http://10.180.1.21/identity/v3/projects/3a54772eff7d4a22aeffb2ec8894b541/users/47054b8f388948dc9b14b868f22079f9/roles/426b85f5122a49f5bb761150385c07a3 0.735s
2025-03-11 20:51:34.486 69186 INFO tempest.lib.common.dynamic_creds [-] Dynamic test user 47054b8f388948dc9b14b868f22079f9 is created with scope project and roles: ['admin']
2025-03-11 20:51:34.486 69186 INFO tempest.lib.common.dynamic_creds [-] Acquired dynamic creds: credentials: Credentials: {'domain_id': 'default', 'domain_name': 'Default', 'username': 'tempest-FlavorsAccessNegativeTestJSON-1105621243-project-admin', 'project_domain_id': 'default', 'project_domain_name': 'Default', 'project_id': '3a54772eff7d4a22aeffb2ec8894b541', 'project_name': 'tempest-FlavorsAccessNegativeTestJSON-1105621243', 'tenant_id': '3a54772eff7d4a22aeffb2ec8894b541', 'tenant_name': 'tempest-FlavorsAccessNegativeTestJSON-1105621243', 'user_domain_id': 'default', 'user_domain_name': 'Default', 'user_id': '47054b8f388948dc9b14b868f22079f9', 'system': None}, Network: None, Subnet: None, Router: None
2025-03-11 20:51:34.486 69186 INFO tempest.lib.common.dynamic_creds [-] Created isolated network resources for: credentials: Credentials: {'domain_id': 'default', 'domain_name': 'Default', 'username': 'tempest-FlavorsAccessNegativeTestJSON-1105621243-project-admin', 'project_domain_id': 'default', 'project_domain_name': 'Default', 'project_id': '3a54772eff7d4a22aeffb2ec8894b541', 'project_name': 'tempest-FlavorsAccessNegativeTestJSON-1105621243', 'tenant_id': '3a54772eff7d4a22aeffb2ec8894b541', 'tenant_name': 'tempest-FlavorsAccessNegativeTestJSON-1105621243', 'user_domain_id': 'default', 'user_domain_name': 'Default', 'user_id': '47054b8f388948dc9b14b868f22079f9', 'system': None}, Network: None, Subnet: None, Router: None
2025-03-11 20:51:34.546 69206 INFO tempest.lib.common.rest_client [req-06cd1735-4fbb-48e8-a57b-9ce338d68085 req-06cd1735-4fbb-48e8-a57b-9ce338d68085 ] Request (HypervisorAdminV253TestBase:setUpClass): 204 PUT http://10.180.1.21/identity/v3/projects/071313cc16754838bd72fcb961ffd836/users/b08bea3a7b894e80b9158c3a0d3ec890/roles/426b85f5122a49f5bb761150385c07a3 0.775s
2025-03-11 20:51:34.547 69206 INFO tempest.lib.common.dynamic_creds [-] Dynamic test user b08bea3a7b894e80b9158c3a0d3ec890 is created with scope project and roles: ['admin']
2025-03-11 20:51:34.547 69206 INFO tempest.lib.common.dynamic_creds [-] Acquired dynamic creds: credentials: Credentials: {'domain_id': 'default', 'domain_name': 'Default', 'username': 'tempest-HypervisorAdminV253TestBase-1277198827-project-admin', 'project_domain_id': 'default', 'project_domain_name': 'Default', 'project_id': '071313cc16754838bd72fcb961ffd836', 'project_name': 'tempest-HypervisorAdminV253TestBase-1277198827', 'tenant_id': '071313cc16754838bd72fcb961ffd836', 'tenant_name': 'tempest-HypervisorAdminV253TestBase-1277198827', 'user_domain_id': 'default', 'user_domain_name': 'Default', 'user_id': 'b08bea3a7b894e80b9158c3a0d3ec890', 'system': None}, Network: None, Subnet: None, Router: None
2025-03-11 20:51:34.547 69206 INFO tempest.lib.common.dynamic_creds [-] Created isolated network resources for: credentials: Credentials: {'domain_id': 'default', 'domain_name': 'Default', 'username': 'tempest-HypervisorAdminV253TestBase-1277198827-project-admin', 'project_domain_id': 'default', 'project_domain_name': 'Default', 'project_id': '071313cc16754838bd72fcb961ffd836', 'project_name': 'tempest-HypervisorAdminV253TestBase-1277198827', 'tenant_id': '071313cc16754838bd72fcb961ffd836', 'tenant_name': 'tempest-HypervisorAdminV253TestBase-1277198827', 'user_domain_id': 'default', 'user_domain_name': 'Default', 'user_id': 'b08bea3a7b894e80b9158c3a0d3ec890', 'system': None}, Network: None, Subnet: None, Router: None
2025-03-11 20:51:34.553 69235 INFO tempest.lib.common.rest_client [req-11f988b5-dd17-488d-b7ae-1669f7c8f241 req-11f988b5-dd17-488d-b7ae-1669f7c8f241 ] Request (FlavorsExtraSpecsNegativeTestJSON:setUpClass): 204 PUT http://10.180.1.21/identity/v3/projects/7057d51bd9394959b670415e8053c38b/users/81d08b47326d466c944de42690103bff/roles/426b85f5122a49f5bb761150385c07a3 0.703s
2025-03-11 20:51:34.603 69247 INFO tempest.lib.common.rest_client [req-da35e66a-266e-447c-bb78-5bebe476d979 req-da35e66a-266e-447c-bb78-5bebe476d979 ] Request (QuotasAdminNegativeTest:setUpClass): 200 GET http://10.180.1.21/identity/v3/roles 0.696s
2025-03-11 20:51:34.625 69196 INFO tempest.lib.common.rest_client [req-78d36c09-0616-4d49-bfdf-0329e02ca8b7 req-78d36c09-0616-4d49-bfdf-0329e02ca8b7 ] Request (HypervisorAdminTestJSON:setUpClass): 204 PUT http://10.180.1.21/identity/v3/projects/10d82f78704843fb8b8804a99b326eb9/users/2185d2cfdb7b4542ac94738c68106fe6/roles/426b85f5122a49f5bb761150385c07a3 0.749s
2025-03-11 20:51:34.625 69196 INFO tempest.lib.common.dynamic_creds [-] Dynamic test user 2185d2cfdb7b4542ac94738c68106fe6 is created with scope project and roles: ['admin']
2025-03-11 20:51:34.625 69196 INFO tempest.lib.common.dynamic_creds [-] Acquired dynamic creds: credentials: Credentials: {'domain_id': 'default', 'domain_name': 'Default', 'username': 'tempest-HypervisorAdminTestJSON-1555008419-project-admin', 'project_domain_id': 'default', 'project_domain_name': 'Default', 'project_id': '10d82f78704843fb8b8804a99b326eb9', 'project_name': 'tempest-HypervisorAdminTestJSON-1555008419', 'tenant_id': '10d82f78704843fb8b8804a99b326eb9', 'tenant_name': 'tempest-HypervisorAdminTestJSON-1555008419', 'user_domain_id': 'default', 'user_domain_name': 'Default', 'user_id': '2185d2cfdb7b4542ac94738c68106fe6', 'system': None}, Network: None, Subnet: None, Router: None
2025-03-11 20:51:34.625 69196 INFO tempest.lib.common.dynamic_creds [-] Created isolated network resources for: credentials: Credentials: {'domain_id': 'default', 'domain_name': 'Default', 'username': 'tempest-HypervisorAdminTestJSON-1555008419-project-admin', 'project_domain_id': 'default', 'project_domain_name': 'Default', 'project_id': '10d82f78704843fb8b8804a99b326eb9', 'project_name': 'tempest-HypervisorAdminTestJSON-1555008419', 'tenant_id': '10d82f78704843fb8b8804a99b326eb9', 'tenant_name': 'tempest-HypervisorAdminTestJSON-1555008419', 'user_domain_id': 'default', 'user_domain_name': 'Default', 'user_id': '2185d2cfdb7b4542ac94738c68106fe6', 'system': None}, Network: None, Subnet: None, Router: None
2025-03-11 20:51:34.633 69226 INFO tempest.lib.common.rest_client [req-ed226d6d-89a0-445a-bae1-03b7014cfa2c req-ed226d6d-89a0-445a-bae1-03b7014cfa2c ] Request (QuotasAdminTestJSON:setUpClass): 200 GET http://10.180.1.21/identity/v3/roles 0.709s
2025-03-11 20:51:34.689 69216 INFO tempest.lib.common.rest_client [req-f958395d-7307-4dda-96cd-4d1e69b43087 req-f958395d-7307-4dda-96cd-4d1e69b43087 ] Request (NetworksTest:setUpClass): 204 PUT http://10.180.1.21/identity/v3/projects/99b532f6257147d085499729871450f5/users/623e8f2404a94b11b0a9da61c8bf0389/roles/426b85f5122a49f5bb761150385c07a3 0.720s
2025-03-11 20:51:34.692 69228 INFO tempest.lib.common.rest_client [req-6e252dc2-4735-445a-b617-cf8d096b0a84 req-6e252dc2-4735-445a-b617-cf8d096b0a84 ] Request (HostsAdminTestJSON:setUpClass): 204 PUT http://10.180.1.21/identity/v3/projects/0d1d9216efc745db99918ac039737035/users/31559a9e37744a8193088a242c376792/roles/426b85f5122a49f5bb761150385c07a3 0.697s
2025-03-11 20:51:34.781 69190 INFO tempest.lib.common.rest_client [req-766d88fd-5239-4bca-ab39-92a9d6c3db38 req-766d88fd-5239-4bca-ab39-92a9d6c3db38 ] Request (InstanceUsageAuditLogTestJSON:tearDownClass): 204 DELETE http://10.180.1.21/identity/v3/projects/686cf1beb90743fba3f395e1dbe2734e 0.775s
2025-03-11 20:51:34.782 69190 INFO tempest.test [-] raised in UnshelveToHostMultiNodesTest.setUpClass. Invoking tearDownClass.
2025-03-11 20:51:34.808 69237 INFO tempest.lib.common.rest_client [req-fc5db7e8-76ed-409a-a4ba-1f25f0c12ba9 req-fc5db7e8-76ed-409a-a4ba-1f25f0c12ba9 ] Request (AZAdminV2TestJSON:tearDownClass): 201 POST http://10.180.1.21/identity/v3/auth/tokens 0.786s
2025-03-11 20:51:34.848 69222 INFO tempest.lib.common.rest_client [req-0134149b-40ec-4dde-80e9-8f5a3266363d req-0134149b-40ec-4dde-80e9-8f5a3266363d ] Request (HypervisorAdminV228Test:setUpClass): 200 GET http://10.180.1.21/identity/v3/roles 0.770s
2025-03-11 20:51:34.900 69244 INFO tempest.lib.common.rest_client [req-2ebefdc1-5bd7-4818-998d-caf86c2a2afd req-2ebefdc1-5bd7-4818-998d-caf86c2a2afd ] Request (ServicesAdminNegativeTestJSON:setUpClass): 204 PUT http://10.180.1.21/identity/v3/projects/bc481088481643acba583870d0f5a3a8/users/a6ab1a841b0141d999c499f7193ca88f/roles/426b85f5122a49f5bb761150385c07a3 0.781s
2025-03-11 20:51:34.944 69188 INFO tempest.lib.common.rest_client [req-bf4cfa6c-b545-45f4-9157-8997f33682d3 req-bf4cfa6c-b545-45f4-9157-8997f33682d3 ] Request (AZAdminNegativeTestJSON:setUpClass): 200 GET http://10.180.1.21/identity/v3/roles 0.803s
2025-03-11 20:51:34.955 69210 INFO tempest.lib.common.rest_client [req-8a740ca4-a88b-4845-82bb-73f79e2f1e3e req-8a740ca4-a88b-4845-82bb-73f79e2f1e3e ] Request (FlavorsAdminTestJSON:setUpClass): 200 GET http://10.180.1.21/identity/v3/roles 0.811s
2025-03-11 20:51:34.986 69249 INFO tempest.lib.common.rest_client [req-d2499fa4-5d1e-4b56-8181-dad1126ef876 req-d2499fa4-5d1e-4b56-8181-dad1126ef876 ] Request (ServerDiagnosticsV248Test:setUpClass): 204 PUT http://10.180.1.21/identity/v3/projects/c9c5acd72996426290a2c52dcd848550/users/81b009fbdfb44352bdc9290c4d7b3504/roles/426b85f5122a49f5bb761150385c07a3 0.784s
2025-03-11 20:51:35.012 69214 INFO tempest.lib.common.rest_client [req-33b05de5-d5d3-427a-b4d6-c4568cce38e2 req-33b05de5-d5d3-427a-b4d6-c4568cce38e2 ] Request (ServersWithSpecificFlavorTestJSON:setUpClass): 201 POST http://10.180.1.21/identity/v3/auth/tokens 0.860s
2025-03-11 20:51:35.037 69239 INFO tempest.lib.common.rest_client [req-e8037337-4efb-46e6-a12e-9e2df12d983b req-e8037337-4efb-46e6-a12e-9e2df12d983b ] Request (AggregatesAdminNegativeTestJSON:setUpClass): 200 GET http://10.180.1.21/identity/v3/roles 0.811s
2025-03-11 20:51:35.043 69220 INFO tempest.lib.common.rest_client [req-63e847b5-d184-472b-b9de-8af99448c966 req-63e847b5-d184-472b-b9de-8af99448c966 ] Request (VolumesAdminNegativeTest:setUpClass): 201 POST http://10.180.1.21/identity/v3/projects 0.776s
2025-03-11 20:51:35.091 69232 INFO tempest.lib.common.rest_client [req-202ffd2a-e2a4-4ff0-8eaa-8eb075317f13 req-202ffd2a-e2a4-4ff0-8eaa-8eb075317f13 ] Request (QuotasAdminTestV257:setUpClass): 204 PUT http://10.180.1.21/identity/v3/projects/dfd13375181f4591b26639fa8a06a6fb/users/c1ab50ca5e394d5184ae61d8dd274e3a/roles/426b85f5122a49f5bb761150385c07a3 0.768s
2025-03-11 20:51:35.091 69232 INFO tempest.lib.common.dynamic_creds [-] Dynamic test user c1ab50ca5e394d5184ae61d8dd274e3a is created with scope project and roles: ['admin']
2025-03-11 20:51:35.091 69232 INFO tempest.lib.common.dynamic_creds [-] Acquired dynamic creds: credentials: Credentials: {'domain_id': 'default', 'domain_name': 'Default', 'username': 'tempest-QuotasAdminTestV257-730411558-project-admin', 'project_domain_id': 'default', 'project_domain_name': 'Default', 'project_id': 'dfd13375181f4591b26639fa8a06a6fb', 'project_name': 'tempest-QuotasAdminTestV257-730411558', 'tenant_id': 'dfd13375181f4591b26639fa8a06a6fb', 'tenant_name': 'tempest-QuotasAdminTestV257-730411558', 'user_domain_id': 'default', 'user_domain_name': 'Default', 'user_id': 'c1ab50ca5e394d5184ae61d8dd274e3a', 'system': None}, Network: None, Subnet: None, Router: None
2025-03-11 20:51:35.091 69232 INFO tempest.lib.common.dynamic_creds [-] Created isolated network resources for: credentials: Credentials: {'domain_id': 'default', 'domain_name': 'Default', 'username': 'tempest-QuotasAdminTestV257-730411558-project-admin', 'project_domain_id': 'default', 'project_domain_name': 'Default', 'project_id': 'dfd13375181f4591b26639fa8a06a6fb', 'project_name': 'tempest-QuotasAdminTestV257-730411558', 'tenant_id': 'dfd13375181f4591b26639fa8a06a6fb', 'tenant_name': 'tempest-QuotasAdminTestV257-730411558', 'user_domain_id': 'default', 'user_domain_name': 'Default', 'user_id': 'c1ab50ca5e394d5184ae61d8dd274e3a', 'system': None}, Network: None, Subnet: None, Router: None
2025-03-11 20:51:35.098 69192 INFO tempest.lib.common.rest_client [req-956cf0fa-fb2b-4439-80a8-3dba585f34f3 req-956cf0fa-fb2b-4439-80a8-3dba585f34f3 ] Request (HypervisorAdminNegativeTestJSON:setUpClass): 200 GET http://10.180.1.21/identity/v3/roles 0.818s
2025-03-11 20:51:35.127 69224 INFO tempest.lib.common.rest_client [req-565d8a72-a728-4d04-8491-4e03f530aac0 req-565d8a72-a728-4d04-8491-4e03f530aac0 ] Request (VolumesAssistedSnapshotsTest:setUpClass): 200 PUT http://10.180.1.21:9696/networking/v2.0/routers/3ddf40ab-f12c-4b24-bc9c-0f630defe2d3/add_router_interface 0.820s
2025-03-11 20:51:35.128 69224 INFO tempest.lib.common.dynamic_creds [-] Created isolated network resources for: credentials: Credentials: {'domain_id': 'default', 'domain_name': 'Default', 'username': 'tempest-VolumesAssistedSnapshotsTest-1478761930-project-member', 'project_domain_id': 'default', 'project_domain_name': 'Default', 'project_id': 'c120c146b0f247dc98b3c7a078afd64c', 'project_name': 'tempest-VolumesAssistedSnapshotsTest-1478761930', 'tenant_id': 'c120c146b0f247dc98b3c7a078afd64c', 'tenant_name': 'tempest-VolumesAssistedSnapshotsTest-1478761930', 'user_domain_id': 'default', 'user_domain_name': 'Default', 'user_id': 'd92a00dcd01540b79247a20633431b34', 'system': None}, Network: {'id': '52498ec8-5f8e-404b-aa0b-4703a709aba7', 'name': 'tempest-VolumesAssistedSnapshotsTest-2082086954-network', 'tenant_id': 'c120c146b0f247dc98b3c7a078afd64c', 'admin_state_up': True, 'mtu': 8950, 'status': 'ACTIVE', 'subnets': [], 'shared': False, 'project_id': 'c120c146b0f247dc98b3c7a078afd64c', 'port_security_enabled': True, 'router:external': False, 'provider:network_type': 'vlan', 'provider:physical_network': 'default', 'provider:segmentation_id': 211, 'availability_zone_hints': [], 'availability_zones': [], 'ipv4_address_scope': None, 'ipv6_address_scope': None, 'description': '', 'tags': [], 'created_at': '2025-03-11T20:51:32Z', 'updated_at': '2025-03-11T20:51:33Z', 'revision_number': 1}, Subnet: {'id': 'dd04f3e5-77b5-4b2a-b5b6-7727bcb5fc09', 'name': 'tempest-VolumesAssistedSnapshotsTest-2082086954-subnet', 'tenant_id': 'c120c146b0f247dc98b3c7a078afd64c', 'network_id': '52498ec8-5f8e-404b-aa0b-4703a709aba7', 'ip_version': 4, 'subnetpool_id': None, 'enable_dhcp': True, 'ipv6_ra_mode': None, 'ipv6_address_mode': None, 'gateway_ip': '192.168.128.1', 'cidr': '192.168.128.0/28', 'allocation_pools': [{'start': '192.168.128.2', 'end': '192.168.128.14'}], 'host_routes': [], 'dns_nameservers': [], 'description': '', 'router:external': False, 'service_types': [], 'tags': [], 'created_at': '2025-03-11T20:51:33Z', 'updated_at': '2025-03-11T20:51:33Z', 'revision_number': 0, 'project_id': 'c120c146b0f247dc98b3c7a078afd64c'}, Router: {'id': '3ddf40ab-f12c-4b24-bc9c-0f630defe2d3', 'name': 'tempest-VolumesAssistedSnapshotsTest-2082086954-router', 'tenant_id': 'c120c146b0f247dc98b3c7a078afd64c', 'admin_state_up': True, 'status': 'ACTIVE', 'external_gateway_info': {'network_id': 'cc194e04-0a46-4494-b374-7a85c8bd7b72', 'external_fixed_ips': [{'subnet_id': '1042a5b3-51cb-483b-accb-f03c5e4ca1f6', 'ip_address': '10.180.180.251'}], 'enable_snat': True}, 'description': '', 'availability_zones': [], 'distributed': False, 'ha': False, 'availability_zone_hints': [], 'routes': [], 'flavor_id': None, 'tags': [], 'created_at': '2025-03-11T20:51:33Z', 'updated_at': '2025-03-11T20:51:33Z', 'revision_number': 2, 'project_id': 'c120c146b0f247dc98b3c7a078afd64c'}
2025-03-11 20:51:35.141 69218 INFO tempest.lib.common.rest_client [req-8d7d6f10-b72e-4652-a8cc-e8249c0e9f31 req-8d7d6f10-b72e-4652-a8cc-e8249c0e9f31 ] Request (HypervisorAdminNegativeUnderV252Test:setUpClass): 200 GET http://10.180.1.21/identity/v3/roles 0.808s
2025-03-11 20:51:35.152 69200 INFO tempest.lib.common.rest_client [req-f11f9255-699a-4748-a73e-6d3185362223 req-f11f9255-699a-4748-a73e-6d3185362223 ] Request (KeyPairsV210TestJSON:setUpClass): 200 GET http://10.180.1.21/identity/v3/roles 0.772s
2025-03-11 20:51:35.162 69241 INFO tempest.lib.common.rest_client [req-b62a9e5f-46d0-48f3-9837-b24ccdfa98a3 req-b62a9e5f-46d0-48f3-9837-b24ccdfa98a3 ] Request (InstanceUsageAuditLogNegativeTestJSON:setUpClass): 204 PUT http://10.180.1.21/identity/v3/projects/733d06b2587642a988daf98ee2b1d25b/users/b23a8395cfea47408b88c394c263cf57/roles/426b85f5122a49f5bb761150385c07a3 0.780s
2025-03-11 20:51:35.162 69241 INFO tempest.lib.common.dynamic_creds [-] Dynamic test user b23a8395cfea47408b88c394c263cf57 is created with scope project and roles: ['admin']
2025-03-11 20:51:35.163 69241 INFO tempest.lib.common.dynamic_creds [-] Acquired dynamic creds: credentials: Credentials: {'domain_id': 'default', 'domain_name': 'Default', 'username': 'tempest-InstanceUsageAuditLogNegativeTestJSON-1905257707-project-admin', 'project_domain_id': 'default', 'project_domain_name': 'Default', 'project_id': '733d06b2587642a988daf98ee2b1d25b', 'project_name': 'tempest-InstanceUsageAuditLogNegativeTestJSON-1905257707', 'tenant_id': '733d06b2587642a988daf98ee2b1d25b', 'tenant_name': 'tempest-InstanceUsageAuditLogNegativeTestJSON-1905257707', 'user_domain_id': 'default', 'user_domain_name': 'Default', 'user_id': 'b23a8395cfea47408b88c394c263cf57', 'system': None}, Network: None, Subnet: None, Router: None
2025-03-11 20:51:35.163 69241 INFO tempest.lib.common.dynamic_creds [-] Created isolated network resources for: credentials: Credentials: {'domain_id': 'default', 'domain_name': 'Default', 'username': 'tempest-InstanceUsageAuditLogNegativeTestJSON-1905257707-project-admin', 'project_domain_id': 'default', 'project_domain_name': 'Default', 'project_id': '733d06b2587642a988daf98ee2b1d25b', 'project_name': 'tempest-InstanceUsageAuditLogNegativeTestJSON-1905257707', 'tenant_id': '733d06b2587642a988daf98ee2b1d25b', 'tenant_name': 'tempest-InstanceUsageAuditLogNegativeTestJSON-1905257707', 'user_domain_id': 'default', 'user_domain_name': 'Default', 'user_id': 'b23a8395cfea47408b88c394c263cf57', 'system': None}, Network: None, Subnet: None, Router: None
2025-03-11 20:51:35.208 69202 INFO tempest.lib.common.rest_client [req-5c11f6b3-3f04-4aff-ad38-0609992c2a5c req-5c11f6b3-3f04-4aff-ad38-0609992c2a5c ] Request (TenantUsagesTestJSON:setUpClass): 200 GET http://10.180.1.21/identity/v3/roles 0.771s
2025-03-11 20:51:35.211 69204 INFO tempest.lib.common.rest_client [req-9b0dc93a-f550-4368-96bc-caf24af4db17 req-9b0dc93a-f550-4368-96bc-caf24af4db17 ] Request (SecurityGroupsTestAdminJSON:setUpClass): 200 GET http://10.180.1.21/identity/v3/roles 0.765s
2025-03-11 20:51:35.230 69208 INFO tempest.lib.common.rest_client [req-152e8971-b2ff-4ee4-a2fb-cf19d8188484 req-152e8971-b2ff-4ee4-a2fb-cf19d8188484 ] Request (FlavorsExtraSpecsTestJSON:setUpClass): 204 PUT http://10.180.1.21/identity/v3/projects/a324bddb44be4043bbe2e615e9acb4fb/users/71b6690c73844a6ea116b5eeed358322/roles/426b85f5122a49f5bb761150385c07a3 0.745s
2025-03-11 20:51:35.231 69208 INFO tempest.lib.common.dynamic_creds [-] Dynamic test user 71b6690c73844a6ea116b5eeed358322 is created with scope project and roles: ['admin']
2025-03-11 20:51:35.231 69208 INFO tempest.lib.common.dynamic_creds [-] Acquired dynamic creds: credentials: Credentials: {'domain_id': 'default', 'domain_name': 'Default', 'username': 'tempest-FlavorsExtraSpecsTestJSON-613811122-project-admin', 'project_domain_id': 'default', 'project_domain_name': 'Default', 'project_id': 'a324bddb44be4043bbe2e615e9acb4fb', 'project_name': 'tempest-FlavorsExtraSpecsTestJSON-613811122', 'tenant_id': 'a324bddb44be4043bbe2e615e9acb4fb', 'tenant_name': 'tempest-FlavorsExtraSpecsTestJSON-613811122', 'user_domain_id': 'default', 'user_domain_name': 'Default', 'user_id': '71b6690c73844a6ea116b5eeed358322', 'system': None}, Network: None, Subnet: None, Router: None
2025-03-11 20:51:35.231 69208 INFO tempest.lib.common.dynamic_creds [-] Created isolated network resources for: credentials: Credentials: {'domain_id': 'default', 'domain_name': 'Default', 'username': 'tempest-FlavorsExtraSpecsTestJSON-613811122-project-admin', 'project_domain_id': 'default', 'project_domain_name': 'Default', 'project_id': 'a324bddb44be4043bbe2e615e9acb4fb', 'project_name': 'tempest-FlavorsExtraSpecsTestJSON-613811122', 'tenant_id': 'a324bddb44be4043bbe2e615e9acb4fb', 'tenant_name': 'tempest-FlavorsExtraSpecsTestJSON-613811122', 'user_domain_id': 'default', 'user_domain_name': 'Default', 'user_id': '71b6690c73844a6ea116b5eeed358322', 'system': None}, Network: None, Subnet: None, Router: None
2025-03-11 20:51:35.268 69186 INFO tempest.lib.common.rest_client [req-f34e6ed8-dced-444c-8f3c-9e4fe44a0365 req-f34e6ed8-dced-444c-8f3c-9e4fe44a0365 ] Request (FlavorsAccessNegativeTestJSON:setUpClass): 201 POST http://10.180.1.21/identity/v3/auth/tokens 0.779s
2025-03-11 20:51:35.278 69235 INFO tempest.lib.common.rest_client [req-b4fe1a8d-924f-43c8-bdac-2220910670db req-b4fe1a8d-924f-43c8-bdac-2220910670db ] Request (FlavorsExtraSpecsNegativeTestJSON:setUpClass): 200 GET http://10.180.1.21/identity/v3/roles 0.724s
2025-03-11 20:51:35.299 69247 INFO tempest.lib.common.rest_client [req-6a1c9570-e2aa-4419-bf11-edd356b54a19 req-6a1c9570-e2aa-4419-bf11-edd356b54a19 ] Request (QuotasAdminNegativeTest:setUpClass): 204 PUT http://10.180.1.21/identity/v3/projects/aabb12ebc01b4ee2ad9a3e0643a800e6/users/7bf90b9fc0ab408f93965d4de5c65419/roles/426b85f5122a49f5bb761150385c07a3 0.696s
2025-03-11 20:51:35.299 69247 INFO tempest.lib.common.dynamic_creds [-] Dynamic test user 7bf90b9fc0ab408f93965d4de5c65419 is created with scope project and roles: ['admin']
2025-03-11 20:51:35.300 69247 INFO tempest.lib.common.dynamic_creds [-] Acquired dynamic creds: credentials: Credentials: {'domain_id': 'default', 'domain_name': 'Default', 'username': 'tempest-QuotasAdminNegativeTest-613510866-project-admin', 'project_domain_id': 'default', 'project_domain_name': 'Default', 'project_id': 'aabb12ebc01b4ee2ad9a3e0643a800e6', 'project_name': 'tempest-QuotasAdminNegativeTest-613510866', 'tenant_id': 'aabb12ebc01b4ee2ad9a3e0643a800e6', 'tenant_name': 'tempest-QuotasAdminNegativeTest-613510866', 'user_domain_id': 'default', 'user_domain_name': 'Default', 'user_id': '7bf90b9fc0ab408f93965d4de5c65419', 'system': None}, Network: None, Subnet: None, Router: None
2025-03-11 20:51:35.300 69247 INFO tempest.lib.common.dynamic_creds [-] Created isolated network resources for: credentials: Credentials: {'domain_id': 'default', 'domain_name': 'Default', 'username': 'tempest-QuotasAdminNegativeTest-613510866-project-admin', 'project_domain_id': 'default', 'project_domain_name': 'Default', 'project_id': 'aabb12ebc01b4ee2ad9a3e0643a800e6', 'project_name': 'tempest-QuotasAdminNegativeTest-613510866', 'tenant_id': 'aabb12ebc01b4ee2ad9a3e0643a800e6', 'tenant_name': 'tempest-QuotasAdminNegativeTest-613510866', 'user_domain_id': 'default', 'user_domain_name': 'Default', 'user_id': '7bf90b9fc0ab408f93965d4de5c65419', 'system': None}, Network: None, Subnet: None, Router: None
2025-03-11 20:51:35.333 69206 INFO tempest.lib.common.rest_client [req-25782089-1e05-4f15-8e49-4ce80bee6819 req-25782089-1e05-4f15-8e49-4ce80bee6819 ] Request (HypervisorAdminV253TestBase:setUpClass): 201 POST http://10.180.1.21/identity/v3/auth/tokens 0.780s
2025-03-11 20:51:35.416 69196 INFO tempest.lib.common.rest_client [req-c19c6b1d-bb0e-4a7c-a87e-ab525accbbed req-c19c6b1d-bb0e-4a7c-a87e-ab525accbbed ] Request (HypervisorAdminTestJSON:setUpClass): 201 POST http://10.180.1.21/identity/v3/auth/tokens 0.787s
2025-03-11 20:51:35.429 69226 INFO tempest.lib.common.rest_client [req-9f9ed608-67d8-4c1d-8e43-d203182ef7a0 req-9f9ed608-67d8-4c1d-8e43-d203182ef7a0 ] Request (QuotasAdminTestJSON:setUpClass): 204 PUT http://10.180.1.21/identity/v3/projects/c7c80c5316a34c38960f1de09f44ab45/users/d127f44fc52340ed844f222f975f51dd/roles/426b85f5122a49f5bb761150385c07a3 0.795s
2025-03-11 20:51:35.429 69226 INFO tempest.lib.common.dynamic_creds [-] Dynamic test user d127f44fc52340ed844f222f975f51dd is created with scope project and roles: ['admin']
2025-03-11 20:51:35.429 69226 INFO tempest.lib.common.dynamic_creds [-] Acquired dynamic creds: credentials: Credentials: {'domain_id': 'default', 'domain_name': 'Default', 'username': 'tempest-QuotasAdminTestJSON-927630683-project-admin', 'project_domain_id': 'default', 'project_domain_name': 'Default', 'project_id': 'c7c80c5316a34c38960f1de09f44ab45', 'project_name': 'tempest-QuotasAdminTestJSON-927630683', 'tenant_id': 'c7c80c5316a34c38960f1de09f44ab45', 'tenant_name': 'tempest-QuotasAdminTestJSON-927630683', 'user_domain_id': 'default', 'user_domain_name': 'Default', 'user_id': 'd127f44fc52340ed844f222f975f51dd', 'system': None}, Network: None, Subnet: None, Router: None
2025-03-11 20:51:35.429 69226 INFO tempest.lib.common.dynamic_creds [-] Created isolated network resources for: credentials: Credentials: {'domain_id': 'default', 'domain_name': 'Default', 'username': 'tempest-QuotasAdminTestJSON-927630683-project-admin', 'project_domain_id': 'default', 'project_domain_name': 'Default', 'project_id': 'c7c80c5316a34c38960f1de09f44ab45', 'project_name': 'tempest-QuotasAdminTestJSON-927630683', 'tenant_id': 'c7c80c5316a34c38960f1de09f44ab45', 'tenant_name': 'tempest-QuotasAdminTestJSON-927630683', 'user_domain_id': 'default', 'user_domain_name': 'Default', 'user_id': 'd127f44fc52340ed844f222f975f51dd', 'system': None}, Network: None, Subnet: None, Router: None
2025-03-11 20:51:35.437 69216 INFO tempest.lib.common.rest_client [req-183af22f-29e3-47d1-a2d7-071ab6c5570c req-183af22f-29e3-47d1-a2d7-071ab6c5570c ] Request (NetworksTest:setUpClass): 200 GET http://10.180.1.21/identity/v3/roles 0.747s
2025-03-11 20:51:35.481 69228 INFO tempest.lib.common.rest_client [req-a2f82bf9-4995-43ab-8fa6-a9912b62a630 req-a2f82bf9-4995-43ab-8fa6-a9912b62a630 ] Request (HostsAdminTestJSON:setUpClass): 200 GET http://10.180.1.21/identity/v3/roles 0.789s
2025-03-11 20:51:35.505 69190 INFO tempest.lib.common.rest_client [req-30fb7296-e02e-4817-876b-08e17f5ddc9f req-30fb7296-e02e-4817-876b-08e17f5ddc9f ] Request (ImagesMetadataTestJSON:setUpClass): 201 POST http://10.180.1.21/identity/v3/auth/tokens 0.720s
2025-03-11 20:51:35.545 69222 INFO tempest.lib.common.rest_client [req-841fbf82-2aa7-4409-b464-74d3b48398d8 req-841fbf82-2aa7-4409-b464-74d3b48398d8 ] Request (HypervisorAdminV228Test:setUpClass): 204 PUT http://10.180.1.21/identity/v3/projects/be5bb20a913c46b2a00f908e7d6404d4/users/3b25d339279544fc93004adfd73bedf7/roles/426b85f5122a49f5bb761150385c07a3 0.696s
2025-03-11 20:51:35.545 69222 INFO tempest.lib.common.dynamic_creds [-] Dynamic test user 3b25d339279544fc93004adfd73bedf7 is created with scope project and roles: ['admin']
2025-03-11 20:51:35.545 69222 INFO tempest.lib.common.dynamic_creds [-] Acquired dynamic creds: credentials: Credentials: {'domain_id': 'default', 'domain_name': 'Default', 'username': 'tempest-HypervisorAdminV228Test-196162302-project-admin', 'project_domain_id': 'default', 'project_domain_name': 'Default', 'project_id': 'be5bb20a913c46b2a00f908e7d6404d4', 'project_name': 'tempest-HypervisorAdminV228Test-196162302', 'tenant_id': 'be5bb20a913c46b2a00f908e7d6404d4', 'tenant_name': 'tempest-HypervisorAdminV228Test-196162302', 'user_domain_id': 'default', 'user_domain_name': 'Default', 'user_id': '3b25d339279544fc93004adfd73bedf7', 'system': None}, Network: None, Subnet: None, Router: None
