2025-03-11 20:53:54.469 69220 INFO tempest.lib.common.rest_client [req-0cec79a4-a870-4cd4-add5-036b29ce14e5 req-0cec79a4-a870-4cd4-add5-036b29ce14e5 ] Request (VolumesAdminNegativeTest:test_update_attached_volume_with_nonexistent_volume_in_body): 200 POST http://10.180.1.21/compute/v2.1/servers/aaa8e47e-7484-4b43-bcfd-c28ee2c6205d/os-volume_attachments 1.817s
2025-03-11 20:53:54.500 69208 INFO tempest.lib.common.rest_client [req-187006a4-30fb-454a-9f23-1f60d8927555 req-187006a4-30fb-454a-9f23-1f60d8927555 ] Request (FloatingIPsAssociationTestJSON:test_associate_already_associated_floating_ip): 200 GET http://10.180.1.21/compute/v2.1/servers/1bf15cde-c03f-426d-8a59-af1bba3b394d 0.220s
2025-03-11 20:53:54.502 69220 INFO tempest.lib.common.rest_client [req-3af6ce41-e947-4a73-8c0a-f8575f639e2b req-3af6ce41-e947-4a73-8c0a-f8575f639e2b ] Request (VolumesAdminNegativeTest:test_update_attached_volume_with_nonexistent_volume_in_body): 200 GET http://10.180.1.21/volume/v3/volumes/9c516ef3-0e09-4c09-9b0e-f75b880b2e04 0.031s
2025-03-11 20:53:54.525 69192 INFO tempest.lib.common.rest_client [req-0e7ea2cd-4724-4185-a17f-891f7c71907a req-0e7ea2cd-4724-4185-a17f-891f7c71907a ] Request (ImagesOneServerTestJSON:tearDownClass): 200 GET http://10.180.1.21/compute/v2.1/servers/23be18bf-6b2b-4daf-8978-62add118d97e 0.192s
2025-03-11 20:53:54.553 69247 INFO tempest.lib.common.rest_client [req-fe945b5d-3025-4c25-90c9-69f102e80c6c req-fe945b5d-3025-4c25-90c9-69f102e80c6c ] Request (ServersAdminTestJSON:test_create_server_with_scheduling_hint): 200 GET http://10.180.1.21/compute/v2.1/servers/9193b301-bb6f-4c46-9a53-f4205e68f49c 0.168s
2025-03-11 20:53:54.588 69230 INFO tempest.lib.common.rest_client [req-710d4aad-81e7-4fbe-8091-63088d6a85b9 req-710d4aad-81e7-4fbe-8091-63088d6a85b9 ] Request (ListImageFiltersTestJSON:tearDownClass): 200 GET http://10.180.1.21/compute/v2.1/servers/f86f5ee4-e2a9-47e2-89ab-fb464f2a121b 0.143s
2025-03-11 20:53:54.684 69198 INFO tempest.lib.common.rest_client [req-39e90eca-99f9-4cf8-a864-baac742f1e42 req-39e90eca-99f9-4cf8-a864-baac742f1e42 ] Request (DeleteServersAdminTestJSON:test_delete_server_while_in_error_state): 200 GET http://10.180.1.21/compute/v2.1/servers/862e124c-12d6-4f2b-92b3-6bafe7c93ff4 0.125s
2025-03-11 20:53:54.742 69216 INFO tempest.lib.common.rest_client [req-8b9c0507-bdb7-44bc-b373-954dcf5b23f5 req-8b9c0507-bdb7-44bc-b373-954dcf5b23f5 ] Request (ListServersNegativeTestJSON:setUpClass): 200 GET http://10.180.1.21/compute/v2.1/servers/6abf8eea-9053-45bf-8c50-c7fc5d6f5d7c 0.052s
2025-03-11 20:53:54.784 69204 INFO tempest.lib.common.rest_client [req-f6661b36-c006-44fe-842f-5684e4e9f935 req-f6661b36-c006-44fe-842f-5684e4e9f935 ] Request (AttachInterfacesTestJSON:test_create_list_show_delete_interfaces_by_fixed_ip): 200 GET http://10.180.1.21/compute/v2.1/servers/66b2bb97-67dd-40cd-bdba-dd70e30823be 0.139s
2025-03-11 20:53:54.791 69202 INFO tempest.lib.common.rest_client [req-c370bccc-0d51-4e5f-8acd-3511c2b040e2 req-c370bccc-0d51-4e5f-8acd-3511c2b040e2 ] Request (ImagesOneServerNegativeTestJSON:setUpClass): 200 GET http://10.180.1.21/compute/v2.1/servers/fee46f73-ed67-44bf-8595-7fcc105edb8e 0.056s
2025-03-11 20:53:54.830 69245 INFO tempest.lib.common.rest_client [req-0709a65e-0b4f-44c8-bf80-fc6720e9c330 req-0709a65e-0b4f-44c8-bf80-fc6720e9c330 ] Request (AttachVolumeNegativeTest:test_attach_attached_volume_to_different_server): 200 GET http://10.180.1.21/compute/v2.1/servers/798211ff-6d41-4701-aadc-eb333c2e55d6 0.053s
2025-03-11 20:53:54.882 69190 INFO tempest.lib.common.rest_client [req-37e98bae-21a6-4f15-9bbd-3ba3077822b8 req-37e98bae-21a6-4f15-9bbd-3ba3077822b8 ] Request (ServersTestMultiNic:_run_cleanups): 200 GET http://10.180.1.21/compute/v2.1/servers/e42489db-55ce-4b59-bed9-86752b6a146b 0.052s
2025-03-11 20:53:54.917 69249 INFO tempest.lib.common.rest_client [req-09cb3129-4b03-4594-b3f8-76b04d21d6a8 req-09cb3129-4b03-4594-b3f8-76b04d21d6a8 ] Request (InstanceActionsNegativeTestJSON:setUpClass): 200 GET http://10.180.1.21/compute/v2.1/servers/daa44d73-b9a8-4aaa-9240-410dfc5d2d80 0.043s
2025-03-11 20:53:54.983 69212 INFO tempest.lib.common.rest_client [req-6f363522-e67e-4098-add9-29e15fd2e9ab req-6f363522-e67e-4098-add9-29e15fd2e9ab ] Request (ListServerFiltersTestJSON:tearDownClass): 200 GET http://10.180.1.21/compute/v2.1/servers/b58e6f5b-0e27-4b89-83ce-c2d969ee9789 0.054s
2025-03-11 20:53:55.047 69232 INFO tempest.lib.common.rest_client [req-d4bd6d38-2e4e-4305-887c-793637096b83 req-d4bd6d38-2e4e-4305-887c-793637096b83 ] Request (ServerAddressesNegativeTestJSON:tearDownClass): 200 GET http://10.180.1.21/compute/v2.1/servers/d435fc42-027b-4570-adf3-3af3e3ba7a34 0.066s
2025-03-11 20:53:55.175 69196 INFO tempest.lib.common.rest_client [req-7eb3efb2-436c-4e4c-bc2b-b59adebcb577 req-7eb3efb2-436c-4e4c-bc2b-b59adebcb577 ] Request (ServerDiskConfigTestJSON:test_rebuild_server_with_auto_disk_config): 200 GET http://10.180.1.21/compute/v2.1/servers/00034a52-903c-4575-acd3-4912a144e6ef 0.054s
2025-03-11 20:53:55.187 69226 INFO tempest.lib.common.rest_client [req-1a25bea7-fa78-4c2d-a054-6aeb2865a8f7 req-1a25bea7-fa78-4c2d-a054-6aeb2865a8f7 ] Request (ServerRescueTestJSONUnderV235:setUpClass): 200 GET http://10.180.1.21/compute/v2.1/servers/adc0124f-b328-4243-a734-75a8a6424d5d 0.112s
2025-03-11 20:53:55.230 69222 INFO tempest.lib.common.rest_client [req-9ef6c4e6-c352-4d31-989b-11a0c9954d0a req-9ef6c4e6-c352-4d31-989b-11a0c9954d0a ] Request (DeleteServersTestJSON:test_delete_active_server): 200 GET http://10.180.1.21/compute/v2.1/servers/11bc20f4-fdb7-4907-ae3d-088ea6294592 0.067s
2025-03-11 20:53:55.272 69241 INFO tempest.lib.common.rest_client [req-7e0dcd1d-736d-4f3c-b7e2-87a337332f19 req-7e0dcd1d-736d-4f3c-b7e2-87a337332f19 ] Request (ServerMetadataNegativeTestJSON:setUpClass): 200 GET http://10.180.1.21/compute/v2.1/servers/6e428a90-9bb5-4093-99ef-4e9efa880cb8 0.065s
2025-03-11 20:53:55.312 69206 INFO tempest.lib.common.rest_client [req-013406ad-2076-418f-ade4-6d1ac1d63e77 req-013406ad-2076-418f-ade4-6d1ac1d63e77 ] Request (ImagesTestJSON:test_create_image_from_suspended_server): 200 GET http://10.180.1.21/compute/v2.1/servers/0ea266a1-6231-47a9-84c4-c78fb619f713 0.060s
2025-03-11 20:53:55.382 69210 INFO tempest.lib.common.rest_client [req-66041af8-7b1f-43e6-846d-75d7ba63784e req-66041af8-7b1f-43e6-846d-75d7ba63784e ] Request (ServerShowV247Test:test_update_rebuild_list_server): 200 GET http://10.180.1.21/compute/v2.1/servers/b65b8b21-680b-4bb6-8ea4-5bc8f026f771 0.065s
2025-03-11 20:53:55.418 69200 INFO tempest.lib.common.rest_client [req-7189aa9e-5c4f-4f3a-912f-5162422b1f9c req-7189aa9e-5c4f-4f3a-912f-5162422b1f9c ] Request (ServerExternalEventsTest:test_create_server_external_events): 200 GET http://10.180.1.21/compute/v2.1/servers/d34132e0-a8de-4502-8f32-16056146ec8a 0.057s
2025-03-11 20:53:55.462 69237 INFO tempest.lib.common.rest_client [req-a404982b-2221-46df-b6ed-28cee334c8ee req-a404982b-2221-46df-b6ed-28cee334c8ee ] Request (MigrationsAdminTest:test_resize_server_revert_deleted_flavor): 200 GET http://10.180.1.21/compute/v2.1/servers/222942b9-d459-4937-83e0-30de9e0e30d1 0.056s
2025-03-11 20:53:55.516 69228 INFO tempest.lib.common.rest_client [req-a2593bb9-904b-4cb5-b8bf-05d4e186966d req-a2593bb9-904b-4cb5-b8bf-05d4e186966d ] Request (ServerGroupTestJSON:_run_cleanups): 200 GET http://10.180.1.21/compute/v2.1/servers/bb71bace-8d28-4ff2-9316-eafb00b05663 0.056s
2025-03-11 20:53:55.537 69220 INFO tempest.lib.common.rest_client [req-d1c39159-a76c-40e8-ba8f-8d3f2c4f9a93 req-d1c39159-a76c-40e8-ba8f-8d3f2c4f9a93 ] Request (VolumesAdminNegativeTest:test_update_attached_volume_with_nonexistent_volume_in_body): 200 GET http://10.180.1.21/volume/v3/volumes/9c516ef3-0e09-4c09-9b0e-f75b880b2e04 0.026s
2025-03-11 20:53:55.563 69208 INFO tempest.lib.common.rest_client [req-57bc0b3b-b967-4bf4-b1a0-07c28961f29c req-57bc0b3b-b967-4bf4-b1a0-07c28961f29c ] Request (FloatingIPsAssociationTestJSON:test_associate_already_associated_floating_ip): 200 GET http://10.180.1.21/compute/v2.1/servers/1bf15cde-c03f-426d-8a59-af1bba3b394d 0.056s
2025-03-11 20:53:55.594 69192 INFO tempest.lib.common.rest_client [req-e32ea590-6ef9-4352-af00-b99f43888569 req-e32ea590-6ef9-4352-af00-b99f43888569 ] Request (ImagesOneServerTestJSON:tearDownClass): 200 GET http://10.180.1.21/compute/v2.1/servers/23be18bf-6b2b-4daf-8978-62add118d97e 0.061s
2025-03-11 20:53:55.624 69247 INFO tempest.lib.common.rest_client [req-233873ee-d7e4-41c6-9714-8bb80399e51e req-233873ee-d7e4-41c6-9714-8bb80399e51e ] Request (ServersAdminTestJSON:test_create_server_with_scheduling_hint): 200 GET http://10.180.1.21/compute/v2.1/servers/9193b301-bb6f-4c46-9a53-f4205e68f49c 0.061s
2025-03-11 20:53:55.663 69230 INFO tempest.lib.common.rest_client [req-23d325f3-8d97-4f03-b243-eb8a177ce55f req-23d325f3-8d97-4f03-b243-eb8a177ce55f ] Request (ListImageFiltersTestJSON:tearDownClass): 200 GET http://10.180.1.21/compute/v2.1/servers/f86f5ee4-e2a9-47e2-89ab-fb464f2a121b 0.067s
2025-03-11 20:53:55.801 69198 INFO tempest.lib.common.rest_client [req-fbfa099b-9751-4336-929a-d2d833fee5bf req-fbfa099b-9751-4336-929a-d2d833fee5bf ] Request (DeleteServersAdminTestJSON:test_delete_server_while_in_error_state): 200 GET http://10.180.1.21/compute/v2.1/servers/862e124c-12d6-4f2b-92b3-6bafe7c93ff4 0.109s
2025-03-11 20:53:55.818 69216 INFO tempest.lib.common.rest_client [req-bb0cdd7c-5849-465a-942e-46cf25319d76 req-bb0cdd7c-5849-465a-942e-46cf25319d76 ] Request (ListServersNegativeTestJSON:setUpClass): 200 GET http://10.180.1.21/compute/v2.1/servers/6abf8eea-9053-45bf-8c50-c7fc5d6f5d7c 0.066s
2025-03-11 20:53:55.888 69202 INFO tempest.lib.common.rest_client [req-66989100-04e8-40d8-b32d-737cfacd0192 req-66989100-04e8-40d8-b32d-737cfacd0192 ] Request (ImagesOneServerNegativeTestJSON:setUpClass): 200 GET http://10.180.1.21/compute/v2.1/servers/fee46f73-ed67-44bf-8595-7fcc105edb8e 0.089s
2025-03-11 20:53:55.940 69204 INFO tempest.lib.common.rest_client [req-11144ff5-3cdc-45a7-bdf7-118f1aaab111 req-11144ff5-3cdc-45a7-bdf7-118f1aaab111 ] Request (AttachInterfacesTestJSON:test_create_list_show_delete_interfaces_by_fixed_ip): 200 GET http://10.180.1.21/compute/v2.1/servers/66b2bb97-67dd-40cd-bdba-dd70e30823be 0.143s
2025-03-11 20:53:55.951 69245 INFO tempest.lib.common.rest_client [req-5b8f19b6-18c8-4f1d-b43e-e80dbadf42e3 req-5b8f19b6-18c8-4f1d-b43e-e80dbadf42e3 ] Request (AttachVolumeNegativeTest:test_attach_attached_volume_to_different_server): 200 GET http://10.180.1.21/compute/v2.1/servers/798211ff-6d41-4701-aadc-eb333c2e55d6 0.113s
2025-03-11 20:53:56.005 69190 INFO tempest.lib.common.rest_client [req-1c950eeb-c3c5-49de-80ef-c7993060efb1 req-1c950eeb-c3c5-49de-80ef-c7993060efb1 ] Request (ServersTestMultiNic:_run_cleanups): 200 GET http://10.180.1.21/compute/v2.1/servers/e42489db-55ce-4b59-bed9-86752b6a146b 0.115s
2025-03-11 20:53:56.012 69249 INFO tempest.lib.common.rest_client [req-1cea583b-767f-41b8-b90d-a18c8b81a32a req-1cea583b-767f-41b8-b90d-a18c8b81a32a ] Request (InstanceActionsNegativeTestJSON:setUpClass): 200 GET http://10.180.1.21/compute/v2.1/servers/daa44d73-b9a8-4aaa-9240-410dfc5d2d80 0.087s
2025-03-11 20:53:56.065 69212 INFO tempest.lib.common.rest_client [req-a8519345-8dce-4866-8269-c89a86315b20 req-a8519345-8dce-4866-8269-c89a86315b20 ] Request (ListServerFiltersTestJSON:tearDownClass): 200 GET http://10.180.1.21/compute/v2.1/servers/b58e6f5b-0e27-4b89-83ce-c2d969ee9789 0.074s
2025-03-11 20:53:56.078 69232 INFO tempest.lib.common.rest_client [req-4fb4a5ad-4a48-4019-9948-0957647e93e7 req-4fb4a5ad-4a48-4019-9948-0957647e93e7 ] Request (ServerAddressesNegativeTestJSON:tearDownClass): 404 GET http://10.180.1.21/compute/v2.1/servers/d435fc42-027b-4570-adf3-3af3e3ba7a34 0.024s
2025-03-11 20:53:56.235 69196 INFO tempest.lib.common.rest_client [req-c9e96166-495d-4945-9bc4-e1ddddff4fd5 req-c9e96166-495d-4945-9bc4-e1ddddff4fd5 ] Request (ServerDiskConfigTestJSON:test_rebuild_server_with_auto_disk_config): 200 GET http://10.180.1.21/compute/v2.1/servers/00034a52-903c-4575-acd3-4912a144e6ef 0.052s
2025-03-11 20:53:56.293 69222 INFO tempest.lib.common.rest_client [req-d535c24f-d92d-49cd-a92f-3d235daeff5e req-d535c24f-d92d-49cd-a92f-3d235daeff5e ] Request (DeleteServersTestJSON:test_delete_active_server): 200 GET http://10.180.1.21/compute/v2.1/servers/11bc20f4-fdb7-4907-ae3d-088ea6294592 0.051s
2025-03-11 20:53:56.299 69226 INFO tempest.lib.common.rest_client [req-de26ca50-ae32-4d33-bdb1-a0a268794e81 req-de26ca50-ae32-4d33-bdb1-a0a268794e81 ] Request (ServerRescueTestJSONUnderV235:setUpClass): 200 GET http://10.180.1.21/compute/v2.1/servers/adc0124f-b328-4243-a734-75a8a6424d5d 0.105s
2025-03-11 20:53:56.339 69241 INFO tempest.lib.common.rest_client [req-3728ca33-9cc5-46ad-9794-b8244998ce5f req-3728ca33-9cc5-46ad-9794-b8244998ce5f ] Request (ServerMetadataNegativeTestJSON:setUpClass): 200 GET http://10.180.1.21/compute/v2.1/servers/6e428a90-9bb5-4093-99ef-4e9efa880cb8 0.059s
2025-03-11 20:53:56.383 69206 INFO tempest.lib.common.rest_client [req-a0e412cb-74ad-4a04-bc51-bca8892743f5 req-a0e412cb-74ad-4a04-bc51-bca8892743f5 ] Request (ImagesTestJSON:test_create_image_from_suspended_server): 200 GET http://10.180.1.21/compute/v2.1/servers/0ea266a1-6231-47a9-84c4-c78fb619f713 0.062s
2025-03-11 20:53:56.476 69210 INFO tempest.lib.common.rest_client [req-dd10847d-d0f5-47fd-91d6-020bf26d5097 req-dd10847d-d0f5-47fd-91d6-020bf26d5097 ] Request (ServerShowV247Test:test_update_rebuild_list_server): 200 GET http://10.180.1.21/compute/v2.1/servers/b65b8b21-680b-4bb6-8ea4-5bc8f026f771 0.085s
2025-03-11 20:53:56.491 69200 INFO tempest.lib.common.rest_client [req-55496131-f884-4fe4-ba67-d6332debcec7 req-55496131-f884-4fe4-ba67-d6332debcec7 ] Request (ServerExternalEventsTest:test_create_server_external_events): 200 GET http://10.180.1.21/compute/v2.1/servers/d34132e0-a8de-4502-8f32-16056146ec8a 0.064s
2025-03-11 20:53:56.526 69237 INFO tempest.lib.common.rest_client [req-dcb3bd5d-68aa-45e1-aae7-d4ff7ffb7465 req-dcb3bd5d-68aa-45e1-aae7-d4ff7ffb7465 ] Request (MigrationsAdminTest:test_resize_server_revert_deleted_flavor): 200 GET http://10.180.1.21/compute/v2.1/servers/222942b9-d459-4937-83e0-30de9e0e30d1 0.056s
2025-03-11 20:53:56.587 69220 INFO tempest.lib.common.rest_client [req-78193b21-bc69-4c2a-a7f8-c6455155d6cf req-78193b21-bc69-4c2a-a7f8-c6455155d6cf ] Request (VolumesAdminNegativeTest:test_update_attached_volume_with_nonexistent_volume_in_body): 200 GET http://10.180.1.21/volume/v3/volumes/9c516ef3-0e09-4c09-9b0e-f75b880b2e04 0.041s
2025-03-11 20:53:56.587 69228 INFO tempest.lib.common.rest_client [req-764ac43d-c402-43ce-90e9-0e827a2f25ef req-764ac43d-c402-43ce-90e9-0e827a2f25ef ] Request (ServerGroupTestJSON:_run_cleanups): 200 GET http://10.180.1.21/compute/v2.1/servers/bb71bace-8d28-4ff2-9316-eafb00b05663 0.063s
2025-03-11 20:53:56.629 69208 INFO tempest.lib.common.rest_client [req-c2d5f639-795e-4d71-bbde-f0ff1dfee4d4 req-c2d5f639-795e-4d71-bbde-f0ff1dfee4d4 ] Request (FloatingIPsAssociationTestJSON:test_associate_already_associated_floating_ip): 200 GET http://10.180.1.21/compute/v2.1/servers/1bf15cde-c03f-426d-8a59-af1bba3b394d 0.057s
2025-03-11 20:53:56.666 69192 INFO tempest.lib.common.rest_client [req-74f5fc79-4340-4214-a3d2-aa04cb8d3d06 req-74f5fc79-4340-4214-a3d2-aa04cb8d3d06 ] Request (ImagesOneServerTestJSON:tearDownClass): 200 GET http://10.180.1.21/compute/v2.1/servers/23be18bf-6b2b-4daf-8978-62add118d97e 0.064s
2025-03-11 20:53:56.681 69247 INFO tempest.lib.common.rest_client [req-4912e294-dd1c-4322-b5c2-aa8af7ed6408 req-4912e294-dd1c-4322-b5c2-aa8af7ed6408 ] Request (ServersAdminTestJSON:test_create_server_with_scheduling_hint): 200 GET http://10.180.1.21/compute/v2.1/servers/9193b301-bb6f-4c46-9a53-f4205e68f49c 0.048s
2025-03-11 20:53:56.737 69230 INFO tempest.lib.common.rest_client [req-56e94847-bb80-4677-a196-12bc461b48c0 req-56e94847-bb80-4677-a196-12bc461b48c0 ] Request (ListImageFiltersTestJSON:tearDownClass): 200 GET http://10.180.1.21/compute/v2.1/servers/f86f5ee4-e2a9-47e2-89ab-fb464f2a121b 0.065s
2025-03-11 20:53:56.880 69216 INFO tempest.lib.common.rest_client [req-6e6e9005-7c44-404a-b8fb-c9eaa088bed6 req-6e6e9005-7c44-404a-b8fb-c9eaa088bed6 ] Request (ListServersNegativeTestJSON:setUpClass): 200 GET http://10.180.1.21/compute/v2.1/servers/6abf8eea-9053-45bf-8c50-c7fc5d6f5d7c 0.051s
2025-03-11 20:53:56.901 69232 INFO tempest.lib.common.rest_client [req-7d0fce62-1320-4dad-93d4-f18083282c19 req-7d0fce62-1320-4dad-93d4-f18083282c19 ] Request (ServerAddressesNegativeTestJSON:tearDownClass): 200 PUT http://10.180.1.21:9696/networking/v2.0/routers/df8d4c33-05f0-4611-8dc0-390884759e89/remove_router_interface 0.822s
2025-03-11 20:53:56.926 69198 INFO tempest.lib.common.rest_client [req-cd392cae-7348-4fcf-8f29-1a6ee5142c9b req-cd392cae-7348-4fcf-8f29-1a6ee5142c9b ] Request (DeleteServersAdminTestJSON:test_delete_server_while_in_error_state): 200 GET http://10.180.1.21/compute/v2.1/servers/862e124c-12d6-4f2b-92b3-6bafe7c93ff4 0.114s
2025-03-11 20:53:56.931 69186 WARNING tempest.lib.common.ssh [-] Failed to establish authenticated ssh connection to cirros@10.180.180.219 ([Errno None] Unable to connect to port 22 on 10.180.180.219). Number attempts: 1. Retry after 2 seconds.: paramiko.ssh_exception.NoValidConnectionsError: [Errno None] Unable to connect to port 22 on 10.180.180.219
2025-03-11 20:53:56.950 69202 INFO tempest.lib.common.rest_client [req-7e78a241-0632-43a2-bdfa-4e8e9e156316 req-7e78a241-0632-43a2-bdfa-4e8e9e156316 ] Request (ImagesOneServerNegativeTestJSON:setUpClass): 200 GET http://10.180.1.21/compute/v2.1/servers/fee46f73-ed67-44bf-8595-7fcc105edb8e 0.053s
2025-03-11 20:53:57.044 69245 INFO tempest.lib.common.rest_client [req-47dff23e-da02-4ace-a30e-a0a84850cf49 req-47dff23e-da02-4ace-a30e-a0a84850cf49 ] Request (AttachVolumeNegativeTest:test_attach_attached_volume_to_different_server): 200 GET http://10.180.1.21/compute/v2.1/servers/798211ff-6d41-4701-aadc-eb333c2e55d6 0.084s
2025-03-11 20:53:57.061 69204 INFO tempest.lib.common.rest_client [req-df5c76c5-af2b-4658-82ed-c1935ba94458 req-df5c76c5-af2b-4658-82ed-c1935ba94458 ] Request (AttachInterfacesTestJSON:test_create_list_show_delete_interfaces_by_fixed_ip): 200 GET http://10.180.1.21/compute/v2.1/servers/66b2bb97-67dd-40cd-bdba-dd70e30823be 0.112s
2025-03-11 20:53:57.108 69190 INFO tempest.lib.common.rest_client [req-bd9a720a-181e-41b2-902f-eee5524259b0 req-bd9a720a-181e-41b2-902f-eee5524259b0 ] Request (ServersTestMultiNic:_run_cleanups): 200 GET http://10.180.1.21/compute/v2.1/servers/e42489db-55ce-4b59-bed9-86752b6a146b 0.095s
2025-03-11 20:53:57.126 69249 INFO tempest.lib.common.rest_client [req-cad86aa8-9803-42f0-8f69-23e36dcb7f57 req-cad86aa8-9803-42f0-8f69-23e36dcb7f57 ] Request (InstanceActionsNegativeTestJSON:setUpClass): 200 GET http://10.180.1.21/compute/v2.1/servers/daa44d73-b9a8-4aaa-9240-410dfc5d2d80 0.106s
2025-03-11 20:53:57.181 69212 INFO tempest.lib.common.rest_client [req-5b08043f-76c4-494e-a99b-a5323e66cb8f req-5b08043f-76c4-494e-a99b-a5323e66cb8f ] Request (ListServerFiltersTestJSON:tearDownClass): 200 GET http://10.180.1.21/compute/v2.1/servers/b58e6f5b-0e27-4b89-83ce-c2d969ee9789 0.109s
2025-03-11 20:53:57.280 69232 INFO tempest.lib.common.rest_client [req-ca0a5b42-22c2-456c-a0f2-16c615f10347 req-ca0a5b42-22c2-456c-a0f2-16c615f10347 ] Request (ServerAddressesNegativeTestJSON:tearDownClass): 204 DELETE http://10.180.1.21:9696/networking/v2.0/routers/df8d4c33-05f0-4611-8dc0-390884759e89 0.378s
2025-03-11 20:53:57.303 69196 INFO tempest.lib.common.rest_client [req-8a515f4e-01f1-4fdf-92c2-fa1dddd89eb9 req-8a515f4e-01f1-4fdf-92c2-fa1dddd89eb9 ] Request (ServerDiskConfigTestJSON:test_rebuild_server_with_auto_disk_config): 200 GET http://10.180.1.21/compute/v2.1/servers/00034a52-903c-4575-acd3-4912a144e6ef 0.060s
2025-03-11 20:53:57.378 69222 INFO tempest.lib.common.rest_client [req-64d5f4ff-4feb-40a9-bba1-d78a0580c98f req-64d5f4ff-4feb-40a9-bba1-d78a0580c98f ] Request (DeleteServersTestJSON:test_delete_active_server): 200 GET http://10.180.1.21/compute/v2.1/servers/11bc20f4-fdb7-4907-ae3d-088ea6294592 0.078s
2025-03-11 20:53:57.433 69232 INFO tempest.lib.common.rest_client [req-988bb9ea-91e3-44fa-9982-8217a2550180 req-988bb9ea-91e3-44fa-9982-8217a2550180 ] Request (ServerAddressesNegativeTestJSON:tearDownClass): 204 DELETE http://10.180.1.21:9696/networking/v2.0/subnets/c0253608-fcf3-48e7-b0b1-ebd07455424f 0.153s
2025-03-11 20:53:57.440 69226 INFO tempest.lib.common.rest_client [req-a522478c-366a-426e-b6cb-a2786a2b0f6a req-a522478c-366a-426e-b6cb-a2786a2b0f6a ] Request (ServerRescueTestJSONUnderV235:setUpClass): 200 GET http://10.180.1.21/compute/v2.1/servers/adc0124f-b328-4243-a734-75a8a6424d5d 0.131s
2025-03-11 20:53:57.450 69241 INFO tempest.lib.common.rest_client [req-64c19ba6-ec79-47b6-a92a-b5e4639449c2 req-64c19ba6-ec79-47b6-a92a-b5e4639449c2 ] Request (ServerMetadataNegativeTestJSON:setUpClass): 200 GET http://10.180.1.21/compute/v2.1/servers/6e428a90-9bb5-4093-99ef-4e9efa880cb8 0.098s
2025-03-11 20:53:57.492 69206 INFO tempest.lib.common.rest_client [req-c22141a6-c0ab-4ed6-ba70-88a9f2cb643b req-c22141a6-c0ab-4ed6-ba70-88a9f2cb643b ] Request (ImagesTestJSON:test_create_image_from_suspended_server): 200 GET http://10.180.1.21/compute/v2.1/servers/0ea266a1-6231-47a9-84c4-c78fb619f713 0.089s
2025-03-11 20:53:57.551 69210 INFO tempest.lib.common.rest_client [req-6d3963bb-be5f-4076-ad15-4cf4e4ece9aa req-6d3963bb-be5f-4076-ad15-4cf4e4ece9aa ] Request (ServerShowV247Test:test_update_rebuild_list_server): 200 GET http://10.180.1.21/compute/v2.1/servers/b65b8b21-680b-4bb6-8ea4-5bc8f026f771 0.065s
2025-03-11 20:53:57.562 69200 INFO tempest.lib.common.rest_client [req-0ea57c3c-0afe-456c-9a90-9eb7af7478bf req-0ea57c3c-0afe-456c-9a90-9eb7af7478bf ] Request (ServerExternalEventsTest:test_create_server_external_events): 200 GET http://10.180.1.21/compute/v2.1/servers/d34132e0-a8de-4502-8f32-16056146ec8a 0.056s
2025-03-11 20:53:57.608 69237 INFO tempest.lib.common.rest_client [req-a972d695-5cd9-425f-a9b7-00416c217db5 req-a972d695-5cd9-425f-a9b7-00416c217db5 ] Request (MigrationsAdminTest:test_resize_server_revert_deleted_flavor): 200 GET http://10.180.1.21/compute/v2.1/servers/222942b9-d459-4937-83e0-30de9e0e30d1 0.075s
2025-03-11 20:53:57.629 69220 INFO tempest.lib.common.rest_client [req-622a1547-8cae-43af-8879-8f53595cea4e req-622a1547-8cae-43af-8879-8f53595cea4e ] Request (VolumesAdminNegativeTest:test_update_attached_volume_with_nonexistent_volume_in_body): 200 GET http://10.180.1.21/volume/v3/volumes/9c516ef3-0e09-4c09-9b0e-f75b880b2e04 0.030s
2025-03-11 20:53:57.659 69228 INFO tempest.lib.common.rest_client [req-86632118-bd95-4560-8350-e6ece54ab4bb req-86632118-bd95-4560-8350-e6ece54ab4bb ] Request (ServerGroupTestJSON:_run_cleanups): 200 GET http://10.180.1.21/compute/v2.1/servers/bb71bace-8d28-4ff2-9316-eafb00b05663 0.063s
2025-03-11 20:53:57.660 69232 INFO tempest.lib.common.rest_client [req-68b9b2d7-cb76-43e5-82b3-b5d90565ef22 req-68b9b2d7-cb76-43e5-82b3-b5d90565ef22 ] Request (ServerAddressesNegativeTestJSON:tearDownClass): 204 DELETE http://10.180.1.21:9696/networking/v2.0/networks/82d0a334-0429-4310-a67a-0abacb3aff0e 0.226s
2025-03-11 20:53:57.695 69208 INFO tempest.lib.common.rest_client [req-367aebb0-0f5b-4fdb-b5cd-7880b4805210 req-367aebb0-0f5b-4fdb-b5cd-7880b4805210 ] Request (FloatingIPsAssociationTestJSON:test_associate_already_associated_floating_ip): 200 GET http://10.180.1.21/compute/v2.1/servers/1bf15cde-c03f-426d-8a59-af1bba3b394d 0.058s
2025-03-11 20:53:57.742 69232 INFO tempest.lib.common.rest_client [req-12d0298f-46bc-4639-80ee-1d5c5034d506 req-12d0298f-46bc-4639-80ee-1d5c5034d506 ] Request (ServerAddressesNegativeTestJSON:tearDownClass): 204 DELETE http://10.180.1.21/identity/v3/users/0693128f5e3d4bdb8e8c5cf94a9c4df2 0.081s
2025-03-11 20:53:57.742 69232 INFO tempest.lib.common.dynamic_creds [-] Deleting project and security group for project: 3b4d385fd7f14182b9196ac4422aaa46
2025-03-11 20:53:57.742 69192 INFO tempest.lib.common.rest_client [req-601c9108-0ff0-40cc-910e-93425f4859bf req-601c9108-0ff0-40cc-910e-93425f4859bf ] Request (ImagesOneServerTestJSON:tearDownClass): 200 GET http://10.180.1.21/compute/v2.1/servers/23be18bf-6b2b-4daf-8978-62add118d97e 0.068s
2025-03-11 20:53:57.747 69247 INFO tempest.lib.common.rest_client [req-12937790-0a28-4592-a798-5be1d0d13312 req-12937790-0a28-4592-a798-5be1d0d13312 ] Request (ServersAdminTestJSON:test_create_server_with_scheduling_hint): 200 GET http://10.180.1.21/compute/v2.1/servers/9193b301-bb6f-4c46-9a53-f4205e68f49c 0.055s
2025-03-11 20:53:57.764 69232 INFO tempest.lib.common.rest_client [req-9a83b013-7c87-409c-9ad1-442f537df463 req-9a83b013-7c87-409c-9ad1-442f537df463 ] Request (ServerAddressesNegativeTestJSON:tearDownClass): 200 GET http://10.180.1.21:9696/networking/v2.0/security-groups?tenant_id=3b4d385fd7f14182b9196ac4422aaa46&name=default 0.022s
2025-03-11 20:53:57.806 69230 INFO tempest.lib.common.rest_client [req-1675f9ea-4f4d-4404-87c9-4f83b3a2af06 req-1675f9ea-4f4d-4404-87c9-4f83b3a2af06 ] Request (ListImageFiltersTestJSON:tearDownClass): 200 GET http://10.180.1.21/compute/v2.1/servers/f86f5ee4-e2a9-47e2-89ab-fb464f2a121b 0.062s
2025-03-11 20:53:57.851 69232 INFO tempest.lib.common.rest_client [req-ad60d8a8-81a6-4cf8-8c25-96322e9b275e req-ad60d8a8-81a6-4cf8-8c25-96322e9b275e ] Request (ServerAddressesNegativeTestJSON:tearDownClass): 204 DELETE http://10.180.1.21:9696/networking/v2.0/security-groups/74e3e2bc-d271-4fc5-9751-a07cfa8f9bc3 0.086s
2025-03-11 20:53:57.940 69232 INFO tempest.lib.common.rest_client [req-c0d8b96f-e2bb-4ab9-b54c-fa60d7103da2 req-c0d8b96f-e2bb-4ab9-b54c-fa60d7103da2 ] Request (ServerAddressesNegativeTestJSON:tearDownClass): 204 DELETE http://10.180.1.21/identity/v3/projects/3b4d385fd7f14182b9196ac4422aaa46 0.088s
2025-03-11 20:53:57.941 69216 INFO tempest.lib.common.rest_client [req-3b825253-33c0-40f4-b470-b0f5febf4f29 req-3b825253-33c0-40f4-b470-b0f5febf4f29 ] Request (ListServersNegativeTestJSON:setUpClass): 200 GET http://10.180.1.21/compute/v2.1/servers/6abf8eea-9053-45bf-8c50-c7fc5d6f5d7c 0.053s
2025-03-11 20:53:58.037 69202 INFO tempest.lib.common.rest_client [req-6891ea29-7b06-4d1f-9593-c3bde5f2a2f4 req-6891ea29-7b06-4d1f-9593-c3bde5f2a2f4 ] Request (ImagesOneServerNegativeTestJSON:setUpClass): 200 GET http://10.180.1.21/compute/v2.1/servers/fee46f73-ed67-44bf-8595-7fcc105edb8e 0.079s
2025-03-11 20:53:58.075 69198 INFO tempest.lib.common.rest_client [req-519c9b12-e99e-416e-9aad-705b04ead4b1 req-519c9b12-e99e-416e-9aad-705b04ead4b1 ] Request (DeleteServersAdminTestJSON:test_delete_server_while_in_error_state): 200 GET http://10.180.1.21/compute/v2.1/servers/862e124c-12d6-4f2b-92b3-6bafe7c93ff4 0.141s
2025-03-11 20:53:58.085 69198 INFO tempest.common.waiters [-] State transition "BUILD/spawning" ==> "ACTIVE/None" after 90 second wait
2025-03-11 20:53:58.132 69245 INFO tempest.lib.common.rest_client [req-c0a770df-1356-4c59-8efa-5d6d8b3586d2 req-c0a770df-1356-4c59-8efa-5d6d8b3586d2 ] Request (AttachVolumeNegativeTest:test_attach_attached_volume_to_different_server): 200 GET http://10.180.1.21/compute/v2.1/servers/798211ff-6d41-4701-aadc-eb333c2e55d6 0.080s
2025-03-11 20:53:58.183 69204 INFO tempest.lib.common.rest_client [req-d8d32800-fc5b-44aa-9cbb-5a47d7f21025 req-d8d32800-fc5b-44aa-9cbb-5a47d7f21025 ] Request (AttachInterfacesTestJSON:test_create_list_show_delete_interfaces_by_fixed_ip): 200 GET http://10.180.1.21/compute/v2.1/servers/66b2bb97-67dd-40cd-bdba-dd70e30823be 0.108s
2025-03-11 20:53:58.196 69198 INFO tempest.lib.common.rest_client [req-d9be4e25-e988-46c2-8202-c0c2f61c7db5 req-d9be4e25-e988-46c2-8202-c0c2f61c7db5 ] Request (DeleteServersAdminTestJSON:test_delete_server_while_in_error_state): 202 POST http://10.180.1.21/compute/v2.1/servers/862e124c-12d6-4f2b-92b3-6bafe7c93ff4/action 0.111s
2025-03-11 20:53:58.252 69249 INFO tempest.lib.common.rest_client [req-9e4c7bd7-4c4d-473e-8c7e-df8186b3346d req-9e4c7bd7-4c4d-473e-8c7e-df8186b3346d ] Request (InstanceActionsNegativeTestJSON:setUpClass): 200 GET http://10.180.1.21/compute/v2.1/servers/daa44d73-b9a8-4aaa-9240-410dfc5d2d80 0.113s
2025-03-11 20:53:58.260 69190 INFO tempest.lib.common.rest_client [req-5ada47b4-6f42-47c3-a4a4-f074c14d537e req-5ada47b4-6f42-47c3-a4a4-f074c14d537e ] Request (ServersTestMultiNic:_run_cleanups): 200 GET http://10.180.1.21/compute/v2.1/servers/e42489db-55ce-4b59-bed9-86752b6a146b 0.140s
2025-03-11 20:53:58.316 69212 INFO tempest.lib.common.rest_client [req-0a8923f7-ddfc-4dd3-9e2e-64292b2f98c1 req-0a8923f7-ddfc-4dd3-9e2e-64292b2f98c1 ] Request (ListServerFiltersTestJSON:tearDownClass): 200 GET http://10.180.1.21/compute/v2.1/servers/b58e6f5b-0e27-4b89-83ce-c2d969ee9789 0.128s
2025-03-11 20:53:58.365 69196 INFO tempest.lib.common.rest_client [req-ca01dbb4-0ced-4747-be9e-e55b72cae176 req-ca01dbb4-0ced-4747-be9e-e55b72cae176 ] Request (ServerDiskConfigTestJSON:test_rebuild_server_with_auto_disk_config): 200 GET http://10.180.1.21/compute/v2.1/servers/00034a52-903c-4575-acd3-4912a144e6ef 0.049s
2025-03-11 20:53:58.371 69198 INFO tempest.lib.common.rest_client [req-81183b02-6f67-4a85-831e-64c1f9e6eb07 req-81183b02-6f67-4a85-831e-64c1f9e6eb07 ] Request (DeleteServersAdminTestJSON:test_delete_server_while_in_error_state): 200 GET http://10.180.1.21/compute/v2.1/servers/862e124c-12d6-4f2b-92b3-6bafe7c93ff4 0.174s
2025-03-11 20:53:58.436 69222 INFO tempest.lib.common.rest_client [req-ceaa4a95-aa3a-4631-8c82-00cdbf961982 req-ceaa4a95-aa3a-4631-8c82-00cdbf961982 ] Request (DeleteServersTestJSON:test_delete_active_server): 200 GET http://10.180.1.21/compute/v2.1/servers/11bc20f4-fdb7-4907-ae3d-088ea6294592 0.048s
2025-03-11 20:53:58.447 69198 INFO tempest.lib.common.rest_client [req-240fb93e-a2c1-4043-9c20-ed91b3116564 req-240fb93e-a2c1-4043-9c20-ed91b3116564 ] Request (DeleteServersAdminTestJSON:test_delete_server_while_in_error_state): 204 DELETE http://10.180.1.21/compute/v2.1/servers/862e124c-12d6-4f2b-92b3-6bafe7c93ff4 0.068s
2025-03-11 20:53:58.570 69198 INFO tempest.lib.common.rest_client [req-17df4c59-cc08-4fd8-837e-cf614d292733 req-17df4c59-cc08-4fd8-837e-cf614d292733 ] Request (DeleteServersAdminTestJSON:test_delete_server_while_in_error_state): 200 GET http://10.180.1.21/compute/v2.1/servers/862e124c-12d6-4f2b-92b3-6bafe7c93ff4 0.123s
2025-03-11 20:53:58.602 69226 INFO tempest.lib.common.rest_client [req-e611916e-e5a8-48c4-a623-6b1cbb4f0954 req-e611916e-e5a8-48c4-a623-6b1cbb4f0954 ] Request (ServerRescueTestJSONUnderV235:setUpClass): 200 GET http://10.180.1.21/compute/v2.1/servers/adc0124f-b328-4243-a734-75a8a6424d5d 0.153s
2025-03-11 20:53:58.616 69241 INFO tempest.lib.common.rest_client [req-03fc00a5-d3aa-417a-b5ce-2ae7f4770fa5 req-03fc00a5-d3aa-417a-b5ce-2ae7f4770fa5 ] Request (ServerMetadataNegativeTestJSON:setUpClass): 200 GET http://10.180.1.21/compute/v2.1/servers/6e428a90-9bb5-4093-99ef-4e9efa880cb8 0.156s
2025-03-11 20:53:58.648 69206 INFO tempest.lib.common.rest_client [req-36306024-5479-45ea-8152-e2840b3a6ac3 req-36306024-5479-45ea-8152-e2840b3a6ac3 ] Request (ImagesTestJSON:test_create_image_from_suspended_server): 200 GET http://10.180.1.21/compute/v2.1/servers/0ea266a1-6231-47a9-84c4-c78fb619f713 0.139s
2025-03-11 20:53:58.663 69210 INFO tempest.lib.common.rest_client [req-859f3b2f-9972-4157-ae30-37593388ea19 req-859f3b2f-9972-4157-ae30-37593388ea19 ] Request (ServerShowV247Test:test_update_rebuild_list_server): 200 GET http://10.180.1.21/compute/v2.1/servers/b65b8b21-680b-4bb6-8ea4-5bc8f026f771 0.101s
2025-03-11 20:53:58.669 69220 INFO tempest.lib.common.rest_client [req-ffc1e45e-2aad-4fbe-8caf-b743fcdb2ef5 req-ffc1e45e-2aad-4fbe-8caf-b743fcdb2ef5 ] Request (VolumesAdminNegativeTest:test_update_attached_volume_with_nonexistent_volume_in_body): 200 GET http://10.180.1.21/volume/v3/volumes/9c516ef3-0e09-4c09-9b0e-f75b880b2e04 0.030s
2025-03-11 20:53:58.671 69210 INFO tempest.common.waiters [-] State transition "BUILD/None" ==> "BUILD/networking" after 77 second wait
2025-03-11 20:53:58.700 69200 INFO tempest.lib.common.rest_client [req-36a2f611-bec3-4360-97af-407ff179fa1d req-36a2f611-bec3-4360-97af-407ff179fa1d ] Request (ServerExternalEventsTest:test_create_server_external_events): 200 GET http://10.180.1.21/compute/v2.1/servers/d34132e0-a8de-4502-8f32-16056146ec8a 0.130s
2025-03-11 20:53:58.706 69237 INFO tempest.lib.common.rest_client [req-f2d13716-8bad-429e-acfd-ab7627e1069f req-f2d13716-8bad-429e-acfd-ab7627e1069f ] Request (MigrationsAdminTest:test_resize_server_revert_deleted_flavor): 200 GET http://10.180.1.21/compute/v2.1/servers/222942b9-d459-4937-83e0-30de9e0e30d1 0.089s
2025-03-11 20:53:58.755 69208 INFO tempest.lib.common.rest_client [req-d8aa04fd-5bdd-43a8-a7f4-f9b1ab947049 req-d8aa04fd-5bdd-43a8-a7f4-f9b1ab947049 ] Request (FloatingIPsAssociationTestJSON:test_associate_already_associated_floating_ip): 200 GET http://10.180.1.21/compute/v2.1/servers/1bf15cde-c03f-426d-8a59-af1bba3b394d 0.051s
2025-03-11 20:53:58.760 69228 INFO tempest.lib.common.rest_client [req-c8367a50-72b4-4f58-9d3c-e00a5b885d3a req-c8367a50-72b4-4f58-9d3c-e00a5b885d3a ] Request (ServerGroupTestJSON:_run_cleanups): 200 GET http://10.180.1.21/compute/v2.1/servers/bb71bace-8d28-4ff2-9316-eafb00b05663 0.093s
2025-03-11 20:53:58.811 69247 INFO tempest.lib.common.rest_client [req-6fd535ff-dba4-4d15-90ac-88aeaf39c367 req-6fd535ff-dba4-4d15-90ac-88aeaf39c367 ] Request (ServersAdminTestJSON:test_create_server_with_scheduling_hint): 200 GET http://10.180.1.21/compute/v2.1/servers/9193b301-bb6f-4c46-9a53-f4205e68f49c 0.056s
2025-03-11 20:53:58.817 69192 INFO tempest.lib.common.rest_client [req-44f9b982-a0fc-40b1-a41c-0b762f7a1370 req-44f9b982-a0fc-40b1-a41c-0b762f7a1370 ] Request (ImagesOneServerTestJSON:tearDownClass): 200 GET http://10.180.1.21/compute/v2.1/servers/23be18bf-6b2b-4daf-8978-62add118d97e 0.067s
2025-03-11 20:53:58.865 69230 INFO tempest.lib.common.rest_client [req-29ca93e7-30e9-4365-a009-15dee57a3b49 req-29ca93e7-30e9-4365-a009-15dee57a3b49 ] Request (ListImageFiltersTestJSON:tearDownClass): 200 GET http://10.180.1.21/compute/v2.1/servers/f86f5ee4-e2a9-47e2-89ab-fb464f2a121b 0.052s
2025-03-11 20:53:59.001 69216 INFO tempest.lib.common.rest_client [req-5f2338e4-0217-44f2-9060-d79fbdf25d01 req-5f2338e4-0217-44f2-9060-d79fbdf25d01 ] Request (ListServersNegativeTestJSON:setUpClass): 200 GET http://10.180.1.21/compute/v2.1/servers/6abf8eea-9053-45bf-8c50-c7fc5d6f5d7c 0.052s
2025-03-11 20:53:59.109 69202 INFO tempest.lib.common.rest_client [req-2d93e140-3283-4e95-8cca-f26cce42cd4b req-2d93e140-3283-4e95-8cca-f26cce42cd4b ] Request (ImagesOneServerNegativeTestJSON:setUpClass): 200 GET http://10.180.1.21/compute/v2.1/servers/fee46f73-ed67-44bf-8595-7fcc105edb8e 0.060s
2025-03-11 20:53:59.201 69245 INFO tempest.lib.common.rest_client [req-28c81a8d-167b-491e-a452-9d84b5f46acf req-28c81a8d-167b-491e-a452-9d84b5f46acf ] Request (AttachVolumeNegativeTest:test_attach_attached_volume_to_different_server): 200 GET http://10.180.1.21/compute/v2.1/servers/798211ff-6d41-4701-aadc-eb333c2e55d6 0.059s
2025-03-11 20:53:59.297 69204 INFO tempest.lib.common.rest_client [req-5016709e-674e-4d47-ae4a-367241393ae7 req-5016709e-674e-4d47-ae4a-367241393ae7 ] Request (AttachInterfacesTestJSON:test_create_list_show_delete_interfaces_by_fixed_ip): 200 GET http://10.180.1.21/compute/v2.1/servers/66b2bb97-67dd-40cd-bdba-dd70e30823be 0.102s
2025-03-11 20:53:59.310 69249 INFO tempest.lib.common.rest_client [req-076631ac-5b9e-4624-b318-4f67fd3fc1c7 req-076631ac-5b9e-4624-b318-4f67fd3fc1c7 ] Request (InstanceActionsNegativeTestJSON:setUpClass): 200 GET http://10.180.1.21/compute/v2.1/servers/daa44d73-b9a8-4aaa-9240-410dfc5d2d80 0.050s
2025-03-11 20:53:59.359 69190 INFO tempest.lib.common.rest_client [req-bb0615ef-8f1d-4a99-9ea6-dbed83a7d672 req-bb0615ef-8f1d-4a99-9ea6-dbed83a7d672 ] Request (ServersTestMultiNic:_run_cleanups): 200 GET http://10.180.1.21/compute/v2.1/servers/e42489db-55ce-4b59-bed9-86752b6a146b 0.091s
2025-03-11 20:53:59.386 69212 INFO tempest.lib.common.rest_client [req-12c2090c-2e6a-42b6-80c4-a70c6e7e097a req-12c2090c-2e6a-42b6-80c4-a70c6e7e097a ] Request (ListServerFiltersTestJSON:tearDownClass): 200 GET http://10.180.1.21/compute/v2.1/servers/b58e6f5b-0e27-4b89-83ce-c2d969ee9789 0.063s
2025-03-11 20:53:59.432 69196 INFO tempest.lib.common.rest_client [req-9714dd17-813b-409b-a197-ebdac8c612e2 req-9714dd17-813b-409b-a197-ebdac8c612e2 ] Request (ServerDiskConfigTestJSON:test_rebuild_server_with_auto_disk_config): 200 GET http://10.180.1.21/compute/v2.1/servers/00034a52-903c-4575-acd3-4912a144e6ef 0.059s
2025-03-11 20:53:59.497 69222 INFO tempest.lib.common.rest_client [req-8fa92d92-73f2-4783-9b3c-80d5ebfaacbd req-8fa92d92-73f2-4783-9b3c-80d5ebfaacbd ] Request (DeleteServersTestJSON:test_delete_active_server): 200 GET http://10.180.1.21/compute/v2.1/servers/11bc20f4-fdb7-4907-ae3d-088ea6294592 0.053s
2025-03-11 20:53:59.711 69220 INFO tempest.lib.common.rest_client [req-284242d0-0baa-475e-b187-9b8bef1b9311 req-284242d0-0baa-475e-b187-9b8bef1b9311 ] Request (VolumesAdminNegativeTest:test_update_attached_volume_with_nonexistent_volume_in_body): 200 GET http://10.180.1.21/volume/v3/volumes/9c516ef3-0e09-4c09-9b0e-f75b880b2e04 0.034s
2025-03-11 20:53:59.746 69226 INFO tempest.lib.common.rest_client [req-12f5d3d8-2e75-46d0-9f12-7514fb5b9e64 req-12f5d3d8-2e75-46d0-9f12-7514fb5b9e64 ] Request (ServerRescueTestJSONUnderV235:setUpClass): 200 GET http://10.180.1.21/compute/v2.1/servers/adc0124f-b328-4243-a734-75a8a6424d5d 0.135s
2025-03-11 20:53:59.786 69198 INFO tempest.lib.common.rest_client [req-2e922b7e-2c22-4c96-9855-0c872c846825 req-2e922b7e-2c22-4c96-9855-0c872c846825 ] Request (DeleteServersAdminTestJSON:test_delete_server_while_in_error_state): 200 GET http://10.180.1.21/compute/v2.1/servers/862e124c-12d6-4f2b-92b3-6bafe7c93ff4 0.208s
2025-03-11 20:53:59.792 69241 INFO tempest.lib.common.rest_client [req-00f01382-a647-4247-8221-c7ff0bcc4bc4 req-00f01382-a647-4247-8221-c7ff0bcc4bc4 ] Request (ServerMetadataNegativeTestJSON:setUpClass): 200 GET http://10.180.1.21/compute/v2.1/servers/6e428a90-9bb5-4093-99ef-4e9efa880cb8 0.167s
2025-03-11 20:53:59.839 69206 INFO tempest.lib.common.rest_client [req-93281106-f449-4e09-ac23-50f7137372c1 req-93281106-f449-4e09-ac23-50f7137372c1 ] Request (ImagesTestJSON:test_create_image_from_suspended_server): 200 GET http://10.180.1.21/compute/v2.1/servers/0ea266a1-6231-47a9-84c4-c78fb619f713 0.184s
2025-03-11 20:53:59.846 69210 INFO tempest.lib.common.rest_client [req-3a5763ed-e31e-4530-b1b5-79683b6eb52c req-3a5763ed-e31e-4530-b1b5-79683b6eb52c ] Request (ServerShowV247Test:test_update_rebuild_list_server): 200 GET http://10.180.1.21/compute/v2.1/servers/b65b8b21-680b-4bb6-8ea4-5bc8f026f771 0.172s
2025-03-11 20:53:59.855 69210 INFO tempest.common.waiters [-] State transition "BUILD/networking" ==> "BUILD/block_device_mapping" after 78 second wait
2025-03-11 20:53:59.885 69200 INFO tempest.lib.common.rest_client [req-6a722f93-a3a8-46fb-bed8-22ba50c6adc5 req-6a722f93-a3a8-46fb-bed8-22ba50c6adc5 ] Request (ServerExternalEventsTest:test_create_server_external_events): 200 GET http://10.180.1.21/compute/v2.1/servers/d34132e0-a8de-4502-8f32-16056146ec8a 0.178s
2025-03-11 20:53:59.931 69208 INFO tempest.lib.common.rest_client [req-f3d89444-00a4-445e-a7a0-407aa5efbf83 req-f3d89444-00a4-445e-a7a0-407aa5efbf83 ] Request (FloatingIPsAssociationTestJSON:test_associate_already_associated_floating_ip): 200 GET http://10.180.1.21/compute/v2.1/servers/1bf15cde-c03f-426d-8a59-af1bba3b394d 0.167s
2025-03-11 20:53:59.937 69208 INFO tempest.common.waiters [-] State transition "BUILD/scheduling" ==> "BUILD/None" after 45 second wait
2025-03-11 20:53:59.992 69228 INFO tempest.lib.common.rest_client [req-820d6663-f975-4800-a2eb-7545fac532b5 req-820d6663-f975-4800-a2eb-7545fac532b5 ] Request (ServerGroupTestJSON:_run_cleanups): 200 GET http://10.180.1.21/compute/v2.1/servers/bb71bace-8d28-4ff2-9316-eafb00b05663 0.224s
2025-03-11 20:54:00.002 69186 WARNING tempest.lib.common.ssh [-] Failed to establish authenticated ssh connection to cirros@10.180.180.219 ([Errno None] Unable to connect to port 22 on 10.180.180.219). Number attempts: 2. Retry after 3 seconds.: paramiko.ssh_exception.NoValidConnectionsError: [Errno None] Unable to connect to port 22 on 10.180.180.219
2025-03-11 20:54:00.047 69247 INFO tempest.lib.common.rest_client [req-be1ef2ee-e736-45f2-91b8-6c79e8211372 req-be1ef2ee-e736-45f2-91b8-6c79e8211372 ] Request (ServersAdminTestJSON:test_create_server_with_scheduling_hint): 200 GET http://10.180.1.21/compute/v2.1/servers/9193b301-bb6f-4c46-9a53-f4205e68f49c 0.229s
2025-03-11 20:54:00.111 69192 INFO tempest.lib.common.rest_client [req-ba184929-945e-464c-a845-b820680ce1b3 req-ba184929-945e-464c-a845-b820680ce1b3 ] Request (ImagesOneServerTestJSON:tearDownClass): 200 GET http://10.180.1.21/compute/v2.1/servers/23be18bf-6b2b-4daf-8978-62add118d97e 0.285s
2025-03-11 20:54:00.143 69237 INFO tempest.lib.common.rest_client [req-76547eb0-7bf3-452e-9c05-c373beb18c8c req-76547eb0-7bf3-452e-9c05-c373beb18c8c ] Request (MigrationsAdminTest:test_resize_server_revert_deleted_flavor): 200 GET http://10.180.1.21/compute/v2.1/servers/222942b9-d459-4937-83e0-30de9e0e30d1 0.428s
2025-03-11 20:54:00.175 69230 INFO tempest.lib.common.rest_client [req-8eddd943-07b1-4a11-a964-7b16dd0e36ef req-8eddd943-07b1-4a11-a964-7b16dd0e36ef ] Request (ListImageFiltersTestJSON:tearDownClass): 200 GET http://10.180.1.21/compute/v2.1/servers/f86f5ee4-e2a9-47e2-89ab-fb464f2a121b 0.302s
2025-03-11 20:54:00.194 69216 INFO tempest.lib.common.rest_client [req-1931a781-4f96-46db-9725-6e6b21009dbd req-1931a781-4f96-46db-9725-6e6b21009dbd ] Request (ListServersNegativeTestJSON:setUpClass): 200 GET http://10.180.1.21/compute/v2.1/servers/6abf8eea-9053-45bf-8c50-c7fc5d6f5d7c 0.186s
2025-03-11 20:54:00.227 69202 INFO tempest.lib.common.rest_client [req-aa44adbb-609c-4df4-99ce-660d48002a65 req-aa44adbb-609c-4df4-99ce-660d48002a65 ] Request (ImagesOneServerNegativeTestJSON:setUpClass): 200 GET http://10.180.1.21/compute/v2.1/servers/fee46f73-ed67-44bf-8595-7fcc105edb8e 0.109s
2025-03-11 20:54:00.257 69188 WARNING tempest.lib.common.ssh [-] Failed to establish authenticated ssh connection to cirros@10.180.180.142 ([Errno None] Unable to connect to port 22 on 10.180.180.142). Number attempts: 6. Retry after 7 seconds.: paramiko.ssh_exception.NoValidConnectionsError: [Errno None] Unable to connect to port 22 on 10.180.180.142
2025-03-11 20:54:00.271 69245 INFO tempest.lib.common.rest_client [req-25d957fe-c1bd-4886-9f64-d8157848c60a req-25d957fe-c1bd-4886-9f64-d8157848c60a ] Request (AttachVolumeNegativeTest:test_attach_attached_volume_to_different_server): 200 GET http://10.180.1.21/compute/v2.1/servers/798211ff-6d41-4701-aadc-eb333c2e55d6 0.058s
2025-03-11 20:54:00.376 69249 INFO tempest.lib.common.rest_client [req-8061b55d-06c0-493d-b185-8d29fff1d646 req-8061b55d-06c0-493d-b185-8d29fff1d646 ] Request (InstanceActionsNegativeTestJSON:setUpClass): 200 GET http://10.180.1.21/compute/v2.1/servers/daa44d73-b9a8-4aaa-9240-410dfc5d2d80 0.057s
2025-03-11 20:54:00.426 69190 INFO tempest.lib.common.rest_client [req-62b474b9-3801-4a31-86e7-0b21f610b96a req-62b474b9-3801-4a31-86e7-0b21f610b96a ] Request (ServersTestMultiNic:_run_cleanups): 200 GET http://10.180.1.21/compute/v2.1/servers/e42489db-55ce-4b59-bed9-86752b6a146b 0.059s
2025-03-11 20:54:00.445 69212 INFO tempest.lib.common.rest_client [req-3eae684c-8463-454c-9c6e-ffd6d3756020 req-3eae684c-8463-454c-9c6e-ffd6d3756020 ] Request (ListServerFiltersTestJSON:tearDownClass): 404 GET http://10.180.1.21/compute/v2.1/servers/b58e6f5b-0e27-4b89-83ce-c2d969ee9789 0.050s
2025-03-11 20:54:00.456 69204 INFO tempest.lib.common.rest_client [req-3b0831df-26cc-4c23-b1b9-0fd1ab754aaa req-3b0831df-26cc-4c23-b1b9-0fd1ab754aaa ] Request (AttachInterfacesTestJSON:test_create_list_show_delete_interfaces_by_fixed_ip): 200 GET http://10.180.1.21/compute/v2.1/servers/66b2bb97-67dd-40cd-bdba-dd70e30823be 0.151s
2025-03-11 20:54:00.464 69204 INFO tempest.common.waiters [-] State transition "BUILD/spawning" ==> "ACTIVE/None" after 91 second wait
2025-03-11 20:54:00.491 69196 INFO tempest.lib.common.rest_client [req-e3dd702d-8e66-408b-9f52-02d9ebd6b3a6 req-e3dd702d-8e66-408b-9f52-02d9ebd6b3a6 ] Request (ServerDiskConfigTestJSON:test_rebuild_server_with_auto_disk_config): 200 GET http://10.180.1.21/compute/v2.1/servers/00034a52-903c-4575-acd3-4912a144e6ef 0.049s
2025-03-11 20:54:00.534 69212 INFO tempest.lib.common.rest_client [req-a4188eb0-fb7a-4ee2-aa34-4df85f5c928d req-a4188eb0-fb7a-4ee2-aa34-4df85f5c928d ] Request (ListServerFiltersTestJSON:tearDownClass): 204 DELETE http://10.180.1.21/compute/v2.1/servers/923ac29d-680b-4e33-b977-c9586b749cd5 0.089s
2025-03-11 20:54:00.548 69204 INFO tempest.lib.common.rest_client [req-103cdcf5-396e-4be8-9cb6-e4bce900f858 req-103cdcf5-396e-4be8-9cb6-e4bce900f858 ] Request (AttachInterfacesTestJSON:test_create_list_show_delete_interfaces_by_fixed_ip): 200 GET http://10.180.1.21/compute/v2.1/servers/66b2bb97-67dd-40cd-bdba-dd70e30823be/os-interface 0.083s
2025-03-11 20:54:00.759 69220 INFO tempest.lib.common.rest_client [req-a64e7143-557c-471b-b6b0-b69103c1ae19 req-a64e7143-557c-471b-b6b0-b69103c1ae19 ] Request (VolumesAdminNegativeTest:test_update_attached_volume_with_nonexistent_volume_in_body): 200 GET http://10.180.1.21/volume/v3/volumes/9c516ef3-0e09-4c09-9b0e-f75b880b2e04 0.036s
2025-03-11 20:54:00.826 69222 INFO tempest.lib.common.rest_client [req-d1032daa-e71d-483a-a44c-22416365d00e req-d1032daa-e71d-483a-a44c-22416365d00e ] Request (DeleteServersTestJSON:test_delete_active_server): 200 GET http://10.180.1.21/compute/v2.1/servers/11bc20f4-fdb7-4907-ae3d-088ea6294592 0.319s
2025-03-11 20:54:01.057 69226 INFO tempest.lib.common.rest_client [req-408effbd-32ff-41bc-911a-323f7697ec40 req-408effbd-32ff-41bc-911a-323f7697ec40 ] Request (ServerRescueTestJSONUnderV235:setUpClass): 200 GET http://10.180.1.21/compute/v2.1/servers/adc0124f-b328-4243-a734-75a8a6424d5d 0.292s
2025-03-11 20:54:01.090 69212 INFO tempest.lib.common.rest_client [req-84d91711-390d-46a5-aa89-f2edcca81287 req-84d91711-390d-46a5-aa89-f2edcca81287 ] Request (ListServerFiltersTestJSON:tearDownClass): 200 GET http://10.180.1.21/compute/v2.1/servers/923ac29d-680b-4e33-b977-c9586b749cd5 0.555s
2025-03-11 20:54:01.179 69241 INFO tempest.lib.common.rest_client [req-c1b8ad5c-d0ce-40be-82d7-073611b11dba req-c1b8ad5c-d0ce-40be-82d7-073611b11dba ] Request (ServerMetadataNegativeTestJSON:setUpClass): 200 GET http://10.180.1.21/compute/v2.1/servers/6e428a90-9bb5-4093-99ef-4e9efa880cb8 0.380s
2025-03-11 20:54:01.242 69206 INFO tempest.lib.common.rest_client [req-78ee04f5-5aa5-4efd-8741-d84ae97af748 req-78ee04f5-5aa5-4efd-8741-d84ae97af748 ] Request (ImagesTestJSON:test_create_image_from_suspended_server): 200 GET http://10.180.1.21/compute/v2.1/servers/0ea266a1-6231-47a9-84c4-c78fb619f713 0.395s
2025-03-11 20:54:01.276 69198 INFO tempest.lib.common.rest_client [req-83023727-9b85-4229-8dc9-ee88617990e7 req-83023727-9b85-4229-8dc9-ee88617990e7 ] Request (DeleteServersAdminTestJSON:test_delete_server_while_in_error_state): 200 GET http://10.180.1.21/compute/v2.1/servers/862e124c-12d6-4f2b-92b3-6bafe7c93ff4 0.480s
2025-03-11 20:54:01.297 69210 INFO tempest.lib.common.rest_client [req-64301f13-367d-4a6a-bd2c-757a630dde9e req-64301f13-367d-4a6a-bd2c-757a630dde9e ] Request (ServerShowV247Test:test_update_rebuild_list_server): 200 GET http://10.180.1.21/compute/v2.1/servers/b65b8b21-680b-4bb6-8ea4-5bc8f026f771 0.441s
2025-03-11 20:54:01.307 69210 INFO tempest.common.waiters [-] State transition "BUILD/block_device_mapping" ==> "BUILD/spawning" after 80 second wait
2025-03-11 20:54:01.351 69200 INFO tempest.lib.common.rest_client [req-a30f70e8-da29-43fa-9322-dc2de56ad5f7 req-a30f70e8-da29-43fa-9322-dc2de56ad5f7 ] Request (ServerExternalEventsTest:test_create_server_external_events): 200 GET http://10.180.1.21/compute/v2.1/servers/d34132e0-a8de-4502-8f32-16056146ec8a 0.457s
2025-03-11 20:54:01.361 69200 INFO tempest.common.waiters [-] State transition "BUILD/scheduling" ==> "BUILD/None" after 34 second wait
2025-03-11 20:54:01.364 69208 INFO tempest.lib.common.rest_client [req-8e19ac1e-d6e0-4748-9245-f8964d51d176 req-8e19ac1e-d6e0-4748-9245-f8964d51d176 ] Request (FloatingIPsAssociationTestJSON:test_associate_already_associated_floating_ip): 200 GET http://10.180.1.21/compute/v2.1/servers/1bf15cde-c03f-426d-8a59-af1bba3b394d 0.426s
2025-03-11 20:54:01.432 69228 INFO tempest.lib.common.rest_client [req-3b9245e0-911d-4598-b3ae-24e116c16416 req-3b9245e0-911d-4598-b3ae-24e116c16416 ] Request (ServerGroupTestJSON:_run_cleanups): 200 GET http://10.180.1.21/compute/v2.1/servers/bb71bace-8d28-4ff2-9316-eafb00b05663 0.427s
2025-03-11 20:54:01.435 69247 INFO tempest.lib.common.rest_client [req-427155f5-a2e1-4b4a-a1b0-f9f99beac04c req-427155f5-a2e1-4b4a-a1b0-f9f99beac04c ] Request (ServersAdminTestJSON:test_create_server_with_scheduling_hint): 200 GET http://10.180.1.21/compute/v2.1/servers/9193b301-bb6f-4c46-9a53-f4205e68f49c 0.380s
2025-03-11 20:54:01.503 69192 INFO tempest.lib.common.rest_client [req-6d435433-bcb6-47bc-94f7-4e27b4d648ef req-6d435433-bcb6-47bc-94f7-4e27b4d648ef ] Request (ImagesOneServerTestJSON:tearDownClass): 200 GET http://10.180.1.21/compute/v2.1/servers/23be18bf-6b2b-4daf-8978-62add118d97e 0.382s
2025-03-11 20:54:01.512 69237 INFO tempest.lib.common.rest_client [req-9deaf5dc-f59b-4077-bd39-c3ad91bb27a6 req-9deaf5dc-f59b-4077-bd39-c3ad91bb27a6 ] Request (MigrationsAdminTest:test_resize_server_revert_deleted_flavor): 200 GET http://10.180.1.21/compute/v2.1/servers/222942b9-d459-4937-83e0-30de9e0e30d1 0.359s
