2025-03-11 20:51:52.331 69216 INFO tempest.lib.common.rest_client [req-79d33a1c-bfba-480d-9ac0-66fb6f451a1a req-79d33a1c-bfba-480d-9ac0-66fb6f451a1a ] Request (ServerDiagnosticsNegativeTest:test_get_server_diagnostics_by_non_admin): 200 GET http://10.180.1.21/compute/v2.1/servers/915c0fef-33aa-48ca-9023-8d0289b96511 1.238s
2025-03-11 20:51:52.350 69244 INFO tempest.lib.common.rest_client [req-4fe3d12a-fd1a-41ca-8656-624b2a1f8aeb req-4fe3d12a-fd1a-41ca-8656-624b2a1f8aeb ] Request (AttachInterfacesUnderV243Test:setUpClass): 201 POST http://10.180.1.21/identity/v3/auth/tokens 0.033s
2025-03-11 20:51:52.359 69239 INFO tempest.lib.common.rest_client [req-5724f315-5b60-493b-8bd9-10edd137f7c7 req-5724f315-5b60-493b-8bd9-10edd137f7c7 ] Request (AggregatesAdminNegativeTestJSON:_run_cleanups): 200 DELETE http://10.180.1.21/compute/v2.1/os-aggregates/2 1.193s
2025-03-11 20:51:52.380 69228 INFO tempest.lib.common.rest_client [req-280ed707-6edf-4a78-a8db-0bb5313f5716 req-280ed707-6edf-4a78-a8db-0bb5313f5716 ] Request (HostsAdminTestJSON:test_show_host_detail): 200 GET http://10.180.1.21/compute/v2.1/os-hosts 1.175s
2025-03-11 20:51:52.386 69244 INFO tempest.lib.common.rest_client [req-14f84892-86a9-4448-993f-6aa8e6810b71 req-14f84892-86a9-4448-993f-6aa8e6810b71 ] Request (AttachInterfacesUnderV243Test:setUpClass): 200 GET http://10.180.1.21/identity/v3/domains?name=Default 0.035s
2025-03-11 20:51:52.416 69244 INFO tempest.lib.common.rest_client [req-04b0732e-c5d3-4154-9892-3a7d606d5be6 req-04b0732e-c5d3-4154-9892-3a7d606d5be6 ] Request (AttachInterfacesUnderV243Test:setUpClass): 201 POST http://10.180.1.21/identity/v3/projects 0.029s
2025-03-11 20:51:52.433 69196 INFO tempest.lib.common.rest_client [req-a2a70828-685d-4593-b29f-4bfab3e1931d req-a2a70828-685d-4593-b29f-4bfab3e1931d ] Request (ImagesNegativeTestJSON:setUpClass): 201 POST http://10.180.1.21:9696/networking/v2.0/routers 1.930s
2025-03-11 20:51:52.442 69220 INFO tempest.lib.common.rest_client [req-90272804-26b6-4bc8-aa52-d2db2143524f req-90272804-26b6-4bc8-aa52-d2db2143524f ] Request (VolumesAdminNegativeTest:test_update_attached_volume_with_nonexistent_volume_in_body): 200 GET http://10.180.1.21/compute/v2.1/servers/aaa8e47e-7484-4b43-bcfd-c28ee2c6205d 1.189s
2025-03-11 20:51:52.464 69192 INFO tempest.lib.common.rest_client [req-10b2cd44-c3f8-4e7a-9854-bd7b5ed27c03 req-10b2cd44-c3f8-4e7a-9854-bd7b5ed27c03 ] Request (HypervisorAdminNegativeTestJSON:tearDownClass): 204 DELETE http://10.180.1.21:9696/networking/v2.0/security-groups/35ca6417-9b21-4d75-9bcf-32743e89ba58 0.215s
2025-03-11 20:51:52.489 69244 INFO tempest.lib.common.rest_client [req-2790033c-24a4-43b0-8c9b-ba51240007cb req-2790033c-24a4-43b0-8c9b-ba51240007cb ] Request (AttachInterfacesUnderV243Test:setUpClass): 201 POST http://10.180.1.21/identity/v3/users 0.072s
2025-03-11 20:51:52.510 69200 INFO tempest.lib.common.rest_client [req-6bcb1ca2-5c4e-406e-bb59-4cc981f2cb11 req-6bcb1ca2-5c4e-406e-bb59-4cc981f2cb11 ] Request (KeyPairsV210TestJSON:tearDownClass): 200 GET http://10.180.1.21:9696/networking/v2.0/security-groups?tenant_id=3c060a37c08b46388cb236bda81704aa&name=default 0.242s
2025-03-11 20:51:52.524 69192 INFO tempest.lib.common.rest_client [req-b4ea89c4-487c-4c1a-a230-94b69e1a4b4b req-b4ea89c4-487c-4c1a-a230-94b69e1a4b4b ] Request (HypervisorAdminNegativeTestJSON:tearDownClass): 204 DELETE http://10.180.1.21/identity/v3/projects/ef66a89167ad48d38240c32e61540e16 0.059s
2025-03-11 20:51:52.524 69192 INFO tempest.lib.common.dynamic_creds [-] Deleting project and security group for project: f8d98d2091a24ac79d77d731f4293d27
2025-03-11 20:51:52.581 69244 INFO tempest.lib.common.rest_client [req-e782801e-013b-447a-aea9-8c17cc3aade0 req-e782801e-013b-447a-aea9-8c17cc3aade0 ] Request (AttachInterfacesUnderV243Test:setUpClass): 200 GET http://10.180.1.21/identity/v3/roles 0.092s
2025-03-11 20:51:52.608 69244 INFO tempest.lib.common.rest_client [req-f4dad7b8-8690-4d93-9438-2f399f0190e8 req-f4dad7b8-8690-4d93-9438-2f399f0190e8 ] Request (AttachInterfacesUnderV243Test:setUpClass): 204 PUT http://10.180.1.21/identity/v3/projects/26f962ef165d4cbb9d9518792944a7f8/users/8ce3cff7db4f4325b33bb1ac258def30/roles/ecac11f56c82402dab0c20175776802e 0.026s
2025-03-11 20:51:52.608 69244 INFO tempest.lib.common.dynamic_creds [-] Dynamic test user 8ce3cff7db4f4325b33bb1ac258def30 is created with scope project and roles: ['member']
2025-03-11 20:51:52.608 69244 INFO tempest.lib.common.dynamic_creds [-] Acquired dynamic creds: credentials: Credentials: {'domain_id': 'default', 'domain_name': 'Default', 'username': 'tempest-AttachInterfacesUnderV243Test-636840293-project-member', 'project_domain_id': 'default', 'project_domain_name': 'Default', 'project_id': '26f962ef165d4cbb9d9518792944a7f8', 'project_name': 'tempest-AttachInterfacesUnderV243Test-636840293', 'tenant_id': '26f962ef165d4cbb9d9518792944a7f8', 'tenant_name': 'tempest-AttachInterfacesUnderV243Test-636840293', 'user_domain_id': 'default', 'user_domain_name': 'Default', 'user_id': '8ce3cff7db4f4325b33bb1ac258def30', 'system': None}, Network: None, Subnet: None, Router: None
2025-03-11 20:51:52.669 69244 INFO tempest.lib.common.rest_client [req-c7480019-9dac-4689-b2cb-b21fcf6d6cac req-c7480019-9dac-4689-b2cb-b21fcf6d6cac ] Request (AttachInterfacesUnderV243Test:setUpClass): 201 POST http://10.180.1.21/identity/v3/auth/tokens 0.061s
2025-03-11 20:51:52.730 69204 INFO tempest.lib.common.rest_client [req-a5d5928b-c00a-402b-94c0-009b6f0c1e7b req-a5d5928b-c00a-402b-94c0-009b6f0c1e7b ] Request (SecurityGroupsTestAdminJSON:_run_cleanups): 202 DELETE http://10.180.1.21/compute/v2.1/os-security-groups/e208491b-d2b5-4d17-992e-17b164445295 1.465s
2025-03-11 20:51:52.945 69200 INFO tempest.lib.common.rest_client [req-4932fac4-e6e2-432a-b05f-12f66c9bb777 req-4932fac4-e6e2-432a-b05f-12f66c9bb777 ] Request (KeyPairsV210TestJSON:tearDownClass): 204 DELETE http://10.180.1.21:9696/networking/v2.0/security-groups/e5630ece-bb3e-428c-916a-db700f04b3ab 0.435s
2025-03-11 20:51:52.959 69212 INFO tempest.lib.common.rest_client [req-a5e3290e-56a2-4dd9-a68f-1bfec7e953a1 req-a5e3290e-56a2-4dd9-a68f-1bfec7e953a1 ] Request (ListServerFiltersTestJSON:setUpClass): 200 GET http://10.180.1.21/compute/v2.1/servers/5c480ae9-bbf7-4d14-be10-bd5165525885 1.630s
2025-03-11 20:51:52.966 69245 INFO tempest.lib.common.rest_client [req-08ac09a7-ad69-415b-89d3-faff597d7a99 req-08ac09a7-ad69-415b-89d3-faff597d7a99 ] Request (AttachInterfacesV270Test:setUpClass): 201 POST http://10.180.1.21:9696/networking/v2.0/networks 0.796s
2025-03-11 20:51:53.023 69200 INFO tempest.lib.common.rest_client [req-c0653524-9cd7-4e4e-9bff-de3cfab5f5a0 req-c0653524-9cd7-4e4e-9bff-de3cfab5f5a0 ] Request (KeyPairsV210TestJSON:tearDownClass): 204 DELETE http://10.180.1.21/identity/v3/projects/3c060a37c08b46388cb236bda81704aa 0.077s
2025-03-11 20:51:53.055 69192 INFO tempest.lib.common.rest_client [req-222693f1-7a13-485e-89f6-256a4f73cd86 req-222693f1-7a13-485e-89f6-256a4f73cd86 ] Request (HypervisorAdminNegativeTestJSON:tearDownClass): 200 GET http://10.180.1.21:9696/networking/v2.0/security-groups?tenant_id=f8d98d2091a24ac79d77d731f4293d27&name=default 0.531s
2025-03-11 20:51:53.094 69200 INFO tempest.lib.common.rest_client [req-7b24798d-06fc-4aa0-9bba-0d069fb74899 req-7b24798d-06fc-4aa0-9bba-0d069fb74899 ] Request (ServerDiagnosticsTest:setUpClass): 201 POST http://10.180.1.21/identity/v3/auth/tokens 0.070s
2025-03-11 20:51:53.128 69200 INFO tempest.lib.common.rest_client [req-047b943f-58a6-48e5-bf18-053e8d3bc897 req-047b943f-58a6-48e5-bf18-053e8d3bc897 ] Request (ServerDiagnosticsTest:setUpClass): 201 POST http://10.180.1.21/identity/v3/auth/tokens 0.030s
2025-03-11 20:51:53.148 69224 INFO tempest.lib.common.rest_client [req-2882296d-cc9b-4570-ab8b-df6df49636d6 req-2882296d-cc9b-4570-ab8b-df6df49636d6 ] Request (VolumesAssistedSnapshotsTest:test_volume_assisted_snapshot_create_delete): 202 POST http://10.180.1.21/compute/v2.1/servers 2.061s
2025-03-11 20:51:53.153 69200 INFO tempest.lib.common.rest_client [req-d0d74b12-d490-4d08-b6a7-c7215a7f9986 req-d0d74b12-d490-4d08-b6a7-c7215a7f9986 ] Request (ServerDiagnosticsTest:setUpClass): 200 GET http://10.180.1.21/identity/v3/domains?name=Default 0.025s
2025-03-11 20:51:53.154 69198 INFO tempest.lib.common.rest_client [req-9fe8a05b-3a85-4b37-a773-58228b7ddac8 req-9fe8a05b-3a85-4b37-a773-58228b7ddac8 ] Request (DeleteServersAdminTestJSON:test_admin_delete_servers_of_others): 200 GET http://10.180.1.21/compute/v2.1/servers/65c7f781-89a7-49f2-a745-5093adc47df9 1.808s
2025-03-11 20:51:53.175 69245 INFO tempest.lib.common.rest_client [req-2b46d32d-af9c-41d0-b2b1-0c36b760999e req-2b46d32d-af9c-41d0-b2b1-0c36b760999e ] Request (AttachInterfacesV270Test:setUpClass): 201 POST http://10.180.1.21:9696/networking/v2.0/subnets 0.209s
2025-03-11 20:51:53.180 69192 INFO tempest.lib.common.rest_client [req-5acecf7d-22a1-428e-8cf7-6ba408493b00 req-5acecf7d-22a1-428e-8cf7-6ba408493b00 ] Request (HypervisorAdminNegativeTestJSON:tearDownClass): 204 DELETE http://10.180.1.21:9696/networking/v2.0/security-groups/12b16de5-ed0a-41bd-af48-b03e99abd48c 0.124s
2025-03-11 20:51:53.191 69200 INFO tempest.lib.common.rest_client [req-8b711622-8d35-4d8f-b10c-8a7c8ce7afda req-8b711622-8d35-4d8f-b10c-8a7c8ce7afda ] Request (ServerDiagnosticsTest:setUpClass): 201 POST http://10.180.1.21/identity/v3/projects 0.037s
2025-03-11 20:51:53.199 69190 INFO tempest.lib.common.rest_client [req-a1cc1024-5d97-4543-ab41-f06519d78ffb req-a1cc1024-5d97-4543-ab41-f06519d78ffb ] Request (ImagesMetadataTestJSON:test_list_image_metadata): 200 GET http://10.180.1.21/compute/v2.1/images/a7e0c164-0005-4e94-899c-46e7582cdf02/metadata 1.817s
2025-03-11 20:51:53.262 69200 INFO tempest.lib.common.rest_client [req-0d08f544-3311-4fb5-afc7-4ce3fa84bd79 req-0d08f544-3311-4fb5-afc7-4ce3fa84bd79 ] Request (ServerDiagnosticsTest:setUpClass): 201 POST http://10.180.1.21/identity/v3/users 0.071s
2025-03-11 20:51:53.264 69237 INFO tempest.lib.common.rest_client [req-48256560-2b35-497f-9b1b-bbad28e89722 req-48256560-2b35-497f-9b1b-bbad28e89722 ] Request (MigrationsAdminTest:test_list_migrations_in_flavor_resize_situation): 200 GET http://10.180.1.21/compute/v2.1/servers/2caef58a-fa7a-42bb-8b96-4ddbbaf46ee7 1.849s
2025-03-11 20:51:53.283 69200 INFO tempest.lib.common.rest_client [req-e66bf16c-cdf8-4504-8dcb-96c48169a572 req-e66bf16c-cdf8-4504-8dcb-96c48169a572 ] Request (ServerDiagnosticsTest:setUpClass): 200 GET http://10.180.1.21/identity/v3/roles 0.020s
2025-03-11 20:51:53.307 69192 INFO tempest.lib.common.rest_client [req-f5cd93b5-ff1e-4223-bba3-8fb81f03c173 req-f5cd93b5-ff1e-4223-bba3-8fb81f03c173 ] Request (HypervisorAdminNegativeTestJSON:tearDownClass): 204 DELETE http://10.180.1.21/identity/v3/projects/f8d98d2091a24ac79d77d731f4293d27 0.127s
2025-03-11 20:51:53.308 69192 INFO tempest.test [-] raised in LiveAutoBlockMigrationV225Test.setUpClass. Invoking tearDownClass.
2025-03-11 20:51:53.350 69200 INFO tempest.lib.common.rest_client [req-813e53f8-9352-4561-aba9-98cca3321c0c req-813e53f8-9352-4561-aba9-98cca3321c0c ] Request (ServerDiagnosticsTest:setUpClass): 204 PUT http://10.180.1.21/identity/v3/projects/d2cdafef0fb44c9b837b631350ff9536/users/7432ba35f8ec4fffb9d5035130ec6535/roles/ecac11f56c82402dab0c20175776802e 0.066s
2025-03-11 20:51:53.350 69200 INFO tempest.lib.common.dynamic_creds [-] Dynamic test user 7432ba35f8ec4fffb9d5035130ec6535 is created with scope project and roles: ['member']
2025-03-11 20:51:53.350 69200 INFO tempest.lib.common.dynamic_creds [-] Acquired dynamic creds: credentials: Credentials: {'domain_id': 'default', 'domain_name': 'Default', 'username': 'tempest-ServerDiagnosticsTest-1176714214-project-member', 'project_domain_id': 'default', 'project_domain_name': 'Default', 'project_id': 'd2cdafef0fb44c9b837b631350ff9536', 'project_name': 'tempest-ServerDiagnosticsTest-1176714214', 'tenant_id': 'd2cdafef0fb44c9b837b631350ff9536', 'tenant_name': 'tempest-ServerDiagnosticsTest-1176714214', 'user_domain_id': 'default', 'user_domain_name': 'Default', 'user_id': '7432ba35f8ec4fffb9d5035130ec6535', 'system': None}, Network: None, Subnet: None, Router: None
2025-03-11 20:51:53.350 69200 INFO tempest.lib.common.dynamic_creds [-] Created isolated network resources for: credentials: Credentials: {'domain_id': 'default', 'domain_name': 'Default', 'username': 'tempest-ServerDiagnosticsTest-1176714214-project-member', 'project_domain_id': 'default', 'project_domain_name': 'Default', 'project_id': 'd2cdafef0fb44c9b837b631350ff9536', 'project_name': 'tempest-ServerDiagnosticsTest-1176714214', 'tenant_id': 'd2cdafef0fb44c9b837b631350ff9536', 'tenant_name': 'tempest-ServerDiagnosticsTest-1176714214', 'user_domain_id': 'default', 'user_domain_name': 'Default', 'user_id': '7432ba35f8ec4fffb9d5035130ec6535', 'system': None}, Network: None, Subnet: None, Router: None
2025-03-11 20:51:53.409 69192 INFO tempest.lib.common.rest_client [req-ac92324f-5eee-4260-afd5-4fc574f931a8 req-ac92324f-5eee-4260-afd5-4fc574f931a8 ] Request (ImagesOneServerTestJSON:setUpClass): 201 POST http://10.180.1.21/identity/v3/auth/tokens 0.097s
2025-03-11 20:51:53.435 69247 INFO tempest.lib.common.rest_client [req-57d07e17-4b46-4336-a9ee-39e45f83119b req-57d07e17-4b46-4336-a9ee-39e45f83119b ] Request (QuotasAdminNegativeTest:test_create_server_when_memory_quota_is_full): 200 GET http://10.180.1.21/compute/v2.1/os-quota-sets/4e4da6b99da441a5a8826754e5aec367 1.945s
2025-03-11 20:51:53.447 69192 INFO tempest.lib.common.rest_client [req-d1a197e2-f22f-4b59-a7f2-f2b34f6004bf req-d1a197e2-f22f-4b59-a7f2-f2b34f6004bf ] Request (ImagesOneServerTestJSON:setUpClass): 201 POST http://10.180.1.21/identity/v3/auth/tokens 0.032s
2025-03-11 20:51:53.465 69188 INFO tempest.lib.common.rest_client [req-b261b89c-78b5-4c69-b652-c9612ed56655 req-b261b89c-78b5-4c69-b652-c9612ed56655 ] Request (FlavorsAccessTestJSON:_run_cleanups): 200 GET http://10.180.1.21/compute/v2.1/flavors/detail 1.959s
2025-03-11 20:51:53.475 69192 INFO tempest.lib.common.rest_client [req-2abd9903-dd9c-4638-9c0c-00fb50211a96 req-2abd9903-dd9c-4638-9c0c-00fb50211a96 ] Request (ImagesOneServerTestJSON:setUpClass): 200 GET http://10.180.1.21/identity/v3/domains?name=Default 0.027s
2025-03-11 20:51:53.477 69244 INFO tempest.lib.common.rest_client [req-f4e61f53-c4be-4dc5-85e5-d644ffabdab0 req-f4e61f53-c4be-4dc5-85e5-d644ffabdab0 ] Request (AttachInterfacesUnderV243Test:setUpClass): 201 POST http://10.180.1.21:9696/networking/v2.0/networks 0.808s
2025-03-11 20:51:53.497 69210 INFO tempest.lib.common.rest_client [req-b6d50320-3b1d-4682-9a95-fdbc06bc3e79 req-b6d50320-3b1d-4682-9a95-fdbc06bc3e79 ] Request (FlavorsAdminTestJSON:_run_cleanups): 200 GET http://10.180.1.21/compute/v2.1/flavors/detail 1.973s
2025-03-11 20:51:53.509 69192 INFO tempest.lib.common.rest_client [req-04f82bd2-1dd6-47d7-98ee-ce5f84673e6f req-04f82bd2-1dd6-47d7-98ee-ce5f84673e6f ] Request (ImagesOneServerTestJSON:setUpClass): 201 POST http://10.180.1.21/identity/v3/projects 0.034s
2025-03-11 20:51:53.518 69200 INFO tempest.lib.common.rest_client [req-388bac98-4ea7-4738-84ef-64ca562bc2a2 req-388bac98-4ea7-4738-84ef-64ca562bc2a2 ] Request (ServerDiagnosticsTest:setUpClass): 201 POST http://10.180.1.21/identity/v3/auth/tokens 0.163s
2025-03-11 20:51:53.521 69208 INFO tempest.lib.common.rest_client [req-76a8740c-1fcc-451b-a19c-f7118dccde80 req-76a8740c-1fcc-451b-a19c-f7118dccde80 ] Request (FlavorsExtraSpecsTestJSON:test_flavor_set_get_update_show_unset_keys): 200 DELETE http://10.180.1.21/compute/v2.1/flavors/1855621991/os-extra_specs/hw:numa_nodes 1.985s
2025-03-11 20:51:53.588 69192 INFO tempest.lib.common.rest_client [req-83c2ccd0-f278-4fdc-bfa0-fb9510ec25db req-83c2ccd0-f278-4fdc-bfa0-fb9510ec25db ] Request (ImagesOneServerTestJSON:setUpClass): 201 POST http://10.180.1.21/identity/v3/users 0.078s
2025-03-11 20:51:53.594 69206 INFO tempest.lib.common.rest_client [req-021f8cb7-3f2a-4071-b26c-36803e9f0b81 req-021f8cb7-3f2a-4071-b26c-36803e9f0b81 ] Request (QuotaClassesAdminTestJSON:_run_cleanups): 200 PUT http://10.180.1.21/compute/v2.1/os-quota-class-sets/default 2.045s
2025-03-11 20:51:53.598 69200 INFO tempest.lib.common.rest_client [req-e2969798-bcf6-4818-85d6-f59dacd6942a req-e2969798-bcf6-4818-85d6-f59dacd6942a ] Request (ServerDiagnosticsTest:setUpClass): 201 POST http://10.180.1.21/identity/v3/projects 0.080s
2025-03-11 20:51:53.615 69186 INFO tempest.lib.common.rest_client [req-cad78f3a-ee2a-451e-9c1d-70ba967b7f71 req-cad78f3a-ee2a-451e-9c1d-70ba967b7f71 ] Request (FlavorsAccessNegativeTestJSON:_run_cleanups): 202 DELETE http://10.180.1.21/compute/v2.1/flavors/901940312 2.052s
2025-03-11 20:51:53.615 69192 INFO tempest.lib.common.rest_client [req-ea4046d7-e146-40ce-a2a2-288dca29eb70 req-ea4046d7-e146-40ce-a2a2-288dca29eb70 ] Request (ImagesOneServerTestJSON:setUpClass): 200 GET http://10.180.1.21/identity/v3/roles 0.026s
2025-03-11 20:51:53.664 69200 INFO tempest.lib.common.rest_client [req-82540c80-41ac-4693-8e1a-d717e45becdf req-82540c80-41ac-4693-8e1a-d717e45becdf ] Request (ServerDiagnosticsTest:setUpClass): 201 POST http://10.180.1.21/identity/v3/users 0.065s
2025-03-11 20:51:53.694 69192 INFO tempest.lib.common.rest_client [req-9923d6ad-e791-4fcb-9690-f4bf45e85357 req-9923d6ad-e791-4fcb-9690-f4bf45e85357 ] Request (ImagesOneServerTestJSON:setUpClass): 204 PUT http://10.180.1.21/identity/v3/projects/f2d14543eeee4361856ccdedab9541b6/users/e06d5d9168974ba4a07c7ef542383bc1/roles/ecac11f56c82402dab0c20175776802e 0.079s
2025-03-11 20:51:53.695 69192 INFO tempest.lib.common.dynamic_creds [-] Dynamic test user e06d5d9168974ba4a07c7ef542383bc1 is created with scope project and roles: ['member']
2025-03-11 20:51:53.695 69192 INFO tempest.lib.common.dynamic_creds [-] Acquired dynamic creds: credentials: Credentials: {'domain_id': 'default', 'domain_name': 'Default', 'username': 'tempest-ImagesOneServerTestJSON-712003434-project-member', 'project_domain_id': 'default', 'project_domain_name': 'Default', 'project_id': 'f2d14543eeee4361856ccdedab9541b6', 'project_name': 'tempest-ImagesOneServerTestJSON-712003434', 'tenant_id': 'f2d14543eeee4361856ccdedab9541b6', 'tenant_name': 'tempest-ImagesOneServerTestJSON-712003434', 'user_domain_id': 'default', 'user_domain_name': 'Default', 'user_id': 'e06d5d9168974ba4a07c7ef542383bc1', 'system': None}, Network: None, Subnet: None, Router: None
2025-03-11 20:51:53.756 69206 INFO tempest.lib.common.rest_client [req-57cd0011-36d0-4e26-be5b-f920f8b6d219 req-57cd0011-36d0-4e26-be5b-f920f8b6d219 ] Request (QuotaClassesAdminTestJSON:tearDownClass): 204 DELETE http://10.180.1.21/identity/v3/users/9a9c3255ca22414db7be54114e2db990 0.155s
2025-03-11 20:51:53.789 69200 INFO tempest.lib.common.rest_client [req-ba96b01b-4c6e-44fc-8fbf-3573b343a3bb req-ba96b01b-4c6e-44fc-8fbf-3573b343a3bb ] Request (ServerDiagnosticsTest:setUpClass): 200 GET http://10.180.1.21/identity/v3/roles 0.124s
2025-03-11 20:51:53.826 69192 INFO tempest.lib.common.rest_client [req-098f531c-b0f3-4ec3-9b92-67332cb8f343 req-098f531c-b0f3-4ec3-9b92-67332cb8f343 ] Request (ImagesOneServerTestJSON:setUpClass): 201 POST http://10.180.1.21/identity/v3/auth/tokens 0.131s
2025-03-11 20:51:53.862 69200 INFO tempest.lib.common.rest_client [req-a6a4e6b9-a6a8-44c9-a1a8-2b6bc6c9d3e9 req-a6a4e6b9-a6a8-44c9-a1a8-2b6bc6c9d3e9 ] Request (ServerDiagnosticsTest:setUpClass): 204 PUT http://10.180.1.21/identity/v3/projects/b24109c5cb024ba8a22bfbd9ba2f723d/users/adb0f0f27e0143ee9b1179672276f17a/roles/426b85f5122a49f5bb761150385c07a3 0.073s
2025-03-11 20:51:53.869 69244 INFO tempest.lib.common.rest_client [req-e0d18c49-ebb7-407a-8be5-f3afe3a122a9 req-e0d18c49-ebb7-407a-8be5-f3afe3a122a9 ] Request (AttachInterfacesUnderV243Test:setUpClass): 201 POST http://10.180.1.21:9696/networking/v2.0/subnets 0.391s
2025-03-11 20:51:53.926 69206 INFO tempest.lib.common.rest_client [req-c20ae81c-8f42-4153-afd2-2e8e4eae083a req-c20ae81c-8f42-4153-afd2-2e8e4eae083a ] Request (QuotaClassesAdminTestJSON:tearDownClass): 204 DELETE http://10.180.1.21/identity/v3/users/e308eb19b5754cad988b6e54164e08be 0.169s
2025-03-11 20:51:53.926 69206 INFO tempest.lib.common.dynamic_creds [-] Deleting project and security group for project: 36ff5a2f3aff4393b77fa6cc956163f1
2025-03-11 20:51:54.009 69200 INFO tempest.lib.common.rest_client [req-dcb93609-8d2c-48ec-a68c-985202eb5e90 req-dcb93609-8d2c-48ec-a68c-985202eb5e90 ] Request (ServerDiagnosticsTest:setUpClass): 200 GET http://10.180.1.21/identity/v3/roles 0.147s
2025-03-11 20:51:54.023 69194 INFO tempest.lib.common.rest_client [req-ef5c74f4-e07b-48d5-a851-ebf7356c828c req-ef5c74f4-e07b-48d5-a851-ebf7356c828c ] Request (ServersV294TestFqdnHostnames:setUpClass): 202 POST http://10.180.1.21/compute/v2.1/servers 2.567s
2025-03-11 20:51:54.036 69206 INFO tempest.lib.common.rest_client [req-27affbef-939d-4db7-95c4-bc31b5706540 req-27affbef-939d-4db7-95c4-bc31b5706540 ] Request (QuotaClassesAdminTestJSON:tearDownClass): 201 POST http://10.180.1.21/identity/v3/auth/tokens 0.110s
2025-03-11 20:51:54.056 69200 INFO tempest.lib.common.rest_client [req-18bd136c-78b1-4610-a5e7-45cb9efaf389 req-18bd136c-78b1-4610-a5e7-45cb9efaf389 ] Request (ServerDiagnosticsTest:setUpClass): 204 PUT http://10.180.1.21/identity/v3/projects/b24109c5cb024ba8a22bfbd9ba2f723d/users/adb0f0f27e0143ee9b1179672276f17a/roles/426b85f5122a49f5bb761150385c07a3 0.046s
2025-03-11 20:51:54.056 69200 INFO tempest.lib.common.dynamic_creds [-] Dynamic test user adb0f0f27e0143ee9b1179672276f17a is created with scope project and roles: ['admin']
2025-03-11 20:51:54.056 69200 INFO tempest.lib.common.dynamic_creds [-] Acquired dynamic creds: credentials: Credentials: {'domain_id': 'default', 'domain_name': 'Default', 'username': 'tempest-ServerDiagnosticsTest-1822096482-project-admin', 'project_domain_id': 'default', 'project_domain_name': 'Default', 'project_id': 'b24109c5cb024ba8a22bfbd9ba2f723d', 'project_name': 'tempest-ServerDiagnosticsTest-1822096482', 'tenant_id': 'b24109c5cb024ba8a22bfbd9ba2f723d', 'tenant_name': 'tempest-ServerDiagnosticsTest-1822096482', 'user_domain_id': 'default', 'user_domain_name': 'Default', 'user_id': 'adb0f0f27e0143ee9b1179672276f17a', 'system': None}, Network: None, Subnet: None, Router: None
2025-03-11 20:51:54.056 69200 INFO tempest.lib.common.dynamic_creds [-] Created isolated network resources for: credentials: Credentials: {'domain_id': 'default', 'domain_name': 'Default', 'username': 'tempest-ServerDiagnosticsTest-1822096482-project-admin', 'project_domain_id': 'default', 'project_domain_name': 'Default', 'project_id': 'b24109c5cb024ba8a22bfbd9ba2f723d', 'project_name': 'tempest-ServerDiagnosticsTest-1822096482', 'tenant_id': 'b24109c5cb024ba8a22bfbd9ba2f723d', 'tenant_name': 'tempest-ServerDiagnosticsTest-1822096482', 'user_domain_id': 'default', 'user_domain_name': 'Default', 'user_id': 'adb0f0f27e0143ee9b1179672276f17a', 'system': None}, Network: None, Subnet: None, Router: None
2025-03-11 20:51:54.094 69214 INFO tempest.lib.common.rest_client [req-d0c6914c-771e-4770-9ca8-6300dec79beb req-d0c6914c-771e-4770-9ca8-6300dec79beb ] Request (ValidationResourcesFixture:setUp): 200 POST http://10.180.1.21/compute/v2.1/os-keypairs 2.223s
2025-03-11 20:51:54.114 69230 INFO tempest.lib.common.rest_client [req-7a485490-1f5d-4859-8378-7c29c469777a req-7a485490-1f5d-4859-8378-7c29c469777a ] Request (ListImageFiltersTestJSON:setUpClass): 202 POST http://10.180.1.21/compute/v2.1/servers 2.407s
2025-03-11 20:51:54.131 69232 INFO tempest.lib.common.rest_client [req-11292034-7842-43e2-922e-43664d9f4fb7 req-11292034-7842-43e2-922e-43664d9f4fb7 ] Request (ImagesDeleteNegativeTestJSON:test_delete_image_non_hex_string_id): 404 DELETE http://10.180.1.21/compute/v2.1/images/f6767381-7090-4f7c-8566-3a994cafa96j 2.227s
2025-03-11 20:51:54.144 69235 INFO tempest.lib.common.rest_client [req-56590ce2-eca7-4723-8508-e4cbca69c7e0 req-56590ce2-eca7-4723-8508-e4cbca69c7e0 ] Request (FlavorsExtraSpecsNegativeTestJSON:test_flavor_update_more_key): 400 PUT http://10.180.1.21/compute/v2.1/flavors/762627099/os-extra_specs/hw:numa_nodes 2.140s
2025-03-11 20:51:54.183 69200 INFO tempest.lib.common.rest_client [req-c50ed84b-f1ef-4a7d-b032-d72910d5227b req-c50ed84b-f1ef-4a7d-b032-d72910d5227b ] Request (ServerDiagnosticsTest:setUpClass): 201 POST http://10.180.1.21/identity/v3/auth/tokens 0.124s
2025-03-11 20:51:54.239 69241 INFO tempest.lib.common.rest_client [req-aa4b8d4c-1447-4666-99c4-4a4a76e8f0ba req-aa4b8d4c-1447-4666-99c4-4a4a76e8f0ba ] Request (InstanceActionsTestJSON:setUpClass): 200 GET http://10.180.1.21/compute/v2.1/servers/b6fb3dc6-1e28-42f8-a0f2-4a0bc5cbe713 1.986s
2025-03-11 20:51:54.247 69230 INFO tempest.lib.common.rest_client [req-dad1183b-105d-4077-a04d-91919495af4b req-dad1183b-105d-4077-a04d-91919495af4b ] Request (ListImageFiltersTestJSON:setUpClass): 201 POST http://10.180.1.21/identity/v3/auth/tokens 0.124s
2025-03-11 20:51:54.248 69230 INFO tempest.lib.common.fixed_network [-] (ListImageFiltersTestJSON:setUpClass) Found network None available for tenant
2025-03-11 20:51:54.248 69222 INFO tempest.lib.common.rest_client [req-4e6b83fe-341e-4683-ac2a-ad9f0b21e7a5 req-4e6b83fe-341e-4683-ac2a-ad9f0b21e7a5 ] Request (ServersAdmin275Test:test_rebuild_update_server_275): 200 GET http://10.180.1.21/compute/v2.1/servers/e468efa9-3964-4eee-a813-a692b8ecf98d 2.304s
2025-03-11 20:51:54.272 69239 INFO tempest.lib.common.rest_client [req-1129c58f-a6d7-4b5a-8758-5d3293a4b827 req-1129c58f-a6d7-4b5a-8758-5d3293a4b827 ] Request (AggregatesAdminNegativeTestJSON:test_aggregate_add_non_exist_host): 200 POST http://10.180.1.21/compute/v2.1/os-aggregates 1.912s
2025-03-11 20:51:54.308 69228 INFO tempest.lib.common.rest_client [req-5d3231b6-be0e-4edd-85e9-d34c5b77878f req-5d3231b6-be0e-4edd-85e9-d34c5b77878f ] Request (HostsAdminTestJSON:test_show_host_detail): 200 GET http://10.180.1.21/compute/v2.1/os-hosts/cpu-1 1.927s
2025-03-11 20:51:54.323 69200 INFO tempest.lib.common.rest_client [req-8d9167e4-5011-421b-b91a-de4c6d15a783 req-8d9167e4-5011-421b-b91a-de4c6d15a783 ] Request (ServerDiagnosticsTest:test_get_server_diagnostics): 201 POST http://10.180.1.21/identity/v3/auth/tokens 0.133s
2025-03-11 20:51:54.324 69200 INFO tempest.lib.common.fixed_network [-] (ServerDiagnosticsTest:test_get_server_diagnostics) Found network None available for tenant
2025-03-11 20:51:54.396 69228 INFO tempest.lib.common.rest_client [req-2ac8f430-2d14-4795-8694-bbb69daf1554 req-2ac8f430-2d14-4795-8694-bbb69daf1554 ] Request (HostsAdminTestJSON:tearDownClass): 204 DELETE http://10.180.1.21/identity/v3/users/97775a77b1494844bbc1bb57b59b2a69 0.082s
2025-03-11 20:51:54.498 69228 INFO tempest.lib.common.rest_client [req-927f1493-90ac-4f67-8941-4f71c79f036b req-927f1493-90ac-4f67-8941-4f71c79f036b ] Request (HostsAdminTestJSON:tearDownClass): 204 DELETE http://10.180.1.21/identity/v3/users/31559a9e37744a8193088a242c376792 0.101s
2025-03-11 20:51:54.499 69228 INFO tempest.lib.common.dynamic_creds [-] Deleting project and security group for project: 00e51cdf988e4a93998f21b9613dfc79
2025-03-11 20:51:54.586 69228 INFO tempest.lib.common.rest_client [req-efa69104-9972-458b-9daf-6db8d00e94d3 req-efa69104-9972-458b-9daf-6db8d00e94d3 ] Request (HostsAdminTestJSON:tearDownClass): 201 POST http://10.180.1.21/identity/v3/auth/tokens 0.088s
2025-03-11 20:51:54.612 69202 INFO tempest.lib.common.rest_client [req-f7d54d1c-742a-4d89-8180-689d898bcb17 req-f7d54d1c-742a-4d89-8180-689d898bcb17 ] Request (TenantUsagesTestJSON:setUpClass): 200 GET http://10.180.1.21/compute/v2.1/servers/9b4fa898-0366-4234-96ba-1140aaa7adbd 1.766s
2025-03-11 20:51:54.623 69214 INFO tempest.lib.common.rest_client [req-afb5fde0-a17a-4caf-be15-5056281ff4f6 req-afb5fde0-a17a-4caf-be15-5056281ff4f6 ] Request (ValidationResourcesFixture:setUp): 201 POST http://10.180.1.21:9696/networking/v2.0/security-groups 0.527s
2025-03-11 20:51:54.677 69206 INFO tempest.lib.common.rest_client [req-5d727c98-a393-4518-8783-c4bf2120a6ab req-5d727c98-a393-4518-8783-c4bf2120a6ab ] Request (QuotaClassesAdminTestJSON:tearDownClass): 200 GET http://10.180.1.21:9696/networking/v2.0/security-groups?tenant_id=36ff5a2f3aff4393b77fa6cc956163f1&name=default 0.640s
2025-03-11 20:51:54.691 69192 INFO tempest.lib.common.rest_client [req-6c40742e-dcac-4cdc-92fe-f313dd738933 req-6c40742e-dcac-4cdc-92fe-f313dd738933 ] Request (ImagesOneServerTestJSON:setUpClass): 201 POST http://10.180.1.21:9696/networking/v2.0/networks 0.865s
2025-03-11 20:51:54.710 69249 INFO tempest.lib.common.rest_client [req-efa55f06-1350-4350-b5ff-ec44a006d4ac req-efa55f06-1350-4350-b5ff-ec44a006d4ac ] Request (ServerDiagnosticsV248Test:test_get_server_diagnostics): 200 GET http://10.180.1.21/compute/v2.1/servers/6c139b6d-6f37-4b2c-b78c-07017deb9669 1.700s
2025-03-11 20:51:54.875 69204 INFO tempest.lib.common.rest_client [req-a3a06055-a8b8-41c1-a1d6-3a2a88dda8b2 req-a3a06055-a8b8-41c1-a1d6-3a2a88dda8b2 ] Request (SecurityGroupsTestAdminJSON:_run_cleanups): 202 DELETE http://10.180.1.21/compute/v2.1/os-security-groups/af708f77-8dd7-4f78-a012-96bfabb22e10 2.145s
2025-03-11 20:51:54.910 69224 INFO tempest.lib.common.rest_client [req-975dc95e-12ba-43cb-908f-f307da6c9ed2 req-975dc95e-12ba-43cb-908f-f307da6c9ed2 ] Request (VolumesAssistedSnapshotsTest:test_volume_assisted_snapshot_create_delete): 200 GET http://10.180.1.21/compute/v2.1/servers/362afff9-710b-4741-bad6-9a9d0d1cafcf 1.760s
2025-03-11 20:51:54.940 69214 INFO tempest.lib.common.rest_client [req-f9f9f7c4-dcc0-4115-b2fd-9ff2462a7ef0 req-f9f9f7c4-dcc0-4115-b2fd-9ff2462a7ef0 ] Request (ValidationResourcesFixture:setUp): 201 POST http://10.180.1.21:9696/networking/v2.0/security-group-rules 0.316s
2025-03-11 20:51:54.997 69216 INFO tempest.lib.common.rest_client [req-6ca49252-1d84-444f-86a5-3092a2c68795 req-6ca49252-1d84-444f-86a5-3092a2c68795 ] Request (ServerDiagnosticsNegativeTest:test_get_server_diagnostics_by_non_admin): 200 GET http://10.180.1.21/compute/v2.1/servers/915c0fef-33aa-48ca-9023-8d0289b96511 1.655s
2025-03-11 20:51:55.062 69190 INFO tempest.lib.common.rest_client [req-15b15e0d-9156-42bc-88e8-c4bb64279cec req-15b15e0d-9156-42bc-88e8-c4bb64279cec ] Request (ImagesMetadataTestJSON:setUp): 200 PUT http://10.180.1.21/compute/v2.1/images/a7e0c164-0005-4e94-899c-46e7582cdf02/metadata 1.860s
2025-03-11 20:51:55.140 69206 INFO tempest.lib.common.rest_client [req-0486e4a1-49a1-4276-b4f6-300e705e43c0 req-0486e4a1-49a1-4276-b4f6-300e705e43c0 ] Request (QuotaClassesAdminTestJSON:tearDownClass): 204 DELETE http://10.180.1.21:9696/networking/v2.0/security-groups/21c1dd13-92a9-4357-8ee8-69a7fa585943 0.463s
2025-03-11 20:51:55.152 69228 INFO tempest.lib.common.rest_client [req-e10fdbb9-b08b-4f44-badd-4f7ed19cfcf5 req-e10fdbb9-b08b-4f44-badd-4f7ed19cfcf5 ] Request (HostsAdminTestJSON:tearDownClass): 200 GET http://10.180.1.21:9696/networking/v2.0/security-groups?tenant_id=00e51cdf988e4a93998f21b9613dfc79&name=default 0.565s
2025-03-11 20:51:55.158 69220 INFO tempest.lib.common.rest_client [req-c364e78b-858c-475e-8abd-fcb052e158b3 req-c364e78b-858c-475e-8abd-fcb052e158b3 ] Request (VolumesAdminNegativeTest:test_update_attached_volume_with_nonexistent_volume_in_body): 200 GET http://10.180.1.21/compute/v2.1/servers/aaa8e47e-7484-4b43-bcfd-c28ee2c6205d 1.702s
2025-03-11 20:51:55.179 69188 INFO tempest.lib.common.rest_client [req-cad5f005-2a2d-489b-8dbe-061e7a2096f8 req-cad5f005-2a2d-489b-8dbe-061e7a2096f8 ] Request (FlavorsAccessTestJSON:test_flavor_access_list_with_private_flavor): 200 POST http://10.180.1.21/compute/v2.1/flavors 1.705s
2025-03-11 20:51:55.188 69247 INFO tempest.lib.common.rest_client [req-78ee6bed-acb1-4e72-9af0-39e1a87feef0 req-78ee6bed-acb1-4e72-9af0-39e1a87feef0 ] Request (QuotasAdminNegativeTest:test_create_server_when_memory_quota_is_full): 200 PUT http://10.180.1.21/compute/v2.1/os-quota-sets/4e4da6b99da441a5a8826754e5aec367 1.750s
2025-03-11 20:51:55.198 69210 INFO tempest.lib.common.rest_client [req-0df9fa42-95fa-467c-9f45-2c3a8b0b4a75 req-0df9fa42-95fa-467c-9f45-2c3a8b0b4a75 ] Request (FlavorsAdminTestJSON:test_create_flavor_with_none_id): 200 POST http://10.180.1.21/compute/v2.1/flavors 1.690s
2025-03-11 20:51:55.208 69208 INFO tempest.lib.common.rest_client [req-3298a8b5-dedf-49fb-bc88-a36d187d3ab4 req-3298a8b5-dedf-49fb-bc88-a36d187d3ab4 ] Request (FlavorsExtraSpecsTestJSON:test_flavor_set_get_update_show_unset_keys): 200 DELETE http://10.180.1.21/compute/v2.1/flavors/1855621991/os-extra_specs/hw:cpu_policy 1.687s
2025-03-11 20:51:55.212 69214 INFO tempest.lib.common.rest_client [req-d6a684e2-c2b8-4b01-a9fa-eabc893ef71b req-d6a684e2-c2b8-4b01-a9fa-eabc893ef71b ] Request (ValidationResourcesFixture:setUp): 201 POST http://10.180.1.21:9696/networking/v2.0/security-group-rules 0.272s
2025-03-11 20:51:55.222 69206 INFO tempest.lib.common.rest_client [req-acfb27ce-3d68-44f3-a095-07a593c890f6 req-acfb27ce-3d68-44f3-a095-07a593c890f6 ] Request (QuotaClassesAdminTestJSON:tearDownClass): 204 DELETE http://10.180.1.21/identity/v3/projects/36ff5a2f3aff4393b77fa6cc956163f1 0.081s
2025-03-11 20:51:55.222 69206 INFO tempest.lib.common.dynamic_creds [-] Deleting project and security group for project: 2f3e5c4df5884d44a0a88e4407273606
2025-03-11 20:51:55.226 69186 INFO tempest.lib.common.rest_client [req-9359b3b8-a293-4c5e-a6c1-af90b7c40ca7 req-9359b3b8-a293-4c5e-a6c1-af90b7c40ca7 ] Request (FlavorsAccessNegativeTestJSON:_run_cleanups): 200 GET http://10.180.1.21/compute/v2.1/flavors/detail 1.611s
2025-03-11 20:51:55.247 69247 INFO tempest.lib.common.rest_client [req-ae5cd678-41e3-4be6-9bdb-2c5532d8d0a4 req-ae5cd678-41e3-4be6-9bdb-2c5532d8d0a4 ] Request (QuotasAdminNegativeTest:test_create_server_when_memory_quota_is_full): 201 POST http://10.180.1.21/identity/v3/auth/tokens 0.055s
2025-03-11 20:51:55.248 69247 INFO tempest.lib.common.fixed_network [-] (QuotasAdminNegativeTest:test_create_server_when_memory_quota_is_full) Found network None available for tenant
2025-03-11 20:51:55.283 69196 INFO tempest.lib.common.rest_client [req-fae696f0-16e0-4e3b-b177-9f1269b44f4a req-fae696f0-16e0-4e3b-b177-9f1269b44f4a ] Request (ImagesNegativeTestJSON:setUpClass): 200 PUT http://10.180.1.21:9696/networking/v2.0/routers/23a88619-9ec2-40bc-a9c4-d27a2ebdc2f6/add_router_interface 2.849s
2025-03-11 20:51:55.283 69196 INFO tempest.lib.common.dynamic_creds [-] Created isolated network resources for: credentials: Credentials: {'domain_id': 'default', 'domain_name': 'Default', 'username': 'tempest-ImagesNegativeTestJSON-1447656832-project-member', 'project_domain_id': 'default', 'project_domain_name': 'Default', 'project_id': '3758ed768acc4b49bdb65fd887162513', 'project_name': 'tempest-ImagesNegativeTestJSON-1447656832', 'tenant_id': '3758ed768acc4b49bdb65fd887162513', 'tenant_name': 'tempest-ImagesNegativeTestJSON-1447656832', 'user_domain_id': 'default', 'user_domain_name': 'Default', 'user_id': 'a0f416347a7442ff9e8384d1c72ac8c4', 'system': None}, Network: {'id': '5624ab58-f4da-431b-9943-683da722a16a', 'name': 'tempest-ImagesNegativeTestJSON-2100659944-network', 'tenant_id': '3758ed768acc4b49bdb65fd887162513', 'admin_state_up': True, 'mtu': 8950, 'status': 'ACTIVE', 'subnets': [], 'shared': False, 'project_id': '3758ed768acc4b49bdb65fd887162513', 'port_security_enabled': True, 'router:external': False, 'provider:network_type': 'vlan', 'provider:physical_network': 'default', 'provider:segmentation_id': 183, 'availability_zone_hints': [], 'availability_zones': [], 'ipv4_address_scope': None, 'ipv6_address_scope': None, 'description': '', 'tags': [], 'created_at': '2025-03-11T20:51:49Z', 'updated_at': '2025-03-11T20:51:49Z', 'revision_number': 1}, Subnet: {'id': 'f49daed1-5be3-4c5d-9e7e-63f72d8b449f', 'name': 'tempest-ImagesNegativeTestJSON-2100659944-subnet', 'tenant_id': '3758ed768acc4b49bdb65fd887162513', 'network_id': '5624ab58-f4da-431b-9943-683da722a16a', 'ip_version': 4, 'subnetpool_id': None, 'enable_dhcp': True, 'ipv6_ra_mode': None, 'ipv6_address_mode': None, 'gateway_ip': '192.168.128.1', 'cidr': '192.168.128.0/28', 'allocation_pools': [{'start': '192.168.128.2', 'end': '192.168.128.14'}], 'host_routes': [], 'dns_nameservers': [], 'description': '', 'router:external': False, 'service_types': [], 'tags': [], 'created_at': '2025-03-11T20:51:49Z', 'updated_at': '2025-03-11T20:51:49Z', 'revision_number': 0, 'project_id': '3758ed768acc4b49bdb65fd887162513'}, Router: {'id': '23a88619-9ec2-40bc-a9c4-d27a2ebdc2f6', 'name': 'tempest-ImagesNegativeTestJSON-2100659944-router', 'tenant_id': '3758ed768acc4b49bdb65fd887162513', 'admin_state_up': True, 'status': 'ACTIVE', 'external_gateway_info': {'network_id': 'cc194e04-0a46-4494-b374-7a85c8bd7b72', 'external_fixed_ips': [{'subnet_id': '1042a5b3-51cb-483b-accb-f03c5e4ca1f6', 'ip_address': '10.180.180.250'}], 'enable_snat': True}, 'description': '', 'availability_zones': [], 'distributed': False, 'ha': False, 'availability_zone_hints': [], 'routes': [], 'flavor_id': None, 'tags': [], 'created_at': '2025-03-11T20:51:50Z', 'updated_at': '2025-03-11T20:51:51Z', 'revision_number': 2, 'project_id': '3758ed768acc4b49bdb65fd887162513'}
2025-03-11 20:51:55.299 69192 INFO tempest.lib.common.rest_client [req-ceb14aa4-4357-4174-8298-18b23c225981 req-ceb14aa4-4357-4174-8298-18b23c225981 ] Request (ImagesOneServerTestJSON:setUpClass): 201 POST http://10.180.1.21:9696/networking/v2.0/subnets 0.607s
2025-03-11 20:51:55.348 69228 INFO tempest.lib.common.rest_client [req-7729a21e-b9c0-437d-994b-dcadfb39d992 req-7729a21e-b9c0-437d-994b-dcadfb39d992 ] Request (HostsAdminTestJSON:tearDownClass): 204 DELETE http://10.180.1.21:9696/networking/v2.0/security-groups/b1e81c2f-2e1c-45b6-8724-b542a1808d40 0.195s
2025-03-11 20:51:55.371 69218 INFO tempest.lib.common.rest_client [req-fff1592a-4ef1-4c45-ac9a-7dc2a310c7db req-fff1592a-4ef1-4c45-ac9a-7dc2a310c7db ] Request (QuotasTestJSON:test_compare_tenant_quotas_with_default_quotas): 200 GET http://10.180.1.21/compute/v2.1/os-quota-sets/668f593be05d41dd846a89971ef7444d/defaults 1.711s
2025-03-11 20:51:55.378 69196 INFO tempest.lib.common.rest_client [req-7b5dfa99-06d1-4421-a480-df5b1f23fbc6 req-7b5dfa99-06d1-4421-a480-df5b1f23fbc6 ] Request (ImagesNegativeTestJSON:setUpClass): 201 POST http://10.180.1.21/identity/v3/auth/tokens 0.089s
2025-03-11 20:51:55.381 69245 INFO tempest.lib.common.rest_client [req-0fbdc447-19ac-4d81-962b-11a4d1b28dce req-0fbdc447-19ac-4d81-962b-11a4d1b28dce ] Request (AttachInterfacesV270Test:setUpClass): 201 POST http://10.180.1.21:9696/networking/v2.0/routers 2.205s
2025-03-11 20:51:55.421 69196 INFO tempest.lib.common.rest_client [req-4c21c90b-b35d-4a46-9217-fdaf1c0d0838 req-4c21c90b-b35d-4a46-9217-fdaf1c0d0838 ] Request (ImagesNegativeTestJSON:test_create_image_from_deleted_server): 201 POST http://10.180.1.21/identity/v3/auth/tokens 0.036s
2025-03-11 20:51:55.421 69196 INFO tempest.lib.common.fixed_network [-] (ImagesNegativeTestJSON:test_create_image_from_deleted_server) Found network {'id': '5624ab58-f4da-431b-9943-683da722a16a', 'name': 'tempest-ImagesNegativeTestJSON-2100659944-network', 'tenant_id': '3758ed768acc4b49bdb65fd887162513', 'admin_state_up': True, 'mtu': 8950, 'status': 'ACTIVE', 'subnets': [], 'shared': False, 'project_id': '3758ed768acc4b49bdb65fd887162513', 'port_security_enabled': True, 'router:external': False, 'provider:network_type': 'vlan', 'provider:physical_network': 'default', 'provider:segmentation_id': 183, 'availability_zone_hints': [], 'availability_zones': [], 'ipv4_address_scope': None, 'ipv6_address_scope': None, 'description': '', 'tags': [], 'created_at': '2025-03-11T20:51:49Z', 'updated_at': '2025-03-11T20:51:49Z', 'revision_number': 1} available for tenant
2025-03-11 20:51:55.479 69228 INFO tempest.lib.common.rest_client [req-d955a9b6-d9b6-46a5-8315-e69774522042 req-d955a9b6-d9b6-46a5-8315-e69774522042 ] Request (HostsAdminTestJSON:tearDownClass): 204 DELETE http://10.180.1.21/identity/v3/projects/00e51cdf988e4a93998f21b9613dfc79 0.131s
2025-03-11 20:51:55.480 69228 INFO tempest.lib.common.dynamic_creds [-] Deleting project and security group for project: 0d1d9216efc745db99918ac039737035
2025-03-11 20:51:55.483 69194 INFO tempest.lib.common.rest_client [req-c7663412-b748-454f-a09c-390e0bd6afe9 req-c7663412-b748-454f-a09c-390e0bd6afe9 ] Request (ServersV294TestFqdnHostnames:setUpClass): 200 GET http://10.180.1.21/compute/v2.1/servers/fec55202-9159-4470-9f76-6ce5144d52d0 1.458s
2025-03-11 20:51:55.509 69232 INFO tempest.lib.common.rest_client [req-cadda204-cee5-4b27-9268-4ee5d61a7f5c req-cadda204-cee5-4b27-9268-4ee5d61a7f5c ] Request (ImagesDeleteNegativeTestJSON:test_delete_image_with_id_over_character_limit): 404 DELETE http://10.180.1.21/compute/v2.1/images/4920d9d3-a8f5-4dca-bd24-d74ea3cd9b331 1.377s
2025-03-11 20:51:55.535 69212 INFO tempest.lib.common.rest_client [req-22d30330-fb35-4e21-bc71-9dfc6573664b req-22d30330-fb35-4e21-bc71-9dfc6573664b ] Request (ListServerFiltersTestJSON:setUpClass): 200 GET http://10.180.1.21/compute/v2.1/servers/5c480ae9-bbf7-4d14-be10-bd5165525885 1.568s
2025-03-11 20:51:55.541 69235 INFO tempest.lib.common.rest_client [req-99836ad6-cca7-495a-9e42-e128a9a79db1 req-99836ad6-cca7-495a-9e42-e128a9a79db1 ] Request (FlavorsExtraSpecsNegativeTestJSON:tearDownClass): 202 DELETE http://10.180.1.21/compute/v2.1/flavors/762627099 1.396s
2025-03-11 20:51:55.544 69212 INFO tempest.common.waiters [-] State transition "BUILD/None" ==> "BUILD/spawning" after 10 second wait
2025-03-11 20:51:55.548 69206 INFO tempest.lib.common.rest_client [req-4b1a260d-a43c-48e8-bb89-232c703f70de req-4b1a260d-a43c-48e8-bb89-232c703f70de ] Request (QuotaClassesAdminTestJSON:tearDownClass): 200 GET http://10.180.1.21:9696/networking/v2.0/security-groups?tenant_id=2f3e5c4df5884d44a0a88e4407273606&name=default 0.326s
2025-03-11 20:51:55.848 69228 INFO tempest.lib.common.rest_client [req-2bddae80-3b67-42e1-9d9c-290d33deb320 req-2bddae80-3b67-42e1-9d9c-290d33deb320 ] Request (HostsAdminTestJSON:tearDownClass): 200 GET http://10.180.1.21:9696/networking/v2.0/security-groups?tenant_id=0d1d9216efc745db99918ac039737035&name=default 0.368s
2025-03-11 20:51:55.877 69206 INFO tempest.lib.common.rest_client [req-526424d2-43d2-4872-bf6c-f173df0bc3a3 req-526424d2-43d2-4872-bf6c-f173df0bc3a3 ] Request (QuotaClassesAdminTestJSON:tearDownClass): 204 DELETE http://10.180.1.21:9696/networking/v2.0/security-groups/2c365662-b0a8-4ea8-a0d4-522f3032eb02 0.328s
2025-03-11 20:51:55.881 69198 INFO tempest.lib.common.rest_client [req-2aa59987-25c0-47d1-98fa-eda5d59fafef req-2aa59987-25c0-47d1-98fa-eda5d59fafef ] Request (DeleteServersAdminTestJSON:test_admin_delete_servers_of_others): 200 GET http://10.180.1.21/compute/v2.1/servers/65c7f781-89a7-49f2-a745-5093adc47df9 1.717s
2025-03-11 20:51:55.984 69237 INFO tempest.lib.common.rest_client [req-032c3ba5-3d8b-4fff-9fc0-427cbd29a604 req-032c3ba5-3d8b-4fff-9fc0-427cbd29a604 ] Request (MigrationsAdminTest:test_list_migrations_in_flavor_resize_situation): 200 GET http://10.180.1.21/compute/v2.1/servers/2caef58a-fa7a-42bb-8b96-4ddbbaf46ee7 1.708s
2025-03-11 20:51:55.991 69230 INFO tempest.lib.common.rest_client [req-fb7a6842-b743-45bc-b24d-41ae87a0d05c req-fb7a6842-b743-45bc-b24d-41ae87a0d05c ] Request (ListImageFiltersTestJSON:setUpClass): 202 POST http://10.180.1.21/compute/v2.1/servers 1.742s
2025-03-11 20:51:55.999 69237 INFO tempest.common.waiters [-] State transition "BUILD/None" ==> "BUILD/networking" after 10 second wait
2025-03-11 20:51:56.023 69239 INFO tempest.lib.common.rest_client [req-6c09a5ac-1bc9-41a7-84fc-42bdcfc923e9 req-6c09a5ac-1bc9-41a7-84fc-42bdcfc923e9 ] Request (AggregatesAdminNegativeTestJSON:test_aggregate_add_non_exist_host): 404 POST http://10.180.1.21/compute/v2.1/os-aggregates/3/action 1.746s
2025-03-11 20:51:56.049 69206 INFO tempest.lib.common.rest_client [req-4b1ad95b-7157-49d4-8d3b-4d9bb615b486 req-4b1ad95b-7157-49d4-8d3b-4d9bb615b486 ] Request (QuotaClassesAdminTestJSON:tearDownClass): 204 DELETE http://10.180.1.21/identity/v3/projects/2f3e5c4df5884d44a0a88e4407273606 0.172s
2025-03-11 20:51:56.130 69206 INFO tempest.lib.common.rest_client [req-08626c6e-34e6-421c-80e6-b380b9c1a990 req-08626c6e-34e6-421c-80e6-b380b9c1a990 ] Request (ImagesTestJSON:setUpClass): 201 POST http://10.180.1.21/identity/v3/auth/tokens 0.078s
2025-03-11 20:51:56.167 69206 INFO tempest.lib.common.rest_client [req-23850c27-e54c-46b3-8459-e50a72c880e4 req-23850c27-e54c-46b3-8459-e50a72c880e4 ] Request (ImagesTestJSON:setUpClass): 201 POST http://10.180.1.21/identity/v3/auth/tokens 0.033s
2025-03-11 20:51:56.197 69228 INFO tempest.lib.common.rest_client [req-d1300997-d61a-4770-b23e-4b0aa6b9a9f4 req-d1300997-d61a-4770-b23e-4b0aa6b9a9f4 ] Request (HostsAdminTestJSON:tearDownClass): 204 DELETE http://10.180.1.21:9696/networking/v2.0/security-groups/06ffbf24-a557-4099-9062-a8794d5ec8d8 0.348s
2025-03-11 20:51:56.198 69206 INFO tempest.lib.common.rest_client [req-2026130e-3a12-437d-8664-6fb88d68e155 req-2026130e-3a12-437d-8664-6fb88d68e155 ] Request (ImagesTestJSON:setUpClass): 200 GET http://10.180.1.21/identity/v3/domains?name=Default 0.030s
2025-03-11 20:51:56.244 69206 INFO tempest.lib.common.rest_client [req-ceb11496-d5ca-4f65-b310-2fd7fb80710b req-ceb11496-d5ca-4f65-b310-2fd7fb80710b ] Request (ImagesTestJSON:setUpClass): 201 POST http://10.180.1.21/identity/v3/projects 0.045s
2025-03-11 20:51:56.277 69244 INFO tempest.lib.common.rest_client [req-d2ca154d-bfc9-4ed5-b766-eaa24f9e22b2 req-d2ca154d-bfc9-4ed5-b766-eaa24f9e22b2 ] Request (AttachInterfacesUnderV243Test:setUpClass): 201 POST http://10.180.1.21:9696/networking/v2.0/routers 2.406s
2025-03-11 20:51:56.290 69228 INFO tempest.lib.common.rest_client [req-fd4b4a1a-f3a4-47ac-997a-3a2531cd323d req-fd4b4a1a-f3a4-47ac-997a-3a2531cd323d ] Request (HostsAdminTestJSON:tearDownClass): 204 DELETE http://10.180.1.21/identity/v3/projects/0d1d9216efc745db99918ac039737035 0.093s
2025-03-11 20:51:56.389 69228 INFO tempest.lib.common.rest_client [req-9cdc18ed-2ffb-4114-af0d-7123ee607d70 req-9cdc18ed-2ffb-4114-af0d-7123ee607d70 ] Request (ServerGroupTestJSON:setUpClass): 201 POST http://10.180.1.21/identity/v3/auth/tokens 0.097s
2025-03-11 20:51:56.401 69206 INFO tempest.lib.common.rest_client [req-4c3648bf-e3b8-497a-aafd-88a4a7ca2582 req-4c3648bf-e3b8-497a-aafd-88a4a7ca2582 ] Request (ImagesTestJSON:setUpClass): 201 POST http://10.180.1.21/identity/v3/users 0.154s
2025-03-11 20:51:56.416 69204 INFO tempest.lib.common.rest_client [req-1b6f6c20-cc2f-4f50-9ef2-ec31b5fd4bea req-1b6f6c20-cc2f-4f50-9ef2-ec31b5fd4bea ] Request (SecurityGroupsTestAdminJSON:_run_cleanups): 202 DELETE http://10.180.1.21/compute/v2.1/os-security-groups/0cf52c7e-225d-42a4-9c9b-939847982c87 1.541s
2025-03-11 20:51:56.437 69228 INFO tempest.lib.common.rest_client [req-4ff3634b-e7d8-4bf5-bb2f-23702f7d76f7 req-4ff3634b-e7d8-4bf5-bb2f-23702f7d76f7 ] Request (ServerGroupTestJSON:setUpClass): 201 POST http://10.180.1.21/identity/v3/auth/tokens 0.044s
2025-03-11 20:51:56.443 69206 INFO tempest.lib.common.rest_client [req-10fafe39-eb15-4cbb-986b-a26a9a846ca6 req-10fafe39-eb15-4cbb-986b-a26a9a846ca6 ] Request (ImagesTestJSON:setUpClass): 200 GET http://10.180.1.21/identity/v3/roles 0.042s
2025-03-11 20:51:56.469 69228 INFO tempest.lib.common.rest_client [req-4609bf91-d7c0-4f05-bcd0-aefcfaa5c173 req-4609bf91-d7c0-4f05-bcd0-aefcfaa5c173 ] Request (ServerGroupTestJSON:setUpClass): 200 GET http://10.180.1.21/identity/v3/domains?name=Default 0.031s
2025-03-11 20:51:56.507 69206 INFO tempest.lib.common.rest_client [req-670cd708-14f1-493e-87e5-059e0e767234 req-670cd708-14f1-493e-87e5-059e0e767234 ] Request (ImagesTestJSON:setUpClass): 204 PUT http://10.180.1.21/identity/v3/projects/24888b0c153f44e1b0e3ad011d874316/users/a7aa9ecdaa144be6bcf07c658540b5ae/roles/ecac11f56c82402dab0c20175776802e 0.063s
2025-03-11 20:51:56.507 69206 INFO tempest.lib.common.dynamic_creds [-] Dynamic test user a7aa9ecdaa144be6bcf07c658540b5ae is created with scope project and roles: ['member']
2025-03-11 20:51:56.508 69206 INFO tempest.lib.common.dynamic_creds [-] Acquired dynamic creds: credentials: Credentials: {'domain_id': 'default', 'domain_name': 'Default', 'username': 'tempest-ImagesTestJSON-1370113426-project-member', 'project_domain_id': 'default', 'project_domain_name': 'Default', 'project_id': '24888b0c153f44e1b0e3ad011d874316', 'project_name': 'tempest-ImagesTestJSON-1370113426', 'tenant_id': '24888b0c153f44e1b0e3ad011d874316', 'tenant_name': 'tempest-ImagesTestJSON-1370113426', 'user_domain_id': 'default', 'user_domain_name': 'Default', 'user_id': 'a7aa9ecdaa144be6bcf07c658540b5ae', 'system': None}, Network: None, Subnet: None, Router: None
2025-03-11 20:51:56.517 69228 INFO tempest.lib.common.rest_client [req-f288433f-ea21-4af9-a484-97f17bd88c98 req-f288433f-ea21-4af9-a484-97f17bd88c98 ] Request (ServerGroupTestJSON:setUpClass): 201 POST http://10.180.1.21/identity/v3/projects 0.048s
2025-03-11 20:51:56.586 69228 INFO tempest.lib.common.rest_client [req-22973d6d-01cd-44b3-8361-811ccb3a34ed req-22973d6d-01cd-44b3-8361-811ccb3a34ed ] Request (ServerGroupTestJSON:setUpClass): 201 POST http://10.180.1.21/identity/v3/users 0.069s
2025-03-11 20:51:56.608 69206 INFO tempest.lib.common.rest_client [req-f6f25789-c84c-4d2e-a1bc-04f314b2cf64 req-f6f25789-c84c-4d2e-a1bc-04f314b2cf64 ] Request (ImagesTestJSON:setUpClass): 201 POST http://10.180.1.21/identity/v3/auth/tokens 0.100s
2025-03-11 20:51:56.625 69228 INFO tempest.lib.common.rest_client [req-3a633e59-e091-47b3-8081-bdd1d85bb490 req-3a633e59-e091-47b3-8081-bdd1d85bb490 ] Request (ServerGroupTestJSON:setUpClass): 200 GET http://10.180.1.21/identity/v3/roles 0.038s
2025-03-11 20:51:56.671 69228 INFO tempest.lib.common.rest_client [req-77c60969-d435-4f32-b584-7364fca5b265 req-77c60969-d435-4f32-b584-7364fca5b265 ] Request (ServerGroupTestJSON:setUpClass): 204 PUT http://10.180.1.21/identity/v3/projects/1f9e0cea7d24473cb18ccc92f44b3589/users/f407e09844f84d71a8f02246ddc95b09/roles/ecac11f56c82402dab0c20175776802e 0.045s
