2025-03-11 20:52:04.833 69244 INFO tempest.lib.common.fixed_network [-] (AttachInterfacesUnderV243Test:test_add_remove_fixed_ip) Found network {'id': '50db69ad-c426-4e4b-866a-c9a045df3904', 'name': 'tempest-AttachInterfacesUnderV243Test-1790728849-network', 'tenant_id': '26f962ef165d4cbb9d9518792944a7f8', 'admin_state_up': True, 'mtu': 8950, 'status': 'ACTIVE', 'subnets': [], 'shared': False, 'project_id': '26f962ef165d4cbb9d9518792944a7f8', 'port_security_enabled': True, 'router:external': False, 'provider:network_type': 'vlan', 'provider:physical_network': 'default', 'provider:segmentation_id': 964, 'availability_zone_hints': [], 'availability_zones': [], 'ipv4_address_scope': None, 'ipv6_address_scope': None, 'description': '', 'tags': [], 'created_at': '2025-03-11T20:51:53Z', 'updated_at': '2025-03-11T20:51:53Z', 'revision_number': 1} available for tenant
2025-03-11 20:52:04.851 69218 INFO tempest.lib.common.rest_client [req-7822c529-bd40-49bf-9e61-31f694efebdf req-7822c529-bd40-49bf-9e61-31f694efebdf ] Request (QuotasTestJSON:tearDownClass): 201 POST http://10.180.1.21/identity/v3/auth/tokens 0.163s
2025-03-11 20:52:04.869 69226 INFO tempest.lib.common.rest_client [req-708285a3-cc3b-4300-aa80-8f652075fcff req-708285a3-cc3b-4300-aa80-8f652075fcff ] Request (QuotasAdminTestJSON:test_delete_quota): 201 POST http://10.180.1.21/identity/v3/projects 0.081s
2025-03-11 20:52:04.876 69228 INFO tempest.lib.common.rest_client [req-3c1f9358-4858-4077-a400-9dd162b3f1f1 req-3c1f9358-4858-4077-a400-9dd162b3f1f1 ] Request (ServerGroupTestJSON:setUp): 200 POST http://10.180.1.21/compute/v2.1/os-server-groups 2.152s
2025-03-11 20:52:04.897 69232 INFO tempest.lib.common.rest_client [req-3154360f-4d1b-4b26-9d69-0c0cf3315894 req-3154360f-4d1b-4b26-9d69-0c0cf3315894 ] Request (ListImageFiltersNegativeTestJSON:tearDownClass): 200 GET http://10.180.1.21:9696/networking/v2.0/security-groups?tenant_id=dec3c3f719e548a2a0b5d1a951d691e0&name=default 0.409s
2025-03-11 20:52:04.931 69200 INFO tempest.lib.common.rest_client [req-4b6d7a56-eee5-489a-8f77-d10568551314 req-4b6d7a56-eee5-489a-8f77-d10568551314 ] Request (ServerDiagnosticsTest:test_get_server_diagnostics): 200 GET http://10.180.1.21/compute/v2.1/servers/7fbc6eb1-fcd9-4bc7-848f-baa046e6b06a 2.023s
2025-03-11 20:52:04.938 69226 INFO tempest.lib.common.rest_client [req-c94211b0-3a2a-497f-9394-aaf371c7ee14 req-c94211b0-3a2a-497f-9394-aaf371c7ee14 ] Request (QuotasAdminTestJSON:test_delete_quota): 200 GET http://10.180.1.21/identity/v3/domains?name=Default 0.068s
2025-03-11 20:52:04.972 69208 INFO tempest.lib.common.rest_client [req-6419d5e0-6e0e-4947-bd3c-118ae41cb175 req-6419d5e0-6e0e-4947-bd3c-118ae41cb175 ] Request (FloatingIPsAssociationTestJSON:setUpClass): 201 POST http://10.180.1.21:9696/networking/v2.0/subnets 0.757s
2025-03-11 20:52:04.983 69188 INFO tempest.lib.common.rest_client [req-491c2d06-324f-4c43-9fc8-d107c7d8a546 req-491c2d06-324f-4c43-9fc8-d107c7d8a546 ] Request (ServersTestJSON:setUpClass): 201 POST http://10.180.1.21:9696/networking/v2.0/subnets 0.703s
2025-03-11 20:52:05.021 69214 INFO tempest.lib.common.rest_client [req-3c893365-c513-4a5f-ac81-bbd0dc9dd8eb req-3c893365-c513-4a5f-ac81-bbd0dc9dd8eb ] Request (ServersWithSpecificFlavorTestJSON:test_verify_created_server_ephemeral_disk): 200 GET http://10.180.1.21/compute/v2.1/servers/7a5ebcc6-acf2-4f0d-b8b1-e184b4f07157 1.574s
2025-03-11 20:52:05.089 69212 INFO tempest.lib.common.rest_client [req-7367afbb-a265-4101-9189-fdc879f6fc04 req-7367afbb-a265-4101-9189-fdc879f6fc04 ] Request (ListServerFiltersTestJSON:setUpClass): 200 GET http://10.180.1.21/compute/v2.1/servers/5c480ae9-bbf7-4d14-be10-bd5165525885 2.143s
2025-03-11 20:52:05.170 69241 INFO tempest.lib.common.rest_client [req-8e880d10-80bd-43be-b6e8-bbe187abab41 req-8e880d10-80bd-43be-b6e8-bbe187abab41 ] Request (InstanceActionsTestJSON:setUpClass): 200 GET http://10.180.1.21/compute/v2.1/servers/b6fb3dc6-1e28-42f8-a0f2-4a0bc5cbe713 1.061s
2025-03-11 20:52:05.264 69232 INFO tempest.lib.common.rest_client [req-ea041d78-084e-4016-9910-4fc9f14d795d req-ea041d78-084e-4016-9910-4fc9f14d795d ] Request (ListImageFiltersNegativeTestJSON:tearDownClass): 204 DELETE http://10.180.1.21:9696/networking/v2.0/security-groups/e57fbc99-615a-4055-b4d7-3acd77a1b71c 0.366s
2025-03-11 20:52:05.339 69247 INFO tempest.lib.common.rest_client [req-a82895d3-aede-4193-add3-882702e73db7 req-a82895d3-aede-4193-add3-882702e73db7 ] Request (ServersAdminTestJSON:setUpClass): 201 POST http://10.180.1.21:9696/networking/v2.0/subnets 0.820s
2025-03-11 20:52:05.339 69232 INFO tempest.lib.common.rest_client [req-c40697f5-654b-49f3-8f5e-59cfcd2db1ac req-c40697f5-654b-49f3-8f5e-59cfcd2db1ac ] Request (ListImageFiltersNegativeTestJSON:tearDownClass): 204 DELETE http://10.180.1.21/identity/v3/projects/dec3c3f719e548a2a0b5d1a951d691e0 0.074s
2025-03-11 20:52:05.341 69202 INFO tempest.lib.common.rest_client [req-65621e84-338b-42e9-8396-b4a8513190a0 req-65621e84-338b-42e9-8396-b4a8513190a0 ] Request (TenantUsagesTestJSON:test_get_usage_tenant): 200 GET http://10.180.1.21/compute/v2.1/os-simple-tenant-usage/3b82ef8d1bbe43d4a6eaf075ac51271b?start=2025-03-10T20%3A52%3A04.116825&end=2025-03-12T20%3A52%3A04.116825 1.224s
2025-03-11 20:52:05.404 69232 INFO tempest.lib.common.rest_client [req-2c07c44d-01af-4a22-971f-e39dcf5d68fe req-2c07c44d-01af-4a22-971f-e39dcf5d68fe ] Request (ServerAddressesNegativeTestJSON:setUpClass): 201 POST http://10.180.1.21/identity/v3/auth/tokens 0.063s
2025-03-11 20:52:05.423 69192 INFO tempest.lib.common.rest_client [req-0bc85f31-eb4e-4125-b444-254caa58d73c req-0bc85f31-eb4e-4125-b444-254caa58d73c ] Request (ImagesOneServerTestJSON:setUpClass): 200 GET http://10.180.1.21/compute/v2.1/servers/23be18bf-6b2b-4daf-8978-62add118d97e 1.299s
2025-03-11 20:52:05.432 69237 INFO tempest.lib.common.rest_client [req-c883da1f-ea72-4406-9d54-c0c574b9d8e9 req-c883da1f-ea72-4406-9d54-c0c574b9d8e9 ] Request (MigrationsAdminTest:test_list_migrations_in_flavor_resize_situation): 200 GET http://10.180.1.21/compute/v2.1/servers/2caef58a-fa7a-42bb-8b96-4ddbbaf46ee7 1.408s
2025-03-11 20:52:05.445 69232 INFO tempest.lib.common.rest_client [req-f954b3c7-d8ac-4eb0-ba87-50bc651a7e23 req-f954b3c7-d8ac-4eb0-ba87-50bc651a7e23 ] Request (ServerAddressesNegativeTestJSON:setUpClass): 201 POST http://10.180.1.21/identity/v3/auth/tokens 0.038s
2025-03-11 20:52:05.462 69218 INFO tempest.lib.common.rest_client [req-a5e4423d-4444-4b11-8b4b-8d331d9e46ee req-a5e4423d-4444-4b11-8b4b-8d331d9e46ee ] Request (QuotasTestJSON:tearDownClass): 200 GET http://10.180.1.21:9696/networking/v2.0/security-groups?tenant_id=668f593be05d41dd846a89971ef7444d&name=default 0.610s
2025-03-11 20:52:05.472 69232 INFO tempest.lib.common.rest_client [req-8cf8222a-6aeb-4f31-b191-5348139d9c24 req-8cf8222a-6aeb-4f31-b191-5348139d9c24 ] Request (ServerAddressesNegativeTestJSON:setUpClass): 200 GET http://10.180.1.21/identity/v3/domains?name=Default 0.026s
2025-03-11 20:52:05.502 69232 INFO tempest.lib.common.rest_client [req-3c03a224-a4ce-4f94-a7bf-72b40da2fc88 req-3c03a224-a4ce-4f94-a7bf-72b40da2fc88 ] Request (ServerAddressesNegativeTestJSON:setUpClass): 201 POST http://10.180.1.21/identity/v3/projects 0.030s
2025-03-11 20:52:05.506 69196 INFO tempest.lib.common.rest_client [req-6dcfb0cf-6161-49e9-a43a-2f9c931c1411 req-6dcfb0cf-6161-49e9-a43a-2f9c931c1411 ] Request (ImagesNegativeTestJSON:test_create_image_from_deleted_server): 200 GET http://10.180.1.21/compute/v2.1/servers/c00d45a8-09f6-4673-a53a-e92be99fe1b7 1.291s
2025-03-11 20:52:05.529 69239 INFO tempest.lib.common.rest_client [req-647c1850-67c3-48d2-af5a-4c6afce43d13 req-647c1850-67c3-48d2-af5a-4c6afce43d13 ] Request (AggregatesAdminNegativeTestJSON:test_aggregate_create_with_existent_aggregate_name): 200 POST http://10.180.1.21/compute/v2.1/os-aggregates 1.244s
2025-03-11 20:52:05.554 69210 INFO tempest.lib.common.rest_client [req-c88c3fb0-a19e-4b32-afdd-a1fe327017bb req-c88c3fb0-a19e-4b32-afdd-a1fe327017bb ] Request (FlavorsAdminTestJSON:test_create_list_flavor_without_extra_data): 200 POST http://10.180.1.21/compute/v2.1/flavors 1.210s
2025-03-11 20:52:05.563 69232 INFO tempest.lib.common.rest_client [req-f9df1a4f-5ef6-431f-a921-447d9831f07b req-f9df1a4f-5ef6-431f-a921-447d9831f07b ] Request (ServerAddressesNegativeTestJSON:setUpClass): 201 POST http://10.180.1.21/identity/v3/users 0.060s
2025-03-11 20:52:05.567 69204 INFO tempest.lib.common.rest_client [req-87fba5da-ee5e-430c-bbd8-d2b4313335a8 req-87fba5da-ee5e-430c-bbd8-d2b4313335a8 ] Request (ServicesAdminNegativeV253TestJSON:test_disable_service_with_invalid_service_id): 404 PUT http://10.180.1.21/compute/v2.1/os-services/a9aba97d-6ee0-4e35-95bd-769711290087 1.114s
2025-03-11 20:52:05.589 69218 INFO tempest.lib.common.rest_client [req-6cba7da4-b691-4400-ac0b-57ae42dbc631 req-6cba7da4-b691-4400-ac0b-57ae42dbc631 ] Request (QuotasTestJSON:tearDownClass): 204 DELETE http://10.180.1.21:9696/networking/v2.0/security-groups/0da45b02-a3d9-4090-9034-2c4f8fac50b3 0.127s
2025-03-11 20:52:05.600 69232 INFO tempest.lib.common.rest_client [req-1c09c287-bbde-4748-a186-f9917bad5310 req-1c09c287-bbde-4748-a186-f9917bad5310 ] Request (ServerAddressesNegativeTestJSON:setUpClass): 200 GET http://10.180.1.21/identity/v3/roles 0.037s
2025-03-11 20:52:05.664 69218 INFO tempest.lib.common.rest_client [req-da5b7dfb-97bb-455b-b195-bfe9fcdd4982 req-da5b7dfb-97bb-455b-b195-bfe9fcdd4982 ] Request (QuotasTestJSON:tearDownClass): 204 DELETE http://10.180.1.21/identity/v3/projects/668f593be05d41dd846a89971ef7444d 0.073s
2025-03-11 20:52:05.722 69186 INFO tempest.lib.common.rest_client [req-ff64f7a5-1dcc-4bd2-b449-b8fc2cffb5cd req-ff64f7a5-1dcc-4bd2-b449-b8fc2cffb5cd ] Request (FlavorsAccessNegativeTestJSON:test_flavor_non_admin_remove): 200 POST http://10.180.1.21/compute/v2.1/flavors/48536886/action 1.254s
2025-03-11 20:52:05.728 69218 INFO tempest.lib.common.rest_client [req-745118af-3270-4522-b74d-d16b29be5dd0 req-745118af-3270-4522-b74d-d16b29be5dd0 ] Request (VolumesGetTestJSON:setUpClass): 201 POST http://10.180.1.21/identity/v3/auth/tokens 0.063s
2025-03-11 20:52:05.740 69232 INFO tempest.lib.common.rest_client [req-8fa969f0-a42b-4f13-800d-4d8e6debb7f4 req-8fa969f0-a42b-4f13-800d-4d8e6debb7f4 ] Request (ServerAddressesNegativeTestJSON:setUpClass): 204 PUT http://10.180.1.21/identity/v3/projects/3b4d385fd7f14182b9196ac4422aaa46/users/0693128f5e3d4bdb8e8c5cf94a9c4df2/roles/ecac11f56c82402dab0c20175776802e 0.139s
2025-03-11 20:52:05.740 69232 INFO tempest.lib.common.dynamic_creds [-] Dynamic test user 0693128f5e3d4bdb8e8c5cf94a9c4df2 is created with scope project and roles: ['member']
2025-03-11 20:52:05.741 69232 INFO tempest.lib.common.dynamic_creds [-] Acquired dynamic creds: credentials: Credentials: {'domain_id': 'default', 'domain_name': 'Default', 'username': 'tempest-ServerAddressesNegativeTestJSON-1982711606-project-member', 'project_domain_id': 'default', 'project_domain_name': 'Default', 'project_id': '3b4d385fd7f14182b9196ac4422aaa46', 'project_name': 'tempest-ServerAddressesNegativeTestJSON-1982711606', 'tenant_id': '3b4d385fd7f14182b9196ac4422aaa46', 'tenant_name': 'tempest-ServerAddressesNegativeTestJSON-1982711606', 'user_domain_id': 'default', 'user_domain_name': 'Default', 'user_id': '0693128f5e3d4bdb8e8c5cf94a9c4df2', 'system': None}, Network: None, Subnet: None, Router: None
2025-03-11 20:52:05.795 69218 INFO tempest.lib.common.rest_client [req-e5d281b3-f369-4dcb-9224-46cf95b1e1b1 req-e5d281b3-f369-4dcb-9224-46cf95b1e1b1 ] Request (VolumesGetTestJSON:setUpClass): 201 POST http://10.180.1.21/identity/v3/auth/tokens 0.065s
2025-03-11 20:52:05.809 69232 INFO tempest.lib.common.rest_client [req-9ae576d9-1f7a-43ac-9a8a-8ae1e5d855be req-9ae576d9-1f7a-43ac-9a8a-8ae1e5d855be ] Request (ServerAddressesNegativeTestJSON:setUpClass): 201 POST http://10.180.1.21/identity/v3/auth/tokens 0.068s
2025-03-11 20:52:05.827 69218 INFO tempest.lib.common.rest_client [req-2e2ae89a-b662-4a5a-aef4-97e15383a9d4 req-2e2ae89a-b662-4a5a-aef4-97e15383a9d4 ] Request (VolumesGetTestJSON:setUpClass): 200 GET http://10.180.1.21/identity/v3/domains?name=Default 0.031s
2025-03-11 20:52:05.851 69222 INFO tempest.lib.common.rest_client [req-6b218061-e8f2-4d4d-9253-acdfd61830cb req-6b218061-e8f2-4d4d-9253-acdfd61830cb ] Request (ServersAdmin275Test:test_rebuild_update_server_275): 200 GET http://10.180.1.21/compute/v2.1/servers/e468efa9-3964-4eee-a813-a692b8ecf98d 1.262s
2025-03-11 20:52:05.864 69218 INFO tempest.lib.common.rest_client [req-7b629fec-5a94-48dd-a941-d20fe6549c42 req-7b629fec-5a94-48dd-a941-d20fe6549c42 ] Request (VolumesGetTestJSON:setUpClass): 201 POST http://10.180.1.21/identity/v3/projects 0.036s
2025-03-11 20:52:05.991 69218 INFO tempest.lib.common.rest_client [req-ba28e109-1720-49ec-87b2-0e169a0c6c4d req-ba28e109-1720-49ec-87b2-0e169a0c6c4d ] Request (VolumesGetTestJSON:setUpClass): 201 POST http://10.180.1.21/identity/v3/users 0.126s
2025-03-11 20:52:06.004 69235 INFO tempest.lib.common.rest_client [req-ca8e798a-f092-4f84-a1df-21979c81b354 req-ca8e798a-f092-4f84-a1df-21979c81b354 ] Request (FlavorsV255TestJSON:test_crud_flavor): 200 GET http://10.180.1.21/compute/v2.1/flavors/567513755 1.319s
2025-03-11 20:52:06.018 69218 INFO tempest.lib.common.rest_client [req-6779bf8b-18a5-4e96-bd42-5f9650d0b001 req-6779bf8b-18a5-4e96-bd42-5f9650d0b001 ] Request (VolumesGetTestJSON:setUpClass): 200 GET http://10.180.1.21/identity/v3/roles 0.026s
2025-03-11 20:52:06.030 69206 INFO tempest.lib.common.rest_client [req-890df4d6-a2b2-4924-afc0-491fd20ebc97 req-890df4d6-a2b2-4924-afc0-491fd20ebc97 ] Request (ImagesTestJSON:test_create_image_from_stopped_server): 202 POST http://10.180.1.21/compute/v2.1/servers 1.880s
2025-03-11 20:52:06.076 69218 INFO tempest.lib.common.rest_client [req-5ac297e7-af19-45c8-97ea-b793b7e95e10 req-5ac297e7-af19-45c8-97ea-b793b7e95e10 ] Request (VolumesGetTestJSON:setUpClass): 204 PUT http://10.180.1.21/identity/v3/projects/4499eaeb27e04efdae33c448a03adcaf/users/8996ce5dd2414ba080447848af3f4a61/roles/ecac11f56c82402dab0c20175776802e 0.054s
2025-03-11 20:52:06.076 69218 INFO tempest.lib.common.dynamic_creds [-] Dynamic test user 8996ce5dd2414ba080447848af3f4a61 is created with scope project and roles: ['member']
2025-03-11 20:52:06.076 69218 INFO tempest.lib.common.dynamic_creds [-] Acquired dynamic creds: credentials: Credentials: {'domain_id': 'default', 'domain_name': 'Default', 'username': 'tempest-VolumesGetTestJSON-226495695-project-member', 'project_domain_id': 'default', 'project_domain_name': 'Default', 'project_id': '4499eaeb27e04efdae33c448a03adcaf', 'project_name': 'tempest-VolumesGetTestJSON-226495695', 'tenant_id': '4499eaeb27e04efdae33c448a03adcaf', 'tenant_name': 'tempest-VolumesGetTestJSON-226495695', 'user_domain_id': 'default', 'user_domain_name': 'Default', 'user_id': '8996ce5dd2414ba080447848af3f4a61', 'system': None}, Network: None, Subnet: None, Router: None
2025-03-11 20:52:06.077 69218 INFO tempest.lib.common.dynamic_creds [-] Created isolated network resources for: credentials: Credentials: {'domain_id': 'default', 'domain_name': 'Default', 'username': 'tempest-VolumesGetTestJSON-226495695-project-member', 'project_domain_id': 'default', 'project_domain_name': 'Default', 'project_id': '4499eaeb27e04efdae33c448a03adcaf', 'project_name': 'tempest-VolumesGetTestJSON-226495695', 'tenant_id': '4499eaeb27e04efdae33c448a03adcaf', 'tenant_name': 'tempest-VolumesGetTestJSON-226495695', 'user_domain_id': 'default', 'user_domain_name': 'Default', 'user_id': '8996ce5dd2414ba080447848af3f4a61', 'system': None}, Network: None, Subnet: None, Router: None
2025-03-11 20:52:06.118 69198 INFO tempest.lib.common.rest_client [req-3ecbf4d1-a277-4000-9a02-e1a0ca83e6c0 req-3ecbf4d1-a277-4000-9a02-e1a0ca83e6c0 ] Request (DeleteServersAdminTestJSON:test_admin_delete_servers_of_others): 200 GET http://10.180.1.21/compute/v2.1/servers/65c7f781-89a7-49f2-a745-5093adc47df9 1.323s
2025-03-11 20:52:06.125 69198 INFO tempest.common.waiters [-] State transition "ACTIVE/deleting" ==> "DELETED/None" after 3 second wait
2025-03-11 20:52:06.195 69218 INFO tempest.lib.common.rest_client [req-ff9fec56-1cfc-44d8-a717-debeda6f0472 req-ff9fec56-1cfc-44d8-a717-debeda6f0472 ] Request (VolumesGetTestJSON:setUpClass): 201 POST http://10.180.1.21/identity/v3/auth/tokens 0.115s
2025-03-11 20:52:06.289 69190 INFO tempest.lib.common.rest_client [req-899e2be4-3a9f-4feb-ba1a-3d2b09774391 req-899e2be4-3a9f-4feb-ba1a-3d2b09774391 ] Request (ImagesMetadataTestJSON:setUp): 200 PUT http://10.180.1.21/compute/v2.1/images/a7e0c164-0005-4e94-899c-46e7582cdf02/metadata 1.469s
2025-03-11 20:52:06.349 69228 INFO tempest.lib.common.rest_client [req-3fbc4604-7a3b-4ebf-9fdd-77998e136cac req-3fbc4604-7a3b-4ebf-9fdd-77998e136cac ] Request (ServerGroupTestJSON:test_create_delete_multiple_server_groups_with_same_name_policy): 200 POST http://10.180.1.21/compute/v2.1/os-server-groups 1.470s
2025-03-11 20:52:06.436 69232 INFO tempest.lib.common.rest_client [req-c1f669af-311d-4ea7-a121-bffad19dab6e req-c1f669af-311d-4ea7-a121-bffad19dab6e ] Request (ServerAddressesNegativeTestJSON:setUpClass): 201 POST http://10.180.1.21:9696/networking/v2.0/networks 0.626s
2025-03-11 20:52:06.442 69245 INFO tempest.lib.common.rest_client [req-7a6ffd6e-ab1a-4dfb-9af0-8bf281fffca5 req-7a6ffd6e-ab1a-4dfb-9af0-8bf281fffca5 ] Request (AttachInterfacesV270Test:test_create_get_list_interfaces): 200 GET http://10.180.1.21/compute/v2.1/servers/5a701b05-079c-413d-b576-901b0e487964 1.541s
2025-03-11 20:52:06.479 69188 INFO tempest.lib.common.rest_client [req-9848609e-d44b-46cc-aea8-31c049f54a0b req-9848609e-d44b-46cc-aea8-31c049f54a0b ] Request (ServersTestJSON:setUpClass): 201 POST http://10.180.1.21:9696/networking/v2.0/routers 1.495s
2025-03-11 20:52:06.617 69226 INFO tempest.lib.common.rest_client [req-61d19b38-4933-456b-8e04-b0b3c38c8c7b req-61d19b38-4933-456b-8e04-b0b3c38c8c7b ] Request (QuotasAdminTestJSON:test_delete_quota): 200 GET http://10.180.1.21/compute/v2.1/os-quota-sets/eadcd3644b404864b03645b90df6ccc7 1.678s
2025-03-11 20:52:06.696 69224 INFO tempest.lib.common.rest_client [req-4c8d3041-b0b4-4291-b038-245beda1485b req-4c8d3041-b0b4-4291-b038-245beda1485b ] Request (VolumesAssistedSnapshotsTest:test_volume_assisted_snapshot_create_delete): 200 GET http://10.180.1.21/compute/v2.1/servers/362afff9-710b-4741-bad6-9a9d0d1cafcf 1.502s
2025-03-11 20:52:06.719 69208 INFO tempest.lib.common.rest_client [req-85e93e5d-609d-4949-972f-da7d343d9b67 req-85e93e5d-609d-4949-972f-da7d343d9b67 ] Request (FloatingIPsAssociationTestJSON:setUpClass): 201 POST http://10.180.1.21:9696/networking/v2.0/routers 1.746s
2025-03-11 20:52:06.778 69230 INFO tempest.lib.common.rest_client [req-bad7db4e-9f56-496d-a135-5b9b11cee3b3 req-bad7db4e-9f56-496d-a135-5b9b11cee3b3 ] Request (ListImageFiltersTestJSON:setUpClass): 200 GET http://10.180.1.21/compute/v2.1/servers/f86f5ee4-e2a9-47e2-89ab-fb464f2a121b 1.494s
2025-03-11 20:52:06.791 69230 INFO tempest.common.waiters [-] State transition "BUILD/scheduling" ==> "BUILD/None" after 8 second wait
2025-03-11 20:52:06.797 69247 INFO tempest.lib.common.rest_client [req-411ead3f-3bde-4c65-84e5-78c5ac1fdb0d req-411ead3f-3bde-4c65-84e5-78c5ac1fdb0d ] Request (ServersAdminTestJSON:setUpClass): 201 POST http://10.180.1.21:9696/networking/v2.0/routers 1.458s
2025-03-11 20:52:06.800 69232 INFO tempest.lib.common.rest_client [req-71e5855d-6544-462b-9ab4-387f11d2fae3 req-71e5855d-6544-462b-9ab4-387f11d2fae3 ] Request (ServerAddressesNegativeTestJSON:setUpClass): 201 POST http://10.180.1.21:9696/networking/v2.0/subnets 0.363s
2025-03-11 20:52:06.816 69202 INFO tempest.lib.common.rest_client [req-9e17c167-3af7-42b4-935b-47a1a6b97cfa req-9e17c167-3af7-42b4-935b-47a1a6b97cfa ] Request (TenantUsagesTestJSON:test_get_usage_tenant_with_non_admin_user): 200 GET http://10.180.1.21/compute/v2.1/os-simple-tenant-usage/3b82ef8d1bbe43d4a6eaf075ac51271b?start=2025-03-10T20%3A52%3A04.116825&end=2025-03-12T20%3A52%3A04.116825 1.466s
2025-03-11 20:52:06.837 69244 INFO tempest.lib.common.rest_client [req-3dc865a0-d954-415e-99b0-eda828d0ba16 req-3dc865a0-d954-415e-99b0-eda828d0ba16 ] Request (AttachInterfacesUnderV243Test:test_add_remove_fixed_ip): 202 POST http://10.180.1.21/compute/v2.1/servers 2.003s
2025-03-11 20:52:06.859 69239 INFO tempest.lib.common.rest_client [req-e1243bf4-b64a-4831-a15e-e1a598a2dc8f req-e1243bf4-b64a-4831-a15e-e1a598a2dc8f ] Request (AggregatesAdminNegativeTestJSON:test_aggregate_create_with_existent_aggregate_name): 409 POST http://10.180.1.21/compute/v2.1/os-aggregates 1.328s
2025-03-11 20:52:06.877 69210 INFO tempest.lib.common.rest_client [req-5f3b087f-5f11-496c-9e37-177c80fda48c req-5f3b087f-5f11-496c-9e37-177c80fda48c ] Request (FlavorsAdminTestJSON:test_create_list_flavor_without_extra_data): 200 GET http://10.180.1.21/compute/v2.1/flavors/1782159948 1.321s
2025-03-11 20:52:06.893 69204 INFO tempest.lib.common.rest_client [req-0ec1d427-c8f8-4004-9dc1-e0af2859d5ec req-0ec1d427-c8f8-4004-9dc1-e0af2859d5ec ] Request (ServicesAdminNegativeV253TestJSON:test_enable_service_with_invalid_service_id): 404 PUT http://10.180.1.21/compute/v2.1/os-services/a9aba97d-6ee0-4e35-95bd-769711290087 1.325s
2025-03-11 20:52:07.198 69216 INFO tempest.lib.common.rest_client [req-821cb188-65d5-4555-a3a3-50d8beff9ff6 req-821cb188-65d5-4555-a3a3-50d8beff9ff6 ] Request (ServerDiagnosticsNegativeTest:test_get_server_diagnostics_by_non_admin): 200 GET http://10.180.1.21/compute/v2.1/servers/915c0fef-33aa-48ca-9023-8d0289b96511 1.818s
2025-03-11 20:52:07.207 69216 INFO tempest.common.waiters [-] State transition "BUILD/networking" ==> "BUILD/spawning" after 17 second wait
2025-03-11 20:52:07.210 69186 INFO tempest.lib.common.rest_client [req-3f196088-772f-430e-89f7-6748389ca7ee req-3f196088-772f-430e-89f7-6748389ca7ee ] Request (FlavorsAccessNegativeTestJSON:test_flavor_non_admin_remove): 403 POST http://10.180.1.21/compute/v2.1/flavors/48536886/action 1.485s
2025-03-11 20:52:07.309 69194 INFO tempest.lib.common.rest_client [req-a9cb0b6a-ffc5-4850-90d9-ed4920d9dae4 req-a9cb0b6a-ffc5-4850-90d9-ed4920d9dae4 ] Request (ServersV294TestFqdnHostnames:setUpClass): 200 GET http://10.180.1.21/compute/v2.1/servers/fec55202-9159-4470-9f76-6ce5144d52d0 1.525s
2025-03-11 20:52:07.353 69220 INFO tempest.lib.common.rest_client [req-845f2129-2dcf-4216-ba82-f8a8df066ae4 req-845f2129-2dcf-4216-ba82-f8a8df066ae4 ] Request (VolumesAdminNegativeTest:test_update_attached_volume_with_nonexistent_volume_in_body): 200 GET http://10.180.1.21/compute/v2.1/servers/aaa8e47e-7484-4b43-bcfd-c28ee2c6205d 1.741s
2025-03-11 20:52:07.396 69200 INFO tempest.lib.common.rest_client [req-bbfeff75-92fd-4fd5-803d-d11362d03c7b req-bbfeff75-92fd-4fd5-803d-d11362d03c7b ] Request (ServerDiagnosticsTest:test_get_server_diagnostics): 200 GET http://10.180.1.21/compute/v2.1/servers/7fbc6eb1-fcd9-4bc7-848f-baa046e6b06a 1.454s
2025-03-11 20:52:07.404 69235 INFO tempest.lib.common.rest_client [req-8075fba3-90b5-4a8a-8001-e81f9d41ecc4 req-8075fba3-90b5-4a8a-8001-e81f9d41ecc4 ] Request (FlavorsV255TestJSON:test_crud_flavor): 200 PUT http://10.180.1.21/compute/v2.1/flavors/567513755 1.397s
2025-03-11 20:52:07.496 69214 INFO tempest.lib.common.rest_client [req-bb9eff3e-26e0-4bb9-bf3d-4510f192c2db req-bb9eff3e-26e0-4bb9-bf3d-4510f192c2db ] Request (ServersWithSpecificFlavorTestJSON:test_verify_created_server_ephemeral_disk): 200 GET http://10.180.1.21/compute/v2.1/servers/7a5ebcc6-acf2-4f0d-b8b1-e184b4f07157 1.463s
2025-03-11 20:52:07.510 69206 INFO tempest.lib.common.rest_client [req-75dbb7be-639e-4f91-b798-eb60b281ffff req-75dbb7be-639e-4f91-b798-eb60b281ffff ] Request (ImagesTestJSON:test_create_image_from_stopped_server): 200 GET http://10.180.1.21/compute/v2.1/servers/58156580-6b3c-4bd6-bb30-5dde8b8f9560 1.478s
2025-03-11 20:52:07.584 69241 INFO tempest.lib.common.rest_client [req-95dac577-9f36-41b7-9d7f-0caab3874050 req-95dac577-9f36-41b7-9d7f-0caab3874050 ] Request (InstanceActionsTestJSON:setUpClass): 200 GET http://10.180.1.21/compute/v2.1/servers/b6fb3dc6-1e28-42f8-a0f2-4a0bc5cbe713 1.404s
2025-03-11 20:52:07.762 69212 INFO tempest.lib.common.rest_client [req-be1d5905-1de3-4076-a869-4d9155075eec req-be1d5905-1de3-4076-a869-4d9155075eec ] Request (ListServerFiltersTestJSON:setUpClass): 200 GET http://10.180.1.21/compute/v2.1/servers/5c480ae9-bbf7-4d14-be10-bd5165525885 1.661s
2025-03-11 20:52:08.062 69190 INFO tempest.lib.common.rest_client [req-38283877-7e07-486f-a8cc-4e88133ac8c5 req-38283877-7e07-486f-a8cc-4e88133ac8c5 ] Request (ImagesMetadataTestJSON:test_update_image_metadata): 200 POST http://10.180.1.21/compute/v2.1/images/a7e0c164-0005-4e94-899c-46e7582cdf02/metadata 1.772s
2025-03-11 20:52:08.167 69228 INFO tempest.lib.common.rest_client [req-f440ae92-0fab-4f75-8239-2290448b45b6 req-f440ae92-0fab-4f75-8239-2290448b45b6 ] Request (ServerGroupTestJSON:test_create_delete_multiple_server_groups_with_same_name_policy): 200 POST http://10.180.1.21/compute/v2.1/os-server-groups 1.817s
2025-03-11 20:52:08.173 69218 INFO tempest.lib.common.rest_client [req-07ef79aa-c648-45bf-a82d-7fbf03aa6c9e req-07ef79aa-c648-45bf-a82d-7fbf03aa6c9e ] Request (VolumesGetTestJSON:test_volume_create_get_delete): 200 POST http://10.180.1.21/compute/v2.1/os-volumes 1.976s
2025-03-11 20:52:08.279 69192 INFO tempest.lib.common.rest_client [req-4eae3c08-540c-4626-beb5-fee4709d699d req-4eae3c08-540c-4626-beb5-fee4709d699d ] Request (ImagesOneServerTestJSON:setUpClass): 200 GET http://10.180.1.21/compute/v2.1/servers/23be18bf-6b2b-4daf-8978-62add118d97e 1.847s
2025-03-11 20:52:08.368 69196 INFO tempest.lib.common.rest_client [req-ecdd0373-2e7d-498d-b6da-cd06d16cef15 req-ecdd0373-2e7d-498d-b6da-cd06d16cef15 ] Request (ImagesNegativeTestJSON:test_create_image_from_deleted_server): 200 GET http://10.180.1.21/compute/v2.1/servers/c00d45a8-09f6-4673-a53a-e92be99fe1b7 1.854s
2025-03-11 20:52:08.407 69232 INFO tempest.lib.common.rest_client [req-a156291d-f008-4156-9484-ddc43adf2630 req-a156291d-f008-4156-9484-ddc43adf2630 ] Request (ServerAddressesNegativeTestJSON:setUpClass): 201 POST http://10.180.1.21:9696/networking/v2.0/routers 1.606s
2025-03-11 20:52:08.466 69226 INFO tempest.lib.common.rest_client [req-3677bd02-6c40-4285-8ace-deb2879cfc74 req-3677bd02-6c40-4285-8ace-deb2879cfc74 ] Request (QuotasAdminTestJSON:test_delete_quota): 200 PUT http://10.180.1.21/compute/v2.1/os-quota-sets/eadcd3644b404864b03645b90df6ccc7 1.845s
2025-03-11 20:52:08.507 69202 INFO tempest.lib.common.rest_client [req-cb003f6f-eaea-4125-9c41-e4e7f218cd4d req-cb003f6f-eaea-4125-9c41-e4e7f218cd4d ] Request (TenantUsagesTestJSON:test_list_usage_all_tenants): 200 GET http://10.180.1.21/compute/v2.1/os-simple-tenant-usage?start=2025-03-10T20%3A52%3A04.116825&end=2025-03-12T20%3A52%3A04.116825&detailed=1 1.685s
2025-03-11 20:52:08.535 69237 INFO tempest.lib.common.rest_client [req-3092123e-82d6-4247-beab-a2099a311973 req-3092123e-82d6-4247-beab-a2099a311973 ] Request (MigrationsAdminTest:test_list_migrations_in_flavor_resize_situation): 200 GET http://10.180.1.21/compute/v2.1/servers/2caef58a-fa7a-42bb-8b96-4ddbbaf46ee7 2.090s
2025-03-11 20:52:08.557 69239 INFO tempest.lib.common.rest_client [req-f4b9d70c-da9b-4a3f-ab11-8a0717abf340 req-f4b9d70c-da9b-4a3f-ab11-8a0717abf340 ] Request (AggregatesAdminNegativeTestJSON:_run_cleanups): 200 DELETE http://10.180.1.21/compute/v2.1/os-aggregates/4 1.696s
2025-03-11 20:52:08.577 69244 INFO tempest.lib.common.rest_client [req-fd7acd9c-f254-4cd3-9ba1-ab46b40fa13a req-fd7acd9c-f254-4cd3-9ba1-ab46b40fa13a ] Request (AttachInterfacesUnderV243Test:test_add_remove_fixed_ip): 200 GET http://10.180.1.21/compute/v2.1/servers/c76853f2-ec5c-4c36-894b-8b51223a613f 1.737s
2025-03-11 20:52:08.634 69222 INFO tempest.lib.common.rest_client [req-2aafa36e-635d-49ae-86a9-d002d56389e4 req-2aafa36e-635d-49ae-86a9-d002d56389e4 ] Request (ServersAdmin275Test:test_rebuild_update_server_275): 200 GET http://10.180.1.21/compute/v2.1/servers/e468efa9-3964-4eee-a813-a692b8ecf98d 1.770s
2025-03-11 20:52:08.667 69204 INFO tempest.lib.common.rest_client [req-bdafd5e7-3a5d-4605-96ab-5df68430ef8b req-bdafd5e7-3a5d-4605-96ab-5df68430ef8b ] Request (ServicesAdminNegativeV253TestJSON:test_get_service_by_invalid_params): 200 GET http://10.180.1.21/compute/v2.1/os-services 1.773s
2025-03-11 20:52:08.687 69210 INFO tempest.lib.common.rest_client [req-a68c09fd-74cc-4679-8e6c-1835b3a973fb req-a68c09fd-74cc-4679-8e6c-1835b3a973fb ] Request (FlavorsAdminTestJSON:test_create_list_flavor_without_extra_data): 200 GET http://10.180.1.21/compute/v2.1/flavors/detail 1.807s
2025-03-11 20:52:08.755 69198 INFO tempest.lib.common.rest_client [req-d842e401-d1f5-4a9b-8e8b-21cfe49b3df8 req-d842e401-d1f5-4a9b-8e8b-21cfe49b3df8 ] Request (DeleteServersAdminTestJSON:test_admin_delete_servers_of_others): 200 GET http://10.180.1.21/compute/v2.1/servers/65c7f781-89a7-49f2-a745-5093adc47df9 1.629s
2025-03-11 20:52:08.777 69188 INFO tempest.lib.common.rest_client [req-4d1fac4c-db50-4e1f-9f74-23163330aeee req-4d1fac4c-db50-4e1f-9f74-23163330aeee ] Request (ServersTestJSON:setUpClass): 200 PUT http://10.180.1.21:9696/networking/v2.0/routers/b3b66fdf-7862-4028-8679-3f4f4a79161e/add_router_interface 2.297s
2025-03-11 20:52:08.777 69188 INFO tempest.lib.common.dynamic_creds [-] Created isolated network resources for: credentials: Credentials: {'domain_id': 'default', 'domain_name': 'Default', 'username': 'tempest-ServersTestJSON-1631972328-project-member', 'project_domain_id': 'default', 'project_domain_name': 'Default', 'project_id': 'f5a483fe04894bfca37e2ae36ef0fe4a', 'project_name': 'tempest-ServersTestJSON-1631972328', 'tenant_id': 'f5a483fe04894bfca37e2ae36ef0fe4a', 'tenant_name': 'tempest-ServersTestJSON-1631972328', 'user_domain_id': 'default', 'user_domain_name': 'Default', 'user_id': '5357638117db4845bc38658ceb52536f', 'system': None}, Network: {'id': 'ba6f2e44-8c85-4949-9c85-1955e5347dca', 'name': 'tempest-ServersTestJSON-844286112-network', 'tenant_id': 'f5a483fe04894bfca37e2ae36ef0fe4a', 'admin_state_up': True, 'mtu': 8950, 'status': 'ACTIVE', 'subnets': [], 'shared': False, 'project_id': 'f5a483fe04894bfca37e2ae36ef0fe4a', 'port_security_enabled': True, 'router:external': False, 'provider:network_type': 'vlan', 'provider:physical_network': 'default', 'provider:segmentation_id': 766, 'availability_zone_hints': [], 'availability_zones': [], 'ipv4_address_scope': None, 'ipv6_address_scope': None, 'description': '', 'tags': [], 'created_at': '2025-03-11T20:52:04Z', 'updated_at': '2025-03-11T20:52:04Z', 'revision_number': 1}, Subnet: {'id': 'c547525e-0dc3-43be-b278-483f5c1f95bf', 'name': 'tempest-ServersTestJSON-844286112-subnet', 'tenant_id': 'f5a483fe04894bfca37e2ae36ef0fe4a', 'network_id': 'ba6f2e44-8c85-4949-9c85-1955e5347dca', 'ip_version': 4, 'subnetpool_id': None, 'enable_dhcp': True, 'ipv6_ra_mode': None, 'ipv6_address_mode': None, 'gateway_ip': '192.168.128.1', 'cidr': '192.168.128.0/28', 'allocation_pools': [{'start': '192.168.128.2', 'end': '192.168.128.14'}], 'host_routes': [], 'dns_nameservers': [], 'description': '', 'router:external': False, 'service_types': [], 'tags': [], 'created_at': '2025-03-11T20:52:04Z', 'updated_at': '2025-03-11T20:52:04Z', 'revision_number': 0, 'project_id': 'f5a483fe04894bfca37e2ae36ef0fe4a'}, Router: {'id': 'b3b66fdf-7862-4028-8679-3f4f4a79161e', 'name': 'tempest-ServersTestJSON-844286112-router', 'tenant_id': 'f5a483fe04894bfca37e2ae36ef0fe4a', 'admin_state_up': True, 'status': 'ACTIVE', 'external_gateway_info': {'network_id': 'cc194e04-0a46-4494-b374-7a85c8bd7b72', 'external_fixed_ips': [{'subnet_id': '1042a5b3-51cb-483b-accb-f03c5e4ca1f6', 'ip_address': '10.180.180.164'}], 'enable_snat': True}, 'description': '', 'availability_zones': [], 'distributed': False, 'ha': False, 'availability_zone_hints': [], 'routes': [], 'flavor_id': None, 'tags': [], 'created_at': '2025-03-11T20:52:05Z', 'updated_at': '2025-03-11T20:52:05Z', 'revision_number': 2, 'project_id': 'f5a483fe04894bfca37e2ae36ef0fe4a'}
2025-03-11 20:52:08.798 69186 INFO tempest.lib.common.rest_client [req-a679bf1d-df59-4217-b84d-710671205784 req-a679bf1d-df59-4217-b84d-710671205784 ] Request (FlavorsAccessNegativeTestJSON:_run_cleanups): 200 POST http://10.180.1.21/compute/v2.1/flavors/48536886/action 1.586s
2025-03-11 20:52:08.802 69235 INFO tempest.lib.common.rest_client [req-9da9d978-2393-4d34-bc55-6e0ef3b9b4b4 req-9da9d978-2393-4d34-bc55-6e0ef3b9b4b4 ] Request (FlavorsV255TestJSON:test_crud_flavor): 200 GET http://10.180.1.21/compute/v2.1/flavors/detail 1.393s
2025-03-11 20:52:08.818 69247 INFO tempest.lib.common.rest_client [req-d2943688-2bac-40fb-a1ee-f5ecaf1bc002 req-d2943688-2bac-40fb-a1ee-f5ecaf1bc002 ] Request (ServersAdminTestJSON:setUpClass): 200 PUT http://10.180.1.21:9696/networking/v2.0/routers/8cf01185-ff73-4bce-9d89-005f58ab80e8/add_router_interface 2.021s
2025-03-11 20:52:08.820 69247 INFO tempest.lib.common.dynamic_creds [-] Created isolated network resources for: credentials: Credentials: {'domain_id': 'default', 'domain_name': 'Default', 'username': 'tempest-ServersAdminTestJSON-1674063582-project-member', 'project_domain_id': 'default', 'project_domain_name': 'Default', 'project_id': 'b51495231f564f068258565184d7429d', 'project_name': 'tempest-ServersAdminTestJSON-1674063582', 'tenant_id': 'b51495231f564f068258565184d7429d', 'tenant_name': 'tempest-ServersAdminTestJSON-1674063582', 'user_domain_id': 'default', 'user_domain_name': 'Default', 'user_id': 'e878ecad4a1048a0a7ebc03a855f202c', 'system': None}, Network: {'id': '14be06d3-3267-4256-8609-9eabdbbc91e4', 'name': 'tempest-ServersAdminTestJSON-1755847494-network', 'tenant_id': 'b51495231f564f068258565184d7429d', 'admin_state_up': True, 'mtu': 8950, 'status': 'ACTIVE', 'subnets': [], 'shared': False, 'project_id': 'b51495231f564f068258565184d7429d', 'port_security_enabled': True, 'router:external': False, 'provider:network_type': 'vlan', 'provider:physical_network': 'default', 'provider:segmentation_id': 21, 'availability_zone_hints': [], 'availability_zones': [], 'ipv4_address_scope': None, 'ipv6_address_scope': None, 'description': '', 'tags': [], 'created_at': '2025-03-11T20:52:04Z', 'updated_at': '2025-03-11T20:52:04Z', 'revision_number': 1}, Subnet: {'id': 'dfe8a4a4-db62-4fd6-9c26-0402b78aa0d1', 'name': 'tempest-ServersAdminTestJSON-1755847494-subnet', 'tenant_id': 'b51495231f564f068258565184d7429d', 'network_id': '14be06d3-3267-4256-8609-9eabdbbc91e4', 'ip_version': 4, 'subnetpool_id': None, 'enable_dhcp': True, 'ipv6_ra_mode': None, 'ipv6_address_mode': None, 'gateway_ip': '192.168.128.1', 'cidr': '192.168.128.0/28', 'allocation_pools': [{'start': '192.168.128.2', 'end': '192.168.128.14'}], 'host_routes': [], 'dns_nameservers': [], 'description': '', 'router:external': False, 'service_types': [], 'tags': [], 'created_at': '2025-03-11T20:52:04Z', 'updated_at': '2025-03-11T20:52:04Z', 'revision_number': 0, 'project_id': 'b51495231f564f068258565184d7429d'}, Router: {'id': '8cf01185-ff73-4bce-9d89-005f58ab80e8', 'name': 'tempest-ServersAdminTestJSON-1755847494-router', 'tenant_id': 'b51495231f564f068258565184d7429d', 'admin_state_up': True, 'status': 'ACTIVE', 'external_gateway_info': {'network_id': 'cc194e04-0a46-4494-b374-7a85c8bd7b72', 'external_fixed_ips': [{'subnet_id': '1042a5b3-51cb-483b-accb-f03c5e4ca1f6', 'ip_address': '10.180.180.181'}], 'enable_snat': True}, 'description': '', 'availability_zones': [], 'distributed': False, 'ha': False, 'availability_zone_hints': [], 'routes': [], 'flavor_id': None, 'tags': [], 'created_at': '2025-03-11T20:52:05Z', 'updated_at': '2025-03-11T20:52:06Z', 'revision_number': 2, 'project_id': 'b51495231f564f068258565184d7429d'}
2025-03-11 20:52:08.889 69188 INFO tempest.lib.common.rest_client [req-52ffd7f7-aaea-41e3-a912-108ca04c6ed7 req-52ffd7f7-aaea-41e3-a912-108ca04c6ed7 ] Request (ServersTestJSON:setUpClass): 201 POST http://10.180.1.21/identity/v3/auth/tokens 0.108s
2025-03-11 20:52:08.893 69224 INFO tempest.lib.common.rest_client [req-73d75110-9822-4a49-8f26-9ed961a94dbd req-73d75110-9822-4a49-8f26-9ed961a94dbd ] Request (VolumesAssistedSnapshotsTest:test_volume_assisted_snapshot_create_delete): 200 GET http://10.180.1.21/compute/v2.1/servers/362afff9-710b-4741-bad6-9a9d0d1cafcf 1.185s
2025-03-11 20:52:08.894 69208 INFO tempest.lib.common.rest_client [req-7d9d3674-f997-435a-816c-92f66e3d8ab1 req-7d9d3674-f997-435a-816c-92f66e3d8ab1 ] Request (FloatingIPsAssociationTestJSON:setUpClass): 200 PUT http://10.180.1.21:9696/networking/v2.0/routers/11c66a4e-e316-47dc-a970-2ad714972bff/add_router_interface 2.171s
2025-03-11 20:52:08.894 69208 INFO tempest.lib.common.dynamic_creds [-] Created isolated network resources for: credentials: Credentials: {'domain_id': 'default', 'domain_name': 'Default', 'username': 'tempest-FloatingIPsAssociationTestJSON-240047797-project-member', 'project_domain_id': 'default', 'project_domain_name': 'Default', 'project_id': '87732cad0002441d90170643cf816958', 'project_name': 'tempest-FloatingIPsAssociationTestJSON-240047797', 'tenant_id': '87732cad0002441d90170643cf816958', 'tenant_name': 'tempest-FloatingIPsAssociationTestJSON-240047797', 'user_domain_id': 'default', 'user_domain_name': 'Default', 'user_id': '312536cb145c44e491ee3230ddde2e6e', 'system': None}, Network: {'id': 'f2852deb-53c4-46ad-9e3a-61297b6b0d8b', 'name': 'tempest-FloatingIPsAssociationTestJSON-130073942-network', 'tenant_id': '87732cad0002441d90170643cf816958', 'admin_state_up': True, 'mtu': 8950, 'status': 'ACTIVE', 'subnets': [], 'shared': False, 'project_id': '87732cad0002441d90170643cf816958', 'port_security_enabled': True, 'router:external': False, 'provider:network_type': 'vlan', 'provider:physical_network': 'default', 'provider:segmentation_id': 99, 'availability_zone_hints': [], 'availability_zones': [], 'ipv4_address_scope': None, 'ipv6_address_scope': None, 'description': '', 'tags': [], 'created_at': '2025-03-11T20:52:03Z', 'updated_at': '2025-03-11T20:52:04Z', 'revision_number': 1}, Subnet: {'id': '4dd4c3fb-730a-493d-9cf1-accc788a17d9', 'name': 'tempest-FloatingIPsAssociationTestJSON-130073942-subnet', 'tenant_id': '87732cad0002441d90170643cf816958', 'network_id': 'f2852deb-53c4-46ad-9e3a-61297b6b0d8b', 'ip_version': 4, 'subnetpool_id': None, 'enable_dhcp': True, 'ipv6_ra_mode': None, 'ipv6_address_mode': None, 'gateway_ip': '192.168.128.1', 'cidr': '192.168.128.0/28', 'allocation_pools': [{'start': '192.168.128.2', 'end': '192.168.128.14'}], 'host_routes': [], 'dns_nameservers': [], 'description': '', 'router:external': False, 'service_types': [], 'tags': [], 'created_at': '2025-03-11T20:52:04Z', 'updated_at': '2025-03-11T20:52:04Z', 'revision_number': 0, 'project_id': '87732cad0002441d90170643cf816958'}, Router: {'id': '11c66a4e-e316-47dc-a970-2ad714972bff', 'name': 'tempest-FloatingIPsAssociationTestJSON-130073942-router', 'tenant_id': '87732cad0002441d90170643cf816958', 'admin_state_up': True, 'status': 'ACTIVE', 'external_gateway_info': {'network_id': 'cc194e04-0a46-4494-b374-7a85c8bd7b72', 'external_fixed_ips': [{'subnet_id': '1042a5b3-51cb-483b-accb-f03c5e4ca1f6', 'ip_address': '10.180.180.200'}], 'enable_snat': True}, 'description': '', 'availability_zones': [], 'distributed': False, 'ha': False, 'availability_zone_hints': [], 'routes': [], 'flavor_id': None, 'tags': [], 'created_at': '2025-03-11T20:52:05Z', 'updated_at': '2025-03-11T20:52:06Z', 'revision_number': 2, 'project_id': '87732cad0002441d90170643cf816958'}
2025-03-11 20:52:08.899 69245 INFO tempest.lib.common.rest_client [req-1bc8dbc0-c965-4936-a9e6-14c8ab60c92a req-1bc8dbc0-c965-4936-a9e6-14c8ab60c92a ] Request (AttachInterfacesV270Test:test_create_get_list_interfaces): 200 GET http://10.180.1.21/compute/v2.1/servers/5a701b05-079c-413d-b576-901b0e487964 1.446s
2025-03-11 20:52:08.908 69247 INFO tempest.lib.common.rest_client [req-3806f5cb-dc6d-4fb1-8ff4-a687ae368530 req-3806f5cb-dc6d-4fb1-8ff4-a687ae368530 ] Request (ServersAdminTestJSON:setUpClass): 201 POST http://10.180.1.21/identity/v3/auth/tokens 0.079s
2025-03-11 20:52:08.949 69190 INFO tempest.lib.common.rest_client [req-c44da5f5-0f23-42a1-bfcf-3906c856d65c req-c44da5f5-0f23-42a1-bfcf-3906c856d65c ] Request (ImagesMetadataTestJSON:test_update_image_metadata): 200 GET http://10.180.1.21/compute/v2.1/images/a7e0c164-0005-4e94-899c-46e7582cdf02/metadata 0.886s
2025-03-11 20:52:09.002 69228 INFO tempest.lib.common.rest_client [req-74c9302f-70a9-4a2f-bf86-3f45026a4b37 req-74c9302f-70a9-4a2f-bf86-3f45026a4b37 ] Request (ServerGroupTestJSON:test_create_delete_multiple_server_groups_with_same_name_policy): 204 DELETE http://10.180.1.21/compute/v2.1/os-server-groups/cc1f38b1-af59-41c2-ac65-1d1b171f682d 0.831s
2025-03-11 20:52:09.013 69230 INFO tempest.lib.common.rest_client [req-270f7a67-a814-475e-9daa-d8e62c5e508f req-270f7a67-a814-475e-9daa-d8e62c5e508f ] Request (ListImageFiltersTestJSON:setUpClass): 200 GET http://10.180.1.21/compute/v2.1/servers/f86f5ee4-e2a9-47e2-89ab-fb464f2a121b 1.220s
2025-03-11 20:52:09.018 69247 INFO tempest.lib.common.rest_client [req-b6e4ab57-2137-46e2-9d86-3c183bb3c9e8 req-b6e4ab57-2137-46e2-9d86-3c183bb3c9e8 ] Request (ServersAdminTestJSON:setUpClass): 201 POST http://10.180.1.21/identity/v3/projects 0.107s
2025-03-11 20:52:09.031 69190 INFO tempest.lib.common.rest_client [req-43583bb9-34b4-46c3-9587-b8cbc9184e09 req-43583bb9-34b4-46c3-9587-b8cbc9184e09 ] Request (ImagesMetadataTestJSON:tearDownClass): 204 DELETE http://10.180.1.21/image/v2/images/a7e0c164-0005-4e94-899c-46e7582cdf02 0.078s
2025-03-11 20:52:09.034 69208 INFO tempest.lib.common.rest_client [req-a8ce268f-1b80-4d3c-bc82-c23e22eb2e99 req-a8ce268f-1b80-4d3c-bc82-c23e22eb2e99 ] Request (FloatingIPsAssociationTestJSON:setUpClass): 201 POST http://10.180.1.21/identity/v3/auth/tokens 0.134s
2025-03-11 20:52:09.073 69218 INFO tempest.lib.common.rest_client [req-08335647-843c-4000-9572-7764bdc797fb req-08335647-843c-4000-9572-7764bdc797fb ] Request (VolumesGetTestJSON:test_volume_create_get_delete): 200 GET http://10.180.1.21/compute/v2.1/os-volumes/bc5bcf97-1638-41c8-908c-80081cc0970d 0.893s
2025-03-11 20:52:09.076 69218 INFO tempest.common.waiters [-] volume bc5bcf97-1638-41c8-908c-80081cc0970d reached available after waiting for 0.076596 seconds
2025-03-11 20:52:09.087 69247 INFO tempest.lib.common.rest_client [req-ba81037f-c678-435d-89a7-cacb82fae537 req-ba81037f-c678-435d-89a7-cacb82fae537 ] Request (ServersAdminTestJSON:setUpClass): 201 POST http://10.180.1.21/identity/v3/users 0.068s
2025-03-11 20:52:09.146 69208 INFO tempest.lib.common.rest_client [req-f1309adc-ca22-4ecd-b0e0-c0ac1178bbb3 req-f1309adc-ca22-4ecd-b0e0-c0ac1178bbb3 ] Request (FloatingIPsAssociationTestJSON:setUpClass): 201 POST http://10.180.1.21/identity/v3/auth/tokens 0.108s
2025-03-11 20:52:09.147 69208 INFO tempest.lib.common.fixed_network [-] (FloatingIPsAssociationTestJSON:setUpClass) Found network {'id': 'f2852deb-53c4-46ad-9e3a-61297b6b0d8b', 'name': 'tempest-FloatingIPsAssociationTestJSON-130073942-network', 'tenant_id': '87732cad0002441d90170643cf816958', 'admin_state_up': True, 'mtu': 8950, 'status': 'ACTIVE', 'subnets': [], 'shared': False, 'project_id': '87732cad0002441d90170643cf816958', 'port_security_enabled': True, 'router:external': False, 'provider:network_type': 'vlan', 'provider:physical_network': 'default', 'provider:segmentation_id': 99, 'availability_zone_hints': [], 'availability_zones': [], 'ipv4_address_scope': None, 'ipv6_address_scope': None, 'description': '', 'tags': [], 'created_at': '2025-03-11T20:52:03Z', 'updated_at': '2025-03-11T20:52:04Z', 'revision_number': 1} available for tenant
2025-03-11 20:52:09.156 69194 INFO tempest.lib.common.rest_client [req-e4006b1a-0d83-41ea-8937-864927c59d56 req-e4006b1a-0d83-41ea-8937-864927c59d56 ] Request (ServersV294TestFqdnHostnames:setUpClass): 200 GET http://10.180.1.21/compute/v2.1/servers/fec55202-9159-4470-9f76-6ce5144d52d0 0.834s
2025-03-11 20:52:09.166 69190 INFO tempest.lib.common.rest_client [req-f5af7aee-18b0-41cb-8821-40259959d786 req-f5af7aee-18b0-41cb-8821-40259959d786 ] Request (ImagesMetadataTestJSON:tearDownClass): 204 DELETE http://10.180.1.21/identity/v3/users/403e86b9f87f488987f322322c74dec9 0.134s
2025-03-11 20:52:09.166 69190 INFO tempest.lib.common.dynamic_creds [-] Deleting project and security group for project: 748c2cbda4084845b4ff77364e231280
2025-03-11 20:52:09.217 69247 INFO tempest.lib.common.rest_client [req-75a24254-b542-43a2-bd7a-83293508edf3 req-75a24254-b542-43a2-bd7a-83293508edf3 ] Request (ServersAdminTestJSON:setUpClass): 200 GET http://10.180.1.21/identity/v3/roles 0.129s
2025-03-11 20:52:09.227 69190 INFO tempest.lib.common.rest_client [req-60198075-c3d6-4634-88e8-9672739ba198 req-60198075-c3d6-4634-88e8-9672739ba198 ] Request (ImagesMetadataTestJSON:tearDownClass): 201 POST http://10.180.1.21/identity/v3/auth/tokens 0.061s
2025-03-11 20:52:09.233 69216 INFO tempest.lib.common.rest_client [req-00cf56f5-6056-4e2e-9206-2c028a32d169 req-00cf56f5-6056-4e2e-9206-2c028a32d169 ] Request (ServerDiagnosticsNegativeTest:test_get_server_diagnostics_by_non_admin): 200 GET http://10.180.1.21/compute/v2.1/servers/915c0fef-33aa-48ca-9023-8d0289b96511 1.025s
2025-03-11 20:52:09.250 69247 INFO tempest.lib.common.rest_client [req-b1d00568-51b5-4e09-afb2-a677aed469a1 req-b1d00568-51b5-4e09-afb2-a677aed469a1 ] Request (ServersAdminTestJSON:setUpClass): 204 PUT http://10.180.1.21/identity/v3/projects/88f01788e262415c9fd5b0a86ba00207/users/1c5fb1e0fb844a31a5aa1067ba7c90f7/roles/426b85f5122a49f5bb761150385c07a3 0.032s
2025-03-11 20:52:09.284 69220 INFO tempest.lib.common.rest_client [req-afd1ae90-c58a-4ceb-9728-f933e1d5549a req-afd1ae90-c58a-4ceb-9728-f933e1d5549a ] Request (VolumesAdminNegativeTest:test_update_attached_volume_with_nonexistent_volume_in_body): 200 GET http://10.180.1.21/compute/v2.1/servers/aaa8e47e-7484-4b43-bcfd-c28ee2c6205d 0.922s
2025-03-11 20:52:09.296 69226 INFO tempest.lib.common.rest_client [req-9bcae922-89f7-4441-9874-b3d59282b51e req-9bcae922-89f7-4441-9874-b3d59282b51e ] Request (QuotasAdminTestJSON:test_delete_quota): 202 DELETE http://10.180.1.21/compute/v2.1/os-quota-sets/eadcd3644b404864b03645b90df6ccc7 0.829s
2025-03-11 20:52:09.305 69247 INFO tempest.lib.common.rest_client [req-c0a85aa2-6d37-4c85-8e98-1e4c73e019c1 req-c0a85aa2-6d37-4c85-8e98-1e4c73e019c1 ] Request (ServersAdminTestJSON:setUpClass): 200 GET http://10.180.1.21/identity/v3/roles 0.055s
2025-03-11 20:52:09.323 69247 INFO tempest.lib.common.rest_client [req-8cfff494-8fb6-494e-ae98-6ec4262fe11a req-8cfff494-8fb6-494e-ae98-6ec4262fe11a ] Request (ServersAdminTestJSON:setUpClass): 204 PUT http://10.180.1.21/identity/v3/projects/88f01788e262415c9fd5b0a86ba00207/users/1c5fb1e0fb844a31a5aa1067ba7c90f7/roles/426b85f5122a49f5bb761150385c07a3 0.018s
2025-03-11 20:52:09.324 69247 INFO tempest.lib.common.dynamic_creds [-] Dynamic test user 1c5fb1e0fb844a31a5aa1067ba7c90f7 is created with scope project and roles: ['admin']
2025-03-11 20:52:09.324 69247 INFO tempest.lib.common.dynamic_creds [-] Acquired dynamic creds: credentials: Credentials: {'domain_id': 'default', 'domain_name': 'Default', 'username': 'tempest-ServersAdminTestJSON-667071571-project-admin', 'project_domain_id': 'default', 'project_domain_name': 'Default', 'project_id': '88f01788e262415c9fd5b0a86ba00207', 'project_name': 'tempest-ServersAdminTestJSON-667071571', 'tenant_id': '88f01788e262415c9fd5b0a86ba00207', 'tenant_name': 'tempest-ServersAdminTestJSON-667071571', 'user_domain_id': 'default', 'user_domain_name': 'Default', 'user_id': '1c5fb1e0fb844a31a5aa1067ba7c90f7', 'system': None}, Network: None, Subnet: None, Router: None
2025-03-11 20:52:09.344 69200 INFO tempest.lib.common.rest_client [req-2f1ba840-7c52-4634-ba33-8ddce71e18e9 req-2f1ba840-7c52-4634-ba33-8ddce71e18e9 ] Request (ServerDiagnosticsTest:test_get_server_diagnostics): 200 GET http://10.180.1.21/compute/v2.1/servers/7fbc6eb1-fcd9-4bc7-848f-baa046e6b06a 0.933s
2025-03-11 20:52:09.362 69214 INFO tempest.lib.common.rest_client [req-1ce18719-5c36-4086-a1da-ea67902f7838 req-1ce18719-5c36-4086-a1da-ea67902f7838 ] Request (ServersWithSpecificFlavorTestJSON:test_verify_created_server_ephemeral_disk): 200 GET http://10.180.1.21/compute/v2.1/servers/7a5ebcc6-acf2-4f0d-b8b1-e184b4f07157 0.850s
2025-03-11 20:52:09.424 69206 INFO tempest.lib.common.rest_client [req-db196ace-aa15-4e78-9dcb-a6d499caad76 req-db196ace-aa15-4e78-9dcb-a6d499caad76 ] Request (ImagesTestJSON:test_create_image_from_stopped_server): 200 GET http://10.180.1.21/compute/v2.1/servers/58156580-6b3c-4bd6-bb30-5dde8b8f9560 0.905s
2025-03-11 20:52:09.446 69239 INFO tempest.lib.common.rest_client [req-98feb227-abf5-4fff-9074-289ac9b50707 req-98feb227-abf5-4fff-9074-289ac9b50707 ] Request (AggregatesAdminNegativeTestJSON:test_aggregate_delete_as_user): 200 POST http://10.180.1.21/compute/v2.1/os-aggregates 0.888s
2025-03-11 20:52:09.553 69202 INFO tempest.lib.common.rest_client [req-471e4648-8ec3-44b4-93b8-c4f835d5cc77 req-471e4648-8ec3-44b4-93b8-c4f835d5cc77 ] Request (TenantUsagesTestJSON:tearDownClass): 204 DELETE http://10.180.1.21/compute/v2.1/servers/9b4fa898-0366-4234-96ba-1140aaa7adbd 1.040s
2025-03-11 20:52:09.584 69204 INFO tempest.lib.common.rest_client [req-0ef0f2aa-3afa-45e1-b27f-99ee099af495 req-0ef0f2aa-3afa-45e1-b27f-99ee099af495 ] Request (ServicesAdminNegativeV253TestJSON:test_get_service_by_invalid_params): 200 GET http://10.180.1.21/compute/v2.1/os-services?xxx=nova-compute 0.914s
2025-03-11 20:52:09.606 69190 INFO tempest.lib.common.rest_client [req-5eab824f-2005-4275-a0bc-6527465dbf30 req-5eab824f-2005-4275-a0bc-6527465dbf30 ] Request (ImagesMetadataTestJSON:tearDownClass): 200 GET http://10.180.1.21:9696/networking/v2.0/security-groups?tenant_id=748c2cbda4084845b4ff77364e231280&name=default 0.378s
