2025-03-11 20:53:28.916 69245 INFO tempest.lib.common.rest_client [req-ecf57679-26b9-4a14-a9fd-0f93b87241fe req-ecf57679-26b9-4a14-a9fd-0f93b87241fe ] Request (AttachInterfacesV270Test:tearDownClass): 200 GET http://10.180.1.21/compute/v2.1/servers/5a701b05-079c-413d-b576-901b0e487964 0.067s
2025-03-11 20:53:28.942 69230 INFO tempest.lib.common.rest_client [req-5b33f650-f68d-4c8a-9edd-22baf3ba2277 req-5b33f650-f68d-4c8a-9edd-22baf3ba2277 ] Request (ListImageFiltersTestJSON:test_list_images_with_detail_filter_by_type): 200 GET http://10.180.1.21/compute/v2.1/images/17656c0e-9d4c-4070-a53c-835b3886163d 0.092s
2025-03-11 20:53:28.946 69222 INFO tempest.lib.common.rest_client [req-a2fd5378-b549-4e03-beb6-a5d8d5903a58 req-a2fd5378-b549-4e03-beb6-a5d8d5903a58 ] Request (DeleteServersTestJSON:setUpClass): 201 POST http://10.180.1.21/identity/v3/users 0.066s
2025-03-11 20:53:28.968 69222 INFO tempest.lib.common.rest_client [req-1477f299-abcc-400c-a3ab-dc412f1b69c7 req-1477f299-abcc-400c-a3ab-dc412f1b69c7 ] Request (DeleteServersTestJSON:setUpClass): 200 GET http://10.180.1.21/identity/v3/roles 0.022s
2025-03-11 20:53:28.995 69230 INFO tempest.lib.common.rest_client [req-3c181f62-c310-41c3-9d40-19ce41eb6f69 req-3c181f62-c310-41c3-9d40-19ce41eb6f69 ] Request (ListImageFiltersTestJSON:test_list_images_with_detail_limit_results): 200 GET http://10.180.1.21/compute/v2.1/images/detail?limit=1 0.047s
2025-03-11 20:53:29.001 69222 INFO tempest.lib.common.rest_client [req-6a4d832b-ac88-4904-b774-782813780956 req-6a4d832b-ac88-4904-b774-782813780956 ] Request (DeleteServersTestJSON:setUpClass): 204 PUT http://10.180.1.21/identity/v3/projects/176bf0dbeb0c4b33bd48d20fa96a3f57/users/a52f8d54704e41dcaa7b7d78bbbf7022/roles/ecac11f56c82402dab0c20175776802e 0.032s
2025-03-11 20:53:29.001 69222 INFO tempest.lib.common.dynamic_creds [-] Dynamic test user a52f8d54704e41dcaa7b7d78bbbf7022 is created with scope project and roles: ['member']
2025-03-11 20:53:29.002 69222 INFO tempest.lib.common.dynamic_creds [-] Acquired dynamic creds: credentials: Credentials: {'domain_id': 'default', 'domain_name': 'Default', 'username': 'tempest-DeleteServersTestJSON-498035730-project-member', 'project_domain_id': 'default', 'project_domain_name': 'Default', 'project_id': '176bf0dbeb0c4b33bd48d20fa96a3f57', 'project_name': 'tempest-DeleteServersTestJSON-498035730', 'tenant_id': '176bf0dbeb0c4b33bd48d20fa96a3f57', 'tenant_name': 'tempest-DeleteServersTestJSON-498035730', 'user_domain_id': 'default', 'user_domain_name': 'Default', 'user_id': 'a52f8d54704e41dcaa7b7d78bbbf7022', 'system': None}, Network: None, Subnet: None, Router: None
2025-03-11 20:53:29.057 69222 INFO tempest.lib.common.rest_client [req-f6bc20e6-bb0d-404e-ad7f-872b90c14208 req-f6bc20e6-bb0d-404e-ad7f-872b90c14208 ] Request (DeleteServersTestJSON:setUpClass): 201 POST http://10.180.1.21/identity/v3/auth/tokens 0.055s
2025-03-11 20:53:29.119 69230 INFO tempest.lib.common.rest_client [req-ec667652-7c07-4fd5-8bd7-682eff7caea3 req-ec667652-7c07-4fd5-8bd7-682eff7caea3 ] Request (ListImageFiltersTestJSON:tearDownClass): 204 DELETE http://10.180.1.21/compute/v2.1/images/fefca504-0eaa-4929-9d93-544abcb164be 0.119s
2025-03-11 20:53:29.160 69241 INFO tempest.lib.common.rest_client [req-60680ba4-1e85-4eb5-afea-24d2dd196af4 req-60680ba4-1e85-4eb5-afea-24d2dd196af4 ] Request (ServerMetadataNegativeTestJSON:setUpClass): 201 POST http://10.180.1.21:9696/networking/v2.0/networks 0.331s
2025-03-11 20:53:29.273 69237 INFO tempest.lib.common.rest_client [req-c6a5dea4-1f77-4a6c-b07d-6f04be03cd43 req-c6a5dea4-1f77-4a6c-b07d-6f04be03cd43 ] Request (MigrationsAdminTest:test_list_migrations_in_flavor_resize_situation): 200 GET http://10.180.1.21/compute/v2.1/servers/2caef58a-fa7a-42bb-8b96-4ddbbaf46ee7 0.176s
2025-03-11 20:53:29.310 69241 INFO tempest.lib.common.rest_client [req-280e4503-cc55-412a-b7fd-312c4c0c5816 req-280e4503-cc55-412a-b7fd-312c4c0c5816 ] Request (ServerMetadataNegativeTestJSON:setUpClass): 201 POST http://10.180.1.21:9696/networking/v2.0/subnets 0.150s
2025-03-11 20:53:29.315 69190 INFO tempest.lib.common.rest_client [req-459cf5b2-e1b7-49bf-b289-7f0835415853 req-459cf5b2-e1b7-49bf-b289-7f0835415853 ] Request (ServersTestMultiNic:test_verify_duplicate_network_nics): 200 GET http://10.180.1.21/compute/v2.1/servers/e42489db-55ce-4b59-bed9-86752b6a146b 0.210s
2025-03-11 20:53:29.323 69190 INFO tempest.common.waiters [-] State transition "BUILD/block_device_mapping" ==> "BUILD/spawning" after 71 second wait
2025-03-11 20:53:29.328 69220 WARNING tempest.lib.common.ssh [-] Failed to establish authenticated ssh connection to cirros@10.180.180.212 ([Errno None] Unable to connect to port 22 on 10.180.180.212). Number attempts: 9. Retry after 10 seconds.: paramiko.ssh_exception.NoValidConnectionsError: [Errno None] Unable to connect to port 22 on 10.180.180.212
2025-03-11 20:53:29.356 69206 INFO tempest.lib.common.rest_client [req-be3b6dc8-1fc4-4595-8c2d-bd7cbb0879e2 req-be3b6dc8-1fc4-4595-8c2d-bd7cbb0879e2 ] Request (ImagesTestJSON:test_create_image_from_stopped_server): 200 GET http://10.180.1.21/compute/v2.1/images/a7d8f313-94fe-4c4c-95e0-09b3ba5165cc 0.178s
2025-03-11 20:53:29.404 69230 INFO tempest.lib.common.rest_client [req-ba614fbe-ea17-4a68-af42-c386d26e018d req-ba614fbe-ea17-4a68-af42-c386d26e018d ] Request (ListImageFiltersTestJSON:tearDownClass): 204 DELETE http://10.180.1.21/compute/v2.1/images/15be8363-101d-48ab-876d-ac8c0e8479e2 0.284s
2025-03-11 20:53:29.415 69222 INFO tempest.lib.common.rest_client [req-73818be0-d738-4c8b-b073-fedf827d560c req-73818be0-d738-4c8b-b073-fedf827d560c ] Request (DeleteServersTestJSON:setUpClass): 201 POST http://10.180.1.21:9696/networking/v2.0/networks 0.357s
2025-03-11 20:53:29.419 69228 INFO tempest.lib.common.rest_client [req-a033f8d2-7bce-4c13-9f22-7e4c53f62c6e req-a033f8d2-7bce-4c13-9f22-7e4c53f62c6e ] Request (ServerGroupTestJSON:test_create_server_with_scheduler_hint_group): 200 GET http://10.180.1.21/compute/v2.1/servers/bb71bace-8d28-4ff2-9316-eafb00b05663 0.157s
2025-03-11 20:53:29.479 69247 INFO tempest.lib.common.rest_client [req-3061705e-c514-42b7-9e80-b40d09d0b1f3 req-3061705e-c514-42b7-9e80-b40d09d0b1f3 ] Request (ServersAdminTestJSON:setUpClass): 200 GET http://10.180.1.21/compute/v2.1/servers/3be07c27-d983-4327-928b-cae2f12f09bc 0.211s
2025-03-11 20:53:29.481 69202 INFO tempest.lib.common.rest_client [req-f0f27c5f-3cdc-453f-bddf-49d10ac977f4 req-f0f27c5f-3cdc-453f-bddf-49d10ac977f4 ] Request (ImagesOneServerNegativeTestJSON:setUpClass): 200 GET http://10.180.1.21/compute/v2.1/servers/fee46f73-ed67-44bf-8595-7fcc105edb8e 0.164s
2025-03-11 20:53:29.516 69206 INFO tempest.lib.common.rest_client [req-17083851-b0e6-4251-a3d8-738dbdd870ab req-17083851-b0e6-4251-a3d8-738dbdd870ab ] Request (ImagesTestJSON:test_create_image_from_stopped_server): 200 GET http://10.180.1.21/compute/v2.1/images/a7d8f313-94fe-4c4c-95e0-09b3ba5165cc 0.157s
2025-03-11 20:53:29.537 69204 INFO tempest.lib.common.rest_client [req-52e14919-be7d-4921-994d-88a7b0f96131 req-52e14919-be7d-4921-994d-88a7b0f96131 ] Request (AttachInterfacesTestJSON:test_create_list_show_delete_interfaces_by_fixed_ip): 200 GET http://10.180.1.21/compute/v2.1/servers/66b2bb97-67dd-40cd-bdba-dd70e30823be 0.196s
2025-03-11 20:53:29.554 69206 INFO tempest.lib.common.rest_client [req-2764d4a3-eb73-4dbc-af55-f9b1eb70857b req-2764d4a3-eb73-4dbc-af55-f9b1eb70857b ] Request (ImagesTestJSON:test_create_image_from_stopped_server): 200 GET http://10.180.1.21/image/v2/images/a7d8f313-94fe-4c4c-95e0-09b3ba5165cc/tasks 0.034s
2025-03-11 20:53:29.578 69196 INFO tempest.lib.common.rest_client [req-3c8e7baf-483e-45c3-bec6-4b6d6f54be4e req-3c8e7baf-483e-45c3-bec6-4b6d6f54be4e ] Request (ImagesNegativeTestJSON:test_create_image_from_deleted_server): 200 GET http://10.180.1.21/compute/v2.1/servers/c00d45a8-09f6-4673-a53a-e92be99fe1b7 0.199s
2025-03-11 20:53:29.634 69222 INFO tempest.lib.common.rest_client [req-081397ee-5ba0-4763-8406-e64c13401822 req-081397ee-5ba0-4763-8406-e64c13401822 ] Request (DeleteServersTestJSON:setUpClass): 201 POST http://10.180.1.21:9696/networking/v2.0/subnets 0.219s
2025-03-11 20:53:29.638 69216 INFO tempest.lib.common.rest_client [req-0e0e4c93-2c81-4393-9158-20085f21f876 req-0e0e4c93-2c81-4393-9158-20085f21f876 ] Request (ListServersNegativeTestJSON:setUpClass): 200 GET http://10.180.1.21/compute/v2.1/servers/6abf8eea-9053-45bf-8c50-c7fc5d6f5d7c 0.203s
2025-03-11 20:53:29.642 69230 INFO tempest.lib.common.rest_client [req-110420d4-8eff-4e19-b1a7-96e3bf8133e8 req-110420d4-8eff-4e19-b1a7-96e3bf8133e8 ] Request (ListImageFiltersTestJSON:tearDownClass): 204 DELETE http://10.180.1.21/compute/v2.1/images/051de6bb-b546-40fb-b52f-0b04dcc70fa8 0.238s
2025-03-11 20:53:29.704 69212 INFO tempest.lib.common.rest_client [req-8a00bacb-7898-477a-abae-80de08ccbc2c req-8a00bacb-7898-477a-abae-80de08ccbc2c ] Request (ListServerFiltersTestJSON:tearDownClass): 200 GET http://10.180.1.21/compute/v2.1/servers/b58e6f5b-0e27-4b89-83ce-c2d969ee9789 0.203s
2025-03-11 20:53:29.737 69206 INFO tempest.lib.common.rest_client [req-67be24ef-a4e0-416b-8999-d8107df7fd03 req-67be24ef-a4e0-416b-8999-d8107df7fd03 ] Request (ImagesTestJSON:_run_cleanups): 204 DELETE http://10.180.1.21/compute/v2.1/images/a7d8f313-94fe-4c4c-95e0-09b3ba5165cc 0.182s
2025-03-11 20:53:29.769 69232 INFO tempest.lib.common.rest_client [req-acf634b4-710d-4587-b074-0c924263d7f2 req-acf634b4-710d-4587-b074-0c924263d7f2 ] Request (ServerAddressesNegativeTestJSON:tearDownClass): 200 GET http://10.180.1.21/compute/v2.1/servers/d435fc42-027b-4570-adf3-3af3e3ba7a34 0.211s
2025-03-11 20:53:29.795 69249 INFO tempest.lib.common.rest_client [req-a42e64ca-7391-45ff-89a1-b9ab3903fc4b req-a42e64ca-7391-45ff-89a1-b9ab3903fc4b ] Request (InstanceActionsNegativeTestJSON:setUpClass): 200 GET http://10.180.1.21/compute/v2.1/servers/daa44d73-b9a8-4aaa-9240-410dfc5d2d80 0.185s
2025-03-11 20:53:29.866 69230 INFO tempest.lib.common.rest_client [req-72a6bb26-acf1-4edc-bd97-442bdda6ee45 req-72a6bb26-acf1-4edc-bd97-442bdda6ee45 ] Request (ListImageFiltersTestJSON:tearDownClass): 204 DELETE http://10.180.1.21/compute/v2.1/servers/f86f5ee4-e2a9-47e2-89ab-fb464f2a121b 0.224s
2025-03-11 20:53:29.873 69226 INFO tempest.lib.common.rest_client [req-0d86430c-a817-4da0-b1e1-76ec5f973d26 req-0d86430c-a817-4da0-b1e1-76ec5f973d26 ] Request (ServerRescueTestJSONUnderV235:setUpClass): 200 GET http://10.180.1.21/compute/v2.1/servers/adc0124f-b328-4243-a734-75a8a6424d5d 0.192s
2025-03-11 20:53:29.937 69186 INFO tempest.lib.common.rest_client [req-d907a56e-b63e-4a2e-8312-f6fc9cd03e22 req-d907a56e-b63e-4a2e-8312-f6fc9cd03e22 ] Request (ServersTestFqdnHostnames:test_create_server_with_fqdn_name): 200 GET http://10.180.1.21/compute/v2.1/servers/f1c2938e-3a85-45ba-afb3-cea2f59a7b55 0.254s
2025-03-11 20:53:29.963 69206 INFO tempest.lib.common.rest_client [req-4f2237d3-4e36-49b2-b9ce-4ccdce56b709 req-4f2237d3-4e36-49b2-b9ce-4ccdce56b709 ] Request (ImagesTestJSON:_run_cleanups): 204 DELETE http://10.180.1.21/compute/v2.1/servers/58156580-6b3c-4bd6-bb30-5dde8b8f9560 0.225s
2025-03-11 20:53:30.008 69192 INFO tempest.lib.common.rest_client [req-f5dcb3c8-1fd0-4021-b786-b5f2504927da req-f5dcb3c8-1fd0-4021-b786-b5f2504927da ] Request (ImagesOneServerTestJSON:test_create_image_specify_multibyte_character_image_name): 200 GET http://10.180.1.21/compute/v2.1/images/0e196de6-559b-4678-97a4-01562e79b713 0.220s
2025-03-11 20:53:30.027 69210 INFO tempest.lib.common.rest_client [req-dd3450e7-f4bd-46cb-a496-4b3c7053eef4 req-dd3450e7-f4bd-46cb-a496-4b3c7053eef4 ] Request (ServerShowV247Test:test_update_rebuild_list_server): 200 GET http://10.180.1.21/compute/v2.1/servers/b65b8b21-680b-4bb6-8ea4-5bc8f026f771 0.275s
2025-03-11 20:53:30.054 69206 INFO tempest.lib.common.rest_client [req-9381063a-c786-4c53-8c79-ab214efb9da0 req-9381063a-c786-4c53-8c79-ab214efb9da0 ] Request (ImagesTestJSON:test_create_image_from_suspended_server): 201 POST http://10.180.1.21/identity/v3/auth/tokens 0.082s
2025-03-11 20:53:30.054 69206 INFO tempest.lib.common.fixed_network [-] (ImagesTestJSON:test_create_image_from_suspended_server) Found network {'id': '2f6d1ac6-79ac-4b24-9173-9a25ee1524c6', 'name': 'tempest-ImagesTestJSON-312923561-network', 'tenant_id': '24888b0c153f44e1b0e3ad011d874316', 'admin_state_up': True, 'mtu': 8950, 'status': 'ACTIVE', 'subnets': [], 'shared': False, 'project_id': '24888b0c153f44e1b0e3ad011d874316', 'port_security_enabled': True, 'router:external': False, 'provider:network_type': 'vlan', 'provider:physical_network': 'default', 'provider:segmentation_id': 350, 'availability_zone_hints': [], 'availability_zones': [], 'ipv4_address_scope': None, 'ipv6_address_scope': None, 'description': '', 'tags': [], 'created_at': '2025-03-11T20:51:57Z', 'updated_at': '2025-03-11T20:51:57Z', 'revision_number': 1} available for tenant
2025-03-11 20:53:30.067 69200 INFO tempest.lib.common.rest_client [req-9ed83741-ee54-4d74-a53a-2675b2a9d122 req-9ed83741-ee54-4d74-a53a-2675b2a9d122 ] Request (ServerExternalEventsTest:test_create_server_external_events): 200 GET http://10.180.1.21/compute/v2.1/servers/d34132e0-a8de-4502-8f32-16056146ec8a 0.255s
2025-03-11 20:53:30.087 69208 INFO tempest.lib.common.rest_client [req-dd54da74-cfca-4d72-84f5-f08906d52049 req-dd54da74-cfca-4d72-84f5-f08906d52049 ] Request (FloatingIPsAssociationTestJSON:test_associate_already_associated_floating_ip): 200 GET http://10.180.1.21/compute/v2.1/servers/1bf15cde-c03f-426d-8a59-af1bba3b394d 0.242s
2025-03-11 20:53:30.151 69198 INFO tempest.lib.common.rest_client [req-7c71c7a3-b722-40f2-9de1-2c904fb55ab5 req-7c71c7a3-b722-40f2-9de1-2c904fb55ab5 ] Request (DeleteServersAdminTestJSON:test_delete_server_while_in_error_state): 200 GET http://10.180.1.21/compute/v2.1/servers/862e124c-12d6-4f2b-92b3-6bafe7c93ff4 0.254s
2025-03-11 20:53:30.234 69245 INFO tempest.lib.common.rest_client [req-78d4be43-5305-4636-81a7-997b94886ac6 req-78d4be43-5305-4636-81a7-997b94886ac6 ] Request (AttachInterfacesV270Test:tearDownClass): 200 GET http://10.180.1.21/compute/v2.1/servers/5a701b05-079c-413d-b576-901b0e487964 0.306s
2025-03-11 20:53:30.237 69230 INFO tempest.lib.common.rest_client [req-b5fc6002-20ee-43eb-b6ca-9148362cd25e req-b5fc6002-20ee-43eb-b6ca-9148362cd25e ] Request (ListImageFiltersTestJSON:tearDownClass): 200 GET http://10.180.1.21/compute/v2.1/servers/f86f5ee4-e2a9-47e2-89ab-fb464f2a121b 0.370s
2025-03-11 20:53:30.384 69241 INFO tempest.lib.common.rest_client [req-2bb719ec-d416-47b6-a7bc-81d2cc8d6249 req-2bb719ec-d416-47b6-a7bc-81d2cc8d6249 ] Request (ServerMetadataNegativeTestJSON:setUpClass): 201 POST http://10.180.1.21:9696/networking/v2.0/routers 1.073s
2025-03-11 20:53:30.538 69237 INFO tempest.lib.common.rest_client [req-33fcc484-1695-4204-85a9-f6bc263e8294 req-33fcc484-1695-4204-85a9-f6bc263e8294 ] Request (MigrationsAdminTest:test_list_migrations_in_flavor_resize_situation): 200 GET http://10.180.1.21/compute/v2.1/servers/2caef58a-fa7a-42bb-8b96-4ddbbaf46ee7 0.253s
2025-03-11 20:53:30.983 69190 INFO tempest.lib.common.rest_client [req-91a7a613-6e99-4404-8f3d-ec82727278d7 req-91a7a613-6e99-4404-8f3d-ec82727278d7 ] Request (ServersTestMultiNic:test_verify_duplicate_network_nics): 200 GET http://10.180.1.21/compute/v2.1/servers/e42489db-55ce-4b59-bed9-86752b6a146b 0.659s
2025-03-11 20:53:31.069 69206 INFO tempest.lib.common.rest_client [req-1a2c1767-be67-4d6f-ad60-448da78b8ba6 req-1a2c1767-be67-4d6f-ad60-448da78b8ba6 ] Request (ImagesTestJSON:test_create_image_from_suspended_server): 202 POST http://10.180.1.21/compute/v2.1/servers 1.014s
2025-03-11 20:53:31.082 69228 INFO tempest.lib.common.rest_client [req-03ee279b-16ad-49ba-98ca-b31356e0f881 req-03ee279b-16ad-49ba-98ca-b31356e0f881 ] Request (ServerGroupTestJSON:test_create_server_with_scheduler_hint_group): 200 GET http://10.180.1.21/compute/v2.1/servers/bb71bace-8d28-4ff2-9316-eafb00b05663 0.650s
2025-03-11 20:53:31.179 69202 INFO tempest.lib.common.rest_client [req-13f7a7b3-c4aa-4523-add3-aa946fbcde7e req-13f7a7b3-c4aa-4523-add3-aa946fbcde7e ] Request (ImagesOneServerNegativeTestJSON:setUpClass): 200 GET http://10.180.1.21/compute/v2.1/servers/fee46f73-ed67-44bf-8595-7fcc105edb8e 0.689s
2025-03-11 20:53:31.188 69202 INFO tempest.common.waiters [-] State transition "BUILD/scheduling" ==> "BUILD/None" after 34 second wait
2025-03-11 20:53:31.216 69222 INFO tempest.lib.common.rest_client [req-c44aa830-7aa8-4443-8499-8ce1f1982ce9 req-c44aa830-7aa8-4443-8499-8ce1f1982ce9 ] Request (DeleteServersTestJSON:setUpClass): 201 POST http://10.180.1.21:9696/networking/v2.0/routers 1.581s
2025-03-11 20:53:31.292 69204 INFO tempest.lib.common.rest_client [req-5cc93bd4-23f8-4660-ab91-9122e28e1536 req-5cc93bd4-23f8-4660-ab91-9122e28e1536 ] Request (AttachInterfacesTestJSON:test_create_list_show_delete_interfaces_by_fixed_ip): 200 GET http://10.180.1.21/compute/v2.1/servers/66b2bb97-67dd-40cd-bdba-dd70e30823be 0.739s
2025-03-11 20:53:31.369 69196 INFO tempest.lib.common.rest_client [req-63b4ceb8-3e2a-4a84-b706-abbd4adf47ac req-63b4ceb8-3e2a-4a84-b706-abbd4adf47ac ] Request (ImagesNegativeTestJSON:test_create_image_from_deleted_server): 200 GET http://10.180.1.21/compute/v2.1/servers/c00d45a8-09f6-4673-a53a-e92be99fe1b7 0.783s
2025-03-11 20:53:31.389 69247 INFO tempest.lib.common.rest_client [req-81c315c8-829b-4e91-a746-49850d75ff26 req-81c315c8-829b-4e91-a746-49850d75ff26 ] Request (ServersAdminTestJSON:setUpClass): 200 GET http://10.180.1.21/compute/v2.1/servers/3be07c27-d983-4327-928b-cae2f12f09bc 0.894s
2025-03-11 20:53:31.399 69247 INFO tempest.common.waiters [-] State transition "BUILD/None" ==> "BUILD/block_device_mapping" after 73 second wait
2025-03-11 20:53:31.443 69216 INFO tempest.lib.common.rest_client [req-5f20293a-adbd-4a79-96cf-c8b92b3c3d68 req-5f20293a-adbd-4a79-96cf-c8b92b3c3d68 ] Request (ListServersNegativeTestJSON:setUpClass): 200 GET http://10.180.1.21/compute/v2.1/servers/6abf8eea-9053-45bf-8c50-c7fc5d6f5d7c 0.794s
2025-03-11 20:53:31.491 69212 INFO tempest.lib.common.rest_client [req-611b574a-ccf3-4256-a39e-a42dc20ba444 req-611b574a-ccf3-4256-a39e-a42dc20ba444 ] Request (ListServerFiltersTestJSON:tearDownClass): 200 GET http://10.180.1.21/compute/v2.1/servers/b58e6f5b-0e27-4b89-83ce-c2d969ee9789 0.775s
2025-03-11 20:53:31.544 69232 INFO tempest.lib.common.rest_client [req-496fd893-abf6-46c6-ab00-7893762c762b req-496fd893-abf6-46c6-ab00-7893762c762b ] Request (ServerAddressesNegativeTestJSON:tearDownClass): 200 GET http://10.180.1.21/compute/v2.1/servers/d435fc42-027b-4570-adf3-3af3e3ba7a34 0.765s
2025-03-11 20:53:31.571 69249 INFO tempest.lib.common.rest_client [req-12da6a74-9531-461c-ac09-7e843a27d476 req-12da6a74-9531-461c-ac09-7e843a27d476 ] Request (InstanceActionsNegativeTestJSON:setUpClass): 200 GET http://10.180.1.21/compute/v2.1/servers/daa44d73-b9a8-4aaa-9240-410dfc5d2d80 0.769s
2025-03-11 20:53:31.599 69241 INFO tempest.lib.common.rest_client [req-ce833e59-03fb-4d87-a34c-3388ed92773e req-ce833e59-03fb-4d87-a34c-3388ed92773e ] Request (ServerMetadataNegativeTestJSON:setUpClass): 200 PUT http://10.180.1.21:9696/networking/v2.0/routers/e8922970-752e-4eed-bcf7-275fe9673d0e/add_router_interface 1.215s
2025-03-11 20:53:31.600 69241 INFO tempest.lib.common.dynamic_creds [-] Created isolated network resources for: credentials: Credentials: {'domain_id': 'default', 'domain_name': 'Default', 'username': 'tempest-ServerMetadataNegativeTestJSON-1012522279-project-member', 'project_domain_id': 'default', 'project_domain_name': 'Default', 'project_id': '9f3df013925645548ee34f8cd7b8f589', 'project_name': 'tempest-ServerMetadataNegativeTestJSON-1012522279', 'tenant_id': '9f3df013925645548ee34f8cd7b8f589', 'tenant_name': 'tempest-ServerMetadataNegativeTestJSON-1012522279', 'user_domain_id': 'default', 'user_domain_name': 'Default', 'user_id': 'b6a955bccf724744a44a573bfcff9ecf', 'system': None}, Network: {'id': '535e0cbf-1db7-445a-a37d-f13ab62f4b1a', 'name': 'tempest-ServerMetadataNegativeTestJSON-913188616-network', 'tenant_id': '9f3df013925645548ee34f8cd7b8f589', 'admin_state_up': True, 'mtu': 8950, 'status': 'ACTIVE', 'subnets': [], 'shared': False, 'project_id': '9f3df013925645548ee34f8cd7b8f589', 'port_security_enabled': True, 'router:external': False, 'provider:network_type': 'vlan', 'provider:physical_network': 'default', 'provider:segmentation_id': 103, 'availability_zone_hints': [], 'availability_zones': [], 'ipv4_address_scope': None, 'ipv6_address_scope': None, 'description': '', 'tags': [], 'created_at': '2025-03-11T20:53:29Z', 'updated_at': '2025-03-11T20:53:29Z', 'revision_number': 1}, Subnet: {'id': 'a778f38e-2a35-4a8e-9d94-8d811d844786', 'name': 'tempest-ServerMetadataNegativeTestJSON-913188616-subnet', 'tenant_id': '9f3df013925645548ee34f8cd7b8f589', 'network_id': '535e0cbf-1db7-445a-a37d-f13ab62f4b1a', 'ip_version': 4, 'subnetpool_id': None, 'enable_dhcp': True, 'ipv6_ra_mode': None, 'ipv6_address_mode': None, 'gateway_ip': '192.168.128.1', 'cidr': '192.168.128.0/28', 'allocation_pools': [{'start': '192.168.128.2', 'end': '192.168.128.14'}], 'host_routes': [], 'dns_nameservers': [], 'description': '', 'router:external': False, 'service_types': [], 'tags': [], 'created_at': '2025-03-11T20:53:29Z', 'updated_at': '2025-03-11T20:53:29Z', 'revision_number': 0, 'project_id': '9f3df013925645548ee34f8cd7b8f589'}, Router: {'id': 'e8922970-752e-4eed-bcf7-275fe9673d0e', 'name': 'tempest-ServerMetadataNegativeTestJSON-913188616-router', 'tenant_id': '9f3df013925645548ee34f8cd7b8f589', 'admin_state_up': True, 'status': 'ACTIVE', 'external_gateway_info': {'network_id': 'cc194e04-0a46-4494-b374-7a85c8bd7b72', 'external_fixed_ips': [{'subnet_id': '1042a5b3-51cb-483b-accb-f03c5e4ca1f6', 'ip_address': '10.180.180.132'}], 'enable_snat': True}, 'description': '', 'availability_zones': [], 'distributed': False, 'ha': False, 'availability_zone_hints': [], 'routes': [], 'flavor_id': None, 'tags': [], 'created_at': '2025-03-11T20:53:29Z', 'updated_at': '2025-03-11T20:53:29Z', 'revision_number': 2, 'project_id': '9f3df013925645548ee34f8cd7b8f589'}
2025-03-11 20:53:31.622 69226 INFO tempest.lib.common.rest_client [req-3bb8bd19-a86d-44f5-983f-be2f770cfd59 req-3bb8bd19-a86d-44f5-983f-be2f770cfd59 ] Request (ServerRescueTestJSONUnderV235:setUpClass): 200 GET http://10.180.1.21/compute/v2.1/servers/adc0124f-b328-4243-a734-75a8a6424d5d 0.738s
2025-03-11 20:53:31.653 69186 INFO tempest.lib.common.rest_client [req-5d2483b5-6dbf-4b1b-952a-e9fd73b0d3d8 req-5d2483b5-6dbf-4b1b-952a-e9fd73b0d3d8 ] Request (ServersTestFqdnHostnames:test_create_server_with_fqdn_name): 200 GET http://10.180.1.21/compute/v2.1/servers/f1c2938e-3a85-45ba-afb3-cea2f59a7b55 0.700s
2025-03-11 20:53:31.664 69192 INFO tempest.lib.common.rest_client [req-1001f9de-4065-467b-b8bf-e430628d80ee req-1001f9de-4065-467b-b8bf-e430628d80ee ] Request (ImagesOneServerTestJSON:test_create_image_specify_multibyte_character_image_name): 200 GET http://10.180.1.21/compute/v2.1/images/0e196de6-559b-4678-97a4-01562e79b713 0.652s
2025-03-11 20:53:31.693 69241 INFO tempest.lib.common.rest_client [req-323aa572-36b5-4c54-b782-f1ce49928c3a req-323aa572-36b5-4c54-b782-f1ce49928c3a ] Request (ServerMetadataNegativeTestJSON:setUpClass): 201 POST http://10.180.1.21/identity/v3/auth/tokens 0.089s
2025-03-11 20:53:31.696 69241 WARNING tempest.lib.common.rest_client [-] Deprecated: "tenant_id" property is deprecated for removal, use "project_id" instead
2025-03-11 20:53:31.739 69210 INFO tempest.lib.common.rest_client [req-a4a1edbb-361e-4406-a27e-67c1289c9296 req-a4a1edbb-361e-4406-a27e-67c1289c9296 ] Request (ServerShowV247Test:test_update_rebuild_list_server): 200 GET http://10.180.1.21/compute/v2.1/servers/b65b8b21-680b-4bb6-8ea4-5bc8f026f771 0.701s
2025-03-11 20:53:31.741 69241 INFO tempest.lib.common.rest_client [req-cd9f7fe0-0161-435f-b063-6829043441ed req-cd9f7fe0-0161-435f-b063-6829043441ed ] Request (ServerMetadataNegativeTestJSON:setUpClass): 201 POST http://10.180.1.21/identity/v3/auth/tokens 0.041s
2025-03-11 20:53:31.741 69241 INFO tempest.lib.common.fixed_network [-] (ServerMetadataNegativeTestJSON:setUpClass) Found network {'id': '535e0cbf-1db7-445a-a37d-f13ab62f4b1a', 'name': 'tempest-ServerMetadataNegativeTestJSON-913188616-network', 'tenant_id': '9f3df013925645548ee34f8cd7b8f589', 'admin_state_up': True, 'mtu': 8950, 'status': 'ACTIVE', 'subnets': [], 'shared': False, 'project_id': '9f3df013925645548ee34f8cd7b8f589', 'port_security_enabled': True, 'router:external': False, 'provider:network_type': 'vlan', 'provider:physical_network': 'default', 'provider:segmentation_id': 103, 'availability_zone_hints': [], 'availability_zones': [], 'ipv4_address_scope': None, 'ipv6_address_scope': None, 'description': '', 'tags': [], 'created_at': '2025-03-11T20:53:29Z', 'updated_at': '2025-03-11T20:53:29Z', 'revision_number': 1} available for tenant
2025-03-11 20:53:31.745 69206 INFO tempest.lib.common.rest_client [req-df362483-8f9e-4b48-a093-28d23fb114eb req-df362483-8f9e-4b48-a093-28d23fb114eb ] Request (ImagesTestJSON:test_create_image_from_suspended_server): 200 GET http://10.180.1.21/compute/v2.1/servers/0ea266a1-6231-47a9-84c4-c78fb619f713 0.673s
2025-03-11 20:53:31.814 69200 INFO tempest.lib.common.rest_client [req-4bfe55c0-fa00-45d6-88ba-5e05f090c043 req-4bfe55c0-fa00-45d6-88ba-5e05f090c043 ] Request (ServerExternalEventsTest:test_create_server_external_events): 200 GET http://10.180.1.21/compute/v2.1/servers/d34132e0-a8de-4502-8f32-16056146ec8a 0.738s
2025-03-11 20:53:31.818 69208 INFO tempest.lib.common.rest_client [req-53f778c7-5faf-4eec-ac15-4ef005f6ba46 req-53f778c7-5faf-4eec-ac15-4ef005f6ba46 ] Request (FloatingIPsAssociationTestJSON:test_associate_already_associated_floating_ip): 200 GET http://10.180.1.21/compute/v2.1/servers/1bf15cde-c03f-426d-8a59-af1bba3b394d 0.716s
2025-03-11 20:53:31.911 69198 INFO tempest.lib.common.rest_client [req-c1ee3a95-7f31-4f66-a0f1-0ec06abd6f18 req-c1ee3a95-7f31-4f66-a0f1-0ec06abd6f18 ] Request (DeleteServersAdminTestJSON:test_delete_server_while_in_error_state): 200 GET http://10.180.1.21/compute/v2.1/servers/862e124c-12d6-4f2b-92b3-6bafe7c93ff4 0.750s
2025-03-11 20:53:31.993 69230 INFO tempest.lib.common.rest_client [req-753490f0-f087-4c3c-8b76-4bc67d96815f req-753490f0-f087-4c3c-8b76-4bc67d96815f ] Request (ListImageFiltersTestJSON:tearDownClass): 200 GET http://10.180.1.21/compute/v2.1/servers/f86f5ee4-e2a9-47e2-89ab-fb464f2a121b 0.747s
2025-03-11 20:53:32.009 69245 INFO tempest.lib.common.rest_client [req-161d0dae-35f1-44b9-bd5c-d1fd866363e0 req-161d0dae-35f1-44b9-bd5c-d1fd866363e0 ] Request (AttachInterfacesV270Test:tearDownClass): 200 GET http://10.180.1.21/compute/v2.1/servers/5a701b05-079c-413d-b576-901b0e487964 0.761s
2025-03-11 20:53:32.203 69237 INFO tempest.lib.common.rest_client [req-003d23d3-c074-4b03-ab9c-d47d06b394c6 req-003d23d3-c074-4b03-ab9c-d47d06b394c6 ] Request (MigrationsAdminTest:test_list_migrations_in_flavor_resize_situation): 200 GET http://10.180.1.21/compute/v2.1/servers/2caef58a-fa7a-42bb-8b96-4ddbbaf46ee7 0.653s
2025-03-11 20:53:32.430 69190 INFO tempest.lib.common.rest_client [req-e2a1ba3b-6639-42ff-b7c8-f22718f180c6 req-e2a1ba3b-6639-42ff-b7c8-f22718f180c6 ] Request (ServersTestMultiNic:test_verify_duplicate_network_nics): 200 GET http://10.180.1.21/compute/v2.1/servers/e42489db-55ce-4b59-bed9-86752b6a146b 0.430s
2025-03-11 20:53:32.500 69228 INFO tempest.lib.common.rest_client [req-bb32561a-1818-43d2-b365-40f1b2b6e866 req-bb32561a-1818-43d2-b365-40f1b2b6e866 ] Request (ServerGroupTestJSON:test_create_server_with_scheduler_hint_group): 200 GET http://10.180.1.21/compute/v2.1/servers/bb71bace-8d28-4ff2-9316-eafb00b05663 0.404s
2025-03-11 20:53:32.599 69202 INFO tempest.lib.common.rest_client [req-ef5c3b59-eede-4b67-b93a-eed432235cd8 req-ef5c3b59-eede-4b67-b93a-eed432235cd8 ] Request (ImagesOneServerNegativeTestJSON:setUpClass): 200 GET http://10.180.1.21/compute/v2.1/servers/fee46f73-ed67-44bf-8595-7fcc105edb8e 0.406s
2025-03-11 20:53:32.609 69224 WARNING tempest.lib.common.ssh [-] Failed to establish authenticated ssh connection to cirros@10.180.180.180 ([Errno None] Unable to connect to port 22 on 10.180.180.180). Number attempts: 8. Retry after 9 seconds.: paramiko.ssh_exception.NoValidConnectionsError: [Errno None] Unable to connect to port 22 on 10.180.180.180
2025-03-11 20:53:32.717 69204 INFO tempest.lib.common.rest_client [req-1b2c2e71-0052-4148-84f6-e3afa2a1e1a3 req-1b2c2e71-0052-4148-84f6-e3afa2a1e1a3 ] Request (AttachInterfacesTestJSON:test_create_list_show_delete_interfaces_by_fixed_ip): 200 GET http://10.180.1.21/compute/v2.1/servers/66b2bb97-67dd-40cd-bdba-dd70e30823be 0.416s
2025-03-11 20:53:32.733 69241 INFO tempest.lib.common.rest_client [req-916a910e-412f-4fd5-90bd-8fe7c1394d36 req-916a910e-412f-4fd5-90bd-8fe7c1394d36 ] Request (ServerMetadataNegativeTestJSON:setUpClass): 202 POST http://10.180.1.21/compute/v2.1/servers 0.988s
2025-03-11 20:53:32.753 69196 INFO tempest.lib.common.rest_client [req-f340e930-7e60-4bac-b65d-e1c8f17a5960 req-f340e930-7e60-4bac-b65d-e1c8f17a5960 ] Request (ImagesNegativeTestJSON:test_create_image_from_deleted_server): 404 GET http://10.180.1.21/compute/v2.1/servers/c00d45a8-09f6-4673-a53a-e92be99fe1b7 0.374s
2025-03-11 20:53:32.872 69216 INFO tempest.lib.common.rest_client [req-15aaddb7-d11d-45e1-bc2e-aed6770d8a06 req-15aaddb7-d11d-45e1-bc2e-aed6770d8a06 ] Request (ListServersNegativeTestJSON:setUpClass): 200 GET http://10.180.1.21/compute/v2.1/servers/6abf8eea-9053-45bf-8c50-c7fc5d6f5d7c 0.419s
2025-03-11 20:53:33.000 69212 INFO tempest.lib.common.rest_client [req-b7dbbe93-cef6-42d0-b5ca-cb6b70875caf req-b7dbbe93-cef6-42d0-b5ca-cb6b70875caf ] Request (ListServerFiltersTestJSON:tearDownClass): 200 GET http://10.180.1.21/compute/v2.1/servers/b58e6f5b-0e27-4b89-83ce-c2d969ee9789 0.501s
2025-03-11 20:53:33.036 69247 INFO tempest.lib.common.rest_client [req-4548cfbd-fcab-4e70-9d4e-04a486af31be req-4548cfbd-fcab-4e70-9d4e-04a486af31be ] Request (ServersAdminTestJSON:setUpClass): 200 GET http://10.180.1.21/compute/v2.1/servers/3be07c27-d983-4327-928b-cae2f12f09bc 0.636s
2025-03-11 20:53:33.047 69247 INFO tempest.common.waiters [-] State transition "BUILD/block_device_mapping" ==> "BUILD/spawning" after 75 second wait
2025-03-11 20:53:33.101 69232 INFO tempest.lib.common.rest_client [req-f753e532-9bff-494d-ac3b-1c68a228232d req-f753e532-9bff-494d-ac3b-1c68a228232d ] Request (ServerAddressesNegativeTestJSON:tearDownClass): 200 GET http://10.180.1.21/compute/v2.1/servers/d435fc42-027b-4570-adf3-3af3e3ba7a34 0.542s
2025-03-11 20:53:33.129 69249 INFO tempest.lib.common.rest_client [req-4058eebd-2350-4639-98a0-8ad9f8f3c6d2 req-4058eebd-2350-4639-98a0-8ad9f8f3c6d2 ] Request (InstanceActionsNegativeTestJSON:setUpClass): 200 GET http://10.180.1.21/compute/v2.1/servers/daa44d73-b9a8-4aaa-9240-410dfc5d2d80 0.549s
2025-03-11 20:53:33.178 69226 INFO tempest.lib.common.rest_client [req-31a1c6c3-ae11-42c0-993a-df05f7f4798d req-31a1c6c3-ae11-42c0-993a-df05f7f4798d ] Request (ServerRescueTestJSONUnderV235:setUpClass): 200 GET http://10.180.1.21/compute/v2.1/servers/adc0124f-b328-4243-a734-75a8a6424d5d 0.542s
2025-03-11 20:53:33.206 69186 INFO tempest.lib.common.rest_client [req-d077e7e5-396d-4724-94bb-9de3c6bc5347 req-d077e7e5-396d-4724-94bb-9de3c6bc5347 ] Request (ServersTestFqdnHostnames:test_create_server_with_fqdn_name): 200 GET http://10.180.1.21/compute/v2.1/servers/f1c2938e-3a85-45ba-afb3-cea2f59a7b55 0.537s
2025-03-11 20:53:33.223 69192 INFO tempest.lib.common.rest_client [req-c4236efb-6a6b-4fbf-a1d8-50f81661fd72 req-c4236efb-6a6b-4fbf-a1d8-50f81661fd72 ] Request (ImagesOneServerTestJSON:test_create_image_specify_multibyte_character_image_name): 200 GET http://10.180.1.21/compute/v2.1/images/0e196de6-559b-4678-97a4-01562e79b713 0.553s
2025-03-11 20:53:33.273 69241 INFO tempest.lib.common.rest_client [req-63b15168-7705-4f13-96a8-dba21dfd8f31 req-63b15168-7705-4f13-96a8-dba21dfd8f31 ] Request (ServerMetadataNegativeTestJSON:setUpClass): 200 GET http://10.180.1.21/compute/v2.1/servers/6e428a90-9bb5-4093-99ef-4e9efa880cb8 0.538s
2025-03-11 20:53:33.308 69210 INFO tempest.lib.common.rest_client [req-c0a06742-a4ff-4228-8691-c167f05f468d req-c0a06742-a4ff-4228-8691-c167f05f468d ] Request (ServerShowV247Test:test_update_rebuild_list_server): 200 GET http://10.180.1.21/compute/v2.1/servers/b65b8b21-680b-4bb6-8ea4-5bc8f026f771 0.553s
2025-03-11 20:53:33.309 69196 INFO tempest.lib.common.rest_client [req-b9ec12bc-26f5-442e-b1a5-c0ea32b7bcee req-b9ec12bc-26f5-442e-b1a5-c0ea32b7bcee ] Request (ImagesNegativeTestJSON:test_create_image_from_deleted_server): 404 POST http://10.180.1.21/compute/v2.1/servers/c00d45a8-09f6-4673-a53a-e92be99fe1b7/action 0.555s
2025-03-11 20:53:33.405 69206 INFO tempest.lib.common.rest_client [req-676fd892-2841-405c-a22d-b02161163d0f req-676fd892-2841-405c-a22d-b02161163d0f ] Request (ImagesTestJSON:test_create_image_from_suspended_server): 200 GET http://10.180.1.21/compute/v2.1/servers/0ea266a1-6231-47a9-84c4-c78fb619f713 0.644s
2025-03-11 20:53:33.417 69200 INFO tempest.lib.common.rest_client [req-6d93d503-4704-42b0-a6bb-094a9e9a78ff req-6d93d503-4704-42b0-a6bb-094a9e9a78ff ] Request (ServerExternalEventsTest:test_create_server_external_events): 200 GET http://10.180.1.21/compute/v2.1/servers/d34132e0-a8de-4502-8f32-16056146ec8a 0.594s
2025-03-11 20:53:33.464 69222 INFO tempest.lib.common.rest_client [req-31315b47-8443-4e53-b8f2-716259871791 req-31315b47-8443-4e53-b8f2-716259871791 ] Request (DeleteServersTestJSON:setUpClass): 200 PUT http://10.180.1.21:9696/networking/v2.0/routers/e1755ba1-00ba-4ad7-b6cc-a7e5f4f8c87a/add_router_interface 2.246s
2025-03-11 20:53:33.464 69222 INFO tempest.lib.common.dynamic_creds [-] Created isolated network resources for: credentials: Credentials: {'domain_id': 'default', 'domain_name': 'Default', 'username': 'tempest-DeleteServersTestJSON-498035730-project-member', 'project_domain_id': 'default', 'project_domain_name': 'Default', 'project_id': '176bf0dbeb0c4b33bd48d20fa96a3f57', 'project_name': 'tempest-DeleteServersTestJSON-498035730', 'tenant_id': '176bf0dbeb0c4b33bd48d20fa96a3f57', 'tenant_name': 'tempest-DeleteServersTestJSON-498035730', 'user_domain_id': 'default', 'user_domain_name': 'Default', 'user_id': 'a52f8d54704e41dcaa7b7d78bbbf7022', 'system': None}, Network: {'id': 'd96e0e58-b223-428a-8360-97b64626f6a5', 'name': 'tempest-DeleteServersTestJSON-2131017551-network', 'tenant_id': '176bf0dbeb0c4b33bd48d20fa96a3f57', 'admin_state_up': True, 'mtu': 8950, 'status': 'ACTIVE', 'subnets': [], 'shared': False, 'project_id': '176bf0dbeb0c4b33bd48d20fa96a3f57', 'port_security_enabled': True, 'router:external': False, 'provider:network_type': 'vlan', 'provider:physical_network': 'default', 'provider:segmentation_id': 647, 'availability_zone_hints': [], 'availability_zones': [], 'ipv4_address_scope': None, 'ipv6_address_scope': None, 'description': '', 'tags': [], 'created_at': '2025-03-11T20:53:29Z', 'updated_at': '2025-03-11T20:53:29Z', 'revision_number': 1}, Subnet: {'id': '8d54a43f-4084-4489-8b50-c71ff067140e', 'name': 'tempest-DeleteServersTestJSON-2131017551-subnet', 'tenant_id': '176bf0dbeb0c4b33bd48d20fa96a3f57', 'network_id': 'd96e0e58-b223-428a-8360-97b64626f6a5', 'ip_version': 4, 'subnetpool_id': None, 'enable_dhcp': True, 'ipv6_ra_mode': None, 'ipv6_address_mode': None, 'gateway_ip': '192.168.128.1', 'cidr': '192.168.128.0/28', 'allocation_pools': [{'start': '192.168.128.2', 'end': '192.168.128.14'}], 'host_routes': [], 'dns_nameservers': [], 'description': '', 'router:external': False, 'service_types': [], 'tags': [], 'created_at': '2025-03-11T20:53:29Z', 'updated_at': '2025-03-11T20:53:29Z', 'revision_number': 0, 'project_id': '176bf0dbeb0c4b33bd48d20fa96a3f57'}, Router: {'id': 'e1755ba1-00ba-4ad7-b6cc-a7e5f4f8c87a', 'name': 'tempest-DeleteServersTestJSON-2131017551-router', 'tenant_id': '176bf0dbeb0c4b33bd48d20fa96a3f57', 'admin_state_up': True, 'status': 'ACTIVE', 'external_gateway_info': {'network_id': 'cc194e04-0a46-4494-b374-7a85c8bd7b72', 'external_fixed_ips': [{'subnet_id': '1042a5b3-51cb-483b-accb-f03c5e4ca1f6', 'ip_address': '10.180.180.230'}], 'enable_snat': True}, 'description': '', 'availability_zones': [], 'distributed': False, 'ha': False, 'availability_zone_hints': [], 'routes': [], 'flavor_id': None, 'tags': [], 'created_at': '2025-03-11T20:53:29Z', 'updated_at': '2025-03-11T20:53:30Z', 'revision_number': 2, 'project_id': '176bf0dbeb0c4b33bd48d20fa96a3f57'}
2025-03-11 20:53:33.500 69208 INFO tempest.lib.common.rest_client [req-82ec5cfd-b161-42dd-97f1-33365af860e3 req-82ec5cfd-b161-42dd-97f1-33365af860e3 ] Request (FloatingIPsAssociationTestJSON:test_associate_already_associated_floating_ip): 200 GET http://10.180.1.21/compute/v2.1/servers/1bf15cde-c03f-426d-8a59-af1bba3b394d 0.674s
2025-03-11 20:53:33.506 69198 INFO tempest.lib.common.rest_client [req-ec7f0dc7-3d91-449a-a2f8-bd6e82641a4e req-ec7f0dc7-3d91-449a-a2f8-bd6e82641a4e ] Request (DeleteServersAdminTestJSON:test_delete_server_while_in_error_state): 200 GET http://10.180.1.21/compute/v2.1/servers/862e124c-12d6-4f2b-92b3-6bafe7c93ff4 0.584s
2025-03-11 20:53:33.590 69245 INFO tempest.lib.common.rest_client [req-d6525c31-1566-422f-a771-0fd2a7c87f65 req-d6525c31-1566-422f-a771-0fd2a7c87f65 ] Request (AttachInterfacesV270Test:tearDownClass): 200 GET http://10.180.1.21/compute/v2.1/servers/5a701b05-079c-413d-b576-901b0e487964 0.565s
2025-03-11 20:53:33.600 69230 INFO tempest.lib.common.rest_client [req-75748119-c571-48d7-9eda-da1145d95e9f req-75748119-c571-48d7-9eda-da1145d95e9f ] Request (ListImageFiltersTestJSON:tearDownClass): 200 GET http://10.180.1.21/compute/v2.1/servers/f86f5ee4-e2a9-47e2-89ab-fb464f2a121b 0.590s
2025-03-11 20:53:33.607 69222 INFO tempest.lib.common.rest_client [req-620d26fa-0f31-4597-a8be-ecd05db200e3 req-620d26fa-0f31-4597-a8be-ecd05db200e3 ] Request (DeleteServersTestJSON:setUpClass): 201 POST http://10.180.1.21/identity/v3/auth/tokens 0.140s
2025-03-11 20:53:33.608 69196 INFO tempest.lib.common.rest_client [req-7a47c7bd-3782-46e1-8d9f-60039cd3ef6a req-7a47c7bd-3782-46e1-8d9f-60039cd3ef6a ] Request (ImagesNegativeTestJSON:test_create_image_from_invalid_server): 404 POST http://10.180.1.21/compute/v2.1/servers/tempest-invalid-384873146/action 0.297s
2025-03-11 20:53:33.609 69230 INFO tempest.common.waiters [-] State transition "ACTIVE/deleting" ==> "DELETED/None" after 3 second wait
2025-03-11 20:53:33.656 69222 INFO tempest.lib.common.rest_client [req-f40d9dda-6f58-431b-802b-babdc1ebe3e3 req-f40d9dda-6f58-431b-802b-babdc1ebe3e3 ] Request (DeleteServersTestJSON:test_delete_active_server): 201 POST http://10.180.1.21/identity/v3/auth/tokens 0.044s
2025-03-11 20:53:33.657 69222 INFO tempest.lib.common.fixed_network [-] (DeleteServersTestJSON:test_delete_active_server) Found network {'id': 'd96e0e58-b223-428a-8360-97b64626f6a5', 'name': 'tempest-DeleteServersTestJSON-2131017551-network', 'tenant_id': '176bf0dbeb0c4b33bd48d20fa96a3f57', 'admin_state_up': True, 'mtu': 8950, 'status': 'ACTIVE', 'subnets': [], 'shared': False, 'project_id': '176bf0dbeb0c4b33bd48d20fa96a3f57', 'port_security_enabled': True, 'router:external': False, 'provider:network_type': 'vlan', 'provider:physical_network': 'default', 'provider:segmentation_id': 647, 'availability_zone_hints': [], 'availability_zones': [], 'ipv4_address_scope': None, 'ipv6_address_scope': None, 'description': '', 'tags': [], 'created_at': '2025-03-11T20:53:29Z', 'updated_at': '2025-03-11T20:53:29Z', 'revision_number': 1} available for tenant
2025-03-11 20:53:33.729 69237 INFO tempest.lib.common.rest_client [req-e6a6f5f6-6b0e-4330-a045-bfc47efb010e req-e6a6f5f6-6b0e-4330-a045-bfc47efb010e ] Request (MigrationsAdminTest:test_list_migrations_in_flavor_resize_situation): 200 GET http://10.180.1.21/compute/v2.1/servers/2caef58a-fa7a-42bb-8b96-4ddbbaf46ee7 0.516s
2025-03-11 20:53:33.776 69190 INFO tempest.lib.common.rest_client [req-a14e26ec-2af5-443c-9a8b-065bbd172710 req-a14e26ec-2af5-443c-9a8b-065bbd172710 ] Request (ServersTestMultiNic:test_verify_duplicate_network_nics): 200 GET http://10.180.1.21/compute/v2.1/servers/e42489db-55ce-4b59-bed9-86752b6a146b 0.336s
2025-03-11 20:53:33.783 69196 INFO tempest.lib.common.rest_client [req-7f34748d-ba28-4bc6-a11a-7f47fb2bf3a2 req-7f34748d-ba28-4bc6-a11a-7f47fb2bf3a2 ] Request (ImagesNegativeTestJSON:test_create_image_specify_uuid_35_characters_or_less): 404 POST http://10.180.1.21/compute/v2.1/servers/aaaaaaaaaaaaaaaaaaaaaaaaaaaaaaaaaaa/action 0.171s
2025-03-11 20:53:33.793 69228 INFO tempest.lib.common.rest_client [req-3ab025c6-06d4-4bf3-b00b-ab069dddf9d8 req-3ab025c6-06d4-4bf3-b00b-ab069dddf9d8 ] Request (ServerGroupTestJSON:test_create_server_with_scheduler_hint_group): 200 GET http://10.180.1.21/compute/v2.1/servers/bb71bace-8d28-4ff2-9316-eafb00b05663 0.282s
2025-03-11 20:53:33.839 69202 INFO tempest.lib.common.rest_client [req-e6179bb2-844e-4a45-946e-ab9b36d9b5a4 req-e6179bb2-844e-4a45-946e-ab9b36d9b5a4 ] Request (ImagesOneServerNegativeTestJSON:setUpClass): 200 GET http://10.180.1.21/compute/v2.1/servers/fee46f73-ed67-44bf-8595-7fcc105edb8e 0.225s
2025-03-11 20:53:33.889 69244 WARNING tempest.lib.common.ssh [-] Failed to establish authenticated ssh connection to cirros@10.180.180.130 ([Errno None] Unable to connect to port 22 on 10.180.180.130). Number attempts: 4. Retry after 5 seconds.: paramiko.ssh_exception.NoValidConnectionsError: [Errno None] Unable to connect to port 22 on 10.180.180.130
2025-03-11 20:53:33.899 69204 INFO tempest.lib.common.rest_client [req-7579e8e2-ee8c-46ff-aac1-ff3fb50b049d req-7579e8e2-ee8c-46ff-aac1-ff3fb50b049d ] Request (AttachInterfacesTestJSON:test_create_list_show_delete_interfaces_by_fixed_ip): 200 GET http://10.180.1.21/compute/v2.1/servers/66b2bb97-67dd-40cd-bdba-dd70e30823be 0.170s
2025-03-11 20:53:33.907 69196 INFO tempest.lib.common.rest_client [req-f7c0a828-e40e-4cc5-8c20-13fcc28c3012 req-f7c0a828-e40e-4cc5-8c20-13fcc28c3012 ] Request (ImagesNegativeTestJSON:test_create_image_specify_uuid_37_characters_or_more): 404 POST http://10.180.1.21/compute/v2.1/servers/aaaaaaaaaaaaaaaaaaaaaaaaaaaaaaaaaaaaa/action 0.122s
2025-03-11 20:53:33.978 69216 INFO tempest.lib.common.rest_client [req-46062478-9f90-44ca-842e-14bd285854ea req-46062478-9f90-44ca-842e-14bd285854ea ] Request (ListServersNegativeTestJSON:setUpClass): 200 GET http://10.180.1.21/compute/v2.1/servers/6abf8eea-9053-45bf-8c50-c7fc5d6f5d7c 0.092s
2025-03-11 20:53:33.999 69196 INFO tempest.lib.common.rest_client [req-1ff81e33-5ea5-441a-bcb6-4e05789387c0 req-1ff81e33-5ea5-441a-bcb6-4e05789387c0 ] Request (ImagesNegativeTestJSON:tearDownClass): 404 DELETE http://10.180.1.21/compute/v2.1/servers/c00d45a8-09f6-4673-a53a-e92be99fe1b7 0.089s
2025-03-11 20:53:34.029 69196 INFO tempest.lib.common.rest_client [req-ef220539-3a77-4a5a-9662-2a1384d11a07 req-ef220539-3a77-4a5a-9662-2a1384d11a07 ] Request (ImagesNegativeTestJSON:tearDownClass): 404 GET http://10.180.1.21/compute/v2.1/servers/c00d45a8-09f6-4673-a53a-e92be99fe1b7 0.029s
2025-03-11 20:53:34.108 69212 INFO tempest.lib.common.rest_client [req-3cb0870f-6677-4552-82a2-8c4e8a6b4240 req-3cb0870f-6677-4552-82a2-8c4e8a6b4240 ] Request (ListServerFiltersTestJSON:tearDownClass): 200 GET http://10.180.1.21/compute/v2.1/servers/b58e6f5b-0e27-4b89-83ce-c2d969ee9789 0.096s
2025-03-11 20:53:34.261 69247 INFO tempest.lib.common.rest_client [req-627f111a-782c-4b8e-906c-af35ec831b13 req-627f111a-782c-4b8e-906c-af35ec831b13 ] Request (ServersAdminTestJSON:setUpClass): 200 GET http://10.180.1.21/compute/v2.1/servers/3be07c27-d983-4327-928b-cae2f12f09bc 0.212s
2025-03-11 20:53:34.308 69222 INFO tempest.lib.common.rest_client [req-c78b7d5c-30f7-45d7-9533-baf6c20f173e req-c78b7d5c-30f7-45d7-9533-baf6c20f173e ] Request (DeleteServersTestJSON:test_delete_active_server): 202 POST http://10.180.1.21/compute/v2.1/servers 0.650s
2025-03-11 20:53:34.350 69232 INFO tempest.lib.common.rest_client [req-1939ac9b-1ba2-4442-acbb-0564725185ca req-1939ac9b-1ba2-4442-acbb-0564725185ca ] Request (ServerAddressesNegativeTestJSON:tearDownClass): 200 GET http://10.180.1.21/compute/v2.1/servers/d435fc42-027b-4570-adf3-3af3e3ba7a34 0.236s
2025-03-11 20:53:34.376 69249 INFO tempest.lib.common.rest_client [req-36a26ba1-c0af-45a9-84ec-31f33b7467d9 req-36a26ba1-c0af-45a9-84ec-31f33b7467d9 ] Request (InstanceActionsNegativeTestJSON:setUpClass): 200 GET http://10.180.1.21/compute/v2.1/servers/daa44d73-b9a8-4aaa-9240-410dfc5d2d80 0.238s
2025-03-11 20:53:34.411 69226 INFO tempest.lib.common.rest_client [req-bbe1c2de-2d26-446c-b8fd-e6ce5113555d req-bbe1c2de-2d26-446c-b8fd-e6ce5113555d ] Request (ServerRescueTestJSONUnderV235:setUpClass): 200 GET http://10.180.1.21/compute/v2.1/servers/adc0124f-b328-4243-a734-75a8a6424d5d 0.220s
2025-03-11 20:53:34.436 69186 INFO tempest.lib.common.rest_client [req-fcf0b6e4-2301-42d4-89f1-ab762f9d0e9c req-fcf0b6e4-2301-42d4-89f1-ab762f9d0e9c ] Request (ServersTestFqdnHostnames:test_create_server_with_fqdn_name): 200 GET http://10.180.1.21/compute/v2.1/servers/f1c2938e-3a85-45ba-afb3-cea2f59a7b55 0.220s
2025-03-11 20:53:34.452 69192 INFO tempest.lib.common.rest_client [req-4850fb2d-8cb4-4c02-865a-afdf00229cae req-4850fb2d-8cb4-4c02-865a-afdf00229cae ] Request (ImagesOneServerTestJSON:test_create_image_specify_multibyte_character_image_name): 200 GET http://10.180.1.21/compute/v2.1/images/0e196de6-559b-4678-97a4-01562e79b713 0.225s
2025-03-11 20:53:34.465 69188 WARNING tempest.lib.common.ssh [-] Failed to establish authenticated ssh connection to cirros@10.180.180.142 ([Errno None] Unable to connect to port 22 on 10.180.180.142). Number attempts: 3. Retry after 4 seconds.: paramiko.ssh_exception.NoValidConnectionsError: [Errno None] Unable to connect to port 22 on 10.180.180.142
2025-03-11 20:53:34.502 69222 INFO tempest.lib.common.rest_client [req-35ab7702-9662-4b18-b314-ff0ea88e0161 req-35ab7702-9662-4b18-b314-ff0ea88e0161 ] Request (DeleteServersTestJSON:test_delete_active_server): 200 GET http://10.180.1.21/compute/v2.1/servers/11bc20f4-fdb7-4907-ae3d-088ea6294592 0.191s
2025-03-11 20:53:34.503 69241 INFO tempest.lib.common.rest_client [req-5c229af0-f47d-419d-a372-eb02be8386a6 req-5c229af0-f47d-419d-a372-eb02be8386a6 ] Request (ServerMetadataNegativeTestJSON:setUpClass): 200 GET http://10.180.1.21/compute/v2.1/servers/6e428a90-9bb5-4093-99ef-4e9efa880cb8 0.215s
2025-03-11 20:53:34.570 69210 INFO tempest.lib.common.rest_client [req-e46559c2-cacf-4938-afb4-d644d66676e3 req-e46559c2-cacf-4938-afb4-d644d66676e3 ] Request (ServerShowV247Test:test_update_rebuild_list_server): 200 GET http://10.180.1.21/compute/v2.1/servers/b65b8b21-680b-4bb6-8ea4-5bc8f026f771 0.250s
2025-03-11 20:53:34.578 69206 INFO tempest.lib.common.rest_client [req-41aa7f67-202c-40eb-bb42-548feb9c2699 req-41aa7f67-202c-40eb-bb42-548feb9c2699 ] Request (ImagesTestJSON:test_create_image_from_suspended_server): 200 GET http://10.180.1.21/compute/v2.1/servers/0ea266a1-6231-47a9-84c4-c78fb619f713 0.163s
2025-03-11 20:53:34.619 69200 INFO tempest.lib.common.rest_client [req-3fc5bb38-7673-4930-a3bd-2f06ce352e37 req-3fc5bb38-7673-4930-a3bd-2f06ce352e37 ] Request (ServerExternalEventsTest:test_create_server_external_events): 200 GET http://10.180.1.21/compute/v2.1/servers/d34132e0-a8de-4502-8f32-16056146ec8a 0.186s
2025-03-11 20:53:34.636 69208 INFO tempest.lib.common.rest_client [req-61008db5-c12b-4baf-80ef-b6d9e31fe5c7 req-61008db5-c12b-4baf-80ef-b6d9e31fe5c7 ] Request (FloatingIPsAssociationTestJSON:test_associate_already_associated_floating_ip): 200 GET http://10.180.1.21/compute/v2.1/servers/1bf15cde-c03f-426d-8a59-af1bba3b394d 0.124s
2025-03-11 20:53:34.672 69198 INFO tempest.lib.common.rest_client [req-c5c2fcf0-dba6-4571-844d-8fea3d0a48b2 req-c5c2fcf0-dba6-4571-844d-8fea3d0a48b2 ] Request (DeleteServersAdminTestJSON:test_delete_server_while_in_error_state): 200 GET http://10.180.1.21/compute/v2.1/servers/862e124c-12d6-4f2b-92b3-6bafe7c93ff4 0.153s
2025-03-11 20:53:34.946 69196 INFO tempest.lib.common.rest_client [req-4cccb692-6457-4f28-afa3-1a43e990f50a req-4cccb692-6457-4f28-afa3-1a43e990f50a ] Request (ImagesNegativeTestJSON:tearDownClass): 200 PUT http://10.180.1.21:9696/networking/v2.0/routers/23a88619-9ec2-40bc-a9c4-d27a2ebdc2f6/remove_router_interface 0.916s
2025-03-11 20:53:34.994 69230 INFO tempest.lib.common.rest_client [req-81c5c011-eb87-47d1-8a0b-8259e7759253 req-81c5c011-eb87-47d1-8a0b-8259e7759253 ] Request (ListImageFiltersTestJSON:tearDownClass): 200 GET http://10.180.1.21/compute/v2.1/servers/f86f5ee4-e2a9-47e2-89ab-fb464f2a121b 0.383s
2025-03-11 20:53:34.996 69245 INFO tempest.lib.common.rest_client [req-803150fd-173f-42f2-afd7-cececeadd00b req-803150fd-173f-42f2-afd7-cececeadd00b ] Request (AttachInterfacesV270Test:tearDownClass): 200 GET http://10.180.1.21/compute/v2.1/servers/5a701b05-079c-413d-b576-901b0e487964 0.392s
2025-03-11 20:53:35.155 69237 INFO tempest.lib.common.rest_client [req-9a1ffcec-e01d-4cdf-b5cc-dc3cc2ba6148 req-9a1ffcec-e01d-4cdf-b5cc-dc3cc2ba6148 ] Request (MigrationsAdminTest:test_list_migrations_in_flavor_resize_situation): 200 GET http://10.180.1.21/compute/v2.1/servers/2caef58a-fa7a-42bb-8b96-4ddbbaf46ee7 0.414s
2025-03-11 20:53:35.241 69228 INFO tempest.lib.common.rest_client [req-11b3360d-1514-4009-b502-0d5b63a48d9f req-11b3360d-1514-4009-b502-0d5b63a48d9f ] Request (ServerGroupTestJSON:test_create_server_with_scheduler_hint_group): 200 GET http://10.180.1.21/compute/v2.1/servers/bb71bace-8d28-4ff2-9316-eafb00b05663 0.440s
2025-03-11 20:53:35.242 69190 INFO tempest.lib.common.rest_client [req-03d94dd1-1ec6-42b5-b56b-44fef0b8787c req-03d94dd1-1ec6-42b5-b56b-44fef0b8787c ] Request (ServersTestMultiNic:test_verify_duplicate_network_nics): 200 GET http://10.180.1.21/compute/v2.1/servers/e42489db-55ce-4b59-bed9-86752b6a146b 0.459s
