2025-03-11 20:53:35.316 69204 INFO tempest.lib.common.rest_client [req-e616ee48-8989-4a63-95f8-41afc96418ed req-e616ee48-8989-4a63-95f8-41afc96418ed ] Request (AttachInterfacesTestJSON:test_create_list_show_delete_interfaces_by_fixed_ip): 200 GET http://10.180.1.21/compute/v2.1/servers/66b2bb97-67dd-40cd-bdba-dd70e30823be 0.404s
2025-03-11 20:53:35.319 69202 INFO tempest.lib.common.rest_client [req-8a32c1dc-03ce-4c72-9129-a48d2da287de req-8a32c1dc-03ce-4c72-9129-a48d2da287de ] Request (ImagesOneServerNegativeTestJSON:setUpClass): 200 GET http://10.180.1.21/compute/v2.1/servers/fee46f73-ed67-44bf-8595-7fcc105edb8e 0.471s
2025-03-11 20:53:35.393 69216 INFO tempest.lib.common.rest_client [req-c2fd52c8-c975-4ea7-ae07-21abd6512e61 req-c2fd52c8-c975-4ea7-ae07-21abd6512e61 ] Request (ListServersNegativeTestJSON:setUpClass): 200 GET http://10.180.1.21/compute/v2.1/servers/6abf8eea-9053-45bf-8c50-c7fc5d6f5d7c 0.406s
2025-03-11 20:53:35.393 69196 INFO tempest.lib.common.rest_client [req-8e418f9d-ae3b-40cf-82b4-040146a9dd9e req-8e418f9d-ae3b-40cf-82b4-040146a9dd9e ] Request (ImagesNegativeTestJSON:tearDownClass): 204 DELETE http://10.180.1.21:9696/networking/v2.0/routers/23a88619-9ec2-40bc-a9c4-d27a2ebdc2f6 0.446s
2025-03-11 20:53:35.400 69212 INFO tempest.lib.common.rest_client [req-cd95a042-672a-4ba4-bba5-8386d2e9ac03 req-cd95a042-672a-4ba4-bba5-8386d2e9ac03 ] Request (ListServerFiltersTestJSON:tearDownClass): 200 GET http://10.180.1.21/compute/v2.1/servers/b58e6f5b-0e27-4b89-83ce-c2d969ee9789 0.281s
2025-03-11 20:53:35.478 69232 INFO tempest.lib.common.rest_client [req-2b8be909-dcb5-4dcd-b940-4a4c2f5efbec req-2b8be909-dcb5-4dcd-b940-4a4c2f5efbec ] Request (ServerAddressesNegativeTestJSON:tearDownClass): 200 GET http://10.180.1.21/compute/v2.1/servers/d435fc42-027b-4570-adf3-3af3e3ba7a34 0.117s
2025-03-11 20:53:35.523 69247 INFO tempest.lib.common.rest_client [req-414e7f2b-0d4e-4e33-9b9a-9d6eb7c3b9a7 req-414e7f2b-0d4e-4e33-9b9a-9d6eb7c3b9a7 ] Request (ServersAdminTestJSON:setUpClass): 200 GET http://10.180.1.21/compute/v2.1/servers/3be07c27-d983-4327-928b-cae2f12f09bc 0.250s
2025-03-11 20:53:35.533 69196 INFO tempest.lib.common.rest_client [req-ebd66474-bad5-4a44-8091-641040360fb7 req-ebd66474-bad5-4a44-8091-641040360fb7 ] Request (ImagesNegativeTestJSON:tearDownClass): 204 DELETE http://10.180.1.21:9696/networking/v2.0/subnets/f49daed1-5be3-4c5d-9e7e-63f72d8b449f 0.140s
2025-03-11 20:53:35.538 69249 INFO tempest.lib.common.rest_client [req-771124d2-6e5b-4878-9d4f-c92e22a5631d req-771124d2-6e5b-4878-9d4f-c92e22a5631d ] Request (InstanceActionsNegativeTestJSON:setUpClass): 200 GET http://10.180.1.21/compute/v2.1/servers/daa44d73-b9a8-4aaa-9240-410dfc5d2d80 0.153s
2025-03-11 20:53:35.629 69186 INFO tempest.lib.common.rest_client [req-ecc5a787-8aad-4e1a-884d-d8ec94dc722d req-ecc5a787-8aad-4e1a-884d-d8ec94dc722d ] Request (ServersTestFqdnHostnames:test_create_server_with_fqdn_name): 200 GET http://10.180.1.21/compute/v2.1/servers/f1c2938e-3a85-45ba-afb3-cea2f59a7b55 0.186s
2025-03-11 20:53:35.634 69226 INFO tempest.lib.common.rest_client [req-7def5457-a1e0-4d1e-8ff6-ded1e1afcc89 req-7def5457-a1e0-4d1e-8ff6-ded1e1afcc89 ] Request (ServerRescueTestJSONUnderV235:setUpClass): 200 GET http://10.180.1.21/compute/v2.1/servers/adc0124f-b328-4243-a734-75a8a6424d5d 0.215s
2025-03-11 20:53:35.654 69214 WARNING tempest.lib.common.ssh [-] Failed to establish authenticated ssh connection to cirros@10.180.180.254 ([Errno None] Unable to connect to port 22 on 10.180.180.254). Number attempts: 7. Retry after 8 seconds.: paramiko.ssh_exception.NoValidConnectionsError: [Errno None] Unable to connect to port 22 on 10.180.180.254
2025-03-11 20:53:35.684 69192 INFO tempest.lib.common.rest_client [req-61b4953b-48d4-48a4-b395-5bdb28ba1691 req-61b4953b-48d4-48a4-b395-5bdb28ba1691 ] Request (ImagesOneServerTestJSON:test_create_image_specify_multibyte_character_image_name): 200 GET http://10.180.1.21/compute/v2.1/images/0e196de6-559b-4678-97a4-01562e79b713 0.227s
2025-03-11 20:53:35.711 69222 INFO tempest.lib.common.rest_client [req-2dac6278-8c3e-4a23-a47b-2861d565d2f7 req-2dac6278-8c3e-4a23-a47b-2861d565d2f7 ] Request (DeleteServersTestJSON:test_delete_active_server): 200 GET http://10.180.1.21/compute/v2.1/servers/11bc20f4-fdb7-4907-ae3d-088ea6294592 0.199s
2025-03-11 20:53:35.771 69241 INFO tempest.lib.common.rest_client [req-d22a95a1-2150-4981-b519-cbad268537f9 req-d22a95a1-2150-4981-b519-cbad268537f9 ] Request (ServerMetadataNegativeTestJSON:setUpClass): 200 GET http://10.180.1.21/compute/v2.1/servers/6e428a90-9bb5-4093-99ef-4e9efa880cb8 0.252s
2025-03-11 20:53:35.794 69210 INFO tempest.lib.common.rest_client [req-d065c52c-19b1-47c2-9ba8-a89005338653 req-d065c52c-19b1-47c2-9ba8-a89005338653 ] Request (ServerShowV247Test:test_update_rebuild_list_server): 200 GET http://10.180.1.21/compute/v2.1/servers/b65b8b21-680b-4bb6-8ea4-5bc8f026f771 0.213s
2025-03-11 20:53:35.853 69206 INFO tempest.lib.common.rest_client [req-05070a6a-3393-48d1-a050-39b9019e33e0 req-05070a6a-3393-48d1-a050-39b9019e33e0 ] Request (ImagesTestJSON:test_create_image_from_suspended_server): 200 GET http://10.180.1.21/compute/v2.1/servers/0ea266a1-6231-47a9-84c4-c78fb619f713 0.264s
2025-03-11 20:53:35.881 69200 INFO tempest.lib.common.rest_client [req-7f3deeb6-6611-40e7-b8e5-f7d8e6ef4a4d req-7f3deeb6-6611-40e7-b8e5-f7d8e6ef4a4d ] Request (ServerExternalEventsTest:test_create_server_external_events): 200 GET http://10.180.1.21/compute/v2.1/servers/d34132e0-a8de-4502-8f32-16056146ec8a 0.251s
2025-03-11 20:53:35.929 69208 INFO tempest.lib.common.rest_client [req-315b0ca3-ba30-467e-b682-6fd2dd63ac2f req-315b0ca3-ba30-467e-b682-6fd2dd63ac2f ] Request (FloatingIPsAssociationTestJSON:test_associate_already_associated_floating_ip): 200 GET http://10.180.1.21/compute/v2.1/servers/1bf15cde-c03f-426d-8a59-af1bba3b394d 0.284s
2025-03-11 20:53:35.965 69198 INFO tempest.lib.common.rest_client [req-caa3a4b7-c8b1-43a3-b42c-261385d83860 req-caa3a4b7-c8b1-43a3-b42c-261385d83860 ] Request (DeleteServersAdminTestJSON:test_delete_server_while_in_error_state): 200 GET http://10.180.1.21/compute/v2.1/servers/862e124c-12d6-4f2b-92b3-6bafe7c93ff4 0.283s
2025-03-11 20:53:36.097 69245 INFO tempest.lib.common.rest_client [req-b6222396-41e0-48b8-8347-1e58ff2f1905 req-b6222396-41e0-48b8-8347-1e58ff2f1905 ] Request (AttachInterfacesV270Test:tearDownClass): 200 GET http://10.180.1.21/compute/v2.1/servers/5a701b05-079c-413d-b576-901b0e487964 0.087s
2025-03-11 20:53:36.102 69230 INFO tempest.lib.common.rest_client [req-8be0bd89-af7f-4ace-b4b1-1ade25380917 req-8be0bd89-af7f-4ace-b4b1-1ade25380917 ] Request (ListImageFiltersTestJSON:tearDownClass): 200 GET http://10.180.1.21/compute/v2.1/servers/f86f5ee4-e2a9-47e2-89ab-fb464f2a121b 0.098s
2025-03-11 20:53:36.106 69196 INFO tempest.lib.common.rest_client [req-df163a59-f069-4283-85a1-64cd81515795 req-df163a59-f069-4283-85a1-64cd81515795 ] Request (ImagesNegativeTestJSON:tearDownClass): 204 DELETE http://10.180.1.21:9696/networking/v2.0/networks/5624ab58-f4da-431b-9943-683da722a16a 0.573s
2025-03-11 20:53:36.193 69196 INFO tempest.lib.common.rest_client [req-fa290b97-d48e-4fad-b6e2-1cae711cd791 req-fa290b97-d48e-4fad-b6e2-1cae711cd791 ] Request (ImagesNegativeTestJSON:tearDownClass): 204 DELETE http://10.180.1.21/identity/v3/users/a0f416347a7442ff9e8384d1c72ac8c4 0.087s
2025-03-11 20:53:36.194 69196 INFO tempest.lib.common.dynamic_creds [-] Deleting project and security group for project: 3758ed768acc4b49bdb65fd887162513
2025-03-11 20:53:36.236 69196 INFO tempest.lib.common.rest_client [req-763abefd-4d74-464a-a7b4-af9a0bebfc36 req-763abefd-4d74-464a-a7b4-af9a0bebfc36 ] Request (ImagesNegativeTestJSON:tearDownClass): 200 GET http://10.180.1.21:9696/networking/v2.0/security-groups?tenant_id=3758ed768acc4b49bdb65fd887162513&name=default 0.042s
2025-03-11 20:53:36.312 69196 INFO tempest.lib.common.rest_client [req-9d729431-e799-4ce4-9fa9-e92f2efd9fcb req-9d729431-e799-4ce4-9fa9-e92f2efd9fcb ] Request (ImagesNegativeTestJSON:tearDownClass): 204 DELETE http://10.180.1.21:9696/networking/v2.0/security-groups/15994256-470f-4e4a-968e-0df47cb70f42 0.076s
2025-03-11 20:53:36.320 69194 WARNING tempest.lib.common.ssh [-] Failed to establish authenticated ssh connection to cirros@10.180.180.139 ([Errno None] Unable to connect to port 22 on 10.180.180.139). Number attempts: 8. Retry after 9 seconds.: paramiko.ssh_exception.NoValidConnectionsError: [Errno None] Unable to connect to port 22 on 10.180.180.139
2025-03-11 20:53:36.351 69237 INFO tempest.lib.common.rest_client [req-b1b4dda0-4cd6-4641-a2d6-47fb1b53a9a4 req-b1b4dda0-4cd6-4641-a2d6-47fb1b53a9a4 ] Request (MigrationsAdminTest:test_list_migrations_in_flavor_resize_situation): 200 GET http://10.180.1.21/compute/v2.1/servers/2caef58a-fa7a-42bb-8b96-4ddbbaf46ee7 0.183s
2025-03-11 20:53:36.406 69196 INFO tempest.lib.common.rest_client [req-0ef363bf-daa6-4e12-b4c0-afa81ce4150f req-0ef363bf-daa6-4e12-b4c0-afa81ce4150f ] Request (ImagesNegativeTestJSON:tearDownClass): 204 DELETE http://10.180.1.21/identity/v3/projects/3758ed768acc4b49bdb65fd887162513 0.093s
2025-03-11 20:53:36.407 69228 INFO tempest.lib.common.rest_client [req-98f6d053-3fa5-4054-9f8d-3a47ac0a5825 req-98f6d053-3fa5-4054-9f8d-3a47ac0a5825 ] Request (ServerGroupTestJSON:test_create_server_with_scheduler_hint_group): 200 GET http://10.180.1.21/compute/v2.1/servers/bb71bace-8d28-4ff2-9316-eafb00b05663 0.156s
2025-03-11 20:53:36.409 69190 INFO tempest.lib.common.rest_client [req-7aa9a043-c4e8-463a-8efb-5432b328beb0 req-7aa9a043-c4e8-463a-8efb-5432b328beb0 ] Request (ServersTestMultiNic:test_verify_duplicate_network_nics): 200 GET http://10.180.1.21/compute/v2.1/servers/e42489db-55ce-4b59-bed9-86752b6a146b 0.158s
2025-03-11 20:53:36.414 69228 INFO tempest.common.waiters [-] State transition "BUILD/None" ==> "BUILD/networking" after 75 second wait
2025-03-11 20:53:36.463 69204 INFO tempest.lib.common.rest_client [req-1873f5ac-23df-4150-a74d-f72499869e26 req-1873f5ac-23df-4150-a74d-f72499869e26 ] Request (AttachInterfacesTestJSON:test_create_list_show_delete_interfaces_by_fixed_ip): 200 GET http://10.180.1.21/compute/v2.1/servers/66b2bb97-67dd-40cd-bdba-dd70e30823be 0.135s
2025-03-11 20:53:36.469 69202 INFO tempest.lib.common.rest_client [req-f68f7f47-b037-465d-865b-6b5c718b4d91 req-f68f7f47-b037-465d-865b-6b5c718b4d91 ] Request (ImagesOneServerNegativeTestJSON:setUpClass): 200 GET http://10.180.1.21/compute/v2.1/servers/fee46f73-ed67-44bf-8595-7fcc105edb8e 0.138s
2025-03-11 20:53:36.477 69196 INFO tempest.lib.common.rest_client [req-b64ece80-119c-49c9-9a2f-ded37ad3e948 req-b64ece80-119c-49c9-9a2f-ded37ad3e948 ] Request (ServerDiskConfigTestJSON:setUpClass): 201 POST http://10.180.1.21/identity/v3/auth/tokens 0.069s
2025-03-11 20:53:36.508 69196 INFO tempest.lib.common.rest_client [req-c9a9f3d8-7183-4f6c-9956-f040eecdc0dc req-c9a9f3d8-7183-4f6c-9956-f040eecdc0dc ] Request (ServerDiskConfigTestJSON:setUpClass): 201 POST http://10.180.1.21/identity/v3/auth/tokens 0.028s
2025-03-11 20:53:36.519 69216 INFO tempest.lib.common.rest_client [req-975b2229-bc3d-4551-b61b-bb86cf618edf req-975b2229-bc3d-4551-b61b-bb86cf618edf ] Request (ListServersNegativeTestJSON:setUpClass): 200 GET http://10.180.1.21/compute/v2.1/servers/6abf8eea-9053-45bf-8c50-c7fc5d6f5d7c 0.117s
2025-03-11 20:53:36.525 69212 INFO tempest.lib.common.rest_client [req-67d6e759-6458-4eb7-8dc8-53703226b94b req-67d6e759-6458-4eb7-8dc8-53703226b94b ] Request (ListServerFiltersTestJSON:tearDownClass): 200 GET http://10.180.1.21/compute/v2.1/servers/b58e6f5b-0e27-4b89-83ce-c2d969ee9789 0.110s
2025-03-11 20:53:36.534 69196 INFO tempest.lib.common.rest_client [req-6f6c6840-63a5-42a3-917f-b1524404e348 req-6f6c6840-63a5-42a3-917f-b1524404e348 ] Request (ServerDiskConfigTestJSON:setUpClass): 200 GET http://10.180.1.21/identity/v3/domains?name=Default 0.026s
2025-03-11 20:53:36.562 69196 INFO tempest.lib.common.rest_client [req-af285543-9312-4f43-8feb-547362e80379 req-af285543-9312-4f43-8feb-547362e80379 ] Request (ServerDiskConfigTestJSON:setUpClass): 201 POST http://10.180.1.21/identity/v3/projects 0.027s
2025-03-11 20:53:36.599 69232 INFO tempest.lib.common.rest_client [req-327df9f6-5046-4597-bea3-c19bcbbb87eb req-327df9f6-5046-4597-bea3-c19bcbbb87eb ] Request (ServerAddressesNegativeTestJSON:tearDownClass): 200 GET http://10.180.1.21/compute/v2.1/servers/d435fc42-027b-4570-adf3-3af3e3ba7a34 0.111s
2025-03-11 20:53:36.623 69196 INFO tempest.lib.common.rest_client [req-460d9f76-c1fe-4634-b25a-4eacb85cfc9f req-460d9f76-c1fe-4634-b25a-4eacb85cfc9f ] Request (ServerDiskConfigTestJSON:setUpClass): 201 POST http://10.180.1.21/identity/v3/users 0.060s
2025-03-11 20:53:36.646 69196 INFO tempest.lib.common.rest_client [req-aeaf80c2-ba91-4a41-8a3f-703b0c329765 req-aeaf80c2-ba91-4a41-8a3f-703b0c329765 ] Request (ServerDiskConfigTestJSON:setUpClass): 200 GET http://10.180.1.21/identity/v3/roles 0.022s
2025-03-11 20:53:36.667 69249 INFO tempest.lib.common.rest_client [req-40d1ae2f-379d-4afa-a500-cffdd856d8e5 req-40d1ae2f-379d-4afa-a500-cffdd856d8e5 ] Request (InstanceActionsNegativeTestJSON:setUpClass): 200 GET http://10.180.1.21/compute/v2.1/servers/daa44d73-b9a8-4aaa-9240-410dfc5d2d80 0.119s
2025-03-11 20:53:36.677 69196 INFO tempest.lib.common.rest_client [req-2489dd9a-da34-4d95-8341-1df86fa0eb80 req-2489dd9a-da34-4d95-8341-1df86fa0eb80 ] Request (ServerDiskConfigTestJSON:setUpClass): 204 PUT http://10.180.1.21/identity/v3/projects/b3255bf5d63a489b9de4886b02bc4c8f/users/ff85ea19e5324cf285b51e22290a634e/roles/ecac11f56c82402dab0c20175776802e 0.030s
2025-03-11 20:53:36.677 69196 INFO tempest.lib.common.dynamic_creds [-] Dynamic test user ff85ea19e5324cf285b51e22290a634e is created with scope project and roles: ['member']
2025-03-11 20:53:36.677 69196 INFO tempest.lib.common.dynamic_creds [-] Acquired dynamic creds: credentials: Credentials: {'domain_id': 'default', 'domain_name': 'Default', 'username': 'tempest-ServerDiskConfigTestJSON-336534897-project-member', 'project_domain_id': 'default', 'project_domain_name': 'Default', 'project_id': 'b3255bf5d63a489b9de4886b02bc4c8f', 'project_name': 'tempest-ServerDiskConfigTestJSON-336534897', 'tenant_id': 'b3255bf5d63a489b9de4886b02bc4c8f', 'tenant_name': 'tempest-ServerDiskConfigTestJSON-336534897', 'user_domain_id': 'default', 'user_domain_name': 'Default', 'user_id': 'ff85ea19e5324cf285b51e22290a634e', 'system': None}, Network: None, Subnet: None, Router: None
2025-03-11 20:53:36.734 69196 INFO tempest.lib.common.rest_client [req-3e05d7b4-c47a-4a9f-911e-875cb40f7f42 req-3e05d7b4-c47a-4a9f-911e-875cb40f7f42 ] Request (ServerDiskConfigTestJSON:setUpClass): 201 POST http://10.180.1.21/identity/v3/auth/tokens 0.056s
2025-03-11 20:53:36.743 69186 INFO tempest.lib.common.rest_client [req-3cd81676-cdca-4222-8cf3-53cffd000d65 req-3cd81676-cdca-4222-8cf3-53cffd000d65 ] Request (ServersTestFqdnHostnames:test_create_server_with_fqdn_name): 200 GET http://10.180.1.21/compute/v2.1/servers/f1c2938e-3a85-45ba-afb3-cea2f59a7b55 0.103s
2025-03-11 20:53:36.753 69247 INFO tempest.lib.common.rest_client [req-a0ff1a4d-d93c-4813-86aa-5eb78dfacda9 req-a0ff1a4d-d93c-4813-86aa-5eb78dfacda9 ] Request (ServersAdminTestJSON:setUpClass): 200 GET http://10.180.1.21/compute/v2.1/servers/3be07c27-d983-4327-928b-cae2f12f09bc 0.220s
2025-03-11 20:53:36.793 69192 INFO tempest.lib.common.rest_client [req-a5fbf541-6499-42e0-ad7a-d42e109aa15a req-a5fbf541-6499-42e0-ad7a-d42e109aa15a ] Request (ImagesOneServerTestJSON:test_create_image_specify_multibyte_character_image_name): 200 GET http://10.180.1.21/compute/v2.1/images/0e196de6-559b-4678-97a4-01562e79b713 0.102s
2025-03-11 20:53:36.815 69226 INFO tempest.lib.common.rest_client [req-a475d670-eb86-4443-b1e4-98e24aab2052 req-a475d670-eb86-4443-b1e4-98e24aab2052 ] Request (ServerRescueTestJSONUnderV235:setUpClass): 200 GET http://10.180.1.21/compute/v2.1/servers/adc0124f-b328-4243-a734-75a8a6424d5d 0.167s
2025-03-11 20:53:36.851 69222 INFO tempest.lib.common.rest_client [req-1f721a40-da7e-4b88-8ccc-a19ff87f1f90 req-1f721a40-da7e-4b88-8ccc-a19ff87f1f90 ] Request (DeleteServersTestJSON:test_delete_active_server): 200 GET http://10.180.1.21/compute/v2.1/servers/11bc20f4-fdb7-4907-ae3d-088ea6294592 0.129s
2025-03-11 20:53:36.887 69241 INFO tempest.lib.common.rest_client [req-7e7eefb9-c3de-4e4a-9ff4-13a7b1ab4d6a req-7e7eefb9-c3de-4e4a-9ff4-13a7b1ab4d6a ] Request (ServerMetadataNegativeTestJSON:setUpClass): 200 GET http://10.180.1.21/compute/v2.1/servers/6e428a90-9bb5-4093-99ef-4e9efa880cb8 0.106s
2025-03-11 20:53:36.920 69210 INFO tempest.lib.common.rest_client [req-2f12195a-2058-42fe-8a45-5b5892537b3c req-2f12195a-2058-42fe-8a45-5b5892537b3c ] Request (ServerShowV247Test:test_update_rebuild_list_server): 200 GET http://10.180.1.21/compute/v2.1/servers/b65b8b21-680b-4bb6-8ea4-5bc8f026f771 0.108s
2025-03-11 20:53:36.962 69206 INFO tempest.lib.common.rest_client [req-08d5845d-6cab-4dc7-be00-bc4ce94ef0bd req-08d5845d-6cab-4dc7-be00-bc4ce94ef0bd ] Request (ImagesTestJSON:test_create_image_from_suspended_server): 200 GET http://10.180.1.21/compute/v2.1/servers/0ea266a1-6231-47a9-84c4-c78fb619f713 0.100s
2025-03-11 20:53:36.983 69200 INFO tempest.lib.common.rest_client [req-0be9e78e-783c-439b-a241-c91742b9c7d6 req-0be9e78e-783c-439b-a241-c91742b9c7d6 ] Request (ServerExternalEventsTest:test_create_server_external_events): 200 GET http://10.180.1.21/compute/v2.1/servers/d34132e0-a8de-4502-8f32-16056146ec8a 0.090s
2025-03-11 20:53:37.055 69198 INFO tempest.lib.common.rest_client [req-1b77d3bf-803a-476e-94f9-936a519dd8b6 req-1b77d3bf-803a-476e-94f9-936a519dd8b6 ] Request (DeleteServersAdminTestJSON:test_delete_server_while_in_error_state): 200 GET http://10.180.1.21/compute/v2.1/servers/862e124c-12d6-4f2b-92b3-6bafe7c93ff4 0.080s
2025-03-11 20:53:37.060 69208 INFO tempest.lib.common.rest_client [req-aa02dd05-dcbb-41fd-8ec5-3fa7a32e7d7b req-aa02dd05-dcbb-41fd-8ec5-3fa7a32e7d7b ] Request (FloatingIPsAssociationTestJSON:test_associate_already_associated_floating_ip): 200 GET http://10.180.1.21/compute/v2.1/servers/1bf15cde-c03f-426d-8a59-af1bba3b394d 0.117s
2025-03-11 20:53:37.154 69196 INFO tempest.lib.common.rest_client [req-aa2ecfbf-4043-468f-b2fa-5363542af9f3 req-aa2ecfbf-4043-468f-b2fa-5363542af9f3 ] Request (ServerDiskConfigTestJSON:setUpClass): 201 POST http://10.180.1.21:9696/networking/v2.0/networks 0.419s
2025-03-11 20:53:37.179 69245 INFO tempest.lib.common.rest_client [req-6021c061-ce56-4f2a-ae49-5cf71ce6723d req-6021c061-ce56-4f2a-ae49-5cf71ce6723d ] Request (AttachInterfacesV270Test:tearDownClass): 200 GET http://10.180.1.21/compute/v2.1/servers/5a701b05-079c-413d-b576-901b0e487964 0.070s
2025-03-11 20:53:37.192 69230 INFO tempest.lib.common.rest_client [req-f7e9c85e-9354-4125-ba84-b964b61c6932 req-f7e9c85e-9354-4125-ba84-b964b61c6932 ] Request (ListImageFiltersTestJSON:tearDownClass): 200 GET http://10.180.1.21/compute/v2.1/servers/f86f5ee4-e2a9-47e2-89ab-fb464f2a121b 0.079s
2025-03-11 20:53:37.433 69196 INFO tempest.lib.common.rest_client [req-4beb54cb-b867-4f95-91b2-14591ebe0a22 req-4beb54cb-b867-4f95-91b2-14591ebe0a22 ] Request (ServerDiskConfigTestJSON:setUpClass): 201 POST http://10.180.1.21:9696/networking/v2.0/subnets 0.279s
2025-03-11 20:53:37.472 69237 INFO tempest.lib.common.rest_client [req-b3654808-beb5-46c1-89fa-d74ca60295b6 req-b3654808-beb5-46c1-89fa-d74ca60295b6 ] Request (MigrationsAdminTest:test_list_migrations_in_flavor_resize_situation): 200 GET http://10.180.1.21/compute/v2.1/servers/2caef58a-fa7a-42bb-8b96-4ddbbaf46ee7 0.112s
2025-03-11 20:53:37.546 69228 INFO tempest.lib.common.rest_client [req-2495f446-0658-49c6-835a-8b16fc81a7e6 req-2495f446-0658-49c6-835a-8b16fc81a7e6 ] Request (ServerGroupTestJSON:test_create_server_with_scheduler_hint_group): 200 GET http://10.180.1.21/compute/v2.1/servers/bb71bace-8d28-4ff2-9316-eafb00b05663 0.131s
2025-03-11 20:53:37.553 69228 INFO tempest.common.waiters [-] State transition "BUILD/networking" ==> "BUILD/block_device_mapping" after 76 second wait
2025-03-11 20:53:37.603 69190 INFO tempest.lib.common.rest_client [req-6f4ff6b9-e43d-407f-9a41-faed6311b86c req-6f4ff6b9-e43d-407f-9a41-faed6311b86c ] Request (ServersTestMultiNic:test_verify_duplicate_network_nics): 200 GET http://10.180.1.21/compute/v2.1/servers/e42489db-55ce-4b59-bed9-86752b6a146b 0.186s
2025-03-11 20:53:37.630 69204 INFO tempest.lib.common.rest_client [req-02066ce3-bbb9-4112-9c1c-50f51e48f831 req-02066ce3-bbb9-4112-9c1c-50f51e48f831 ] Request (AttachInterfacesTestJSON:test_create_list_show_delete_interfaces_by_fixed_ip): 200 GET http://10.180.1.21/compute/v2.1/servers/66b2bb97-67dd-40cd-bdba-dd70e30823be 0.158s
2025-03-11 20:53:37.660 69202 INFO tempest.lib.common.rest_client [req-dfcd6a4c-eedf-4c93-b347-9d70cfeaf468 req-dfcd6a4c-eedf-4c93-b347-9d70cfeaf468 ] Request (ImagesOneServerNegativeTestJSON:setUpClass): 200 GET http://10.180.1.21/compute/v2.1/servers/fee46f73-ed67-44bf-8595-7fcc105edb8e 0.183s
2025-03-11 20:53:37.696 69216 INFO tempest.lib.common.rest_client [req-9a04f2de-1842-40f1-a2fd-6b9fb6337be0 req-9a04f2de-1842-40f1-a2fd-6b9fb6337be0 ] Request (ListServersNegativeTestJSON:setUpClass): 200 GET http://10.180.1.21/compute/v2.1/servers/6abf8eea-9053-45bf-8c50-c7fc5d6f5d7c 0.169s
2025-03-11 20:53:37.718 69212 INFO tempest.lib.common.rest_client [req-30bb42f2-2559-4efa-b942-3c5754052090 req-30bb42f2-2559-4efa-b942-3c5754052090 ] Request (ListServerFiltersTestJSON:tearDownClass): 200 GET http://10.180.1.21/compute/v2.1/servers/b58e6f5b-0e27-4b89-83ce-c2d969ee9789 0.185s
2025-03-11 20:53:37.751 69232 INFO tempest.lib.common.rest_client [req-f1ac15d6-45e7-48a3-97d3-b1ec50285917 req-f1ac15d6-45e7-48a3-97d3-b1ec50285917 ] Request (ServerAddressesNegativeTestJSON:tearDownClass): 200 GET http://10.180.1.21/compute/v2.1/servers/d435fc42-027b-4570-adf3-3af3e3ba7a34 0.144s
2025-03-11 20:53:37.790 69249 INFO tempest.lib.common.rest_client [req-c25159f8-3ebe-4136-94f2-19760a60a3f2 req-c25159f8-3ebe-4136-94f2-19760a60a3f2 ] Request (InstanceActionsNegativeTestJSON:setUpClass): 200 GET http://10.180.1.21/compute/v2.1/servers/daa44d73-b9a8-4aaa-9240-410dfc5d2d80 0.113s
2025-03-11 20:53:37.805 69186 INFO tempest.lib.common.rest_client [req-400cf193-8baf-4dad-8d19-dfc5454716a2 req-400cf193-8baf-4dad-8d19-dfc5454716a2 ] Request (ServersTestFqdnHostnames:test_create_server_with_fqdn_name): 200 GET http://10.180.1.21/compute/v2.1/servers/f1c2938e-3a85-45ba-afb3-cea2f59a7b55 0.051s
2025-03-11 20:53:37.838 69192 INFO tempest.lib.common.rest_client [req-58e0777b-5ef8-47a3-afe6-d1691e16effb req-58e0777b-5ef8-47a3-afe6-d1691e16effb ] Request (ImagesOneServerTestJSON:test_create_image_specify_multibyte_character_image_name): 200 GET http://10.180.1.21/compute/v2.1/images/0e196de6-559b-4678-97a4-01562e79b713 0.040s
2025-03-11 20:53:37.885 69226 INFO tempest.lib.common.rest_client [req-8149a093-3fb9-425f-a536-29091cff4af9 req-8149a093-3fb9-425f-a536-29091cff4af9 ] Request (ServerRescueTestJSONUnderV235:setUpClass): 200 GET http://10.180.1.21/compute/v2.1/servers/adc0124f-b328-4243-a734-75a8a6424d5d 0.060s
2025-03-11 20:53:37.899 69247 INFO tempest.lib.common.rest_client [req-aa6906de-5a8b-489b-9407-1db55daf3775 req-aa6906de-5a8b-489b-9407-1db55daf3775 ] Request (ServersAdminTestJSON:setUpClass): 200 GET http://10.180.1.21/compute/v2.1/servers/3be07c27-d983-4327-928b-cae2f12f09bc 0.131s
2025-03-11 20:53:37.938 69222 INFO tempest.lib.common.rest_client [req-299e5f41-d78b-4419-93f9-16f76bcb1584 req-299e5f41-d78b-4419-93f9-16f76bcb1584 ] Request (DeleteServersTestJSON:test_delete_active_server): 200 GET http://10.180.1.21/compute/v2.1/servers/11bc20f4-fdb7-4907-ae3d-088ea6294592 0.078s
2025-03-11 20:53:37.964 69241 INFO tempest.lib.common.rest_client [req-78f59f3a-ffba-4940-a0f9-a13aa3ad27d0 req-78f59f3a-ffba-4940-a0f9-a13aa3ad27d0 ] Request (ServerMetadataNegativeTestJSON:setUpClass): 200 GET http://10.180.1.21/compute/v2.1/servers/6e428a90-9bb5-4093-99ef-4e9efa880cb8 0.070s
2025-03-11 20:53:38.000 69210 INFO tempest.lib.common.rest_client [req-ed309d25-9594-440a-9e00-4a6f417ec6db req-ed309d25-9594-440a-9e00-4a6f417ec6db ] Request (ServerShowV247Test:test_update_rebuild_list_server): 200 GET http://10.180.1.21/compute/v2.1/servers/b65b8b21-680b-4bb6-8ea4-5bc8f026f771 0.067s
2025-03-11 20:53:38.049 69206 INFO tempest.lib.common.rest_client [req-60ab4ecb-06dd-453c-930e-d8c69f8d4836 req-60ab4ecb-06dd-453c-930e-d8c69f8d4836 ] Request (ImagesTestJSON:test_create_image_from_suspended_server): 200 GET http://10.180.1.21/compute/v2.1/servers/0ea266a1-6231-47a9-84c4-c78fb619f713 0.069s
2025-03-11 20:53:38.062 69200 INFO tempest.lib.common.rest_client [req-f08dea25-316a-4c14-b1c9-cdc837a78a15 req-f08dea25-316a-4c14-b1c9-cdc837a78a15 ] Request (ServerExternalEventsTest:test_create_server_external_events): 200 GET http://10.180.1.21/compute/v2.1/servers/d34132e0-a8de-4502-8f32-16056146ec8a 0.070s
2025-03-11 20:53:38.129 69208 INFO tempest.lib.common.rest_client [req-2faf7989-2a71-42c3-87e0-80d23fae27d4 req-2faf7989-2a71-42c3-87e0-80d23fae27d4 ] Request (FloatingIPsAssociationTestJSON:test_associate_already_associated_floating_ip): 200 GET http://10.180.1.21/compute/v2.1/servers/1bf15cde-c03f-426d-8a59-af1bba3b394d 0.062s
2025-03-11 20:53:38.143 69198 INFO tempest.lib.common.rest_client [req-8d54861d-a3fe-4da6-9a41-a1d3871a2e22 req-8d54861d-a3fe-4da6-9a41-a1d3871a2e22 ] Request (DeleteServersAdminTestJSON:test_delete_server_while_in_error_state): 200 GET http://10.180.1.21/compute/v2.1/servers/862e124c-12d6-4f2b-92b3-6bafe7c93ff4 0.077s
2025-03-11 20:53:38.213 69245 INFO tempest.lib.common.rest_client [req-214513d0-d746-4601-aab6-45d3789b5649 req-214513d0-d746-4601-aab6-45d3789b5649 ] Request (AttachInterfacesV270Test:tearDownClass): 404 GET http://10.180.1.21/compute/v2.1/servers/5a701b05-079c-413d-b576-901b0e487964 0.025s
2025-03-11 20:53:38.287 69230 INFO tempest.lib.common.rest_client [req-3787c5c7-63f4-4ffc-bba2-e3263e86d00b req-3787c5c7-63f4-4ffc-bba2-e3263e86d00b ] Request (ListImageFiltersTestJSON:tearDownClass): 200 GET http://10.180.1.21/compute/v2.1/servers/f86f5ee4-e2a9-47e2-89ab-fb464f2a121b 0.087s
2025-03-11 20:53:38.514 69196 INFO tempest.lib.common.rest_client [req-c6faf5eb-58bf-4e1f-9a10-c61a208a9797 req-c6faf5eb-58bf-4e1f-9a10-c61a208a9797 ] Request (ServerDiskConfigTestJSON:setUpClass): 201 POST http://10.180.1.21:9696/networking/v2.0/routers 1.080s
2025-03-11 20:53:38.696 69237 INFO tempest.lib.common.rest_client [req-9d17cf64-8229-4a7e-a364-70300fd7134f req-9d17cf64-8229-4a7e-a364-70300fd7134f ] Request (MigrationsAdminTest:test_list_migrations_in_flavor_resize_situation): 200 GET http://10.180.1.21/compute/v2.1/servers/2caef58a-fa7a-42bb-8b96-4ddbbaf46ee7 0.216s
2025-03-11 20:53:38.739 69228 INFO tempest.lib.common.rest_client [req-6c66332e-698f-4f02-86d6-e1ebbde7dd39 req-6c66332e-698f-4f02-86d6-e1ebbde7dd39 ] Request (ServerGroupTestJSON:test_create_server_with_scheduler_hint_group): 200 GET http://10.180.1.21/compute/v2.1/servers/bb71bace-8d28-4ff2-9316-eafb00b05663 0.185s
2025-03-11 20:53:38.752 69228 INFO tempest.common.waiters [-] State transition "BUILD/block_device_mapping" ==> "BUILD/spawning" after 77 second wait
2025-03-11 20:53:38.810 69204 INFO tempest.lib.common.rest_client [req-0ea9db96-c5fe-44c4-876a-b5f779301c4a req-0ea9db96-c5fe-44c4-876a-b5f779301c4a ] Request (AttachInterfacesTestJSON:test_create_list_show_delete_interfaces_by_fixed_ip): 200 GET http://10.180.1.21/compute/v2.1/servers/66b2bb97-67dd-40cd-bdba-dd70e30823be 0.166s
2025-03-11 20:53:38.891 69202 INFO tempest.lib.common.rest_client [req-0ae8fb59-fa5c-4bf9-b494-de625217aa3b req-0ae8fb59-fa5c-4bf9-b494-de625217aa3b ] Request (ImagesOneServerNegativeTestJSON:setUpClass): 200 GET http://10.180.1.21/compute/v2.1/servers/fee46f73-ed67-44bf-8595-7fcc105edb8e 0.221s
2025-03-11 20:53:38.969 69216 INFO tempest.lib.common.rest_client [req-b53f3d4a-00ea-4d90-a4cf-5d060fe2056b req-b53f3d4a-00ea-4d90-a4cf-5d060fe2056b ] Request (ListServersNegativeTestJSON:setUpClass): 200 GET http://10.180.1.21/compute/v2.1/servers/6abf8eea-9053-45bf-8c50-c7fc5d6f5d7c 0.265s
2025-03-11 20:53:38.986 69190 INFO tempest.lib.common.rest_client [req-b5c3c8f4-fd4a-4a4a-a805-395af30f75e3 req-b5c3c8f4-fd4a-4a4a-a805-395af30f75e3 ] Request (ServersTestMultiNic:test_verify_duplicate_network_nics): 200 GET http://10.180.1.21/compute/v2.1/servers/e42489db-55ce-4b59-bed9-86752b6a146b 0.371s
2025-03-11 20:53:39.071 69212 INFO tempest.lib.common.rest_client [req-dfc35e57-6d2c-416d-a850-c5081b74c7d9 req-dfc35e57-6d2c-416d-a850-c5081b74c7d9 ] Request (ListServerFiltersTestJSON:tearDownClass): 200 GET http://10.180.1.21/compute/v2.1/servers/b58e6f5b-0e27-4b89-83ce-c2d969ee9789 0.341s
2025-03-11 20:53:39.077 69232 INFO tempest.lib.common.rest_client [req-ba12a3c7-d62d-41bc-bd1b-25b64eca1067 req-ba12a3c7-d62d-41bc-bd1b-25b64eca1067 ] Request (ServerAddressesNegativeTestJSON:tearDownClass): 200 GET http://10.180.1.21/compute/v2.1/servers/d435fc42-027b-4570-adf3-3af3e3ba7a34 0.313s
2025-03-11 20:53:39.142 69249 INFO tempest.lib.common.rest_client [req-a0c5f26d-6c9e-400f-a92a-5193d895ee66 req-a0c5f26d-6c9e-400f-a92a-5193d895ee66 ] Request (InstanceActionsNegativeTestJSON:setUpClass): 200 GET http://10.180.1.21/compute/v2.1/servers/daa44d73-b9a8-4aaa-9240-410dfc5d2d80 0.343s
2025-03-11 20:53:39.198 69186 INFO tempest.lib.common.rest_client [req-0ea7da76-69e1-41b3-99ad-e815a2c2d950 req-0ea7da76-69e1-41b3-99ad-e815a2c2d950 ] Request (ServersTestFqdnHostnames:test_create_server_with_fqdn_name): 200 GET http://10.180.1.21/compute/v2.1/servers/f1c2938e-3a85-45ba-afb3-cea2f59a7b55 0.385s
2025-03-11 20:53:39.202 69192 INFO tempest.lib.common.rest_client [req-9278c3a4-4aae-49d4-b0c9-61fcc7639de9 req-9278c3a4-4aae-49d4-b0c9-61fcc7639de9 ] Request (ImagesOneServerTestJSON:test_create_image_specify_multibyte_character_image_name): 200 GET http://10.180.1.21/compute/v2.1/images/0e196de6-559b-4678-97a4-01562e79b713 0.360s
2025-03-11 20:53:39.276 69226 INFO tempest.lib.common.rest_client [req-0086358e-29c7-43d8-afa9-35378204b504 req-0086358e-29c7-43d8-afa9-35378204b504 ] Request (ServerRescueTestJSONUnderV235:setUpClass): 200 GET http://10.180.1.21/compute/v2.1/servers/adc0124f-b328-4243-a734-75a8a6424d5d 0.383s
2025-03-11 20:53:39.347 69222 INFO tempest.lib.common.rest_client [req-44e583b3-42c6-4abd-9d6b-410265968308 req-44e583b3-42c6-4abd-9d6b-410265968308 ] Request (DeleteServersTestJSON:test_delete_active_server): 200 GET http://10.180.1.21/compute/v2.1/servers/11bc20f4-fdb7-4907-ae3d-088ea6294592 0.397s
2025-03-11 20:53:39.366 69247 INFO tempest.lib.common.rest_client [req-853c65b9-8867-4bc1-b7b7-c3f9ddedff6c req-853c65b9-8867-4bc1-b7b7-c3f9ddedff6c ] Request (ServersAdminTestJSON:setUpClass): 200 GET http://10.180.1.21/compute/v2.1/servers/3be07c27-d983-4327-928b-cae2f12f09bc 0.460s
2025-03-11 20:53:39.403 69241 INFO tempest.lib.common.rest_client [req-6844090a-d48e-47e3-8243-ff0ccb5dbf66 req-6844090a-d48e-47e3-8243-ff0ccb5dbf66 ] Request (ServerMetadataNegativeTestJSON:setUpClass): 200 GET http://10.180.1.21/compute/v2.1/servers/6e428a90-9bb5-4093-99ef-4e9efa880cb8 0.430s
2025-03-11 20:53:39.417 69196 INFO tempest.lib.common.rest_client [req-efd04844-fba0-4974-ab2f-1af0833ecf7a req-efd04844-fba0-4974-ab2f-1af0833ecf7a ] Request (ServerDiskConfigTestJSON:setUpClass): 200 PUT http://10.180.1.21:9696/networking/v2.0/routers/dd369184-afc0-42ff-a309-369cccaf200e/add_router_interface 0.900s
2025-03-11 20:53:39.417 69196 INFO tempest.lib.common.dynamic_creds [-] Created isolated network resources for: credentials: Credentials: {'domain_id': 'default', 'domain_name': 'Default', 'username': 'tempest-ServerDiskConfigTestJSON-336534897-project-member', 'project_domain_id': 'default', 'project_domain_name': 'Default', 'project_id': 'b3255bf5d63a489b9de4886b02bc4c8f', 'project_name': 'tempest-ServerDiskConfigTestJSON-336534897', 'tenant_id': 'b3255bf5d63a489b9de4886b02bc4c8f', 'tenant_name': 'tempest-ServerDiskConfigTestJSON-336534897', 'user_domain_id': 'default', 'user_domain_name': 'Default', 'user_id': 'ff85ea19e5324cf285b51e22290a634e', 'system': None}, Network: {'id': '4ed568c2-cbf2-41c4-927c-f3dc534d1948', 'name': 'tempest-ServerDiskConfigTestJSON-1247022642-network', 'tenant_id': 'b3255bf5d63a489b9de4886b02bc4c8f', 'admin_state_up': True, 'mtu': 8950, 'status': 'ACTIVE', 'subnets': [], 'shared': False, 'project_id': 'b3255bf5d63a489b9de4886b02bc4c8f', 'port_security_enabled': True, 'router:external': False, 'provider:network_type': 'vlan', 'provider:physical_network': 'default', 'provider:segmentation_id': 228, 'availability_zone_hints': [], 'availability_zones': [], 'ipv4_address_scope': None, 'ipv6_address_scope': None, 'description': '', 'tags': [], 'created_at': '2025-03-11T20:53:37Z', 'updated_at': '2025-03-11T20:53:37Z', 'revision_number': 1}, Subnet: {'id': '7a9f2567-8e43-4456-8eb2-439eecdc8203', 'name': 'tempest-ServerDiskConfigTestJSON-1247022642-subnet', 'tenant_id': 'b3255bf5d63a489b9de4886b02bc4c8f', 'network_id': '4ed568c2-cbf2-41c4-927c-f3dc534d1948', 'ip_version': 4, 'subnetpool_id': None, 'enable_dhcp': True, 'ipv6_ra_mode': None, 'ipv6_address_mode': None, 'gateway_ip': '192.168.128.1', 'cidr': '192.168.128.0/28', 'allocation_pools': [{'start': '192.168.128.2', 'end': '192.168.128.14'}], 'host_routes': [], 'dns_nameservers': [], 'description': '', 'router:external': False, 'service_types': [], 'tags': [], 'created_at': '2025-03-11T20:53:37Z', 'updated_at': '2025-03-11T20:53:37Z', 'revision_number': 0, 'project_id': 'b3255bf5d63a489b9de4886b02bc4c8f'}, Router: {'id': 'dd369184-afc0-42ff-a309-369cccaf200e', 'name': 'tempest-ServerDiskConfigTestJSON-1247022642-router', 'tenant_id': 'b3255bf5d63a489b9de4886b02bc4c8f', 'admin_state_up': True, 'status': 'ACTIVE', 'external_gateway_info': {'network_id': 'cc194e04-0a46-4494-b374-7a85c8bd7b72', 'external_fixed_ips': [{'subnet_id': '1042a5b3-51cb-483b-accb-f03c5e4ca1f6', 'ip_address': '10.180.180.210'}], 'enable_snat': True}, 'description': '', 'availability_zones': [], 'distributed': False, 'ha': False, 'availability_zone_hints': [], 'routes': [], 'flavor_id': None, 'tags': [], 'created_at': '2025-03-11T20:53:37Z', 'updated_at': '2025-03-11T20:53:38Z', 'revision_number': 2, 'project_id': 'b3255bf5d63a489b9de4886b02bc4c8f'}
2025-03-11 20:53:39.439 69210 INFO tempest.lib.common.rest_client [req-f72abb50-5a77-48ba-91e8-a9a60a06f15e req-f72abb50-5a77-48ba-91e8-a9a60a06f15e ] Request (ServerShowV247Test:test_update_rebuild_list_server): 200 GET http://10.180.1.21/compute/v2.1/servers/b65b8b21-680b-4bb6-8ea4-5bc8f026f771 0.425s
2025-03-11 20:53:39.466 69206 INFO tempest.lib.common.rest_client [req-c8a9249f-3598-464b-a4b0-12ffc00694be req-c8a9249f-3598-464b-a4b0-12ffc00694be ] Request (ImagesTestJSON:test_create_image_from_suspended_server): 200 GET http://10.180.1.21/compute/v2.1/servers/0ea266a1-6231-47a9-84c4-c78fb619f713 0.408s
2025-03-11 20:53:39.480 69245 INFO tempest.lib.common.rest_client [req-5d9497fe-8797-4eed-83d6-e09e200e1101 req-5d9497fe-8797-4eed-83d6-e09e200e1101 ] Request (AttachInterfacesV270Test:tearDownClass): 200 PUT http://10.180.1.21:9696/networking/v2.0/routers/31f846c8-7e27-420e-ae32-d41b0b20dc58/remove_router_interface 1.266s
2025-03-11 20:53:39.520 69196 INFO tempest.lib.common.rest_client [req-3124c3d6-785c-44e8-a8a8-5c7e9dcd674a req-3124c3d6-785c-44e8-a8a8-5c7e9dcd674a ] Request (ServerDiskConfigTestJSON:setUpClass): 201 POST http://10.180.1.21/identity/v3/auth/tokens 0.097s
2025-03-11 20:53:39.563 69196 INFO tempest.lib.common.rest_client [req-d5064c96-e7dd-486b-80aa-c62d0c893e1b req-d5064c96-e7dd-486b-80aa-c62d0c893e1b ] Request (ServerDiskConfigTestJSON:test_rebuild_server_with_auto_disk_config): 201 POST http://10.180.1.21/identity/v3/auth/tokens 0.037s
2025-03-11 20:53:39.564 69196 INFO tempest.lib.common.fixed_network [-] (ServerDiskConfigTestJSON:test_rebuild_server_with_auto_disk_config) Found network {'id': '4ed568c2-cbf2-41c4-927c-f3dc534d1948', 'name': 'tempest-ServerDiskConfigTestJSON-1247022642-network', 'tenant_id': 'b3255bf5d63a489b9de4886b02bc4c8f', 'admin_state_up': True, 'mtu': 8950, 'status': 'ACTIVE', 'subnets': [], 'shared': False, 'project_id': 'b3255bf5d63a489b9de4886b02bc4c8f', 'port_security_enabled': True, 'router:external': False, 'provider:network_type': 'vlan', 'provider:physical_network': 'default', 'provider:segmentation_id': 228, 'availability_zone_hints': [], 'availability_zones': [], 'ipv4_address_scope': None, 'ipv6_address_scope': None, 'description': '', 'tags': [], 'created_at': '2025-03-11T20:53:37Z', 'updated_at': '2025-03-11T20:53:37Z', 'revision_number': 1} available for tenant
2025-03-11 20:53:39.741 69200 INFO tempest.lib.common.rest_client [req-58860e73-e969-4091-9518-b4994cf10039 req-58860e73-e969-4091-9518-b4994cf10039 ] Request (ServerExternalEventsTest:test_create_server_external_events): 200 GET http://10.180.1.21/compute/v2.1/servers/d34132e0-a8de-4502-8f32-16056146ec8a 0.666s
2025-03-11 20:53:39.752 69208 INFO tempest.lib.common.rest_client [req-1b95d38a-e277-456d-9a22-6589252f56c0 req-1b95d38a-e277-456d-9a22-6589252f56c0 ] Request (FloatingIPsAssociationTestJSON:test_associate_already_associated_floating_ip): 200 GET http://10.180.1.21/compute/v2.1/servers/1bf15cde-c03f-426d-8a59-af1bba3b394d 0.614s
2025-03-11 20:53:39.799 69198 INFO tempest.lib.common.rest_client [req-f5352376-9d5b-4e09-8623-59783425a41f req-f5352376-9d5b-4e09-8623-59783425a41f ] Request (DeleteServersAdminTestJSON:test_delete_server_while_in_error_state): 200 GET http://10.180.1.21/compute/v2.1/servers/862e124c-12d6-4f2b-92b3-6bafe7c93ff4 0.644s
2025-03-11 20:53:39.817 69230 INFO tempest.lib.common.rest_client [req-43e49cf2-0350-4168-a32f-7e5e85ec30b9 req-43e49cf2-0350-4168-a32f-7e5e85ec30b9 ] Request (ListImageFiltersTestJSON:tearDownClass): 200 GET http://10.180.1.21/compute/v2.1/servers/f86f5ee4-e2a9-47e2-89ab-fb464f2a121b 0.521s
2025-03-11 20:53:39.841 69220 WARNING tempest.lib.common.ssh [-] Failed to establish authenticated ssh connection to cirros@10.180.180.212 ([Errno None] Unable to connect to port 22 on 10.180.180.212). Number attempts: 10. Retry after 11 seconds.: paramiko.ssh_exception.NoValidConnectionsError: [Errno None] Unable to connect to port 22 on 10.180.180.212
2025-03-11 20:53:39.868 69245 INFO tempest.lib.common.rest_client [req-1b6c3520-3751-401c-91fe-ed9c2664496a req-1b6c3520-3751-401c-91fe-ed9c2664496a ] Request (AttachInterfacesV270Test:tearDownClass): 204 DELETE http://10.180.1.21:9696/networking/v2.0/routers/31f846c8-7e27-420e-ae32-d41b0b20dc58 0.387s
2025-03-11 20:53:39.918 69237 INFO tempest.lib.common.rest_client [req-1f959cc0-3037-4bc9-8945-fc4d32646f67 req-1f959cc0-3037-4bc9-8945-fc4d32646f67 ] Request (MigrationsAdminTest:test_list_migrations_in_flavor_resize_situation): 200 GET http://10.180.1.21/compute/v2.1/servers/2caef58a-fa7a-42bb-8b96-4ddbbaf46ee7 0.211s
2025-03-11 20:53:39.996 69245 INFO tempest.lib.common.rest_client [req-c362e107-d608-4c3a-9494-16b7d2fa7315 req-c362e107-d608-4c3a-9494-16b7d2fa7315 ] Request (AttachInterfacesV270Test:tearDownClass): 204 DELETE http://10.180.1.21:9696/networking/v2.0/subnets/43df70d8-7a7f-4e3c-adf8-9c600dde586d 0.127s
2025-03-11 20:53:40.085 69228 INFO tempest.lib.common.rest_client [req-8969dd2f-9a55-410e-98be-8d0bb4e2400c req-8969dd2f-9a55-410e-98be-8d0bb4e2400c ] Request (ServerGroupTestJSON:test_create_server_with_scheduler_hint_group): 200 GET http://10.180.1.21/compute/v2.1/servers/bb71bace-8d28-4ff2-9316-eafb00b05663 0.332s
2025-03-11 20:53:40.168 69204 INFO tempest.lib.common.rest_client [req-06a29240-99c8-4675-8620-2932cb100420 req-06a29240-99c8-4675-8620-2932cb100420 ] Request (AttachInterfacesTestJSON:test_create_list_show_delete_interfaces_by_fixed_ip): 200 GET http://10.180.1.21/compute/v2.1/servers/66b2bb97-67dd-40cd-bdba-dd70e30823be 0.348s
2025-03-11 20:53:40.275 69202 INFO tempest.lib.common.rest_client [req-38aa1b8e-ea24-4810-9974-5832e0bafe29 req-38aa1b8e-ea24-4810-9974-5832e0bafe29 ] Request (ImagesOneServerNegativeTestJSON:setUpClass): 200 GET http://10.180.1.21/compute/v2.1/servers/fee46f73-ed67-44bf-8595-7fcc105edb8e 0.361s
2025-03-11 20:53:40.320 69245 INFO tempest.lib.common.rest_client [req-a7453407-e4ba-4a92-8308-bd9ea1501965 req-a7453407-e4ba-4a92-8308-bd9ea1501965 ] Request (AttachInterfacesV270Test:tearDownClass): 204 DELETE http://10.180.1.21:9696/networking/v2.0/networks/f6ab27b2-86e0-42b7-a612-0fdf1be0dbcc 0.324s
2025-03-11 20:53:40.328 69196 INFO tempest.lib.common.rest_client [req-ce0c9054-16c5-4a85-b878-3d605690489f req-ce0c9054-16c5-4a85-b878-3d605690489f ] Request (ServerDiskConfigTestJSON:test_rebuild_server_with_auto_disk_config): 202 POST http://10.180.1.21/compute/v2.1/servers 0.764s
2025-03-11 20:53:40.346 69216 INFO tempest.lib.common.rest_client [req-a3eeb78c-d31c-400e-8461-24fbf1c90330 req-a3eeb78c-d31c-400e-8461-24fbf1c90330 ] Request (ListServersNegativeTestJSON:setUpClass): 200 GET http://10.180.1.21/compute/v2.1/servers/6abf8eea-9053-45bf-8c50-c7fc5d6f5d7c 0.366s
2025-03-11 20:53:40.404 69245 INFO tempest.lib.common.rest_client [req-6fa422fd-5faf-4b44-a6c0-678b99a57832 req-6fa422fd-5faf-4b44-a6c0-678b99a57832 ] Request (AttachInterfacesV270Test:tearDownClass): 204 DELETE http://10.180.1.21/identity/v3/users/b44e3a04511f444da43b8ac5917c8897 0.084s
2025-03-11 20:53:40.405 69245 INFO tempest.lib.common.dynamic_creds [-] Deleting project and security group for project: 0bb151c0c34d4b7b8aeeac0a6ecbaddc
2025-03-11 20:53:40.439 69212 INFO tempest.lib.common.rest_client [req-d966df83-ee12-4121-9efe-5ea61e81db0f req-d966df83-ee12-4121-9efe-5ea61e81db0f ] Request (ListServerFiltersTestJSON:tearDownClass): 200 GET http://10.180.1.21/compute/v2.1/servers/b58e6f5b-0e27-4b89-83ce-c2d969ee9789 0.359s
2025-03-11 20:53:40.441 69245 INFO tempest.lib.common.rest_client [req-bbfe5fa8-fc30-4c3f-b74c-be109e5ca4ad req-bbfe5fa8-fc30-4c3f-b74c-be109e5ca4ad ] Request (AttachInterfacesV270Test:tearDownClass): 200 GET http://10.180.1.21:9696/networking/v2.0/security-groups?tenant_id=0bb151c0c34d4b7b8aeeac0a6ecbaddc&name=default 0.036s
2025-03-11 20:53:40.520 69232 INFO tempest.lib.common.rest_client [req-05d6f472-558f-40b3-8c2c-d72e56acdb68 req-05d6f472-558f-40b3-8c2c-d72e56acdb68 ] Request (ServerAddressesNegativeTestJSON:tearDownClass): 200 GET http://10.180.1.21/compute/v2.1/servers/d435fc42-027b-4570-adf3-3af3e3ba7a34 0.434s
2025-03-11 20:53:40.523 69245 INFO tempest.lib.common.rest_client [req-87dce022-2985-425b-95fa-1386dfad08fe req-87dce022-2985-425b-95fa-1386dfad08fe ] Request (AttachInterfacesV270Test:tearDownClass): 204 DELETE http://10.180.1.21:9696/networking/v2.0/security-groups/4ff6929b-88b8-4d81-a723-fd671f28141b 0.081s
2025-03-11 20:53:40.538 69190 INFO tempest.lib.common.rest_client [req-faa50a14-eb1a-48b5-bae6-eb06d50ce206 req-faa50a14-eb1a-48b5-bae6-eb06d50ce206 ] Request (ServersTestMultiNic:test_verify_duplicate_network_nics): 200 GET http://10.180.1.21/compute/v2.1/servers/e42489db-55ce-4b59-bed9-86752b6a146b 0.543s
2025-03-11 20:53:40.573 69249 INFO tempest.lib.common.rest_client [req-e2593c5d-b368-4c89-b69e-274c9a9a1b4e req-e2593c5d-b368-4c89-b69e-274c9a9a1b4e ] Request (InstanceActionsNegativeTestJSON:setUpClass): 200 GET http://10.180.1.21/compute/v2.1/servers/daa44d73-b9a8-4aaa-9240-410dfc5d2d80 0.418s
2025-03-11 20:53:40.576 69192 INFO tempest.lib.common.rest_client [req-71127536-44d5-4784-be89-9f59d3f17031 req-71127536-44d5-4784-be89-9f59d3f17031 ] Request (ImagesOneServerTestJSON:test_create_image_specify_multibyte_character_image_name): 200 GET http://10.180.1.21/compute/v2.1/images/0e196de6-559b-4678-97a4-01562e79b713 0.370s
2025-03-11 20:53:40.615 69245 INFO tempest.lib.common.rest_client [req-a9f19005-51fb-40d9-8688-5ed28bf10c3a req-a9f19005-51fb-40d9-8688-5ed28bf10c3a ] Request (AttachInterfacesV270Test:tearDownClass): 204 DELETE http://10.180.1.21/identity/v3/projects/0bb151c0c34d4b7b8aeeac0a6ecbaddc 0.092s
2025-03-11 20:53:40.616 69245 INFO tempest.test [-] raised in ServerStableDeviceRescueTest.setUpClass. Invoking tearDownClass.
2025-03-11 20:53:40.626 69186 INFO tempest.lib.common.rest_client [req-c5eb7e77-dfc9-4a4f-adf9-ff7a8aa0fd46 req-c5eb7e77-dfc9-4a4f-adf9-ff7a8aa0fd46 ] Request (ServersTestFqdnHostnames:test_create_server_with_fqdn_name): 200 GET http://10.180.1.21/compute/v2.1/servers/f1c2938e-3a85-45ba-afb3-cea2f59a7b55 0.415s
2025-03-11 20:53:40.632 69226 INFO tempest.lib.common.rest_client [req-ca5374b8-3d30-4bf4-9cab-8811399cd182 req-ca5374b8-3d30-4bf4-9cab-8811399cd182 ] Request (ServerRescueTestJSONUnderV235:setUpClass): 200 GET http://10.180.1.21/compute/v2.1/servers/adc0124f-b328-4243-a734-75a8a6424d5d 0.348s
2025-03-11 20:53:40.636 69186 INFO tempest.common.waiters [-] State transition "BUILD/None" ==> "BUILD/networking" after 73 second wait
2025-03-11 20:53:40.664 69196 INFO tempest.lib.common.rest_client [req-f6e560f9-a84b-4d59-9337-45c03b4f976b req-f6e560f9-a84b-4d59-9337-45c03b4f976b ] Request (ServerDiskConfigTestJSON:test_rebuild_server_with_auto_disk_config): 200 GET http://10.180.1.21/compute/v2.1/servers/00034a52-903c-4575-acd3-4912a144e6ef 0.334s
2025-03-11 20:53:40.678 69245 INFO tempest.lib.common.rest_client [req-6c19abb1-241b-4b4c-9713-fc1a14e10adc req-6c19abb1-241b-4b4c-9713-fc1a14e10adc ] Request (AttachVolumeNegativeTest:setUpClass): 201 POST http://10.180.1.21/identity/v3/auth/tokens 0.059s
2025-03-11 20:53:40.682 69222 INFO tempest.lib.common.rest_client [req-d90233ae-ab6b-45d7-b3ae-7d2a040b550f req-d90233ae-ab6b-45d7-b3ae-7d2a040b550f ] Request (DeleteServersTestJSON:test_delete_active_server): 200 GET http://10.180.1.21/compute/v2.1/servers/11bc20f4-fdb7-4907-ae3d-088ea6294592 0.321s
2025-03-11 20:53:40.713 69245 INFO tempest.lib.common.rest_client [req-fc4daa83-24ba-4a54-a8b4-65fa6ee15b25 req-fc4daa83-24ba-4a54-a8b4-65fa6ee15b25 ] Request (AttachVolumeNegativeTest:setUpClass): 201 POST http://10.180.1.21/identity/v3/auth/tokens 0.031s
2025-03-11 20:53:40.745 69245 INFO tempest.lib.common.rest_client [req-46971e31-9ce0-48be-8943-dd2519b46284 req-46971e31-9ce0-48be-8943-dd2519b46284 ] Request (AttachVolumeNegativeTest:setUpClass): 200 GET http://10.180.1.21/identity/v3/domains?name=Default 0.032s
2025-03-11 20:53:40.754 69241 INFO tempest.lib.common.rest_client [req-2bac2d11-0292-444b-90c1-1ff036a8d4a8 req-2bac2d11-0292-444b-90c1-1ff036a8d4a8 ] Request (ServerMetadataNegativeTestJSON:setUpClass): 200 GET http://10.180.1.21/compute/v2.1/servers/6e428a90-9bb5-4093-99ef-4e9efa880cb8 0.342s
2025-03-11 20:53:40.791 69245 INFO tempest.lib.common.rest_client [req-ecbe5af9-206d-41f2-8060-bdb8c3d3724c req-ecbe5af9-206d-41f2-8060-bdb8c3d3724c ] Request (AttachVolumeNegativeTest:setUpClass): 201 POST http://10.180.1.21/identity/v3/projects 0.044s
2025-03-11 20:53:40.797 69247 INFO tempest.lib.common.rest_client [req-9419c904-863b-4757-b2b2-26f21f001658 req-9419c904-863b-4757-b2b2-26f21f001658 ] Request (ServersAdminTestJSON:setUpClass): 200 GET http://10.180.1.21/compute/v2.1/servers/3be07c27-d983-4327-928b-cae2f12f09bc 0.419s
2025-03-11 20:53:40.807 69247 INFO tempest.common.waiters [-] State transition "BUILD/spawning" ==> "ACTIVE/None" after 82 second wait
2025-03-11 20:53:40.836 69210 INFO tempest.lib.common.rest_client [req-78f56dee-3d29-41fd-bdf5-5c3efdf86ab4 req-78f56dee-3d29-41fd-bdf5-5c3efdf86ab4 ] Request (ServerShowV247Test:test_update_rebuild_list_server): 200 GET http://10.180.1.21/compute/v2.1/servers/b65b8b21-680b-4bb6-8ea4-5bc8f026f771 0.388s
2025-03-11 20:53:40.852 69206 INFO tempest.lib.common.rest_client [req-85b69b7a-9ede-413e-9758-315b0a40d2e1 req-85b69b7a-9ede-413e-9758-315b0a40d2e1 ] Request (ImagesTestJSON:test_create_image_from_suspended_server): 200 GET http://10.180.1.21/compute/v2.1/servers/0ea266a1-6231-47a9-84c4-c78fb619f713 0.378s
2025-03-11 20:53:40.863 69245 INFO tempest.lib.common.rest_client [req-452b98aa-8166-4773-9e44-631944200e8c req-452b98aa-8166-4773-9e44-631944200e8c ] Request (AttachVolumeNegativeTest:setUpClass): 201 POST http://10.180.1.21/identity/v3/users 0.071s
2025-03-11 20:53:40.871 69192 INFO tempest.lib.common.rest_client [req-2a285340-c56d-43ac-afb6-b329bdf2b762 req-2a285340-c56d-43ac-afb6-b329bdf2b762 ] Request (ImagesOneServerTestJSON:test_create_image_specify_multibyte_character_image_name): 200 GET http://10.180.1.21/compute/v2.1/images/0e196de6-559b-4678-97a4-01562e79b713 0.291s
2025-03-11 20:53:40.892 69245 INFO tempest.lib.common.rest_client [req-117a5914-3fbc-4936-ba44-48bc0226b949 req-117a5914-3fbc-4936-ba44-48bc0226b949 ] Request (AttachVolumeNegativeTest:setUpClass): 200 GET http://10.180.1.21/identity/v3/roles 0.029s
2025-03-11 20:53:40.920 69200 INFO tempest.lib.common.rest_client [req-afe0fd29-42f9-4b1d-abae-1ca22fe223d0 req-afe0fd29-42f9-4b1d-abae-1ca22fe223d0 ] Request (ServerExternalEventsTest:test_create_server_external_events): 200 GET http://10.180.1.21/compute/v2.1/servers/d34132e0-a8de-4502-8f32-16056146ec8a 0.168s
2025-03-11 20:53:40.922 69245 INFO tempest.lib.common.rest_client [req-dbbc13cc-594c-40e9-9321-1f783b875d73 req-dbbc13cc-594c-40e9-9321-1f783b875d73 ] Request (AttachVolumeNegativeTest:setUpClass): 204 PUT http://10.180.1.21/identity/v3/projects/b4b73ae3ad004cc0b6896b55f600985b/users/2decb7bef1e04a049961a6de79590720/roles/ecac11f56c82402dab0c20175776802e 0.029s
2025-03-11 20:53:40.923 69245 INFO tempest.lib.common.dynamic_creds [-] Dynamic test user 2decb7bef1e04a049961a6de79590720 is created with scope project and roles: ['member']
