2025-03-11 20:53:40.923 69245 INFO tempest.lib.common.dynamic_creds [-] Acquired dynamic creds: credentials: Credentials: {'domain_id': 'default', 'domain_name': 'Default', 'username': 'tempest-AttachVolumeNegativeTest-122085146-project-member', 'project_domain_id': 'default', 'project_domain_name': 'Default', 'project_id': 'b4b73ae3ad004cc0b6896b55f600985b', 'project_name': 'tempest-AttachVolumeNegativeTest-122085146', 'tenant_id': 'b4b73ae3ad004cc0b6896b55f600985b', 'tenant_name': 'tempest-AttachVolumeNegativeTest-122085146', 'user_domain_id': 'default', 'user_domain_name': 'Default', 'user_id': '2decb7bef1e04a049961a6de79590720', 'system': None}, Network: None, Subnet: None, Router: None
2025-03-11 20:53:40.929 69208 INFO tempest.lib.common.rest_client [req-b84e696f-d784-48bb-a35e-7ccc383a2ce2 req-b84e696f-d784-48bb-a35e-7ccc383a2ce2 ] Request (FloatingIPsAssociationTestJSON:test_associate_already_associated_floating_ip): 200 GET http://10.180.1.21/compute/v2.1/servers/1bf15cde-c03f-426d-8a59-af1bba3b394d 0.168s
2025-03-11 20:53:41.019 69245 INFO tempest.lib.common.rest_client [req-122d458a-63ad-4d55-b317-baa8a947b46b req-122d458a-63ad-4d55-b317-baa8a947b46b ] Request (AttachVolumeNegativeTest:setUpClass): 201 POST http://10.180.1.21/identity/v3/auth/tokens 0.096s
2025-03-11 20:53:41.024 69198 INFO tempest.lib.common.rest_client [req-9df92d28-004c-4446-a286-04fa687126ca req-9df92d28-004c-4446-a286-04fa687126ca ] Request (DeleteServersAdminTestJSON:test_delete_server_while_in_error_state): 200 GET http://10.180.1.21/compute/v2.1/servers/862e124c-12d6-4f2b-92b3-6bafe7c93ff4 0.214s
2025-03-11 20:53:41.128 69230 INFO tempest.lib.common.rest_client [req-2c6d3abe-9309-4e9c-bd5a-d32347b15f17 req-2c6d3abe-9309-4e9c-bd5a-d32347b15f17 ] Request (ListImageFiltersTestJSON:tearDownClass): 200 GET http://10.180.1.21/compute/v2.1/servers/f86f5ee4-e2a9-47e2-89ab-fb464f2a121b 0.302s
2025-03-11 20:53:41.134 69247 INFO tempest.lib.common.rest_client [req-836c23f4-d0d5-4369-b32c-22674a477683 req-836c23f4-d0d5-4369-b32c-22674a477683 ] Request (ServersAdminTestJSON:setUpClass): 200 GET http://10.180.1.21/compute/v2.1/servers/d26c07a4-11ab-4cd2-bace-d081b6b09f30 0.326s
2025-03-11 20:53:41.233 69247 INFO tempest.lib.common.rest_client [req-d39d52ff-cc44-445f-aca4-94bf1f05b623 req-d39d52ff-cc44-445f-aca4-94bf1f05b623 ] Request (ServersAdminTestJSON:test_create_server_with_scheduling_hint): 201 POST http://10.180.1.21/identity/v3/auth/tokens 0.087s
2025-03-11 20:53:41.233 69247 INFO tempest.lib.common.fixed_network [-] (ServersAdminTestJSON:test_create_server_with_scheduling_hint) Found network {'id': '14be06d3-3267-4256-8609-9eabdbbc91e4', 'name': 'tempest-ServersAdminTestJSON-1755847494-network', 'tenant_id': 'b51495231f564f068258565184d7429d', 'admin_state_up': True, 'mtu': 8950, 'status': 'ACTIVE', 'subnets': [], 'shared': False, 'project_id': 'b51495231f564f068258565184d7429d', 'port_security_enabled': True, 'router:external': False, 'provider:network_type': 'vlan', 'provider:physical_network': 'default', 'provider:segmentation_id': 21, 'availability_zone_hints': [], 'availability_zones': [], 'ipv4_address_scope': None, 'ipv6_address_scope': None, 'description': '', 'tags': [], 'created_at': '2025-03-11T20:52:04Z', 'updated_at': '2025-03-11T20:52:04Z', 'revision_number': 1} available for tenant
2025-03-11 20:53:41.314 69237 INFO tempest.lib.common.rest_client [req-9f94564c-0282-42a2-858d-f8a62f47db63 req-9f94564c-0282-42a2-858d-f8a62f47db63 ] Request (MigrationsAdminTest:test_list_migrations_in_flavor_resize_situation): 200 GET http://10.180.1.21/compute/v2.1/servers/2caef58a-fa7a-42bb-8b96-4ddbbaf46ee7 0.384s
2025-03-11 20:53:41.335 69245 INFO tempest.lib.common.rest_client [req-ae7855fe-b1f5-45b9-9e5f-4965fb5e14f2 req-ae7855fe-b1f5-45b9-9e5f-4965fb5e14f2 ] Request (AttachVolumeNegativeTest:setUpClass): 201 POST http://10.180.1.21:9696/networking/v2.0/networks 0.315s
2025-03-11 20:53:41.394 69192 INFO tempest.lib.common.rest_client [req-7407d657-969e-46a4-bd34-a8b797a6d783 req-7407d657-969e-46a4-bd34-a8b797a6d783 ] Request (ImagesOneServerTestJSON:test_create_image_specify_multibyte_character_image_name): 200 GET http://10.180.1.21/compute/v2.1/servers/23be18bf-6b2b-4daf-8978-62add118d97e 0.515s
2025-03-11 20:53:41.453 69228 INFO tempest.lib.common.rest_client [req-a2aae99d-525a-43c2-bf5a-7d67f1278e4a req-a2aae99d-525a-43c2-bf5a-7d67f1278e4a ] Request (ServerGroupTestJSON:test_create_server_with_scheduler_hint_group): 200 GET http://10.180.1.21/compute/v2.1/servers/bb71bace-8d28-4ff2-9316-eafb00b05663 0.360s
2025-03-11 20:53:41.478 69204 INFO tempest.lib.common.rest_client [req-d1a18024-026e-4e87-894b-491f80a2ad31 req-d1a18024-026e-4e87-894b-491f80a2ad31 ] Request (AttachInterfacesTestJSON:test_create_list_show_delete_interfaces_by_fixed_ip): 200 GET http://10.180.1.21/compute/v2.1/servers/66b2bb97-67dd-40cd-bdba-dd70e30823be 0.300s
2025-03-11 20:53:41.493 69245 INFO tempest.lib.common.rest_client [req-fd4cf7e8-49b2-4497-a4fb-17039dd983d8 req-fd4cf7e8-49b2-4497-a4fb-17039dd983d8 ] Request (AttachVolumeNegativeTest:setUpClass): 201 POST http://10.180.1.21:9696/networking/v2.0/subnets 0.157s
2025-03-11 20:53:41.549 69202 INFO tempest.lib.common.rest_client [req-0e72d09a-0e54-4e42-97a4-153a516dcaf4 req-0e72d09a-0e54-4e42-97a4-153a516dcaf4 ] Request (ImagesOneServerNegativeTestJSON:setUpClass): 200 GET http://10.180.1.21/compute/v2.1/servers/fee46f73-ed67-44bf-8595-7fcc105edb8e 0.262s
2025-03-11 20:53:41.625 69216 INFO tempest.lib.common.rest_client [req-7b604b81-40b4-4aa5-a561-cfbe3febeb3f req-7b604b81-40b4-4aa5-a561-cfbe3febeb3f ] Request (ListServersNegativeTestJSON:setUpClass): 200 GET http://10.180.1.21/compute/v2.1/servers/6abf8eea-9053-45bf-8c50-c7fc5d6f5d7c 0.271s
2025-03-11 20:53:41.721 69212 INFO tempest.lib.common.rest_client [req-93fcab9e-4397-463c-a885-0dbe4822aacb req-93fcab9e-4397-463c-a885-0dbe4822aacb ] Request (ListServerFiltersTestJSON:tearDownClass): 200 GET http://10.180.1.21/compute/v2.1/servers/b58e6f5b-0e27-4b89-83ce-c2d969ee9789 0.272s
2025-03-11 20:53:41.803 69232 INFO tempest.lib.common.rest_client [req-3041b255-5a4a-42e0-893d-2ffffc1d7760 req-3041b255-5a4a-42e0-893d-2ffffc1d7760 ] Request (ServerAddressesNegativeTestJSON:tearDownClass): 200 GET http://10.180.1.21/compute/v2.1/servers/d435fc42-027b-4570-adf3-3af3e3ba7a34 0.273s
2025-03-11 20:53:42.001 69190 INFO tempest.lib.common.rest_client [req-54686af8-e227-4fdd-be70-36c7b210b070 req-54686af8-e227-4fdd-be70-36c7b210b070 ] Request (ServersTestMultiNic:test_verify_duplicate_network_nics): 200 GET http://10.180.1.21/compute/v2.1/servers/e42489db-55ce-4b59-bed9-86752b6a146b 0.455s
2025-03-11 20:53:42.076 69249 INFO tempest.lib.common.rest_client [req-41661bb0-52f3-40fa-8afb-923a82f66bd8 req-41661bb0-52f3-40fa-8afb-923a82f66bd8 ] Request (InstanceActionsNegativeTestJSON:setUpClass): 200 GET http://10.180.1.21/compute/v2.1/servers/daa44d73-b9a8-4aaa-9240-410dfc5d2d80 0.495s
2025-03-11 20:53:42.080 69188 WARNING tempest.lib.common.ssh [-] Failed to establish authenticated ssh connection to cirros@10.180.180.142 ([Errno None] Unable to connect to port 22 on 10.180.180.142). Number attempts: 4. Retry after 5 seconds.: paramiko.ssh_exception.NoValidConnectionsError: [Errno None] Unable to connect to port 22 on 10.180.180.142
2025-03-11 20:53:42.084 69249 INFO tempest.common.waiters [-] State transition "BUILD/scheduling" ==> "BUILD/None" after 44 second wait
2025-03-11 20:53:42.106 69247 INFO tempest.lib.common.rest_client [req-56639c60-b37e-4442-bf4a-d81e19482d4e req-56639c60-b37e-4442-bf4a-d81e19482d4e ] Request (ServersAdminTestJSON:test_create_server_with_scheduling_hint): 202 POST http://10.180.1.21/compute/v2.1/servers 0.872s
2025-03-11 20:53:42.170 69226 INFO tempest.lib.common.rest_client [req-4279d8ec-0aa0-40fa-bde3-7258cb10541c req-4279d8ec-0aa0-40fa-bde3-7258cb10541c ] Request (ServerRescueTestJSONUnderV235:setUpClass): 200 GET http://10.180.1.21/compute/v2.1/servers/adc0124f-b328-4243-a734-75a8a6424d5d 0.531s
2025-03-11 20:53:42.221 69186 INFO tempest.lib.common.rest_client [req-dbb80f24-f28f-48ad-8605-44aef4c020a5 req-dbb80f24-f28f-48ad-8605-44aef4c020a5 ] Request (ServersTestFqdnHostnames:test_create_server_with_fqdn_name): 200 GET http://10.180.1.21/compute/v2.1/servers/f1c2938e-3a85-45ba-afb3-cea2f59a7b55 0.584s
2025-03-11 20:53:42.225 69196 INFO tempest.lib.common.rest_client [req-e43c14db-b3fa-4929-b2f1-77ffcba8ee9a req-e43c14db-b3fa-4929-b2f1-77ffcba8ee9a ] Request (ServerDiskConfigTestJSON:test_rebuild_server_with_auto_disk_config): 200 GET http://10.180.1.21/compute/v2.1/servers/00034a52-903c-4575-acd3-4912a144e6ef 0.552s
2025-03-11 20:53:42.231 69224 WARNING tempest.lib.common.ssh [-] Failed to establish authenticated ssh connection to cirros@10.180.180.180 ([Errno None] Unable to connect to port 22 on 10.180.180.180). Number attempts: 9. Retry after 10 seconds.: paramiko.ssh_exception.NoValidConnectionsError: [Errno None] Unable to connect to port 22 on 10.180.180.180
2025-03-11 20:53:42.238 69186 INFO tempest.common.waiters [-] State transition "BUILD/networking" ==> "BUILD/spawning" after 75 second wait
2025-03-11 20:53:42.302 69222 INFO tempest.lib.common.rest_client [req-03f67203-f1e9-4517-a755-4158b6411f56 req-03f67203-f1e9-4517-a755-4158b6411f56 ] Request (DeleteServersTestJSON:test_delete_active_server): 200 GET http://10.180.1.21/compute/v2.1/servers/11bc20f4-fdb7-4907-ae3d-088ea6294592 0.612s
2025-03-11 20:53:42.304 69241 INFO tempest.lib.common.rest_client [req-af40fd6e-f25b-4adc-8456-53f47f301778 req-af40fd6e-f25b-4adc-8456-53f47f301778 ] Request (ServerMetadataNegativeTestJSON:setUpClass): 200 GET http://10.180.1.21/compute/v2.1/servers/6e428a90-9bb5-4093-99ef-4e9efa880cb8 0.539s
2025-03-11 20:53:42.372 69210 INFO tempest.lib.common.rest_client [req-b551b8c3-372e-4af0-85c4-0781f1be13cf req-b551b8c3-372e-4af0-85c4-0781f1be13cf ] Request (ServerShowV247Test:test_update_rebuild_list_server): 200 GET http://10.180.1.21/compute/v2.1/servers/b65b8b21-680b-4bb6-8ea4-5bc8f026f771 0.525s
2025-03-11 20:53:42.378 69206 INFO tempest.lib.common.rest_client [req-2396c7f7-c796-44a8-846c-e5907f111cc7 req-2396c7f7-c796-44a8-846c-e5907f111cc7 ] Request (ImagesTestJSON:test_create_image_from_suspended_server): 200 GET http://10.180.1.21/compute/v2.1/servers/0ea266a1-6231-47a9-84c4-c78fb619f713 0.510s
2025-03-11 20:53:42.442 69200 INFO tempest.lib.common.rest_client [req-22ce4ee6-2c25-4aea-9eb5-0dfc02648c02 req-22ce4ee6-2c25-4aea-9eb5-0dfc02648c02 ] Request (ServerExternalEventsTest:test_create_server_external_events): 200 GET http://10.180.1.21/compute/v2.1/servers/d34132e0-a8de-4502-8f32-16056146ec8a 0.504s
2025-03-11 20:53:42.453 69208 INFO tempest.lib.common.rest_client [req-1171caf4-a4bf-4b96-9547-1e9c51bfdfe4 req-1171caf4-a4bf-4b96-9547-1e9c51bfdfe4 ] Request (FloatingIPsAssociationTestJSON:test_associate_already_associated_floating_ip): 200 GET http://10.180.1.21/compute/v2.1/servers/1bf15cde-c03f-426d-8a59-af1bba3b394d 0.515s
2025-03-11 20:53:42.464 69244 WARNING tempest.lib.common.ssh [-] Failed to establish authenticated ssh connection to cirros@10.180.180.130 ([Errno None] Unable to connect to port 22 on 10.180.180.130). Number attempts: 5. Retry after 6 seconds.: paramiko.ssh_exception.NoValidConnectionsError: [Errno None] Unable to connect to port 22 on 10.180.180.130
2025-03-11 20:53:42.506 69198 INFO tempest.lib.common.rest_client [req-97d534b0-79a8-48a2-86af-129e13176994 req-97d534b0-79a8-48a2-86af-129e13176994 ] Request (DeleteServersAdminTestJSON:test_delete_server_while_in_error_state): 200 GET http://10.180.1.21/compute/v2.1/servers/862e124c-12d6-4f2b-92b3-6bafe7c93ff4 0.470s
2025-03-11 20:53:42.514 69247 INFO tempest.lib.common.rest_client [req-b90ede97-7203-487c-ba51-9ecdfb135be4 req-b90ede97-7203-487c-ba51-9ecdfb135be4 ] Request (ServersAdminTestJSON:test_create_server_with_scheduling_hint): 200 GET http://10.180.1.21/compute/v2.1/servers/9193b301-bb6f-4c46-9a53-f4205e68f49c 0.406s
2025-03-11 20:53:42.585 69230 INFO tempest.lib.common.rest_client [req-481dd32f-6384-465a-9364-ef31299a8fde req-481dd32f-6384-465a-9364-ef31299a8fde ] Request (ListImageFiltersTestJSON:tearDownClass): 200 GET http://10.180.1.21/compute/v2.1/servers/f86f5ee4-e2a9-47e2-89ab-fb464f2a121b 0.441s
2025-03-11 20:53:42.734 69237 INFO tempest.lib.common.rest_client [req-f61f26fe-312e-4230-b35b-e1d5fd1b5602 req-f61f26fe-312e-4230-b35b-e1d5fd1b5602 ] Request (MigrationsAdminTest:test_list_migrations_in_flavor_resize_situation): 200 GET http://10.180.1.21/compute/v2.1/servers/2caef58a-fa7a-42bb-8b96-4ddbbaf46ee7 0.408s
2025-03-11 20:53:42.755 69245 INFO tempest.lib.common.rest_client [req-21f109ef-8f01-40bd-9297-0eea0a3ea257 req-21f109ef-8f01-40bd-9297-0eea0a3ea257 ] Request (AttachVolumeNegativeTest:setUpClass): 201 POST http://10.180.1.21:9696/networking/v2.0/routers 1.261s
2025-03-11 20:53:42.758 69192 INFO tempest.lib.common.rest_client [req-e57b25ce-d2df-4e80-8a19-1e8950c48f53 req-e57b25ce-d2df-4e80-8a19-1e8950c48f53 ] Request (ImagesOneServerTestJSON:test_create_image_specify_multibyte_character_image_name): 200 GET http://10.180.1.21/compute/v2.1/servers/23be18bf-6b2b-4daf-8978-62add118d97e 0.356s
2025-03-11 20:53:42.771 69192 INFO tempest.common.waiters [-] State transition "ACTIVE/image_uploading" ==> "ACTIVE/None" after 1 second wait
2025-03-11 20:53:42.828 69204 INFO tempest.lib.common.rest_client [req-3551d6f3-81eb-4a76-8a49-66712232444e req-3551d6f3-81eb-4a76-8a49-66712232444e ] Request (AttachInterfacesTestJSON:test_create_list_show_delete_interfaces_by_fixed_ip): 200 GET http://10.180.1.21/compute/v2.1/servers/66b2bb97-67dd-40cd-bdba-dd70e30823be 0.335s
2025-03-11 20:53:42.893 69202 INFO tempest.lib.common.rest_client [req-69a1d02b-01c2-439c-a832-3f6b30168884 req-69a1d02b-01c2-439c-a832-3f6b30168884 ] Request (ImagesOneServerNegativeTestJSON:setUpClass): 200 GET http://10.180.1.21/compute/v2.1/servers/fee46f73-ed67-44bf-8595-7fcc105edb8e 0.330s
2025-03-11 20:53:42.973 69216 INFO tempest.lib.common.rest_client [req-c77a92ca-fe47-4481-98a7-43b39008bff8 req-c77a92ca-fe47-4481-98a7-43b39008bff8 ] Request (ListServersNegativeTestJSON:setUpClass): 200 GET http://10.180.1.21/compute/v2.1/servers/6abf8eea-9053-45bf-8c50-c7fc5d6f5d7c 0.334s
2025-03-11 20:53:42.998 69228 INFO tempest.lib.common.rest_client [req-7a1bc50d-d58d-44cb-a2f7-f1dd6edc212c req-7a1bc50d-d58d-44cb-a2f7-f1dd6edc212c ] Request (ServerGroupTestJSON:test_create_server_with_scheduler_hint_group): 200 GET http://10.180.1.21/compute/v2.1/servers/bb71bace-8d28-4ff2-9316-eafb00b05663 0.531s
2025-03-11 20:53:43.063 69212 INFO tempest.lib.common.rest_client [req-6690ebee-d3b5-4191-b60f-8c4cf85f8b09 req-6690ebee-d3b5-4191-b60f-8c4cf85f8b09 ] Request (ListServerFiltersTestJSON:tearDownClass): 200 GET http://10.180.1.21/compute/v2.1/servers/b58e6f5b-0e27-4b89-83ce-c2d969ee9789 0.328s
2025-03-11 20:53:43.134 69232 INFO tempest.lib.common.rest_client [req-4e1730b6-2a51-40a9-85d0-20a4e6da4c3a req-4e1730b6-2a51-40a9-85d0-20a4e6da4c3a ] Request (ServerAddressesNegativeTestJSON:tearDownClass): 200 GET http://10.180.1.21/compute/v2.1/servers/d435fc42-027b-4570-adf3-3af3e3ba7a34 0.314s
2025-03-11 20:53:43.152 69192 INFO tempest.lib.common.rest_client [req-ed05da6d-fb1f-4e49-9920-1b6bb00cb04e req-ed05da6d-fb1f-4e49-9920-1b6bb00cb04e ] Request (ImagesOneServerTestJSON:tearDownClass): 204 DELETE http://10.180.1.21/compute/v2.1/images/0e196de6-559b-4678-97a4-01562e79b713 0.380s
2025-03-11 20:53:43.249 69249 INFO tempest.lib.common.rest_client [req-b2001ee7-54e9-410f-b10e-b876ec18678c req-b2001ee7-54e9-410f-b10e-b876ec18678c ] Request (InstanceActionsNegativeTestJSON:setUpClass): 200 GET http://10.180.1.21/compute/v2.1/servers/daa44d73-b9a8-4aaa-9240-410dfc5d2d80 0.164s
2025-03-11 20:53:43.274 69192 INFO tempest.lib.common.rest_client [req-f2acc257-7e2c-4c04-ac20-5a89ade3a411 req-f2acc257-7e2c-4c04-ac20-5a89ade3a411 ] Request (ImagesOneServerTestJSON:tearDownClass): 404 DELETE http://10.180.1.21/compute/v2.1/images/66600258-c97a-4226-9663-b96844d37fab 0.122s
2025-03-11 20:53:43.308 69190 INFO tempest.lib.common.rest_client [req-485b9604-9030-4ef2-b606-12bb6a628184 req-485b9604-9030-4ef2-b606-12bb6a628184 ] Request (ServersTestMultiNic:test_verify_duplicate_network_nics): 200 GET http://10.180.1.21/compute/v2.1/servers/e42489db-55ce-4b59-bed9-86752b6a146b 0.293s
2025-03-11 20:53:43.333 69226 INFO tempest.lib.common.rest_client [req-93e732ec-af2f-48c6-af9c-e962ded0f708 req-93e732ec-af2f-48c6-af9c-e962ded0f708 ] Request (ServerRescueTestJSONUnderV235:setUpClass): 200 GET http://10.180.1.21/compute/v2.1/servers/adc0124f-b328-4243-a734-75a8a6424d5d 0.151s
2025-03-11 20:53:43.364 69196 INFO tempest.lib.common.rest_client [req-9a1a9396-8e93-4bf6-b71b-15feca2fdc6c req-9a1a9396-8e93-4bf6-b71b-15feca2fdc6c ] Request (ServerDiskConfigTestJSON:test_rebuild_server_with_auto_disk_config): 200 GET http://10.180.1.21/compute/v2.1/servers/00034a52-903c-4575-acd3-4912a144e6ef 0.122s
2025-03-11 20:53:43.442 69192 INFO tempest.lib.common.rest_client [req-0bbc3ca0-1695-4e5e-8794-e02cf7c0be4f req-0bbc3ca0-1695-4e5e-8794-e02cf7c0be4f ] Request (ImagesOneServerTestJSON:tearDownClass): 204 DELETE http://10.180.1.21/compute/v2.1/servers/23be18bf-6b2b-4daf-8978-62add118d97e 0.167s
2025-03-11 20:53:43.473 69186 INFO tempest.lib.common.rest_client [req-1d28f329-c268-4bb2-9cef-f725aba2c554 req-1d28f329-c268-4bb2-9cef-f725aba2c554 ] Request (ServersTestFqdnHostnames:test_create_server_with_fqdn_name): 200 GET http://10.180.1.21/compute/v2.1/servers/f1c2938e-3a85-45ba-afb3-cea2f59a7b55 0.232s
2025-03-11 20:53:43.499 69222 INFO tempest.lib.common.rest_client [req-24c8160f-5089-4c7c-9ac5-973a5a7354f9 req-24c8160f-5089-4c7c-9ac5-973a5a7354f9 ] Request (DeleteServersTestJSON:test_delete_active_server): 200 GET http://10.180.1.21/compute/v2.1/servers/11bc20f4-fdb7-4907-ae3d-088ea6294592 0.187s
2025-03-11 20:53:43.549 69241 INFO tempest.lib.common.rest_client [req-e60f93cc-84ea-4254-b214-8ccd1ecd1934 req-e60f93cc-84ea-4254-b214-8ccd1ecd1934 ] Request (ServerMetadataNegativeTestJSON:setUpClass): 200 GET http://10.180.1.21/compute/v2.1/servers/6e428a90-9bb5-4093-99ef-4e9efa880cb8 0.234s
2025-03-11 20:53:43.575 69210 INFO tempest.lib.common.rest_client [req-fc42dfa3-2c63-4367-b4d1-f875f673dd78 req-fc42dfa3-2c63-4367-b4d1-f875f673dd78 ] Request (ServerShowV247Test:test_update_rebuild_list_server): 200 GET http://10.180.1.21/compute/v2.1/servers/b65b8b21-680b-4bb6-8ea4-5bc8f026f771 0.194s
2025-03-11 20:53:43.616 69206 INFO tempest.lib.common.rest_client [req-43d87816-2856-4828-9a81-0d4caee3cce3 req-43d87816-2856-4828-9a81-0d4caee3cce3 ] Request (ImagesTestJSON:test_create_image_from_suspended_server): 200 GET http://10.180.1.21/compute/v2.1/servers/0ea266a1-6231-47a9-84c4-c78fb619f713 0.226s
2025-03-11 20:53:43.688 69200 INFO tempest.lib.common.rest_client [req-7ea8aeed-cff5-442d-811b-dc6cab65368e req-7ea8aeed-cff5-442d-811b-dc6cab65368e ] Request (ServerExternalEventsTest:test_create_server_external_events): 200 GET http://10.180.1.21/compute/v2.1/servers/d34132e0-a8de-4502-8f32-16056146ec8a 0.236s
2025-03-11 20:53:43.734 69192 INFO tempest.lib.common.rest_client [req-4bbe5a3d-75f9-4f61-a10c-73533505c9b1 req-4bbe5a3d-75f9-4f61-a10c-73533505c9b1 ] Request (ImagesOneServerTestJSON:tearDownClass): 200 GET http://10.180.1.21/compute/v2.1/servers/23be18bf-6b2b-4daf-8978-62add118d97e 0.292s
2025-03-11 20:53:43.754 69208 INFO tempest.lib.common.rest_client [req-10f8a78d-3963-4345-82da-2ab318a1130f req-10f8a78d-3963-4345-82da-2ab318a1130f ] Request (FloatingIPsAssociationTestJSON:test_associate_already_associated_floating_ip): 200 GET http://10.180.1.21/compute/v2.1/servers/1bf15cde-c03f-426d-8a59-af1bba3b394d 0.289s
2025-03-11 20:53:43.791 69198 INFO tempest.lib.common.rest_client [req-144b56f5-940b-40ca-9eb8-fb0d14c3c6dc req-144b56f5-940b-40ca-9eb8-fb0d14c3c6dc ] Request (DeleteServersAdminTestJSON:test_delete_server_while_in_error_state): 200 GET http://10.180.1.21/compute/v2.1/servers/862e124c-12d6-4f2b-92b3-6bafe7c93ff4 0.276s
2025-03-11 20:53:43.827 69247 INFO tempest.lib.common.rest_client [req-408c2e1f-812c-4b9b-b471-b01f8e964358 req-408c2e1f-812c-4b9b-b471-b01f8e964358 ] Request (ServersAdminTestJSON:test_create_server_with_scheduling_hint): 200 GET http://10.180.1.21/compute/v2.1/servers/9193b301-bb6f-4c46-9a53-f4205e68f49c 0.304s
2025-03-11 20:53:43.890 69230 INFO tempest.lib.common.rest_client [req-bdde7b52-fa85-4c47-acc5-cdaf4e33708c req-bdde7b52-fa85-4c47-acc5-cdaf4e33708c ] Request (ListImageFiltersTestJSON:tearDownClass): 200 GET http://10.180.1.21/compute/v2.1/servers/f86f5ee4-e2a9-47e2-89ab-fb464f2a121b 0.296s
2025-03-11 20:53:43.949 69204 INFO tempest.lib.common.rest_client [req-8231de9d-bf63-4db8-834d-becc5d043c81 req-8231de9d-bf63-4db8-834d-becc5d043c81 ] Request (AttachInterfacesTestJSON:test_create_list_show_delete_interfaces_by_fixed_ip): 200 GET http://10.180.1.21/compute/v2.1/servers/66b2bb97-67dd-40cd-bdba-dd70e30823be 0.107s
2025-03-11 20:53:43.975 69237 INFO tempest.lib.common.rest_client [req-7a7f81de-969c-446f-bb41-97143d884bb7 req-7a7f81de-969c-446f-bb41-97143d884bb7 ] Request (MigrationsAdminTest:test_list_migrations_in_flavor_resize_situation): 200 GET http://10.180.1.21/compute/v2.1/servers/2caef58a-fa7a-42bb-8b96-4ddbbaf46ee7 0.228s
2025-03-11 20:53:43.985 69237 INFO tempest.common.waiters [-] State transition "VERIFY_RESIZE/None" ==> "ACTIVE/None" after 42 second wait
2025-03-11 20:53:44.018 69202 INFO tempest.lib.common.rest_client [req-248ad32c-ad05-45bc-aa60-864592af53d4 req-248ad32c-ad05-45bc-aa60-864592af53d4 ] Request (ImagesOneServerNegativeTestJSON:setUpClass): 200 GET http://10.180.1.21/compute/v2.1/servers/fee46f73-ed67-44bf-8595-7fcc105edb8e 0.101s
2025-03-11 20:53:44.050 69216 INFO tempest.lib.common.rest_client [req-1976e499-f7a8-4e26-b1ac-f121f11dd75d req-1976e499-f7a8-4e26-b1ac-f121f11dd75d ] Request (ListServersNegativeTestJSON:setUpClass): 200 GET http://10.180.1.21/compute/v2.1/servers/6abf8eea-9053-45bf-8c50-c7fc5d6f5d7c 0.066s
2025-03-11 20:53:44.152 69237 INFO tempest.lib.common.rest_client [req-064666b3-c8ad-4b99-8d1b-703910e48fa5 req-064666b3-c8ad-4b99-8d1b-703910e48fa5 ] Request (MigrationsAdminTest:test_list_migrations_in_flavor_resize_situation): 200 GET http://10.180.1.21/compute/v2.1/servers/2caef58a-fa7a-42bb-8b96-4ddbbaf46ee7 0.166s
2025-03-11 20:53:44.165 69214 WARNING tempest.lib.common.ssh [-] Failed to establish authenticated ssh connection to cirros@10.180.180.254 ([Errno None] Unable to connect to port 22 on 10.180.180.254). Number attempts: 8. Retry after 9 seconds.: paramiko.ssh_exception.NoValidConnectionsError: [Errno None] Unable to connect to port 22 on 10.180.180.254
2025-03-11 20:53:44.184 69228 INFO tempest.lib.common.rest_client [req-339c1c5b-5e51-4e86-83a0-3008b0ee457f req-339c1c5b-5e51-4e86-83a0-3008b0ee457f ] Request (ServerGroupTestJSON:test_create_server_with_scheduler_hint_group): 200 GET http://10.180.1.21/compute/v2.1/servers/bb71bace-8d28-4ff2-9316-eafb00b05663 0.169s
2025-03-11 20:53:44.214 69212 INFO tempest.lib.common.rest_client [req-816bebb0-31db-47d1-99fd-c0a715492d00 req-816bebb0-31db-47d1-99fd-c0a715492d00 ] Request (ListServerFiltersTestJSON:tearDownClass): 200 GET http://10.180.1.21/compute/v2.1/servers/b58e6f5b-0e27-4b89-83ce-c2d969ee9789 0.141s
2025-03-11 20:53:44.259 69237 INFO tempest.lib.common.rest_client [req-4faa533e-b4d2-44f3-a854-dcf534e01ea8 req-4faa533e-b4d2-44f3-a854-dcf534e01ea8 ] Request (MigrationsAdminTest:test_list_migrations_in_flavor_resize_situation): 200 POST http://10.180.1.21/compute/v2.1/os-keypairs 0.096s
2025-03-11 20:53:44.372 69237 INFO tempest.lib.common.rest_client [req-d011066d-0436-4cc4-8465-b3b5b17e7b93 req-d011066d-0436-4cc4-8465-b3b5b17e7b93 ] Request (MigrationsAdminTest:test_list_migrations_in_flavor_resize_situation): 201 POST http://10.180.1.21:9696/networking/v2.0/security-groups 0.111s
2025-03-11 20:53:44.451 69237 INFO tempest.lib.common.rest_client [req-b5e050fa-164a-43d8-8231-d4dc35e797ff req-b5e050fa-164a-43d8-8231-d4dc35e797ff ] Request (MigrationsAdminTest:test_list_migrations_in_flavor_resize_situation): 201 POST http://10.180.1.21:9696/networking/v2.0/security-group-rules 0.078s
2025-03-11 20:53:44.473 69232 INFO tempest.lib.common.rest_client [req-ba8bbc7a-c29e-4718-b920-3df59173d573 req-ba8bbc7a-c29e-4718-b920-3df59173d573 ] Request (ServerAddressesNegativeTestJSON:tearDownClass): 200 GET http://10.180.1.21/compute/v2.1/servers/d435fc42-027b-4570-adf3-3af3e3ba7a34 0.326s
2025-03-11 20:53:44.487 69249 INFO tempest.lib.common.rest_client [req-256a5525-d80b-46b0-9175-b2eec4eb70e3 req-256a5525-d80b-46b0-9175-b2eec4eb70e3 ] Request (InstanceActionsNegativeTestJSON:setUpClass): 200 GET http://10.180.1.21/compute/v2.1/servers/daa44d73-b9a8-4aaa-9240-410dfc5d2d80 0.228s
2025-03-11 20:53:44.545 69237 INFO tempest.lib.common.rest_client [req-0528a766-e0ad-407a-bc76-b268a8442d0e req-0528a766-e0ad-407a-bc76-b268a8442d0e ] Request (MigrationsAdminTest:test_list_migrations_in_flavor_resize_situation): 201 POST http://10.180.1.21:9696/networking/v2.0/security-group-rules 0.094s
2025-03-11 20:53:44.568 69226 INFO tempest.lib.common.rest_client [req-baa62544-f1bc-4848-ad4e-6ac76f2da168 req-baa62544-f1bc-4848-ad4e-6ac76f2da168 ] Request (ServerRescueTestJSONUnderV235:setUpClass): 200 GET http://10.180.1.21/compute/v2.1/servers/adc0124f-b328-4243-a734-75a8a6424d5d 0.223s
2025-03-11 20:53:44.575 69245 INFO tempest.lib.common.rest_client [req-f02b16ff-bb27-4a41-a60b-4fb131d511a6 req-f02b16ff-bb27-4a41-a60b-4fb131d511a6 ] Request (AttachVolumeNegativeTest:setUpClass): 200 PUT http://10.180.1.21:9696/networking/v2.0/routers/8ad3f9dc-1165-487b-9932-556e03767a6b/add_router_interface 1.820s
2025-03-11 20:53:44.576 69245 INFO tempest.lib.common.dynamic_creds [-] Created isolated network resources for: credentials: Credentials: {'domain_id': 'default', 'domain_name': 'Default', 'username': 'tempest-AttachVolumeNegativeTest-122085146-project-member', 'project_domain_id': 'default', 'project_domain_name': 'Default', 'project_id': 'b4b73ae3ad004cc0b6896b55f600985b', 'project_name': 'tempest-AttachVolumeNegativeTest-122085146', 'tenant_id': 'b4b73ae3ad004cc0b6896b55f600985b', 'tenant_name': 'tempest-AttachVolumeNegativeTest-122085146', 'user_domain_id': 'default', 'user_domain_name': 'Default', 'user_id': '2decb7bef1e04a049961a6de79590720', 'system': None}, Network: {'id': '884ae889-10cf-4bfb-990c-a6fb174192e9', 'name': 'tempest-AttachVolumeNegativeTest-2063846803-network', 'tenant_id': 'b4b73ae3ad004cc0b6896b55f600985b', 'admin_state_up': True, 'mtu': 8950, 'status': 'ACTIVE', 'subnets': [], 'shared': False, 'project_id': 'b4b73ae3ad004cc0b6896b55f600985b', 'port_security_enabled': True, 'router:external': False, 'provider:network_type': 'vlan', 'provider:physical_network': 'default', 'provider:segmentation_id': 802, 'availability_zone_hints': [], 'availability_zones': [], 'ipv4_address_scope': None, 'ipv6_address_scope': None, 'description': '', 'tags': [], 'created_at': '2025-03-11T20:53:41Z', 'updated_at': '2025-03-11T20:53:41Z', 'revision_number': 1}, Subnet: {'id': '555a17c7-edcf-446a-8b83-0ba4992ad9c0', 'name': 'tempest-AttachVolumeNegativeTest-2063846803-subnet', 'tenant_id': 'b4b73ae3ad004cc0b6896b55f600985b', 'network_id': '884ae889-10cf-4bfb-990c-a6fb174192e9', 'ip_version': 4, 'subnetpool_id': None, 'enable_dhcp': True, 'ipv6_ra_mode': None, 'ipv6_address_mode': None, 'gateway_ip': '192.168.128.1', 'cidr': '192.168.128.0/28', 'allocation_pools': [{'start': '192.168.128.2', 'end': '192.168.128.14'}], 'host_routes': [], 'dns_nameservers': [], 'description': '', 'router:external': False, 'service_types': [], 'tags': [], 'created_at': '2025-03-11T20:53:41Z', 'updated_at': '2025-03-11T20:53:41Z', 'revision_number': 0, 'project_id': 'b4b73ae3ad004cc0b6896b55f600985b'}, Router: {'id': '8ad3f9dc-1165-487b-9932-556e03767a6b', 'name': 'tempest-AttachVolumeNegativeTest-2063846803-router', 'tenant_id': 'b4b73ae3ad004cc0b6896b55f600985b', 'admin_state_up': True, 'status': 'ACTIVE', 'external_gateway_info': {'network_id': 'cc194e04-0a46-4494-b374-7a85c8bd7b72', 'external_fixed_ips': [{'subnet_id': '1042a5b3-51cb-483b-accb-f03c5e4ca1f6', 'ip_address': '10.180.180.218'}], 'enable_snat': True}, 'description': '', 'availability_zones': [], 'distributed': False, 'ha': False, 'availability_zone_hints': [], 'routes': [], 'flavor_id': None, 'tags': [], 'created_at': '2025-03-11T20:53:41Z', 'updated_at': '2025-03-11T20:53:42Z', 'revision_number': 2, 'project_id': 'b4b73ae3ad004cc0b6896b55f600985b'}
2025-03-11 20:53:44.638 69196 INFO tempest.lib.common.rest_client [req-acf6dca7-e6e9-4869-9891-ad17c21379ac req-acf6dca7-e6e9-4869-9891-ad17c21379ac ] Request (ServerDiskConfigTestJSON:test_rebuild_server_with_auto_disk_config): 200 GET http://10.180.1.21/compute/v2.1/servers/00034a52-903c-4575-acd3-4912a144e6ef 0.266s
2025-03-11 20:53:44.658 69190 INFO tempest.lib.common.rest_client [req-8fcd93a4-a45b-4547-84dd-155d2b4c4859 req-8fcd93a4-a45b-4547-84dd-155d2b4c4859 ] Request (ServersTestMultiNic:test_verify_duplicate_network_nics): 200 GET http://10.180.1.21/compute/v2.1/servers/e42489db-55ce-4b59-bed9-86752b6a146b 0.339s
2025-03-11 20:53:44.670 69190 INFO tempest.common.waiters [-] State transition "BUILD/spawning" ==> "ACTIVE/None" after 86 second wait
2025-03-11 20:53:44.694 69245 INFO tempest.lib.common.rest_client [req-44dcebd6-1827-48b3-aef5-155640035d59 req-44dcebd6-1827-48b3-aef5-155640035d59 ] Request (AttachVolumeNegativeTest:setUpClass): 201 POST http://10.180.1.21/identity/v3/auth/tokens 0.114s
2025-03-11 20:53:44.718 69222 INFO tempest.lib.common.rest_client [req-962e6aa1-7780-46a8-b553-faad32656e9e req-962e6aa1-7780-46a8-b553-faad32656e9e ] Request (DeleteServersTestJSON:test_delete_active_server): 200 GET http://10.180.1.21/compute/v2.1/servers/11bc20f4-fdb7-4907-ae3d-088ea6294592 0.208s
2025-03-11 20:53:44.731 69186 INFO tempest.lib.common.rest_client [req-ed3cd6ea-910f-4e47-aaac-0448e3d58b63 req-ed3cd6ea-910f-4e47-aaac-0448e3d58b63 ] Request (ServersTestFqdnHostnames:test_create_server_with_fqdn_name): 200 GET http://10.180.1.21/compute/v2.1/servers/f1c2938e-3a85-45ba-afb3-cea2f59a7b55 0.249s
2025-03-11 20:53:44.778 69241 INFO tempest.lib.common.rest_client [req-d50ed0f2-ae8b-48e3-9e57-598c1f87c633 req-d50ed0f2-ae8b-48e3-9e57-598c1f87c633 ] Request (ServerMetadataNegativeTestJSON:setUpClass): 200 GET http://10.180.1.21/compute/v2.1/servers/6e428a90-9bb5-4093-99ef-4e9efa880cb8 0.216s
2025-03-11 20:53:44.795 69210 INFO tempest.lib.common.rest_client [req-e2c12255-1081-45f1-9768-44c4d051c9b9 req-e2c12255-1081-45f1-9768-44c4d051c9b9 ] Request (ServerShowV247Test:test_update_rebuild_list_server): 200 GET http://10.180.1.21/compute/v2.1/servers/b65b8b21-680b-4bb6-8ea4-5bc8f026f771 0.209s
2025-03-11 20:53:44.832 69190 INFO tempest.lib.common.rest_client [req-6fd499a6-91da-4bfe-96f0-c84cb0eacdcd req-6fd499a6-91da-4bfe-96f0-c84cb0eacdcd ] Request (ServersTestMultiNic:test_verify_duplicate_network_nics): 200 GET http://10.180.1.21/compute/v2.1/servers/e42489db-55ce-4b59-bed9-86752b6a146b/ips 0.162s
2025-03-11 20:53:44.833 69206 INFO tempest.lib.common.rest_client [req-9632c40a-eebb-4e4c-909c-f7ba46e1564b req-9632c40a-eebb-4e4c-909c-f7ba46e1564b ] Request (ImagesTestJSON:test_create_image_from_suspended_server): 200 GET http://10.180.1.21/compute/v2.1/servers/0ea266a1-6231-47a9-84c4-c78fb619f713 0.206s
2025-03-11 20:53:44.888 69200 INFO tempest.lib.common.rest_client [req-5d7ea86d-81f9-49f9-89a1-f04c2eeeb014 req-5d7ea86d-81f9-49f9-89a1-f04c2eeeb014 ] Request (ServerExternalEventsTest:test_create_server_external_events): 200 GET http://10.180.1.21/compute/v2.1/servers/d34132e0-a8de-4502-8f32-16056146ec8a 0.192s
2025-03-11 20:53:44.938 69237 INFO tempest.lib.common.rest_client [req-8643936b-ebdb-489b-8c98-8534e6e95ece req-8643936b-ebdb-489b-8c98-8534e6e95ece ] Request (MigrationsAdminTest:test_list_migrations_in_flavor_resize_situation): 201 POST http://10.180.1.21:9696/networking/v2.0/floatingips 0.392s
2025-03-11 20:53:44.971 69245 INFO tempest.lib.common.rest_client [req-047ff12c-ade5-4ec2-aa5f-4b2c67a634d7 req-047ff12c-ade5-4ec2-aa5f-4b2c67a634d7 ] Request (ValidationResourcesFixture:setUp): 200 POST http://10.180.1.21/compute/v2.1/os-keypairs 0.274s
2025-03-11 20:53:45.028 69192 INFO tempest.lib.common.rest_client [req-1f935af9-4147-4c31-9b42-e2e8b69899e0 req-1f935af9-4147-4c31-9b42-e2e8b69899e0 ] Request (ImagesOneServerTestJSON:tearDownClass): 200 GET http://10.180.1.21/compute/v2.1/servers/23be18bf-6b2b-4daf-8978-62add118d97e 0.285s
2025-03-11 20:53:45.041 69208 INFO tempest.lib.common.rest_client [req-35cb966f-f594-4c1d-b222-8f382dfe6a27 req-35cb966f-f594-4c1d-b222-8f382dfe6a27 ] Request (FloatingIPsAssociationTestJSON:test_associate_already_associated_floating_ip): 200 GET http://10.180.1.21/compute/v2.1/servers/1bf15cde-c03f-426d-8a59-af1bba3b394d 0.274s
2025-03-11 20:53:45.097 69198 INFO tempest.lib.common.rest_client [req-f765ac61-e848-460e-bcdd-bf2799ec6239 req-f765ac61-e848-460e-bcdd-bf2799ec6239 ] Request (DeleteServersAdminTestJSON:test_delete_server_while_in_error_state): 200 GET http://10.180.1.21/compute/v2.1/servers/862e124c-12d6-4f2b-92b3-6bafe7c93ff4 0.299s
2025-03-11 20:53:45.100 69245 INFO tempest.lib.common.rest_client [req-7f99881e-90e6-4c0a-82a4-7f7f885c71ab req-7f99881e-90e6-4c0a-82a4-7f7f885c71ab ] Request (ValidationResourcesFixture:setUp): 201 POST http://10.180.1.21:9696/networking/v2.0/security-groups 0.126s
2025-03-11 20:53:45.114 69247 INFO tempest.lib.common.rest_client [req-27cb58e6-6f90-49fd-8e33-b906a18f9b37 req-27cb58e6-6f90-49fd-8e33-b906a18f9b37 ] Request (ServersAdminTestJSON:test_create_server_with_scheduling_hint): 200 GET http://10.180.1.21/compute/v2.1/servers/9193b301-bb6f-4c46-9a53-f4205e68f49c 0.280s
2025-03-11 20:53:45.178 69230 INFO tempest.lib.common.rest_client [req-3d38fd9a-c23c-4070-991b-000825e3593b req-3d38fd9a-c23c-4070-991b-000825e3593b ] Request (ListImageFiltersTestJSON:tearDownClass): 200 GET http://10.180.1.21/compute/v2.1/servers/f86f5ee4-e2a9-47e2-89ab-fb464f2a121b 0.279s
2025-03-11 20:53:45.178 69245 INFO tempest.lib.common.rest_client [req-c7dd40cd-5c0b-4933-b650-a3bed887c546 req-c7dd40cd-5c0b-4933-b650-a3bed887c546 ] Request (ValidationResourcesFixture:setUp): 201 POST http://10.180.1.21:9696/networking/v2.0/security-group-rules 0.077s
2025-03-11 20:53:45.181 69190 INFO tempest.lib.common.rest_client [req-d6b580ff-0f31-4f95-800f-1b9c95890a25 req-d6b580ff-0f31-4f95-800f-1b9c95890a25 ] Request (ServersTestMultiNic:_run_cleanups): 204 DELETE http://10.180.1.21/compute/v2.1/servers/e42489db-55ce-4b59-bed9-86752b6a146b 0.346s
2025-03-11 20:53:45.196 69237 INFO tempest.lib.common.rest_client [req-0ff4df92-2b61-4467-a815-ea72fddf1b1c req-0ff4df92-2b61-4467-a815-ea72fddf1b1c ] Request (MigrationsAdminTest:test_list_migrations_in_flavor_resize_situation): 200 GET http://10.180.1.21/compute/v2.1/os-migrations 0.257s
2025-03-11 20:53:45.245 69204 INFO tempest.lib.common.rest_client [req-7ff73e9a-4fdf-4ff5-b0f0-2dfe083efa82 req-7ff73e9a-4fdf-4ff5-b0f0-2dfe083efa82 ] Request (AttachInterfacesTestJSON:test_create_list_show_delete_interfaces_by_fixed_ip): 200 GET http://10.180.1.21/compute/v2.1/servers/66b2bb97-67dd-40cd-bdba-dd70e30823be 0.285s
2025-03-11 20:53:45.252 69202 INFO tempest.lib.common.rest_client [req-7090fe91-add0-4005-bf91-1e06fca12902 req-7090fe91-add0-4005-bf91-1e06fca12902 ] Request (ImagesOneServerNegativeTestJSON:setUpClass): 200 GET http://10.180.1.21/compute/v2.1/servers/fee46f73-ed67-44bf-8595-7fcc105edb8e 0.224s
2025-03-11 20:53:45.271 69245 INFO tempest.lib.common.rest_client [req-e24216e3-7f2c-4ded-9be6-57a5593abc89 req-e24216e3-7f2c-4ded-9be6-57a5593abc89 ] Request (ValidationResourcesFixture:setUp): 201 POST http://10.180.1.21:9696/networking/v2.0/security-group-rules 0.092s
2025-03-11 20:53:45.312 69216 INFO tempest.lib.common.rest_client [req-5a33c4f1-6390-4533-bde3-7c0916496b2c req-5a33c4f1-6390-4533-bde3-7c0916496b2c ] Request (ListServersNegativeTestJSON:setUpClass): 200 GET http://10.180.1.21/compute/v2.1/servers/6abf8eea-9053-45bf-8c50-c7fc5d6f5d7c 0.252s
2025-03-11 20:53:45.362 69190 INFO tempest.lib.common.rest_client [req-bf3efc5c-36f4-4b1c-8718-4b2c4cc06a45 req-bf3efc5c-36f4-4b1c-8718-4b2c4cc06a45 ] Request (ServersTestMultiNic:_run_cleanups): 200 GET http://10.180.1.21/compute/v2.1/servers/e42489db-55ce-4b59-bed9-86752b6a146b 0.181s
2025-03-11 20:53:45.378 69237 INFO tempest.lib.common.rest_client [req-f7dd9d47-b6c1-47c4-89d2-608dcaec6a6b req-f7dd9d47-b6c1-47c4-89d2-608dcaec6a6b ] Request (MigrationsAdminTest:test_resize_server_revert_deleted_flavor): 200 GET http://10.180.1.21/compute/v2.1/flavors/42 0.176s
2025-03-11 20:53:45.406 69228 INFO tempest.lib.common.rest_client [req-d339dc31-14f1-499b-a6e9-d50f19469bc7 req-d339dc31-14f1-499b-a6e9-d50f19469bc7 ] Request (ServerGroupTestJSON:test_create_server_with_scheduler_hint_group): 200 GET http://10.180.1.21/compute/v2.1/servers/bb71bace-8d28-4ff2-9316-eafb00b05663 0.210s
2025-03-11 20:53:45.423 69237 INFO tempest.lib.common.rest_client [req-f1f74471-253d-4f78-951f-02c9869cb111 req-f1f74471-253d-4f78-951f-02c9869cb111 ] Request (MigrationsAdminTest:test_resize_server_revert_deleted_flavor): 200 POST http://10.180.1.21/compute/v2.1/flavors 0.042s
2025-03-11 20:53:45.440 69237 INFO tempest.lib.common.rest_client [req-a0425374-c3dc-4b4e-884d-d298f62bfe25 req-a0425374-c3dc-4b4e-884d-d298f62bfe25 ] Request (MigrationsAdminTest:test_resize_server_revert_deleted_flavor): 200 GET http://10.180.1.21/compute/v2.1/flavors/42/os-extra_specs 0.014s
2025-03-11 20:53:45.440 69212 INFO tempest.lib.common.rest_client [req-0190d440-06e8-4f55-94f0-085f02dc2a64 req-0190d440-06e8-4f55-94f0-085f02dc2a64 ] Request (ListServerFiltersTestJSON:tearDownClass): 200 GET http://10.180.1.21/compute/v2.1/servers/b58e6f5b-0e27-4b89-83ce-c2d969ee9789 0.215s
2025-03-11 20:53:45.469 69237 INFO tempest.lib.common.rest_client [req-58fbdbe8-e474-4df9-8a4e-ebd9f7698f88 req-58fbdbe8-e474-4df9-8a4e-ebd9f7698f88 ] Request (MigrationsAdminTest:test_resize_server_revert_deleted_flavor): 200 POST http://10.180.1.21/compute/v2.1/flavors/233e5bba-a41c-4192-89eb-7e1b6af6f255/os-extra_specs 0.028s
2025-03-11 20:53:45.557 69237 INFO tempest.lib.common.rest_client [req-9e901bb4-f5f5-4e29-a0d5-a7f8ff7f77b9 req-9e901bb4-f5f5-4e29-a0d5-a7f8ff7f77b9 ] Request (MigrationsAdminTest:test_resize_server_revert_deleted_flavor): 201 POST http://10.180.1.21/identity/v3/auth/tokens 0.083s
2025-03-11 20:53:45.557 69237 INFO tempest.lib.common.fixed_network [-] (MigrationsAdminTest:test_resize_server_revert_deleted_flavor) Found network None available for tenant
2025-03-11 20:53:45.564 69249 INFO tempest.lib.common.rest_client [req-4753a96d-a238-4542-b701-b95a4c4b44df req-4753a96d-a238-4542-b701-b95a4c4b44df ] Request (InstanceActionsNegativeTestJSON:setUpClass): 200 GET http://10.180.1.21/compute/v2.1/servers/daa44d73-b9a8-4aaa-9240-410dfc5d2d80 0.065s
2025-03-11 20:53:45.584 69232 INFO tempest.lib.common.rest_client [req-d5f1bd39-b659-4e87-8b66-5cc5bd1e4f01 req-d5f1bd39-b659-4e87-8b66-5cc5bd1e4f01 ] Request (ServerAddressesNegativeTestJSON:tearDownClass): 200 GET http://10.180.1.21/compute/v2.1/servers/d435fc42-027b-4570-adf3-3af3e3ba7a34 0.100s
2025-03-11 20:53:45.681 69226 INFO tempest.lib.common.rest_client [req-6adb1976-e9e7-4673-b0e2-1b6e729d1ef5 req-6adb1976-e9e7-4673-b0e2-1b6e729d1ef5 ] Request (ServerRescueTestJSONUnderV235:setUpClass): 200 GET http://10.180.1.21/compute/v2.1/servers/adc0124f-b328-4243-a734-75a8a6424d5d 0.104s
2025-03-11 20:53:45.692 69245 INFO tempest.lib.common.rest_client [req-60017917-195a-41ff-9aff-3bec2b0b0cb9 req-60017917-195a-41ff-9aff-3bec2b0b0cb9 ] Request (ValidationResourcesFixture:setUp): 201 POST http://10.180.1.21:9696/networking/v2.0/floatingips 0.420s
2025-03-11 20:53:45.741 69245 INFO tempest.lib.common.rest_client [req-38879dc6-10f6-4c82-8073-eb4de8798c54 req-38879dc6-10f6-4c82-8073-eb4de8798c54 ] Request (AttachVolumeNegativeTest:test_attach_attached_volume_to_different_server): 201 POST http://10.180.1.21/identity/v3/auth/tokens 0.046s
2025-03-11 20:53:45.742 69245 INFO tempest.lib.common.fixed_network [-] (AttachVolumeNegativeTest:test_attach_attached_volume_to_different_server) Found network {'id': '884ae889-10cf-4bfb-990c-a6fb174192e9', 'name': 'tempest-AttachVolumeNegativeTest-2063846803-network', 'tenant_id': 'b4b73ae3ad004cc0b6896b55f600985b', 'admin_state_up': True, 'mtu': 8950, 'status': 'ACTIVE', 'subnets': [], 'shared': False, 'project_id': 'b4b73ae3ad004cc0b6896b55f600985b', 'port_security_enabled': True, 'router:external': False, 'provider:network_type': 'vlan', 'provider:physical_network': 'default', 'provider:segmentation_id': 802, 'availability_zone_hints': [], 'availability_zones': [], 'ipv4_address_scope': None, 'ipv6_address_scope': None, 'description': '', 'tags': [], 'created_at': '2025-03-11T20:53:41Z', 'updated_at': '2025-03-11T20:53:41Z', 'revision_number': 1} available for tenant
2025-03-11 20:53:45.759 69196 INFO tempest.lib.common.rest_client [req-5d3a85dd-6319-426d-a34f-718012fdde10 req-5d3a85dd-6319-426d-a34f-718012fdde10 ] Request (ServerDiskConfigTestJSON:test_rebuild_server_with_auto_disk_config): 200 GET http://10.180.1.21/compute/v2.1/servers/00034a52-903c-4575-acd3-4912a144e6ef 0.109s
2025-03-11 20:53:45.830 69222 INFO tempest.lib.common.rest_client [req-07c21f54-ebcd-4558-a08a-272ed74447cf req-07c21f54-ebcd-4558-a08a-272ed74447cf ] Request (DeleteServersTestJSON:test_delete_active_server): 200 GET http://10.180.1.21/compute/v2.1/servers/11bc20f4-fdb7-4907-ae3d-088ea6294592 0.103s
2025-03-11 20:53:45.947 69237 INFO tempest.lib.common.rest_client [req-783399a0-523c-4987-8bb9-41dd0a70dd57 req-783399a0-523c-4987-8bb9-41dd0a70dd57 ] Request (MigrationsAdminTest:test_resize_server_revert_deleted_flavor): 202 POST http://10.180.1.21/compute/v2.1/servers 0.389s
2025-03-11 20:53:46.112 69186 INFO tempest.lib.common.rest_client [req-143c63e4-04fa-4b5e-9d5f-8eda56245241 req-143c63e4-04fa-4b5e-9d5f-8eda56245241 ] Request (ServersTestFqdnHostnames:test_create_server_with_fqdn_name): 200 GET http://10.180.1.21/compute/v2.1/servers/f1c2938e-3a85-45ba-afb3-cea2f59a7b55 0.365s
2025-03-11 20:53:46.189 69241 INFO tempest.lib.common.rest_client [req-9c616b7b-d6e5-4a85-823b-8806d51b5de1 req-9c616b7b-d6e5-4a85-823b-8806d51b5de1 ] Request (ServerMetadataNegativeTestJSON:setUpClass): 200 GET http://10.180.1.21/compute/v2.1/servers/6e428a90-9bb5-4093-99ef-4e9efa880cb8 0.402s
2025-03-11 20:53:46.276 69210 INFO tempest.lib.common.rest_client [req-fcad8cdb-6cd1-4b3a-be78-141ed092c4cb req-fcad8cdb-6cd1-4b3a-be78-141ed092c4cb ] Request (ServerShowV247Test:test_update_rebuild_list_server): 200 GET http://10.180.1.21/compute/v2.1/servers/b65b8b21-680b-4bb6-8ea4-5bc8f026f771 0.464s
2025-03-11 20:53:46.347 69245 INFO tempest.lib.common.rest_client [req-1e63949b-5f22-4be3-ad71-86f9152df667 req-1e63949b-5f22-4be3-ad71-86f9152df667 ] Request (AttachVolumeNegativeTest:test_attach_attached_volume_to_different_server): 202 POST http://10.180.1.21/compute/v2.1/servers 0.604s
2025-03-11 20:53:46.392 69206 INFO tempest.lib.common.rest_client [req-3e197279-277c-4730-b37a-763820ed8c4e req-3e197279-277c-4730-b37a-763820ed8c4e ] Request (ImagesTestJSON:test_create_image_from_suspended_server): 200 GET http://10.180.1.21/compute/v2.1/servers/0ea266a1-6231-47a9-84c4-c78fb619f713 0.549s
2025-03-11 20:53:46.414 69200 INFO tempest.lib.common.rest_client [req-62c34322-c914-4ed9-9c11-de40efdd2073 req-62c34322-c914-4ed9-9c11-de40efdd2073 ] Request (ServerExternalEventsTest:test_create_server_external_events): 200 GET http://10.180.1.21/compute/v2.1/servers/d34132e0-a8de-4502-8f32-16056146ec8a 0.517s
2025-03-11 20:53:46.441 69237 INFO tempest.lib.common.rest_client [req-fa63e8f6-d6a6-4b2e-9ec8-bc8a8283b9b7 req-fa63e8f6-d6a6-4b2e-9ec8-bc8a8283b9b7 ] Request (MigrationsAdminTest:test_resize_server_revert_deleted_flavor): 200 GET http://10.180.1.21/compute/v2.1/servers/222942b9-d459-4937-83e0-30de9e0e30d1 0.491s
2025-03-11 20:53:46.501 69192 INFO tempest.lib.common.rest_client [req-32ed48e5-dca3-496d-92c2-d6b2d7ab27bf req-32ed48e5-dca3-496d-92c2-d6b2d7ab27bf ] Request (ImagesOneServerTestJSON:tearDownClass): 200 GET http://10.180.1.21/compute/v2.1/servers/23be18bf-6b2b-4daf-8978-62add118d97e 0.460s
2025-03-11 20:53:46.532 69208 INFO tempest.lib.common.rest_client [req-9e6d06cc-28da-478d-8aee-4fe4fa5c2cbc req-9e6d06cc-28da-478d-8aee-4fe4fa5c2cbc ] Request (FloatingIPsAssociationTestJSON:test_associate_already_associated_floating_ip): 200 GET http://10.180.1.21/compute/v2.1/servers/1bf15cde-c03f-426d-8a59-af1bba3b394d 0.481s
2025-03-11 20:53:46.569 69198 INFO tempest.lib.common.rest_client [req-cee9991f-151a-4944-a106-9f327d72e16c req-cee9991f-151a-4944-a106-9f327d72e16c ] Request (DeleteServersAdminTestJSON:test_delete_server_while_in_error_state): 200 GET http://10.180.1.21/compute/v2.1/servers/862e124c-12d6-4f2b-92b3-6bafe7c93ff4 0.461s
2025-03-11 20:53:46.579 69198 INFO tempest.common.waiters [-] State transition "BUILD/None" ==> "BUILD/networking" after 78 second wait
2025-03-11 20:53:46.589 69247 INFO tempest.lib.common.rest_client [req-1a8e3291-ff68-44a3-84c8-861ccf812df1 req-1a8e3291-ff68-44a3-84c8-861ccf812df1 ] Request (ServersAdminTestJSON:test_create_server_with_scheduling_hint): 200 GET http://10.180.1.21/compute/v2.1/servers/9193b301-bb6f-4c46-9a53-f4205e68f49c 0.466s
2025-03-11 20:53:46.638 69230 INFO tempest.lib.common.rest_client [req-429c564a-ff8c-40e9-8f17-71bcdf2573fe req-429c564a-ff8c-40e9-8f17-71bcdf2573fe ] Request (ListImageFiltersTestJSON:tearDownClass): 200 GET http://10.180.1.21/compute/v2.1/servers/f86f5ee4-e2a9-47e2-89ab-fb464f2a121b 0.449s
2025-03-11 20:53:46.660 69204 INFO tempest.lib.common.rest_client [req-b1370913-468e-4ace-a0e9-39710a2c845f req-b1370913-468e-4ace-a0e9-39710a2c845f ] Request (AttachInterfacesTestJSON:test_create_list_show_delete_interfaces_by_fixed_ip): 200 GET http://10.180.1.21/compute/v2.1/servers/66b2bb97-67dd-40cd-bdba-dd70e30823be 0.401s
2025-03-11 20:53:46.720 69202 INFO tempest.lib.common.rest_client [req-e5f9e2c4-a536-42f2-8b0a-a2f459e4b4cc req-e5f9e2c4-a536-42f2-8b0a-a2f459e4b4cc ] Request (ImagesOneServerNegativeTestJSON:setUpClass): 200 GET http://10.180.1.21/compute/v2.1/servers/fee46f73-ed67-44bf-8595-7fcc105edb8e 0.458s
2025-03-11 20:53:46.728 69216 INFO tempest.lib.common.rest_client [req-230fe74e-60ab-45f4-8c23-c1c4680a658c req-230fe74e-60ab-45f4-8c23-c1c4680a658c ] Request (ListServersNegativeTestJSON:setUpClass): 200 GET http://10.180.1.21/compute/v2.1/servers/6abf8eea-9053-45bf-8c50-c7fc5d6f5d7c 0.406s
2025-03-11 20:53:46.766 69245 INFO tempest.lib.common.rest_client [req-2bdb6fa9-cce9-49a5-b6fe-a302082498b2 req-2bdb6fa9-cce9-49a5-b6fe-a302082498b2 ] Request (AttachVolumeNegativeTest:test_attach_attached_volume_to_different_server): 200 GET http://10.180.1.21/compute/v2.1/servers/798211ff-6d41-4701-aadc-eb333c2e55d6 0.416s
2025-03-11 20:53:46.955 69228 INFO tempest.lib.common.rest_client [req-f1e478ab-6cec-415a-b92e-506d3a1045de req-f1e478ab-6cec-415a-b92e-506d3a1045de ] Request (ServerGroupTestJSON:test_create_server_with_scheduler_hint_group): 200 GET http://10.180.1.21/compute/v2.1/servers/bb71bace-8d28-4ff2-9316-eafb00b05663 0.541s
2025-03-11 20:53:47.007 69190 INFO tempest.lib.common.rest_client [req-f99317f3-4ee7-4523-9848-3fda665cfcaa req-f99317f3-4ee7-4523-9848-3fda665cfcaa ] Request (ServersTestMultiNic:_run_cleanups): 200 GET http://10.180.1.21/compute/v2.1/servers/e42489db-55ce-4b59-bed9-86752b6a146b 0.636s
2025-03-11 20:53:47.029 69212 INFO tempest.lib.common.rest_client [req-a4040693-a988-4d0e-9798-8deefc380036 req-a4040693-a988-4d0e-9798-8deefc380036 ] Request (ListServerFiltersTestJSON:tearDownClass): 200 GET http://10.180.1.21/compute/v2.1/servers/b58e6f5b-0e27-4b89-83ce-c2d969ee9789 0.578s
2025-03-11 20:53:47.066 69249 INFO tempest.lib.common.rest_client [req-47ca20e6-7c49-40ab-920f-61e64aab5d2a req-47ca20e6-7c49-40ab-920f-61e64aab5d2a ] Request (InstanceActionsNegativeTestJSON:setUpClass): 200 GET http://10.180.1.21/compute/v2.1/servers/daa44d73-b9a8-4aaa-9240-410dfc5d2d80 0.491s
2025-03-11 20:53:47.098 69232 INFO tempest.lib.common.rest_client [req-e9b31b2a-58ba-4d3c-83eb-d4c0f2b65e18 req-e9b31b2a-58ba-4d3c-83eb-d4c0f2b65e18 ] Request (ServerAddressesNegativeTestJSON:tearDownClass): 200 GET http://10.180.1.21/compute/v2.1/servers/d435fc42-027b-4570-adf3-3af3e3ba7a34 0.496s
2025-03-11 20:53:47.121 69226 INFO tempest.lib.common.rest_client [req-fd94f3c8-1dee-46cc-ba47-52689d61272f req-fd94f3c8-1dee-46cc-ba47-52689d61272f ] Request (ServerRescueTestJSONUnderV235:setUpClass): 200 GET http://10.180.1.21/compute/v2.1/servers/adc0124f-b328-4243-a734-75a8a6424d5d 0.432s
2025-03-11 20:53:47.159 69196 INFO tempest.lib.common.rest_client [req-27388458-6d3f-4c3a-8b8c-66c02644651a req-27388458-6d3f-4c3a-8b8c-66c02644651a ] Request (ServerDiskConfigTestJSON:test_rebuild_server_with_auto_disk_config): 200 GET http://10.180.1.21/compute/v2.1/servers/00034a52-903c-4575-acd3-4912a144e6ef 0.391s
2025-03-11 20:53:47.176 69222 INFO tempest.lib.common.rest_client [req-74525e3f-4b4d-40ab-a1fd-1e6b1a7fe86d req-74525e3f-4b4d-40ab-a1fd-1e6b1a7fe86d ] Request (DeleteServersTestJSON:test_delete_active_server): 200 GET http://10.180.1.21/compute/v2.1/servers/11bc20f4-fdb7-4907-ae3d-088ea6294592 0.335s
2025-03-11 20:53:47.263 69241 INFO tempest.lib.common.rest_client [req-e176824f-166a-4ee5-a613-c99c8fd9a557 req-e176824f-166a-4ee5-a613-c99c8fd9a557 ] Request (ServerMetadataNegativeTestJSON:setUpClass): 200 GET http://10.180.1.21/compute/v2.1/servers/6e428a90-9bb5-4093-99ef-4e9efa880cb8 0.063s
