2025-04-03 09:39:08.366 70668 INFO tempest.lib.common.rest_client [req-ef477d49-8ad6-44fd-bc03-3675564dc57d req-ef477d49-8ad6-44fd-bc03-3675564dc57d ] Request (ServersTestManualDisk:setUpClass): 201 POST http://10.180.1.21:9696/networking/v2.0/subnets 0.158s
2025-04-03 09:39:08.372 70670 INFO tempest.lib.common.rest_client [req-3fd66270-08fb-42f6-b4bf-f9bba1512fe5 req-3fd66270-08fb-42f6-b4bf-f9bba1512fe5 ] Request (HostsAdminTestJSON:setUpClass): 200 GET http://10.180.1.21/identity/v3/roles 0.022s
2025-04-03 09:39:08.402 70670 INFO tempest.lib.common.rest_client [req-4b2efaf5-3d36-4093-9f7d-decc7bf030b7 req-4b2efaf5-3d36-4093-9f7d-decc7bf030b7 ] Request (HostsAdminTestJSON:setUpClass): 204 PUT http://10.180.1.21/identity/v3/projects/5b332ce17aa94932b0fed544f39da75f/users/67faaed76b224de0ab0481146c93224a/roles/850c5615a2da410fa2b19f61e85b7bc5 0.029s
2025-04-03 09:39:08.450 70696 INFO tempest.lib.common.rest_client [req-f17ed883-fea7-44d4-afa7-08ea25b44d5e req-f17ed883-fea7-44d4-afa7-08ea25b44d5e ] Request (VolumesAssistedSnapshotsTest:test_volume_assisted_snapshot_create_delete): 202 POST http://10.180.1.21/compute/v2.1/servers 3.265s
2025-04-03 09:39:08.462 70670 INFO tempest.lib.common.rest_client [req-2d974448-b6fe-4d30-b891-daaff8bf4a59 req-2d974448-b6fe-4d30-b891-daaff8bf4a59 ] Request (HostsAdminTestJSON:setUpClass): 200 GET http://10.180.1.21/identity/v3/roles 0.059s
2025-04-03 09:39:08.487 70670 INFO tempest.lib.common.rest_client [req-db4e7089-b7f4-41bd-90bb-c52dc646bd4a req-db4e7089-b7f4-41bd-90bb-c52dc646bd4a ] Request (HostsAdminTestJSON:setUpClass): 204 PUT http://10.180.1.21/identity/v3/projects/5b332ce17aa94932b0fed544f39da75f/users/67faaed76b224de0ab0481146c93224a/roles/850c5615a2da410fa2b19f61e85b7bc5 0.024s
2025-04-03 09:39:08.487 70670 INFO tempest.lib.common.dynamic_creds [-] Dynamic test user 67faaed76b224de0ab0481146c93224a is created with scope project and roles: ['admin']
2025-04-03 09:39:08.487 70670 INFO tempest.lib.common.dynamic_creds [-] Acquired dynamic creds: credentials: Credentials: {'domain_id': 'default', 'domain_name': 'Default', 'username': 'tempest-HostsAdminTestJSON-1026408074-project-admin', 'project_domain_id': 'default', 'project_domain_name': 'Default', 'project_id': '5b332ce17aa94932b0fed544f39da75f', 'project_name': 'tempest-HostsAdminTestJSON-1026408074', 'tenant_id': '5b332ce17aa94932b0fed544f39da75f', 'tenant_name': 'tempest-HostsAdminTestJSON-1026408074', 'user_domain_id': 'default', 'user_domain_name': 'Default', 'user_id': '67faaed76b224de0ab0481146c93224a', 'system': None}, Network: None, Subnet: None, Router: None
2025-04-03 09:39:08.487 70670 INFO tempest.lib.common.dynamic_creds [-] Created isolated network resources for: credentials: Credentials: {'domain_id': 'default', 'domain_name': 'Default', 'username': 'tempest-HostsAdminTestJSON-1026408074-project-admin', 'project_domain_id': 'default', 'project_domain_name': 'Default', 'project_id': '5b332ce17aa94932b0fed544f39da75f', 'project_name': 'tempest-HostsAdminTestJSON-1026408074', 'tenant_id': '5b332ce17aa94932b0fed544f39da75f', 'tenant_name': 'tempest-HostsAdminTestJSON-1026408074', 'user_domain_id': 'default', 'user_domain_name': 'Default', 'user_id': '67faaed76b224de0ab0481146c93224a', 'system': None}, Network: None, Subnet: None, Router: None
2025-04-03 09:39:08.611 70670 INFO tempest.lib.common.rest_client [req-90324100-6168-4ce1-8eff-c635486b24b5 req-90324100-6168-4ce1-8eff-c635486b24b5 ] Request (HostsAdminTestJSON:setUpClass): 201 POST http://10.180.1.21/identity/v3/auth/tokens 0.120s
2025-04-03 09:39:08.777 70654 INFO tempest.lib.common.rest_client [req-b4613624-1d79-436b-ac15-cf1e128b9b93 req-b4613624-1d79-436b-ac15-cf1e128b9b93 ] Request (ServersTestJSON:setUpClass): 201 POST http://10.180.1.21:9696/networking/v2.0/floatingips 1.749s
2025-04-03 09:39:08.860 70654 INFO tempest.lib.common.rest_client [req-1cd5e23e-29dc-4654-8285-4a6d03c05e7b req-1cd5e23e-29dc-4654-8285-4a6d03c05e7b ] Request (ServersTestJSON:setUpClass): 201 POST http://10.180.1.21/identity/v3/auth/tokens 0.079s
2025-04-03 09:39:08.860 70654 INFO tempest.lib.common.fixed_network [-] (ServersTestJSON:setUpClass) Found network {'id': 'a9bd07a3-188b-49ad-b37a-1f6634069210', 'name': 'tempest-ServersTestJSON-1691576137-network', 'tenant_id': 'df130d8dba804b318dffca50181fc6f7', 'admin_state_up': True, 'mtu': 8950, 'status': 'ACTIVE', 'subnets': [], 'shared': False, 'project_id': 'df130d8dba804b318dffca50181fc6f7', 'port_security_enabled': True, 'router:external': False, 'provider:network_type': 'vlan', 'provider:physical_network': 'default', 'provider:segmentation_id': 108, 'availability_zone_hints': [], 'availability_zones': [], 'ipv4_address_scope': None, 'ipv6_address_scope': None, 'description': '', 'tags': [], 'created_at': '2025-04-03T09:38:56Z', 'updated_at': '2025-04-03T09:38:57Z', 'revision_number': 1} available for tenant
2025-04-03 09:39:08.885 70688 INFO tempest.lib.common.rest_client [req-3cb54038-0b18-4b9d-8fe4-a8adbb0559ca req-3cb54038-0b18-4b9d-8fe4-a8adbb0559ca ] Request (AttachInterfacesTestJSON:setUpClass): 200 PUT http://10.180.1.21:9696/networking/v2.0/routers/195498d3-bab8-4be9-ac4d-80884fe52417/add_router_interface 3.390s
2025-04-03 09:39:08.885 70688 INFO tempest.lib.common.dynamic_creds [-] Created isolated network resources for: credentials: Credentials: {'domain_id': 'default', 'domain_name': 'Default', 'username': 'tempest-AttachInterfacesTestJSON-646180556-project-member', 'project_domain_id': 'default', 'project_domain_name': 'Default', 'project_id': 'ce0f2a0832564194a410170096ea1974', 'project_name': 'tempest-AttachInterfacesTestJSON-646180556', 'tenant_id': 'ce0f2a0832564194a410170096ea1974', 'tenant_name': 'tempest-AttachInterfacesTestJSON-646180556', 'user_domain_id': 'default', 'user_domain_name': 'Default', 'user_id': 'b16169f421ba4769a58532282eaec924', 'system': None}, Network: {'id': '4cc9e6b1-2976-4257-91ae-ec1915066787', 'name': 'tempest-AttachInterfacesTestJSON-360243688-network', 'tenant_id': 'ce0f2a0832564194a410170096ea1974', 'admin_state_up': True, 'mtu': 8950, 'status': 'ACTIVE', 'subnets': [], 'shared': False, 'project_id': 'ce0f2a0832564194a410170096ea1974', 'port_security_enabled': True, 'router:external': False, 'provider:network_type': 'vlan', 'provider:physical_network': 'default', 'provider:segmentation_id': 625, 'availability_zone_hints': [], 'availability_zones': [], 'ipv4_address_scope': None, 'ipv6_address_scope': None, 'description': '', 'tags': [], 'created_at': '2025-04-03T09:39:01Z', 'updated_at': '2025-04-03T09:39:01Z', 'revision_number': 1}, Subnet: {'id': '6e937b68-547a-452c-810d-723ca430942f', 'name': 'tempest-AttachInterfacesTestJSON-360243688-subnet', 'tenant_id': 'ce0f2a0832564194a410170096ea1974', 'network_id': '4cc9e6b1-2976-4257-91ae-ec1915066787', 'ip_version': 4, 'subnetpool_id': None, 'enable_dhcp': True, 'ipv6_ra_mode': None, 'ipv6_address_mode': None, 'gateway_ip': '192.168.128.1', 'cidr': '192.168.128.0/28', 'allocation_pools': [{'start': '192.168.128.2', 'end': '192.168.128.14'}], 'host_routes': [], 'dns_nameservers': [], 'description': '', 'router:external': False, 'service_types': [], 'tags': [], 'created_at': '2025-04-03T09:39:02Z', 'updated_at': '2025-04-03T09:39:02Z', 'revision_number': 0, 'project_id': 'ce0f2a0832564194a410170096ea1974'}, Router: {'id': '195498d3-bab8-4be9-ac4d-80884fe52417', 'name': 'tempest-AttachInterfacesTestJSON-360243688-router', 'tenant_id': 'ce0f2a0832564194a410170096ea1974', 'admin_state_up': True, 'status': 'ACTIVE', 'external_gateway_info': {'network_id': '350faaa2-24ed-4cd2-b693-c328c2bbc563', 'external_fixed_ips': [{'subnet_id': '17cad3e7-76d4-437c-97ce-6d94482e8cd2', 'ip_address': '10.180.180.197'}], 'enable_snat': True}, 'description': '', 'availability_zones': [], 'distributed': False, 'ha': False, 'availability_zone_hints': [], 'routes': [], 'flavor_id': None, 'tags': [], 'created_at': '2025-04-03T09:39:03Z', 'updated_at': '2025-04-03T09:39:04Z', 'revision_number': 2, 'project_id': 'ce0f2a0832564194a410170096ea1974'}
2025-04-03 09:39:09.059 70688 INFO tempest.lib.common.rest_client [req-1aa7a4cc-ac40-433e-9e1d-d32fcc8d59ad req-1aa7a4cc-ac40-433e-9e1d-d32fcc8d59ad ] Request (AttachInterfacesTestJSON:setUpClass): 201 POST http://10.180.1.21/identity/v3/auth/tokens 0.167s
2025-04-03 09:39:09.179 70680 INFO tempest.lib.common.rest_client [req-3391deee-fc40-4568-9204-632099ec9f9e req-3391deee-fc40-4568-9204-632099ec9f9e ] Request (FloatingIPDetailsTestJSON:setUpClass): 200 POST http://10.180.1.21/compute/v2.1/os-floating-ips 4.348s
2025-04-03 09:39:09.258 70672 INFO tempest.lib.common.rest_client [req-fd45bc0c-fcd4-461f-8e2d-9f9226e3fba4 req-fd45bc0c-fcd4-461f-8e2d-9f9226e3fba4 ] Request (ServersWithSpecificFlavorTestJSON:test_verify_created_server_ephemeral_disk): 202 POST http://10.180.1.21/compute/v2.1/servers 4.002s
2025-04-03 09:39:09.320 70668 INFO tempest.lib.common.rest_client [req-1a0fee52-05f7-4a47-9998-592f4931198b req-1a0fee52-05f7-4a47-9998-592f4931198b ] Request (ServersTestManualDisk:setUpClass): 201 POST http://10.180.1.21:9696/networking/v2.0/routers 0.953s
2025-04-03 09:39:09.418 70648 INFO tempest.lib.common.rest_client [req-c2e0570e-da2b-49fc-8d67-823e0f08e702 req-c2e0570e-da2b-49fc-8d67-823e0f08e702 ] Request (MigrationsAdminTest:test_list_migrations_in_flavor_resize_situation): 200 GET http://10.180.1.21/compute/v2.1/servers/8d37e09b-5a3f-4ef0-b114-1a05edd1a70e 3.937s
2025-04-03 09:39:09.427 70648 INFO tempest.common.waiters [-] State transition "BUILD/spawning" ==> "ACTIVE/None" after 22 second wait
2025-04-03 09:39:09.522 70678 INFO tempest.lib.common.rest_client [req-8ff1c3cc-7f4a-4922-b84f-81f66a629b23 req-8ff1c3cc-7f4a-4922-b84f-81f66a629b23 ] Request (FloatingIPsAssociationTestJSON:setUpClass): 200 GET http://10.180.1.21/compute/v2.1/servers/6719a369-c375-4418-9dee-d272ce9e2e49 3.859s
2025-04-03 09:39:09.750 70684 INFO tempest.lib.common.rest_client [req-367c211f-35b1-4965-ad09-7c018bfc55f3 req-367c211f-35b1-4965-ad09-7c018bfc55f3 ] Request (ServersAdminNegativeTestJSON:setUpClass): 200 GET http://10.180.1.21/compute/v2.1/servers/a5bcecec-cc2a-4bfd-9d3b-1a1e1fdaaf33 4.080s
2025-04-03 09:39:09.988 70650 INFO tempest.lib.common.rest_client [req-c7fbb69f-69af-4438-b8aa-98ed49bbffe8 req-c7fbb69f-69af-4438-b8aa-98ed49bbffe8 ] Request (DeleteServersAdminTestJSON:test_admin_delete_servers_of_others): 200 GET http://10.180.1.21/compute/v2.1/servers/2b7db689-c286-4274-a4e2-66854427c049 4.222s
2025-04-03 09:39:09.999 70650 INFO tempest.common.waiters [-] State transition "BUILD/spawning" ==> "ACTIVE/None" after 18 second wait
2025-04-03 09:39:10.093 70646 INFO tempest.lib.common.rest_client [req-261770da-5cf8-4435-9eab-eeeaac7b13f5 req-261770da-5cf8-4435-9eab-eeeaac7b13f5 ] Request (AttachInterfacesV270Test:test_create_get_list_interfaces): 202 POST http://10.180.1.21/compute/v2.1/servers 4.480s
2025-04-03 09:39:10.098 70668 INFO tempest.lib.common.rest_client [req-591f9d07-05a8-49e7-9633-39311bf85e04 req-591f9d07-05a8-49e7-9633-39311bf85e04 ] Request (ServersTestManualDisk:setUpClass): 200 PUT http://10.180.1.21:9696/networking/v2.0/routers/4f0cdefe-0b05-4231-a695-747d020e8ce3/add_router_interface 0.777s
2025-04-03 09:39:10.098 70668 INFO tempest.lib.common.dynamic_creds [-] Created isolated network resources for: credentials: Credentials: {'domain_id': 'default', 'domain_name': 'Default', 'username': 'tempest-ServersTestManualDisk-2094674375-project-member', 'project_domain_id': 'default', 'project_domain_name': 'Default', 'project_id': 'ad073a9af8794fb39e7aefb758e35e5e', 'project_name': 'tempest-ServersTestManualDisk-2094674375', 'tenant_id': 'ad073a9af8794fb39e7aefb758e35e5e', 'tenant_name': 'tempest-ServersTestManualDisk-2094674375', 'user_domain_id': 'default', 'user_domain_name': 'Default', 'user_id': '5adbdd94f9614473a77071044c1a851c', 'system': None}, Network: {'id': '53685c53-26bb-47eb-8dd1-2b7356b9ddf0', 'name': 'tempest-ServersTestManualDisk-2006546398-network', 'tenant_id': 'ad073a9af8794fb39e7aefb758e35e5e', 'admin_state_up': True, 'mtu': 8950, 'status': 'ACTIVE', 'subnets': [], 'shared': False, 'project_id': 'ad073a9af8794fb39e7aefb758e35e5e', 'port_security_enabled': True, 'router:external': False, 'provider:network_type': 'vlan', 'provider:physical_network': 'default', 'provider:segmentation_id': 173, 'availability_zone_hints': [], 'availability_zones': [], 'ipv4_address_scope': None, 'ipv6_address_scope': None, 'description': '', 'tags': [], 'created_at': '2025-04-03T09:39:08Z', 'updated_at': '2025-04-03T09:39:08Z', 'revision_number': 1}, Subnet: {'id': 'eee8bc0f-be16-4320-8e95-beb30e4dc803', 'name': 'tempest-ServersTestManualDisk-2006546398-subnet', 'tenant_id': 'ad073a9af8794fb39e7aefb758e35e5e', 'network_id': '53685c53-26bb-47eb-8dd1-2b7356b9ddf0', 'ip_version': 4, 'subnetpool_id': None, 'enable_dhcp': True, 'ipv6_ra_mode': None, 'ipv6_address_mode': None, 'gateway_ip': '192.168.128.1', 'cidr': '192.168.128.0/28', 'allocation_pools': [{'start': '192.168.128.2', 'end': '192.168.128.14'}], 'host_routes': [], 'dns_nameservers': [], 'description': '', 'router:external': False, 'service_types': [], 'tags': [], 'created_at': '2025-04-03T09:39:08Z', 'updated_at': '2025-04-03T09:39:08Z', 'revision_number': 0, 'project_id': 'ad073a9af8794fb39e7aefb758e35e5e'}, Router: {'id': '4f0cdefe-0b05-4231-a695-747d020e8ce3', 'name': 'tempest-ServersTestManualDisk-2006546398-router', 'tenant_id': 'ad073a9af8794fb39e7aefb758e35e5e', 'admin_state_up': True, 'status': 'ACTIVE', 'external_gateway_info': {'network_id': '350faaa2-24ed-4cd2-b693-c328c2bbc563', 'external_fixed_ips': [{'subnet_id': '17cad3e7-76d4-437c-97ce-6d94482e8cd2', 'ip_address': '10.180.180.227'}], 'enable_snat': True}, 'description': '', 'availability_zones': [], 'distributed': False, 'ha': False, 'availability_zone_hints': [], 'routes': [], 'flavor_id': None, 'tags': [], 'created_at': '2025-04-03T09:39:08Z', 'updated_at': '2025-04-03T09:39:08Z', 'revision_number': 2, 'project_id': 'ad073a9af8794fb39e7aefb758e35e5e'}
2025-04-03 09:39:10.115 70691 INFO tempest.lib.common.rest_client [req-f0395587-de95-4765-83a0-70874f4d798f req-f0395587-de95-4765-83a0-70874f4d798f ] Request (FlavorsExtraSpecsTestJSON:tearDownClass): 202 DELETE http://10.180.1.21/compute/v2.1/flavors/1172849582 4.189s
2025-04-03 09:39:10.124 70644 INFO tempest.lib.common.rest_client [req-4637ebe2-c845-41a7-8052-150b8983e17e req-4637ebe2-c845-41a7-8052-150b8983e17e ] Request (AggregatesAdminNegativeTestJSON:test_aggregate_create_aggregate_name_length_exceeds_255): 400 POST http://10.180.1.21/compute/v2.1/os-aggregates 4.106s
2025-04-03 09:39:10.198 70668 INFO tempest.lib.common.rest_client [req-cff38c8a-16c9-4e2a-b6f3-1d39c8c13b89 req-cff38c8a-16c9-4e2a-b6f3-1d39c8c13b89 ] Request (ServersTestManualDisk:setUpClass): 201 POST http://10.180.1.21/identity/v3/auth/tokens 0.094s
2025-04-03 09:39:10.228 70702 INFO tempest.lib.common.rest_client [req-1811d655-a3c8-4ef7-b7e4-6e6abe6aa363 req-1811d655-a3c8-4ef7-b7e4-6e6abe6aa363 ] Request (SecurityGroupRulesNegativeTestJSON:test_create_security_group_rule_with_invalid_to_port): 200 POST http://10.180.1.21/compute/v2.1/os-security-groups 4.320s
2025-04-03 09:39:10.264 70662 INFO tempest.lib.common.rest_client [req-6561d085-80ef-4b82-a482-ce2f72834d26 req-6561d085-80ef-4b82-a482-ce2f72834d26 ] Request (ServerDiagnosticsNegativeTest:test_get_server_diagnostics_by_non_admin): 200 GET http://10.180.1.21/compute/v2.1/servers/504960db-00c6-4344-adb4-649756cdb734 4.211s
2025-04-03 09:39:10.284 70640 INFO tempest.lib.common.rest_client [req-27e074f2-837a-4138-b8bd-78dcee87a9ea req-27e074f2-837a-4138-b8bd-78dcee87a9ea ] Request (ImagesOneServerNegativeTestJSON:setUpClass): 200 GET http://10.180.1.21/compute/v2.1/servers/2cf26576-a5f8-492e-ae8e-2dad2d2ab531 4.133s
2025-04-03 09:39:10.297 70674 INFO tempest.lib.common.rest_client [req-983b03cd-6df3-4d10-8eef-24457f43b1f5 req-983b03cd-6df3-4d10-8eef-24457f43b1f5 ] Request (FlavorsAdminTestJSON:_run_cleanups): 202 DELETE http://10.180.1.21/compute/v2.1/flavors/92879d17-44f9-4c0c-80d1-c5b9a066fcd8 4.109s
2025-04-03 09:39:10.445 70642 INFO tempest.lib.common.rest_client [req-d4c2611a-3790-4b5f-bf60-743e08d8bf27 req-d4c2611a-3790-4b5f-bf60-743e08d8bf27 ] Request (ServerActionsTestJSON:setUpClass): 200 GET http://10.180.1.21/compute/v2.1/servers/a6132588-97ca-410f-86d8-406b4aec6644 4.212s
2025-04-03 09:39:10.459 70642 INFO tempest.common.waiters [-] State transition "BUILD/None" ==> "BUILD/spawning" after 16 second wait
2025-04-03 09:39:10.618 70686 INFO tempest.lib.common.rest_client [req-efb7ef9a-f6c1-4d51-a3ed-df4e8eb2d657 req-efb7ef9a-f6c1-4d51-a3ed-df4e8eb2d657 ] Request (ServerAddressesTestJSON:setUpClass): 200 GET http://10.180.1.21/compute/v2.1/servers/18a34f98-74d0-42e1-9c7f-d2899127bd5e 4.150s
2025-04-03 09:39:10.791 70656 INFO tempest.lib.common.rest_client [req-1e87e142-c9ce-4acb-a210-4e9a8b3fc865 req-1e87e142-c9ce-4acb-a210-4e9a8b3fc865 ] Request (ServerDiagnosticsTest:test_get_server_diagnostics): 200 GET http://10.180.1.21/compute/v2.1/servers/b5fbb290-5aee-46a0-8704-6cd3dd0bd8b1 4.120s
2025-04-03 09:39:11.082 70658 INFO tempest.lib.common.rest_client [req-9bf8ce02-bea7-414d-b564-1345d9b80286 req-9bf8ce02-bea7-414d-b564-1345d9b80286 ] Request (QuotasAdminTestJSON:_run_cleanups): 200 PUT http://10.180.1.21/compute/v2.1/os-quota-sets/f439b4d5acca44ea9d8c618e7a5bda82 4.288s
2025-04-03 09:39:11.212 70664 INFO tempest.lib.common.rest_client [req-8cc0a2ff-4005-4df2-b035-91bd4ba6c8ba req-8cc0a2ff-4005-4df2-b035-91bd4ba6c8ba ] Request (QuotasAdminNegativeTest:_run_cleanups): 200 PUT http://10.180.1.21/compute/v2.1/os-quota-sets/f4b21b301dff4c468a398bbbf381af19 4.349s
2025-04-03 09:39:11.228 70658 INFO tempest.lib.common.rest_client [req-23bf0090-9bf7-469c-b6e3-c00f586cb3e0 req-23bf0090-9bf7-469c-b6e3-c00f586cb3e0 ] Request (QuotasAdminTestJSON:tearDownClass): 204 DELETE http://10.180.1.21/identity/v3/users/845b0ed4359b4a0aac61086fd44b09c0 0.142s
2025-04-03 09:39:11.264 70694 INFO tempest.lib.common.rest_client [req-2d418c22-1e03-49aa-a16c-b9951ad30c2f req-2d418c22-1e03-49aa-a16c-b9951ad30c2f ] Request (ImagesMetadataTestJSON:test_list_image_metadata): 200 GET http://10.180.1.21/compute/v2.1/images/2c884cf5-de2c-4e8f-90c2-4e59cf20d7ba/metadata 4.232s
2025-04-03 09:39:11.281 70652 INFO tempest.lib.common.rest_client [req-152895e6-d2de-482d-a9d2-31e8eb514256 req-152895e6-d2de-482d-a9d2-31e8eb514256 ] Request (QuotasAdminTestV257:test_get_updated_quotas): 200 GET http://10.180.1.21/identity/v3/domains?name=Default 0.173s
2025-04-03 09:39:11.327 70660 INFO tempest.lib.common.rest_client [req-492d7e28-6e45-4d70-a0f1-7dbf6dc60cbc req-492d7e28-6e45-4d70-a0f1-7dbf6dc60cbc ] Request (FloatingIPsNegativeTestJSON:test_delete_nonexistent_floating_ip): 404 DELETE http://10.180.1.21/compute/v2.1/os-floating-ips/5f670fb5-bb8d-4c58-9c6b-956a552af4a9 3.977s
2025-04-03 09:39:11.340 70658 INFO tempest.lib.common.rest_client [req-81f700e8-476a-4e4a-aa2f-f41a11e5f299 req-81f700e8-476a-4e4a-aa2f-f41a11e5f299 ] Request (QuotasAdminTestJSON:tearDownClass): 204 DELETE http://10.180.1.21/identity/v3/users/916f7e03f6314622b6a241b2acf7525e 0.112s
2025-04-03 09:39:11.341 70658 INFO tempest.lib.common.dynamic_creds [-] Deleting project and security group for project: 8888d6e22ade4f81a3179b9ee5cb388a
2025-04-03 09:39:11.353 70652 INFO tempest.lib.common.rest_client [req-aad95c5f-e566-41a2-9028-9204341ff9e3 req-aad95c5f-e566-41a2-9028-9204341ff9e3 ] Request (QuotasAdminTestV257:test_get_updated_quotas): 201 POST http://10.180.1.21/identity/v3/projects 0.072s
2025-04-03 09:39:11.410 70658 INFO tempest.lib.common.rest_client [req-d86ec182-9278-49d7-91cf-ae67bcfe5abf req-d86ec182-9278-49d7-91cf-ae67bcfe5abf ] Request (QuotasAdminTestJSON:tearDownClass): 201 POST http://10.180.1.21/identity/v3/auth/tokens 0.068s
2025-04-03 09:39:11.427 70652 INFO tempest.lib.common.rest_client [req-3a2520c6-d575-4f08-903a-214b58241a0e req-3a2520c6-d575-4f08-903a-214b58241a0e ] Request (QuotasAdminTestV257:test_get_updated_quotas): 200 GET http://10.180.1.21/identity/v3/domains?name=Default 0.073s
2025-04-03 09:39:11.613 70692 INFO tempest.lib.common.rest_client [req-45d27e73-2942-4cf0-bae4-4d04b0d58d64 req-45d27e73-2942-4cf0-bae4-4d04b0d58d64 ] Request (ServersTestFqdnHostnames:test_create_server_with_fqdn_name): 200 GET http://10.180.1.21/compute/v2.1/servers/3bdabee6-4428-46c2-881b-f0be3bab1363 3.436s
2025-04-03 09:39:11.620 70692 INFO tempest.common.waiters [-] State transition "BUILD/None" ==> "BUILD/spawning" after 14 second wait
2025-04-03 09:39:11.717 70658 INFO tempest.lib.common.rest_client [req-b19dd23a-6177-418e-b23a-5529da214932 req-b19dd23a-6177-418e-b23a-5529da214932 ] Request (QuotasAdminTestJSON:tearDownClass): 200 GET http://10.180.1.21:9696/networking/v2.0/security-groups?tenant_id=8888d6e22ade4f81a3179b9ee5cb388a&name=default 0.307s
2025-04-03 09:39:11.786 70658 INFO tempest.lib.common.rest_client [req-c02b61ae-227a-4031-a4db-22a82f8d7da9 req-c02b61ae-227a-4031-a4db-22a82f8d7da9 ] Request (QuotasAdminTestJSON:tearDownClass): 204 DELETE http://10.180.1.21:9696/networking/v2.0/security-groups/6528bd25-6330-4e2d-bfac-235a0f8e9392 0.069s
2025-04-03 09:39:11.861 70698 INFO tempest.lib.common.rest_client [req-cb701f7c-81f6-4793-b132-2e4e3a155af8 req-cb701f7c-81f6-4793-b132-2e4e3a155af8 ] Request (ServerDiskConfigTestJSON:test_rebuild_server_with_auto_disk_config): 200 GET http://10.180.1.21/compute/v2.1/servers/e762bbc2-3d46-4453-95fb-a0dfb22b13f2 3.584s
2025-04-03 09:39:11.871 70698 INFO tempest.common.waiters [-] State transition "BUILD/spawning" ==> "ACTIVE/None" after 22 second wait
2025-04-03 09:39:11.874 70658 INFO tempest.lib.common.rest_client [req-f4df8ca6-52aa-4d29-abec-3ffbd0ea9a01 req-f4df8ca6-52aa-4d29-abec-3ffbd0ea9a01 ] Request (QuotasAdminTestJSON:tearDownClass): 204 DELETE http://10.180.1.21/identity/v3/projects/8888d6e22ade4f81a3179b9ee5cb388a 0.087s
2025-04-03 09:39:11.874 70658 INFO tempest.lib.common.dynamic_creds [-] Deleting project and security group for project: f439b4d5acca44ea9d8c618e7a5bda82
2025-04-03 09:39:12.006 70696 INFO tempest.lib.common.rest_client [req-d24f0d9d-621d-4858-b7ca-f8faf6554444 req-d24f0d9d-621d-4858-b7ca-f8faf6554444 ] Request (VolumesAssistedSnapshotsTest:test_volume_assisted_snapshot_create_delete): 200 GET http://10.180.1.21/compute/v2.1/servers/61b133d1-46bd-4eb0-a925-685eff3f973f 3.555s
2025-04-03 09:39:12.162 70670 INFO tempest.lib.common.rest_client [req-f3bcfb59-a7ef-423e-980e-27c1d99b635b req-f3bcfb59-a7ef-423e-980e-27c1d99b635b ] Request (HostsAdminTestJSON:test_list_hosts): 200 GET http://10.180.1.21/compute/v2.1/os-hosts 3.550s
2025-04-03 09:39:12.334 70658 INFO tempest.lib.common.rest_client [req-c3fd9995-805d-4fc6-a553-d031da57f031 req-c3fd9995-805d-4fc6-a553-d031da57f031 ] Request (QuotasAdminTestJSON:tearDownClass): 200 GET http://10.180.1.21:9696/networking/v2.0/security-groups?tenant_id=f439b4d5acca44ea9d8c618e7a5bda82&name=default 0.460s
2025-04-03 09:39:12.409 70658 INFO tempest.lib.common.rest_client [req-97b28f30-a53b-415a-93b0-73a0fdc893dd req-97b28f30-a53b-415a-93b0-73a0fdc893dd ] Request (QuotasAdminTestJSON:tearDownClass): 204 DELETE http://10.180.1.21:9696/networking/v2.0/security-groups/2d6aff91-e334-4292-b35f-21b2a387f68b 0.074s
2025-04-03 09:39:12.493 70658 INFO tempest.lib.common.rest_client [req-31bf0fae-4219-4b09-a870-f46613a65f41 req-31bf0fae-4219-4b09-a870-f46613a65f41 ] Request (QuotasAdminTestJSON:tearDownClass): 204 DELETE http://10.180.1.21/identity/v3/projects/f439b4d5acca44ea9d8c618e7a5bda82 0.084s
2025-04-03 09:39:12.552 70658 INFO tempest.lib.common.rest_client [req-082c5c84-0e91-4418-b756-5c7be7f13da4 req-082c5c84-0e91-4418-b756-5c7be7f13da4 ] Request (FlavorsV2TestJSON:setUpClass): 201 POST http://10.180.1.21/identity/v3/auth/tokens 0.056s
2025-04-03 09:39:12.585 70658 INFO tempest.lib.common.rest_client [req-779e13e2-623a-4427-9b0f-cc99f2f91d40 req-779e13e2-623a-4427-9b0f-cc99f2f91d40 ] Request (FlavorsV2TestJSON:setUpClass): 201 POST http://10.180.1.21/identity/v3/auth/tokens 0.030s
2025-04-03 09:39:12.607 70658 INFO tempest.lib.common.rest_client [req-702c2d43-6d86-44e6-8ef8-b0c2cc699d8b req-702c2d43-6d86-44e6-8ef8-b0c2cc699d8b ] Request (FlavorsV2TestJSON:setUpClass): 200 GET http://10.180.1.21/identity/v3/domains?name=Default 0.022s
2025-04-03 09:39:12.642 70658 INFO tempest.lib.common.rest_client [req-a13802e1-930b-4a22-adca-02f5c2c18b77 req-a13802e1-930b-4a22-adca-02f5c2c18b77 ] Request (FlavorsV2TestJSON:setUpClass): 201 POST http://10.180.1.21/identity/v3/projects 0.034s
2025-04-03 09:39:12.697 70658 INFO tempest.lib.common.rest_client [req-58cdac74-e19c-417a-a5bd-e3b9a0d2239a req-58cdac74-e19c-417a-a5bd-e3b9a0d2239a ] Request (FlavorsV2TestJSON:setUpClass): 201 POST http://10.180.1.21/identity/v3/users 0.054s
2025-04-03 09:39:12.722 70658 INFO tempest.lib.common.rest_client [req-50b74995-bf1a-48da-a340-62f814bbfb93 req-50b74995-bf1a-48da-a340-62f814bbfb93 ] Request (FlavorsV2TestJSON:setUpClass): 200 GET http://10.180.1.21/identity/v3/roles 0.025s
2025-04-03 09:39:12.748 70658 INFO tempest.lib.common.rest_client [req-c94cedcc-a72b-43ec-a5c4-bf9fc7344a0f req-c94cedcc-a72b-43ec-a5c4-bf9fc7344a0f ] Request (FlavorsV2TestJSON:setUpClass): 204 PUT http://10.180.1.21/identity/v3/projects/034a4b25197140c1bf0be158ea14fa49/users/408824da43404b5eb30deb49d9832271/roles/b7efef0f3bca4f9eb4a696c863c4e8e7 0.025s
2025-04-03 09:39:12.748 70658 INFO tempest.lib.common.dynamic_creds [-] Dynamic test user 408824da43404b5eb30deb49d9832271 is created with scope project and roles: ['member']
2025-04-03 09:39:12.748 70658 INFO tempest.lib.common.dynamic_creds [-] Acquired dynamic creds: credentials: Credentials: {'domain_id': 'default', 'domain_name': 'Default', 'username': 'tempest-FlavorsV2TestJSON-1370120959-project-member', 'project_domain_id': 'default', 'project_domain_name': 'Default', 'project_id': '034a4b25197140c1bf0be158ea14fa49', 'project_name': 'tempest-FlavorsV2TestJSON-1370120959', 'tenant_id': '034a4b25197140c1bf0be158ea14fa49', 'tenant_name': 'tempest-FlavorsV2TestJSON-1370120959', 'user_domain_id': 'default', 'user_domain_name': 'Default', 'user_id': '408824da43404b5eb30deb49d9832271', 'system': None}, Network: None, Subnet: None, Router: None
2025-04-03 09:39:12.748 70658 INFO tempest.lib.common.dynamic_creds [-] Created isolated network resources for: credentials: Credentials: {'domain_id': 'default', 'domain_name': 'Default', 'username': 'tempest-FlavorsV2TestJSON-1370120959-project-member', 'project_domain_id': 'default', 'project_domain_name': 'Default', 'project_id': '034a4b25197140c1bf0be158ea14fa49', 'project_name': 'tempest-FlavorsV2TestJSON-1370120959', 'tenant_id': '034a4b25197140c1bf0be158ea14fa49', 'tenant_name': 'tempest-FlavorsV2TestJSON-1370120959', 'user_domain_id': 'default', 'user_domain_name': 'Default', 'user_id': '408824da43404b5eb30deb49d9832271', 'system': None}, Network: None, Subnet: None, Router: None
2025-04-03 09:39:12.827 70658 INFO tempest.lib.common.rest_client [req-adec5059-3cc2-4208-8320-528526d70287 req-adec5059-3cc2-4208-8320-528526d70287 ] Request (FlavorsV2TestJSON:setUpClass): 201 POST http://10.180.1.21/identity/v3/auth/tokens 0.074s
2025-04-03 09:39:13.187 70654 INFO tempest.lib.common.rest_client [req-c933b557-0092-41c5-bb69-8f52c583d9ff req-c933b557-0092-41c5-bb69-8f52c583d9ff ] Request (ServersTestJSON:setUpClass): 202 POST http://10.180.1.21/compute/v2.1/servers 4.326s
2025-04-03 09:39:13.327 70688 INFO tempest.lib.common.rest_client [req-fe57d1c9-4b17-46ad-9506-aac836c8657e req-fe57d1c9-4b17-46ad-9506-aac836c8657e ] Request (ValidationResourcesFixture:setUp): 200 POST http://10.180.1.21/compute/v2.1/os-keypairs 4.266s
2025-04-03 09:39:13.448 70688 INFO tempest.lib.common.rest_client [req-5c7372fd-3b26-4d4b-a4e8-fd7cb732ae01 req-5c7372fd-3b26-4d4b-a4e8-fd7cb732ae01 ] Request (ValidationResourcesFixture:setUp): 201 POST http://10.180.1.21:9696/networking/v2.0/security-groups 0.119s
2025-04-03 09:39:13.534 70688 INFO tempest.lib.common.rest_client [req-99a79a46-064b-4fea-b84d-6d4cd2923ad7 req-99a79a46-064b-4fea-b84d-6d4cd2923ad7 ] Request (ValidationResourcesFixture:setUp): 201 POST http://10.180.1.21:9696/networking/v2.0/security-group-rules 0.085s
2025-04-03 09:39:13.617 70688 INFO tempest.lib.common.rest_client [req-35621ce1-e9ae-496f-8ae8-2782d064b947 req-35621ce1-e9ae-496f-8ae8-2782d064b947 ] Request (ValidationResourcesFixture:setUp): 201 POST http://10.180.1.21:9696/networking/v2.0/security-group-rules 0.082s
2025-04-03 09:39:13.712 70660 INFO tempest.lib.common.rest_client [req-d133c970-763f-46f7-a42e-bb6393f923b2 req-d133c970-763f-46f7-a42e-bb6393f923b2 ] Request (FloatingIPsNegativeTestJSON:tearDownClass): 200 PUT http://10.180.1.21:9696/networking/v2.0/routers/805c3761-370a-4d2c-8969-15f1775b6df0/remove_router_interface 2.383s
2025-04-03 09:39:14.154 70688 INFO tempest.lib.common.rest_client [req-3dce3d3d-3454-4b30-ba5c-4b63f0cd8c7a req-3dce3d3d-3454-4b30-ba5c-4b63f0cd8c7a ] Request (ValidationResourcesFixture:setUp): 201 POST http://10.180.1.21:9696/networking/v2.0/floatingips 0.537s
2025-04-03 09:39:14.168 70666 INFO tempest.lib.common.rest_client [req-7d2c14dd-b02f-438b-8430-f160aaacdda9 req-7d2c14dd-b02f-438b-8430-f160aaacdda9 ] Request (SecurityGroupsTestAdminJSON:test_list_security_groups_list_all_tenants_filter): 200 GET http://10.180.1.21/compute/v2.1/os-security-groups?all_tenants=true 8.003s
2025-04-03 09:39:14.192 70688 INFO tempest.lib.common.rest_client [req-8e09ef09-f906-4e4e-8f8c-6df059663006 req-8e09ef09-f906-4e4e-8f8c-6df059663006 ] Request (AttachInterfacesTestJSON:test_create_list_show_delete_interfaces_by_fixed_ip): 201 POST http://10.180.1.21/identity/v3/auth/tokens 0.035s
2025-04-03 09:39:14.192 70688 INFO tempest.lib.common.fixed_network [-] (AttachInterfacesTestJSON:test_create_list_show_delete_interfaces_by_fixed_ip) Found network {'id': '4cc9e6b1-2976-4257-91ae-ec1915066787', 'name': 'tempest-AttachInterfacesTestJSON-360243688-network', 'tenant_id': 'ce0f2a0832564194a410170096ea1974', 'admin_state_up': True, 'mtu': 8950, 'status': 'ACTIVE', 'subnets': [], 'shared': False, 'project_id': 'ce0f2a0832564194a410170096ea1974', 'port_security_enabled': True, 'router:external': False, 'provider:network_type': 'vlan', 'provider:physical_network': 'default', 'provider:segmentation_id': 625, 'availability_zone_hints': [], 'availability_zones': [], 'ipv4_address_scope': None, 'ipv6_address_scope': None, 'description': '', 'tags': [], 'created_at': '2025-04-03T09:39:01Z', 'updated_at': '2025-04-03T09:39:01Z', 'revision_number': 1} available for tenant
2025-04-03 09:39:14.252 70672 INFO tempest.lib.common.rest_client [req-84fdac00-bbb0-4bb9-82aa-067aa01061a6 req-84fdac00-bbb0-4bb9-82aa-067aa01061a6 ] Request (ServersWithSpecificFlavorTestJSON:test_verify_created_server_ephemeral_disk): 200 GET http://10.180.1.21/compute/v2.1/servers/420cdc42-1bb4-42d0-81c4-7d107e48f673 4.993s
2025-04-03 09:39:14.479 70648 INFO tempest.lib.common.rest_client [req-8829f03a-ab73-4e4a-a64d-3fcd39d670ed req-8829f03a-ab73-4e4a-a64d-3fcd39d670ed ] Request (MigrationsAdminTest:test_list_migrations_in_flavor_resize_situation): 202 POST http://10.180.1.21/compute/v2.1/servers/8d37e09b-5a3f-4ef0-b114-1a05edd1a70e/action 5.052s
2025-04-03 09:39:14.676 70650 INFO tempest.lib.common.rest_client [req-7cc1108a-cb11-419d-ada4-a53db09b01bd req-7cc1108a-cb11-419d-ada4-a53db09b01bd ] Request (DeleteServersAdminTestJSON:test_admin_delete_servers_of_others): 204 DELETE http://10.180.1.21/compute/v2.1/servers/2b7db689-c286-4274-a4e2-66854427c049 4.676s
2025-04-03 09:39:14.688 70660 INFO tempest.lib.common.rest_client [req-401545b3-f4c6-49cb-ae15-76b75a6b3878 req-401545b3-f4c6-49cb-ae15-76b75a6b3878 ] Request (FloatingIPsNegativeTestJSON:tearDownClass): 204 DELETE http://10.180.1.21:9696/networking/v2.0/routers/805c3761-370a-4d2c-8969-15f1775b6df0 0.975s
2025-04-03 09:39:14.775 70680 INFO tempest.lib.common.rest_client [req-ce17558c-8422-4d4b-b67a-3f5ebee6c723 req-ce17558c-8422-4d4b-b67a-3f5ebee6c723 ] Request (FloatingIPDetailsTestJSON:setUpClass): 200 POST http://10.180.1.21/compute/v2.1/os-floating-ips 5.594s
2025-04-03 09:39:14.784 70646 INFO tempest.lib.common.rest_client [req-4e2fddbf-1b7f-4695-a3fd-f22d33982ecd req-4e2fddbf-1b7f-4695-a3fd-f22d33982ecd ] Request (AttachInterfacesV270Test:test_create_get_list_interfaces): 200 GET http://10.180.1.21/compute/v2.1/servers/9aca9f41-2967-4545-a015-cb776c7bee86 4.688s
2025-04-03 09:39:14.794 70644 INFO tempest.lib.common.rest_client [req-d9a2f939-2109-48c4-9761-ffa681719dac req-d9a2f939-2109-48c4-9761-ffa681719dac ] Request (AggregatesAdminNegativeTestJSON:test_aggregate_create_aggregate_name_length_less_than_1): 400 POST http://10.180.1.21/compute/v2.1/os-aggregates 4.669s
2025-04-03 09:39:14.813 70691 INFO tempest.lib.common.rest_client [req-a71acc2b-ef48-438e-b510-476953f8c872 req-a71acc2b-ef48-438e-b510-476953f8c872 ] Request (FlavorsExtraSpecsTestJSON:tearDownClass): 200 GET http://10.180.1.21/compute/v2.1/flavors/detail 4.698s
2025-04-03 09:39:14.857 70702 INFO tempest.lib.common.rest_client [req-55412d5f-6201-4f7e-acf9-7480ddfb2c8a req-55412d5f-6201-4f7e-acf9-7480ddfb2c8a ] Request (SecurityGroupRulesNegativeTestJSON:test_create_security_group_rule_with_invalid_to_port): 400 POST http://10.180.1.21/compute/v2.1/os-security-group-rules 4.626s
2025-04-03 09:39:14.888 70674 INFO tempest.lib.common.rest_client [req-52f7b48a-4f54-4cce-82e3-905ee92e4bd1 req-52f7b48a-4f54-4cce-82e3-905ee92e4bd1 ] Request (FlavorsAdminTestJSON:_run_cleanups): 200 GET http://10.180.1.21/compute/v2.1/flavors/detail 4.590s
2025-04-03 09:39:14.894 70660 INFO tempest.lib.common.rest_client [req-747c4c76-f475-45ef-8a32-17e8824b4fc4 req-747c4c76-f475-45ef-8a32-17e8824b4fc4 ] Request (FloatingIPsNegativeTestJSON:tearDownClass): 204 DELETE http://10.180.1.21:9696/networking/v2.0/subnets/5f1ab6fd-7086-46d5-a1e9-8f2562e5c2d6 0.206s
2025-04-03 09:39:14.927 70668 INFO tempest.lib.common.rest_client [req-3c2ba80c-161c-4dab-b1f7-543a4183c75d req-3c2ba80c-161c-4dab-b1f7-543a4183c75d ] Request (ServersTestManualDisk:setUpClass): 200 POST http://10.180.1.21/compute/v2.1/os-keypairs 4.727s
2025-04-03 09:39:14.967 70678 INFO tempest.lib.common.rest_client [req-d1835bdf-4db4-44fa-ab4b-0c8223b30ae0 req-d1835bdf-4db4-44fa-ab4b-0c8223b30ae0 ] Request (FloatingIPsAssociationTestJSON:setUpClass): 200 GET http://10.180.1.21/compute/v2.1/servers/6719a369-c375-4418-9dee-d272ce9e2e49 4.434s
2025-04-03 09:39:14.974 70664 INFO tempest.lib.common.rest_client [req-06f028e7-c6a2-4d75-a8a1-aa561febf9b1 req-06f028e7-c6a2-4d75-a8a1-aa561febf9b1 ] Request (QuotasAdminNegativeTest:test_update_quota_normal_user): 403 PUT http://10.180.1.21/compute/v2.1/os-quota-sets/f4b21b301dff4c468a398bbbf381af19 3.758s
2025-04-03 09:39:15.016 70691 INFO tempest.lib.common.rest_client [req-38c1a974-64ff-4c7a-8fa0-c07fdec6ce6d req-38c1a974-64ff-4c7a-8fa0-c07fdec6ce6d ] Request (FlavorsExtraSpecsTestJSON:tearDownClass): 204 DELETE http://10.180.1.21/identity/v3/users/a37a5cbab558413ab83b890e709d4707 0.196s
2025-04-03 09:39:15.055 70668 INFO tempest.lib.common.rest_client [req-524bf200-066f-4e4b-b15b-9550041cc5fb req-524bf200-066f-4e4b-b15b-9550041cc5fb ] Request (ServersTestManualDisk:setUpClass): 201 POST http://10.180.1.21:9696/networking/v2.0/security-groups 0.125s
2025-04-03 09:39:15.118 70664 INFO tempest.lib.common.rest_client [req-cf20355c-bda8-447c-9067-234444feb67b req-cf20355c-bda8-447c-9067-234444feb67b ] Request (QuotasAdminNegativeTest:tearDownClass): 204 DELETE http://10.180.1.21/identity/v3/users/eebc7c59b23a42c6bb15dffe3aab5193 0.143s
2025-04-03 09:39:15.154 70668 INFO tempest.lib.common.rest_client [req-cfa99ea8-10b6-46f6-97b1-5e69770051c6 req-cfa99ea8-10b6-46f6-97b1-5e69770051c6 ] Request (ServersTestManualDisk:setUpClass): 201 POST http://10.180.1.21:9696/networking/v2.0/security-group-rules 0.098s
2025-04-03 09:39:15.162 70694 INFO tempest.lib.common.rest_client [req-fdf7d16f-660a-4da5-aec2-144f1bda6c97 req-fdf7d16f-660a-4da5-aec2-144f1bda6c97 ] Request (ImagesMetadataTestJSON:setUp): 200 PUT http://10.180.1.21/compute/v2.1/images/2c884cf5-de2c-4e8f-90c2-4e59cf20d7ba/metadata 3.897s
2025-04-03 09:39:15.184 70691 INFO tempest.lib.common.rest_client [req-138344fd-0247-4b30-8279-72972c81bb80 req-138344fd-0247-4b30-8279-72972c81bb80 ] Request (FlavorsExtraSpecsTestJSON:tearDownClass): 204 DELETE http://10.180.1.21/identity/v3/users/e3fa9494d9654d62b1d81a636d3f6d95 0.167s
2025-04-03 09:39:15.184 70691 INFO tempest.lib.common.dynamic_creds [-] Deleting project and security group for project: 9f9636e1a4154d0a8bfba5d7551bf6a6
2025-04-03 09:39:15.190 70684 INFO tempest.lib.common.rest_client [req-24457382-8692-46d7-b530-c79d0655f4f2 req-24457382-8692-46d7-b530-c79d0655f4f2 ] Request (ServersAdminNegativeTestJSON:setUpClass): 200 GET http://10.180.1.21/compute/v2.1/servers/a5bcecec-cc2a-4bfd-9d3b-1a1e1fdaaf33 4.428s
2025-04-03 09:39:15.200 70684 INFO tempest.common.waiters [-] State transition "BUILD/spawning" ==> "ACTIVE/None" after 24 second wait
2025-04-03 09:39:15.224 70660 INFO tempest.lib.common.rest_client [req-5eb6fac4-9600-47f4-9f0c-69fecc219575 req-5eb6fac4-9600-47f4-9f0c-69fecc219575 ] Request (FloatingIPsNegativeTestJSON:tearDownClass): 204 DELETE http://10.180.1.21:9696/networking/v2.0/networks/a6113284-ba3a-41a6-93d9-04d4b4868c35 0.329s
2025-04-03 09:39:15.245 70668 INFO tempest.lib.common.rest_client [req-deed2261-b0dd-42e1-ba79-a4c439a19bc1 req-deed2261-b0dd-42e1-ba79-a4c439a19bc1 ] Request (ServersTestManualDisk:setUpClass): 201 POST http://10.180.1.21:9696/networking/v2.0/security-group-rules 0.091s
2025-04-03 09:39:15.269 70664 INFO tempest.lib.common.rest_client [req-2ea68845-af96-4853-92c3-c5404841b664 req-2ea68845-af96-4853-92c3-c5404841b664 ] Request (QuotasAdminNegativeTest:tearDownClass): 204 DELETE http://10.180.1.21/identity/v3/users/5055291e8e364626a3b420bf0c20ad48 0.150s
2025-04-03 09:39:15.270 70664 INFO tempest.lib.common.dynamic_creds [-] Deleting project and security group for project: f4b21b301dff4c468a398bbbf381af19
2025-04-03 09:39:15.318 70662 INFO tempest.lib.common.rest_client [req-99d29740-b600-4ced-90a5-34a1fb863c1b req-99d29740-b600-4ced-90a5-34a1fb863c1b ] Request (ServerDiagnosticsNegativeTest:test_get_server_diagnostics_by_non_admin): 200 GET http://10.180.1.21/compute/v2.1/servers/504960db-00c6-4344-adb4-649756cdb734 4.043s
2025-04-03 09:39:15.318 70691 INFO tempest.lib.common.rest_client [req-c17bdb91-65ea-408a-8afa-066bdc50c6b6 req-c17bdb91-65ea-408a-8afa-066bdc50c6b6 ] Request (FlavorsExtraSpecsTestJSON:tearDownClass): 201 POST http://10.180.1.21/identity/v3/auth/tokens 0.134s
2025-04-03 09:39:15.335 70640 INFO tempest.lib.common.rest_client [req-ff283147-e66d-4984-af02-2b5d6903d80b req-ff283147-e66d-4984-af02-2b5d6903d80b ] Request (ImagesOneServerNegativeTestJSON:setUpClass): 200 GET http://10.180.1.21/compute/v2.1/servers/2cf26576-a5f8-492e-ae8e-2dad2d2ab531 4.042s
2025-04-03 09:39:15.348 70640 INFO tempest.common.waiters [-] State transition "BUILD/None" ==> "BUILD/spawning" after 16 second wait
2025-04-03 09:39:15.355 70660 INFO tempest.lib.common.rest_client [req-adebaa5b-e32a-4768-966a-aebe094d88da req-adebaa5b-e32a-4768-966a-aebe094d88da ] Request (FloatingIPsNegativeTestJSON:tearDownClass): 204 DELETE http://10.180.1.21/identity/v3/users/c24cf156a1af4210b76d0e9cfe00dfa6 0.131s
2025-04-03 09:39:15.355 70660 INFO tempest.lib.common.dynamic_creds [-] Deleting project and security group for project: 6a3fdfb20f6340faa58b7b50bf7bb70e
2025-04-03 09:39:15.392 70660 INFO tempest.lib.common.rest_client [req-d74ab618-1b29-4847-8fcf-e04e237616cd req-d74ab618-1b29-4847-8fcf-e04e237616cd ] Request (FloatingIPsNegativeTestJSON:tearDownClass): 200 GET http://10.180.1.21:9696/networking/v2.0/security-groups?tenant_id=6a3fdfb20f6340faa58b7b50bf7bb70e&name=default 0.037s
2025-04-03 09:39:15.422 70664 INFO tempest.lib.common.rest_client [req-6b759a18-3148-4c90-b3d3-228e9086b156 req-6b759a18-3148-4c90-b3d3-228e9086b156 ] Request (QuotasAdminNegativeTest:tearDownClass): 201 POST http://10.180.1.21/identity/v3/auth/tokens 0.152s
2025-04-03 09:39:15.461 70642 INFO tempest.lib.common.rest_client [req-e922a80c-db9f-4450-a13c-ec836d47db6f req-e922a80c-db9f-4450-a13c-ec836d47db6f ] Request (ServerActionsTestJSON:setUpClass): 200 GET http://10.180.1.21/compute/v2.1/servers/a6132588-97ca-410f-86d8-406b4aec6644 4.002s
2025-04-03 09:39:15.586 70652 INFO tempest.lib.common.rest_client [req-e400639b-7aa4-4197-93dd-69bf17862190 req-e400639b-7aa4-4197-93dd-69bf17862190 ] Request (QuotasAdminTestV257:test_get_updated_quotas): 200 PUT http://10.180.1.21/compute/v2.1/os-quota-sets/fceeb7392a9e4d20b3251f067fc88ca4 4.159s
2025-04-03 09:39:15.587 70660 INFO tempest.lib.common.rest_client [req-565b6dfd-9d27-4a2b-b945-911db83ce18a req-565b6dfd-9d27-4a2b-b945-911db83ce18a ] Request (FloatingIPsNegativeTestJSON:tearDownClass): 204 DELETE http://10.180.1.21:9696/networking/v2.0/security-groups/e174b0e0-e81d-469e-b973-3f3fbe984e14 0.194s
2025-04-03 09:39:15.603 70686 INFO tempest.lib.common.rest_client [req-64d113d5-8a8f-491d-aa18-abd1ad82e8e1 req-64d113d5-8a8f-491d-aa18-abd1ad82e8e1 ] Request (ServerAddressesTestJSON:setUpClass): 200 GET http://10.180.1.21/compute/v2.1/servers/18a34f98-74d0-42e1-9c7f-d2899127bd5e 3.973s
2025-04-03 09:39:15.678 70660 INFO tempest.lib.common.rest_client [req-fa128b53-cc5e-4fea-b0f6-18a32da0f281 req-fa128b53-cc5e-4fea-b0f6-18a32da0f281 ] Request (FloatingIPsNegativeTestJSON:tearDownClass): 204 DELETE http://10.180.1.21/identity/v3/projects/6a3fdfb20f6340faa58b7b50bf7bb70e 0.091s
2025-04-03 09:39:15.698 70691 INFO tempest.lib.common.rest_client [req-e260828b-c482-497f-b470-eabff3ab5d47 req-e260828b-c482-497f-b470-eabff3ab5d47 ] Request (FlavorsExtraSpecsTestJSON:tearDownClass): 200 GET http://10.180.1.21:9696/networking/v2.0/security-groups?tenant_id=9f9636e1a4154d0a8bfba5d7551bf6a6&name=default 0.379s
2025-04-03 09:39:15.699 70664 INFO tempest.lib.common.rest_client [req-c8ee22da-5c51-4c03-aa75-ec2349376d67 req-c8ee22da-5c51-4c03-aa75-ec2349376d67 ] Request (QuotasAdminNegativeTest:tearDownClass): 200 GET http://10.180.1.21:9696/networking/v2.0/security-groups?tenant_id=f4b21b301dff4c468a398bbbf381af19&name=default 0.276s
2025-04-03 09:39:15.748 70656 INFO tempest.lib.common.rest_client [req-2dab05f1-e92f-490b-b75c-eb469f890718 req-2dab05f1-e92f-490b-b75c-eb469f890718 ] Request (ServerDiagnosticsTest:test_get_server_diagnostics): 200 GET http://10.180.1.21/compute/v2.1/servers/b5fbb290-5aee-46a0-8704-6cd3dd0bd8b1 3.937s
2025-04-03 09:39:15.762 70660 INFO tempest.lib.common.rest_client [req-90280bf6-38f0-407e-b4f3-a64ed2187761 req-90280bf6-38f0-407e-b4f3-a64ed2187761 ] Request (ServersV294TestFqdnHostnames:setUpClass): 201 POST http://10.180.1.21/identity/v3/auth/tokens 0.081s
2025-04-03 09:39:15.776 70670 INFO tempest.lib.common.rest_client [req-908de9c3-c255-4e64-ba41-e0dba1a49694 req-908de9c3-c255-4e64-ba41-e0dba1a49694 ] Request (HostsAdminTestJSON:test_list_hosts_with_a_blank_zone): 200 GET http://10.180.1.21/compute/v2.1/os-hosts?zone= 3.611s
2025-04-03 09:39:15.792 70698 INFO tempest.lib.common.rest_client [req-529c30e0-541b-4198-982f-def903149a43 req-529c30e0-541b-4198-982f-def903149a43 ] Request (ServerDiskConfigTestJSON:test_rebuild_server_with_auto_disk_config): 200 GET http://10.180.1.21/compute/v2.1/servers/e762bbc2-3d46-4453-95fb-a0dfb22b13f2 3.920s
2025-04-03 09:39:15.808 70660 INFO tempest.lib.common.rest_client [req-f27b0a15-69db-4325-810f-18c88a23cbf7 req-f27b0a15-69db-4325-810f-18c88a23cbf7 ] Request (ServersV294TestFqdnHostnames:setUpClass): 201 POST http://10.180.1.21/identity/v3/auth/tokens 0.043s
2025-04-03 09:39:15.855 70660 INFO tempest.lib.common.rest_client [req-b0258e50-947b-4155-9842-c504f36e3a3f req-b0258e50-947b-4155-9842-c504f36e3a3f ] Request (ServersV294TestFqdnHostnames:setUpClass): 200 GET http://10.180.1.21/identity/v3/domains?name=Default 0.046s
2025-04-03 09:39:15.869 70664 INFO tempest.lib.common.rest_client [req-5c9cd192-f52a-493d-aefe-290514abe15b req-5c9cd192-f52a-493d-aefe-290514abe15b ] Request (QuotasAdminNegativeTest:tearDownClass): 204 DELETE http://10.180.1.21:9696/networking/v2.0/security-groups/af260c3a-3720-46ea-9023-ecf98b1ccbfc 0.169s
2025-04-03 09:39:15.871 70668 INFO tempest.lib.common.rest_client [req-331ad912-e086-4e8f-bd6f-29ecb58a0900 req-331ad912-e086-4e8f-bd6f-29ecb58a0900 ] Request (ServersTestManualDisk:setUpClass): 201 POST http://10.180.1.21:9696/networking/v2.0/floatingips 0.626s
2025-04-03 09:39:15.878 70691 INFO tempest.lib.common.rest_client [req-6ab6f6a2-3961-468c-9f8c-025a4aeb551b req-6ab6f6a2-3961-468c-9f8c-025a4aeb551b ] Request (FlavorsExtraSpecsTestJSON:tearDownClass): 204 DELETE http://10.180.1.21:9696/networking/v2.0/security-groups/9a222d44-7d74-4ee9-bda0-c88d545b0dfe 0.177s
2025-04-03 09:39:15.895 70660 INFO tempest.lib.common.rest_client [req-22bc8301-00b4-4a59-8da4-4c65b286f9c6 req-22bc8301-00b4-4a59-8da4-4c65b286f9c6 ] Request (ServersV294TestFqdnHostnames:setUpClass): 201 POST http://10.180.1.21/identity/v3/projects 0.039s
2025-04-03 09:39:15.946 70692 INFO tempest.lib.common.rest_client [req-d4af9998-a55c-4a36-bc28-f30a147dadb6 req-d4af9998-a55c-4a36-bc28-f30a147dadb6 ] Request (ServersTestFqdnHostnames:test_create_server_with_fqdn_name): 200 GET http://10.180.1.21/compute/v2.1/servers/3bdabee6-4428-46c2-881b-f0be3bab1363 3.326s
2025-04-03 09:39:15.982 70664 INFO tempest.lib.common.rest_client [req-9e3d10b5-78e4-48bc-bf85-7310acf667ce req-9e3d10b5-78e4-48bc-bf85-7310acf667ce ] Request (QuotasAdminNegativeTest:tearDownClass): 204 DELETE http://10.180.1.21/identity/v3/projects/f4b21b301dff4c468a398bbbf381af19 0.112s
2025-04-03 09:39:15.982 70664 INFO tempest.lib.common.dynamic_creds [-] Deleting project and security group for project: dbb81d33f3a0484bae7fbef73e6b074e
2025-04-03 09:39:16.008 70658 INFO tempest.lib.common.rest_client [req-142b18f3-00f0-4759-8691-1ae51c682054 req-142b18f3-00f0-4759-8691-1ae51c682054 ] Request (FlavorsV2TestJSON:test_get_flavor): 200 GET http://10.180.1.21/compute/v2.1/flavors/42 3.179s
2025-04-03 09:39:16.012 70696 INFO tempest.lib.common.rest_client [req-221d53a8-fffa-4bf8-8b3f-637402868d0c req-221d53a8-fffa-4bf8-8b3f-637402868d0c ] Request (VolumesAssistedSnapshotsTest:test_volume_assisted_snapshot_create_delete): 200 GET http://10.180.1.21/compute/v2.1/servers/61b133d1-46bd-4eb0-a925-685eff3f973f 2.996s
2025-04-03 09:39:16.034 70668 INFO tempest.lib.common.rest_client [req-144cec30-2f27-45a5-bef7-969d7007484c req-144cec30-2f27-45a5-bef7-969d7007484c ] Request (ServersTestManualDisk:setUpClass): 201 POST http://10.180.1.21/identity/v3/auth/tokens 0.159s
2025-04-03 09:39:16.034 70668 INFO tempest.lib.common.fixed_network [-] (ServersTestManualDisk:setUpClass) Found network {'id': '53685c53-26bb-47eb-8dd1-2b7356b9ddf0', 'name': 'tempest-ServersTestManualDisk-2006546398-network', 'tenant_id': 'ad073a9af8794fb39e7aefb758e35e5e', 'admin_state_up': True, 'mtu': 8950, 'status': 'ACTIVE', 'subnets': [], 'shared': False, 'project_id': 'ad073a9af8794fb39e7aefb758e35e5e', 'port_security_enabled': True, 'router:external': False, 'provider:network_type': 'vlan', 'provider:physical_network': 'default', 'provider:segmentation_id': 173, 'availability_zone_hints': [], 'availability_zones': [], 'ipv4_address_scope': None, 'ipv6_address_scope': None, 'description': '', 'tags': [], 'created_at': '2025-04-03T09:39:08Z', 'updated_at': '2025-04-03T09:39:08Z', 'revision_number': 1} available for tenant
2025-04-03 09:39:16.079 70654 INFO tempest.lib.common.rest_client [req-177313e8-fbcf-4d3b-964f-d03e1389061c req-177313e8-fbcf-4d3b-964f-d03e1389061c ] Request (ServersTestJSON:setUpClass): 200 GET http://10.180.1.21/compute/v2.1/servers/107f5d30-2f41-4081-8275-1c6db1bde591 2.891s
2025-04-03 09:39:16.104 70660 INFO tempest.lib.common.rest_client [req-2f65c080-009c-4478-aae6-1dba984046c7 req-2f65c080-009c-4478-aae6-1dba984046c7 ] Request (ServersV294TestFqdnHostnames:setUpClass): 201 POST http://10.180.1.21/identity/v3/users 0.209s
2025-04-03 09:39:16.112 70664 INFO tempest.lib.common.rest_client [req-cc6e40e9-c141-4537-8f64-5e8decb90ad1 req-cc6e40e9-c141-4537-8f64-5e8decb90ad1 ] Request (QuotasAdminNegativeTest:tearDownClass): 200 GET http://10.180.1.21:9696/networking/v2.0/security-groups?tenant_id=dbb81d33f3a0484bae7fbef73e6b074e&name=default 0.130s
2025-04-03 09:39:16.123 70691 INFO tempest.lib.common.rest_client [req-b0e4ee0c-690b-4829-9c5b-786f518634e0 req-b0e4ee0c-690b-4829-9c5b-786f518634e0 ] Request (FlavorsExtraSpecsTestJSON:tearDownClass): 204 DELETE http://10.180.1.21/identity/v3/projects/9f9636e1a4154d0a8bfba5d7551bf6a6 0.245s
2025-04-03 09:39:16.124 70691 INFO tempest.lib.common.dynamic_creds [-] Deleting project and security group for project: b0187f3999c54a6d8aa0ec5d576be240
2025-04-03 09:39:16.133 70666 INFO tempest.lib.common.rest_client [req-7d2ee084-8c85-4760-b749-0a1c0693dee7 req-7d2ee084-8c85-4760-b749-0a1c0693dee7 ] Request (SecurityGroupsTestAdminJSON:test_list_security_groups_list_all_tenants_filter): 200 GET http://10.180.1.21/compute/v2.1/os-security-groups?all_tenants=true 1.954s
2025-04-03 09:39:16.182 70660 INFO tempest.lib.common.rest_client [req-410f6c4a-e43e-43a6-8c57-94d4b7543a43 req-410f6c4a-e43e-43a6-8c57-94d4b7543a43 ] Request (ServersV294TestFqdnHostnames:setUpClass): 200 GET http://10.180.1.21/identity/v3/roles 0.078s
2025-04-03 09:39:16.226 70660 INFO tempest.lib.common.rest_client [req-dbc12bbd-cb81-4b42-8dff-ed7b7adff918 req-dbc12bbd-cb81-4b42-8dff-ed7b7adff918 ] Request (ServersV294TestFqdnHostnames:setUpClass): 204 PUT http://10.180.1.21/identity/v3/projects/cb0070541fc742fda86461d01c58a1f6/users/d7be3c80d3f4408f958c45131b8f4ff6/roles/b7efef0f3bca4f9eb4a696c863c4e8e7 0.043s
