2025-04-03 09:40:33.145 70664 INFO tempest.lib.common.rest_client [req-61277bbb-494a-4ff1-bda2-54eed4fab489 req-61277bbb-494a-4ff1-bda2-54eed4fab489 ] Request (ServersAdmin275Test:tearDownClass): 200 GET http://10.180.1.21/compute/v2.1/servers/022c8901-8139-475f-bf6d-cb01fe98aef7 0.975s
2025-04-03 09:40:33.239 70652 INFO tempest.lib.common.rest_client [req-fe27fc36-cdf0-4060-b9d0-540b4cee12fd req-fe27fc36-cdf0-4060-b9d0-540b4cee12fd ] Request (ServerDiagnosticsV248Test:tearDownClass): 200 GET http://10.180.1.21/compute/v2.1/servers/873e4030-aa77-4072-a77c-dc775ed079e1 0.959s
2025-04-03 09:40:33.306 70650 INFO tempest.lib.common.rest_client [req-0d7e8863-56ae-48d5-83b4-e18cf7daa60e req-0d7e8863-56ae-48d5-83b4-e18cf7daa60e ] Request (DeleteServersAdminTestJSON:test_delete_server_while_in_error_state): 200 GET http://10.180.1.21/compute/v2.1/servers/6cfb4ee7-a7d8-4e2f-91c6-0f515535a17a 1.021s
2025-04-03 09:40:33.363 70698 INFO tempest.lib.common.rest_client [req-b99450a3-18d2-4ec3-9498-270e9046b3ca req-b99450a3-18d2-4ec3-9498-270e9046b3ca ] Request (ServerDiskConfigTestJSON:test_rebuild_server_with_manual_disk_config): 200 PUT http://10.180.1.21/compute/v2.1/servers/1511e28f-9e34-4f8d-800b-30a5f13b441f 0.956s
2025-04-03 09:40:33.387 70678 INFO tempest.lib.common.rest_client [req-cdedeae4-6f75-49ee-8efd-a8a0d60e88e8 req-cdedeae4-6f75-49ee-8efd-a8a0d60e88e8 ] Request (FloatingIPsAssociationTestJSON:test_associate_disassociate_floating_ip): 202 POST http://10.180.1.21/compute/v2.1/servers/6719a369-c375-4418-9dee-d272ce9e2e49/action 1.947s
2025-04-03 09:40:33.421 70686 INFO tempest.lib.common.rest_client [req-52677adc-af84-46c8-8626-7af0eb393ee7 req-52677adc-af84-46c8-8626-7af0eb393ee7 ] Request (AttachVolumeNegativeTest:test_attach_attached_volume_to_different_server): 200 GET http://10.180.1.21/compute/v2.1/servers/cde4f453-1a5a-4b73-8372-e4677e09d412 1.007s
2025-04-03 09:40:33.455 70658 INFO tempest.lib.common.rest_client [req-b2952b85-0f02-4a55-b888-0ee3fb5b846a req-b2952b85-0f02-4a55-b888-0ee3fb5b846a ] Request (ServersAaction247Test:test_create_backup): 200 GET http://10.180.1.21/compute/v2.1/servers/8c4ee39b-d092-478a-948d-767abdcb125c 0.945s
2025-04-03 09:40:33.468 70658 INFO tempest.common.waiters [-] State transition "BUILD/spawning" ==> "ACTIVE/None" after 48 second wait
2025-04-03 09:40:33.524 70640 INFO tempest.lib.common.rest_client [req-86ed5445-2dcb-45b1-a60a-45825549af3f req-86ed5445-2dcb-45b1-a60a-45825549af3f ] Request (ImagesOneServerNegativeTestJSON:_run_cleanups): 200 GET http://10.180.1.21/compute/v2.1/servers/9c9dbe1d-9cea-4413-90cf-f5dd87afa6a6 0.964s
2025-04-03 09:40:33.583 70666 INFO tempest.lib.common.rest_client [req-8d00919e-52b2-4494-89bb-83a499036d16 req-8d00919e-52b2-4494-89bb-83a499036d16 ] Request (ImagesTestJSON:test_create_image_from_stopped_server): 200 GET http://10.180.1.21/compute/v2.1/images/9cc3cc0a-1832-4d2a-bea1-6cc3821c41cc 0.976s
2025-04-03 09:40:33.602 70700 INFO tempest.lib.common.rest_client [req-4ac5a8dd-7c7e-4788-b09f-cb2d24290c85 req-4ac5a8dd-7c7e-4788-b09f-cb2d24290c85 ] Request (ServersTestJSON:test_create_server_specify_multibyte_character_name): 200 GET http://10.180.1.21/compute/v2.1/servers/ed288ade-cd87-4826-a363-b938d9a28122 1.071s
2025-04-03 09:40:33.610 70700 INFO tempest.common.waiters [-] State transition "BUILD/block_device_mapping" ==> "BUILD/spawning" after 41 second wait
2025-04-03 09:40:33.693 70648 INFO tempest.lib.common.rest_client [req-92b07465-892f-4ca4-98e4-43c7b9782da9 req-92b07465-892f-4ca4-98e4-43c7b9782da9 ] Request (MigrationsAdminTest:test_resize_server_revert_deleted_flavor): 200 GET http://10.180.1.21/compute/v2.1/servers/5e75c073-fe40-43ea-8df9-242f5cf1fa20 1.078s
2025-04-03 09:40:33.700 70648 INFO tempest.common.waiters [-] State transition "BUILD/scheduling" ==> "BUILD/None" after 8 second wait
2025-04-03 09:40:33.701 70676 INFO tempest.lib.common.rest_client [req-c759419c-4d95-476a-9454-ce55d1f14d74 req-c759419c-4d95-476a-9454-ce55d1f14d74 ] Request (ServerExternalEventsTest:tearDownClass): 200 GET http://10.180.1.21/compute/v2.1/servers/41b57770-ec44-4eec-bd28-d262d7d06d19 1.005s
2025-04-03 09:40:33.756 70662 INFO tempest.lib.common.rest_client [req-7f70bc30-94cd-4b00-b8c9-87593d14af88 req-7f70bc30-94cd-4b00-b8c9-87593d14af88 ] Request (SecurityGroupsTestJSON:test_list_security_groups_by_server): 200 GET http://10.180.1.21/compute/v2.1/servers/7d514a3b-75a1-4844-85aa-d65a0697d48b 0.994s
2025-04-03 09:40:33.772 70656 INFO tempest.lib.common.rest_client [req-a1f2fb92-1473-4a63-b39c-69a0afea4dce req-a1f2fb92-1473-4a63-b39c-69a0afea4dce ] Request (VolumesAdminNegativeTest:test_update_attached_volume_with_nonexistent_volume_in_body): 200 GET http://10.180.1.21/compute/v2.1/servers/4dab8cfe-d63d-402e-8a02-b0370fb8ccda 0.686s
2025-04-03 09:40:33.845 70678 INFO tempest.lib.common.rest_client [req-b8ea193b-b108-4801-b16b-4f9c6ed6f90d req-b8ea193b-b108-4801-b16b-4f9c6ed6f90d ] Request (FloatingIPsAssociationTestJSON:tearDownClass): 204 DELETE http://10.180.1.21/compute/v2.1/servers/a77f31c2-0c08-449e-8a0b-70e36098af05 0.455s
2025-04-03 09:40:33.877 70698 INFO tempest.lib.common.rest_client [req-c4d99f13-1f19-4334-8999-634a4a156c53 req-c4d99f13-1f19-4334-8999-634a4a156c53 ] Request (ServerDiskConfigTestJSON:test_rebuild_server_with_manual_disk_config): 200 GET http://10.180.1.21/compute/v2.1/servers/1511e28f-9e34-4f8d-800b-30a5f13b441f 0.507s
2025-04-03 09:40:34.079 70694 INFO tempest.lib.common.rest_client [req-fe488bf1-a7af-4c9f-9081-d71a97e4c411 req-fe488bf1-a7af-4c9f-9081-d71a97e4c411 ] Request (InstanceActionsTestJSON:setUpClass): 200 GET http://10.180.1.21/compute/v2.1/servers/219a506b-bd5d-4219-93a7-d3ae5a3cd1dd 0.467s
2025-04-03 09:40:34.090 70694 INFO tempest.common.waiters [-] State transition "BUILD/spawning" ==> "ACTIVE/None" after 55 second wait
2025-04-03 09:40:34.134 70674 INFO tempest.lib.common.rest_client [req-5fe19208-e006-4c80-89c2-3e5b1992dbe9 req-5fe19208-e006-4c80-89c2-3e5b1992dbe9 ] Request (ServersAdminTestJSON:setUpClass): 200 GET http://10.180.1.21/compute/v2.1/servers/a66efa57-ec03-4033-a7ce-11a1718c7400 0.418s
2025-04-03 09:40:34.154 70684 INFO tempest.lib.common.rest_client [req-22fc1c61-011c-4a0e-8385-5531d28c51e7 req-22fc1c61-011c-4a0e-8385-5531d28c51e7 ] Request (ServersAdminNegativeTestJSON:tearDownClass): 404 GET http://10.180.1.21/compute/v2.1/servers/9721c9fc-34f0-4bbe-9bb7-3db7081c1ee4 0.348s
2025-04-03 09:40:34.227 70678 INFO tempest.lib.common.rest_client [req-517fb8d9-4bd1-458e-82ae-cb50bbf57c6a req-517fb8d9-4bd1-458e-82ae-cb50bbf57c6a ] Request (FloatingIPsAssociationTestJSON:tearDownClass): 200 GET http://10.180.1.21/compute/v2.1/servers/a77f31c2-0c08-449e-8a0b-70e36098af05 0.382s
2025-04-03 09:40:34.284 70644 INFO tempest.lib.common.rest_client [req-50681dd2-aad2-4f5c-bf58-9285d8ecbd97 req-50681dd2-aad2-4f5c-bf58-9285d8ecbd97 ] Request (ServerPasswordTestJSON:setUpClass): 200 GET http://10.180.1.21/compute/v2.1/servers/417e9a6f-71dd-4b8d-a920-a31d71ec7778 0.423s
2025-04-03 09:40:34.398 70698 INFO tempest.lib.common.rest_client [req-53ea4683-14db-43b1-8934-8abdbc7f43b7 req-53ea4683-14db-43b1-8934-8abdbc7f43b7 ] Request (ServerDiskConfigTestJSON:test_rebuild_server_with_manual_disk_config): 200 GET http://10.180.1.21/compute/v2.1/servers/1511e28f-9e34-4f8d-800b-30a5f13b441f 0.511s
2025-04-03 09:40:34.405 70658 INFO tempest.lib.common.rest_client [req-a573aab4-f9d0-4a29-a2f1-d24c351444ca req-a573aab4-f9d0-4a29-a2f1-d24c351444ca ] Request (ServersAaction247Test:test_create_backup): 202 POST http://10.180.1.21/compute/v2.1/servers/8c4ee39b-d092-478a-948d-767abdcb125c/action 0.936s
2025-04-03 09:40:34.462 70691 INFO tempest.lib.common.rest_client [req-5d1d779a-c363-4bc7-b2ce-ac9f7b330991 req-5d1d779a-c363-4bc7-b2ce-ac9f7b330991 ] Request (ServerRescueTestJSONUnderV235:tearDownClass): 200 GET http://10.180.1.21/compute/v2.1/servers/1d5c5e03-5ab9-42dc-8c58-4e0932e0f24f 0.392s
2025-04-03 09:40:34.467 70670 INFO tempest.lib.common.rest_client [req-ab35d422-cac4-49d1-9c40-db3a7de66dde req-ab35d422-cac4-49d1-9c40-db3a7de66dde ] Request (ServerActionsV293TestJSON:setUpClass): 200 GET http://10.180.1.21/compute/v2.1/servers/3632ba87-541c-4505-88a9-926cf76bb012 0.524s
2025-04-03 09:40:34.476 70670 INFO tempest.common.waiters [-] State transition "BUILD/scheduling" ==> "BUILD/None" after 19 second wait
2025-04-03 09:40:34.493 70694 INFO tempest.lib.common.rest_client [req-b5db137c-ff16-4c1b-8105-b798a5c09796 req-b5db137c-ff16-4c1b-8105-b798a5c09796 ] Request (InstanceActionsTestJSON:test_get_instance_action): 200 GET http://10.180.1.21/compute/v2.1/servers/219a506b-bd5d-4219-93a7-d3ae5a3cd1dd/os-instance-actions/req-df0ecacd-1e9b-40da-9df0-0ed4ad324c21 0.402s
2025-04-03 09:40:34.552 70664 INFO tempest.lib.common.rest_client [req-79b0b375-387f-4d82-a94f-3d9c1ed29c1e req-79b0b375-387f-4d82-a94f-3d9c1ed29c1e ] Request (ServersAdmin275Test:tearDownClass): 200 GET http://10.180.1.21/compute/v2.1/servers/022c8901-8139-475f-bf6d-cb01fe98aef7 0.392s
2025-04-03 09:40:34.573 70684 INFO tempest.lib.common.rest_client [req-59b0ee09-aa7a-4ec8-8dfd-07ad030362fa req-59b0ee09-aa7a-4ec8-8dfd-07ad030362fa ] Request (ServersAdminNegativeTestJSON:tearDownClass): 204 DELETE http://10.180.1.21/compute/v2.1/servers/a5bcecec-cc2a-4bfd-9d3b-1a1e1fdaaf33 0.419s
2025-04-03 09:40:34.607 70652 INFO tempest.lib.common.rest_client [req-7a190e1f-64b8-4bec-ae4a-5fa738cfae71 req-7a190e1f-64b8-4bec-ae4a-5fa738cfae71 ] Request (ServerDiagnosticsV248Test:tearDownClass): 200 GET http://10.180.1.21/compute/v2.1/servers/873e4030-aa77-4072-a77c-dc775ed079e1 0.358s
2025-04-03 09:40:34.628 70650 INFO tempest.lib.common.rest_client [req-4dfb297f-468d-4031-beec-604dce0ebc37 req-4dfb297f-468d-4031-beec-604dce0ebc37 ] Request (DeleteServersAdminTestJSON:test_delete_server_while_in_error_state): 200 GET http://10.180.1.21/compute/v2.1/servers/6cfb4ee7-a7d8-4e2f-91c6-0f515535a17a 0.314s
2025-04-03 09:40:34.703 70658 INFO tempest.lib.common.rest_client [req-29951736-0f04-4fb0-867f-cf6daa163b35 req-29951736-0f04-4fb0-867f-cf6daa163b35 ] Request (ServersAaction247Test:tearDownClass): 204 DELETE http://10.180.1.21/compute/v2.1/servers/8c4ee39b-d092-478a-948d-767abdcb125c 0.295s
2025-04-03 09:40:34.754 70686 INFO tempest.lib.common.rest_client [req-d76b4b36-178b-4175-85f8-26461e179df6 req-d76b4b36-178b-4175-85f8-26461e179df6 ] Request (AttachVolumeNegativeTest:test_attach_attached_volume_to_different_server): 200 GET http://10.180.1.21/compute/v2.1/servers/cde4f453-1a5a-4b73-8372-e4677e09d412 0.323s
2025-04-03 09:40:34.801 70698 INFO tempest.lib.common.rest_client [req-936018f7-1b21-434e-a135-dbc837ad1444 req-936018f7-1b21-434e-a135-dbc837ad1444 ] Request (ServerDiskConfigTestJSON:test_rebuild_server_with_manual_disk_config): 202 POST http://10.180.1.21/compute/v2.1/servers/1511e28f-9e34-4f8d-800b-30a5f13b441f/action 0.394s
2025-04-03 09:40:34.823 70694 INFO tempest.lib.common.rest_client [req-3a83f7a4-3821-4863-a07b-044ddd3e6340 req-3a83f7a4-3821-4863-a07b-044ddd3e6340 ] Request (InstanceActionsTestJSON:test_list_instance_actions): 202 POST http://10.180.1.21/compute/v2.1/servers/219a506b-bd5d-4219-93a7-d3ae5a3cd1dd/action 0.326s
2025-04-03 09:40:34.852 70640 INFO tempest.lib.common.rest_client [req-01099273-8032-446d-8c03-d7d80681075a req-01099273-8032-446d-8c03-d7d80681075a ] Request (ImagesOneServerNegativeTestJSON:_run_cleanups): 200 GET http://10.180.1.21/compute/v2.1/servers/9c9dbe1d-9cea-4413-90cf-f5dd87afa6a6 0.318s
2025-04-03 09:40:34.859 70640 INFO tempest.common.waiters [-] State transition "BUILD/scheduling" ==> "BUILD/None" after 3 second wait
2025-04-03 09:40:34.881 70666 INFO tempest.lib.common.rest_client [req-f37e6a84-6452-4191-b36e-62a4c4089a0d req-f37e6a84-6452-4191-b36e-62a4c4089a0d ] Request (ImagesTestJSON:test_create_image_from_stopped_server): 200 GET http://10.180.1.21/compute/v2.1/images/9cc3cc0a-1832-4d2a-bea1-6cc3821c41cc 0.293s
2025-04-03 09:40:35.041 70684 INFO tempest.lib.common.rest_client [req-dc390fe1-c3fa-4820-b4c2-ed78c208dae6 req-dc390fe1-c3fa-4820-b4c2-ed78c208dae6 ] Request (ServersAdminNegativeTestJSON:tearDownClass): 200 GET http://10.180.1.21/compute/v2.1/servers/a5bcecec-cc2a-4bfd-9d3b-1a1e1fdaaf33 0.466s
2025-04-03 09:40:35.042 70700 INFO tempest.lib.common.rest_client [req-474ab40c-2d99-4190-8a72-0239ed59c37a req-474ab40c-2d99-4190-8a72-0239ed59c37a ] Request (ServersTestJSON:test_create_server_specify_multibyte_character_name): 200 GET http://10.180.1.21/compute/v2.1/servers/ed288ade-cd87-4826-a363-b938d9a28122 0.430s
2025-04-03 09:40:35.097 70648 INFO tempest.lib.common.rest_client [req-ce01acae-3016-41b7-bf23-b6e0ae327e10 req-ce01acae-3016-41b7-bf23-b6e0ae327e10 ] Request (MigrationsAdminTest:test_resize_server_revert_deleted_flavor): 200 GET http://10.180.1.21/compute/v2.1/servers/5e75c073-fe40-43ea-8df9-242f5cf1fa20 0.396s
2025-04-03 09:40:35.110 70658 INFO tempest.lib.common.rest_client [req-5ea984f3-7f44-481a-be4f-42a60a577abf req-5ea984f3-7f44-481a-be4f-42a60a577abf ] Request (ServersAaction247Test:tearDownClass): 200 GET http://10.180.1.21/compute/v2.1/servers/8c4ee39b-d092-478a-948d-767abdcb125c 0.406s
2025-04-03 09:40:35.158 70662 INFO tempest.lib.common.rest_client [req-f69e0ded-252a-468a-9b78-179f5341a5fa req-f69e0ded-252a-468a-9b78-179f5341a5fa ] Request (SecurityGroupsTestJSON:test_list_security_groups_by_server): 200 GET http://10.180.1.21/compute/v2.1/servers/7d514a3b-75a1-4844-85aa-d65a0697d48b 0.394s
2025-04-03 09:40:35.168 70676 INFO tempest.lib.common.rest_client [req-feadb4d2-42d6-4e99-b6f5-fa2f1e9adf68 req-feadb4d2-42d6-4e99-b6f5-fa2f1e9adf68 ] Request (ServerExternalEventsTest:tearDownClass): 200 GET http://10.180.1.21/compute/v2.1/servers/41b57770-ec44-4eec-bd28-d262d7d06d19 0.459s
2025-04-03 09:40:35.203 70656 INFO tempest.lib.common.rest_client [req-851cc44a-2174-439b-b3dd-634919bcee49 req-851cc44a-2174-439b-b3dd-634919bcee49 ] Request (VolumesAdminNegativeTest:test_update_attached_volume_with_nonexistent_volume_in_body): 200 GET http://10.180.1.21/compute/v2.1/servers/4dab8cfe-d63d-402e-8a02-b0370fb8ccda 0.423s
2025-04-03 09:40:35.291 70698 INFO tempest.lib.common.rest_client [req-500c3713-5457-461d-a8e7-b5400ce338c0 req-500c3713-5457-461d-a8e7-b5400ce338c0 ] Request (ServerDiskConfigTestJSON:test_rebuild_server_with_manual_disk_config): 200 GET http://10.180.1.21/compute/v2.1/servers/1511e28f-9e34-4f8d-800b-30a5f13b441f 0.478s
2025-04-03 09:40:35.296 70694 INFO tempest.lib.common.rest_client [req-b4c91c54-db13-4c65-af3d-0afeb4c73391 req-b4c91c54-db13-4c65-af3d-0afeb4c73391 ] Request (InstanceActionsTestJSON:test_list_instance_actions): 200 GET http://10.180.1.21/compute/v2.1/servers/219a506b-bd5d-4219-93a7-d3ae5a3cd1dd 0.472s
2025-04-03 09:40:35.348 70674 INFO tempest.lib.common.rest_client [req-9e43dc9a-9fce-4bac-8dbc-c6d4f6d2fd47 req-9e43dc9a-9fce-4bac-8dbc-c6d4f6d2fd47 ] Request (ServersAdminTestJSON:setUpClass): 200 GET http://10.180.1.21/compute/v2.1/servers/a66efa57-ec03-4033-a7ce-11a1718c7400 0.205s
2025-04-03 09:40:35.392 70678 INFO tempest.lib.common.rest_client [req-eff9562d-cdeb-472e-a820-81ea735c019e req-eff9562d-cdeb-472e-a820-81ea735c019e ] Request (FloatingIPsAssociationTestJSON:tearDownClass): 200 GET http://10.180.1.21/compute/v2.1/servers/a77f31c2-0c08-449e-8a0b-70e36098af05 0.157s
2025-04-03 09:40:35.407 70644 INFO tempest.lib.common.rest_client [req-4da141ef-96f9-4018-966b-3bb271526bfc req-4da141ef-96f9-4018-966b-3bb271526bfc ] Request (ServerPasswordTestJSON:setUpClass): 200 GET http://10.180.1.21/compute/v2.1/servers/417e9a6f-71dd-4b8d-a920-a31d71ec7778 0.114s
2025-04-03 09:40:35.539 70691 INFO tempest.lib.common.rest_client [req-0f24f432-ce05-4f5b-8ca5-36c841ae225d req-0f24f432-ce05-4f5b-8ca5-36c841ae225d ] Request (ServerRescueTestJSONUnderV235:tearDownClass): 200 GET http://10.180.1.21/compute/v2.1/servers/1d5c5e03-5ab9-42dc-8c58-4e0932e0f24f 0.069s
2025-04-03 09:40:35.557 70670 INFO tempest.lib.common.rest_client [req-3521d916-04dd-4ee0-acd2-928a850dc05c req-3521d916-04dd-4ee0-acd2-928a850dc05c ] Request (ServerActionsV293TestJSON:setUpClass): 200 GET http://10.180.1.21/compute/v2.1/servers/3632ba87-541c-4505-88a9-926cf76bb012 0.079s
2025-04-03 09:40:35.625 70664 INFO tempest.lib.common.rest_client [req-6e6df93b-6fd2-4d62-b68d-69ca7407a987 req-6e6df93b-6fd2-4d62-b68d-69ca7407a987 ] Request (ServersAdmin275Test:tearDownClass): 200 GET http://10.180.1.21/compute/v2.1/servers/022c8901-8139-475f-bf6d-cb01fe98aef7 0.062s
2025-04-03 09:40:35.681 70652 INFO tempest.lib.common.rest_client [req-db973bdc-6d96-4840-831f-9120c8b031ea req-db973bdc-6d96-4840-831f-9120c8b031ea ] Request (ServerDiagnosticsV248Test:tearDownClass): 200 GET http://10.180.1.21/compute/v2.1/servers/873e4030-aa77-4072-a77c-dc775ed079e1 0.063s
2025-04-03 09:40:35.693 70650 INFO tempest.lib.common.rest_client [req-66eb296d-002f-4451-89bc-243ec4f7da6d req-66eb296d-002f-4451-89bc-243ec4f7da6d ] Request (DeleteServersAdminTestJSON:test_delete_server_while_in_error_state): 200 GET http://10.180.1.21/compute/v2.1/servers/6cfb4ee7-a7d8-4e2f-91c6-0f515535a17a 0.057s
2025-04-03 09:40:35.816 70686 INFO tempest.lib.common.rest_client [req-e78b7416-d21a-476a-b89a-8d79bafc38f5 req-e78b7416-d21a-476a-b89a-8d79bafc38f5 ] Request (AttachVolumeNegativeTest:test_attach_attached_volume_to_different_server): 200 GET http://10.180.1.21/compute/v2.1/servers/cde4f453-1a5a-4b73-8372-e4677e09d412 0.053s
2025-04-03 09:40:35.917 70666 INFO tempest.lib.common.rest_client [req-e2f47c34-4458-4aa8-95f0-793122868af5 req-e2f47c34-4458-4aa8-95f0-793122868af5 ] Request (ImagesTestJSON:test_create_image_from_stopped_server): 200 GET http://10.180.1.21/compute/v2.1/images/9cc3cc0a-1832-4d2a-bea1-6cc3821c41cc 0.031s
2025-04-03 09:40:35.917 70640 INFO tempest.lib.common.rest_client [req-4dd706f1-1941-4a93-a9c3-7a2e801f63eb req-4dd706f1-1941-4a93-a9c3-7a2e801f63eb ] Request (ImagesOneServerNegativeTestJSON:_run_cleanups): 200 GET http://10.180.1.21/compute/v2.1/servers/9c9dbe1d-9cea-4413-90cf-f5dd87afa6a6 0.058s
2025-04-03 09:40:36.250 70684 INFO tempest.lib.common.rest_client [req-52fe7392-80f9-492c-a0a2-01c69a9b5d51 req-52fe7392-80f9-492c-a0a2-01c69a9b5d51 ] Request (ServersAdminNegativeTestJSON:tearDownClass): 200 GET http://10.180.1.21/compute/v2.1/servers/a5bcecec-cc2a-4bfd-9d3b-1a1e1fdaaf33 0.201s
2025-04-03 09:40:36.251 70700 INFO tempest.lib.common.rest_client [req-f8c3be49-ff9c-4da0-bda0-3a65de9e4d28 req-f8c3be49-ff9c-4da0-bda0-3a65de9e4d28 ] Request (ServersTestJSON:test_create_server_specify_multibyte_character_name): 200 GET http://10.180.1.21/compute/v2.1/servers/ed288ade-cd87-4826-a363-b938d9a28122 0.200s
2025-04-03 09:40:36.317 70658 INFO tempest.lib.common.rest_client [req-fa00f84f-793e-480a-b447-fd890f4533b0 req-fa00f84f-793e-480a-b447-fd890f4533b0 ] Request (ServersAaction247Test:tearDownClass): 200 GET http://10.180.1.21/compute/v2.1/servers/8c4ee39b-d092-478a-948d-767abdcb125c 0.199s
2025-04-03 09:40:36.323 70648 INFO tempest.lib.common.rest_client [req-11601d65-b86f-4f8e-a86b-924c026b4111 req-11601d65-b86f-4f8e-a86b-924c026b4111 ] Request (MigrationsAdminTest:test_resize_server_revert_deleted_flavor): 200 GET http://10.180.1.21/compute/v2.1/servers/5e75c073-fe40-43ea-8df9-242f5cf1fa20 0.216s
2025-04-03 09:40:36.371 70662 INFO tempest.lib.common.rest_client [req-b19683e4-4e3b-4361-956d-043ee97ef7a8 req-b19683e4-4e3b-4361-956d-043ee97ef7a8 ] Request (SecurityGroupsTestJSON:test_list_security_groups_by_server): 200 GET http://10.180.1.21/compute/v2.1/servers/7d514a3b-75a1-4844-85aa-d65a0697d48b 0.199s
2025-04-03 09:40:36.379 70662 INFO tempest.common.waiters [-] State transition "BUILD/None" ==> "BUILD/networking" after 37 second wait
2025-04-03 09:40:36.380 70676 INFO tempest.lib.common.rest_client [req-8ec82914-c0aa-41cc-9058-437c60d9f69a req-8ec82914-c0aa-41cc-9058-437c60d9f69a ] Request (ServerExternalEventsTest:tearDownClass): 200 GET http://10.180.1.21/compute/v2.1/servers/41b57770-ec44-4eec-bd28-d262d7d06d19 0.203s
2025-04-03 09:40:36.425 70656 INFO tempest.lib.common.rest_client [req-6ba4af4e-ad4e-4b23-ae1d-1e4f17afdfc0 req-6ba4af4e-ad4e-4b23-ae1d-1e4f17afdfc0 ] Request (VolumesAdminNegativeTest:test_update_attached_volume_with_nonexistent_volume_in_body): 200 GET http://10.180.1.21/compute/v2.1/servers/4dab8cfe-d63d-402e-8a02-b0370fb8ccda 0.215s
2025-04-03 09:40:36.537 70698 INFO tempest.lib.common.rest_client [req-09e31e15-e9da-4c62-824a-7bdb94c4bc65 req-09e31e15-e9da-4c62-824a-7bdb94c4bc65 ] Request (ServerDiskConfigTestJSON:test_rebuild_server_with_manual_disk_config): 200 GET http://10.180.1.21/compute/v2.1/servers/1511e28f-9e34-4f8d-800b-30a5f13b441f 0.238s
2025-04-03 09:40:36.596 70694 INFO tempest.lib.common.rest_client [req-f5c5546d-7142-4a19-9742-135b187045dc req-f5c5546d-7142-4a19-9742-135b187045dc ] Request (InstanceActionsTestJSON:test_list_instance_actions): 200 GET http://10.180.1.21/compute/v2.1/servers/219a506b-bd5d-4219-93a7-d3ae5a3cd1dd 0.292s
2025-04-03 09:40:36.606 70674 INFO tempest.lib.common.rest_client [req-47bee22b-d53d-458b-a6ca-369c462d66af req-47bee22b-d53d-458b-a6ca-369c462d66af ] Request (ServersAdminTestJSON:setUpClass): 200 GET http://10.180.1.21/compute/v2.1/servers/a66efa57-ec03-4033-a7ce-11a1718c7400 0.251s
2025-04-03 09:40:36.635 70654 WARNING tempest.lib.common.ssh [-] Failed to establish authenticated ssh connection to cirros@10.180.180.222 ([Errno None] Unable to connect to port 22 on 10.180.180.222). Number attempts: 7. Retry after 8 seconds.: paramiko.ssh_exception.NoValidConnectionsError: [Errno None] Unable to connect to port 22 on 10.180.180.222
2025-04-03 09:40:36.662 70678 INFO tempest.lib.common.rest_client [req-5eae388d-8caf-45de-b544-02cd8221d7cb req-5eae388d-8caf-45de-b544-02cd8221d7cb ] Request (FloatingIPsAssociationTestJSON:tearDownClass): 200 GET http://10.180.1.21/compute/v2.1/servers/a77f31c2-0c08-449e-8a0b-70e36098af05 0.263s
2025-04-03 09:40:36.676 70644 INFO tempest.lib.common.rest_client [req-974b1880-5b8e-4ab6-9648-2906668da93b req-974b1880-5b8e-4ab6-9648-2906668da93b ] Request (ServerPasswordTestJSON:setUpClass): 200 GET http://10.180.1.21/compute/v2.1/servers/417e9a6f-71dd-4b8d-a920-a31d71ec7778 0.261s
2025-04-03 09:40:36.743 70691 INFO tempest.lib.common.rest_client [req-603417cb-6f4b-498d-bf62-c2474ee28dbd req-603417cb-6f4b-498d-bf62-c2474ee28dbd ] Request (ServerRescueTestJSONUnderV235:tearDownClass): 200 GET http://10.180.1.21/compute/v2.1/servers/1d5c5e03-5ab9-42dc-8c58-4e0932e0f24f 0.196s
2025-04-03 09:40:36.753 70670 INFO tempest.lib.common.rest_client [req-e8870627-8f9d-4bdd-bffd-c1e5a143c9fc req-e8870627-8f9d-4bdd-bffd-c1e5a143c9fc ] Request (ServerActionsV293TestJSON:setUpClass): 200 GET http://10.180.1.21/compute/v2.1/servers/3632ba87-541c-4505-88a9-926cf76bb012 0.186s
2025-04-03 09:40:36.818 70664 INFO tempest.lib.common.rest_client [req-c77b66b1-724d-4398-8bc3-be09c34c4344 req-c77b66b1-724d-4398-8bc3-be09c34c4344 ] Request (ServersAdmin275Test:tearDownClass): 200 GET http://10.180.1.21/compute/v2.1/servers/022c8901-8139-475f-bf6d-cb01fe98aef7 0.181s
2025-04-03 09:40:36.831 70652 INFO tempest.lib.common.rest_client [req-88fa938e-10d3-459e-8941-f6e0e9a83164 req-88fa938e-10d3-459e-8941-f6e0e9a83164 ] Request (ServerDiagnosticsV248Test:tearDownClass): 200 GET http://10.180.1.21/compute/v2.1/servers/873e4030-aa77-4072-a77c-dc775ed079e1 0.139s
2025-04-03 09:40:36.890 70686 INFO tempest.lib.common.rest_client [req-33cb007d-edc8-4497-abc4-58d9062f5a32 req-33cb007d-edc8-4497-abc4-58d9062f5a32 ] Request (AttachVolumeNegativeTest:test_attach_attached_volume_to_different_server): 200 GET http://10.180.1.21/compute/v2.1/servers/cde4f453-1a5a-4b73-8372-e4677e09d412 0.062s
2025-04-03 09:40:36.892 70650 INFO tempest.lib.common.rest_client [req-70af1e46-5e4b-4730-bfeb-f6078ab8be17 req-70af1e46-5e4b-4730-bfeb-f6078ab8be17 ] Request (DeleteServersAdminTestJSON:test_delete_server_while_in_error_state): 200 GET http://10.180.1.21/compute/v2.1/servers/6cfb4ee7-a7d8-4e2f-91c6-0f515535a17a 0.191s
2025-04-03 09:40:36.973 70666 INFO tempest.lib.common.rest_client [req-7a5ef97b-ed6b-4a3a-84e5-f4dac56033f4 req-7a5ef97b-ed6b-4a3a-84e5-f4dac56033f4 ] Request (ImagesTestJSON:test_create_image_from_stopped_server): 200 GET http://10.180.1.21/compute/v2.1/images/9cc3cc0a-1832-4d2a-bea1-6cc3821c41cc 0.051s
2025-04-03 09:40:36.998 70640 INFO tempest.lib.common.rest_client [req-a8b0d691-d432-4b41-a62b-c9e98031d960 req-a8b0d691-d432-4b41-a62b-c9e98031d960 ] Request (ImagesOneServerNegativeTestJSON:_run_cleanups): 200 GET http://10.180.1.21/compute/v2.1/servers/9c9dbe1d-9cea-4413-90cf-f5dd87afa6a6 0.074s
2025-04-03 09:40:37.368 70684 INFO tempest.lib.common.rest_client [req-2a7f6db2-76c1-46f1-874e-d71a41c91267 req-2a7f6db2-76c1-46f1-874e-d71a41c91267 ] Request (ServersAdminNegativeTestJSON:tearDownClass): 200 GET http://10.180.1.21/compute/v2.1/servers/a5bcecec-cc2a-4bfd-9d3b-1a1e1fdaaf33 0.106s
2025-04-03 09:40:37.429 70658 INFO tempest.lib.common.rest_client [req-877fedb5-c6d4-4b96-912f-ce145108bf8a req-877fedb5-c6d4-4b96-912f-ce145108bf8a ] Request (ServersAaction247Test:tearDownClass): 200 GET http://10.180.1.21/compute/v2.1/servers/8c4ee39b-d092-478a-948d-767abdcb125c 0.102s
2025-04-03 09:40:37.477 70700 INFO tempest.lib.common.rest_client [req-d5e28107-6611-4578-bd59-50540feeedb6 req-d5e28107-6611-4578-bd59-50540feeedb6 ] Request (ServersTestJSON:test_create_server_specify_multibyte_character_name): 200 GET http://10.180.1.21/compute/v2.1/servers/ed288ade-cd87-4826-a363-b938d9a28122 0.218s
2025-04-03 09:40:37.506 70648 INFO tempest.lib.common.rest_client [req-c7c6cc6d-23d6-4854-8b4c-69715841c613 req-c7c6cc6d-23d6-4854-8b4c-69715841c613 ] Request (MigrationsAdminTest:test_resize_server_revert_deleted_flavor): 200 GET http://10.180.1.21/compute/v2.1/servers/5e75c073-fe40-43ea-8df9-242f5cf1fa20 0.175s
2025-04-03 09:40:37.591 70676 INFO tempest.lib.common.rest_client [req-340bb673-7919-4538-8c4b-2cfdce496680 req-340bb673-7919-4538-8c4b-2cfdce496680 ] Request (ServerExternalEventsTest:tearDownClass): 200 GET http://10.180.1.21/compute/v2.1/servers/41b57770-ec44-4eec-bd28-d262d7d06d19 0.202s
2025-04-03 09:40:37.616 70662 INFO tempest.lib.common.rest_client [req-4ed0c3f8-d84f-4643-9b0c-0edf66c80689 req-4ed0c3f8-d84f-4643-9b0c-0edf66c80689 ] Request (SecurityGroupsTestJSON:test_list_security_groups_by_server): 200 GET http://10.180.1.21/compute/v2.1/servers/7d514a3b-75a1-4844-85aa-d65a0697d48b 0.235s
2025-04-03 09:40:37.623 70662 INFO tempest.common.waiters [-] State transition "BUILD/networking" ==> "BUILD/block_device_mapping" after 38 second wait
2025-04-03 09:40:37.643 70656 INFO tempest.lib.common.rest_client [req-fb4ca558-e6ee-465e-88f1-33ebde581877 req-fb4ca558-e6ee-465e-88f1-33ebde581877 ] Request (VolumesAdminNegativeTest:test_update_attached_volume_with_nonexistent_volume_in_body): 200 GET http://10.180.1.21/compute/v2.1/servers/4dab8cfe-d63d-402e-8a02-b0370fb8ccda 0.209s
2025-04-03 09:40:38.017 70694 INFO tempest.lib.common.rest_client [req-c42a0723-2ff6-4a79-90b1-6459609ace20 req-c42a0723-2ff6-4a79-90b1-6459609ace20 ] Request (InstanceActionsTestJSON:test_list_instance_actions): 200 GET http://10.180.1.21/compute/v2.1/servers/219a506b-bd5d-4219-93a7-d3ae5a3cd1dd 0.412s
2025-04-03 09:40:38.055 70698 INFO tempest.lib.common.rest_client [req-12388639-7de8-4a27-a16d-2ea49e316af8 req-12388639-7de8-4a27-a16d-2ea49e316af8 ] Request (ServerDiskConfigTestJSON:test_rebuild_server_with_manual_disk_config): 200 GET http://10.180.1.21/compute/v2.1/servers/1511e28f-9e34-4f8d-800b-30a5f13b441f 0.510s
2025-04-03 09:40:38.069 70698 INFO tempest.common.waiters [-] State transition "REBUILD/rebuilding" ==> "REBUILD/rebuild_block_device_mapping" after 3 second wait
2025-04-03 09:40:38.078 70674 INFO tempest.lib.common.rest_client [req-396d04cd-7306-4669-9c7a-3057a24de344 req-396d04cd-7306-4669-9c7a-3057a24de344 ] Request (ServersAdminTestJSON:setUpClass): 200 GET http://10.180.1.21/compute/v2.1/servers/a66efa57-ec03-4033-a7ce-11a1718c7400 0.461s
2025-04-03 09:40:38.127 70678 INFO tempest.lib.common.rest_client [req-2d17d6dd-c0d1-40e7-b515-f06b04421642 req-2d17d6dd-c0d1-40e7-b515-f06b04421642 ] Request (FloatingIPsAssociationTestJSON:tearDownClass): 200 GET http://10.180.1.21/compute/v2.1/servers/a77f31c2-0c08-449e-8a0b-70e36098af05 0.455s
2025-04-03 09:40:38.137 70644 INFO tempest.lib.common.rest_client [req-5de57005-bd02-4883-af5a-ffc55680e9b1 req-5de57005-bd02-4883-af5a-ffc55680e9b1 ] Request (ServerPasswordTestJSON:setUpClass): 200 GET http://10.180.1.21/compute/v2.1/servers/417e9a6f-71dd-4b8d-a920-a31d71ec7778 0.453s
2025-04-03 09:40:38.189 70691 INFO tempest.lib.common.rest_client [req-3c3c646a-9a18-438d-908a-775a4991dada req-3c3c646a-9a18-438d-908a-775a4991dada ] Request (ServerRescueTestJSONUnderV235:tearDownClass): 200 GET http://10.180.1.21/compute/v2.1/servers/1d5c5e03-5ab9-42dc-8c58-4e0932e0f24f 0.437s
2025-04-03 09:40:38.216 70670 INFO tempest.lib.common.rest_client [req-f2cdc195-3385-446f-9197-c69efc64d221 req-f2cdc195-3385-446f-9197-c69efc64d221 ] Request (ServerActionsV293TestJSON:setUpClass): 200 GET http://10.180.1.21/compute/v2.1/servers/3632ba87-541c-4505-88a9-926cf76bb012 0.447s
2025-04-03 09:40:38.253 70664 INFO tempest.lib.common.rest_client [req-8aae52de-b7f7-4150-b326-08f6bc170976 req-8aae52de-b7f7-4150-b326-08f6bc170976 ] Request (ServersAdmin275Test:tearDownClass): 200 GET http://10.180.1.21/compute/v2.1/servers/022c8901-8139-475f-bf6d-cb01fe98aef7 0.424s
2025-04-03 09:40:38.276 70652 INFO tempest.lib.common.rest_client [req-33b0a878-a13d-43ac-8315-65892fbf24e4 req-33b0a878-a13d-43ac-8315-65892fbf24e4 ] Request (ServerDiagnosticsV248Test:tearDownClass): 200 GET http://10.180.1.21/compute/v2.1/servers/873e4030-aa77-4072-a77c-dc775ed079e1 0.434s
2025-04-03 09:40:38.308 70650 INFO tempest.lib.common.rest_client [req-a4bce49a-ffd6-42a8-8924-5b0c7c6e8a45 req-a4bce49a-ffd6-42a8-8924-5b0c7c6e8a45 ] Request (DeleteServersAdminTestJSON:test_delete_server_while_in_error_state): 200 GET http://10.180.1.21/compute/v2.1/servers/6cfb4ee7-a7d8-4e2f-91c6-0f515535a17a 0.408s
2025-04-03 09:40:38.322 70686 INFO tempest.lib.common.rest_client [req-e70c31aa-b6dd-4213-bdb4-2823c63a28bf req-e70c31aa-b6dd-4213-bdb4-2823c63a28bf ] Request (AttachVolumeNegativeTest:test_attach_attached_volume_to_different_server): 200 GET http://10.180.1.21/compute/v2.1/servers/cde4f453-1a5a-4b73-8372-e4677e09d412 0.421s
2025-04-03 09:40:38.344 70666 INFO tempest.lib.common.rest_client [req-f41a4e3d-64ca-4ce6-87a4-b65bfa8ef341 req-f41a4e3d-64ca-4ce6-87a4-b65bfa8ef341 ] Request (ImagesTestJSON:test_create_image_from_stopped_server): 200 GET http://10.180.1.21/compute/v2.1/images/9cc3cc0a-1832-4d2a-bea1-6cc3821c41cc 0.363s
2025-04-03 09:40:38.372 70640 INFO tempest.lib.common.rest_client [req-0e2f640d-a692-4321-9fca-2cdd27e49d48 req-0e2f640d-a692-4321-9fca-2cdd27e49d48 ] Request (ImagesOneServerNegativeTestJSON:_run_cleanups): 200 GET http://10.180.1.21/compute/v2.1/servers/9c9dbe1d-9cea-4413-90cf-f5dd87afa6a6 0.365s
2025-04-03 09:40:38.439 70684 INFO tempest.lib.common.rest_client [req-5989c174-44ac-45f1-8f8f-a967868571cd req-5989c174-44ac-45f1-8f8f-a967868571cd ] Request (ServersAdminNegativeTestJSON:tearDownClass): 200 GET http://10.180.1.21/compute/v2.1/servers/a5bcecec-cc2a-4bfd-9d3b-1a1e1fdaaf33 0.063s
2025-04-03 09:40:38.446 70684 INFO tempest.common.waiters [-] State transition "ACTIVE/deleting" ==> "DELETED/None" after 3 second wait
2025-04-03 09:40:38.499 70658 INFO tempest.lib.common.rest_client [req-2ba189bd-a4fb-49aa-9b84-abad58028923 req-2ba189bd-a4fb-49aa-9b84-abad58028923 ] Request (ServersAaction247Test:tearDownClass): 200 GET http://10.180.1.21/compute/v2.1/servers/8c4ee39b-d092-478a-948d-767abdcb125c 0.049s
2025-04-03 09:40:38.565 70648 INFO tempest.lib.common.rest_client [req-60d2a22f-7d01-452b-9b75-a51628ed104e req-60d2a22f-7d01-452b-9b75-a51628ed104e ] Request (MigrationsAdminTest:test_resize_server_revert_deleted_flavor): 200 GET http://10.180.1.21/compute/v2.1/servers/5e75c073-fe40-43ea-8df9-242f5cf1fa20 0.051s
2025-04-03 09:40:38.633 70700 INFO tempest.lib.common.rest_client [req-e4e1f67d-a897-40dc-9ac7-63eb95d2b1ae req-e4e1f67d-a897-40dc-9ac7-63eb95d2b1ae ] Request (ServersTestJSON:test_create_server_specify_multibyte_character_name): 200 GET http://10.180.1.21/compute/v2.1/servers/ed288ade-cd87-4826-a363-b938d9a28122 0.148s
2025-04-03 09:40:38.657 70676 INFO tempest.lib.common.rest_client [req-f6a4575f-0c15-4659-8760-28bfc688ee39 req-f6a4575f-0c15-4659-8760-28bfc688ee39 ] Request (ServerExternalEventsTest:tearDownClass): 200 GET http://10.180.1.21/compute/v2.1/servers/41b57770-ec44-4eec-bd28-d262d7d06d19 0.058s
2025-04-03 09:40:38.703 70656 INFO tempest.lib.common.rest_client [req-089167cd-25e3-4abf-873c-2eb6fd8bad16 req-089167cd-25e3-4abf-873c-2eb6fd8bad16 ] Request (VolumesAdminNegativeTest:test_update_attached_volume_with_nonexistent_volume_in_body): 200 GET http://10.180.1.21/compute/v2.1/servers/4dab8cfe-d63d-402e-8a02-b0370fb8ccda 0.052s
2025-04-03 09:40:38.736 70662 INFO tempest.lib.common.rest_client [req-f2fa37fd-4d51-4702-b373-730a2ce376a8 req-f2fa37fd-4d51-4702-b373-730a2ce376a8 ] Request (SecurityGroupsTestJSON:test_list_security_groups_by_server): 200 GET http://10.180.1.21/compute/v2.1/servers/7d514a3b-75a1-4844-85aa-d65a0697d48b 0.112s
2025-04-03 09:40:38.743 70662 INFO tempest.common.waiters [-] State transition "BUILD/block_device_mapping" ==> "BUILD/spawning" after 39 second wait
2025-04-03 09:40:39.206 70698 INFO tempest.lib.common.rest_client [req-ff8e8470-2482-4e92-b2be-36e24466e022 req-ff8e8470-2482-4e92-b2be-36e24466e022 ] Request (ServerDiskConfigTestJSON:test_rebuild_server_with_manual_disk_config): 200 GET http://10.180.1.21/compute/v2.1/servers/1511e28f-9e34-4f8d-800b-30a5f13b441f 0.135s
2025-04-03 09:40:39.213 70698 INFO tempest.common.waiters [-] State transition "REBUILD/rebuild_block_device_mapping" ==> "REBUILD/rebuild_spawning" after 4 second wait
2025-04-03 09:40:39.259 70674 INFO tempest.lib.common.rest_client [req-93175fdc-84cf-4840-90b8-55e02318d100 req-93175fdc-84cf-4840-90b8-55e02318d100 ] Request (ServersAdminTestJSON:setUpClass): 200 GET http://10.180.1.21/compute/v2.1/servers/a66efa57-ec03-4033-a7ce-11a1718c7400 0.170s
2025-04-03 09:40:39.263 70694 INFO tempest.lib.common.rest_client [req-3dca66cb-78c5-4410-8ce3-a829b17850bc req-3dca66cb-78c5-4410-8ce3-a829b17850bc ] Request (InstanceActionsTestJSON:test_list_instance_actions): 200 GET http://10.180.1.21/compute/v2.1/servers/219a506b-bd5d-4219-93a7-d3ae5a3cd1dd 0.233s
2025-04-03 09:40:39.270 70694 INFO tempest.common.waiters [-] State transition "HARD_REBOOT/rebooting_hard" ==> "HARD_REBOOT/reboot_started_hard" after 4 second wait
2025-04-03 09:40:39.322 70644 INFO tempest.lib.common.rest_client [req-7e3af7d3-291d-48f5-96f2-64cdb4ce7093 req-7e3af7d3-291d-48f5-96f2-64cdb4ce7093 ] Request (ServerPasswordTestJSON:setUpClass): 200 GET http://10.180.1.21/compute/v2.1/servers/417e9a6f-71dd-4b8d-a920-a31d71ec7778 0.177s
2025-04-03 09:40:39.323 70678 INFO tempest.lib.common.rest_client [req-abf565ad-d8a8-48e0-b416-e66e575dd836 req-abf565ad-d8a8-48e0-b416-e66e575dd836 ] Request (FloatingIPsAssociationTestJSON:tearDownClass): 200 GET http://10.180.1.21/compute/v2.1/servers/a77f31c2-0c08-449e-8a0b-70e36098af05 0.188s
2025-04-03 09:40:39.393 70670 INFO tempest.lib.common.rest_client [req-be8fdbc0-383a-4446-9be0-7cf3a4933be3 req-be8fdbc0-383a-4446-9be0-7cf3a4933be3 ] Request (ServerActionsV293TestJSON:setUpClass): 200 GET http://10.180.1.21/compute/v2.1/servers/3632ba87-541c-4505-88a9-926cf76bb012 0.164s
2025-04-03 09:40:39.400 70691 INFO tempest.lib.common.rest_client [req-223f10cd-e3db-487e-a6ce-05945f6d64d1 req-223f10cd-e3db-487e-a6ce-05945f6d64d1 ] Request (ServerRescueTestJSONUnderV235:tearDownClass): 200 GET http://10.180.1.21/compute/v2.1/servers/1d5c5e03-5ab9-42dc-8c58-4e0932e0f24f 0.203s
2025-04-03 09:40:39.464 70652 INFO tempest.lib.common.rest_client [req-4644acf3-482f-432a-bac5-4506b43eb30f req-4644acf3-482f-432a-bac5-4506b43eb30f ] Request (ServerDiagnosticsV248Test:tearDownClass): 200 GET http://10.180.1.21/compute/v2.1/servers/873e4030-aa77-4072-a77c-dc775ed079e1 0.178s
2025-04-03 09:40:39.470 70664 INFO tempest.lib.common.rest_client [req-3941a9e0-543d-40d4-b2a8-7b563bd50846 req-3941a9e0-543d-40d4-b2a8-7b563bd50846 ] Request (ServersAdmin275Test:tearDownClass): 200 GET http://10.180.1.21/compute/v2.1/servers/022c8901-8139-475f-bf6d-cb01fe98aef7 0.204s
2025-04-03 09:40:39.514 70660 WARNING tempest.lib.common.ssh [-] Failed to establish authenticated ssh connection to cirros@10.180.180.215 ([Errno None] Unable to connect to port 22 on 10.180.180.215). Number attempts: 5. Retry after 6 seconds.: paramiko.ssh_exception.NoValidConnectionsError: [Errno None] Unable to connect to port 22 on 10.180.180.215
2025-04-03 09:40:39.519 70650 INFO tempest.lib.common.rest_client [req-ef8916c5-dbac-4f22-bdfc-5193eaa70389 req-ef8916c5-dbac-4f22-bdfc-5193eaa70389 ] Request (DeleteServersAdminTestJSON:test_delete_server_while_in_error_state): 200 GET http://10.180.1.21/compute/v2.1/servers/6cfb4ee7-a7d8-4e2f-91c6-0f515535a17a 0.203s
2025-04-03 09:40:39.547 70686 INFO tempest.lib.common.rest_client [req-d1b68109-2c1a-4eb9-bbc5-8e9b8f4ebc73 req-d1b68109-2c1a-4eb9-bbc5-8e9b8f4ebc73 ] Request (AttachVolumeNegativeTest:test_attach_attached_volume_to_different_server): 200 GET http://10.180.1.21/compute/v2.1/servers/cde4f453-1a5a-4b73-8372-e4677e09d412 0.217s
2025-04-03 09:40:39.553 70666 INFO tempest.lib.common.rest_client [req-be778b95-5d53-4d0e-8594-4cb007594f45 req-be778b95-5d53-4d0e-8594-4cb007594f45 ] Request (ImagesTestJSON:test_create_image_from_stopped_server): 200 GET http://10.180.1.21/compute/v2.1/images/9cc3cc0a-1832-4d2a-bea1-6cc3821c41cc 0.204s
2025-04-03 09:40:39.590 70640 INFO tempest.lib.common.rest_client [req-7ad7c373-f0b5-4a96-ad0f-0193c8454f40 req-7ad7c373-f0b5-4a96-ad0f-0193c8454f40 ] Request (ImagesOneServerNegativeTestJSON:_run_cleanups): 200 GET http://10.180.1.21/compute/v2.1/servers/9c9dbe1d-9cea-4413-90cf-f5dd87afa6a6 0.209s
2025-04-03 09:40:39.602 70684 INFO tempest.lib.common.rest_client [req-bb85c800-0063-40ca-9958-624895b380c8 req-bb85c800-0063-40ca-9958-624895b380c8 ] Request (ServersAdminNegativeTestJSON:tearDownClass): 200 GET http://10.180.1.21/compute/v2.1/servers/a5bcecec-cc2a-4bfd-9d3b-1a1e1fdaaf33 0.155s
2025-04-03 09:40:39.651 70658 INFO tempest.lib.common.rest_client [req-6e71d7c5-eeac-430a-927d-ce363dd533fa req-6e71d7c5-eeac-430a-927d-ce363dd533fa ] Request (ServersAaction247Test:tearDownClass): 200 GET http://10.180.1.21/compute/v2.1/servers/8c4ee39b-d092-478a-948d-767abdcb125c 0.142s
2025-04-03 09:40:39.656 70648 INFO tempest.lib.common.rest_client [req-eec6ddc2-24c9-498f-a130-8eb0377323ce req-eec6ddc2-24c9-498f-a130-8eb0377323ce ] Request (MigrationsAdminTest:test_resize_server_revert_deleted_flavor): 200 GET http://10.180.1.21/compute/v2.1/servers/5e75c073-fe40-43ea-8df9-242f5cf1fa20 0.082s
2025-04-03 09:40:39.661 70658 INFO tempest.common.waiters [-] State transition "ACTIVE/deleting" ==> "DELETED/None" after 4 second wait
2025-04-03 09:40:39.685 70642 WARNING tempest.lib.common.ssh [-] Failed to establish authenticated ssh connection to cirros@10.180.180.137 ([Errno None] Unable to connect to port 22 on 10.180.180.137). Number attempts: 9. Retry after 10 seconds.: paramiko.ssh_exception.NoValidConnectionsError: [Errno None] Unable to connect to port 22 on 10.180.180.137
2025-04-03 09:40:39.734 70676 INFO tempest.lib.common.rest_client [req-da5beac8-9c8e-486e-b619-bdc8a2efef0a req-da5beac8-9c8e-486e-b619-bdc8a2efef0a ] Request (ServerExternalEventsTest:tearDownClass): 200 GET http://10.180.1.21/compute/v2.1/servers/41b57770-ec44-4eec-bd28-d262d7d06d19 0.069s
2025-04-03 09:40:39.746 70700 INFO tempest.lib.common.rest_client [req-d39b740b-17d3-49fe-8a93-fff09fd60ac2 req-d39b740b-17d3-49fe-8a93-fff09fd60ac2 ] Request (ServersTestJSON:test_create_server_specify_multibyte_character_name): 200 GET http://10.180.1.21/compute/v2.1/servers/ed288ade-cd87-4826-a363-b938d9a28122 0.103s
2025-04-03 09:40:39.786 70656 INFO tempest.lib.common.rest_client [req-2034ba78-fc7f-484e-9348-9b3670c07ad8 req-2034ba78-fc7f-484e-9348-9b3670c07ad8 ] Request (VolumesAdminNegativeTest:test_update_attached_volume_with_nonexistent_volume_in_body): 200 GET http://10.180.1.21/compute/v2.1/servers/4dab8cfe-d63d-402e-8a02-b0370fb8ccda 0.072s
2025-04-03 09:40:39.837 70662 INFO tempest.lib.common.rest_client [req-6ebb178e-d97f-49d3-8adb-88e22db6c285 req-6ebb178e-d97f-49d3-8adb-88e22db6c285 ] Request (SecurityGroupsTestJSON:test_list_security_groups_by_server): 200 GET http://10.180.1.21/compute/v2.1/servers/7d514a3b-75a1-4844-85aa-d65a0697d48b 0.093s
2025-04-03 09:40:40.069 70692 WARNING tempest.lib.common.ssh [-] Failed to establish authenticated ssh connection to cirros@10.180.180.245 ([Errno None] Unable to connect to port 22 on 10.180.180.245). Number attempts: 9. Retry after 10 seconds.: paramiko.ssh_exception.NoValidConnectionsError: [Errno None] Unable to connect to port 22 on 10.180.180.245
2025-04-03 09:40:40.330 70674 INFO tempest.lib.common.rest_client [req-b2081c24-323e-4432-b324-8653ba0a2826 req-b2081c24-323e-4432-b324-8653ba0a2826 ] Request (ServersAdminTestJSON:setUpClass): 200 GET http://10.180.1.21/compute/v2.1/servers/a66efa57-ec03-4033-a7ce-11a1718c7400 0.063s
2025-04-03 09:40:40.452 70694 INFO tempest.lib.common.rest_client [req-d688536b-d93e-4b29-a609-3845a1fc4463 req-d688536b-d93e-4b29-a609-3845a1fc4463 ] Request (InstanceActionsTestJSON:test_list_instance_actions): 200 GET http://10.180.1.21/compute/v2.1/servers/219a506b-bd5d-4219-93a7-d3ae5a3cd1dd 0.181s
2025-04-03 09:40:40.454 70698 INFO tempest.lib.common.rest_client [req-14e9a68c-e3d5-4239-b28c-9fd1f6e8e3b9 req-14e9a68c-e3d5-4239-b28c-9fd1f6e8e3b9 ] Request (ServerDiskConfigTestJSON:test_rebuild_server_with_manual_disk_config): 200 GET http://10.180.1.21/compute/v2.1/servers/1511e28f-9e34-4f8d-800b-30a5f13b441f 0.240s
2025-04-03 09:40:40.460 70694 INFO tempest.common.waiters [-] State transition "HARD_REBOOT/reboot_started_hard" ==> "ACTIVE/None" after 5 second wait
2025-04-03 09:40:40.499 70644 INFO tempest.lib.common.rest_client [req-0b043798-501d-4953-8fec-fc2acfe42b9d req-0b043798-501d-4953-8fec-fc2acfe42b9d ] Request (ServerPasswordTestJSON:setUpClass): 200 GET http://10.180.1.21/compute/v2.1/servers/417e9a6f-71dd-4b8d-a920-a31d71ec7778 0.168s
2025-04-03 09:40:40.519 70678 INFO tempest.lib.common.rest_client [req-ef84173f-4577-4d7e-af85-1500eb615828 req-ef84173f-4577-4d7e-af85-1500eb615828 ] Request (FloatingIPsAssociationTestJSON:tearDownClass): 200 GET http://10.180.1.21/compute/v2.1/servers/a77f31c2-0c08-449e-8a0b-70e36098af05 0.186s
2025-04-03 09:40:40.566 70670 INFO tempest.lib.common.rest_client [req-8a3cf9eb-374b-44de-b5a2-2adb193fe7f5 req-8a3cf9eb-374b-44de-b5a2-2adb193fe7f5 ] Request (ServerActionsV293TestJSON:setUpClass): 200 GET http://10.180.1.21/compute/v2.1/servers/3632ba87-541c-4505-88a9-926cf76bb012 0.149s
2025-04-03 09:40:40.591 70691 INFO tempest.lib.common.rest_client [req-6327545a-a2bd-4c89-8ed8-19decc90361b req-6327545a-a2bd-4c89-8ed8-19decc90361b ] Request (ServerRescueTestJSONUnderV235:tearDownClass): 200 GET http://10.180.1.21/compute/v2.1/servers/1d5c5e03-5ab9-42dc-8c58-4e0932e0f24f 0.176s
2025-04-03 09:40:40.596 70694 INFO tempest.lib.common.rest_client [req-1d13d92a-a0a9-4d1e-8539-4941c797e4f5 req-1d13d92a-a0a9-4d1e-8539-4941c797e4f5 ] Request (InstanceActionsTestJSON:test_list_instance_actions): 200 GET http://10.180.1.21/compute/v2.1/servers/219a506b-bd5d-4219-93a7-d3ae5a3cd1dd/os-instance-actions 0.136s
2025-04-03 09:40:40.662 70652 INFO tempest.lib.common.rest_client [req-c579dff2-97bf-4cbf-8f7e-b04052045693 req-c579dff2-97bf-4cbf-8f7e-b04052045693 ] Request (ServerDiagnosticsV248Test:tearDownClass): 200 GET http://10.180.1.21/compute/v2.1/servers/873e4030-aa77-4072-a77c-dc775ed079e1 0.188s
2025-04-03 09:40:40.677 70664 INFO tempest.lib.common.rest_client [req-b3fc04a8-7359-40cf-881d-824b59ce1a9f req-b3fc04a8-7359-40cf-881d-824b59ce1a9f ] Request (ServersAdmin275Test:tearDownClass): 200 GET http://10.180.1.21/compute/v2.1/servers/022c8901-8139-475f-bf6d-cb01fe98aef7 0.195s
2025-04-03 09:40:40.721 70650 INFO tempest.lib.common.rest_client [req-fec08e50-b9a5-4ccd-9ac0-3b87276d338b req-fec08e50-b9a5-4ccd-9ac0-3b87276d338b ] Request (DeleteServersAdminTestJSON:test_delete_server_while_in_error_state): 200 GET http://10.180.1.21/compute/v2.1/servers/6cfb4ee7-a7d8-4e2f-91c6-0f515535a17a 0.195s
2025-04-03 09:40:40.737 70686 INFO tempest.lib.common.rest_client [req-27933d7e-e881-4660-8893-2d251ed79f73 req-27933d7e-e881-4660-8893-2d251ed79f73 ] Request (AttachVolumeNegativeTest:test_attach_attached_volume_to_different_server): 200 GET http://10.180.1.21/compute/v2.1/servers/cde4f453-1a5a-4b73-8372-e4677e09d412 0.182s
2025-04-03 09:40:40.780 70666 INFO tempest.lib.common.rest_client [req-85cff411-6902-4251-b04c-a0bdedcf1baa req-85cff411-6902-4251-b04c-a0bdedcf1baa ] Request (ImagesTestJSON:test_create_image_from_stopped_server): 200 GET http://10.180.1.21/compute/v2.1/images/9cc3cc0a-1832-4d2a-bea1-6cc3821c41cc 0.223s
2025-04-03 09:40:40.802 70640 INFO tempest.lib.common.rest_client [req-7373f312-4bd2-47d8-9ad4-fab815934977 req-7373f312-4bd2-47d8-9ad4-fab815934977 ] Request (ImagesOneServerNegativeTestJSON:_run_cleanups): 200 GET http://10.180.1.21/compute/v2.1/servers/9c9dbe1d-9cea-4413-90cf-f5dd87afa6a6 0.205s
2025-04-03 09:40:40.881 70684 INFO tempest.lib.common.rest_client [req-d8530f00-3c47-49f6-a611-cceebfb84d90 req-d8530f00-3c47-49f6-a611-cceebfb84d90 ] Request (ServersAdminNegativeTestJSON:tearDownClass): 200 GET http://10.180.1.21/compute/v2.1/servers/a5bcecec-cc2a-4bfd-9d3b-1a1e1fdaaf33 0.271s
2025-04-03 09:40:40.885 70694 INFO tempest.lib.common.rest_client [req-f0a93778-de46-45a9-9c79-d26808eb7f28 req-f0a93778-de46-45a9-9c79-d26808eb7f28 ] Request (InstanceActionsTestJSON:tearDownClass): 204 DELETE http://10.180.1.21/compute/v2.1/servers/219a506b-bd5d-4219-93a7-d3ae5a3cd1dd 0.287s
2025-04-03 09:40:40.946 70648 INFO tempest.lib.common.rest_client [req-3c3591fd-4226-48f5-a73c-b5f81ed67e93 req-3c3591fd-4226-48f5-a73c-b5f81ed67e93 ] Request (MigrationsAdminTest:test_resize_server_revert_deleted_flavor): 200 GET http://10.180.1.21/compute/v2.1/servers/5e75c073-fe40-43ea-8df9-242f5cf1fa20 0.280s
2025-04-03 09:40:40.958 70658 INFO tempest.lib.common.rest_client [req-e4a0aaba-8403-4231-9f81-f2e1c4f522a3 req-e4a0aaba-8403-4231-9f81-f2e1c4f522a3 ] Request (ServersAaction247Test:tearDownClass): 200 GET http://10.180.1.21/compute/v2.1/servers/8c4ee39b-d092-478a-948d-767abdcb125c 0.297s
2025-04-03 09:40:41.075 70676 INFO tempest.lib.common.rest_client [req-fc7013ec-3a7d-4c94-b3bb-b7f555467bcb req-fc7013ec-3a7d-4c94-b3bb-b7f555467bcb ] Request (ServerExternalEventsTest:tearDownClass): 200 GET http://10.180.1.21/compute/v2.1/servers/41b57770-ec44-4eec-bd28-d262d7d06d19 0.328s
2025-04-03 09:40:41.109 70700 INFO tempest.lib.common.rest_client [req-06467b8f-2559-4f56-953b-5ce9a9fda647 req-06467b8f-2559-4f56-953b-5ce9a9fda647 ] Request (ServersTestJSON:test_create_server_specify_multibyte_character_name): 200 GET http://10.180.1.21/compute/v2.1/servers/ed288ade-cd87-4826-a363-b938d9a28122 0.355s
2025-04-03 09:40:41.138 70656 INFO tempest.lib.common.rest_client [req-5a1e3531-8110-4087-a699-e73bff03019d req-5a1e3531-8110-4087-a699-e73bff03019d ] Request (VolumesAdminNegativeTest:test_update_attached_volume_with_nonexistent_volume_in_body): 200 GET http://10.180.1.21/compute/v2.1/servers/4dab8cfe-d63d-402e-8a02-b0370fb8ccda 0.345s
2025-04-03 09:40:41.181 70688 WARNING tempest.lib.common.ssh [-] Failed to establish authenticated ssh connection to cirros@10.180.180.237 ([Errno None] Unable to connect to port 22 on 10.180.180.237). Number attempts: 7. Retry after 8 seconds.: paramiko.ssh_exception.NoValidConnectionsError: [Errno None] Unable to connect to port 22 on 10.180.180.237
2025-04-03 09:40:41.243 70696 WARNING tempest.lib.common.ssh [-] Failed to establish authenticated ssh connection to cirros@10.180.180.166 ([Errno None] Unable to connect to port 22 on 10.180.180.166). Number attempts: 8. Retry after 9 seconds.: paramiko.ssh_exception.NoValidConnectionsError: [Errno None] Unable to connect to port 22 on 10.180.180.166
2025-04-03 09:40:41.259 70694 INFO tempest.lib.common.rest_client [req-da12a10f-0ba0-4821-bcfa-cada3abe5933 req-da12a10f-0ba0-4821-bcfa-cada3abe5933 ] Request (InstanceActionsTestJSON:tearDownClass): 200 GET http://10.180.1.21/compute/v2.1/servers/219a506b-bd5d-4219-93a7-d3ae5a3cd1dd 0.373s
2025-04-03 09:40:41.261 70662 INFO tempest.lib.common.rest_client [req-795c052a-5912-4257-885c-ce5e1f3d8277 req-795c052a-5912-4257-885c-ce5e1f3d8277 ] Request (SecurityGroupsTestJSON:test_list_security_groups_by_server): 200 GET http://10.180.1.21/compute/v2.1/servers/7d514a3b-75a1-4844-85aa-d65a0697d48b 0.416s
2025-04-03 09:40:41.396 70674 INFO tempest.lib.common.rest_client [req-d0e7ba41-45f0-4e89-8016-46baf2cc0696 req-d0e7ba41-45f0-4e89-8016-46baf2cc0696 ] Request (ServersAdminTestJSON:setUpClass): 200 GET http://10.180.1.21/compute/v2.1/servers/a66efa57-ec03-4033-a7ce-11a1718c7400 0.058s
2025-04-03 09:40:41.576 70644 INFO tempest.lib.common.rest_client [req-f045cc9b-f1b3-4100-ae71-39baff98ef4d req-f045cc9b-f1b3-4100-ae71-39baff98ef4d ] Request (ServerPasswordTestJSON:setUpClass): 200 GET http://10.180.1.21/compute/v2.1/servers/417e9a6f-71dd-4b8d-a920-a31d71ec7778 0.067s
2025-04-03 09:40:41.587 70698 INFO tempest.lib.common.rest_client [req-ce8b6369-0e62-40c8-a5b6-3241498fff19 req-ce8b6369-0e62-40c8-a5b6-3241498fff19 ] Request (ServerDiskConfigTestJSON:test_rebuild_server_with_manual_disk_config): 200 GET http://10.180.1.21/compute/v2.1/servers/1511e28f-9e34-4f8d-800b-30a5f13b441f 0.124s
