2025-04-03 09:40:21.868 70656 INFO tempest.common.waiters [-] State transition "BUILD/scheduling" ==> "BUILD/None" after 14 second wait
2025-04-03 09:40:21.912 70674 INFO tempest.lib.common.rest_client [req-2069a3c5-75cc-4cc9-90c8-d6181a3fd3c6 req-2069a3c5-75cc-4cc9-90c8-d6181a3fd3c6 ] Request (ServersAdminTestJSON:setUpClass): 200 GET http://10.180.1.21/compute/v2.1/servers/a66efa57-ec03-4033-a7ce-11a1718c7400 0.600s
2025-04-03 09:40:21.935 70684 INFO tempest.lib.common.rest_client [req-b6041bdb-643b-4e7b-88f5-ec0b3fe3ed0d req-b6041bdb-643b-4e7b-88f5-ec0b3fe3ed0d ] Request (ServersAdminNegativeTestJSON:tearDownClass): 200 GET http://10.180.1.21/compute/v2.1/servers/9721c9fc-34f0-4bbe-9bb7-3db7081c1ee4 0.637s
2025-04-03 09:40:21.968 70670 INFO tempest.lib.common.rest_client [req-74993a1a-05a4-4e28-94c7-25e07cc1351f req-74993a1a-05a4-4e28-94c7-25e07cc1351f ] Request (ServerActionsV293TestJSON:setUpClass): 200 GET http://10.180.1.21/compute/v2.1/servers/3632ba87-541c-4505-88a9-926cf76bb012 0.612s
2025-04-03 09:40:22.002 70664 INFO tempest.lib.common.rest_client [req-9dc369f4-d824-4077-b381-53fa9aab79cc req-9dc369f4-d824-4077-b381-53fa9aab79cc ] Request (ServersAdmin275Test:tearDownClass): 200 GET http://10.180.1.21/compute/v2.1/servers/022c8901-8139-475f-bf6d-cb01fe98aef7 0.571s
2025-04-03 09:40:22.068 70644 INFO tempest.lib.common.rest_client [req-1f6d342f-8686-4268-b89f-34c7f838e9dd req-1f6d342f-8686-4268-b89f-34c7f838e9dd ] Request (ServerPasswordTestJSON:setUpClass): 200 GET http://10.180.1.21/compute/v2.1/servers/417e9a6f-71dd-4b8d-a920-a31d71ec7778 0.473s
2025-04-03 09:40:22.178 70691 INFO tempest.lib.common.rest_client [req-cb23e5ab-e36e-459d-b305-6c0b870433ae req-cb23e5ab-e36e-459d-b305-6c0b870433ae ] Request (ServerRescueTestJSONUnderV235:tearDownClass): 200 GET http://10.180.1.21/compute/v2.1/servers/1d5c5e03-5ab9-42dc-8c58-4e0932e0f24f 0.609s
2025-04-03 09:40:22.260 70678 INFO tempest.lib.common.rest_client [req-1c7aa252-83cc-4072-9136-082080139dd7 req-1c7aa252-83cc-4072-9136-082080139dd7 ] Request (FloatingIPsAssociationTestJSON:test_associate_already_associated_floating_ip): 200 GET http://10.180.1.21/compute/v2.1/servers/a77f31c2-0c08-449e-8a0b-70e36098af05 0.571s
2025-04-03 09:40:22.268 70678 INFO tempest.common.waiters [-] State transition "BUILD/spawning" ==> "ACTIVE/None" after 46 second wait
2025-04-03 09:40:22.366 70648 INFO tempest.lib.common.rest_client [req-df9bb2ef-d494-4318-b458-84485d1a6d80 req-df9bb2ef-d494-4318-b458-84485d1a6d80 ] Request (MigrationsAdminTest:test_resize_server_revert_deleted_flavor): 200 POST http://10.180.1.21/compute/v2.1/flavors 0.662s
2025-04-03 09:40:22.371 70646 INFO tempest.lib.common.rest_client [req-cbd4d588-3a73-4028-a0cf-28b2b64b338d req-cbd4d588-3a73-4028-a0cf-28b2b64b338d ] Request (VolumesNegativeTest:tearDownClass): 204 DELETE http://10.180.1.21/identity/v3/projects/30e2007ea38348e19f0789cad6ed1875 0.640s
2025-04-03 09:40:22.383 70652 INFO tempest.lib.common.rest_client [req-b70b525e-4336-41b8-80a7-ed20ef5eb1da req-b70b525e-4336-41b8-80a7-ed20ef5eb1da ] Request (ServerDiagnosticsV248Test:tearDownClass): 200 GET http://10.180.1.21/compute/v2.1/servers/873e4030-aa77-4072-a77c-dc775ed079e1 0.603s
2025-04-03 09:40:22.463 70640 INFO tempest.lib.common.rest_client [req-ddf88410-9321-4307-926f-84cfaa4dbcfa req-ddf88410-9321-4307-926f-84cfaa4dbcfa ] Request (ImagesOneServerNegativeTestJSON:_run_cleanups): 200 GET http://10.180.1.21/compute/v2.1/servers/2cf26576-a5f8-492e-ae8e-2dad2d2ab531 0.671s
2025-04-03 09:40:22.463 70650 INFO tempest.lib.common.rest_client [req-a857f6b8-69df-45ec-b79b-ddb9f64a928c req-a857f6b8-69df-45ec-b79b-ddb9f64a928c ] Request (DeleteServersAdminTestJSON:test_delete_server_while_in_error_state): 200 GET http://10.180.1.21/compute/v2.1/servers/6cfb4ee7-a7d8-4e2f-91c6-0f515535a17a 0.281s
2025-04-03 09:40:22.480 70648 INFO tempest.lib.common.rest_client [req-e7507111-e54d-472c-8ba4-590d574647bb req-e7507111-e54d-472c-8ba4-590d574647bb ] Request (MigrationsAdminTest:test_resize_server_revert_deleted_flavor): 200 GET http://10.180.1.21/compute/v2.1/flavors/42/os-extra_specs 0.112s
2025-04-03 09:40:22.691 70676 INFO tempest.lib.common.rest_client [req-cb2ed717-48db-4a3c-aa41-0a272f4264ee req-cb2ed717-48db-4a3c-aa41-0a272f4264ee ] Request (ServerExternalEventsTest:test_create_server_external_events): 200 GET http://10.180.1.21/compute/v2.1/servers/41b57770-ec44-4eec-bd28-d262d7d06d19 0.308s
2025-04-03 09:40:22.879 70666 INFO tempest.lib.common.rest_client [req-47c1bcf2-dbb2-449b-b517-b61d62e83043 req-47c1bcf2-dbb2-449b-b517-b61d62e83043 ] Request (ImagesTestJSON:test_create_image_from_stopped_server): 200 GET http://10.180.1.21/compute/v2.1/servers/3d0fe9f0-7879-4ffd-921b-8a33bad01146 0.468s
2025-04-03 09:40:23.164 70686 INFO tempest.lib.common.rest_client [req-53127d19-6f3e-4f4f-933e-9a55c0e777d1 req-53127d19-6f3e-4f4f-933e-9a55c0e777d1 ] Request (AttachVolumeNegativeTest:test_attach_attached_volume_to_different_server): 200 GET http://10.180.1.21/compute/v2.1/servers/cde4f453-1a5a-4b73-8372-e4677e09d412 0.714s
2025-04-03 09:40:23.199 70648 INFO tempest.lib.common.rest_client [req-b49acfe0-e671-4523-a5ca-26a5154ac81b req-b49acfe0-e671-4523-a5ca-26a5154ac81b ] Request (MigrationsAdminTest:test_resize_server_revert_deleted_flavor): 200 POST http://10.180.1.21/compute/v2.1/flavors/7390f1bd-893f-4653-9150-99d336f04fc8/os-extra_specs 0.717s
2025-04-03 09:40:23.291 70658 INFO tempest.lib.common.rest_client [req-071e03ae-2947-43ee-bac2-757e2452d0fa req-071e03ae-2947-43ee-bac2-757e2452d0fa ] Request (ServersAaction247Test:test_create_backup): 200 GET http://10.180.1.21/compute/v2.1/servers/8c4ee39b-d092-478a-948d-767abdcb125c 0.752s
2025-04-03 09:40:23.316 70648 INFO tempest.lib.common.rest_client [req-a500dd3f-2c00-4a2e-9a72-4593cf43801d req-a500dd3f-2c00-4a2e-9a72-4593cf43801d ] Request (MigrationsAdminTest:test_resize_server_revert_deleted_flavor): 201 POST http://10.180.1.21/identity/v3/auth/tokens 0.114s
2025-04-03 09:40:23.317 70648 INFO tempest.lib.common.fixed_network [-] (MigrationsAdminTest:test_resize_server_revert_deleted_flavor) Found network None available for tenant
2025-04-03 09:40:23.323 70660 WARNING tempest.lib.common.ssh [-] Failed to establish authenticated ssh connection to cirros@10.180.180.215 ([Errno None] Unable to connect to port 22 on 10.180.180.215). Number attempts: 3. Retry after 4 seconds.: paramiko.ssh_exception.NoValidConnectionsError: [Errno None] Unable to connect to port 22 on 10.180.180.215
2025-04-03 09:40:23.369 70700 INFO tempest.lib.common.rest_client [req-ee59d5c6-9412-4bee-9a3b-d0af5d10e620 req-ee59d5c6-9412-4bee-9a3b-d0af5d10e620 ] Request (ServersTestJSON:test_create_server_specify_multibyte_character_name): 200 GET http://10.180.1.21/compute/v2.1/servers/ed288ade-cd87-4826-a363-b938d9a28122 0.732s
2025-04-03 09:40:23.559 70698 INFO tempest.lib.common.rest_client [req-d5afbcc4-1c56-4fb5-9e86-f72f7eb6fcf2 req-d5afbcc4-1c56-4fb5-9e86-f72f7eb6fcf2 ] Request (ServerDiskConfigTestJSON:test_rebuild_server_with_manual_disk_config): 200 GET http://10.180.1.21/compute/v2.1/servers/1511e28f-9e34-4f8d-800b-30a5f13b441f 0.880s
2025-04-03 09:40:23.567 70698 INFO tempest.common.waiters [-] State transition "BUILD/block_device_mapping" ==> "BUILD/spawning" after 46 second wait
2025-04-03 09:40:23.799 70694 INFO tempest.lib.common.rest_client [req-1e5a42fb-40e5-4c04-8479-01205fce420a req-1e5a42fb-40e5-4c04-8479-01205fce420a ] Request (InstanceActionsTestJSON:setUpClass): 200 GET http://10.180.1.21/compute/v2.1/servers/219a506b-bd5d-4219-93a7-d3ae5a3cd1dd 1.007s
2025-04-03 09:40:23.807 70694 INFO tempest.common.waiters [-] State transition "BUILD/None" ==> "BUILD/networking" after 44 second wait
2025-04-03 09:40:23.863 70662 INFO tempest.lib.common.rest_client [req-1f50b364-28fc-43c9-994a-86849e45e7c2 req-1f50b364-28fc-43c9-994a-86849e45e7c2 ] Request (SecurityGroupsTestJSON:test_list_security_groups_by_server): 200 GET http://10.180.1.21/compute/v2.1/servers/7d514a3b-75a1-4844-85aa-d65a0697d48b 0.994s
2025-04-03 09:40:23.916 70656 INFO tempest.lib.common.rest_client [req-a48af89b-f8b7-431d-aca1-a4045cb24e26 req-a48af89b-f8b7-431d-aca1-a4045cb24e26 ] Request (VolumesAdminNegativeTest:test_update_attached_volume_with_nonexistent_volume_in_body): 200 GET http://10.180.1.21/compute/v2.1/servers/4dab8cfe-d63d-402e-8a02-b0370fb8ccda 1.047s
2025-04-03 09:40:23.981 70674 INFO tempest.lib.common.rest_client [req-387d7923-714b-4258-95e4-7093d1b6c6e4 req-387d7923-714b-4258-95e4-7093d1b6c6e4 ] Request (ServersAdminTestJSON:setUpClass): 200 GET http://10.180.1.21/compute/v2.1/servers/a66efa57-ec03-4033-a7ce-11a1718c7400 1.061s
2025-04-03 09:40:24.157 70678 INFO tempest.lib.common.rest_client [req-ad01bee2-dc06-4434-829c-a3e4c1e83bb9 req-ad01bee2-dc06-4434-829c-a3e4c1e83bb9 ] Request (FloatingIPsAssociationTestJSON:test_associate_already_associated_floating_ip): 202 POST http://10.180.1.21/compute/v2.1/servers/6719a369-c375-4418-9dee-d272ce9e2e49/action 1.889s
2025-04-03 09:40:24.226 70684 INFO tempest.lib.common.rest_client [req-1495614a-64aa-4e5b-ae4b-99f432989766 req-1495614a-64aa-4e5b-ae4b-99f432989766 ] Request (ServersAdminNegativeTestJSON:tearDownClass): 200 GET http://10.180.1.21/compute/v2.1/servers/9721c9fc-34f0-4bbe-9bb7-3db7081c1ee4 1.283s
2025-04-03 09:40:24.237 70670 INFO tempest.lib.common.rest_client [req-e57ef857-cf17-48a2-b861-518e19edb70f req-e57ef857-cf17-48a2-b861-518e19edb70f ] Request (ServerActionsV293TestJSON:setUpClass): 200 GET http://10.180.1.21/compute/v2.1/servers/3632ba87-541c-4505-88a9-926cf76bb012 1.256s
2025-04-03 09:40:24.288 70644 INFO tempest.lib.common.rest_client [req-dc7a4933-aa96-4e7a-9d6e-846e82fd1301 req-dc7a4933-aa96-4e7a-9d6e-846e82fd1301 ] Request (ServerPasswordTestJSON:setUpClass): 200 GET http://10.180.1.21/compute/v2.1/servers/417e9a6f-71dd-4b8d-a920-a31d71ec7778 1.206s
2025-04-03 09:40:24.294 70664 INFO tempest.lib.common.rest_client [req-99f94542-5e5f-4f4f-a290-64ec0e27c4ff req-99f94542-5e5f-4f4f-a290-64ec0e27c4ff ] Request (ServersAdmin275Test:tearDownClass): 200 GET http://10.180.1.21/compute/v2.1/servers/022c8901-8139-475f-bf6d-cb01fe98aef7 1.278s
2025-04-03 09:40:24.340 70691 INFO tempest.lib.common.rest_client [req-abc8ca64-8fe5-4e5b-8865-59fadbdcc555 req-abc8ca64-8fe5-4e5b-8865-59fadbdcc555 ] Request (ServerRescueTestJSONUnderV235:tearDownClass): 200 GET http://10.180.1.21/compute/v2.1/servers/1d5c5e03-5ab9-42dc-8c58-4e0932e0f24f 1.150s
2025-04-03 09:40:24.391 70652 INFO tempest.lib.common.rest_client [req-89d0f7ef-5e00-40b0-bf88-8ed9ee747591 req-89d0f7ef-5e00-40b0-bf88-8ed9ee747591 ] Request (ServerDiagnosticsV248Test:tearDownClass): 200 GET http://10.180.1.21/compute/v2.1/servers/873e4030-aa77-4072-a77c-dc775ed079e1 0.997s
2025-04-03 09:40:24.447 70650 INFO tempest.lib.common.rest_client [req-c48325f2-7f14-4c98-9da4-c4908d2a49ba req-c48325f2-7f14-4c98-9da4-c4908d2a49ba ] Request (DeleteServersAdminTestJSON:test_delete_server_while_in_error_state): 200 GET http://10.180.1.21/compute/v2.1/servers/6cfb4ee7-a7d8-4e2f-91c6-0f515535a17a 0.974s
2025-04-03 09:40:24.454 70650 INFO tempest.common.waiters [-] State transition "ERROR/deleting" ==> "DELETED/None" after 5 second wait
2025-04-03 09:40:24.510 70640 INFO tempest.lib.common.rest_client [req-ccaead02-bdc9-4877-902a-a47a9e1818f0 req-ccaead02-bdc9-4877-902a-a47a9e1818f0 ] Request (ImagesOneServerNegativeTestJSON:_run_cleanups): 200 GET http://10.180.1.21/compute/v2.1/servers/2cf26576-a5f8-492e-ae8e-2dad2d2ab531 1.035s
2025-04-03 09:40:24.651 70676 INFO tempest.lib.common.rest_client [req-9d53a983-77b2-4f98-95bf-3394907ffc0b req-9d53a983-77b2-4f98-95bf-3394907ffc0b ] Request (ServerExternalEventsTest:test_create_server_external_events): 200 GET http://10.180.1.21/compute/v2.1/servers/41b57770-ec44-4eec-bd28-d262d7d06d19 0.953s
2025-04-03 09:40:24.659 70676 INFO tempest.common.waiters [-] State transition "BUILD/spawning" ==> "ACTIVE/None" after 48 second wait
2025-04-03 09:40:24.669 70648 INFO tempest.lib.common.rest_client [req-7ca4d957-204f-468e-9e2c-b9b0fe8c015d req-7ca4d957-204f-468e-9e2c-b9b0fe8c015d ] Request (MigrationsAdminTest:test_resize_server_revert_deleted_flavor): 202 POST http://10.180.1.21/compute/v2.1/servers 1.351s
2025-04-03 09:40:24.771 70666 INFO tempest.lib.common.rest_client [req-f7d8603e-1ebc-4ec4-ab38-0e0bc106fa9a req-f7d8603e-1ebc-4ec4-ab38-0e0bc106fa9a ] Request (ImagesTestJSON:test_create_image_from_stopped_server): 200 GET http://10.180.1.21/compute/v2.1/servers/3d0fe9f0-7879-4ffd-921b-8a33bad01146 0.884s
2025-04-03 09:40:24.778 70666 INFO tempest.common.waiters [-] State transition "ACTIVE/powering-off" ==> "SHUTOFF/None" after 3 second wait
2025-04-03 09:40:24.821 70686 INFO tempest.lib.common.rest_client [req-3c7cf73c-b478-4dfc-8f08-66b82338f72f req-3c7cf73c-b478-4dfc-8f08-66b82338f72f ] Request (AttachVolumeNegativeTest:test_attach_attached_volume_to_different_server): 200 GET http://10.180.1.21/compute/v2.1/servers/cde4f453-1a5a-4b73-8372-e4677e09d412 0.648s
2025-04-03 09:40:24.828 70686 INFO tempest.common.waiters [-] State transition "BUILD/scheduling" ==> "BUILD/None" after 14 second wait
2025-04-03 09:40:24.874 70658 INFO tempest.lib.common.rest_client [req-9df1f407-aa8f-4f74-887f-3f1a458cb090 req-9df1f407-aa8f-4f74-887f-3f1a458cb090 ] Request (ServersAaction247Test:test_create_backup): 200 GET http://10.180.1.21/compute/v2.1/servers/8c4ee39b-d092-478a-948d-767abdcb125c 0.572s
2025-04-03 09:40:24.930 70700 INFO tempest.lib.common.rest_client [req-a5a2a8c7-4f60-4442-8335-46c41be69427 req-a5a2a8c7-4f60-4442-8335-46c41be69427 ] Request (ServersTestJSON:test_create_server_specify_multibyte_character_name): 200 GET http://10.180.1.21/compute/v2.1/servers/ed288ade-cd87-4826-a363-b938d9a28122 0.549s
2025-04-03 09:40:25.071 70698 INFO tempest.lib.common.rest_client [req-c5575a83-6c8a-4734-be87-f0241ecd4049 req-c5575a83-6c8a-4734-be87-f0241ecd4049 ] Request (ServerDiskConfigTestJSON:test_rebuild_server_with_manual_disk_config): 200 GET http://10.180.1.21/compute/v2.1/servers/1511e28f-9e34-4f8d-800b-30a5f13b441f 0.503s
2025-04-03 09:40:25.296 70676 INFO tempest.lib.common.rest_client [req-85dc65b4-e0b5-453a-9ba1-ea67b105d4e0 req-85dc65b4-e0b5-453a-9ba1-ea67b105d4e0 ] Request (ServerExternalEventsTest:test_create_server_external_events): 200 POST http://10.180.1.21/compute/v2.1/os-server-external-events 0.637s
2025-04-03 09:40:25.364 70648 INFO tempest.lib.common.rest_client [req-dd611047-00c3-4565-83fb-b3fe76377b0e req-dd611047-00c3-4565-83fb-b3fe76377b0e ] Request (MigrationsAdminTest:test_resize_server_revert_deleted_flavor): 200 GET http://10.180.1.21/compute/v2.1/servers/5e75c073-fe40-43ea-8df9-242f5cf1fa20 0.693s
2025-04-03 09:40:25.959 70666 INFO tempest.lib.common.rest_client [req-3b4605a5-cf56-43a6-be90-43dd0ffc22fc req-3b4605a5-cf56-43a6-be90-43dd0ffc22fc ] Request (ImagesTestJSON:test_create_image_from_stopped_server): 202 POST http://10.180.1.21/compute/v2.1/servers/3d0fe9f0-7879-4ffd-921b-8a33bad01146/action 1.181s
2025-04-03 09:40:26.074 70654 WARNING tempest.lib.common.ssh [-] Failed to establish authenticated ssh connection to cirros@10.180.180.222 ([Errno None] Unable to connect to port 22 on 10.180.180.222). Number attempts: 6. Retry after 7 seconds.: paramiko.ssh_exception.NoValidConnectionsError: [Errno None] Unable to connect to port 22 on 10.180.180.222
2025-04-03 09:40:26.200 70694 INFO tempest.lib.common.rest_client [req-237863c1-588b-4632-b36e-528133ded33a req-237863c1-588b-4632-b36e-528133ded33a ] Request (InstanceActionsTestJSON:setUpClass): 200 GET http://10.180.1.21/compute/v2.1/servers/219a506b-bd5d-4219-93a7-d3ae5a3cd1dd 1.393s
2025-04-03 09:40:26.215 70694 INFO tempest.common.waiters [-] State transition "BUILD/networking" ==> "BUILD/spawning" after 47 second wait
2025-04-03 09:40:26.256 70662 INFO tempest.lib.common.rest_client [req-eccbc8be-b00c-4169-ac0a-e4ba6a5aea93 req-eccbc8be-b00c-4169-ac0a-e4ba6a5aea93 ] Request (SecurityGroupsTestJSON:test_list_security_groups_by_server): 200 GET http://10.180.1.21/compute/v2.1/servers/7d514a3b-75a1-4844-85aa-d65a0697d48b 1.380s
2025-04-03 09:40:26.317 70656 INFO tempest.lib.common.rest_client [req-733f90f6-5411-4109-afa4-5c99d955b9c1 req-733f90f6-5411-4109-afa4-5c99d955b9c1 ] Request (VolumesAdminNegativeTest:test_update_attached_volume_with_nonexistent_volume_in_body): 200 GET http://10.180.1.21/compute/v2.1/servers/4dab8cfe-d63d-402e-8a02-b0370fb8ccda 1.392s
2025-04-03 09:40:26.394 70674 INFO tempest.lib.common.rest_client [req-4a78ddc6-5274-4508-bef8-3e7bd0066998 req-4a78ddc6-5274-4508-bef8-3e7bd0066998 ] Request (ServersAdminTestJSON:setUpClass): 200 GET http://10.180.1.21/compute/v2.1/servers/a66efa57-ec03-4033-a7ce-11a1718c7400 1.405s
2025-04-03 09:40:26.532 70684 INFO tempest.lib.common.rest_client [req-94a8d084-7715-4df4-86cd-f9dcae823a32 req-94a8d084-7715-4df4-86cd-f9dcae823a32 ] Request (ServersAdminNegativeTestJSON:tearDownClass): 200 GET http://10.180.1.21/compute/v2.1/servers/9721c9fc-34f0-4bbe-9bb7-3db7081c1ee4 1.298s
2025-04-03 09:40:26.599 70670 INFO tempest.lib.common.rest_client [req-01e9e118-d585-447e-9ea6-3a8ff40cfe20 req-01e9e118-d585-447e-9ea6-3a8ff40cfe20 ] Request (ServerActionsV293TestJSON:setUpClass): 200 GET http://10.180.1.21/compute/v2.1/servers/3632ba87-541c-4505-88a9-926cf76bb012 1.348s
2025-04-03 09:40:26.641 70678 INFO tempest.lib.common.rest_client [req-f37e4b6d-afc3-4ae7-80f8-d6f3e1629ce1 req-f37e4b6d-afc3-4ae7-80f8-d6f3e1629ce1 ] Request (FloatingIPsAssociationTestJSON:test_associate_already_associated_floating_ip): 202 POST http://10.180.1.21/compute/v2.1/servers/a77f31c2-0c08-449e-8a0b-70e36098af05/action 2.483s
2025-04-03 09:40:26.652 70644 INFO tempest.lib.common.rest_client [req-5a28e2a5-5e3e-4c9f-b1a0-5b6b8b3852e7 req-5a28e2a5-5e3e-4c9f-b1a0-5b6b8b3852e7 ] Request (ServerPasswordTestJSON:setUpClass): 200 GET http://10.180.1.21/compute/v2.1/servers/417e9a6f-71dd-4b8d-a920-a31d71ec7778 1.356s
2025-04-03 09:40:26.659 70644 INFO tempest.common.waiters [-] State transition "BUILD/scheduling" ==> "BUILD/None" after 14 second wait
2025-04-03 09:40:26.720 70664 INFO tempest.lib.common.rest_client [req-090afc89-12dd-4d40-9860-094555984845 req-090afc89-12dd-4d40-9860-094555984845 ] Request (ServersAdmin275Test:tearDownClass): 200 GET http://10.180.1.21/compute/v2.1/servers/022c8901-8139-475f-bf6d-cb01fe98aef7 1.415s
2025-04-03 09:40:26.758 70676 INFO tempest.lib.common.rest_client [req-97168c40-80d8-41ae-931c-12506ebe718e req-97168c40-80d8-41ae-931c-12506ebe718e ] Request (ServerExternalEventsTest:tearDownClass): 204 DELETE http://10.180.1.21/compute/v2.1/servers/41b57770-ec44-4eec-bd28-d262d7d06d19 1.457s
2025-04-03 09:40:26.774 70691 INFO tempest.lib.common.rest_client [req-74d78d5b-8209-4bf3-9a74-d5203e10c687 req-74d78d5b-8209-4bf3-9a74-d5203e10c687 ] Request (ServerRescueTestJSONUnderV235:tearDownClass): 200 GET http://10.180.1.21/compute/v2.1/servers/1d5c5e03-5ab9-42dc-8c58-4e0932e0f24f 1.426s
2025-04-03 09:40:26.781 70691 INFO tempest.common.waiters [-] State transition "RESCUE/deleting" ==> "DELETED/None" after 6 second wait
2025-04-03 09:40:26.821 70652 INFO tempest.lib.common.rest_client [req-7b71a2d3-2bda-46d9-a343-8f560f0a7eb6 req-7b71a2d3-2bda-46d9-a343-8f560f0a7eb6 ] Request (ServerDiagnosticsV248Test:tearDownClass): 200 GET http://10.180.1.21/compute/v2.1/servers/873e4030-aa77-4072-a77c-dc775ed079e1 1.421s
2025-04-03 09:40:26.831 70650 INFO tempest.lib.common.rest_client [req-b4bec4bb-a427-4558-959a-86cf55f12a51 req-b4bec4bb-a427-4558-959a-86cf55f12a51 ] Request (DeleteServersAdminTestJSON:test_delete_server_while_in_error_state): 200 GET http://10.180.1.21/compute/v2.1/servers/6cfb4ee7-a7d8-4e2f-91c6-0f515535a17a 1.376s
2025-04-03 09:40:26.831 70652 INFO tempest.common.waiters [-] State transition "ACTIVE/deleting" ==> "DELETED/None" after 4 second wait
2025-04-03 09:40:26.880 70686 INFO tempest.lib.common.rest_client [req-a03f8738-16bb-4d7b-a02e-1e9d25fe0160 req-a03f8738-16bb-4d7b-a02e-1e9d25fe0160 ] Request (AttachVolumeNegativeTest:test_attach_attached_volume_to_different_server): 200 GET http://10.180.1.21/compute/v2.1/servers/cde4f453-1a5a-4b73-8372-e4677e09d412 1.051s
2025-04-03 09:40:26.892 70640 INFO tempest.lib.common.rest_client [req-c245b852-e966-4457-ac6a-84fd28438a72 req-c245b852-e966-4457-ac6a-84fd28438a72 ] Request (ImagesOneServerNegativeTestJSON:_run_cleanups): 200 GET http://10.180.1.21/compute/v2.1/servers/2cf26576-a5f8-492e-ae8e-2dad2d2ab531 1.374s
2025-04-03 09:40:26.943 70658 INFO tempest.lib.common.rest_client [req-36cdfddc-bbc3-4a94-8535-50b38fcaca50 req-36cdfddc-bbc3-4a94-8535-50b38fcaca50 ] Request (ServersAaction247Test:test_create_backup): 200 GET http://10.180.1.21/compute/v2.1/servers/8c4ee39b-d092-478a-948d-767abdcb125c 1.059s
2025-04-03 09:40:26.950 70700 INFO tempest.lib.common.rest_client [req-d4528c73-9dd0-44cb-b15a-96362831f5fc req-d4528c73-9dd0-44cb-b15a-96362831f5fc ] Request (ServersTestJSON:test_create_server_specify_multibyte_character_name): 200 GET http://10.180.1.21/compute/v2.1/servers/ed288ade-cd87-4826-a363-b938d9a28122 1.012s
2025-04-03 09:40:26.955 70658 INFO tempest.common.waiters [-] State transition "BUILD/None" ==> "BUILD/block_device_mapping" after 41 second wait
2025-04-03 09:40:27.000 70666 INFO tempest.lib.common.rest_client [req-7e1d238b-1344-4faa-aae0-f75652fc8d6d req-7e1d238b-1344-4faa-aae0-f75652fc8d6d ] Request (ImagesTestJSON:test_create_image_from_stopped_server): 200 GET http://10.180.1.21/compute/v2.1/images/9cc3cc0a-1832-4d2a-bea1-6cc3821c41cc 1.039s
2025-04-03 09:40:27.056 70648 INFO tempest.lib.common.rest_client [req-8b7145a7-b33b-4ffc-888b-33d09fdcd6b7 req-8b7145a7-b33b-4ffc-888b-33d09fdcd6b7 ] Request (MigrationsAdminTest:test_resize_server_revert_deleted_flavor): 200 GET http://10.180.1.21/compute/v2.1/servers/5e75c073-fe40-43ea-8df9-242f5cf1fa20 0.685s
2025-04-03 09:40:27.119 70698 INFO tempest.lib.common.rest_client [req-a5ee9c31-8f65-474f-9a84-2267b7c66058 req-a5ee9c31-8f65-474f-9a84-2267b7c66058 ] Request (ServerDiskConfigTestJSON:test_rebuild_server_with_manual_disk_config): 200 GET http://10.180.1.21/compute/v2.1/servers/1511e28f-9e34-4f8d-800b-30a5f13b441f 1.038s
2025-04-03 09:40:27.245 70676 INFO tempest.lib.common.rest_client [req-9ee3ea01-18ba-40ee-918e-25a317d8433d req-9ee3ea01-18ba-40ee-918e-25a317d8433d ] Request (ServerExternalEventsTest:tearDownClass): 200 GET http://10.180.1.21/compute/v2.1/servers/41b57770-ec44-4eec-bd28-d262d7d06d19 0.487s
2025-04-03 09:40:27.334 70678 INFO tempest.lib.common.rest_client [req-d839b0aa-40d5-4837-ba06-bb48dcd249b4 req-d839b0aa-40d5-4837-ba06-bb48dcd249b4 ] Request (FloatingIPsAssociationTestJSON:test_associate_already_associated_floating_ip): 409 POST http://10.180.1.21/compute/v2.1/servers/6719a369-c375-4418-9dee-d272ce9e2e49/action 0.693s
2025-04-03 09:40:27.359 70694 INFO tempest.lib.common.rest_client [req-b1dfc30c-675e-423f-8a3b-770ada94752d req-b1dfc30c-675e-423f-8a3b-770ada94752d ] Request (InstanceActionsTestJSON:setUpClass): 200 GET http://10.180.1.21/compute/v2.1/servers/219a506b-bd5d-4219-93a7-d3ae5a3cd1dd 0.142s
2025-04-03 09:40:27.380 70662 INFO tempest.lib.common.rest_client [req-22e1463a-deaa-4484-9970-41caae91c0a4 req-22e1463a-deaa-4484-9970-41caae91c0a4 ] Request (SecurityGroupsTestJSON:test_list_security_groups_by_server): 200 GET http://10.180.1.21/compute/v2.1/servers/7d514a3b-75a1-4844-85aa-d65a0697d48b 0.110s
2025-04-03 09:40:27.419 70656 INFO tempest.lib.common.rest_client [req-f38bb21b-78a9-4394-85a6-ee991152b982 req-f38bb21b-78a9-4394-85a6-ee991152b982 ] Request (VolumesAdminNegativeTest:test_update_attached_volume_with_nonexistent_volume_in_body): 200 GET http://10.180.1.21/compute/v2.1/servers/4dab8cfe-d63d-402e-8a02-b0370fb8ccda 0.092s
2025-04-03 09:40:27.470 70674 INFO tempest.lib.common.rest_client [req-faad21e4-3c56-40f1-b119-62ac001ab894 req-faad21e4-3c56-40f1-b119-62ac001ab894 ] Request (ServersAdminTestJSON:setUpClass): 200 GET http://10.180.1.21/compute/v2.1/servers/a66efa57-ec03-4033-a7ce-11a1718c7400 0.064s
2025-04-03 09:40:27.808 70684 INFO tempest.lib.common.rest_client [req-57347601-12a1-4073-a7f5-6a3bbb799677 req-57347601-12a1-4073-a7f5-6a3bbb799677 ] Request (ServersAdminNegativeTestJSON:tearDownClass): 200 GET http://10.180.1.21/compute/v2.1/servers/9721c9fc-34f0-4bbe-9bb7-3db7081c1ee4 0.267s
2025-04-03 09:40:27.886 70670 INFO tempest.lib.common.rest_client [req-f2be0af1-d946-4964-bad9-76da3941a5f5 req-f2be0af1-d946-4964-bad9-76da3941a5f5 ] Request (ServerActionsV293TestJSON:setUpClass): 200 GET http://10.180.1.21/compute/v2.1/servers/3632ba87-541c-4505-88a9-926cf76bb012 0.276s
2025-04-03 09:40:27.968 70644 INFO tempest.lib.common.rest_client [req-ed234378-8b12-4581-894a-7dde8253f64c req-ed234378-8b12-4581-894a-7dde8253f64c ] Request (ServerPasswordTestJSON:setUpClass): 200 GET http://10.180.1.21/compute/v2.1/servers/417e9a6f-71dd-4b8d-a920-a31d71ec7778 0.304s
2025-04-03 09:40:28.037 70664 INFO tempest.lib.common.rest_client [req-f3aaa9fd-3c53-4609-9471-c9d00171661e req-f3aaa9fd-3c53-4609-9471-c9d00171661e ] Request (ServersAdmin275Test:tearDownClass): 200 GET http://10.180.1.21/compute/v2.1/servers/022c8901-8139-475f-bf6d-cb01fe98aef7 0.307s
2025-04-03 09:40:28.119 70691 INFO tempest.lib.common.rest_client [req-ab9e7b6f-6675-418d-ab1e-b282460d7e88 req-ab9e7b6f-6675-418d-ab1e-b282460d7e88 ] Request (ServerRescueTestJSONUnderV235:tearDownClass): 200 GET http://10.180.1.21/compute/v2.1/servers/1d5c5e03-5ab9-42dc-8c58-4e0932e0f24f 0.337s
2025-04-03 09:40:28.186 70652 INFO tempest.lib.common.rest_client [req-1f72b3ec-544e-49fe-99ce-501b34108f67 req-1f72b3ec-544e-49fe-99ce-501b34108f67 ] Request (ServerDiagnosticsV248Test:tearDownClass): 200 GET http://10.180.1.21/compute/v2.1/servers/873e4030-aa77-4072-a77c-dc775ed079e1 0.353s
2025-04-03 09:40:28.251 70650 INFO tempest.lib.common.rest_client [req-8194368a-316e-4145-9ebe-859b6a93d0bd req-8194368a-316e-4145-9ebe-859b6a93d0bd ] Request (DeleteServersAdminTestJSON:test_delete_server_while_in_error_state): 200 GET http://10.180.1.21/compute/v2.1/servers/6cfb4ee7-a7d8-4e2f-91c6-0f515535a17a 0.413s
2025-04-03 09:40:28.303 70686 INFO tempest.lib.common.rest_client [req-2ae3216d-7795-4248-b6c7-9a0e02445be6 req-2ae3216d-7795-4248-b6c7-9a0e02445be6 ] Request (AttachVolumeNegativeTest:test_attach_attached_volume_to_different_server): 200 GET http://10.180.1.21/compute/v2.1/servers/cde4f453-1a5a-4b73-8372-e4677e09d412 0.416s
2025-04-03 09:40:28.325 70640 INFO tempest.lib.common.rest_client [req-bec02902-02d5-4d6d-84bb-8793f3d785b4 req-bec02902-02d5-4d6d-84bb-8793f3d785b4 ] Request (ImagesOneServerNegativeTestJSON:_run_cleanups): 404 GET http://10.180.1.21/compute/v2.1/servers/2cf26576-a5f8-492e-ae8e-2dad2d2ab531 0.424s
2025-04-03 09:40:28.389 70658 INFO tempest.lib.common.rest_client [req-70fbda94-3a68-45ac-840b-91bcd44ad843 req-70fbda94-3a68-45ac-840b-91bcd44ad843 ] Request (ServersAaction247Test:test_create_backup): 200 GET http://10.180.1.21/compute/v2.1/servers/8c4ee39b-d092-478a-948d-767abdcb125c 0.432s
2025-04-03 09:40:28.397 70658 INFO tempest.common.waiters [-] State transition "BUILD/block_device_mapping" ==> "BUILD/spawning" after 43 second wait
2025-04-03 09:40:28.445 70700 INFO tempest.lib.common.rest_client [req-bc509ca5-297e-4218-805b-cafc03ee217c req-bc509ca5-297e-4218-805b-cafc03ee217c ] Request (ServersTestJSON:test_create_server_specify_multibyte_character_name): 200 GET http://10.180.1.21/compute/v2.1/servers/ed288ade-cd87-4826-a363-b938d9a28122 0.485s
2025-04-03 09:40:28.509 70666 INFO tempest.lib.common.rest_client [req-86593341-f8cf-4391-bf12-1a7218901640 req-86593341-f8cf-4391-bf12-1a7218901640 ] Request (ImagesTestJSON:test_create_image_from_stopped_server): 200 GET http://10.180.1.21/compute/v2.1/images/9cc3cc0a-1832-4d2a-bea1-6cc3821c41cc 0.505s
2025-04-03 09:40:28.574 70648 INFO tempest.lib.common.rest_client [req-71f56492-5697-417e-b1e3-ea70db3bc964 req-71f56492-5697-417e-b1e3-ea70db3bc964 ] Request (MigrationsAdminTest:test_resize_server_revert_deleted_flavor): 200 GET http://10.180.1.21/compute/v2.1/servers/5e75c073-fe40-43ea-8df9-242f5cf1fa20 0.503s
2025-04-03 09:40:28.665 70678 INFO tempest.lib.common.rest_client [req-c7f8c364-fdd6-4453-85d7-7af460b90c3c req-c7f8c364-fdd6-4453-85d7-7af460b90c3c ] Request (FloatingIPsAssociationTestJSON:_run_cleanups): 202 POST http://10.180.1.21/compute/v2.1/servers/a77f31c2-0c08-449e-8a0b-70e36098af05/action 1.330s
2025-04-03 09:40:28.717 70698 INFO tempest.lib.common.rest_client [req-160890f7-881f-4cc1-ab56-3f9974b9111f req-160890f7-881f-4cc1-ab56-3f9974b9111f ] Request (ServerDiskConfigTestJSON:test_rebuild_server_with_manual_disk_config): 200 GET http://10.180.1.21/compute/v2.1/servers/1511e28f-9e34-4f8d-800b-30a5f13b441f 0.587s
2025-04-03 09:40:28.773 70676 INFO tempest.lib.common.rest_client [req-869106d1-1b8b-4293-a04e-bf72ba131b2a req-869106d1-1b8b-4293-a04e-bf72ba131b2a ] Request (ServerExternalEventsTest:tearDownClass): 200 GET http://10.180.1.21/compute/v2.1/servers/41b57770-ec44-4eec-bd28-d262d7d06d19 0.519s
2025-04-03 09:40:28.787 70640 INFO tempest.lib.common.rest_client [req-58190fad-3e85-4841-b894-9b66d9cbab91 req-58190fad-3e85-4841-b894-9b66d9cbab91 ] Request (ImagesOneServerNegativeTestJSON:_run_cleanups): 200 POST http://10.180.1.21/compute/v2.1/os-keypairs 0.460s
2025-04-03 09:40:28.841 70662 INFO tempest.lib.common.rest_client [req-f4b208bb-7d78-44ec-a9a4-bdd0b22a3ce3 req-f4b208bb-7d78-44ec-a9a4-bdd0b22a3ce3 ] Request (SecurityGroupsTestJSON:test_list_security_groups_by_server): 200 GET http://10.180.1.21/compute/v2.1/servers/7d514a3b-75a1-4844-85aa-d65a0697d48b 0.454s
2025-04-03 09:40:28.950 70656 INFO tempest.lib.common.rest_client [req-bd96351b-de16-4c35-9930-5341bb2922e7 req-bd96351b-de16-4c35-9930-5341bb2922e7 ] Request (VolumesAdminNegativeTest:test_update_attached_volume_with_nonexistent_volume_in_body): 200 GET http://10.180.1.21/compute/v2.1/servers/4dab8cfe-d63d-402e-8a02-b0370fb8ccda 0.523s
2025-04-03 09:40:28.960 70694 INFO tempest.lib.common.rest_client [req-a6fba00f-e84c-4aef-bc78-975670ce7976 req-a6fba00f-e84c-4aef-bc78-975670ce7976 ] Request (InstanceActionsTestJSON:setUpClass): 200 GET http://10.180.1.21/compute/v2.1/servers/219a506b-bd5d-4219-93a7-d3ae5a3cd1dd 0.593s
2025-04-03 09:40:29.026 70640 INFO tempest.lib.common.rest_client [req-826ba93c-c6ad-4322-a578-cd77a6afcf11 req-826ba93c-c6ad-4322-a578-cd77a6afcf11 ] Request (ImagesOneServerNegativeTestJSON:_run_cleanups): 201 POST http://10.180.1.21:9696/networking/v2.0/security-groups 0.237s
2025-04-03 09:40:29.033 70674 INFO tempest.lib.common.rest_client [req-98eebd19-a81e-4f55-afab-2ccec21ed20d req-98eebd19-a81e-4f55-afab-2ccec21ed20d ] Request (ServersAdminTestJSON:setUpClass): 200 GET http://10.180.1.21/compute/v2.1/servers/a66efa57-ec03-4033-a7ce-11a1718c7400 0.554s
2025-04-03 09:40:29.102 70678 INFO tempest.lib.common.rest_client [req-5464ad4f-6916-4c25-adfd-8475f720d380 req-5464ad4f-6916-4c25-adfd-8475f720d380 ] Request (FloatingIPsAssociationTestJSON:_run_cleanups): 204 DELETE http://10.180.1.21/compute/v2.1/servers/a77f31c2-0c08-449e-8a0b-70e36098af05 0.436s
2025-04-03 09:40:29.138 70684 INFO tempest.lib.common.rest_client [req-2cca463e-aa2e-4888-8ae4-d3c27c64fd28 req-2cca463e-aa2e-4888-8ae4-d3c27c64fd28 ] Request (ServersAdminNegativeTestJSON:tearDownClass): 200 GET http://10.180.1.21/compute/v2.1/servers/9721c9fc-34f0-4bbe-9bb7-3db7081c1ee4 0.322s
2025-04-03 09:40:29.169 70640 INFO tempest.lib.common.rest_client [req-946b76b5-cd87-42a7-b649-1ee15ed7271f req-946b76b5-cd87-42a7-b649-1ee15ed7271f ] Request (ImagesOneServerNegativeTestJSON:_run_cleanups): 201 POST http://10.180.1.21:9696/networking/v2.0/security-group-rules 0.142s
2025-04-03 09:40:29.192 70670 INFO tempest.lib.common.rest_client [req-8f8e9f0a-c866-4e2c-b0a8-c45b001607bb req-8f8e9f0a-c866-4e2c-b0a8-c45b001607bb ] Request (ServerActionsV293TestJSON:setUpClass): 200 GET http://10.180.1.21/compute/v2.1/servers/3632ba87-541c-4505-88a9-926cf76bb012 0.293s
2025-04-03 09:40:29.204 70644 INFO tempest.lib.common.rest_client [req-b988f5b3-bb9a-4f42-b3e2-2bdb47ec0d98 req-b988f5b3-bb9a-4f42-b3e2-2bdb47ec0d98 ] Request (ServerPasswordTestJSON:setUpClass): 200 GET http://10.180.1.21/compute/v2.1/servers/417e9a6f-71dd-4b8d-a920-a31d71ec7778 0.227s
2025-04-03 09:40:29.252 70664 INFO tempest.lib.common.rest_client [req-9d7e9edc-b06c-4687-bb7a-2ad22d0d6889 req-9d7e9edc-b06c-4687-bb7a-2ad22d0d6889 ] Request (ServersAdmin275Test:tearDownClass): 200 GET http://10.180.1.21/compute/v2.1/servers/022c8901-8139-475f-bf6d-cb01fe98aef7 0.205s
2025-04-03 09:40:29.317 70640 INFO tempest.lib.common.rest_client [req-06146d26-47f8-4e65-8853-85a2e75a3883 req-06146d26-47f8-4e65-8853-85a2e75a3883 ] Request (ImagesOneServerNegativeTestJSON:_run_cleanups): 201 POST http://10.180.1.21:9696/networking/v2.0/security-group-rules 0.147s
2025-04-03 09:40:29.345 70691 INFO tempest.lib.common.rest_client [req-53d32001-ab1d-4e1d-84fc-e46761630adf req-53d32001-ab1d-4e1d-84fc-e46761630adf ] Request (ServerRescueTestJSONUnderV235:tearDownClass): 200 GET http://10.180.1.21/compute/v2.1/servers/1d5c5e03-5ab9-42dc-8c58-4e0932e0f24f 0.215s
2025-04-03 09:40:29.440 70652 INFO tempest.lib.common.rest_client [req-bb190b18-5a3f-466e-8bc7-f6f73e50843e req-bb190b18-5a3f-466e-8bc7-f6f73e50843e ] Request (ServerDiagnosticsV248Test:tearDownClass): 200 GET http://10.180.1.21/compute/v2.1/servers/873e4030-aa77-4072-a77c-dc775ed079e1 0.244s
2025-04-03 09:40:29.547 70650 INFO tempest.lib.common.rest_client [req-ca2f5ca4-cab5-4963-b7ad-9c5431bab5c4 req-ca2f5ca4-cab5-4963-b7ad-9c5431bab5c4 ] Request (DeleteServersAdminTestJSON:test_delete_server_while_in_error_state): 200 GET http://10.180.1.21/compute/v2.1/servers/6cfb4ee7-a7d8-4e2f-91c6-0f515535a17a 0.288s
2025-04-03 09:40:29.636 70686 INFO tempest.lib.common.rest_client [req-45f47e50-eb8b-4308-9b73-e68db9064f68 req-45f47e50-eb8b-4308-9b73-e68db9064f68 ] Request (AttachVolumeNegativeTest:test_attach_attached_volume_to_different_server): 200 GET http://10.180.1.21/compute/v2.1/servers/cde4f453-1a5a-4b73-8372-e4677e09d412 0.325s
2025-04-03 09:40:29.658 70696 WARNING tempest.lib.common.ssh [-] Failed to establish authenticated ssh connection to cirros@10.180.180.166 ([Errno None] Unable to connect to port 22 on 10.180.180.166). Number attempts: 7. Retry after 8 seconds.: paramiko.ssh_exception.NoValidConnectionsError: [Errno None] Unable to connect to port 22 on 10.180.180.166
2025-04-03 09:40:29.729 70658 INFO tempest.lib.common.rest_client [req-2d75375c-cb03-41b6-a62f-0a8f3b2c4148 req-2d75375c-cb03-41b6-a62f-0a8f3b2c4148 ] Request (ServersAaction247Test:test_create_backup): 200 GET http://10.180.1.21/compute/v2.1/servers/8c4ee39b-d092-478a-948d-767abdcb125c 0.330s
2025-04-03 09:40:29.760 70640 INFO tempest.lib.common.rest_client [req-53b140a8-f599-4725-bf61-f645db21f392 req-53b140a8-f599-4725-bf61-f645db21f392 ] Request (ImagesOneServerNegativeTestJSON:_run_cleanups): 201 POST http://10.180.1.21:9696/networking/v2.0/floatingips 0.442s
2025-04-03 09:40:29.802 70700 INFO tempest.lib.common.rest_client [req-681c7407-f568-4f92-82e5-7a810c0bf243 req-681c7407-f568-4f92-82e5-7a810c0bf243 ] Request (ServersTestJSON:test_create_server_specify_multibyte_character_name): 200 GET http://10.180.1.21/compute/v2.1/servers/ed288ade-cd87-4826-a363-b938d9a28122 0.349s
2025-04-03 09:40:29.874 70666 INFO tempest.lib.common.rest_client [req-0212484a-9c2b-4860-a86f-2fdf1a1805c9 req-0212484a-9c2b-4860-a86f-2fdf1a1805c9 ] Request (ImagesTestJSON:test_create_image_from_stopped_server): 200 GET http://10.180.1.21/compute/v2.1/images/9cc3cc0a-1832-4d2a-bea1-6cc3821c41cc 0.359s
2025-04-03 09:40:29.879 70640 INFO tempest.lib.common.rest_client [req-535c6b9b-1555-4540-8ff7-ac4d37c3acb5 req-535c6b9b-1555-4540-8ff7-ac4d37c3acb5 ] Request (ImagesOneServerNegativeTestJSON:_run_cleanups): 201 POST http://10.180.1.21/identity/v3/auth/tokens 0.116s
2025-04-03 09:40:29.880 70640 INFO tempest.lib.common.fixed_network [-] (ImagesOneServerNegativeTestJSON:_run_cleanups) Found network {'id': '7f64f5f7-26e0-4d04-968c-8949ce3d06a2', 'name': 'tempest-ImagesOneServerNegativeTestJSON-1595019958-network', 'tenant_id': '56f2cee86c26447abf187c66ee43e42d', 'admin_state_up': True, 'mtu': 8950, 'status': 'ACTIVE', 'subnets': [], 'shared': False, 'project_id': '56f2cee86c26447abf187c66ee43e42d', 'port_security_enabled': True, 'router:external': False, 'provider:network_type': 'vlan', 'provider:physical_network': 'default', 'provider:segmentation_id': 471, 'availability_zone_hints': [], 'availability_zones': [], 'ipv4_address_scope': None, 'ipv6_address_scope': None, 'description': '', 'tags': [], 'created_at': '2025-04-03T09:38:50Z', 'updated_at': '2025-04-03T09:38:50Z', 'revision_number': 1} available for tenant
2025-04-03 09:40:30.027 70648 INFO tempest.lib.common.rest_client [req-e8658dd7-900f-4af1-b70d-83d0a2aeeaab req-e8658dd7-900f-4af1-b70d-83d0a2aeeaab ] Request (MigrationsAdminTest:test_resize_server_revert_deleted_flavor): 200 GET http://10.180.1.21/compute/v2.1/servers/5e75c073-fe40-43ea-8df9-242f5cf1fa20 0.445s
2025-04-03 09:40:30.170 70642 WARNING tempest.lib.common.ssh [-] Failed to establish authenticated ssh connection to cirros@10.180.180.137 ([Errno None] Unable to connect to port 22 on 10.180.180.137). Number attempts: 8. Retry after 9 seconds.: paramiko.ssh_exception.NoValidConnectionsError: [Errno None] Unable to connect to port 22 on 10.180.180.137
2025-04-03 09:40:30.189 70698 INFO tempest.lib.common.rest_client [req-c8f744b2-c772-4863-889e-5a8e8ca61876 req-c8f744b2-c772-4863-889e-5a8e8ca61876 ] Request (ServerDiskConfigTestJSON:test_rebuild_server_with_manual_disk_config): 200 GET http://10.180.1.21/compute/v2.1/servers/1511e28f-9e34-4f8d-800b-30a5f13b441f 0.464s
2025-04-03 09:40:30.245 70676 INFO tempest.lib.common.rest_client [req-db8ddc3b-0b89-4623-990c-76498406d8b7 req-db8ddc3b-0b89-4623-990c-76498406d8b7 ] Request (ServerExternalEventsTest:tearDownClass): 200 GET http://10.180.1.21/compute/v2.1/servers/41b57770-ec44-4eec-bd28-d262d7d06d19 0.463s
2025-04-03 09:40:30.302 70662 INFO tempest.lib.common.rest_client [req-3b9c6105-176b-4f86-be3d-2f97fb674a9b req-3b9c6105-176b-4f86-be3d-2f97fb674a9b ] Request (SecurityGroupsTestJSON:test_list_security_groups_by_server): 200 GET http://10.180.1.21/compute/v2.1/servers/7d514a3b-75a1-4844-85aa-d65a0697d48b 0.450s
2025-04-03 09:40:30.554 70692 WARNING tempest.lib.common.ssh [-] Failed to establish authenticated ssh connection to cirros@10.180.180.245 ([Errno None] Unable to connect to port 22 on 10.180.180.245). Number attempts: 8. Retry after 9 seconds.: paramiko.ssh_exception.NoValidConnectionsError: [Errno None] Unable to connect to port 22 on 10.180.180.245
2025-04-03 09:40:30.618 70688 WARNING tempest.lib.common.ssh [-] Failed to establish authenticated ssh connection to cirros@10.180.180.237 ([Errno None] Unable to connect to port 22 on 10.180.180.237). Number attempts: 6. Retry after 7 seconds.: paramiko.ssh_exception.NoValidConnectionsError: [Errno None] Unable to connect to port 22 on 10.180.180.237
2025-04-03 09:40:30.703 70678 INFO tempest.lib.common.rest_client [req-7b03c6ff-46d6-4b43-bb57-2e5f1fd01c85 req-7b03c6ff-46d6-4b43-bb57-2e5f1fd01c85 ] Request (FloatingIPsAssociationTestJSON:test_associate_disassociate_floating_ip): 202 POST http://10.180.1.21/compute/v2.1/servers/6719a369-c375-4418-9dee-d272ce9e2e49/action 1.599s
2025-04-03 09:40:30.753 70656 INFO tempest.lib.common.rest_client [req-97bb402c-09f4-4a8f-835d-04b5b003eba3 req-97bb402c-09f4-4a8f-835d-04b5b003eba3 ] Request (VolumesAdminNegativeTest:test_update_attached_volume_with_nonexistent_volume_in_body): 200 GET http://10.180.1.21/compute/v2.1/servers/4dab8cfe-d63d-402e-8a02-b0370fb8ccda 0.793s
2025-04-03 09:40:30.846 70694 INFO tempest.lib.common.rest_client [req-f920a615-c327-44bd-9d55-f9c8d6f3e158 req-f920a615-c327-44bd-9d55-f9c8d6f3e158 ] Request (InstanceActionsTestJSON:setUpClass): 200 GET http://10.180.1.21/compute/v2.1/servers/219a506b-bd5d-4219-93a7-d3ae5a3cd1dd 0.877s
2025-04-03 09:40:30.857 70640 INFO tempest.lib.common.rest_client [req-243a746a-c055-4d12-80c7-56704f4876a5 req-243a746a-c055-4d12-80c7-56704f4876a5 ] Request (ImagesOneServerNegativeTestJSON:_run_cleanups): 202 POST http://10.180.1.21/compute/v2.1/servers 0.976s
2025-04-03 09:40:30.930 70674 INFO tempest.lib.common.rest_client [req-f2a00258-43e0-441f-9f5f-c65e2de0bb0d req-f2a00258-43e0-441f-9f5f-c65e2de0bb0d ] Request (ServersAdminTestJSON:setUpClass): 200 GET http://10.180.1.21/compute/v2.1/servers/a66efa57-ec03-4033-a7ce-11a1718c7400 0.888s
2025-04-03 09:40:30.939 70672 WARNING tempest.lib.common.ssh [-] Failed to establish authenticated ssh connection to cirros@10.180.180.183 ([Errno None] Unable to connect to port 22 on 10.180.180.183). Number attempts: 7. Retry after 8 seconds.: paramiko.ssh_exception.NoValidConnectionsError: [Errno None] Unable to connect to port 22 on 10.180.180.183
2025-04-03 09:40:30.939 70684 INFO tempest.lib.common.rest_client [req-6c7abfe6-05dc-4318-9a46-34ebf1363a0d req-6c7abfe6-05dc-4318-9a46-34ebf1363a0d ] Request (ServersAdminNegativeTestJSON:tearDownClass): 200 GET http://10.180.1.21/compute/v2.1/servers/9721c9fc-34f0-4bbe-9bb7-3db7081c1ee4 0.794s
2025-04-03 09:40:30.939 70660 WARNING tempest.lib.common.ssh [-] Failed to establish authenticated ssh connection to cirros@10.180.180.215 ([Errno None] Unable to connect to port 22 on 10.180.180.215). Number attempts: 4. Retry after 5 seconds.: paramiko.ssh_exception.NoValidConnectionsError: [Errno None] Unable to connect to port 22 on 10.180.180.215
2025-04-03 09:40:31.028 70670 INFO tempest.lib.common.rest_client [req-a23e930f-87c6-486f-a9a1-3e2f2130a840 req-a23e930f-87c6-486f-a9a1-3e2f2130a840 ] Request (ServerActionsV293TestJSON:setUpClass): 200 GET http://10.180.1.21/compute/v2.1/servers/3632ba87-541c-4505-88a9-926cf76bb012 0.817s
2025-04-03 09:40:31.031 70644 INFO tempest.lib.common.rest_client [req-cae5b365-78a8-4c2b-8708-eff922ad4607 req-cae5b365-78a8-4c2b-8708-eff922ad4607 ] Request (ServerPasswordTestJSON:setUpClass): 200 GET http://10.180.1.21/compute/v2.1/servers/417e9a6f-71dd-4b8d-a920-a31d71ec7778 0.817s
2025-04-03 09:40:31.143 70691 INFO tempest.lib.common.rest_client [req-17612f12-d105-4eff-bdf7-c56a9585e9be req-17612f12-d105-4eff-bdf7-c56a9585e9be ] Request (ServerRescueTestJSONUnderV235:tearDownClass): 200 GET http://10.180.1.21/compute/v2.1/servers/1d5c5e03-5ab9-42dc-8c58-4e0932e0f24f 0.790s
2025-04-03 09:40:31.158 70664 INFO tempest.lib.common.rest_client [req-d2508404-17f6-45dc-965d-b8fe47a5b781 req-d2508404-17f6-45dc-965d-b8fe47a5b781 ] Request (ServersAdmin275Test:tearDownClass): 200 GET http://10.180.1.21/compute/v2.1/servers/022c8901-8139-475f-bf6d-cb01fe98aef7 0.890s
2025-04-03 09:40:31.194 70668 WARNING tempest.lib.common.ssh [-] Failed to establish authenticated ssh connection to cirros@10.180.180.242 ([Errno None] Unable to connect to port 22 on 10.180.180.242). Number attempts: 6. Retry after 7 seconds.: paramiko.ssh_exception.NoValidConnectionsError: [Errno None] Unable to connect to port 22 on 10.180.180.242
2025-04-03 09:40:31.271 70652 INFO tempest.lib.common.rest_client [req-a8b34f77-143d-46a9-bd74-f7a688aeea5e req-a8b34f77-143d-46a9-bd74-f7a688aeea5e ] Request (ServerDiagnosticsV248Test:tearDownClass): 200 GET http://10.180.1.21/compute/v2.1/servers/873e4030-aa77-4072-a77c-dc775ed079e1 0.820s
2025-04-03 09:40:31.274 70650 INFO tempest.lib.common.rest_client [req-e41d8bfe-8b6f-43e5-be89-34f143d307db req-e41d8bfe-8b6f-43e5-be89-34f143d307db ] Request (DeleteServersAdminTestJSON:test_delete_server_while_in_error_state): 200 GET http://10.180.1.21/compute/v2.1/servers/6cfb4ee7-a7d8-4e2f-91c6-0f515535a17a 0.713s
2025-04-03 09:40:31.405 70686 INFO tempest.lib.common.rest_client [req-f1b4406b-81e4-4259-b338-6dde5fe070b1 req-f1b4406b-81e4-4259-b338-6dde5fe070b1 ] Request (AttachVolumeNegativeTest:test_attach_attached_volume_to_different_server): 200 GET http://10.180.1.21/compute/v2.1/servers/cde4f453-1a5a-4b73-8372-e4677e09d412 0.759s
2025-04-03 09:40:31.437 70678 INFO tempest.lib.common.rest_client [req-66188159-ea48-4287-b79b-61100725e3ec req-66188159-ea48-4287-b79b-61100725e3ec ] Request (FloatingIPsAssociationTestJSON:test_associate_disassociate_floating_ip): 200 GET http://10.180.1.21/compute/v2.1/os-floating-ips/8503b22d-4fc4-42fd-bfba-b78424530574 0.733s
2025-04-03 09:40:31.491 70658 INFO tempest.lib.common.rest_client [req-148e4617-2ca3-4000-ac0c-417ebe2ba617 req-148e4617-2ca3-4000-ac0c-417ebe2ba617 ] Request (ServersAaction247Test:test_create_backup): 200 GET http://10.180.1.21/compute/v2.1/servers/8c4ee39b-d092-478a-948d-767abdcb125c 0.753s
2025-04-03 09:40:31.510 70700 INFO tempest.lib.common.rest_client [req-e1a6b115-c93f-425c-8787-c831376922cb req-e1a6b115-c93f-425c-8787-c831376922cb ] Request (ServersTestJSON:test_create_server_specify_multibyte_character_name): 200 GET http://10.180.1.21/compute/v2.1/servers/ed288ade-cd87-4826-a363-b938d9a28122 0.697s
2025-04-03 09:40:31.530 70700 INFO tempest.common.waiters [-] State transition "BUILD/None" ==> "BUILD/block_device_mapping" after 39 second wait
2025-04-03 09:40:31.550 70640 INFO tempest.lib.common.rest_client [req-c206f908-f388-44e6-9471-265c7997ecf4 req-c206f908-f388-44e6-9471-265c7997ecf4 ] Request (ImagesOneServerNegativeTestJSON:_run_cleanups): 200 GET http://10.180.1.21/compute/v2.1/servers/9c9dbe1d-9cea-4413-90cf-f5dd87afa6a6 0.690s
2025-04-03 09:40:31.603 70666 INFO tempest.lib.common.rest_client [req-d98f875f-e5ee-4472-bcc7-d0cba21645f4 req-d98f875f-e5ee-4472-bcc7-d0cba21645f4 ] Request (ImagesTestJSON:test_create_image_from_stopped_server): 200 GET http://10.180.1.21/compute/v2.1/images/9cc3cc0a-1832-4d2a-bea1-6cc3821c41cc 0.724s
2025-04-03 09:40:31.606 70648 INFO tempest.lib.common.rest_client [req-a8202a8c-2023-4035-a3e8-deb7edee5dce req-a8202a8c-2023-4035-a3e8-deb7edee5dce ] Request (MigrationsAdminTest:test_resize_server_revert_deleted_flavor): 200 GET http://10.180.1.21/compute/v2.1/servers/5e75c073-fe40-43ea-8df9-242f5cf1fa20 0.570s
2025-04-03 09:40:31.686 70676 INFO tempest.lib.common.rest_client [req-1fa46d63-b1a5-40ed-afb2-08f5ff9f3a92 req-1fa46d63-b1a5-40ed-afb2-08f5ff9f3a92 ] Request (ServerExternalEventsTest:tearDownClass): 200 GET http://10.180.1.21/compute/v2.1/servers/41b57770-ec44-4eec-bd28-d262d7d06d19 0.430s
2025-04-03 09:40:31.695 70676 INFO tempest.common.waiters [-] State transition "ACTIVE/deleting" ==> "DELETED/None" after 4 second wait
2025-04-03 09:40:31.753 70662 INFO tempest.lib.common.rest_client [req-66b02426-c767-4a93-bab6-042428fd13d4 req-66b02426-c767-4a93-bab6-042428fd13d4 ] Request (SecurityGroupsTestJSON:test_list_security_groups_by_server): 200 GET http://10.180.1.21/compute/v2.1/servers/7d514a3b-75a1-4844-85aa-d65a0697d48b 0.439s
2025-04-03 09:40:31.784 70698 INFO tempest.lib.common.rest_client [req-04362f04-1e3d-4a1c-a0a9-bc447d87a213 req-04362f04-1e3d-4a1c-a0a9-bc447d87a213 ] Request (ServerDiskConfigTestJSON:test_rebuild_server_with_manual_disk_config): 200 GET http://10.180.1.21/compute/v2.1/servers/1511e28f-9e34-4f8d-800b-30a5f13b441f 0.587s
2025-04-03 09:40:31.791 70698 INFO tempest.common.waiters [-] State transition "BUILD/spawning" ==> "ACTIVE/None" after 54 second wait
2025-04-03 09:40:32.074 70656 INFO tempest.lib.common.rest_client [req-7521ee04-18d5-4b87-938f-7aef3ed06e1f req-7521ee04-18d5-4b87-938f-7aef3ed06e1f ] Request (VolumesAdminNegativeTest:test_update_attached_volume_with_nonexistent_volume_in_body): 200 GET http://10.180.1.21/compute/v2.1/servers/4dab8cfe-d63d-402e-8a02-b0370fb8ccda 0.313s
2025-04-03 09:40:32.398 70698 INFO tempest.lib.common.rest_client [req-d39b7567-b1e4-4e27-b148-85ef49197654 req-d39b7567-b1e4-4e27-b148-85ef49197654 ] Request (ServerDiskConfigTestJSON:test_rebuild_server_with_manual_disk_config): 200 GET http://10.180.1.21/compute/v2.1/servers/1511e28f-9e34-4f8d-800b-30a5f13b441f 0.606s
2025-04-03 09:40:32.605 70694 INFO tempest.lib.common.rest_client [req-6e733ffa-b0ea-4b66-8fb3-8f2788a068a7 req-6e733ffa-b0ea-4b66-8fb3-8f2788a068a7 ] Request (InstanceActionsTestJSON:setUpClass): 200 GET http://10.180.1.21/compute/v2.1/servers/219a506b-bd5d-4219-93a7-d3ae5a3cd1dd 0.752s
2025-04-03 09:40:32.708 70674 INFO tempest.lib.common.rest_client [req-77c508d6-cbba-4809-906f-3699a76fafea req-77c508d6-cbba-4809-906f-3699a76fafea ] Request (ServersAdminTestJSON:setUpClass): 200 GET http://10.180.1.21/compute/v2.1/servers/a66efa57-ec03-4033-a7ce-11a1718c7400 0.769s
2025-04-03 09:40:32.795 70684 INFO tempest.lib.common.rest_client [req-4176f39d-35b5-462a-a47c-21120c674005 req-4176f39d-35b5-462a-a47c-21120c674005 ] Request (ServersAdminNegativeTestJSON:tearDownClass): 200 GET http://10.180.1.21/compute/v2.1/servers/9721c9fc-34f0-4bbe-9bb7-3db7081c1ee4 0.845s
2025-04-03 09:40:32.850 70644 INFO tempest.lib.common.rest_client [req-36a26865-3ad2-4c42-aa23-ae106dcf64f4 req-36a26865-3ad2-4c42-aa23-ae106dcf64f4 ] Request (ServerPasswordTestJSON:setUpClass): 200 GET http://10.180.1.21/compute/v2.1/servers/417e9a6f-71dd-4b8d-a920-a31d71ec7778 0.807s
2025-04-03 09:40:32.932 70670 INFO tempest.lib.common.rest_client [req-f1c5a020-268e-4c1e-b05a-254aa64062ba req-f1c5a020-268e-4c1e-b05a-254aa64062ba ] Request (ServerActionsV293TestJSON:setUpClass): 200 GET http://10.180.1.21/compute/v2.1/servers/3632ba87-541c-4505-88a9-926cf76bb012 0.887s
2025-04-03 09:40:33.061 70691 INFO tempest.lib.common.rest_client [req-118da993-beed-4188-a106-f73a1b6e8ae1 req-118da993-beed-4188-a106-f73a1b6e8ae1 ] Request (ServerRescueTestJSONUnderV235:tearDownClass): 200 GET http://10.180.1.21/compute/v2.1/servers/1d5c5e03-5ab9-42dc-8c58-4e0932e0f24f 0.907s
