2025-04-03 09:41:09.370 70674 INFO tempest.lib.common.rest_client [req-12329a60-1a2c-4783-8549-6207e0d2c146 req-12329a60-1a2c-4783-8549-6207e0d2c146 ] Request (ServersAdminTestJSON:test_create_server_with_scheduling_hint): 200 GET http://10.180.1.21/compute/v2.1/servers/4a44c140-ea55-4c4f-8418-d17cb551d7df 0.059s
2025-04-03 09:41:09.714 70652 INFO tempest.lib.common.rest_client [req-babf1b65-c049-478d-baf5-7bf440e924f9 req-babf1b65-c049-478d-baf5-7bf440e924f9 ] Request (TenantUsagesTestJSON:setUpClass): 200 GET http://10.180.1.21/compute/v2.1/servers/ea1de33c-321b-4e82-a816-0d703aea77ad 0.315s
2025-04-03 09:41:09.827 70648 INFO tempest.lib.common.rest_client [req-12f22dd3-2dec-4a83-bd29-e0f2434c34cc req-12f22dd3-2dec-4a83-bd29-e0f2434c34cc ] Request (MigrationsAdminTest:test_resize_server_revert_deleted_flavor): 200 GET http://10.180.1.21/compute/v2.1/servers/5e75c073-fe40-43ea-8df9-242f5cf1fa20 0.288s
2025-04-03 09:41:09.834 70648 INFO tempest.common.waiters [-] State transition "BUILD/block_device_mapping" ==> "BUILD/spawning" after 44 second wait
2025-04-03 09:41:09.874 70670 INFO tempest.lib.common.rest_client [req-72f9fffe-81f6-440c-acc4-e6552cd9ac15 req-72f9fffe-81f6-440c-acc4-e6552cd9ac15 ] Request (ServerActionsV293TestJSON:setUpClass): 200 GET http://10.180.1.21/compute/v2.1/servers/3632ba87-541c-4505-88a9-926cf76bb012 0.268s
2025-04-03 09:41:09.906 70658 INFO tempest.lib.common.rest_client [req-3f698e71-c7ea-4712-be5d-43947b0fa1fb req-3f698e71-c7ea-4712-be5d-43947b0fa1fb ] Request (ServersAaction247Test:tearDownClass): 200 GET http://10.180.1.21/compute/v2.1/servers/8c4ee39b-d092-478a-948d-767abdcb125c 0.281s
2025-04-03 09:41:09.961 70666 INFO tempest.lib.common.rest_client [req-ac3f75e0-654a-4122-aa60-5f8d7c214b32 req-ac3f75e0-654a-4122-aa60-5f8d7c214b32 ] Request (ImagesTestJSON:test_create_image_from_suspended_server): 200 GET http://10.180.1.21/compute/v2.1/servers/426ae173-92c2-4ef6-b8e8-19578f5c95f2 0.195s
2025-04-03 09:41:09.968 70692 INFO tempest.lib.common.rest_client [req-4ae81b61-f5c4-4f22-a1d6-f5f80ab1c058 req-4ae81b61-f5c4-4f22-a1d6-f5f80ab1c058 ] Request (ServersTestFqdnHostnames:tearDownClass): 200 GET http://10.180.1.21/compute/v2.1/servers/3bdabee6-4428-46c2-881b-f0be3bab1363 0.270s
2025-04-03 09:41:10.033 70684 INFO tempest.lib.common.rest_client [req-207206bb-57ff-4d2a-91a8-c79a038d182c req-207206bb-57ff-4d2a-91a8-c79a038d182c ] Request (ServersAdminNegativeTestJSON:tearDownClass): 200 GET http://10.180.1.21/compute/v2.1/servers/a5bcecec-cc2a-4bfd-9d3b-1a1e1fdaaf33 0.199s
2025-04-03 09:41:10.079 70642 INFO tempest.lib.common.rest_client [req-caa3bf73-f303-48f4-bbfb-e671ddd8443e req-caa3bf73-f303-48f4-bbfb-e671ddd8443e ] Request (ServerActionsTestJSON:test_lock_unlock_server): 200 GET http://10.180.1.21/compute/v2.1/servers/a6132588-97ca-410f-86d8-406b4aec6644 0.288s
2025-04-03 09:41:10.092 70694 INFO tempest.lib.common.rest_client [req-23832f54-3ee0-4fe1-9580-b8d1d0f08d4f req-23832f54-3ee0-4fe1-9580-b8d1d0f08d4f ] Request (InstanceActionsTestJSON:tearDownClass): 200 GET http://10.180.1.21/compute/v2.1/servers/219a506b-bd5d-4219-93a7-d3ae5a3cd1dd 0.241s
2025-04-03 09:41:10.111 70678 INFO tempest.lib.common.rest_client [req-d0191670-a223-40ad-96b5-08d9613706de req-d0191670-a223-40ad-96b5-08d9613706de ] Request (FloatingIPsAssociationTestJSON:tearDownClass): 404 GET http://10.180.1.21/compute/v2.1/servers/a77f31c2-0c08-449e-8a0b-70e36098af05 0.120s
2025-04-03 09:41:10.129 70664 INFO tempest.lib.common.rest_client [req-a8b4ff85-5cc4-41b2-953d-bb720ec7f0fb req-a8b4ff85-5cc4-41b2-953d-bb720ec7f0fb ] Request (ImagesNegativeTestJSON:test_create_image_from_deleted_server): 200 GET http://10.180.1.21/compute/v2.1/servers/c13a57b0-bbc6-4a38-bf76-ac9336e6cf45 0.214s
2025-04-03 09:41:10.168 70698 INFO tempest.lib.common.rest_client [req-e370bac2-ed9c-4afe-b3ad-b361a7540748 req-e370bac2-ed9c-4afe-b3ad-b361a7540748 ] Request (ServerDiskConfigTestJSON:test_resize_server_from_auto_to_manual): 200 GET http://10.180.1.21/compute/v2.1/servers/7a04090c-11e7-4ce4-8789-c361b4eb8eff 0.078s
2025-04-03 09:41:10.215 70650 INFO tempest.lib.common.rest_client [req-57fe7c00-f387-4770-a46f-15d33208535c req-57fe7c00-f387-4770-a46f-15d33208535c ] Request (ServersTestBootFromVolume:setUpClass): 200 GET http://10.180.1.21/volume/v3/volumes/0db3ec61-7ba7-4ce0-8e00-958db7d9049b 0.043s
2025-04-03 09:41:10.239 70700 INFO tempest.lib.common.rest_client [req-ba5c938f-3a9d-41fd-a26f-393572c59a63 req-ba5c938f-3a9d-41fd-a26f-393572c59a63 ] Request (ServersTestJSON:test_create_server_with_ipv6_addr_only): 200 GET http://10.180.1.21/compute/v2.1/servers/237ddaf4-cc8d-4d51-ae78-e7bad8568a27 0.078s
2025-04-03 09:41:10.498 70644 INFO tempest.lib.common.rest_client [req-cadbff3f-d7d8-441d-a4f2-d6f36b6e6795 req-cadbff3f-d7d8-441d-a4f2-d6f36b6e6795 ] Request (ServerPasswordTestJSON:setUpClass): 200 GET http://10.180.1.21/compute/v2.1/servers/417e9a6f-71dd-4b8d-a920-a31d71ec7778 0.231s
2025-04-03 09:41:10.509 70644 INFO tempest.common.waiters [-] State transition "BUILD/spawning" ==> "ACTIVE/None" after 58 second wait
2025-04-03 09:41:10.576 70640 INFO tempest.lib.common.rest_client [req-de0aa3a2-b6ef-4822-95b2-248f79b6d307 req-de0aa3a2-b6ef-4822-95b2-248f79b6d307 ] Request (ImagesOneServerNegativeTestJSON:_run_cleanups): 200 GET http://10.180.1.21/compute/v2.1/servers/9c9dbe1d-9cea-4413-90cf-f5dd87afa6a6 0.300s
2025-04-03 09:41:10.635 70676 INFO tempest.lib.common.rest_client [req-98c491b1-cc3a-4ce1-8430-47810f9b6f88 req-98c491b1-cc3a-4ce1-8430-47810f9b6f88 ] Request (AttachInterfacesUnderV243Test:test_add_remove_fixed_ip): 200 GET http://10.180.1.21/compute/v2.1/servers/714a7b10-24f8-4317-8148-f99b85e9ecd5 0.329s
2025-04-03 09:41:10.695 70662 INFO tempest.lib.common.rest_client [req-5ebf8234-cc75-4837-8f3e-7ff766c7e5de req-5ebf8234-cc75-4837-8f3e-7ff766c7e5de ] Request (SecurityGroupsTestJSON:test_server_security_groups): 200 GET http://10.180.1.21/compute/v2.1/servers/a44af6d2-dbee-420c-a4a1-4ee2cb3a6d04 0.363s
2025-04-03 09:41:10.717 70678 INFO tempest.lib.common.rest_client [req-1d3c8f6e-9024-49e3-85e0-5ab66a629d54 req-1d3c8f6e-9024-49e3-85e0-5ab66a629d54 ] Request (FloatingIPsAssociationTestJSON:tearDownClass): 202 DELETE http://10.180.1.21/compute/v2.1/os-floating-ips/8503b22d-4fc4-42fd-bfba-b78424530574 0.606s
2025-04-03 09:41:10.748 70674 INFO tempest.lib.common.rest_client [req-aff35db7-e914-4538-afc2-ba8bc45afde2 req-aff35db7-e914-4538-afc2-ba8bc45afde2 ] Request (ServersAdminTestJSON:test_create_server_with_scheduling_hint): 200 GET http://10.180.1.21/compute/v2.1/servers/4a44c140-ea55-4c4f-8418-d17cb551d7df 0.370s
2025-04-03 09:41:10.786 70644 INFO tempest.lib.common.rest_client [req-2ec2cccf-e787-4caf-b04e-3b2abc42da41 req-2ec2cccf-e787-4caf-b04e-3b2abc42da41 ] Request (ServerPasswordTestJSON:test_delete_server_password): 204 DELETE http://10.180.1.21/compute/v2.1/servers/417e9a6f-71dd-4b8d-a920-a31d71ec7778/os-server-password 0.275s
2025-04-03 09:41:10.858 70678 INFO tempest.lib.common.rest_client [req-35b2dbc5-135d-4433-98b6-02607c224b91 req-35b2dbc5-135d-4433-98b6-02607c224b91 ] Request (FloatingIPsAssociationTestJSON:tearDownClass): 204 DELETE http://10.180.1.21/compute/v2.1/servers/6719a369-c375-4418-9dee-d272ce9e2e49 0.141s
2025-04-03 09:41:10.868 70652 INFO tempest.lib.common.rest_client [req-d20e3acf-c435-4b1b-a02a-0af27a660a9e req-d20e3acf-c435-4b1b-a02a-0af27a660a9e ] Request (TenantUsagesTestJSON:setUpClass): 200 GET http://10.180.1.21/compute/v2.1/servers/ea1de33c-321b-4e82-a816-0d703aea77ad 0.139s
2025-04-03 09:41:10.885 70644 INFO tempest.lib.common.rest_client [req-aea8bad9-e98e-433a-8c04-7b248d5014e2 req-aea8bad9-e98e-433a-8c04-7b248d5014e2 ] Request (ServerPasswordTestJSON:test_get_server_password): 200 GET http://10.180.1.21/compute/v2.1/servers/417e9a6f-71dd-4b8d-a920-a31d71ec7778/os-server-password 0.098s
2025-04-03 09:41:11.020 70648 INFO tempest.lib.common.rest_client [req-70aaf849-3490-497a-91f7-0efc08e34168 req-70aaf849-3490-497a-91f7-0efc08e34168 ] Request (MigrationsAdminTest:test_resize_server_revert_deleted_flavor): 200 GET http://10.180.1.21/compute/v2.1/servers/5e75c073-fe40-43ea-8df9-242f5cf1fa20 0.185s
2025-04-03 09:41:11.072 70678 INFO tempest.lib.common.rest_client [req-a87fed46-71f0-4776-8e92-d014472e6a73 req-a87fed46-71f0-4776-8e92-d014472e6a73 ] Request (FloatingIPsAssociationTestJSON:tearDownClass): 200 GET http://10.180.1.21/compute/v2.1/servers/6719a369-c375-4418-9dee-d272ce9e2e49 0.213s
2025-04-03 09:41:11.120 70644 INFO tempest.lib.common.rest_client [req-d12ebd28-df5c-4f7a-8a7b-cd417c3cd595 req-d12ebd28-df5c-4f7a-8a7b-cd417c3cd595 ] Request (ServerPasswordTestJSON:tearDownClass): 204 DELETE http://10.180.1.21/compute/v2.1/servers/417e9a6f-71dd-4b8d-a920-a31d71ec7778 0.233s
2025-04-03 09:41:11.190 70670 INFO tempest.lib.common.rest_client [req-caaf814e-11dc-49c3-8bd6-149e2e905853 req-caaf814e-11dc-49c3-8bd6-149e2e905853 ] Request (ServerActionsV293TestJSON:setUpClass): 200 GET http://10.180.1.21/compute/v2.1/servers/3632ba87-541c-4505-88a9-926cf76bb012 0.301s
2025-04-03 09:41:11.198 70658 INFO tempest.lib.common.rest_client [req-dfc3054d-fcff-4e44-ab6f-8dd2caaae50d req-dfc3054d-fcff-4e44-ab6f-8dd2caaae50d ] Request (ServersAaction247Test:tearDownClass): 200 GET http://10.180.1.21/compute/v2.1/servers/8c4ee39b-d092-478a-948d-767abdcb125c 0.281s
2025-04-03 09:41:11.243 70666 INFO tempest.lib.common.rest_client [req-148796f3-7152-4081-90ac-ee67721c9744 req-148796f3-7152-4081-90ac-ee67721c9744 ] Request (ImagesTestJSON:test_create_image_from_suspended_server): 200 GET http://10.180.1.21/compute/v2.1/servers/426ae173-92c2-4ef6-b8e8-19578f5c95f2 0.273s
2025-04-03 09:41:11.257 70692 INFO tempest.lib.common.rest_client [req-37f6136b-0bf5-4481-80ac-3eb0fb896101 req-37f6136b-0bf5-4481-80ac-3eb0fb896101 ] Request (ServersTestFqdnHostnames:tearDownClass): 200 GET http://10.180.1.21/compute/v2.1/servers/3bdabee6-4428-46c2-881b-f0be3bab1363 0.282s
2025-04-03 09:41:11.258 70660 WARNING tempest.lib.common.ssh [-] Failed to establish authenticated ssh connection to cirros@10.180.180.215 ([Errno None] Unable to connect to port 22 on 10.180.180.215). Number attempts: 8. Retry after 9 seconds.: paramiko.ssh_exception.NoValidConnectionsError: [Errno None] Unable to connect to port 22 on 10.180.180.215
2025-04-03 09:41:11.259 70650 INFO tempest.lib.common.rest_client [req-88a9721e-f7e6-4402-8ed1-f113e024523d req-88a9721e-f7e6-4402-8ed1-f113e024523d ] Request (ServersTestBootFromVolume:setUpClass): 200 GET http://10.180.1.21/volume/v3/volumes/0db3ec61-7ba7-4ce0-8e00-958db7d9049b 0.033s
2025-04-03 09:41:11.312 70684 INFO tempest.lib.common.rest_client [req-8dbd9fc8-e3f9-4fc0-8499-365d7e9fe782 req-8dbd9fc8-e3f9-4fc0-8499-365d7e9fe782 ] Request (ServersAdminNegativeTestJSON:tearDownClass): 200 GET http://10.180.1.21/compute/v2.1/servers/a5bcecec-cc2a-4bfd-9d3b-1a1e1fdaaf33 0.268s
2025-04-03 09:41:11.364 70642 INFO tempest.lib.common.rest_client [req-38e72831-9eb1-499c-abea-8089e1792f04 req-38e72831-9eb1-499c-abea-8089e1792f04 ] Request (ServerActionsTestJSON:test_lock_unlock_server): 200 GET http://10.180.1.21/compute/v2.1/servers/a6132588-97ca-410f-86d8-406b4aec6644 0.273s
2025-04-03 09:41:11.371 70642 INFO tempest.common.waiters [-] State transition "SHUTOFF/powering-on" ==> "ACTIVE/None" after 5 second wait
2025-04-03 09:41:11.380 70694 INFO tempest.lib.common.rest_client [req-47959c69-560b-4516-9836-0334d1e58374 req-47959c69-560b-4516-9836-0334d1e58374 ] Request (InstanceActionsTestJSON:tearDownClass): 200 GET http://10.180.1.21/compute/v2.1/servers/219a506b-bd5d-4219-93a7-d3ae5a3cd1dd 0.279s
2025-04-03 09:41:11.445 70664 INFO tempest.lib.common.rest_client [req-65a4c5ca-0c69-4763-89e4-2be9726e6310 req-65a4c5ca-0c69-4763-89e4-2be9726e6310 ] Request (ImagesNegativeTestJSON:test_create_image_from_deleted_server): 200 GET http://10.180.1.21/compute/v2.1/servers/c13a57b0-bbc6-4a38-bf76-ac9336e6cf45 0.308s
2025-04-03 09:41:11.492 70698 INFO tempest.lib.common.rest_client [req-d578b208-a05d-4727-a873-45c6283eb5ac req-d578b208-a05d-4727-a873-45c6283eb5ac ] Request (ServerDiskConfigTestJSON:test_resize_server_from_auto_to_manual): 200 GET http://10.180.1.21/compute/v2.1/servers/7a04090c-11e7-4ce4-8789-c361b4eb8eff 0.314s
2025-04-03 09:41:11.495 70644 INFO tempest.lib.common.rest_client [req-1f0aadbe-05ca-4f7f-86c2-bf5f0ba4d346 req-1f0aadbe-05ca-4f7f-86c2-bf5f0ba4d346 ] Request (ServerPasswordTestJSON:tearDownClass): 200 GET http://10.180.1.21/compute/v2.1/servers/417e9a6f-71dd-4b8d-a920-a31d71ec7778 0.375s
2025-04-03 09:41:11.543 70700 INFO tempest.lib.common.rest_client [req-8a57feba-4a1b-4794-8184-5b03358dda5b req-8a57feba-4a1b-4794-8184-5b03358dda5b ] Request (ServersTestJSON:test_create_server_with_ipv6_addr_only): 200 GET http://10.180.1.21/compute/v2.1/servers/237ddaf4-cc8d-4d51-ae78-e7bad8568a27 0.292s
2025-04-03 09:41:11.591 70642 INFO tempest.lib.common.rest_client [req-f800d2f2-d087-4a0d-ab79-a77e0eff11cb req-f800d2f2-d087-4a0d-ab79-a77e0eff11cb ] Request (ServerActionsTestJSON:tearDown): 200 GET http://10.180.1.21/compute/v2.1/servers/a6132588-97ca-410f-86d8-406b4aec6644 0.220s
2025-04-03 09:41:11.646 70640 INFO tempest.lib.common.rest_client [req-cbca1b2e-ace6-4200-ac18-f61eefb6825c req-cbca1b2e-ace6-4200-ac18-f61eefb6825c ] Request (ImagesOneServerNegativeTestJSON:_run_cleanups): 200 GET http://10.180.1.21/compute/v2.1/servers/9c9dbe1d-9cea-4413-90cf-f5dd87afa6a6 0.058s
2025-04-03 09:41:11.675 70642 INFO tempest.lib.common.rest_client [req-6bd66286-3cdb-47bc-a1b3-954ca7207064 req-6bd66286-3cdb-47bc-a1b3-954ca7207064 ] Request (ServerActionsTestJSON:_run_cleanups): 202 POST http://10.180.1.21/compute/v2.1/servers/a6132588-97ca-410f-86d8-406b4aec6644/action 0.076s
2025-04-03 09:41:11.700 70676 INFO tempest.lib.common.rest_client [req-d1cd82d7-d1ec-4d96-8256-54badd19ff49 req-d1cd82d7-d1ec-4d96-8256-54badd19ff49 ] Request (AttachInterfacesUnderV243Test:test_add_remove_fixed_ip): 200 GET http://10.180.1.21/compute/v2.1/servers/714a7b10-24f8-4317-8148-f99b85e9ecd5 0.052s
2025-04-03 09:41:11.758 70662 INFO tempest.lib.common.rest_client [req-4967077e-7cdf-4cef-9a3d-6979e36adff0 req-4967077e-7cdf-4cef-9a3d-6979e36adff0 ] Request (SecurityGroupsTestJSON:test_server_security_groups): 200 GET http://10.180.1.21/compute/v2.1/servers/a44af6d2-dbee-420c-a4a1-4ee2cb3a6d04 0.053s
2025-04-03 09:41:11.771 70642 INFO tempest.lib.common.rest_client [req-4d9644b5-aca3-4fc2-a66e-44c6af7bf3c2 req-4d9644b5-aca3-4fc2-a66e-44c6af7bf3c2 ] Request (ServerActionsTestJSON:setUp): 200 GET http://10.180.1.21/compute/v2.1/servers/a6132588-97ca-410f-86d8-406b4aec6644 0.095s
2025-04-03 09:41:11.808 70674 INFO tempest.lib.common.rest_client [req-8e576146-7fed-44b0-bcbe-7580f1415d7b req-8e576146-7fed-44b0-bcbe-7580f1415d7b ] Request (ServersAdminTestJSON:test_create_server_with_scheduling_hint): 200 GET http://10.180.1.21/compute/v2.1/servers/4a44c140-ea55-4c4f-8418-d17cb551d7df 0.050s
2025-04-03 09:41:11.862 70642 INFO tempest.lib.common.rest_client [req-d2ea9eb0-51b7-4d88-af31-2e43f63ec325 req-d2ea9eb0-51b7-4d88-af31-2e43f63ec325 ] Request (ServerActionsTestJSON:test_reboot_server_hard): 200 GET http://10.180.1.21/compute/v2.1/servers/a6132588-97ca-410f-86d8-406b4aec6644 0.084s
2025-04-03 09:41:11.871 70642 INFO tempest.lib.common.ssh [-] Creating ssh connection to '10.180.180.137:22' as 'cirros' with public key authentication
2025-04-03 09:41:11.933 70652 INFO tempest.lib.common.rest_client [req-31277142-aa2d-44cc-ae09-33388ccf8861 req-31277142-aa2d-44cc-ae09-33388ccf8861 ] Request (TenantUsagesTestJSON:setUpClass): 200 GET http://10.180.1.21/compute/v2.1/servers/ea1de33c-321b-4e82-a816-0d703aea77ad 0.053s
2025-04-03 09:41:11.940 70652 INFO tempest.common.waiters [-] State transition "BUILD/scheduling" ==> "BUILD/None" after 9 second wait
2025-04-03 09:41:12.160 70648 INFO tempest.lib.common.rest_client [req-dc6885a9-2682-4c02-9163-1cfe3d5e6b53 req-dc6885a9-2682-4c02-9163-1cfe3d5e6b53 ] Request (MigrationsAdminTest:test_resize_server_revert_deleted_flavor): 200 GET http://10.180.1.21/compute/v2.1/servers/5e75c073-fe40-43ea-8df9-242f5cf1fa20 0.128s
2025-04-03 09:41:12.196 70678 INFO tempest.lib.common.rest_client [req-08fc8006-b3d5-4688-8b1b-c7628142184f req-08fc8006-b3d5-4688-8b1b-c7628142184f ] Request (FloatingIPsAssociationTestJSON:tearDownClass): 200 GET http://10.180.1.21/compute/v2.1/servers/6719a369-c375-4418-9dee-d272ce9e2e49 0.116s
2025-04-03 09:41:12.282 70658 INFO tempest.lib.common.rest_client [req-d8239c21-5718-4788-9f2d-140dcaf7830e req-d8239c21-5718-4788-9f2d-140dcaf7830e ] Request (ServersAaction247Test:tearDownClass): 200 GET http://10.180.1.21/compute/v2.1/servers/8c4ee39b-d092-478a-948d-767abdcb125c 0.073s
2025-04-03 09:41:12.283 70686 WARNING tempest.lib.common.ssh [-] Failed to establish authenticated ssh connection to cirros@10.180.180.181 ([Errno None] Unable to connect to port 22 on 10.180.180.181). Number attempts: 2. Retry after 3 seconds.: paramiko.ssh_exception.NoValidConnectionsError: [Errno None] Unable to connect to port 22 on 10.180.180.181
2025-04-03 09:41:12.302 70650 INFO tempest.lib.common.rest_client [req-ad7acac1-f5d8-4737-8d31-7db98dd79cb8 req-ad7acac1-f5d8-4737-8d31-7db98dd79cb8 ] Request (ServersTestBootFromVolume:setUpClass): 200 GET http://10.180.1.21/volume/v3/volumes/0db3ec61-7ba7-4ce0-8e00-958db7d9049b 0.035s
2025-04-03 09:41:12.349 70666 INFO tempest.lib.common.rest_client [req-1c564781-ae6b-47ab-817b-79e65419a482 req-1c564781-ae6b-47ab-817b-79e65419a482 ] Request (ImagesTestJSON:test_create_image_from_suspended_server): 200 GET http://10.180.1.21/compute/v2.1/servers/426ae173-92c2-4ef6-b8e8-19578f5c95f2 0.095s
2025-04-03 09:41:12.375 70670 INFO tempest.lib.common.rest_client [req-d4b104ce-69f9-4d29-b840-52ac54ae56ee req-d4b104ce-69f9-4d29-b840-52ac54ae56ee ] Request (ServerActionsV293TestJSON:setUpClass): 200 GET http://10.180.1.21/compute/v2.1/servers/3632ba87-541c-4505-88a9-926cf76bb012 0.172s
2025-04-03 09:41:12.417 70692 INFO tempest.lib.common.rest_client [req-82537f4b-1f96-45b5-af67-9c76bb6416b2 req-82537f4b-1f96-45b5-af67-9c76bb6416b2 ] Request (ServersTestFqdnHostnames:tearDownClass): 200 GET http://10.180.1.21/compute/v2.1/servers/3bdabee6-4428-46c2-881b-f0be3bab1363 0.152s
2025-04-03 09:41:12.441 70684 INFO tempest.lib.common.rest_client [req-a04bf0c7-6596-4514-b148-0d1fc5bfa872 req-a04bf0c7-6596-4514-b148-0d1fc5bfa872 ] Request (ServersAdminNegativeTestJSON:tearDownClass): 200 GET http://10.180.1.21/compute/v2.1/servers/a5bcecec-cc2a-4bfd-9d3b-1a1e1fdaaf33 0.118s
2025-04-03 09:41:12.477 70694 INFO tempest.lib.common.rest_client [req-62844261-1cf0-4c56-91f5-270115a568cc req-62844261-1cf0-4c56-91f5-270115a568cc ] Request (InstanceActionsTestJSON:tearDownClass): 200 GET http://10.180.1.21/compute/v2.1/servers/219a506b-bd5d-4219-93a7-d3ae5a3cd1dd 0.090s
2025-04-03 09:41:12.504 70664 INFO tempest.lib.common.rest_client [req-20f08b50-f6f5-41e6-ac45-2d446eb532a0 req-20f08b50-f6f5-41e6-ac45-2d446eb532a0 ] Request (ImagesNegativeTestJSON:test_create_image_from_deleted_server): 200 GET http://10.180.1.21/compute/v2.1/servers/c13a57b0-bbc6-4a38-bf76-ac9336e6cf45 0.051s
2025-04-03 09:41:12.542 70656 WARNING tempest.lib.common.ssh [-] Failed to establish authenticated ssh connection to cirros@10.180.180.210 ([Errno None] Unable to connect to port 22 on 10.180.180.210). Number attempts: 3. Retry after 4 seconds.: paramiko.ssh_exception.NoValidConnectionsError: [Errno None] Unable to connect to port 22 on 10.180.180.210
2025-04-03 09:41:12.576 70698 INFO tempest.lib.common.rest_client [req-ce488aff-5a61-485f-85e3-a462fb1066b4 req-ce488aff-5a61-485f-85e3-a462fb1066b4 ] Request (ServerDiskConfigTestJSON:test_resize_server_from_auto_to_manual): 200 GET http://10.180.1.21/compute/v2.1/servers/7a04090c-11e7-4ce4-8789-c361b4eb8eff 0.074s
2025-04-03 09:41:12.621 70644 INFO tempest.lib.common.rest_client [req-1cf28fe1-c240-4d87-b6c6-74335669ba89 req-1cf28fe1-c240-4d87-b6c6-74335669ba89 ] Request (ServerPasswordTestJSON:tearDownClass): 200 GET http://10.180.1.21/compute/v2.1/servers/417e9a6f-71dd-4b8d-a920-a31d71ec7778 0.118s
2025-04-03 09:41:12.640 70700 INFO tempest.lib.common.rest_client [req-ca2d2fea-8391-4c15-802a-968fd745ecc8 req-ca2d2fea-8391-4c15-802a-968fd745ecc8 ] Request (ServersTestJSON:test_create_server_with_ipv6_addr_only): 200 GET http://10.180.1.21/compute/v2.1/servers/237ddaf4-cc8d-4d51-ae78-e7bad8568a27 0.089s
2025-04-03 09:41:12.772 70676 INFO tempest.lib.common.rest_client [req-4f1c39ee-30b2-487c-9661-aba1bca6ce82 req-4f1c39ee-30b2-487c-9661-aba1bca6ce82 ] Request (AttachInterfacesUnderV243Test:test_add_remove_fixed_ip): 200 GET http://10.180.1.21/compute/v2.1/servers/714a7b10-24f8-4317-8148-f99b85e9ecd5 0.063s
2025-04-03 09:41:12.783 70696 INFO paramiko.transport [-] Connected (version 2.0, client dropbear_2020.81)
2025-04-03 09:41:12.793 70688 WARNING tempest.lib.common.ssh [-] Failed to establish authenticated ssh connection to cirros@10.180.180.237 ([Errno None] Unable to connect to port 22 on 10.180.180.237). Number attempts: 10. Retry after 11 seconds.: paramiko.ssh_exception.NoValidConnectionsError: [Errno None] Unable to connect to port 22 on 10.180.180.237
2025-04-03 09:41:12.804 70640 INFO tempest.lib.common.rest_client [req-95c8fde7-6b10-4a7f-bf91-fa833e5adefa req-95c8fde7-6b10-4a7f-bf91-fa833e5adefa ] Request (ImagesOneServerNegativeTestJSON:_run_cleanups): 200 GET http://10.180.1.21/compute/v2.1/servers/9c9dbe1d-9cea-4413-90cf-f5dd87afa6a6 0.150s
2025-04-03 09:41:12.812 70640 INFO tempest.common.waiters [-] State transition "BUILD/None" ==> "BUILD/networking" after 41 second wait
2025-04-03 09:41:12.829 70662 INFO tempest.lib.common.rest_client [req-f144ebbf-ddfe-42a6-965b-ef2c22bbf7d8 req-f144ebbf-ddfe-42a6-965b-ef2c22bbf7d8 ] Request (SecurityGroupsTestJSON:test_server_security_groups): 200 GET http://10.180.1.21/compute/v2.1/servers/a44af6d2-dbee-420c-a4a1-4ee2cb3a6d04 0.062s
2025-04-03 09:41:12.870 70674 INFO tempest.lib.common.rest_client [req-1d5c7a82-fc3e-4e98-bd6f-e46f80c861a2 req-1d5c7a82-fc3e-4e98-bd6f-e46f80c861a2 ] Request (ServersAdminTestJSON:test_create_server_with_scheduling_hint): 200 GET http://10.180.1.21/compute/v2.1/servers/4a44c140-ea55-4c4f-8418-d17cb551d7df 0.054s
2025-04-03 09:41:12.884 70696 INFO paramiko.transport [-] Authentication (publickey) successful!
2025-04-03 09:41:12.887 70696 INFO tempest.lib.common.ssh [-] ssh connection to cirros@10.180.180.166 successfully created
2025-04-03 09:41:12.998 70652 INFO tempest.lib.common.rest_client [req-11b41fdc-972e-4af9-9c8d-e4a1a19d6c20 req-11b41fdc-972e-4af9-9c8d-e4a1a19d6c20 ] Request (TenantUsagesTestJSON:setUpClass): 200 GET http://10.180.1.21/compute/v2.1/servers/ea1de33c-321b-4e82-a816-0d703aea77ad 0.056s
2025-04-03 09:41:13.264 70648 INFO tempest.lib.common.rest_client [req-a89025ff-5a3f-4f78-a54c-23cf3d8e6b38 req-a89025ff-5a3f-4f78-a54c-23cf3d8e6b38 ] Request (MigrationsAdminTest:test_resize_server_revert_deleted_flavor): 200 GET http://10.180.1.21/compute/v2.1/servers/5e75c073-fe40-43ea-8df9-242f5cf1fa20 0.096s
2025-04-03 09:41:13.333 70650 INFO tempest.lib.common.rest_client [req-41cb7023-530f-46a9-8433-67726f168774 req-41cb7023-530f-46a9-8433-67726f168774 ] Request (ServersTestBootFromVolume:setUpClass): 200 GET http://10.180.1.21/volume/v3/volumes/0db3ec61-7ba7-4ce0-8e00-958db7d9049b 0.023s
2025-04-03 09:41:13.376 70678 INFO tempest.lib.common.rest_client [req-79b3a3f3-6ba0-4790-b202-e0d4dc3904ec req-79b3a3f3-6ba0-4790-b202-e0d4dc3904ec ] Request (FloatingIPsAssociationTestJSON:tearDownClass): 200 GET http://10.180.1.21/compute/v2.1/servers/6719a369-c375-4418-9dee-d272ce9e2e49 0.171s
2025-04-03 09:41:13.439 70658 INFO tempest.lib.common.rest_client [req-7aee41f3-05b8-44a8-a68b-ee15ea9fc0ef req-7aee41f3-05b8-44a8-a68b-ee15ea9fc0ef ] Request (ServersAaction247Test:tearDownClass): 200 GET http://10.180.1.21/compute/v2.1/servers/8c4ee39b-d092-478a-948d-767abdcb125c 0.147s
2025-04-03 09:41:13.488 70666 INFO tempest.lib.common.rest_client [req-a35dffd3-8c85-447c-85a7-ce3b7ad329c2 req-a35dffd3-8c85-447c-85a7-ce3b7ad329c2 ] Request (ImagesTestJSON:test_create_image_from_suspended_server): 200 GET http://10.180.1.21/compute/v2.1/servers/426ae173-92c2-4ef6-b8e8-19578f5c95f2 0.127s
2025-04-03 09:41:13.639 70670 INFO tempest.lib.common.rest_client [req-33de0379-b9b6-437a-92fd-de4bc5f1ba0f req-33de0379-b9b6-437a-92fd-de4bc5f1ba0f ] Request (ServerActionsV293TestJSON:setUpClass): 200 GET http://10.180.1.21/compute/v2.1/servers/3632ba87-541c-4505-88a9-926cf76bb012 0.253s
2025-04-03 09:41:13.706 70692 INFO tempest.lib.common.rest_client [req-47c3f017-3ce5-4c6e-b3be-3e1bca1f1a6e req-47c3f017-3ce5-4c6e-b3be-3e1bca1f1a6e ] Request (ServersTestFqdnHostnames:tearDownClass): 200 GET http://10.180.1.21/compute/v2.1/servers/3bdabee6-4428-46c2-881b-f0be3bab1363 0.279s
2025-04-03 09:41:13.774 70684 INFO tempest.lib.common.rest_client [req-36bdfcd3-fcea-4af3-b574-12031b8e2453 req-36bdfcd3-fcea-4af3-b574-12031b8e2453 ] Request (ServersAdminNegativeTestJSON:tearDownClass): 200 GET http://10.180.1.21/compute/v2.1/servers/a5bcecec-cc2a-4bfd-9d3b-1a1e1fdaaf33 0.321s
2025-04-03 09:41:13.849 70694 INFO tempest.lib.common.rest_client [req-1044a8b7-00eb-4742-a9b6-4e28a28471d5 req-1044a8b7-00eb-4742-a9b6-4e28a28471d5 ] Request (InstanceActionsTestJSON:tearDownClass): 200 GET http://10.180.1.21/compute/v2.1/servers/219a506b-bd5d-4219-93a7-d3ae5a3cd1dd 0.363s
2025-04-03 09:41:13.903 70664 INFO tempest.lib.common.rest_client [req-52c68782-0dd6-4f3f-b7de-c4fe9e04cd58 req-52c68782-0dd6-4f3f-b7de-c4fe9e04cd58 ] Request (ImagesNegativeTestJSON:test_create_image_from_deleted_server): 200 GET http://10.180.1.21/compute/v2.1/servers/c13a57b0-bbc6-4a38-bf76-ac9336e6cf45 0.388s
2025-04-03 09:41:13.956 70698 INFO tempest.lib.common.rest_client [req-11ff0826-a785-4abf-b3cd-f6fe081adda5 req-11ff0826-a785-4abf-b3cd-f6fe081adda5 ] Request (ServerDiskConfigTestJSON:test_resize_server_from_auto_to_manual): 200 GET http://10.180.1.21/compute/v2.1/servers/7a04090c-11e7-4ce4-8789-c361b4eb8eff 0.367s
2025-04-03 09:41:14.003 70644 INFO tempest.lib.common.rest_client [req-ac6b718a-49a1-45b3-b003-69bf73a9c177 req-ac6b718a-49a1-45b3-b003-69bf73a9c177 ] Request (ServerPasswordTestJSON:tearDownClass): 200 GET http://10.180.1.21/compute/v2.1/servers/417e9a6f-71dd-4b8d-a920-a31d71ec7778 0.372s
2025-04-03 09:41:14.058 70672 WARNING tempest.lib.common.ssh [-] Failed to establish authenticated ssh connection to cirros@10.180.180.183 ([Errno None] Unable to connect to port 22 on 10.180.180.183). Number attempts: 11. Retry after 12 seconds.: paramiko.ssh_exception.NoValidConnectionsError: [Errno None] Unable to connect to port 22 on 10.180.180.183
2025-04-03 09:41:14.066 70700 INFO tempest.lib.common.rest_client [req-7c537584-61cb-4021-bc6c-8ed6e3537642 req-7c537584-61cb-4021-bc6c-8ed6e3537642 ] Request (ServersTestJSON:test_create_server_with_ipv6_addr_only): 200 GET http://10.180.1.21/compute/v2.1/servers/237ddaf4-cc8d-4d51-ae78-e7bad8568a27 0.411s
2025-04-03 09:41:14.110 70676 INFO tempest.lib.common.rest_client [req-f1786b2f-547b-4921-bc79-f2f97e5b9a20 req-f1786b2f-547b-4921-bc79-f2f97e5b9a20 ] Request (AttachInterfacesUnderV243Test:test_add_remove_fixed_ip): 200 GET http://10.180.1.21/compute/v2.1/servers/714a7b10-24f8-4317-8148-f99b85e9ecd5 0.326s
2025-04-03 09:41:14.189 70640 INFO tempest.lib.common.rest_client [req-b5efe777-2e1a-4614-b923-807176cbab46 req-b5efe777-2e1a-4614-b923-807176cbab46 ] Request (ImagesOneServerNegativeTestJSON:_run_cleanups): 200 GET http://10.180.1.21/compute/v2.1/servers/9c9dbe1d-9cea-4413-90cf-f5dd87afa6a6 0.375s
2025-04-03 09:41:14.198 70640 INFO tempest.common.waiters [-] State transition "BUILD/networking" ==> "BUILD/spawning" after 43 second wait
2025-04-03 09:41:14.233 70662 INFO tempest.lib.common.rest_client [req-72e681c5-6729-47dd-b60d-2fe2ec5c70b1 req-72e681c5-6729-47dd-b60d-2fe2ec5c70b1 ] Request (SecurityGroupsTestJSON:test_server_security_groups): 200 GET http://10.180.1.21/compute/v2.1/servers/a44af6d2-dbee-420c-a4a1-4ee2cb3a6d04 0.395s
2025-04-03 09:41:14.275 70674 INFO tempest.lib.common.rest_client [req-3ab19bb2-d85f-46ee-b87c-b82390855e24 req-3ab19bb2-d85f-46ee-b87c-b82390855e24 ] Request (ServersAdminTestJSON:test_create_server_with_scheduling_hint): 200 GET http://10.180.1.21/compute/v2.1/servers/4a44c140-ea55-4c4f-8418-d17cb551d7df 0.396s
2025-04-03 09:41:14.340 70652 INFO tempest.lib.common.rest_client [req-44f7aea6-113d-46f2-bfea-8a04dc11a611 req-44f7aea6-113d-46f2-bfea-8a04dc11a611 ] Request (TenantUsagesTestJSON:setUpClass): 200 GET http://10.180.1.21/compute/v2.1/servers/ea1de33c-321b-4e82-a816-0d703aea77ad 0.332s
2025-04-03 09:41:14.365 70650 INFO tempest.lib.common.rest_client [req-4bafb3db-d372-46ba-9752-dbe13f4c4afa req-4bafb3db-d372-46ba-9752-dbe13f4c4afa ] Request (ServersTestBootFromVolume:setUpClass): 200 GET http://10.180.1.21/volume/v3/volumes/0db3ec61-7ba7-4ce0-8e00-958db7d9049b 0.025s
2025-04-03 09:41:14.456 70648 INFO tempest.lib.common.rest_client [req-573bf03c-bd6b-446b-b137-69c464425ff1 req-573bf03c-bd6b-446b-b137-69c464425ff1 ] Request (MigrationsAdminTest:test_resize_server_revert_deleted_flavor): 200 GET http://10.180.1.21/compute/v2.1/servers/5e75c073-fe40-43ea-8df9-242f5cf1fa20 0.184s
2025-04-03 09:41:14.513 70678 INFO tempest.lib.common.rest_client [req-0fd5e4a3-b7c2-4866-9e70-01f287d9844d req-0fd5e4a3-b7c2-4866-9e70-01f287d9844d ] Request (FloatingIPsAssociationTestJSON:tearDownClass): 200 GET http://10.180.1.21/compute/v2.1/servers/6719a369-c375-4418-9dee-d272ce9e2e49 0.129s
2025-04-03 09:41:14.563 70696 INFO tempest.lib.common.rest_client [req-f3e9e314-17ba-4aab-922f-85576fb011be req-f3e9e314-17ba-4aab-922f-85576fb011be ] Request (VolumesAssistedSnapshotsTest:test_volume_assisted_snapshot_create_delete): 200 POST http://10.180.1.21/compute/v2.1/servers/61b133d1-46bd-4eb0-a925-685eff3f973f/os-volume_attachments 1.676s
2025-04-03 09:41:14.586 70658 INFO tempest.lib.common.rest_client [req-75a517dc-6320-4c23-876e-373a99a417bd req-75a517dc-6320-4c23-876e-373a99a417bd ] Request (ServersAaction247Test:tearDownClass): 200 GET http://10.180.1.21/compute/v2.1/servers/8c4ee39b-d092-478a-948d-767abdcb125c 0.137s
2025-04-03 09:41:14.598 70696 INFO tempest.lib.common.rest_client [req-c8a36a05-696b-416d-9371-91acbf27f18e req-c8a36a05-696b-416d-9371-91acbf27f18e ] Request (VolumesAssistedSnapshotsTest:test_volume_assisted_snapshot_create_delete): 200 GET http://10.180.1.21/volume/v3/volumes/ea531db0-bdee-4e07-90a6-a8ddb0738533 0.032s
2025-04-03 09:41:14.618 70666 INFO tempest.lib.common.rest_client [req-606bb05f-1ea6-4505-bd3e-4f26355d6522 req-606bb05f-1ea6-4505-bd3e-4f26355d6522 ] Request (ImagesTestJSON:test_create_image_from_suspended_server): 200 GET http://10.180.1.21/compute/v2.1/servers/426ae173-92c2-4ef6-b8e8-19578f5c95f2 0.120s
2025-04-03 09:41:14.785 70692 INFO tempest.lib.common.rest_client [req-c1f320a7-fa79-4653-b9ef-859cd1525e16 req-c1f320a7-fa79-4653-b9ef-859cd1525e16 ] Request (ServersTestFqdnHostnames:tearDownClass): 200 GET http://10.180.1.21/compute/v2.1/servers/3bdabee6-4428-46c2-881b-f0be3bab1363 0.071s
2025-04-03 09:41:14.791 70670 INFO tempest.lib.common.rest_client [req-697031e6-8578-44c9-8b3c-27a590508622 req-697031e6-8578-44c9-8b3c-27a590508622 ] Request (ServerActionsV293TestJSON:setUpClass): 200 GET http://10.180.1.21/compute/v2.1/servers/3632ba87-541c-4505-88a9-926cf76bb012 0.131s
2025-04-03 09:41:14.815 70684 INFO tempest.lib.common.rest_client [req-2a1cdbae-9bfe-4b78-b51e-3faa61dd4904 req-2a1cdbae-9bfe-4b78-b51e-3faa61dd4904 ] Request (ServersAdminNegativeTestJSON:tearDownClass): 404 GET http://10.180.1.21/compute/v2.1/servers/a5bcecec-cc2a-4bfd-9d3b-1a1e1fdaaf33 0.031s
2025-04-03 09:41:14.914 70684 INFO tempest.lib.common.rest_client [req-44e2b092-9a76-4dcf-97e4-b146fef907f2 req-44e2b092-9a76-4dcf-97e4-b146fef907f2 ] Request (ServersAdminNegativeTestJSON:tearDownClass): 204 DELETE http://10.180.1.21/identity/v3/users/0ef391781c3b4bc8b452cf2ab1ac2414 0.099s
2025-04-03 09:41:14.927 70694 INFO tempest.lib.common.rest_client [req-02d8f856-82db-4527-b7e9-b24d6669b0e9 req-02d8f856-82db-4527-b7e9-b24d6669b0e9 ] Request (InstanceActionsTestJSON:tearDownClass): 200 GET http://10.180.1.21/compute/v2.1/servers/219a506b-bd5d-4219-93a7-d3ae5a3cd1dd 0.070s
2025-04-03 09:41:14.984 70664 INFO tempest.lib.common.rest_client [req-010c8d87-6493-4d18-808b-80f76712cbc3 req-010c8d87-6493-4d18-808b-80f76712cbc3 ] Request (ImagesNegativeTestJSON:test_create_image_from_deleted_server): 200 GET http://10.180.1.21/compute/v2.1/servers/c13a57b0-bbc6-4a38-bf76-ac9336e6cf45 0.070s
2025-04-03 09:41:15.016 70698 INFO tempest.lib.common.rest_client [req-f2cebfb1-11b3-43b8-8900-eba9f10d576e req-f2cebfb1-11b3-43b8-8900-eba9f10d576e ] Request (ServerDiskConfigTestJSON:test_resize_server_from_auto_to_manual): 200 GET http://10.180.1.21/compute/v2.1/servers/7a04090c-11e7-4ce4-8789-c361b4eb8eff 0.053s
2025-04-03 09:41:15.017 70684 INFO tempest.lib.common.rest_client [req-152422e8-c9f7-42c6-93a6-76129ae9d8df req-152422e8-c9f7-42c6-93a6-76129ae9d8df ] Request (ServersAdminNegativeTestJSON:tearDownClass): 204 DELETE http://10.180.1.21/identity/v3/users/03df372684aa41129fff3efdb115cf5a 0.102s
2025-04-03 09:41:15.017 70684 INFO tempest.lib.common.dynamic_creds [-] Deleting project and security group for project: 5cd10066b42444aead39a9008973e34e
2025-04-03 09:41:15.072 70684 INFO tempest.lib.common.rest_client [req-df35ac8f-9832-4fc7-bf27-6d2a8cbfa7fa req-df35ac8f-9832-4fc7-bf27-6d2a8cbfa7fa ] Request (ServersAdminNegativeTestJSON:tearDownClass): 201 POST http://10.180.1.21/identity/v3/auth/tokens 0.055s
2025-04-03 09:41:15.072 70644 INFO tempest.lib.common.rest_client [req-0e38f00c-e369-49d4-9957-da14b1d4aae1 req-0e38f00c-e369-49d4-9957-da14b1d4aae1 ] Request (ServerPasswordTestJSON:tearDownClass): 200 GET http://10.180.1.21/compute/v2.1/servers/417e9a6f-71dd-4b8d-a920-a31d71ec7778 0.062s
2025-04-03 09:41:15.079 70644 INFO tempest.common.waiters [-] State transition "ACTIVE/deleting" ==> "DELETED/None" after 4 second wait
2025-04-03 09:41:15.124 70700 INFO tempest.lib.common.rest_client [req-4cfa3f05-2a92-495b-80fd-b8c39ebee153 req-4cfa3f05-2a92-495b-80fd-b8c39ebee153 ] Request (ServersTestJSON:test_create_server_with_ipv6_addr_only): 200 GET http://10.180.1.21/compute/v2.1/servers/237ddaf4-cc8d-4d51-ae78-e7bad8568a27 0.050s
2025-04-03 09:41:15.151 70684 INFO tempest.lib.common.rest_client [req-dab35eb3-4301-4aed-9dd0-768e8214b490 req-dab35eb3-4301-4aed-9dd0-768e8214b490 ] Request (ServersAdminNegativeTestJSON:tearDownClass): 200 GET http://10.180.1.21:9696/networking/v2.0/security-groups?tenant_id=5cd10066b42444aead39a9008973e34e&name=default 0.078s
2025-04-03 09:41:15.177 70676 INFO tempest.lib.common.rest_client [req-233e881a-eaa8-47f9-81d3-f255e8af2a58 req-233e881a-eaa8-47f9-81d3-f255e8af2a58 ] Request (AttachInterfacesUnderV243Test:test_add_remove_fixed_ip): 200 GET http://10.180.1.21/compute/v2.1/servers/714a7b10-24f8-4317-8148-f99b85e9ecd5 0.059s
2025-04-03 09:41:15.247 70684 INFO tempest.lib.common.rest_client [req-033307d5-91a9-4b74-891e-8ec2215b7eef req-033307d5-91a9-4b74-891e-8ec2215b7eef ] Request (ServersAdminNegativeTestJSON:tearDownClass): 204 DELETE http://10.180.1.21:9696/networking/v2.0/security-groups/c5f104e0-c5bf-47c6-9521-6dc3b290bfd0 0.096s
2025-04-03 09:41:15.307 70662 INFO tempest.lib.common.rest_client [req-9634a7d7-ee7d-4899-a99b-64cc8d6d0782 req-9634a7d7-ee7d-4899-a99b-64cc8d6d0782 ] Request (SecurityGroupsTestJSON:test_server_security_groups): 200 GET http://10.180.1.21/compute/v2.1/servers/a44af6d2-dbee-420c-a4a1-4ee2cb3a6d04 0.066s
2025-04-03 09:41:15.315 70684 INFO tempest.lib.common.rest_client [req-161342a4-0c6c-40ad-a808-6ea2767142e9 req-161342a4-0c6c-40ad-a808-6ea2767142e9 ] Request (ServersAdminNegativeTestJSON:tearDownClass): 204 DELETE http://10.180.1.21/identity/v3/projects/5cd10066b42444aead39a9008973e34e 0.067s
2025-04-03 09:41:15.315 70684 INFO tempest.lib.common.dynamic_creds [-] Deleting project and security group for project: 6ecccc910b284835b84b47ac84f310d1
2025-04-03 09:41:15.315 70640 INFO tempest.lib.common.rest_client [req-58418e5f-35a8-467f-ac97-d3cf266b5460 req-58418e5f-35a8-467f-ac97-d3cf266b5460 ] Request (ImagesOneServerNegativeTestJSON:_run_cleanups): 200 GET http://10.180.1.21/compute/v2.1/servers/9c9dbe1d-9cea-4413-90cf-f5dd87afa6a6 0.115s
2025-04-03 09:41:15.345 70684 INFO tempest.lib.common.rest_client [req-c8e0edc2-6eb7-4fc8-bc9f-598ed53216be req-c8e0edc2-6eb7-4fc8-bc9f-598ed53216be ] Request (ServersAdminNegativeTestJSON:tearDownClass): 200 GET http://10.180.1.21:9696/networking/v2.0/security-groups?tenant_id=6ecccc910b284835b84b47ac84f310d1&name=default 0.029s
2025-04-03 09:41:15.368 70674 INFO tempest.lib.common.rest_client [req-82ac4dad-3ecf-4d86-afb5-8d5d1de22889 req-82ac4dad-3ecf-4d86-afb5-8d5d1de22889 ] Request (ServersAdminTestJSON:test_create_server_with_scheduling_hint): 200 GET http://10.180.1.21/compute/v2.1/servers/4a44c140-ea55-4c4f-8418-d17cb551d7df 0.086s
2025-04-03 09:41:15.401 70650 INFO tempest.lib.common.rest_client [req-ea29cf07-9b3d-479c-bb36-eaf874972dcf req-ea29cf07-9b3d-479c-bb36-eaf874972dcf ] Request (ServersTestBootFromVolume:setUpClass): 200 GET http://10.180.1.21/volume/v3/volumes/0db3ec61-7ba7-4ce0-8e00-958db7d9049b 0.023s
2025-04-03 09:41:15.407 70652 INFO tempest.lib.common.rest_client [req-af66e84e-550d-4567-949b-1daae5e6099d req-af66e84e-550d-4567-949b-1daae5e6099d ] Request (TenantUsagesTestJSON:setUpClass): 200 GET http://10.180.1.21/compute/v2.1/servers/ea1de33c-321b-4e82-a816-0d703aea77ad 0.058s
2025-04-03 09:41:15.447 70684 INFO tempest.lib.common.rest_client [req-dfe7e0d6-3fdf-48d3-b286-8c3a66b654a8 req-dfe7e0d6-3fdf-48d3-b286-8c3a66b654a8 ] Request (ServersAdminNegativeTestJSON:tearDownClass): 204 DELETE http://10.180.1.21:9696/networking/v2.0/security-groups/d3088888-a6c0-48f9-ae14-9ec6bd88380a 0.101s
2025-04-03 09:41:15.535 70684 INFO tempest.lib.common.rest_client [req-e817c3b5-98b5-4718-b2bc-ab24850ed415 req-e817c3b5-98b5-4718-b2bc-ab24850ed415 ] Request (ServersAdminNegativeTestJSON:tearDownClass): 204 DELETE http://10.180.1.21/identity/v3/projects/6ecccc910b284835b84b47ac84f310d1 0.088s
2025-04-03 09:41:15.579 70648 INFO tempest.lib.common.rest_client [req-c0e3f4db-5a3d-4456-8d5e-d8f4b8165e45 req-c0e3f4db-5a3d-4456-8d5e-d8f4b8165e45 ] Request (MigrationsAdminTest:test_resize_server_revert_deleted_flavor): 200 GET http://10.180.1.21/compute/v2.1/servers/5e75c073-fe40-43ea-8df9-242f5cf1fa20 0.115s
2025-04-03 09:41:15.599 70678 INFO tempest.lib.common.rest_client [req-63a424a1-3168-44e6-9758-6b89b7dfe91c req-63a424a1-3168-44e6-9758-6b89b7dfe91c ] Request (FloatingIPsAssociationTestJSON:tearDownClass): 200 GET http://10.180.1.21/compute/v2.1/servers/6719a369-c375-4418-9dee-d272ce9e2e49 0.074s
2025-04-03 09:41:15.603 70684 INFO tempest.lib.common.rest_client [req-a3af5990-2cdb-4e44-b10e-ed351d12cc2c req-a3af5990-2cdb-4e44-b10e-ed351d12cc2c ] Request (ServicesAdminNegativeV253TestJSON:setUpClass): 201 POST http://10.180.1.21/identity/v3/auth/tokens 0.065s
2025-04-03 09:41:15.606 70678 INFO tempest.common.waiters [-] State transition "ACTIVE/deleting" ==> "DELETED/None" after 4 second wait
2025-04-03 09:41:15.631 70696 INFO tempest.lib.common.rest_client [req-9c0a5d38-3cff-41f2-8bd3-b3fdd0f82313 req-9c0a5d38-3cff-41f2-8bd3-b3fdd0f82313 ] Request (VolumesAssistedSnapshotsTest:test_volume_assisted_snapshot_create_delete): 200 GET http://10.180.1.21/volume/v3/volumes/ea531db0-bdee-4e07-90a6-a8ddb0738533 0.026s
2025-04-03 09:41:15.631 70684 INFO tempest.lib.common.rest_client [req-9d47b011-6a64-462e-a36c-dfecc1ce2bdf req-9d47b011-6a64-462e-a36c-dfecc1ce2bdf ] Request (ServicesAdminNegativeV253TestJSON:setUpClass): 201 POST http://10.180.1.21/identity/v3/auth/tokens 0.025s
2025-04-03 09:41:15.654 70684 INFO tempest.lib.common.rest_client [req-898f438b-a46f-41fb-8d2d-a301ac010fde req-898f438b-a46f-41fb-8d2d-a301ac010fde ] Request (ServicesAdminNegativeV253TestJSON:setUpClass): 200 GET http://10.180.1.21/identity/v3/domains?name=Default 0.022s
2025-04-03 09:41:15.656 70658 INFO tempest.lib.common.rest_client [req-0f34ece1-3500-48fd-8b44-6aa652b89e08 req-0f34ece1-3500-48fd-8b44-6aa652b89e08 ] Request (ServersAaction247Test:tearDownClass): 200 GET http://10.180.1.21/compute/v2.1/servers/8c4ee39b-d092-478a-948d-767abdcb125c 0.059s
2025-04-03 09:41:15.676 70666 INFO tempest.lib.common.rest_client [req-4574a61a-bdc2-4716-858c-524387313b02 req-4574a61a-bdc2-4716-858c-524387313b02 ] Request (ImagesTestJSON:test_create_image_from_suspended_server): 200 GET http://10.180.1.21/compute/v2.1/servers/426ae173-92c2-4ef6-b8e8-19578f5c95f2 0.051s
2025-04-03 09:41:15.684 70684 INFO tempest.lib.common.rest_client [req-bfccd727-0bf2-48c8-863a-fc21cea05cf9 req-bfccd727-0bf2-48c8-863a-fc21cea05cf9 ] Request (ServicesAdminNegativeV253TestJSON:setUpClass): 201 POST http://10.180.1.21/identity/v3/projects 0.029s
2025-04-03 09:41:15.734 70684 INFO tempest.lib.common.rest_client [req-80bed246-977c-445e-b3ba-3d71094ff92e req-80bed246-977c-445e-b3ba-3d71094ff92e ] Request (ServicesAdminNegativeV253TestJSON:setUpClass): 201 POST http://10.180.1.21/identity/v3/users 0.049s
2025-04-03 09:41:15.737 70668 WARNING tempest.lib.common.ssh [-] Failed to establish authenticated ssh connection to cirros@10.180.180.242 ([Errno None] Unable to connect to port 22 on 10.180.180.242). Number attempts: 10. Retry after 11 seconds.: paramiko.ssh_exception.NoValidConnectionsError: [Errno None] Unable to connect to port 22 on 10.180.180.242
2025-04-03 09:41:15.764 70684 INFO tempest.lib.common.rest_client [req-55207dee-28ab-4351-85a6-9abb0c4dbc79 req-55207dee-28ab-4351-85a6-9abb0c4dbc79 ] Request (ServicesAdminNegativeV253TestJSON:setUpClass): 200 GET http://10.180.1.21/identity/v3/roles 0.030s
2025-04-03 09:41:15.807 70684 INFO tempest.lib.common.rest_client [req-bbc7edac-ba13-4ce8-803f-514c67c67d0f req-bbc7edac-ba13-4ce8-803f-514c67c67d0f ] Request (ServicesAdminNegativeV253TestJSON:setUpClass): 204 PUT http://10.180.1.21/identity/v3/projects/ca3639106f3143c999671ec9c907943f/users/e87fca9dd50848beb6a393df9b76b928/roles/b7efef0f3bca4f9eb4a696c863c4e8e7 0.042s
2025-04-03 09:41:15.807 70684 INFO tempest.lib.common.dynamic_creds [-] Dynamic test user e87fca9dd50848beb6a393df9b76b928 is created with scope project and roles: ['member']
2025-04-03 09:41:15.808 70684 INFO tempest.lib.common.dynamic_creds [-] Acquired dynamic creds: credentials: Credentials: {'domain_id': 'default', 'domain_name': 'Default', 'username': 'tempest-ServicesAdminNegativeV253TestJSON-129305102-project-member', 'project_domain_id': 'default', 'project_domain_name': 'Default', 'project_id': 'ca3639106f3143c999671ec9c907943f', 'project_name': 'tempest-ServicesAdminNegativeV253TestJSON-129305102', 'tenant_id': 'ca3639106f3143c999671ec9c907943f', 'tenant_name': 'tempest-ServicesAdminNegativeV253TestJSON-129305102', 'user_domain_id': 'default', 'user_domain_name': 'Default', 'user_id': 'e87fca9dd50848beb6a393df9b76b928', 'system': None}, Network: None, Subnet: None, Router: None
2025-04-03 09:41:15.808 70684 INFO tempest.lib.common.dynamic_creds [-] Created isolated network resources for: credentials: Credentials: {'domain_id': 'default', 'domain_name': 'Default', 'username': 'tempest-ServicesAdminNegativeV253TestJSON-129305102-project-member', 'project_domain_id': 'default', 'project_domain_name': 'Default', 'project_id': 'ca3639106f3143c999671ec9c907943f', 'project_name': 'tempest-ServicesAdminNegativeV253TestJSON-129305102', 'tenant_id': 'ca3639106f3143c999671ec9c907943f', 'tenant_name': 'tempest-ServicesAdminNegativeV253TestJSON-129305102', 'user_domain_id': 'default', 'user_domain_name': 'Default', 'user_id': 'e87fca9dd50848beb6a393df9b76b928', 'system': None}, Network: None, Subnet: None, Router: None
2025-04-03 09:41:15.883 70692 INFO tempest.lib.common.rest_client [req-6a595123-a4ef-4a1f-b9b4-37262afe5615 req-6a595123-a4ef-4a1f-b9b4-37262afe5615 ] Request (ServersTestFqdnHostnames:tearDownClass): 200 GET http://10.180.1.21/compute/v2.1/servers/3bdabee6-4428-46c2-881b-f0be3bab1363 0.083s
2025-04-03 09:41:15.892 70684 INFO tempest.lib.common.rest_client [req-f9e84d5b-017b-41c4-a12a-1efa8b75fcf1 req-f9e84d5b-017b-41c4-a12a-1efa8b75fcf1 ] Request (ServicesAdminNegativeV253TestJSON:setUpClass): 201 POST http://10.180.1.21/identity/v3/auth/tokens 0.081s
2025-04-03 09:41:15.946 70670 INFO tempest.lib.common.rest_client [req-06307e8f-4763-416b-aea4-08dfbca3f131 req-06307e8f-4763-416b-aea4-08dfbca3f131 ] Request (ServerActionsV293TestJSON:setUpClass): 200 GET http://10.180.1.21/compute/v2.1/servers/3632ba87-541c-4505-88a9-926cf76bb012 0.144s
2025-04-03 09:41:15.981 70684 INFO tempest.lib.common.rest_client [req-a598f5e0-83cb-4b1d-abef-b991c4f33ba1 req-a598f5e0-83cb-4b1d-abef-b991c4f33ba1 ] Request (ServicesAdminNegativeV253TestJSON:setUpClass): 201 POST http://10.180.1.21/identity/v3/projects 0.088s
2025-04-03 09:41:16.038 70694 INFO tempest.lib.common.rest_client [req-7d700075-ab83-475b-a174-d74bc96843f6 req-7d700075-ab83-475b-a174-d74bc96843f6 ] Request (InstanceActionsTestJSON:tearDownClass): 200 GET http://10.180.1.21/compute/v2.1/servers/219a506b-bd5d-4219-93a7-d3ae5a3cd1dd 0.096s
2025-04-03 09:41:16.050 70684 INFO tempest.lib.common.rest_client [req-a1949a60-f829-44cb-9212-b68b526bef0f req-a1949a60-f829-44cb-9212-b68b526bef0f ] Request (ServicesAdminNegativeV253TestJSON:setUpClass): 201 POST http://10.180.1.21/identity/v3/users 0.068s
2025-04-03 09:41:16.063 70664 INFO tempest.lib.common.rest_client [req-f6fc2e50-06cc-497c-9f4d-2ff586c78097 req-f6fc2e50-06cc-497c-9f4d-2ff586c78097 ] Request (ImagesNegativeTestJSON:test_create_image_from_deleted_server): 200 GET http://10.180.1.21/compute/v2.1/servers/c13a57b0-bbc6-4a38-bf76-ac9336e6cf45 0.071s
2025-04-03 09:41:16.079 70684 INFO tempest.lib.common.rest_client [req-8affffac-4ee1-4c62-beaf-bff4eacb25ac req-8affffac-4ee1-4c62-beaf-bff4eacb25ac ] Request (ServicesAdminNegativeV253TestJSON:setUpClass): 200 GET http://10.180.1.21/identity/v3/roles 0.029s
2025-04-03 09:41:16.095 70698 INFO tempest.lib.common.rest_client [req-33ca3d11-bbc3-44ec-ae77-3178bd3ea40c req-33ca3d11-bbc3-44ec-ae77-3178bd3ea40c ] Request (ServerDiskConfigTestJSON:test_resize_server_from_auto_to_manual): 200 GET http://10.180.1.21/compute/v2.1/servers/7a04090c-11e7-4ce4-8789-c361b4eb8eff 0.070s
2025-04-03 09:41:16.106 70684 INFO tempest.lib.common.rest_client [req-84c27ca6-99aa-417d-8009-a545f2c70edf req-84c27ca6-99aa-417d-8009-a545f2c70edf ] Request (ServicesAdminNegativeV253TestJSON:setUpClass): 204 PUT http://10.180.1.21/identity/v3/projects/7dee325b387c4db9a0b7ab6ad5071d56/users/1d8f52d352c0486194809c439bf53920/roles/850c5615a2da410fa2b19f61e85b7bc5 0.027s
2025-04-03 09:41:16.145 70644 INFO tempest.lib.common.rest_client [req-f0e3003b-a5f8-4ead-977d-f3ca3651a458 req-f0e3003b-a5f8-4ead-977d-f3ca3651a458 ] Request (ServerPasswordTestJSON:tearDownClass): 200 GET http://10.180.1.21/compute/v2.1/servers/417e9a6f-71dd-4b8d-a920-a31d71ec7778 0.065s
2025-04-03 09:41:16.165 70684 INFO tempest.lib.common.rest_client [req-0e436b44-18e6-4508-92bf-402b00bd4c14 req-0e436b44-18e6-4508-92bf-402b00bd4c14 ] Request (ServicesAdminNegativeV253TestJSON:setUpClass): 200 GET http://10.180.1.21/identity/v3/roles 0.058s
2025-04-03 09:41:16.186 70684 INFO tempest.lib.common.rest_client [req-fb150fb4-d8be-433c-b9de-cfa930e535b1 req-fb150fb4-d8be-433c-b9de-cfa930e535b1 ] Request (ServicesAdminNegativeV253TestJSON:setUpClass): 204 PUT http://10.180.1.21/identity/v3/projects/7dee325b387c4db9a0b7ab6ad5071d56/users/1d8f52d352c0486194809c439bf53920/roles/850c5615a2da410fa2b19f61e85b7bc5 0.020s
2025-04-03 09:41:16.186 70684 INFO tempest.lib.common.dynamic_creds [-] Dynamic test user 1d8f52d352c0486194809c439bf53920 is created with scope project and roles: ['admin']
2025-04-03 09:41:16.186 70684 INFO tempest.lib.common.dynamic_creds [-] Acquired dynamic creds: credentials: Credentials: {'domain_id': 'default', 'domain_name': 'Default', 'username': 'tempest-ServicesAdminNegativeV253TestJSON-1062593669-project-admin', 'project_domain_id': 'default', 'project_domain_name': 'Default', 'project_id': '7dee325b387c4db9a0b7ab6ad5071d56', 'project_name': 'tempest-ServicesAdminNegativeV253TestJSON-1062593669', 'tenant_id': '7dee325b387c4db9a0b7ab6ad5071d56', 'tenant_name': 'tempest-ServicesAdminNegativeV253TestJSON-1062593669', 'user_domain_id': 'default', 'user_domain_name': 'Default', 'user_id': '1d8f52d352c0486194809c439bf53920', 'system': None}, Network: None, Subnet: None, Router: None
2025-04-03 09:41:16.186 70684 INFO tempest.lib.common.dynamic_creds [-] Created isolated network resources for: credentials: Credentials: {'domain_id': 'default', 'domain_name': 'Default', 'username': 'tempest-ServicesAdminNegativeV253TestJSON-1062593669-project-admin', 'project_domain_id': 'default', 'project_domain_name': 'Default', 'project_id': '7dee325b387c4db9a0b7ab6ad5071d56', 'project_name': 'tempest-ServicesAdminNegativeV253TestJSON-1062593669', 'tenant_id': '7dee325b387c4db9a0b7ab6ad5071d56', 'tenant_name': 'tempest-ServicesAdminNegativeV253TestJSON-1062593669', 'user_domain_id': 'default', 'user_domain_name': 'Default', 'user_id': '1d8f52d352c0486194809c439bf53920', 'system': None}, Network: None, Subnet: None, Router: None
2025-04-03 09:41:16.190 70700 INFO tempest.lib.common.rest_client [req-a8db9771-8093-43b0-ad0b-57976ce226c4 req-a8db9771-8093-43b0-ad0b-57976ce226c4 ] Request (ServersTestJSON:test_create_server_with_ipv6_addr_only): 200 GET http://10.180.1.21/compute/v2.1/servers/237ddaf4-cc8d-4d51-ae78-e7bad8568a27 0.056s
