2025-04-24 15:27:26.146 69972 INFO tempest.lib.common.rest_client [req-36517203-98dd-46e1-9e37-67693b8f0221 req-36517203-98dd-46e1-9e37-67693b8f0221 ] Request (ServerDiagnosticsV248Test:tearDownClass): 200 GET http://10.180.1.21/compute/v2.1/servers/2a1cc8db-fb20-4cb6-ae79-a89ca9a479da 1.647s
2025-04-24 15:27:26.173 69992 INFO tempest.lib.common.rest_client [req-8c8e9237-0594-4fba-9887-0923812bc50b req-8c8e9237-0594-4fba-9887-0923812bc50b ] Request (ServersAdmin275Test:setUpClass): 201 POST http://10.180.1.21/identity/v3/projects 0.096s
2025-04-24 15:27:26.220 69988 INFO tempest.lib.common.rest_client [req-06800774-6369-4a32-918d-558ad9e47a20 req-06800774-6369-4a32-918d-558ad9e47a20 ] Request (FloatingIPsAssociationTestJSON:test_associate_already_associated_floating_ip): 200 GET http://10.180.1.21/compute/v2.1/servers/a10177e9-959a-4c5b-9f1e-0808af564f81 1.534s
2025-04-24 15:27:26.228 69990 INFO tempest.lib.common.rest_client [req-997fb000-20bf-4e34-88ac-859824700add req-997fb000-20bf-4e34-88ac-859824700add ] Request (ServerShowV257Test:test_rebuild_server): 200 GET http://10.180.1.21/compute/v2.1/servers/4007de2c-0d1a-43db-8d5e-52f8969e9a39 1.440s
2025-04-24 15:27:26.254 69992 INFO tempest.lib.common.rest_client [req-255d3af4-21c3-455d-9e22-0a30737ef421 req-255d3af4-21c3-455d-9e22-0a30737ef421 ] Request (ServersAdmin275Test:setUpClass): 201 POST http://10.180.1.21/identity/v3/users 0.081s
2025-04-24 15:27:26.275 70030 WARNING tempest.lib.common.ssh [-] Failed to establish authenticated ssh connection to cirros@10.180.180.147 ([Errno None] Unable to connect to port 22 on 10.180.180.147). Number attempts: 1. Retry after 2 seconds.: paramiko.ssh_exception.NoValidConnectionsError: [Errno None] Unable to connect to port 22 on 10.180.180.147
2025-04-24 15:27:26.291 69992 INFO tempest.lib.common.rest_client [req-47be762f-7125-46ed-a47a-0d80f872f799 req-47be762f-7125-46ed-a47a-0d80f872f799 ] Request (ServersAdmin275Test:setUpClass): 200 GET http://10.180.1.21/identity/v3/roles 0.037s
2025-04-24 15:27:26.323 70028 INFO tempest.lib.common.rest_client [req-bc510b57-ed3b-47f2-b2de-c9da71224791 req-bc510b57-ed3b-47f2-b2de-c9da71224791 ] Request (ListImageFiltersTestJSON:setUpClass): 200 GET http://10.180.1.21/compute/v2.1/servers/8b70aa71-6c4a-4cbf-b6b1-5b4cac38dd03 1.439s
2025-04-24 15:27:26.327 69982 INFO tempest.lib.common.rest_client [req-ca277908-6863-4e4d-8706-14fa2e720f08 req-ca277908-6863-4e4d-8706-14fa2e720f08 ] Request (DeleteServersTestJSON:test_delete_active_server): 200 GET http://10.180.1.21/compute/v2.1/servers/9622ebc8-e48d-4446-b76b-71af45f7c749 1.366s
2025-04-24 15:27:26.356 69992 INFO tempest.lib.common.rest_client [req-3674e137-f015-4a82-8773-f5601bc392d3 req-3674e137-f015-4a82-8773-f5601bc392d3 ] Request (ServersAdmin275Test:setUpClass): 204 PUT http://10.180.1.21/identity/v3/projects/cb53683b8cb64a94a5901d1dcf675f3f/users/a91d417e699a481a9597e78488adf1bf/roles/789652ce4dcf4ef3a1705491020271f4 0.064s
2025-04-24 15:27:26.430 69980 INFO tempest.lib.common.rest_client [req-6ae74f75-d86e-4f02-afb4-4a8fb7bc2a7b req-6ae74f75-d86e-4f02-afb4-4a8fb7bc2a7b ] Request (DeleteServersAdminTestJSON:test_admin_delete_servers_of_others): 200 GET http://10.180.1.21/compute/v2.1/servers/7c0099b4-0c5c-41ad-82b1-fd1ac0a25840 1.299s
2025-04-24 15:27:26.438 69992 INFO tempest.lib.common.rest_client [req-24806ea7-9301-40cd-bc34-4e5128234719 req-24806ea7-9301-40cd-bc34-4e5128234719 ] Request (ServersAdmin275Test:setUpClass): 200 GET http://10.180.1.21/identity/v3/roles 0.082s
2025-04-24 15:27:26.459 69992 INFO tempest.lib.common.rest_client [req-cd0889c0-73f4-4c87-9d08-3d80bf7e2f7b req-cd0889c0-73f4-4c87-9d08-3d80bf7e2f7b ] Request (ServersAdmin275Test:setUpClass): 204 PUT http://10.180.1.21/identity/v3/projects/cb53683b8cb64a94a5901d1dcf675f3f/users/a91d417e699a481a9597e78488adf1bf/roles/789652ce4dcf4ef3a1705491020271f4 0.021s
2025-04-24 15:27:26.459 69992 INFO tempest.lib.common.dynamic_creds [-] Dynamic test user a91d417e699a481a9597e78488adf1bf is created with scope project and roles: ['admin']
2025-04-24 15:27:26.460 69992 INFO tempest.lib.common.dynamic_creds [-] Acquired dynamic creds: credentials: Credentials: {'domain_id': 'default', 'domain_name': 'Default', 'username': 'tempest-ServersAdmin275Test-562771815-project-admin', 'project_domain_id': 'default', 'project_domain_name': 'Default', 'project_id': 'cb53683b8cb64a94a5901d1dcf675f3f', 'project_name': 'tempest-ServersAdmin275Test-562771815', 'tenant_id': 'cb53683b8cb64a94a5901d1dcf675f3f', 'tenant_name': 'tempest-ServersAdmin275Test-562771815', 'user_domain_id': 'default', 'user_domain_name': 'Default', 'user_id': 'a91d417e699a481a9597e78488adf1bf', 'system': None}, Network: None, Subnet: None, Router: None
2025-04-24 15:27:26.460 69992 INFO tempest.lib.common.dynamic_creds [-] Created isolated network resources for: credentials: Credentials: {'domain_id': 'default', 'domain_name': 'Default', 'username': 'tempest-ServersAdmin275Test-562771815-project-admin', 'project_domain_id': 'default', 'project_domain_name': 'Default', 'project_id': 'cb53683b8cb64a94a5901d1dcf675f3f', 'project_name': 'tempest-ServersAdmin275Test-562771815', 'tenant_id': 'cb53683b8cb64a94a5901d1dcf675f3f', 'tenant_name': 'tempest-ServersAdmin275Test-562771815', 'user_domain_id': 'default', 'user_domain_name': 'Default', 'user_id': 'a91d417e699a481a9597e78488adf1bf', 'system': None}, Network: None, Subnet: None, Router: None
2025-04-24 15:27:26.543 69992 INFO tempest.lib.common.rest_client [req-d3fe665f-6c39-434e-97ed-d54256cc36c4 req-d3fe665f-6c39-434e-97ed-d54256cc36c4 ] Request (ServersAdmin275Test:setUpClass): 201 POST http://10.180.1.21/identity/v3/auth/tokens 0.079s
2025-04-24 15:27:26.562 70006 INFO tempest.lib.common.rest_client [req-23b53ce8-b6ad-4ef1-b208-36ac29818b7f req-23b53ce8-b6ad-4ef1-b208-36ac29818b7f ] Request (SecurityGroupRulesTestJSON:test_security_group_rules_delete_when_peer_group_deleted): 202 DELETE http://10.180.1.21/compute/v2.1/os-security-groups/ce9deb91-bf1c-4ce1-9984-2882fb290938 1.460s
2025-04-24 15:27:26.585 70020 INFO tempest.lib.common.rest_client [req-19fb4e49-d6aa-49fa-9155-c38314ec47fa req-19fb4e49-d6aa-49fa-9155-c38314ec47fa ] Request (TenantUsagesNegativeTestJSON:test_get_usage_tenant_with_empty_tenant_id): 404 GET http://10.180.1.21/compute/v2.1/os-simple-tenant-usage/?start=2025-04-23T15%3A27%3A25.158447&end=2025-04-25T15%3A27%3A25.158447 1.426s
2025-04-24 15:27:26.612 69992 INFO tempest.lib.common.rest_client [req-82a49a58-9a8a-4e22-a088-cb8cbb3cb344 req-82a49a58-9a8a-4e22-a088-cb8cbb3cb344 ] Request (ServersAdmin275Test:test_rebuild_update_server_275): 201 POST http://10.180.1.21/identity/v3/auth/tokens 0.064s
2025-04-24 15:27:26.612 69992 INFO tempest.lib.common.fixed_network [-] (ServersAdmin275Test:test_rebuild_update_server_275) Found network None available for tenant
2025-04-24 15:27:26.624 70022 INFO tempest.lib.common.rest_client [req-61e86ffb-de6c-4238-a174-3f96ec500160 req-61e86ffb-de6c-4238-a174-3f96ec500160 ] Request (ServerMetadataTestJSON:setUpClass): 200 GET http://10.180.1.21/compute/v2.1/servers/99d1f0fc-e4e7-4aaf-a3c2-a3b136758d68 1.352s
2025-04-24 15:27:26.631 70022 INFO tempest.common.waiters [-] State transition "BUILD/None" ==> "BUILD/networking" after 16 second wait
2025-04-24 15:27:26.706 70032 INFO tempest.lib.common.rest_client [req-f6f9e2c6-77f6-4c7e-aa4e-ae0ad0a29709 req-f6f9e2c6-77f6-4c7e-aa4e-ae0ad0a29709 ] Request (AttachInterfacesV270Test:test_create_get_list_interfaces): 200 GET http://10.180.1.21/compute/v2.1/servers/d3952514-471e-43ea-9373-6ed0e64b074d 1.422s
2025-04-24 15:27:26.713 69994 INFO tempest.lib.common.rest_client [req-a657c74b-9e60-4469-b1f0-7740e1cd3ccd req-a657c74b-9e60-4469-b1f0-7740e1cd3ccd ] Request (HostsAdminNegativeTestJSON:test_update_host_without_param): 400 PUT http://10.180.1.21/compute/v2.1/os-hosts/devstack 1.429s
2025-04-24 15:27:26.726 69976 INFO tempest.lib.common.rest_client [req-ad5d5a4a-2342-497f-9e8b-e613f7a3b9b1 req-ad5d5a4a-2342-497f-9e8b-e613f7a3b9b1 ] Request (AggregatesAdminNegativeTestJSON:test_aggregate_get_details_with_invalid_id): 404 GET http://10.180.1.21/compute/v2.1/os-aggregates/-1 1.413s
2025-04-24 15:27:26.835 70024 INFO tempest.lib.common.rest_client [req-93743e5a-5c30-4a15-8c7d-eed530db7ccb req-93743e5a-5c30-4a15-8c7d-eed530db7ccb ] Request (ServersWithSpecificFlavorTestJSON:test_verify_created_server_ephemeral_disk): 200 GET http://10.180.1.21/compute/v2.1/servers/d8d33a14-d3e3-42e4-9fe6-e901547195c9 1.458s
2025-04-24 15:27:27.052 69986 INFO tempest.lib.common.rest_client [req-390d6f83-4889-49ce-8d4c-d8ec9b66abf5 req-390d6f83-4889-49ce-8d4c-d8ec9b66abf5 ] Request (ServerActionsTestOtherB:setUpClass): 202 POST http://10.180.1.21/compute/v2.1/servers 1.779s
2025-04-24 15:27:27.080 69978 INFO tempest.lib.common.rest_client [req-d3697c5c-b8d5-47c2-9d5c-e7e072648bb5 req-d3697c5c-b8d5-47c2-9d5c-e7e072648bb5 ] Request (SecurityGroupRulesNegativeTestJSON:setUpClass): 200 PUT http://10.180.1.21:9696/networking/v2.0/routers/0b34fc12-1cc8-4a70-a72e-2d16e3107400/add_router_interface 2.399s
2025-04-24 15:27:27.080 69978 INFO tempest.lib.common.dynamic_creds [-] Created isolated network resources for: credentials: Credentials: {'domain_id': 'default', 'domain_name': 'Default', 'username': 'tempest-SecurityGroupRulesNegativeTestJSON-1229604690-project-member', 'project_domain_id': 'default', 'project_domain_name': 'Default', 'project_id': 'f6b49192d19748f78481ba2a6a0e5960', 'project_name': 'tempest-SecurityGroupRulesNegativeTestJSON-1229604690', 'tenant_id': 'f6b49192d19748f78481ba2a6a0e5960', 'tenant_name': 'tempest-SecurityGroupRulesNegativeTestJSON-1229604690', 'user_domain_id': 'default', 'user_domain_name': 'Default', 'user_id': '37544ef3f23d4c888bbb8d1b84288b3a', 'system': None}, Network: {'id': '13aace47-d82e-4f7c-ac91-3c96de9bca00', 'name': 'tempest-SecurityGroupRulesNegativeTestJSON-1882632550-network', 'tenant_id': 'f6b49192d19748f78481ba2a6a0e5960', 'admin_state_up': True, 'mtu': 8950, 'status': 'ACTIVE', 'subnets': [], 'shared': False, 'project_id': 'f6b49192d19748f78481ba2a6a0e5960', 'port_security_enabled': True, 'router:external': False, 'provider:network_type': 'vlan', 'provider:physical_network': 'default', 'provider:segmentation_id': 120, 'availability_zone_hints': [], 'availability_zones': [], 'ipv4_address_scope': None, 'ipv6_address_scope': None, 'description': '', 'tags': [], 'created_at': '2025-04-24T15:27:22Z', 'updated_at': '2025-04-24T15:27:22Z', 'revision_number': 1}, Subnet: {'id': '68bae1e7-2980-4db3-ae18-de15a1d0d867', 'name': 'tempest-SecurityGroupRulesNegativeTestJSON-1882632550-subnet', 'tenant_id': 'f6b49192d19748f78481ba2a6a0e5960', 'network_id': '13aace47-d82e-4f7c-ac91-3c96de9bca00', 'ip_version': 4, 'subnetpool_id': None, 'enable_dhcp': True, 'ipv6_ra_mode': None, 'ipv6_address_mode': None, 'gateway_ip': '192.168.128.1', 'cidr': '192.168.128.0/28', 'allocation_pools': [{'start': '192.168.128.2', 'end': '192.168.128.14'}], 'host_routes': [], 'dns_nameservers': [], 'description': '', 'router:external': False, 'service_types': [], 'tags': [], 'created_at': '2025-04-24T15:27:23Z', 'updated_at': '2025-04-24T15:27:23Z', 'revision_number': 0, 'project_id': 'f6b49192d19748f78481ba2a6a0e5960'}, Router: {'id': '0b34fc12-1cc8-4a70-a72e-2d16e3107400', 'name': 'tempest-SecurityGroupRulesNegativeTestJSON-1882632550-router', 'tenant_id': 'f6b49192d19748f78481ba2a6a0e5960', 'admin_state_up': True, 'status': 'ACTIVE', 'external_gateway_info': {'network_id': '70c07f02-3ccd-418d-83db-179bc6837c25', 'external_fixed_ips': [{'subnet_id': 'f274c7fb-f834-4d9a-9edc-86d44644f6fa', 'ip_address': '10.180.180.231'}], 'enable_snat': True}, 'description': '', 'availability_zones': [], 'distributed': False, 'ha': False, 'availability_zone_hints': [], 'routes': [], 'flavor_id': None, 'tags': [], 'created_at': '2025-04-24T15:27:23Z', 'updated_at': '2025-04-24T15:27:24Z', 'revision_number': 2, 'project_id': 'f6b49192d19748f78481ba2a6a0e5960'}
2025-04-24 15:27:27.182 69978 INFO tempest.lib.common.rest_client [req-4999a7b3-4ec8-4926-86fb-84d0d4174059 req-4999a7b3-4ec8-4926-86fb-84d0d4174059 ] Request (SecurityGroupRulesNegativeTestJSON:setUpClass): 201 POST http://10.180.1.21/identity/v3/auth/tokens 0.098s
2025-04-24 15:27:27.363 70018 INFO tempest.lib.common.rest_client [req-ed646798-96db-4965-936e-7af81fd7acff req-ed646798-96db-4965-936e-7af81fd7acff ] Request (ServersNegativeTestMultiTenantJSON:setUpClass): 201 POST http://10.180.1.21:9696/networking/v2.0/routers 1.736s
2025-04-24 15:27:27.484 69998 INFO tempest.lib.common.rest_client [req-1c2926d6-ba57-4d35-a707-d2ae62fa4a82 req-1c2926d6-ba57-4d35-a707-d2ae62fa4a82 ] Request (ServerDiagnosticsTest:test_get_server_diagnostics): 200 GET http://10.180.1.21/compute/v2.1/servers/b841dd92-15b2-4e59-986b-1d5ebaed488f/diagnostics 1.948s
2025-04-24 15:27:27.738 69984 INFO tempest.lib.common.rest_client [req-1daea10a-043b-4bbd-aa1f-d69720dc06f5 req-1daea10a-043b-4bbd-aa1f-d69720dc06f5 ] Request (AbsoluteLimitsNegativeTestJSON:test_max_metadata_exceed_limit): 403 POST http://10.180.1.21/compute/v2.1/servers 1.770s
2025-04-24 15:27:27.753 70008 INFO tempest.lib.common.rest_client [req-b5229ce6-5060-4767-9529-325dac935c9a req-b5229ce6-5060-4767-9529-325dac935c9a ] Request (KeyPairsV22TestJSON:test_keypairsv22_create_list_show): 200 GET http://10.180.1.21/compute/v2.1/os-keypairs 1.701s
2025-04-24 15:27:27.890 69984 INFO tempest.lib.common.rest_client [req-daf679bd-639e-4b94-b78e-beecb72130b5 req-daf679bd-639e-4b94-b78e-beecb72130b5 ] Request (AbsoluteLimitsNegativeTestJSON:tearDownClass): 204 DELETE http://10.180.1.21/identity/v3/users/74d4cdd2987b449d87ebee8cfb81cf3d 0.151s
2025-04-24 15:27:27.890 69984 INFO tempest.lib.common.dynamic_creds [-] Deleting project and security group for project: 4097db3284734f629a0f51e0f1b46bfd
2025-04-24 15:27:27.959 69974 INFO tempest.lib.common.rest_client [req-0bda3cdc-dda5-45bd-b981-967869d41c18 req-0bda3cdc-dda5-45bd-b981-967869d41c18 ] Request (ServerDiagnosticsNegativeTest:tearDownClass): 200 GET http://10.180.1.21/compute/v2.1/servers/c64cfa95-81c2-4296-88ee-f6bb0fe66ac3 1.814s
2025-04-24 15:27:27.987 69984 INFO tempest.lib.common.rest_client [req-c6330870-0a85-4d86-8377-f6d02c87a5f4 req-c6330870-0a85-4d86-8377-f6d02c87a5f4 ] Request (AbsoluteLimitsNegativeTestJSON:tearDownClass): 201 POST http://10.180.1.21/identity/v3/auth/tokens 0.096s
2025-04-24 15:27:27.995 69996 INFO tempest.lib.common.rest_client [req-0036ce8f-3262-4d42-b571-9ff81eb2b091 req-0036ce8f-3262-4d42-b571-9ff81eb2b091 ] Request (FloatingIPsAssociationNegativeTestJSON:_run_cleanups): 202 POST http://10.180.1.21/compute/v2.1/servers/efa5a9d0-05c3-4533-99c2-7b8f5d16db7d/action 2.309s
2025-04-24 15:27:28.067 70016 INFO tempest.lib.common.rest_client [req-72ad50ff-2589-453f-9e44-40861cda81be req-72ad50ff-2589-453f-9e44-40861cda81be ] Request (ServerExternalEventsTest:tearDownClass): 200 GET http://10.180.1.21/compute/v2.1/servers/7a4a8ab0-b931-439b-bef3-24197d068842 1.863s
2025-04-24 15:27:28.096 70000 INFO tempest.lib.common.rest_client [req-fa574452-65d3-42ac-81e9-d84dbc044512 req-fa574452-65d3-42ac-81e9-d84dbc044512 ] Request (TenantUsagesTestJSON:tearDownClass): 200 GET http://10.180.1.21/compute/v2.1/servers/5699f273-2d40-4475-99e1-186b2f1f6699 1.815s
2025-04-24 15:27:28.151 70002 INFO tempest.lib.common.rest_client [req-b5069837-303c-42db-8884-40c3bb3797b9 req-b5069837-303c-42db-8884-40c3bb3797b9 ] Request (ServersAdminNegativeTestJSON:test_migrate_server_invalid_state): 200 GET http://10.180.1.21/compute/v2.1/servers/8cf7cbb1-ba43-46c5-8cfc-326201591894 1.772s
2025-04-24 15:27:28.155 70020 INFO tempest.lib.common.rest_client [req-214d8c3d-3a1d-4239-94a5-72d4337ae679 req-214d8c3d-3a1d-4239-94a5-72d4337ae679 ] Request (TenantUsagesNegativeTestJSON:test_get_usage_tenant_with_invalid_date): 400 GET http://10.180.1.21/compute/v2.1/os-simple-tenant-usage/e9431ba26b43450594f2d9b1e9f4637a?start=2025-04-25T15%3A27%3A25.158447&end=2025-04-23T15%3A27%3A25.158447 1.568s
2025-04-24 15:27:28.175 70006 INFO tempest.lib.common.rest_client [req-83e64dfd-1f40-4af0-ad95-1f72e41041ce req-83e64dfd-1f40-4af0-ad95-1f72e41041ce ] Request (SecurityGroupRulesTestJSON:test_security_group_rules_delete_when_peer_group_deleted): 200 GET http://10.180.1.21/compute/v2.1/os-security-groups/6b44353c-32e3-47e5-886e-7ae8a0d9be01 1.613s
2025-04-24 15:27:28.189 69994 INFO tempest.lib.common.rest_client [req-1445e72d-ffbf-426f-bb45-56c6ac7d40b1 req-1445e72d-ffbf-426f-bb45-56c6ac7d40b1 ] Request (HostsAdminNegativeTestJSON:test_update_nonexistent_host): 404 PUT http://10.180.1.21/compute/v2.1/os-hosts/nonexistent_hostname 1.474s
2025-04-24 15:27:28.196 69976 INFO tempest.lib.common.rest_client [req-23e0cf66-a047-47b1-9537-8bea987cc818 req-23e0cf66-a047-47b1-9537-8bea987cc818 ] Request (AggregatesAdminNegativeTestJSON:test_aggregate_list_as_user): 403 GET http://10.180.1.21/compute/v2.1/os-aggregates 1.469s
2025-04-24 15:27:28.268 69994 INFO tempest.lib.common.rest_client [req-5bb9f623-a9f3-4ac7-af4a-e1d5ffc26f7b req-5bb9f623-a9f3-4ac7-af4a-e1d5ffc26f7b ] Request (HostsAdminNegativeTestJSON:tearDownClass): 204 DELETE http://10.180.1.21/identity/v3/users/b93ab705d2a249afac8a8601f15e48bf 0.077s
2025-04-24 15:27:28.297 69984 INFO tempest.lib.common.rest_client [req-9f5c45fe-1b68-45ea-911b-21cfedc6ca45 req-9f5c45fe-1b68-45ea-911b-21cfedc6ca45 ] Request (AbsoluteLimitsNegativeTestJSON:tearDownClass): 200 GET http://10.180.1.21:9696/networking/v2.0/security-groups?tenant_id=4097db3284734f629a0f51e0f1b46bfd&name=default 0.310s
2025-04-24 15:27:28.365 70018 INFO tempest.lib.common.rest_client [req-faf4150a-09d8-4386-8e4d-9c4715cedada req-faf4150a-09d8-4386-8e4d-9c4715cedada ] Request (ServersNegativeTestMultiTenantJSON:setUpClass): 200 PUT http://10.180.1.21:9696/networking/v2.0/routers/2635dc5f-e419-4ace-b913-797f436fc3b7/add_router_interface 1.001s
2025-04-24 15:27:28.365 70018 INFO tempest.lib.common.dynamic_creds [-] Created isolated network resources for: credentials: Credentials: {'domain_id': 'default', 'domain_name': 'Default', 'username': 'tempest-ServersNegativeTestMultiTenantJSON-84503381-project-member', 'project_domain_id': 'default', 'project_domain_name': 'Default', 'project_id': '29671af2740b437590140d0bb6789ea9', 'project_name': 'tempest-ServersNegativeTestMultiTenantJSON-84503381', 'tenant_id': '29671af2740b437590140d0bb6789ea9', 'tenant_name': 'tempest-ServersNegativeTestMultiTenantJSON-84503381', 'user_domain_id': 'default', 'user_domain_name': 'Default', 'user_id': 'f7fa9859bd054839b39c435a1f7d7675', 'system': None}, Network: {'id': '63d12773-bd65-4d9b-b771-e0b940387a7e', 'name': 'tempest-ServersNegativeTestMultiTenantJSON-1546178410-network', 'tenant_id': '29671af2740b437590140d0bb6789ea9', 'admin_state_up': True, 'mtu': 8950, 'status': 'ACTIVE', 'subnets': [], 'shared': False, 'project_id': '29671af2740b437590140d0bb6789ea9', 'port_security_enabled': True, 'router:external': False, 'provider:network_type': 'vlan', 'provider:physical_network': 'default', 'provider:segmentation_id': 821, 'availability_zone_hints': [], 'availability_zones': [], 'ipv4_address_scope': None, 'ipv6_address_scope': None, 'description': '', 'tags': [], 'created_at': '2025-04-24T15:27:24Z', 'updated_at': '2025-04-24T15:27:24Z', 'revision_number': 1}, Subnet: {'id': '624906fd-125c-4f21-aaed-c60e67c9a33c', 'name': 'tempest-ServersNegativeTestMultiTenantJSON-1546178410-subnet', 'tenant_id': '29671af2740b437590140d0bb6789ea9', 'network_id': '63d12773-bd65-4d9b-b771-e0b940387a7e', 'ip_version': 4, 'subnetpool_id': None, 'enable_dhcp': True, 'ipv6_ra_mode': None, 'ipv6_address_mode': None, 'gateway_ip': '192.168.128.1', 'cidr': '192.168.128.0/28', 'allocation_pools': [{'start': '192.168.128.2', 'end': '192.168.128.14'}], 'host_routes': [], 'dns_nameservers': [], 'description': '', 'router:external': False, 'service_types': [], 'tags': [], 'created_at': '2025-04-24T15:27:25Z', 'updated_at': '2025-04-24T15:27:25Z', 'revision_number': 0, 'project_id': '29671af2740b437590140d0bb6789ea9'}, Router: {'id': '2635dc5f-e419-4ace-b913-797f436fc3b7', 'name': 'tempest-ServersNegativeTestMultiTenantJSON-1546178410-router', 'tenant_id': '29671af2740b437590140d0bb6789ea9', 'admin_state_up': True, 'status': 'ACTIVE', 'external_gateway_info': {'network_id': '70c07f02-3ccd-418d-83db-179bc6837c25', 'external_fixed_ips': [{'subnet_id': 'f274c7fb-f834-4d9a-9edc-86d44644f6fa', 'ip_address': '10.180.180.157'}], 'enable_snat': True}, 'description': '', 'availability_zones': [], 'distributed': False, 'ha': False, 'availability_zone_hints': [], 'routes': [], 'flavor_id': None, 'tags': [], 'created_at': '2025-04-24T15:27:25Z', 'updated_at': '2025-04-24T15:27:26Z', 'revision_number': 2, 'project_id': '29671af2740b437590140d0bb6789ea9'}
2025-04-24 15:27:28.385 69994 INFO tempest.lib.common.rest_client [req-5a8d5a60-8032-4050-9ac9-daea1a58b560 req-5a8d5a60-8032-4050-9ac9-daea1a58b560 ] Request (HostsAdminNegativeTestJSON:tearDownClass): 204 DELETE http://10.180.1.21/identity/v3/users/6c7c5f5d1b5c4443965e4181b10122af 0.114s
2025-04-24 15:27:28.385 69994 INFO tempest.lib.common.dynamic_creds [-] Deleting project and security group for project: 0f7191245cb34f3fa2df39e0097626e4
2025-04-24 15:27:28.397 70012 INFO tempest.lib.common.rest_client [req-b3e6586c-f2bf-4be3-b12d-15792ca9fb77 req-b3e6586c-f2bf-4be3-b12d-15792ca9fb77 ] Request (ImagesOneServerTestJSON:setUpClass): 200 GET http://10.180.1.21/compute/v2.1/servers/2803d331-840b-40c3-81d3-619bba80ed5f 1.370s
2025-04-24 15:27:28.444 69992 INFO tempest.lib.common.rest_client [req-6c6d684b-1908-4a39-a381-fb3355b13ff3 req-6c6d684b-1908-4a39-a381-fb3355b13ff3 ] Request (ServersAdmin275Test:test_rebuild_update_server_275): 202 POST http://10.180.1.21/compute/v2.1/servers 1.830s
2025-04-24 15:27:28.451 69994 INFO tempest.lib.common.rest_client [req-5f388e3e-f675-4689-9b4c-2442080c4b73 req-5f388e3e-f675-4689-9b4c-2442080c4b73 ] Request (HostsAdminNegativeTestJSON:tearDownClass): 201 POST http://10.180.1.21/identity/v3/auth/tokens 0.065s
2025-04-24 15:27:28.456 70018 INFO tempest.lib.common.rest_client [req-946a94fd-417c-4aba-a9db-29b40a0e95eb req-946a94fd-417c-4aba-a9db-29b40a0e95eb ] Request (ServersNegativeTestMultiTenantJSON:setUpClass): 201 POST http://10.180.1.21/identity/v3/auth/tokens 0.088s
2025-04-24 15:27:28.521 70018 INFO tempest.lib.common.rest_client [req-1791c285-b859-432e-bd10-e3946cb3f198 req-1791c285-b859-432e-bd10-e3946cb3f198 ] Request (ServersNegativeTestMultiTenantJSON:setUpClass): 201 POST http://10.180.1.21/identity/v3/auth/tokens 0.062s
2025-04-24 15:27:28.521 70018 INFO tempest.lib.common.fixed_network [-] (ServersNegativeTestMultiTenantJSON:setUpClass) Found network {'id': 'f9653296-53a6-401d-a5c6-91f4252320c4', 'name': 'tempest-ServersNegativeTestMultiTenantJSON-857288227-network', 'tenant_id': 'ebcd78eeea06427faa97ee0ee2f0d1c7', 'admin_state_up': True, 'mtu': 8950, 'status': 'ACTIVE', 'subnets': [], 'shared': False, 'project_id': 'ebcd78eeea06427faa97ee0ee2f0d1c7', 'port_security_enabled': True, 'router:external': False, 'provider:network_type': 'vlan', 'provider:physical_network': 'default', 'provider:segmentation_id': 581, 'availability_zone_hints': [], 'availability_zones': [], 'ipv4_address_scope': None, 'ipv6_address_scope': None, 'description': '', 'tags': [], 'created_at': '2025-04-24T15:27:18Z', 'updated_at': '2025-04-24T15:27:18Z', 'revision_number': 1} available for tenant
2025-04-24 15:27:28.533 69986 INFO tempest.lib.common.rest_client [req-b64b8abf-2265-477e-a9a1-bfcb7f7a659c req-b64b8abf-2265-477e-a9a1-bfcb7f7a659c ] Request (ServerActionsTestOtherB:setUpClass): 200 GET http://10.180.1.21/compute/v2.1/servers/ae21ad12-a0b3-41ff-93b7-b253fc6ebaeb 1.478s
2025-04-24 15:27:28.617 69984 INFO tempest.lib.common.rest_client [req-43528e35-3efd-4330-a3d0-2492b5e38c23 req-43528e35-3efd-4330-a3d0-2492b5e38c23 ] Request (AbsoluteLimitsNegativeTestJSON:tearDownClass): 204 DELETE http://10.180.1.21:9696/networking/v2.0/security-groups/567798a8-b206-49bb-be9d-c3001ad89a8c 0.319s
2025-04-24 15:27:28.634 70010 INFO tempest.lib.common.rest_client [req-13a51b8c-0147-4b79-9c32-aa485d460ae3 req-13a51b8c-0147-4b79-9c32-aa485d460ae3 ] Request (ImagesNegativeTestJSON:test_create_image_from_deleted_server): 200 GET http://10.180.1.21/compute/v2.1/servers/e70c9988-f850-45ad-950d-66bf8eb60f80 1.584s
2025-04-24 15:27:28.634 69972 INFO tempest.lib.common.rest_client [req-404f690d-5f09-44ca-b8a7-fba67586a8c3 req-404f690d-5f09-44ca-b8a7-fba67586a8c3 ] Request (ServerDiagnosticsV248Test:tearDownClass): 200 GET http://10.180.1.21/compute/v2.1/servers/2a1cc8db-fb20-4cb6-ae79-a89ca9a479da 1.476s
2025-04-24 15:27:28.644 69994 INFO tempest.lib.common.rest_client [req-d3782f04-7adc-4f5e-ae52-fa0bb6c64d53 req-d3782f04-7adc-4f5e-ae52-fa0bb6c64d53 ] Request (HostsAdminNegativeTestJSON:tearDownClass): 200 GET http://10.180.1.21:9696/networking/v2.0/security-groups?tenant_id=0f7191245cb34f3fa2df39e0097626e4&name=default 0.193s
2025-04-24 15:27:28.706 69984 INFO tempest.lib.common.rest_client [req-6c98bf4c-733a-4b9f-828c-07c21240deb6 req-6c98bf4c-733a-4b9f-828c-07c21240deb6 ] Request (AbsoluteLimitsNegativeTestJSON:tearDownClass): 204 DELETE http://10.180.1.21/identity/v3/projects/4097db3284734f629a0f51e0f1b46bfd 0.088s
2025-04-24 15:27:28.707 69988 INFO tempest.lib.common.rest_client [req-7751c102-3ba4-4248-a1f9-cbfd247728bd req-7751c102-3ba4-4248-a1f9-cbfd247728bd ] Request (FloatingIPsAssociationTestJSON:test_associate_already_associated_floating_ip): 200 GET http://10.180.1.21/compute/v2.1/servers/a10177e9-959a-4c5b-9f1e-0808af564f81 1.469s
2025-04-24 15:27:28.719 69988 INFO tempest.common.waiters [-] State transition "BUILD/None" ==> "BUILD/networking" after 16 second wait
2025-04-24 15:27:28.782 69994 INFO tempest.lib.common.rest_client [req-99791770-672a-4871-a1cf-53c52ddb60f1 req-99791770-672a-4871-a1cf-53c52ddb60f1 ] Request (HostsAdminNegativeTestJSON:tearDownClass): 204 DELETE http://10.180.1.21:9696/networking/v2.0/security-groups/803d2b8e-3493-4032-8026-003b5b7f4a54 0.137s
2025-04-24 15:27:28.794 69990 INFO tempest.lib.common.rest_client [req-3c99aee6-4cab-4ba4-b0e0-89f858438919 req-3c99aee6-4cab-4ba4-b0e0-89f858438919 ] Request (ServerShowV257Test:test_rebuild_server): 200 GET http://10.180.1.21/compute/v2.1/servers/4007de2c-0d1a-43db-8d5e-52f8969e9a39 1.555s
2025-04-24 15:27:28.810 69984 INFO tempest.lib.common.rest_client [req-84cf688b-f97f-464c-baf5-9b3240b749c2 req-84cf688b-f97f-464c-baf5-9b3240b749c2 ] Request (ServersTestManualDisk:setUpClass): 201 POST http://10.180.1.21/identity/v3/auth/tokens 0.098s
2025-04-24 15:27:28.846 69984 INFO tempest.lib.common.rest_client [req-96f045a8-b371-4989-a057-491e19577b78 req-96f045a8-b371-4989-a057-491e19577b78 ] Request (ServersTestManualDisk:setUpClass): 201 POST http://10.180.1.21/identity/v3/auth/tokens 0.034s
2025-04-24 15:27:28.868 70028 INFO tempest.lib.common.rest_client [req-5005a3d3-61cb-49a0-86eb-d1f57e327642 req-5005a3d3-61cb-49a0-86eb-d1f57e327642 ] Request (ListImageFiltersTestJSON:setUpClass): 200 GET http://10.180.1.21/compute/v2.1/servers/8b70aa71-6c4a-4cbf-b6b1-5b4cac38dd03 1.538s
2025-04-24 15:27:28.881 69984 INFO tempest.lib.common.rest_client [req-e05a56a2-df43-45a8-afc8-2e813ca06400 req-e05a56a2-df43-45a8-afc8-2e813ca06400 ] Request (ServersTestManualDisk:setUpClass): 200 GET http://10.180.1.21/identity/v3/domains?name=Default 0.035s
2025-04-24 15:27:28.898 69994 INFO tempest.lib.common.rest_client [req-e65003b8-b20d-4497-b449-8cf544ea97bc req-e65003b8-b20d-4497-b449-8cf544ea97bc ] Request (HostsAdminNegativeTestJSON:tearDownClass): 204 DELETE http://10.180.1.21/identity/v3/projects/0f7191245cb34f3fa2df39e0097626e4 0.115s
2025-04-24 15:27:28.898 69994 INFO tempest.lib.common.dynamic_creds [-] Deleting project and security group for project: 9751aef64b1c47bba3e75568cc8d7253
2025-04-24 15:27:28.954 69984 INFO tempest.lib.common.rest_client [req-2c3aa959-68e8-4df8-bc24-531996ff5cf9 req-2c3aa959-68e8-4df8-bc24-531996ff5cf9 ] Request (ServersTestManualDisk:setUpClass): 201 POST http://10.180.1.21/identity/v3/projects 0.072s
2025-04-24 15:27:28.982 69982 INFO tempest.lib.common.rest_client [req-75c49495-0215-4984-a4d3-facb3f9cff7a req-75c49495-0215-4984-a4d3-facb3f9cff7a ] Request (DeleteServersTestJSON:test_delete_active_server): 200 GET http://10.180.1.21/compute/v2.1/servers/9622ebc8-e48d-4446-b76b-71af45f7c749 1.638s
2025-04-24 15:27:29.061 69984 INFO tempest.lib.common.rest_client [req-b51b6341-f784-49fd-b322-ce522f632db9 req-b51b6341-f784-49fd-b322-ce522f632db9 ] Request (ServersTestManualDisk:setUpClass): 201 POST http://10.180.1.21/identity/v3/users 0.106s
2025-04-24 15:27:29.106 69984 INFO tempest.lib.common.rest_client [req-e034d006-f937-4534-bcf0-d1babf1cd250 req-e034d006-f937-4534-bcf0-d1babf1cd250 ] Request (ServersTestManualDisk:setUpClass): 200 GET http://10.180.1.21/identity/v3/roles 0.044s
2025-04-24 15:27:29.116 69980 INFO tempest.lib.common.rest_client [req-4ed304dd-c388-42d1-bc3a-26c68fb5aa33 req-4ed304dd-c388-42d1-bc3a-26c68fb5aa33 ] Request (DeleteServersAdminTestJSON:test_admin_delete_servers_of_others): 200 GET http://10.180.1.21/compute/v2.1/servers/7c0099b4-0c5c-41ad-82b1-fd1ac0a25840 1.673s
2025-04-24 15:27:29.132 69978 INFO tempest.lib.common.rest_client [req-420e7b2b-a36c-4a9e-adfc-33d9a761293d req-420e7b2b-a36c-4a9e-adfc-33d9a761293d ] Request (SecurityGroupRulesNegativeTestJSON:test_create_security_group_rule_duplicate): 200 POST http://10.180.1.21/compute/v2.1/os-security-groups 1.948s
2025-04-24 15:27:29.168 69984 INFO tempest.lib.common.rest_client [req-ba3d7017-9886-4a1b-b177-fda772841448 req-ba3d7017-9886-4a1b-b177-fda772841448 ] Request (ServersTestManualDisk:setUpClass): 204 PUT http://10.180.1.21/identity/v3/projects/e4920f2de4f54530acce42e1da9143fa/users/6d9d4ff95c264518a72afca2f87aa93d/roles/8ef70cffbd124e8f8e491199a62ee57b 0.061s
2025-04-24 15:27:29.168 69984 INFO tempest.lib.common.dynamic_creds [-] Dynamic test user 6d9d4ff95c264518a72afca2f87aa93d is created with scope project and roles: ['member']
2025-04-24 15:27:29.169 69984 INFO tempest.lib.common.dynamic_creds [-] Acquired dynamic creds: credentials: Credentials: {'domain_id': 'default', 'domain_name': 'Default', 'username': 'tempest-ServersTestManualDisk-61462443-project-member', 'project_domain_id': 'default', 'project_domain_name': 'Default', 'project_id': 'e4920f2de4f54530acce42e1da9143fa', 'project_name': 'tempest-ServersTestManualDisk-61462443', 'tenant_id': 'e4920f2de4f54530acce42e1da9143fa', 'tenant_name': 'tempest-ServersTestManualDisk-61462443', 'user_domain_id': 'default', 'user_domain_name': 'Default', 'user_id': '6d9d4ff95c264518a72afca2f87aa93d', 'system': None}, Network: None, Subnet: None, Router: None
2025-04-24 15:27:29.209 69994 INFO tempest.lib.common.rest_client [req-2dd7427f-ad72-49d1-adf8-09433ad922f8 req-2dd7427f-ad72-49d1-adf8-09433ad922f8 ] Request (HostsAdminNegativeTestJSON:tearDownClass): 200 GET http://10.180.1.21:9696/networking/v2.0/security-groups?tenant_id=9751aef64b1c47bba3e75568cc8d7253&name=default 0.311s
2025-04-24 15:27:29.248 69998 INFO tempest.lib.common.rest_client [req-bb33619f-403f-47ea-aa17-37471881154a req-bb33619f-403f-47ea-aa17-37471881154a ] Request (ServerDiagnosticsTest:tearDownClass): 204 DELETE http://10.180.1.21/compute/v2.1/servers/b841dd92-15b2-4e59-986b-1d5ebaed488f 1.762s
2025-04-24 15:27:29.273 69984 INFO tempest.lib.common.rest_client [req-9d05dcc6-1b24-4955-8207-c62720536d6f req-9d05dcc6-1b24-4955-8207-c62720536d6f ] Request (ServersTestManualDisk:setUpClass): 201 POST http://10.180.1.21/identity/v3/auth/tokens 0.104s
2025-04-24 15:27:29.324 70032 INFO tempest.lib.common.rest_client [req-bf680146-7b20-4bdc-8ac6-6dc484dec14a req-bf680146-7b20-4bdc-8ac6-6dc484dec14a ] Request (AttachInterfacesV270Test:test_create_get_list_interfaces): 200 GET http://10.180.1.21/compute/v2.1/servers/d3952514-471e-43ea-9373-6ed0e64b074d 1.604s
2025-04-24 15:27:29.345 69994 INFO tempest.lib.common.rest_client [req-97981f0e-fc3d-4aa3-ac9b-6b77d191e1dc req-97981f0e-fc3d-4aa3-ac9b-6b77d191e1dc ] Request (HostsAdminNegativeTestJSON:tearDownClass): 204 DELETE http://10.180.1.21:9696/networking/v2.0/security-groups/cccf85f4-2ba7-4e82-90d4-ae5039b561f7 0.133s
2025-04-24 15:27:29.347 70030 WARNING tempest.lib.common.ssh [-] Failed to establish authenticated ssh connection to cirros@10.180.180.147 ([Errno None] Unable to connect to port 22 on 10.180.180.147). Number attempts: 2. Retry after 3 seconds.: paramiko.ssh_exception.NoValidConnectionsError: [Errno None] Unable to connect to port 22 on 10.180.180.147
2025-04-24 15:27:29.353 70008 INFO tempest.lib.common.rest_client [req-4ab3df22-ea2a-45ce-aa77-491816a6e440 req-4ab3df22-ea2a-45ce-aa77-491816a6e440 ] Request (KeyPairsV22TestJSON:_run_cleanups): 204 DELETE http://10.180.1.21/compute/v2.1/os-keypairs/tempest-keypair-1969193745 1.599s
2025-04-24 15:27:29.393 70022 INFO tempest.lib.common.rest_client [req-fba1c9d0-c3cb-4e17-9ef5-dcc6c922a0b6 req-fba1c9d0-c3cb-4e17-9ef5-dcc6c922a0b6 ] Request (ServerMetadataTestJSON:setUpClass): 200 GET http://10.180.1.21/compute/v2.1/servers/99d1f0fc-e4e7-4aaf-a3c2-a3b136758d68 1.758s
2025-04-24 15:27:29.405 70022 INFO tempest.common.waiters [-] State transition "BUILD/networking" ==> "BUILD/spawning" after 19 second wait
2025-04-24 15:27:29.431 69994 INFO tempest.lib.common.rest_client [req-cfbce4fb-1cc0-4196-9dc1-73c2e07dc6f3 req-cfbce4fb-1cc0-4196-9dc1-73c2e07dc6f3 ] Request (HostsAdminNegativeTestJSON:tearDownClass): 204 DELETE http://10.180.1.21/identity/v3/projects/9751aef64b1c47bba3e75568cc8d7253 0.085s
2025-04-24 15:27:29.432 69994 INFO tempest.test [-] raised in ServersOnMultiNodesTest.setUpClass. Invoking tearDownClass.
2025-04-24 15:27:29.518 69994 INFO tempest.lib.common.rest_client [req-1b8d9274-ea28-41a9-94bb-e01100e0bc90 req-1b8d9274-ea28-41a9-94bb-e01100e0bc90 ] Request (ImagesTestJSON:setUpClass): 201 POST http://10.180.1.21/identity/v3/auth/tokens 0.082s
2025-04-24 15:27:29.560 69994 INFO tempest.lib.common.rest_client [req-675e554c-6c1c-4818-a3cd-02e8e584ce76 req-675e554c-6c1c-4818-a3cd-02e8e584ce76 ] Request (ImagesTestJSON:setUpClass): 201 POST http://10.180.1.21/identity/v3/auth/tokens 0.036s
2025-04-24 15:27:29.563 70026 INFO tempest.lib.common.rest_client [req-3c35661b-71fb-4a28-9eee-18c4c86d708b req-3c35661b-71fb-4a28-9eee-18c4c86d708b ] Request (QuotaClassesAdmin257Test:test_update_default_quotas): 200 GET http://10.180.1.21/compute/v2.1/os-quota-class-sets/default 1.744s
2025-04-24 15:27:29.576 69984 INFO tempest.lib.common.rest_client [req-872222fe-6f4b-497c-8c82-51d8ef5af74b req-872222fe-6f4b-497c-8c82-51d8ef5af74b ] Request (ServersTestManualDisk:setUpClass): 201 POST http://10.180.1.21:9696/networking/v2.0/networks 0.303s
2025-04-24 15:27:29.596 69994 INFO tempest.lib.common.rest_client [req-16af759e-ff9f-4726-9a14-ac7c637d245d req-16af759e-ff9f-4726-9a14-ac7c637d245d ] Request (ImagesTestJSON:setUpClass): 200 GET http://10.180.1.21/identity/v3/domains?name=Default 0.035s
2025-04-24 15:27:29.631 69994 INFO tempest.lib.common.rest_client [req-17118e78-3712-418f-a3d3-576888555886 req-17118e78-3712-418f-a3d3-576888555886 ] Request (ImagesTestJSON:setUpClass): 201 POST http://10.180.1.21/identity/v3/projects 0.034s
2025-04-24 15:27:29.702 69994 INFO tempest.lib.common.rest_client [req-429309bf-dc30-4e30-af3b-3acab1f552b1 req-429309bf-dc30-4e30-af3b-3acab1f552b1 ] Request (ImagesTestJSON:setUpClass): 201 POST http://10.180.1.21/identity/v3/users 0.071s
2025-04-24 15:27:29.728 69994 INFO tempest.lib.common.rest_client [req-06e89cb0-0cbf-4f1c-81da-aaada5adb0aa req-06e89cb0-0cbf-4f1c-81da-aaada5adb0aa ] Request (ImagesTestJSON:setUpClass): 200 GET http://10.180.1.21/identity/v3/roles 0.026s
2025-04-24 15:27:29.761 69994 INFO tempest.lib.common.rest_client [req-9479cced-137c-4da3-bfa2-f5d1ed39c8cb req-9479cced-137c-4da3-bfa2-f5d1ed39c8cb ] Request (ImagesTestJSON:setUpClass): 204 PUT http://10.180.1.21/identity/v3/projects/2cbbc00a4ee0485394608c7bc4ae20df/users/03c80a72bba8483390c279dc02df8797/roles/8ef70cffbd124e8f8e491199a62ee57b 0.033s
2025-04-24 15:27:29.762 69994 INFO tempest.lib.common.dynamic_creds [-] Dynamic test user 03c80a72bba8483390c279dc02df8797 is created with scope project and roles: ['member']
2025-04-24 15:27:29.762 69994 INFO tempest.lib.common.dynamic_creds [-] Acquired dynamic creds: credentials: Credentials: {'domain_id': 'default', 'domain_name': 'Default', 'username': 'tempest-ImagesTestJSON-954996409-project-member', 'project_domain_id': 'default', 'project_domain_name': 'Default', 'project_id': '2cbbc00a4ee0485394608c7bc4ae20df', 'project_name': 'tempest-ImagesTestJSON-954996409', 'tenant_id': '2cbbc00a4ee0485394608c7bc4ae20df', 'tenant_name': 'tempest-ImagesTestJSON-954996409', 'user_domain_id': 'default', 'user_domain_name': 'Default', 'user_id': '03c80a72bba8483390c279dc02df8797', 'system': None}, Network: None, Subnet: None, Router: None
2025-04-24 15:27:29.810 69984 INFO tempest.lib.common.rest_client [req-512f4b98-f1b8-4acf-872f-3f3a825ae211 req-512f4b98-f1b8-4acf-872f-3f3a825ae211 ] Request (ServersTestManualDisk:setUpClass): 201 POST http://10.180.1.21:9696/networking/v2.0/subnets 0.233s
2025-04-24 15:27:29.818 70024 INFO tempest.lib.common.rest_client [req-1d2b3ced-a281-48cb-9e0e-6ca2b46630e4 req-1d2b3ced-a281-48cb-9e0e-6ca2b46630e4 ] Request (ServersWithSpecificFlavorTestJSON:test_verify_created_server_ephemeral_disk): 200 GET http://10.180.1.21/compute/v2.1/servers/d8d33a14-d3e3-42e4-9fe6-e901547195c9 1.974s
2025-04-24 15:27:29.827 70024 INFO tempest.common.waiters [-] State transition "BUILD/spawning" ==> "ACTIVE/None" after 21 second wait
2025-04-24 15:27:29.829 69994 INFO tempest.lib.common.rest_client [req-c42d22b8-230f-45d8-94f1-8c3b6eab39d1 req-c42d22b8-230f-45d8-94f1-8c3b6eab39d1 ] Request (ImagesTestJSON:setUpClass): 201 POST http://10.180.1.21/identity/v3/auth/tokens 0.067s
2025-04-24 15:27:29.923 70020 INFO tempest.lib.common.rest_client [req-d28e9ab0-47f9-4bf3-aeee-c1e5d7195c94 req-d28e9ab0-47f9-4bf3-aeee-c1e5d7195c94 ] Request (TenantUsagesNegativeTestJSON:test_list_usage_all_tenants_with_non_admin_user): 403 GET http://10.180.1.21/compute/v2.1/os-simple-tenant-usage?start=2025-04-23T15%3A27%3A25.158447&end=2025-04-25T15%3A27%3A25.158447&detailed=1 1.764s
2025-04-24 15:27:30.024 70020 INFO tempest.lib.common.rest_client [req-3e3ac7a4-9398-4276-9751-1f588d074253 req-3e3ac7a4-9398-4276-9751-1f588d074253 ] Request (TenantUsagesNegativeTestJSON:tearDownClass): 204 DELETE http://10.180.1.21/identity/v3/users/eb6090e3ead8487faba2ee449adfe699 0.093s
2025-04-24 15:27:30.162 70020 INFO tempest.lib.common.rest_client [req-74f07f02-7642-42ab-aa8c-1cea817bffef req-74f07f02-7642-42ab-aa8c-1cea817bffef ] Request (TenantUsagesNegativeTestJSON:tearDownClass): 204 DELETE http://10.180.1.21/identity/v3/users/e13b561f219a4f94a32c52236ce1a033 0.138s
2025-04-24 15:27:30.162 70020 INFO tempest.lib.common.dynamic_creds [-] Deleting project and security group for project: e9431ba26b43450594f2d9b1e9f4637a
2025-04-24 15:27:30.238 70020 INFO tempest.lib.common.rest_client [req-d27106fa-e3d6-4eb1-915c-e19953b7a120 req-d27106fa-e3d6-4eb1-915c-e19953b7a120 ] Request (TenantUsagesNegativeTestJSON:tearDownClass): 201 POST http://10.180.1.21/identity/v3/auth/tokens 0.076s
2025-04-24 15:27:30.242 70006 INFO tempest.lib.common.rest_client [req-889e5a8b-ef6c-4e29-a113-a7fe1dc67395 req-889e5a8b-ef6c-4e29-a113-a7fe1dc67395 ] Request (SecurityGroupRulesTestJSON:test_security_group_rules_list): 200 POST http://10.180.1.21/compute/v2.1/os-security-groups 2.063s
2025-04-24 15:27:30.279 69976 INFO tempest.lib.common.rest_client [req-8bf1e4d2-29a3-45f6-98f5-c550aab38502 req-8bf1e4d2-29a3-45f6-98f5-c550aab38502 ] Request (AggregatesAdminNegativeTestJSON:test_aggregate_remove_host_as_user): 200 POST http://10.180.1.21/compute/v2.1/os-aggregates 2.080s
2025-04-24 15:27:30.306 69994 INFO tempest.lib.common.rest_client [req-e2d46253-1c29-4edc-8ca2-ca550b954d93 req-e2d46253-1c29-4edc-8ca2-ca550b954d93 ] Request (ImagesTestJSON:setUpClass): 201 POST http://10.180.1.21:9696/networking/v2.0/networks 0.476s
2025-04-24 15:27:30.427 69992 INFO tempest.lib.common.rest_client [req-db5cd203-c52b-49da-a915-aa85e7d8d23c req-db5cd203-c52b-49da-a915-aa85e7d8d23c ] Request (ServersAdmin275Test:test_rebuild_update_server_275): 200 PUT http://10.180.1.21/compute/v2.1/servers/c50cee51-ee39-4590-938e-3c1a9ce10225 1.982s
2025-04-24 15:27:30.432 69996 INFO tempest.lib.common.rest_client [req-c52610c3-981f-4ce9-89b2-9514867f98c1 req-c52610c3-981f-4ce9-89b2-9514867f98c1 ] Request (FloatingIPsAssociationNegativeTestJSON:_run_cleanups): 202 DELETE http://10.180.1.21/compute/v2.1/os-floating-ips/6255e18e-c9b7-4ca2-a07c-e58ad0ddc581 2.437s
2025-04-24 15:27:30.543 69974 INFO tempest.lib.common.rest_client [req-9245cbce-c52a-4d99-b789-171eff885d48 req-9245cbce-c52a-4d99-b789-171eff885d48 ] Request (ServerDiagnosticsNegativeTest:tearDownClass): 200 GET http://10.180.1.21/compute/v2.1/servers/c64cfa95-81c2-4296-88ee-f6bb0fe66ac3 1.570s
2025-04-24 15:27:30.550 69974 INFO tempest.common.waiters [-] State transition "ACTIVE/deleting" ==> "DELETED/None" after 3 second wait
2025-04-24 15:27:30.590 70020 INFO tempest.lib.common.rest_client [req-e6bbc09d-7c64-4be0-91ed-c352ddfe29ad req-e6bbc09d-7c64-4be0-91ed-c352ddfe29ad ] Request (TenantUsagesNegativeTestJSON:tearDownClass): 200 GET http://10.180.1.21:9696/networking/v2.0/security-groups?tenant_id=e9431ba26b43450594f2d9b1e9f4637a&name=default 0.350s
2025-04-24 15:27:30.616 69994 INFO tempest.lib.common.rest_client [req-8ebdfe40-8585-40c1-a9a5-273154c68a16 req-8ebdfe40-8585-40c1-a9a5-273154c68a16 ] Request (ImagesTestJSON:setUpClass): 201 POST http://10.180.1.21:9696/networking/v2.0/subnets 0.309s
2025-04-24 15:27:30.630 70016 INFO tempest.lib.common.rest_client [req-094bb63b-e8a5-49a7-9de7-9f0801fcc9bd req-094bb63b-e8a5-49a7-9de7-9f0801fcc9bd ] Request (ServerExternalEventsTest:tearDownClass): 200 GET http://10.180.1.21/compute/v2.1/servers/7a4a8ab0-b931-439b-bef3-24197d068842 1.553s
2025-04-24 15:27:30.705 70000 INFO tempest.lib.common.rest_client [req-f8dc8972-0bd0-4ef7-92d3-bc43789f71f9 req-f8dc8972-0bd0-4ef7-92d3-bc43789f71f9 ] Request (TenantUsagesTestJSON:tearDownClass): 200 GET http://10.180.1.21/compute/v2.1/servers/5699f273-2d40-4475-99e1-186b2f1f6699 1.600s
2025-04-24 15:27:30.762 70020 INFO tempest.lib.common.rest_client [req-0562ed92-ea9b-4a79-b8dc-72cb2b7715ec req-0562ed92-ea9b-4a79-b8dc-72cb2b7715ec ] Request (TenantUsagesNegativeTestJSON:tearDownClass): 204 DELETE http://10.180.1.21:9696/networking/v2.0/security-groups/ccd960ce-d2f3-42b2-9b07-06644caecf0e 0.172s
2025-04-24 15:27:30.836 70020 INFO tempest.lib.common.rest_client [req-47e58fa2-e94f-4e6b-8ffc-12cbad9b3f69 req-47e58fa2-e94f-4e6b-8ffc-12cbad9b3f69 ] Request (TenantUsagesNegativeTestJSON:tearDownClass): 204 DELETE http://10.180.1.21/identity/v3/projects/e9431ba26b43450594f2d9b1e9f4637a 0.073s
2025-04-24 15:27:30.836 70020 INFO tempest.lib.common.dynamic_creds [-] Deleting project and security group for project: ceacb8875a5044c287941e482543c43e
2025-04-24 15:27:30.900 69978 INFO tempest.lib.common.rest_client [req-16c947a6-eb92-4bb0-be64-ca6caf39a1c4 req-16c947a6-eb92-4bb0-be64-ca6caf39a1c4 ] Request (SecurityGroupRulesNegativeTestJSON:test_create_security_group_rule_duplicate): 200 POST http://10.180.1.21/compute/v2.1/os-security-group-rules 1.764s
2025-04-24 15:27:30.973 70002 INFO tempest.lib.common.rest_client [req-bc140514-b805-48da-900e-5785891c268a req-bc140514-b805-48da-900e-5785891c268a ] Request (ServersAdminNegativeTestJSON:test_migrate_server_invalid_state): 200 GET http://10.180.1.21/compute/v2.1/servers/8cf7cbb1-ba43-46c5-8cfc-326201591894 1.807s
2025-04-24 15:27:31.011 70020 INFO tempest.lib.common.rest_client [req-9c577268-9558-4cea-b14e-4d08d8d842d3 req-9c577268-9558-4cea-b14e-4d08d8d842d3 ] Request (TenantUsagesNegativeTestJSON:tearDownClass): 200 GET http://10.180.1.21:9696/networking/v2.0/security-groups?tenant_id=ceacb8875a5044c287941e482543c43e&name=default 0.175s
2025-04-24 15:27:31.045 70018 INFO tempest.lib.common.rest_client [req-6b80517f-010e-48c6-b37d-591f69ad7447 req-6b80517f-010e-48c6-b37d-591f69ad7447 ] Request (ServersNegativeTestMultiTenantJSON:setUpClass): 202 POST http://10.180.1.21/compute/v2.1/servers 2.523s
2025-04-24 15:27:31.146 69998 INFO tempest.lib.common.rest_client [req-11728743-5b43-4102-892b-1e1680c138b1 req-11728743-5b43-4102-892b-1e1680c138b1 ] Request (ServerDiagnosticsTest:tearDownClass): 200 GET http://10.180.1.21/compute/v2.1/servers/b841dd92-15b2-4e59-986b-1d5ebaed488f 1.897s
2025-04-24 15:27:31.217 70020 INFO tempest.lib.common.rest_client [req-88539336-abac-40e1-ba5b-621d0ceff458 req-88539336-abac-40e1-ba5b-621d0ceff458 ] Request (TenantUsagesNegativeTestJSON:tearDownClass): 204 DELETE http://10.180.1.21:9696/networking/v2.0/security-groups/3761ea8f-e604-4ddb-9adb-d5830fdf0f59 0.206s
2025-04-24 15:27:31.292 69984 INFO tempest.lib.common.rest_client [req-a1daa9e3-60d5-48f6-a4e2-ea3c50588989 req-a1daa9e3-60d5-48f6-a4e2-ea3c50588989 ] Request (ServersTestManualDisk:setUpClass): 201 POST http://10.180.1.21:9696/networking/v2.0/routers 1.481s
2025-04-24 15:27:31.439 70020 INFO tempest.lib.common.rest_client [req-50dc5a14-e24f-445e-a909-7866fe6f45d5 req-50dc5a14-e24f-445e-a909-7866fe6f45d5 ] Request (TenantUsagesNegativeTestJSON:tearDownClass): 204 DELETE http://10.180.1.21/identity/v3/projects/ceacb8875a5044c287941e482543c43e 0.221s
2025-04-24 15:27:31.462 70012 INFO tempest.lib.common.rest_client [req-346872df-20f9-4572-8997-60ebadaef7ab req-346872df-20f9-4572-8997-60ebadaef7ab ] Request (ImagesOneServerTestJSON:setUpClass): 200 GET http://10.180.1.21/compute/v2.1/servers/2803d331-840b-40c3-81d3-619bba80ed5f 2.054s
2025-04-24 15:27:31.470 70012 INFO tempest.common.waiters [-] State transition "BUILD/spawning" ==> "ACTIVE/None" after 22 second wait
2025-04-24 15:27:31.470 70008 INFO tempest.lib.common.rest_client [req-b5f0d695-12d5-4e5e-8764-2ebd58d28571 req-b5f0d695-12d5-4e5e-8764-2ebd58d28571 ] Request (KeyPairsV22TestJSON:test_keypairsv22_create_list_show_with_type): 201 POST http://10.180.1.21/compute/v2.1/os-keypairs 2.116s
2025-04-24 15:27:31.518 69986 INFO tempest.lib.common.rest_client [req-1a678290-d6f3-42ee-8931-b41810575943 req-1a678290-d6f3-42ee-8931-b41810575943 ] Request (ServerActionsTestOtherB:setUpClass): 200 GET http://10.180.1.21/compute/v2.1/servers/ae21ad12-a0b3-41ff-93b7-b253fc6ebaeb 1.972s
2025-04-24 15:27:31.530 69986 INFO tempest.common.waiters [-] State transition "BUILD/scheduling" ==> "BUILD/None" after 3 second wait
2025-04-24 15:27:31.534 70026 INFO tempest.lib.common.rest_client [req-ba9ffc46-db20-457a-9f5d-3c831fc0039f req-ba9ffc46-db20-457a-9f5d-3c831fc0039f ] Request (QuotaClassesAdmin257Test:test_update_default_quotas): 200 PUT http://10.180.1.21/compute/v2.1/os-quota-class-sets/default 1.969s
2025-04-24 15:27:31.615 69972 INFO tempest.lib.common.rest_client [req-196b8def-4219-4593-86e5-1b5de5c17680 req-196b8def-4219-4593-86e5-1b5de5c17680 ] Request (ServerDiagnosticsV248Test:tearDownClass): 200 GET http://10.180.1.21/compute/v2.1/servers/2a1cc8db-fb20-4cb6-ae79-a89ca9a479da 1.962s
2025-04-24 15:27:31.709 70010 INFO tempest.lib.common.rest_client [req-8c4388c2-aa3b-4499-96f3-503548886f60 req-8c4388c2-aa3b-4499-96f3-503548886f60 ] Request (ImagesNegativeTestJSON:test_create_image_from_deleted_server): 200 GET http://10.180.1.21/compute/v2.1/servers/e70c9988-f850-45ad-950d-66bf8eb60f80 2.058s
2025-04-24 15:27:31.746 69988 INFO tempest.lib.common.rest_client [req-caf9fc42-32fa-4a89-8a99-61e16eb2888e req-caf9fc42-32fa-4a89-8a99-61e16eb2888e ] Request (FloatingIPsAssociationTestJSON:test_associate_already_associated_floating_ip): 200 GET http://10.180.1.21/compute/v2.1/servers/a10177e9-959a-4c5b-9f1e-0808af564f81 2.025s
2025-04-24 15:27:31.755 69988 INFO tempest.common.waiters [-] State transition "BUILD/networking" ==> "BUILD/spawning" after 19 second wait
2025-04-24 15:27:31.809 69990 INFO tempest.lib.common.rest_client [req-86bbf91c-294a-40c6-a30a-8261ecd98657 req-86bbf91c-294a-40c6-a30a-8261ecd98657 ] Request (ServerShowV257Test:test_rebuild_server): 200 GET http://10.180.1.21/compute/v2.1/servers/4007de2c-0d1a-43db-8d5e-52f8969e9a39 1.999s
2025-04-24 15:27:31.826 70024 INFO tempest.lib.common.rest_client [req-3cf5d15b-1f15-44de-b6d4-e30e3af310c9 req-3cf5d15b-1f15-44de-b6d4-e30e3af310c9 ] Request (ServersWithSpecificFlavorTestJSON:test_verify_created_server_ephemeral_disk): 200 GET http://10.180.1.21/compute/v2.1/servers/d8d33a14-d3e3-42e4-9fe6-e901547195c9/os-interface 1.998s
2025-04-24 15:27:31.875 70028 INFO tempest.lib.common.rest_client [req-c19aca37-6ab3-449c-8133-6889de5b8cd3 req-c19aca37-6ab3-449c-8133-6889de5b8cd3 ] Request (ListImageFiltersTestJSON:setUpClass): 200 GET http://10.180.1.21/compute/v2.1/servers/8b70aa71-6c4a-4cbf-b6b1-5b4cac38dd03 1.994s
2025-04-24 15:27:31.900 69980 INFO tempest.lib.common.rest_client [req-e4c8355a-8ef6-41d8-8f73-fa1629a42f14 req-e4c8355a-8ef6-41d8-8f73-fa1629a42f14 ] Request (DeleteServersAdminTestJSON:test_admin_delete_servers_of_others): 404 GET http://10.180.1.21/compute/v2.1/servers/7c0099b4-0c5c-41ad-82b1-fd1ac0a25840 1.774s
2025-04-24 15:27:31.917 69982 INFO tempest.lib.common.rest_client [req-187179e8-a93c-4c43-ae53-4f729d9658da req-187179e8-a93c-4c43-ae53-4f729d9658da ] Request (DeleteServersTestJSON:test_delete_active_server): 200 GET http://10.180.1.21/compute/v2.1/servers/9622ebc8-e48d-4446-b76b-71af45f7c749 1.928s
2025-04-24 15:27:32.001 69980 INFO tempest.lib.common.rest_client [req-cbc4270f-b2ec-4aad-a59f-1585a00f8b45 req-cbc4270f-b2ec-4aad-a59f-1585a00f8b45 ] Request (DeleteServersAdminTestJSON:test_delete_server_while_in_error_state): 201 POST http://10.180.1.21/identity/v3/auth/tokens 0.091s
