2025-04-24 15:27:51.053 70002 INFO tempest.lib.common.rest_client [req-6c1b9727-4ca4-4659-a6a8-0cc89f8856b8 req-6c1b9727-4ca4-4659-a6a8-0cc89f8856b8 ] Request (ServersAdminNegativeTestJSON:test_migrate_server_invalid_state): 202 POST http://10.180.1.21/compute/v2.1/servers/8cf7cbb1-ba43-46c5-8cfc-326201591894/action 2.193s
2025-04-24 15:27:51.364 69988 INFO tempest.lib.common.rest_client [req-177cf7eb-b6c2-4965-99b8-1146e07dfeec req-177cf7eb-b6c2-4965-99b8-1146e07dfeec ] Request (FloatingIPsAssociationTestJSON:test_associate_already_associated_floating_ip): 202 POST http://10.180.1.21/compute/v2.1/servers/a10177e9-959a-4c5b-9f1e-0808af564f81/action 4.425s
2025-04-24 15:27:51.433 69986 INFO tempest.lib.common.rest_client [req-d309e212-913e-4872-9944-fffd642df444 req-d309e212-913e-4872-9944-fffd642df444 ] Request (ServerActionsTestOtherB:setUpClass): 200 GET http://10.180.1.21/compute/v2.1/servers/ae21ad12-a0b3-41ff-93b7-b253fc6ebaeb 1.844s
2025-04-24 15:27:51.494 69998 INFO tempest.lib.common.rest_client [req-a4ccbce3-4ac2-45e3-81b6-17afc146466c req-a4ccbce3-4ac2-45e3-81b6-17afc146466c ] Request (ServerDiagnosticsTest:tearDownClass): 200 GET http://10.180.1.21/compute/v2.1/servers/b841dd92-15b2-4e59-986b-1d5ebaed488f 1.488s
2025-04-24 15:27:51.516 70006 INFO tempest.lib.common.rest_client [req-3884f397-e348-4396-9e4d-652800eda621 req-3884f397-e348-4396-9e4d-652800eda621 ] Request (ServerPasswordTestJSON:setUpClass): 202 POST http://10.180.1.21/compute/v2.1/servers 1.969s
2025-04-24 15:27:51.551 69984 INFO tempest.lib.common.rest_client [req-27d9123d-1182-40e6-9b7d-600571cdb445 req-27d9123d-1182-40e6-9b7d-600571cdb445 ] Request (ServersTestManualDisk:setUpClass): 200 GET http://10.180.1.21/compute/v2.1/servers/e0283727-ff5e-4943-a5db-9f4bc5a98b7d 1.435s
2025-04-24 15:27:51.574 69990 INFO tempest.lib.common.rest_client [req-a35f6899-5017-41dc-bc2a-bbc216d3e2c9 req-a35f6899-5017-41dc-bc2a-bbc216d3e2c9 ] Request (ServerShowV257Test:test_rebuild_server): 200 GET http://10.180.1.21/compute/v2.1/servers/4007de2c-0d1a-43db-8d5e-52f8969e9a39 1.326s
2025-04-24 15:27:51.591 69990 INFO tempest.common.waiters [-] State transition "BUILD/spawning" ==> "ACTIVE/None" after 31 second wait
2025-04-24 15:27:51.641 69980 INFO tempest.lib.common.rest_client [req-c71498a8-4891-41dd-bb2c-b71dc0d39541 req-c71498a8-4891-41dd-bb2c-b71dc0d39541 ] Request (DeleteServersAdminTestJSON:test_delete_server_while_in_error_state): 200 GET http://10.180.1.21/compute/v2.1/servers/8435c189-c15f-4bba-8317-a32b92690678 1.285s
2025-04-24 15:27:51.836 70028 INFO tempest.lib.common.rest_client [req-0e3c035a-4fba-4f9a-9cdc-10414181006d req-0e3c035a-4fba-4f9a-9cdc-10414181006d ] Request (ListImageFiltersTestJSON:setUpClass): 200 GET http://10.180.1.21/compute/v2.1/servers/8b70aa71-6c4a-4cbf-b6b1-5b4cac38dd03 1.406s
2025-04-24 15:27:51.843 70028 INFO tempest.common.waiters [-] State transition "BUILD/None" ==> "BUILD/block_device_mapping" after 28 second wait
2025-04-24 15:27:52.113 70004 INFO tempest.lib.common.rest_client [req-dd28d316-1c13-4b0e-bba1-9b3039fc20dc req-dd28d316-1c13-4b0e-bba1-9b3039fc20dc ] Request (ServersAdminTestJSON:setUpClass): 202 POST http://10.180.1.21/compute/v2.1/servers 1.775s
2025-04-24 15:27:52.131 70030 WARNING tempest.lib.common.ssh [-] Failed to establish authenticated ssh connection to cirros@10.180.180.147 ([Errno None] Unable to connect to port 22 on 10.180.180.147). Number attempts: 5. Retry after 6 seconds.: paramiko.ssh_exception.NoValidConnectionsError: [Errno None] Unable to connect to port 22 on 10.180.180.147
2025-04-24 15:27:52.166 70004 INFO tempest.lib.common.rest_client [req-ba885076-1c69-48cd-a808-2c6e5b5d4c1d req-ba885076-1c69-48cd-a808-2c6e5b5d4c1d ] Request (ServersAdminTestJSON:setUpClass): 201 POST http://10.180.1.21/identity/v3/auth/tokens 0.049s
2025-04-24 15:27:52.167 70004 INFO tempest.lib.common.fixed_network [-] (ServersAdminTestJSON:setUpClass) Found network {'id': '00b1b5dd-4fd3-4319-92c9-fd3ea300170f', 'name': 'tempest-ServersAdminTestJSON-1423095850-network', 'tenant_id': 'c35537ca929c44909f1e87dd0b02b103', 'admin_state_up': True, 'mtu': 8950, 'status': 'ACTIVE', 'subnets': [], 'shared': False, 'project_id': 'c35537ca929c44909f1e87dd0b02b103', 'port_security_enabled': True, 'router:external': False, 'provider:network_type': 'vlan', 'provider:physical_network': 'default', 'provider:segmentation_id': 593, 'availability_zone_hints': [], 'availability_zones': [], 'ipv4_address_scope': None, 'ipv6_address_scope': None, 'description': '', 'tags': [], 'created_at': '2025-04-24T15:27:41Z', 'updated_at': '2025-04-24T15:27:42Z', 'revision_number': 1} available for tenant
2025-04-24 15:27:52.193 69976 INFO tempest.lib.common.rest_client [req-c626fd45-5570-495e-b838-976dd9cdf9f6 req-c626fd45-5570-495e-b838-976dd9cdf9f6 ] Request (MigrationsAdminTest:test_list_migrations_in_flavor_resize_situation): 200 GET http://10.180.1.21/compute/v2.1/servers/090a97b3-e5df-4ede-980a-d95291570913 1.671s
2025-04-24 15:27:52.201 69976 INFO tempest.common.waiters [-] State transition "BUILD/scheduling" ==> "BUILD/None" after 9 second wait
2025-04-24 15:27:52.377 69978 INFO tempest.lib.common.rest_client [req-732e52d0-c3cf-4771-8530-a5a6ad55e7d4 req-732e52d0-c3cf-4771-8530-a5a6ad55e7d4 ] Request (SecurityGroupRulesNegativeTestJSON:tearDownClass): 202 DELETE http://10.180.1.21/compute/v2.1/os-security-groups/08facd4d-2619-48be-89c3-183216ad605f 1.818s
2025-04-24 15:27:52.406 69972 INFO tempest.lib.common.rest_client [req-0ba1c301-7290-4848-8bfa-4e98dccd249f req-0ba1c301-7290-4848-8bfa-4e98dccd249f ] Request (ServersTestFqdnHostnames:test_create_server_with_fqdn_name): 202 POST http://10.180.1.21/compute/v2.1/servers 1.940s
2025-04-24 15:27:52.448 70022 INFO tempest.lib.common.rest_client [req-40787a0c-1f2a-42f4-8969-bf21128a5fba req-40787a0c-1f2a-42f4-8969-bf21128a5fba ] Request (ServerMetadataTestJSON:setUp): 200 PUT http://10.180.1.21/compute/v2.1/servers/99d1f0fc-e4e7-4aaf-a3c2-a3b136758d68/metadata 1.842s
2025-04-24 15:27:52.455 70008 INFO tempest.lib.common.rest_client [req-065bc6c1-7e6a-4bb6-af67-ebf4d2f78457 req-065bc6c1-7e6a-4bb6-af67-ebf4d2f78457 ] Request (AttachInterfacesTestJSON:test_create_list_show_delete_interfaces_by_fixed_ip): 200 GET http://10.180.1.21/compute/v2.1/servers/4ec8ffc6-cf96-479a-b8ba-a2b384ba86b3 1.842s
2025-04-24 15:27:52.507 70010 INFO tempest.lib.common.rest_client [req-dfc85db8-2719-4f15-8513-464e6474e861 req-dfc85db8-2719-4f15-8513-464e6474e861 ] Request (ImagesNegativeTestJSON:test_create_image_from_deleted_server): 200 GET http://10.180.1.21/compute/v2.1/servers/e70c9988-f850-45ad-950d-66bf8eb60f80 1.812s
2025-04-24 15:27:52.519 69994 INFO tempest.lib.common.rest_client [req-adabcd72-cda0-4b6f-84bc-999881d6c2e3 req-adabcd72-cda0-4b6f-84bc-999881d6c2e3 ] Request (ImagesTestJSON:test_create_image_from_stopped_server): 200 GET http://10.180.1.21/compute/v2.1/servers/74fb9708-d39e-4f5e-9356-95c09802468e 1.755s
2025-04-24 15:27:52.552 70012 INFO tempest.lib.common.rest_client [req-222a4c48-911c-485a-8f7d-546fca49c08f req-222a4c48-911c-485a-8f7d-546fca49c08f ] Request (ImagesOneServerTestJSON:test_create_delete_image): 200 GET http://10.180.1.21/compute/v2.1/images/e48de273-9a2b-45e7-b922-ca8d79ad4e5d 1.598s
2025-04-24 15:27:52.558 70032 INFO tempest.lib.common.rest_client [req-f38386aa-24d5-4ff6-bc82-e606267c2911 req-f38386aa-24d5-4ff6-bc82-e606267c2911 ] Request (AttachInterfacesV270Test:test_create_get_list_interfaces): 200 GET http://10.180.1.21/compute/v2.1/servers/d3952514-471e-43ea-9373-6ed0e64b074d 1.714s
2025-04-24 15:27:52.606 70000 INFO tempest.lib.common.rest_client [req-a9b82827-0545-4615-8b7d-926d02ce72ab req-a9b82827-0545-4615-8b7d-926d02ce72ab ] Request (VolumesAdminNegativeTest:test_update_attached_volume_with_nonexistent_volume_in_body): 200 GET http://10.180.1.21/compute/v2.1/servers/313656df-50ec-4686-84be-f0cdba6c7836 1.473s
2025-04-24 15:27:52.678 69992 INFO tempest.lib.common.rest_client [req-7e57538c-7700-4c4f-ae1c-d2712d914a26 req-7e57538c-7700-4c4f-ae1c-d2712d914a26 ] Request (ServersAdmin275Test:test_rebuild_update_server_275): 200 GET http://10.180.1.21/compute/v2.1/servers/c50cee51-ee39-4590-938e-3c1a9ce10225 1.411s
2025-04-24 15:27:52.819 70002 INFO tempest.lib.common.rest_client [req-60e1e733-6646-407d-84b7-5231335808b2 req-60e1e733-6646-407d-84b7-5231335808b2 ] Request (ServersAdminNegativeTestJSON:test_migrate_server_invalid_state): 200 GET http://10.180.1.21/compute/v2.1/servers/8cf7cbb1-ba43-46c5-8cfc-326201591894 1.766s
2025-04-24 15:27:52.885 70006 INFO tempest.lib.common.rest_client [req-9deabf13-19c2-479d-b730-193a65a31ba2 req-9deabf13-19c2-479d-b730-193a65a31ba2 ] Request (ServerPasswordTestJSON:setUpClass): 200 GET http://10.180.1.21/compute/v2.1/servers/2faa628e-2332-4280-a190-15cef6d6bd42 1.367s
2025-04-24 15:27:52.904 69988 INFO tempest.lib.common.rest_client [req-6056f14c-44a7-4176-9f86-f6baabbc81ee req-6056f14c-44a7-4176-9f86-f6baabbc81ee ] Request (FloatingIPsAssociationTestJSON:test_associate_already_associated_floating_ip): 409 POST http://10.180.1.21/compute/v2.1/servers/f98bf7ff-d4a9-4083-bbef-df4e0cee15ae/action 1.540s
2025-04-24 15:27:52.949 70018 INFO tempest.lib.common.rest_client [req-359acd5e-73e3-4b0e-96fb-c388fe90f5a5 req-359acd5e-73e3-4b0e-96fb-c388fe90f5a5 ] Request (ServersNegativeTestMultiTenantJSON:setUpClass): 200 GET http://10.180.1.21/compute/v2.1/servers/2ec80ac9-c0b3-47d1-8daf-b90a268b8ed2 1.277s
2025-04-24 15:27:53.021 69974 INFO tempest.lib.common.rest_client [req-f7ae67b6-bfb8-42af-9fb0-f0e9726d221b req-f7ae67b6-bfb8-42af-9fb0-f0e9726d221b ] Request (ServerDiagnosticsNegativeTest:tearDownClass): 200 GET http://10.180.1.21/compute/v2.1/servers/c64cfa95-81c2-4296-88ee-f6bb0fe66ac3 1.285s
2025-04-24 15:27:53.086 69996 INFO tempest.lib.common.rest_client [req-30bf4d9b-37eb-4468-96c6-e042cb7a0231 req-30bf4d9b-37eb-4468-96c6-e042cb7a0231 ] Request (FloatingIPsAssociationNegativeTestJSON:tearDownClass): 200 GET http://10.180.1.21/compute/v2.1/servers/efa5a9d0-05c3-4533-99c2-7b8f5d16db7d 1.284s
2025-04-24 15:27:53.107 70016 INFO tempest.lib.common.rest_client [req-3df48d4e-7401-4c73-9cae-ec741fe61235 req-3df48d4e-7401-4c73-9cae-ec741fe61235 ] Request (ServerExternalEventsTest:tearDownClass): 404 GET http://10.180.1.21/compute/v2.1/servers/7a4a8ab0-b931-439b-bef3-24197d068842 1.244s
2025-04-24 15:27:53.109 69990 INFO tempest.lib.common.rest_client [req-c82331a0-804b-4ae2-b252-82fe2973db9b req-c82331a0-804b-4ae2-b252-82fe2973db9b ] Request (ServerShowV257Test:test_rebuild_server): 202 POST http://10.180.1.21/compute/v2.1/servers/4007de2c-0d1a-43db-8d5e-52f8969e9a39/action 1.518s
2025-04-24 15:27:53.161 69982 INFO tempest.lib.common.rest_client [req-ee91ca8d-ff54-4791-8cf9-1943884ca4c5 req-ee91ca8d-ff54-4791-8cf9-1943884ca4c5 ] Request (DeleteServersTestJSON:test_delete_server_while_in_attached_volume): 200 GET http://10.180.1.21/compute/v2.1/servers/ae4826dd-cacb-4b70-a7f5-dbc7b05bed94 1.234s
2025-04-24 15:27:53.224 70016 INFO tempest.lib.common.rest_client [req-f19b0c5a-e49e-44e0-8a04-94121a951d50 req-f19b0c5a-e49e-44e0-8a04-94121a951d50 ] Request (ServerExternalEventsTest:tearDownClass): 204 DELETE http://10.180.1.21/identity/v3/users/ada0b0e4568f4b868088fd8717c5c6d5 0.116s
2025-04-24 15:27:53.310 70016 INFO tempest.lib.common.rest_client [req-51658653-2f18-4cac-95c0-0a8877c667fa req-51658653-2f18-4cac-95c0-0a8877c667fa ] Request (ServerExternalEventsTest:tearDownClass): 204 DELETE http://10.180.1.21/identity/v3/users/6848bb9b995b4d3189a05cadd0d6b58a 0.085s
2025-04-24 15:27:53.367 69978 INFO tempest.lib.common.rest_client [req-09b451c6-a794-49e4-b6b4-1d21ad12b2fc req-09b451c6-a794-49e4-b6b4-1d21ad12b2fc ] Request (SecurityGroupRulesNegativeTestJSON:tearDownClass): 202 DELETE http://10.180.1.21/compute/v2.1/os-security-groups/be6dc252-219e-4cce-94c2-0e16e8eb250a 0.989s
2025-04-24 15:27:53.396 70016 INFO tempest.lib.common.rest_client [req-68512c25-df03-4c3d-a0c3-41d7a6ae5ae7 req-68512c25-df03-4c3d-a0c3-41d7a6ae5ae7 ] Request (ServerExternalEventsTest:tearDownClass): 204 DELETE http://10.180.1.21/identity/v3/users/551ac875a04e4de2bfc4acf68e343130 0.085s
2025-04-24 15:27:53.396 70016 INFO tempest.lib.common.dynamic_creds [-] Deleting project and security group for project: 726f8e194eae4091b478b2cbf6dcb32d
2025-04-24 15:27:53.421 69972 INFO tempest.lib.common.rest_client [req-b1cba5c4-cc4e-4d42-b4f2-e2c1b5bad5cc req-b1cba5c4-cc4e-4d42-b4f2-e2c1b5bad5cc ] Request (ServersTestFqdnHostnames:test_create_server_with_fqdn_name): 200 GET http://10.180.1.21/compute/v2.1/servers/9661d6cd-8821-43bf-80df-420260f5da28 1.013s
2025-04-24 15:27:53.458 70016 INFO tempest.lib.common.rest_client [req-9e3a139f-ec7c-49d2-a264-d189799234ae req-9e3a139f-ec7c-49d2-a264-d189799234ae ] Request (ServerExternalEventsTest:tearDownClass): 201 POST http://10.180.1.21/identity/v3/auth/tokens 0.061s
2025-04-24 15:27:53.476 69986 INFO tempest.lib.common.rest_client [req-93da4316-ac7d-4121-b6d5-52929fd980bb req-93da4316-ac7d-4121-b6d5-52929fd980bb ] Request (ServerActionsTestOtherB:setUpClass): 200 GET http://10.180.1.21/compute/v2.1/servers/ae21ad12-a0b3-41ff-93b7-b253fc6ebaeb 1.034s
2025-04-24 15:27:53.521 70004 INFO tempest.lib.common.rest_client [req-d7121688-c0e6-4c3d-9a5d-353edfde7aea req-d7121688-c0e6-4c3d-9a5d-353edfde7aea ] Request (ServersAdminTestJSON:setUpClass): 202 POST http://10.180.1.21/compute/v2.1/servers 1.353s
2025-04-24 15:27:53.543 70022 INFO tempest.lib.common.rest_client [req-c13c5998-be8a-4099-9fc5-986cc15cf633 req-c13c5998-be8a-4099-9fc5-986cc15cf633 ] Request (ServerMetadataTestJSON:test_set_server_metadata_item): 200 PUT http://10.180.1.21/compute/v2.1/servers/99d1f0fc-e4e7-4aaf-a3c2-a3b136758d68/metadata/nova 1.094s
2025-04-24 15:27:53.570 70016 INFO tempest.lib.common.rest_client [req-0c46ebe3-91a5-4967-8b3b-163c4a2701d8 req-0c46ebe3-91a5-4967-8b3b-163c4a2701d8 ] Request (ServerExternalEventsTest:tearDownClass): 200 GET http://10.180.1.21:9696/networking/v2.0/security-groups?tenant_id=726f8e194eae4091b478b2cbf6dcb32d&name=default 0.112s
2025-04-24 15:27:53.582 69998 INFO tempest.lib.common.rest_client [req-c1c0641d-c3af-4274-b565-fc4907209183 req-c1c0641d-c3af-4274-b565-fc4907209183 ] Request (ServerDiagnosticsTest:tearDownClass): 200 GET http://10.180.1.21/compute/v2.1/servers/b841dd92-15b2-4e59-986b-1d5ebaed488f 1.079s
2025-04-24 15:27:53.641 69984 INFO tempest.lib.common.rest_client [req-a36ce6d9-2285-49c6-a9e1-dd51605aa426 req-a36ce6d9-2285-49c6-a9e1-dd51605aa426 ] Request (ServersTestManualDisk:setUpClass): 200 GET http://10.180.1.21/compute/v2.1/servers/e0283727-ff5e-4943-a5db-9f4bc5a98b7d 1.076s
2025-04-24 15:27:53.689 70012 INFO tempest.lib.common.rest_client [req-67518abb-d776-419b-8ce3-61c509e15cb6 req-67518abb-d776-419b-8ce3-61c509e15cb6 ] Request (ImagesOneServerTestJSON:test_create_delete_image): 200 GET http://10.180.1.21/compute/v2.1/servers/2803d331-840b-40c3-81d3-619bba80ed5f 1.134s
2025-04-24 15:27:53.708 69980 INFO tempest.lib.common.rest_client [req-e53f56d2-0dfa-4edc-b200-c47cfdd5e3c0 req-e53f56d2-0dfa-4edc-b200-c47cfdd5e3c0 ] Request (DeleteServersAdminTestJSON:test_delete_server_while_in_error_state): 200 GET http://10.180.1.21/compute/v2.1/servers/8435c189-c15f-4bba-8317-a32b92690678 1.051s
2025-04-24 15:27:53.726 70016 INFO tempest.lib.common.rest_client [req-98e822b7-a6b2-4dd7-b828-9235de65b2be req-98e822b7-a6b2-4dd7-b828-9235de65b2be ] Request (ServerExternalEventsTest:tearDownClass): 204 DELETE http://10.180.1.21:9696/networking/v2.0/security-groups/26d75834-c6a8-4d76-af3a-6cec3f2d79e2 0.155s
2025-04-24 15:27:53.803 70016 INFO tempest.lib.common.rest_client [req-46013b11-d780-4a0e-848c-de0e99f2c973 req-46013b11-d780-4a0e-848c-de0e99f2c973 ] Request (ServerExternalEventsTest:tearDownClass): 204 DELETE http://10.180.1.21/identity/v3/projects/726f8e194eae4091b478b2cbf6dcb32d 0.077s
2025-04-24 15:27:53.803 70016 INFO tempest.lib.common.dynamic_creds [-] Deleting project and security group for project: 4f3397e657ef4838bd41449e5d985427
2025-04-24 15:27:53.892 70028 INFO tempest.lib.common.rest_client [req-e468f554-21be-4307-b6d0-529e144f43bc req-e468f554-21be-4307-b6d0-529e144f43bc ] Request (ListImageFiltersTestJSON:setUpClass): 200 GET http://10.180.1.21/compute/v2.1/servers/8b70aa71-6c4a-4cbf-b6b1-5b4cac38dd03 1.047s
2025-04-24 15:27:53.900 70028 INFO tempest.common.waiters [-] State transition "BUILD/block_device_mapping" ==> "BUILD/spawning" after 30 second wait
2025-04-24 15:27:53.955 69990 INFO tempest.lib.common.rest_client [req-c030ea56-057f-4cf0-8186-b43bb92b081b req-c030ea56-057f-4cf0-8186-b43bb92b081b ] Request (ServerShowV257Test:test_rebuild_server): 200 GET http://10.180.1.21/compute/v2.1/servers/4007de2c-0d1a-43db-8d5e-52f8969e9a39 0.837s
2025-04-24 15:27:53.965 70016 INFO tempest.lib.common.rest_client [req-ff542028-a7b7-4f4a-b225-138899f63c5c req-ff542028-a7b7-4f4a-b225-138899f63c5c ] Request (ServerExternalEventsTest:tearDownClass): 200 GET http://10.180.1.21:9696/networking/v2.0/security-groups?tenant_id=4f3397e657ef4838bd41449e5d985427&name=default 0.161s
2025-04-24 15:27:54.026 69976 INFO tempest.lib.common.rest_client [req-3c215a60-2f5f-4673-ba00-5788c2ff196f req-3c215a60-2f5f-4673-ba00-5788c2ff196f ] Request (MigrationsAdminTest:test_list_migrations_in_flavor_resize_situation): 200 GET http://10.180.1.21/compute/v2.1/servers/090a97b3-e5df-4ede-980a-d95291570913 0.824s
2025-04-24 15:27:54.104 70008 INFO tempest.lib.common.rest_client [req-9386f34f-aba4-4a3c-b69e-6cccaf94718e req-9386f34f-aba4-4a3c-b69e-6cccaf94718e ] Request (AttachInterfacesTestJSON:test_create_list_show_delete_interfaces_by_fixed_ip): 200 GET http://10.180.1.21/compute/v2.1/servers/4ec8ffc6-cf96-479a-b8ba-a2b384ba86b3 0.641s
2025-04-24 15:27:54.129 70016 INFO tempest.lib.common.rest_client [req-a5da9740-bf49-406c-becd-2f5de0e1f677 req-a5da9740-bf49-406c-becd-2f5de0e1f677 ] Request (ServerExternalEventsTest:tearDownClass): 204 DELETE http://10.180.1.21:9696/networking/v2.0/security-groups/4227fd4e-e0b5-4a96-b27b-6efc416f3d22 0.163s
2025-04-24 15:27:54.174 70010 INFO tempest.lib.common.rest_client [req-10833b40-04d6-43d5-9ec0-ee5fc74d8e1b req-10833b40-04d6-43d5-9ec0-ee5fc74d8e1b ] Request (ImagesNegativeTestJSON:test_create_image_from_deleted_server): 200 GET http://10.180.1.21/compute/v2.1/servers/e70c9988-f850-45ad-950d-66bf8eb60f80 0.659s
2025-04-24 15:27:54.236 70004 INFO tempest.lib.common.rest_client [req-18ad829f-1982-478a-b86a-4e25c40e7a4e req-18ad829f-1982-478a-b86a-4e25c40e7a4e ] Request (ServersAdminTestJSON:setUpClass): 200 GET http://10.180.1.21/compute/v2.1/servers/44f309e1-228d-44f6-a24c-5ffd78446a8e 0.712s
2025-04-24 15:27:54.241 70016 INFO tempest.lib.common.rest_client [req-f57ddf51-9c79-44cb-88d8-f7b0955da136 req-f57ddf51-9c79-44cb-88d8-f7b0955da136 ] Request (ServerExternalEventsTest:tearDownClass): 204 DELETE http://10.180.1.21/identity/v3/projects/4f3397e657ef4838bd41449e5d985427 0.111s
2025-04-24 15:27:54.241 70016 INFO tempest.lib.common.dynamic_creds [-] Deleting project and security group for project: dd7d9086028b4cccb995009ee8b3cc15
2025-04-24 15:27:54.294 69994 INFO tempest.lib.common.rest_client [req-1f301aad-f7c0-41cc-8c65-8907263bbefc req-1f301aad-f7c0-41cc-8c65-8907263bbefc ] Request (ImagesTestJSON:test_create_image_from_stopped_server): 200 GET http://10.180.1.21/compute/v2.1/servers/74fb9708-d39e-4f5e-9356-95c09802468e 0.766s
2025-04-24 15:27:54.325 70022 INFO tempest.lib.common.rest_client [req-dbdaf225-6b4f-47d2-826a-504de2ce4590 req-dbdaf225-6b4f-47d2-826a-504de2ce4590 ] Request (ServerMetadataTestJSON:test_set_server_metadata_item): 200 GET http://10.180.1.21/compute/v2.1/servers/99d1f0fc-e4e7-4aaf-a3c2-a3b136758d68/metadata 0.780s
2025-04-24 15:27:54.387 69978 INFO tempest.lib.common.rest_client [req-291bdd05-b12a-45ac-a966-1989898bccc2 req-291bdd05-b12a-45ac-a966-1989898bccc2 ] Request (SecurityGroupRulesNegativeTestJSON:tearDownClass): 200 PUT http://10.180.1.21:9696/networking/v2.0/routers/0b34fc12-1cc8-4a70-a72e-2d16e3107400/remove_router_interface 1.020s
2025-04-24 15:27:54.558 70032 INFO tempest.lib.common.rest_client [req-194baa18-5f85-4e1f-870c-68fe9203eb2f req-194baa18-5f85-4e1f-870c-68fe9203eb2f ] Request (AttachInterfacesV270Test:test_create_get_list_interfaces): 200 GET http://10.180.1.21/compute/v2.1/servers/d3952514-471e-43ea-9373-6ed0e64b074d 0.991s
2025-04-24 15:27:54.613 70000 INFO tempest.lib.common.rest_client [req-b410e1d6-6764-4f99-8c14-f36a86dfa72b req-b410e1d6-6764-4f99-8c14-f36a86dfa72b ] Request (VolumesAdminNegativeTest:test_update_attached_volume_with_nonexistent_volume_in_body): 200 GET http://10.180.1.21/compute/v2.1/servers/313656df-50ec-4686-84be-f0cdba6c7836 0.996s
2025-04-24 15:27:54.642 70016 INFO tempest.lib.common.rest_client [req-26df8913-6d17-4e51-8415-e38cb3371592 req-26df8913-6d17-4e51-8415-e38cb3371592 ] Request (ServerExternalEventsTest:tearDownClass): 200 GET http://10.180.1.21:9696/networking/v2.0/security-groups?tenant_id=dd7d9086028b4cccb995009ee8b3cc15&name=default 0.400s
2025-04-24 15:27:54.674 69992 INFO tempest.lib.common.rest_client [req-d84b10f3-cf82-4ff2-b6ca-cd147b7c2187 req-d84b10f3-cf82-4ff2-b6ca-cd147b7c2187 ] Request (ServersAdmin275Test:test_rebuild_update_server_275): 200 GET http://10.180.1.21/compute/v2.1/servers/c50cee51-ee39-4590-938e-3c1a9ce10225 0.981s
2025-04-24 15:27:54.690 70024 WARNING tempest.lib.common.ssh [-] Failed to establish authenticated ssh connection to cirros@10.180.180.235 ([Errno None] Unable to connect to port 22 on 10.180.180.235). Number attempts: 4. Retry after 5 seconds.: paramiko.ssh_exception.NoValidConnectionsError: [Errno None] Unable to connect to port 22 on 10.180.180.235
2025-04-24 15:27:54.716 70012 INFO tempest.lib.common.rest_client [req-c6546465-7c0e-40a9-8bd3-708b79928799 req-c6546465-7c0e-40a9-8bd3-708b79928799 ] Request (ImagesOneServerTestJSON:test_create_delete_image): 200 GET http://10.180.1.21/compute/v2.1/images/d5e689d4-03ad-4f0e-ba3b-bff2b1602c53 1.015s
2025-04-24 15:27:54.745 69978 INFO tempest.lib.common.rest_client [req-b9aee9c5-f9dd-434a-968b-b1c787b0d0a5 req-b9aee9c5-f9dd-434a-968b-b1c787b0d0a5 ] Request (SecurityGroupRulesNegativeTestJSON:tearDownClass): 204 DELETE http://10.180.1.21:9696/networking/v2.0/routers/0b34fc12-1cc8-4a70-a72e-2d16e3107400 0.357s
2025-04-24 15:27:54.785 70016 INFO tempest.lib.common.rest_client [req-ee53c3bc-c11c-4851-943d-0bc0125e68e2 req-ee53c3bc-c11c-4851-943d-0bc0125e68e2 ] Request (ServerExternalEventsTest:tearDownClass): 204 DELETE http://10.180.1.21:9696/networking/v2.0/security-groups/11f03cc1-9377-4fcd-b1c2-26b1734eae0b 0.143s
2025-04-24 15:27:54.853 70002 INFO tempest.lib.common.rest_client [req-82b41d50-0c4c-44d8-817d-f6c392362113 req-82b41d50-0c4c-44d8-817d-f6c392362113 ] Request (ServersAdminNegativeTestJSON:test_migrate_server_invalid_state): 200 GET http://10.180.1.21/compute/v2.1/servers/8cf7cbb1-ba43-46c5-8cfc-326201591894 1.025s
2025-04-24 15:27:54.856 69978 INFO tempest.lib.common.rest_client [req-a9849968-bee8-46cd-aad5-265809d2e6fb req-a9849968-bee8-46cd-aad5-265809d2e6fb ] Request (SecurityGroupRulesNegativeTestJSON:tearDownClass): 204 DELETE http://10.180.1.21:9696/networking/v2.0/subnets/68bae1e7-2980-4db3-ae18-de15a1d0d867 0.110s
2025-04-24 15:27:54.863 70002 INFO tempest.common.waiters [-] State transition "ACTIVE/suspending" ==> "SUSPENDED/None" after 2 second wait
2025-04-24 15:27:54.883 70016 INFO tempest.lib.common.rest_client [req-1a104e6a-6d40-4730-b24b-e3c71425710f req-1a104e6a-6d40-4730-b24b-e3c71425710f ] Request (ServerExternalEventsTest:tearDownClass): 204 DELETE http://10.180.1.21/identity/v3/projects/dd7d9086028b4cccb995009ee8b3cc15 0.097s
2025-04-24 15:27:54.910 70006 INFO tempest.lib.common.rest_client [req-99113e8a-5595-495b-8698-1a3dcf39b087 req-99113e8a-5595-495b-8698-1a3dcf39b087 ] Request (ServerPasswordTestJSON:setUpClass): 200 GET http://10.180.1.21/compute/v2.1/servers/2faa628e-2332-4280-a190-15cef6d6bd42 1.017s
2025-04-24 15:27:54.971 70016 INFO tempest.lib.common.rest_client [req-8cf9a92d-c8b8-4bd5-bb24-8253aff4d752 req-8cf9a92d-c8b8-4bd5-bb24-8253aff4d752 ] Request (KeyPairsNegativeTestJSON:setUpClass): 201 POST http://10.180.1.21/identity/v3/auth/tokens 0.085s
2025-04-24 15:27:54.976 70018 INFO tempest.lib.common.rest_client [req-03cd6ef6-01fa-453a-aa97-f9757755f326 req-03cd6ef6-01fa-453a-aa97-f9757755f326 ] Request (ServersNegativeTestMultiTenantJSON:setUpClass): 200 GET http://10.180.1.21/compute/v2.1/servers/2ec80ac9-c0b3-47d1-8daf-b90a268b8ed2 1.016s
2025-04-24 15:27:55.005 69988 INFO tempest.lib.common.rest_client [req-47f3c329-d2bb-40f4-8023-d749595502b9 req-47f3c329-d2bb-40f4-8023-d749595502b9 ] Request (FloatingIPsAssociationTestJSON:_run_cleanups): 202 POST http://10.180.1.21/compute/v2.1/servers/a10177e9-959a-4c5b-9f1e-0808af564f81/action 2.101s
2025-04-24 15:27:55.019 70016 INFO tempest.lib.common.rest_client [req-d18ab790-6ddc-440f-9034-bf64ae8c3b1b req-d18ab790-6ddc-440f-9034-bf64ae8c3b1b ] Request (KeyPairsNegativeTestJSON:setUpClass): 201 POST http://10.180.1.21/identity/v3/auth/tokens 0.045s
2025-04-24 15:27:55.049 69974 INFO tempest.lib.common.rest_client [req-980ec30d-f55c-4512-9583-59d351c18b9c req-980ec30d-f55c-4512-9583-59d351c18b9c ] Request (ServerDiagnosticsNegativeTest:tearDownClass): 200 GET http://10.180.1.21/compute/v2.1/servers/c64cfa95-81c2-4296-88ee-f6bb0fe66ac3 1.015s
2025-04-24 15:27:55.064 70016 INFO tempest.lib.common.rest_client [req-459fa88c-b355-4e6e-92c6-519997421814 req-459fa88c-b355-4e6e-92c6-519997421814 ] Request (KeyPairsNegativeTestJSON:setUpClass): 200 GET http://10.180.1.21/identity/v3/domains?name=Default 0.044s
2025-04-24 15:27:55.075 69996 INFO tempest.lib.common.rest_client [req-34df41e3-3a43-4b63-aa77-edaaeca62706 req-34df41e3-3a43-4b63-aa77-edaaeca62706 ] Request (FloatingIPsAssociationNegativeTestJSON:tearDownClass): 200 GET http://10.180.1.21/compute/v2.1/servers/efa5a9d0-05c3-4533-99c2-7b8f5d16db7d 0.977s
2025-04-24 15:27:55.104 69982 INFO tempest.lib.common.rest_client [req-72bf0297-5474-44dc-a79e-fc39a8079060 req-72bf0297-5474-44dc-a79e-fc39a8079060 ] Request (DeleteServersTestJSON:test_delete_server_while_in_attached_volume): 200 GET http://10.180.1.21/compute/v2.1/servers/ae4826dd-cacb-4b70-a7f5-dbc7b05bed94 0.935s
2025-04-24 15:27:55.104 70016 INFO tempest.lib.common.rest_client [req-3cb644a4-cca1-4ca3-88b7-9a363a58b600 req-3cb644a4-cca1-4ca3-88b7-9a363a58b600 ] Request (KeyPairsNegativeTestJSON:setUpClass): 201 POST http://10.180.1.21/identity/v3/projects 0.040s
2025-04-24 15:27:55.119 69978 INFO tempest.lib.common.rest_client [req-4a5a5566-68c1-484a-9566-9122f08721db req-4a5a5566-68c1-484a-9566-9122f08721db ] Request (SecurityGroupRulesNegativeTestJSON:tearDownClass): 204 DELETE http://10.180.1.21:9696/networking/v2.0/networks/13aace47-d82e-4f7c-ac91-3c96de9bca00 0.262s
2025-04-24 15:27:55.156 69972 INFO tempest.lib.common.rest_client [req-b8dea005-948d-4138-a470-59cd379a0b38 req-b8dea005-948d-4138-a470-59cd379a0b38 ] Request (ServersTestFqdnHostnames:test_create_server_with_fqdn_name): 200 GET http://10.180.1.21/compute/v2.1/servers/9661d6cd-8821-43bf-80df-420260f5da28 0.718s
2025-04-24 15:27:55.164 70022 INFO tempest.lib.common.rest_client [req-2ef6237b-ce01-4b3f-b6db-f17aab04b0b4 req-2ef6237b-ce01-4b3f-b6db-f17aab04b0b4 ] Request (ServerMetadataTestJSON:setUp): 200 PUT http://10.180.1.21/compute/v2.1/servers/99d1f0fc-e4e7-4aaf-a3c2-a3b136758d68/metadata 0.837s
2025-04-24 15:27:55.190 70016 INFO tempest.lib.common.rest_client [req-e4756edf-fdb8-4603-a2cb-64ba670db8cb req-e4756edf-fdb8-4603-a2cb-64ba670db8cb ] Request (KeyPairsNegativeTestJSON:setUpClass): 201 POST http://10.180.1.21/identity/v3/users 0.085s
2025-04-24 15:27:55.210 69986 INFO tempest.lib.common.rest_client [req-138af79d-6c62-4a38-b9b2-ac3bb92a5e5a req-138af79d-6c62-4a38-b9b2-ac3bb92a5e5a ] Request (ServerActionsTestOtherB:setUpClass): 200 GET http://10.180.1.21/compute/v2.1/servers/ae21ad12-a0b3-41ff-93b7-b253fc6ebaeb 0.727s
2025-04-24 15:27:55.216 70016 INFO tempest.lib.common.rest_client [req-fea95cc0-ca05-466c-8e4d-1590007c531d req-fea95cc0-ca05-466c-8e4d-1590007c531d ] Request (KeyPairsNegativeTestJSON:setUpClass): 200 GET http://10.180.1.21/identity/v3/roles 0.025s
2025-04-24 15:27:55.243 69998 INFO tempest.lib.common.rest_client [req-e02c598e-5269-4e69-a51b-0258342af063 req-e02c598e-5269-4e69-a51b-0258342af063 ] Request (ServerDiagnosticsTest:tearDownClass): 200 GET http://10.180.1.21/compute/v2.1/servers/b841dd92-15b2-4e59-986b-1d5ebaed488f 0.654s
2025-04-24 15:27:55.244 69978 INFO tempest.lib.common.rest_client [req-23ea6bac-55d5-4430-9761-b38934d3faea req-23ea6bac-55d5-4430-9761-b38934d3faea ] Request (SecurityGroupRulesNegativeTestJSON:tearDownClass): 204 DELETE http://10.180.1.21/identity/v3/users/37544ef3f23d4c888bbb8d1b84288b3a 0.125s
2025-04-24 15:27:55.244 69978 INFO tempest.lib.common.dynamic_creds [-] Deleting project and security group for project: f6b49192d19748f78481ba2a6a0e5960
2025-04-24 15:27:55.267 69984 INFO tempest.lib.common.rest_client [req-b4c01ae4-4bd8-4401-a89d-43b3d5131ce1 req-b4c01ae4-4bd8-4401-a89d-43b3d5131ce1 ] Request (ServersTestManualDisk:setUpClass): 200 GET http://10.180.1.21/compute/v2.1/servers/e0283727-ff5e-4943-a5db-9f4bc5a98b7d 0.611s
2025-04-24 15:27:55.281 70016 INFO tempest.lib.common.rest_client [req-ab782b16-ff06-4393-8047-7f9378e320e3 req-ab782b16-ff06-4393-8047-7f9378e320e3 ] Request (KeyPairsNegativeTestJSON:setUpClass): 204 PUT http://10.180.1.21/identity/v3/projects/b8d2c3261ae748ea9b9388a6a28d1cd5/users/7c563ec3571b430589662a41abfcfb24/roles/8ef70cffbd124e8f8e491199a62ee57b 0.065s
2025-04-24 15:27:55.282 70016 INFO tempest.lib.common.dynamic_creds [-] Dynamic test user 7c563ec3571b430589662a41abfcfb24 is created with scope project and roles: ['member']
2025-04-24 15:27:55.282 70016 INFO tempest.lib.common.dynamic_creds [-] Acquired dynamic creds: credentials: Credentials: {'domain_id': 'default', 'domain_name': 'Default', 'username': 'tempest-KeyPairsNegativeTestJSON-522138285-project-member', 'project_domain_id': 'default', 'project_domain_name': 'Default', 'project_id': 'b8d2c3261ae748ea9b9388a6a28d1cd5', 'project_name': 'tempest-KeyPairsNegativeTestJSON-522138285', 'tenant_id': 'b8d2c3261ae748ea9b9388a6a28d1cd5', 'tenant_name': 'tempest-KeyPairsNegativeTestJSON-522138285', 'user_domain_id': 'default', 'user_domain_name': 'Default', 'user_id': '7c563ec3571b430589662a41abfcfb24', 'system': None}, Network: None, Subnet: None, Router: None
2025-04-24 15:27:55.282 70016 INFO tempest.lib.common.dynamic_creds [-] Created isolated network resources for: credentials: Credentials: {'domain_id': 'default', 'domain_name': 'Default', 'username': 'tempest-KeyPairsNegativeTestJSON-522138285-project-member', 'project_domain_id': 'default', 'project_domain_name': 'Default', 'project_id': 'b8d2c3261ae748ea9b9388a6a28d1cd5', 'project_name': 'tempest-KeyPairsNegativeTestJSON-522138285', 'tenant_id': 'b8d2c3261ae748ea9b9388a6a28d1cd5', 'tenant_name': 'tempest-KeyPairsNegativeTestJSON-522138285', 'user_domain_id': 'default', 'user_domain_name': 'Default', 'user_id': '7c563ec3571b430589662a41abfcfb24', 'system': None}, Network: None, Subnet: None, Router: None
2025-04-24 15:27:55.285 70012 INFO tempest.lib.common.rest_client [req-bd314942-10ad-43f4-bce1-86e2e206c352 req-bd314942-10ad-43f4-bce1-86e2e206c352 ] Request (ImagesOneServerTestJSON:test_create_delete_image): 200 GET http://10.180.1.21/compute/v2.1/flavors/42 0.565s
2025-04-24 15:27:55.288 69978 INFO tempest.lib.common.rest_client [req-7458b89f-6204-419d-b504-cc6136369589 req-7458b89f-6204-419d-b504-cc6136369589 ] Request (SecurityGroupRulesNegativeTestJSON:tearDownClass): 200 GET http://10.180.1.21:9696/networking/v2.0/security-groups?tenant_id=f6b49192d19748f78481ba2a6a0e5960&name=default 0.043s
2025-04-24 15:27:55.295 69980 INFO tempest.lib.common.rest_client [req-b152350e-b853-4b4c-872c-2a184cc4d62a req-b152350e-b853-4b4c-872c-2a184cc4d62a ] Request (DeleteServersAdminTestJSON:test_delete_server_while_in_error_state): 200 GET http://10.180.1.21/compute/v2.1/servers/8435c189-c15f-4bba-8317-a32b92690678 0.578s
2025-04-24 15:27:55.353 70002 INFO tempest.lib.common.rest_client [req-481977b7-8ea8-4ed5-9547-b589aab82a9b req-481977b7-8ea8-4ed5-9547-b589aab82a9b ] Request (ServersAdminNegativeTestJSON:test_migrate_server_invalid_state): 409 POST http://10.180.1.21/compute/v2.1/servers/8cf7cbb1-ba43-46c5-8cfc-326201591894/action 0.489s
2025-04-24 15:27:55.365 70016 INFO tempest.lib.common.rest_client [req-07cd4e5c-e53a-491d-ab88-d59abe1c36eb req-07cd4e5c-e53a-491d-ab88-d59abe1c36eb ] Request (KeyPairsNegativeTestJSON:setUpClass): 201 POST http://10.180.1.21/identity/v3/auth/tokens 0.078s
2025-04-24 15:27:55.372 69978 INFO tempest.lib.common.rest_client [req-2b985ebd-9c3d-4f09-979a-a03b168efe0f req-2b985ebd-9c3d-4f09-979a-a03b168efe0f ] Request (SecurityGroupRulesNegativeTestJSON:tearDownClass): 204 DELETE http://10.180.1.21:9696/networking/v2.0/security-groups/1898d4d0-8698-438a-9761-591611db0cd5 0.083s
2025-04-24 15:27:55.406 69990 INFO tempest.lib.common.rest_client [req-5374d61b-332c-420e-a262-44b078fb59a9 req-5374d61b-332c-420e-a262-44b078fb59a9 ] Request (ServerShowV257Test:test_rebuild_server): 200 GET http://10.180.1.21/compute/v2.1/servers/4007de2c-0d1a-43db-8d5e-52f8969e9a39 0.439s
2025-04-24 15:27:55.420 70028 INFO tempest.lib.common.rest_client [req-b621c378-10e9-44c5-aafd-c9b6f31c7e82 req-b621c378-10e9-44c5-aafd-c9b6f31c7e82 ] Request (ListImageFiltersTestJSON:setUpClass): 200 GET http://10.180.1.21/compute/v2.1/servers/8b70aa71-6c4a-4cbf-b6b1-5b4cac38dd03 0.519s
2025-04-24 15:27:55.458 69978 INFO tempest.lib.common.rest_client [req-f9c20f4d-144e-439a-a9c1-a283289700cb req-f9c20f4d-144e-439a-a9c1-a283289700cb ] Request (SecurityGroupRulesNegativeTestJSON:tearDownClass): 204 DELETE http://10.180.1.21/identity/v3/projects/f6b49192d19748f78481ba2a6a0e5960 0.086s
2025-04-24 15:27:55.464 69976 INFO tempest.lib.common.rest_client [req-618234f2-e884-4eb7-a4de-7db5c358fd81 req-618234f2-e884-4eb7-a4de-7db5c358fd81 ] Request (MigrationsAdminTest:test_list_migrations_in_flavor_resize_situation): 200 GET http://10.180.1.21/compute/v2.1/servers/090a97b3-e5df-4ede-980a-d95291570913 0.428s
2025-04-24 15:27:55.485 69988 INFO tempest.lib.common.rest_client [req-a9663b19-88d3-4010-b43a-f447417aba3b req-a9663b19-88d3-4010-b43a-f447417aba3b ] Request (FloatingIPsAssociationTestJSON:_run_cleanups): 204 DELETE http://10.180.1.21/compute/v2.1/servers/a10177e9-959a-4c5b-9f1e-0808af564f81 0.479s
2025-04-24 15:27:55.510 70008 INFO tempest.lib.common.rest_client [req-3513d845-47e2-4720-af1e-c2e530c1a018 req-3513d845-47e2-4720-af1e-c2e530c1a018 ] Request (AttachInterfacesTestJSON:test_create_list_show_delete_interfaces_by_fixed_ip): 200 GET http://10.180.1.21/compute/v2.1/servers/4ec8ffc6-cf96-479a-b8ba-a2b384ba86b3 0.396s
2025-04-24 15:27:55.516 69978 INFO tempest.lib.common.rest_client [req-6274ad46-f666-40c7-9945-008c8e521cf5 req-6274ad46-f666-40c7-9945-008c8e521cf5 ] Request (ServersTestMultiNic:setUpClass): 201 POST http://10.180.1.21/identity/v3/auth/tokens 0.056s
2025-04-24 15:27:55.544 70022 INFO tempest.lib.common.rest_client [req-34ca44e0-d0d6-4e18-9b9c-1eb775e4ab1d req-34ca44e0-d0d6-4e18-9b9c-1eb775e4ab1d ] Request (ServerMetadataTestJSON:test_update_metadata_empty_body): 200 POST http://10.180.1.21/compute/v2.1/servers/99d1f0fc-e4e7-4aaf-a3c2-a3b136758d68/metadata 0.379s
2025-04-24 15:27:55.547 69978 INFO tempest.lib.common.rest_client [req-a056a417-4aa7-40ac-a921-711cdc399b1b req-a056a417-4aa7-40ac-a921-711cdc399b1b ] Request (ServersTestMultiNic:setUpClass): 201 POST http://10.180.1.21/identity/v3/auth/tokens 0.028s
2025-04-24 15:27:55.570 70010 INFO tempest.lib.common.rest_client [req-f022e549-a455-4596-9596-29f155c0991f req-f022e549-a455-4596-9596-29f155c0991f ] Request (ImagesNegativeTestJSON:test_create_image_from_deleted_server): 200 GET http://10.180.1.21/compute/v2.1/servers/e70c9988-f850-45ad-950d-66bf8eb60f80 0.386s
2025-04-24 15:27:55.574 69978 INFO tempest.lib.common.rest_client [req-67630ee2-549e-4744-8315-cb10d141a3c7 req-67630ee2-549e-4744-8315-cb10d141a3c7 ] Request (ServersTestMultiNic:setUpClass): 200 GET http://10.180.1.21/identity/v3/domains?name=Default 0.026s
2025-04-24 15:27:55.601 69978 INFO tempest.lib.common.rest_client [req-9359ac85-d6d8-4365-bf07-746ede940b5a req-9359ac85-d6d8-4365-bf07-746ede940b5a ] Request (ServersTestMultiNic:setUpClass): 201 POST http://10.180.1.21/identity/v3/projects 0.026s
2025-04-24 15:27:55.606 70004 INFO tempest.lib.common.rest_client [req-0bcca810-b3ef-4aaf-ab60-113cfd2db208 req-0bcca810-b3ef-4aaf-ab60-113cfd2db208 ] Request (ServersAdminTestJSON:setUpClass): 200 GET http://10.180.1.21/compute/v2.1/servers/44f309e1-228d-44f6-a24c-5ffd78446a8e 0.359s
2025-04-24 15:27:55.660 69994 INFO tempest.lib.common.rest_client [req-6bb6864a-bbdb-4789-b444-620be177df5e req-6bb6864a-bbdb-4789-b444-620be177df5e ] Request (ImagesTestJSON:test_create_image_from_stopped_server): 200 GET http://10.180.1.21/compute/v2.1/servers/74fb9708-d39e-4f5e-9356-95c09802468e 0.357s
2025-04-24 15:27:55.664 70002 INFO tempest.lib.common.rest_client [req-0d1a75bd-987d-4d5e-ab84-57a69028abc5 req-0d1a75bd-987d-4d5e-ab84-57a69028abc5 ] Request (ServersAdminNegativeTestJSON:test_reset_state_server_invalid_state): 400 POST http://10.180.1.21/compute/v2.1/servers/96c9d4b0-28a1-4dc4-b454-16644bd9ce4c/action 0.309s
2025-04-24 15:27:55.672 69978 INFO tempest.lib.common.rest_client [req-82d85a11-92ed-42fe-8fbf-c3e5caf6261e req-82d85a11-92ed-42fe-8fbf-c3e5caf6261e ] Request (ServersTestMultiNic:setUpClass): 201 POST http://10.180.1.21/identity/v3/users 0.071s
2025-04-24 15:27:55.705 69978 INFO tempest.lib.common.rest_client [req-ad996204-9c14-42d0-a492-5670906aa6dc req-ad996204-9c14-42d0-a492-5670906aa6dc ] Request (ServersTestMultiNic:setUpClass): 200 GET http://10.180.1.21/identity/v3/roles 0.031s
2025-04-24 15:27:55.709 70012 INFO tempest.lib.common.rest_client [req-3d463b71-9469-4650-bb73-cc7b562b04e5 req-3d463b71-9469-4650-bb73-cc7b562b04e5 ] Request (ImagesOneServerTestJSON:test_create_delete_image): 204 DELETE http://10.180.1.21/compute/v2.1/images/e48de273-9a2b-45e7-b922-ca8d79ad4e5d 0.421s
2025-04-24 15:27:55.744 69978 INFO tempest.lib.common.rest_client [req-2acdc1f7-111b-4dff-bd0e-fa48af7f1833 req-2acdc1f7-111b-4dff-bd0e-fa48af7f1833 ] Request (ServersTestMultiNic:setUpClass): 204 PUT http://10.180.1.21/identity/v3/projects/e705f5486b4247b3b1057e87ca240ad3/users/5f7cd004f6f1489799913ba75d77746d/roles/8ef70cffbd124e8f8e491199a62ee57b 0.038s
2025-04-24 15:27:55.744 69978 INFO tempest.lib.common.dynamic_creds [-] Dynamic test user 5f7cd004f6f1489799913ba75d77746d is created with scope project and roles: ['member']
2025-04-24 15:27:55.744 69978 INFO tempest.lib.common.dynamic_creds [-] Acquired dynamic creds: credentials: Credentials: {'domain_id': 'default', 'domain_name': 'Default', 'username': 'tempest-ServersTestMultiNic-870967946-project-member', 'project_domain_id': 'default', 'project_domain_name': 'Default', 'project_id': 'e705f5486b4247b3b1057e87ca240ad3', 'project_name': 'tempest-ServersTestMultiNic-870967946', 'tenant_id': 'e705f5486b4247b3b1057e87ca240ad3', 'tenant_name': 'tempest-ServersTestMultiNic-870967946', 'user_domain_id': 'default', 'user_domain_name': 'Default', 'user_id': '5f7cd004f6f1489799913ba75d77746d', 'system': None}, Network: None, Subnet: None, Router: None
2025-04-24 15:27:55.786 70016 INFO tempest.lib.common.rest_client [req-bccdb190-3ad9-47be-8def-d8181a1856bc req-bccdb190-3ad9-47be-8def-d8181a1856bc ] Request (KeyPairsNegativeTestJSON:test_create_keypair_invalid_name): 400 POST http://10.180.1.21/compute/v2.1/os-keypairs 0.418s
2025-04-24 15:27:55.815 69978 INFO tempest.lib.common.rest_client [req-6dc803c8-521c-4273-ab10-aa50a2c81256 req-6dc803c8-521c-4273-ab10-aa50a2c81256 ] Request (ServersTestMultiNic:setUpClass): 201 POST http://10.180.1.21/identity/v3/auth/tokens 0.070s
2025-04-24 15:27:55.819 70022 INFO tempest.lib.common.rest_client [req-540d16e3-8831-4f7a-bea5-dfc81bbde0c8 req-540d16e3-8831-4f7a-bea5-dfc81bbde0c8 ] Request (ServerMetadataTestJSON:test_update_metadata_empty_body): 200 GET http://10.180.1.21/compute/v2.1/servers/99d1f0fc-e4e7-4aaf-a3c2-a3b136758d68/metadata 0.274s
2025-04-24 15:27:55.909 70032 INFO tempest.lib.common.rest_client [req-5b3f4134-7980-4841-a1af-c315aa368bfb req-5b3f4134-7980-4841-a1af-c315aa368bfb ] Request (AttachInterfacesV270Test:test_create_get_list_interfaces): 200 GET http://10.180.1.21/compute/v2.1/servers/d3952514-471e-43ea-9373-6ed0e64b074d 0.340s
2025-04-24 15:27:55.922 70032 INFO tempest.common.waiters [-] State transition "BUILD/None" ==> "BUILD/networking" after 29 second wait
2025-04-24 15:27:55.977 70000 INFO tempest.lib.common.rest_client [req-04839d1f-963d-4494-8847-ba38a2ee8d3b req-04839d1f-963d-4494-8847-ba38a2ee8d3b ] Request (VolumesAdminNegativeTest:test_update_attached_volume_with_nonexistent_volume_in_body): 200 GET http://10.180.1.21/compute/v2.1/servers/313656df-50ec-4686-84be-f0cdba6c7836 0.355s
2025-04-24 15:27:55.984 70002 INFO tempest.lib.common.rest_client [req-39a28dfb-fcb2-4c27-b397-39ac8f4873a3 req-39a28dfb-fcb2-4c27-b397-39ac8f4873a3 ] Request (ServersAdminNegativeTestJSON:test_reset_state_server_invalid_type): 400 POST http://10.180.1.21/compute/v2.1/servers/96c9d4b0-28a1-4dc4-b454-16644bd9ce4c/action 0.317s
2025-04-24 15:27:56.065 69992 INFO tempest.lib.common.rest_client [req-9f42948d-0c5f-4de5-a1aa-b78b2e35a30c req-9f42948d-0c5f-4de5-a1aa-b78b2e35a30c ] Request (ServersAdmin275Test:test_rebuild_update_server_275): 200 GET http://10.180.1.21/compute/v2.1/servers/c50cee51-ee39-4590-938e-3c1a9ce10225 0.380s
2025-04-24 15:27:56.090 70012 INFO tempest.lib.common.rest_client [req-563ad384-2a70-45f1-9338-b3b0cb511ec7 req-563ad384-2a70-45f1-9338-b3b0cb511ec7 ] Request (ImagesOneServerTestJSON:test_create_delete_image): 404 GET http://10.180.1.21/compute/v2.1/images/e48de273-9a2b-45e7-b922-ca8d79ad4e5d 0.380s
2025-04-24 15:27:56.153 70016 INFO tempest.lib.common.rest_client [req-b8d52033-1cce-4905-9834-f94c99c969b6 req-b8d52033-1cce-4905-9834-f94c99c969b6 ] Request (KeyPairsNegativeTestJSON:test_create_keypair_when_public_key_bits_exceeds_maximum): 400 POST http://10.180.1.21/compute/v2.1/os-keypairs 0.364s
2025-04-24 15:27:56.230 70022 INFO tempest.lib.common.rest_client [req-c2043e3a-c035-4237-909e-600b70b5a6c1 req-c2043e3a-c035-4237-909e-600b70b5a6c1 ] Request (ServerMetadataTestJSON:setUp): 200 PUT http://10.180.1.21/compute/v2.1/servers/99d1f0fc-e4e7-4aaf-a3c2-a3b136758d68/metadata 0.409s
2025-04-24 15:27:56.290 70006 INFO tempest.lib.common.rest_client [req-a16ea3e6-5844-4221-a8c3-2bd5742d8f95 req-a16ea3e6-5844-4221-a8c3-2bd5742d8f95 ] Request (ServerPasswordTestJSON:setUpClass): 200 GET http://10.180.1.21/compute/v2.1/servers/2faa628e-2332-4280-a190-15cef6d6bd42 0.369s
2025-04-24 15:27:56.294 70002 INFO tempest.lib.common.rest_client [req-a94af34e-e48f-4f93-a050-475f952f37ad req-a94af34e-e48f-4f93-a050-475f952f37ad ] Request (ServersAdminNegativeTestJSON:test_reset_state_server_nonexistent_server): 404 POST http://10.180.1.21/compute/v2.1/servers/999/action 0.309s
2025-04-24 15:27:56.363 69978 INFO tempest.lib.common.rest_client [req-a7df7c5c-7643-493d-bbd0-fea7791de528 req-a7df7c5c-7643-493d-bbd0-fea7791de528 ] Request (ServersTestMultiNic:setUpClass): 201 POST http://10.180.1.21:9696/networking/v2.0/networks 0.547s
2025-04-24 15:27:56.367 70018 INFO tempest.lib.common.rest_client [req-60f6ff42-c6f4-4814-a622-1edb96914648 req-60f6ff42-c6f4-4814-a622-1edb96914648 ] Request (ServersNegativeTestMultiTenantJSON:setUpClass): 200 GET http://10.180.1.21/compute/v2.1/servers/2ec80ac9-c0b3-47d1-8daf-b90a268b8ed2 0.378s
2025-04-24 15:27:56.444 69974 INFO tempest.lib.common.rest_client [req-6fd6953e-8e51-427c-aa91-c873187fbbed req-6fd6953e-8e51-427c-aa91-c873187fbbed ] Request (ServerDiagnosticsNegativeTest:tearDownClass): 200 GET http://10.180.1.21/compute/v2.1/servers/c64cfa95-81c2-4296-88ee-f6bb0fe66ac3 0.385s
2025-04-24 15:27:56.513 69996 INFO tempest.lib.common.rest_client [req-f1a91f47-8114-4c7a-8d65-c59eb87f5538 req-f1a91f47-8114-4c7a-8d65-c59eb87f5538 ] Request (FloatingIPsAssociationNegativeTestJSON:tearDownClass): 200 GET http://10.180.1.21/compute/v2.1/servers/efa5a9d0-05c3-4533-99c2-7b8f5d16db7d 0.430s
2025-04-24 15:27:56.683 69978 INFO tempest.lib.common.rest_client [req-d28bbc29-1a70-4aab-b7db-e4bc2e5aa83d req-d28bbc29-1a70-4aab-b7db-e4bc2e5aa83d ] Request (ServersTestMultiNic:setUpClass): 201 POST http://10.180.1.21:9696/networking/v2.0/subnets 0.320s
2025-04-24 15:27:56.996 70012 INFO tempest.lib.common.rest_client [req-019c3cc1-6776-4754-a5d3-c732e55d0db0 req-019c3cc1-6776-4754-a5d3-c732e55d0db0 ] Request (ImagesOneServerTestJSON:test_create_image_specify_multibyte_character_image_name): 202 POST http://10.180.1.21/compute/v2.1/servers/2803d331-840b-40c3-81d3-619bba80ed5f/action 0.904s
2025-04-24 15:27:57.047 69988 INFO tempest.lib.common.rest_client [req-330b8394-5430-4a65-b7c6-209dd95fba7e req-330b8394-5430-4a65-b7c6-209dd95fba7e ] Request (FloatingIPsAssociationTestJSON:test_associate_disassociate_floating_ip): 202 POST http://10.180.1.21/compute/v2.1/servers/f98bf7ff-d4a9-4083-bbef-df4e0cee15ae/action 1.556s
2025-04-24 15:27:57.077 69982 INFO tempest.lib.common.rest_client [req-c79d8d1d-8d94-4964-a07f-d9391df167c5 req-c79d8d1d-8d94-4964-a07f-d9391df167c5 ] Request (DeleteServersTestJSON:test_delete_server_while_in_attached_volume): 200 GET http://10.180.1.21/compute/v2.1/servers/ae4826dd-cacb-4b70-a7f5-dbc7b05bed94 0.961s
2025-04-24 15:27:57.092 70016 INFO tempest.lib.common.rest_client [req-83ede79d-c26b-4e33-8a28-a197e53bdf6b req-83ede79d-c26b-4e33-8a28-a197e53bdf6b ] Request (KeyPairsNegativeTestJSON:test_create_keypair_with_duplicate_name): 200 POST http://10.180.1.21/compute/v2.1/os-keypairs 0.938s
2025-04-24 15:27:57.130 69972 INFO tempest.lib.common.rest_client [req-240ced2c-77c5-408f-bc7d-3b5c382c11eb req-240ced2c-77c5-408f-bc7d-3b5c382c11eb ] Request (ServersTestFqdnHostnames:test_create_server_with_fqdn_name): 200 GET http://10.180.1.21/compute/v2.1/servers/9661d6cd-8821-43bf-80df-420260f5da28 0.966s
2025-04-24 15:27:57.148 69986 INFO tempest.lib.common.rest_client [req-ca9cb1d0-8f5e-44f1-b1fa-dde033c561cf req-ca9cb1d0-8f5e-44f1-b1fa-dde033c561cf ] Request (ServerActionsTestOtherB:setUpClass): 200 GET http://10.180.1.21/compute/v2.1/servers/ae21ad12-a0b3-41ff-93b7-b253fc6ebaeb 0.929s
2025-04-24 15:27:57.202 70022 INFO tempest.lib.common.rest_client [req-a8d41041-eb48-4105-b1cd-f8822586ec02 req-a8d41041-eb48-4105-b1cd-f8822586ec02 ] Request (ServerMetadataTestJSON:test_update_server_metadata): 200 POST http://10.180.1.21/compute/v2.1/servers/99d1f0fc-e4e7-4aaf-a3c2-a3b136758d68/metadata 0.971s
2025-04-24 15:27:57.210 69998 INFO tempest.lib.common.rest_client [req-e3798fee-0a50-4d93-a670-a6ce2c1984e5 req-e3798fee-0a50-4d93-a670-a6ce2c1984e5 ] Request (ServerDiagnosticsTest:tearDownClass): 200 GET http://10.180.1.21/compute/v2.1/servers/b841dd92-15b2-4e59-986b-1d5ebaed488f 0.958s
2025-04-24 15:27:57.267 69984 INFO tempest.lib.common.rest_client [req-73f3f841-28a4-4364-a2d1-a52f9ad5719d req-73f3f841-28a4-4364-a2d1-a52f9ad5719d ] Request (ServersTestManualDisk:setUpClass): 200 GET http://10.180.1.21/compute/v2.1/servers/e0283727-ff5e-4943-a5db-9f4bc5a98b7d 0.992s
2025-04-24 15:27:57.324 69980 INFO tempest.lib.common.rest_client [req-e1bdc76f-b01e-4aa8-8cb3-841d0bc1ba2f req-e1bdc76f-b01e-4aa8-8cb3-841d0bc1ba2f ] Request (DeleteServersAdminTestJSON:test_delete_server_while_in_error_state): 200 GET http://10.180.1.21/compute/v2.1/servers/8435c189-c15f-4bba-8317-a32b92690678 1.021s
2025-04-24 15:27:57.370 70002 INFO tempest.lib.common.rest_client [req-0a3c1e26-1442-48a1-a212-84ad783147e9 req-0a3c1e26-1442-48a1-a212-84ad783147e9 ] Request (ServersAdminNegativeTestJSON:test_resize_server_using_overlimit_ram): 200 GET http://10.180.1.21/compute/v2.1/os-quota-sets/c4cf691cef804b29990f91da6f2c7608 1.074s
2025-04-24 15:27:57.388 69990 INFO tempest.lib.common.rest_client [req-cdcf242d-433c-464a-be0a-6b1cae622308 req-cdcf242d-433c-464a-be0a-6b1cae622308 ] Request (ServerShowV257Test:test_rebuild_server): 200 GET http://10.180.1.21/compute/v2.1/servers/4007de2c-0d1a-43db-8d5e-52f8969e9a39 0.971s
2025-04-24 15:27:57.405 69990 INFO tempest.common.waiters [-] State transition "REBUILD/rebuilding" ==> "REBUILD/rebuild_spawning" after 4 second wait
2025-04-24 15:27:57.460 69976 INFO tempest.lib.common.rest_client [req-fa97b655-d207-4415-b3f1-0fe0cc27023b req-fa97b655-d207-4415-b3f1-0fe0cc27023b ] Request (MigrationsAdminTest:test_list_migrations_in_flavor_resize_situation): 200 GET http://10.180.1.21/compute/v2.1/servers/090a97b3-e5df-4ede-980a-d95291570913 0.987s
2025-04-24 15:27:57.471 69978 INFO tempest.lib.common.rest_client [req-78350c6d-91cd-4517-be08-68be7c79d585 req-78350c6d-91cd-4517-be08-68be7c79d585 ] Request (ServersTestMultiNic:setUpClass): 201 POST http://10.180.1.21:9696/networking/v2.0/routers 0.787s
2025-04-24 15:27:57.524 70008 INFO tempest.lib.common.rest_client [req-1e7c1af7-cf14-444f-9c6f-fca12ad8abe3 req-1e7c1af7-cf14-444f-9c6f-fca12ad8abe3 ] Request (AttachInterfacesTestJSON:test_create_list_show_delete_interfaces_by_fixed_ip): 200 GET http://10.180.1.21/compute/v2.1/servers/4ec8ffc6-cf96-479a-b8ba-a2b384ba86b3 1.005s
2025-04-24 15:27:57.528 70028 INFO tempest.lib.common.rest_client [req-548d2023-0195-4ef5-9b96-307c9705b9a5 req-548d2023-0195-4ef5-9b96-307c9705b9a5 ] Request (ListImageFiltersTestJSON:setUpClass): 200 GET http://10.180.1.21/compute/v2.1/servers/8b70aa71-6c4a-4cbf-b6b1-5b4cac38dd03 1.100s
