2025-04-24 15:27:57.589 70004 INFO tempest.lib.common.rest_client [req-7ed3a927-ac80-4c7a-a556-338983292731 req-7ed3a927-ac80-4c7a-a556-338983292731 ] Request (ServersAdminTestJSON:setUpClass): 200 GET http://10.180.1.21/compute/v2.1/servers/44f309e1-228d-44f6-a24c-5ffd78446a8e 0.970s
2025-04-24 15:27:57.598 70010 INFO tempest.lib.common.rest_client [req-cb6bef75-5069-4727-82fc-975f7bb9dd1e req-cb6bef75-5069-4727-82fc-975f7bb9dd1e ] Request (ImagesNegativeTestJSON:test_create_image_from_deleted_server): 200 GET http://10.180.1.21/compute/v2.1/servers/e70c9988-f850-45ad-950d-66bf8eb60f80 1.019s
2025-04-24 15:27:57.638 69994 INFO tempest.lib.common.rest_client [req-c76bd8c9-1e02-45ca-851c-00e2eccf7d0a req-c76bd8c9-1e02-45ca-851c-00e2eccf7d0a ] Request (ImagesTestJSON:test_create_image_from_stopped_server): 200 GET http://10.180.1.21/compute/v2.1/servers/74fb9708-d39e-4f5e-9356-95c09802468e 0.968s
2025-04-24 15:27:57.695 70000 INFO tempest.lib.common.rest_client [req-d1a679ec-f53a-4e61-80a5-8855f99db8d2 req-d1a679ec-f53a-4e61-80a5-8855f99db8d2 ] Request (VolumesAdminNegativeTest:test_update_attached_volume_with_nonexistent_volume_in_body): 200 GET http://10.180.1.21/compute/v2.1/servers/313656df-50ec-4686-84be-f0cdba6c7836 0.704s
2025-04-24 15:27:57.729 70012 INFO tempest.lib.common.rest_client [req-f0235d29-852f-47a6-bc99-e57fece23ae7 req-f0235d29-852f-47a6-bc99-e57fece23ae7 ] Request (ImagesOneServerTestJSON:test_create_image_specify_multibyte_character_image_name): 200 GET http://10.180.1.21/compute/v2.1/images/137df613-68ed-4bfd-a052-1e6ac7d9cd72 0.731s
2025-04-24 15:27:57.737 70032 INFO tempest.lib.common.rest_client [req-2d0d659e-5d3a-493d-9fb3-9ec8d3718dce req-2d0d659e-5d3a-493d-9fb3-9ec8d3718dce ] Request (AttachInterfacesV270Test:test_create_get_list_interfaces): 200 GET http://10.180.1.21/compute/v2.1/servers/d3952514-471e-43ea-9373-6ed0e64b074d 0.813s
2025-04-24 15:27:57.746 70032 INFO tempest.common.waiters [-] State transition "BUILD/networking" ==> "BUILD/spawning" after 31 second wait
2025-04-24 15:27:57.801 69992 INFO tempest.lib.common.rest_client [req-a4bf076e-42f5-47a4-b1f9-b263e5516bd3 req-a4bf076e-42f5-47a4-b1f9-b263e5516bd3 ] Request (ServersAdmin275Test:test_rebuild_update_server_275): 200 GET http://10.180.1.21/compute/v2.1/servers/c50cee51-ee39-4590-938e-3c1a9ce10225 0.724s
2025-04-24 15:27:57.815 69988 INFO tempest.lib.common.rest_client [req-f9ca948a-7121-4c6e-8e28-ffc22aaa24df req-f9ca948a-7121-4c6e-8e28-ffc22aaa24df ] Request (FloatingIPsAssociationTestJSON:test_associate_disassociate_floating_ip): 200 GET http://10.180.1.21/compute/v2.1/os-floating-ips/ec6a0cfc-be68-45b8-9a49-ce58406b003c 0.768s
2025-04-24 15:27:57.836 70016 INFO tempest.lib.common.rest_client [req-9b3828f9-d3c1-4445-865b-ee879750edd8 req-9b3828f9-d3c1-4445-865b-ee879750edd8 ] Request (KeyPairsNegativeTestJSON:test_create_keypair_with_duplicate_name): 409 POST http://10.180.1.21/compute/v2.1/os-keypairs 0.741s
2025-04-24 15:27:57.864 70022 INFO tempest.lib.common.rest_client [req-9d84bd62-b32e-4ca7-a042-bde2293320c9 req-9d84bd62-b32e-4ca7-a042-bde2293320c9 ] Request (ServerMetadataTestJSON:test_update_server_metadata): 200 GET http://10.180.1.21/compute/v2.1/servers/99d1f0fc-e4e7-4aaf-a3c2-a3b136758d68/metadata 0.660s
2025-04-24 15:27:57.881 70002 INFO tempest.lib.common.rest_client [req-26fcafd3-fbe4-4f1e-878b-85b54a2dd226 req-26fcafd3-fbe4-4f1e-878b-85b54a2dd226 ] Request (ServersAdminNegativeTestJSON:test_resize_server_using_overlimit_ram): 200 POST http://10.180.1.21/compute/v2.1/flavors 0.508s
2025-04-24 15:27:57.892 70006 INFO tempest.lib.common.rest_client [req-7768040c-4929-4f5e-923c-a5454b6fbf20 req-7768040c-4929-4f5e-923c-a5454b6fbf20 ] Request (ServerPasswordTestJSON:setUpClass): 200 GET http://10.180.1.21/compute/v2.1/servers/2faa628e-2332-4280-a190-15cef6d6bd42 0.594s
2025-04-24 15:27:57.932 70018 INFO tempest.lib.common.rest_client [req-44ab2851-78fa-4c4e-bf65-067764b1dcb2 req-44ab2851-78fa-4c4e-bf65-067764b1dcb2 ] Request (ServersNegativeTestMultiTenantJSON:setUpClass): 200 GET http://10.180.1.21/compute/v2.1/servers/2ec80ac9-c0b3-47d1-8daf-b90a268b8ed2 0.553s
2025-04-24 15:27:57.961 69974 INFO tempest.lib.common.rest_client [req-2741068a-e2b0-4faf-a176-c21ed10046aa req-2741068a-e2b0-4faf-a176-c21ed10046aa ] Request (ServerDiagnosticsNegativeTest:tearDownClass): 200 GET http://10.180.1.21/compute/v2.1/servers/c64cfa95-81c2-4296-88ee-f6bb0fe66ac3 0.509s
2025-04-24 15:27:58.023 69996 INFO tempest.lib.common.rest_client [req-dd0fbd22-6755-4e72-b689-f9ee395a32be req-dd0fbd22-6755-4e72-b689-f9ee395a32be ] Request (FloatingIPsAssociationNegativeTestJSON:tearDownClass): 200 GET http://10.180.1.21/compute/v2.1/servers/efa5a9d0-05c3-4533-99c2-7b8f5d16db7d 0.500s
2025-04-24 15:27:58.044 70016 INFO tempest.lib.common.rest_client [req-0cf727e2-8d15-4dc8-8a53-305831cbeff8 req-0cf727e2-8d15-4dc8-8a53-305831cbeff8 ] Request (KeyPairsNegativeTestJSON:test_create_keypair_with_duplicate_name): 202 DELETE http://10.180.1.21/compute/v2.1/os-keypairs/tempest-keypair-380447622 0.207s
2025-04-24 15:27:58.126 70022 INFO tempest.lib.common.rest_client [req-86dba513-cc13-4154-b03e-b19fc882c87a req-86dba513-cc13-4154-b03e-b19fc882c87a ] Request (ServerMetadataTestJSON:tearDownClass): 204 DELETE http://10.180.1.21/compute/v2.1/servers/99d1f0fc-e4e7-4aaf-a3c2-a3b136758d68 0.256s
2025-04-24 15:27:58.239 70002 INFO tempest.lib.common.rest_client [req-43e9d8dd-df15-43e7-9191-e63f64472d13 req-43e9d8dd-df15-43e7-9191-e63f64472d13 ] Request (ServersAdminNegativeTestJSON:test_resize_server_using_overlimit_ram): 403 POST http://10.180.1.21/compute/v2.1/servers/96c9d4b0-28a1-4dc4-b454-16644bd9ce4c/action 0.354s
2025-04-24 15:27:58.244 70016 INFO tempest.lib.common.rest_client [req-56a1d633-60b0-449d-81e4-0ab92fadcc56 req-56a1d633-60b0-449d-81e4-0ab92fadcc56 ] Request (KeyPairsNegativeTestJSON:test_create_keypair_with_empty_name_string): 400 POST http://10.180.1.21/compute/v2.1/os-keypairs 0.198s
2025-04-24 15:27:58.302 69982 INFO tempest.lib.common.rest_client [req-fda5ce59-7942-418b-955d-24bc5b844adc req-fda5ce59-7942-418b-955d-24bc5b844adc ] Request (DeleteServersTestJSON:test_delete_server_while_in_attached_volume): 200 GET http://10.180.1.21/compute/v2.1/servers/ae4826dd-cacb-4b70-a7f5-dbc7b05bed94 0.209s
2025-04-24 15:27:58.609 70022 INFO tempest.lib.common.rest_client [req-2db72b4f-d0da-4c57-bcd0-b8129a7c9770 req-2db72b4f-d0da-4c57-bcd0-b8129a7c9770 ] Request (ServerMetadataTestJSON:tearDownClass): 200 GET http://10.180.1.21/compute/v2.1/servers/99d1f0fc-e4e7-4aaf-a3c2-a3b136758d68 0.482s
2025-04-24 15:27:58.688 69972 INFO tempest.lib.common.rest_client [req-5216f8fa-ae4f-409c-8abc-fc492c019532 req-5216f8fa-ae4f-409c-8abc-fc492c019532 ] Request (ServersTestFqdnHostnames:test_create_server_with_fqdn_name): 200 GET http://10.180.1.21/compute/v2.1/servers/9661d6cd-8821-43bf-80df-420260f5da28 0.550s
2025-04-24 15:27:58.715 69978 INFO tempest.lib.common.rest_client [req-38e33fc0-c2fd-499d-a205-ad727c42fc33 req-38e33fc0-c2fd-499d-a205-ad727c42fc33 ] Request (ServersTestMultiNic:setUpClass): 200 PUT http://10.180.1.21:9696/networking/v2.0/routers/baadea73-9da3-4eca-84d9-555104bea64c/add_router_interface 1.243s
2025-04-24 15:27:58.715 69978 INFO tempest.lib.common.dynamic_creds [-] Created isolated network resources for: credentials: Credentials: {'domain_id': 'default', 'domain_name': 'Default', 'username': 'tempest-ServersTestMultiNic-870967946-project-member', 'project_domain_id': 'default', 'project_domain_name': 'Default', 'project_id': 'e705f5486b4247b3b1057e87ca240ad3', 'project_name': 'tempest-ServersTestMultiNic-870967946', 'tenant_id': 'e705f5486b4247b3b1057e87ca240ad3', 'tenant_name': 'tempest-ServersTestMultiNic-870967946', 'user_domain_id': 'default', 'user_domain_name': 'Default', 'user_id': '5f7cd004f6f1489799913ba75d77746d', 'system': None}, Network: {'id': 'fb1def84-541f-4231-ad8c-29fbca199afb', 'name': 'tempest-ServersTestMultiNic-1388267603-network', 'tenant_id': 'e705f5486b4247b3b1057e87ca240ad3', 'admin_state_up': True, 'mtu': 8950, 'status': 'ACTIVE', 'subnets': [], 'shared': False, 'project_id': 'e705f5486b4247b3b1057e87ca240ad3', 'port_security_enabled': True, 'router:external': False, 'provider:network_type': 'vlan', 'provider:physical_network': 'default', 'provider:segmentation_id': 689, 'availability_zone_hints': [], 'availability_zones': [], 'ipv4_address_scope': None, 'ipv6_address_scope': None, 'description': '', 'tags': [], 'created_at': '2025-04-24T15:27:56Z', 'updated_at': '2025-04-24T15:27:56Z', 'revision_number': 1}, Subnet: {'id': '73b42f6c-6ccc-4571-9589-be801e57d4cb', 'name': 'tempest-ServersTestMultiNic-1388267603-subnet', 'tenant_id': 'e705f5486b4247b3b1057e87ca240ad3', 'network_id': 'fb1def84-541f-4231-ad8c-29fbca199afb', 'ip_version': 4, 'subnetpool_id': None, 'enable_dhcp': True, 'ipv6_ra_mode': None, 'ipv6_address_mode': None, 'gateway_ip': '192.168.128.1', 'cidr': '192.168.128.0/28', 'allocation_pools': [{'start': '192.168.128.2', 'end': '192.168.128.14'}], 'host_routes': [], 'dns_nameservers': [], 'description': '', 'router:external': False, 'service_types': [], 'tags': [], 'created_at': '2025-04-24T15:27:56Z', 'updated_at': '2025-04-24T15:27:56Z', 'revision_number': 0, 'project_id': 'e705f5486b4247b3b1057e87ca240ad3'}, Router: {'id': 'baadea73-9da3-4eca-84d9-555104bea64c', 'name': 'tempest-ServersTestMultiNic-1388267603-router', 'tenant_id': 'e705f5486b4247b3b1057e87ca240ad3', 'admin_state_up': True, 'status': 'ACTIVE', 'external_gateway_info': {'network_id': '70c07f02-3ccd-418d-83db-179bc6837c25', 'external_fixed_ips': [{'subnet_id': 'f274c7fb-f834-4d9a-9edc-86d44644f6fa', 'ip_address': '10.180.180.200'}], 'enable_snat': True}, 'description': '', 'availability_zones': [], 'distributed': False, 'ha': False, 'availability_zone_hints': [], 'routes': [], 'flavor_id': None, 'tags': [], 'created_at': '2025-04-24T15:27:56Z', 'updated_at': '2025-04-24T15:27:57Z', 'revision_number': 2, 'project_id': 'e705f5486b4247b3b1057e87ca240ad3'}
2025-04-24 15:27:58.818 69978 INFO tempest.lib.common.rest_client [req-52c07b7f-ef5c-456a-bc64-838ba67414a7 req-52c07b7f-ef5c-456a-bc64-838ba67414a7 ] Request (ServersTestMultiNic:setUpClass): 201 POST http://10.180.1.21/identity/v3/auth/tokens 0.098s
2025-04-24 15:27:58.982 69986 INFO tempest.lib.common.rest_client [req-5d9f9faa-64c6-409c-9d66-472536c9271a req-5d9f9faa-64c6-409c-9d66-472536c9271a ] Request (ServerActionsTestOtherB:setUpClass): 200 GET http://10.180.1.21/compute/v2.1/servers/ae21ad12-a0b3-41ff-93b7-b253fc6ebaeb 0.825s
2025-04-24 15:27:58.991 69986 INFO tempest.common.waiters [-] State transition "BUILD/None" ==> "BUILD/networking" after 30 second wait
2025-04-24 15:27:59.039 69978 INFO tempest.lib.common.rest_client [req-ee9cfc19-cd85-4425-b927-d9974d7fe735 req-ee9cfc19-cd85-4425-b927-d9974d7fe735 ] Request (ServersTestMultiNic:test_verify_duplicate_network_nics): 201 POST http://10.180.1.21:9696/networking/v2.0/networks 0.219s
2025-04-24 15:27:59.088 69998 INFO tempest.lib.common.rest_client [req-bfa205b0-c1b2-446d-9066-7fca19de3ef8 req-bfa205b0-c1b2-446d-9066-7fca19de3ef8 ] Request (ServerDiagnosticsTest:tearDownClass): 200 GET http://10.180.1.21/compute/v2.1/servers/b841dd92-15b2-4e59-986b-1d5ebaed488f 0.867s
2025-04-24 15:27:59.114 70002 INFO tempest.lib.common.rest_client [req-de8ebe4e-3b83-443a-91ce-46c3dcd0b0d3 req-de8ebe4e-3b83-443a-91ce-46c3dcd0b0d3 ] Request (ServersAdminNegativeTestJSON:_run_cleanups): 202 DELETE http://10.180.1.21/compute/v2.1/flavors/1013012379 0.874s
2025-04-24 15:27:59.156 70016 INFO tempest.lib.common.rest_client [req-20fb7913-57a2-4124-9b46-4c23618faeff req-20fb7913-57a2-4124-9b46-4c23618faeff ] Request (KeyPairsNegativeTestJSON:test_create_keypair_with_empty_public_key): 400 POST http://10.180.1.21/compute/v2.1/os-keypairs 0.909s
2025-04-24 15:27:59.245 69984 INFO tempest.lib.common.rest_client [req-6048ff55-6bb7-4e59-a96f-0da38aa75801 req-6048ff55-6bb7-4e59-a96f-0da38aa75801 ] Request (ServersTestManualDisk:setUpClass): 200 GET http://10.180.1.21/compute/v2.1/servers/e0283727-ff5e-4943-a5db-9f4bc5a98b7d 0.969s
2025-04-24 15:27:59.279 69978 INFO tempest.lib.common.rest_client [req-07dc0bb8-0bd7-46ef-bb46-b70ca2f83a56 req-07dc0bb8-0bd7-46ef-bb46-b70ca2f83a56 ] Request (ServersTestMultiNic:test_verify_duplicate_network_nics): 201 POST http://10.180.1.21:9696/networking/v2.0/subnets 0.240s
2025-04-24 15:27:59.306 69980 INFO tempest.lib.common.rest_client [req-7c0e6277-9e6a-49bb-a39c-c9acbf5e53d4 req-7c0e6277-9e6a-49bb-a39c-c9acbf5e53d4 ] Request (DeleteServersAdminTestJSON:test_delete_server_while_in_error_state): 200 GET http://10.180.1.21/compute/v2.1/servers/8435c189-c15f-4bba-8317-a32b92690678 0.966s
2025-04-24 15:27:59.386 69990 INFO tempest.lib.common.rest_client [req-6dc13e42-6b3a-486b-9853-cbf08f88851f req-6dc13e42-6b3a-486b-9853-cbf08f88851f ] Request (ServerShowV257Test:test_rebuild_server): 200 GET http://10.180.1.21/compute/v2.1/servers/4007de2c-0d1a-43db-8d5e-52f8969e9a39 0.981s
2025-04-24 15:27:59.404 69978 INFO tempest.lib.common.rest_client [req-9d95ea91-0569-4fda-94c8-b9dd91577748 req-9d95ea91-0569-4fda-94c8-b9dd91577748 ] Request (ServersTestMultiNic:test_verify_duplicate_network_nics): 201 POST http://10.180.1.21:9696/networking/v2.0/networks 0.124s
2025-04-24 15:27:59.441 69976 INFO tempest.lib.common.rest_client [req-1587b892-635f-46d8-a634-81ba7d1cd4f4 req-1587b892-635f-46d8-a634-81ba7d1cd4f4 ] Request (MigrationsAdminTest:test_list_migrations_in_flavor_resize_situation): 200 GET http://10.180.1.21/compute/v2.1/servers/090a97b3-e5df-4ede-980a-d95291570913 0.973s
2025-04-24 15:27:59.502 70008 INFO tempest.lib.common.rest_client [req-e19aeadf-8d8d-4b53-9c3c-8a242914687e req-e19aeadf-8d8d-4b53-9c3c-8a242914687e ] Request (AttachInterfacesTestJSON:test_create_list_show_delete_interfaces_by_fixed_ip): 200 GET http://10.180.1.21/compute/v2.1/servers/4ec8ffc6-cf96-479a-b8ba-a2b384ba86b3 0.966s
2025-04-24 15:27:59.586 69978 INFO tempest.lib.common.rest_client [req-fd8cdab4-9e4b-45ba-ba0a-58e1686862c3 req-fd8cdab4-9e4b-45ba-ba0a-58e1686862c3 ] Request (ServersTestMultiNic:test_verify_duplicate_network_nics): 201 POST http://10.180.1.21:9696/networking/v2.0/subnets 0.182s
2025-04-24 15:27:59.596 69988 INFO tempest.lib.common.rest_client [req-89ff7c51-0582-4e16-98be-baeee8e00a67 req-89ff7c51-0582-4e16-98be-baeee8e00a67 ] Request (FloatingIPsAssociationTestJSON:test_associate_disassociate_floating_ip): 202 POST http://10.180.1.21/compute/v2.1/servers/f98bf7ff-d4a9-4083-bbef-df4e0cee15ae/action 1.772s
2025-04-24 15:27:59.628 69978 INFO tempest.lib.common.rest_client [req-a9a0306d-693b-4bd5-b0cc-3f7cc46e4f31 req-a9a0306d-693b-4bd5-b0cc-3f7cc46e4f31 ] Request (ServersTestMultiNic:test_verify_duplicate_network_nics): 201 POST http://10.180.1.21/identity/v3/auth/tokens 0.039s
2025-04-24 15:27:59.628 69978 INFO tempest.lib.common.fixed_network [-] (ServersTestMultiNic:test_verify_duplicate_network_nics) Found network {'id': 'fb1def84-541f-4231-ad8c-29fbca199afb', 'name': 'tempest-ServersTestMultiNic-1388267603-network', 'tenant_id': 'e705f5486b4247b3b1057e87ca240ad3', 'admin_state_up': True, 'mtu': 8950, 'status': 'ACTIVE', 'subnets': [], 'shared': False, 'project_id': 'e705f5486b4247b3b1057e87ca240ad3', 'port_security_enabled': True, 'router:external': False, 'provider:network_type': 'vlan', 'provider:physical_network': 'default', 'provider:segmentation_id': 689, 'availability_zone_hints': [], 'availability_zones': [], 'ipv4_address_scope': None, 'ipv6_address_scope': None, 'description': '', 'tags': [], 'created_at': '2025-04-24T15:27:56Z', 'updated_at': '2025-04-24T15:27:56Z', 'revision_number': 1} available for tenant
2025-04-24 15:27:59.665 70004 INFO tempest.lib.common.rest_client [req-df010a01-cf7c-4dee-8fc0-ee3210633e14 req-df010a01-cf7c-4dee-8fc0-ee3210633e14 ] Request (ServersAdminTestJSON:setUpClass): 200 GET http://10.180.1.21/compute/v2.1/servers/44f309e1-228d-44f6-a24c-5ffd78446a8e 1.066s
2025-04-24 15:27:59.686 70028 INFO tempest.lib.common.rest_client [req-d0cf7750-922a-4135-b965-a6943b34afa7 req-d0cf7750-922a-4135-b965-a6943b34afa7 ] Request (ListImageFiltersTestJSON:setUpClass): 200 GET http://10.180.1.21/compute/v2.1/servers/8b70aa71-6c4a-4cbf-b6b1-5b4cac38dd03 1.145s
2025-04-24 15:27:59.757 70010 INFO tempest.lib.common.rest_client [req-0feb5f1b-f6ea-4258-b96d-07355562221d req-0feb5f1b-f6ea-4258-b96d-07355562221d ] Request (ImagesNegativeTestJSON:test_create_image_from_deleted_server): 200 GET http://10.180.1.21/compute/v2.1/servers/e70c9988-f850-45ad-950d-66bf8eb60f80 1.145s
2025-04-24 15:27:59.758 69994 INFO tempest.lib.common.rest_client [req-0c8bc029-5115-40e7-9061-049dae64ae78 req-0c8bc029-5115-40e7-9061-049dae64ae78 ] Request (ImagesTestJSON:test_create_image_from_stopped_server): 200 GET http://10.180.1.21/compute/v2.1/servers/74fb9708-d39e-4f5e-9356-95c09802468e 1.107s
2025-04-24 15:27:59.801 70012 INFO tempest.lib.common.rest_client [req-516229a5-63e6-48d5-8e04-d75ab9a6179d req-516229a5-63e6-48d5-8e04-d75ab9a6179d ] Request (ImagesOneServerTestJSON:test_create_image_specify_multibyte_character_image_name): 200 GET http://10.180.1.21/compute/v2.1/images/137df613-68ed-4bfd-a052-1e6ac7d9cd72 1.061s
2025-04-24 15:27:59.818 70000 INFO tempest.lib.common.rest_client [req-a20789c4-8bdc-4b6e-ba87-edb56a883008 req-a20789c4-8bdc-4b6e-ba87-edb56a883008 ] Request (VolumesAdminNegativeTest:test_update_attached_volume_with_nonexistent_volume_in_body): 200 GET http://10.180.1.21/compute/v2.1/servers/313656df-50ec-4686-84be-f0cdba6c7836 1.114s
2025-04-24 15:27:59.881 69992 INFO tempest.lib.common.rest_client [req-1f478f0f-a510-483a-9711-c2f4a6218c61 req-1f478f0f-a510-483a-9711-c2f4a6218c61 ] Request (ServersAdmin275Test:test_rebuild_update_server_275): 200 GET http://10.180.1.21/compute/v2.1/servers/c50cee51-ee39-4590-938e-3c1a9ce10225 1.059s
2025-04-24 15:27:59.914 70032 INFO tempest.lib.common.rest_client [req-02da9a8b-8938-493c-9d41-e592d7fbe654 req-02da9a8b-8938-493c-9d41-e592d7fbe654 ] Request (AttachInterfacesV270Test:test_create_get_list_interfaces): 200 GET http://10.180.1.21/compute/v2.1/servers/d3952514-471e-43ea-9373-6ed0e64b074d 1.167s
2025-04-24 15:27:59.929 70006 INFO tempest.lib.common.rest_client [req-67c75686-0848-479c-b194-f90bef5a0f07 req-67c75686-0848-479c-b194-f90bef5a0f07 ] Request (ServerPasswordTestJSON:setUpClass): 200 GET http://10.180.1.21/compute/v2.1/servers/2faa628e-2332-4280-a190-15cef6d6bd42 1.026s
2025-04-24 15:27:59.963 70018 INFO tempest.lib.common.rest_client [req-53e6cc98-b0e1-4de3-ac3a-0ff805b9ba06 req-53e6cc98-b0e1-4de3-ac3a-0ff805b9ba06 ] Request (ServersNegativeTestMultiTenantJSON:setUpClass): 200 GET http://10.180.1.21/compute/v2.1/servers/2ec80ac9-c0b3-47d1-8daf-b90a268b8ed2 1.020s
2025-04-24 15:28:00.007 69974 INFO tempest.lib.common.rest_client [req-7ecc5398-a0d0-4a11-9896-e885d4baffc8 req-7ecc5398-a0d0-4a11-9896-e885d4baffc8 ] Request (ServerDiagnosticsNegativeTest:tearDownClass): 200 GET http://10.180.1.21/compute/v2.1/servers/c64cfa95-81c2-4296-88ee-f6bb0fe66ac3 1.032s
2025-04-24 15:28:00.028 70002 INFO tempest.lib.common.rest_client [req-417195e1-6dda-4c2a-8344-f4b8d8d91dc2 req-417195e1-6dda-4c2a-8344-f4b8d8d91dc2 ] Request (ServersAdminNegativeTestJSON:_run_cleanups): 200 GET http://10.180.1.21/compute/v2.1/flavors/detail 0.914s
2025-04-24 15:28:00.035 70016 INFO tempest.lib.common.rest_client [req-f9527b79-db2e-4049-ab1f-d47cf35bb162 req-f9527b79-db2e-4049-ab1f-d47cf35bb162 ] Request (KeyPairsNegativeTestJSON:test_create_keypair_with_long_keynames): 400 POST http://10.180.1.21/compute/v2.1/os-keypairs 0.877s
2025-04-24 15:28:00.039 69996 INFO tempest.lib.common.rest_client [req-419f5fdb-a6b9-4687-b490-089a64e514a6 req-419f5fdb-a6b9-4687-b490-089a64e514a6 ] Request (FloatingIPsAssociationNegativeTestJSON:tearDownClass): 200 GET http://10.180.1.21/compute/v2.1/servers/efa5a9d0-05c3-4533-99c2-7b8f5d16db7d 1.000s
2025-04-24 15:28:00.110 69982 INFO tempest.lib.common.rest_client [req-dbe81620-6d12-4af0-b7a8-d68eb2bb39ce req-dbe81620-6d12-4af0-b7a8-d68eb2bb39ce ] Request (DeleteServersTestJSON:test_delete_server_while_in_attached_volume): 200 GET http://10.180.1.21/compute/v2.1/servers/ae4826dd-cacb-4b70-a7f5-dbc7b05bed94 0.796s
2025-04-24 15:28:00.142 69988 INFO tempest.lib.common.rest_client [req-642baf32-5e6b-4ab5-a9bd-333001349221 req-642baf32-5e6b-4ab5-a9bd-333001349221 ] Request (FloatingIPsAssociationTestJSON:tearDownClass): 204 DELETE http://10.180.1.21/compute/v2.1/servers/a10177e9-959a-4c5b-9f1e-0808af564f81 0.544s
2025-04-24 15:28:00.244 70022 INFO tempest.lib.common.rest_client [req-ccb04ad1-262c-4138-bbd3-65bb4f2f3d0a req-ccb04ad1-262c-4138-bbd3-65bb4f2f3d0a ] Request (ServerMetadataTestJSON:tearDownClass): 200 GET http://10.180.1.21/compute/v2.1/servers/99d1f0fc-e4e7-4aaf-a3c2-a3b136758d68 0.622s
2025-04-24 15:28:00.324 69972 INFO tempest.lib.common.rest_client [req-d8b8369d-1d1f-42b9-b54f-20ef4d3003d5 req-d8b8369d-1d1f-42b9-b54f-20ef4d3003d5 ] Request (ServersTestFqdnHostnames:test_create_server_with_fqdn_name): 200 GET http://10.180.1.21/compute/v2.1/servers/9661d6cd-8821-43bf-80df-420260f5da28 0.627s
2025-04-24 15:28:00.473 69986 INFO tempest.lib.common.rest_client [req-3d5be60d-340c-47a2-8463-dacf77a2e599 req-3d5be60d-340c-47a2-8463-dacf77a2e599 ] Request (ServerActionsTestOtherB:setUpClass): 200 GET http://10.180.1.21/compute/v2.1/servers/ae21ad12-a0b3-41ff-93b7-b253fc6ebaeb 0.481s
2025-04-24 15:28:00.480 69986 INFO tempest.common.waiters [-] State transition "BUILD/networking" ==> "BUILD/spawning" after 32 second wait
2025-04-24 15:28:00.512 70016 INFO tempest.lib.common.rest_client [req-298fe248-e860-432b-97f5-3ae4d8662899 req-298fe248-e860-432b-97f5-3ae4d8662899 ] Request (KeyPairsNegativeTestJSON:test_keypair_create_with_invalid_pub_key): 400 POST http://10.180.1.21/compute/v2.1/os-keypairs 0.474s
2025-04-24 15:28:00.555 70002 INFO tempest.lib.common.rest_client [req-f72838dd-923f-4685-a996-b2c429f6e143 req-f72838dd-923f-4685-a996-b2c429f6e143 ] Request (ServersAdminNegativeTestJSON:test_resize_server_using_overlimit_vcpus): 200 GET http://10.180.1.21/compute/v2.1/os-quota-sets/c4cf691cef804b29990f91da6f2c7608 0.517s
2025-04-24 15:28:00.623 69998 INFO tempest.lib.common.rest_client [req-4317340d-636e-4f09-9720-3d195aa59762 req-4317340d-636e-4f09-9720-3d195aa59762 ] Request (ServerDiagnosticsTest:tearDownClass): 200 GET http://10.180.1.21/compute/v2.1/servers/b841dd92-15b2-4e59-986b-1d5ebaed488f 0.524s
2025-04-24 15:28:00.682 69988 INFO tempest.lib.common.rest_client [req-53686309-de2f-4a0c-85d0-9cc1e1b753ea req-53686309-de2f-4a0c-85d0-9cc1e1b753ea ] Request (FloatingIPsAssociationTestJSON:tearDownClass): 200 GET http://10.180.1.21/compute/v2.1/servers/a10177e9-959a-4c5b-9f1e-0808af564f81 0.540s
2025-04-24 15:28:00.704 69978 INFO tempest.lib.common.rest_client [req-2f0fd880-b8f4-4ee6-b62e-b168abbe26ba req-2f0fd880-b8f4-4ee6-b62e-b168abbe26ba ] Request (ServersTestMultiNic:test_verify_duplicate_network_nics): 202 POST http://10.180.1.21/compute/v2.1/servers 1.074s
2025-04-24 15:28:00.732 69984 INFO tempest.lib.common.rest_client [req-3dfd0184-f955-453e-95c6-07304533bea7 req-3dfd0184-f955-453e-95c6-07304533bea7 ] Request (ServersTestManualDisk:setUpClass): 200 GET http://10.180.1.21/compute/v2.1/servers/e0283727-ff5e-4943-a5db-9f4bc5a98b7d 0.473s
2025-04-24 15:28:00.763 69980 INFO tempest.lib.common.rest_client [req-d68b20aa-e78c-4b55-8840-6cbca51d6feb req-d68b20aa-e78c-4b55-8840-6cbca51d6feb ] Request (DeleteServersAdminTestJSON:test_delete_server_while_in_error_state): 200 GET http://10.180.1.21/compute/v2.1/servers/8435c189-c15f-4bba-8317-a32b92690678 0.448s
2025-04-24 15:28:00.814 69990 INFO tempest.lib.common.rest_client [req-d98d2328-b645-4afd-9e5c-8bd6a1ce000a req-d98d2328-b645-4afd-9e5c-8bd6a1ce000a ] Request (ServerShowV257Test:test_rebuild_server): 200 GET http://10.180.1.21/compute/v2.1/servers/4007de2c-0d1a-43db-8d5e-52f8969e9a39 0.418s
2025-04-24 15:28:00.817 69976 INFO tempest.lib.common.rest_client [req-4687e99a-930e-4551-b359-e3191f700e99 req-4687e99a-930e-4551-b359-e3191f700e99 ] Request (MigrationsAdminTest:test_list_migrations_in_flavor_resize_situation): 200 GET http://10.180.1.21/compute/v2.1/servers/090a97b3-e5df-4ede-980a-d95291570913 0.367s
2025-04-24 15:28:00.827 70016 INFO tempest.lib.common.rest_client [req-b60ba6a6-12b1-4d5f-a9db-80eff927e70c req-b60ba6a6-12b1-4d5f-a9db-80eff927e70c ] Request (KeyPairsNegativeTestJSON:test_keypair_delete_nonexistent_key): 404 DELETE http://10.180.1.21/compute/v2.1/os-keypairs/tempest-keypair-non-existent-1162606705 0.314s
2025-04-24 15:28:00.846 70002 INFO tempest.lib.common.rest_client [req-41bcaa20-20cd-44c1-9acc-c497d0932b84 req-41bcaa20-20cd-44c1-9acc-c497d0932b84 ] Request (ServersAdminNegativeTestJSON:test_resize_server_using_overlimit_vcpus): 200 POST http://10.180.1.21/compute/v2.1/flavors 0.288s
2025-04-24 15:28:00.880 70008 INFO tempest.lib.common.rest_client [req-dbc89ad3-616f-4253-ab03-5f825b3eed60 req-dbc89ad3-616f-4253-ab03-5f825b3eed60 ] Request (AttachInterfacesTestJSON:test_create_list_show_delete_interfaces_by_fixed_ip): 200 GET http://10.180.1.21/compute/v2.1/servers/4ec8ffc6-cf96-479a-b8ba-a2b384ba86b3 0.363s
2025-04-24 15:28:00.905 70004 INFO tempest.lib.common.rest_client [req-cb37b2d7-31c2-492c-9614-54b1076d2617 req-cb37b2d7-31c2-492c-9614-54b1076d2617 ] Request (ServersAdminTestJSON:setUpClass): 200 GET http://10.180.1.21/compute/v2.1/servers/44f309e1-228d-44f6-a24c-5ffd78446a8e 0.231s
2025-04-24 15:28:00.930 70016 INFO tempest.lib.common.rest_client [req-ba65dd9c-a953-495b-a7bf-84f8df606003 req-ba65dd9c-a953-495b-a7bf-84f8df606003 ] Request (KeyPairsNegativeTestJSON:tearDownClass): 204 DELETE http://10.180.1.21/identity/v3/users/7c563ec3571b430589662a41abfcfb24 0.101s
2025-04-24 15:28:00.930 70016 INFO tempest.lib.common.dynamic_creds [-] Deleting project and security group for project: b8d2c3261ae748ea9b9388a6a28d1cd5
2025-04-24 15:28:00.958 69978 INFO tempest.lib.common.rest_client [req-c8a5bb4c-9e33-4819-9d57-81b79275afd2 req-c8a5bb4c-9e33-4819-9d57-81b79275afd2 ] Request (ServersTestMultiNic:test_verify_duplicate_network_nics): 200 GET http://10.180.1.21/compute/v2.1/servers/fb235b27-f172-4495-8083-5e9b158b6146 0.253s
2025-04-24 15:28:01.016 70016 INFO tempest.lib.common.rest_client [req-4a9c1285-4456-4bcc-b3e5-5b7a688484e4 req-4a9c1285-4456-4bcc-b3e5-5b7a688484e4 ] Request (KeyPairsNegativeTestJSON:tearDownClass): 201 POST http://10.180.1.21/identity/v3/auth/tokens 0.086s
2025-04-24 15:28:01.036 70010 INFO tempest.lib.common.rest_client [req-02e4f230-8169-4bc4-974e-4da204765874 req-02e4f230-8169-4bc4-974e-4da204765874 ] Request (ImagesNegativeTestJSON:test_create_image_from_deleted_server): 200 GET http://10.180.1.21/compute/v2.1/servers/e70c9988-f850-45ad-950d-66bf8eb60f80 0.270s
2025-04-24 15:28:01.047 70028 INFO tempest.lib.common.rest_client [req-15d464d1-d1ae-49a6-bf29-6ab003a25b19 req-15d464d1-d1ae-49a6-bf29-6ab003a25b19 ] Request (ListImageFiltersTestJSON:setUpClass): 200 GET http://10.180.1.21/compute/v2.1/servers/8b70aa71-6c4a-4cbf-b6b1-5b4cac38dd03 0.353s
2025-04-24 15:28:01.090 70012 INFO tempest.lib.common.rest_client [req-ba8c891f-9bfe-4d14-bd86-a6eabfaaf15f req-ba8c891f-9bfe-4d14-bd86-a6eabfaaf15f ] Request (ImagesOneServerTestJSON:test_create_image_specify_multibyte_character_image_name): 200 GET http://10.180.1.21/compute/v2.1/images/137df613-68ed-4bfd-a052-1e6ac7d9cd72 0.284s
2025-04-24 15:28:01.115 69994 INFO tempest.lib.common.rest_client [req-b4d980e2-12b0-4dd8-9e4f-8c3ac095faa0 req-b4d980e2-12b0-4dd8-9e4f-8c3ac095faa0 ] Request (ImagesTestJSON:test_create_image_from_stopped_server): 200 GET http://10.180.1.21/compute/v2.1/servers/74fb9708-d39e-4f5e-9356-95c09802468e 0.348s
2025-04-24 15:28:01.166 70000 INFO tempest.lib.common.rest_client [req-d85273ff-9a33-458f-8f0b-37e311e0386c req-d85273ff-9a33-458f-8f0b-37e311e0386c ] Request (VolumesAdminNegativeTest:test_update_attached_volume_with_nonexistent_volume_in_body): 200 GET http://10.180.1.21/compute/v2.1/servers/313656df-50ec-4686-84be-f0cdba6c7836 0.339s
2025-04-24 15:28:01.236 70016 INFO tempest.lib.common.rest_client [req-4095e8bf-d5d8-4494-9d6c-a5e29e56e103 req-4095e8bf-d5d8-4494-9d6c-a5e29e56e103 ] Request (KeyPairsNegativeTestJSON:tearDownClass): 200 GET http://10.180.1.21:9696/networking/v2.0/security-groups?tenant_id=b8d2c3261ae748ea9b9388a6a28d1cd5&name=default 0.219s
2025-04-24 15:28:01.253 69992 INFO tempest.lib.common.rest_client [req-b09eccdc-93f0-43cb-96ba-0ebd9bf8a436 req-b09eccdc-93f0-43cb-96ba-0ebd9bf8a436 ] Request (ServersAdmin275Test:test_rebuild_update_server_275): 200 GET http://10.180.1.21/compute/v2.1/servers/c50cee51-ee39-4590-938e-3c1a9ce10225 0.361s
2025-04-24 15:28:01.332 70016 INFO tempest.lib.common.rest_client [req-8421140d-bb01-4247-9dba-51a1be2067d6 req-8421140d-bb01-4247-9dba-51a1be2067d6 ] Request (KeyPairsNegativeTestJSON:tearDownClass): 204 DELETE http://10.180.1.21:9696/networking/v2.0/security-groups/9045d5ea-f622-44b7-92c3-2247c84e8df7 0.096s
2025-04-24 15:28:01.376 70032 INFO tempest.lib.common.rest_client [req-38961edf-2545-4409-8577-007959990d77 req-38961edf-2545-4409-8577-007959990d77 ] Request (AttachInterfacesV270Test:test_create_get_list_interfaces): 200 GET http://10.180.1.21/compute/v2.1/servers/d3952514-471e-43ea-9373-6ed0e64b074d 0.448s
2025-04-24 15:28:01.414 70016 INFO tempest.lib.common.rest_client [req-25fe3ce0-9eed-4254-aa69-a3574274f5ae req-25fe3ce0-9eed-4254-aa69-a3574274f5ae ] Request (KeyPairsNegativeTestJSON:tearDownClass): 204 DELETE http://10.180.1.21/identity/v3/projects/b8d2c3261ae748ea9b9388a6a28d1cd5 0.081s
2025-04-24 15:28:01.429 70006 INFO tempest.lib.common.rest_client [req-d54c07f6-20fb-418b-bf57-96639558917b req-d54c07f6-20fb-418b-bf57-96639558917b ] Request (ServerPasswordTestJSON:setUpClass): 200 GET http://10.180.1.21/compute/v2.1/servers/2faa628e-2332-4280-a190-15cef6d6bd42 0.491s
2025-04-24 15:28:01.459 70002 INFO tempest.lib.common.rest_client [req-55e08850-bfe4-4ede-a17d-d9dea9111b99 req-55e08850-bfe4-4ede-a17d-d9dea9111b99 ] Request (ServersAdminNegativeTestJSON:test_resize_server_using_overlimit_vcpus): 403 POST http://10.180.1.21/compute/v2.1/servers/96c9d4b0-28a1-4dc4-b454-16644bd9ce4c/action 0.610s
2025-04-24 15:28:01.477 69974 INFO tempest.lib.common.rest_client [req-91462b06-5c36-4a20-be28-a4fb352b49d6 req-91462b06-5c36-4a20-be28-a4fb352b49d6 ] Request (ServerDiagnosticsNegativeTest:tearDownClass): 404 GET http://10.180.1.21/compute/v2.1/servers/c64cfa95-81c2-4296-88ee-f6bb0fe66ac3 0.459s
2025-04-24 15:28:01.486 70018 INFO tempest.lib.common.rest_client [req-53de0450-dd0e-4916-ac66-ef4824ffcaf6 req-53de0450-dd0e-4916-ac66-ef4824ffcaf6 ] Request (ServersNegativeTestMultiTenantJSON:setUpClass): 200 GET http://10.180.1.21/compute/v2.1/servers/2ec80ac9-c0b3-47d1-8daf-b90a268b8ed2 0.512s
2025-04-24 15:28:01.501 70016 INFO tempest.lib.common.rest_client [req-0b20f104-6518-4eb8-8b93-d6093f42af89 req-0b20f104-6518-4eb8-8b93-d6093f42af89 ] Request (ServerActionsV293TestJSON:setUpClass): 201 POST http://10.180.1.21/identity/v3/auth/tokens 0.085s
2025-04-24 15:28:01.537 70016 INFO tempest.lib.common.rest_client [req-70a607ec-96c8-4172-bad1-3f84e9f00bf3 req-70a607ec-96c8-4172-bad1-3f84e9f00bf3 ] Request (ServerActionsV293TestJSON:setUpClass): 201 POST http://10.180.1.21/identity/v3/auth/tokens 0.032s
2025-04-24 15:28:01.561 69982 INFO tempest.lib.common.rest_client [req-51836815-c068-4b79-93e6-01b6acbda6c2 req-51836815-c068-4b79-93e6-01b6acbda6c2 ] Request (DeleteServersTestJSON:test_delete_server_while_in_attached_volume): 200 GET http://10.180.1.21/compute/v2.1/servers/ae4826dd-cacb-4b70-a7f5-dbc7b05bed94 0.442s
2025-04-24 15:28:01.561 69996 INFO tempest.lib.common.rest_client [req-0da2816e-f748-44bf-95e5-603930eb9311 req-0da2816e-f748-44bf-95e5-603930eb9311 ] Request (FloatingIPsAssociationNegativeTestJSON:tearDownClass): 200 GET http://10.180.1.21/compute/v2.1/servers/efa5a9d0-05c3-4533-99c2-7b8f5d16db7d 0.511s
2025-04-24 15:28:01.566 70016 INFO tempest.lib.common.rest_client [req-25aab4c6-ed97-4571-a007-094378ac4c6f req-25aab4c6-ed97-4571-a007-094378ac4c6f ] Request (ServerActionsV293TestJSON:setUpClass): 200 GET http://10.180.1.21/identity/v3/domains?name=Default 0.029s
2025-04-24 15:28:01.570 69982 INFO tempest.common.waiters [-] State transition "BUILD/scheduling" ==> "BUILD/None" after 14 second wait
2025-04-24 15:28:01.589 69974 INFO tempest.lib.common.rest_client [req-9fef4fc7-664f-440d-9413-86eb90bd3106 req-9fef4fc7-664f-440d-9413-86eb90bd3106 ] Request (ServerDiagnosticsNegativeTest:tearDownClass): 204 DELETE http://10.180.1.21/identity/v3/users/75a23aa2129e4c519f29b88a70137545 0.111s
2025-04-24 15:28:01.627 70022 INFO tempest.lib.common.rest_client [req-da6f21bd-fe60-47d8-8bef-aaa320686c7d req-da6f21bd-fe60-47d8-8bef-aaa320686c7d ] Request (ServerMetadataTestJSON:tearDownClass): 200 GET http://10.180.1.21/compute/v2.1/servers/99d1f0fc-e4e7-4aaf-a3c2-a3b136758d68 0.371s
2025-04-24 15:28:01.632 69972 INFO tempest.lib.common.rest_client [req-1aaacdbb-43b3-480a-b0a2-e16f2e6421d7 req-1aaacdbb-43b3-480a-b0a2-e16f2e6421d7 ] Request (ServersTestFqdnHostnames:test_create_server_with_fqdn_name): 200 GET http://10.180.1.21/compute/v2.1/servers/9661d6cd-8821-43bf-80df-420260f5da28 0.300s
2025-04-24 15:28:01.632 70016 INFO tempest.lib.common.rest_client [req-bf114d6d-cf71-4b7f-82a9-ef05e4e9cd15 req-bf114d6d-cf71-4b7f-82a9-ef05e4e9cd15 ] Request (ServerActionsV293TestJSON:setUpClass): 201 POST http://10.180.1.21/identity/v3/projects 0.065s
2025-04-24 15:28:01.641 70002 INFO tempest.lib.common.rest_client [req-9de5669c-b08f-47d6-b668-faec8bc213e6 req-9de5669c-b08f-47d6-b668-faec8bc213e6 ] Request (ServersAdminNegativeTestJSON:_run_cleanups): 202 DELETE http://10.180.1.21/compute/v2.1/flavors/110581528 0.181s
2025-04-24 15:28:01.680 69974 INFO tempest.lib.common.rest_client [req-2af5609b-0797-4586-bdb8-aa68e78535cd req-2af5609b-0797-4586-bdb8-aa68e78535cd ] Request (ServerDiagnosticsNegativeTest:tearDownClass): 204 DELETE http://10.180.1.21/identity/v3/users/8def722f64ab4efabae50e149f5def40 0.090s
2025-04-24 15:28:01.680 69974 INFO tempest.lib.common.dynamic_creds [-] Deleting project and security group for project: 1863e0f68ebd44b3aa41c69679e8ad2b
2025-04-24 15:28:01.720 69998 INFO tempest.lib.common.rest_client [req-8499dded-bf1b-4cb0-a804-0d2a26251d55 req-8499dded-bf1b-4cb0-a804-0d2a26251d55 ] Request (ServerDiagnosticsTest:tearDownClass): 200 GET http://10.180.1.21/compute/v2.1/servers/b841dd92-15b2-4e59-986b-1d5ebaed488f 0.089s
2025-04-24 15:28:01.731 70030 WARNING tempest.lib.common.ssh [-] Failed to establish authenticated ssh connection to cirros@10.180.180.147 ([Errno None] Unable to connect to port 22 on 10.180.180.147). Number attempts: 6. Retry after 7 seconds.: paramiko.ssh_exception.NoValidConnectionsError: [Errno None] Unable to connect to port 22 on 10.180.180.147
2025-04-24 15:28:01.740 69974 INFO tempest.lib.common.rest_client [req-85168b4b-d083-46f4-be04-1eb5d9ba8551 req-85168b4b-d083-46f4-be04-1eb5d9ba8551 ] Request (ServerDiagnosticsNegativeTest:tearDownClass): 201 POST http://10.180.1.21/identity/v3/auth/tokens 0.059s
2025-04-24 15:28:01.742 70016 INFO tempest.lib.common.rest_client [req-7e29e0f9-9a55-44ed-9869-698c3d40c314 req-7e29e0f9-9a55-44ed-9869-698c3d40c314 ] Request (ServerActionsV293TestJSON:setUpClass): 201 POST http://10.180.1.21/identity/v3/users 0.107s
2025-04-24 15:28:01.744 70002 INFO tempest.lib.common.rest_client [req-8b6813d7-4b97-45d4-ab80-6d66f0a4e63c req-8b6813d7-4b97-45d4-ab80-6d66f0a4e63c ] Request (ServersAdminNegativeTestJSON:_run_cleanups): 200 GET http://10.180.1.21/compute/v2.1/flavors/detail 0.102s
2025-04-24 15:28:01.771 69986 INFO tempest.lib.common.rest_client [req-2c518a60-5cef-4049-9ff5-690fe070793c req-2c518a60-5cef-4049-9ff5-690fe070793c ] Request (ServerActionsTestOtherB:setUpClass): 200 GET http://10.180.1.21/compute/v2.1/servers/ae21ad12-a0b3-41ff-93b7-b253fc6ebaeb 0.289s
2025-04-24 15:28:01.771 70016 INFO tempest.lib.common.rest_client [req-7f9382d0-19ba-41fd-a220-5b82d1c5bd58 req-7f9382d0-19ba-41fd-a220-5b82d1c5bd58 ] Request (ServerActionsV293TestJSON:setUpClass): 200 GET http://10.180.1.21/identity/v3/roles 0.028s
2025-04-24 15:28:01.808 70016 INFO tempest.lib.common.rest_client [req-29c023c2-f7eb-4ffe-86ad-59f11a0c5d23 req-29c023c2-f7eb-4ffe-86ad-59f11a0c5d23 ] Request (ServerActionsV293TestJSON:setUpClass): 204 PUT http://10.180.1.21/identity/v3/projects/48bf9672dbc14d59b365560b9daff382/users/6364f75cdbfc4a1ba5a0206f72edc7c1/roles/8ef70cffbd124e8f8e491199a62ee57b 0.036s
2025-04-24 15:28:01.808 70016 INFO tempest.lib.common.dynamic_creds [-] Dynamic test user 6364f75cdbfc4a1ba5a0206f72edc7c1 is created with scope project and roles: ['member']
2025-04-24 15:28:01.809 70016 INFO tempest.lib.common.dynamic_creds [-] Acquired dynamic creds: credentials: Credentials: {'domain_id': 'default', 'domain_name': 'Default', 'username': 'tempest-ServerActionsV293TestJSON-654612076-project-member', 'project_domain_id': 'default', 'project_domain_name': 'Default', 'project_id': '48bf9672dbc14d59b365560b9daff382', 'project_name': 'tempest-ServerActionsV293TestJSON-654612076', 'tenant_id': '48bf9672dbc14d59b365560b9daff382', 'tenant_name': 'tempest-ServerActionsV293TestJSON-654612076', 'user_domain_id': 'default', 'user_domain_name': 'Default', 'user_id': '6364f75cdbfc4a1ba5a0206f72edc7c1', 'system': None}, Network: None, Subnet: None, Router: None
2025-04-24 15:28:01.816 69988 INFO tempest.lib.common.rest_client [req-6a821f1a-04d9-4482-910f-318f0a985716 req-6a821f1a-04d9-4482-910f-318f0a985716 ] Request (FloatingIPsAssociationTestJSON:tearDownClass): 200 GET http://10.180.1.21/compute/v2.1/servers/a10177e9-959a-4c5b-9f1e-0808af564f81 0.126s
2025-04-24 15:28:01.845 69984 INFO tempest.lib.common.rest_client [req-7d199148-e892-4d07-9568-bcf92275289a req-7d199148-e892-4d07-9568-bcf92275289a ] Request (ServersTestManualDisk:setUpClass): 200 GET http://10.180.1.21/compute/v2.1/servers/e0283727-ff5e-4943-a5db-9f4bc5a98b7d 0.098s
2025-04-24 15:28:01.846 70002 INFO tempest.lib.common.rest_client [req-c5046651-6aed-439e-acbc-1b1be3e16b74 req-c5046651-6aed-439e-acbc-1b1be3e16b74 ] Request (ServersAdminNegativeTestJSON:test_restore_server_invalid_state): 409 POST http://10.180.1.21/compute/v2.1/servers/96c9d4b0-28a1-4dc4-b454-16644bd9ce4c/action 0.094s
2025-04-24 15:28:01.871 70016 INFO tempest.lib.common.rest_client [req-1c6e2cc6-2f03-43ae-8f0a-dc94b212b312 req-1c6e2cc6-2f03-43ae-8f0a-dc94b212b312 ] Request (ServerActionsV293TestJSON:setUpClass): 201 POST http://10.180.1.21/identity/v3/auth/tokens 0.062s
2025-04-24 15:28:01.907 69990 INFO tempest.lib.common.rest_client [req-0cb448e7-e29e-4fcc-84cb-39bf169a9eaa req-0cb448e7-e29e-4fcc-84cb-39bf169a9eaa ] Request (ServerShowV257Test:test_rebuild_server): 200 GET http://10.180.1.21/compute/v2.1/servers/4007de2c-0d1a-43db-8d5e-52f8969e9a39 0.083s
2025-04-24 15:28:01.907 69980 INFO tempest.lib.common.rest_client [req-2193d355-c2f5-441f-b6e0-b43f0206a4f9 req-2193d355-c2f5-441f-b6e0-b43f0206a4f9 ] Request (DeleteServersAdminTestJSON:test_delete_server_while_in_error_state): 200 GET http://10.180.1.21/compute/v2.1/servers/8435c189-c15f-4bba-8317-a32b92690678 0.132s
2025-04-24 15:28:01.924 69974 INFO tempest.lib.common.rest_client [req-14c5311e-a3ac-4057-aca6-aacd8899b269 req-14c5311e-a3ac-4057-aca6-aacd8899b269 ] Request (ServerDiagnosticsNegativeTest:tearDownClass): 200 GET http://10.180.1.21:9696/networking/v2.0/security-groups?tenant_id=1863e0f68ebd44b3aa41c69679e8ad2b&name=default 0.184s
2025-04-24 15:28:01.961 69976 INFO tempest.lib.common.rest_client [req-1b36eebd-8bdc-40e1-b668-f8bd49d1f51a req-1b36eebd-8bdc-40e1-b668-f8bd49d1f51a ] Request (MigrationsAdminTest:test_list_migrations_in_flavor_resize_situation): 200 GET http://10.180.1.21/compute/v2.1/servers/090a97b3-e5df-4ede-980a-d95291570913 0.135s
2025-04-24 15:28:01.989 70002 INFO tempest.lib.common.rest_client [req-e28a1d68-d102-4bfb-b91e-bf3ef94da239 req-e28a1d68-d102-4bfb-b91e-bf3ef94da239 ] Request (ServersAdminNegativeTestJSON:tearDownClass): 204 DELETE http://10.180.1.21/compute/v2.1/servers/8cf7cbb1-ba43-46c5-8cfc-326201591894 0.142s
2025-04-24 15:28:02.011 69974 INFO tempest.lib.common.rest_client [req-3b5872c9-a077-47c8-bf2e-b0e082dfbd09 req-3b5872c9-a077-47c8-bf2e-b0e082dfbd09 ] Request (ServerDiagnosticsNegativeTest:tearDownClass): 204 DELETE http://10.180.1.21:9696/networking/v2.0/security-groups/49c2c404-1321-4c8d-8bbb-533648a47422 0.087s
2025-04-24 15:28:02.022 70008 INFO tempest.lib.common.rest_client [req-29fb3efb-dac0-46a8-be21-0e9d534dd5aa req-29fb3efb-dac0-46a8-be21-0e9d534dd5aa ] Request (AttachInterfacesTestJSON:test_create_list_show_delete_interfaces_by_fixed_ip): 200 GET http://10.180.1.21/compute/v2.1/servers/4ec8ffc6-cf96-479a-b8ba-a2b384ba86b3 0.130s
2025-04-24 15:28:02.052 70004 INFO tempest.lib.common.rest_client [req-aed263d7-3cac-4cba-9c4c-bec00562e26e req-aed263d7-3cac-4cba-9c4c-bec00562e26e ] Request (ServersAdminTestJSON:setUpClass): 200 GET http://10.180.1.21/compute/v2.1/servers/44f309e1-228d-44f6-a24c-5ffd78446a8e 0.134s
2025-04-24 15:28:02.083 69978 INFO tempest.lib.common.rest_client [req-4123fc8b-f43b-404b-a6fd-53de5dfbd481 req-4123fc8b-f43b-404b-a6fd-53de5dfbd481 ] Request (ServersTestMultiNic:test_verify_duplicate_network_nics): 200 GET http://10.180.1.21/compute/v2.1/servers/fb235b27-f172-4495-8083-5e9b158b6146 0.111s
2025-04-24 15:28:02.085 69974 INFO tempest.lib.common.rest_client [req-39a8c386-3a71-4882-bc55-771fa702253e req-39a8c386-3a71-4882-bc55-771fa702253e ] Request (ServerDiagnosticsNegativeTest:tearDownClass): 204 DELETE http://10.180.1.21/identity/v3/projects/1863e0f68ebd44b3aa41c69679e8ad2b 0.073s
2025-04-24 15:28:02.085 69974 INFO tempest.lib.common.dynamic_creds [-] Deleting project and security group for project: 8e955e8e241241b9829b34019b00535d
2025-04-24 15:28:02.117 69974 INFO tempest.lib.common.rest_client [req-a089d0a6-beaf-4e74-a209-a984327031e8 req-a089d0a6-beaf-4e74-a209-a984327031e8 ] Request (ServerDiagnosticsNegativeTest:tearDownClass): 200 GET http://10.180.1.21:9696/networking/v2.0/security-groups?tenant_id=8e955e8e241241b9829b34019b00535d&name=default 0.031s
2025-04-24 15:28:02.229 70010 INFO tempest.lib.common.rest_client [req-725467f9-f4ca-4702-adbe-53e16e079acd req-725467f9-f4ca-4702-adbe-53e16e079acd ] Request (ImagesNegativeTestJSON:test_create_image_from_deleted_server): 200 GET http://10.180.1.21/compute/v2.1/servers/e70c9988-f850-45ad-950d-66bf8eb60f80 0.181s
2025-04-24 15:28:02.231 70002 INFO tempest.lib.common.rest_client [req-d65b5654-bb89-4790-9211-c10f0a89ee59 req-d65b5654-bb89-4790-9211-c10f0a89ee59 ] Request (ServersAdminNegativeTestJSON:tearDownClass): 200 GET http://10.180.1.21/compute/v2.1/servers/8cf7cbb1-ba43-46c5-8cfc-326201591894 0.241s
2025-04-24 15:28:02.246 69974 INFO tempest.lib.common.rest_client [req-a697f9cb-0fa7-4311-9b4a-504adcab18db req-a697f9cb-0fa7-4311-9b4a-504adcab18db ] Request (ServerDiagnosticsNegativeTest:tearDownClass): 204 DELETE http://10.180.1.21:9696/networking/v2.0/security-groups/f2e36bcf-78c7-4f7b-8f47-dd80eafb244f 0.129s
2025-04-24 15:28:02.272 70016 INFO tempest.lib.common.rest_client [req-7d77fafb-d2c4-4e67-87ef-3fa6d7611f6d req-7d77fafb-d2c4-4e67-87ef-3fa6d7611f6d ] Request (ServerActionsV293TestJSON:setUpClass): 201 POST http://10.180.1.21:9696/networking/v2.0/networks 0.400s
2025-04-24 15:28:02.276 70012 INFO tempest.lib.common.rest_client [req-68fafab1-65f4-4002-91be-0ff05c4006c0 req-68fafab1-65f4-4002-91be-0ff05c4006c0 ] Request (ImagesOneServerTestJSON:test_create_image_specify_multibyte_character_image_name): 200 GET http://10.180.1.21/compute/v2.1/images/137df613-68ed-4bfd-a052-1e6ac7d9cd72 0.181s
2025-04-24 15:28:02.346 69974 INFO tempest.lib.common.rest_client [req-a84e6de2-bd98-4629-a7bf-156af7611a23 req-a84e6de2-bd98-4629-a7bf-156af7611a23 ] Request (ServerDiagnosticsNegativeTest:tearDownClass): 204 DELETE http://10.180.1.21/identity/v3/projects/8e955e8e241241b9829b34019b00535d 0.099s
2025-04-24 15:28:02.359 69994 INFO tempest.lib.common.rest_client [req-d00de6dd-35ba-4ea8-b77b-5c77bb548caa req-d00de6dd-35ba-4ea8-b77b-5c77bb548caa ] Request (ImagesTestJSON:test_create_image_from_stopped_server): 200 GET http://10.180.1.21/compute/v2.1/servers/74fb9708-d39e-4f5e-9356-95c09802468e 0.230s
2025-04-24 15:28:02.394 70028 INFO tempest.lib.common.rest_client [req-adaf7296-b134-437d-82e3-d1eb56d439aa req-adaf7296-b134-437d-82e3-d1eb56d439aa ] Request (ListImageFiltersTestJSON:setUpClass): 200 GET http://10.180.1.21/compute/v2.1/servers/8b70aa71-6c4a-4cbf-b6b1-5b4cac38dd03 0.335s
2025-04-24 15:28:02.401 70028 INFO tempest.common.waiters [-] State transition "BUILD/spawning" ==> "ACTIVE/None" after 39 second wait
2025-04-24 15:28:02.416 69974 INFO tempest.lib.common.rest_client [req-f27db29e-cb5c-47c8-b14f-c4ad9061bf89 req-f27db29e-cb5c-47c8-b14f-c4ad9061bf89 ] Request (FlavorsV2TestJSON:setUpClass): 201 POST http://10.180.1.21/identity/v3/auth/tokens 0.068s
2025-04-24 15:28:02.427 70000 INFO tempest.lib.common.rest_client [req-97e2fd99-843e-49a5-b3d9-6d54dff2168c req-97e2fd99-843e-49a5-b3d9-6d54dff2168c ] Request (VolumesAdminNegativeTest:test_update_attached_volume_with_nonexistent_volume_in_body): 200 GET http://10.180.1.21/compute/v2.1/servers/313656df-50ec-4686-84be-f0cdba6c7836 0.247s
2025-04-24 15:28:02.447 69974 INFO tempest.lib.common.rest_client [req-70a5dbbe-1a7b-4d7f-8cc1-38acfc37a322 req-70a5dbbe-1a7b-4d7f-8cc1-38acfc37a322 ] Request (FlavorsV2TestJSON:setUpClass): 201 POST http://10.180.1.21/identity/v3/auth/tokens 0.029s
2025-04-24 15:28:02.465 69992 INFO tempest.lib.common.rest_client [req-0c87402e-ac6b-4d9d-a7bd-da3245024097 req-0c87402e-ac6b-4d9d-a7bd-da3245024097 ] Request (ServersAdmin275Test:test_rebuild_update_server_275): 200 GET http://10.180.1.21/compute/v2.1/servers/c50cee51-ee39-4590-938e-3c1a9ce10225 0.196s
2025-04-24 15:28:02.480 69974 INFO tempest.lib.common.rest_client [req-47ffbd64-c776-42e7-87ea-696673d9e997 req-47ffbd64-c776-42e7-87ea-696673d9e997 ] Request (FlavorsV2TestJSON:setUpClass): 200 GET http://10.180.1.21/identity/v3/domains?name=Default 0.032s
2025-04-24 15:28:02.508 69974 INFO tempest.lib.common.rest_client [req-b2b848d6-fe4f-4a67-b061-6716eab1d402 req-b2b848d6-fe4f-4a67-b061-6716eab1d402 ] Request (FlavorsV2TestJSON:setUpClass): 201 POST http://10.180.1.21/identity/v3/projects 0.027s
2025-04-24 15:28:02.572 69974 INFO tempest.lib.common.rest_client [req-8d77d44e-52c4-4e1b-9673-30b1ea6d496d req-8d77d44e-52c4-4e1b-9673-30b1ea6d496d ] Request (FlavorsV2TestJSON:setUpClass): 201 POST http://10.180.1.21/identity/v3/users 0.063s
2025-04-24 15:28:02.599 69974 INFO tempest.lib.common.rest_client [req-94e51c1e-64c5-4dd0-a3c0-a4b642665f43 req-94e51c1e-64c5-4dd0-a3c0-a4b642665f43 ] Request (FlavorsV2TestJSON:setUpClass): 200 GET http://10.180.1.21/identity/v3/roles 0.027s
2025-04-24 15:28:02.625 69974 INFO tempest.lib.common.rest_client [req-ed1bab4c-1daf-4c8e-8987-72093bfc9b59 req-ed1bab4c-1daf-4c8e-8987-72093bfc9b59 ] Request (FlavorsV2TestJSON:setUpClass): 204 PUT http://10.180.1.21/identity/v3/projects/fc69723e90c24ca8b287f5347ec08ee7/users/67f892878713470a90e437abd599845b/roles/8ef70cffbd124e8f8e491199a62ee57b 0.025s
2025-04-24 15:28:02.625 69974 INFO tempest.lib.common.dynamic_creds [-] Dynamic test user 67f892878713470a90e437abd599845b is created with scope project and roles: ['member']
2025-04-24 15:28:02.625 69974 INFO tempest.lib.common.dynamic_creds [-] Acquired dynamic creds: credentials: Credentials: {'domain_id': 'default', 'domain_name': 'Default', 'username': 'tempest-FlavorsV2TestJSON-520108459-project-member', 'project_domain_id': 'default', 'project_domain_name': 'Default', 'project_id': 'fc69723e90c24ca8b287f5347ec08ee7', 'project_name': 'tempest-FlavorsV2TestJSON-520108459', 'tenant_id': 'fc69723e90c24ca8b287f5347ec08ee7', 'tenant_name': 'tempest-FlavorsV2TestJSON-520108459', 'user_domain_id': 'default', 'user_domain_name': 'Default', 'user_id': '67f892878713470a90e437abd599845b', 'system': None}, Network: None, Subnet: None, Router: None
2025-04-24 15:28:02.625 69974 INFO tempest.lib.common.dynamic_creds [-] Created isolated network resources for: credentials: Credentials: {'domain_id': 'default', 'domain_name': 'Default', 'username': 'tempest-FlavorsV2TestJSON-520108459-project-member', 'project_domain_id': 'default', 'project_domain_name': 'Default', 'project_id': 'fc69723e90c24ca8b287f5347ec08ee7', 'project_name': 'tempest-FlavorsV2TestJSON-520108459', 'tenant_id': 'fc69723e90c24ca8b287f5347ec08ee7', 'tenant_name': 'tempest-FlavorsV2TestJSON-520108459', 'user_domain_id': 'default', 'user_domain_name': 'Default', 'user_id': '67f892878713470a90e437abd599845b', 'system': None}, Network: None, Subnet: None, Router: None
2025-04-24 15:28:02.642 70028 INFO tempest.lib.common.rest_client [req-228b7ab2-d17e-46c4-8a73-22554f9eedea req-228b7ab2-d17e-46c4-8a73-22554f9eedea ] Request (ListImageFiltersTestJSON:setUpClass): 200 GET http://10.180.1.21/compute/v2.1/servers/213f9648-a230-44ae-a7bd-9e96dc30f4ff 0.240s
2025-04-24 15:28:02.648 70032 INFO tempest.lib.common.rest_client [req-295552d6-769b-49f7-ac4f-bd2dd1fb43ad req-295552d6-769b-49f7-ac4f-bd2dd1fb43ad ] Request (AttachInterfacesV270Test:test_create_get_list_interfaces): 200 GET http://10.180.1.21/compute/v2.1/servers/d3952514-471e-43ea-9373-6ed0e64b074d 0.259s
2025-04-24 15:28:02.705 69974 INFO tempest.lib.common.rest_client [req-361ae0c5-41db-45c6-9e1c-0100ff9d4891 req-361ae0c5-41db-45c6-9e1c-0100ff9d4891 ] Request (FlavorsV2TestJSON:setUpClass): 201 POST http://10.180.1.21/identity/v3/auth/tokens 0.077s
