2025-04-24 15:27:15.727 70018 INFO tempest.lib.common.rest_client [req-c9cf8429-2d22-47de-a6c5-034a127bd690 req-c9cf8429-2d22-47de-a6c5-034a127bd690 ] Request (SecurityGroupsNegativeTestJSON:tearDownClass): 200 PUT http://10.180.1.21:9696/networking/v2.0/routers/ea57f04e-a4c3-4479-98f6-9fbeb687debe/remove_router_interface 1.252s
2025-04-24 15:27:15.739 70016 INFO tempest.lib.common.rest_client [req-fdbb62a9-9ab3-4dcd-8a03-7ba4c035d95e req-fdbb62a9-9ab3-4dcd-8a03-7ba4c035d95e ] Request (ServerExternalEventsTest:test_create_server_external_events): 200 GET http://10.180.1.21/compute/v2.1/servers/7a4a8ab0-b931-439b-bef3-24197d068842 1.524s
2025-04-24 15:27:15.748 70016 INFO tempest.common.waiters [-] State transition "BUILD/spawning" ==> "ACTIVE/None" after 28 second wait
2025-04-24 15:27:15.770 69986 INFO tempest.lib.common.rest_client [req-f515def3-890a-4caa-bf26-5766630c5b15 req-f515def3-890a-4caa-bf26-5766630c5b15 ] Request (FloatingIPsTestJSON:tearDownClass): 204 DELETE http://10.180.1.21/identity/v3/users/759b3dc08abc4fa19115959a57b232d1 0.108s
2025-04-24 15:27:15.770 69986 INFO tempest.lib.common.dynamic_creds [-] Deleting project and security group for project: 5377e554c4fa41558572d56e8f946499
2025-04-24 15:27:15.780 69990 INFO tempest.lib.common.rest_client [req-afb414f6-a385-4f2b-a212-3fabc274827a req-afb414f6-a385-4f2b-a212-3fabc274827a ] Request (MultipleCreateNegativeTestJSON:tearDownClass): 204 DELETE http://10.180.1.21/identity/v3/users/0fa21769529a4ee2908a24d942e23590 0.076s
2025-04-24 15:27:15.781 69990 INFO tempest.lib.common.dynamic_creds [-] Deleting project and security group for project: dfa60d184b45487a941cef20bf35246a
2025-04-24 15:27:15.814 69986 INFO tempest.lib.common.rest_client [req-a43ad40c-2de0-4b40-a352-1f63b4a988d3 req-a43ad40c-2de0-4b40-a352-1f63b4a988d3 ] Request (FloatingIPsTestJSON:tearDownClass): 200 GET http://10.180.1.21:9696/networking/v2.0/security-groups?tenant_id=5377e554c4fa41558572d56e8f946499&name=default 0.044s
2025-04-24 15:27:15.843 69990 INFO tempest.lib.common.rest_client [req-4cbc2bd2-10b7-46dc-a39f-3ba0aa5f527b req-4cbc2bd2-10b7-46dc-a39f-3ba0aa5f527b ] Request (MultipleCreateNegativeTestJSON:tearDownClass): 201 POST http://10.180.1.21/identity/v3/auth/tokens 0.062s
2025-04-24 15:27:15.875 70030 INFO tempest.lib.common.rest_client [req-8c3e9981-7a49-47f7-b14c-942f6290bc6b req-8c3e9981-7a49-47f7-b14c-942f6290bc6b ] Request (VolumesAssistedSnapshotsTest:test_volume_assisted_snapshot_create_delete): 200 GET http://10.180.1.21/compute/v2.1/servers/4a825919-be32-47dc-9fa9-5427eb1045c3 1.232s
2025-04-24 15:27:15.885 69974 INFO tempest.lib.common.rest_client [req-6daac267-7a52-44e4-99bc-2bf2275cedf9 req-6daac267-7a52-44e4-99bc-2bf2275cedf9 ] Request (ServerDiagnosticsNegativeTest:test_get_server_diagnostics_by_non_admin): 200 GET http://10.180.1.21/compute/v2.1/servers/c64cfa95-81c2-4296-88ee-f6bb0fe66ac3 1.203s
2025-04-24 15:27:16.012 69986 INFO tempest.lib.common.rest_client [req-f968dc57-0d0a-40ab-9009-2c148a71e668 req-f968dc57-0d0a-40ab-9009-2c148a71e668 ] Request (FloatingIPsTestJSON:tearDownClass): 204 DELETE http://10.180.1.21:9696/networking/v2.0/security-groups/a5a182be-74e3-4108-a9f1-2b3275d765f4 0.196s
2025-04-24 15:27:16.050 70035 INFO tempest.lib.common.rest_client [req-e76fa76f-2d3b-4f36-8918-e359a10e6c35 req-e76fa76f-2d3b-4f36-8918-e359a10e6c35 ] Request (AZV2TestJSON:tearDownClass): 200 GET http://10.180.1.21:9696/networking/v2.0/security-groups?tenant_id=4eea6f239e004985996a11b2ee5a3ffb&name=default 0.329s
2025-04-24 15:27:16.084 69986 INFO tempest.lib.common.rest_client [req-5194cd40-542d-4ac9-b68f-037f605d3f31 req-5194cd40-542d-4ac9-b68f-037f605d3f31 ] Request (FloatingIPsTestJSON:tearDownClass): 204 DELETE http://10.180.1.21/identity/v3/projects/5377e554c4fa41558572d56e8f946499 0.072s
2025-04-24 15:27:16.162 69986 INFO tempest.lib.common.rest_client [req-85a7719c-8800-43a8-884a-01675387e791 req-85a7719c-8800-43a8-884a-01675387e791 ] Request (ServerActionsTestOtherB:setUpClass): 201 POST http://10.180.1.21/identity/v3/auth/tokens 0.076s
2025-04-24 15:27:16.164 70000 INFO tempest.lib.common.rest_client [req-259b4876-c5f3-4de9-a89f-dada4bdf4b53 req-259b4876-c5f3-4de9-a89f-dada4bdf4b53 ] Request (TenantUsagesTestJSON:tearDownClass): 200 GET http://10.180.1.21/compute/v2.1/servers/5699f273-2d40-4475-99e1-186b2f1f6699 1.373s
2025-04-24 15:27:16.176 70035 INFO tempest.lib.common.rest_client [req-8e6ca49f-9499-4cd5-a073-c47f1571c7f4 req-8e6ca49f-9499-4cd5-a073-c47f1571c7f4 ] Request (AZV2TestJSON:tearDownClass): 204 DELETE http://10.180.1.21:9696/networking/v2.0/security-groups/c5821948-0718-491a-b5fd-3e5e1be7de86 0.126s
2025-04-24 15:27:16.207 69986 INFO tempest.lib.common.rest_client [req-5d064d27-8add-4dac-8542-b659de8df5da req-5d064d27-8add-4dac-8542-b659de8df5da ] Request (ServerActionsTestOtherB:setUpClass): 201 POST http://10.180.1.21/identity/v3/auth/tokens 0.041s
2025-04-24 15:27:16.222 69998 INFO tempest.lib.common.rest_client [req-b853d925-e4eb-4bf0-8141-928b9a9ea466 req-b853d925-e4eb-4bf0-8141-928b9a9ea466 ] Request (ServerDiagnosticsTest:test_get_server_diagnostics): 200 GET http://10.180.1.21/compute/v2.1/servers/b841dd92-15b2-4e59-986b-1d5ebaed488f 1.464s
2025-04-24 15:27:16.237 69998 INFO tempest.common.waiters [-] State transition "BUILD/networking" ==> "BUILD/spawning" after 11 second wait
2025-04-24 15:27:16.252 69986 INFO tempest.lib.common.rest_client [req-178d635a-e9a7-4eb0-aa03-9e0114047fa9 req-178d635a-e9a7-4eb0-aa03-9e0114047fa9 ] Request (ServerActionsTestOtherB:setUpClass): 200 GET http://10.180.1.21/identity/v3/domains?name=Default 0.045s
2025-04-24 15:27:16.255 69990 INFO tempest.lib.common.rest_client [req-52941ab2-9485-40a3-b9bb-cd1e4d09638e req-52941ab2-9485-40a3-b9bb-cd1e4d09638e ] Request (MultipleCreateNegativeTestJSON:tearDownClass): 200 GET http://10.180.1.21:9696/networking/v2.0/security-groups?tenant_id=dfa60d184b45487a941cef20bf35246a&name=default 0.412s
2025-04-24 15:27:16.261 70035 INFO tempest.lib.common.rest_client [req-138444bf-2b40-44ce-9d54-a9ba0183275f req-138444bf-2b40-44ce-9d54-a9ba0183275f ] Request (AZV2TestJSON:tearDownClass): 204 DELETE http://10.180.1.21/identity/v3/projects/4eea6f239e004985996a11b2ee5a3ffb 0.083s
2025-04-24 15:27:16.261 70035 INFO tempest.test [-] raised in ServerPersonalityTestJSON.setUpClass. Invoking tearDownClass.
2025-04-24 15:27:16.263 70035 INFO tempest.test [-] raised in ServerBootFromVolumeStableRescueTest.setUpClass. Invoking tearDownClass.
2025-04-24 15:27:16.349 69986 INFO tempest.lib.common.rest_client [req-b412ebee-d5af-40e1-853d-fcc22da7612a req-b412ebee-d5af-40e1-853d-fcc22da7612a ] Request (ServerActionsTestOtherB:setUpClass): 201 POST http://10.180.1.21/identity/v3/projects 0.096s
2025-04-24 15:27:16.364 69982 INFO tempest.lib.common.rest_client [req-2abc0991-1b5a-4be3-b25b-841e77dc6c6d req-2abc0991-1b5a-4be3-b25b-841e77dc6c6d ] Request (DeleteServersTestJSON:test_delete_active_server): 204 DELETE http://10.180.1.21/compute/v2.1/servers/9622ebc8-e48d-4446-b76b-71af45f7c749 1.519s
2025-04-24 15:27:16.370 70018 INFO tempest.lib.common.rest_client [req-d6b1d378-22c9-4555-b3f7-937b61b47d67 req-d6b1d378-22c9-4555-b3f7-937b61b47d67 ] Request (SecurityGroupsNegativeTestJSON:tearDownClass): 204 DELETE http://10.180.1.21:9696/networking/v2.0/routers/ea57f04e-a4c3-4479-98f6-9fbeb687debe 0.639s
2025-04-24 15:27:16.384 70032 INFO tempest.lib.common.rest_client [req-3530e094-c39b-4421-a0c2-5fe931c9e7fa req-3530e094-c39b-4421-a0c2-5fe931c9e7fa ] Request (ImagesMetadataNegativeTestJSON:test_update_nonexistent_image_metadata): 404 POST http://10.180.1.21/compute/v2.1/images/3a17a957-92be-418e-9186-d80a3e69874b/metadata 1.345s
2025-04-24 15:27:16.412 69990 INFO tempest.lib.common.rest_client [req-90306fe8-5aad-4252-90c2-f5a63dd163a4 req-90306fe8-5aad-4252-90c2-f5a63dd163a4 ] Request (MultipleCreateNegativeTestJSON:tearDownClass): 204 DELETE http://10.180.1.21:9696/networking/v2.0/security-groups/91eabb2a-0e17-4b3b-be90-8683c177b686 0.157s
2025-04-24 15:27:16.425 69986 INFO tempest.lib.common.rest_client [req-81e4e9e0-e900-47f8-98fa-ad5ad18019c3 req-81e4e9e0-e900-47f8-98fa-ad5ad18019c3 ] Request (ServerActionsTestOtherB:setUpClass): 201 POST http://10.180.1.21/identity/v3/users 0.075s
2025-04-24 15:27:16.497 69990 INFO tempest.lib.common.rest_client [req-6b32c6df-052c-4f9a-b2ad-62d842903305 req-6b32c6df-052c-4f9a-b2ad-62d842903305 ] Request (MultipleCreateNegativeTestJSON:tearDownClass): 204 DELETE http://10.180.1.21/identity/v3/projects/dfa60d184b45487a941cef20bf35246a 0.084s
2025-04-24 15:27:16.507 70032 INFO tempest.lib.common.rest_client [req-ec32291a-aa42-4fc3-8c31-c17d12ab4fed req-ec32291a-aa42-4fc3-8c31-c17d12ab4fed ] Request (ImagesMetadataNegativeTestJSON:tearDownClass): 204 DELETE http://10.180.1.21/identity/v3/users/b112729719ba4938ba5ef726048cae2e 0.121s
2025-04-24 15:27:16.507 70032 INFO tempest.lib.common.dynamic_creds [-] Deleting project and security group for project: 82159e6669824a3e9c6f353bd1b82747
2025-04-24 15:27:16.532 70018 INFO tempest.lib.common.rest_client [req-a0bd2f2d-cb1f-46a4-90e5-7d7b14e3cb1a req-a0bd2f2d-cb1f-46a4-90e5-7d7b14e3cb1a ] Request (SecurityGroupsNegativeTestJSON:tearDownClass): 204 DELETE http://10.180.1.21:9696/networking/v2.0/subnets/8f54ab69-39da-4c48-a642-b1e679e7c487 0.162s
2025-04-24 15:27:16.580 69986 INFO tempest.lib.common.rest_client [req-b4a01b04-d3af-4ecc-8393-af6dfb3109a4 req-b4a01b04-d3af-4ecc-8393-af6dfb3109a4 ] Request (ServerActionsTestOtherB:setUpClass): 200 GET http://10.180.1.21/identity/v3/roles 0.155s
2025-04-24 15:27:16.602 69990 INFO tempest.lib.common.rest_client [req-2d9938e6-7c09-4832-a3f3-9755b9a31688 req-2d9938e6-7c09-4832-a3f3-9755b9a31688 ] Request (ServerShowV257Test:setUpClass): 201 POST http://10.180.1.21/identity/v3/auth/tokens 0.103s
2025-04-24 15:27:16.631 70032 INFO tempest.lib.common.rest_client [req-cbfe3893-85d6-4c61-9dc4-65624a5c3822 req-cbfe3893-85d6-4c61-9dc4-65624a5c3822 ] Request (ImagesMetadataNegativeTestJSON:tearDownClass): 201 POST http://10.180.1.21/identity/v3/auth/tokens 0.123s
2025-04-24 15:27:16.645 69986 INFO tempest.lib.common.rest_client [req-321a87f7-e5ed-48a9-9840-9c35bcce37b7 req-321a87f7-e5ed-48a9-9840-9c35bcce37b7 ] Request (ServerActionsTestOtherB:setUpClass): 204 PUT http://10.180.1.21/identity/v3/projects/b3a06a6980764944a350af59e733ec31/users/1aba00dfb1f74800bdb397ae8a655696/roles/8ef70cffbd124e8f8e491199a62ee57b 0.065s
2025-04-24 15:27:16.646 69986 INFO tempest.lib.common.dynamic_creds [-] Dynamic test user 1aba00dfb1f74800bdb397ae8a655696 is created with scope project and roles: ['member']
2025-04-24 15:27:16.646 69986 INFO tempest.lib.common.dynamic_creds [-] Acquired dynamic creds: credentials: Credentials: {'domain_id': 'default', 'domain_name': 'Default', 'username': 'tempest-ServerActionsTestOtherB-626642147-project-member', 'project_domain_id': 'default', 'project_domain_name': 'Default', 'project_id': 'b3a06a6980764944a350af59e733ec31', 'project_name': 'tempest-ServerActionsTestOtherB-626642147', 'tenant_id': 'b3a06a6980764944a350af59e733ec31', 'tenant_name': 'tempest-ServerActionsTestOtherB-626642147', 'user_domain_id': 'default', 'user_domain_name': 'Default', 'user_id': '1aba00dfb1f74800bdb397ae8a655696', 'system': None}, Network: None, Subnet: None, Router: None
2025-04-24 15:27:16.663 70020 INFO tempest.lib.common.rest_client [req-97e64646-b352-4f9d-abce-4187bac32dfa req-97e64646-b352-4f9d-abce-4187bac32dfa ] Request (QuotasAdminNegativeTest:test_create_server_when_memory_quota_is_full): 200 PUT http://10.180.1.21/compute/v2.1/os-quota-sets/9e9253915bfd48a89918cc2b26ba6eb8 1.588s
2025-04-24 15:27:16.688 69978 INFO tempest.lib.common.rest_client [req-d6233b65-fde2-49ff-8962-7603ed674bc8 req-d6233b65-fde2-49ff-8962-7603ed674bc8 ] Request (ServicesAdminNegativeV253TestJSON:test_get_service_with_valid_service_and_invalid_host): 200 GET http://10.180.1.21/compute/v2.1/os-services 1.586s
2025-04-24 15:27:16.694 69990 INFO tempest.lib.common.rest_client [req-a82b3a12-8781-4812-9b03-8a23eae52881 req-a82b3a12-8781-4812-9b03-8a23eae52881 ] Request (ServerShowV257Test:setUpClass): 201 POST http://10.180.1.21/identity/v3/auth/tokens 0.090s
2025-04-24 15:27:16.719 69986 INFO tempest.lib.common.rest_client [req-cff1acf1-ac7c-4260-90fd-6ac0d0b142bf req-cff1acf1-ac7c-4260-90fd-6ac0d0b142bf ] Request (ServerActionsTestOtherB:setUpClass): 201 POST http://10.180.1.21/identity/v3/auth/tokens 0.073s
2025-04-24 15:27:16.742 69990 INFO tempest.lib.common.rest_client [req-8d02b4c9-6f62-4908-babe-c84aa0623917 req-8d02b4c9-6f62-4908-babe-c84aa0623917 ] Request (ServerShowV257Test:setUpClass): 200 GET http://10.180.1.21/identity/v3/domains?name=Default 0.047s
2025-04-24 15:27:16.749 70018 INFO tempest.lib.common.rest_client [req-74c710c6-92f1-45a3-b314-5fddae58d72b req-74c710c6-92f1-45a3-b314-5fddae58d72b ] Request (SecurityGroupsNegativeTestJSON:tearDownClass): 204 DELETE http://10.180.1.21:9696/networking/v2.0/networks/ade982d7-8b67-4fb7-a1cd-2bf1ca61e77f 0.216s
2025-04-24 15:27:16.766 70020 INFO tempest.lib.common.rest_client [req-37623112-5b1f-40ad-98e1-a10f9fccf3f9 req-37623112-5b1f-40ad-98e1-a10f9fccf3f9 ] Request (QuotasAdminNegativeTest:test_create_server_when_memory_quota_is_full): 201 POST http://10.180.1.21/identity/v3/auth/tokens 0.096s
2025-04-24 15:27:16.767 70020 INFO tempest.lib.common.fixed_network [-] (QuotasAdminNegativeTest:test_create_server_when_memory_quota_is_full) Found network None available for tenant
2025-04-24 15:27:16.792 69990 INFO tempest.lib.common.rest_client [req-34f714b7-08ab-4823-8f70-990fdd1a5493 req-34f714b7-08ab-4823-8f70-990fdd1a5493 ] Request (ServerShowV257Test:setUpClass): 201 POST http://10.180.1.21/identity/v3/projects 0.049s
2025-04-24 15:27:16.832 70018 INFO tempest.lib.common.rest_client [req-02e0b276-3923-4050-aa0c-4481150b0e6f req-02e0b276-3923-4050-aa0c-4481150b0e6f ] Request (SecurityGroupsNegativeTestJSON:tearDownClass): 204 DELETE http://10.180.1.21/identity/v3/users/5d0413f7f3af4064982030f6f8c4d9cd 0.082s
2025-04-24 15:27:16.832 70018 INFO tempest.lib.common.dynamic_creds [-] Deleting project and security group for project: 8593d8468359415f90612ac98ee581fc
2025-04-24 15:27:16.881 69990 INFO tempest.lib.common.rest_client [req-fe14e98a-e439-48fc-888b-1eeed91e12dc req-fe14e98a-e439-48fc-888b-1eeed91e12dc ] Request (ServerShowV257Test:setUpClass): 201 POST http://10.180.1.21/identity/v3/users 0.088s
2025-04-24 15:27:16.895 70018 INFO tempest.lib.common.rest_client [req-7e3c0221-6bd1-4d5f-949d-6630d3b82021 req-7e3c0221-6bd1-4d5f-949d-6630d3b82021 ] Request (SecurityGroupsNegativeTestJSON:tearDownClass): 200 GET http://10.180.1.21:9696/networking/v2.0/security-groups?tenant_id=8593d8468359415f90612ac98ee581fc&name=default 0.063s
2025-04-24 15:27:16.941 69990 INFO tempest.lib.common.rest_client [req-17c5a52c-0cee-4277-afa9-7526b89423f8 req-17c5a52c-0cee-4277-afa9-7526b89423f8 ] Request (ServerShowV257Test:setUpClass): 200 GET http://10.180.1.21/identity/v3/roles 0.059s
2025-04-24 15:27:16.973 69990 INFO tempest.lib.common.rest_client [req-4e9d998d-b164-4ee3-8520-951f9ec14004 req-4e9d998d-b164-4ee3-8520-951f9ec14004 ] Request (ServerShowV257Test:setUpClass): 204 PUT http://10.180.1.21/identity/v3/projects/1922c555f7734d8189f8e013a2091ccf/users/89d865bde76a4ab0923c4225fa0d3bac/roles/8ef70cffbd124e8f8e491199a62ee57b 0.031s
2025-04-24 15:27:16.973 69990 INFO tempest.lib.common.dynamic_creds [-] Dynamic test user 89d865bde76a4ab0923c4225fa0d3bac is created with scope project and roles: ['member']
2025-04-24 15:27:16.973 69990 INFO tempest.lib.common.dynamic_creds [-] Acquired dynamic creds: credentials: Credentials: {'domain_id': 'default', 'domain_name': 'Default', 'username': 'tempest-ServerShowV257Test-1468718422-project-member', 'project_domain_id': 'default', 'project_domain_name': 'Default', 'project_id': '1922c555f7734d8189f8e013a2091ccf', 'project_name': 'tempest-ServerShowV257Test-1468718422', 'tenant_id': '1922c555f7734d8189f8e013a2091ccf', 'tenant_name': 'tempest-ServerShowV257Test-1468718422', 'user_domain_id': 'default', 'user_domain_name': 'Default', 'user_id': '89d865bde76a4ab0923c4225fa0d3bac', 'system': None}, Network: None, Subnet: None, Router: None
2025-04-24 15:27:16.973 69990 INFO tempest.lib.common.dynamic_creds [-] Created isolated network resources for: credentials: Credentials: {'domain_id': 'default', 'domain_name': 'Default', 'username': 'tempest-ServerShowV257Test-1468718422-project-member', 'project_domain_id': 'default', 'project_domain_name': 'Default', 'project_id': '1922c555f7734d8189f8e013a2091ccf', 'project_name': 'tempest-ServerShowV257Test-1468718422', 'tenant_id': '1922c555f7734d8189f8e013a2091ccf', 'tenant_name': 'tempest-ServerShowV257Test-1468718422', 'user_domain_id': 'default', 'user_domain_name': 'Default', 'user_id': '89d865bde76a4ab0923c4225fa0d3bac', 'system': None}, Network: None, Subnet: None, Router: None
2025-04-24 15:27:17.053 69990 INFO tempest.lib.common.rest_client [req-6316cae4-9bc1-4f43-b855-6ddd544f7b35 req-6316cae4-9bc1-4f43-b855-6ddd544f7b35 ] Request (ServerShowV257Test:setUpClass): 201 POST http://10.180.1.21/identity/v3/auth/tokens 0.077s
2025-04-24 15:27:17.072 69986 INFO tempest.lib.common.rest_client [req-3777fbb3-00c7-4532-bc14-fa79c19fbfab req-3777fbb3-00c7-4532-bc14-fa79c19fbfab ] Request (ServerActionsTestOtherB:setUpClass): 201 POST http://10.180.1.21:9696/networking/v2.0/networks 0.352s
2025-04-24 15:27:17.096 69990 INFO tempest.lib.common.rest_client [req-fe454a6c-0974-40d1-9409-fe9d3511c8c5 req-fe454a6c-0974-40d1-9409-fe9d3511c8c5 ] Request (ServerShowV257Test:test_rebuild_server): 201 POST http://10.180.1.21/identity/v3/auth/tokens 0.035s
2025-04-24 15:27:17.097 69990 INFO tempest.lib.common.fixed_network [-] (ServerShowV257Test:test_rebuild_server) Found network None available for tenant
2025-04-24 15:27:17.147 70006 INFO tempest.lib.common.rest_client [req-760ea183-9113-4d94-9fd1-890f8e17d320 req-760ea183-9113-4d94-9fd1-890f8e17d320 ] Request (SecurityGroupRulesTestJSON:test_security_group_rules_create_with_optional_group_id): 200 POST http://10.180.1.21/compute/v2.1/os-security-groups 1.893s
2025-04-24 15:27:17.151 70032 INFO tempest.lib.common.rest_client [req-ed727218-8dff-47e7-8e79-fc29491b97e9 req-ed727218-8dff-47e7-8e79-fc29491b97e9 ] Request (ImagesMetadataNegativeTestJSON:tearDownClass): 200 GET http://10.180.1.21:9696/networking/v2.0/security-groups?tenant_id=82159e6669824a3e9c6f353bd1b82747&name=default 0.519s
2025-04-24 15:27:17.190 70018 INFO tempest.lib.common.rest_client [req-c4f29979-93de-4385-a12a-95152f0af346 req-c4f29979-93de-4385-a12a-95152f0af346 ] Request (SecurityGroupsNegativeTestJSON:tearDownClass): 204 DELETE http://10.180.1.21:9696/networking/v2.0/security-groups/eaa80864-1933-4f63-b4b9-9839809365a9 0.294s
2025-04-24 15:27:17.284 70032 INFO tempest.lib.common.rest_client [req-336a4a45-b316-443f-befa-98bc1b253264 req-336a4a45-b316-443f-befa-98bc1b253264 ] Request (ImagesMetadataNegativeTestJSON:tearDownClass): 204 DELETE http://10.180.1.21:9696/networking/v2.0/security-groups/d3984563-5c10-4245-8e1d-55f745f80d2c 0.133s
2025-04-24 15:27:17.298 69992 INFO tempest.lib.common.rest_client [req-0db426fa-6d93-4229-b235-89492ab4c1a4 req-0db426fa-6d93-4229-b235-89492ab4c1a4 ] Request (QuotasAdminTestJSON:test_get_updated_quotas): 200 GET http://10.180.1.21/compute/v2.1/os-quota-sets/aab5ddcf0e854c38adcff3d1fa5aafae?user_id=aa81fa2671d04cdc9e6b92f4a89f9f1f 1.938s
2025-04-24 15:27:17.314 70018 INFO tempest.lib.common.rest_client [req-a403e31d-7f83-40f1-8aad-fbbd37699496 req-a403e31d-7f83-40f1-8aad-fbbd37699496 ] Request (SecurityGroupsNegativeTestJSON:tearDownClass): 204 DELETE http://10.180.1.21/identity/v3/projects/8593d8468359415f90612ac98ee581fc 0.123s
2025-04-24 15:27:17.351 69986 INFO tempest.lib.common.rest_client [req-d420aa9f-b214-49c0-ba23-1093b08c0cbd req-d420aa9f-b214-49c0-ba23-1093b08c0cbd ] Request (ServerActionsTestOtherB:setUpClass): 201 POST http://10.180.1.21:9696/networking/v2.0/subnets 0.279s
2025-04-24 15:27:17.378 70002 INFO tempest.lib.common.rest_client [req-a5516051-47b0-4613-a0b7-55c1d8c6c8b8 req-a5516051-47b0-4613-a0b7-55c1d8c6c8b8 ] Request (ServersAdminNegativeTestJSON:test_migrate_server_invalid_state): 200 GET http://10.180.1.21/compute/v2.1/servers/8cf7cbb1-ba43-46c5-8cfc-326201591894 1.998s
2025-04-24 15:27:17.384 70032 INFO tempest.lib.common.rest_client [req-df1dcd69-b648-4229-84ac-0a948b6ea2c0 req-df1dcd69-b648-4229-84ac-0a948b6ea2c0 ] Request (ImagesMetadataNegativeTestJSON:tearDownClass): 204 DELETE http://10.180.1.21/identity/v3/projects/82159e6669824a3e9c6f353bd1b82747 0.099s
2025-04-24 15:27:17.443 70018 INFO tempest.lib.common.rest_client [req-1d39c185-3318-4a7e-a44a-e38ae4267b5f req-1d39c185-3318-4a7e-a44a-e38ae4267b5f ] Request (ServersNegativeTestMultiTenantJSON:setUpClass): 201 POST http://10.180.1.21/identity/v3/auth/tokens 0.128s
2025-04-24 15:27:17.452 69992 INFO tempest.lib.common.rest_client [req-6475c7b9-0922-4e0e-8997-391beee76039 req-6475c7b9-0922-4e0e-8997-391beee76039 ] Request (QuotasAdminTestJSON:_run_cleanups): 204 DELETE http://10.180.1.21/identity/v3/users/aa81fa2671d04cdc9e6b92f4a89f9f1f 0.149s
2025-04-24 15:27:17.454 70012 INFO tempest.lib.common.rest_client [req-a74fc5dd-3e5a-46da-a56b-7183a15bec19 req-a74fc5dd-3e5a-46da-a56b-7183a15bec19 ] Request (ImagesOneServerTestJSON:setUpClass): 200 GET http://10.180.1.21/compute/v2.1/servers/2803d331-840b-40c3-81d3-619bba80ed5f 2.018s
2025-04-24 15:27:17.496 70028 INFO tempest.lib.common.rest_client [req-318204bb-ee16-4a30-acaf-f38feaf3273e req-318204bb-ee16-4a30-acaf-f38feaf3273e ] Request (ListImageFiltersTestJSON:setUpClass): 200 GET http://10.180.1.21/compute/v2.1/images/2ab5464b-91e1-450f-a3f2-3b33c2f7fa5f 2.020s
2025-04-24 15:27:17.505 70032 INFO tempest.lib.common.rest_client [req-1a960013-2b52-4bff-b7de-56e66be18975 req-1a960013-2b52-4bff-b7de-56e66be18975 ] Request (AttachInterfacesV270Test:setUpClass): 201 POST http://10.180.1.21/identity/v3/auth/tokens 0.119s
2025-04-24 15:27:17.511 70008 INFO tempest.lib.common.rest_client [req-c69df754-2b7b-45bc-8e72-285a38c4e174 req-c69df754-2b7b-45bc-8e72-285a38c4e174 ] Request (KeyPairsV22TestJSON:test_keypairs_create_list_delete): 200 GET http://10.180.1.21/compute/v2.1/os-keypairs 2.001s
2025-04-24 15:27:17.520 70018 INFO tempest.lib.common.rest_client [req-2937c247-4885-4456-b6a3-b0ba11fccd38 req-2937c247-4885-4456-b6a3-b0ba11fccd38 ] Request (ServersNegativeTestMultiTenantJSON:setUpClass): 201 POST http://10.180.1.21/identity/v3/auth/tokens 0.074s
2025-04-24 15:27:17.571 70028 INFO tempest.lib.common.rest_client [req-88e5a6d2-5cb8-41a9-ad2b-bbff603bfebb req-88e5a6d2-5cb8-41a9-ad2b-bbff603bfebb ] Request (ListImageFiltersTestJSON:setUpClass): 201 POST http://10.180.1.21/identity/v3/auth/tokens 0.069s
2025-04-24 15:27:17.571 70028 INFO tempest.lib.common.fixed_network [-] (ListImageFiltersTestJSON:setUpClass) Found network None available for tenant
2025-04-24 15:27:17.587 70010 INFO tempest.lib.common.rest_client [req-4141d30a-d6ca-43ed-8d3b-1181361c070f req-4141d30a-d6ca-43ed-8d3b-1181361c070f ] Request (ImagesNegativeTestJSON:test_create_image_from_deleted_server): 200 GET http://10.180.1.21/compute/v2.1/servers/e70c9988-f850-45ad-950d-66bf8eb60f80 1.975s
2025-04-24 15:27:17.611 69992 INFO tempest.lib.common.rest_client [req-bc9379e8-c866-46cb-a2f2-74c73a6b3db8 req-bc9379e8-c866-46cb-a2f2-74c73a6b3db8 ] Request (QuotasAdminTestJSON:_run_cleanups): 204 DELETE http://10.180.1.21/identity/v3/projects/aab5ddcf0e854c38adcff3d1fa5aafae 0.158s
2025-04-24 15:27:17.638 70032 INFO tempest.lib.common.rest_client [req-0ef8caf7-020a-4d57-91b5-bddb3d34caa9 req-0ef8caf7-020a-4d57-91b5-bddb3d34caa9 ] Request (AttachInterfacesV270Test:setUpClass): 201 POST http://10.180.1.21/identity/v3/auth/tokens 0.130s
2025-04-24 15:27:17.655 69972 INFO tempest.lib.common.rest_client [req-d6de10db-1d9f-4eff-aec7-39f280fb3dd4 req-d6de10db-1d9f-4eff-aec7-39f280fb3dd4 ] Request (ServerDiagnosticsV248Test:tearDownClass): 200 GET http://10.180.1.21/compute/v2.1/servers/2a1cc8db-fb20-4cb6-ae79-a89ca9a479da 1.976s
2025-04-24 15:27:17.665 69994 INFO tempest.lib.common.rest_client [req-c7faa7ec-f10e-45c8-8112-564bce3002d3 req-c7faa7ec-f10e-45c8-8112-564bce3002d3 ] Request (HostsAdminNegativeTestJSON:test_startup_host_with_non_admin_user): 403 GET http://10.180.1.21/compute/v2.1/os-hosts/devstack/startup 1.974s
2025-04-24 15:27:17.665 70032 INFO tempest.lib.common.rest_client [req-80e03350-9131-4ce7-84bf-b897461a24b9 req-80e03350-9131-4ce7-84bf-b897461a24b9 ] Request (AttachInterfacesV270Test:setUpClass): 200 GET http://10.180.1.21/identity/v3/domains?name=Default 0.026s
2025-04-24 15:27:17.675 70018 INFO tempest.lib.common.rest_client [req-436a28b4-b52d-4093-b788-13d9d3b4e082 req-436a28b4-b52d-4093-b788-13d9d3b4e082 ] Request (ServersNegativeTestMultiTenantJSON:setUpClass): 200 GET http://10.180.1.21/identity/v3/domains?name=Default 0.155s
2025-04-24 15:27:17.690 69976 INFO tempest.lib.common.rest_client [req-abb170ea-daa8-4742-9867-6a38dd08f58f req-abb170ea-daa8-4742-9867-6a38dd08f58f ] Request (AggregatesAdminNegativeTestJSON:_run_cleanups): 200 DELETE http://10.180.1.21/compute/v2.1/os-aggregates/5 1.995s
2025-04-24 15:27:17.708 70018 INFO tempest.lib.common.rest_client [req-5575c638-a054-4645-9e0e-c1ed9581acae req-5575c638-a054-4645-9e0e-c1ed9581acae ] Request (ServersNegativeTestMultiTenantJSON:setUpClass): 201 POST http://10.180.1.21/identity/v3/projects 0.032s
2025-04-24 15:27:17.709 70032 INFO tempest.lib.common.rest_client [req-ee3979ce-5351-4643-9a83-1158b89eb230 req-ee3979ce-5351-4643-9a83-1158b89eb230 ] Request (AttachInterfacesV270Test:setUpClass): 201 POST http://10.180.1.21/identity/v3/projects 0.043s
2025-04-24 15:27:17.762 70018 INFO tempest.lib.common.rest_client [req-69a9d0f7-c39a-42aa-97a9-1c33cb8bf9b5 req-69a9d0f7-c39a-42aa-97a9-1c33cb8bf9b5 ] Request (ServersNegativeTestMultiTenantJSON:setUpClass): 201 POST http://10.180.1.21/identity/v3/users 0.054s
2025-04-24 15:27:17.787 70032 INFO tempest.lib.common.rest_client [req-d07e9920-2958-4e35-92db-94b79e800a5d req-d07e9920-2958-4e35-92db-94b79e800a5d ] Request (AttachInterfacesV270Test:setUpClass): 201 POST http://10.180.1.21/identity/v3/users 0.078s
2025-04-24 15:27:17.811 70018 INFO tempest.lib.common.rest_client [req-a57acd33-de30-46e9-85c5-ba37a07dc3a0 req-a57acd33-de30-46e9-85c5-ba37a07dc3a0 ] Request (ServersNegativeTestMultiTenantJSON:setUpClass): 200 GET http://10.180.1.21/identity/v3/roles 0.049s
2025-04-24 15:27:17.833 70032 INFO tempest.lib.common.rest_client [req-0468587d-8b35-4759-b27a-1e260267f466 req-0468587d-8b35-4759-b27a-1e260267f466 ] Request (AttachInterfacesV270Test:setUpClass): 200 GET http://10.180.1.21/identity/v3/roles 0.045s
2025-04-24 15:27:17.862 70018 INFO tempest.lib.common.rest_client [req-f9017d8b-00de-4b5a-8fd5-921ff772c294 req-f9017d8b-00de-4b5a-8fd5-921ff772c294 ] Request (ServersNegativeTestMultiTenantJSON:setUpClass): 204 PUT http://10.180.1.21/identity/v3/projects/ebcd78eeea06427faa97ee0ee2f0d1c7/users/56fe678973f846d48d7e46e85bedda02/roles/8ef70cffbd124e8f8e491199a62ee57b 0.050s
2025-04-24 15:27:17.862 70018 INFO tempest.lib.common.dynamic_creds [-] Dynamic test user 56fe678973f846d48d7e46e85bedda02 is created with scope project and roles: ['member']
2025-04-24 15:27:17.862 70018 INFO tempest.lib.common.dynamic_creds [-] Acquired dynamic creds: credentials: Credentials: {'domain_id': 'default', 'domain_name': 'Default', 'username': 'tempest-ServersNegativeTestMultiTenantJSON-590817475-project-member', 'project_domain_id': 'default', 'project_domain_name': 'Default', 'project_id': 'ebcd78eeea06427faa97ee0ee2f0d1c7', 'project_name': 'tempest-ServersNegativeTestMultiTenantJSON-590817475', 'tenant_id': 'ebcd78eeea06427faa97ee0ee2f0d1c7', 'tenant_name': 'tempest-ServersNegativeTestMultiTenantJSON-590817475', 'user_domain_id': 'default', 'user_domain_name': 'Default', 'user_id': '56fe678973f846d48d7e46e85bedda02', 'system': None}, Network: None, Subnet: None, Router: None
2025-04-24 15:27:17.874 70032 INFO tempest.lib.common.rest_client [req-801e9e7f-6a09-4fbc-86b9-9a9e849b0e86 req-801e9e7f-6a09-4fbc-86b9-9a9e849b0e86 ] Request (AttachInterfacesV270Test:setUpClass): 204 PUT http://10.180.1.21/identity/v3/projects/ca97ebb3d7ec48d898840ec82b7774b5/users/4354939d85074543a6afbb5b49e7e51c/roles/8ef70cffbd124e8f8e491199a62ee57b 0.040s
2025-04-24 15:27:17.874 70032 INFO tempest.lib.common.dynamic_creds [-] Dynamic test user 4354939d85074543a6afbb5b49e7e51c is created with scope project and roles: ['member']
2025-04-24 15:27:17.874 70032 INFO tempest.lib.common.dynamic_creds [-] Acquired dynamic creds: credentials: Credentials: {'domain_id': 'default', 'domain_name': 'Default', 'username': 'tempest-AttachInterfacesV270Test-1863027340-project-member', 'project_domain_id': 'default', 'project_domain_name': 'Default', 'project_id': 'ca97ebb3d7ec48d898840ec82b7774b5', 'project_name': 'tempest-AttachInterfacesV270Test-1863027340', 'tenant_id': 'ca97ebb3d7ec48d898840ec82b7774b5', 'tenant_name': 'tempest-AttachInterfacesV270Test-1863027340', 'user_domain_id': 'default', 'user_domain_name': 'Default', 'user_id': '4354939d85074543a6afbb5b49e7e51c', 'system': None}, Network: None, Subnet: None, Router: None
2025-04-24 15:27:17.877 70016 INFO tempest.lib.common.rest_client [req-03f09540-57f2-4ddc-b190-9720d71a6473 req-03f09540-57f2-4ddc-b190-9720d71a6473 ] Request (ServerExternalEventsTest:test_create_server_external_events): 200 POST http://10.180.1.21/compute/v2.1/os-server-external-events 2.128s
2025-04-24 15:27:17.908 69996 INFO tempest.lib.common.rest_client [req-c2a42448-fe6e-47d9-afb6-600f6805841f req-c2a42448-fe6e-47d9-afb6-600f6805841f ] Request (FloatingIPsAssociationNegativeTestJSON:test_associate_ip_to_server_with_floating_ip): 202 POST http://10.180.1.21/compute/v2.1/servers/efa5a9d0-05c3-4533-99c2-7b8f5d16db7d/action 2.894s
2025-04-24 15:27:17.924 70018 INFO tempest.lib.common.rest_client [req-be9d3da8-c33a-490c-8591-093b139897a4 req-be9d3da8-c33a-490c-8591-093b139897a4 ] Request (ServersNegativeTestMultiTenantJSON:setUpClass): 201 POST http://10.180.1.21/identity/v3/auth/tokens 0.062s
2025-04-24 15:27:17.932 70032 INFO tempest.lib.common.rest_client [req-4ab8ea0e-ab28-44e2-b44e-65cca6cd5031 req-4ab8ea0e-ab28-44e2-b44e-65cca6cd5031 ] Request (AttachInterfacesV270Test:setUpClass): 201 POST http://10.180.1.21/identity/v3/auth/tokens 0.058s
2025-04-24 15:27:17.937 69988 INFO tempest.lib.common.rest_client [req-fdc060f7-c6d9-4fa7-a775-84811dac6da9 req-fdc060f7-c6d9-4fa7-a775-84811dac6da9 ] Request (FloatingIPsAssociationTestJSON:test_associate_already_associated_floating_ip): 200 GET http://10.180.1.21/compute/v2.1/servers/a10177e9-959a-4c5b-9f1e-0808af564f81 2.001s
2025-04-24 15:27:18.130 69986 INFO tempest.lib.common.rest_client [req-4c1b9fc6-76f0-48c7-a87c-92fad375364d req-4c1b9fc6-76f0-48c7-a87c-92fad375364d ] Request (ServerActionsTestOtherB:setUpClass): 201 POST http://10.180.1.21:9696/networking/v2.0/routers 0.778s
2025-04-24 15:27:18.326 70024 INFO tempest.lib.common.rest_client [req-17bd61c2-8888-4bf6-813e-d2588763d15f req-17bd61c2-8888-4bf6-813e-d2588763d15f ] Request (ServersWithSpecificFlavorTestJSON:test_verify_created_server_ephemeral_disk): 200 GET http://10.180.1.21/compute/v2.1/servers/d8d33a14-d3e3-42e4-9fe6-e901547195c9 1.904s
2025-04-24 15:27:18.339 70024 INFO tempest.common.waiters [-] State transition "BUILD/None" ==> "BUILD/spawning" after 10 second wait
2025-04-24 15:27:18.343 69982 INFO tempest.lib.common.rest_client [req-f64d8ebd-0a6b-4817-af23-f06f02fff4df req-f64d8ebd-0a6b-4817-af23-f06f02fff4df ] Request (DeleteServersTestJSON:test_delete_active_server): 200 GET http://10.180.1.21/compute/v2.1/servers/9622ebc8-e48d-4446-b76b-71af45f7c749 1.979s
2025-04-24 15:27:18.425 70022 INFO tempest.lib.common.rest_client [req-2cbecc3e-acff-40cb-9e58-a1cc6187a91e req-2cbecc3e-acff-40cb-9e58-a1cc6187a91e ] Request (ServerMetadataTestJSON:setUpClass): 200 GET http://10.180.1.21/compute/v2.1/servers/99d1f0fc-e4e7-4aaf-a3c2-a3b136758d68 1.954s
2025-04-24 15:27:18.460 69980 INFO tempest.lib.common.rest_client [req-e4be8730-d543-4d7a-953c-02c8d9e6ac1c req-e4be8730-d543-4d7a-953c-02c8d9e6ac1c ] Request (DeleteServersAdminTestJSON:test_admin_delete_servers_of_others): 200 GET http://10.180.1.21/compute/v2.1/servers/7c0099b4-0c5c-41ad-82b1-fd1ac0a25840 1.901s
2025-04-24 15:27:18.466 69978 INFO tempest.lib.common.rest_client [req-7d4ddcb6-0db4-4fa8-8a82-9d7d218dab81 req-7d4ddcb6-0db4-4fa8-8a82-9d7d218dab81 ] Request (ServicesAdminNegativeV253TestJSON:test_get_service_with_valid_service_and_invalid_host): 200 GET http://10.180.1.21/compute/v2.1/os-services?host=xxx&binary=nova-scheduler 1.771s
2025-04-24 15:27:18.644 70032 INFO tempest.lib.common.rest_client [req-486dd64d-a6d9-4239-a46e-848693ae563a req-486dd64d-a6d9-4239-a46e-848693ae563a ] Request (AttachInterfacesV270Test:setUpClass): 201 POST http://10.180.1.21:9696/networking/v2.0/networks 0.711s
2025-04-24 15:27:18.666 70018 INFO tempest.lib.common.rest_client [req-8d979110-1632-439e-b0f4-f8ef990945ab req-8d979110-1632-439e-b0f4-f8ef990945ab ] Request (ServersNegativeTestMultiTenantJSON:setUpClass): 201 POST http://10.180.1.21:9696/networking/v2.0/networks 0.742s
2025-04-24 15:27:18.698 70030 INFO tempest.lib.common.rest_client [req-bc72cade-aa8a-421e-9e18-be02bd1a3313 req-bc72cade-aa8a-421e-9e18-be02bd1a3313 ] Request (VolumesAssistedSnapshotsTest:test_volume_assisted_snapshot_create_delete): 200 GET http://10.180.1.21/compute/v2.1/servers/4a825919-be32-47dc-9fa9-5427eb1045c3 1.810s
2025-04-24 15:27:18.712 70030 INFO tempest.common.waiters [-] State transition "BUILD/spawning" ==> "ACTIVE/None" after 18 second wait
2025-04-24 15:27:18.752 70020 INFO tempest.lib.common.rest_client [req-74012fa4-35f9-4649-872b-cf04357e16ed req-74012fa4-35f9-4649-872b-cf04357e16ed ] Request (QuotasAdminNegativeTest:test_create_server_when_memory_quota_is_full): 403 POST http://10.180.1.21/compute/v2.1/servers 1.984s
2025-04-24 15:27:18.814 69974 INFO tempest.lib.common.rest_client [req-07dbbe9b-d41c-478e-ae76-ef7adce96aa5 req-07dbbe9b-d41c-478e-ae76-ef7adce96aa5 ] Request (ServerDiagnosticsNegativeTest:test_get_server_diagnostics_by_non_admin): 200 GET http://10.180.1.21/compute/v2.1/servers/c64cfa95-81c2-4296-88ee-f6bb0fe66ac3 1.918s
2025-04-24 15:27:19.005 69990 INFO tempest.lib.common.rest_client [req-ac5b0373-2955-4d52-a68a-ec635b4dac16 req-ac5b0373-2955-4d52-a68a-ec635b4dac16 ] Request (ServerShowV257Test:test_rebuild_server): 202 POST http://10.180.1.21/compute/v2.1/servers 1.908s
2025-04-24 15:27:19.119 70000 INFO tempest.lib.common.rest_client [req-71c20f7b-0161-450c-b332-0cd3bd285395 req-71c20f7b-0161-450c-b332-0cd3bd285395 ] Request (TenantUsagesTestJSON:tearDownClass): 200 GET http://10.180.1.21/compute/v2.1/servers/5699f273-2d40-4475-99e1-186b2f1f6699 1.936s
2025-04-24 15:27:19.128 70000 INFO tempest.common.waiters [-] State transition "ACTIVE/deleting" ==> "DELETED/None" after 6 second wait
2025-04-24 15:27:19.202 70006 INFO tempest.lib.common.rest_client [req-1e0ea1dd-26ba-42fc-af8f-d7d8174a18c0 req-1e0ea1dd-26ba-42fc-af8f-d7d8174a18c0 ] Request (SecurityGroupRulesTestJSON:test_security_group_rules_create_with_optional_group_id): 200 POST http://10.180.1.21/compute/v2.1/os-security-group-rules 2.051s
2025-04-24 15:27:19.205 70006 WARNING tempest.lib.common.rest_client [-] Deprecated: "tenant_id" property is deprecated for removal, use "project_id" instead
2025-04-24 15:27:19.225 70008 INFO tempest.lib.common.rest_client [req-142c542d-a64c-42bd-abfc-800996d6df93 req-142c542d-a64c-42bd-abfc-800996d6df93 ] Request (KeyPairsV22TestJSON:_run_cleanups): 204 DELETE http://10.180.1.21/compute/v2.1/os-keypairs/tempest-KeyPairsV22TestJSON-keypair-1226584922 1.712s
2025-04-24 15:27:19.283 69998 INFO tempest.lib.common.rest_client [req-6834dc98-40c6-476c-96f8-43f1953475ca req-6834dc98-40c6-476c-96f8-43f1953475ca ] Request (ServerDiagnosticsTest:test_get_server_diagnostics): 200 GET http://10.180.1.21/compute/v2.1/servers/b841dd92-15b2-4e59-986b-1d5ebaed488f 2.045s
2025-04-24 15:27:19.284 70032 INFO tempest.lib.common.rest_client [req-fe143703-970b-48e1-af95-21f236745086 req-fe143703-970b-48e1-af95-21f236745086 ] Request (AttachInterfacesV270Test:setUpClass): 201 POST http://10.180.1.21:9696/networking/v2.0/subnets 0.639s
2025-04-24 15:27:19.285 70018 INFO tempest.lib.common.rest_client [req-77f85e05-048e-4eb3-a453-6add0b56023f req-77f85e05-048e-4eb3-a453-6add0b56023f ] Request (ServersNegativeTestMultiTenantJSON:setUpClass): 201 POST http://10.180.1.21:9696/networking/v2.0/subnets 0.619s
2025-04-24 15:27:19.394 69992 INFO tempest.lib.common.rest_client [req-2490fc35-46bb-4548-a74a-4a50fe680c10 req-2490fc35-46bb-4548-a74a-4a50fe680c10 ] Request (QuotasAdminTestJSON:test_update_all_quota_resources_for_tenant): 200 GET http://10.180.1.21/compute/v2.1/os-quota-sets/1b2813a727f240118a982d0728dee000/defaults 1.781s
2025-04-24 15:27:19.408 69994 INFO tempest.lib.common.rest_client [req-d7a452d9-681c-464f-8a69-ae3cd3572ab6 req-d7a452d9-681c-464f-8a69-ae3cd3572ab6 ] Request (HostsAdminNegativeTestJSON:test_startup_nonexistent_host): 404 GET http://10.180.1.21/compute/v2.1/os-hosts/nonexistent_hostname/startup 1.741s
2025-04-24 15:27:19.421 69976 INFO tempest.lib.common.rest_client [req-dc98c57e-9e68-4e55-895c-f2a87c711335 req-dc98c57e-9e68-4e55-895c-f2a87c711335 ] Request (AggregatesAdminNegativeTestJSON:test_aggregate_delete_with_invalid_id): 404 DELETE http://10.180.1.21/compute/v2.1/os-aggregates/-1 1.728s
2025-04-24 15:27:19.521 70016 INFO tempest.lib.common.rest_client [req-c6d81c6f-b13e-4ca1-946b-04db4df7248f req-c6d81c6f-b13e-4ca1-946b-04db4df7248f ] Request (ServerExternalEventsTest:tearDownClass): 204 DELETE http://10.180.1.21/compute/v2.1/servers/7a4a8ab0-b931-439b-bef3-24197d068842 1.634s
2025-04-24 15:27:19.575 70028 INFO tempest.lib.common.rest_client [req-c8bed269-4a32-49f1-8cec-49ed61866209 req-c8bed269-4a32-49f1-8cec-49ed61866209 ] Request (ListImageFiltersTestJSON:setUpClass): 202 POST http://10.180.1.21/compute/v2.1/servers 2.003s
2025-04-24 15:27:19.665 70028 INFO tempest.lib.common.rest_client [req-0e00e6f8-9497-4ac4-b86a-417004550c77 req-0e00e6f8-9497-4ac4-b86a-417004550c77 ] Request (ListImageFiltersTestJSON:setUpClass): 201 POST http://10.180.1.21/identity/v3/auth/tokens 0.084s
2025-04-24 15:27:19.665 70028 INFO tempest.lib.common.fixed_network [-] (ListImageFiltersTestJSON:setUpClass) Found network None available for tenant
2025-04-24 15:27:19.682 70002 INFO tempest.lib.common.rest_client [req-c769e9dc-7070-40fa-a3c5-f270ced294e1 req-c769e9dc-7070-40fa-a3c5-f270ced294e1 ] Request (ServersAdminNegativeTestJSON:test_migrate_server_invalid_state): 200 GET http://10.180.1.21/compute/v2.1/servers/8cf7cbb1-ba43-46c5-8cfc-326201591894 1.291s
2025-04-24 15:27:19.868 70012 INFO tempest.lib.common.rest_client [req-3828d698-a493-4b59-9c63-8bb5a2964c4b req-3828d698-a493-4b59-9c63-8bb5a2964c4b ] Request (ImagesOneServerTestJSON:setUpClass): 200 GET http://10.180.1.21/compute/v2.1/servers/2803d331-840b-40c3-81d3-619bba80ed5f 1.402s
2025-04-24 15:27:19.879 70012 INFO tempest.common.waiters [-] State transition "BUILD/None" ==> "BUILD/block_device_mapping" after 10 second wait
2025-04-24 15:27:19.958 69978 INFO tempest.lib.common.rest_client [req-ac93802f-55d8-4552-b290-db95c3d9380f req-ac93802f-55d8-4552-b290-db95c3d9380f ] Request (ServicesAdminNegativeV253TestJSON:test_list_services_with_non_admin_user): 403 GET http://10.180.1.21/compute/v2.1/os-services 1.488s
2025-04-24 15:27:20.033 70010 INFO tempest.lib.common.rest_client [req-ede7bd1a-4ef1-40c0-9f48-685b209fef27 req-ede7bd1a-4ef1-40c0-9f48-685b209fef27 ] Request (ImagesNegativeTestJSON:test_create_image_from_deleted_server): 200 GET http://10.180.1.21/compute/v2.1/servers/e70c9988-f850-45ad-950d-66bf8eb60f80 1.433s
2025-04-24 15:27:20.079 69978 INFO tempest.lib.common.rest_client [req-261c1b27-6c14-43bc-8e2a-51594c8b7d9a req-261c1b27-6c14-43bc-8e2a-51594c8b7d9a ] Request (ServicesAdminNegativeV253TestJSON:tearDownClass): 204 DELETE http://10.180.1.21/identity/v3/users/bf6d6ff368764c2bab12d52d62e7452d 0.118s
2025-04-24 15:27:20.156 69972 INFO tempest.lib.common.rest_client [req-b54053c0-3fbb-4dc8-bcd4-6deb419fc2cd req-b54053c0-3fbb-4dc8-bcd4-6deb419fc2cd ] Request (ServerDiagnosticsV248Test:tearDownClass): 200 GET http://10.180.1.21/compute/v2.1/servers/2a1cc8db-fb20-4cb6-ae79-a89ca9a479da 1.487s
2025-04-24 15:27:20.171 69972 INFO tempest.common.waiters [-] State transition "ACTIVE/deleting" ==> "DELETED/None" after 3 second wait
2025-04-24 15:27:20.225 69978 INFO tempest.lib.common.rest_client [req-2c3c4809-e31e-4546-a296-1ee68c82017d req-2c3c4809-e31e-4546-a296-1ee68c82017d ] Request (ServicesAdminNegativeV253TestJSON:tearDownClass): 204 DELETE http://10.180.1.21/identity/v3/users/65e1f913c07b4158a619da1289433b89 0.146s
2025-04-24 15:27:20.225 69978 INFO tempest.lib.common.dynamic_creds [-] Deleting project and security group for project: 3ba4239f6953466ab4b59ca77da8ecbb
2025-04-24 15:27:20.298 70030 INFO tempest.lib.common.rest_client [req-aa55ca09-88d2-4c80-806e-afcc87712314 req-aa55ca09-88d2-4c80-806e-afcc87712314 ] Request (VolumesAssistedSnapshotsTest:test_volume_assisted_snapshot_create_delete): 200 GET http://10.180.1.21/compute/v2.1/servers/4a825919-be32-47dc-9fa9-5427eb1045c3/os-interface 1.586s
2025-04-24 15:27:20.300 69978 INFO tempest.lib.common.rest_client [req-ce7d6144-5fa3-47a2-b2e2-d36b8f3fdac6 req-ce7d6144-5fa3-47a2-b2e2-d36b8f3fdac6 ] Request (ServicesAdminNegativeV253TestJSON:tearDownClass): 201 POST http://10.180.1.21/identity/v3/auth/tokens 0.074s
2025-04-24 15:27:20.470 70020 INFO tempest.lib.common.rest_client [req-63e8f37f-c183-4778-86e2-8f504b1cd791 req-63e8f37f-c183-4778-86e2-8f504b1cd791 ] Request (QuotasAdminNegativeTest:_run_cleanups): 200 PUT http://10.180.1.21/compute/v2.1/os-quota-sets/9e9253915bfd48a89918cc2b26ba6eb8 1.718s
2025-04-24 15:27:20.557 69988 INFO tempest.lib.common.rest_client [req-8fc233e0-2862-4e1d-b708-418f5645d192 req-8fc233e0-2862-4e1d-b708-418f5645d192 ] Request (FloatingIPsAssociationTestJSON:test_associate_already_associated_floating_ip): 200 GET http://10.180.1.21/compute/v2.1/servers/a10177e9-959a-4c5b-9f1e-0808af564f81 1.611s
2025-04-24 15:27:20.657 69990 INFO tempest.lib.common.rest_client [req-cc8d23c8-752d-4808-8410-959ff516cad4 req-cc8d23c8-752d-4808-8410-959ff516cad4 ] Request (ServerShowV257Test:test_rebuild_server): 200 GET http://10.180.1.21/compute/v2.1/servers/4007de2c-0d1a-43db-8d5e-52f8969e9a39 1.649s
2025-04-24 15:27:20.731 69986 INFO tempest.lib.common.rest_client [req-4044b176-6957-46ff-9a5c-f4dcb5c6ef39 req-4044b176-6957-46ff-9a5c-f4dcb5c6ef39 ] Request (ServerActionsTestOtherB:setUpClass): 200 PUT http://10.180.1.21:9696/networking/v2.0/routers/5659d9c3-1aba-46d4-a7aa-521b028f0fba/add_router_interface 2.601s
2025-04-24 15:27:20.732 69986 INFO tempest.lib.common.dynamic_creds [-] Created isolated network resources for: credentials: Credentials: {'domain_id': 'default', 'domain_name': 'Default', 'username': 'tempest-ServerActionsTestOtherB-626642147-project-member', 'project_domain_id': 'default', 'project_domain_name': 'Default', 'project_id': 'b3a06a6980764944a350af59e733ec31', 'project_name': 'tempest-ServerActionsTestOtherB-626642147', 'tenant_id': 'b3a06a6980764944a350af59e733ec31', 'tenant_name': 'tempest-ServerActionsTestOtherB-626642147', 'user_domain_id': 'default', 'user_domain_name': 'Default', 'user_id': '1aba00dfb1f74800bdb397ae8a655696', 'system': None}, Network: {'id': '9465d7fa-922b-4a6c-ad14-6bfcd9c02296', 'name': 'tempest-ServerActionsTestOtherB-2040214676-network', 'tenant_id': 'b3a06a6980764944a350af59e733ec31', 'admin_state_up': True, 'mtu': 8950, 'status': 'ACTIVE', 'subnets': [], 'shared': False, 'project_id': 'b3a06a6980764944a350af59e733ec31', 'port_security_enabled': True, 'router:external': False, 'provider:network_type': 'vlan', 'provider:physical_network': 'default', 'provider:segmentation_id': 318, 'availability_zone_hints': [], 'availability_zones': [], 'ipv4_address_scope': None, 'ipv6_address_scope': None, 'description': '', 'tags': [], 'created_at': '2025-04-24T15:27:16Z', 'updated_at': '2025-04-24T15:27:16Z', 'revision_number': 1}, Subnet: {'id': '5c59c02e-1912-4a9c-9db7-d1417887e1b9', 'name': 'tempest-ServerActionsTestOtherB-2040214676-subnet', 'tenant_id': 'b3a06a6980764944a350af59e733ec31', 'network_id': '9465d7fa-922b-4a6c-ad14-6bfcd9c02296', 'ip_version': 4, 'subnetpool_id': None, 'enable_dhcp': True, 'ipv6_ra_mode': None, 'ipv6_address_mode': None, 'gateway_ip': '192.168.128.1', 'cidr': '192.168.128.0/28', 'allocation_pools': [{'start': '192.168.128.2', 'end': '192.168.128.14'}], 'host_routes': [], 'dns_nameservers': [], 'description': '', 'router:external': False, 'service_types': [], 'tags': [], 'created_at': '2025-04-24T15:27:17Z', 'updated_at': '2025-04-24T15:27:17Z', 'revision_number': 0, 'project_id': 'b3a06a6980764944a350af59e733ec31'}, Router: {'id': '5659d9c3-1aba-46d4-a7aa-521b028f0fba', 'name': 'tempest-ServerActionsTestOtherB-2040214676-router', 'tenant_id': 'b3a06a6980764944a350af59e733ec31', 'admin_state_up': True, 'status': 'ACTIVE', 'external_gateway_info': {'network_id': '70c07f02-3ccd-418d-83db-179bc6837c25', 'external_fixed_ips': [{'subnet_id': 'f274c7fb-f834-4d9a-9edc-86d44644f6fa', 'ip_address': '10.180.180.158'}], 'enable_snat': True}, 'description': '', 'availability_zones': [], 'distributed': False, 'ha': False, 'availability_zone_hints': [], 'routes': [], 'flavor_id': None, 'tags': [], 'created_at': '2025-04-24T15:27:17Z', 'updated_at': '2025-04-24T15:27:17Z', 'revision_number': 2, 'project_id': 'b3a06a6980764944a350af59e733ec31'}
2025-04-24 15:27:20.886 69978 INFO tempest.lib.common.rest_client [req-311cd316-ed37-4868-8325-010b67cc5e65 req-311cd316-ed37-4868-8325-010b67cc5e65 ] Request (ServicesAdminNegativeV253TestJSON:tearDownClass): 200 GET http://10.180.1.21:9696/networking/v2.0/security-groups?tenant_id=3ba4239f6953466ab4b59ca77da8ecbb&name=default 0.585s
2025-04-24 15:27:20.898 69986 INFO tempest.lib.common.rest_client [req-61e2ba36-878b-4d85-8278-030a019cb709 req-61e2ba36-878b-4d85-8278-030a019cb709 ] Request (ServerActionsTestOtherB:setUpClass): 201 POST http://10.180.1.21/identity/v3/auth/tokens 0.163s
2025-04-24 15:27:21.118 69978 INFO tempest.lib.common.rest_client [req-a44e764b-1643-4eda-bdff-d381c3f6b759 req-a44e764b-1643-4eda-bdff-d381c3f6b759 ] Request (ServicesAdminNegativeV253TestJSON:tearDownClass): 204 DELETE http://10.180.1.21:9696/networking/v2.0/security-groups/ba40460a-9669-4fe7-b26c-07892c6b9c14 0.232s
2025-04-24 15:27:21.137 70006 INFO tempest.lib.common.rest_client [req-33442116-03a1-42de-ada1-b97eb4c7a250 req-33442116-03a1-42de-ada1-b97eb4c7a250 ] Request (SecurityGroupRulesTestJSON:test_security_group_rules_delete_when_peer_group_deleted): 200 POST http://10.180.1.21/compute/v2.1/os-security-groups 1.930s
2025-04-24 15:27:21.157 70008 INFO tempest.lib.common.rest_client [req-1fe4cb77-8da7-4309-8687-6ce199500194 req-1fe4cb77-8da7-4309-8687-6ce199500194 ] Request (KeyPairsV22TestJSON:_run_cleanups): 204 DELETE http://10.180.1.21/compute/v2.1/os-keypairs/tempest-KeyPairsV22TestJSON-keypair-1130694250 1.931s
2025-04-24 15:27:21.164 69996 INFO tempest.lib.common.rest_client [req-88cfdbef-cd92-489f-be89-1425b8602f31 req-88cfdbef-cd92-489f-be89-1425b8602f31 ] Request (FloatingIPsAssociationNegativeTestJSON:test_associate_ip_to_server_with_floating_ip): 200 POST http://10.180.1.21/compute/v2.1/os-floating-ips 3.256s
2025-04-24 15:27:21.204 69978 INFO tempest.lib.common.rest_client [req-9ebf092a-4af7-4aa0-9489-62a0d372ee16 req-9ebf092a-4af7-4aa0-9489-62a0d372ee16 ] Request (ServicesAdminNegativeV253TestJSON:tearDownClass): 204 DELETE http://10.180.1.21/identity/v3/projects/3ba4239f6953466ab4b59ca77da8ecbb 0.085s
2025-04-24 15:27:21.204 69978 INFO tempest.lib.common.dynamic_creds [-] Deleting project and security group for project: 184d3b52e35246ffbe25fe3ba84c523f
2025-04-24 15:27:21.253 70032 INFO tempest.lib.common.rest_client [req-7cfe5f99-4e97-4764-918e-649281f94118 req-7cfe5f99-4e97-4764-918e-649281f94118 ] Request (AttachInterfacesV270Test:setUpClass): 201 POST http://10.180.1.21:9696/networking/v2.0/routers 1.969s
2025-04-24 15:27:21.272 70018 INFO tempest.lib.common.rest_client [req-09ea9693-5f6d-404b-a45e-eef48a3bc2fa req-09ea9693-5f6d-404b-a45e-eef48a3bc2fa ] Request (ServersNegativeTestMultiTenantJSON:setUpClass): 201 POST http://10.180.1.21:9696/networking/v2.0/routers 1.986s
2025-04-24 15:27:21.278 69982 INFO tempest.lib.common.rest_client [req-f2c907c7-e123-439f-b59b-aa48db0893cd req-f2c907c7-e123-439f-b59b-aa48db0893cd ] Request (DeleteServersTestJSON:test_delete_active_server): 200 GET http://10.180.1.21/compute/v2.1/servers/9622ebc8-e48d-4446-b76b-71af45f7c749 1.916s
2025-04-24 15:27:21.293 69982 INFO tempest.common.waiters [-] State transition "ACTIVE/deleting" ==> "DELETED/None" after 3 second wait
2025-04-24 15:27:21.367 70024 INFO tempest.lib.common.rest_client [req-f2149204-1383-44b4-8c6c-669a0ff152de req-f2149204-1383-44b4-8c6c-669a0ff152de ] Request (ServersWithSpecificFlavorTestJSON:test_verify_created_server_ephemeral_disk): 200 GET http://10.180.1.21/compute/v2.1/servers/d8d33a14-d3e3-42e4-9fe6-e901547195c9 2.027s
2025-04-24 15:27:21.375 69994 INFO tempest.lib.common.rest_client [req-791723f8-4662-4d93-8451-346d03c99355 req-791723f8-4662-4d93-8451-346d03c99355 ] Request (HostsAdminNegativeTestJSON:test_update_host_with_invalid_maintenance_mode): 400 PUT http://10.180.1.21/compute/v2.1/os-hosts/devstack 1.966s
