2025-03-26 22:31:19.866 69481 INFO tempest.lib.common.rest_client [req-01893388-22eb-491e-a498-33207597372d req-01893388-22eb-491e-a498-33207597372d ] Request (AttachInterfacesUnderV243Test:setUpClass): 204 PUT http://10.180.1.21/identity/v3/projects/d6f7a219b5c74451a8b71fd1f92b8d4c/users/04435bdd431243e1a555e4013bf32e1f/roles/f5d2ac61cf654c50bf6694de3ec136a6 0.060s
2025-03-26 22:31:19.867 69481 INFO tempest.lib.common.dynamic_creds [-] Dynamic test user 04435bdd431243e1a555e4013bf32e1f is created with scope project and roles: ['member']
2025-03-26 22:31:19.867 69481 INFO tempest.lib.common.dynamic_creds [-] Acquired dynamic creds: credentials: Credentials: {'domain_id': 'default', 'domain_name': 'Default', 'username': 'tempest-AttachInterfacesUnderV243Test-647775673-project-member', 'project_domain_id': 'default', 'project_domain_name': 'Default', 'project_id': 'd6f7a219b5c74451a8b71fd1f92b8d4c', 'project_name': 'tempest-AttachInterfacesUnderV243Test-647775673', 'tenant_id': 'd6f7a219b5c74451a8b71fd1f92b8d4c', 'tenant_name': 'tempest-AttachInterfacesUnderV243Test-647775673', 'user_domain_id': 'default', 'user_domain_name': 'Default', 'user_id': '04435bdd431243e1a555e4013bf32e1f', 'system': None}, Network: None, Subnet: None, Router: None
2025-03-26 22:31:19.890 69507 INFO tempest.lib.common.rest_client [req-791c206d-85ba-4e79-8e26-bd3d273e43a3 req-791c206d-85ba-4e79-8e26-bd3d273e43a3 ] Request (ServerDiagnosticsNegativeTest:setUpClass): 201 POST http://10.180.1.21/identity/v3/auth/tokens 0.073s
2025-03-26 22:31:19.928 69463 INFO tempest.lib.common.rest_client [req-c42fb8b3-9c89-4472-8e35-da7e2d7609f1 req-c42fb8b3-9c89-4472-8e35-da7e2d7609f1 ] Request (ServerExternalEventsTest:tearDownClass): 200 GET http://10.180.1.21/compute/v2.1/servers/007fae21-4066-4ebd-abba-cd3eee7abb9d 2.248s
2025-03-26 22:31:19.932 69481 INFO tempest.lib.common.rest_client [req-87abd06d-667e-4830-a074-b2756074c646 req-87abd06d-667e-4830-a074-b2756074c646 ] Request (AttachInterfacesUnderV243Test:setUpClass): 201 POST http://10.180.1.21/identity/v3/auth/tokens 0.065s
2025-03-26 22:31:19.952 69507 INFO tempest.lib.common.rest_client [req-d19cdbc5-5c5c-4b39-8a12-8747515ac4ec req-d19cdbc5-5c5c-4b39-8a12-8747515ac4ec ] Request (ServerDiagnosticsNegativeTest:setUpClass): 201 POST http://10.180.1.21/identity/v3/projects 0.061s
2025-03-26 22:31:19.989 69469 INFO tempest.lib.common.rest_client [req-c4561e45-f44c-43ba-b381-5b76f00191a6 req-c4561e45-f44c-43ba-b381-5b76f00191a6 ] Request (FloatingIPsAssociationTestJSON:setUpClass): 200 GET http://10.180.1.21/compute/v2.1/servers/c4ed826f-56bd-4482-b08f-468a90a6d5ef 1.997s
2025-03-26 22:31:20.019 69507 INFO tempest.lib.common.rest_client [req-830d9899-7005-445d-a7cf-49ccf22f1e43 req-830d9899-7005-445d-a7cf-49ccf22f1e43 ] Request (ServerDiagnosticsNegativeTest:setUpClass): 201 POST http://10.180.1.21/identity/v3/users 0.066s
2025-03-26 22:31:20.040 69507 INFO tempest.lib.common.rest_client [req-50a2bed3-f3ea-4c2d-8ce6-0e791dbf175b req-50a2bed3-f3ea-4c2d-8ce6-0e791dbf175b ] Request (ServerDiagnosticsNegativeTest:setUpClass): 200 GET http://10.180.1.21/identity/v3/roles 0.020s
2025-03-26 22:31:20.052 69503 INFO tempest.lib.common.rest_client [req-90baa8ad-1293-48c3-b594-aa8722aa9f79 req-90baa8ad-1293-48c3-b594-aa8722aa9f79 ] Request (VolumesAssistedSnapshotsTest:test_volume_assisted_snapshot_create_delete): 200 GET http://10.180.1.21/compute/v2.1/servers/ada1d08c-09a0-4682-ba11-1c6cd5e78f92 2.037s
2025-03-26 22:31:20.064 69495 INFO tempest.lib.common.rest_client [req-daeada17-7b08-4f75-b423-e76ead8093dc req-daeada17-7b08-4f75-b423-e76ead8093dc ] Request (KeyPairsV22TestJSON:test_get_keypair_detail): 200 GET http://10.180.1.21/compute/v2.1/os-keypairs/tempest-keypair-1880983730 1.865s
2025-03-26 22:31:20.075 69491 INFO tempest.lib.common.rest_client [req-5fea3b63-2488-47a5-a5a9-972f04ce62b1 req-5fea3b63-2488-47a5-a5a9-972f04ce62b1 ] Request (ImagesMetadataTestJSON:setUp): 200 PUT http://10.180.1.21/compute/v2.1/images/e61bbdb7-939e-49eb-b1e2-da312256394d/metadata 2.412s
2025-03-26 22:31:20.077 69507 INFO tempest.lib.common.rest_client [req-289bf010-1165-40a4-b294-70d07721bbf8 req-289bf010-1165-40a4-b294-70d07721bbf8 ] Request (ServerDiagnosticsNegativeTest:setUpClass): 204 PUT http://10.180.1.21/identity/v3/projects/9a95c8097879411197d6f5f4dd01b499/users/2b79f2f1503b418f8f2b53207938052d/roles/44a8532f900a4dfbaaa4f8163b05e654 0.036s
2025-03-26 22:31:20.089 69489 INFO tempest.lib.common.rest_client [req-90a0ef96-383b-4c87-980d-d9deceb17510 req-90a0ef96-383b-4c87-980d-d9deceb17510 ] Request (FlavorsAdminTestJSON:_run_cleanups): 200 GET http://10.180.1.21/compute/v2.1/flavors/detail 1.719s
2025-03-26 22:31:20.139 69507 INFO tempest.lib.common.rest_client [req-d9720eb2-40e8-4a8f-88c8-8d99c0159959 req-d9720eb2-40e8-4a8f-88c8-8d99c0159959 ] Request (ServerDiagnosticsNegativeTest:setUpClass): 200 GET http://10.180.1.21/identity/v3/roles 0.062s
2025-03-26 22:31:20.150 69488 INFO tempest.lib.common.rest_client [req-7e3c2c90-e044-49fb-a766-ab58594671cf req-7e3c2c90-e044-49fb-a766-ab58594671cf ] Request (ServerMetadataNegativeTestJSON:test_metadata_items_limit): 403 PUT http://10.180.1.21/compute/v2.1/servers/b76c1786-1b06-4192-ba91-cdcf42280839/metadata 1.541s
2025-03-26 22:31:20.167 69507 INFO tempest.lib.common.rest_client [req-9988557c-3a2e-4941-83a8-a4cdc8fb308a req-9988557c-3a2e-4941-83a8-a4cdc8fb308a ] Request (ServerDiagnosticsNegativeTest:setUpClass): 204 PUT http://10.180.1.21/identity/v3/projects/9a95c8097879411197d6f5f4dd01b499/users/2b79f2f1503b418f8f2b53207938052d/roles/44a8532f900a4dfbaaa4f8163b05e654 0.027s
2025-03-26 22:31:20.167 69507 INFO tempest.lib.common.dynamic_creds [-] Dynamic test user 2b79f2f1503b418f8f2b53207938052d is created with scope project and roles: ['admin']
2025-03-26 22:31:20.167 69507 INFO tempest.lib.common.dynamic_creds [-] Acquired dynamic creds: credentials: Credentials: {'domain_id': 'default', 'domain_name': 'Default', 'username': 'tempest-ServerDiagnosticsNegativeTest-224299179-project-admin', 'project_domain_id': 'default', 'project_domain_name': 'Default', 'project_id': '9a95c8097879411197d6f5f4dd01b499', 'project_name': 'tempest-ServerDiagnosticsNegativeTest-224299179', 'tenant_id': '9a95c8097879411197d6f5f4dd01b499', 'tenant_name': 'tempest-ServerDiagnosticsNegativeTest-224299179', 'user_domain_id': 'default', 'user_domain_name': 'Default', 'user_id': '2b79f2f1503b418f8f2b53207938052d', 'system': None}, Network: None, Subnet: None, Router: None
2025-03-26 22:31:20.167 69507 INFO tempest.lib.common.dynamic_creds [-] Created isolated network resources for: credentials: Credentials: {'domain_id': 'default', 'domain_name': 'Default', 'username': 'tempest-ServerDiagnosticsNegativeTest-224299179-project-admin', 'project_domain_id': 'default', 'project_domain_name': 'Default', 'project_id': '9a95c8097879411197d6f5f4dd01b499', 'project_name': 'tempest-ServerDiagnosticsNegativeTest-224299179', 'tenant_id': '9a95c8097879411197d6f5f4dd01b499', 'tenant_name': 'tempest-ServerDiagnosticsNegativeTest-224299179', 'user_domain_id': 'default', 'user_domain_name': 'Default', 'user_id': '2b79f2f1503b418f8f2b53207938052d', 'system': None}, Network: None, Subnet: None, Router: None
2025-03-26 22:31:20.268 69507 INFO tempest.lib.common.rest_client [req-0971b07c-9829-4b07-b445-19c8eab0ed26 req-0971b07c-9829-4b07-b445-19c8eab0ed26 ] Request (ServerDiagnosticsNegativeTest:setUpClass): 201 POST http://10.180.1.21/identity/v3/auth/tokens 0.097s
2025-03-26 22:31:20.279 69485 INFO tempest.lib.common.rest_client [req-090def77-196f-4448-8214-ae89cfef51da req-090def77-196f-4448-8214-ae89cfef51da ] Request (HostsAdminNegativeTestJSON:test_list_hosts_with_non_admin_user): 403 GET http://10.180.1.21/compute/v2.1/os-hosts 1.704s
2025-03-26 22:31:20.345 69507 INFO tempest.lib.common.rest_client [req-b6134fc5-ba86-4418-b6a4-9889590011c8 req-b6134fc5-ba86-4418-b6a4-9889590011c8 ] Request (ServerDiagnosticsNegativeTest:test_get_server_diagnostics_by_non_admin): 201 POST http://10.180.1.21/identity/v3/auth/tokens 0.071s
2025-03-26 22:31:20.346 69507 INFO tempest.lib.common.fixed_network [-] (ServerDiagnosticsNegativeTest:test_get_server_diagnostics_by_non_admin) Found network None available for tenant
2025-03-26 22:31:20.417 69455 INFO tempest.lib.common.rest_client [req-220badc6-9656-415f-a84a-fa9cda4bf26a req-220badc6-9656-415f-a84a-fa9cda4bf26a ] Request (KeyPairsNegativeTestJSON:test_create_keypair_invalid_name): 400 POST http://10.180.1.21/compute/v2.1/os-keypairs 1.468s
2025-03-26 22:31:20.442 69501 INFO tempest.lib.common.rest_client [req-dabc58e2-a43c-4e4c-a24e-89ef506ce65b req-dabc58e2-a43c-4e4c-a24e-89ef506ce65b ] Request (FlavorsV2TestJSON:test_list_flavors_filter_by_min_ram): 200 GET http://10.180.1.21/compute/v2.1/flavors/42 1.479s
2025-03-26 22:31:20.465 69453 INFO tempest.lib.common.rest_client [req-b23e42a0-fbf8-4753-b178-15fac5bbd12b req-b23e42a0-fbf8-4753-b178-15fac5bbd12b ] Request (ServersListShow2100Test:test_list_show_rebuild_update_server_2100): 200 GET http://10.180.1.21/compute/v2.1/servers/e7d034d2-6455-43c8-9629-70ca597034c8 1.824s
2025-03-26 22:31:20.487 69467 INFO tempest.lib.common.rest_client [req-fc59060a-b760-4efd-9674-2ac52b27449e req-fc59060a-b760-4efd-9674-2ac52b27449e ] Request (FlavorsAccessNegativeTestJSON:test_flavor_non_admin_remove): 200 POST http://10.180.1.21/compute/v2.1/flavors 1.454s
2025-03-26 22:31:20.505 69465 INFO tempest.lib.common.rest_client [req-7c5a6040-cadf-41ce-950d-2cde35b09363 req-7c5a6040-cadf-41ce-950d-2cde35b09363 ] Request (ImagesTestJSON:setUpClass): 200 PUT http://10.180.1.21:9696/networking/v2.0/routers/3676acc0-03d8-457b-adc6-df9b9ebd99c2/add_router_interface 3.658s
2025-03-26 22:31:20.505 69465 INFO tempest.lib.common.dynamic_creds [-] Created isolated network resources for: credentials: Credentials: {'domain_id': 'default', 'domain_name': 'Default', 'username': 'tempest-ImagesTestJSON-8454748-project-member', 'project_domain_id': 'default', 'project_domain_name': 'Default', 'project_id': 'c5b57c0658dc4c999d101f9054bf20f4', 'project_name': 'tempest-ImagesTestJSON-8454748', 'tenant_id': 'c5b57c0658dc4c999d101f9054bf20f4', 'tenant_name': 'tempest-ImagesTestJSON-8454748', 'user_domain_id': 'default', 'user_domain_name': 'Default', 'user_id': 'fd2fe240a1a74aa39552598e097f58c1', 'system': None}, Network: {'id': '22eeb5d2-cf1e-4aa1-afdc-60fa037d94cf', 'name': 'tempest-ImagesTestJSON-110639172-network', 'tenant_id': 'c5b57c0658dc4c999d101f9054bf20f4', 'admin_state_up': True, 'mtu': 8950, 'status': 'ACTIVE', 'subnets': [], 'shared': False, 'project_id': 'c5b57c0658dc4c999d101f9054bf20f4', 'port_security_enabled': True, 'router:external': False, 'provider:network_type': 'vlan', 'provider:physical_network': 'default', 'provider:segmentation_id': 296, 'availability_zone_hints': [], 'availability_zones': [], 'ipv4_address_scope': None, 'ipv6_address_scope': None, 'description': '', 'tags': [], 'created_at': '2025-03-26T22:31:12Z', 'updated_at': '2025-03-26T22:31:12Z', 'revision_number': 1}, Subnet: {'id': '61d29d0c-ee61-4dfd-b879-7ff74725edca', 'name': 'tempest-ImagesTestJSON-110639172-subnet', 'tenant_id': 'c5b57c0658dc4c999d101f9054bf20f4', 'network_id': '22eeb5d2-cf1e-4aa1-afdc-60fa037d94cf', 'ip_version': 4, 'subnetpool_id': None, 'enable_dhcp': True, 'ipv6_ra_mode': None, 'ipv6_address_mode': None, 'gateway_ip': '192.168.128.1', 'cidr': '192.168.128.0/28', 'allocation_pools': [{'start': '192.168.128.2', 'end': '192.168.128.14'}], 'host_routes': [], 'dns_nameservers': [], 'description': '', 'router:external': False, 'service_types': [], 'tags': [], 'created_at': '2025-03-26T22:31:13Z', 'updated_at': '2025-03-26T22:31:13Z', 'revision_number': 0, 'project_id': 'c5b57c0658dc4c999d101f9054bf20f4'}, Router: {'id': '3676acc0-03d8-457b-adc6-df9b9ebd99c2', 'name': 'tempest-ImagesTestJSON-110639172-router', 'tenant_id': 'c5b57c0658dc4c999d101f9054bf20f4', 'admin_state_up': True, 'status': 'ACTIVE', 'external_gateway_info': {'network_id': 'dbc11d78-3ab2-4979-981d-eb948fe4d8d0', 'external_fixed_ips': [{'subnet_id': '4ff3efbd-5d90-4915-93b8-1ee19aa2d8e3', 'ip_address': '10.180.180.220'}], 'enable_snat': True}, 'description': '', 'availability_zones': [], 'distributed': False, 'ha': False, 'availability_zone_hints': [], 'routes': [], 'flavor_id': None, 'tags': [], 'created_at': '2025-03-26T22:31:13Z', 'updated_at': '2025-03-26T22:31:15Z', 'revision_number': 2, 'project_id': 'c5b57c0658dc4c999d101f9054bf20f4'}
2025-03-26 22:31:20.530 69461 INFO tempest.lib.common.rest_client [req-dbbfeddb-bf35-4b01-af50-0f988ba56299 req-dbbfeddb-bf35-4b01-af50-0f988ba56299 ] Request (SecurityGroupRulesTestJSON:setUpClass): 201 POST http://10.180.1.21:9696/networking/v2.0/routers 2.860s
2025-03-26 22:31:20.573 69505 INFO tempest.lib.common.rest_client [req-e3e7ae77-3578-4399-9ca5-a8e4822dd2a6 req-e3e7ae77-3578-4399-9ca5-a8e4822dd2a6 ] Request (ImagesOneServerNegativeTestJSON:setUpClass): 200 GET http://10.180.1.21/compute/v2.1/servers/b8a662b3-7def-4644-8ed4-4e767b3c7d99 1.227s
2025-03-26 22:31:20.582 69505 INFO tempest.common.waiters [-] State transition "BUILD/None" ==> "BUILD/networking" after 13 second wait
2025-03-26 22:31:20.608 69465 INFO tempest.lib.common.rest_client [req-1187e3c0-9960-4772-8b05-97022e005225 req-1187e3c0-9960-4772-8b05-97022e005225 ] Request (ImagesTestJSON:setUpClass): 201 POST http://10.180.1.21/identity/v3/auth/tokens 0.097s
2025-03-26 22:31:20.657 69465 INFO tempest.lib.common.rest_client [req-04cf0d5c-6334-4ede-a37b-0d7e00ccd037 req-04cf0d5c-6334-4ede-a37b-0d7e00ccd037 ] Request (ImagesTestJSON:test_create_image_from_stopped_server): 201 POST http://10.180.1.21/identity/v3/auth/tokens 0.044s
2025-03-26 22:31:20.658 69465 INFO tempest.lib.common.fixed_network [-] (ImagesTestJSON:test_create_image_from_stopped_server) Found network {'id': '22eeb5d2-cf1e-4aa1-afdc-60fa037d94cf', 'name': 'tempest-ImagesTestJSON-110639172-network', 'tenant_id': 'c5b57c0658dc4c999d101f9054bf20f4', 'admin_state_up': True, 'mtu': 8950, 'status': 'ACTIVE', 'subnets': [], 'shared': False, 'project_id': 'c5b57c0658dc4c999d101f9054bf20f4', 'port_security_enabled': True, 'router:external': False, 'provider:network_type': 'vlan', 'provider:physical_network': 'default', 'provider:segmentation_id': 296, 'availability_zone_hints': [], 'availability_zones': [], 'ipv4_address_scope': None, 'ipv6_address_scope': None, 'description': '', 'tags': [], 'created_at': '2025-03-26T22:31:12Z', 'updated_at': '2025-03-26T22:31:12Z', 'revision_number': 1} available for tenant
2025-03-26 22:31:20.697 69483 INFO tempest.lib.common.rest_client [req-490ad01b-6a3f-4427-9c3c-18407732e0e7 req-490ad01b-6a3f-4427-9c3c-18407732e0e7 ] Request (FloatingIPDetailsTestJSON:setUpClass): 200 PUT http://10.180.1.21:9696/networking/v2.0/routers/dbd876c1-0503-44a2-8bdf-aefbb9f3c8a8/add_router_interface 3.585s
2025-03-26 22:31:20.698 69483 INFO tempest.lib.common.dynamic_creds [-] Created isolated network resources for: credentials: Credentials: {'domain_id': 'default', 'domain_name': 'Default', 'username': 'tempest-FloatingIPDetailsTestJSON-1613104965-project-member', 'project_domain_id': 'default', 'project_domain_name': 'Default', 'project_id': '60586ff2f0fc449dab2114d586b8fd94', 'project_name': 'tempest-FloatingIPDetailsTestJSON-1613104965', 'tenant_id': '60586ff2f0fc449dab2114d586b8fd94', 'tenant_name': 'tempest-FloatingIPDetailsTestJSON-1613104965', 'user_domain_id': 'default', 'user_domain_name': 'Default', 'user_id': '4f6e9b3464274240b8dc0017e80bcd6c', 'system': None}, Network: {'id': '0aa399f7-23e6-4efc-ad1e-abcc37e80011', 'name': 'tempest-FloatingIPDetailsTestJSON-63974280-network', 'tenant_id': '60586ff2f0fc449dab2114d586b8fd94', 'admin_state_up': True, 'mtu': 8950, 'status': 'ACTIVE', 'subnets': [], 'shared': False, 'project_id': '60586ff2f0fc449dab2114d586b8fd94', 'port_security_enabled': True, 'router:external': False, 'provider:network_type': 'vlan', 'provider:physical_network': 'default', 'provider:segmentation_id': 50, 'availability_zone_hints': [], 'availability_zones': [], 'ipv4_address_scope': None, 'ipv6_address_scope': None, 'description': '', 'tags': [], 'created_at': '2025-03-26T22:31:13Z', 'updated_at': '2025-03-26T22:31:13Z', 'revision_number': 1}, Subnet: {'id': '27223411-9ba7-4ee6-a5d9-a9ac5f15fa90', 'name': 'tempest-FloatingIPDetailsTestJSON-63974280-subnet', 'tenant_id': '60586ff2f0fc449dab2114d586b8fd94', 'network_id': '0aa399f7-23e6-4efc-ad1e-abcc37e80011', 'ip_version': 4, 'subnetpool_id': None, 'enable_dhcp': True, 'ipv6_ra_mode': None, 'ipv6_address_mode': None, 'gateway_ip': '192.168.128.1', 'cidr': '192.168.128.0/28', 'allocation_pools': [{'start': '192.168.128.2', 'end': '192.168.128.14'}], 'host_routes': [], 'dns_nameservers': [], 'description': '', 'router:external': False, 'service_types': [], 'tags': [], 'created_at': '2025-03-26T22:31:14Z', 'updated_at': '2025-03-26T22:31:14Z', 'revision_number': 0, 'project_id': '60586ff2f0fc449dab2114d586b8fd94'}, Router: {'id': 'dbd876c1-0503-44a2-8bdf-aefbb9f3c8a8', 'name': 'tempest-FloatingIPDetailsTestJSON-63974280-router', 'tenant_id': '60586ff2f0fc449dab2114d586b8fd94', 'admin_state_up': True, 'status': 'ACTIVE', 'external_gateway_info': {'network_id': 'dbc11d78-3ab2-4979-981d-eb948fe4d8d0', 'external_fixed_ips': [{'subnet_id': '4ff3efbd-5d90-4915-93b8-1ee19aa2d8e3', 'ip_address': '10.180.180.174'}], 'enable_snat': True}, 'description': '', 'availability_zones': [], 'distributed': False, 'ha': False, 'availability_zone_hints': [], 'routes': [], 'flavor_id': None, 'tags': [], 'created_at': '2025-03-26T22:31:14Z', 'updated_at': '2025-03-26T22:31:16Z', 'revision_number': 2, 'project_id': '60586ff2f0fc449dab2114d586b8fd94'}
2025-03-26 22:31:20.703 69499 INFO tempest.lib.common.rest_client [req-494f50a7-31a3-43bd-ac40-e0741d220041 req-494f50a7-31a3-43bd-ac40-e0741d220041 ] Request (ServerPasswordTestJSON:tearDownClass): 200 GET http://10.180.1.21/compute/v2.1/servers/30564b03-2531-4e50-b45d-db4208287a50 1.333s
2025-03-26 22:31:20.714 69499 INFO tempest.common.waiters [-] State transition "ACTIVE/deleting" ==> "DELETED/None" after 2 second wait
2025-03-26 22:31:20.764 69481 INFO tempest.lib.common.rest_client [req-78445714-9481-4553-8168-d3c0c7d2007d req-78445714-9481-4553-8168-d3c0c7d2007d ] Request (AttachInterfacesUnderV243Test:setUpClass): 201 POST http://10.180.1.21:9696/networking/v2.0/networks 0.832s
2025-03-26 22:31:20.779 69451 INFO tempest.lib.common.rest_client [req-70ea742a-1193-49af-968d-984821911cff req-70ea742a-1193-49af-968d-984821911cff ] Request (QuotasAdminTestJSON:_run_cleanups): 200 PUT http://10.180.1.21/compute/v2.1/os-quota-sets/1814dfc2fcd84230a3e44e5694e95de8 1.774s
2025-03-26 22:31:20.803 69483 INFO tempest.lib.common.rest_client [req-9aaea00d-cc6f-4df3-a22e-465038e77153 req-9aaea00d-cc6f-4df3-a22e-465038e77153 ] Request (FloatingIPDetailsTestJSON:setUpClass): 201 POST http://10.180.1.21/identity/v3/auth/tokens 0.100s
2025-03-26 22:31:20.817 69513 INFO tempest.lib.common.rest_client [req-bdd1f9d2-2ad5-4d50-a879-11624ac3eb93 req-bdd1f9d2-2ad5-4d50-a879-11624ac3eb93 ] Request (SecurityGroupsNegativeTestJSON:test_delete_security_group_without_passing_id): 404 DELETE http://10.180.1.21/compute/v2.1/os-security-groups/ 1.015s
2025-03-26 22:31:20.851 69509 INFO tempest.lib.common.rest_client [req-be96d49b-14ec-4e04-bcff-87181ffe1f54 req-be96d49b-14ec-4e04-bcff-87181ffe1f54 ] Request (AggregatesAdminNegativeTestJSON:test_aggregate_create_with_existent_aggregate_name): 200 POST http://10.180.1.21/compute/v2.1/os-aggregates 1.041s
2025-03-26 22:31:20.872 69511 INFO tempest.lib.common.rest_client [req-d535645f-811f-44ac-bd36-c937b402776a req-d535645f-811f-44ac-bd36-c937b402776a ] Request (ImagesNegativeTestJSON:test_create_image_from_deleted_server): 200 GET http://10.180.1.21/compute/v2.1/servers/915965e6-8e99-4879-942c-816914502865 1.205s
2025-03-26 22:31:20.885 69475 INFO tempest.lib.common.rest_client [req-166f940f-5f17-4a73-8eed-4e5a980151d5 req-166f940f-5f17-4a73-8eed-4e5a980151d5 ] Request (QuotasAdminTestV236:test_get_updated_quotas): 200 GET http://10.180.1.21/identity/v3/domains?name=Default 0.099s
2025-03-26 22:31:20.932 69475 INFO tempest.lib.common.rest_client [req-27443c02-fe55-41b5-9eda-27a1c9540fa8 req-27443c02-fe55-41b5-9eda-27a1c9540fa8 ] Request (QuotasAdminTestV236:test_get_updated_quotas): 201 POST http://10.180.1.21/identity/v3/projects 0.046s
2025-03-26 22:31:20.959 69473 INFO tempest.lib.common.rest_client [req-695e7dac-4e95-4db6-a3a1-14b17c43d72a req-695e7dac-4e95-4db6-a3a1-14b17c43d72a ] Request (NetworksTest:test_get_network): 200 GET http://10.180.1.21/compute/v2.1/os-networks/dbc11d78-3ab2-4979-981d-eb948fe4d8d0 1.108s
2025-03-26 22:31:20.970 69451 INFO tempest.lib.common.rest_client [req-0f17625d-dc26-44e8-a4ce-f66f03255a04 req-0f17625d-dc26-44e8-a4ce-f66f03255a04 ] Request (QuotasAdminTestJSON:tearDownClass): 204 DELETE http://10.180.1.21/identity/v3/users/e20e36fde8914926bb9ac6d5c6125064 0.187s
2025-03-26 22:31:20.981 69495 INFO tempest.lib.common.rest_client [req-429d7b0c-ab5c-4c20-b402-710afe5e0a2b req-429d7b0c-ab5c-4c20-b402-710afe5e0a2b ] Request (KeyPairsV22TestJSON:_run_cleanups): 204 DELETE http://10.180.1.21/compute/v2.1/os-keypairs/tempest-keypair-1880983730 0.914s
2025-03-26 22:31:21.054 69475 INFO tempest.lib.common.rest_client [req-d91c905b-6a5c-4b23-9dc4-2470b87e9a46 req-d91c905b-6a5c-4b23-9dc4-2470b87e9a46 ] Request (QuotasAdminTestV236:test_get_updated_quotas): 200 GET http://10.180.1.21/identity/v3/domains?name=Default 0.122s
2025-03-26 22:31:21.090 69457 INFO tempest.lib.common.rest_client [req-503f931a-5cf9-40ae-8dfb-18c777315a8d req-503f931a-5cf9-40ae-8dfb-18c777315a8d ] Request (ServersAdminTestJSON:setUpClass): 200 GET http://10.180.1.21/compute/v2.1/servers/33ebad73-fd83-4760-8b70-4abe260dad6d 1.159s
2025-03-26 22:31:21.091 69481 INFO tempest.lib.common.rest_client [req-5df13ed8-5c8d-4f91-a389-cb7f54297d73 req-5df13ed8-5c8d-4f91-a389-cb7f54297d73 ] Request (AttachInterfacesUnderV243Test:setUpClass): 201 POST http://10.180.1.21:9696/networking/v2.0/subnets 0.326s
2025-03-26 22:31:21.098 69451 INFO tempest.lib.common.rest_client [req-6f524f27-0576-48ed-9cfa-1668c4168b18 req-6f524f27-0576-48ed-9cfa-1668c4168b18 ] Request (QuotasAdminTestJSON:tearDownClass): 204 DELETE http://10.180.1.21/identity/v3/users/545d073d13fc4a37985419811dbc64b8 0.127s
2025-03-26 22:31:21.098 69451 INFO tempest.lib.common.dynamic_creds [-] Deleting project and security group for project: 1814dfc2fcd84230a3e44e5694e95de8
2025-03-26 22:31:21.097 69457 INFO tempest.common.waiters [-] State transition "BUILD/block_device_mapping" ==> "BUILD/spawning" after 20 second wait
2025-03-26 22:31:21.110 69489 INFO tempest.lib.common.rest_client [req-69b991a0-2470-4428-95b1-2596da8bbb54 req-69b991a0-2470-4428-95b1-2596da8bbb54 ] Request (FlavorsAdminTestJSON:test_create_list_flavor_without_extra_data): 200 POST http://10.180.1.21/compute/v2.1/flavors 1.013s
2025-03-26 22:31:21.178 69491 INFO tempest.lib.common.rest_client [req-b5011088-e6a5-47d9-9daa-3b9e53c37299 req-b5011088-e6a5-47d9-9daa-3b9e53c37299 ] Request (ImagesMetadataTestJSON:test_delete_image_metadata_item): 204 DELETE http://10.180.1.21/compute/v2.1/images/e61bbdb7-939e-49eb-b1e2-da312256394d/metadata/os_version 1.102s
2025-03-26 22:31:21.182 69488 INFO tempest.lib.common.rest_client [req-092b32f9-f089-4616-bef0-962ba064a1a9 req-092b32f9-f089-4616-bef0-962ba064a1a9 ] Request (ServerMetadataNegativeTestJSON:test_metadata_items_limit): 403 POST http://10.180.1.21/compute/v2.1/servers/b76c1786-1b06-4192-ba91-cdcf42280839/metadata 1.031s
2025-03-26 22:31:21.193 69485 INFO tempest.lib.common.rest_client [req-3b77700e-f851-4fc7-b1f6-a8ee289fe7d1 req-3b77700e-f851-4fc7-b1f6-a8ee289fe7d1 ] Request (HostsAdminNegativeTestJSON:test_reboot_host_with_non_admin_user): 403 GET http://10.180.1.21/compute/v2.1/os-hosts/devstack/reboot 0.912s
2025-03-26 22:31:21.209 69451 INFO tempest.lib.common.rest_client [req-7b8d3a23-0697-430b-80c3-c131f714dac2 req-7b8d3a23-0697-430b-80c3-c131f714dac2 ] Request (QuotasAdminTestJSON:tearDownClass): 201 POST http://10.180.1.21/identity/v3/auth/tokens 0.110s
2025-03-26 22:31:21.259 69488 INFO tempest.lib.common.rest_client [req-d34d5634-5a0f-4526-92cb-7383295bd272 req-d34d5634-5a0f-4526-92cb-7383295bd272 ] Request (ServerMetadataNegativeTestJSON:test_server_create_metadata_key_too_long): 201 POST http://10.180.1.21/identity/v3/auth/tokens 0.070s
2025-03-26 22:31:21.259 69488 INFO tempest.lib.common.fixed_network [-] (ServerMetadataNegativeTestJSON:test_server_create_metadata_key_too_long) Found network {'id': 'e575b857-a747-4c0d-8a21-e4ef44aa8706', 'name': 'tempest-ServerMetadataNegativeTestJSON-734214418-network', 'tenant_id': '5cb54de16f464ba2942303c7ec71fd67', 'admin_state_up': True, 'mtu': 8950, 'status': 'ACTIVE', 'subnets': [], 'shared': False, 'project_id': '5cb54de16f464ba2942303c7ec71fd67', 'port_security_enabled': True, 'router:external': False, 'provider:network_type': 'vlan', 'provider:physical_network': 'default', 'provider:segmentation_id': 84, 'availability_zone_hints': [], 'availability_zones': [], 'ipv4_address_scope': None, 'ipv6_address_scope': None, 'description': '', 'tags': [], 'created_at': '2025-03-26T22:30:46Z', 'updated_at': '2025-03-26T22:30:46Z', 'revision_number': 1} available for tenant
2025-03-26 22:31:21.442 69477 INFO tempest.lib.common.rest_client [req-b561a9da-96b7-416c-a344-fd35f55f1113 req-b561a9da-96b7-416c-a344-fd35f55f1113 ] Request (AttachInterfacesTestJSON:test_create_list_show_delete_interfaces_by_fixed_ip): 200 GET http://10.180.1.21/compute/v2.1/servers/be31b1a0-7ebd-40a5-a016-514f8bbdd18b 1.190s
2025-03-26 22:31:21.521 69451 INFO tempest.lib.common.rest_client [req-98d69cbd-abec-454f-94a5-6f63d797a26b req-98d69cbd-abec-454f-94a5-6f63d797a26b ] Request (QuotasAdminTestJSON:tearDownClass): 200 GET http://10.180.1.21:9696/networking/v2.0/security-groups?tenant_id=1814dfc2fcd84230a3e44e5694e95de8&name=default 0.312s
2025-03-26 22:31:21.627 69459 INFO tempest.lib.common.rest_client [req-2abe3f66-af58-47fb-96c5-b46e68957d21 req-2abe3f66-af58-47fb-96c5-b46e68957d21 ] Request (MigrationsAdminTest:test_list_migrations_in_flavor_resize_situation): 200 GET http://10.180.1.21/compute/v2.1/servers/a8db27a1-1b94-4552-a86b-60a0c641a542 1.340s
2025-03-26 22:31:21.681 69451 INFO tempest.lib.common.rest_client [req-e9dcdfab-460b-44e0-b01a-1151e597aebc req-e9dcdfab-460b-44e0-b01a-1151e597aebc ] Request (QuotasAdminTestJSON:tearDownClass): 204 DELETE http://10.180.1.21:9696/networking/v2.0/security-groups/c1f1046b-6eab-4097-a2a2-da15225f8b28 0.159s
2025-03-26 22:31:21.733 69497 INFO tempest.lib.common.rest_client [req-d4eca7d0-ef42-4611-a54f-53a560858699 req-d4eca7d0-ef42-4611-a54f-53a560858699 ] Request (ServersTestMultiNic:test_verify_duplicate_network_nics): 200 GET http://10.180.1.21/compute/v2.1/servers/63af3181-231c-45dd-9df8-915064dedcf2 1.373s
2025-03-26 22:31:21.778 69451 INFO tempest.lib.common.rest_client [req-b0d33a8f-90f3-40da-88fa-93278daff1f1 req-b0d33a8f-90f3-40da-88fa-93278daff1f1 ] Request (QuotasAdminTestJSON:tearDownClass): 204 DELETE http://10.180.1.21/identity/v3/projects/1814dfc2fcd84230a3e44e5694e95de8 0.096s
2025-03-26 22:31:21.778 69451 INFO tempest.lib.common.dynamic_creds [-] Deleting project and security group for project: 8fa70aa2b4f643098a9e8bc0b737650a
2025-03-26 22:31:21.821 69493 INFO tempest.lib.common.rest_client [req-275f3e50-358d-44f3-a9e0-dbb9ac1bf638 req-275f3e50-358d-44f3-a9e0-dbb9ac1bf638 ] Request (ServersWithSpecificFlavorTestJSON:test_verify_created_server_ephemeral_disk): 200 GET http://10.180.1.21/compute/v2.1/servers/1a593f41-970d-49b9-abee-2e2329d2f4ee 1.451s
2025-03-26 22:31:21.855 69455 INFO tempest.lib.common.rest_client [req-92e89515-4c80-49a0-a82b-38a5739bc97c req-92e89515-4c80-49a0-a82b-38a5739bc97c ] Request (KeyPairsNegativeTestJSON:test_create_keypair_when_public_key_bits_exceeds_maximum): 400 POST http://10.180.1.21/compute/v2.1/os-keypairs 1.436s
2025-03-26 22:31:21.878 69501 INFO tempest.lib.common.rest_client [req-cc0139a8-2b74-46a2-afd0-09e7d6ed0e12 req-cc0139a8-2b74-46a2-afd0-09e7d6ed0e12 ] Request (FlavorsV2TestJSON:test_list_flavors_filter_by_min_ram): 200 GET http://10.180.1.21/compute/v2.1/flavors?minRam=193 1.433s
2025-03-26 22:31:21.899 69507 INFO tempest.lib.common.rest_client [req-24616fe1-a4f1-4d9e-a6f9-2da6581cba47 req-24616fe1-a4f1-4d9e-a6f9-2da6581cba47 ] Request (ServerDiagnosticsNegativeTest:test_get_server_diagnostics_by_non_admin): 202 POST http://10.180.1.21/compute/v2.1/servers 1.552s
2025-03-26 22:31:21.939 69451 INFO tempest.lib.common.rest_client [req-a2416924-b6db-42c3-addf-785d87d1aa31 req-a2416924-b6db-42c3-addf-785d87d1aa31 ] Request (QuotasAdminTestJSON:tearDownClass): 200 GET http://10.180.1.21:9696/networking/v2.0/security-groups?tenant_id=8fa70aa2b4f643098a9e8bc0b737650a&name=default 0.161s
2025-03-26 22:31:21.958 69480 INFO tempest.lib.common.rest_client [req-af872d8f-9fc4-4efd-9552-a89138a6472f req-af872d8f-9fc4-4efd-9552-a89138a6472f ] Request (ServersAdmin275Test:test_rebuild_update_server_275): 200 GET http://10.180.1.21/compute/v2.1/servers/a9a518c5-99a2-467e-943a-57f4558d8d3c 1.508s
2025-03-26 22:31:22.040 69471 INFO tempest.lib.common.rest_client [req-9d99687e-1b3f-47c8-90e0-40de64868eab req-9d99687e-1b3f-47c8-90e0-40de64868eab ] Request (DeleteServersAdminTestJSON:test_admin_delete_servers_of_others): 200 GET http://10.180.1.21/compute/v2.1/servers/bbc9b308-81df-46f5-8ffb-f81ea8db54ad 1.411s
2025-03-26 22:31:22.052 69471 INFO tempest.common.waiters [-] State transition "ACTIVE/deleting" ==> "DELETED/None" after 3 second wait
2025-03-26 22:31:22.082 69461 INFO tempest.lib.common.rest_client [req-2387c907-4515-415a-adbe-bb273ed2266e req-2387c907-4515-415a-adbe-bb273ed2266e ] Request (SecurityGroupRulesTestJSON:setUpClass): 200 PUT http://10.180.1.21:9696/networking/v2.0/routers/28ff73ab-3024-4cc8-aa36-3729e81d0d36/add_router_interface 1.552s
2025-03-26 22:31:22.082 69461 INFO tempest.lib.common.dynamic_creds [-] Created isolated network resources for: credentials: Credentials: {'domain_id': 'default', 'domain_name': 'Default', 'username': 'tempest-SecurityGroupRulesTestJSON-779572617-project-member', 'project_domain_id': 'default', 'project_domain_name': 'Default', 'project_id': '48acf55f91cf4ea6818ac4e8ec45caed', 'project_name': 'tempest-SecurityGroupRulesTestJSON-779572617', 'tenant_id': '48acf55f91cf4ea6818ac4e8ec45caed', 'tenant_name': 'tempest-SecurityGroupRulesTestJSON-779572617', 'user_domain_id': 'default', 'user_domain_name': 'Default', 'user_id': '86834a163a3749ad88362b06e7be14cd', 'system': None}, Network: {'id': '32470f74-1ca7-448a-9372-3620c12907b2', 'name': 'tempest-SecurityGroupRulesTestJSON-572182751-network', 'tenant_id': '48acf55f91cf4ea6818ac4e8ec45caed', 'admin_state_up': True, 'mtu': 8950, 'status': 'ACTIVE', 'subnets': [], 'shared': False, 'project_id': '48acf55f91cf4ea6818ac4e8ec45caed', 'port_security_enabled': True, 'router:external': False, 'provider:network_type': 'vlan', 'provider:physical_network': 'default', 'provider:segmentation_id': 475, 'availability_zone_hints': [], 'availability_zones': [], 'ipv4_address_scope': None, 'ipv6_address_scope': None, 'description': '', 'tags': [], 'created_at': '2025-03-26T22:31:16Z', 'updated_at': '2025-03-26T22:31:16Z', 'revision_number': 1}, Subnet: {'id': 'c4df40aa-9462-4ba0-9ff4-c691ca91137f', 'name': 'tempest-SecurityGroupRulesTestJSON-572182751-subnet', 'tenant_id': '48acf55f91cf4ea6818ac4e8ec45caed', 'network_id': '32470f74-1ca7-448a-9372-3620c12907b2', 'ip_version': 4, 'subnetpool_id': None, 'enable_dhcp': True, 'ipv6_ra_mode': None, 'ipv6_address_mode': None, 'gateway_ip': '192.168.128.1', 'cidr': '192.168.128.0/28', 'allocation_pools': [{'start': '192.168.128.2', 'end': '192.168.128.14'}], 'host_routes': [], 'dns_nameservers': [], 'description': '', 'router:external': False, 'service_types': [], 'tags': [], 'created_at': '2025-03-26T22:31:17Z', 'updated_at': '2025-03-26T22:31:17Z', 'revision_number': 0, 'project_id': '48acf55f91cf4ea6818ac4e8ec45caed'}, Router: {'id': '28ff73ab-3024-4cc8-aa36-3729e81d0d36', 'name': 'tempest-SecurityGroupRulesTestJSON-572182751-router', 'tenant_id': '48acf55f91cf4ea6818ac4e8ec45caed', 'admin_state_up': True, 'status': 'ACTIVE', 'external_gateway_info': {'network_id': 'dbc11d78-3ab2-4979-981d-eb948fe4d8d0', 'external_fixed_ips': [{'subnet_id': '4ff3efbd-5d90-4915-93b8-1ee19aa2d8e3', 'ip_address': '10.180.180.184'}], 'enable_snat': True}, 'description': '', 'availability_zones': [], 'distributed': False, 'ha': False, 'availability_zone_hints': [], 'routes': [], 'flavor_id': None, 'tags': [], 'created_at': '2025-03-26T22:31:17Z', 'updated_at': '2025-03-26T22:31:19Z', 'revision_number': 2, 'project_id': '48acf55f91cf4ea6818ac4e8ec45caed'}
2025-03-26 22:31:22.089 69451 INFO tempest.lib.common.rest_client [req-d6f35cd6-cb6f-457c-a957-4af138d24165 req-d6f35cd6-cb6f-457c-a957-4af138d24165 ] Request (QuotasAdminTestJSON:tearDownClass): 204 DELETE http://10.180.1.21:9696/networking/v2.0/security-groups/d252b3a2-c990-4ea3-9c82-c8b6e51d257e 0.150s
2025-03-26 22:31:22.141 69467 INFO tempest.lib.common.rest_client [req-cfd3fca7-8a7d-4d76-9e0c-00c43fd411eb req-cfd3fca7-8a7d-4d76-9e0c-00c43fd411eb ] Request (FlavorsAccessNegativeTestJSON:test_flavor_non_admin_remove): 200 POST http://10.180.1.21/compute/v2.1/flavors/1601151983/action 1.652s
2025-03-26 22:31:22.219 69461 INFO tempest.lib.common.rest_client [req-0950c187-88ba-4ea9-ad6d-74426a024f09 req-0950c187-88ba-4ea9-ad6d-74426a024f09 ] Request (SecurityGroupRulesTestJSON:setUpClass): 201 POST http://10.180.1.21/identity/v3/auth/tokens 0.130s
2025-03-26 22:31:22.286 69451 INFO tempest.lib.common.rest_client [req-03a37de4-3bed-40ad-a4cb-766949ff4853 req-03a37de4-3bed-40ad-a4cb-766949ff4853 ] Request (QuotasAdminTestJSON:tearDownClass): 204 DELETE http://10.180.1.21/identity/v3/projects/8fa70aa2b4f643098a9e8bc0b737650a 0.196s
2025-03-26 22:31:22.370 69451 INFO tempest.lib.common.rest_client [req-14c97448-5c0d-4713-a931-a9f374c7d4d4 req-14c97448-5c0d-4713-a931-a9f374c7d4d4 ] Request (ImagesOneServerTestJSON:setUpClass): 201 POST http://10.180.1.21/identity/v3/auth/tokens 0.081s
2025-03-26 22:31:22.413 69451 INFO tempest.lib.common.rest_client [req-93bb77dc-f47d-4844-b306-676a2957382d req-93bb77dc-f47d-4844-b306-676a2957382d ] Request (ImagesOneServerTestJSON:setUpClass): 201 POST http://10.180.1.21/identity/v3/auth/tokens 0.040s
2025-03-26 22:31:22.468 69451 INFO tempest.lib.common.rest_client [req-95c65774-6055-450d-859e-bff990e2203f req-95c65774-6055-450d-859e-bff990e2203f ] Request (ImagesOneServerTestJSON:setUpClass): 200 GET http://10.180.1.21/identity/v3/domains?name=Default 0.051s
2025-03-26 22:31:22.504 69451 INFO tempest.lib.common.rest_client [req-cbf7525a-ea2d-4917-9bb7-c98db639da60 req-cbf7525a-ea2d-4917-9bb7-c98db639da60 ] Request (ImagesOneServerTestJSON:setUpClass): 201 POST http://10.180.1.21/identity/v3/projects 0.036s
2025-03-26 22:31:22.593 69451 INFO tempest.lib.common.rest_client [req-4cbe47e6-dfe5-4388-9073-181ee94120b4 req-4cbe47e6-dfe5-4388-9073-181ee94120b4 ] Request (ImagesOneServerTestJSON:setUpClass): 201 POST http://10.180.1.21/identity/v3/users 0.089s
2025-03-26 22:31:22.640 69451 INFO tempest.lib.common.rest_client [req-7634b4ae-349c-445e-aed0-7efb481d05d9 req-7634b4ae-349c-445e-aed0-7efb481d05d9 ] Request (ImagesOneServerTestJSON:setUpClass): 200 GET http://10.180.1.21/identity/v3/roles 0.046s
2025-03-26 22:31:22.661 69465 INFO tempest.lib.common.rest_client [req-8a35c0de-b263-4fae-862e-f14c5f75752e req-8a35c0de-b263-4fae-862e-f14c5f75752e ] Request (ImagesTestJSON:test_create_image_from_stopped_server): 202 POST http://10.180.1.21/compute/v2.1/servers 2.003s
2025-03-26 22:31:22.679 69451 INFO tempest.lib.common.rest_client [req-d33851a4-bd78-4d9d-8fcd-ffdc5d5d08f8 req-d33851a4-bd78-4d9d-8fcd-ffdc5d5d08f8 ] Request (ImagesOneServerTestJSON:setUpClass): 204 PUT http://10.180.1.21/identity/v3/projects/92b3b240a4244ca688706e0bad820d3d/users/1d3a62b17cdb4ee3a59e37c19ebd23ab/roles/f5d2ac61cf654c50bf6694de3ec136a6 0.038s
2025-03-26 22:31:22.679 69451 INFO tempest.lib.common.dynamic_creds [-] Dynamic test user 1d3a62b17cdb4ee3a59e37c19ebd23ab is created with scope project and roles: ['member']
2025-03-26 22:31:22.680 69451 INFO tempest.lib.common.dynamic_creds [-] Acquired dynamic creds: credentials: Credentials: {'domain_id': 'default', 'domain_name': 'Default', 'username': 'tempest-ImagesOneServerTestJSON-416143564-project-member', 'project_domain_id': 'default', 'project_domain_name': 'Default', 'project_id': '92b3b240a4244ca688706e0bad820d3d', 'project_name': 'tempest-ImagesOneServerTestJSON-416143564', 'tenant_id': '92b3b240a4244ca688706e0bad820d3d', 'tenant_name': 'tempest-ImagesOneServerTestJSON-416143564', 'user_domain_id': 'default', 'user_domain_name': 'Default', 'user_id': '1d3a62b17cdb4ee3a59e37c19ebd23ab', 'system': None}, Network: None, Subnet: None, Router: None
2025-03-26 22:31:22.755 69451 INFO tempest.lib.common.rest_client [req-df7008f4-24b2-4efa-af40-5efce589160a req-df7008f4-24b2-4efa-af40-5efce589160a ] Request (ImagesOneServerTestJSON:setUpClass): 201 POST http://10.180.1.21/identity/v3/auth/tokens 0.075s
2025-03-26 22:31:22.956 69513 INFO tempest.lib.common.rest_client [req-7bf9e387-ba46-4c22-9a0d-9f4d77c3d38a req-7bf9e387-ba46-4c22-9a0d-9f4d77c3d38a ] Request (SecurityGroupsNegativeTestJSON:test_delete_the_default_security_group): 200 GET http://10.180.1.21/compute/v2.1/os-security-groups 2.137s
2025-03-26 22:31:22.979 69509 INFO tempest.lib.common.rest_client [req-5a948462-9fe1-4efe-961b-e8c7ebeb67d6 req-5a948462-9fe1-4efe-961b-e8c7ebeb67d6 ] Request (AggregatesAdminNegativeTestJSON:test_aggregate_create_with_existent_aggregate_name): 409 POST http://10.180.1.21/compute/v2.1/os-aggregates 2.125s
2025-03-26 22:31:23.019 69481 INFO tempest.lib.common.rest_client [req-7f6ef42a-c8ed-481f-812d-4d4d345342f5 req-7f6ef42a-c8ed-481f-812d-4d4d345342f5 ] Request (AttachInterfacesUnderV243Test:setUpClass): 201 POST http://10.180.1.21:9696/networking/v2.0/routers 1.927s
2025-03-26 22:31:23.094 69463 INFO tempest.lib.common.rest_client [req-54ef68d2-9e72-48c6-b613-70984b748a58 req-54ef68d2-9e72-48c6-b613-70984b748a58 ] Request (ServerExternalEventsTest:tearDownClass): 200 GET http://10.180.1.21/compute/v2.1/servers/007fae21-4066-4ebd-abba-cd3eee7abb9d 2.156s
2025-03-26 22:31:23.132 69483 INFO tempest.lib.common.rest_client [req-eebb2c20-05d8-4960-a927-ebb2d4b8941d req-eebb2c20-05d8-4960-a927-ebb2d4b8941d ] Request (FloatingIPDetailsTestJSON:setUpClass): 200 POST http://10.180.1.21/compute/v2.1/os-floating-ips 2.327s
2025-03-26 22:31:23.209 69495 INFO tempest.lib.common.rest_client [req-b9e5e1ce-1c09-4970-ad62-db0238df8b24 req-b9e5e1ce-1c09-4970-ad62-db0238df8b24 ] Request (KeyPairsV22TestJSON:test_keypair_create_delete): 201 POST http://10.180.1.21/compute/v2.1/os-keypairs 2.226s
2025-03-26 22:31:23.301 69469 INFO tempest.lib.common.rest_client [req-3834c99d-1f4c-4637-b6df-b40590c6a6a9 req-3834c99d-1f4c-4637-b6df-b40590c6a6a9 ] Request (FloatingIPsAssociationTestJSON:setUpClass): 200 GET http://10.180.1.21/compute/v2.1/servers/c4ed826f-56bd-4482-b08f-468a90a6d5ef 2.302s
2025-03-26 22:31:23.313 69469 INFO tempest.common.waiters [-] State transition "BUILD/scheduling" ==> "BUILD/None" after 4 second wait
2025-03-26 22:31:23.389 69473 INFO tempest.lib.common.rest_client [req-455a58ae-69d7-4798-a14f-b285b629c290 req-455a58ae-69d7-4798-a14f-b285b629c290 ] Request (NetworksTest:test_list_all_networks): 200 GET http://10.180.1.21/compute/v2.1/os-networks 2.429s
2025-03-26 22:31:23.481 69473 INFO tempest.lib.common.rest_client [req-9504d51c-d719-4fc8-a9f6-1ffd8cea13ad req-9504d51c-d719-4fc8-a9f6-1ffd8cea13ad ] Request (NetworksTest:tearDownClass): 204 DELETE http://10.180.1.21/identity/v3/users/812af4c3258d43baac1d74d8dc4aeede 0.086s
2025-03-26 22:31:23.570 69473 INFO tempest.lib.common.rest_client [req-293a9850-44c0-41e5-8563-42dacb12a58a req-293a9850-44c0-41e5-8563-42dacb12a58a ] Request (NetworksTest:tearDownClass): 204 DELETE http://10.180.1.21/identity/v3/users/df702917ee884845a19e107b30bb0f55 0.088s
2025-03-26 22:31:23.572 69473 INFO tempest.lib.common.dynamic_creds [-] Deleting project and security group for project: ad5a391b5bf848ab982e87c694b3ceb9
2025-03-26 22:31:23.620 69475 INFO tempest.lib.common.rest_client [req-5b784d33-c840-436c-b7f7-8e3ae4b4aea4 req-5b784d33-c840-436c-b7f7-8e3ae4b4aea4 ] Request (QuotasAdminTestV236:test_get_updated_quotas): 200 PUT http://10.180.1.21/compute/v2.1/os-quota-sets/da65bee77a674626a328aacb2801aa93 2.565s
2025-03-26 22:31:23.640 69489 INFO tempest.lib.common.rest_client [req-a8fabfe9-a301-473d-bbba-bfdd87728cd5 req-a8fabfe9-a301-473d-bbba-bfdd87728cd5 ] Request (FlavorsAdminTestJSON:test_create_list_flavor_without_extra_data): 200 GET http://10.180.1.21/compute/v2.1/flavors/762701897 2.527s
2025-03-26 22:31:23.646 69473 INFO tempest.lib.common.rest_client [req-3cf400df-9b8c-4538-8642-da0887e0e5ca req-3cf400df-9b8c-4538-8642-da0887e0e5ca ] Request (NetworksTest:tearDownClass): 201 POST http://10.180.1.21/identity/v3/auth/tokens 0.074s
2025-03-26 22:31:23.674 69503 INFO tempest.lib.common.rest_client [req-00070174-4903-4d6b-b94d-c4e571cef213 req-00070174-4903-4d6b-b94d-c4e571cef213 ] Request (VolumesAssistedSnapshotsTest:test_volume_assisted_snapshot_create_delete): 200 GET http://10.180.1.21/compute/v2.1/servers/ada1d08c-09a0-4682-ba11-1c6cd5e78f92 2.608s
2025-03-26 22:31:23.682 69491 INFO tempest.lib.common.rest_client [req-cda4d958-e9e7-4c39-88ed-534d3dfd77d1 req-cda4d958-e9e7-4c39-88ed-534d3dfd77d1 ] Request (ImagesMetadataTestJSON:test_delete_image_metadata_item): 200 GET http://10.180.1.21/compute/v2.1/images/e61bbdb7-939e-49eb-b1e2-da312256394d/metadata 2.504s
2025-03-26 22:31:23.685 69503 INFO tempest.common.waiters [-] State transition "BUILD/None" ==> "BUILD/block_device_mapping" after 14 second wait
2025-03-26 22:31:23.689 69485 INFO tempest.lib.common.rest_client [req-5080087a-2f47-456d-8ebe-ca57702a9ff4 req-5080087a-2f47-456d-8ebe-ca57702a9ff4 ] Request (HostsAdminNegativeTestJSON:test_reboot_nonexistent_host): 404 GET http://10.180.1.21/compute/v2.1/os-hosts/nonexistent_hostname/reboot 2.494s
2025-03-26 22:31:23.691 69488 INFO tempest.lib.common.rest_client [req-73282ee5-59bd-41f5-8882-a3e58321aa9a req-73282ee5-59bd-41f5-8882-a3e58321aa9a ] Request (ServerMetadataNegativeTestJSON:test_server_create_metadata_key_too_long): 400 POST http://10.180.1.21/compute/v2.1/servers 2.431s
2025-03-26 22:31:23.766 69488 INFO tempest.lib.common.rest_client [req-3d1e3114-aca0-432a-b268-0f66d0fe527f req-3d1e3114-aca0-432a-b268-0f66d0fe527f ] Request (ServerMetadataNegativeTestJSON:test_server_create_metadata_key_too_long): 201 POST http://10.180.1.21/identity/v3/auth/tokens 0.072s
2025-03-26 22:31:23.767 69488 INFO tempest.lib.common.fixed_network [-] (ServerMetadataNegativeTestJSON:test_server_create_metadata_key_too_long) Found network {'id': 'e575b857-a747-4c0d-8a21-e4ef44aa8706', 'name': 'tempest-ServerMetadataNegativeTestJSON-734214418-network', 'tenant_id': '5cb54de16f464ba2942303c7ec71fd67', 'admin_state_up': True, 'mtu': 8950, 'status': 'ACTIVE', 'subnets': [], 'shared': False, 'project_id': '5cb54de16f464ba2942303c7ec71fd67', 'port_security_enabled': True, 'router:external': False, 'provider:network_type': 'vlan', 'provider:physical_network': 'default', 'provider:segmentation_id': 84, 'availability_zone_hints': [], 'availability_zones': [], 'ipv4_address_scope': None, 'ipv6_address_scope': None, 'description': '', 'tags': [], 'created_at': '2025-03-26T22:30:46Z', 'updated_at': '2025-03-26T22:30:46Z', 'revision_number': 1} available for tenant
2025-03-26 22:31:23.771 69451 INFO tempest.lib.common.rest_client [req-f30a1a26-353b-47dd-b3b3-0baaaad9bc88 req-f30a1a26-353b-47dd-b3b3-0baaaad9bc88 ] Request (ImagesOneServerTestJSON:setUpClass): 201 POST http://10.180.1.21:9696/networking/v2.0/networks 1.016s
2025-03-26 22:31:23.790 69453 INFO tempest.lib.common.rest_client [req-825cfc8f-6f1f-44ed-8643-0e86fee3c95c req-825cfc8f-6f1f-44ed-8643-0e86fee3c95c ] Request (ServersListShow2100Test:test_list_show_rebuild_update_server_2100): 200 GET http://10.180.1.21/compute/v2.1/servers/e7d034d2-6455-43c8-9629-70ca597034c8 2.309s
2025-03-26 22:31:23.805 69453 INFO tempest.common.waiters [-] State transition "BUILD/spawning" ==> "ACTIVE/None" after 25 second wait
2025-03-26 22:31:23.878 69499 INFO tempest.lib.common.rest_client [req-9362a153-9742-499e-9dcc-545aafa6f85a req-9362a153-9742-499e-9dcc-545aafa6f85a ] Request (ServerPasswordTestJSON:tearDownClass): 200 GET http://10.180.1.21/compute/v2.1/servers/30564b03-2531-4e50-b45d-db4208287a50 2.163s
2025-03-26 22:31:23.922 69505 INFO tempest.lib.common.rest_client [req-2a71e716-5928-4934-be49-682d1141cb46 req-2a71e716-5928-4934-be49-682d1141cb46 ] Request (ImagesOneServerNegativeTestJSON:setUpClass): 200 GET http://10.180.1.21/compute/v2.1/servers/b8a662b3-7def-4644-8ed4-4e767b3c7d99 2.339s
2025-03-26 22:31:23.926 69455 INFO tempest.lib.common.rest_client [req-c7767be1-a81d-47a0-bb32-45f9f6f8da02 req-c7767be1-a81d-47a0-bb32-45f9f6f8da02 ] Request (KeyPairsNegativeTestJSON:test_create_keypair_with_duplicate_name): 200 POST http://10.180.1.21/compute/v2.1/os-keypairs 2.068s
2025-03-26 22:31:23.931 69505 INFO tempest.common.waiters [-] State transition "BUILD/networking" ==> "BUILD/spawning" after 16 second wait
2025-03-26 22:31:23.937 69501 INFO tempest.lib.common.rest_client [req-d9a34c99-7d37-4493-861d-51405c25c61c req-d9a34c99-7d37-4493-861d-51405c25c61c ] Request (FlavorsV2TestJSON:test_list_flavors_limit_results): 200 GET http://10.180.1.21/compute/v2.1/flavors?limit=1 2.054s
2025-03-26 22:31:23.981 69473 INFO tempest.lib.common.rest_client [req-ff3669e2-87b2-45ef-951c-cb2610bff423 req-ff3669e2-87b2-45ef-951c-cb2610bff423 ] Request (NetworksTest:tearDownClass): 200 GET http://10.180.1.21:9696/networking/v2.0/security-groups?tenant_id=ad5a391b5bf848ab982e87c694b3ceb9&name=default 0.335s
2025-03-26 22:31:24.002 69511 INFO tempest.lib.common.rest_client [req-b55de23e-f949-4ba8-83e0-c58467b870a3 req-b55de23e-f949-4ba8-83e0-c58467b870a3 ] Request (ImagesNegativeTestJSON:test_create_image_from_deleted_server): 200 GET http://10.180.1.21/compute/v2.1/servers/915965e6-8e99-4879-942c-816914502865 2.111s
2025-03-26 22:31:24.002 69507 INFO tempest.lib.common.rest_client [req-a6f5c066-4840-41c8-b8c8-33e378b1defd req-a6f5c066-4840-41c8-b8c8-33e378b1defd ] Request (ServerDiagnosticsNegativeTest:test_get_server_diagnostics_by_non_admin): 200 GET http://10.180.1.21/compute/v2.1/servers/0e2e54bd-53c1-4621-8f02-c4e2d553967f 2.101s
2025-03-26 22:31:24.011 69467 INFO tempest.lib.common.rest_client [req-94529540-dcd0-46d2-a819-032cb2a357cf req-94529540-dcd0-46d2-a819-032cb2a357cf ] Request (FlavorsAccessNegativeTestJSON:test_flavor_non_admin_remove): 403 POST http://10.180.1.21/compute/v2.1/flavors/1601151983/action 1.868s
2025-03-26 22:31:24.183 69473 INFO tempest.lib.common.rest_client [req-2a002b42-d028-452d-8fae-9f3022a22814 req-2a002b42-d028-452d-8fae-9f3022a22814 ] Request (NetworksTest:tearDownClass): 204 DELETE http://10.180.1.21:9696/networking/v2.0/security-groups/22bc4947-945e-40c0-a19b-d4af654a0bbd 0.201s
2025-03-26 22:31:24.214 69451 INFO tempest.lib.common.rest_client [req-e7e3e4a9-f85e-46c2-aac0-fa275742ceb0 req-e7e3e4a9-f85e-46c2-aac0-fa275742ceb0 ] Request (ImagesOneServerTestJSON:setUpClass): 201 POST http://10.180.1.21:9696/networking/v2.0/subnets 0.441s
2025-03-26 22:31:24.224 69457 INFO tempest.lib.common.rest_client [req-69c1b4ac-7788-4f45-b7e9-8b81f1a2d2b6 req-69c1b4ac-7788-4f45-b7e9-8b81f1a2d2b6 ] Request (ServersAdminTestJSON:setUpClass): 200 GET http://10.180.1.21/compute/v2.1/servers/33ebad73-fd83-4760-8b70-4abe260dad6d 2.122s
2025-03-26 22:31:24.282 69473 INFO tempest.lib.common.rest_client [req-3be8c3b7-6f28-471c-a08a-5fddb83dfbdd req-3be8c3b7-6f28-471c-a08a-5fddb83dfbdd ] Request (NetworksTest:tearDownClass): 204 DELETE http://10.180.1.21/identity/v3/projects/ad5a391b5bf848ab982e87c694b3ceb9 0.099s
2025-03-26 22:31:24.283 69473 INFO tempest.lib.common.dynamic_creds [-] Deleting project and security group for project: 7bee9131f98e4bb194ceb8c1b1b1d763
2025-03-26 22:31:24.430 69461 INFO tempest.lib.common.rest_client [req-77ebae9e-2104-4bc4-9856-0483b9b76499 req-77ebae9e-2104-4bc4-9856-0483b9b76499 ] Request (SecurityGroupRulesTestJSON:test_security_group_rules_create): 200 POST http://10.180.1.21/compute/v2.1/os-security-groups 2.206s
2025-03-26 22:31:24.474 69477 INFO tempest.lib.common.rest_client [req-bb1e14e3-f50a-467b-a3ef-7ae89eb20e8a req-bb1e14e3-f50a-467b-a3ef-7ae89eb20e8a ] Request (AttachInterfacesTestJSON:test_create_list_show_delete_interfaces_by_fixed_ip): 200 GET http://10.180.1.21/compute/v2.1/servers/be31b1a0-7ebd-40a5-a016-514f8bbdd18b 2.019s
2025-03-26 22:31:24.495 69473 INFO tempest.lib.common.rest_client [req-72285546-a77b-43f1-acc3-206001197c81 req-72285546-a77b-43f1-acc3-206001197c81 ] Request (NetworksTest:tearDownClass): 200 GET http://10.180.1.21:9696/networking/v2.0/security-groups?tenant_id=7bee9131f98e4bb194ceb8c1b1b1d763&name=default 0.212s
2025-03-26 22:31:24.552 69465 INFO tempest.lib.common.rest_client [req-af6d35ec-7e05-4995-9030-a97f3260054b req-af6d35ec-7e05-4995-9030-a97f3260054b ] Request (ImagesTestJSON:test_create_image_from_stopped_server): 200 GET http://10.180.1.21/compute/v2.1/servers/252b5ecb-6b62-4456-acfc-991572db2019 1.889s
2025-03-26 22:31:24.582 69459 INFO tempest.lib.common.rest_client [req-c6ade746-8b75-4fa7-859d-00d184f25e2f req-c6ade746-8b75-4fa7-859d-00d184f25e2f ] Request (MigrationsAdminTest:test_list_migrations_in_flavor_resize_situation): 200 GET http://10.180.1.21/compute/v2.1/servers/a8db27a1-1b94-4552-a86b-60a0c641a542 1.947s
