2025-03-26 22:31:50.084 69455 INFO tempest.lib.common.rest_client [req-0ea510ff-8e23-4cb0-a9f8-a06c140432a9 req-0ea510ff-8e23-4cb0-a9f8-a06c140432a9 ] Request (VolumesNegativeTest:tearDownClass): 204 DELETE http://10.180.1.21/identity/v3/projects/7fa450743207463cafbc479c1c17e56b 0.073s
2025-03-26 22:31:50.096 69459 INFO tempest.lib.common.rest_client [req-5b205923-cef3-4e82-8d2f-3bc544a4b226 req-5b205923-cef3-4e82-8d2f-3bc544a4b226 ] Request (MigrationsAdminTest:test_list_migrations_in_flavor_resize_situation): 200 GET http://10.180.1.21/compute/v2.1/servers/a8db27a1-1b94-4552-a86b-60a0c641a542 1.222s
2025-03-26 22:31:50.119 69471 INFO tempest.lib.common.rest_client [req-4338e9db-2016-4bb9-8411-4ed83d345da8 req-4338e9db-2016-4bb9-8411-4ed83d345da8 ] Request (DeleteServersAdminTestJSON:test_delete_server_while_in_error_state): 200 GET http://10.180.1.21/compute/v2.1/servers/f6adedce-4418-4f1e-a049-6d6b19ffcfd3 1.115s
2025-03-26 22:31:50.133 69471 INFO tempest.common.waiters [-] State transition "BUILD/scheduling" ==> "BUILD/None" after 9 second wait
2025-03-26 22:31:50.153 69509 INFO tempest.lib.common.rest_client [req-95b1cf82-0c73-4aa2-ad25-11fca2bbe1d3 req-95b1cf82-0c73-4aa2-ad25-11fca2bbe1d3 ] Request (AggregatesAdminNegativeTestJSON:test_aggregate_remove_nonexistent_host): 404 POST http://10.180.1.21/compute/v2.1/os-aggregates/8/action 1.043s
2025-03-26 22:31:50.197 69489 INFO tempest.lib.common.rest_client [req-e33f5090-51ef-4279-b2a4-6fff0ebc343f req-e33f5090-51ef-4279-b2a4-6fff0ebc343f ] Request (FlavorsAdminTestJSON:test_is_public_string_variations): 200 GET http://10.180.1.21/compute/v2.1/flavors/detail?is_public=1 1.018s
2025-03-26 22:31:50.220 69480 INFO tempest.lib.common.rest_client [req-873f76a8-1d1d-42bb-92e3-df31ce294511 req-873f76a8-1d1d-42bb-92e3-df31ce294511 ] Request (ServersAdmin275Test:tearDownClass): 200 GET http://10.180.1.21/compute/v2.1/servers/a9a518c5-99a2-467e-943a-57f4558d8d3c 1.133s
2025-03-26 22:31:50.304 69453 INFO tempest.lib.common.rest_client [req-753ad559-d2cb-4f30-9c03-2a364ca5ce18 req-753ad559-d2cb-4f30-9c03-2a364ca5ce18 ] Request (ServersListShow2100Test:tearDownClass): 200 GET http://10.180.1.21/compute/v2.1/servers/e7d034d2-6455-43c8-9629-70ca597034c8 0.966s
2025-03-26 22:31:50.309 69475 INFO tempest.lib.common.rest_client [req-04d066d2-ebf6-4655-8c83-c11a2731bdef req-04d066d2-ebf6-4655-8c83-c11a2731bdef ] Request (ServerDiagnosticsTest:test_get_server_diagnostics): 200 GET http://10.180.1.21/compute/v2.1/servers/0c0eac8a-3ea3-44bc-8101-bee23396202d 0.898s
2025-03-26 22:31:50.316 69453 INFO tempest.common.waiters [-] State transition "ACTIVE/deleting" ==> "DELETED/None" after 4 second wait
2025-03-26 22:31:50.345 69461 INFO tempest.lib.common.rest_client [req-7c74ec87-041c-4907-a980-c9925dcbae2f req-7c74ec87-041c-4907-a980-c9925dcbae2f ] Request (SecurityGroupRulesTestJSON:test_security_group_rules_list): 200 GET http://10.180.1.21/compute/v2.1/os-security-groups/ee12f051-b299-490f-9488-5eed5455b3e7 0.927s
2025-03-26 22:31:50.359 69495 INFO tempest.lib.common.rest_client [req-d19eb8a2-4555-4bd6-b8fe-35c679625a02 req-d19eb8a2-4555-4bd6-b8fe-35c679625a02 ] Request (KeyPairsV22TestJSON:test_keypairsv22_create_list_show_with_type): 200 GET http://10.180.1.21/compute/v2.1/os-keypairs 0.804s
2025-03-26 22:31:50.364 69467 INFO tempest.lib.common.rest_client [req-911cc7cb-e0d4-43d2-9ff8-5a52316b4b29 req-911cc7cb-e0d4-43d2-9ff8-5a52316b4b29 ] Request (InstanceUsageAuditLogNegativeTestJSON:test_instance_usage_audit_logs_with_nonadmin_user): 403 GET http://10.180.1.21/compute/v2.1/os-instance_usage_audit_log/2025-03-26%2022%3A31%3A49 0.675s
2025-03-26 22:31:50.385 69481 INFO tempest.lib.common.rest_client [req-3cf965bb-c63d-41da-9d24-35a4d04944cc req-3cf965bb-c63d-41da-9d24-35a4d04944cc ] Request (AttachInterfacesUnderV243Test:test_add_remove_fixed_ip): 200 GET http://10.180.1.21/compute/v2.1/servers/14000aa9-bfa5-488a-bcfb-4771792c5ce1 0.836s
2025-03-26 22:31:50.477 69491 INFO tempest.lib.common.rest_client [req-8eea1fcf-11b9-4e7f-a8f1-2d142c223537 req-8eea1fcf-11b9-4e7f-a8f1-2d142c223537 ] Request (ListImageFiltersTestJSON:setUpClass): 204 PUT http://10.180.1.21/image/v2/images/2b99e625-2ce9-4751-a20a-3399d9bb4a7a/file 0.792s
2025-03-26 22:31:50.499 69467 INFO tempest.lib.common.rest_client [req-f85df2c1-4d4e-49b5-bab5-2475a3bf38a8 req-f85df2c1-4d4e-49b5-bab5-2475a3bf38a8 ] Request (InstanceUsageAuditLogNegativeTestJSON:tearDownClass): 204 DELETE http://10.180.1.21/identity/v3/users/ffdf0e8b57914126ba3287713c8d22ab 0.134s
2025-03-26 22:31:50.504 69507 INFO tempest.lib.common.rest_client [req-41aaaca5-0aa4-42d5-9b65-0cef40d03979 req-41aaaca5-0aa4-42d5-9b65-0cef40d03979 ] Request (ServerDiagnosticsNegativeTest:test_get_server_diagnostics_by_non_admin): 200 GET http://10.180.1.21/compute/v2.1/servers/0e2e54bd-53c1-4621-8f02-c4e2d553967f 0.777s
2025-03-26 22:31:50.512 69503 WARNING tempest.lib.common.ssh [-] Failed to establish authenticated ssh connection to cirros@10.180.180.182 ([Errno None] Unable to connect to port 22 on 10.180.180.182). Number attempts: 2. Retry after 3 seconds.: paramiko.ssh_exception.NoValidConnectionsError: [Errno None] Unable to connect to port 22 on 10.180.180.182
2025-03-26 22:31:50.562 69473 INFO tempest.lib.common.rest_client [req-f5df2d24-10fa-47bd-b907-23c865a588e5 req-f5df2d24-10fa-47bd-b907-23c865a588e5 ] Request (ServersTestManualDisk:setUpClass): 200 GET http://10.180.1.21/compute/v2.1/servers/0a4dfc9a-3000-492a-80c3-1f379e14ecc9 0.722s
2025-03-26 22:31:50.597 69467 INFO tempest.lib.common.rest_client [req-8b7c0666-d14c-4b48-9920-b5ae83c63bc8 req-8b7c0666-d14c-4b48-9920-b5ae83c63bc8 ] Request (InstanceUsageAuditLogNegativeTestJSON:tearDownClass): 204 DELETE http://10.180.1.21/identity/v3/users/9e155e2003144b9b8da4f6eaa283b57e 0.097s
2025-03-26 22:31:50.597 69467 INFO tempest.lib.common.dynamic_creds [-] Deleting project and security group for project: ab6bf090b30242d2a20654ac8e259fa5
2025-03-26 22:31:50.607 69497 INFO tempest.lib.common.rest_client [req-8aa15c43-0c3c-4a87-93cd-8dd0b1960cb8 req-8aa15c43-0c3c-4a87-93cd-8dd0b1960cb8 ] Request (ServersTestMultiNic:test_verify_duplicate_network_nics): 200 GET http://10.180.1.21/compute/v2.1/servers/63af3181-231c-45dd-9df8-915064dedcf2/ips 0.738s
2025-03-26 22:31:50.655 69467 INFO tempest.lib.common.rest_client [req-1494cd94-1001-44c2-8e22-a7918808f010 req-1494cd94-1001-44c2-8e22-a7918808f010 ] Request (InstanceUsageAuditLogNegativeTestJSON:tearDownClass): 201 POST http://10.180.1.21/identity/v3/auth/tokens 0.058s
2025-03-26 22:31:50.700 69465 INFO tempest.lib.common.rest_client [req-3a6c66e0-dc5c-4b67-b135-abf8da0f0da5 req-3a6c66e0-dc5c-4b67-b135-abf8da0f0da5 ] Request (ImagesTestJSON:test_create_image_from_stopped_server): 200 GET http://10.180.1.21/compute/v2.1/servers/252b5ecb-6b62-4456-acfc-991572db2019 0.812s
2025-03-26 22:31:50.752 69513 INFO tempest.lib.common.rest_client [req-91673c90-c175-4655-932d-0f2b18142d0a req-91673c90-c175-4655-932d-0f2b18142d0a ] Request (ServerActionsTestOtherA:setUpClass): 200 GET http://10.180.1.21/compute/v2.1/servers/1e47a344-182a-4cab-bcab-c862dd68116a 0.837s
2025-03-26 22:31:50.812 69483 INFO tempest.lib.common.rest_client [req-e27885b7-9cc5-4a15-89c3-2f7b7ca5e5a3 req-e27885b7-9cc5-4a15-89c3-2f7b7ca5e5a3 ] Request (ServersTestFqdnHostnames:setUpClass): 201 POST http://10.180.1.21:9696/networking/v2.0/routers 1.873s
2025-03-26 22:31:50.815 69457 INFO tempest.lib.common.rest_client [req-0e0a520c-fa55-481d-98bc-226c57d36933 req-0e0a520c-fa55-481d-98bc-226c57d36933 ] Request (ServersAdminTestJSON:test_create_server_with_scheduling_hint): 200 GET http://10.180.1.21/compute/v2.1/servers/01d15ded-514c-4e1e-8283-7e0b54518888 0.870s
2025-03-26 22:31:50.908 69488 INFO tempest.lib.common.rest_client [req-806be494-8178-485d-b013-68c5198521b0 req-806be494-8178-485d-b013-68c5198521b0 ] Request (ServerMetadataNegativeTestJSON:tearDownClass): 200 GET http://10.180.1.21/compute/v2.1/servers/b76c1786-1b06-4192-ba91-cdcf42280839 0.931s
2025-03-26 22:31:50.916 69467 INFO tempest.lib.common.rest_client [req-0fd469fe-58fb-4fd4-9910-59a842d5fb74 req-0fd469fe-58fb-4fd4-9910-59a842d5fb74 ] Request (InstanceUsageAuditLogNegativeTestJSON:tearDownClass): 200 GET http://10.180.1.21:9696/networking/v2.0/security-groups?tenant_id=ab6bf090b30242d2a20654ac8e259fa5&name=default 0.260s
2025-03-26 22:31:51.102 69505 INFO tempest.lib.common.rest_client [req-6e5bba37-09e5-4f3f-89f1-9b62c80ebb64 req-6e5bba37-09e5-4f3f-89f1-9b62c80ebb64 ] Request (ImagesOneServerNegativeTestJSON:setUp): 200 GET http://10.180.1.21/compute/v2.1/servers/b8a662b3-7def-4644-8ed4-4e767b3c7d99 1.092s
2025-03-26 22:31:51.108 69485 INFO tempest.lib.common.rest_client [req-7eb57bd4-1567-45f7-82ed-b00ce6d1223b req-7eb57bd4-1567-45f7-82ed-b00ce6d1223b ] Request (InstanceActionsTestJSON:setUpClass): 202 POST http://10.180.1.21/compute/v2.1/servers 1.317s
2025-03-26 22:31:51.135 69467 INFO tempest.lib.common.rest_client [req-36431e9f-558d-4408-8431-83d60fad7503 req-36431e9f-558d-4408-8431-83d60fad7503 ] Request (InstanceUsageAuditLogNegativeTestJSON:tearDownClass): 204 DELETE http://10.180.1.21:9696/networking/v2.0/security-groups/1f9ddf28-3cad-4b0c-b44f-f803d0a6ab3f 0.218s
2025-03-26 22:31:51.138 69509 INFO tempest.lib.common.rest_client [req-3f74f968-a5ec-45ff-99c3-146558d6dda1 req-3f74f968-a5ec-45ff-99c3-146558d6dda1 ] Request (AggregatesAdminNegativeTestJSON:_run_cleanups): 200 DELETE http://10.180.1.21/compute/v2.1/os-aggregates/8 0.984s
2025-03-26 22:31:51.172 69489 INFO tempest.lib.common.rest_client [req-7f58cd35-1f3c-4505-b203-9971d51e7339 req-7f58cd35-1f3c-4505-b203-9971d51e7339 ] Request (FlavorsAdminTestJSON:_run_cleanups): 202 DELETE http://10.180.1.21/compute/v2.1/flavors/102994356 0.966s
2025-03-26 22:31:51.256 69467 INFO tempest.lib.common.rest_client [req-1348933a-7f79-4c52-9666-5e435fecada0 req-1348933a-7f79-4c52-9666-5e435fecada0 ] Request (InstanceUsageAuditLogNegativeTestJSON:tearDownClass): 204 DELETE http://10.180.1.21/identity/v3/projects/ab6bf090b30242d2a20654ac8e259fa5 0.120s
2025-03-26 22:31:51.256 69467 INFO tempest.lib.common.dynamic_creds [-] Deleting project and security group for project: dad44091f0ba44d88b06043a3e128085
2025-03-26 22:31:51.288 69509 INFO tempest.lib.common.rest_client [req-459811e2-100f-4b17-b2d2-dc0bde432934 req-459811e2-100f-4b17-b2d2-dc0bde432934 ] Request (AggregatesAdminNegativeTestJSON:tearDownClass): 204 DELETE http://10.180.1.21/identity/v3/users/1bfe5d9b41dc4e68b37d34237e661ff9 0.148s
2025-03-26 22:31:51.296 69501 INFO tempest.lib.common.rest_client [req-19003976-17ef-4c03-a8e8-0502877b90cd req-19003976-17ef-4c03-a8e8-0502877b90cd ] Request (ServerActionsTestOtherB:setUpClass): 200 GET http://10.180.1.21/compute/v2.1/servers/b6741e4d-c5dc-4bc7-b8c4-1832a6f14894 1.048s
2025-03-26 22:31:51.323 69493 INFO tempest.lib.common.rest_client [req-b47647e5-8bf3-4d54-a124-01f7ccf06f13 req-b47647e5-8bf3-4d54-a124-01f7ccf06f13 ] Request (ServersWithSpecificFlavorTestJSON:test_verify_created_server_ephemeral_disk): 200 GET http://10.180.1.21/compute/v2.1/servers/1a593f41-970d-49b9-abee-2e2329d2f4ee 1.230s
2025-03-26 22:31:51.334 69493 INFO tempest.common.waiters [-] State transition "BUILD/spawning" ==> "ACTIVE/None" after 32 second wait
2025-03-26 22:31:51.345 69495 INFO tempest.lib.common.rest_client [req-6227d9e1-8760-4dbc-84fe-f563f2afcc4c req-6227d9e1-8760-4dbc-84fe-f563f2afcc4c ] Request (KeyPairsV22TestJSON:_run_cleanups): 204 DELETE http://10.180.1.21/compute/v2.1/os-keypairs/tempest-keypair-1873271340 0.985s
2025-03-26 22:31:51.395 69491 INFO tempest.lib.common.rest_client [req-63d45e04-e21f-44d1-81e7-90f8715f0200 req-63d45e04-e21f-44d1-81e7-90f8715f0200 ] Request (ListImageFiltersTestJSON:setUpClass): 200 GET http://10.180.1.21/compute/v2.1/images/2b99e625-2ce9-4751-a20a-3399d9bb4a7a 0.916s
2025-03-26 22:31:51.474 69495 INFO tempest.lib.common.rest_client [req-0e7d7255-3211-4a0e-a32c-097fe5d77332 req-0e7d7255-3211-4a0e-a32c-097fe5d77332 ] Request (KeyPairsV22TestJSON:tearDownClass): 204 DELETE http://10.180.1.21/identity/v3/users/192184d5b4b04ceca0516482f7da4741 0.127s
2025-03-26 22:31:51.475 69495 INFO tempest.lib.common.dynamic_creds [-] Deleting project and security group for project: ae0f2b5a77774f219426667ce2b704aa
2025-03-26 22:31:51.478 69463 INFO tempest.lib.common.rest_client [req-41a9bbad-72b6-4788-a9d2-79f4889350d6 req-41a9bbad-72b6-4788-a9d2-79f4889350d6 ] Request (FloatingIPsAssociationNegativeTestJSON:setUpClass): 200 GET http://10.180.1.21/compute/v2.1/servers/e583638b-7964-43d0-93c0-8545478c36b4 0.961s
2025-03-26 22:31:51.486 69463 INFO tempest.common.waiters [-] State transition "BUILD/scheduling" ==> "BUILD/None" after 9 second wait
2025-03-26 22:31:51.502 69509 INFO tempest.lib.common.rest_client [req-c8402dde-66f5-4892-98ba-b79d788f29ef req-c8402dde-66f5-4892-98ba-b79d788f29ef ] Request (AggregatesAdminNegativeTestJSON:tearDownClass): 204 DELETE http://10.180.1.21/identity/v3/users/5994912feab14906909b838c51bb276e 0.213s
2025-03-26 22:31:51.502 69509 INFO tempest.lib.common.dynamic_creds [-] Deleting project and security group for project: 8ffdb5ca3c1849a1badbd1601f69c7c5
2025-03-26 22:31:51.533 69461 INFO tempest.lib.common.rest_client [req-bad1205b-d31d-4bce-9c98-e6609f74d3c1 req-bad1205b-d31d-4bce-9c98-e6609f74d3c1 ] Request (SecurityGroupRulesTestJSON:_run_cleanups): 202 DELETE http://10.180.1.21/compute/v2.1/os-security-group-rules/3c7d505a-6061-429d-b836-8943300416f0 1.185s
2025-03-26 22:31:51.556 69467 INFO tempest.lib.common.rest_client [req-c755c6d8-352f-44aa-ae60-95545c244821 req-c755c6d8-352f-44aa-ae60-95545c244821 ] Request (InstanceUsageAuditLogNegativeTestJSON:tearDownClass): 200 GET http://10.180.1.21:9696/networking/v2.0/security-groups?tenant_id=dad44091f0ba44d88b06043a3e128085&name=default 0.300s
2025-03-26 22:31:51.573 69495 INFO tempest.lib.common.rest_client [req-048fd585-0a1e-48f2-abb6-6cfa462d6d5f req-048fd585-0a1e-48f2-abb6-6cfa462d6d5f ] Request (KeyPairsV22TestJSON:tearDownClass): 201 POST http://10.180.1.21/identity/v3/auth/tokens 0.098s
2025-03-26 22:31:51.580 69499 INFO tempest.lib.common.rest_client [req-80bb84ea-71f9-4a08-b4ad-c30d5c8b99c4 req-80bb84ea-71f9-4a08-b4ad-c30d5c8b99c4 ] Request (ServerShowV247Test:test_update_rebuild_list_server): 200 GET http://10.180.1.21/compute/v2.1/servers/f38d1517-8f54-4a66-a152-9e4bfdcaa373 1.021s
2025-03-26 22:31:51.600 69509 INFO tempest.lib.common.rest_client [req-d350cb86-52a3-49fe-b5e5-134e2b30705f req-d350cb86-52a3-49fe-b5e5-134e2b30705f ] Request (AggregatesAdminNegativeTestJSON:tearDownClass): 201 POST http://10.180.1.21/identity/v3/auth/tokens 0.097s
2025-03-26 22:31:51.665 69511 INFO tempest.lib.common.rest_client [req-a6863944-2eda-441e-938b-4319ff25f52e req-a6863944-2eda-441e-938b-4319ff25f52e ] Request (ImagesNegativeTestJSON:test_create_image_from_deleted_server): 200 GET http://10.180.1.21/compute/v2.1/servers/915965e6-8e99-4879-942c-816914502865 1.081s
2025-03-26 22:31:51.686 69497 INFO tempest.lib.common.rest_client [req-0eb36554-1cfc-4f05-93e8-a5e8b2d9a9c0 req-0eb36554-1cfc-4f05-93e8-a5e8b2d9a9c0 ] Request (ServersTestMultiNic:_run_cleanups): 204 DELETE http://10.180.1.21/compute/v2.1/servers/63af3181-231c-45dd-9df8-915064dedcf2 1.077s
2025-03-26 22:31:51.705 69467 INFO tempest.lib.common.rest_client [req-a8b57d10-7524-49eb-926c-79364d89ab1a req-a8b57d10-7524-49eb-926c-79364d89ab1a ] Request (InstanceUsageAuditLogNegativeTestJSON:tearDownClass): 204 DELETE http://10.180.1.21:9696/networking/v2.0/security-groups/692a75ee-cabe-40e6-8aa7-f82764ff0593 0.148s
2025-03-26 22:31:51.794 69467 INFO tempest.lib.common.rest_client [req-4447a308-8a80-4d7f-94b7-a065f9e57ba2 req-4447a308-8a80-4d7f-94b7-a065f9e57ba2 ] Request (InstanceUsageAuditLogNegativeTestJSON:tearDownClass): 204 DELETE http://10.180.1.21/identity/v3/projects/dad44091f0ba44d88b06043a3e128085 0.087s
2025-03-26 22:31:51.820 69451 INFO tempest.lib.common.rest_client [req-d8522cda-bc88-4e95-83f2-474d8d5f8eda req-d8522cda-bc88-4e95-83f2-474d8d5f8eda ] Request (ImagesOneServerTestJSON:setUpClass): 200 GET http://10.180.1.21/compute/v2.1/servers/bfdd78b3-a9ad-41e7-817c-19a9d11785d3 0.743s
2025-03-26 22:31:51.830 69451 INFO tempest.common.waiters [-] State transition "BUILD/networking" ==> "BUILD/spawning" after 19 second wait
2025-03-26 22:31:51.867 69467 INFO tempest.lib.common.rest_client [req-cff0d9b7-dae4-42be-a2ba-6aa1a5bed7a6 req-cff0d9b7-dae4-42be-a2ba-6aa1a5bed7a6 ] Request (QuotasAdminTestV257:setUpClass): 201 POST http://10.180.1.21/identity/v3/auth/tokens 0.071s
2025-03-26 22:31:51.903 69467 INFO tempest.lib.common.rest_client [req-838af1c5-7a0c-4c32-816a-a94c09a7771c req-838af1c5-7a0c-4c32-816a-a94c09a7771c ] Request (QuotasAdminTestV257:setUpClass): 201 POST http://10.180.1.21/identity/v3/auth/tokens 0.031s
2025-03-26 22:31:51.927 69467 INFO tempest.lib.common.rest_client [req-783edbb1-fe72-4746-b553-35bbdc2eb4cb req-783edbb1-fe72-4746-b553-35bbdc2eb4cb ] Request (QuotasAdminTestV257:setUpClass): 200 GET http://10.180.1.21/identity/v3/domains?name=Default 0.024s
2025-03-26 22:31:51.939 69469 INFO tempest.lib.common.rest_client [req-3a5eb837-9434-4d36-8c2b-92cc4dabd1ce req-3a5eb837-9434-4d36-8c2b-92cc4dabd1ce ] Request (FloatingIPsAssociationTestJSON:setUpClass): 200 GET http://10.180.1.21/compute/v2.1/servers/c4ed826f-56bd-4482-b08f-468a90a6d5ef 1.088s
2025-03-26 22:31:51.949 69469 INFO tempest.common.waiters [-] State transition "BUILD/spawning" ==> "ACTIVE/None" after 32 second wait
2025-03-26 22:31:51.953 69459 INFO tempest.lib.common.rest_client [req-59a6a191-9242-4a49-9c93-65dcca6d14a0 req-59a6a191-9242-4a49-9c93-65dcca6d14a0 ] Request (MigrationsAdminTest:test_list_migrations_in_flavor_resize_situation): 200 GET http://10.180.1.21/compute/v2.1/servers/a8db27a1-1b94-4552-a86b-60a0c641a542 0.847s
2025-03-26 22:31:51.961 69495 INFO tempest.lib.common.rest_client [req-1bc5a67a-cfb7-49c9-b064-f7a7fe9570f6 req-1bc5a67a-cfb7-49c9-b064-f7a7fe9570f6 ] Request (KeyPairsV22TestJSON:tearDownClass): 200 GET http://10.180.1.21:9696/networking/v2.0/security-groups?tenant_id=ae0f2b5a77774f219426667ce2b704aa&name=default 0.384s
2025-03-26 22:31:51.966 69467 INFO tempest.lib.common.rest_client [req-64fbfc2b-bf06-4ea4-b930-4ba96244030c req-64fbfc2b-bf06-4ea4-b930-4ba96244030c ] Request (QuotasAdminTestV257:setUpClass): 201 POST http://10.180.1.21/identity/v3/projects 0.038s
2025-03-26 22:31:51.970 69459 INFO tempest.common.waiters [-] State transition "RESIZE/resize_prep" ==> "RESIZE/resize_migrating" after 23 second wait
2025-03-26 22:31:52.004 69509 INFO tempest.lib.common.rest_client [req-e5bf2167-4f46-4c04-9236-19df0f0a5f43 req-e5bf2167-4f46-4c04-9236-19df0f0a5f43 ] Request (AggregatesAdminNegativeTestJSON:tearDownClass): 200 GET http://10.180.1.21:9696/networking/v2.0/security-groups?tenant_id=8ffdb5ca3c1849a1badbd1601f69c7c5&name=default 0.403s
2025-03-26 22:31:52.030 69485 INFO tempest.lib.common.rest_client [req-81cc4756-5947-4a32-8abc-77de1fd54b86 req-81cc4756-5947-4a32-8abc-77de1fd54b86 ] Request (InstanceActionsTestJSON:setUpClass): 200 GET http://10.180.1.21/compute/v2.1/servers/255d9e2d-714c-4629-99eb-0591af94c0e9 0.920s
2025-03-26 22:31:52.030 69467 INFO tempest.lib.common.rest_client [req-0bcaf18a-37ad-4c0a-8145-4567ad2e9b27 req-0bcaf18a-37ad-4c0a-8145-4567ad2e9b27 ] Request (QuotasAdminTestV257:setUpClass): 201 POST http://10.180.1.21/identity/v3/users 0.064s
2025-03-26 22:31:52.064 69467 INFO tempest.lib.common.rest_client [req-7f649ba5-ec8c-4ea6-b50d-b7c73bb5b25e req-7f649ba5-ec8c-4ea6-b50d-b7c73bb5b25e ] Request (QuotasAdminTestV257:setUpClass): 200 GET http://10.180.1.21/identity/v3/roles 0.032s
2025-03-26 22:31:52.100 69509 INFO tempest.lib.common.rest_client [req-bc660101-61eb-4f97-960b-d77cd6cc5053 req-bc660101-61eb-4f97-960b-d77cd6cc5053 ] Request (AggregatesAdminNegativeTestJSON:tearDownClass): 204 DELETE http://10.180.1.21:9696/networking/v2.0/security-groups/2413d735-d1c0-4fda-a538-e4a2914a634a 0.095s
2025-03-26 22:31:52.114 69467 INFO tempest.lib.common.rest_client [req-1d6eb233-eb38-4109-8ceb-9091baa2e019 req-1d6eb233-eb38-4109-8ceb-9091baa2e019 ] Request (QuotasAdminTestV257:setUpClass): 204 PUT http://10.180.1.21/identity/v3/projects/f60d25ff554e44e3bc610e80484b0531/users/0f4e640a650541b280d8f7f763c64b38/roles/f5d2ac61cf654c50bf6694de3ec136a6 0.050s
2025-03-26 22:31:52.114 69471 INFO tempest.lib.common.rest_client [req-828cee14-0b3e-41dc-989f-2e5d13fbcbb7 req-828cee14-0b3e-41dc-989f-2e5d13fbcbb7 ] Request (DeleteServersAdminTestJSON:test_delete_server_while_in_error_state): 200 GET http://10.180.1.21/compute/v2.1/servers/f6adedce-4418-4f1e-a049-6d6b19ffcfd3 0.979s
2025-03-26 22:31:52.116 69467 INFO tempest.lib.common.dynamic_creds [-] Dynamic test user 0f4e640a650541b280d8f7f763c64b38 is created with scope project and roles: ['member']
2025-03-26 22:31:52.117 69467 INFO tempest.lib.common.dynamic_creds [-] Acquired dynamic creds: credentials: Credentials: {'domain_id': 'default', 'domain_name': 'Default', 'username': 'tempest-QuotasAdminTestV257-103850009-project-member', 'project_domain_id': 'default', 'project_domain_name': 'Default', 'project_id': 'f60d25ff554e44e3bc610e80484b0531', 'project_name': 'tempest-QuotasAdminTestV257-103850009', 'tenant_id': 'f60d25ff554e44e3bc610e80484b0531', 'tenant_name': 'tempest-QuotasAdminTestV257-103850009', 'user_domain_id': 'default', 'user_domain_name': 'Default', 'user_id': '0f4e640a650541b280d8f7f763c64b38', 'system': None}, Network: None, Subnet: None, Router: None
2025-03-26 22:31:52.117 69467 INFO tempest.lib.common.dynamic_creds [-] Created isolated network resources for: credentials: Credentials: {'domain_id': 'default', 'domain_name': 'Default', 'username': 'tempest-QuotasAdminTestV257-103850009-project-member', 'project_domain_id': 'default', 'project_domain_name': 'Default', 'project_id': 'f60d25ff554e44e3bc610e80484b0531', 'project_name': 'tempest-QuotasAdminTestV257-103850009', 'tenant_id': 'f60d25ff554e44e3bc610e80484b0531', 'tenant_name': 'tempest-QuotasAdminTestV257-103850009', 'user_domain_id': 'default', 'user_domain_name': 'Default', 'user_id': '0f4e640a650541b280d8f7f763c64b38', 'system': None}, Network: None, Subnet: None, Router: None
2025-03-26 22:31:52.150 69489 INFO tempest.lib.common.rest_client [req-2d39a0de-0629-4d64-a01a-052f22c3a388 req-2d39a0de-0629-4d64-a01a-052f22c3a388 ] Request (FlavorsAdminTestJSON:_run_cleanups): 200 GET http://10.180.1.21/compute/v2.1/flavors/detail 0.977s
2025-03-26 22:31:52.158 69495 INFO tempest.lib.common.rest_client [req-254116c1-8af2-4065-8142-5c19e6ead4ac req-254116c1-8af2-4065-8142-5c19e6ead4ac ] Request (KeyPairsV22TestJSON:tearDownClass): 204 DELETE http://10.180.1.21:9696/networking/v2.0/security-groups/76583b12-301f-4ac6-95f2-36e3426ebb23 0.197s
2025-03-26 22:31:52.237 69480 INFO tempest.lib.common.rest_client [req-ea5e2f15-43b1-44f9-b073-0cfbf323da7b req-ea5e2f15-43b1-44f9-b073-0cfbf323da7b ] Request (ServersAdmin275Test:tearDownClass): 200 GET http://10.180.1.21/compute/v2.1/servers/a9a518c5-99a2-467e-943a-57f4558d8d3c 0.997s
2025-03-26 22:31:52.256 69509 INFO tempest.lib.common.rest_client [req-3691f4d4-139f-49e3-8b9d-3e1ee8d8021d req-3691f4d4-139f-49e3-8b9d-3e1ee8d8021d ] Request (AggregatesAdminNegativeTestJSON:tearDownClass): 204 DELETE http://10.180.1.21/identity/v3/projects/8ffdb5ca3c1849a1badbd1601f69c7c5 0.153s
2025-03-26 22:31:52.257 69509 INFO tempest.lib.common.dynamic_creds [-] Deleting project and security group for project: 59643e09ddd2475b8480c46bede1b861
2025-03-26 22:31:52.288 69467 INFO tempest.lib.common.rest_client [req-3955b6dd-c598-400c-8064-714245edd799 req-3955b6dd-c598-400c-8064-714245edd799 ] Request (QuotasAdminTestV257:setUpClass): 201 POST http://10.180.1.21/identity/v3/auth/tokens 0.164s
2025-03-26 22:31:52.399 69453 INFO tempest.lib.common.rest_client [req-40b611da-02ce-466b-b4a8-c75926ce5556 req-40b611da-02ce-466b-b4a8-c75926ce5556 ] Request (ServersListShow2100Test:tearDownClass): 200 GET http://10.180.1.21/compute/v2.1/servers/e7d034d2-6455-43c8-9629-70ca597034c8 1.082s
2025-03-26 22:31:52.399 69495 INFO tempest.lib.common.rest_client [req-0318a2d9-874b-4138-a295-7f3b09b7361a req-0318a2d9-874b-4138-a295-7f3b09b7361a ] Request (KeyPairsV22TestJSON:tearDownClass): 204 DELETE http://10.180.1.21/identity/v3/projects/ae0f2b5a77774f219426667ce2b704aa 0.240s
2025-03-26 22:31:52.472 69467 INFO tempest.lib.common.rest_client [req-1358ac1e-4fa6-4ded-82a4-76028ebbe12c req-1358ac1e-4fa6-4ded-82a4-76028ebbe12c ] Request (QuotasAdminTestV257:setUpClass): 201 POST http://10.180.1.21/identity/v3/projects 0.183s
2025-03-26 22:31:52.514 69475 INFO tempest.lib.common.rest_client [req-09e15c77-461e-495d-ae7e-4970855b98b9 req-09e15c77-461e-495d-ae7e-4970855b98b9 ] Request (ServerDiagnosticsTest:test_get_server_diagnostics): 200 GET http://10.180.1.21/compute/v2.1/servers/0c0eac8a-3ea3-44bc-8101-bee23396202d 1.196s
2025-03-26 22:31:52.559 69495 INFO tempest.lib.common.rest_client [req-d3f9522d-1e52-4e3f-8481-a750d13340f3 req-d3f9522d-1e52-4e3f-8481-a750d13340f3 ] Request (MultipleCreateTestJSON:setUpClass): 201 POST http://10.180.1.21/identity/v3/auth/tokens 0.157s
2025-03-26 22:31:52.564 69509 INFO tempest.lib.common.rest_client [req-900a8162-753b-4610-be11-1ef52dbc8ffb req-900a8162-753b-4610-be11-1ef52dbc8ffb ] Request (AggregatesAdminNegativeTestJSON:tearDownClass): 200 GET http://10.180.1.21:9696/networking/v2.0/security-groups?tenant_id=59643e09ddd2475b8480c46bede1b861&name=default 0.307s
2025-03-26 22:31:52.625 69495 INFO tempest.lib.common.rest_client [req-492a83ac-922d-4f48-9d18-4c4fc8816fa3 req-492a83ac-922d-4f48-9d18-4c4fc8816fa3 ] Request (MultipleCreateTestJSON:setUpClass): 201 POST http://10.180.1.21/identity/v3/auth/tokens 0.064s
2025-03-26 22:31:52.631 69467 INFO tempest.lib.common.rest_client [req-c2bc85ff-30ad-4d81-9e07-a4ab6d7fb37b req-c2bc85ff-30ad-4d81-9e07-a4ab6d7fb37b ] Request (QuotasAdminTestV257:setUpClass): 201 POST http://10.180.1.21/identity/v3/users 0.159s
2025-03-26 22:31:52.668 69467 INFO tempest.lib.common.rest_client [req-79bd313d-f596-42c9-bebd-a99db1723071 req-79bd313d-f596-42c9-bebd-a99db1723071 ] Request (QuotasAdminTestV257:setUpClass): 200 GET http://10.180.1.21/identity/v3/roles 0.037s
2025-03-26 22:31:52.679 69495 INFO tempest.lib.common.rest_client [req-4c40258b-30d3-4bf3-8890-c5fea159e19c req-4c40258b-30d3-4bf3-8890-c5fea159e19c ] Request (MultipleCreateTestJSON:setUpClass): 200 GET http://10.180.1.21/identity/v3/domains?name=Default 0.053s
2025-03-26 22:31:52.684 69505 INFO tempest.lib.common.rest_client [req-0446b318-f88f-4240-8429-610c4d5913cc req-0446b318-f88f-4240-8429-610c4d5913cc ] Request (ImagesOneServerNegativeTestJSON:test_create_second_image_when_first_image_is_being_saved): 202 POST http://10.180.1.21/compute/v2.1/servers/b8a662b3-7def-4644-8ed4-4e767b3c7d99/action 1.568s
2025-03-26 22:31:52.703 69483 INFO tempest.lib.common.rest_client [req-2b05a219-39ab-4f3c-9357-42453d10a087 req-2b05a219-39ab-4f3c-9357-42453d10a087 ] Request (ServersTestFqdnHostnames:setUpClass): 200 PUT http://10.180.1.21:9696/networking/v2.0/routers/8ea7c3e6-576d-430b-91d1-788f4e76236c/add_router_interface 1.890s
2025-03-26 22:31:52.703 69483 INFO tempest.lib.common.dynamic_creds [-] Created isolated network resources for: credentials: Credentials: {'domain_id': 'default', 'domain_name': 'Default', 'username': 'tempest-ServersTestFqdnHostnames-210924604-project-member', 'project_domain_id': 'default', 'project_domain_name': 'Default', 'project_id': 'ab2da15bc7684602a0f8f0faf88075f4', 'project_name': 'tempest-ServersTestFqdnHostnames-210924604', 'tenant_id': 'ab2da15bc7684602a0f8f0faf88075f4', 'tenant_name': 'tempest-ServersTestFqdnHostnames-210924604', 'user_domain_id': 'default', 'user_domain_name': 'Default', 'user_id': '5b9beb49c93848a69be204e60b5e32f0', 'system': None}, Network: {'id': '7c957508-3467-4663-948c-e79167574254', 'name': 'tempest-ServersTestFqdnHostnames-1310891177-network', 'tenant_id': 'ab2da15bc7684602a0f8f0faf88075f4', 'admin_state_up': True, 'mtu': 8950, 'status': 'ACTIVE', 'subnets': [], 'shared': False, 'project_id': 'ab2da15bc7684602a0f8f0faf88075f4', 'port_security_enabled': True, 'router:external': False, 'provider:network_type': 'vlan', 'provider:physical_network': 'default', 'provider:segmentation_id': 523, 'availability_zone_hints': [], 'availability_zones': [], 'ipv4_address_scope': None, 'ipv6_address_scope': None, 'description': '', 'tags': [], 'created_at': '2025-03-26T22:31:48Z', 'updated_at': '2025-03-26T22:31:48Z', 'revision_number': 1}, Subnet: {'id': 'b3cac934-ffd9-4fe4-a23f-3975872d0849', 'name': 'tempest-ServersTestFqdnHostnames-1310891177-subnet', 'tenant_id': 'ab2da15bc7684602a0f8f0faf88075f4', 'network_id': '7c957508-3467-4663-948c-e79167574254', 'ip_version': 4, 'subnetpool_id': None, 'enable_dhcp': True, 'ipv6_ra_mode': None, 'ipv6_address_mode': None, 'gateway_ip': '192.168.128.1', 'cidr': '192.168.128.0/28', 'allocation_pools': [{'start': '192.168.128.2', 'end': '192.168.128.14'}], 'host_routes': [], 'dns_nameservers': [], 'description': '', 'router:external': False, 'service_types': [], 'tags': [], 'created_at': '2025-03-26T22:31:48Z', 'updated_at': '2025-03-26T22:31:48Z', 'revision_number': 0, 'project_id': 'ab2da15bc7684602a0f8f0faf88075f4'}, Router: {'id': '8ea7c3e6-576d-430b-91d1-788f4e76236c', 'name': 'tempest-ServersTestFqdnHostnames-1310891177-router', 'tenant_id': 'ab2da15bc7684602a0f8f0faf88075f4', 'admin_state_up': True, 'status': 'ACTIVE', 'external_gateway_info': {'network_id': 'dbc11d78-3ab2-4979-981d-eb948fe4d8d0', 'external_fixed_ips': [{'subnet_id': '4ff3efbd-5d90-4915-93b8-1ee19aa2d8e3', 'ip_address': '10.180.180.237'}], 'enable_snat': True}, 'description': '', 'availability_zones': [], 'distributed': False, 'ha': False, 'availability_zone_hints': [], 'routes': [], 'flavor_id': None, 'tags': [], 'created_at': '2025-03-26T22:31:48Z', 'updated_at': '2025-03-26T22:31:50Z', 'revision_number': 2, 'project_id': 'ab2da15bc7684602a0f8f0faf88075f4'}
2025-03-26 22:31:52.724 69467 INFO tempest.lib.common.rest_client [req-3921b617-203c-4ec1-8fda-251e56660972 req-3921b617-203c-4ec1-8fda-251e56660972 ] Request (QuotasAdminTestV257:setUpClass): 204 PUT http://10.180.1.21/identity/v3/projects/cf5b975962904ec4b5d9bd6033ad7d72/users/c2881bb6164c48f0ba572179d8694fbc/roles/44a8532f900a4dfbaaa4f8163b05e654 0.055s
2025-03-26 22:31:52.726 69495 INFO tempest.lib.common.rest_client [req-9ce5c2f5-6970-47ff-8dce-d9efbe6dab05 req-9ce5c2f5-6970-47ff-8dce-d9efbe6dab05 ] Request (MultipleCreateTestJSON:setUpClass): 201 POST http://10.180.1.21/identity/v3/projects 0.046s
2025-03-26 22:31:52.731 69493 INFO tempest.lib.common.rest_client [req-f340eabe-67ea-4f69-97ad-45cdd7c7198f req-f340eabe-67ea-4f69-97ad-45cdd7c7198f ] Request (ServersWithSpecificFlavorTestJSON:test_verify_created_server_ephemeral_disk): 200 GET http://10.180.1.21/compute/v2.1/servers/1a593f41-970d-49b9-abee-2e2329d2f4ee/os-interface 1.396s
2025-03-26 22:31:52.757 69481 INFO tempest.lib.common.rest_client [req-c92f8157-d21b-4d84-b3c6-c5ef0b2dac8a req-c92f8157-d21b-4d84-b3c6-c5ef0b2dac8a ] Request (AttachInterfacesUnderV243Test:test_add_remove_fixed_ip): 200 GET http://10.180.1.21/compute/v2.1/servers/14000aa9-bfa5-488a-bcfb-4771792c5ce1 1.361s
2025-03-26 22:31:52.783 69491 INFO tempest.lib.common.rest_client [req-2321ead2-242f-4032-9ec6-ef2086701621 req-2321ead2-242f-4032-9ec6-ef2086701621 ] Request (ListImageFiltersTestJSON:setUpClass): 200 GET http://10.180.1.21/compute/v2.1/images/2b99e625-2ce9-4751-a20a-3399d9bb4a7a 1.380s
2025-03-26 22:31:52.784 69481 INFO tempest.common.waiters [-] State transition "BUILD/None" ==> "BUILD/networking" after 20 second wait
2025-03-26 22:31:52.819 69467 INFO tempest.lib.common.rest_client [req-2800713c-2bfd-4cba-b3b4-2ae239828999 req-2800713c-2bfd-4cba-b3b4-2ae239828999 ] Request (QuotasAdminTestV257:setUpClass): 200 GET http://10.180.1.21/identity/v3/roles 0.094s
2025-03-26 22:31:52.837 69509 INFO tempest.lib.common.rest_client [req-952e4915-51d1-4a08-84da-d5d325fddd3b req-952e4915-51d1-4a08-84da-d5d325fddd3b ] Request (AggregatesAdminNegativeTestJSON:tearDownClass): 204 DELETE http://10.180.1.21:9696/networking/v2.0/security-groups/9897ed74-047c-4649-83f9-17eee86da63c 0.272s
2025-03-26 22:31:52.840 69483 INFO tempest.lib.common.rest_client [req-ddc65af9-3744-424c-98ed-08b99a088e83 req-ddc65af9-3744-424c-98ed-08b99a088e83 ] Request (ServersTestFqdnHostnames:setUpClass): 201 POST http://10.180.1.21/identity/v3/auth/tokens 0.127s
2025-03-26 22:31:52.853 69495 INFO tempest.lib.common.rest_client [req-52abd74b-8428-4964-9980-5a94bd7098c7 req-52abd74b-8428-4964-9980-5a94bd7098c7 ] Request (MultipleCreateTestJSON:setUpClass): 201 POST http://10.180.1.21/identity/v3/users 0.126s
2025-03-26 22:31:52.864 69467 INFO tempest.lib.common.rest_client [req-2973cf8c-ba7e-4902-823a-a1c63716afe6 req-2973cf8c-ba7e-4902-823a-a1c63716afe6 ] Request (QuotasAdminTestV257:setUpClass): 204 PUT http://10.180.1.21/identity/v3/projects/cf5b975962904ec4b5d9bd6033ad7d72/users/c2881bb6164c48f0ba572179d8694fbc/roles/44a8532f900a4dfbaaa4f8163b05e654 0.045s
2025-03-26 22:31:52.865 69467 INFO tempest.lib.common.dynamic_creds [-] Dynamic test user c2881bb6164c48f0ba572179d8694fbc is created with scope project and roles: ['admin']
2025-03-26 22:31:52.865 69467 INFO tempest.lib.common.dynamic_creds [-] Acquired dynamic creds: credentials: Credentials: {'domain_id': 'default', 'domain_name': 'Default', 'username': 'tempest-QuotasAdminTestV257-107755049-project-admin', 'project_domain_id': 'default', 'project_domain_name': 'Default', 'project_id': 'cf5b975962904ec4b5d9bd6033ad7d72', 'project_name': 'tempest-QuotasAdminTestV257-107755049', 'tenant_id': 'cf5b975962904ec4b5d9bd6033ad7d72', 'tenant_name': 'tempest-QuotasAdminTestV257-107755049', 'user_domain_id': 'default', 'user_domain_name': 'Default', 'user_id': 'c2881bb6164c48f0ba572179d8694fbc', 'system': None}, Network: None, Subnet: None, Router: None
2025-03-26 22:31:52.865 69467 INFO tempest.lib.common.dynamic_creds [-] Created isolated network resources for: credentials: Credentials: {'domain_id': 'default', 'domain_name': 'Default', 'username': 'tempest-QuotasAdminTestV257-107755049-project-admin', 'project_domain_id': 'default', 'project_domain_name': 'Default', 'project_id': 'cf5b975962904ec4b5d9bd6033ad7d72', 'project_name': 'tempest-QuotasAdminTestV257-107755049', 'tenant_id': 'cf5b975962904ec4b5d9bd6033ad7d72', 'tenant_name': 'tempest-QuotasAdminTestV257-107755049', 'user_domain_id': 'default', 'user_domain_name': 'Default', 'user_id': 'c2881bb6164c48f0ba572179d8694fbc', 'system': None}, Network: None, Subnet: None, Router: None
2025-03-26 22:31:52.882 69477 WARNING tempest.lib.common.ssh [-] Failed to establish authenticated ssh connection to cirros@10.180.180.142 ([Errno None] Unable to connect to port 22 on 10.180.180.142). Number attempts: 4. Retry after 5 seconds.: paramiko.ssh_exception.NoValidConnectionsError: [Errno None] Unable to connect to port 22 on 10.180.180.142
2025-03-26 22:31:52.907 69507 INFO tempest.lib.common.rest_client [req-8f7758cb-0275-4535-8705-0107e19d1dea req-8f7758cb-0275-4535-8705-0107e19d1dea ] Request (ServerDiagnosticsNegativeTest:test_get_server_diagnostics_by_non_admin): 200 GET http://10.180.1.21/compute/v2.1/servers/0e2e54bd-53c1-4621-8f02-c4e2d553967f 1.394s
2025-03-26 22:31:52.964 69509 INFO tempest.lib.common.rest_client [req-65fa6d9f-0f42-47b1-914b-4c8555e9d3a6 req-65fa6d9f-0f42-47b1-914b-4c8555e9d3a6 ] Request (AggregatesAdminNegativeTestJSON:tearDownClass): 204 DELETE http://10.180.1.21/identity/v3/projects/59643e09ddd2475b8480c46bede1b861 0.127s
2025-03-26 22:31:52.974 69473 INFO tempest.lib.common.rest_client [req-8889b677-b5ee-4b22-9a84-e81525a43af0 req-8889b677-b5ee-4b22-9a84-e81525a43af0 ] Request (ServersTestManualDisk:setUpClass): 200 GET http://10.180.1.21/compute/v2.1/servers/0a4dfc9a-3000-492a-80c3-1f379e14ecc9 1.400s
2025-03-26 22:31:52.989 69461 INFO tempest.lib.common.rest_client [req-aa06d090-3e9b-4f73-b3c8-6ccbdfccf0e4 req-aa06d090-3e9b-4f73-b3c8-6ccbdfccf0e4 ] Request (SecurityGroupRulesTestJSON:tearDownClass): 202 DELETE http://10.180.1.21/compute/v2.1/os-security-groups/ee12f051-b299-490f-9488-5eed5455b3e7 1.454s
2025-03-26 22:31:53.048 69467 INFO tempest.lib.common.rest_client [req-887a4cb9-2402-4603-b938-255e5fc41587 req-887a4cb9-2402-4603-b938-255e5fc41587 ] Request (QuotasAdminTestV257:setUpClass): 201 POST http://10.180.1.21/identity/v3/auth/tokens 0.178s
2025-03-26 22:31:53.068 69495 INFO tempest.lib.common.rest_client [req-8b36e815-4b31-4b9c-af40-2b72d48c3986 req-8b36e815-4b31-4b9c-af40-2b72d48c3986 ] Request (MultipleCreateTestJSON:setUpClass): 200 GET http://10.180.1.21/identity/v3/roles 0.214s
2025-03-26 22:31:53.077 69509 INFO tempest.lib.common.rest_client [req-4881fd57-15de-40c9-a731-60d1998fcabc req-4881fd57-15de-40c9-a731-60d1998fcabc ] Request (QuotasSecurityGroupAdminNegativeTest:setUpClass): 201 POST http://10.180.1.21/identity/v3/auth/tokens 0.111s
2025-03-26 22:31:53.107 69467 INFO tempest.lib.common.rest_client [req-5a368a9f-1bb7-43fe-b63a-4fea29067e2b req-5a368a9f-1bb7-43fe-b63a-4fea29067e2b ] Request (QuotasAdminTestV257:test_get_updated_quotas): 200 GET http://10.180.1.21/identity/v3/domains?name=Default 0.057s
2025-03-26 22:31:53.130 69495 INFO tempest.lib.common.rest_client [req-91abaf46-b2de-46b2-a323-ee87f23eeb38 req-91abaf46-b2de-46b2-a323-ee87f23eeb38 ] Request (MultipleCreateTestJSON:setUpClass): 204 PUT http://10.180.1.21/identity/v3/projects/07237db0a4ca4eef886d0b3503c64f53/users/b2d8b0b0ac864bcda33b7f70462da353/roles/f5d2ac61cf654c50bf6694de3ec136a6 0.062s
2025-03-26 22:31:53.134 69495 INFO tempest.lib.common.dynamic_creds [-] Dynamic test user b2d8b0b0ac864bcda33b7f70462da353 is created with scope project and roles: ['member']
2025-03-26 22:31:53.135 69495 INFO tempest.lib.common.dynamic_creds [-] Acquired dynamic creds: credentials: Credentials: {'domain_id': 'default', 'domain_name': 'Default', 'username': 'tempest-MultipleCreateTestJSON-1064869984-project-member', 'project_domain_id': 'default', 'project_domain_name': 'Default', 'project_id': '07237db0a4ca4eef886d0b3503c64f53', 'project_name': 'tempest-MultipleCreateTestJSON-1064869984', 'tenant_id': '07237db0a4ca4eef886d0b3503c64f53', 'tenant_name': 'tempest-MultipleCreateTestJSON-1064869984', 'user_domain_id': 'default', 'user_domain_name': 'Default', 'user_id': 'b2d8b0b0ac864bcda33b7f70462da353', 'system': None}, Network: None, Subnet: None, Router: None
2025-03-26 22:31:53.203 69509 INFO tempest.lib.common.rest_client [req-5e0582c1-c2b9-4c4f-9842-57e879d724b5 req-5e0582c1-c2b9-4c4f-9842-57e879d724b5 ] Request (QuotasSecurityGroupAdminNegativeTest:setUpClass): 201 POST http://10.180.1.21/identity/v3/auth/tokens 0.120s
2025-03-26 22:31:53.230 69495 INFO tempest.lib.common.rest_client [req-3fad9d11-78ee-4b97-85d8-aaf4828779cd req-3fad9d11-78ee-4b97-85d8-aaf4828779cd ] Request (MultipleCreateTestJSON:setUpClass): 201 POST http://10.180.1.21/identity/v3/auth/tokens 0.095s
2025-03-26 22:31:53.250 69467 INFO tempest.lib.common.rest_client [req-c5bc7394-d38a-4c7d-9bed-804f98c5d543 req-c5bc7394-d38a-4c7d-9bed-804f98c5d543 ] Request (QuotasAdminTestV257:test_get_updated_quotas): 201 POST http://10.180.1.21/identity/v3/projects 0.142s
2025-03-26 22:31:53.254 69465 INFO tempest.lib.common.rest_client [req-6aa01225-46e8-4f03-9d75-da058f6e52e1 req-6aa01225-46e8-4f03-9d75-da058f6e52e1 ] Request (ImagesTestJSON:test_create_image_from_stopped_server): 200 GET http://10.180.1.21/compute/v2.1/servers/252b5ecb-6b62-4456-acfc-991572db2019 1.542s
2025-03-26 22:31:53.325 69497 INFO tempest.lib.common.rest_client [req-855edd60-5150-43be-8243-fbc4055d643d req-855edd60-5150-43be-8243-fbc4055d643d ] Request (ServersTestMultiNic:_run_cleanups): 200 GET http://10.180.1.21/compute/v2.1/servers/63af3181-231c-45dd-9df8-915064dedcf2 1.638s
2025-03-26 22:31:53.340 69509 INFO tempest.lib.common.rest_client [req-3623016b-76f4-4710-8051-707c01a5d30e req-3623016b-76f4-4710-8051-707c01a5d30e ] Request (QuotasSecurityGroupAdminNegativeTest:setUpClass): 200 GET http://10.180.1.21/identity/v3/domains?name=Default 0.136s
2025-03-26 22:31:53.341 69513 INFO tempest.lib.common.rest_client [req-bc3cd5ef-1229-4809-bf99-a589fab4b211 req-bc3cd5ef-1229-4809-bf99-a589fab4b211 ] Request (ServerActionsTestOtherA:setUpClass): 200 GET http://10.180.1.21/compute/v2.1/servers/1e47a344-182a-4cab-bcab-c862dd68116a 1.575s
2025-03-26 22:31:53.397 69467 INFO tempest.lib.common.rest_client [req-1ad07489-57a9-406d-88ca-603d81664409 req-1ad07489-57a9-406d-88ca-603d81664409 ] Request (QuotasAdminTestV257:test_get_updated_quotas): 200 GET http://10.180.1.21/identity/v3/domains?name=Default 0.146s
2025-03-26 22:31:53.418 69488 INFO tempest.lib.common.rest_client [req-b7475b5c-bfd8-4bfb-9080-7120de294046 req-b7475b5c-bfd8-4bfb-9080-7120de294046 ] Request (ServerMetadataNegativeTestJSON:tearDownClass): 200 GET http://10.180.1.21/compute/v2.1/servers/b76c1786-1b06-4192-ba91-cdcf42280839 1.497s
2025-03-26 22:31:53.419 69457 INFO tempest.lib.common.rest_client [req-d9868a1a-3f22-4c5f-9c5e-f741bc844514 req-d9868a1a-3f22-4c5f-9c5e-f741bc844514 ] Request (ServersAdminTestJSON:test_create_server_with_scheduling_hint): 200 GET http://10.180.1.21/compute/v2.1/servers/01d15ded-514c-4e1e-8283-7e0b54518888 1.589s
2025-03-26 22:31:53.424 69509 INFO tempest.lib.common.rest_client [req-350846d2-e893-4bf0-b56e-92ce21a0e742 req-350846d2-e893-4bf0-b56e-92ce21a0e742 ] Request (QuotasSecurityGroupAdminNegativeTest:setUpClass): 201 POST http://10.180.1.21/identity/v3/projects 0.083s
2025-03-26 22:31:53.441 69489 INFO tempest.lib.common.rest_client [req-4011a38a-65f5-4544-a429-ef07c8535bca req-4011a38a-65f5-4544-a429-ef07c8535bca ] Request (FlavorsAdminTestJSON:_run_cleanups): 202 DELETE http://10.180.1.21/compute/v2.1/flavors/186372716 1.278s
2025-03-26 22:31:53.463 69491 INFO tempest.lib.common.rest_client [req-cd4174d5-2bbb-4640-b7b3-b30aefe3e39b req-cd4174d5-2bbb-4640-b7b3-b30aefe3e39b ] Request (ListImageFiltersTestJSON:setUpClass): 201 POST http://10.180.1.21/image/v2/images 0.674s
2025-03-26 22:31:53.486 69509 INFO tempest.lib.common.rest_client [req-1e8c4e7a-25f6-415d-bb3d-8abd59738b82 req-1e8c4e7a-25f6-415d-bb3d-8abd59738b82 ] Request (QuotasSecurityGroupAdminNegativeTest:setUpClass): 201 POST http://10.180.1.21/identity/v3/users 0.062s
2025-03-26 22:31:53.507 69509 INFO tempest.lib.common.rest_client [req-95f851c8-28db-4cc1-a683-864b7e1f6202 req-95f851c8-28db-4cc1-a683-864b7e1f6202 ] Request (QuotasSecurityGroupAdminNegativeTest:setUpClass): 200 GET http://10.180.1.21/identity/v3/roles 0.021s
2025-03-26 22:31:53.516 69501 INFO tempest.lib.common.rest_client [req-1824bff6-e17d-4c99-bfe4-89fe2e2ff557 req-1824bff6-e17d-4c99-bfe4-89fe2e2ff557 ] Request (ServerActionsTestOtherB:setUpClass): 200 GET http://10.180.1.21/compute/v2.1/servers/b6741e4d-c5dc-4bc7-b8c4-1832a6f14894 1.210s
2025-03-26 22:31:53.529 69501 INFO tempest.common.waiters [-] State transition "BUILD/scheduling" ==> "BUILD/None" after 9 second wait
2025-03-26 22:31:53.544 69509 INFO tempest.lib.common.rest_client [req-9d451245-7735-4e36-bdc2-19f779e75da1 req-9d451245-7735-4e36-bdc2-19f779e75da1 ] Request (QuotasSecurityGroupAdminNegativeTest:setUpClass): 204 PUT http://10.180.1.21/identity/v3/projects/1c40ab3e74ac455ea67fe1f564b097e8/users/4888c2ff82194daf94b967eaf26bb0bf/roles/f5d2ac61cf654c50bf6694de3ec136a6 0.036s
2025-03-26 22:31:53.544 69509 INFO tempest.lib.common.dynamic_creds [-] Dynamic test user 4888c2ff82194daf94b967eaf26bb0bf is created with scope project and roles: ['member']
2025-03-26 22:31:53.544 69509 INFO tempest.lib.common.dynamic_creds [-] Acquired dynamic creds: credentials: Credentials: {'domain_id': 'default', 'domain_name': 'Default', 'username': 'tempest-QuotasSecurityGroupAdminNegativeTest-850515182-project-member', 'project_domain_id': 'default', 'project_domain_name': 'Default', 'project_id': '1c40ab3e74ac455ea67fe1f564b097e8', 'project_name': 'tempest-QuotasSecurityGroupAdminNegativeTest-850515182', 'tenant_id': '1c40ab3e74ac455ea67fe1f564b097e8', 'tenant_name': 'tempest-QuotasSecurityGroupAdminNegativeTest-850515182', 'user_domain_id': 'default', 'user_domain_name': 'Default', 'user_id': '4888c2ff82194daf94b967eaf26bb0bf', 'system': None}, Network: None, Subnet: None, Router: None
2025-03-26 22:31:53.544 69509 INFO tempest.lib.common.dynamic_creds [-] Created isolated network resources for: credentials: Credentials: {'domain_id': 'default', 'domain_name': 'Default', 'username': 'tempest-QuotasSecurityGroupAdminNegativeTest-850515182-project-member', 'project_domain_id': 'default', 'project_domain_name': 'Default', 'project_id': '1c40ab3e74ac455ea67fe1f564b097e8', 'project_name': 'tempest-QuotasSecurityGroupAdminNegativeTest-850515182', 'tenant_id': '1c40ab3e74ac455ea67fe1f564b097e8', 'tenant_name': 'tempest-QuotasSecurityGroupAdminNegativeTest-850515182', 'user_domain_id': 'default', 'user_domain_name': 'Default', 'user_id': '4888c2ff82194daf94b967eaf26bb0bf', 'system': None}, Network: None, Subnet: None, Router: None
2025-03-26 22:31:53.573 69493 INFO tempest.lib.common.rest_client [req-8c7d2d52-dee8-4279-91f2-99662e94856b req-8c7d2d52-dee8-4279-91f2-99662e94856b ] Request (ServersWithSpecificFlavorTestJSON:test_verify_created_server_ephemeral_disk): 200 PUT http://10.180.1.21:9696/networking/v2.0/floatingips/fb6ae706-3e20-485d-a8f9-471dbb6f3659 0.840s
2025-03-26 22:31:53.588 69463 INFO tempest.lib.common.rest_client [req-90e3f565-2baa-44de-b2a1-7293ddcfcfa0 req-90e3f565-2baa-44de-b2a1-7293ddcfcfa0 ] Request (FloatingIPsAssociationNegativeTestJSON:setUpClass): 200 GET http://10.180.1.21/compute/v2.1/servers/e583638b-7964-43d0-93c0-8545478c36b4 1.100s
2025-03-26 22:31:53.631 69509 INFO tempest.lib.common.rest_client [req-3529a6ee-ca17-47c3-9462-4dbd4b3b424d req-3529a6ee-ca17-47c3-9462-4dbd4b3b424d ] Request (QuotasSecurityGroupAdminNegativeTest:setUpClass): 201 POST http://10.180.1.21/identity/v3/auth/tokens 0.082s
2025-03-26 22:31:53.667 69499 INFO tempest.lib.common.rest_client [req-cf3296fa-6be0-44ac-9d16-fbdfd391dec3 req-cf3296fa-6be0-44ac-9d16-fbdfd391dec3 ] Request (ServerShowV247Test:test_update_rebuild_list_server): 200 GET http://10.180.1.21/compute/v2.1/servers/f38d1517-8f54-4a66-a152-9e4bfdcaa373 1.074s
2025-03-26 22:31:53.708 69509 INFO tempest.lib.common.rest_client [req-c1bf84a5-5772-4a6a-a93f-77daacfb029b req-c1bf84a5-5772-4a6a-a93f-77daacfb029b ] Request (QuotasSecurityGroupAdminNegativeTest:setUpClass): 201 POST http://10.180.1.21/identity/v3/projects 0.077s
2025-03-26 22:31:53.741 69495 INFO tempest.lib.common.rest_client [req-0bda7184-5fdc-42d5-b883-a97615932d89 req-0bda7184-5fdc-42d5-b883-a97615932d89 ] Request (MultipleCreateTestJSON:setUpClass): 201 POST http://10.180.1.21:9696/networking/v2.0/networks 0.510s
2025-03-26 22:31:53.758 69511 INFO tempest.lib.common.rest_client [req-78df03c6-9b8c-4fc1-a61d-ee7416f2b194 req-78df03c6-9b8c-4fc1-a61d-ee7416f2b194 ] Request (ImagesNegativeTestJSON:test_create_image_from_deleted_server): 200 GET http://10.180.1.21/compute/v2.1/servers/915965e6-8e99-4879-942c-816914502865 1.084s
2025-03-26 22:31:53.799 69505 INFO tempest.lib.common.rest_client [req-0415961a-8404-4c2a-9d53-eaf84aa5a048 req-0415961a-8404-4c2a-9d53-eaf84aa5a048 ] Request (ImagesOneServerNegativeTestJSON:test_create_second_image_when_first_image_is_being_saved): 409 POST http://10.180.1.21/compute/v2.1/servers/b8a662b3-7def-4644-8ed4-4e767b3c7d99/action 1.113s
2025-03-26 22:31:53.800 69509 INFO tempest.lib.common.rest_client [req-5d2e707e-0ff1-4612-9817-319ea78de89d req-5d2e707e-0ff1-4612-9817-319ea78de89d ] Request (QuotasSecurityGroupAdminNegativeTest:setUpClass): 201 POST http://10.180.1.21/identity/v3/users 0.091s
2025-03-26 22:31:53.826 69509 INFO tempest.lib.common.rest_client [req-fdc52b30-17e5-44cc-ac61-2247467cf57f req-fdc52b30-17e5-44cc-ac61-2247467cf57f ] Request (QuotasSecurityGroupAdminNegativeTest:setUpClass): 200 GET http://10.180.1.21/identity/v3/roles 0.025s
2025-03-26 22:31:53.858 69509 INFO tempest.lib.common.rest_client [req-69b9fe04-59b3-45e4-ad74-8a64f78d8ee8 req-69b9fe04-59b3-45e4-ad74-8a64f78d8ee8 ] Request (QuotasSecurityGroupAdminNegativeTest:setUpClass): 204 PUT http://10.180.1.21/identity/v3/projects/257cb18b08494e5591a8557609404314/users/6827e4a12eb04d4f8c6d56c6e3f88a5f/roles/44a8532f900a4dfbaaa4f8163b05e654 0.032s
2025-03-26 22:31:53.916 69509 INFO tempest.lib.common.rest_client [req-fd05c6dd-d428-4352-81b2-a05bec78bacd req-fd05c6dd-d428-4352-81b2-a05bec78bacd ] Request (QuotasSecurityGroupAdminNegativeTest:setUpClass): 200 GET http://10.180.1.21/identity/v3/roles 0.057s
2025-03-26 22:31:53.939 69509 INFO tempest.lib.common.rest_client [req-4a521e20-ff55-4e51-ac53-f061394724d0 req-4a521e20-ff55-4e51-ac53-f061394724d0 ] Request (QuotasSecurityGroupAdminNegativeTest:setUpClass): 204 PUT http://10.180.1.21/identity/v3/projects/257cb18b08494e5591a8557609404314/users/6827e4a12eb04d4f8c6d56c6e3f88a5f/roles/44a8532f900a4dfbaaa4f8163b05e654 0.022s
2025-03-26 22:31:53.939 69509 INFO tempest.lib.common.dynamic_creds [-] Dynamic test user 6827e4a12eb04d4f8c6d56c6e3f88a5f is created with scope project and roles: ['admin']
