2025-03-26 22:31:34.457 69513 INFO tempest.lib.common.dynamic_creds [-] Acquired dynamic creds: credentials: Credentials: {'domain_id': 'default', 'domain_name': 'Default', 'username': 'tempest-ServerActionsTestOtherA-1872065959-project-member', 'project_domain_id': 'default', 'project_domain_name': 'Default', 'project_id': '1b9351371bd84cd2b7d0ec88426fbaef', 'project_name': 'tempest-ServerActionsTestOtherA-1872065959', 'tenant_id': '1b9351371bd84cd2b7d0ec88426fbaef', 'tenant_name': 'tempest-ServerActionsTestOtherA-1872065959', 'user_domain_id': 'default', 'user_domain_name': 'Default', 'user_id': '11238dfc25e9498d8c3de195e2ed7960', 'system': None}, Network: None, Subnet: None, Router: None
2025-03-26 22:31:34.483 69455 INFO tempest.lib.common.rest_client [req-723fcb3a-2542-4ac7-b768-09b56176bde6 req-723fcb3a-2542-4ac7-b768-09b56176bde6 ] Request (KeyPairsNegativeTestJSON:test_keypair_create_with_invalid_pub_key): 400 POST http://10.180.1.21/compute/v2.1/os-keypairs 1.517s
2025-03-26 22:31:34.527 69513 INFO tempest.lib.common.rest_client [req-feb64adc-b5ef-4e07-b029-689993398cbf req-feb64adc-b5ef-4e07-b029-689993398cbf ] Request (ServerActionsTestOtherA:setUpClass): 201 POST http://10.180.1.21/identity/v3/auth/tokens 0.070s
2025-03-26 22:31:34.560 69499 INFO tempest.lib.common.rest_client [req-8bf49f70-0959-4789-928b-83eb498028c6 req-8bf49f70-0959-4789-928b-83eb498028c6 ] Request (ServerPasswordTestJSON:tearDownClass): 200 GET http://10.180.1.21/compute/v2.1/servers/30564b03-2531-4e50-b45d-db4208287a50 1.452s
2025-03-26 22:31:34.588 69467 INFO tempest.lib.common.rest_client [req-5e18e9ec-c446-4511-9cb4-f26459de6a55 req-5e18e9ec-c446-4511-9cb4-f26459de6a55 ] Request (FlavorsAccessNegativeTestJSON:_run_cleanups): 202 DELETE http://10.180.1.21/compute/v2.1/flavors/2128753868 1.380s
2025-03-26 22:31:34.690 69457 INFO tempest.lib.common.rest_client [req-6e3607d6-516e-46ed-86c3-67fab9b33f41 req-6e3607d6-516e-46ed-86c3-67fab9b33f41 ] Request (ServersAdminTestJSON:setUpClass): 200 GET http://10.180.1.21/compute/v2.1/servers/20c67ad6-dee9-4099-9e11-dbec57252bb4 1.722s
2025-03-26 22:31:34.766 69457 INFO tempest.lib.common.rest_client [req-ea843466-02dc-488f-b3e4-99ff84faa75e req-ea843466-02dc-488f-b3e4-99ff84faa75e ] Request (ServersAdminTestJSON:test_create_server_with_scheduling_hint): 201 POST http://10.180.1.21/identity/v3/auth/tokens 0.065s
2025-03-26 22:31:34.766 69457 INFO tempest.lib.common.fixed_network [-] (ServersAdminTestJSON:test_create_server_with_scheduling_hint) Found network {'id': '4ab33ebe-9043-466e-8377-3985a583931d', 'name': 'tempest-ServersAdminTestJSON-667177538-network', 'tenant_id': '2891c540233b48e0b77f2e14f24daac0', 'admin_state_up': True, 'mtu': 8950, 'status': 'ACTIVE', 'subnets': [], 'shared': False, 'project_id': '2891c540233b48e0b77f2e14f24daac0', 'port_security_enabled': True, 'router:external': False, 'provider:network_type': 'vlan', 'provider:physical_network': 'default', 'provider:segmentation_id': 231, 'availability_zone_hints': [], 'availability_zones': [], 'ipv4_address_scope': None, 'ipv6_address_scope': None, 'description': '', 'tags': [], 'created_at': '2025-03-26T22:30:46Z', 'updated_at': '2025-03-26T22:30:46Z', 'revision_number': 1} available for tenant
2025-03-26 22:31:34.771 69453 INFO tempest.lib.common.rest_client [req-805943af-1302-41f4-b074-b3a9f1f9db26 req-805943af-1302-41f4-b074-b3a9f1f9db26 ] Request (ServersListShow2100Test:test_list_show_rebuild_update_server_2100): 200 GET http://10.180.1.21/compute/v2.1/servers/e7d034d2-6455-43c8-9629-70ca597034c8 1.349s
2025-03-26 22:31:34.848 69451 INFO tempest.lib.common.rest_client [req-37c7cffd-4bf7-48aa-8b24-438e4223a2a2 req-37c7cffd-4bf7-48aa-8b24-438e4223a2a2 ] Request (ImagesOneServerTestJSON:setUpClass): 200 GET http://10.180.1.21/compute/v2.1/servers/bfdd78b3-a9ad-41e7-817c-19a9d11785d3 1.157s
2025-03-26 22:31:34.855 69509 INFO tempest.lib.common.rest_client [req-fc25c899-f470-4f46-ac11-7d7bb846c342 req-fc25c899-f470-4f46-ac11-7d7bb846c342 ] Request (AggregatesAdminNegativeTestJSON:test_aggregate_get_details_as_user): 403 GET http://10.180.1.21/compute/v2.1/os-aggregates/6 1.124s
2025-03-26 22:31:34.915 69507 INFO tempest.lib.common.rest_client [req-6f6d62f4-039a-4f88-b318-705a5e99e305 req-6f6d62f4-039a-4f88-b318-705a5e99e305 ] Request (ServerDiagnosticsNegativeTest:test_get_server_diagnostics_by_non_admin): 200 GET http://10.180.1.21/compute/v2.1/servers/0e2e54bd-53c1-4621-8f02-c4e2d553967f 1.154s
2025-03-26 22:31:34.986 69481 INFO tempest.lib.common.rest_client [req-5a191a1f-f96f-4c6f-8c95-0ca9b6018f5c req-5a191a1f-f96f-4c6f-8c95-0ca9b6018f5c ] Request (AttachInterfacesUnderV243Test:test_add_remove_fixed_ip): 200 GET http://10.180.1.21/compute/v2.1/servers/14000aa9-bfa5-488a-bcfb-4771792c5ce1 1.127s
2025-03-26 22:31:34.995 69481 INFO tempest.common.waiters [-] State transition "BUILD/scheduling" ==> "BUILD/None" after 2 second wait
2025-03-26 22:31:35.041 69513 INFO tempest.lib.common.rest_client [req-13539a70-42c5-4a3f-8d4c-c3acde07a12c req-13539a70-42c5-4a3f-8d4c-c3acde07a12c ] Request (ServerActionsTestOtherA:setUpClass): 201 POST http://10.180.1.21:9696/networking/v2.0/networks 0.514s
2025-03-26 22:31:35.130 69505 INFO tempest.lib.common.rest_client [req-4d200e9f-8aa5-4bf8-b43d-405510a5e0b7 req-4d200e9f-8aa5-4bf8-b43d-405510a5e0b7 ] Request (ImagesOneServerNegativeTestJSON:setUpClass): 200 GET http://10.180.1.21/compute/v2.1/servers/b8a662b3-7def-4644-8ed4-4e767b3c7d99 1.146s
2025-03-26 22:31:35.138 69505 INFO tempest.common.waiters [-] State transition "BUILD/spawning" ==> "ACTIVE/None" after 28 second wait
2025-03-26 22:31:35.207 69475 INFO tempest.lib.common.rest_client [req-43cea87e-0ba5-4dcb-b313-7cfc5c10645c req-43cea87e-0ba5-4dcb-b313-7cfc5c10645c ] Request (ServerDiagnosticsTest:test_get_server_diagnostics): 200 GET http://10.180.1.21/compute/v2.1/servers/0c0eac8a-3ea3-44bc-8101-bee23396202d 1.209s
2025-03-26 22:31:35.252 69495 INFO tempest.lib.common.rest_client [req-a8bf9b86-c212-48b8-b8fd-43c3c3fa5e4f req-a8bf9b86-c212-48b8-b8fd-43c3c3fa5e4f ] Request (KeyPairsV22TestJSON:test_keypairs_create_list_delete): 200 GET http://10.180.1.21/compute/v2.1/os-keypairs 1.210s
2025-03-26 22:31:35.335 69465 INFO tempest.lib.common.rest_client [req-279328d1-2339-429b-b6b5-dfd7cbf000fc req-279328d1-2339-429b-b6b5-dfd7cbf000fc ] Request (ImagesTestJSON:test_create_image_from_stopped_server): 200 GET http://10.180.1.21/compute/v2.1/servers/252b5ecb-6b62-4456-acfc-991572db2019 1.277s
2025-03-26 22:31:35.369 69501 INFO tempest.lib.common.rest_client [req-272fcdfa-f513-4ca9-9d0d-d195f880a86e req-272fcdfa-f513-4ca9-9d0d-d195f880a86e ] Request (ServerActionsTestOtherB:setUpClass): 201 POST http://10.180.1.21:9696/networking/v2.0/routers 1.368s
2025-03-26 22:31:35.547 69483 INFO tempest.lib.common.rest_client [req-121282b3-f67d-49f2-8d72-97b81a84343c req-121282b3-f67d-49f2-8d72-97b81a84343c ] Request (FloatingIPDetailsTestJSON:_run_cleanups): 202 DELETE http://10.180.1.21/compute/v2.1/os-floating-ips/9747deb8-e82c-4ace-b903-65c3a715c103 2.139s
2025-03-26 22:31:35.569 69463 INFO tempest.lib.common.rest_client [req-e3645035-8c97-478c-88ce-d75bb7aa8d99 req-e3645035-8c97-478c-88ce-d75bb7aa8d99 ] Request (FloatingIPsAssociationNegativeTestJSON:setUpClass): 201 POST http://10.180.1.21:9696/networking/v2.0/routers 1.140s
2025-03-26 22:31:35.602 69477 WARNING tempest.lib.common.ssh [-] Failed to establish authenticated ssh connection to cirros@10.180.180.142 ([Errno None] Unable to connect to port 22 on 10.180.180.142). Number attempts: 1. Retry after 2 seconds.: paramiko.ssh_exception.NoValidConnectionsError: [Errno None] Unable to connect to port 22 on 10.180.180.142
2025-03-26 22:31:35.690 69513 INFO tempest.lib.common.rest_client [req-2fbf492e-bb23-484f-a0e5-73dfbedbfe4c req-2fbf492e-bb23-484f-a0e5-73dfbedbfe4c ] Request (ServerActionsTestOtherA:setUpClass): 201 POST http://10.180.1.21:9696/networking/v2.0/subnets 0.648s
2025-03-26 22:31:35.932 69461 INFO tempest.lib.common.rest_client [req-a0bb3464-ba8d-481b-97ef-03b46d2d5a56 req-a0bb3464-ba8d-481b-97ef-03b46d2d5a56 ] Request (SecurityGroupRulesTestJSON:test_security_group_rules_create_with_optional_group_id): 200 POST http://10.180.1.21/compute/v2.1/os-security-group-rules 1.863s
2025-03-26 22:31:35.934 69461 WARNING tempest.lib.common.rest_client [-] Deprecated: "tenant_id" property is deprecated for removal, use "project_id" instead
2025-03-26 22:31:35.965 69489 INFO tempest.lib.common.rest_client [req-47c23d7c-2f7a-4c1e-a43e-297808ec10bd req-47c23d7c-2f7a-4c1e-a43e-297808ec10bd ] Request (FlavorsAdminTestJSON:_run_cleanups): 200 GET http://10.180.1.21/compute/v2.1/flavors/detail 1.872s
2025-03-26 22:31:36.135 69511 INFO tempest.lib.common.rest_client [req-dfa1d1c3-4aad-4387-9ffa-223f24776b0b req-dfa1d1c3-4aad-4387-9ffa-223f24776b0b ] Request (ImagesNegativeTestJSON:test_create_image_from_deleted_server): 200 GET http://10.180.1.21/compute/v2.1/servers/915965e6-8e99-4879-942c-816914502865 2.007s
2025-03-26 22:31:36.149 69485 INFO tempest.lib.common.rest_client [req-7b9b0b7f-4a8d-4576-a7cf-478451deb9b4 req-7b9b0b7f-4a8d-4576-a7cf-478451deb9b4 ] Request (HostsAdminNegativeTestJSON:test_update_host_with_invalid_maintenance_mode): 400 PUT http://10.180.1.21/compute/v2.1/os-hosts/devstack 1.937s
2025-03-26 22:31:36.163 69488 INFO tempest.lib.common.rest_client [req-54a56c69-edbb-479e-bfb0-88578416a1af req-54a56c69-edbb-479e-bfb0-88578416a1af ] Request (ServerMetadataNegativeTestJSON:test_set_server_metadata_blank_key): 400 PUT http://10.180.1.21/compute/v2.1/servers/b76c1786-1b06-4192-ba91-cdcf42280839/metadata 1.943s
2025-03-26 22:31:36.281 69493 INFO tempest.lib.common.rest_client [req-5dfb3c21-fa3c-494b-a9a8-8a8c7a5912e9 req-5dfb3c21-fa3c-494b-a9a8-8a8c7a5912e9 ] Request (ServersWithSpecificFlavorTestJSON:test_verify_created_server_ephemeral_disk): 200 GET http://10.180.1.21/compute/v2.1/servers/1a593f41-970d-49b9-abee-2e2329d2f4ee 1.988s
2025-03-26 22:31:36.290 69493 INFO tempest.common.waiters [-] State transition "BUILD/None" ==> "BUILD/networking" after 17 second wait
2025-03-26 22:31:36.333 69491 INFO tempest.lib.common.rest_client [req-077c6e72-52c0-4b4d-b482-8a18feaf8929 req-077c6e72-52c0-4b4d-b482-8a18feaf8929 ] Request (ImagesMetadataTestJSON:test_set_image_metadata): 200 GET http://10.180.1.21/compute/v2.1/images/e61bbdb7-939e-49eb-b1e2-da312256394d/metadata 1.901s
2025-03-26 22:31:36.364 69455 INFO tempest.lib.common.rest_client [req-9e2c4e2d-6a81-4065-b225-b362901fe46c req-9e2c4e2d-6a81-4065-b225-b362901fe46c ] Request (KeyPairsNegativeTestJSON:test_keypair_delete_nonexistent_key): 404 DELETE http://10.180.1.21/compute/v2.1/os-keypairs/tempest-keypair-non-existent-1717721233 1.879s
2025-03-26 22:31:36.375 69473 INFO tempest.lib.common.rest_client [req-6350499d-08f6-47ab-8220-7a0954e8a02e req-6350499d-08f6-47ab-8220-7a0954e8a02e ] Request (ServersTestManualDisk:setUpClass): 202 POST http://10.180.1.21/compute/v2.1/servers 2.315s
2025-03-26 22:31:36.394 69471 INFO tempest.lib.common.rest_client [req-708cf69e-609b-4545-8bc1-826fe4e4e7e0 req-708cf69e-609b-4545-8bc1-826fe4e4e7e0 ] Request (DeleteServersAdminTestJSON:test_admin_delete_servers_of_others): 404 GET http://10.180.1.21/compute/v2.1/servers/bbc9b308-81df-46f5-8ffb-f81ea8db54ad 1.886s
2025-03-26 22:31:36.412 69467 INFO tempest.lib.common.rest_client [req-01d2b096-7f9e-458e-84a0-6aaa71822101 req-01d2b096-7f9e-458e-84a0-6aaa71822101 ] Request (FlavorsAccessNegativeTestJSON:_run_cleanups): 200 GET http://10.180.1.21/compute/v2.1/flavors/detail 1.824s
2025-03-26 22:31:36.497 69455 INFO tempest.lib.common.rest_client [req-90dbcde2-4cd0-4cf2-8fb2-0e0809b72958 req-90dbcde2-4cd0-4cf2-8fb2-0e0809b72958 ] Request (KeyPairsNegativeTestJSON:tearDownClass): 204 DELETE http://10.180.1.21/identity/v3/users/988ebdddff6f48ab8d2cb8b7c464dd2f 0.130s
2025-03-26 22:31:36.498 69455 INFO tempest.lib.common.dynamic_creds [-] Deleting project and security group for project: 88dc6e4ac6644c4ca2b806cf000926ed
2025-03-26 22:31:36.503 69471 INFO tempest.lib.common.rest_client [req-9a5b2a87-d752-4e4d-920a-235c75d4d08e req-9a5b2a87-d752-4e4d-920a-235c75d4d08e ] Request (DeleteServersAdminTestJSON:test_delete_server_while_in_error_state): 201 POST http://10.180.1.21/identity/v3/auth/tokens 0.094s
2025-03-26 22:31:36.504 69471 INFO tempest.lib.common.fixed_network [-] (DeleteServersAdminTestJSON:test_delete_server_while_in_error_state) Found network None available for tenant
2025-03-26 22:31:36.589 69455 INFO tempest.lib.common.rest_client [req-446d7ccf-4aee-4f8b-88db-58a4391aa715 req-446d7ccf-4aee-4f8b-88db-58a4391aa715 ] Request (KeyPairsNegativeTestJSON:tearDownClass): 201 POST http://10.180.1.21/identity/v3/auth/tokens 0.091s
2025-03-26 22:31:36.635 69467 INFO tempest.lib.common.rest_client [req-1718a8b5-c700-4c0b-bc28-3f0507380c84 req-1718a8b5-c700-4c0b-bc28-3f0507380c84 ] Request (FlavorsAccessNegativeTestJSON:tearDownClass): 204 DELETE http://10.180.1.21/identity/v3/users/d769aeac15324d43accac552d3a9b0f6 0.217s
2025-03-26 22:31:36.754 69467 INFO tempest.lib.common.rest_client [req-cfd52ac4-2203-44d4-816f-52200967238c req-cfd52ac4-2203-44d4-816f-52200967238c ] Request (FlavorsAccessNegativeTestJSON:tearDownClass): 204 DELETE http://10.180.1.21/identity/v3/users/53a13c950d4c4cbebfd7ef25de948c5f 0.119s
2025-03-26 22:31:36.766 69497 INFO tempest.lib.common.rest_client [req-a7a2a9ff-f7ce-4bbc-9126-7ff92e1a00dc req-a7a2a9ff-f7ce-4bbc-9126-7ff92e1a00dc ] Request (ServersTestMultiNic:test_verify_duplicate_network_nics): 200 GET http://10.180.1.21/compute/v2.1/servers/63af3181-231c-45dd-9df8-915064dedcf2 2.059s
2025-03-26 22:31:36.792 69509 INFO tempest.lib.common.rest_client [req-2aa2bfaa-1a9f-4a4d-91ef-fa7d95699386 req-2aa2bfaa-1a9f-4a4d-91ef-fa7d95699386 ] Request (AggregatesAdminNegativeTestJSON:_run_cleanups): 200 DELETE http://10.180.1.21/compute/v2.1/os-aggregates/6 1.937s
2025-03-26 22:31:36.887 69467 INFO tempest.lib.common.rest_client [req-ea4074cb-617b-4df1-a536-caef2eb42574 req-ea4074cb-617b-4df1-a536-caef2eb42574 ] Request (FlavorsAccessNegativeTestJSON:tearDownClass): 204 DELETE http://10.180.1.21/identity/v3/users/3642f298f4cc457aa27a8311727dc3cd 0.133s
2025-03-26 22:31:36.888 69467 INFO tempest.lib.common.dynamic_creds [-] Deleting project and security group for project: 36b3043c73e9439ca57f897bf713cfe6
2025-03-26 22:31:36.964 69467 INFO tempest.lib.common.rest_client [req-bdcbcc4a-212b-4b69-9346-7e72c96728e8 req-bdcbcc4a-212b-4b69-9346-7e72c96728e8 ] Request (FlavorsAccessNegativeTestJSON:tearDownClass): 201 POST http://10.180.1.21/identity/v3/auth/tokens 0.076s
2025-03-26 22:31:37.020 69459 INFO tempest.lib.common.rest_client [req-0475e6aa-2654-4842-ba83-b8a796ad1986 req-0475e6aa-2654-4842-ba83-b8a796ad1986 ] Request (MigrationsAdminTest:test_list_migrations_in_flavor_resize_situation): 200 GET http://10.180.1.21/compute/v2.1/servers/a8db27a1-1b94-4552-a86b-60a0c641a542 2.104s
2025-03-26 22:31:37.067 69455 INFO tempest.lib.common.rest_client [req-3a1e0476-1feb-4e77-8a48-3be201d055d5 req-3a1e0476-1feb-4e77-8a48-3be201d055d5 ] Request (KeyPairsNegativeTestJSON:tearDownClass): 200 GET http://10.180.1.21:9696/networking/v2.0/security-groups?tenant_id=88dc6e4ac6644c4ca2b806cf000926ed&name=default 0.477s
2025-03-26 22:31:37.110 69469 INFO tempest.lib.common.rest_client [req-db4fb7ba-5b0c-400e-9c49-db33001175b2 req-db4fb7ba-5b0c-400e-9c49-db33001175b2 ] Request (FloatingIPsAssociationTestJSON:setUpClass): 200 GET http://10.180.1.21/compute/v2.1/servers/c4ed826f-56bd-4482-b08f-468a90a6d5ef 1.974s
2025-03-26 22:31:37.142 69457 INFO tempest.lib.common.rest_client [req-d3dc59e6-b98c-4df2-b0c8-043e8c923e8c req-d3dc59e6-b98c-4df2-b0c8-043e8c923e8c ] Request (ServersAdminTestJSON:test_create_server_with_scheduling_hint): 202 POST http://10.180.1.21/compute/v2.1/servers 2.375s
2025-03-26 22:31:37.204 69513 INFO tempest.lib.common.rest_client [req-e34404b7-65b9-4b4a-b953-3afcf171e702 req-e34404b7-65b9-4b4a-b953-3afcf171e702 ] Request (ServerActionsTestOtherA:setUpClass): 201 POST http://10.180.1.21:9696/networking/v2.0/routers 1.514s
2025-03-26 22:31:37.270 69480 INFO tempest.lib.common.rest_client [req-2169ca39-a4c1-46c8-bf7e-8ca3157bbb5d req-2169ca39-a4c1-46c8-bf7e-8ca3157bbb5d ] Request (ServersAdmin275Test:_run_cleanups): 200 GET http://10.180.1.21/compute/v2.1/servers/a9a518c5-99a2-467e-943a-57f4558d8d3c 2.067s
2025-03-26 22:31:37.341 69495 INFO tempest.lib.common.rest_client [req-34c4bd3b-346d-45e5-9ae9-58b58e90bcd3 req-34c4bd3b-346d-45e5-9ae9-58b58e90bcd3 ] Request (KeyPairsV22TestJSON:_run_cleanups): 204 DELETE http://10.180.1.21/compute/v2.1/os-keypairs/tempest-KeyPairsV22TestJSON-keypair-979164853 2.086s
2025-03-26 22:31:37.386 69455 INFO tempest.lib.common.rest_client [req-ce67288a-976b-4aa5-8e9d-f85a37f0beb4 req-ce67288a-976b-4aa5-8e9d-f85a37f0beb4 ] Request (KeyPairsNegativeTestJSON:tearDownClass): 204 DELETE http://10.180.1.21:9696/networking/v2.0/security-groups/e94a0f7b-1fa0-4bad-bd15-cab442275661 0.318s
2025-03-26 22:31:37.462 69455 INFO tempest.lib.common.rest_client [req-183803cb-87a4-44a3-beb2-d5a1b81ab257 req-183803cb-87a4-44a3-beb2-d5a1b81ab257 ] Request (KeyPairsNegativeTestJSON:tearDownClass): 204 DELETE http://10.180.1.21/identity/v3/projects/88dc6e4ac6644c4ca2b806cf000926ed 0.075s
2025-03-26 22:31:37.464 69467 INFO tempest.lib.common.rest_client [req-13b49782-8d1d-4eb7-bebc-f8f319a53ebb req-13b49782-8d1d-4eb7-bebc-f8f319a53ebb ] Request (FlavorsAccessNegativeTestJSON:tearDownClass): 200 GET http://10.180.1.21:9696/networking/v2.0/security-groups?tenant_id=36b3043c73e9439ca57f897bf713cfe6&name=default 0.499s
2025-03-26 22:31:37.513 69505 INFO tempest.lib.common.rest_client [req-81d71b90-3270-44b6-b15b-1054ed32f6ff req-81d71b90-3270-44b6-b15b-1054ed32f6ff ] Request (ImagesOneServerNegativeTestJSON:setUp): 200 GET http://10.180.1.21/compute/v2.1/servers/b8a662b3-7def-4644-8ed4-4e767b3c7d99 2.374s
2025-03-26 22:31:37.523 69501 INFO tempest.lib.common.rest_client [req-377f4e05-b2ae-467b-9521-d76aa4e58912 req-377f4e05-b2ae-467b-9521-d76aa4e58912 ] Request (ServerActionsTestOtherB:setUpClass): 200 PUT http://10.180.1.21:9696/networking/v2.0/routers/cf02c80e-4a3f-412f-af4c-d6dbb82e3343/add_router_interface 2.153s
2025-03-26 22:31:37.523 69501 INFO tempest.lib.common.dynamic_creds [-] Created isolated network resources for: credentials: Credentials: {'domain_id': 'default', 'domain_name': 'Default', 'username': 'tempest-ServerActionsTestOtherB-1363313952-project-member', 'project_domain_id': 'default', 'project_domain_name': 'Default', 'project_id': 'da6967b01775421780e13f57169846e7', 'project_name': 'tempest-ServerActionsTestOtherB-1363313952', 'tenant_id': 'da6967b01775421780e13f57169846e7', 'tenant_name': 'tempest-ServerActionsTestOtherB-1363313952', 'user_domain_id': 'default', 'user_domain_name': 'Default', 'user_id': '776610fdebad4bd4827805b8365b7fa2', 'system': None}, Network: {'id': '16c37fb8-fd85-4556-8f6d-c3c8ee5fc0cc', 'name': 'tempest-ServerActionsTestOtherB-1958743583-network', 'tenant_id': 'da6967b01775421780e13f57169846e7', 'admin_state_up': True, 'mtu': 8950, 'status': 'ACTIVE', 'subnets': [], 'shared': False, 'project_id': 'da6967b01775421780e13f57169846e7', 'port_security_enabled': True, 'router:external': False, 'provider:network_type': 'vlan', 'provider:physical_network': 'default', 'provider:segmentation_id': 14, 'availability_zone_hints': [], 'availability_zones': [], 'ipv4_address_scope': None, 'ipv6_address_scope': None, 'description': '', 'tags': [], 'created_at': '2025-03-26T22:31:33Z', 'updated_at': '2025-03-26T22:31:33Z', 'revision_number': 1}, Subnet: {'id': 'e8d2abe2-776c-4c0c-9296-cfc673481b15', 'name': 'tempest-ServerActionsTestOtherB-1958743583-subnet', 'tenant_id': 'da6967b01775421780e13f57169846e7', 'network_id': '16c37fb8-fd85-4556-8f6d-c3c8ee5fc0cc', 'ip_version': 4, 'subnetpool_id': None, 'enable_dhcp': True, 'ipv6_ra_mode': None, 'ipv6_address_mode': None, 'gateway_ip': '192.168.128.1', 'cidr': '192.168.128.0/28', 'allocation_pools': [{'start': '192.168.128.2', 'end': '192.168.128.14'}], 'host_routes': [], 'dns_nameservers': [], 'description': '', 'router:external': False, 'service_types': [], 'tags': [], 'created_at': '2025-03-26T22:31:33Z', 'updated_at': '2025-03-26T22:31:33Z', 'revision_number': 0, 'project_id': 'da6967b01775421780e13f57169846e7'}, Router: {'id': 'cf02c80e-4a3f-412f-af4c-d6dbb82e3343', 'name': 'tempest-ServerActionsTestOtherB-1958743583-router', 'tenant_id': 'da6967b01775421780e13f57169846e7', 'admin_state_up': True, 'status': 'ACTIVE', 'external_gateway_info': {'network_id': 'dbc11d78-3ab2-4979-981d-eb948fe4d8d0', 'external_fixed_ips': [{'subnet_id': '4ff3efbd-5d90-4915-93b8-1ee19aa2d8e3', 'ip_address': '10.180.180.180'}], 'enable_snat': True}, 'description': '', 'availability_zones': [], 'distributed': False, 'ha': False, 'availability_zone_hints': [], 'routes': [], 'flavor_id': None, 'tags': [], 'created_at': '2025-03-26T22:31:34Z', 'updated_at': '2025-03-26T22:31:34Z', 'revision_number': 2, 'project_id': 'da6967b01775421780e13f57169846e7'}
2025-03-26 22:31:37.554 69503 INFO tempest.lib.common.rest_client [req-39fc297c-df8c-44f7-8fd3-f50599daf537 req-39fc297c-df8c-44f7-8fd3-f50599daf537 ] Request (VolumesAssistedSnapshotsTest:test_volume_assisted_snapshot_create_delete): 200 GET http://10.180.1.21/compute/v2.1/servers/ada1d08c-09a0-4682-ba11-1c6cd5e78f92 2.093s
2025-03-26 22:31:37.558 69455 INFO tempest.lib.common.rest_client [req-5ef4740d-3656-4260-b432-726192296d23 req-5ef4740d-3656-4260-b432-726192296d23 ] Request (VolumesNegativeTest:setUpClass): 201 POST http://10.180.1.21/identity/v3/auth/tokens 0.095s
2025-03-26 22:31:37.566 69503 INFO tempest.common.waiters [-] State transition "BUILD/spawning" ==> "ACTIVE/None" after 28 second wait
2025-03-26 22:31:37.592 69499 INFO tempest.lib.common.rest_client [req-6ee4c4f3-c107-49ae-a48d-328d21bf0c0b req-6ee4c4f3-c107-49ae-a48d-328d21bf0c0b ] Request (ServerPasswordTestJSON:tearDownClass): 404 GET http://10.180.1.21/compute/v2.1/servers/30564b03-2531-4e50-b45d-db4208287a50 2.017s
2025-03-26 22:31:37.610 69455 INFO tempest.lib.common.rest_client [req-b226001a-2421-4fc7-81c5-a513ab88a363 req-b226001a-2421-4fc7-81c5-a513ab88a363 ] Request (VolumesNegativeTest:setUpClass): 201 POST http://10.180.1.21/identity/v3/auth/tokens 0.049s
2025-03-26 22:31:37.629 69501 INFO tempest.lib.common.rest_client [req-73b5f74e-e7cb-4b27-88e8-ff2b4a9cc2df req-73b5f74e-e7cb-4b27-88e8-ff2b4a9cc2df ] Request (ServerActionsTestOtherB:setUpClass): 201 POST http://10.180.1.21/identity/v3/auth/tokens 0.101s
2025-03-26 22:31:37.642 69455 INFO tempest.lib.common.rest_client [req-774dce5f-b02c-4e0e-a980-4c5efa8dbc1a req-774dce5f-b02c-4e0e-a980-4c5efa8dbc1a ] Request (VolumesNegativeTest:setUpClass): 200 GET http://10.180.1.21/identity/v3/domains?name=Default 0.031s
2025-03-26 22:31:37.680 69455 INFO tempest.lib.common.rest_client [req-e47f319e-b7df-4416-a26c-71e7f6029815 req-e47f319e-b7df-4416-a26c-71e7f6029815 ] Request (VolumesNegativeTest:setUpClass): 201 POST http://10.180.1.21/identity/v3/projects 0.037s
2025-03-26 22:31:37.683 69453 INFO tempest.lib.common.rest_client [req-be15e30f-2144-4b11-9940-27f6e35ad9d8 req-be15e30f-2144-4b11-9940-27f6e35ad9d8 ] Request (ServersListShow2100Test:test_list_show_rebuild_update_server_2100): 200 GET http://10.180.1.21/compute/v2.1/servers/e7d034d2-6455-43c8-9629-70ca597034c8 1.899s
2025-03-26 22:31:37.700 69453 INFO tempest.common.waiters [-] State transition "REBUILD/rebuilding" ==> "REBUILD/rebuild_spawning" after 3 second wait
2025-03-26 22:31:37.753 69451 INFO tempest.lib.common.rest_client [req-bc7cc417-bc65-4f8e-a20e-2bd9da4ef5a5 req-bc7cc417-bc65-4f8e-a20e-2bd9da4ef5a5 ] Request (ImagesOneServerTestJSON:setUpClass): 200 GET http://10.180.1.21/compute/v2.1/servers/bfdd78b3-a9ad-41e7-817c-19a9d11785d3 1.894s
2025-03-26 22:31:37.760 69455 INFO tempest.lib.common.rest_client [req-c5fb968c-8983-4b5e-814f-18c4ce88b2f1 req-c5fb968c-8983-4b5e-814f-18c4ce88b2f1 ] Request (VolumesNegativeTest:setUpClass): 201 POST http://10.180.1.21/identity/v3/users 0.080s
2025-03-26 22:31:37.792 69455 INFO tempest.lib.common.rest_client [req-c6e27f1d-6b6c-42ce-977c-be783922d876 req-c6e27f1d-6b6c-42ce-977c-be783922d876 ] Request (VolumesNegativeTest:setUpClass): 200 GET http://10.180.1.21/identity/v3/roles 0.031s
2025-03-26 22:31:37.819 69507 INFO tempest.lib.common.rest_client [req-b56d95f1-f5dc-4cd5-b012-29a33401990f req-b56d95f1-f5dc-4cd5-b012-29a33401990f ] Request (ServerDiagnosticsNegativeTest:test_get_server_diagnostics_by_non_admin): 200 GET http://10.180.1.21/compute/v2.1/servers/0e2e54bd-53c1-4621-8f02-c4e2d553967f 1.894s
2025-03-26 22:31:37.835 69455 INFO tempest.lib.common.rest_client [req-46397590-e28d-4bd1-9482-bd6ff9b67f2b req-46397590-e28d-4bd1-9482-bd6ff9b67f2b ] Request (VolumesNegativeTest:setUpClass): 204 PUT http://10.180.1.21/identity/v3/projects/7fa450743207463cafbc479c1c17e56b/users/2b0976422f784afa9cbe09cd6ab6ba11/roles/f5d2ac61cf654c50bf6694de3ec136a6 0.042s
2025-03-26 22:31:37.835 69455 INFO tempest.lib.common.dynamic_creds [-] Dynamic test user 2b0976422f784afa9cbe09cd6ab6ba11 is created with scope project and roles: ['member']
2025-03-26 22:31:37.835 69455 INFO tempest.lib.common.dynamic_creds [-] Acquired dynamic creds: credentials: Credentials: {'domain_id': 'default', 'domain_name': 'Default', 'username': 'tempest-VolumesNegativeTest-631038309-project-member', 'project_domain_id': 'default', 'project_domain_name': 'Default', 'project_id': '7fa450743207463cafbc479c1c17e56b', 'project_name': 'tempest-VolumesNegativeTest-631038309', 'tenant_id': '7fa450743207463cafbc479c1c17e56b', 'tenant_name': 'tempest-VolumesNegativeTest-631038309', 'user_domain_id': 'default', 'user_domain_name': 'Default', 'user_id': '2b0976422f784afa9cbe09cd6ab6ba11', 'system': None}, Network: None, Subnet: None, Router: None
2025-03-26 22:31:37.836 69455 INFO tempest.lib.common.dynamic_creds [-] Created isolated network resources for: credentials: Credentials: {'domain_id': 'default', 'domain_name': 'Default', 'username': 'tempest-VolumesNegativeTest-631038309-project-member', 'project_domain_id': 'default', 'project_domain_name': 'Default', 'project_id': '7fa450743207463cafbc479c1c17e56b', 'project_name': 'tempest-VolumesNegativeTest-631038309', 'tenant_id': '7fa450743207463cafbc479c1c17e56b', 'tenant_name': 'tempest-VolumesNegativeTest-631038309', 'user_domain_id': 'default', 'user_domain_name': 'Default', 'user_id': '2b0976422f784afa9cbe09cd6ab6ba11', 'system': None}, Network: None, Subnet: None, Router: None
2025-03-26 22:31:37.941 69455 INFO tempest.lib.common.rest_client [req-0b23056e-1698-4bdb-abac-064bd8855bd6 req-0b23056e-1698-4bdb-abac-064bd8855bd6 ] Request (VolumesNegativeTest:setUpClass): 201 POST http://10.180.1.21/identity/v3/auth/tokens 0.100s
2025-03-26 22:31:37.952 69483 INFO tempest.lib.common.rest_client [req-af85536e-6f26-45c2-a106-fe7e3dcc4849 req-af85536e-6f26-45c2-a106-fe7e3dcc4849 ] Request (FloatingIPDetailsTestJSON:test_list_floating_ips): 200 GET http://10.180.1.21/compute/v2.1/os-floating-ips 2.404s
2025-03-26 22:31:37.973 69467 INFO tempest.lib.common.rest_client [req-a36007b5-d181-423e-8248-3c235652eb7c req-a36007b5-d181-423e-8248-3c235652eb7c ] Request (FlavorsAccessNegativeTestJSON:tearDownClass): 204 DELETE http://10.180.1.21:9696/networking/v2.0/security-groups/b176f5ed-7beb-4a01-a417-09cda022f6c2 0.509s
2025-03-26 22:31:37.986 69489 INFO tempest.lib.common.rest_client [req-f28b7403-fb6f-4978-bb02-048931b709a8 req-f28b7403-fb6f-4978-bb02-048931b709a8 ] Request (FlavorsAdminTestJSON:test_is_public_string_variations): 200 POST http://10.180.1.21/compute/v2.1/flavors 2.012s
2025-03-26 22:31:38.062 69481 INFO tempest.lib.common.rest_client [req-174785d3-9b72-411b-a87a-13049d8259bc req-174785d3-9b72-411b-a87a-13049d8259bc ] Request (AttachInterfacesUnderV243Test:test_add_remove_fixed_ip): 200 GET http://10.180.1.21/compute/v2.1/servers/14000aa9-bfa5-488a-bcfb-4771792c5ce1 2.066s
2025-03-26 22:31:38.068 69485 INFO tempest.lib.common.rest_client [req-7c8e017a-855e-478f-b161-75ec61108910 req-7c8e017a-855e-478f-b161-75ec61108910 ] Request (HostsAdminNegativeTestJSON:test_update_host_with_invalid_status): 400 PUT http://10.180.1.21/compute/v2.1/os-hosts/devstack 1.916s
2025-03-26 22:31:38.077 69488 INFO tempest.lib.common.rest_client [req-a7f62348-5ece-406f-9c95-0205d595c0a1 req-a7f62348-5ece-406f-9c95-0205d595c0a1 ] Request (ServerMetadataNegativeTestJSON:test_set_server_metadata_missing_metadata): 400 PUT http://10.180.1.21/compute/v2.1/servers/b76c1786-1b06-4192-ba91-cdcf42280839/metadata 1.910s
2025-03-26 22:31:38.092 69461 INFO tempest.lib.common.rest_client [req-f8cb0c29-4fb5-448b-9583-341d21ecb3b0 req-f8cb0c29-4fb5-448b-9583-341d21ecb3b0 ] Request (SecurityGroupRulesTestJSON:test_security_group_rules_delete_when_peer_group_deleted): 200 POST http://10.180.1.21/compute/v2.1/os-security-groups 2.155s
2025-03-26 22:31:38.104 69467 INFO tempest.lib.common.rest_client [req-74f24180-0563-4c45-81ac-1f3b83bb9359 req-74f24180-0563-4c45-81ac-1f3b83bb9359 ] Request (FlavorsAccessNegativeTestJSON:tearDownClass): 204 DELETE http://10.180.1.21/identity/v3/projects/36b3043c73e9439ca57f897bf713cfe6 0.129s
2025-03-26 22:31:38.104 69467 INFO tempest.lib.common.dynamic_creds [-] Deleting project and security group for project: 5c9abcfd3e7d4155aa50d16f7c2c63ec
2025-03-26 22:31:38.172 69475 INFO tempest.lib.common.rest_client [req-25cfbcb2-cfdd-4edf-a03a-5b519986b55e req-25cfbcb2-cfdd-4edf-a03a-5b519986b55e ] Request (ServerDiagnosticsTest:test_get_server_diagnostics): 200 GET http://10.180.1.21/compute/v2.1/servers/0c0eac8a-3ea3-44bc-8101-bee23396202d 1.951s
2025-03-26 22:31:38.182 69475 INFO tempest.common.waiters [-] State transition "BUILD/scheduling" ==> "BUILD/None" after 3 second wait
2025-03-26 22:31:38.226 69463 INFO tempest.lib.common.rest_client [req-da8a8abf-8893-4848-a795-7e3c52f62aba req-da8a8abf-8893-4848-a795-7e3c52f62aba ] Request (FloatingIPsAssociationNegativeTestJSON:setUpClass): 200 PUT http://10.180.1.21:9696/networking/v2.0/routers/f5b632bb-1ddd-452a-bdbf-ccbf9ef6cd43/add_router_interface 2.656s
2025-03-26 22:31:38.227 69463 INFO tempest.lib.common.dynamic_creds [-] Created isolated network resources for: credentials: Credentials: {'domain_id': 'default', 'domain_name': 'Default', 'username': 'tempest-FloatingIPsAssociationNegativeTestJSON-1033005762-project-member', 'project_domain_id': 'default', 'project_domain_name': 'Default', 'project_id': '2eefb88a1daa4729a40fcd262da45b03', 'project_name': 'tempest-FloatingIPsAssociationNegativeTestJSON-1033005762', 'tenant_id': '2eefb88a1daa4729a40fcd262da45b03', 'tenant_name': 'tempest-FloatingIPsAssociationNegativeTestJSON-1033005762', 'user_domain_id': 'default', 'user_domain_name': 'Default', 'user_id': '6c8f90d6ffc34cc8b32cd83d9b1ebc6c', 'system': None}, Network: {'id': 'a226c7fb-ab51-44de-af44-d53aa2e28308', 'name': 'tempest-FloatingIPsAssociationNegativeTestJSON-1101184308-network', 'tenant_id': '2eefb88a1daa4729a40fcd262da45b03', 'admin_state_up': True, 'mtu': 8950, 'status': 'ACTIVE', 'subnets': [], 'shared': False, 'project_id': '2eefb88a1daa4729a40fcd262da45b03', 'port_security_enabled': True, 'router:external': False, 'provider:network_type': 'vlan', 'provider:physical_network': 'default', 'provider:segmentation_id': 890, 'availability_zone_hints': [], 'availability_zones': [], 'ipv4_address_scope': None, 'ipv6_address_scope': None, 'description': '', 'tags': [], 'created_at': '2025-03-26T22:31:33Z', 'updated_at': '2025-03-26T22:31:34Z', 'revision_number': 1}, Subnet: {'id': '6f8b9a60-4139-434f-9667-af0593dd4f74', 'name': 'tempest-FloatingIPsAssociationNegativeTestJSON-1101184308-subnet', 'tenant_id': '2eefb88a1daa4729a40fcd262da45b03', 'network_id': 'a226c7fb-ab51-44de-af44-d53aa2e28308', 'ip_version': 4, 'subnetpool_id': None, 'enable_dhcp': True, 'ipv6_ra_mode': None, 'ipv6_address_mode': None, 'gateway_ip': '192.168.128.1', 'cidr': '192.168.128.0/28', 'allocation_pools': [{'start': '192.168.128.2', 'end': '192.168.128.14'}], 'host_routes': [], 'dns_nameservers': [], 'description': '', 'router:external': False, 'service_types': [], 'tags': [], 'created_at': '2025-03-26T22:31:34Z', 'updated_at': '2025-03-26T22:31:34Z', 'revision_number': 0, 'project_id': '2eefb88a1daa4729a40fcd262da45b03'}, Router: {'id': 'f5b632bb-1ddd-452a-bdbf-ccbf9ef6cd43', 'name': 'tempest-FloatingIPsAssociationNegativeTestJSON-1101184308-router', 'tenant_id': '2eefb88a1daa4729a40fcd262da45b03', 'admin_state_up': True, 'status': 'ACTIVE', 'external_gateway_info': {'network_id': 'dbc11d78-3ab2-4979-981d-eb948fe4d8d0', 'external_fixed_ips': [{'subnet_id': '4ff3efbd-5d90-4915-93b8-1ee19aa2d8e3', 'ip_address': '10.180.180.132'}], 'enable_snat': True}, 'description': '', 'availability_zones': [], 'distributed': False, 'ha': False, 'availability_zone_hints': [], 'routes': [], 'flavor_id': None, 'tags': [], 'created_at': '2025-03-26T22:31:34Z', 'updated_at': '2025-03-26T22:31:35Z', 'revision_number': 2, 'project_id': '2eefb88a1daa4729a40fcd262da45b03'}
2025-03-26 22:31:38.282 69465 INFO tempest.lib.common.rest_client [req-af12a88b-44d7-4a36-b28f-b71f0428f73b req-af12a88b-44d7-4a36-b28f-b71f0428f73b ] Request (ImagesTestJSON:test_create_image_from_stopped_server): 200 GET http://10.180.1.21/compute/v2.1/servers/252b5ecb-6b62-4456-acfc-991572db2019 1.931s
2025-03-26 22:31:38.335 69463 INFO tempest.lib.common.rest_client [req-7bd06d0b-8d26-46ff-ba9c-40e5e70a3202 req-7bd06d0b-8d26-46ff-ba9c-40e5e70a3202 ] Request (FloatingIPsAssociationNegativeTestJSON:setUpClass): 201 POST http://10.180.1.21/identity/v3/auth/tokens 0.103s
2025-03-26 22:31:38.383 69473 INFO tempest.lib.common.rest_client [req-a5296ab6-5914-4f9d-b15d-4cbe3a7420f3 req-a5296ab6-5914-4f9d-b15d-4cbe3a7420f3 ] Request (ServersTestManualDisk:setUpClass): 200 GET http://10.180.1.21/compute/v2.1/servers/0a4dfc9a-3000-492a-80c3-1f379e14ecc9 2.004s
2025-03-26 22:31:38.397 69463 INFO tempest.lib.common.rest_client [req-b8482e2e-8c59-4d00-884d-186584cd22f8 req-b8482e2e-8c59-4d00-884d-186584cd22f8 ] Request (FloatingIPsAssociationNegativeTestJSON:setUpClass): 201 POST http://10.180.1.21/identity/v3/auth/tokens 0.059s
2025-03-26 22:31:38.397 69463 INFO tempest.lib.common.fixed_network [-] (FloatingIPsAssociationNegativeTestJSON:setUpClass) Found network {'id': 'a226c7fb-ab51-44de-af44-d53aa2e28308', 'name': 'tempest-FloatingIPsAssociationNegativeTestJSON-1101184308-network', 'tenant_id': '2eefb88a1daa4729a40fcd262da45b03', 'admin_state_up': True, 'mtu': 8950, 'status': 'ACTIVE', 'subnets': [], 'shared': False, 'project_id': '2eefb88a1daa4729a40fcd262da45b03', 'port_security_enabled': True, 'router:external': False, 'provider:network_type': 'vlan', 'provider:physical_network': 'default', 'provider:segmentation_id': 890, 'availability_zone_hints': [], 'availability_zones': [], 'ipv4_address_scope': None, 'ipv6_address_scope': None, 'description': '', 'tags': [], 'created_at': '2025-03-26T22:31:33Z', 'updated_at': '2025-03-26T22:31:34Z', 'revision_number': 1} available for tenant
2025-03-26 22:31:38.407 69467 INFO tempest.lib.common.rest_client [req-5292318d-3c16-4281-a357-1438241500fa req-5292318d-3c16-4281-a357-1438241500fa ] Request (FlavorsAccessNegativeTestJSON:tearDownClass): 200 GET http://10.180.1.21:9696/networking/v2.0/security-groups?tenant_id=5c9abcfd3e7d4155aa50d16f7c2c63ec&name=default 0.302s
2025-03-26 22:31:38.414 69491 INFO tempest.lib.common.rest_client [req-a41a98ec-c794-4de4-ab1e-89892bc94065 req-a41a98ec-c794-4de4-ab1e-89892bc94065 ] Request (ImagesMetadataTestJSON:setUp): 200 PUT http://10.180.1.21/compute/v2.1/images/e61bbdb7-939e-49eb-b1e2-da312256394d/metadata 2.078s
2025-03-26 22:31:38.430 69509 INFO tempest.lib.common.rest_client [req-2208c227-4545-4edf-a210-e71f89feadbc req-2208c227-4545-4edf-a210-e71f89feadbc ] Request (AggregatesAdminNegativeTestJSON:test_aggregate_get_details_with_invalid_id): 404 GET http://10.180.1.21/compute/v2.1/os-aggregates/-1 1.636s
2025-03-26 22:31:38.482 69457 INFO tempest.lib.common.rest_client [req-1a4cca3f-c8ef-4641-9989-ac91872c1107 req-1a4cca3f-c8ef-4641-9989-ac91872c1107 ] Request (ServersAdminTestJSON:test_create_server_with_scheduling_hint): 200 GET http://10.180.1.21/compute/v2.1/servers/01d15ded-514c-4e1e-8283-7e0b54518888 1.336s
2025-03-26 22:31:38.592 69511 INFO tempest.lib.common.rest_client [req-625880d8-4d51-4377-85c4-f22bbec0f330 req-625880d8-4d51-4377-85c4-f22bbec0f330 ] Request (ImagesNegativeTestJSON:test_create_image_from_deleted_server): 200 GET http://10.180.1.21/compute/v2.1/servers/915965e6-8e99-4879-942c-816914502865 1.439s
2025-03-26 22:31:38.599 69511 INFO tempest.common.waiters [-] State transition "BUILD/spawning" ==> "ACTIVE/None" after 29 second wait
2025-03-26 22:31:38.672 69477 WARNING tempest.lib.common.ssh [-] Failed to establish authenticated ssh connection to cirros@10.180.180.142 ([Errno None] Unable to connect to port 22 on 10.180.180.142). Number attempts: 2. Retry after 3 seconds.: paramiko.ssh_exception.NoValidConnectionsError: [Errno None] Unable to connect to port 22 on 10.180.180.142
2025-03-26 22:31:38.674 69467 INFO tempest.lib.common.rest_client [req-b4e761b0-8905-4205-9cac-1d779a2a12a8 req-b4e761b0-8905-4205-9cac-1d779a2a12a8 ] Request (FlavorsAccessNegativeTestJSON:tearDownClass): 204 DELETE http://10.180.1.21:9696/networking/v2.0/security-groups/56cf4523-0d54-458e-a684-2e24693d1d50 0.264s
2025-03-26 22:31:38.777 69493 INFO tempest.lib.common.rest_client [req-617f9bf4-c315-415f-9a5d-a0c346421c5b req-617f9bf4-c315-415f-9a5d-a0c346421c5b ] Request (ServersWithSpecificFlavorTestJSON:test_verify_created_server_ephemeral_disk): 200 GET http://10.180.1.21/compute/v2.1/servers/1a593f41-970d-49b9-abee-2e2329d2f4ee 1.485s
2025-03-26 22:31:38.786 69493 INFO tempest.common.waiters [-] State transition "BUILD/networking" ==> "BUILD/spawning" after 19 second wait
2025-03-26 22:31:38.798 69471 INFO tempest.lib.common.rest_client [req-75e7bcf1-4b34-476b-baaa-70c44af32ae5 req-75e7bcf1-4b34-476b-baaa-70c44af32ae5 ] Request (DeleteServersAdminTestJSON:test_delete_server_while_in_error_state): 202 POST http://10.180.1.21/compute/v2.1/servers 2.294s
2025-03-26 22:31:38.800 69495 INFO tempest.lib.common.rest_client [req-27714805-0a8c-4ae0-978b-20e1d40b6f9f req-27714805-0a8c-4ae0-978b-20e1d40b6f9f ] Request (KeyPairsV22TestJSON:_run_cleanups): 204 DELETE http://10.180.1.21/compute/v2.1/os-keypairs/tempest-KeyPairsV22TestJSON-keypair-955694170 1.459s
2025-03-26 22:31:38.806 69505 INFO tempest.lib.common.rest_client [req-5bbc613e-fc14-41f1-86a2-54c21d564502 req-5bbc613e-fc14-41f1-86a2-54c21d564502 ] Request (ImagesOneServerNegativeTestJSON:test_create_image_specify_invalid_metadata): 400 POST http://10.180.1.21/compute/v2.1/servers/b8a662b3-7def-4644-8ed4-4e767b3c7d99/action 1.278s
2025-03-26 22:31:38.874 69467 INFO tempest.lib.common.rest_client [req-66763d0a-133b-41e6-952d-2d5803a78195 req-66763d0a-133b-41e6-952d-2d5803a78195 ] Request (FlavorsAccessNegativeTestJSON:tearDownClass): 204 DELETE http://10.180.1.21/identity/v3/projects/5c9abcfd3e7d4155aa50d16f7c2c63ec 0.200s
2025-03-26 22:31:38.874 69467 INFO tempest.lib.common.dynamic_creds [-] Deleting project and security group for project: 7c26e8901c244e4aad529592596ac465
2025-03-26 22:31:38.893 69503 INFO tempest.lib.common.rest_client [req-b88005bd-bd71-4341-ab0f-b386fbcd431a req-b88005bd-bd71-4341-ab0f-b386fbcd431a ] Request (VolumesAssistedSnapshotsTest:test_volume_assisted_snapshot_create_delete): 200 GET http://10.180.1.21/compute/v2.1/servers/ada1d08c-09a0-4682-ba11-1c6cd5e78f92/os-interface 1.326s
2025-03-26 22:31:39.050 69501 INFO tempest.lib.common.rest_client [req-351702b9-e55b-430b-a1df-6caa8d155630 req-351702b9-e55b-430b-a1df-6caa8d155630 ] Request (ServerActionsTestOtherB:setUpClass): 200 POST http://10.180.1.21/compute/v2.1/os-keypairs 1.419s
2025-03-26 22:31:39.137 69455 INFO tempest.lib.common.rest_client [req-7037faa9-4bfe-414d-87b1-3cadc134bab8 req-7037faa9-4bfe-414d-87b1-3cadc134bab8 ] Request (VolumesNegativeTest:test_create_volume_with_invalid_size): 400 POST http://10.180.1.21/compute/v2.1/os-volumes 1.194s
2025-03-26 22:31:39.164 69467 INFO tempest.lib.common.rest_client [req-01de813b-b0ed-4e0b-a2e4-725d9725ae37 req-01de813b-b0ed-4e0b-a2e4-725d9725ae37 ] Request (FlavorsAccessNegativeTestJSON:tearDownClass): 200 GET http://10.180.1.21:9696/networking/v2.0/security-groups?tenant_id=7c26e8901c244e4aad529592596ac465&name=default 0.290s
2025-03-26 22:31:39.428 69467 INFO tempest.lib.common.rest_client [req-5ad653c1-9612-40a9-a05f-b7faed200326 req-5ad653c1-9612-40a9-a05f-b7faed200326 ] Request (FlavorsAccessNegativeTestJSON:tearDownClass): 204 DELETE http://10.180.1.21:9696/networking/v2.0/security-groups/bb757ca3-85f7-4fc2-89fc-82d94a780890 0.262s
2025-03-26 22:31:39.564 69467 INFO tempest.lib.common.rest_client [req-f62688ee-4118-4576-bf39-2eb1507dcd9e req-f62688ee-4118-4576-bf39-2eb1507dcd9e ] Request (FlavorsAccessNegativeTestJSON:tearDownClass): 204 DELETE http://10.180.1.21/identity/v3/projects/7c26e8901c244e4aad529592596ac465 0.136s
2025-03-26 22:31:39.610 69499 INFO tempest.lib.common.rest_client [req-0a4d522c-42b6-450d-afc5-0cc7cacd08c3 req-0a4d522c-42b6-450d-afc5-0cc7cacd08c3 ] Request (ServerPasswordTestJSON:tearDownClass): 200 PUT http://10.180.1.21:9696/networking/v2.0/routers/d2dab318-7961-4d15-a2eb-a752d96a45c0/remove_router_interface 2.017s
2025-03-26 22:31:39.636 69467 INFO tempest.lib.common.rest_client [req-77120492-5dc9-41dc-89ce-8cef2523db39 req-77120492-5dc9-41dc-89ce-8cef2523db39 ] Request (HypervisorAdminV253TestBase:setUpClass): 201 POST http://10.180.1.21/identity/v3/auth/tokens 0.070s
2025-03-26 22:31:39.669 69467 INFO tempest.lib.common.rest_client [req-148d5ad2-e73d-4d8a-9e86-e7c818da1179 req-148d5ad2-e73d-4d8a-9e86-e7c818da1179 ] Request (HypervisorAdminV253TestBase:setUpClass): 201 POST http://10.180.1.21/identity/v3/auth/tokens 0.031s
2025-03-26 22:31:39.698 69467 INFO tempest.lib.common.rest_client [req-5012b391-7049-4691-ae1f-2001bc863bc7 req-5012b391-7049-4691-ae1f-2001bc863bc7 ] Request (HypervisorAdminV253TestBase:setUpClass): 200 GET http://10.180.1.21/identity/v3/domains?name=Default 0.028s
2025-03-26 22:31:39.729 69467 INFO tempest.lib.common.rest_client [req-b7fcb4ec-0753-4eec-b495-aa98209ee43a req-b7fcb4ec-0753-4eec-b495-aa98209ee43a ] Request (HypervisorAdminV253TestBase:setUpClass): 201 POST http://10.180.1.21/identity/v3/projects 0.031s
2025-03-26 22:31:39.734 69497 INFO tempest.lib.common.rest_client [req-b2242fcd-5261-4e8a-9c9f-1a6c09f7931d req-b2242fcd-5261-4e8a-9c9f-1a6c09f7931d ] Request (ServersTestMultiNic:test_verify_duplicate_network_nics): 200 GET http://10.180.1.21/compute/v2.1/servers/63af3181-231c-45dd-9df8-915064dedcf2 1.958s
2025-03-26 22:31:39.759 69489 INFO tempest.lib.common.rest_client [req-29650f45-bafc-4b44-9895-668d989dfbcb req-29650f45-bafc-4b44-9895-668d989dfbcb ] Request (FlavorsAdminTestJSON:test_is_public_string_variations): 200 POST http://10.180.1.21/compute/v2.1/flavors 1.771s
2025-03-26 22:31:39.801 69513 INFO tempest.lib.common.rest_client [req-ecdac7f3-0a5a-4eba-b8c7-9b5fb91e5b6a req-ecdac7f3-0a5a-4eba-b8c7-9b5fb91e5b6a ] Request (ServerActionsTestOtherA:setUpClass): 200 PUT http://10.180.1.21:9696/networking/v2.0/routers/51f2457b-7b4d-419f-a8a7-2ea9ac2e1b66/add_router_interface 2.595s
2025-03-26 22:31:39.801 69513 INFO tempest.lib.common.dynamic_creds [-] Created isolated network resources for: credentials: Credentials: {'domain_id': 'default', 'domain_name': 'Default', 'username': 'tempest-ServerActionsTestOtherA-1872065959-project-member', 'project_domain_id': 'default', 'project_domain_name': 'Default', 'project_id': '1b9351371bd84cd2b7d0ec88426fbaef', 'project_name': 'tempest-ServerActionsTestOtherA-1872065959', 'tenant_id': '1b9351371bd84cd2b7d0ec88426fbaef', 'tenant_name': 'tempest-ServerActionsTestOtherA-1872065959', 'user_domain_id': 'default', 'user_domain_name': 'Default', 'user_id': '11238dfc25e9498d8c3de195e2ed7960', 'system': None}, Network: {'id': 'ba3f4fff-7492-4d20-a1d5-3d6435ccc1e4', 'name': 'tempest-ServerActionsTestOtherA-558094568-network', 'tenant_id': '1b9351371bd84cd2b7d0ec88426fbaef', 'admin_state_up': True, 'mtu': 8950, 'status': 'ACTIVE', 'subnets': [], 'shared': False, 'project_id': '1b9351371bd84cd2b7d0ec88426fbaef', 'port_security_enabled': True, 'router:external': False, 'provider:network_type': 'vlan', 'provider:physical_network': 'default', 'provider:segmentation_id': 116, 'availability_zone_hints': [], 'availability_zones': [], 'ipv4_address_scope': None, 'ipv6_address_scope': None, 'description': '', 'tags': [], 'created_at': '2025-03-26T22:31:34Z', 'updated_at': '2025-03-26T22:31:34Z', 'revision_number': 1}, Subnet: {'id': 'f0da59f2-954e-4105-b0ff-7eb356363f73', 'name': 'tempest-ServerActionsTestOtherA-558094568-subnet', 'tenant_id': '1b9351371bd84cd2b7d0ec88426fbaef', 'network_id': 'ba3f4fff-7492-4d20-a1d5-3d6435ccc1e4', 'ip_version': 4, 'subnetpool_id': None, 'enable_dhcp': True, 'ipv6_ra_mode': None, 'ipv6_address_mode': None, 'gateway_ip': '192.168.128.1', 'cidr': '192.168.128.0/28', 'allocation_pools': [{'start': '192.168.128.2', 'end': '192.168.128.14'}], 'host_routes': [], 'dns_nameservers': [], 'description': '', 'router:external': False, 'service_types': [], 'tags': [], 'created_at': '2025-03-26T22:31:35Z', 'updated_at': '2025-03-26T22:31:35Z', 'revision_number': 0, 'project_id': '1b9351371bd84cd2b7d0ec88426fbaef'}, Router: {'id': '51f2457b-7b4d-419f-a8a7-2ea9ac2e1b66', 'name': 'tempest-ServerActionsTestOtherA-558094568-router', 'tenant_id': '1b9351371bd84cd2b7d0ec88426fbaef', 'admin_state_up': True, 'status': 'ACTIVE', 'external_gateway_info': {'network_id': 'dbc11d78-3ab2-4979-981d-eb948fe4d8d0', 'external_fixed_ips': [{'subnet_id': '4ff3efbd-5d90-4915-93b8-1ee19aa2d8e3', 'ip_address': '10.180.180.242'}], 'enable_snat': True}, 'description': '', 'availability_zones': [], 'distributed': False, 'ha': False, 'availability_zone_hints': [], 'routes': [], 'flavor_id': None, 'tags': [], 'created_at': '2025-03-26T22:31:35Z', 'updated_at': '2025-03-26T22:31:36Z', 'revision_number': 2, 'project_id': '1b9351371bd84cd2b7d0ec88426fbaef'}
2025-03-26 22:31:39.838 69467 INFO tempest.lib.common.rest_client [req-16ae0255-bb01-434d-b9f9-a14bb0c7185a req-16ae0255-bb01-434d-b9f9-a14bb0c7185a ] Request (HypervisorAdminV253TestBase:setUpClass): 201 POST http://10.180.1.21/identity/v3/users 0.108s
2025-03-26 22:31:39.847 69501 INFO tempest.lib.common.rest_client [req-23e21eaf-0078-4082-a4b2-70e3d17041d8 req-23e21eaf-0078-4082-a4b2-70e3d17041d8 ] Request (ServerActionsTestOtherB:setUpClass): 201 POST http://10.180.1.21:9696/networking/v2.0/security-groups 0.795s
2025-03-26 22:31:39.861 69467 INFO tempest.lib.common.rest_client [req-d44ec5da-9dd9-402b-87c1-f1c853b5da0a req-d44ec5da-9dd9-402b-87c1-f1c853b5da0a ] Request (HypervisorAdminV253TestBase:setUpClass): 200 GET http://10.180.1.21/identity/v3/roles 0.022s
2025-03-26 22:31:39.900 69467 INFO tempest.lib.common.rest_client [req-97c2bb72-0d2e-44c6-85a7-3e446e736e63 req-97c2bb72-0d2e-44c6-85a7-3e446e736e63 ] Request (HypervisorAdminV253TestBase:setUpClass): 204 PUT http://10.180.1.21/identity/v3/projects/f8814dd10d554eb893d65e108fbd5e36/users/0431c49706f54f22b5be7056c5786a41/roles/f5d2ac61cf654c50bf6694de3ec136a6 0.037s
2025-03-26 22:31:39.900 69467 INFO tempest.lib.common.dynamic_creds [-] Dynamic test user 0431c49706f54f22b5be7056c5786a41 is created with scope project and roles: ['member']
2025-03-26 22:31:39.900 69467 INFO tempest.lib.common.dynamic_creds [-] Acquired dynamic creds: credentials: Credentials: {'domain_id': 'default', 'domain_name': 'Default', 'username': 'tempest-HypervisorAdminV253TestBase-19933917-project-member', 'project_domain_id': 'default', 'project_domain_name': 'Default', 'project_id': 'f8814dd10d554eb893d65e108fbd5e36', 'project_name': 'tempest-HypervisorAdminV253TestBase-19933917', 'tenant_id': 'f8814dd10d554eb893d65e108fbd5e36', 'tenant_name': 'tempest-HypervisorAdminV253TestBase-19933917', 'user_domain_id': 'default', 'user_domain_name': 'Default', 'user_id': '0431c49706f54f22b5be7056c5786a41', 'system': None}, Network: None, Subnet: None, Router: None
2025-03-26 22:31:39.901 69467 INFO tempest.lib.common.dynamic_creds [-] Created isolated network resources for: credentials: Credentials: {'domain_id': 'default', 'domain_name': 'Default', 'username': 'tempest-HypervisorAdminV253TestBase-19933917-project-member', 'project_domain_id': 'default', 'project_domain_name': 'Default', 'project_id': 'f8814dd10d554eb893d65e108fbd5e36', 'project_name': 'tempest-HypervisorAdminV253TestBase-19933917', 'tenant_id': 'f8814dd10d554eb893d65e108fbd5e36', 'tenant_name': 'tempest-HypervisorAdminV253TestBase-19933917', 'user_domain_id': 'default', 'user_domain_name': 'Default', 'user_id': '0431c49706f54f22b5be7056c5786a41', 'system': None}, Network: None, Subnet: None, Router: None
2025-03-26 22:31:39.919 69513 INFO tempest.lib.common.rest_client [req-26a54b19-83b0-4cc8-a483-f2a975aaccb6 req-26a54b19-83b0-4cc8-a483-f2a975aaccb6 ] Request (ServerActionsTestOtherA:setUpClass): 201 POST http://10.180.1.21/identity/v3/auth/tokens 0.109s
2025-03-26 22:31:39.951 69483 INFO tempest.lib.common.rest_client [req-57417ca6-82db-4dfd-b7d2-3e95dacbc1d1 req-57417ca6-82db-4dfd-b7d2-3e95dacbc1d1 ] Request (FloatingIPDetailsTestJSON:tearDownClass): 202 DELETE http://10.180.1.21/compute/v2.1/os-floating-ips/377fe53d-6ab6-4196-a06a-b63b78026c88 1.994s
2025-03-26 22:31:39.959 69485 INFO tempest.lib.common.rest_client [req-61f549f2-794e-4a58-a9cb-7fbf6b91eb08 req-61f549f2-794e-4a58-a9cb-7fbf6b91eb08 ] Request (HostsAdminNegativeTestJSON:test_update_host_with_non_admin_user): 403 PUT http://10.180.1.21/compute/v2.1/os-hosts/devstack 1.887s
