2025-03-26 22:33:09.851 69488 INFO tempest.lib.common.rest_client [req-ccd57eff-15fd-4736-8aa6-bcb1444ca2b0 req-ccd57eff-15fd-4736-8aa6-bcb1444ca2b0 ] Request (ServerShowV257Test:test_rebuild_server): 200 GET http://10.180.1.21/compute/v2.1/servers/cbad918b-59ea-4937-b627-60f43b99da0d 0.061s
2025-03-26 22:33:09.880 69463 INFO tempest.lib.common.rest_client [req-4eec2f74-7c3f-4cab-b689-66772a376ca9 req-4eec2f74-7c3f-4cab-b689-66772a376ca9 ] Request (FloatingIPsAssociationNegativeTestJSON:tearDownClass): 200 GET http://10.180.1.21/compute/v2.1/servers/e583638b-7964-43d0-93c0-8545478c36b4 0.090s
2025-03-26 22:33:09.885 69471 INFO tempest.lib.common.rest_client [req-46ba27b8-8dee-4cfa-ad2a-9c14f8e74c27 req-46ba27b8-8dee-4cfa-ad2a-9c14f8e74c27 ] Request (HypervisorAdminNegativeUnderV252Test:tearDownClass): 204 DELETE http://10.180.1.21:9696/networking/v2.0/security-groups/22998e1b-9b4a-434f-82c0-847212dfddf7 0.094s
2025-03-26 22:33:09.909 69480 INFO tempest.lib.common.rest_client [req-e6958566-1c37-4e89-a1b0-fc48eef71ea6 req-e6958566-1c37-4e89-a1b0-fc48eef71ea6 ] Request (ServersAdminNegativeTestJSON:setUpClass): 200 GET http://10.180.1.21/compute/v2.1/servers/ecd49a8a-39f2-4cd3-9889-89c87f264617 0.063s
2025-03-26 22:33:09.937 69475 INFO tempest.lib.common.rest_client [req-f8e28cf8-6ea1-4eaf-8a51-3250dfd05e38 req-f8e28cf8-6ea1-4eaf-8a51-3250dfd05e38 ] Request (TenantUsagesTestJSON:setUpClass): 200 GET http://10.180.1.21/compute/v2.1/servers/b50ef965-8e0d-4382-ad7a-69a0f7299d77 0.092s
2025-03-26 22:33:09.958 69453 INFO tempest.lib.common.rest_client [req-d40e6d64-81b9-46ad-b10a-4a8cad8f3eb6 req-d40e6d64-81b9-46ad-b10a-4a8cad8f3eb6 ] Request (ServersTestJSON:test_create_server_specify_multibyte_character_name): 200 GET http://10.180.1.21/compute/v2.1/servers/692b7b8a-53c0-41e6-874f-85516308d7f9 0.066s
2025-03-26 22:33:09.975 69471 INFO tempest.lib.common.rest_client [req-f41e9387-9887-4c9e-894a-9a8e9ba00779 req-f41e9387-9887-4c9e-894a-9a8e9ba00779 ] Request (HypervisorAdminNegativeUnderV252Test:tearDownClass): 204 DELETE http://10.180.1.21/identity/v3/projects/b948e0d20d5848c2982b47dac9aee275 0.090s
2025-03-26 22:33:09.992 69465 INFO tempest.lib.common.rest_client [req-d4cf0407-228f-44ca-8a0b-b75910081404 req-d4cf0407-228f-44ca-8a0b-b75910081404 ] Request (ImagesTestJSON:test_create_image_from_suspended_server): 200 GET http://10.180.1.21/compute/v2.1/servers/1b2dbcdc-8ca9-48da-9c53-cf31cd222cb2 0.102s
2025-03-26 22:33:10.037 69511 INFO tempest.lib.common.rest_client [req-c20d6826-afbf-4467-9938-18e15846d6af req-c20d6826-afbf-4467-9938-18e15846d6af ] Request (InstanceActionsV221TestJSON:test_get_list_deleted_instance_actions): 200 GET http://10.180.1.21/compute/v2.1/servers/34e19d3d-2bc1-4d97-bf98-3801ebcbbf25 0.059s
2025-03-26 22:33:10.037 69471 INFO tempest.lib.common.rest_client [req-caf3d1a9-8cae-43e0-98eb-24f986f017c9 req-caf3d1a9-8cae-43e0-98eb-24f986f017c9 ] Request (ServicesAdminTestJSON:setUpClass): 201 POST http://10.180.1.21/identity/v3/auth/tokens 0.060s
2025-03-26 22:33:10.075 69471 INFO tempest.lib.common.rest_client [req-16321eb6-ee9e-430d-91e8-add85124a863 req-16321eb6-ee9e-430d-91e8-add85124a863 ] Request (ServicesAdminTestJSON:setUpClass): 201 POST http://10.180.1.21/identity/v3/auth/tokens 0.035s
2025-03-26 22:33:10.101 69471 INFO tempest.lib.common.rest_client [req-25d83133-fbfa-4c77-a974-03a58d509b97 req-25d83133-fbfa-4c77-a974-03a58d509b97 ] Request (ServicesAdminTestJSON:setUpClass): 200 GET http://10.180.1.21/identity/v3/domains?name=Default 0.026s
2025-03-26 22:33:10.126 69451 INFO tempest.lib.common.rest_client [req-9a1badcd-e729-45a9-818b-f5d7d36ea2a8 req-9a1badcd-e729-45a9-818b-f5d7d36ea2a8 ] Request (ImagesOneServerTestJSON:tearDownClass): 200 GET http://10.180.1.21/compute/v2.1/servers/bfdd78b3-a9ad-41e7-817c-19a9d11785d3 0.068s
2025-03-26 22:33:10.138 69471 INFO tempest.lib.common.rest_client [req-7706b177-3684-4d5e-a43b-e26b8173d91a req-7706b177-3684-4d5e-a43b-e26b8173d91a ] Request (ServicesAdminTestJSON:setUpClass): 201 POST http://10.180.1.21/identity/v3/projects 0.036s
2025-03-26 22:33:10.166 69459 INFO tempest.lib.common.rest_client [req-5f120197-fabc-4f2a-99bd-93898f24d040 req-5f120197-fabc-4f2a-99bd-93898f24d040 ] Request (MigrationsAdminTest:test_resize_server_revert_deleted_flavor): 200 GET http://10.180.1.21/compute/v2.1/servers/b8858edd-34b7-406c-861d-fb2917fdbd20 0.064s
2025-03-26 22:33:10.211 69471 INFO tempest.lib.common.rest_client [req-e9aa3c5d-d939-44ea-b594-28f3d94f6839 req-e9aa3c5d-d939-44ea-b594-28f3d94f6839 ] Request (ServicesAdminTestJSON:setUpClass): 201 POST http://10.180.1.21/identity/v3/users 0.073s
2025-03-26 22:33:10.229 69457 INFO tempest.lib.common.rest_client [req-b218eec7-0a20-44c9-a853-4bca55ee7a19 req-b218eec7-0a20-44c9-a853-4bca55ee7a19 ] Request (ServersAdminTestJSON:test_inject_network_info): 200 GET http://10.180.1.21/compute/v2.1/servers/25f17937-1485-4748-ad83-e4eb7da7c882 0.062s
2025-03-26 22:33:10.235 69471 INFO tempest.lib.common.rest_client [req-001b2812-04d6-4052-8e7f-21324233030c req-001b2812-04d6-4052-8e7f-21324233030c ] Request (ServicesAdminTestJSON:setUpClass): 200 GET http://10.180.1.21/identity/v3/roles 0.024s
2025-03-26 22:33:10.264 69471 INFO tempest.lib.common.rest_client [req-5eee9dab-9436-48b3-bbbf-cb0ae51445b3 req-5eee9dab-9436-48b3-bbbf-cb0ae51445b3 ] Request (ServicesAdminTestJSON:setUpClass): 204 PUT http://10.180.1.21/identity/v3/projects/6c9fed1135304dd48beffa6484c527a0/users/118309649c0745a7926deb6b53e79ae4/roles/f5d2ac61cf654c50bf6694de3ec136a6 0.028s
2025-03-26 22:33:10.264 69471 INFO tempest.lib.common.dynamic_creds [-] Dynamic test user 118309649c0745a7926deb6b53e79ae4 is created with scope project and roles: ['member']
2025-03-26 22:33:10.264 69471 INFO tempest.lib.common.dynamic_creds [-] Acquired dynamic creds: credentials: Credentials: {'domain_id': 'default', 'domain_name': 'Default', 'username': 'tempest-ServicesAdminTestJSON-786720158-project-member', 'project_domain_id': 'default', 'project_domain_name': 'Default', 'project_id': '6c9fed1135304dd48beffa6484c527a0', 'project_name': 'tempest-ServicesAdminTestJSON-786720158', 'tenant_id': '6c9fed1135304dd48beffa6484c527a0', 'tenant_name': 'tempest-ServicesAdminTestJSON-786720158', 'user_domain_id': 'default', 'user_domain_name': 'Default', 'user_id': '118309649c0745a7926deb6b53e79ae4', 'system': None}, Network: None, Subnet: None, Router: None
2025-03-26 22:33:10.264 69471 INFO tempest.lib.common.dynamic_creds [-] Created isolated network resources for: credentials: Credentials: {'domain_id': 'default', 'domain_name': 'Default', 'username': 'tempest-ServicesAdminTestJSON-786720158-project-member', 'project_domain_id': 'default', 'project_domain_name': 'Default', 'project_id': '6c9fed1135304dd48beffa6484c527a0', 'project_name': 'tempest-ServicesAdminTestJSON-786720158', 'tenant_id': '6c9fed1135304dd48beffa6484c527a0', 'tenant_name': 'tempest-ServicesAdminTestJSON-786720158', 'user_domain_id': 'default', 'user_domain_name': 'Default', 'user_id': '118309649c0745a7926deb6b53e79ae4', 'system': None}, Network: None, Subnet: None, Router: None
2025-03-26 22:33:10.345 69471 INFO tempest.lib.common.rest_client [req-d06cc73b-2abc-4674-a5bd-e425e839571b req-d06cc73b-2abc-4674-a5bd-e425e839571b ] Request (ServicesAdminTestJSON:setUpClass): 201 POST http://10.180.1.21/identity/v3/auth/tokens 0.076s
2025-03-26 22:33:10.408 69471 INFO tempest.lib.common.rest_client [req-7eef107d-ecdd-47e0-aa8b-d2302f5c8fe6 req-7eef107d-ecdd-47e0-aa8b-d2302f5c8fe6 ] Request (ServicesAdminTestJSON:setUpClass): 201 POST http://10.180.1.21/identity/v3/projects 0.062s
2025-03-26 22:33:10.470 69471 INFO tempest.lib.common.rest_client [req-7d8cc057-ccc9-4720-b1c6-9aae64b89f0f req-7d8cc057-ccc9-4720-b1c6-9aae64b89f0f ] Request (ServicesAdminTestJSON:setUpClass): 201 POST http://10.180.1.21/identity/v3/users 0.061s
2025-03-26 22:33:10.491 69471 INFO tempest.lib.common.rest_client [req-c859a932-7a0b-4eb9-9c83-49ebf78ad994 req-c859a932-7a0b-4eb9-9c83-49ebf78ad994 ] Request (ServicesAdminTestJSON:setUpClass): 200 GET http://10.180.1.21/identity/v3/roles 0.021s
2025-03-26 22:33:10.519 69471 INFO tempest.lib.common.rest_client [req-3b00e329-1d7e-4925-bb3f-8924d711b4fe req-3b00e329-1d7e-4925-bb3f-8924d711b4fe ] Request (ServicesAdminTestJSON:setUpClass): 204 PUT http://10.180.1.21/identity/v3/projects/ccf00a9592d747b1a7fc0eec4c58c85f/users/9fb5bb12c6ec4648a2c84794c1f1f697/roles/44a8532f900a4dfbaaa4f8163b05e654 0.027s
2025-03-26 22:33:10.569 69471 INFO tempest.lib.common.rest_client [req-fc90c685-30df-4ca3-b0fb-9a6f6b799b46 req-fc90c685-30df-4ca3-b0fb-9a6f6b799b46 ] Request (ServicesAdminTestJSON:setUpClass): 200 GET http://10.180.1.21/identity/v3/roles 0.050s
2025-03-26 22:33:10.592 69471 INFO tempest.lib.common.rest_client [req-2c5ed3ea-ff63-499c-9f18-73c5b189ba9b req-2c5ed3ea-ff63-499c-9f18-73c5b189ba9b ] Request (ServicesAdminTestJSON:setUpClass): 204 PUT http://10.180.1.21/identity/v3/projects/ccf00a9592d747b1a7fc0eec4c58c85f/users/9fb5bb12c6ec4648a2c84794c1f1f697/roles/44a8532f900a4dfbaaa4f8163b05e654 0.023s
2025-03-26 22:33:10.593 69471 INFO tempest.lib.common.dynamic_creds [-] Dynamic test user 9fb5bb12c6ec4648a2c84794c1f1f697 is created with scope project and roles: ['admin']
2025-03-26 22:33:10.593 69471 INFO tempest.lib.common.dynamic_creds [-] Acquired dynamic creds: credentials: Credentials: {'domain_id': 'default', 'domain_name': 'Default', 'username': 'tempest-ServicesAdminTestJSON-1432711584-project-admin', 'project_domain_id': 'default', 'project_domain_name': 'Default', 'project_id': 'ccf00a9592d747b1a7fc0eec4c58c85f', 'project_name': 'tempest-ServicesAdminTestJSON-1432711584', 'tenant_id': 'ccf00a9592d747b1a7fc0eec4c58c85f', 'tenant_name': 'tempest-ServicesAdminTestJSON-1432711584', 'user_domain_id': 'default', 'user_domain_name': 'Default', 'user_id': '9fb5bb12c6ec4648a2c84794c1f1f697', 'system': None}, Network: None, Subnet: None, Router: None
2025-03-26 22:33:10.593 69471 INFO tempest.lib.common.dynamic_creds [-] Created isolated network resources for: credentials: Credentials: {'domain_id': 'default', 'domain_name': 'Default', 'username': 'tempest-ServicesAdminTestJSON-1432711584-project-admin', 'project_domain_id': 'default', 'project_domain_name': 'Default', 'project_id': 'ccf00a9592d747b1a7fc0eec4c58c85f', 'project_name': 'tempest-ServicesAdminTestJSON-1432711584', 'tenant_id': 'ccf00a9592d747b1a7fc0eec4c58c85f', 'tenant_name': 'tempest-ServicesAdminTestJSON-1432711584', 'user_domain_id': 'default', 'user_domain_name': 'Default', 'user_id': '9fb5bb12c6ec4648a2c84794c1f1f697', 'system': None}, Network: None, Subnet: None, Router: None
2025-03-26 22:33:10.608 69495 INFO tempest.lib.common.rest_client [req-baec0552-6111-4f97-bee9-d19d47288304 req-baec0552-6111-4f97-bee9-d19d47288304 ] Request (MultipleCreateTestJSON:test_multiple_create): 200 GET http://10.180.1.21/compute/v2.1/servers/4c7e015f-a811-4ac5-932e-54003b564ff9 0.143s
2025-03-26 22:33:10.672 69499 INFO tempest.lib.common.rest_client [req-2da175df-611c-45f1-89a9-4479c674cba4 req-2da175df-611c-45f1-89a9-4479c674cba4 ] Request (ServerShowV247Test:tearDownClass): 200 GET http://10.180.1.21/compute/v2.1/servers/f38d1517-8f54-4a66-a152-9e4bfdcaa373 0.098s
2025-03-26 22:33:10.677 69471 INFO tempest.lib.common.rest_client [req-47e7eca3-b524-4203-85af-882061346f05 req-47e7eca3-b524-4203-85af-882061346f05 ] Request (ServicesAdminTestJSON:setUpClass): 201 POST http://10.180.1.21/identity/v3/auth/tokens 0.081s
2025-03-26 22:33:10.679 69461 INFO tempest.lib.common.rest_client [req-5ed896f2-57d8-460a-b0e2-37d8f6fa37bd req-5ed896f2-57d8-460a-b0e2-37d8f6fa37bd ] Request (ServerRescueTestJSON:setUpClass): 200 GET http://10.180.1.21/compute/v2.1/servers/a9c7be77-a642-4dd8-8395-637c9bc2f91e 0.160s
2025-03-26 22:33:10.687 69461 INFO tempest.common.waiters [-] State transition "BUILD/None" ==> "BUILD/networking" after 62 second wait
2025-03-26 22:33:10.725 69505 INFO tempest.lib.common.rest_client [req-deebfbce-0f8e-4764-9b8e-a4a69d50c452 req-deebfbce-0f8e-4764-9b8e-a4a69d50c452 ] Request (ImagesOneServerNegativeTestJSON:_run_cleanups): 200 GET http://10.180.1.21/compute/v2.1/servers/98a61053-c73a-4626-bdc7-a80f77472086 0.136s
2025-03-26 22:33:10.739 69507 INFO tempest.lib.common.rest_client [req-5d4091bc-148b-42af-ad36-8ca0d645b0fb req-5d4091bc-148b-42af-ad36-8ca0d645b0fb ] Request (ServersTestBootFromVolume:setUpClass): 200 GET http://10.180.1.21/compute/v2.1/servers/74d8073a-8887-43ab-9ca2-dde971b8e9ec 0.090s
2025-03-26 22:33:10.826 69471 INFO tempest.lib.common.rest_client [req-bedc8a96-0998-4545-bd41-2dab60a3720e req-bedc8a96-0998-4545-bd41-2dab60a3720e ] Request (ServicesAdminTestJSON:test_get_service_by_host_name): 200 GET http://10.180.1.21/compute/v2.1/os-services 0.147s
2025-03-26 22:33:10.832 69481 WARNING tempest.lib.common.ssh [-] Failed to establish authenticated ssh connection to cirros@10.180.180.181 ([Errno None] Unable to connect to port 22 on 10.180.180.181). Number attempts: 8. Retry after 9 seconds.: paramiko.ssh_exception.NoValidConnectionsError: [Errno None] Unable to connect to port 22 on 10.180.180.181
2025-03-26 22:33:10.884 69485 INFO tempest.lib.common.rest_client [req-949367df-2514-4942-a9ee-793973124e21 req-949367df-2514-4942-a9ee-793973124e21 ] Request (InstanceActionsTestJSON:tearDownClass): 200 GET http://10.180.1.21/compute/v2.1/servers/255d9e2d-714c-4629-99eb-0591af94c0e9 0.175s
2025-03-26 22:33:10.929 69497 INFO tempest.lib.common.rest_client [req-4f50c273-3ed6-450d-acae-37cd57c08401 req-4f50c273-3ed6-450d-acae-37cd57c08401 ] Request (ServersTestMultiNic:test_verify_multiple_nics_order): 200 GET http://10.180.1.21/compute/v2.1/servers/27658181-4601-4db5-ae91-d802a74f2c9e 0.204s
2025-03-26 22:33:10.931 69491 INFO tempest.lib.common.rest_client [req-d2120b38-4ece-4ece-9766-fdc0387d6552 req-d2120b38-4ece-4ece-9766-fdc0387d6552 ] Request (ListImageFiltersTestJSON:setUpClass): 200 GET http://10.180.1.21/compute/v2.1/servers/d6bff616-449a-4199-8f75-226b41579020 0.252s
2025-03-26 22:33:10.951 69471 INFO tempest.lib.common.rest_client [req-419eea34-987a-4c3d-b6bb-589c131d365d req-419eea34-987a-4c3d-b6bb-589c131d365d ] Request (ServicesAdminTestJSON:test_get_service_by_host_name): 200 GET http://10.180.1.21/compute/v2.1/os-services?host=devstack 0.123s
2025-03-26 22:33:10.981 69469 INFO tempest.lib.common.rest_client [req-45202c82-20c8-4890-ab2b-d8a2f9ecfab4 req-45202c82-20c8-4890-ab2b-d8a2f9ecfab4 ] Request (FloatingIPsAssociationTestJSON:tearDownClass): 200 GET http://10.180.1.21/compute/v2.1/servers/e959f4fc-26be-4b03-9baf-70fe5977c138 0.177s
2025-03-26 22:33:10.998 69488 INFO tempest.lib.common.rest_client [req-fedc7546-be82-4e6a-948e-2778afd86a61 req-fedc7546-be82-4e6a-948e-2778afd86a61 ] Request (ServerShowV257Test:test_rebuild_server): 200 GET http://10.180.1.21/compute/v2.1/servers/cbad918b-59ea-4937-b627-60f43b99da0d 0.137s
2025-03-26 22:33:11.036 69463 INFO tempest.lib.common.rest_client [req-b13fab01-c1f1-426f-bc6c-bd5c5afae516 req-b13fab01-c1f1-426f-bc6c-bd5c5afae516 ] Request (FloatingIPsAssociationNegativeTestJSON:tearDownClass): 200 GET http://10.180.1.21/compute/v2.1/servers/e583638b-7964-43d0-93c0-8545478c36b4 0.145s
2025-03-26 22:33:11.045 69480 INFO tempest.lib.common.rest_client [req-580c5f02-fd14-433a-96e7-5c52c471d795 req-580c5f02-fd14-433a-96e7-5c52c471d795 ] Request (ServersAdminNegativeTestJSON:setUpClass): 200 GET http://10.180.1.21/compute/v2.1/servers/ecd49a8a-39f2-4cd3-9889-89c87f264617 0.128s
2025-03-26 22:33:11.064 69471 INFO tempest.lib.common.rest_client [req-dc2183ee-366f-42f7-8ffb-5a5cf45f7787 req-dc2183ee-366f-42f7-8ffb-5a5cf45f7787 ] Request (ServicesAdminTestJSON:test_get_service_by_service_binary_name): 200 GET http://10.180.1.21/compute/v2.1/os-services?binary=nova-compute 0.110s
2025-03-26 22:33:11.084 69475 INFO tempest.lib.common.rest_client [req-994d9912-1804-4894-97db-58bb5c0f9319 req-994d9912-1804-4894-97db-58bb5c0f9319 ] Request (TenantUsagesTestJSON:setUpClass): 200 GET http://10.180.1.21/compute/v2.1/servers/b50ef965-8e0d-4382-ad7a-69a0f7299d77 0.135s
2025-03-26 22:33:11.113 69453 INFO tempest.lib.common.rest_client [req-d1ce03fc-7ab2-4e38-817c-13f59bd0b2bd req-d1ce03fc-7ab2-4e38-817c-13f59bd0b2bd ] Request (ServersTestJSON:test_create_server_specify_multibyte_character_name): 200 GET http://10.180.1.21/compute/v2.1/servers/692b7b8a-53c0-41e6-874f-85516308d7f9 0.148s
2025-03-26 22:33:11.132 69465 INFO tempest.lib.common.rest_client [req-fd9a299e-8e5d-4a3c-b6ec-e3d922bfc9dd req-fd9a299e-8e5d-4a3c-b6ec-e3d922bfc9dd ] Request (ImagesTestJSON:test_create_image_from_suspended_server): 200 GET http://10.180.1.21/compute/v2.1/servers/1b2dbcdc-8ca9-48da-9c53-cf31cd222cb2 0.132s
2025-03-26 22:33:11.150 69471 INFO tempest.lib.common.rest_client [req-558ad6e4-9e16-4a08-863b-370c8e249f90 req-558ad6e4-9e16-4a08-863b-370c8e249f90 ] Request (ServicesAdminTestJSON:test_list_services): 200 GET http://10.180.1.21/compute/v2.1/os-services 0.082s
2025-03-26 22:33:11.159 69511 INFO tempest.lib.common.rest_client [req-4868b36b-4ac9-45e2-8af5-639c643ae005 req-4868b36b-4ac9-45e2-8af5-639c643ae005 ] Request (InstanceActionsV221TestJSON:test_get_list_deleted_instance_actions): 200 GET http://10.180.1.21/compute/v2.1/servers/34e19d3d-2bc1-4d97-bf98-3801ebcbbf25 0.114s
2025-03-26 22:33:11.200 69451 INFO tempest.lib.common.rest_client [req-261256d5-8f15-49c3-9f02-d733ae39350e req-261256d5-8f15-49c3-9f02-d733ae39350e ] Request (ImagesOneServerTestJSON:tearDownClass): 200 GET http://10.180.1.21/compute/v2.1/servers/bfdd78b3-a9ad-41e7-817c-19a9d11785d3 0.064s
2025-03-26 22:33:11.224 69459 INFO tempest.lib.common.rest_client [req-c6b3ea71-1dc8-48cc-8c6d-8581bdc42b8a req-c6b3ea71-1dc8-48cc-8c6d-8581bdc42b8a ] Request (MigrationsAdminTest:test_resize_server_revert_deleted_flavor): 200 GET http://10.180.1.21/compute/v2.1/servers/b8858edd-34b7-406c-861d-fb2917fdbd20 0.046s
2025-03-26 22:33:11.237 69471 INFO tempest.lib.common.rest_client [req-52103f8a-4069-4fe6-92a1-c7b0a54ecc3c req-52103f8a-4069-4fe6-92a1-c7b0a54ecc3c ] Request (ServicesAdminTestJSON:tearDownClass): 204 DELETE http://10.180.1.21/identity/v3/users/118309649c0745a7926deb6b53e79ae4 0.084s
2025-03-26 22:33:11.292 69457 INFO tempest.lib.common.rest_client [req-0f282f95-122b-4ce4-81f1-6f24750b65fa req-0f282f95-122b-4ce4-81f1-6f24750b65fa ] Request (ServersAdminTestJSON:test_inject_network_info): 200 GET http://10.180.1.21/compute/v2.1/servers/25f17937-1485-4748-ad83-e4eb7da7c882 0.051s
2025-03-26 22:33:11.325 69471 INFO tempest.lib.common.rest_client [req-6bfde89f-71d2-49ca-bbd1-3aa4b64f2c08 req-6bfde89f-71d2-49ca-bbd1-3aa4b64f2c08 ] Request (ServicesAdminTestJSON:tearDownClass): 204 DELETE http://10.180.1.21/identity/v3/users/9fb5bb12c6ec4648a2c84794c1f1f697 0.088s
2025-03-26 22:33:11.326 69471 INFO tempest.lib.common.dynamic_creds [-] Deleting project and security group for project: 6c9fed1135304dd48beffa6484c527a0
2025-03-26 22:33:11.377 69471 INFO tempest.lib.common.rest_client [req-a9290bba-d7f9-4ccc-aa8e-cd61712564c4 req-a9290bba-d7f9-4ccc-aa8e-cd61712564c4 ] Request (ServicesAdminTestJSON:tearDownClass): 201 POST http://10.180.1.21/identity/v3/auth/tokens 0.051s
2025-03-26 22:33:11.624 69471 INFO tempest.lib.common.rest_client [req-218256d9-970c-48a2-bd54-44d14d8d43cb req-218256d9-970c-48a2-bd54-44d14d8d43cb ] Request (ServicesAdminTestJSON:tearDownClass): 200 GET http://10.180.1.21:9696/networking/v2.0/security-groups?tenant_id=6c9fed1135304dd48beffa6484c527a0&name=default 0.247s
2025-03-26 22:33:11.763 69499 INFO tempest.lib.common.rest_client [req-0b2b75ab-86f4-4328-80c1-c1fd0fb5a799 req-0b2b75ab-86f4-4328-80c1-c1fd0fb5a799 ] Request (ServerShowV247Test:tearDownClass): 200 GET http://10.180.1.21/compute/v2.1/servers/f38d1517-8f54-4a66-a152-9e4bfdcaa373 0.081s
2025-03-26 22:33:11.784 69495 INFO tempest.lib.common.rest_client [req-94b5b215-ad0c-41f1-831a-0f3eb4a2b51b req-94b5b215-ad0c-41f1-831a-0f3eb4a2b51b ] Request (MultipleCreateTestJSON:test_multiple_create): 200 GET http://10.180.1.21/compute/v2.1/servers/4c7e015f-a811-4ac5-932e-54003b564ff9 0.168s
2025-03-26 22:33:11.797 69495 INFO tempest.common.waiters [-] State transition "BUILD/spawning" ==> "ACTIVE/None" after 71 second wait
2025-03-26 22:33:11.826 69471 INFO tempest.lib.common.rest_client [req-a4daf0cc-3c0e-4d2c-9670-3ac3f702aab0 req-a4daf0cc-3c0e-4d2c-9670-3ac3f702aab0 ] Request (ServicesAdminTestJSON:tearDownClass): 204 DELETE http://10.180.1.21:9696/networking/v2.0/security-groups/222c90cf-41b4-4249-85d0-ed96c47644f0 0.201s
2025-03-26 22:33:11.862 69461 INFO tempest.lib.common.rest_client [req-b23ce896-94bb-4a81-a3d7-b90054ec3c2e req-b23ce896-94bb-4a81-a3d7-b90054ec3c2e ] Request (ServerRescueTestJSON:setUpClass): 200 GET http://10.180.1.21/compute/v2.1/servers/a9c7be77-a642-4dd8-8395-637c9bc2f91e 0.173s
2025-03-26 22:33:11.874 69461 INFO tempest.common.waiters [-] State transition "BUILD/networking" ==> "BUILD/spawning" after 63 second wait
2025-03-26 22:33:11.896 69505 INFO tempest.lib.common.rest_client [req-1e32a54e-da49-4447-8ef0-e53f0ae6b75b req-1e32a54e-da49-4447-8ef0-e53f0ae6b75b ] Request (ImagesOneServerNegativeTestJSON:_run_cleanups): 200 GET http://10.180.1.21/compute/v2.1/servers/98a61053-c73a-4626-bdc7-a80f77472086 0.161s
2025-03-26 22:33:11.912 69471 INFO tempest.lib.common.rest_client [req-f78fce37-eaba-42de-bdd4-9f5784e89e48 req-f78fce37-eaba-42de-bdd4-9f5784e89e48 ] Request (ServicesAdminTestJSON:tearDownClass): 204 DELETE http://10.180.1.21/identity/v3/projects/6c9fed1135304dd48beffa6484c527a0 0.086s
2025-03-26 22:33:11.912 69471 INFO tempest.lib.common.dynamic_creds [-] Deleting project and security group for project: ccf00a9592d747b1a7fc0eec4c58c85f
2025-03-26 22:33:11.944 69507 INFO tempest.lib.common.rest_client [req-a59701b8-3626-4355-b5de-ce10371f2b2d req-a59701b8-3626-4355-b5de-ce10371f2b2d ] Request (ServersTestBootFromVolume:setUpClass): 200 GET http://10.180.1.21/compute/v2.1/servers/74d8073a-8887-43ab-9ca2-dde971b8e9ec 0.197s
2025-03-26 22:33:12.028 69485 INFO tempest.lib.common.rest_client [req-d94a184c-98bc-4231-ad9c-b5db1fcdd327 req-d94a184c-98bc-4231-ad9c-b5db1fcdd327 ] Request (InstanceActionsTestJSON:tearDownClass): 200 GET http://10.180.1.21/compute/v2.1/servers/255d9e2d-714c-4629-99eb-0591af94c0e9 0.135s
2025-03-26 22:33:12.071 69495 INFO tempest.lib.common.rest_client [req-be1c7b67-f215-4079-9d53-ca9daeae32d8 req-be1c7b67-f215-4079-9d53-ca9daeae32d8 ] Request (MultipleCreateTestJSON:test_multiple_create): 200 GET http://10.180.1.21/compute/v2.1/servers/6502038f-b9db-464f-aef9-29abba56c18e 0.272s
2025-03-26 22:33:12.113 69497 INFO tempest.lib.common.rest_client [req-59994004-60e9-4b7a-89bf-3f25ca4c6eee req-59994004-60e9-4b7a-89bf-3f25ca4c6eee ] Request (ServersTestMultiNic:test_verify_multiple_nics_order): 200 GET http://10.180.1.21/compute/v2.1/servers/27658181-4601-4db5-ae91-d802a74f2c9e 0.175s
2025-03-26 22:33:12.147 69471 INFO tempest.lib.common.rest_client [req-0cbf6639-a063-4889-8bea-0955c776ae72 req-0cbf6639-a063-4889-8bea-0955c776ae72 ] Request (ServicesAdminTestJSON:tearDownClass): 200 GET http://10.180.1.21:9696/networking/v2.0/security-groups?tenant_id=ccf00a9592d747b1a7fc0eec4c58c85f&name=default 0.235s
2025-03-26 22:33:12.188 69469 INFO tempest.lib.common.rest_client [req-31070ca6-5b5d-4353-8021-99dcd906a1fe req-31070ca6-5b5d-4353-8021-99dcd906a1fe ] Request (FloatingIPsAssociationTestJSON:tearDownClass): 200 GET http://10.180.1.21/compute/v2.1/servers/e959f4fc-26be-4b03-9baf-70fe5977c138 0.200s
2025-03-26 22:33:12.214 69491 INFO tempest.lib.common.rest_client [req-87995496-3784-4fa7-927d-724f1ad62630 req-87995496-3784-4fa7-927d-724f1ad62630 ] Request (ListImageFiltersTestJSON:setUpClass): 200 GET http://10.180.1.21/compute/v2.1/servers/d6bff616-449a-4199-8f75-226b41579020 0.272s
2025-03-26 22:33:12.239 69463 INFO tempest.lib.common.rest_client [req-20b77938-6454-4cd3-b0a7-ddf87793a9d4 req-20b77938-6454-4cd3-b0a7-ddf87793a9d4 ] Request (FloatingIPsAssociationNegativeTestJSON:tearDownClass): 404 GET http://10.180.1.21/compute/v2.1/servers/e583638b-7964-43d0-93c0-8545478c36b4 0.194s
2025-03-26 22:33:12.271 69488 INFO tempest.lib.common.rest_client [req-faedb06c-0a36-41e8-9ac1-0c96dcd57b3a req-faedb06c-0a36-41e8-9ac1-0c96dcd57b3a ] Request (ServerShowV257Test:test_rebuild_server): 200 GET http://10.180.1.21/compute/v2.1/servers/cbad918b-59ea-4937-b627-60f43b99da0d 0.263s
2025-03-26 22:33:12.304 69473 WARNING tempest.lib.common.ssh [-] Failed to establish authenticated ssh connection to cirros@10.180.180.230 ([Errno None] Unable to connect to port 22 on 10.180.180.230). Number attempts: 8. Retry after 9 seconds.: paramiko.ssh_exception.NoValidConnectionsError: [Errno None] Unable to connect to port 22 on 10.180.180.230
2025-03-26 22:33:12.334 69480 INFO tempest.lib.common.rest_client [req-d293cbf6-19bd-45a2-ba05-448c904b4cd2 req-d293cbf6-19bd-45a2-ba05-448c904b4cd2 ] Request (ServersAdminNegativeTestJSON:setUpClass): 200 GET http://10.180.1.21/compute/v2.1/servers/ecd49a8a-39f2-4cd3-9889-89c87f264617 0.282s
2025-03-26 22:33:12.342 69471 INFO tempest.lib.common.rest_client [req-2f00f911-a32d-4cf3-8195-9e08e5cffa33 req-2f00f911-a32d-4cf3-8195-9e08e5cffa33 ] Request (ServicesAdminTestJSON:tearDownClass): 204 DELETE http://10.180.1.21:9696/networking/v2.0/security-groups/a15c868e-c6f5-416c-bdd4-3dbd62d68e4c 0.194s
2025-03-26 22:33:12.383 69495 INFO tempest.lib.common.rest_client [req-f0799a27-12b7-4adf-8db4-ae0dc90884b2 req-f0799a27-12b7-4adf-8db4-ae0dc90884b2 ] Request (MultipleCreateTestJSON:_run_cleanups): 204 DELETE http://10.180.1.21/compute/v2.1/servers/6502038f-b9db-464f-aef9-29abba56c18e 0.297s
2025-03-26 22:33:12.412 69475 INFO tempest.lib.common.rest_client [req-73184c34-9b79-458c-99c9-6da1d44b57c0 req-73184c34-9b79-458c-99c9-6da1d44b57c0 ] Request (TenantUsagesTestJSON:setUpClass): 200 GET http://10.180.1.21/compute/v2.1/servers/b50ef965-8e0d-4382-ad7a-69a0f7299d77 0.321s
2025-03-26 22:33:12.460 69453 INFO tempest.lib.common.rest_client [req-a09de565-0d9c-492b-af79-5773b452e5e0 req-a09de565-0d9c-492b-af79-5773b452e5e0 ] Request (ServersTestJSON:test_create_server_specify_multibyte_character_name): 200 GET http://10.180.1.21/compute/v2.1/servers/692b7b8a-53c0-41e6-874f-85516308d7f9 0.339s
2025-03-26 22:33:12.481 69465 INFO tempest.lib.common.rest_client [req-dbbaa90b-6bbb-4420-ac63-07d6c32a57a8 req-dbbaa90b-6bbb-4420-ac63-07d6c32a57a8 ] Request (ImagesTestJSON:test_create_image_from_suspended_server): 200 GET http://10.180.1.21/compute/v2.1/servers/1b2dbcdc-8ca9-48da-9c53-cf31cd222cb2 0.342s
2025-03-26 22:33:12.486 69471 INFO tempest.lib.common.rest_client [req-2f689f59-cac3-471c-a7be-6182703b1709 req-2f689f59-cac3-471c-a7be-6182703b1709 ] Request (ServicesAdminTestJSON:tearDownClass): 204 DELETE http://10.180.1.21/identity/v3/projects/ccf00a9592d747b1a7fc0eec4c58c85f 0.142s
2025-03-26 22:33:12.523 69511 INFO tempest.lib.common.rest_client [req-53982b68-014d-4466-ba54-30b0b934ae7a req-53982b68-014d-4466-ba54-30b0b934ae7a ] Request (InstanceActionsV221TestJSON:test_get_list_deleted_instance_actions): 200 GET http://10.180.1.21/compute/v2.1/servers/34e19d3d-2bc1-4d97-bf98-3801ebcbbf25 0.354s
2025-03-26 22:33:12.569 69451 INFO tempest.lib.common.rest_client [req-46ab1f58-d4d4-4395-86cf-b14980b10ba4 req-46ab1f58-d4d4-4395-86cf-b14980b10ba4 ] Request (ImagesOneServerTestJSON:tearDownClass): 200 GET http://10.180.1.21/compute/v2.1/servers/bfdd78b3-a9ad-41e7-817c-19a9d11785d3 0.360s
2025-03-26 22:33:12.577 69471 INFO tempest.lib.common.rest_client [req-9895dff5-a6ab-4c63-9555-01a98c09a1c1 req-9895dff5-a6ab-4c63-9555-01a98c09a1c1 ] Request (VolumesAdminNegativeTest:setUpClass): 201 POST http://10.180.1.21/identity/v3/auth/tokens 0.088s
2025-03-26 22:33:12.579 69459 INFO tempest.lib.common.rest_client [req-1faa7ad1-1995-4dec-80c5-3e65778d9914 req-1faa7ad1-1995-4dec-80c5-3e65778d9914 ] Request (MigrationsAdminTest:test_resize_server_revert_deleted_flavor): 200 GET http://10.180.1.21/compute/v2.1/servers/b8858edd-34b7-406c-861d-fb2917fdbd20 0.348s
2025-03-26 22:33:12.612 69471 INFO tempest.lib.common.rest_client [req-d977a802-2bad-48a0-95f1-bd99a102ab5c req-d977a802-2bad-48a0-95f1-bd99a102ab5c ] Request (VolumesAdminNegativeTest:setUpClass): 201 POST http://10.180.1.21/identity/v3/auth/tokens 0.033s
2025-03-26 22:33:12.641 69471 INFO tempest.lib.common.rest_client [req-c2f1e821-b365-4f31-bc43-b86f7b5dd260 req-c2f1e821-b365-4f31-bc43-b86f7b5dd260 ] Request (VolumesAdminNegativeTest:setUpClass): 200 GET http://10.180.1.21/identity/v3/domains?name=Default 0.028s
2025-03-26 22:33:12.644 69457 INFO tempest.lib.common.rest_client [req-7ebdc1fe-1370-476c-b8c5-47d5bb921f0d req-7ebdc1fe-1370-476c-b8c5-47d5bb921f0d ] Request (ServersAdminTestJSON:test_inject_network_info): 200 GET http://10.180.1.21/compute/v2.1/servers/25f17937-1485-4748-ad83-e4eb7da7c882 0.345s
2025-03-26 22:33:12.657 69495 INFO tempest.lib.common.rest_client [req-c6afc690-ef95-4514-b8a7-9a2b0bd31eb9 req-c6afc690-ef95-4514-b8a7-9a2b0bd31eb9 ] Request (MultipleCreateTestJSON:_run_cleanups): 204 DELETE http://10.180.1.21/compute/v2.1/servers/4c7e015f-a811-4ac5-932e-54003b564ff9 0.273s
2025-03-26 22:33:12.680 69471 INFO tempest.lib.common.rest_client [req-2ab4fe3a-be50-4778-a04b-518d8f25636a req-2ab4fe3a-be50-4778-a04b-518d8f25636a ] Request (VolumesAdminNegativeTest:setUpClass): 201 POST http://10.180.1.21/identity/v3/projects 0.039s
2025-03-26 22:33:12.758 69471 INFO tempest.lib.common.rest_client [req-d490cf99-4884-4f0b-ad2d-5dca44dfa6de req-d490cf99-4884-4f0b-ad2d-5dca44dfa6de ] Request (VolumesAdminNegativeTest:setUpClass): 201 POST http://10.180.1.21/identity/v3/users 0.077s
2025-03-26 22:33:12.785 69471 INFO tempest.lib.common.rest_client [req-39ca1435-8fbd-4c14-b6f3-ca5dc9f619da req-39ca1435-8fbd-4c14-b6f3-ca5dc9f619da ] Request (VolumesAdminNegativeTest:setUpClass): 200 GET http://10.180.1.21/identity/v3/roles 0.026s
2025-03-26 22:33:12.791 69495 INFO tempest.lib.common.rest_client [req-0945529e-2265-4a9c-91ce-6cde6e98df2f req-0945529e-2265-4a9c-91ce-6cde6e98df2f ] Request (MultipleCreateTestJSON:_run_cleanups): 200 GET http://10.180.1.21/compute/v2.1/servers/6502038f-b9db-464f-aef9-29abba56c18e 0.134s
2025-03-26 22:33:12.821 69471 INFO tempest.lib.common.rest_client [req-c53753fc-078e-4857-acb5-f4da5e98b4da req-c53753fc-078e-4857-acb5-f4da5e98b4da ] Request (VolumesAdminNegativeTest:setUpClass): 204 PUT http://10.180.1.21/identity/v3/projects/8ed72b6d8aa04316ac24cb198b8d5e9f/users/adc906ee83044dda91997cefcaec0cc7/roles/f5d2ac61cf654c50bf6694de3ec136a6 0.036s
2025-03-26 22:33:12.821 69471 INFO tempest.lib.common.dynamic_creds [-] Dynamic test user adc906ee83044dda91997cefcaec0cc7 is created with scope project and roles: ['member']
2025-03-26 22:33:12.822 69471 INFO tempest.lib.common.dynamic_creds [-] Acquired dynamic creds: credentials: Credentials: {'domain_id': 'default', 'domain_name': 'Default', 'username': 'tempest-VolumesAdminNegativeTest-87827127-project-member', 'project_domain_id': 'default', 'project_domain_name': 'Default', 'project_id': '8ed72b6d8aa04316ac24cb198b8d5e9f', 'project_name': 'tempest-VolumesAdminNegativeTest-87827127', 'tenant_id': '8ed72b6d8aa04316ac24cb198b8d5e9f', 'tenant_name': 'tempest-VolumesAdminNegativeTest-87827127', 'user_domain_id': 'default', 'user_domain_name': 'Default', 'user_id': 'adc906ee83044dda91997cefcaec0cc7', 'system': None}, Network: None, Subnet: None, Router: None
2025-03-26 22:33:12.835 69499 INFO tempest.lib.common.rest_client [req-a990347c-20ac-4e16-9431-7ce48190d7f3 req-a990347c-20ac-4e16-9431-7ce48190d7f3 ] Request (ServerShowV247Test:tearDownClass): 200 GET http://10.180.1.21/compute/v2.1/servers/f38d1517-8f54-4a66-a152-9e4bfdcaa373 0.062s
2025-03-26 22:33:12.901 69471 INFO tempest.lib.common.rest_client [req-2be550ec-9a9b-488f-b609-7368b7bda02c req-2be550ec-9a9b-488f-b609-7368b7bda02c ] Request (VolumesAdminNegativeTest:setUpClass): 201 POST http://10.180.1.21/identity/v3/auth/tokens 0.078s
2025-03-26 22:33:12.970 69505 INFO tempest.lib.common.rest_client [req-29e4c2d8-8429-46d6-a4c3-840b8dc54088 req-29e4c2d8-8429-46d6-a4c3-840b8dc54088 ] Request (ImagesOneServerNegativeTestJSON:_run_cleanups): 200 GET http://10.180.1.21/compute/v2.1/servers/98a61053-c73a-4626-bdc7-a80f77472086 0.063s
2025-03-26 22:33:13.020 69461 INFO tempest.lib.common.rest_client [req-a864683a-cd59-447b-8874-d4a48b5069d4 req-a864683a-cd59-447b-8874-d4a48b5069d4 ] Request (ServerRescueTestJSON:setUpClass): 200 GET http://10.180.1.21/compute/v2.1/servers/a9c7be77-a642-4dd8-8395-637c9bc2f91e 0.144s
2025-03-26 22:33:13.047 69507 INFO tempest.lib.common.rest_client [req-a1eabcd8-c266-4a47-97c1-4f36b9980103 req-a1eabcd8-c266-4a47-97c1-4f36b9980103 ] Request (ServersTestBootFromVolume:setUpClass): 200 GET http://10.180.1.21/compute/v2.1/servers/74d8073a-8887-43ab-9ca2-dde971b8e9ec 0.094s
2025-03-26 22:33:13.072 69483 WARNING tempest.lib.common.ssh [-] Failed to establish authenticated ssh connection to cirros@10.180.180.210 ([Errno None] Unable to connect to port 22 on 10.180.180.210). Number attempts: 3. Retry after 4 seconds.: paramiko.ssh_exception.NoValidConnectionsError: [Errno None] Unable to connect to port 22 on 10.180.180.210
2025-03-26 22:33:13.114 69485 INFO tempest.lib.common.rest_client [req-ff3b68a6-ccdf-46b2-8386-a5ced4933d93 req-ff3b68a6-ccdf-46b2-8386-a5ced4933d93 ] Request (InstanceActionsTestJSON:tearDownClass): 200 GET http://10.180.1.21/compute/v2.1/servers/255d9e2d-714c-4629-99eb-0591af94c0e9 0.077s
2025-03-26 22:33:13.191 69497 INFO tempest.lib.common.rest_client [req-eb3369a5-00a4-4bd9-926e-d051910781a0 req-eb3369a5-00a4-4bd9-926e-d051910781a0 ] Request (ServersTestMultiNic:test_verify_multiple_nics_order): 200 GET http://10.180.1.21/compute/v2.1/servers/27658181-4601-4db5-ae91-d802a74f2c9e 0.066s
2025-03-26 22:33:13.198 69497 INFO tempest.common.waiters [-] State transition "BUILD/scheduling" ==> "BUILD/None" after 45 second wait
2025-03-26 22:33:13.212 69463 INFO tempest.lib.common.rest_client [req-ef477884-6a51-4836-9eb5-e562d1997100 req-ef477884-6a51-4836-9eb5-e562d1997100 ] Request (FloatingIPsAssociationNegativeTestJSON:tearDownClass): 200 PUT http://10.180.1.21:9696/networking/v2.0/routers/f5b632bb-1ddd-452a-bdbf-ccbf9ef6cd43/remove_router_interface 0.973s
2025-03-26 22:33:13.230 69471 INFO tempest.lib.common.rest_client [req-dca5040e-e113-4b87-b160-87dd7c97a05a req-dca5040e-e113-4b87-b160-87dd7c97a05a ] Request (VolumesAdminNegativeTest:setUpClass): 201 POST http://10.180.1.21:9696/networking/v2.0/networks 0.329s
2025-03-26 22:33:13.289 69469 INFO tempest.lib.common.rest_client [req-80e7eb5d-7111-4586-a823-a8fcd8abf465 req-80e7eb5d-7111-4586-a823-a8fcd8abf465 ] Request (FloatingIPsAssociationTestJSON:tearDownClass): 200 GET http://10.180.1.21/compute/v2.1/servers/e959f4fc-26be-4b03-9baf-70fe5977c138 0.090s
2025-03-26 22:33:13.356 69491 INFO tempest.lib.common.rest_client [req-b4496f1f-beb9-41a5-b784-e14468f95135 req-b4496f1f-beb9-41a5-b784-e14468f95135 ] Request (ListImageFiltersTestJSON:setUpClass): 200 GET http://10.180.1.21/compute/v2.1/servers/d6bff616-449a-4199-8f75-226b41579020 0.131s
2025-03-26 22:33:13.418 69480 INFO tempest.lib.common.rest_client [req-32d7762c-0d7c-4220-aa08-bed6e2a6a8b0 req-32d7762c-0d7c-4220-aa08-bed6e2a6a8b0 ] Request (ServersAdminNegativeTestJSON:setUpClass): 200 GET http://10.180.1.21/compute/v2.1/servers/ecd49a8a-39f2-4cd3-9889-89c87f264617 0.074s
2025-03-26 22:33:13.491 69475 INFO tempest.lib.common.rest_client [req-8792af25-7f02-45dd-8ff8-1961d5244bc7 req-8792af25-7f02-45dd-8ff8-1961d5244bc7 ] Request (TenantUsagesTestJSON:setUpClass): 200 GET http://10.180.1.21/compute/v2.1/servers/b50ef965-8e0d-4382-ad7a-69a0f7299d77 0.068s
2025-03-26 22:33:13.617 69488 INFO tempest.lib.common.rest_client [req-1717ffa0-69d7-4a42-831f-c3cc2d09dc44 req-1717ffa0-69d7-4a42-831f-c3cc2d09dc44 ] Request (ServerShowV257Test:test_rebuild_server): 200 GET http://10.180.1.21/compute/v2.1/servers/cbad918b-59ea-4937-b627-60f43b99da0d 0.331s
2025-03-26 22:33:13.690 69465 INFO tempest.lib.common.rest_client [req-984f59c0-f072-44df-861c-6cfa346caf4e req-984f59c0-f072-44df-861c-6cfa346caf4e ] Request (ImagesTestJSON:test_create_image_from_suspended_server): 200 GET http://10.180.1.21/compute/v2.1/servers/1b2dbcdc-8ca9-48da-9c53-cf31cd222cb2 0.190s
2025-03-26 22:33:13.758 69511 INFO tempest.lib.common.rest_client [req-a1c5f425-049f-4039-a3ab-6fb5d92c062e req-a1c5f425-049f-4039-a3ab-6fb5d92c062e ] Request (InstanceActionsV221TestJSON:test_get_list_deleted_instance_actions): 200 GET http://10.180.1.21/compute/v2.1/servers/34e19d3d-2bc1-4d97-bf98-3801ebcbbf25 0.223s
2025-03-26 22:33:13.809 69453 INFO tempest.lib.common.rest_client [req-28ca685b-fb64-4324-b5de-54c117d68fb7 req-28ca685b-fb64-4324-b5de-54c117d68fb7 ] Request (ServersTestJSON:test_create_server_specify_multibyte_character_name): 200 GET http://10.180.1.21/compute/v2.1/servers/692b7b8a-53c0-41e6-874f-85516308d7f9 0.340s
2025-03-26 22:33:13.831 69471 INFO tempest.lib.common.rest_client [req-99e31450-1b4d-49cd-952c-e2a929d181d7 req-99e31450-1b4d-49cd-952c-e2a929d181d7 ] Request (VolumesAdminNegativeTest:setUpClass): 201 POST http://10.180.1.21:9696/networking/v2.0/subnets 0.600s
2025-03-26 22:33:13.834 69451 INFO tempest.lib.common.rest_client [req-a0a7ca2d-e79d-4de8-be62-7a7ec27d4180 req-a0a7ca2d-e79d-4de8-be62-7a7ec27d4180 ] Request (ImagesOneServerTestJSON:tearDownClass): 200 GET http://10.180.1.21/compute/v2.1/servers/bfdd78b3-a9ad-41e7-817c-19a9d11785d3 0.253s
2025-03-26 22:33:13.841 69501 WARNING tempest.lib.common.ssh [-] Failed to establish authenticated ssh connection to cirros@10.180.180.146 ([Errno None] Unable to connect to port 22 on 10.180.180.146). Number attempts: 6. Retry after 7 seconds.: paramiko.ssh_exception.NoValidConnectionsError: [Errno None] Unable to connect to port 22 on 10.180.180.146
2025-03-26 22:33:13.888 69457 INFO tempest.lib.common.rest_client [req-cadbd8d9-8079-465f-9401-87b8b8671ad8 req-cadbd8d9-8079-465f-9401-87b8b8671ad8 ] Request (ServersAdminTestJSON:test_inject_network_info): 200 GET http://10.180.1.21/compute/v2.1/servers/25f17937-1485-4748-ad83-e4eb7da7c882 0.236s
2025-03-26 22:33:13.914 69459 INFO tempest.lib.common.rest_client [req-60f92c10-5c69-4952-8200-70665463344d req-60f92c10-5c69-4952-8200-70665463344d ] Request (MigrationsAdminTest:test_resize_server_revert_deleted_flavor): 200 GET http://10.180.1.21/compute/v2.1/servers/b8858edd-34b7-406c-861d-fb2917fdbd20 0.326s
2025-03-26 22:33:13.968 69477 WARNING tempest.lib.common.ssh [-] Failed to establish authenticated ssh connection to cirros@10.180.180.142 ([Errno None] Unable to connect to port 22 on 10.180.180.142). Number attempts: 11. Retry after 12 seconds.: paramiko.ssh_exception.NoValidConnectionsError: [Errno None] Unable to connect to port 22 on 10.180.180.142
2025-03-26 22:33:13.985 69499 INFO tempest.lib.common.rest_client [req-be7d5472-7bdd-49c8-ad7c-dd8c526392b2 req-be7d5472-7bdd-49c8-ad7c-dd8c526392b2 ] Request (ServerShowV247Test:tearDownClass): 200 GET http://10.180.1.21/compute/v2.1/servers/f38d1517-8f54-4a66-a152-9e4bfdcaa373 0.135s
2025-03-26 22:33:14.039 69495 INFO tempest.lib.common.rest_client [req-7482a8aa-6cd5-44a4-ae92-5050780cb9b8 req-7482a8aa-6cd5-44a4-ae92-5050780cb9b8 ] Request (MultipleCreateTestJSON:_run_cleanups): 200 GET http://10.180.1.21/compute/v2.1/servers/6502038f-b9db-464f-aef9-29abba56c18e 0.238s
2025-03-26 22:33:14.045 69505 INFO tempest.lib.common.rest_client [req-8be0309d-c2fe-4075-83d9-f288a29d9daa req-8be0309d-c2fe-4075-83d9-f288a29d9daa ] Request (ImagesOneServerNegativeTestJSON:_run_cleanups): 200 GET http://10.180.1.21/compute/v2.1/servers/98a61053-c73a-4626-bdc7-a80f77472086 0.066s
2025-03-26 22:33:14.096 69463 INFO tempest.lib.common.rest_client [req-17e76568-88e4-43df-961e-ed7f0433a8d0 req-17e76568-88e4-43df-961e-ed7f0433a8d0 ] Request (FloatingIPsAssociationNegativeTestJSON:tearDownClass): 204 DELETE http://10.180.1.21:9696/networking/v2.0/routers/f5b632bb-1ddd-452a-bdbf-ccbf9ef6cd43 0.883s
2025-03-26 22:33:14.115 69507 INFO tempest.lib.common.rest_client [req-569c99c8-4cc2-4082-b890-ed1b08b81d70 req-569c99c8-4cc2-4082-b890-ed1b08b81d70 ] Request (ServersTestBootFromVolume:setUpClass): 200 GET http://10.180.1.21/compute/v2.1/servers/74d8073a-8887-43ab-9ca2-dde971b8e9ec 0.059s
2025-03-26 22:33:14.153 69461 INFO tempest.lib.common.rest_client [req-846459ba-3593-4ee7-a488-85b1d8cf99f9 req-846459ba-3593-4ee7-a488-85b1d8cf99f9 ] Request (ServerRescueTestJSON:setUpClass): 200 GET http://10.180.1.21/compute/v2.1/servers/a9c7be77-a642-4dd8-8395-637c9bc2f91e 0.122s
2025-03-26 22:33:14.192 69485 INFO tempest.lib.common.rest_client [req-26f9d802-bec2-4380-9ef3-d239184c2449 req-26f9d802-bec2-4380-9ef3-d239184c2449 ] Request (InstanceActionsTestJSON:tearDownClass): 200 GET http://10.180.1.21/compute/v2.1/servers/255d9e2d-714c-4629-99eb-0591af94c0e9 0.067s
2025-03-26 22:33:14.231 69463 INFO tempest.lib.common.rest_client [req-14cff160-ac99-4e1b-8156-8f17f159ddad req-14cff160-ac99-4e1b-8156-8f17f159ddad ] Request (FloatingIPsAssociationNegativeTestJSON:tearDownClass): 204 DELETE http://10.180.1.21:9696/networking/v2.0/subnets/6f8b9a60-4139-434f-9667-af0593dd4f74 0.134s
2025-03-26 22:33:14.273 69497 INFO tempest.lib.common.rest_client [req-8c5afbdb-7b6a-41a9-87a8-ae333d4af1f5 req-8c5afbdb-7b6a-41a9-87a8-ae333d4af1f5 ] Request (ServersTestMultiNic:test_verify_multiple_nics_order): 200 GET http://10.180.1.21/compute/v2.1/servers/27658181-4601-4db5-ae91-d802a74f2c9e 0.073s
2025-03-26 22:33:14.393 69469 INFO tempest.lib.common.rest_client [req-13dd56e9-7b03-497c-91fe-9641393bcd9c req-13dd56e9-7b03-497c-91fe-9641393bcd9c ] Request (FloatingIPsAssociationTestJSON:tearDownClass): 200 GET http://10.180.1.21/compute/v2.1/servers/e959f4fc-26be-4b03-9baf-70fe5977c138 0.093s
2025-03-26 22:33:14.518 69480 INFO tempest.lib.common.rest_client [req-0aeca25e-631a-4190-b64b-0f2b09216646 req-0aeca25e-631a-4190-b64b-0f2b09216646 ] Request (ServersAdminNegativeTestJSON:setUpClass): 200 GET http://10.180.1.21/compute/v2.1/servers/ecd49a8a-39f2-4cd3-9889-89c87f264617 0.091s
2025-03-26 22:33:14.529 69480 INFO tempest.common.waiters [-] State transition "BUILD/None" ==> "BUILD/networking" after 53 second wait
2025-03-26 22:33:14.589 69475 INFO tempest.lib.common.rest_client [req-f6829f6c-a261-4926-9671-35a82296c8b3 req-f6829f6c-a261-4926-9671-35a82296c8b3 ] Request (TenantUsagesTestJSON:setUpClass): 200 GET http://10.180.1.21/compute/v2.1/servers/b50ef965-8e0d-4382-ad7a-69a0f7299d77 0.084s
2025-03-26 22:33:14.599 69491 INFO tempest.lib.common.rest_client [req-426089ce-d348-4b50-b242-a4ebd0253c5c req-426089ce-d348-4b50-b242-a4ebd0253c5c ] Request (ListImageFiltersTestJSON:setUpClass): 200 GET http://10.180.1.21/compute/v2.1/servers/d6bff616-449a-4199-8f75-226b41579020 0.230s
2025-03-26 22:33:14.604 69463 INFO tempest.lib.common.rest_client [req-fe1d0a2a-ded2-4fa9-8895-ed90b5959b15 req-fe1d0a2a-ded2-4fa9-8895-ed90b5959b15 ] Request (FloatingIPsAssociationNegativeTestJSON:tearDownClass): 204 DELETE http://10.180.1.21:9696/networking/v2.0/networks/a226c7fb-ab51-44de-af44-d53aa2e28308 0.373s
2025-03-26 22:33:14.696 69463 INFO tempest.lib.common.rest_client [req-dc1418c6-a199-4bbb-bbe6-fcd995aa8a4f req-dc1418c6-a199-4bbb-bbe6-fcd995aa8a4f ] Request (FloatingIPsAssociationNegativeTestJSON:tearDownClass): 204 DELETE http://10.180.1.21/identity/v3/users/6c8f90d6ffc34cc8b32cd83d9b1ebc6c 0.091s
2025-03-26 22:33:14.696 69463 INFO tempest.lib.common.dynamic_creds [-] Deleting project and security group for project: 2eefb88a1daa4729a40fcd262da45b03
2025-03-26 22:33:14.706 69471 INFO tempest.lib.common.rest_client [req-a1bee305-d635-42d5-95af-21b4f9731cfb req-a1bee305-d635-42d5-95af-21b4f9731cfb ] Request (VolumesAdminNegativeTest:setUpClass): 201 POST http://10.180.1.21:9696/networking/v2.0/routers 0.874s
2025-03-26 22:33:14.708 69488 INFO tempest.lib.common.rest_client [req-6fb5f1bc-a0d4-43bb-a5a1-f97ba0f60f8c req-6fb5f1bc-a0d4-43bb-a5a1-f97ba0f60f8c ] Request (ServerShowV257Test:test_rebuild_server): 200 GET http://10.180.1.21/compute/v2.1/servers/cbad918b-59ea-4937-b627-60f43b99da0d 0.067s
2025-03-26 22:33:14.734 69463 INFO tempest.lib.common.rest_client [req-84cfb802-a24b-4cdb-97ba-cce8142a5709 req-84cfb802-a24b-4cdb-97ba-cce8142a5709 ] Request (FloatingIPsAssociationNegativeTestJSON:tearDownClass): 200 GET http://10.180.1.21:9696/networking/v2.0/security-groups?tenant_id=2eefb88a1daa4729a40fcd262da45b03&name=default 0.038s
2025-03-26 22:33:14.763 69465 INFO tempest.lib.common.rest_client [req-2d48145c-f004-4317-b248-eb81addece7e req-2d48145c-f004-4317-b248-eb81addece7e ] Request (ImagesTestJSON:test_create_image_from_suspended_server): 200 GET http://10.180.1.21/compute/v2.1/servers/1b2dbcdc-8ca9-48da-9c53-cf31cd222cb2 0.065s
2025-03-26 22:33:14.848 69463 INFO tempest.lib.common.rest_client [req-24c29a4c-6838-49e1-a168-2e1a7fea962f req-24c29a4c-6838-49e1-a168-2e1a7fea962f ] Request (FloatingIPsAssociationNegativeTestJSON:tearDownClass): 204 DELETE http://10.180.1.21:9696/networking/v2.0/security-groups/72047cc0-756c-4c12-a2a7-621b6cc494b2 0.112s
2025-03-26 22:33:14.859 69511 INFO tempest.lib.common.rest_client [req-cd1f9aa2-5d1c-46af-b08d-7646a3e688fd req-cd1f9aa2-5d1c-46af-b08d-7646a3e688fd ] Request (InstanceActionsV221TestJSON:test_get_list_deleted_instance_actions): 200 GET http://10.180.1.21/compute/v2.1/servers/34e19d3d-2bc1-4d97-bf98-3801ebcbbf25 0.083s
2025-03-26 22:33:14.886 69453 INFO tempest.lib.common.rest_client [req-03772718-6b95-45c0-ad1d-e14cae77f228 req-03772718-6b95-45c0-ad1d-e14cae77f228 ] Request (ServersTestJSON:test_create_server_specify_multibyte_character_name): 200 GET http://10.180.1.21/compute/v2.1/servers/692b7b8a-53c0-41e6-874f-85516308d7f9 0.069s
2025-03-26 22:33:14.946 69451 INFO tempest.lib.common.rest_client [req-7753d32d-aadf-4f98-9e90-b4e2a3c3074f req-7753d32d-aadf-4f98-9e90-b4e2a3c3074f ] Request (ImagesOneServerTestJSON:tearDownClass): 200 GET http://10.180.1.21/compute/v2.1/servers/bfdd78b3-a9ad-41e7-817c-19a9d11785d3 0.102s
2025-03-26 22:33:14.972 69457 INFO tempest.lib.common.rest_client [req-aabd120e-41e4-4a27-9043-ababf8727aa6 req-aabd120e-41e4-4a27-9043-ababf8727aa6 ] Request (ServersAdminTestJSON:test_inject_network_info): 200 GET http://10.180.1.21/compute/v2.1/servers/25f17937-1485-4748-ad83-e4eb7da7c882 0.076s
2025-03-26 22:33:14.983 69463 INFO tempest.lib.common.rest_client [req-4f48f5bc-fe57-412d-b910-094b320b8cee req-4f48f5bc-fe57-412d-b910-094b320b8cee ] Request (FloatingIPsAssociationNegativeTestJSON:tearDownClass): 204 DELETE http://10.180.1.21/identity/v3/projects/2eefb88a1daa4729a40fcd262da45b03 0.135s
2025-03-26 22:33:15.027 69459 INFO tempest.lib.common.rest_client [req-ec93af20-068e-4121-af93-7069f315c49d req-ec93af20-068e-4121-af93-7069f315c49d ] Request (MigrationsAdminTest:test_resize_server_revert_deleted_flavor): 200 GET http://10.180.1.21/compute/v2.1/servers/b8858edd-34b7-406c-861d-fb2917fdbd20 0.099s
2025-03-26 22:33:15.064 69463 INFO tempest.lib.common.rest_client [req-fea70d62-9f29-4ba3-aeca-5648b0202e35 req-fea70d62-9f29-4ba3-aeca-5648b0202e35 ] Request (SecurityGroupsTestJSON:setUpClass): 201 POST http://10.180.1.21/identity/v3/auth/tokens 0.078s
2025-03-26 22:33:15.089 69499 INFO tempest.lib.common.rest_client [req-cc6aff70-21a5-4930-9170-1d9863d4bb45 req-cc6aff70-21a5-4930-9170-1d9863d4bb45 ] Request (ServerShowV247Test:tearDownClass): 200 GET http://10.180.1.21/compute/v2.1/servers/f38d1517-8f54-4a66-a152-9e4bfdcaa373 0.094s
2025-03-26 22:33:15.107 69463 INFO tempest.lib.common.rest_client [req-4b5aea21-c399-4735-ba37-bd8577ab62f6 req-4b5aea21-c399-4735-ba37-bd8577ab62f6 ] Request (SecurityGroupsTestJSON:setUpClass): 201 POST http://10.180.1.21/identity/v3/auth/tokens 0.039s
2025-03-26 22:33:15.133 69463 INFO tempest.lib.common.rest_client [req-01e02fdf-f595-43ae-bf1e-b13bd4495cf9 req-01e02fdf-f595-43ae-bf1e-b13bd4495cf9 ] Request (SecurityGroupsTestJSON:setUpClass): 200 GET http://10.180.1.21/identity/v3/domains?name=Default 0.026s
2025-03-26 22:33:15.159 69463 INFO tempest.lib.common.rest_client [req-4ff8f1d6-bfbd-4d7a-8a14-4f29f1b578c6 req-4ff8f1d6-bfbd-4d7a-8a14-4f29f1b578c6 ] Request (SecurityGroupsTestJSON:setUpClass): 201 POST http://10.180.1.21/identity/v3/projects 0.026s
2025-03-26 22:33:15.171 69505 INFO tempest.lib.common.rest_client [req-5d4be12a-ecb5-491d-823e-7fbcf3b1907e req-5d4be12a-ecb5-491d-823e-7fbcf3b1907e ] Request (ImagesOneServerNegativeTestJSON:_run_cleanups): 200 GET http://10.180.1.21/compute/v2.1/servers/98a61053-c73a-4626-bdc7-a80f77472086 0.115s
2025-03-26 22:33:15.219 69463 INFO tempest.lib.common.rest_client [req-d9bfcbe4-4a44-4ce2-a8e7-1c71151aa43b req-d9bfcbe4-4a44-4ce2-a8e7-1c71151aa43b ] Request (SecurityGroupsTestJSON:setUpClass): 201 POST http://10.180.1.21/identity/v3/users 0.059s
2025-03-26 22:33:15.243 69463 INFO tempest.lib.common.rest_client [req-1bbf5e41-516d-406e-82fe-6d0eb35719a3 req-1bbf5e41-516d-406e-82fe-6d0eb35719a3 ] Request (SecurityGroupsTestJSON:setUpClass): 200 GET http://10.180.1.21/identity/v3/roles 0.023s
2025-03-26 22:33:15.259 69507 INFO tempest.lib.common.rest_client [req-bd798381-1c4e-4439-8beb-1988ae0006aa req-bd798381-1c4e-4439-8beb-1988ae0006aa ] Request (ServersTestBootFromVolume:setUpClass): 200 GET http://10.180.1.21/compute/v2.1/servers/74d8073a-8887-43ab-9ca2-dde971b8e9ec 0.133s
2025-03-26 22:33:15.273 69495 INFO tempest.lib.common.rest_client [req-5d5deb97-603d-47d9-b3b3-f86df565b372 req-5d5deb97-603d-47d9-b3b3-f86df565b372 ] Request (MultipleCreateTestJSON:_run_cleanups): 200 GET http://10.180.1.21/compute/v2.1/servers/6502038f-b9db-464f-aef9-29abba56c18e 0.223s
