2025-04-07 13:19:25.658 69714 INFO tempest.lib.common.rest_client [req-8dc3bad9-81a9-4724-a210-8d8b020deabc req-8dc3bad9-81a9-4724-a210-8d8b020deabc ] Request (ServerDiagnosticsV248Test:tearDownClass): 204 DELETE http://10.180.1.21/compute/v2.1/servers/bd174ab6-2669-48bd-8df8-f8595d39e61c 1.068s
2025-04-07 13:19:25.660 69680 INFO tempest.lib.common.rest_client [req-d0135b82-16c1-47c5-8cb5-50915c56a5ef req-d0135b82-16c1-47c5-8cb5-50915c56a5ef ] Request (ImagesTestJSON:test_create_image_from_stopped_server): 200 GET http://10.180.1.21/compute/v2.1/servers/025443af-76e3-49ff-b668-ce57cb0c71b3 1.053s
2025-04-07 13:19:25.677 69700 INFO tempest.lib.common.rest_client [req-81897417-275e-48b4-b4b2-429c585203b5 req-81897417-275e-48b4-b4b2-429c585203b5 ] Request (FlavorsAdminTestJSON:test_is_public_string_variations): 200 GET http://10.180.1.21/compute/v2.1/flavors/detail?is_public=no 1.040s
2025-04-07 13:19:25.717 69728 INFO tempest.lib.common.rest_client [req-43ef9953-cc79-4de2-a0d6-49e34f0900f5 req-43ef9953-cc79-4de2-a0d6-49e34f0900f5 ] Request (ListImageFiltersNegativeTestJSON:test_get_nonexistent_image): 404 GET http://10.180.1.21/compute/v2.1/images/fd461bd3-b86f-4a18-a4c6-911d1df8d5c1 1.069s
2025-04-07 13:19:25.809 69682 INFO tempest.lib.common.rest_client [req-9b7a9e98-7105-408a-8856-4a6f193f7077 req-9b7a9e98-7105-408a-8856-4a6f193f7077 ] Request (TenantUsagesTestJSON:setUpClass): 200 GET http://10.180.1.21/compute/v2.1/servers/582e6f9d-78dd-4f57-b971-fa10a393720d 1.144s
2025-04-07 13:19:25.816 69682 INFO tempest.common.waiters [-] State transition "BUILD/None" ==> "BUILD/block_device_mapping" after 33 second wait
2025-04-07 13:19:25.863 69728 INFO tempest.lib.common.rest_client [req-adbd2477-822b-4e7c-b3b1-53c4d2581b89 req-adbd2477-822b-4e7c-b3b1-53c4d2581b89 ] Request (ListImageFiltersNegativeTestJSON:tearDownClass): 204 DELETE http://10.180.1.21/identity/v3/users/076cb113707f456a8550189d37a468b5 0.142s
2025-04-07 13:19:25.863 69728 INFO tempest.lib.common.dynamic_creds [-] Deleting project and security group for project: fbe2a993508146c6bc01cdafac66f845
2025-04-07 13:19:25.867 69696 INFO tempest.lib.common.rest_client [req-2fb42a8a-43e9-4165-97a2-79a9d5ba2146 req-2fb42a8a-43e9-4165-97a2-79a9d5ba2146 ] Request (ListImageFiltersTestJSON:setUpClass): 200 GET http://10.180.1.21/compute/v2.1/servers/691ba63f-02ab-432b-abde-97274fa19cda 1.099s
2025-04-07 13:19:25.890 69676 INFO tempest.lib.common.rest_client [req-b67acd21-f503-4b32-b529-36ecc740aecb req-b67acd21-f503-4b32-b529-36ecc740aecb ] Request (ServicesAdminTestJSON:test_get_service_by_host_name): 200 GET http://10.180.1.21/compute/v2.1/os-services?host=devstack 1.113s
2025-04-07 13:19:25.943 69728 INFO tempest.lib.common.rest_client [req-31fc0e8c-e8cf-449a-9b2b-9996e3fe26fa req-31fc0e8c-e8cf-449a-9b2b-9996e3fe26fa ] Request (ListImageFiltersNegativeTestJSON:tearDownClass): 201 POST http://10.180.1.21/identity/v3/auth/tokens 0.079s
2025-04-07 13:19:25.965 69702 INFO tempest.lib.common.rest_client [req-d9b7b291-683c-4a1b-8889-8a9237d3ce3d req-d9b7b291-683c-4a1b-8889-8a9237d3ce3d ] Request (DeleteServersAdminTestJSON:test_admin_delete_servers_of_others): 200 GET http://10.180.1.21/compute/v2.1/servers/4ee02d9a-86bf-4315-aee0-4fe522ba06c5 1.125s
2025-04-07 13:19:26.004 69704 INFO tempest.lib.common.rest_client [req-1dd6fa17-f5e5-4a97-bd8f-98c490d4f8fe req-1dd6fa17-f5e5-4a97-bd8f-98c490d4f8fe ] Request (ServersAdminTestJSON:setUpClass): 200 GET http://10.180.1.21/compute/v2.1/servers/17c6ed86-c995-4238-84da-127353dd6ee0 1.294s
2025-04-07 13:19:26.039 69672 INFO tempest.lib.common.rest_client [req-afbd3143-0a71-4034-b9a2-a71dd65eb63c req-afbd3143-0a71-4034-b9a2-a71dd65eb63c ] Request (ServerDiagnosticsTest:tearDownClass): 200 GET http://10.180.1.21/compute/v2.1/servers/fec0818b-688d-479e-b35d-dfce49c3348b 1.116s
2025-04-07 13:19:26.070 69688 INFO tempest.lib.common.rest_client [req-74e87de6-7e62-4c00-ad81-660e837c328a req-74e87de6-7e62-4c00-ad81-660e837c328a ] Request (ServersV294TestFqdnHostnames:setUpClass): 200 GET http://10.180.1.21/compute/v2.1/servers/72099d69-bd34-4b3d-a940-2b9b6b5936dd 1.074s
2025-04-07 13:19:26.088 69668 INFO tempest.lib.common.rest_client [req-45a7ff1a-3379-43c5-869e-9e34a59a4ade req-45a7ff1a-3379-43c5-869e-9e34a59a4ade ] Request (ServersTestBootFromVolume:setUpClass): 201 POST http://10.180.1.21:9696/networking/v2.0/routers 1.471s
2025-04-07 13:19:26.106 69726 INFO tempest.lib.common.rest_client [req-37bfe432-d600-4d82-9246-4c25f2569687 req-37bfe432-d600-4d82-9246-4c25f2569687 ] Request (ServerExternalEventsTest:tearDownClass): 200 GET http://10.180.1.21/compute/v2.1/servers/a0e0b86e-7ebf-4f1f-9277-446b879fdf06 1.050s
2025-04-07 13:19:26.184 69722 INFO tempest.lib.common.rest_client [req-56c6f22d-0fcd-43f4-b5fa-8a758387f0b5 req-56c6f22d-0fcd-43f4-b5fa-8a758387f0b5 ] Request (ServersListShow2100Test:test_list_show_rebuild_update_server_2100): 200 GET http://10.180.1.21/compute/v2.1/servers/d24fe5c5-bca0-4f1a-9997-fea677580719 1.090s
2025-04-07 13:19:26.184 69728 INFO tempest.lib.common.rest_client [req-86eecab9-8c0b-4011-bde2-197a7a63d287 req-86eecab9-8c0b-4011-bde2-197a7a63d287 ] Request (ListImageFiltersNegativeTestJSON:tearDownClass): 200 GET http://10.180.1.21:9696/networking/v2.0/security-groups?tenant_id=fbe2a993508146c6bc01cdafac66f845&name=default 0.239s
2025-04-07 13:19:26.331 69708 INFO tempest.lib.common.rest_client [req-06a21cc1-5dcd-47f4-96e7-f35857e615af req-06a21cc1-5dcd-47f4-96e7-f35857e615af ] Request (AttachInterfacesV270Test:tearDownClass): 200 GET http://10.180.1.21/compute/v2.1/servers/1850df94-4631-446f-81e0-8feacc37086d 1.262s
2025-04-07 13:19:26.375 69690 INFO tempest.lib.common.rest_client [req-4d102d08-2baa-4a86-8890-a973df6d5695 req-4d102d08-2baa-4a86-8890-a973df6d5695 ] Request (AggregatesAdminNegativeTestJSON:test_aggregate_remove_nonexistent_host): 404 POST http://10.180.1.21/compute/v2.1/os-aggregates/8/action 1.190s
2025-04-07 13:19:26.433 69710 INFO tempest.lib.common.rest_client [req-6921fd94-5ed6-49c1-9def-436b7910012f req-6921fd94-5ed6-49c1-9def-436b7910012f ] Request (ServerTagsTestJSON:setUpClass): 200 GET http://10.180.1.21/compute/v2.1/servers/459180b5-f12d-4fb1-95cd-fdeef4e746fc 1.296s
2025-04-07 13:19:26.487 69728 INFO tempest.lib.common.rest_client [req-74440e47-6ab5-413f-9141-f65367c1b9f8 req-74440e47-6ab5-413f-9141-f65367c1b9f8 ] Request (ListImageFiltersNegativeTestJSON:tearDownClass): 204 DELETE http://10.180.1.21:9696/networking/v2.0/security-groups/846d1b58-793a-4966-8a6d-1c74f2d6de1f 0.301s
2025-04-07 13:19:26.530 69670 INFO tempest.lib.common.rest_client [req-42e4b5ec-560b-49c5-9290-8212c5b017c5 req-42e4b5ec-560b-49c5-9290-8212c5b017c5 ] Request (FloatingIPsAssociationNegativeTestJSON:tearDownClass): 200 GET http://10.180.1.21/compute/v2.1/servers/99885e00-62ad-421a-939a-8ec111ef5214 1.310s
2025-04-07 13:19:26.537 69698 INFO tempest.lib.common.rest_client [req-166fe756-6dec-4479-b706-d9a35e3e4eb8 req-166fe756-6dec-4479-b706-d9a35e3e4eb8 ] Request (MigrationsAdminTest:test_list_migrations_in_flavor_resize_situation): 200 GET http://10.180.1.21/compute/v2.1/servers/094f62b3-214b-4ea3-9cdf-8263b6a782d6 1.223s
2025-04-07 13:19:26.587 69728 INFO tempest.lib.common.rest_client [req-d3208c97-6ce7-4b4f-89dc-2a529a67be0f req-d3208c97-6ce7-4b4f-89dc-2a529a67be0f ] Request (ListImageFiltersNegativeTestJSON:tearDownClass): 204 DELETE http://10.180.1.21/identity/v3/projects/fbe2a993508146c6bc01cdafac66f845 0.100s
2025-04-07 13:19:26.603 69686 INFO tempest.lib.common.rest_client [req-e8bab7ba-baff-44b5-8d9d-0e2dbf4487d9 req-e8bab7ba-baff-44b5-8d9d-0e2dbf4487d9 ] Request (FloatingIPsAssociationTestJSON:test_associate_already_associated_floating_ip): 200 GET http://10.180.1.21/compute/v2.1/servers/a2c4ba9c-89f7-42c4-b784-fc527e421c32 1.208s
2025-04-07 13:19:26.666 69678 INFO tempest.lib.common.rest_client [req-6eaaa14f-563a-490a-bf6a-6ee52805788f req-6eaaa14f-563a-490a-bf6a-6ee52805788f ] Request (VolumesAdminNegativeTest:test_update_attached_volume_with_nonexistent_volume_in_body): 200 GET http://10.180.1.21/compute/v2.1/servers/5daccee7-bde5-4b00-8376-e63c24998ca8 1.128s
2025-04-07 13:19:26.680 69728 INFO tempest.lib.common.rest_client [req-5690c02e-0ce7-4f4d-99d0-a550862710b0 req-5690c02e-0ce7-4f4d-99d0-a550862710b0 ] Request (ServerActionsTestOtherA:setUpClass): 201 POST http://10.180.1.21/identity/v3/auth/tokens 0.090s
2025-04-07 13:19:26.714 69728 INFO tempest.lib.common.rest_client [req-c95eeb81-8c74-4951-885d-b4a125ad7ee6 req-c95eeb81-8c74-4951-885d-b4a125ad7ee6 ] Request (ServerActionsTestOtherA:setUpClass): 201 POST http://10.180.1.21/identity/v3/auth/tokens 0.032s
2025-04-07 13:19:26.744 69728 INFO tempest.lib.common.rest_client [req-de556f08-14bc-4a34-b11a-f672d02b9213 req-de556f08-14bc-4a34-b11a-f672d02b9213 ] Request (ServerActionsTestOtherA:setUpClass): 200 GET http://10.180.1.21/identity/v3/domains?name=Default 0.030s
2025-04-07 13:19:26.785 69718 INFO tempest.lib.common.rest_client [req-25598c0b-4f1c-40d5-8d64-9cb7b4bbafc6 req-25598c0b-4f1c-40d5-8d64-9cb7b4bbafc6 ] Request (ServerShowV247Test:test_show_server): 200 GET http://10.180.1.21/compute/v2.1/servers/e2caa8a7-45aa-42ea-97c6-c6b142efc454 1.205s
2025-04-07 13:19:26.789 69728 INFO tempest.lib.common.rest_client [req-0def362f-3ae8-40e0-9db1-41e80c3618bf req-0def362f-3ae8-40e0-9db1-41e80c3618bf ] Request (ServerActionsTestOtherA:setUpClass): 201 POST http://10.180.1.21/identity/v3/projects 0.044s
2025-04-07 13:19:26.798 69720 INFO tempest.lib.common.rest_client [req-14733ae3-500c-4ffd-9525-81d0157f7f3a req-14733ae3-500c-4ffd-9525-81d0157f7f3a ] Request (ImagesOneServerNegativeTestJSON:tearDown): 200 GET http://10.180.1.21/compute/v2.1/servers/e50dd159-2548-4976-885a-d7251e05cbb1 1.199s
2025-04-07 13:19:26.869 69714 INFO tempest.lib.common.rest_client [req-2a148e0f-16cd-4547-ad36-67621b4badf5 req-2a148e0f-16cd-4547-ad36-67621b4badf5 ] Request (ServerDiagnosticsV248Test:tearDownClass): 200 GET http://10.180.1.21/compute/v2.1/servers/bd174ab6-2669-48bd-8df8-f8595d39e61c 1.210s
2025-04-07 13:19:26.870 69718 INFO tempest.lib.common.rest_client [req-ea247707-46e4-4e0d-8f4e-1a150794cc37 req-ea247707-46e4-4e0d-8f4e-1a150794cc37 ] Request (ServerShowV247Test:test_update_rebuild_list_server): 201 POST http://10.180.1.21/identity/v3/auth/tokens 0.061s
2025-04-07 13:19:26.871 69718 INFO tempest.lib.common.fixed_network [-] (ServerShowV247Test:test_update_rebuild_list_server) Found network None available for tenant
2025-04-07 13:19:26.874 69706 INFO tempest.lib.common.rest_client [req-d06273e5-5e7c-4a87-a961-50ab2542c646 req-d06273e5-5e7c-4a87-a961-50ab2542c646 ] Request (AttachInterfacesTestJSON:test_create_list_show_delete_interfaces_by_fixed_ip): 200 GET http://10.180.1.21/compute/v2.1/servers/122d5904-58c5-44f2-9641-0ed315d28c5a 1.251s
2025-04-07 13:19:26.882 69728 INFO tempest.lib.common.rest_client [req-8d59c3a4-84bf-447a-91de-7325f4b7b0b3 req-8d59c3a4-84bf-447a-91de-7325f4b7b0b3 ] Request (ServerActionsTestOtherA:setUpClass): 201 POST http://10.180.1.21/identity/v3/users 0.091s
2025-04-07 13:19:26.884 69700 INFO tempest.lib.common.rest_client [req-17e8b6ec-08b6-4a1e-afb6-f4de446f105d req-17e8b6ec-08b6-4a1e-afb6-f4de446f105d ] Request (FlavorsAdminTestJSON:test_is_public_string_variations): 200 GET http://10.180.1.21/compute/v2.1/flavors/detail?is_public=0 1.202s
2025-04-07 13:19:26.902 69676 INFO tempest.lib.common.rest_client [req-2370ad28-3ccf-4702-b1af-64da3947e01c req-2370ad28-3ccf-4702-b1af-64da3947e01c ] Request (ServicesAdminTestJSON:test_get_service_by_service_binary_name): 200 GET http://10.180.1.21/compute/v2.1/os-services?binary=nova-compute 1.008s
2025-04-07 13:19:26.908 69728 INFO tempest.lib.common.rest_client [req-64414c59-4932-457b-ac13-5dd6593b3ecb req-64414c59-4932-457b-ac13-5dd6593b3ecb ] Request (ServerActionsTestOtherA:setUpClass): 200 GET http://10.180.1.21/identity/v3/roles 0.025s
2025-04-07 13:19:26.939 69728 INFO tempest.lib.common.rest_client [req-0ddc0d1e-4399-482a-bdfc-8d64d382144f req-0ddc0d1e-4399-482a-bdfc-8d64d382144f ] Request (ServerActionsTestOtherA:setUpClass): 204 PUT http://10.180.1.21/identity/v3/projects/01cf9e67f81e458da24736ee63bee49f/users/45c041e7906149eba1bfe5b25f61a126/roles/4baa54ae07ee4f9a9e266c3391e47ff5 0.031s
2025-04-07 13:19:26.939 69728 INFO tempest.lib.common.dynamic_creds [-] Dynamic test user 45c041e7906149eba1bfe5b25f61a126 is created with scope project and roles: ['member']
2025-04-07 13:19:26.939 69728 INFO tempest.lib.common.dynamic_creds [-] Acquired dynamic creds: credentials: Credentials: {'domain_id': 'default', 'domain_name': 'Default', 'username': 'tempest-ServerActionsTestOtherA-413974183-project-member', 'project_domain_id': 'default', 'project_domain_name': 'Default', 'project_id': '01cf9e67f81e458da24736ee63bee49f', 'project_name': 'tempest-ServerActionsTestOtherA-413974183', 'tenant_id': '01cf9e67f81e458da24736ee63bee49f', 'tenant_name': 'tempest-ServerActionsTestOtherA-413974183', 'user_domain_id': 'default', 'user_domain_name': 'Default', 'user_id': '45c041e7906149eba1bfe5b25f61a126', 'system': None}, Network: None, Subnet: None, Router: None
2025-04-07 13:19:26.967 69694 INFO tempest.lib.common.rest_client [req-d3a3f4f2-2f22-442a-b8a7-542752147049 req-d3a3f4f2-2f22-442a-b8a7-542752147049 ] Request (AttachInterfacesUnderV243Test:test_add_remove_fixed_ip): 200 GET http://10.180.1.21/compute/v2.1/servers/c99fda1f-10fb-41aa-ad81-54c0f09ca10c 0.820s
2025-04-07 13:19:27.016 69728 INFO tempest.lib.common.rest_client [req-9485aab2-bae2-498d-98f9-2652d2286ba5 req-9485aab2-bae2-498d-98f9-2652d2286ba5 ] Request (ServerActionsTestOtherA:setUpClass): 201 POST http://10.180.1.21/identity/v3/auth/tokens 0.076s
2025-04-07 13:19:27.019 69692 INFO tempest.lib.common.rest_client [req-35f3e386-d8d1-407d-bd87-8f86b42306fa req-35f3e386-d8d1-407d-bd87-8f86b42306fa ] Request (VolumesAssistedSnapshotsTest:test_volume_assisted_snapshot_create_delete): 200 GET http://10.180.1.21/compute/v2.1/servers/fbe85e4c-c40c-4e2b-bebc-bfaa38a5a293 1.030s
2025-04-07 13:19:27.026 69666 INFO tempest.lib.common.rest_client [req-0f8abe5f-07a8-461b-ac0a-1ed8fdb0aa10 req-0f8abe5f-07a8-461b-ac0a-1ed8fdb0aa10 ] Request (ServersTestFqdnHostnames:test_create_server_with_fqdn_name): 200 GET http://10.180.1.21/compute/v2.1/servers/2e37b452-ee15-4882-ad00-50c29af0c10d 0.727s
2025-04-07 13:19:27.029 69692 INFO tempest.common.waiters [-] State transition "BUILD/spawning" ==> "ACTIVE/None" after 41 second wait
2025-04-07 13:19:27.053 69690 INFO tempest.lib.common.rest_client [req-4dce27c2-5b14-4d26-a024-101fb0cd40fd req-4dce27c2-5b14-4d26-a024-101fb0cd40fd ] Request (AggregatesAdminNegativeTestJSON:_run_cleanups): 200 DELETE http://10.180.1.21/compute/v2.1/os-aggregates/8 0.677s
2025-04-07 13:19:27.088 69684 INFO tempest.lib.common.rest_client [req-fad30e1a-6b58-407b-814c-9e5c55506c87 req-fad30e1a-6b58-407b-814c-9e5c55506c87 ] Request (ServersAdminNegativeTestJSON:test_migrate_server_invalid_state): 200 GET http://10.180.1.21/compute/v2.1/servers/b1e59caf-ffdc-4f32-9c58-6470ad4da097 0.725s
2025-04-07 13:19:27.153 69690 INFO tempest.lib.common.rest_client [req-ba400661-bef4-48c8-8f3e-d9890d2b2209 req-ba400661-bef4-48c8-8f3e-d9890d2b2209 ] Request (AggregatesAdminNegativeTestJSON:tearDownClass): 204 DELETE http://10.180.1.21/identity/v3/users/fdc7e32b13314f7a9f4feaeef575bb0f 0.098s
2025-04-07 13:19:27.182 69716 INFO tempest.lib.common.rest_client [req-74dadce6-9a3c-4315-80b2-606effaf48ef req-74dadce6-9a3c-4315-80b2-606effaf48ef ] Request (ServersTestMultiNic:_run_cleanups): 200 GET http://10.180.1.21/compute/v2.1/servers/7a1b62ef-ceaf-4167-9d6c-0140afde1077 0.683s
2025-04-07 13:19:27.288 69680 INFO tempest.lib.common.rest_client [req-55cb4c40-0cf7-4f72-b326-da805b370ef7 req-55cb4c40-0cf7-4f72-b326-da805b370ef7 ] Request (ImagesTestJSON:test_create_image_from_stopped_server): 200 GET http://10.180.1.21/compute/v2.1/servers/025443af-76e3-49ff-b668-ce57cb0c71b3 0.616s
2025-04-07 13:19:27.290 69690 INFO tempest.lib.common.rest_client [req-89dd467d-3ab3-4aa4-837d-febc60de0c89 req-89dd467d-3ab3-4aa4-837d-febc60de0c89 ] Request (AggregatesAdminNegativeTestJSON:tearDownClass): 204 DELETE http://10.180.1.21/identity/v3/users/0b84da8874b74c338f0d21a65d033077 0.136s
2025-04-07 13:19:27.290 69690 INFO tempest.lib.common.dynamic_creds [-] Deleting project and security group for project: 9fbc33f8bbbe4de2a76537c9a9f2fd76
2025-04-07 13:19:27.300 69712 INFO tempest.lib.common.rest_client [req-98ebe6fe-553d-47d6-b830-ed6b16521bf8 req-98ebe6fe-553d-47d6-b830-ed6b16521bf8 ] Request (ServersWithSpecificFlavorTestJSON:test_verify_created_server_ephemeral_disk): 200 GET http://10.180.1.21/compute/v2.1/servers/385c46fc-c996-4047-ad08-608d3c9bd91a 0.902s
2025-04-07 13:19:27.374 69668 INFO tempest.lib.common.rest_client [req-d5957842-004a-42d8-9bbb-a8d8514c9faa req-d5957842-004a-42d8-9bbb-a8d8514c9faa ] Request (ServersTestBootFromVolume:setUpClass): 200 PUT http://10.180.1.21:9696/networking/v2.0/routers/3ed6c2c1-cc1e-43b3-ab4c-23108e09b41f/add_router_interface 1.285s
2025-04-07 13:19:27.374 69668 INFO tempest.lib.common.dynamic_creds [-] Created isolated network resources for: credentials: Credentials: {'domain_id': 'default', 'domain_name': 'Default', 'username': 'tempest-ServersTestBootFromVolume-661843969-project-member', 'project_domain_id': 'default', 'project_domain_name': 'Default', 'project_id': '41f9b9a2ab43434db989ba2a0c7ff321', 'project_name': 'tempest-ServersTestBootFromVolume-661843969', 'tenant_id': '41f9b9a2ab43434db989ba2a0c7ff321', 'tenant_name': 'tempest-ServersTestBootFromVolume-661843969', 'user_domain_id': 'default', 'user_domain_name': 'Default', 'user_id': '43b312501fc34ab4a3534afb5f83f8fd', 'system': None}, Network: {'id': '8fff0809-f53b-466f-9c1c-c2c855927c0a', 'name': 'tempest-ServersTestBootFromVolume-601937336-network', 'tenant_id': '41f9b9a2ab43434db989ba2a0c7ff321', 'admin_state_up': True, 'mtu': 8950, 'status': 'ACTIVE', 'subnets': [], 'shared': False, 'project_id': '41f9b9a2ab43434db989ba2a0c7ff321', 'port_security_enabled': True, 'router:external': False, 'provider:network_type': 'vlan', 'provider:physical_network': 'default', 'provider:segmentation_id': 346, 'availability_zone_hints': [], 'availability_zones': [], 'ipv4_address_scope': None, 'ipv6_address_scope': None, 'description': '', 'tags': [], 'created_at': '2025-04-07T13:19:24Z', 'updated_at': '2025-04-07T13:19:24Z', 'revision_number': 1}, Subnet: {'id': '911ba7d6-b787-470e-bd80-7c0dc0b566f5', 'name': 'tempest-ServersTestBootFromVolume-601937336-subnet', 'tenant_id': '41f9b9a2ab43434db989ba2a0c7ff321', 'network_id': '8fff0809-f53b-466f-9c1c-c2c855927c0a', 'ip_version': 4, 'subnetpool_id': None, 'enable_dhcp': True, 'ipv6_ra_mode': None, 'ipv6_address_mode': None, 'gateway_ip': '192.168.128.1', 'cidr': '192.168.128.0/28', 'allocation_pools': [{'start': '192.168.128.2', 'end': '192.168.128.14'}], 'host_routes': [], 'dns_nameservers': [], 'description': '', 'router:external': False, 'service_types': [], 'tags': [], 'created_at': '2025-04-07T13:19:24Z', 'updated_at': '2025-04-07T13:19:24Z', 'revision_number': 0, 'project_id': '41f9b9a2ab43434db989ba2a0c7ff321'}, Router: {'id': '3ed6c2c1-cc1e-43b3-ab4c-23108e09b41f', 'name': 'tempest-ServersTestBootFromVolume-601937336-router', 'tenant_id': '41f9b9a2ab43434db989ba2a0c7ff321', 'admin_state_up': True, 'status': 'ACTIVE', 'external_gateway_info': {'network_id': '0aca4dec-fce8-492d-866b-3b83229e461c', 'external_fixed_ips': [{'subnet_id': '83efa834-8057-4413-8232-055bb087ee96', 'ip_address': '10.180.180.228'}], 'enable_snat': True}, 'description': '', 'availability_zones': [], 'distributed': False, 'ha': False, 'availability_zone_hints': [], 'routes': [], 'flavor_id': None, 'tags': [], 'created_at': '2025-04-07T13:19:24Z', 'updated_at': '2025-04-07T13:19:25Z', 'revision_number': 2, 'project_id': '41f9b9a2ab43434db989ba2a0c7ff321'}
2025-04-07 13:19:27.374 69690 INFO tempest.lib.common.rest_client [req-bd4a3517-f319-4771-9509-a2641f6d027f req-bd4a3517-f319-4771-9509-a2641f6d027f ] Request (AggregatesAdminNegativeTestJSON:tearDownClass): 201 POST http://10.180.1.21/identity/v3/auth/tokens 0.084s
2025-04-07 13:19:27.455 69668 INFO tempest.lib.common.rest_client [req-5f1f3c3e-e0c1-45da-a3dc-dc6954caa2fd req-5f1f3c3e-e0c1-45da-a3dc-dc6954caa2fd ] Request (ServersTestBootFromVolume:setUpClass): 201 POST http://10.180.1.21/identity/v3/auth/tokens 0.077s
2025-04-07 13:19:27.486 69718 INFO tempest.lib.common.rest_client [req-667af618-1c59-4515-b91e-183a011aeafa req-667af618-1c59-4515-b91e-183a011aeafa ] Request (ServerShowV247Test:test_update_rebuild_list_server): 202 POST http://10.180.1.21/compute/v2.1/servers 0.615s
2025-04-07 13:19:27.509 69682 INFO tempest.lib.common.rest_client [req-da1952c7-8724-406b-b892-b62d64fe748e req-da1952c7-8724-406b-b892-b62d64fe748e ] Request (TenantUsagesTestJSON:setUpClass): 200 GET http://10.180.1.21/compute/v2.1/servers/582e6f9d-78dd-4f57-b971-fa10a393720d 0.692s
2025-04-07 13:19:27.518 69682 INFO tempest.common.waiters [-] State transition "BUILD/block_device_mapping" ==> "BUILD/spawning" after 35 second wait
2025-04-07 13:19:27.544 69700 INFO tempest.lib.common.rest_client [req-60c59e49-adfd-465b-a270-62c9e86a3075 req-60c59e49-adfd-465b-a270-62c9e86a3075 ] Request (FlavorsAdminTestJSON:test_is_public_string_variations): 200 GET http://10.180.1.21/compute/v2.1/flavors/detail?is_public=t 0.657s
2025-04-07 13:19:27.549 69690 INFO tempest.lib.common.rest_client [req-10676408-1fad-4901-b7c3-b9403216f577 req-10676408-1fad-4901-b7c3-b9403216f577 ] Request (AggregatesAdminNegativeTestJSON:tearDownClass): 200 GET http://10.180.1.21:9696/networking/v2.0/security-groups?tenant_id=9fbc33f8bbbe4de2a76537c9a9f2fd76&name=default 0.174s
2025-04-07 13:19:27.553 69696 INFO tempest.lib.common.rest_client [req-d70e38bb-7818-4be5-aaf4-072d0c19271e req-d70e38bb-7818-4be5-aaf4-072d0c19271e ] Request (ListImageFiltersTestJSON:setUpClass): 200 GET http://10.180.1.21/compute/v2.1/servers/691ba63f-02ab-432b-abde-97274fa19cda 0.678s
2025-04-07 13:19:27.567 69676 INFO tempest.lib.common.rest_client [req-7eda86d6-ace9-49af-ab38-f09965058d1b req-7eda86d6-ace9-49af-ab38-f09965058d1b ] Request (ServicesAdminTestJSON:test_list_services): 200 GET http://10.180.1.21/compute/v2.1/os-services 0.662s
2025-04-07 13:19:27.578 69702 INFO tempest.lib.common.rest_client [req-dfb1bfe1-c088-4330-b92f-f09588b15bcd req-dfb1bfe1-c088-4330-b92f-f09588b15bcd ] Request (DeleteServersAdminTestJSON:test_admin_delete_servers_of_others): 404 GET http://10.180.1.21/compute/v2.1/servers/4ee02d9a-86bf-4315-aee0-4fe522ba06c5 0.602s
2025-04-07 13:19:27.625 69728 INFO tempest.lib.common.rest_client [req-79332870-1343-476d-b063-e47a91bdeefd req-79332870-1343-476d-b063-e47a91bdeefd ] Request (ServerActionsTestOtherA:setUpClass): 201 POST http://10.180.1.21:9696/networking/v2.0/networks 0.608s
2025-04-07 13:19:27.637 69704 INFO tempest.lib.common.rest_client [req-34b2cec6-1aa8-4d3b-8f56-fce218ee97ec req-34b2cec6-1aa8-4d3b-8f56-fce218ee97ec ] Request (ServersAdminTestJSON:setUpClass): 200 GET http://10.180.1.21/compute/v2.1/servers/17c6ed86-c995-4238-84da-127353dd6ee0 0.623s
2025-04-07 13:19:27.686 69702 INFO tempest.lib.common.rest_client [req-21b6a6f3-bc4e-49fa-a359-3a50aabbec30 req-21b6a6f3-bc4e-49fa-a359-3a50aabbec30 ] Request (DeleteServersAdminTestJSON:test_delete_server_while_in_error_state): 201 POST http://10.180.1.21/identity/v3/auth/tokens 0.090s
2025-04-07 13:19:27.687 69702 INFO tempest.lib.common.fixed_network [-] (DeleteServersAdminTestJSON:test_delete_server_while_in_error_state) Found network None available for tenant
2025-04-07 13:19:27.707 69676 INFO tempest.lib.common.rest_client [req-300950cc-f251-44d1-af5a-f912a172c5b5 req-300950cc-f251-44d1-af5a-f912a172c5b5 ] Request (ServicesAdminTestJSON:tearDownClass): 204 DELETE http://10.180.1.21/identity/v3/users/c59bad34e1b343dc9222b81d721bea30 0.135s
2025-04-07 13:19:27.734 69692 INFO tempest.lib.common.rest_client [req-fa9e4e10-6037-4b39-bf4d-12bd6a38867d req-fa9e4e10-6037-4b39-bf4d-12bd6a38867d ] Request (VolumesAssistedSnapshotsTest:test_volume_assisted_snapshot_create_delete): 200 GET http://10.180.1.21/compute/v2.1/servers/fbe85e4c-c40c-4e2b-bebc-bfaa38a5a293/os-interface 0.705s
2025-04-07 13:19:27.737 69672 INFO tempest.lib.common.rest_client [req-4de64eb3-dd15-4684-87c4-b278ff0ca7e8 req-4de64eb3-dd15-4684-87c4-b278ff0ca7e8 ] Request (ServerDiagnosticsTest:tearDownClass): 200 GET http://10.180.1.21/compute/v2.1/servers/fec0818b-688d-479e-b35d-dfce49c3348b 0.689s
2025-04-07 13:19:27.802 69690 INFO tempest.lib.common.rest_client [req-1ecbfa59-9c1b-42f1-8e13-d7f98ce3bcd7 req-1ecbfa59-9c1b-42f1-8e13-d7f98ce3bcd7 ] Request (AggregatesAdminNegativeTestJSON:tearDownClass): 204 DELETE http://10.180.1.21:9696/networking/v2.0/security-groups/6e3f396b-d0e4-4d80-ad0e-b16bed44146f 0.253s
2025-04-07 13:19:27.841 69726 INFO tempest.lib.common.rest_client [req-dd06327c-519a-448d-b204-2cc354573478 req-dd06327c-519a-448d-b204-2cc354573478 ] Request (ServerExternalEventsTest:tearDownClass): 200 GET http://10.180.1.21/compute/v2.1/servers/a0e0b86e-7ebf-4f1f-9277-446b879fdf06 0.721s
2025-04-07 13:19:27.857 69676 INFO tempest.lib.common.rest_client [req-c5e9f0ad-1079-4a5f-963d-e1b40dec8d8b req-c5e9f0ad-1079-4a5f-963d-e1b40dec8d8b ] Request (ServicesAdminTestJSON:tearDownClass): 204 DELETE http://10.180.1.21/identity/v3/users/9c424662768d4705abd743171b72fbd9 0.149s
2025-04-07 13:19:27.857 69676 INFO tempest.lib.common.dynamic_creds [-] Deleting project and security group for project: 0c6716c7b5a745f890739b0a4aeff108
2025-04-07 13:19:27.862 69688 INFO tempest.lib.common.rest_client [req-07ec85ad-f99d-462d-b6cf-d0867ec82795 req-07ec85ad-f99d-462d-b6cf-d0867ec82795 ] Request (ServersV294TestFqdnHostnames:setUpClass): 200 GET http://10.180.1.21/compute/v2.1/servers/72099d69-bd34-4b3d-a940-2b9b6b5936dd 0.777s
2025-04-07 13:19:27.947 69722 INFO tempest.lib.common.rest_client [req-c5c49531-79a6-4a7b-9db7-4c5776a950fb req-c5c49531-79a6-4a7b-9db7-4c5776a950fb ] Request (ServersListShow2100Test:test_list_show_rebuild_update_server_2100): 200 GET http://10.180.1.21/compute/v2.1/servers/d24fe5c5-bca0-4f1a-9997-fea677580719 0.744s
2025-04-07 13:19:27.958 69690 INFO tempest.lib.common.rest_client [req-bc78bb58-0ad5-4173-8b52-45d4d4883ca5 req-bc78bb58-0ad5-4173-8b52-45d4d4883ca5 ] Request (AggregatesAdminNegativeTestJSON:tearDownClass): 204 DELETE http://10.180.1.21/identity/v3/projects/9fbc33f8bbbe4de2a76537c9a9f2fd76 0.155s
2025-04-07 13:19:27.959 69690 INFO tempest.lib.common.dynamic_creds [-] Deleting project and security group for project: 4eac223631414fb6a5363b4463884f6e
2025-04-07 13:19:27.962 69708 INFO tempest.lib.common.rest_client [req-177e2b4c-fda6-4710-9563-2ae195652bbb req-177e2b4c-fda6-4710-9563-2ae195652bbb ] Request (AttachInterfacesV270Test:tearDownClass): 200 GET http://10.180.1.21/compute/v2.1/servers/1850df94-4631-446f-81e0-8feacc37086d 0.606s
2025-04-07 13:19:27.978 69676 INFO tempest.lib.common.rest_client [req-79c3bb9b-4184-48c2-8927-2c54b6735903 req-79c3bb9b-4184-48c2-8927-2c54b6735903 ] Request (ServicesAdminTestJSON:tearDownClass): 201 POST http://10.180.1.21/identity/v3/auth/tokens 0.121s
2025-04-07 13:19:28.041 69710 INFO tempest.lib.common.rest_client [req-88eda85d-f682-4e34-9260-69ecc4658b45 req-88eda85d-f682-4e34-9260-69ecc4658b45 ] Request (ServerTagsTestJSON:setUpClass): 200 GET http://10.180.1.21/compute/v2.1/servers/459180b5-f12d-4fb1-95cd-fdeef4e746fc 0.595s
2025-04-07 13:19:28.083 69718 INFO tempest.lib.common.rest_client [req-727defbc-9059-41c7-9cb1-b5b635aec566 req-727defbc-9059-41c7-9cb1-b5b635aec566 ] Request (ServerShowV247Test:test_update_rebuild_list_server): 200 PUT http://10.180.1.21/compute/v2.1/servers/69df2326-c132-43db-995d-3496db931933 0.595s
2025-04-07 13:19:28.150 69668 INFO tempest.lib.common.rest_client [req-a3daa825-4001-4155-9160-f0cd9faaf87d req-a3daa825-4001-4155-9160-f0cd9faaf87d ] Request (ServersTestBootFromVolume:setUpClass): 200 POST http://10.180.1.21/compute/v2.1/os-keypairs 0.693s
2025-04-07 13:19:28.303 69728 INFO tempest.lib.common.rest_client [req-a90d1989-f790-449c-9503-5cfcb972a85a req-a90d1989-f790-449c-9503-5cfcb972a85a ] Request (ServerActionsTestOtherA:setUpClass): 201 POST http://10.180.1.21:9696/networking/v2.0/subnets 0.673s
2025-04-07 13:19:28.303 69670 INFO tempest.lib.common.rest_client [req-21350731-3436-4fcd-b4d7-655584b9cce0 req-21350731-3436-4fcd-b4d7-655584b9cce0 ] Request (FloatingIPsAssociationNegativeTestJSON:tearDownClass): 200 GET http://10.180.1.21/compute/v2.1/servers/99885e00-62ad-421a-939a-8ec111ef5214 0.764s
2025-04-07 13:19:28.332 69700 INFO tempest.lib.common.rest_client [req-75568bda-6f56-411c-b254-4eac800d55b3 req-75568bda-6f56-411c-b254-4eac800d55b3 ] Request (FlavorsAdminTestJSON:test_is_public_string_variations): 200 GET http://10.180.1.21/compute/v2.1/flavors/detail?is_public=true 0.780s
2025-04-07 13:19:28.372 69690 INFO tempest.lib.common.rest_client [req-fa6aff16-b267-462e-acb6-64d47dfd68bd req-fa6aff16-b267-462e-acb6-64d47dfd68bd ] Request (AggregatesAdminNegativeTestJSON:tearDownClass): 200 GET http://10.180.1.21:9696/networking/v2.0/security-groups?tenant_id=4eac223631414fb6a5363b4463884f6e&name=default 0.412s
2025-04-07 13:19:28.373 69698 INFO tempest.lib.common.rest_client [req-eb669690-ab56-475e-accc-fe896c59cf97 req-eb669690-ab56-475e-accc-fe896c59cf97 ] Request (MigrationsAdminTest:test_list_migrations_in_flavor_resize_situation): 200 GET http://10.180.1.21/compute/v2.1/servers/094f62b3-214b-4ea3-9cdf-8263b6a782d6 0.825s
2025-04-07 13:19:28.408 69686 INFO tempest.lib.common.rest_client [req-98948768-6294-4f6e-af70-7f1cbfd69f82 req-98948768-6294-4f6e-af70-7f1cbfd69f82 ] Request (FloatingIPsAssociationTestJSON:test_associate_already_associated_floating_ip): 200 GET http://10.180.1.21/compute/v2.1/servers/a2c4ba9c-89f7-42c4-b784-fc527e421c32 0.792s
2025-04-07 13:19:28.418 69686 INFO tempest.common.waiters [-] State transition "BUILD/scheduling" ==> "BUILD/None" after 20 second wait
2025-04-07 13:19:28.445 69668 INFO tempest.lib.common.rest_client [req-fcfed639-a4c7-42bb-8dca-a19cf19caa49 req-fcfed639-a4c7-42bb-8dca-a19cf19caa49 ] Request (ServersTestBootFromVolume:setUpClass): 201 POST http://10.180.1.21:9696/networking/v2.0/security-groups 0.292s
2025-04-07 13:19:28.454 69676 INFO tempest.lib.common.rest_client [req-68e65044-521c-43b8-ad03-d571509b4a1e req-68e65044-521c-43b8-ad03-d571509b4a1e ] Request (ServicesAdminTestJSON:tearDownClass): 200 GET http://10.180.1.21:9696/networking/v2.0/security-groups?tenant_id=0c6716c7b5a745f890739b0a4aeff108&name=default 0.476s
2025-04-07 13:19:28.642 69690 INFO tempest.lib.common.rest_client [req-13599386-de43-4e87-96e3-9594de883043 req-13599386-de43-4e87-96e3-9594de883043 ] Request (AggregatesAdminNegativeTestJSON:tearDownClass): 204 DELETE http://10.180.1.21:9696/networking/v2.0/security-groups/60d3b41a-1359-49a3-bfa8-83c2ea6d7a67 0.270s
2025-04-07 13:19:28.687 69676 INFO tempest.lib.common.rest_client [req-c124584a-03e2-4dec-b510-9e19f36e2293 req-c124584a-03e2-4dec-b510-9e19f36e2293 ] Request (ServicesAdminTestJSON:tearDownClass): 204 DELETE http://10.180.1.21:9696/networking/v2.0/security-groups/9ed7d583-90a0-450c-b261-9c4e4dfe6bff 0.232s
2025-04-07 13:19:28.691 69668 INFO tempest.lib.common.rest_client [req-c08fecb4-fe25-4024-98be-ccb1f51db195 req-c08fecb4-fe25-4024-98be-ccb1f51db195 ] Request (ServersTestBootFromVolume:setUpClass): 201 POST http://10.180.1.21:9696/networking/v2.0/security-group-rules 0.246s
2025-04-07 13:19:28.741 69690 INFO tempest.lib.common.rest_client [req-5eda47d9-fd78-49a3-89cf-7ff5b2d01500 req-5eda47d9-fd78-49a3-89cf-7ff5b2d01500 ] Request (AggregatesAdminNegativeTestJSON:tearDownClass): 204 DELETE http://10.180.1.21/identity/v3/projects/4eac223631414fb6a5363b4463884f6e 0.098s
2025-04-07 13:19:28.764 69702 INFO tempest.lib.common.rest_client [req-85896e62-b263-4491-8fd7-a942ba95f996 req-85896e62-b263-4491-8fd7-a942ba95f996 ] Request (DeleteServersAdminTestJSON:test_delete_server_while_in_error_state): 202 POST http://10.180.1.21/compute/v2.1/servers 1.076s
2025-04-07 13:19:28.784 69676 INFO tempest.lib.common.rest_client [req-7d8fd9f6-7003-4087-b4ea-38d99b6e0b76 req-7d8fd9f6-7003-4087-b4ea-38d99b6e0b76 ] Request (ServicesAdminTestJSON:tearDownClass): 204 DELETE http://10.180.1.21/identity/v3/projects/0c6716c7b5a745f890739b0a4aeff108 0.096s
2025-04-07 13:19:28.784 69676 INFO tempest.lib.common.dynamic_creds [-] Deleting project and security group for project: 01b878b491ac4a4aaaef1f57dd438d19
2025-04-07 13:19:28.824 69690 INFO tempest.lib.common.rest_client [req-868880cf-78a8-4104-a715-1aa6404c1db3 req-868880cf-78a8-4104-a715-1aa6404c1db3 ] Request (TenantUsagesNegativeTestJSON:setUpClass): 201 POST http://10.180.1.21/identity/v3/auth/tokens 0.081s
2025-04-07 13:19:28.832 69668 INFO tempest.lib.common.rest_client [req-6cef8bb6-eaa3-4acf-bc91-d9d63b28c432 req-6cef8bb6-eaa3-4acf-bc91-d9d63b28c432 ] Request (ServersTestBootFromVolume:setUpClass): 201 POST http://10.180.1.21:9696/networking/v2.0/security-group-rules 0.140s
2025-04-07 13:19:28.860 69690 INFO tempest.lib.common.rest_client [req-b0105cf4-de4a-4792-9123-6118a906fc7e req-b0105cf4-de4a-4792-9123-6118a906fc7e ] Request (TenantUsagesNegativeTestJSON:setUpClass): 201 POST http://10.180.1.21/identity/v3/auth/tokens 0.031s
2025-04-07 13:19:28.906 69690 INFO tempest.lib.common.rest_client [req-133ada1a-3111-42dd-91d5-9630e55d2d45 req-133ada1a-3111-42dd-91d5-9630e55d2d45 ] Request (TenantUsagesNegativeTestJSON:setUpClass): 200 GET http://10.180.1.21/identity/v3/domains?name=Default 0.046s
2025-04-07 13:19:28.925 69678 INFO tempest.lib.common.rest_client [req-6cd10dee-45f9-4f25-917f-0f0726376b20 req-6cd10dee-45f9-4f25-917f-0f0726376b20 ] Request (VolumesAdminNegativeTest:test_update_attached_volume_with_nonexistent_volume_in_body): 200 GET http://10.180.1.21/compute/v2.1/servers/5daccee7-bde5-4b00-8376-e63c24998ca8 1.250s
2025-04-07 13:19:28.934 69678 INFO tempest.common.waiters [-] State transition "BUILD/spawning" ==> "ACTIVE/None" after 38 second wait
2025-04-07 13:19:28.942 69690 INFO tempest.lib.common.rest_client [req-df0f6c6a-cb13-4777-b148-09e27a6382fa req-df0f6c6a-cb13-4777-b148-09e27a6382fa ] Request (TenantUsagesNegativeTestJSON:setUpClass): 201 POST http://10.180.1.21/identity/v3/projects 0.035s
2025-04-07 13:19:29.033 69714 INFO tempest.lib.common.rest_client [req-89e69ec1-263b-420b-a093-df128b58df23 req-89e69ec1-263b-420b-a093-df128b58df23 ] Request (ServerDiagnosticsV248Test:tearDownClass): 200 GET http://10.180.1.21/compute/v2.1/servers/bd174ab6-2669-48bd-8df8-f8595d39e61c 1.148s
2025-04-07 13:19:29.038 69690 INFO tempest.lib.common.rest_client [req-1712c7bb-b637-4a23-a8a0-c4653844342b req-1712c7bb-b637-4a23-a8a0-c4653844342b ] Request (TenantUsagesNegativeTestJSON:setUpClass): 201 POST http://10.180.1.21/identity/v3/users 0.094s
2025-04-07 13:19:29.043 69720 INFO tempest.lib.common.rest_client [req-b2b6a42d-4ad2-4bd7-a29b-56ca1cf50d23 req-b2b6a42d-4ad2-4bd7-a29b-56ca1cf50d23 ] Request (ImagesOneServerNegativeTestJSON:tearDown): 200 GET http://10.180.1.21/compute/v2.1/servers/e50dd159-2548-4976-885a-d7251e05cbb1 1.235s
2025-04-07 13:19:29.075 69690 INFO tempest.lib.common.rest_client [req-182ad286-c692-4f29-808c-7e0cfbf06688 req-182ad286-c692-4f29-808c-7e0cfbf06688 ] Request (TenantUsagesNegativeTestJSON:setUpClass): 200 GET http://10.180.1.21/identity/v3/roles 0.037s
2025-04-07 13:19:29.113 69706 INFO tempest.lib.common.rest_client [req-e27598d1-91a0-48f4-996b-818defa7f27d req-e27598d1-91a0-48f4-996b-818defa7f27d ] Request (AttachInterfacesTestJSON:test_create_list_show_delete_interfaces_by_fixed_ip): 200 GET http://10.180.1.21/compute/v2.1/servers/122d5904-58c5-44f2-9641-0ed315d28c5a 1.228s
2025-04-07 13:19:29.131 69690 INFO tempest.lib.common.rest_client [req-a5ad2711-cb74-404e-bbab-dbad77fa3aa0 req-a5ad2711-cb74-404e-bbab-dbad77fa3aa0 ] Request (TenantUsagesNegativeTestJSON:setUpClass): 204 PUT http://10.180.1.21/identity/v3/projects/e406b6e18c234aeca44d83403d7c27d0/users/9ddebacf3bbe4552a204f2eee01d70d0/roles/4baa54ae07ee4f9a9e266c3391e47ff5 0.056s
2025-04-07 13:19:29.132 69690 INFO tempest.lib.common.dynamic_creds [-] Dynamic test user 9ddebacf3bbe4552a204f2eee01d70d0 is created with scope project and roles: ['member']
2025-04-07 13:19:29.132 69690 INFO tempest.lib.common.dynamic_creds [-] Acquired dynamic creds: credentials: Credentials: {'domain_id': 'default', 'domain_name': 'Default', 'username': 'tempest-TenantUsagesNegativeTestJSON-149912767-project-member', 'project_domain_id': 'default', 'project_domain_name': 'Default', 'project_id': 'e406b6e18c234aeca44d83403d7c27d0', 'project_name': 'tempest-TenantUsagesNegativeTestJSON-149912767', 'tenant_id': 'e406b6e18c234aeca44d83403d7c27d0', 'tenant_name': 'tempest-TenantUsagesNegativeTestJSON-149912767', 'user_domain_id': 'default', 'user_domain_name': 'Default', 'user_id': '9ddebacf3bbe4552a204f2eee01d70d0', 'system': None}, Network: None, Subnet: None, Router: None
2025-04-07 13:19:29.132 69690 INFO tempest.lib.common.dynamic_creds [-] Created isolated network resources for: credentials: Credentials: {'domain_id': 'default', 'domain_name': 'Default', 'username': 'tempest-TenantUsagesNegativeTestJSON-149912767-project-member', 'project_domain_id': 'default', 'project_domain_name': 'Default', 'project_id': 'e406b6e18c234aeca44d83403d7c27d0', 'project_name': 'tempest-TenantUsagesNegativeTestJSON-149912767', 'tenant_id': 'e406b6e18c234aeca44d83403d7c27d0', 'tenant_name': 'tempest-TenantUsagesNegativeTestJSON-149912767', 'user_domain_id': 'default', 'user_domain_name': 'Default', 'user_id': '9ddebacf3bbe4552a204f2eee01d70d0', 'system': None}, Network: None, Subnet: None, Router: None
2025-04-07 13:19:29.155 69694 INFO tempest.lib.common.rest_client [req-a695fd07-8802-403f-910e-f9bebb326532 req-a695fd07-8802-403f-910e-f9bebb326532 ] Request (AttachInterfacesUnderV243Test:test_add_remove_fixed_ip): 200 GET http://10.180.1.21/compute/v2.1/servers/c99fda1f-10fb-41aa-ad81-54c0f09ca10c 1.180s
2025-04-07 13:19:29.167 69676 INFO tempest.lib.common.rest_client [req-00ab95b7-f0e8-4fad-a310-9c5d7148fd2a req-00ab95b7-f0e8-4fad-a310-9c5d7148fd2a ] Request (ServicesAdminTestJSON:tearDownClass): 200 GET http://10.180.1.21:9696/networking/v2.0/security-groups?tenant_id=01b878b491ac4a4aaaef1f57dd438d19&name=default 0.382s
2025-04-07 13:19:29.228 69718 INFO tempest.lib.common.rest_client [req-502d0287-f184-4886-917a-93fef6ca5d56 req-502d0287-f184-4886-917a-93fef6ca5d56 ] Request (ServerShowV247Test:test_update_rebuild_list_server): 200 GET http://10.180.1.21/compute/v2.1/servers/69df2326-c132-43db-995d-3496db931933 1.135s
2025-04-07 13:19:29.232 69666 INFO tempest.lib.common.rest_client [req-c3231f2d-951a-493c-9c2d-5fc29124cdcc req-c3231f2d-951a-493c-9c2d-5fc29124cdcc ] Request (ServersTestFqdnHostnames:test_create_server_with_fqdn_name): 200 GET http://10.180.1.21/compute/v2.1/servers/2e37b452-ee15-4882-ad00-50c29af0c10d 1.195s
2025-04-07 13:19:29.235 69690 INFO tempest.lib.common.rest_client [req-698450b9-c272-4be7-a2e2-29ac625663f2 req-698450b9-c272-4be7-a2e2-29ac625663f2 ] Request (TenantUsagesNegativeTestJSON:setUpClass): 201 POST http://10.180.1.21/identity/v3/auth/tokens 0.099s
2025-04-07 13:19:29.238 69692 INFO tempest.lib.common.rest_client [req-211da960-d278-4025-834d-4f5597bb9eab req-211da960-d278-4025-834d-4f5597bb9eab ] Request (VolumesAssistedSnapshotsTest:test_volume_assisted_snapshot_create_delete): 200 PUT http://10.180.1.21:9696/networking/v2.0/floatingips/3976ade8-e192-4619-bdb2-d5b88b121a67 1.501s
2025-04-07 13:19:29.239 69692 INFO tempest.lib.common.ssh [-] Creating ssh connection to '10.180.180.175:22' as 'cirros' with public key authentication
2025-04-07 13:19:29.302 69684 INFO tempest.lib.common.rest_client [req-30e563a5-ee8f-4330-bd59-373ad1bd454a req-30e563a5-ee8f-4330-bd59-373ad1bd454a ] Request (ServersAdminNegativeTestJSON:test_migrate_server_invalid_state): 200 GET http://10.180.1.21/compute/v2.1/servers/b1e59caf-ffdc-4f32-9c58-6470ad4da097 1.204s
2025-04-07 13:19:29.346 69690 INFO tempest.lib.common.rest_client [req-c512f3a9-f05f-402f-822b-38b0b3306bf4 req-c512f3a9-f05f-402f-822b-38b0b3306bf4 ] Request (TenantUsagesNegativeTestJSON:setUpClass): 201 POST http://10.180.1.21/identity/v3/projects 0.111s
2025-04-07 13:19:29.348 69716 INFO tempest.lib.common.rest_client [req-c71c661c-5b3e-43b8-bdb0-ba1872a0f986 req-c71c661c-5b3e-43b8-bdb0-ba1872a0f986 ] Request (ServersTestMultiNic:_run_cleanups): 200 GET http://10.180.1.21/compute/v2.1/servers/7a1b62ef-ceaf-4167-9d6c-0140afde1077 1.153s
2025-04-07 13:19:29.378 69680 INFO tempest.lib.common.rest_client [req-d11583d9-0ec7-4693-954b-767587ee0955 req-d11583d9-0ec7-4693-954b-767587ee0955 ] Request (ImagesTestJSON:test_create_image_from_stopped_server): 200 GET http://10.180.1.21/compute/v2.1/servers/025443af-76e3-49ff-b668-ce57cb0c71b3 1.082s
2025-04-07 13:19:29.409 69700 INFO tempest.lib.common.rest_client [req-f2f20b8e-62c3-400e-b0d1-d0e27ea84cf6 req-f2f20b8e-62c3-400e-b0d1-d0e27ea84cf6 ] Request (FlavorsAdminTestJSON:test_is_public_string_variations): 200 GET http://10.180.1.21/compute/v2.1/flavors/detail?is_public=yes 1.072s
2025-04-07 13:19:29.426 69690 INFO tempest.lib.common.rest_client [req-cb093fd5-4d3d-4715-9554-c0d1e12e077f req-cb093fd5-4d3d-4715-9554-c0d1e12e077f ] Request (TenantUsagesNegativeTestJSON:setUpClass): 201 POST http://10.180.1.21/identity/v3/users 0.078s
2025-04-07 13:19:29.431 69676 INFO tempest.lib.common.rest_client [req-e3e921ea-d029-43d1-b511-677ec83fb253 req-e3e921ea-d029-43d1-b511-677ec83fb253 ] Request (ServicesAdminTestJSON:tearDownClass): 204 DELETE http://10.180.1.21:9696/networking/v2.0/security-groups/a0148550-9115-4c23-84c0-f5055761d506 0.264s
2025-04-07 13:19:29.457 69690 INFO tempest.lib.common.rest_client [req-80a84b38-f425-4461-9384-cae236260eb2 req-80a84b38-f425-4461-9384-cae236260eb2 ] Request (TenantUsagesNegativeTestJSON:setUpClass): 200 GET http://10.180.1.21/identity/v3/roles 0.031s
2025-04-07 13:19:29.493 69690 INFO tempest.lib.common.rest_client [req-f46659af-b236-45ab-98ea-069843404cd5 req-f46659af-b236-45ab-98ea-069843404cd5 ] Request (TenantUsagesNegativeTestJSON:setUpClass): 204 PUT http://10.180.1.21/identity/v3/projects/2db6193cfe614eed9d4e26c1f5a6f698/users/ac6fd29c643744b3b68a02153013da58/roles/b59f10e48943454184a4c1dce2aeb211 0.035s
2025-04-07 13:19:29.516 69676 INFO tempest.lib.common.rest_client [req-a1b31955-bce3-4006-a148-eee31097e175 req-a1b31955-bce3-4006-a148-eee31097e175 ] Request (ServicesAdminTestJSON:tearDownClass): 204 DELETE http://10.180.1.21/identity/v3/projects/01b878b491ac4a4aaaef1f57dd438d19 0.084s
2025-04-07 13:19:29.544 69676 INFO tempest.lib.common.rest_client [req-757cac2a-ce87-4252-bb2f-196c940fe5fb req-757cac2a-ce87-4252-bb2f-196c940fe5fb ] Request (MultipleCreateNegativeTestJSON:setUpClass): 201 POST http://10.180.1.21/identity/v3/auth/tokens 0.027s
2025-04-07 13:19:29.552 69690 INFO tempest.lib.common.rest_client [req-22fce245-b628-490c-8e7f-a478975fd09f req-22fce245-b628-490c-8e7f-a478975fd09f ] Request (TenantUsagesNegativeTestJSON:setUpClass): 200 GET http://10.180.1.21/identity/v3/roles 0.058s
2025-04-07 13:19:29.578 69676 INFO tempest.lib.common.rest_client [req-ced48eb9-e9a1-493b-9a5d-84e991136f6d req-ced48eb9-e9a1-493b-9a5d-84e991136f6d ] Request (MultipleCreateNegativeTestJSON:setUpClass): 201 POST http://10.180.1.21/identity/v3/auth/tokens 0.030s
2025-04-07 13:19:29.580 69690 INFO tempest.lib.common.rest_client [req-773e48ec-71cb-444d-a4ae-9ee7667f0137 req-773e48ec-71cb-444d-a4ae-9ee7667f0137 ] Request (TenantUsagesNegativeTestJSON:setUpClass): 204 PUT http://10.180.1.21/identity/v3/projects/2db6193cfe614eed9d4e26c1f5a6f698/users/ac6fd29c643744b3b68a02153013da58/roles/b59f10e48943454184a4c1dce2aeb211 0.027s
2025-04-07 13:19:29.580 69690 INFO tempest.lib.common.dynamic_creds [-] Dynamic test user ac6fd29c643744b3b68a02153013da58 is created with scope project and roles: ['admin']
2025-04-07 13:19:29.580 69690 INFO tempest.lib.common.dynamic_creds [-] Acquired dynamic creds: credentials: Credentials: {'domain_id': 'default', 'domain_name': 'Default', 'username': 'tempest-TenantUsagesNegativeTestJSON-1634502904-project-admin', 'project_domain_id': 'default', 'project_domain_name': 'Default', 'project_id': '2db6193cfe614eed9d4e26c1f5a6f698', 'project_name': 'tempest-TenantUsagesNegativeTestJSON-1634502904', 'tenant_id': '2db6193cfe614eed9d4e26c1f5a6f698', 'tenant_name': 'tempest-TenantUsagesNegativeTestJSON-1634502904', 'user_domain_id': 'default', 'user_domain_name': 'Default', 'user_id': 'ac6fd29c643744b3b68a02153013da58', 'system': None}, Network: None, Subnet: None, Router: None
2025-04-07 13:19:29.580 69690 INFO tempest.lib.common.dynamic_creds [-] Created isolated network resources for: credentials: Credentials: {'domain_id': 'default', 'domain_name': 'Default', 'username': 'tempest-TenantUsagesNegativeTestJSON-1634502904-project-admin', 'project_domain_id': 'default', 'project_domain_name': 'Default', 'project_id': '2db6193cfe614eed9d4e26c1f5a6f698', 'project_name': 'tempest-TenantUsagesNegativeTestJSON-1634502904', 'tenant_id': '2db6193cfe614eed9d4e26c1f5a6f698', 'tenant_name': 'tempest-TenantUsagesNegativeTestJSON-1634502904', 'user_domain_id': 'default', 'user_domain_name': 'Default', 'user_id': 'ac6fd29c643744b3b68a02153013da58', 'system': None}, Network: None, Subnet: None, Router: None
2025-04-07 13:19:29.594 69712 INFO tempest.lib.common.rest_client [req-6b01c74a-eccf-40e4-bf96-6be5fbcbe09b req-6b01c74a-eccf-40e4-bf96-6be5fbcbe09b ] Request (ServersWithSpecificFlavorTestJSON:test_verify_created_server_ephemeral_disk): 200 GET http://10.180.1.21/compute/v2.1/servers/385c46fc-c996-4047-ad08-608d3c9bd91a 1.284s
2025-04-07 13:19:29.636 69682 INFO tempest.lib.common.rest_client [req-f78702f4-eb2c-456e-9b24-ed92244ba12e req-f78702f4-eb2c-456e-9b24-ed92244ba12e ] Request (TenantUsagesTestJSON:setUpClass): 200 GET http://10.180.1.21/compute/v2.1/servers/582e6f9d-78dd-4f57-b971-fa10a393720d 1.117s
2025-04-07 13:19:29.659 69676 INFO tempest.lib.common.rest_client [req-9f29c768-bb1d-458e-abc3-305804604b61 req-9f29c768-bb1d-458e-abc3-305804604b61 ] Request (MultipleCreateNegativeTestJSON:setUpClass): 200 GET http://10.180.1.21/identity/v3/domains?name=Default 0.080s
2025-04-07 13:19:29.673 69690 INFO tempest.lib.common.rest_client [req-21fc0acd-9565-4040-90f9-5f085f2af348 req-21fc0acd-9565-4040-90f9-5f085f2af348 ] Request (TenantUsagesNegativeTestJSON:setUpClass): 201 POST http://10.180.1.21/identity/v3/auth/tokens 0.090s
2025-04-07 13:19:29.679 69696 INFO tempest.lib.common.rest_client [req-8e72b43d-570f-45ae-8741-19675e3d1616 req-8e72b43d-570f-45ae-8741-19675e3d1616 ] Request (ListImageFiltersTestJSON:setUpClass): 200 GET http://10.180.1.21/compute/v2.1/servers/691ba63f-02ab-432b-abde-97274fa19cda 1.114s
2025-04-07 13:19:29.693 69676 INFO tempest.lib.common.rest_client [req-c91250ca-c8a4-4254-a637-14ddaae89d23 req-c91250ca-c8a4-4254-a637-14ddaae89d23 ] Request (MultipleCreateNegativeTestJSON:setUpClass): 201 POST http://10.180.1.21/identity/v3/projects 0.033s
2025-04-07 13:19:29.699 69704 INFO tempest.lib.common.rest_client [req-f7a90659-c650-4510-91e4-6c8378a0d4e6 req-f7a90659-c650-4510-91e4-6c8378a0d4e6 ] Request (ServersAdminTestJSON:setUpClass): 200 GET http://10.180.1.21/compute/v2.1/servers/17c6ed86-c995-4238-84da-127353dd6ee0 1.050s
2025-04-07 13:19:29.708 69668 INFO tempest.lib.common.rest_client [req-cba94dbf-ec48-4110-839c-ceefb14e0374 req-cba94dbf-ec48-4110-839c-ceefb14e0374 ] Request (ServersTestBootFromVolume:setUpClass): 201 POST http://10.180.1.21:9696/networking/v2.0/floatingips 0.876s
2025-04-07 13:19:29.755 69702 INFO tempest.lib.common.rest_client [req-e6beb943-13a4-4dce-bdc5-a1b1809f30ef req-e6beb943-13a4-4dce-bdc5-a1b1809f30ef ] Request (DeleteServersAdminTestJSON:test_delete_server_while_in_error_state): 200 GET http://10.180.1.21/compute/v2.1/servers/10244d94-b2bf-4144-b863-93c1b6365d9d 0.989s
2025-04-07 13:19:29.764 69672 INFO tempest.lib.common.rest_client [req-1637cd57-ad44-496e-aa57-17aea9568508 req-1637cd57-ad44-496e-aa57-17aea9568508 ] Request (ServerDiagnosticsTest:tearDownClass): 200 GET http://10.180.1.21/compute/v2.1/servers/fec0818b-688d-479e-b35d-dfce49c3348b 1.012s
2025-04-07 13:19:29.776 69668 INFO tempest.lib.common.rest_client [req-3c9d1975-7242-482e-8625-62a6d3bfab7e req-3c9d1975-7242-482e-8625-62a6d3bfab7e ] Request (ServersTestBootFromVolume:setUpClass): 201 POST http://10.180.1.21/identity/v3/auth/tokens 0.064s
2025-04-07 13:19:29.777 69668 INFO tempest.lib.common.fixed_network [-] (ServersTestBootFromVolume:setUpClass) Found network {'id': '8fff0809-f53b-466f-9c1c-c2c855927c0a', 'name': 'tempest-ServersTestBootFromVolume-601937336-network', 'tenant_id': '41f9b9a2ab43434db989ba2a0c7ff321', 'admin_state_up': True, 'mtu': 8950, 'status': 'ACTIVE', 'subnets': [], 'shared': False, 'project_id': '41f9b9a2ab43434db989ba2a0c7ff321', 'port_security_enabled': True, 'router:external': False, 'provider:network_type': 'vlan', 'provider:physical_network': 'default', 'provider:segmentation_id': 346, 'availability_zone_hints': [], 'availability_zones': [], 'ipv4_address_scope': None, 'ipv6_address_scope': None, 'description': '', 'tags': [], 'created_at': '2025-04-07T13:19:24Z', 'updated_at': '2025-04-07T13:19:24Z', 'revision_number': 1} available for tenant
2025-04-07 13:19:29.778 69676 INFO tempest.lib.common.rest_client [req-4f96ac2e-63d2-4894-a5b0-ce687c2782d0 req-4f96ac2e-63d2-4894-a5b0-ce687c2782d0 ] Request (MultipleCreateNegativeTestJSON:setUpClass): 201 POST http://10.180.1.21/identity/v3/users 0.085s
2025-04-07 13:19:29.805 69676 INFO tempest.lib.common.rest_client [req-9f835969-527c-4e64-aa42-2a2acb0f8a58 req-9f835969-527c-4e64-aa42-2a2acb0f8a58 ] Request (MultipleCreateNegativeTestJSON:setUpClass): 200 GET http://10.180.1.21/identity/v3/roles 0.025s
