2025-04-07 13:18:45.347 69718 INFO tempest.lib.common.dynamic_creds [-] Acquired dynamic creds: credentials: Credentials: {'domain_id': 'default', 'domain_name': 'Default', 'username': 'tempest-QuotasSecurityGroupAdminNegativeTest-955409750-project-admin', 'project_domain_id': 'default', 'project_domain_name': 'Default', 'project_id': '25fb9ad461364729b07a9aa6354bc929', 'project_name': 'tempest-QuotasSecurityGroupAdminNegativeTest-955409750', 'tenant_id': '25fb9ad461364729b07a9aa6354bc929', 'tenant_name': 'tempest-QuotasSecurityGroupAdminNegativeTest-955409750', 'user_domain_id': 'default', 'user_domain_name': 'Default', 'user_id': '000cdac99dad4bd0a8269198c407f6ed', 'system': None}, Network: None, Subnet: None, Router: None
2025-04-07 13:18:45.348 69718 INFO tempest.lib.common.dynamic_creds [-] Created isolated network resources for: credentials: Credentials: {'domain_id': 'default', 'domain_name': 'Default', 'username': 'tempest-QuotasSecurityGroupAdminNegativeTest-955409750-project-admin', 'project_domain_id': 'default', 'project_domain_name': 'Default', 'project_id': '25fb9ad461364729b07a9aa6354bc929', 'project_name': 'tempest-QuotasSecurityGroupAdminNegativeTest-955409750', 'tenant_id': '25fb9ad461364729b07a9aa6354bc929', 'tenant_name': 'tempest-QuotasSecurityGroupAdminNegativeTest-955409750', 'user_domain_id': 'default', 'user_domain_name': 'Default', 'user_id': '000cdac99dad4bd0a8269198c407f6ed', 'system': None}, Network: None, Subnet: None, Router: None
2025-04-07 13:18:45.394 69688 INFO tempest.lib.common.rest_client [req-813c1cce-c274-43c8-af1d-a4f4594587c3 req-813c1cce-c274-43c8-af1d-a4f4594587c3 ] Request (HostsAdminTestJSON:setUpClass): 204 PUT http://10.180.1.21/identity/v3/projects/6a9f2e424bd246a19d475b5dec42ffc4/users/797482f0258546e9b125d4fe1e2fb110/roles/b59f10e48943454184a4c1dce2aeb211 0.361s
2025-04-07 13:18:45.395 69688 INFO tempest.lib.common.dynamic_creds [-] Dynamic test user 797482f0258546e9b125d4fe1e2fb110 is created with scope project and roles: ['admin']
2025-04-07 13:18:45.395 69688 INFO tempest.lib.common.dynamic_creds [-] Acquired dynamic creds: credentials: Credentials: {'domain_id': 'default', 'domain_name': 'Default', 'username': 'tempest-HostsAdminTestJSON-937619967-project-admin', 'project_domain_id': 'default', 'project_domain_name': 'Default', 'project_id': '6a9f2e424bd246a19d475b5dec42ffc4', 'project_name': 'tempest-HostsAdminTestJSON-937619967', 'tenant_id': '6a9f2e424bd246a19d475b5dec42ffc4', 'tenant_name': 'tempest-HostsAdminTestJSON-937619967', 'user_domain_id': 'default', 'user_domain_name': 'Default', 'user_id': '797482f0258546e9b125d4fe1e2fb110', 'system': None}, Network: None, Subnet: None, Router: None
2025-04-07 13:18:45.395 69688 INFO tempest.lib.common.dynamic_creds [-] Created isolated network resources for: credentials: Credentials: {'domain_id': 'default', 'domain_name': 'Default', 'username': 'tempest-HostsAdminTestJSON-937619967-project-admin', 'project_domain_id': 'default', 'project_domain_name': 'Default', 'project_id': '6a9f2e424bd246a19d475b5dec42ffc4', 'project_name': 'tempest-HostsAdminTestJSON-937619967', 'tenant_id': '6a9f2e424bd246a19d475b5dec42ffc4', 'tenant_name': 'tempest-HostsAdminTestJSON-937619967', 'user_domain_id': 'default', 'user_domain_name': 'Default', 'user_id': '797482f0258546e9b125d4fe1e2fb110', 'system': None}, Network: None, Subnet: None, Router: None
2025-04-07 13:18:45.396 69678 INFO tempest.lib.common.rest_client [req-4c3cb8db-0643-4883-8ff4-b2d3e6c82b64 req-4c3cb8db-0643-4883-8ff4-b2d3e6c82b64 ] Request (VolumesAdminNegativeTest:test_update_attached_volume_with_nonexistent_volume_in_body): 201 POST http://10.180.1.21:9696/networking/v2.0/security-group-rules 0.608s
2025-04-07 13:18:45.409 69674 INFO tempest.lib.common.rest_client [req-c2b65f39-67af-40b0-93a9-c7d85c0b1bcd req-c2b65f39-67af-40b0-93a9-c7d85c0b1bcd ] Request (QuotasTestJSON:setUpClass): 201 POST http://10.180.1.21/identity/v3/users 0.320s
2025-04-07 13:18:45.475 69722 INFO tempest.lib.common.rest_client [req-5c9ffafe-0cd0-4f85-8e95-867ef743988f req-5c9ffafe-0cd0-4f85-8e95-867ef743988f ] Request (FloatingIPDetailsNegativeTestJSON:setUpClass): 201 POST http://10.180.1.21/identity/v3/users 0.308s
2025-04-07 13:18:45.538 69710 INFO tempest.lib.common.rest_client [req-0fac97a2-d58f-4c8b-999f-b3966ff55fbd req-0fac97a2-d58f-4c8b-999f-b3966ff55fbd ] Request (FlavorsAccessTestJSON:tearDownClass): 204 DELETE http://10.180.1.21/identity/v3/users/ea2bb20d58644a71a2a8ceef60de2911 0.340s
2025-04-07 13:18:45.539 69670 INFO tempest.lib.common.rest_client [req-db3ba805-8a1c-4530-a2da-d9db884d61ce req-db3ba805-8a1c-4530-a2da-d9db884d61ce ] Request (FloatingIPsAssociationNegativeTestJSON:setUpClass): 200 GET http://10.180.1.21/compute/v2.1/servers/99885e00-62ad-421a-939a-8ec111ef5214 1.179s
2025-04-07 13:18:45.550 69694 INFO tempest.lib.common.rest_client [req-9554c9bf-0888-44e5-bbf7-28385205056d req-9554c9bf-0888-44e5-bbf7-28385205056d ] Request (FloatingIPsNegativeTestJSON:setUpClass): 201 POST http://10.180.1.21/identity/v3/auth/tokens 0.320s
2025-04-07 13:18:45.608 69668 INFO tempest.lib.common.rest_client [req-d1ea0fd1-bc72-46c5-ab6d-98cc4c87668d req-d1ea0fd1-bc72-46c5-ab6d-98cc4c87668d ] Request (ServerDiagnosticsNegativeTest:test_get_server_diagnostics_by_non_admin): 200 GET http://10.180.1.21/compute/v2.1/servers/b44cfc05-bf0b-4d23-990f-b444cd4ad0dd 1.406s
2025-04-07 13:18:45.612 69676 INFO tempest.lib.common.rest_client [req-a29cf3f9-9a6d-4bee-84d3-566adf95a794 req-a29cf3f9-9a6d-4bee-84d3-566adf95a794 ] Request (QuotasAdminTestJSON:setUpClass): 201 POST http://10.180.1.21/identity/v3/users 0.310s
2025-04-07 13:18:45.629 69702 INFO tempest.lib.common.rest_client [req-de4f1f95-aad7-435f-a0d7-83b873e3c3f2 req-de4f1f95-aad7-435f-a0d7-83b873e3c3f2 ] Request (DeleteServersAdminTestJSON:test_admin_delete_servers_of_others): 200 GET http://10.180.1.21/compute/v2.1/servers/4ee02d9a-86bf-4315-aee0-4fe522ba06c5 1.203s
2025-04-07 13:18:45.629 69682 INFO tempest.lib.common.rest_client [req-9ed06b65-7f12-4d1f-a012-e298a2612886 req-9ed06b65-7f12-4d1f-a012-e298a2612886 ] Request (TenantUsagesTestJSON:setUpClass): 201 POST http://10.180.1.21/identity/v3/projects 0.377s
2025-04-07 13:18:45.640 69702 INFO tempest.common.waiters [-] State transition "BUILD/None" ==> "BUILD/block_device_mapping" after 8 second wait
2025-04-07 13:18:45.643 69712 INFO tempest.lib.common.rest_client [req-fbb43579-d3d2-4435-bf93-b54b525799c5 req-fbb43579-d3d2-4435-bf93-b54b525799c5 ] Request (ValidationResourcesFixture:setUp): 201 POST http://10.180.1.21:9696/networking/v2.0/security-groups 0.517s
2025-04-07 13:18:45.688 69680 INFO tempest.lib.common.rest_client [req-d7e03d2d-2444-4f39-b05f-94b91e1069af req-d7e03d2d-2444-4f39-b05f-94b91e1069af ] Request (HypervisorAdminNegativeTestJSON:tearDownClass): 204 DELETE http://10.180.1.21/identity/v3/projects/9b06af086c6e4931a52b161c417de510 0.372s
2025-04-07 13:18:45.689 69680 INFO tempest.lib.common.dynamic_creds [-] Deleting project and security group for project: f731c09d7de642d0aafd4b7961dc48c9
2025-04-07 13:18:45.722 69708 INFO tempest.lib.common.rest_client [req-635d0e92-c5b4-4b05-ae95-b8edcd1f832b req-635d0e92-c5b4-4b05-ae95-b8edcd1f832b ] Request (AttachInterfacesV270Test:test_create_get_list_interfaces): 200 GET http://10.180.1.21/compute/v2.1/servers/1850df94-4631-446f-81e0-8feacc37086d 1.180s
2025-04-07 13:18:45.731 69718 INFO tempest.lib.common.rest_client [req-6bee1387-7577-49b2-abd3-f6550ccc14eb req-6bee1387-7577-49b2-abd3-f6550ccc14eb ] Request (QuotasSecurityGroupAdminNegativeTest:setUpClass): 201 POST http://10.180.1.21/identity/v3/auth/tokens 0.380s
2025-04-07 13:18:45.733 69718 WARNING tempest.lib.common.rest_client [-] Deprecated: "tenant_id" property is deprecated for removal, use "project_id" instead
2025-04-07 13:18:45.763 69688 INFO tempest.lib.common.rest_client [req-e3f94483-545f-437a-8202-739675205243 req-e3f94483-545f-437a-8202-739675205243 ] Request (HostsAdminTestJSON:setUpClass): 201 POST http://10.180.1.21/identity/v3/auth/tokens 0.362s
2025-04-07 13:18:45.801 69674 INFO tempest.lib.common.rest_client [req-fe24d3d5-6411-415c-aac3-09448732879a req-fe24d3d5-6411-415c-aac3-09448732879a ] Request (QuotasTestJSON:setUpClass): 200 GET http://10.180.1.21/identity/v3/roles 0.390s
2025-04-07 13:18:45.819 69722 INFO tempest.lib.common.rest_client [req-2f71df5a-9a8e-4c2b-8dbc-cc9867a227b7 req-2f71df5a-9a8e-4c2b-8dbc-cc9867a227b7 ] Request (FloatingIPDetailsNegativeTestJSON:setUpClass): 200 GET http://10.180.1.21/identity/v3/roles 0.343s
2025-04-07 13:18:45.881 69712 INFO tempest.lib.common.rest_client [req-6627d923-342d-4106-b1d0-05555b218712 req-6627d923-342d-4106-b1d0-05555b218712 ] Request (ValidationResourcesFixture:setUp): 201 POST http://10.180.1.21:9696/networking/v2.0/security-group-rules 0.237s
2025-04-07 13:18:45.895 69710 INFO tempest.lib.common.rest_client [req-483960b4-6407-4990-a4af-f2b01f15b49d req-483960b4-6407-4990-a4af-f2b01f15b49d ] Request (FlavorsAccessTestJSON:tearDownClass): 204 DELETE http://10.180.1.21/identity/v3/users/6b0ae32f264f4bbeb40f67e3a805b66b 0.355s
2025-04-07 13:18:45.895 69710 INFO tempest.lib.common.dynamic_creds [-] Deleting project and security group for project: e15c886999a84482824717b8ac7ef0c0
2025-04-07 13:18:45.969 69694 INFO tempest.lib.common.rest_client [req-00a0d10e-21a8-40e9-b669-c02a2ea890e5 req-00a0d10e-21a8-40e9-b669-c02a2ea890e5 ] Request (FloatingIPsNegativeTestJSON:setUpClass): 201 POST http://10.180.1.21/identity/v3/auth/tokens 0.416s
2025-04-07 13:18:45.978 69666 INFO tempest.lib.common.rest_client [req-0ed08868-001c-4c1a-bc26-eadc5db323d0 req-0ed08868-001c-4c1a-bc26-eadc5db323d0 ] Request (ServersTestFqdnHostnames:setUpClass): 200 PUT http://10.180.1.21:9696/networking/v2.0/routers/b358a7e2-623d-44ed-a6d6-710cb6a3f109/add_router_interface 3.183s
2025-04-07 13:18:45.978 69666 INFO tempest.lib.common.dynamic_creds [-] Created isolated network resources for: credentials: Credentials: {'domain_id': 'default', 'domain_name': 'Default', 'username': 'tempest-ServersTestFqdnHostnames-755038782-project-member', 'project_domain_id': 'default', 'project_domain_name': 'Default', 'project_id': '0df6c4eb69f44ec3b72636dc7311ae36', 'project_name': 'tempest-ServersTestFqdnHostnames-755038782', 'tenant_id': '0df6c4eb69f44ec3b72636dc7311ae36', 'tenant_name': 'tempest-ServersTestFqdnHostnames-755038782', 'user_domain_id': 'default', 'user_domain_name': 'Default', 'user_id': '5e01db579a984e1899d730349b49393b', 'system': None}, Network: {'id': 'da0f4c20-23d1-4fe9-8498-bfd222a6e5b5', 'name': 'tempest-ServersTestFqdnHostnames-1554818862-network', 'tenant_id': '0df6c4eb69f44ec3b72636dc7311ae36', 'admin_state_up': True, 'mtu': 8950, 'status': 'ACTIVE', 'subnets': [], 'shared': False, 'project_id': '0df6c4eb69f44ec3b72636dc7311ae36', 'port_security_enabled': True, 'router:external': False, 'provider:network_type': 'vlan', 'provider:physical_network': 'default', 'provider:segmentation_id': 408, 'availability_zone_hints': [], 'availability_zones': [], 'ipv4_address_scope': None, 'ipv6_address_scope': None, 'description': '', 'tags': [], 'created_at': '2025-04-07T13:18:39Z', 'updated_at': '2025-04-07T13:18:39Z', 'revision_number': 1}, Subnet: {'id': '35c510c1-c39e-49cc-9ca5-b53231b3c78c', 'name': 'tempest-ServersTestFqdnHostnames-1554818862-subnet', 'tenant_id': '0df6c4eb69f44ec3b72636dc7311ae36', 'network_id': 'da0f4c20-23d1-4fe9-8498-bfd222a6e5b5', 'ip_version': 4, 'subnetpool_id': None, 'enable_dhcp': True, 'ipv6_ra_mode': None, 'ipv6_address_mode': None, 'gateway_ip': '192.168.128.1', 'cidr': '192.168.128.0/28', 'allocation_pools': [{'start': '192.168.128.2', 'end': '192.168.128.14'}], 'host_routes': [], 'dns_nameservers': [], 'description': '', 'router:external': False, 'service_types': [], 'tags': [], 'created_at': '2025-04-07T13:18:39Z', 'updated_at': '2025-04-07T13:18:39Z', 'revision_number': 0, 'project_id': '0df6c4eb69f44ec3b72636dc7311ae36'}, Router: {'id': 'b358a7e2-623d-44ed-a6d6-710cb6a3f109', 'name': 'tempest-ServersTestFqdnHostnames-1554818862-router', 'tenant_id': '0df6c4eb69f44ec3b72636dc7311ae36', 'admin_state_up': True, 'status': 'ACTIVE', 'external_gateway_info': {'network_id': '0aca4dec-fce8-492d-866b-3b83229e461c', 'external_fixed_ips': [{'subnet_id': '83efa834-8057-4413-8232-055bb087ee96', 'ip_address': '10.180.180.201'}], 'enable_snat': True}, 'description': '', 'availability_zones': [], 'distributed': False, 'ha': False, 'availability_zone_hints': [], 'routes': [], 'flavor_id': None, 'tags': [], 'created_at': '2025-04-07T13:18:39Z', 'updated_at': '2025-04-07T13:18:41Z', 'revision_number': 2, 'project_id': '0df6c4eb69f44ec3b72636dc7311ae36'}
2025-04-07 13:18:45.986 69676 INFO tempest.lib.common.rest_client [req-0e067886-11f6-4622-8df0-b179704976d0 req-0e067886-11f6-4622-8df0-b179704976d0 ] Request (QuotasAdminTestJSON:setUpClass): 200 GET http://10.180.1.21/identity/v3/roles 0.374s
2025-04-07 13:18:46.010 69682 INFO tempest.lib.common.rest_client [req-7dc2fe4f-ae5a-410b-8930-3c5e19f6c1ba req-7dc2fe4f-ae5a-410b-8930-3c5e19f6c1ba ] Request (TenantUsagesTestJSON:setUpClass): 201 POST http://10.180.1.21/identity/v3/users 0.381s
2025-04-07 13:18:46.078 69718 INFO tempest.lib.common.rest_client [req-736ac036-318b-40bd-bb60-a6346e0bdb20 req-736ac036-318b-40bd-bb60-a6346e0bdb20 ] Request (QuotasSecurityGroupAdminNegativeTest:tearDownClass): 204 DELETE http://10.180.1.21/identity/v3/users/a88aedd8064445f699ba292e33093c87 0.342s
2025-04-07 13:18:46.091 69680 INFO tempest.lib.common.rest_client [req-6b6bff48-87a5-46c6-a325-b89d6a3c588a req-6b6bff48-87a5-46c6-a325-b89d6a3c588a ] Request (HypervisorAdminNegativeTestJSON:tearDownClass): 200 GET http://10.180.1.21:9696/networking/v2.0/security-groups?tenant_id=f731c09d7de642d0aafd4b7961dc48c9&name=default 0.402s
2025-04-07 13:18:46.095 69712 INFO tempest.lib.common.rest_client [req-dedd4f17-1c9d-4550-961a-bd3482f8269a req-dedd4f17-1c9d-4550-961a-bd3482f8269a ] Request (ValidationResourcesFixture:setUp): 201 POST http://10.180.1.21:9696/networking/v2.0/security-group-rules 0.213s
2025-04-07 13:18:46.123 69692 INFO tempest.lib.common.rest_client [req-9142c37a-745e-466b-a891-0199a376df40 req-9142c37a-745e-466b-a891-0199a376df40 ] Request (VolumesAssistedSnapshotsTest:test_volume_assisted_snapshot_create_delete): 200 GET http://10.180.1.21/compute/v2.1/servers/fbe85e4c-c40c-4e2b-bebc-bfaa38a5a293 1.243s
2025-04-07 13:18:46.151 69674 INFO tempest.lib.common.rest_client [req-f99e5c2f-6a78-432d-8fc5-bf8ea15ecee8 req-f99e5c2f-6a78-432d-8fc5-bf8ea15ecee8 ] Request (QuotasTestJSON:setUpClass): 204 PUT http://10.180.1.21/identity/v3/projects/6b8c21c8a855467b92bc0b1a09459c24/users/e6a7714d0993468aaa2ed54c33a07787/roles/4baa54ae07ee4f9a9e266c3391e47ff5 0.350s
2025-04-07 13:18:46.151 69674 INFO tempest.lib.common.dynamic_creds [-] Dynamic test user e6a7714d0993468aaa2ed54c33a07787 is created with scope project and roles: ['member']
2025-04-07 13:18:46.152 69674 INFO tempest.lib.common.dynamic_creds [-] Acquired dynamic creds: credentials: Credentials: {'domain_id': 'default', 'domain_name': 'Default', 'username': 'tempest-QuotasTestJSON-691837792-project-member', 'project_domain_id': 'default', 'project_domain_name': 'Default', 'project_id': '6b8c21c8a855467b92bc0b1a09459c24', 'project_name': 'tempest-QuotasTestJSON-691837792', 'tenant_id': '6b8c21c8a855467b92bc0b1a09459c24', 'tenant_name': 'tempest-QuotasTestJSON-691837792', 'user_domain_id': 'default', 'user_domain_name': 'Default', 'user_id': 'e6a7714d0993468aaa2ed54c33a07787', 'system': None}, Network: None, Subnet: None, Router: None
2025-04-07 13:18:46.152 69674 INFO tempest.lib.common.dynamic_creds [-] Created isolated network resources for: credentials: Credentials: {'domain_id': 'default', 'domain_name': 'Default', 'username': 'tempest-QuotasTestJSON-691837792-project-member', 'project_domain_id': 'default', 'project_domain_name': 'Default', 'project_id': '6b8c21c8a855467b92bc0b1a09459c24', 'project_name': 'tempest-QuotasTestJSON-691837792', 'tenant_id': '6b8c21c8a855467b92bc0b1a09459c24', 'tenant_name': 'tempest-QuotasTestJSON-691837792', 'user_domain_id': 'default', 'user_domain_name': 'Default', 'user_id': 'e6a7714d0993468aaa2ed54c33a07787', 'system': None}, Network: None, Subnet: None, Router: None
2025-04-07 13:18:46.177 69722 INFO tempest.lib.common.rest_client [req-76f650a7-eb6c-42b1-9f52-f55b86a07d44 req-76f650a7-eb6c-42b1-9f52-f55b86a07d44 ] Request (FloatingIPDetailsNegativeTestJSON:setUpClass): 204 PUT http://10.180.1.21/identity/v3/projects/5b52b1caf6ba48e5a91c0c9ce340d2e5/users/456644b6f0004629ba4dafe977d135e0/roles/4baa54ae07ee4f9a9e266c3391e47ff5 0.357s
2025-04-07 13:18:46.177 69722 INFO tempest.lib.common.dynamic_creds [-] Dynamic test user 456644b6f0004629ba4dafe977d135e0 is created with scope project and roles: ['member']
2025-04-07 13:18:46.177 69722 INFO tempest.lib.common.dynamic_creds [-] Acquired dynamic creds: credentials: Credentials: {'domain_id': 'default', 'domain_name': 'Default', 'username': 'tempest-FloatingIPDetailsNegativeTestJSON-1314851815-project-member', 'project_domain_id': 'default', 'project_domain_name': 'Default', 'project_id': '5b52b1caf6ba48e5a91c0c9ce340d2e5', 'project_name': 'tempest-FloatingIPDetailsNegativeTestJSON-1314851815', 'tenant_id': '5b52b1caf6ba48e5a91c0c9ce340d2e5', 'tenant_name': 'tempest-FloatingIPDetailsNegativeTestJSON-1314851815', 'user_domain_id': 'default', 'user_domain_name': 'Default', 'user_id': '456644b6f0004629ba4dafe977d135e0', 'system': None}, Network: None, Subnet: None, Router: None
2025-04-07 13:18:46.197 69724 INFO tempest.lib.common.rest_client [req-3071eac2-6aca-4770-885e-b3d99404b235 req-3071eac2-6aca-4770-885e-b3d99404b235 ] Request (QuotaClassesAdmin257Test:_run_cleanups): 200 PUT http://10.180.1.21/compute/v2.1/os-quota-class-sets/default 1.293s
2025-04-07 13:18:46.235 69710 INFO tempest.lib.common.rest_client [req-f53dba13-8ad2-4e88-bed8-7c7e308bbd69 req-f53dba13-8ad2-4e88-bed8-7c7e308bbd69 ] Request (FlavorsAccessTestJSON:tearDownClass): 201 POST http://10.180.1.21/identity/v3/auth/tokens 0.339s
2025-04-07 13:18:46.255 69680 INFO tempest.lib.common.rest_client [req-4507b995-3a6a-45bd-a1cd-ac8726eeab1b req-4507b995-3a6a-45bd-a1cd-ac8726eeab1b ] Request (HypervisorAdminNegativeTestJSON:tearDownClass): 204 DELETE http://10.180.1.21:9696/networking/v2.0/security-groups/77fcf440-5167-4971-9d9a-9998a8f6e7bc 0.163s
2025-04-07 13:18:46.255 69694 INFO tempest.lib.common.rest_client [req-92fd9d70-8e13-4b88-bc61-42f3fced2024 req-92fd9d70-8e13-4b88-bc61-42f3fced2024 ] Request (FloatingIPsNegativeTestJSON:setUpClass): 200 GET http://10.180.1.21/identity/v3/domains?name=Default 0.286s
2025-04-07 13:18:46.281 69676 INFO tempest.lib.common.rest_client [req-51209276-3e92-4dd0-952d-33839ce06465 req-51209276-3e92-4dd0-952d-33839ce06465 ] Request (QuotasAdminTestJSON:setUpClass): 204 PUT http://10.180.1.21/identity/v3/projects/56d32d095cc14ae5a9f7ee85788a5654/users/a3ed3b302b3643f3b2229c9d4a023cc5/roles/4baa54ae07ee4f9a9e266c3391e47ff5 0.295s
2025-04-07 13:18:46.282 69676 INFO tempest.lib.common.dynamic_creds [-] Dynamic test user a3ed3b302b3643f3b2229c9d4a023cc5 is created with scope project and roles: ['member']
2025-04-07 13:18:46.282 69676 INFO tempest.lib.common.dynamic_creds [-] Acquired dynamic creds: credentials: Credentials: {'domain_id': 'default', 'domain_name': 'Default', 'username': 'tempest-QuotasAdminTestJSON-1886757407-project-member', 'project_domain_id': 'default', 'project_domain_name': 'Default', 'project_id': '56d32d095cc14ae5a9f7ee85788a5654', 'project_name': 'tempest-QuotasAdminTestJSON-1886757407', 'tenant_id': '56d32d095cc14ae5a9f7ee85788a5654', 'tenant_name': 'tempest-QuotasAdminTestJSON-1886757407', 'user_domain_id': 'default', 'user_domain_name': 'Default', 'user_id': 'a3ed3b302b3643f3b2229c9d4a023cc5', 'system': None}, Network: None, Subnet: None, Router: None
2025-04-07 13:18:46.282 69676 INFO tempest.lib.common.dynamic_creds [-] Created isolated network resources for: credentials: Credentials: {'domain_id': 'default', 'domain_name': 'Default', 'username': 'tempest-QuotasAdminTestJSON-1886757407-project-member', 'project_domain_id': 'default', 'project_domain_name': 'Default', 'project_id': '56d32d095cc14ae5a9f7ee85788a5654', 'project_name': 'tempest-QuotasAdminTestJSON-1886757407', 'tenant_id': '56d32d095cc14ae5a9f7ee85788a5654', 'tenant_name': 'tempest-QuotasAdminTestJSON-1886757407', 'user_domain_id': 'default', 'user_domain_name': 'Default', 'user_id': 'a3ed3b302b3643f3b2229c9d4a023cc5', 'system': None}, Network: None, Subnet: None, Router: None
2025-04-07 13:18:46.312 69666 INFO tempest.lib.common.rest_client [req-699df7a4-5f73-40d9-aec3-926618749f20 req-699df7a4-5f73-40d9-aec3-926618749f20 ] Request (ServersTestFqdnHostnames:setUpClass): 201 POST http://10.180.1.21/identity/v3/auth/tokens 0.329s
2025-04-07 13:18:46.337 69682 INFO tempest.lib.common.rest_client [req-69b7ee82-ff75-427a-af55-9f11ed0bdcfb req-69b7ee82-ff75-427a-af55-9f11ed0bdcfb ] Request (TenantUsagesTestJSON:setUpClass): 200 GET http://10.180.1.21/identity/v3/roles 0.326s
2025-04-07 13:18:46.412 69686 INFO tempest.lib.common.rest_client [req-6b193c94-1932-47e9-8a2c-aeefac1cfeef req-6b193c94-1932-47e9-8a2c-aeefac1cfeef ] Request (FloatingIPsAssociationTestJSON:setUpClass): 200 GET http://10.180.1.21/compute/v2.1/servers/90aca968-5bd6-492f-b9c6-d3969ddaca18 1.495s
2025-04-07 13:18:46.471 69718 INFO tempest.lib.common.rest_client [req-5f08dafd-33dd-45db-bd0e-04f67a1d55c6 req-5f08dafd-33dd-45db-bd0e-04f67a1d55c6 ] Request (QuotasSecurityGroupAdminNegativeTest:tearDownClass): 204 DELETE http://10.180.1.21/identity/v3/users/000cdac99dad4bd0a8269198c407f6ed 0.392s
2025-04-07 13:18:46.472 69718 INFO tempest.lib.common.dynamic_creds [-] Deleting project and security group for project: 25fb9ad461364729b07a9aa6354bc929
2025-04-07 13:18:46.497 69672 INFO tempest.lib.common.rest_client [req-76848660-5051-4a84-b6b1-11a4948fb70b req-76848660-5051-4a84-b6b1-11a4948fb70b ] Request (ServerDiagnosticsTest:test_get_server_diagnostics): 200 GET http://10.180.1.21/compute/v2.1/servers/fec0818b-688d-479e-b35d-dfce49c3348b 1.477s
2025-04-07 13:18:46.552 69690 INFO tempest.lib.common.rest_client [req-9b46d862-dd04-4b7b-b3d1-da879b8e45f4 req-9b46d862-dd04-4b7b-b3d1-da879b8e45f4 ] Request (AggregatesAdminNegativeTestJSON:_run_cleanups): 200 DELETE http://10.180.1.21/compute/v2.1/os-aggregates/3 1.507s
2025-04-07 13:18:46.563 69704 INFO tempest.lib.common.rest_client [req-7b6858ed-45fe-491a-a5a8-a7b331def1ab req-7b6858ed-45fe-491a-a5a8-a7b331def1ab ] Request (QuotasAdminNegativeTest:_run_cleanups): 200 PUT http://10.180.1.21/compute/v2.1/os-quota-sets/bb7168bd4fe043849c8df27240c6c2fb 1.869s
2025-04-07 13:18:46.588 69722 INFO tempest.lib.common.rest_client [req-a8b2265c-9e36-442b-9f19-bde5f9507fe9 req-a8b2265c-9e36-442b-9f19-bde5f9507fe9 ] Request (FloatingIPDetailsNegativeTestJSON:setUpClass): 201 POST http://10.180.1.21/identity/v3/auth/tokens 0.410s
2025-04-07 13:18:46.603 69674 INFO tempest.lib.common.rest_client [req-495472a2-1506-4d67-a9b6-8f7036174d55 req-495472a2-1506-4d67-a9b6-8f7036174d55 ] Request (QuotasTestJSON:setUpClass): 201 POST http://10.180.1.21/identity/v3/auth/tokens 0.445s
2025-04-07 13:18:46.603 69674 WARNING tempest.lib.common.rest_client [-] Deprecated: "tenant_id" property is deprecated for removal, use "project_id" instead
2025-04-07 13:18:46.612 69678 INFO tempest.lib.common.rest_client [req-22ed1f13-f928-4e70-b3ef-649e2ab3ad17 req-22ed1f13-f928-4e70-b3ef-649e2ab3ad17 ] Request (VolumesAdminNegativeTest:test_update_attached_volume_with_nonexistent_volume_in_body): 201 POST http://10.180.1.21:9696/networking/v2.0/floatingips 1.216s
2025-04-07 13:18:46.643 69720 INFO tempest.lib.common.rest_client [req-f4ed6bf6-5f49-4a75-926f-9c0ed83e164c req-f4ed6bf6-5f49-4a75-926f-9c0ed83e164c ] Request (ImagesOneServerNegativeTestJSON:setUpClass): 200 GET http://10.180.1.21/compute/v2.1/servers/e50dd159-2548-4976-885a-d7251e05cbb1 1.528s
2025-04-07 13:18:46.654 69716 INFO tempest.lib.common.rest_client [req-ed062a16-9f5c-426c-a81f-05f3943993fa req-ed062a16-9f5c-426c-a81f-05f3943993fa ] Request (ServersTestMultiNic:test_verify_duplicate_network_nics): 200 GET http://10.180.1.21/compute/v2.1/servers/7a1b62ef-ceaf-4167-9d6c-0140afde1077 1.514s
2025-04-07 13:18:46.657 69720 INFO tempest.common.waiters [-] State transition "BUILD/None" ==> "BUILD/networking" after 9 second wait
2025-04-07 13:18:46.670 69724 INFO tempest.lib.common.rest_client [req-056e59f9-5b43-43d4-8be9-5b2634e0a0c2 req-056e59f9-5b43-43d4-8be9-5b2634e0a0c2 ] Request (QuotaClassesAdmin257Test:tearDownClass): 204 DELETE http://10.180.1.21/identity/v3/users/47a7beb0a7ff45e4ace90791485a09f8 0.467s
2025-04-07 13:18:46.681 69700 INFO tempest.lib.common.rest_client [req-726130a5-ca1c-4c48-b610-b73898570aa1 req-726130a5-ca1c-4c48-b610-b73898570aa1 ] Request (FlavorsAdminTestJSON:_run_cleanups): 202 DELETE http://10.180.1.21/compute/v2.1/flavors/1024904465 1.535s
2025-04-07 13:18:46.761 69728 INFO tempest.lib.common.rest_client [req-03ae06f4-9b93-4315-a22b-897b1c5391ec req-03ae06f4-9b93-4315-a22b-897b1c5391ec ] Request (ImagesMetadataTestJSON:setUpClass): 201 POST http://10.180.1.21/image/v2/images 2.009s
2025-04-07 13:18:46.785 69714 INFO tempest.lib.common.rest_client [req-19a5ff0c-0921-4242-ae5c-9a54d7c7419a req-19a5ff0c-0921-4242-ae5c-9a54d7c7419a ] Request (ServerDiagnosticsV248Test:test_get_server_diagnostics): 200 GET http://10.180.1.21/compute/v2.1/servers/bd174ab6-2669-48bd-8df8-f8595d39e61c 0.947s
2025-04-07 13:18:46.829 69694 INFO tempest.lib.common.rest_client [req-9ca8e963-a6ae-4ff6-b0b6-f2fb8d24891e req-9ca8e963-a6ae-4ff6-b0b6-f2fb8d24891e ] Request (FloatingIPsNegativeTestJSON:setUpClass): 201 POST http://10.180.1.21/identity/v3/projects 0.573s
2025-04-07 13:18:46.847 69680 INFO tempest.lib.common.rest_client [req-1d8bb918-f8d7-4aaa-b46d-e032db4a4055 req-1d8bb918-f8d7-4aaa-b46d-e032db4a4055 ] Request (HypervisorAdminNegativeTestJSON:tearDownClass): 204 DELETE http://10.180.1.21/identity/v3/projects/f731c09d7de642d0aafd4b7961dc48c9 0.592s
2025-04-07 13:18:46.848 69680 INFO tempest.test [-] raised in LiveMigrationNegativeTest.setUpClass. Invoking tearDownClass.
2025-04-07 13:18:46.858 69712 INFO tempest.lib.common.rest_client [req-c1e4ee6b-6e6c-432d-80a5-f78f54bd97cf req-c1e4ee6b-6e6c-432d-80a5-f78f54bd97cf ] Request (ValidationResourcesFixture:setUp): 201 POST http://10.180.1.21:9696/networking/v2.0/floatingips 0.762s
2025-04-07 13:18:46.870 69684 INFO tempest.lib.common.rest_client [req-17056921-30ef-4e05-a59e-029ddd278bd6 req-17056921-30ef-4e05-a59e-029ddd278bd6 ] Request (ServersAdminNegativeTestJSON:setUpClass): 200 GET http://10.180.1.21/compute/v2.1/servers/1d2bd586-2711-4598-b20e-0706c9fa2ae0 0.889s
2025-04-07 13:18:46.872 69706 INFO tempest.lib.common.rest_client [req-08784021-8a11-4488-b598-dac1a1b99759 req-08784021-8a11-4488-b598-dac1a1b99759 ] Request (AttachInterfacesTestJSON:setUpClass): 200 PUT http://10.180.1.21:9696/networking/v2.0/routers/b981be72-fcbd-4148-8843-005f431c7965/add_router_interface 2.559s
2025-04-07 13:18:46.872 69706 INFO tempest.lib.common.dynamic_creds [-] Created isolated network resources for: credentials: Credentials: {'domain_id': 'default', 'domain_name': 'Default', 'username': 'tempest-AttachInterfacesTestJSON-1712715601-project-member', 'project_domain_id': 'default', 'project_domain_name': 'Default', 'project_id': 'c730f1c0eb4a4b7095b07290a1943288', 'project_name': 'tempest-AttachInterfacesTestJSON-1712715601', 'tenant_id': 'c730f1c0eb4a4b7095b07290a1943288', 'tenant_name': 'tempest-AttachInterfacesTestJSON-1712715601', 'user_domain_id': 'default', 'user_domain_name': 'Default', 'user_id': '506ce718c6f04088a096747fde7a66d9', 'system': None}, Network: {'id': 'c5844577-4c5c-4be9-a220-02abb9dfa10b', 'name': 'tempest-AttachInterfacesTestJSON-1059285683-network', 'tenant_id': 'c730f1c0eb4a4b7095b07290a1943288', 'admin_state_up': True, 'mtu': 8950, 'status': 'ACTIVE', 'subnets': [], 'shared': False, 'project_id': 'c730f1c0eb4a4b7095b07290a1943288', 'port_security_enabled': True, 'router:external': False, 'provider:network_type': 'vlan', 'provider:physical_network': 'default', 'provider:segmentation_id': 874, 'availability_zone_hints': [], 'availability_zones': [], 'ipv4_address_scope': None, 'ipv6_address_scope': None, 'description': '', 'tags': [], 'created_at': '2025-04-07T13:18:39Z', 'updated_at': '2025-04-07T13:18:39Z', 'revision_number': 1}, Subnet: {'id': '3c398f0a-d35e-42a6-be00-5d2fefea9655', 'name': 'tempest-AttachInterfacesTestJSON-1059285683-subnet', 'tenant_id': 'c730f1c0eb4a4b7095b07290a1943288', 'network_id': 'c5844577-4c5c-4be9-a220-02abb9dfa10b', 'ip_version': 4, 'subnetpool_id': None, 'enable_dhcp': True, 'ipv6_ra_mode': None, 'ipv6_address_mode': None, 'gateway_ip': '192.168.128.1', 'cidr': '192.168.128.0/28', 'allocation_pools': [{'start': '192.168.128.2', 'end': '192.168.128.14'}], 'host_routes': [], 'dns_nameservers': [], 'description': '', 'router:external': False, 'service_types': [], 'tags': [], 'created_at': '2025-04-07T13:18:40Z', 'updated_at': '2025-04-07T13:18:40Z', 'revision_number': 0, 'project_id': 'c730f1c0eb4a4b7095b07290a1943288'}, Router: {'id': 'b981be72-fcbd-4148-8843-005f431c7965', 'name': 'tempest-AttachInterfacesTestJSON-1059285683-router', 'tenant_id': 'c730f1c0eb4a4b7095b07290a1943288', 'admin_state_up': True, 'status': 'ACTIVE', 'external_gateway_info': {'network_id': '0aca4dec-fce8-492d-866b-3b83229e461c', 'external_fixed_ips': [{'subnet_id': '83efa834-8057-4413-8232-055bb087ee96', 'ip_address': '10.180.180.203'}], 'enable_snat': True}, 'description': '', 'availability_zones': [], 'distributed': False, 'ha': False, 'availability_zone_hints': [], 'routes': [], 'flavor_id': None, 'tags': [], 'created_at': '2025-04-07T13:18:41Z', 'updated_at': '2025-04-07T13:18:43Z', 'revision_number': 2, 'project_id': 'c730f1c0eb4a4b7095b07290a1943288'}
2025-04-07 13:18:46.900 69676 INFO tempest.lib.common.rest_client [req-fd4fa576-5453-41de-bc3f-5434e546708f req-fd4fa576-5453-41de-bc3f-5434e546708f ] Request (QuotasAdminTestJSON:setUpClass): 201 POST http://10.180.1.21/identity/v3/auth/tokens 0.613s
2025-04-07 13:18:46.943 69726 INFO tempest.lib.common.rest_client [req-bf599d37-55ce-4929-8338-984cf94cb59f req-bf599d37-55ce-4929-8338-984cf94cb59f ] Request (ServerExternalEventsTest:test_create_server_external_events): 200 GET http://10.180.1.21/compute/v2.1/servers/a0e0b86e-7ebf-4f1f-9277-446b879fdf06 0.932s
2025-04-07 13:18:46.957 69682 INFO tempest.lib.common.rest_client [req-f3456108-466e-4683-af90-0e26ef3b1747 req-f3456108-466e-4683-af90-0e26ef3b1747 ] Request (TenantUsagesTestJSON:setUpClass): 204 PUT http://10.180.1.21/identity/v3/projects/860ea0d83dfe40fa84f89bf2f7a32673/users/d2bd1d40d2ba495ab8351266a70958f9/roles/b59f10e48943454184a4c1dce2aeb211 0.620s
2025-04-07 13:18:47.015 69698 INFO tempest.lib.common.rest_client [req-94ed5b76-b12d-46fb-ae7c-f41e97fd09e9 req-94ed5b76-b12d-46fb-ae7c-f41e97fd09e9 ] Request (MigrationsAdminTest:test_list_migrations_in_flavor_resize_situation): 200 GET http://10.180.1.21/compute/v2.1/servers/094f62b3-214b-4ea3-9cdf-8263b6a782d6 0.873s
2025-04-07 13:18:47.020 69718 INFO tempest.lib.common.rest_client [req-6f4101e4-380f-49f4-9f5c-3f4b03e1993d req-6f4101e4-380f-49f4-9f5c-3f4b03e1993d ] Request (QuotasSecurityGroupAdminNegativeTest:tearDownClass): 201 POST http://10.180.1.21/identity/v3/auth/tokens 0.548s
2025-04-07 13:18:47.065 69710 INFO tempest.lib.common.rest_client [req-19312261-17e6-46ce-a323-a8c50384fa81 req-19312261-17e6-46ce-a323-a8c50384fa81 ] Request (FlavorsAccessTestJSON:tearDownClass): 200 GET http://10.180.1.21:9696/networking/v2.0/security-groups?tenant_id=e15c886999a84482824717b8ac7ef0c0&name=default 0.830s
2025-04-07 13:18:47.066 69678 INFO tempest.lib.common.rest_client [req-184a296c-9c41-4429-86df-c3929311e203 req-184a296c-9c41-4429-86df-c3929311e203 ] Request (VolumesAdminNegativeTest:test_update_attached_volume_with_nonexistent_volume_in_body): 201 POST http://10.180.1.21/identity/v3/auth/tokens 0.448s
2025-04-07 13:18:47.067 69678 INFO tempest.lib.common.fixed_network [-] (VolumesAdminNegativeTest:test_update_attached_volume_with_nonexistent_volume_in_body) Found network {'id': 'aa6dcc57-c642-4e02-b95f-e882de56561e', 'name': 'tempest-VolumesAdminNegativeTest-1028802219-network', 'tenant_id': 'c9bdd763416b45d49644e68af171d386', 'admin_state_up': True, 'mtu': 8950, 'status': 'ACTIVE', 'subnets': [], 'shared': False, 'project_id': 'c9bdd763416b45d49644e68af171d386', 'port_security_enabled': True, 'router:external': False, 'provider:network_type': 'vlan', 'provider:physical_network': 'default', 'provider:segmentation_id': 550, 'availability_zone_hints': [], 'availability_zones': [], 'ipv4_address_scope': None, 'ipv6_address_scope': None, 'description': '', 'tags': [], 'created_at': '2025-04-07T13:18:32Z', 'updated_at': '2025-04-07T13:18:32Z', 'revision_number': 1} available for tenant
2025-04-07 13:18:47.122 69724 INFO tempest.lib.common.rest_client [req-39718d13-7f65-41dd-99ae-b459d70cc8ee req-39718d13-7f65-41dd-99ae-b459d70cc8ee ] Request (QuotaClassesAdmin257Test:tearDownClass): 204 DELETE http://10.180.1.21/identity/v3/users/953e2c346af348a89b9498a2219a409e 0.451s
2025-04-07 13:18:47.122 69724 INFO tempest.lib.common.dynamic_creds [-] Deleting project and security group for project: caed8b93ea5146f5b5160f7bd3ce5431
2025-04-07 13:18:47.163 69688 INFO tempest.lib.common.rest_client [req-77a190a0-ecdd-46b8-94a1-3315aba8de18 req-77a190a0-ecdd-46b8-94a1-3315aba8de18 ] Request (HostsAdminTestJSON:test_list_hosts): 200 GET http://10.180.1.21/compute/v2.1/os-hosts 1.399s
2025-04-07 13:18:47.170 69690 INFO tempest.lib.common.rest_client [req-b0bf2866-4a38-4863-8abd-db5e8635fa16 req-b0bf2866-4a38-4863-8abd-db5e8635fa16 ] Request (AggregatesAdminNegativeTestJSON:test_aggregate_create_aggregate_name_length_exceeds_255): 400 POST http://10.180.1.21/compute/v2.1/os-aggregates 0.617s
2025-04-07 13:18:47.198 69694 INFO tempest.lib.common.rest_client [req-75832df8-8faa-4ae3-8189-bb54f9ca76aa req-75832df8-8faa-4ae3-8189-bb54f9ca76aa ] Request (FloatingIPsNegativeTestJSON:setUpClass): 201 POST http://10.180.1.21/identity/v3/users 0.368s
2025-04-07 13:18:47.200 69710 INFO tempest.lib.common.rest_client [req-9d4e04c5-8a67-4cb8-99b5-dfd08be2c36c req-9d4e04c5-8a67-4cb8-99b5-dfd08be2c36c ] Request (FlavorsAccessTestJSON:tearDownClass): 204 DELETE http://10.180.1.21:9696/networking/v2.0/security-groups/7864b965-0859-49c9-98e1-42b3b83e7cc8 0.134s
2025-04-07 13:18:47.231 69680 INFO tempest.lib.common.rest_client [req-af4400bd-1f6f-465e-95b1-4dd8a4e9e09d req-af4400bd-1f6f-465e-95b1-4dd8a4e9e09d ] Request (ImagesTestJSON:setUpClass): 201 POST http://10.180.1.21/identity/v3/auth/tokens 0.379s
2025-04-07 13:18:47.269 69712 INFO tempest.lib.common.rest_client [req-58cf18e8-3ea0-44a3-95a1-8fbfe7f0433e req-58cf18e8-3ea0-44a3-95a1-8fbfe7f0433e ] Request (ServersWithSpecificFlavorTestJSON:test_verify_created_server_ephemeral_disk): 201 POST http://10.180.1.21/identity/v3/auth/tokens 0.408s
2025-04-07 13:18:47.270 69712 INFO tempest.lib.common.fixed_network [-] (ServersWithSpecificFlavorTestJSON:test_verify_created_server_ephemeral_disk) Found network {'id': '1d4be8ce-90e1-42ce-a5e9-10541bc213e8', 'name': 'tempest-ServersWithSpecificFlavorTestJSON-456647562-network', 'tenant_id': 'eee34c699d3d4ef491e1261f0d3c637b', 'admin_state_up': True, 'mtu': 8950, 'status': 'ACTIVE', 'subnets': [], 'shared': False, 'project_id': 'eee34c699d3d4ef491e1261f0d3c637b', 'port_security_enabled': True, 'router:external': False, 'provider:network_type': 'vlan', 'provider:physical_network': 'default', 'provider:segmentation_id': 537, 'availability_zone_hints': [], 'availability_zones': [], 'ipv4_address_scope': None, 'ipv6_address_scope': None, 'description': '', 'tags': [], 'created_at': '2025-04-07T13:18:24Z', 'updated_at': '2025-04-07T13:18:24Z', 'revision_number': 1} available for tenant
2025-04-07 13:18:47.295 69706 INFO tempest.lib.common.rest_client [req-54200edd-f112-442a-a249-66bffda1fec7 req-54200edd-f112-442a-a249-66bffda1fec7 ] Request (AttachInterfacesTestJSON:setUpClass): 201 POST http://10.180.1.21/identity/v3/auth/tokens 0.417s
2025-04-07 13:18:47.302 69676 INFO tempest.lib.common.rest_client [req-ce421e46-040d-48a2-9a05-73ba94865afd req-ce421e46-040d-48a2-9a05-73ba94865afd ] Request (QuotasAdminTestJSON:setUpClass): 201 POST http://10.180.1.21/identity/v3/projects 0.402s
2025-04-07 13:18:47.333 69722 INFO tempest.lib.common.rest_client [req-5c8b3465-7f29-4a90-92a6-954c3ec89f12 req-5c8b3465-7f29-4a90-92a6-954c3ec89f12 ] Request (FloatingIPDetailsNegativeTestJSON:setUpClass): 201 POST http://10.180.1.21:9696/networking/v2.0/networks 0.745s
2025-04-07 13:18:47.342 69670 INFO tempest.lib.common.rest_client [req-8e7e27b2-2a63-4ac8-902d-07facbae4640 req-8e7e27b2-2a63-4ac8-902d-07facbae4640 ] Request (FloatingIPsAssociationNegativeTestJSON:setUpClass): 200 GET http://10.180.1.21/compute/v2.1/servers/99885e00-62ad-421a-939a-8ec111ef5214 0.787s
2025-04-07 13:18:47.354 69682 INFO tempest.lib.common.rest_client [req-1731829c-8cb0-4788-8e20-8506ba40a8d4 req-1731829c-8cb0-4788-8e20-8506ba40a8d4 ] Request (TenantUsagesTestJSON:setUpClass): 200 GET http://10.180.1.21/identity/v3/roles 0.396s
2025-04-07 13:18:47.449 69724 INFO tempest.lib.common.rest_client [req-5e0c46e5-d3dd-4bc8-bb06-cb7ee1a92ce8 req-5e0c46e5-d3dd-4bc8-bb06-cb7ee1a92ce8 ] Request (QuotaClassesAdmin257Test:tearDownClass): 201 POST http://10.180.1.21/identity/v3/auth/tokens 0.327s
2025-04-07 13:18:47.474 69666 INFO tempest.lib.common.rest_client [req-22d6aef4-dc0f-414e-9559-30ad353719fa req-22d6aef4-dc0f-414e-9559-30ad353719fa ] Request (ServersTestFqdnHostnames:test_create_server_with_fqdn_name): 200 POST http://10.180.1.21/compute/v2.1/os-keypairs 1.159s
2025-04-07 13:18:47.517 69710 INFO tempest.lib.common.rest_client [req-a0265445-cdb8-4d32-8df8-eda4627f55a5 req-a0265445-cdb8-4d32-8df8-eda4627f55a5 ] Request (FlavorsAccessTestJSON:tearDownClass): 204 DELETE http://10.180.1.21/identity/v3/projects/e15c886999a84482824717b8ac7ef0c0 0.317s
2025-04-07 13:18:47.518 69710 INFO tempest.lib.common.dynamic_creds [-] Deleting project and security group for project: 22a90288f35d4ee88cbe42ac092aedc0
2025-04-07 13:18:47.544 69680 INFO tempest.lib.common.rest_client [req-6c6785ae-73df-482d-b73a-4b39504a5478 req-6c6785ae-73df-482d-b73a-4b39504a5478 ] Request (ImagesTestJSON:setUpClass): 201 POST http://10.180.1.21/identity/v3/auth/tokens 0.309s
2025-04-07 13:18:47.555 69694 INFO tempest.lib.common.rest_client [req-eeee625b-84a8-48c2-b4ba-f3e0cc1b24ea req-eeee625b-84a8-48c2-b4ba-f3e0cc1b24ea ] Request (FloatingIPsNegativeTestJSON:setUpClass): 200 GET http://10.180.1.21/identity/v3/roles 0.357s
2025-04-07 13:18:47.571 69676 INFO tempest.lib.common.rest_client [req-13ddf962-bd64-4672-b4ba-1beefca85c6b req-13ddf962-bd64-4672-b4ba-1beefca85c6b ] Request (QuotasAdminTestJSON:setUpClass): 201 POST http://10.180.1.21/identity/v3/users 0.268s
2025-04-07 13:18:47.581 69682 INFO tempest.lib.common.rest_client [req-60505fd0-c434-436b-ac3b-79d7a900ab15 req-60505fd0-c434-436b-ac3b-79d7a900ab15 ] Request (TenantUsagesTestJSON:setUpClass): 204 PUT http://10.180.1.21/identity/v3/projects/860ea0d83dfe40fa84f89bf2f7a32673/users/d2bd1d40d2ba495ab8351266a70958f9/roles/b59f10e48943454184a4c1dce2aeb211 0.227s
2025-04-07 13:18:47.582 69682 INFO tempest.lib.common.dynamic_creds [-] Dynamic test user d2bd1d40d2ba495ab8351266a70958f9 is created with scope project and roles: ['admin']
2025-04-07 13:18:47.582 69682 INFO tempest.lib.common.dynamic_creds [-] Acquired dynamic creds: credentials: Credentials: {'domain_id': 'default', 'domain_name': 'Default', 'username': 'tempest-TenantUsagesTestJSON-1404183244-project-admin', 'project_domain_id': 'default', 'project_domain_name': 'Default', 'project_id': '860ea0d83dfe40fa84f89bf2f7a32673', 'project_name': 'tempest-TenantUsagesTestJSON-1404183244', 'tenant_id': '860ea0d83dfe40fa84f89bf2f7a32673', 'tenant_name': 'tempest-TenantUsagesTestJSON-1404183244', 'user_domain_id': 'default', 'user_domain_name': 'Default', 'user_id': 'd2bd1d40d2ba495ab8351266a70958f9', 'system': None}, Network: None, Subnet: None, Router: None
2025-04-07 13:18:47.582 69682 INFO tempest.lib.common.dynamic_creds [-] Created isolated network resources for: credentials: Credentials: {'domain_id': 'default', 'domain_name': 'Default', 'username': 'tempest-TenantUsagesTestJSON-1404183244-project-admin', 'project_domain_id': 'default', 'project_domain_name': 'Default', 'project_id': '860ea0d83dfe40fa84f89bf2f7a32673', 'project_name': 'tempest-TenantUsagesTestJSON-1404183244', 'tenant_id': '860ea0d83dfe40fa84f89bf2f7a32673', 'tenant_name': 'tempest-TenantUsagesTestJSON-1404183244', 'user_domain_id': 'default', 'user_domain_name': 'Default', 'user_id': 'd2bd1d40d2ba495ab8351266a70958f9', 'system': None}, Network: None, Subnet: None, Router: None
2025-04-07 13:18:47.757 69680 INFO tempest.lib.common.rest_client [req-5fdd359e-4e45-4257-978d-f67accd33351 req-5fdd359e-4e45-4257-978d-f67accd33351 ] Request (ImagesTestJSON:setUpClass): 200 GET http://10.180.1.21/identity/v3/domains?name=Default 0.213s
2025-04-07 13:18:47.766 69718 INFO tempest.lib.common.rest_client [req-7351ebaa-c0e2-4bdd-8ba0-ffb4d56e1a45 req-7351ebaa-c0e2-4bdd-8ba0-ffb4d56e1a45 ] Request (QuotasSecurityGroupAdminNegativeTest:tearDownClass): 200 GET http://10.180.1.21:9696/networking/v2.0/security-groups?tenant_id=25fb9ad461364729b07a9aa6354bc929&name=default 0.746s
2025-04-07 13:18:47.784 69694 INFO tempest.lib.common.rest_client [req-01abbbeb-9067-4a48-8748-9feceb9d0ada req-01abbbeb-9067-4a48-8748-9feceb9d0ada ] Request (FloatingIPsNegativeTestJSON:setUpClass): 204 PUT http://10.180.1.21/identity/v3/projects/c6cf4bb7998947c384f6a516e048ba37/users/f7ef6309bfee4cf4a5f4c0dd7ef67e86/roles/4baa54ae07ee4f9a9e266c3391e47ff5 0.229s
2025-04-07 13:18:47.785 69694 INFO tempest.lib.common.dynamic_creds [-] Dynamic test user f7ef6309bfee4cf4a5f4c0dd7ef67e86 is created with scope project and roles: ['member']
2025-04-07 13:18:47.785 69694 INFO tempest.lib.common.dynamic_creds [-] Acquired dynamic creds: credentials: Credentials: {'domain_id': 'default', 'domain_name': 'Default', 'username': 'tempest-FloatingIPsNegativeTestJSON-846752813-project-member', 'project_domain_id': 'default', 'project_domain_name': 'Default', 'project_id': 'c6cf4bb7998947c384f6a516e048ba37', 'project_name': 'tempest-FloatingIPsNegativeTestJSON-846752813', 'tenant_id': 'c6cf4bb7998947c384f6a516e048ba37', 'tenant_name': 'tempest-FloatingIPsNegativeTestJSON-846752813', 'user_domain_id': 'default', 'user_domain_name': 'Default', 'user_id': 'f7ef6309bfee4cf4a5f4c0dd7ef67e86', 'system': None}, Network: None, Subnet: None, Router: None
2025-04-07 13:18:47.833 69676 INFO tempest.lib.common.rest_client [req-64040c02-f0e9-40ff-91d5-fe99d93057e0 req-64040c02-f0e9-40ff-91d5-fe99d93057e0 ] Request (QuotasAdminTestJSON:setUpClass): 200 GET http://10.180.1.21/identity/v3/roles 0.262s
2025-04-07 13:18:47.859 69704 INFO tempest.lib.common.rest_client [req-8d2df7e0-674b-4322-8a5e-452322838e36 req-8d2df7e0-674b-4322-8a5e-452322838e36 ] Request (QuotasAdminNegativeTest:test_create_server_when_memory_quota_is_full): 200 GET http://10.180.1.21/compute/v2.1/os-quota-sets/bb7168bd4fe043849c8df27240c6c2fb 1.291s
2025-04-07 13:18:47.924 69682 INFO tempest.lib.common.rest_client [req-487a4fa6-0603-4c09-aa89-922548808bf0 req-487a4fa6-0603-4c09-aa89-922548808bf0 ] Request (TenantUsagesTestJSON:setUpClass): 201 POST http://10.180.1.21/identity/v3/auth/tokens 0.340s
2025-04-07 13:18:47.925 69682 WARNING tempest.lib.common.rest_client [-] Deprecated: "tenant_id" property is deprecated for removal, use "project_id" instead
2025-04-07 13:18:47.927 69666 INFO tempest.lib.common.rest_client [req-7ed895f5-8de5-4650-b1fe-46746893cde3 req-7ed895f5-8de5-4650-b1fe-46746893cde3 ] Request (ServersTestFqdnHostnames:test_create_server_with_fqdn_name): 201 POST http://10.180.1.21:9696/networking/v2.0/security-groups 0.451s
2025-04-07 13:18:47.933 69722 INFO tempest.lib.common.rest_client [req-c2bf042e-0174-404b-ad31-b5af02bde01a req-c2bf042e-0174-404b-ad31-b5af02bde01a ] Request (FloatingIPDetailsNegativeTestJSON:setUpClass): 201 POST http://10.180.1.21:9696/networking/v2.0/subnets 0.599s
2025-04-07 13:18:47.956 69680 INFO tempest.lib.common.rest_client [req-b7823067-5392-44c7-a78a-d1b5f7d91d1b req-b7823067-5392-44c7-a78a-d1b5f7d91d1b ] Request (ImagesTestJSON:setUpClass): 201 POST http://10.180.1.21/identity/v3/projects 0.198s
2025-04-07 13:18:47.961 69710 INFO tempest.lib.common.rest_client [req-14ac11fd-6ed6-440f-a691-e3b39c2f841a req-14ac11fd-6ed6-440f-a691-e3b39c2f841a ] Request (FlavorsAccessTestJSON:tearDownClass): 200 GET http://10.180.1.21:9696/networking/v2.0/security-groups?tenant_id=22a90288f35d4ee88cbe42ac092aedc0&name=default 0.443s
2025-04-07 13:18:48.007 69694 INFO tempest.lib.common.rest_client [req-5316726d-0199-4a72-aadc-a21930d2a1bf req-5316726d-0199-4a72-aadc-a21930d2a1bf ] Request (FloatingIPsNegativeTestJSON:setUpClass): 201 POST http://10.180.1.21/identity/v3/auth/tokens 0.222s
2025-04-07 13:18:48.048 69676 INFO tempest.lib.common.rest_client [req-741c2c3f-bb43-4d96-8bc4-3680ad812c2d req-741c2c3f-bb43-4d96-8bc4-3680ad812c2d ] Request (QuotasAdminTestJSON:setUpClass): 204 PUT http://10.180.1.21/identity/v3/projects/255c62d94e92456aac0c7194e0d0d5fd/users/9ac6b886f384410db77e68804425524e/roles/b59f10e48943454184a4c1dce2aeb211 0.214s
2025-04-07 13:18:48.079 69724 INFO tempest.lib.common.rest_client [req-e6868f84-0bf0-42af-af77-e9e44ec59a71 req-e6868f84-0bf0-42af-af77-e9e44ec59a71 ] Request (QuotaClassesAdmin257Test:tearDownClass): 200 GET http://10.180.1.21:9696/networking/v2.0/security-groups?tenant_id=caed8b93ea5146f5b5160f7bd3ce5431&name=default 0.630s
2025-04-07 13:18:48.089 69668 INFO tempest.lib.common.rest_client [req-6f790da1-eaf8-4dab-b976-0827aa52474a req-6f790da1-eaf8-4dab-b976-0827aa52474a ] Request (ServerDiagnosticsNegativeTest:test_get_server_diagnostics_by_non_admin): 200 GET http://10.180.1.21/compute/v2.1/servers/b44cfc05-bf0b-4d23-990f-b444cd4ad0dd 1.472s
2025-04-07 13:18:48.111 69718 INFO tempest.lib.common.rest_client [req-3397f604-c9f9-40e4-af07-73925f56c2f3 req-3397f604-c9f9-40e4-af07-73925f56c2f3 ] Request (QuotasSecurityGroupAdminNegativeTest:tearDownClass): 204 DELETE http://10.180.1.21:9696/networking/v2.0/security-groups/49260bcf-6799-4cc7-a7ce-a8fda3aa7a95 0.345s
2025-04-07 13:18:48.115 69674 INFO tempest.lib.common.rest_client [req-310a29f9-7ea7-4eee-8e27-4179166fb3b8 req-310a29f9-7ea7-4eee-8e27-4179166fb3b8 ] Request (QuotasTestJSON:test_compare_tenant_quotas_with_default_quotas): 200 GET http://10.180.1.21/compute/v2.1/os-quota-sets/6b8c21c8a855467b92bc0b1a09459c24/defaults 1.509s
2025-04-07 13:18:48.148 69700 INFO tempest.lib.common.rest_client [req-7d1ac259-31ec-4f89-91ba-541b8b4a25d0 req-7d1ac259-31ec-4f89-91ba-541b8b4a25d0 ] Request (FlavorsAdminTestJSON:_run_cleanups): 200 GET http://10.180.1.21/compute/v2.1/flavors/detail 1.466s
2025-04-07 13:18:48.157 69682 INFO tempest.lib.common.rest_client [req-416dc145-d3f7-471b-a8c5-1a747a29d8e2 req-416dc145-d3f7-471b-a8c5-1a747a29d8e2 ] Request (TenantUsagesTestJSON:setUpClass): 201 POST http://10.180.1.21/identity/v3/auth/tokens 0.227s
2025-04-07 13:18:48.158 69682 INFO tempest.lib.common.fixed_network [-] (TenantUsagesTestJSON:setUpClass) Found network None available for tenant
2025-04-07 13:18:48.206 69680 INFO tempest.lib.common.rest_client [req-da72a129-0c0e-41a8-8f40-5ad368769d53 req-da72a129-0c0e-41a8-8f40-5ad368769d53 ] Request (ImagesTestJSON:setUpClass): 201 POST http://10.180.1.21/identity/v3/users 0.249s
2025-04-07 13:18:48.214 69666 INFO tempest.lib.common.rest_client [req-7861cec2-e968-41b7-8fb8-be85e29d9632 req-7861cec2-e968-41b7-8fb8-be85e29d9632 ] Request (ServersTestFqdnHostnames:test_create_server_with_fqdn_name): 201 POST http://10.180.1.21:9696/networking/v2.0/security-group-rules 0.286s
2025-04-07 13:18:48.234 69676 INFO tempest.lib.common.rest_client [req-9ee844a5-6661-4145-9b52-6b728812108d req-9ee844a5-6661-4145-9b52-6b728812108d ] Request (QuotasAdminTestJSON:setUpClass): 200 GET http://10.180.1.21/identity/v3/roles 0.186s
2025-04-07 13:18:48.266 69702 INFO tempest.lib.common.rest_client [req-9a5a51f5-c990-4116-9314-f1bc19f128c3 req-9a5a51f5-c990-4116-9314-f1bc19f128c3 ] Request (DeleteServersAdminTestJSON:test_admin_delete_servers_of_others): 200 GET http://10.180.1.21/compute/v2.1/servers/4ee02d9a-86bf-4315-aee0-4fe522ba06c5 1.625s
2025-04-07 13:18:48.276 69702 INFO tempest.common.waiters [-] State transition "BUILD/block_device_mapping" ==> "BUILD/spawning" after 11 second wait
2025-04-07 13:18:48.278 69708 INFO tempest.lib.common.rest_client [req-df5cffb4-6d29-4d6d-99c6-e361c694d018 req-df5cffb4-6d29-4d6d-99c6-e361c694d018 ] Request (AttachInterfacesV270Test:test_create_get_list_interfaces): 200 GET http://10.180.1.21/compute/v2.1/servers/1850df94-4631-446f-81e0-8feacc37086d 1.542s
2025-04-07 13:18:48.289 69710 INFO tempest.lib.common.rest_client [req-7dfa0340-f0e3-42c0-aa1b-5dca8ab7b633 req-7dfa0340-f0e3-42c0-aa1b-5dca8ab7b633 ] Request (FlavorsAccessTestJSON:tearDownClass): 204 DELETE http://10.180.1.21:9696/networking/v2.0/security-groups/61d36a28-cc05-44e7-b072-cd8163216823 0.327s
2025-04-07 13:18:48.291 69718 INFO tempest.lib.common.rest_client [req-f6240c00-21ce-4e35-8c4c-0a27e9189258 req-f6240c00-21ce-4e35-8c4c-0a27e9189258 ] Request (QuotasSecurityGroupAdminNegativeTest:tearDownClass): 204 DELETE http://10.180.1.21/identity/v3/projects/25fb9ad461364729b07a9aa6354bc929 0.179s
2025-04-07 13:18:48.291 69718 INFO tempest.lib.common.dynamic_creds [-] Deleting project and security group for project: fb6cff7f1321463986249e08815adc02
