2025-04-07 13:19:37.969 69700 INFO tempest.lib.common.rest_client [req-2dbc22ff-e144-4cca-95fc-95d3a8fff2be req-2dbc22ff-e144-4cca-95fc-95d3a8fff2be ] Request (FlavorsExtraSpecsNegativeTestJSON:test_flavor_non_admin_set_keys): 403 POST http://10.180.1.21/compute/v2.1/flavors/1698229409/os-extra_specs 0.076s
2025-04-07 13:19:37.976 69676 INFO tempest.lib.common.rest_client [req-5f5f1ebe-144e-4c1f-ad12-0def448b0ed8 req-5f5f1ebe-144e-4c1f-ad12-0def448b0ed8 ] Request (ServerGroup264TestJSON:setUpClass): 201 POST http://10.180.1.21/identity/v3/auth/tokens 0.086s
2025-04-07 13:19:38.034 69720 INFO tempest.lib.common.rest_client [req-53145542-c523-43cf-a028-c26ca8500d76 req-53145542-c523-43cf-a028-c26ca8500d76 ] Request (ImagesOneServerNegativeTestJSON:_run_cleanups): 200 GET http://10.180.1.21/compute/v2.1/servers/e50dd159-2548-4976-885a-d7251e05cbb1 0.102s
2025-04-07 13:19:38.080 69682 INFO tempest.lib.common.rest_client [req-84c9653a-4150-4b23-a96a-4b43ef5bb541 req-84c9653a-4150-4b23-a96a-4b43ef5bb541 ] Request (TenantUsagesTestJSON:setUpClass): 200 GET http://10.180.1.21/compute/v2.1/servers/582e6f9d-78dd-4f57-b971-fa10a393720d 0.217s
2025-04-07 13:19:38.093 69682 INFO tempest.common.waiters [-] State transition "BUILD/spawning" ==> "ACTIVE/None" after 46 second wait
2025-04-07 13:19:38.102 69688 INFO tempest.lib.common.rest_client [req-8a6ccd63-df19-49b6-9320-92046f6fb4c2 req-8a6ccd63-df19-49b6-9320-92046f6fb4c2 ] Request (ServersV294TestFqdnHostnames:setUpClass): 200 GET http://10.180.1.21/compute/v2.1/servers/72099d69-bd34-4b3d-a940-2b9b6b5936dd 0.147s
2025-04-07 13:19:38.115 69700 INFO tempest.lib.common.rest_client [req-8a999890-3984-4771-a780-3e590cd562e5 req-8a999890-3984-4771-a780-3e590cd562e5 ] Request (FlavorsExtraSpecsNegativeTestJSON:test_flavor_non_admin_unset_keys): 200 POST http://10.180.1.21/compute/v2.1/flavors/1698229409/os-extra_specs 0.144s
2025-04-07 13:19:38.204 69676 INFO tempest.lib.common.rest_client [req-e7410b73-2507-44cd-b904-0f5fd768e905 req-e7410b73-2507-44cd-b904-0f5fd768e905 ] Request (ServerGroup264TestJSON:test_create_get_server_group): 200 POST http://10.180.1.21/compute/v2.1/os-server-groups 0.226s
2025-04-07 13:19:38.275 69710 INFO tempest.lib.common.rest_client [req-f2590c00-3f75-4e0e-a9f6-3313efde5eb2 req-f2590c00-3f75-4e0e-a9f6-3313efde5eb2 ] Request (ServerTagsTestJSON:setUpClass): 200 GET http://10.180.1.21/compute/v2.1/servers/459180b5-f12d-4fb1-95cd-fdeef4e746fc 0.251s
2025-04-07 13:19:38.347 69670 INFO tempest.lib.common.rest_client [req-2ed56422-9432-4caa-a224-ea4a4a587323 req-2ed56422-9432-4caa-a224-ea4a4a587323 ] Request (FloatingIPsAssociationNegativeTestJSON:tearDownClass): 200 GET http://10.180.1.21/compute/v2.1/servers/99885e00-62ad-421a-939a-8ec111ef5214 0.260s
2025-04-07 13:19:38.357 69726 INFO tempest.lib.common.rest_client [req-321f644e-ea23-491b-abdc-14529bfda73b req-321f644e-ea23-491b-abdc-14529bfda73b ] Request (ServerExternalEventsTest:tearDownClass): 200 GET http://10.180.1.21/compute/v2.1/servers/a0e0b86e-7ebf-4f1f-9277-446b879fdf06 0.350s
2025-04-07 13:19:38.432 69722 INFO tempest.lib.common.rest_client [req-d41425cd-206f-4e83-84cd-698112aa2a1b req-d41425cd-206f-4e83-84cd-698112aa2a1b ] Request (ServersListShow2100Test:test_list_show_rebuild_update_server_2100): 200 GET http://10.180.1.21/compute/v2.1/servers/d24fe5c5-bca0-4f1a-9997-fea677580719 0.336s
2025-04-07 13:19:38.436 69700 INFO tempest.lib.common.rest_client [req-e81f035f-e2f4-45f5-ad43-c7e2615ddc49 req-e81f035f-e2f4-45f5-ad43-c7e2615ddc49 ] Request (FlavorsExtraSpecsNegativeTestJSON:test_flavor_non_admin_unset_keys): 403 DELETE http://10.180.1.21/compute/v2.1/flavors/1698229409/os-extra_specs/hw:numa_nodes 0.319s
2025-04-07 13:19:38.466 69682 INFO tempest.lib.common.rest_client [req-1f700848-4e4c-4f23-82f9-4367068e3991 req-1f700848-4e4c-4f23-82f9-4367068e3991 ] Request (TenantUsagesTestJSON:test_get_usage_tenant): 200 GET http://10.180.1.21/compute/v2.1/os-simple-tenant-usage/b59b2b25b2d344358ccb5f6746b84153?start=2025-04-06T13%3A19%3A38.094014&end=2025-04-08T13%3A19%3A38.094014 0.372s
2025-04-07 13:19:38.485 69676 INFO tempest.lib.common.rest_client [req-55688e9e-fb92-4cbc-a0f2-f2dc72a51116 req-55688e9e-fb92-4cbc-a0f2-f2dc72a51116 ] Request (ServerGroup264TestJSON:test_create_get_server_group): 200 GET http://10.180.1.21/compute/v2.1/os-server-groups 0.279s
2025-04-07 13:19:38.506 69708 INFO tempest.lib.common.rest_client [req-d339690a-a248-4b9d-aba8-628d5ad692b8 req-d339690a-a248-4b9d-aba8-628d5ad692b8 ] Request (AttachInterfacesV270Test:tearDownClass): 200 GET http://10.180.1.21/compute/v2.1/servers/1850df94-4631-446f-81e0-8feacc37086d 0.354s
2025-04-07 13:19:38.549 69686 INFO tempest.lib.common.rest_client [req-5c2f1fb6-46ce-44fa-86e0-3b70915c4284 req-5c2f1fb6-46ce-44fa-86e0-3b70915c4284 ] Request (FloatingIPsAssociationTestJSON:test_associate_already_associated_floating_ip): 200 GET http://10.180.1.21/compute/v2.1/servers/a2c4ba9c-89f7-42c4-b784-fc527e421c32 0.267s
2025-04-07 13:19:38.605 69690 INFO tempest.lib.common.rest_client [req-a084dfaa-dc34-4e1d-8b58-5471dc04b5ba req-a084dfaa-dc34-4e1d-8b58-5471dc04b5ba ] Request (SecurityGroupRulesTestJSON:setUpClass): 201 POST http://10.180.1.21:9696/networking/v2.0/routers 1.166s
2025-04-07 13:19:38.631 69714 INFO tempest.lib.common.rest_client [req-4c636e75-ca59-4bb2-af56-782cdf58bbb5 req-4c636e75-ca59-4bb2-af56-782cdf58bbb5 ] Request (ServerDiagnosticsV248Test:tearDownClass): 200 GET http://10.180.1.21/compute/v2.1/servers/bd174ab6-2669-48bd-8df8-f8595d39e61c 0.249s
2025-04-07 13:19:38.701 69698 INFO tempest.lib.common.rest_client [req-7f918d4e-20fc-43eb-91b2-16b365eff8b3 req-7f918d4e-20fc-43eb-91b2-16b365eff8b3 ] Request (MigrationsAdminTest:test_list_migrations_in_flavor_resize_situation): 200 GET http://10.180.1.21/compute/v2.1/servers/094f62b3-214b-4ea3-9cdf-8263b6a782d6 0.401s
2025-04-07 13:19:38.729 69700 INFO tempest.lib.common.rest_client [req-be0dd7c3-fc57-4c98-943b-8869216fb421 req-be0dd7c3-fc57-4c98-943b-8869216fb421 ] Request (FlavorsExtraSpecsNegativeTestJSON:test_flavor_non_admin_update_specific_key): 200 POST http://10.180.1.21/compute/v2.1/flavors/1698229409/os-extra_specs 0.291s
2025-04-07 13:19:38.797 69694 INFO tempest.lib.common.rest_client [req-91a42c14-bc25-4fbc-af1e-31b76d2aabf5 req-91a42c14-bc25-4fbc-af1e-31b76d2aabf5 ] Request (AttachInterfacesUnderV243Test:test_add_remove_fixed_ip): 200 GET http://10.180.1.21/compute/v2.1/servers/c99fda1f-10fb-41aa-ad81-54c0f09ca10c 0.337s
2025-04-07 13:19:38.803 69706 INFO tempest.lib.common.rest_client [req-cc7e9cf2-6174-4851-a8ff-ef564ff098fa req-cc7e9cf2-6174-4851-a8ff-ef564ff098fa ] Request (AttachInterfacesTestJSON:test_create_list_show_delete_interfaces_by_fixed_ip): 200 GET http://10.180.1.21/compute/v2.1/servers/122d5904-58c5-44f2-9641-0ed315d28c5a 0.370s
2025-04-07 13:19:38.819 69668 INFO tempest.lib.common.rest_client [req-53e6a1cf-7121-40d1-8d97-3422d872598c req-53e6a1cf-7121-40d1-8d97-3422d872598c ] Request (ServersTestBootFromVolume:setUpClass): 200 GET http://10.180.1.21/volume/v3/volumes/91280b44-9bc1-4bf0-8143-eb623ea76b07 0.050s
2025-04-07 13:19:38.827 69676 INFO tempest.lib.common.rest_client [req-caee10ad-6ddd-4507-ab54-703345098d53 req-caee10ad-6ddd-4507-ab54-703345098d53 ] Request (ServerGroup264TestJSON:test_create_get_server_group): 200 GET http://10.180.1.21/compute/v2.1/os-server-groups/8d51ada6-b1df-4c83-a9d9-af24b006a0ef 0.340s
2025-04-07 13:19:38.847 69682 INFO tempest.lib.common.rest_client [req-e881a6b3-197e-4068-a54f-886cf3360ec5 req-e881a6b3-197e-4068-a54f-886cf3360ec5 ] Request (TenantUsagesTestJSON:test_get_usage_tenant_with_non_admin_user): 200 GET http://10.180.1.21/compute/v2.1/os-simple-tenant-usage/b59b2b25b2d344358ccb5f6746b84153?start=2025-04-06T13%3A19%3A38.094014&end=2025-04-08T13%3A19%3A38.094014 0.376s
2025-04-07 13:19:38.887 69728 INFO tempest.lib.common.rest_client [req-0eb41bc5-6506-480b-ae51-f76534cacbbf req-0eb41bc5-6506-480b-ae51-f76534cacbbf ] Request (ServerActionsTestOtherA:setUpClass): 200 GET http://10.180.1.21/compute/v2.1/servers/0cd708bf-51b9-4ca2-8e64-06aacc6c8125 0.389s
2025-04-07 13:19:38.901 69684 INFO tempest.lib.common.rest_client [req-3d07428c-355d-4baf-bf05-f234c98ebf48 req-3d07428c-355d-4baf-bf05-f234c98ebf48 ] Request (ServersAdminNegativeTestJSON:test_migrate_server_invalid_state): 200 GET http://10.180.1.21/compute/v2.1/servers/b1e59caf-ffdc-4f32-9c58-6470ad4da097 0.381s
2025-04-07 13:19:38.944 69718 INFO tempest.lib.common.rest_client [req-100fb58b-99ee-4f8a-9b60-6cc0fd44000d req-100fb58b-99ee-4f8a-9b60-6cc0fd44000d ] Request (ServerShowV247Test:test_update_rebuild_list_server): 200 GET http://10.180.1.21/compute/v2.1/servers/69df2326-c132-43db-995d-3496db931933 0.368s
2025-04-07 13:19:38.969 69716 INFO tempest.lib.common.rest_client [req-41072687-f081-470a-be2a-42dd9c33f282 req-41072687-f081-470a-be2a-42dd9c33f282 ] Request (ServersTestMultiNic:_run_cleanups): 200 GET http://10.180.1.21/compute/v2.1/servers/7a1b62ef-ceaf-4167-9d6c-0140afde1077 0.374s
2025-04-07 13:19:39.034 69696 INFO tempest.lib.common.rest_client [req-a395f892-7eec-4303-a56f-fb9ef014b73a req-a395f892-7eec-4303-a56f-fb9ef014b73a ] Request (ListImageFiltersTestJSON:setUpClass): 200 GET http://10.180.1.21/compute/v2.1/servers/691ba63f-02ab-432b-abde-97274fa19cda 0.359s
2025-04-07 13:19:39.049 69680 INFO tempest.lib.common.rest_client [req-c121f329-f3b4-42d8-b7c2-113562c1cf3b req-c121f329-f3b4-42d8-b7c2-113562c1cf3b ] Request (ImagesTestJSON:test_create_image_from_stopped_server): 200 GET http://10.180.1.21/compute/v2.1/servers/025443af-76e3-49ff-b668-ce57cb0c71b3 0.399s
2025-04-07 13:19:39.058 69700 INFO tempest.lib.common.rest_client [req-7d0d4010-126c-4dbd-84f8-b0aa3906ba72 req-7d0d4010-126c-4dbd-84f8-b0aa3906ba72 ] Request (FlavorsExtraSpecsNegativeTestJSON:test_flavor_non_admin_update_specific_key): 403 PUT http://10.180.1.21/compute/v2.1/flavors/1698229409/os-extra_specs/hw:numa_nodes 0.328s
2025-04-07 13:19:39.058 69680 INFO tempest.common.waiters [-] State transition "BUILD/None" ==> "BUILD/block_device_mapping" after 41 second wait
2025-04-07 13:19:39.089 69704 INFO tempest.lib.common.rest_client [req-72d1ac0e-8117-457b-b61b-f5aaf3545e7e req-72d1ac0e-8117-457b-b61b-f5aaf3545e7e ] Request (ServersAdminTestJSON:setUpClass): 200 GET http://10.180.1.21/compute/v2.1/servers/17c6ed86-c995-4238-84da-127353dd6ee0 0.372s
2025-04-07 13:19:39.105 69702 INFO tempest.lib.common.rest_client [req-9cf5d902-b749-4447-a263-535f1521920a req-9cf5d902-b749-4447-a263-535f1521920a ] Request (DeleteServersAdminTestJSON:test_delete_server_while_in_error_state): 200 GET http://10.180.1.21/compute/v2.1/servers/10244d94-b2bf-4144-b863-93c1b6365d9d 0.309s
2025-04-07 13:19:39.123 69676 INFO tempest.lib.common.rest_client [req-63f6be86-7209-45a6-9dc2-4f46ae6b420f req-63f6be86-7209-45a6-9dc2-4f46ae6b420f ] Request (ServerGroup264TestJSON:_run_cleanups): 204 DELETE http://10.180.1.21/compute/v2.1/os-server-groups/8d51ada6-b1df-4c83-a9d9-af24b006a0ef 0.294s
2025-04-07 13:19:39.151 69682 INFO tempest.lib.common.rest_client [req-8536d29f-b9a6-4519-a849-90adeea0c9bc req-8536d29f-b9a6-4519-a849-90adeea0c9bc ] Request (TenantUsagesTestJSON:test_list_usage_all_tenants): 200 GET http://10.180.1.21/compute/v2.1/os-simple-tenant-usage?start=2025-04-06T13%3A19%3A38.094014&end=2025-04-08T13%3A19%3A38.094014&detailed=1 0.296s
2025-04-07 13:19:39.160 69678 WARNING tempest.lib.common.ssh [-] Failed to establish authenticated ssh connection to cirros@10.180.180.252 ([Errno None] Unable to connect to port 22 on 10.180.180.252). Number attempts: 2. Retry after 3 seconds.: paramiko.ssh_exception.NoValidConnectionsError: [Errno None] Unable to connect to port 22 on 10.180.180.252
2025-04-07 13:19:39.227 69672 INFO tempest.lib.common.rest_client [req-aefbb1d7-957c-4fd7-beb9-8da1895bff0f req-aefbb1d7-957c-4fd7-beb9-8da1895bff0f ] Request (ServerDiagnosticsTest:tearDownClass): 200 GET http://10.180.1.21/compute/v2.1/servers/fec0818b-688d-479e-b35d-dfce49c3348b 0.257s
2025-04-07 13:19:39.265 69666 INFO tempest.lib.common.rest_client [req-4e7ff3fe-35ea-4b0b-bf5b-df6cf8c1fb73 req-4e7ff3fe-35ea-4b0b-bf5b-df6cf8c1fb73 ] Request (ServersTestFqdnHostnames:test_create_server_with_fqdn_name): 200 GET http://10.180.1.21/compute/v2.1/servers/2e37b452-ee15-4882-ad00-50c29af0c10d 0.309s
2025-04-07 13:19:39.281 69700 INFO tempest.lib.common.rest_client [req-a7c50b8f-13e1-4e94-923a-80aa9cb3c74f req-a7c50b8f-13e1-4e94-923a-80aa9cb3c74f ] Request (FlavorsExtraSpecsNegativeTestJSON:test_flavor_unset_nonexistent_key): 404 DELETE http://10.180.1.21/compute/v2.1/flavors/1698229409/os-extra_specs/hw:cpu_thread_policy 0.222s
2025-04-07 13:19:39.316 69720 INFO tempest.lib.common.rest_client [req-7a422dab-8912-49e2-b709-1d42cafae19a req-7a422dab-8912-49e2-b709-1d42cafae19a ] Request (ImagesOneServerNegativeTestJSON:_run_cleanups): 200 GET http://10.180.1.21/compute/v2.1/servers/e50dd159-2548-4976-885a-d7251e05cbb1 0.271s
2025-04-07 13:19:39.327 69676 INFO tempest.lib.common.rest_client [req-c2d4eac7-2fb0-43e6-801a-46fe92eed2ca req-c2d4eac7-2fb0-43e6-801a-46fe92eed2ca ] Request (ServerGroup264TestJSON:tearDownClass): 404 DELETE http://10.180.1.21/compute/v2.1/os-server-groups/8d51ada6-b1df-4c83-a9d9-af24b006a0ef 0.192s
2025-04-07 13:19:39.358 69688 INFO tempest.lib.common.rest_client [req-ebb9662f-9606-4e31-9db7-066be8b299cc req-ebb9662f-9606-4e31-9db7-066be8b299cc ] Request (ServersV294TestFqdnHostnames:setUpClass): 200 GET http://10.180.1.21/compute/v2.1/servers/72099d69-bd34-4b3d-a940-2b9b6b5936dd 0.237s
2025-04-07 13:19:39.364 69700 INFO tempest.lib.common.rest_client [req-88f842d6-d590-4cfc-acf1-f3dd0ed29ac8 req-88f842d6-d590-4cfc-acf1-f3dd0ed29ac8 ] Request (FlavorsExtraSpecsNegativeTestJSON:test_flavor_update_mismatch_key): 400 PUT http://10.180.1.21/compute/v2.1/flavors/1698229409/os-extra_specs/hw:numa_nodes 0.082s
2025-04-07 13:19:39.427 69682 INFO tempest.lib.common.rest_client [req-770b3f4c-3fbb-4aac-91d3-5ba5bd4a6fd5 req-770b3f4c-3fbb-4aac-91d3-5ba5bd4a6fd5 ] Request (TenantUsagesTestJSON:tearDownClass): 204 DELETE http://10.180.1.21/compute/v2.1/servers/582e6f9d-78dd-4f57-b971-fa10a393720d 0.264s
2025-04-07 13:19:39.429 69710 INFO tempest.lib.common.rest_client [req-8b6d5ed0-edf6-4cf3-853a-eee1b0531dea req-8b6d5ed0-edf6-4cf3-853a-eee1b0531dea ] Request (ServerTagsTestJSON:setUpClass): 200 GET http://10.180.1.21/compute/v2.1/servers/459180b5-f12d-4fb1-95cd-fdeef4e746fc 0.139s
2025-04-07 13:19:39.435 69700 INFO tempest.lib.common.rest_client [req-64cc8a29-f736-47c8-a930-5af1fd866320 req-64cc8a29-f736-47c8-a930-5af1fd866320 ] Request (FlavorsExtraSpecsNegativeTestJSON:test_flavor_update_more_key): 400 PUT http://10.180.1.21/compute/v2.1/flavors/1698229409/os-extra_specs/hw:numa_nodes 0.069s
2025-04-07 13:19:39.502 69726 INFO tempest.lib.common.rest_client [req-e6c6981c-ebba-40f6-b0ef-4f334fcb0cc2 req-e6c6981c-ebba-40f6-b0ef-4f334fcb0cc2 ] Request (ServerExternalEventsTest:tearDownClass): 200 GET http://10.180.1.21/compute/v2.1/servers/a0e0b86e-7ebf-4f1f-9277-446b879fdf06 0.135s
2025-04-07 13:19:39.522 69670 INFO tempest.lib.common.rest_client [req-d715a9fd-e18d-4d27-abb2-42ebbdb544a2 req-d715a9fd-e18d-4d27-abb2-42ebbdb544a2 ] Request (FloatingIPsAssociationNegativeTestJSON:tearDownClass): 200 GET http://10.180.1.21/compute/v2.1/servers/99885e00-62ad-421a-939a-8ec111ef5214 0.165s
2025-04-07 13:19:39.546 69700 INFO tempest.lib.common.rest_client [req-38578d4e-0700-42e0-a888-8e45340520d4 req-38578d4e-0700-42e0-a888-8e45340520d4 ] Request (FlavorsExtraSpecsNegativeTestJSON:tearDownClass): 202 DELETE http://10.180.1.21/compute/v2.1/flavors/1698229409 0.110s
2025-04-07 13:19:39.608 69722 INFO tempest.lib.common.rest_client [req-dd4a2c75-04df-4717-ae27-bc31c367f6e3 req-dd4a2c75-04df-4717-ae27-bc31c367f6e3 ] Request (ServersListShow2100Test:test_list_show_rebuild_update_server_2100): 200 GET http://10.180.1.21/compute/v2.1/servers/d24fe5c5-bca0-4f1a-9997-fea677580719 0.157s
2025-04-07 13:19:39.619 69682 INFO tempest.lib.common.rest_client [req-e1e1e019-ca0e-47d3-a54d-77ace6eb9624 req-e1e1e019-ca0e-47d3-a54d-77ace6eb9624 ] Request (TenantUsagesTestJSON:tearDownClass): 200 GET http://10.180.1.21/compute/v2.1/servers/582e6f9d-78dd-4f57-b971-fa10a393720d 0.192s
2025-04-07 13:19:39.645 69700 INFO tempest.lib.common.rest_client [req-966d60a6-afb8-482e-9711-d6e4b03e28d2 req-966d60a6-afb8-482e-9711-d6e4b03e28d2 ] Request (FlavorsExtraSpecsNegativeTestJSON:tearDownClass): 200 GET http://10.180.1.21/compute/v2.1/flavors/detail 0.098s
2025-04-07 13:19:39.669 69690 INFO tempest.lib.common.rest_client [req-b38b5607-5eff-40a4-bef6-56b7bdfeebb3 req-b38b5607-5eff-40a4-bef6-56b7bdfeebb3 ] Request (SecurityGroupRulesTestJSON:setUpClass): 200 PUT http://10.180.1.21:9696/networking/v2.0/routers/7d1fa501-7870-4e24-b21c-50e99af844f6/add_router_interface 1.064s
2025-04-07 13:19:39.670 69690 INFO tempest.lib.common.dynamic_creds [-] Created isolated network resources for: credentials: Credentials: {'domain_id': 'default', 'domain_name': 'Default', 'username': 'tempest-SecurityGroupRulesTestJSON-1470006518-project-member', 'project_domain_id': 'default', 'project_domain_name': 'Default', 'project_id': '10b16034ea5c4f81973d2132f79b793f', 'project_name': 'tempest-SecurityGroupRulesTestJSON-1470006518', 'tenant_id': '10b16034ea5c4f81973d2132f79b793f', 'tenant_name': 'tempest-SecurityGroupRulesTestJSON-1470006518', 'user_domain_id': 'default', 'user_domain_name': 'Default', 'user_id': '525655bf9cf34d43b4de9cb5c7d236f5', 'system': None}, Network: {'id': '632517d6-7bb7-4d3b-9256-62751aa2fecc', 'name': 'tempest-SecurityGroupRulesTestJSON-1037673641-network', 'tenant_id': '10b16034ea5c4f81973d2132f79b793f', 'admin_state_up': True, 'mtu': 8950, 'status': 'ACTIVE', 'subnets': [], 'shared': False, 'project_id': '10b16034ea5c4f81973d2132f79b793f', 'port_security_enabled': True, 'router:external': False, 'provider:network_type': 'vlan', 'provider:physical_network': 'default', 'provider:segmentation_id': 437, 'availability_zone_hints': [], 'availability_zones': [], 'ipv4_address_scope': None, 'ipv6_address_scope': None, 'description': '', 'tags': [], 'created_at': '2025-04-07T13:19:37Z', 'updated_at': '2025-04-07T13:19:37Z', 'revision_number': 1}, Subnet: {'id': 'dc6d2287-c360-4601-a6f2-f3b0fee12d9e', 'name': 'tempest-SecurityGroupRulesTestJSON-1037673641-subnet', 'tenant_id': '10b16034ea5c4f81973d2132f79b793f', 'network_id': '632517d6-7bb7-4d3b-9256-62751aa2fecc', 'ip_version': 4, 'subnetpool_id': None, 'enable_dhcp': True, 'ipv6_ra_mode': None, 'ipv6_address_mode': None, 'gateway_ip': '192.168.128.1', 'cidr': '192.168.128.0/28', 'allocation_pools': [{'start': '192.168.128.2', 'end': '192.168.128.14'}], 'host_routes': [], 'dns_nameservers': [], 'description': '', 'router:external': False, 'service_types': [], 'tags': [], 'created_at': '2025-04-07T13:19:37Z', 'updated_at': '2025-04-07T13:19:37Z', 'revision_number': 0, 'project_id': '10b16034ea5c4f81973d2132f79b793f'}, Router: {'id': '7d1fa501-7870-4e24-b21c-50e99af844f6', 'name': 'tempest-SecurityGroupRulesTestJSON-1037673641-router', 'tenant_id': '10b16034ea5c4f81973d2132f79b793f', 'admin_state_up': True, 'status': 'ACTIVE', 'external_gateway_info': {'network_id': '0aca4dec-fce8-492d-866b-3b83229e461c', 'external_fixed_ips': [{'subnet_id': '83efa834-8057-4413-8232-055bb087ee96', 'ip_address': '10.180.180.131'}], 'enable_snat': True}, 'description': '', 'availability_zones': [], 'distributed': False, 'ha': False, 'availability_zone_hints': [], 'routes': [], 'flavor_id': None, 'tags': [], 'created_at': '2025-04-07T13:19:37Z', 'updated_at': '2025-04-07T13:19:37Z', 'revision_number': 2, 'project_id': '10b16034ea5c4f81973d2132f79b793f'}
2025-04-07 13:19:39.696 69686 INFO tempest.lib.common.rest_client [req-ceda47e4-f571-42f4-9639-c2eb4b8a287b req-ceda47e4-f571-42f4-9639-c2eb4b8a287b ] Request (FloatingIPsAssociationTestJSON:test_associate_already_associated_floating_ip): 200 GET http://10.180.1.21/compute/v2.1/servers/a2c4ba9c-89f7-42c4-b784-fc527e421c32 0.131s
2025-04-07 13:19:39.698 69708 INFO tempest.lib.common.rest_client [req-748ebb91-46e6-4a8d-8de8-cd460d9401cf req-748ebb91-46e6-4a8d-8de8-cd460d9401cf ] Request (AttachInterfacesV270Test:tearDownClass): 200 GET http://10.180.1.21/compute/v2.1/servers/1850df94-4631-446f-81e0-8feacc37086d 0.180s
2025-04-07 13:19:39.773 69714 INFO tempest.lib.common.rest_client [req-27bb9225-9c73-4654-a718-094b30e5a016 req-27bb9225-9c73-4654-a718-094b30e5a016 ] Request (ServerDiagnosticsV248Test:tearDownClass): 200 GET http://10.180.1.21/compute/v2.1/servers/bd174ab6-2669-48bd-8df8-f8595d39e61c 0.128s
2025-04-07 13:19:39.782 69690 INFO tempest.lib.common.rest_client [req-5ee1c293-42f7-473a-bdca-98858a757f5d req-5ee1c293-42f7-473a-bdca-98858a757f5d ] Request (SecurityGroupRulesTestJSON:setUpClass): 201 POST http://10.180.1.21/identity/v3/auth/tokens 0.108s
2025-04-07 13:19:39.790 69700 INFO tempest.lib.common.rest_client [req-fdd93c9c-1503-4ed2-8360-4285155de698 req-fdd93c9c-1503-4ed2-8360-4285155de698 ] Request (FlavorsExtraSpecsNegativeTestJSON:tearDownClass): 204 DELETE http://10.180.1.21/identity/v3/users/5a99f96ed3c649649c627df71c31e358 0.140s
2025-04-07 13:19:39.866 69668 INFO tempest.lib.common.rest_client [req-eee125d9-bf1e-4f80-b471-7c03d7a996d9 req-eee125d9-bf1e-4f80-b471-7c03d7a996d9 ] Request (ServersTestBootFromVolume:setUpClass): 200 GET http://10.180.1.21/volume/v3/volumes/91280b44-9bc1-4bf0-8143-eb623ea76b07 0.035s
2025-04-07 13:19:39.921 69698 INFO tempest.lib.common.rest_client [req-70a1d528-7a7b-4263-b0f8-6cd0b6a5aad8 req-70a1d528-7a7b-4263-b0f8-6cd0b6a5aad8 ] Request (MigrationsAdminTest:test_list_migrations_in_flavor_resize_situation): 200 GET http://10.180.1.21/compute/v2.1/servers/094f62b3-214b-4ea3-9cdf-8263b6a782d6 0.206s
2025-04-07 13:19:39.936 69700 INFO tempest.lib.common.rest_client [req-3abdbe65-11ca-4e1c-b060-b97fa37f8102 req-3abdbe65-11ca-4e1c-b060-b97fa37f8102 ] Request (FlavorsExtraSpecsNegativeTestJSON:tearDownClass): 204 DELETE http://10.180.1.21/identity/v3/users/e7bca79ae84f42f98bbfbd00894b210e 0.145s
2025-04-07 13:19:39.936 69700 INFO tempest.lib.common.dynamic_creds [-] Deleting project and security group for project: 45b29ea895a643388691a86894c4f43b
2025-04-07 13:19:39.999 69700 INFO tempest.lib.common.rest_client [req-be05aeeb-949c-4ac3-a59a-6f2f242e44d1 req-be05aeeb-949c-4ac3-a59a-6f2f242e44d1 ] Request (FlavorsExtraSpecsNegativeTestJSON:tearDownClass): 201 POST http://10.180.1.21/identity/v3/auth/tokens 0.062s
2025-04-07 13:19:40.000 69694 INFO tempest.lib.common.rest_client [req-ba0933d4-4a91-45f7-b9b1-7715f1ae3da1 req-ba0933d4-4a91-45f7-b9b1-7715f1ae3da1 ] Request (AttachInterfacesUnderV243Test:test_add_remove_fixed_ip): 200 GET http://10.180.1.21/compute/v2.1/servers/c99fda1f-10fb-41aa-ad81-54c0f09ca10c 0.194s
2025-04-07 13:19:40.027 69690 INFO tempest.lib.common.rest_client [req-d40240ee-187a-4ed7-b774-65b36d93b9de req-d40240ee-187a-4ed7-b774-65b36d93b9de ] Request (SecurityGroupRulesTestJSON:test_security_group_rules_create): 200 POST http://10.180.1.21/compute/v2.1/os-security-groups 0.242s
2025-04-07 13:19:40.091 69728 INFO tempest.lib.common.rest_client [req-2a9808b5-933d-4dce-a197-7fd287508eac req-2a9808b5-933d-4dce-a197-7fd287508eac ] Request (ServerActionsTestOtherA:setUpClass): 200 GET http://10.180.1.21/compute/v2.1/servers/0cd708bf-51b9-4ca2-8e64-06aacc6c8125 0.192s
2025-04-07 13:19:40.161 69684 INFO tempest.lib.common.rest_client [req-3093cc07-6a3e-49fc-902d-726acf987db3 req-3093cc07-6a3e-49fc-902d-726acf987db3 ] Request (ServersAdminNegativeTestJSON:test_migrate_server_invalid_state): 200 GET http://10.180.1.21/compute/v2.1/servers/b1e59caf-ffdc-4f32-9c58-6470ad4da097 0.252s
2025-04-07 13:19:40.175 69684 INFO tempest.common.waiters [-] State transition "BUILD/scheduling" ==> "BUILD/None" after 23 second wait
2025-04-07 13:19:40.241 69718 INFO tempest.lib.common.rest_client [req-a6b5872c-ef08-4361-a67b-0d01b51095e1 req-a6b5872c-ef08-4361-a67b-0d01b51095e1 ] Request (ServerShowV247Test:test_update_rebuild_list_server): 200 GET http://10.180.1.21/compute/v2.1/servers/69df2326-c132-43db-995d-3496db931933 0.285s
2025-04-07 13:19:40.264 69700 INFO tempest.lib.common.rest_client [req-5402b6ab-14bd-4d35-9470-6e2d6c87b93e req-5402b6ab-14bd-4d35-9470-6e2d6c87b93e ] Request (FlavorsExtraSpecsNegativeTestJSON:tearDownClass): 200 GET http://10.180.1.21:9696/networking/v2.0/security-groups?tenant_id=45b29ea895a643388691a86894c4f43b&name=default 0.265s
2025-04-07 13:19:40.319 69716 INFO tempest.lib.common.rest_client [req-748ad2c3-998a-4cc2-8143-ddccb1454450 req-748ad2c3-998a-4cc2-8143-ddccb1454450 ] Request (ServersTestMultiNic:_run_cleanups): 200 GET http://10.180.1.21/compute/v2.1/servers/7a1b62ef-ceaf-4167-9d6c-0140afde1077 0.341s
2025-04-07 13:19:40.385 69706 INFO tempest.lib.common.rest_client [req-fcab26aa-1a65-4496-9a90-0e42ae41fb6c req-fcab26aa-1a65-4496-9a90-0e42ae41fb6c ] Request (AttachInterfacesTestJSON:test_create_list_show_delete_interfaces_by_fixed_ip): 200 GET http://10.180.1.21/compute/v2.1/servers/122d5904-58c5-44f2-9641-0ed315d28c5a 0.572s
2025-04-07 13:19:40.401 69700 INFO tempest.lib.common.rest_client [req-2a914cef-ae99-4a45-99ea-5f3634f75e16 req-2a914cef-ae99-4a45-99ea-5f3634f75e16 ] Request (FlavorsExtraSpecsNegativeTestJSON:tearDownClass): 204 DELETE http://10.180.1.21:9696/networking/v2.0/security-groups/3e2c948b-8a38-497b-ac9c-50644ee3648a 0.136s
2025-04-07 13:19:40.451 69696 INFO tempest.lib.common.rest_client [req-ce40e6ff-7869-4014-accb-85c5979c16fb req-ce40e6ff-7869-4014-accb-85c5979c16fb ] Request (ListImageFiltersTestJSON:setUpClass): 200 GET http://10.180.1.21/compute/v2.1/servers/691ba63f-02ab-432b-abde-97274fa19cda 0.405s
2025-04-07 13:19:40.465 69696 INFO tempest.common.waiters [-] State transition "BUILD/None" ==> "BUILD/networking" after 42 second wait
2025-04-07 13:19:40.484 69700 INFO tempest.lib.common.rest_client [req-d810398f-9e92-413a-afe1-7288d788334f req-d810398f-9e92-413a-afe1-7288d788334f ] Request (FlavorsExtraSpecsNegativeTestJSON:tearDownClass): 204 DELETE http://10.180.1.21/identity/v3/projects/45b29ea895a643388691a86894c4f43b 0.083s
2025-04-07 13:19:40.484 69700 INFO tempest.lib.common.dynamic_creds [-] Deleting project and security group for project: 7cd7096610d54783b395e56da165c878
2025-04-07 13:19:40.486 69690 INFO tempest.lib.common.rest_client [req-e3a7ba4f-3b39-42a2-a755-c376fd3af144 req-e3a7ba4f-3b39-42a2-a755-c376fd3af144 ] Request (SecurityGroupRulesTestJSON:test_security_group_rules_create): 200 POST http://10.180.1.21/compute/v2.1/os-security-group-rules 0.453s
2025-04-07 13:19:40.557 69704 INFO tempest.lib.common.rest_client [req-2f84dd69-c38c-461d-824d-b8f95582be1b req-2f84dd69-c38c-461d-824d-b8f95582be1b ] Request (ServersAdminTestJSON:setUpClass): 200 GET http://10.180.1.21/compute/v2.1/servers/17c6ed86-c995-4238-84da-127353dd6ee0 0.459s
2025-04-07 13:19:40.629 69700 INFO tempest.lib.common.rest_client [req-7ba029b0-e8d3-4de7-9936-375d3bda91b4 req-7ba029b0-e8d3-4de7-9936-375d3bda91b4 ] Request (FlavorsExtraSpecsNegativeTestJSON:tearDownClass): 200 GET http://10.180.1.21:9696/networking/v2.0/security-groups?tenant_id=7cd7096610d54783b395e56da165c878&name=default 0.144s
2025-04-07 13:19:40.631 69680 INFO tempest.lib.common.rest_client [req-e8bf9dc6-e042-436b-9e61-cdd204538e7f req-e8bf9dc6-e042-436b-9e61-cdd204538e7f ] Request (ImagesTestJSON:test_create_image_from_stopped_server): 200 GET http://10.180.1.21/compute/v2.1/servers/025443af-76e3-49ff-b668-ce57cb0c71b3 0.569s
2025-04-07 13:19:40.636 69702 INFO tempest.lib.common.rest_client [req-d98df093-9559-4fd3-9768-9823001b38b7 req-d98df093-9559-4fd3-9768-9823001b38b7 ] Request (DeleteServersAdminTestJSON:test_delete_server_while_in_error_state): 200 GET http://10.180.1.21/compute/v2.1/servers/10244d94-b2bf-4144-b863-93c1b6365d9d 0.519s
2025-04-07 13:19:40.644 69680 INFO tempest.common.waiters [-] State transition "BUILD/block_device_mapping" ==> "BUILD/spawning" after 42 second wait
2025-04-07 13:19:40.694 69712 WARNING tempest.lib.common.ssh [-] Failed to establish authenticated ssh connection to cirros@10.180.180.246 ([Errno None] Unable to connect to port 22 on 10.180.180.246). Number attempts: 2. Retry after 3 seconds.: paramiko.ssh_exception.NoValidConnectionsError: [Errno None] Unable to connect to port 22 on 10.180.180.246
2025-04-07 13:19:40.724 69672 INFO tempest.lib.common.rest_client [req-276b077d-919b-4949-bf51-f244939b2fe8 req-276b077d-919b-4949-bf51-f244939b2fe8 ] Request (ServerDiagnosticsTest:tearDownClass): 200 GET http://10.180.1.21/compute/v2.1/servers/fec0818b-688d-479e-b35d-dfce49c3348b 0.487s
2025-04-07 13:19:40.758 69666 INFO tempest.lib.common.rest_client [req-3fc85092-4830-45b9-874f-99c2f2b20f36 req-3fc85092-4830-45b9-874f-99c2f2b20f36 ] Request (ServersTestFqdnHostnames:test_create_server_with_fqdn_name): 200 GET http://10.180.1.21/compute/v2.1/servers/2e37b452-ee15-4882-ad00-50c29af0c10d 0.482s
2025-04-07 13:19:40.760 69700 INFO tempest.lib.common.rest_client [req-4a0f9222-1bdb-46c0-83e1-ba23cd3e8c7d req-4a0f9222-1bdb-46c0-83e1-ba23cd3e8c7d ] Request (FlavorsExtraSpecsNegativeTestJSON:tearDownClass): 204 DELETE http://10.180.1.21:9696/networking/v2.0/security-groups/9d21dd2e-89ff-4341-9bf8-50df1bfc7e1f 0.131s
2025-04-07 13:19:40.769 69666 INFO tempest.common.waiters [-] State transition "BUILD/spawning" ==> "ACTIVE/None" after 46 second wait
2025-04-07 13:19:40.836 69720 INFO tempest.lib.common.rest_client [req-0f978dd4-9c05-4052-94d8-a3222b2d7fd4 req-0f978dd4-9c05-4052-94d8-a3222b2d7fd4 ] Request (ImagesOneServerNegativeTestJSON:_run_cleanups): 200 GET http://10.180.1.21/compute/v2.1/servers/e50dd159-2548-4976-885a-d7251e05cbb1 0.510s
2025-04-07 13:19:40.851 69688 INFO tempest.lib.common.rest_client [req-7902dd71-304d-46ee-9430-c10aee89c84d req-7902dd71-304d-46ee-9430-c10aee89c84d ] Request (ServersV294TestFqdnHostnames:setUpClass): 200 GET http://10.180.1.21/compute/v2.1/servers/72099d69-bd34-4b3d-a940-2b9b6b5936dd 0.482s
2025-04-07 13:19:40.914 69668 INFO tempest.lib.common.rest_client [req-9e2a815e-8aa3-488d-9c36-af0904c5f120 req-9e2a815e-8aa3-488d-9c36-af0904c5f120 ] Request (ServersTestBootFromVolume:setUpClass): 200 GET http://10.180.1.21/volume/v3/volumes/91280b44-9bc1-4bf0-8143-eb623ea76b07 0.041s
2025-04-07 13:19:40.915 69700 INFO tempest.lib.common.rest_client [req-68b10463-3a82-4b20-a509-41b657144875 req-68b10463-3a82-4b20-a509-41b657144875 ] Request (FlavorsExtraSpecsNegativeTestJSON:tearDownClass): 204 DELETE http://10.180.1.21/identity/v3/projects/7cd7096610d54783b395e56da165c878 0.154s
2025-04-07 13:19:40.942 69710 INFO tempest.lib.common.rest_client [req-5ba4fa5f-3b62-44dd-a30c-900efdb82eed req-5ba4fa5f-3b62-44dd-a30c-900efdb82eed ] Request (ServerTagsTestJSON:setUpClass): 200 GET http://10.180.1.21/compute/v2.1/servers/459180b5-f12d-4fb1-95cd-fdeef4e746fc 0.500s
2025-04-07 13:19:40.985 69700 INFO tempest.lib.common.rest_client [req-a15dfdff-feaa-44bf-b8c9-5c9db351d3ec req-a15dfdff-feaa-44bf-b8c9-5c9db351d3ec ] Request (HostsAdminNegativeTestJSON:setUpClass): 201 POST http://10.180.1.21/identity/v3/auth/tokens 0.069s
2025-04-07 13:19:40.985 69690 INFO tempest.lib.common.rest_client [req-a30cb408-e57a-409c-863d-36315f8a58ef req-a30cb408-e57a-409c-863d-36315f8a58ef ] Request (SecurityGroupRulesTestJSON:test_security_group_rules_create_with_optional_cidr): 200 POST http://10.180.1.21/compute/v2.1/os-security-groups 0.492s
2025-04-07 13:19:41.025 69700 INFO tempest.lib.common.rest_client [req-1a3d3c4b-c215-4486-a539-5d72f2b27ead req-1a3d3c4b-c215-4486-a539-5d72f2b27ead ] Request (HostsAdminNegativeTestJSON:setUpClass): 201 POST http://10.180.1.21/identity/v3/auth/tokens 0.038s
2025-04-07 13:19:41.044 69726 INFO tempest.lib.common.rest_client [req-8850a9a1-76d3-496c-aae9-5d9561567861 req-8850a9a1-76d3-496c-aae9-5d9561567861 ] Request (ServerExternalEventsTest:tearDownClass): 200 GET http://10.180.1.21/compute/v2.1/servers/a0e0b86e-7ebf-4f1f-9277-446b879fdf06 0.535s
2025-04-07 13:19:41.069 69670 INFO tempest.lib.common.rest_client [req-4eb3ede1-d09f-454b-96be-fec431a0a135 req-4eb3ede1-d09f-454b-96be-fec431a0a135 ] Request (FloatingIPsAssociationNegativeTestJSON:tearDownClass): 200 GET http://10.180.1.21/compute/v2.1/servers/99885e00-62ad-421a-939a-8ec111ef5214 0.539s
2025-04-07 13:19:41.071 69700 INFO tempest.lib.common.rest_client [req-827300a3-280a-455a-97a5-28f4c1227e72 req-827300a3-280a-455a-97a5-28f4c1227e72 ] Request (HostsAdminNegativeTestJSON:setUpClass): 200 GET http://10.180.1.21/identity/v3/domains?name=Default 0.045s
2025-04-07 13:19:41.116 69700 INFO tempest.lib.common.rest_client [req-4e99e5ab-7a98-45fc-b367-9822d3996cfe req-4e99e5ab-7a98-45fc-b367-9822d3996cfe ] Request (HostsAdminNegativeTestJSON:setUpClass): 201 POST http://10.180.1.21/identity/v3/projects 0.045s
2025-04-07 13:19:41.150 69676 INFO tempest.lib.common.rest_client [req-ee8acfd1-ef5f-42a4-bff6-45c17dbda480 req-ee8acfd1-ef5f-42a4-bff6-45c17dbda480 ] Request (ServerGroup264TestJSON:tearDownClass): 200 PUT http://10.180.1.21:9696/networking/v2.0/routers/c02c08e0-07f3-4765-8e04-2a1a236b15e1/remove_router_interface 1.822s
2025-04-07 13:19:41.153 69722 INFO tempest.lib.common.rest_client [req-e1e24a2e-fa7f-4c63-9ea1-c0125fa1f9c1 req-e1e24a2e-fa7f-4c63-9ea1-c0125fa1f9c1 ] Request (ServersListShow2100Test:test_list_show_rebuild_update_server_2100): 200 GET http://10.180.1.21/compute/v2.1/servers/d24fe5c5-bca0-4f1a-9997-fea677580719 0.531s
2025-04-07 13:19:41.206 69700 INFO tempest.lib.common.rest_client [req-7888ef66-6e5e-449d-a68b-143111a54759 req-7888ef66-6e5e-449d-a68b-143111a54759 ] Request (HostsAdminNegativeTestJSON:setUpClass): 201 POST http://10.180.1.21/identity/v3/users 0.089s
2025-04-07 13:19:41.246 69682 INFO tempest.lib.common.rest_client [req-5359a0a2-4d69-4507-b49e-cf8a108e69f0 req-5359a0a2-4d69-4507-b49e-cf8a108e69f0 ] Request (TenantUsagesTestJSON:tearDownClass): 200 GET http://10.180.1.21/compute/v2.1/servers/582e6f9d-78dd-4f57-b971-fa10a393720d 0.616s
2025-04-07 13:19:41.263 69700 INFO tempest.lib.common.rest_client [req-5507cfe2-49c5-4355-bc15-b03a03efc636 req-5507cfe2-49c5-4355-bc15-b03a03efc636 ] Request (HostsAdminNegativeTestJSON:setUpClass): 200 GET http://10.180.1.21/identity/v3/roles 0.057s
2025-04-07 13:19:41.345 69700 INFO tempest.lib.common.rest_client [req-43851e5c-89d4-4b6a-ba0a-d46f24fd87b5 req-43851e5c-89d4-4b6a-ba0a-d46f24fd87b5 ] Request (HostsAdminNegativeTestJSON:setUpClass): 204 PUT http://10.180.1.21/identity/v3/projects/e99b6ef36b8041e58b8130da074fc17a/users/75efe0d4b5e840b6b1ac3ca400bda6d7/roles/4baa54ae07ee4f9a9e266c3391e47ff5 0.081s
2025-04-07 13:19:41.346 69700 INFO tempest.lib.common.dynamic_creds [-] Dynamic test user 75efe0d4b5e840b6b1ac3ca400bda6d7 is created with scope project and roles: ['member']
2025-04-07 13:19:41.346 69700 INFO tempest.lib.common.dynamic_creds [-] Acquired dynamic creds: credentials: Credentials: {'domain_id': 'default', 'domain_name': 'Default', 'username': 'tempest-HostsAdminNegativeTestJSON-1291385115-project-member', 'project_domain_id': 'default', 'project_domain_name': 'Default', 'project_id': 'e99b6ef36b8041e58b8130da074fc17a', 'project_name': 'tempest-HostsAdminNegativeTestJSON-1291385115', 'tenant_id': 'e99b6ef36b8041e58b8130da074fc17a', 'tenant_name': 'tempest-HostsAdminNegativeTestJSON-1291385115', 'user_domain_id': 'default', 'user_domain_name': 'Default', 'user_id': '75efe0d4b5e840b6b1ac3ca400bda6d7', 'system': None}, Network: None, Subnet: None, Router: None
2025-04-07 13:19:41.346 69700 INFO tempest.lib.common.dynamic_creds [-] Created isolated network resources for: credentials: Credentials: {'domain_id': 'default', 'domain_name': 'Default', 'username': 'tempest-HostsAdminNegativeTestJSON-1291385115-project-member', 'project_domain_id': 'default', 'project_domain_name': 'Default', 'project_id': 'e99b6ef36b8041e58b8130da074fc17a', 'project_name': 'tempest-HostsAdminNegativeTestJSON-1291385115', 'tenant_id': 'e99b6ef36b8041e58b8130da074fc17a', 'tenant_name': 'tempest-HostsAdminNegativeTestJSON-1291385115', 'user_domain_id': 'default', 'user_domain_name': 'Default', 'user_id': '75efe0d4b5e840b6b1ac3ca400bda6d7', 'system': None}, Network: None, Subnet: None, Router: None
2025-04-07 13:19:41.346 69686 INFO tempest.lib.common.rest_client [req-ae7a328a-75f0-48e1-aa48-4680f7b930cb req-ae7a328a-75f0-48e1-aa48-4680f7b930cb ] Request (FloatingIPsAssociationTestJSON:test_associate_already_associated_floating_ip): 200 GET http://10.180.1.21/compute/v2.1/servers/a2c4ba9c-89f7-42c4-b784-fc527e421c32 0.640s
2025-04-07 13:19:41.395 69708 INFO tempest.lib.common.rest_client [req-723d2e59-fd80-42fa-9aa6-a4bf6fff0622 req-723d2e59-fd80-42fa-9aa6-a4bf6fff0622 ] Request (AttachInterfacesV270Test:tearDownClass): 200 GET http://10.180.1.21/compute/v2.1/servers/1850df94-4631-446f-81e0-8feacc37086d 0.686s
2025-04-07 13:19:41.465 69700 INFO tempest.lib.common.rest_client [req-ed9e6413-1ba7-4264-87eb-91334e9036f8 req-ed9e6413-1ba7-4264-87eb-91334e9036f8 ] Request (HostsAdminNegativeTestJSON:setUpClass): 201 POST http://10.180.1.21/identity/v3/auth/tokens 0.112s
2025-04-07 13:19:41.478 69714 INFO tempest.lib.common.rest_client [req-4ff1d201-5298-40ab-add7-0027e54c2c35 req-4ff1d201-5298-40ab-add7-0027e54c2c35 ] Request (ServerDiagnosticsV248Test:tearDownClass): 200 GET http://10.180.1.21/compute/v2.1/servers/bd174ab6-2669-48bd-8df8-f8595d39e61c 0.692s
2025-04-07 13:19:41.497 69666 INFO tempest.lib.common.rest_client [req-f8183f79-c623-4bea-8a5f-45d9e360f00a req-f8183f79-c623-4bea-8a5f-45d9e360f00a ] Request (ServersTestFqdnHostnames:test_create_server_with_fqdn_name): 200 GET http://10.180.1.21/compute/v2.1/servers/2e37b452-ee15-4882-ad00-50c29af0c10d/os-interface 0.727s
2025-04-07 13:19:41.560 69700 INFO tempest.lib.common.rest_client [req-f4414584-1523-4117-9135-b862c3689558 req-f4414584-1523-4117-9135-b862c3689558 ] Request (HostsAdminNegativeTestJSON:setUpClass): 201 POST http://10.180.1.21/identity/v3/projects 0.094s
2025-04-07 13:19:41.608 69698 INFO tempest.lib.common.rest_client [req-23a3d0c5-dba7-498e-a47d-037ae23a07c3 req-23a3d0c5-dba7-498e-a47d-037ae23a07c3 ] Request (MigrationsAdminTest:test_list_migrations_in_flavor_resize_situation): 200 GET http://10.180.1.21/compute/v2.1/servers/094f62b3-214b-4ea3-9cdf-8263b6a782d6 0.676s
2025-04-07 13:19:41.630 69700 INFO tempest.lib.common.rest_client [req-2987f061-f47c-4d01-b32d-3e809bae0ad3 req-2987f061-f47c-4d01-b32d-3e809bae0ad3 ] Request (HostsAdminNegativeTestJSON:setUpClass): 201 POST http://10.180.1.21/identity/v3/users 0.070s
2025-04-07 13:19:41.652 69700 INFO tempest.lib.common.rest_client [req-f1c5205b-c39a-46e1-8a77-e8dd66a4d242 req-f1c5205b-c39a-46e1-8a77-e8dd66a4d242 ] Request (HostsAdminNegativeTestJSON:setUpClass): 200 GET http://10.180.1.21/identity/v3/roles 0.022s
2025-04-07 13:19:41.688 69700 INFO tempest.lib.common.rest_client [req-1d38aa7f-e951-43a0-a922-0ddd8eb22033 req-1d38aa7f-e951-43a0-a922-0ddd8eb22033 ] Request (HostsAdminNegativeTestJSON:setUpClass): 204 PUT http://10.180.1.21/identity/v3/projects/5851aec1dd2d491daa970d5e9b794a9a/users/4f059e9fa1184bceabfe8a5e432e86c6/roles/b59f10e48943454184a4c1dce2aeb211 0.035s
2025-04-07 13:19:41.693 69694 INFO tempest.lib.common.rest_client [req-7c69f0e0-f11e-40ab-a987-f382aaf19baa req-7c69f0e0-f11e-40ab-a987-f382aaf19baa ] Request (AttachInterfacesUnderV243Test:test_add_remove_fixed_ip): 200 GET http://10.180.1.21/compute/v2.1/servers/c99fda1f-10fb-41aa-ad81-54c0f09ca10c 0.679s
2025-04-07 13:19:41.743 69700 INFO tempest.lib.common.rest_client [req-0c2ca263-beb7-4a29-9211-5f511fb170d5 req-0c2ca263-beb7-4a29-9211-5f511fb170d5 ] Request (HostsAdminNegativeTestJSON:setUpClass): 200 GET http://10.180.1.21/identity/v3/roles 0.055s
2025-04-07 13:19:41.754 69676 INFO tempest.lib.common.rest_client [req-cb81fe49-a40b-42b7-96a2-7ae38aa87876 req-cb81fe49-a40b-42b7-96a2-7ae38aa87876 ] Request (ServerGroup264TestJSON:tearDownClass): 204 DELETE http://10.180.1.21:9696/networking/v2.0/routers/c02c08e0-07f3-4765-8e04-2a1a236b15e1 0.604s
2025-04-07 13:19:41.757 69728 INFO tempest.lib.common.rest_client [req-8cd29a4d-8872-41a1-b42a-ca81b8311b24 req-8cd29a4d-8872-41a1-b42a-ca81b8311b24 ] Request (ServerActionsTestOtherA:setUpClass): 200 GET http://10.180.1.21/compute/v2.1/servers/0cd708bf-51b9-4ca2-8e64-06aacc6c8125 0.655s
2025-04-07 13:19:41.772 69700 INFO tempest.lib.common.rest_client [req-1ce2e7c5-4c7e-4460-b500-6ed3a3f4af1b req-1ce2e7c5-4c7e-4460-b500-6ed3a3f4af1b ] Request (HostsAdminNegativeTestJSON:setUpClass): 204 PUT http://10.180.1.21/identity/v3/projects/5851aec1dd2d491daa970d5e9b794a9a/users/4f059e9fa1184bceabfe8a5e432e86c6/roles/b59f10e48943454184a4c1dce2aeb211 0.029s
2025-04-07 13:19:41.773 69700 INFO tempest.lib.common.dynamic_creds [-] Dynamic test user 4f059e9fa1184bceabfe8a5e432e86c6 is created with scope project and roles: ['admin']
2025-04-07 13:19:41.773 69700 INFO tempest.lib.common.dynamic_creds [-] Acquired dynamic creds: credentials: Credentials: {'domain_id': 'default', 'domain_name': 'Default', 'username': 'tempest-HostsAdminNegativeTestJSON-473345399-project-admin', 'project_domain_id': 'default', 'project_domain_name': 'Default', 'project_id': '5851aec1dd2d491daa970d5e9b794a9a', 'project_name': 'tempest-HostsAdminNegativeTestJSON-473345399', 'tenant_id': '5851aec1dd2d491daa970d5e9b794a9a', 'tenant_name': 'tempest-HostsAdminNegativeTestJSON-473345399', 'user_domain_id': 'default', 'user_domain_name': 'Default', 'user_id': '4f059e9fa1184bceabfe8a5e432e86c6', 'system': None}, Network: None, Subnet: None, Router: None
2025-04-07 13:19:41.773 69700 INFO tempest.lib.common.dynamic_creds [-] Created isolated network resources for: credentials: Credentials: {'domain_id': 'default', 'domain_name': 'Default', 'username': 'tempest-HostsAdminNegativeTestJSON-473345399-project-admin', 'project_domain_id': 'default', 'project_domain_name': 'Default', 'project_id': '5851aec1dd2d491daa970d5e9b794a9a', 'project_name': 'tempest-HostsAdminNegativeTestJSON-473345399', 'tenant_id': '5851aec1dd2d491daa970d5e9b794a9a', 'tenant_name': 'tempest-HostsAdminNegativeTestJSON-473345399', 'user_domain_id': 'default', 'user_domain_name': 'Default', 'user_id': '4f059e9fa1184bceabfe8a5e432e86c6', 'system': None}, Network: None, Subnet: None, Router: None
2025-04-07 13:19:41.838 69684 INFO tempest.lib.common.rest_client [req-c18027d3-d513-4dd9-b03d-b07d7c80d005 req-c18027d3-d513-4dd9-b03d-b07d7c80d005 ] Request (ServersAdminNegativeTestJSON:test_migrate_server_invalid_state): 200 GET http://10.180.1.21/compute/v2.1/servers/b1e59caf-ffdc-4f32-9c58-6470ad4da097 0.659s
2025-04-07 13:19:41.877 69700 INFO tempest.lib.common.rest_client [req-5b205b73-a557-4edd-983a-9b0a2410de81 req-5b205b73-a557-4edd-983a-9b0a2410de81 ] Request (HostsAdminNegativeTestJSON:setUpClass): 201 POST http://10.180.1.21/identity/v3/auth/tokens 0.099s
2025-04-07 13:19:41.908 69718 INFO tempest.lib.common.rest_client [req-d9de2b31-dbd7-48c5-9d3c-a5137cb8efc9 req-d9de2b31-dbd7-48c5-9d3c-a5137cb8efc9 ] Request (ServerShowV247Test:test_update_rebuild_list_server): 200 GET http://10.180.1.21/compute/v2.1/servers/69df2326-c132-43db-995d-3496db931933 0.651s
2025-04-07 13:19:41.956 69668 INFO tempest.lib.common.rest_client [req-5f452491-655a-4ca9-b592-f7d403c8eb83 req-5f452491-655a-4ca9-b592-f7d403c8eb83 ] Request (ServersTestBootFromVolume:setUpClass): 200 GET http://10.180.1.21/volume/v3/volumes/91280b44-9bc1-4bf0-8143-eb623ea76b07 0.031s
2025-04-07 13:19:41.993 69716 INFO tempest.lib.common.rest_client [req-cf2f29be-ffa7-43d4-a499-9b05b9a9c451 req-cf2f29be-ffa7-43d4-a499-9b05b9a9c451 ] Request (ServersTestMultiNic:_run_cleanups): 200 GET http://10.180.1.21/compute/v2.1/servers/7a1b62ef-ceaf-4167-9d6c-0140afde1077 0.660s
2025-04-07 13:19:42.035 69690 INFO tempest.lib.common.rest_client [req-b728d73a-cfeb-4208-97b2-b15387b0a7c5 req-b728d73a-cfeb-4208-97b2-b15387b0a7c5 ] Request (SecurityGroupRulesTestJSON:test_security_group_rules_create_with_optional_cidr): 200 POST http://10.180.1.21/compute/v2.1/os-security-group-rules 1.044s
2025-04-07 13:19:42.102 69706 INFO tempest.lib.common.rest_client [req-89d633ac-7238-40ec-bd13-db796d090333 req-89d633ac-7238-40ec-bd13-db796d090333 ] Request (AttachInterfacesTestJSON:test_create_list_show_delete_interfaces_by_fixed_ip): 200 GET http://10.180.1.21/compute/v2.1/servers/122d5904-58c5-44f2-9641-0ed315d28c5a 0.707s
2025-04-07 13:19:42.153 69704 INFO tempest.lib.common.rest_client [req-deb597bf-31f7-41fb-b898-ea4d16922a5e req-deb597bf-31f7-41fb-b898-ea4d16922a5e ] Request (ServersAdminTestJSON:setUpClass): 200 GET http://10.180.1.21/compute/v2.1/servers/17c6ed86-c995-4238-84da-127353dd6ee0 0.583s
2025-04-07 13:19:42.196 69702 INFO tempest.lib.common.rest_client [req-96492f30-fcbe-4d3b-84b3-dc24d4358a62 req-96492f30-fcbe-4d3b-84b3-dc24d4358a62 ] Request (DeleteServersAdminTestJSON:test_delete_server_while_in_error_state): 200 GET http://10.180.1.21/compute/v2.1/servers/10244d94-b2bf-4144-b863-93c1b6365d9d 0.552s
2025-04-07 13:19:42.352 69680 INFO tempest.lib.common.rest_client [req-a6b401dd-bb68-4bfc-8265-5d8504ef3f19 req-a6b401dd-bb68-4bfc-8265-5d8504ef3f19 ] Request (ImagesTestJSON:test_create_image_from_stopped_server): 200 GET http://10.180.1.21/compute/v2.1/servers/025443af-76e3-49ff-b668-ce57cb0c71b3 0.707s
2025-04-07 13:19:42.432 69672 INFO tempest.lib.common.rest_client [req-0f85f1d5-74b8-490f-aa2c-b38be1c0be58 req-0f85f1d5-74b8-490f-aa2c-b38be1c0be58 ] Request (ServerDiagnosticsTest:tearDownClass): 200 GET http://10.180.1.21/compute/v2.1/servers/fec0818b-688d-479e-b35d-dfce49c3348b 0.699s
2025-04-07 13:19:42.512 69720 INFO tempest.lib.common.rest_client [req-c6a496f9-4902-4d02-aa01-90ee3e4a46b6 req-c6a496f9-4902-4d02-aa01-90ee3e4a46b6 ] Request (ImagesOneServerNegativeTestJSON:_run_cleanups): 200 GET http://10.180.1.21/compute/v2.1/servers/e50dd159-2548-4976-885a-d7251e05cbb1 0.664s
2025-04-07 13:19:42.563 69696 INFO tempest.lib.common.rest_client [req-0316f6f5-624f-47bd-bba5-e858ed74a858 req-0316f6f5-624f-47bd-bba5-e858ed74a858 ] Request (ListImageFiltersTestJSON:setUpClass): 200 GET http://10.180.1.21/compute/v2.1/servers/691ba63f-02ab-432b-abde-97274fa19cda 1.097s
2025-04-07 13:19:42.572 69696 INFO tempest.common.waiters [-] State transition "BUILD/networking" ==> "BUILD/spawning" after 44 second wait
2025-04-07 13:19:42.583 69676 INFO tempest.lib.common.rest_client [req-a6aa1f40-3a45-4f65-b685-1df36ad04d73 req-a6aa1f40-3a45-4f65-b685-1df36ad04d73 ] Request (ServerGroup264TestJSON:tearDownClass): 204 DELETE http://10.180.1.21:9696/networking/v2.0/subnets/5da4714c-8cf2-4eaf-8981-c50be7012e02 0.827s
2025-04-07 13:19:42.599 69688 INFO tempest.lib.common.rest_client [req-2e463590-a332-4dfc-a1dc-e896cb551eec req-2e463590-a332-4dfc-a1dc-e896cb551eec ] Request (ServersV294TestFqdnHostnames:setUpClass): 200 GET http://10.180.1.21/compute/v2.1/servers/72099d69-bd34-4b3d-a940-2b9b6b5936dd 0.730s
2025-04-07 13:19:42.682 69700 INFO tempest.lib.common.rest_client [req-b470a419-5575-4cae-bb49-2f09aa4e77fe req-b470a419-5575-4cae-bb49-2f09aa4e77fe ] Request (HostsAdminNegativeTestJSON:setUpClass): 200 GET http://10.180.1.21/compute/v2.1/os-hosts 0.801s
2025-04-07 13:19:42.689 69710 INFO tempest.lib.common.rest_client [req-912a7353-b71f-42c2-94c5-5d5259918e8f req-912a7353-b71f-42c2-94c5-5d5259918e8f ] Request (ServerTagsTestJSON:setUpClass): 200 GET http://10.180.1.21/compute/v2.1/servers/459180b5-f12d-4fb1-95cd-fdeef4e746fc 0.732s
2025-04-07 13:19:42.753 69676 INFO tempest.lib.common.rest_client [req-d3507d2b-c8f5-4889-b65f-1142039e80e8 req-d3507d2b-c8f5-4889-b65f-1142039e80e8 ] Request (ServerGroup264TestJSON:tearDownClass): 204 DELETE http://10.180.1.21:9696/networking/v2.0/networks/f68329f5-3161-4071-8ac9-f480530a8de4 0.169s
2025-04-07 13:19:42.761 69726 INFO tempest.lib.common.rest_client [req-563dfd98-8d32-42e6-830b-2ba5521bb4d0 req-563dfd98-8d32-42e6-830b-2ba5521bb4d0 ] Request (ServerExternalEventsTest:tearDownClass): 200 GET http://10.180.1.21/compute/v2.1/servers/a0e0b86e-7ebf-4f1f-9277-446b879fdf06 0.696s
2025-04-07 13:19:42.835 69670 INFO tempest.lib.common.rest_client [req-a6205179-58b3-4482-847b-6d4ef65704a5 req-a6205179-58b3-4482-847b-6d4ef65704a5 ] Request (FloatingIPsAssociationNegativeTestJSON:tearDownClass): 200 GET http://10.180.1.21/compute/v2.1/servers/99885e00-62ad-421a-939a-8ec111ef5214 0.749s
2025-04-07 13:19:42.892 69676 INFO tempest.lib.common.rest_client [req-0c855f27-bcf3-4914-9b01-c91ef930a875 req-0c855f27-bcf3-4914-9b01-c91ef930a875 ] Request (ServerGroup264TestJSON:tearDownClass): 204 DELETE http://10.180.1.21/identity/v3/users/f65caf0cd2ed418fa10fa89fceb3c6ed 0.139s
2025-04-07 13:19:42.893 69676 INFO tempest.lib.common.dynamic_creds [-] Deleting project and security group for project: 73d1d1d4e7b74f87a99d1579ac1d7448
2025-04-07 13:19:42.930 69722 INFO tempest.lib.common.rest_client [req-76323673-d459-41e8-a4f9-caa809bd333e req-76323673-d459-41e8-a4f9-caa809bd333e ] Request (ServersListShow2100Test:test_list_show_rebuild_update_server_2100): 200 GET http://10.180.1.21/compute/v2.1/servers/d24fe5c5-bca0-4f1a-9997-fea677580719 0.761s
2025-04-07 13:19:42.932 69676 INFO tempest.lib.common.rest_client [req-75b00c6f-6279-4800-8d97-ce81dfcfb07e req-75b00c6f-6279-4800-8d97-ce81dfcfb07e ] Request (ServerGroup264TestJSON:tearDownClass): 200 GET http://10.180.1.21:9696/networking/v2.0/security-groups?tenant_id=73d1d1d4e7b74f87a99d1579ac1d7448&name=default 0.039s
2025-04-07 13:19:42.948 69690 INFO tempest.lib.common.rest_client [req-dc03795e-f530-4a40-9062-16929192e184 req-dc03795e-f530-4a40-9062-16929192e184 ] Request (SecurityGroupRulesTestJSON:test_security_group_rules_create_with_optional_group_id): 200 POST http://10.180.1.21/compute/v2.1/os-security-groups 0.908s
