2025-04-07 13:18:24.502 69688 INFO tempest.lib.common.dynamic_creds [-] Dynamic test user 9cd7f723e7ed461980a8adf21929ccd5 is created with scope project and roles: ['member']
2025-04-07 13:18:24.502 69688 INFO tempest.lib.common.dynamic_creds [-] Acquired dynamic creds: credentials: Credentials: {'domain_id': 'default', 'domain_name': 'Default', 'username': 'tempest-FlavorMetadataValidation-1847524866-project-member', 'project_domain_id': 'default', 'project_domain_name': 'Default', 'project_id': '07c68f92d1044c51a375e0a28abe4bfe', 'project_name': 'tempest-FlavorMetadataValidation-1847524866', 'tenant_id': '07c68f92d1044c51a375e0a28abe4bfe', 'tenant_name': 'tempest-FlavorMetadataValidation-1847524866', 'user_domain_id': 'default', 'user_domain_name': 'Default', 'user_id': '9cd7f723e7ed461980a8adf21929ccd5', 'system': None}, Network: None, Subnet: None, Router: None
2025-04-07 13:18:24.502 69688 INFO tempest.lib.common.dynamic_creds [-] Created isolated network resources for: credentials: Credentials: {'domain_id': 'default', 'domain_name': 'Default', 'username': 'tempest-FlavorMetadataValidation-1847524866-project-member', 'project_domain_id': 'default', 'project_domain_name': 'Default', 'project_id': '07c68f92d1044c51a375e0a28abe4bfe', 'project_name': 'tempest-FlavorMetadataValidation-1847524866', 'tenant_id': '07c68f92d1044c51a375e0a28abe4bfe', 'tenant_name': 'tempest-FlavorMetadataValidation-1847524866', 'user_domain_id': 'default', 'user_domain_name': 'Default', 'user_id': '9cd7f723e7ed461980a8adf21929ccd5', 'system': None}, Network: None, Subnet: None, Router: None
2025-04-07 13:18:24.564 69710 INFO tempest.lib.common.rest_client [req-1ddc7d17-2555-4901-af95-72abc5eb71bd req-1ddc7d17-2555-4901-af95-72abc5eb71bd ] Request (FlavorsAccessTestJSON:setUpClass): 201 POST http://10.180.1.21/identity/v3/users 0.653s
2025-04-07 13:18:24.564 69692 INFO tempest.lib.common.rest_client [req-39d85636-122a-41ba-8cda-55182b76ad70 req-39d85636-122a-41ba-8cda-55182b76ad70 ] Request (VolumesAssistedSnapshotsTest:setUpClass): 201 POST http://10.180.1.21/identity/v3/projects 0.682s
2025-04-07 13:18:24.576 69696 INFO tempest.lib.common.rest_client [req-846db5fa-e65d-4e4a-9f60-a988634e9acc req-846db5fa-e65d-4e4a-9f60-a988634e9acc ] Request (FlavorsExtraSpecsTestJSON:tearDownClass): 200 GET http://10.180.1.21:9696/networking/v2.0/security-groups?tenant_id=19b74b659d934bea924ef5ddeabcdceb&name=default 0.180s
2025-04-07 13:18:24.620 69718 INFO tempest.lib.common.rest_client [req-552c157c-9928-42f8-91b3-dce47e6e9a53 req-552c157c-9928-42f8-91b3-dce47e6e9a53 ] Request (FlavorsV255TestJSON:setUpClass): 204 PUT http://10.180.1.21/identity/v3/projects/0a56d9ce48c64ec2b7a5a6959ecdcb42/users/82ecd97f422a4a7599f8b72bf13f666a/roles/b59f10e48943454184a4c1dce2aeb211 0.662s
2025-04-07 13:18:24.658 69696 INFO tempest.lib.common.rest_client [req-29febac8-b124-4bd7-a598-99328eac9b73 req-29febac8-b124-4bd7-a598-99328eac9b73 ] Request (FlavorsExtraSpecsTestJSON:tearDownClass): 204 DELETE http://10.180.1.21:9696/networking/v2.0/security-groups/86570d69-2527-4303-bf38-de31c3c180a5 0.082s
2025-04-07 13:18:24.683 69698 INFO tempest.lib.common.rest_client [req-bed38eef-1e8e-48ba-8161-cba6d4f70058 req-bed38eef-1e8e-48ba-8161-cba6d4f70058 ] Request (MigrationsAdminTest:setUpClass): 200 GET http://10.180.1.21/identity/v3/roles 0.716s
2025-04-07 13:18:24.700 69708 INFO tempest.lib.common.rest_client [req-c3a0e597-3b92-4928-840a-e3e802598ee8 req-c3a0e597-3b92-4928-840a-e3e802598ee8 ] Request (KeyPairsNegativeTestJSON:test_create_keypair_invalid_name): 400 POST http://10.180.1.21/compute/v2.1/os-keypairs 0.781s
2025-04-07 13:18:24.705 69714 INFO tempest.lib.common.rest_client [req-6fe89c4d-0427-4c09-a229-68f70130e9af req-6fe89c4d-0427-4c09-a229-68f70130e9af ] Request (ServerDiagnosticsV248Test:setUpClass): 200 GET http://10.180.1.21/identity/v3/roles 0.725s
2025-04-07 13:18:24.734 69682 INFO tempest.lib.common.rest_client [req-46e42712-9e8e-4ff4-b932-d149093953c6 req-46e42712-9e8e-4ff4-b932-d149093953c6 ] Request (HypervisorAdminTestJSON:setUpClass): 204 PUT http://10.180.1.21/identity/v3/projects/2ace6a1aa0f04d36a4ccfe998f4bc8b8/users/0009a389af264271bb3d01a34495481a/roles/4baa54ae07ee4f9a9e266c3391e47ff5 0.733s
2025-04-07 13:18:24.734 69682 INFO tempest.lib.common.dynamic_creds [-] Dynamic test user 0009a389af264271bb3d01a34495481a is created with scope project and roles: ['member']
2025-04-07 13:18:24.734 69682 INFO tempest.lib.common.dynamic_creds [-] Acquired dynamic creds: credentials: Credentials: {'domain_id': 'default', 'domain_name': 'Default', 'username': 'tempest-HypervisorAdminTestJSON-1762130051-project-member', 'project_domain_id': 'default', 'project_domain_name': 'Default', 'project_id': '2ace6a1aa0f04d36a4ccfe998f4bc8b8', 'project_name': 'tempest-HypervisorAdminTestJSON-1762130051', 'tenant_id': '2ace6a1aa0f04d36a4ccfe998f4bc8b8', 'tenant_name': 'tempest-HypervisorAdminTestJSON-1762130051', 'user_domain_id': 'default', 'user_domain_name': 'Default', 'user_id': '0009a389af264271bb3d01a34495481a', 'system': None}, Network: None, Subnet: None, Router: None
2025-04-07 13:18:24.734 69682 INFO tempest.lib.common.dynamic_creds [-] Created isolated network resources for: credentials: Credentials: {'domain_id': 'default', 'domain_name': 'Default', 'username': 'tempest-HypervisorAdminTestJSON-1762130051-project-member', 'project_domain_id': 'default', 'project_domain_name': 'Default', 'project_id': '2ace6a1aa0f04d36a4ccfe998f4bc8b8', 'project_name': 'tempest-HypervisorAdminTestJSON-1762130051', 'tenant_id': '2ace6a1aa0f04d36a4ccfe998f4bc8b8', 'tenant_name': 'tempest-HypervisorAdminTestJSON-1762130051', 'user_domain_id': 'default', 'user_domain_name': 'Default', 'user_id': '0009a389af264271bb3d01a34495481a', 'system': None}, Network: None, Subnet: None, Router: None
2025-04-07 13:18:24.792 69722 INFO tempest.lib.common.rest_client [req-476b7c1d-6787-4fae-8454-a64295a5cad2 req-476b7c1d-6787-4fae-8454-a64295a5cad2 ] Request (QuotasAdminTestV236:setUpClass): 204 PUT http://10.180.1.21/identity/v3/projects/f46d8db9ea0f4b4abd9b2a1e26df2f67/users/93507f0ca47b475080cae1d2880069ec/roles/4baa54ae07ee4f9a9e266c3391e47ff5 0.784s
2025-04-07 13:18:24.792 69722 INFO tempest.lib.common.dynamic_creds [-] Dynamic test user 93507f0ca47b475080cae1d2880069ec is created with scope project and roles: ['member']
2025-04-07 13:18:24.792 69722 INFO tempest.lib.common.dynamic_creds [-] Acquired dynamic creds: credentials: Credentials: {'domain_id': 'default', 'domain_name': 'Default', 'username': 'tempest-QuotasAdminTestV236-142596698-project-member', 'project_domain_id': 'default', 'project_domain_name': 'Default', 'project_id': 'f46d8db9ea0f4b4abd9b2a1e26df2f67', 'project_name': 'tempest-QuotasAdminTestV236-142596698', 'tenant_id': 'f46d8db9ea0f4b4abd9b2a1e26df2f67', 'tenant_name': 'tempest-QuotasAdminTestV236-142596698', 'user_domain_id': 'default', 'user_domain_name': 'Default', 'user_id': '93507f0ca47b475080cae1d2880069ec', 'system': None}, Network: None, Subnet: None, Router: None
2025-04-07 13:18:24.793 69722 INFO tempest.lib.common.dynamic_creds [-] Created isolated network resources for: credentials: Credentials: {'domain_id': 'default', 'domain_name': 'Default', 'username': 'tempest-QuotasAdminTestV236-142596698-project-member', 'project_domain_id': 'default', 'project_domain_name': 'Default', 'project_id': 'f46d8db9ea0f4b4abd9b2a1e26df2f67', 'project_name': 'tempest-QuotasAdminTestV236-142596698', 'tenant_id': 'f46d8db9ea0f4b4abd9b2a1e26df2f67', 'tenant_name': 'tempest-QuotasAdminTestV236-142596698', 'user_domain_id': 'default', 'user_domain_name': 'Default', 'user_id': '93507f0ca47b475080cae1d2880069ec', 'system': None}, Network: None, Subnet: None, Router: None
2025-04-07 13:18:24.798 69672 INFO tempest.lib.common.rest_client [req-5ee48920-324e-4e2c-8288-e84beafaf648 req-5ee48920-324e-4e2c-8288-e84beafaf648 ] Request (ServerDiagnosticsTest:setUpClass): 204 PUT http://10.180.1.21/identity/v3/projects/fb41ef9d28fe4ea0be32ba386f816091/users/06e51cf924ff4ceb8b46e1f495c4199d/roles/4baa54ae07ee4f9a9e266c3391e47ff5 0.777s
2025-04-07 13:18:24.798 69672 INFO tempest.lib.common.dynamic_creds [-] Dynamic test user 06e51cf924ff4ceb8b46e1f495c4199d is created with scope project and roles: ['member']
2025-04-07 13:18:24.798 69672 INFO tempest.lib.common.dynamic_creds [-] Acquired dynamic creds: credentials: Credentials: {'domain_id': 'default', 'domain_name': 'Default', 'username': 'tempest-ServerDiagnosticsTest-1638312539-project-member', 'project_domain_id': 'default', 'project_domain_name': 'Default', 'project_id': 'fb41ef9d28fe4ea0be32ba386f816091', 'project_name': 'tempest-ServerDiagnosticsTest-1638312539', 'tenant_id': 'fb41ef9d28fe4ea0be32ba386f816091', 'tenant_name': 'tempest-ServerDiagnosticsTest-1638312539', 'user_domain_id': 'default', 'user_domain_name': 'Default', 'user_id': '06e51cf924ff4ceb8b46e1f495c4199d', 'system': None}, Network: None, Subnet: None, Router: None
2025-04-07 13:18:24.798 69672 INFO tempest.lib.common.dynamic_creds [-] Created isolated network resources for: credentials: Credentials: {'domain_id': 'default', 'domain_name': 'Default', 'username': 'tempest-ServerDiagnosticsTest-1638312539-project-member', 'project_domain_id': 'default', 'project_domain_name': 'Default', 'project_id': 'fb41ef9d28fe4ea0be32ba386f816091', 'project_name': 'tempest-ServerDiagnosticsTest-1638312539', 'tenant_id': 'fb41ef9d28fe4ea0be32ba386f816091', 'tenant_name': 'tempest-ServerDiagnosticsTest-1638312539', 'user_domain_id': 'default', 'user_domain_name': 'Default', 'user_id': '06e51cf924ff4ceb8b46e1f495c4199d', 'system': None}, Network: None, Subnet: None, Router: None
2025-04-07 13:18:24.876 69720 INFO tempest.lib.common.rest_client [req-f20d7eb5-dc91-4f12-a141-cfdbb6b641d4 req-f20d7eb5-dc91-4f12-a141-cfdbb6b641d4 ] Request (ImagesOneServerNegativeTestJSON:setUpClass): 204 PUT http://10.180.1.21/identity/v3/projects/ff2d7a5031604ff5b5ad4808fbcbb2c3/users/f39882a36fb844e1bec8d4be02059b7e/roles/4baa54ae07ee4f9a9e266c3391e47ff5 0.815s
2025-04-07 13:18:24.876 69694 INFO tempest.lib.common.rest_client [req-cf66bc87-3441-4515-8323-e929080e6720 req-cf66bc87-3441-4515-8323-e929080e6720 ] Request (ServicesAdminNegativeTestJSON:setUpClass): 204 PUT http://10.180.1.21/identity/v3/projects/4085563361b143118a0630bcbb9ead6e/users/b6438f0af69b46fa906a9b928926b297/roles/4baa54ae07ee4f9a9e266c3391e47ff5 0.836s
2025-04-07 13:18:24.876 69720 INFO tempest.lib.common.dynamic_creds [-] Dynamic test user f39882a36fb844e1bec8d4be02059b7e is created with scope project and roles: ['member']
2025-04-07 13:18:24.876 69694 INFO tempest.lib.common.dynamic_creds [-] Dynamic test user b6438f0af69b46fa906a9b928926b297 is created with scope project and roles: ['member']
2025-04-07 13:18:24.877 69720 INFO tempest.lib.common.dynamic_creds [-] Acquired dynamic creds: credentials: Credentials: {'domain_id': 'default', 'domain_name': 'Default', 'username': 'tempest-ImagesOneServerNegativeTestJSON-1225314830-project-member', 'project_domain_id': 'default', 'project_domain_name': 'Default', 'project_id': 'ff2d7a5031604ff5b5ad4808fbcbb2c3', 'project_name': 'tempest-ImagesOneServerNegativeTestJSON-1225314830', 'tenant_id': 'ff2d7a5031604ff5b5ad4808fbcbb2c3', 'tenant_name': 'tempest-ImagesOneServerNegativeTestJSON-1225314830', 'user_domain_id': 'default', 'user_domain_name': 'Default', 'user_id': 'f39882a36fb844e1bec8d4be02059b7e', 'system': None}, Network: None, Subnet: None, Router: None
2025-04-07 13:18:24.877 69694 INFO tempest.lib.common.dynamic_creds [-] Acquired dynamic creds: credentials: Credentials: {'domain_id': 'default', 'domain_name': 'Default', 'username': 'tempest-ServicesAdminNegativeTestJSON-677016320-project-member', 'project_domain_id': 'default', 'project_domain_name': 'Default', 'project_id': '4085563361b143118a0630bcbb9ead6e', 'project_name': 'tempest-ServicesAdminNegativeTestJSON-677016320', 'tenant_id': '4085563361b143118a0630bcbb9ead6e', 'tenant_name': 'tempest-ServicesAdminNegativeTestJSON-677016320', 'user_domain_id': 'default', 'user_domain_name': 'Default', 'user_id': 'b6438f0af69b46fa906a9b928926b297', 'system': None}, Network: None, Subnet: None, Router: None
2025-04-07 13:18:24.877 69694 INFO tempest.lib.common.dynamic_creds [-] Created isolated network resources for: credentials: Credentials: {'domain_id': 'default', 'domain_name': 'Default', 'username': 'tempest-ServicesAdminNegativeTestJSON-677016320-project-member', 'project_domain_id': 'default', 'project_domain_name': 'Default', 'project_id': '4085563361b143118a0630bcbb9ead6e', 'project_name': 'tempest-ServicesAdminNegativeTestJSON-677016320', 'tenant_id': '4085563361b143118a0630bcbb9ead6e', 'tenant_name': 'tempest-ServicesAdminNegativeTestJSON-677016320', 'user_domain_id': 'default', 'user_domain_name': 'Default', 'user_id': 'b6438f0af69b46fa906a9b928926b297', 'system': None}, Network: None, Subnet: None, Router: None
2025-04-07 13:18:24.916 69708 INFO tempest.lib.common.rest_client [req-f13b5b90-8398-4561-9bd4-021e4b11b940 req-f13b5b90-8398-4561-9bd4-021e4b11b940 ] Request (KeyPairsNegativeTestJSON:test_create_keypair_when_public_key_bits_exceeds_maximum): 400 POST http://10.180.1.21/compute/v2.1/os-keypairs 0.214s
2025-04-07 13:18:24.928 69678 INFO tempest.lib.common.rest_client [req-68f167cf-9628-489f-86ba-5431eeb548fc req-68f167cf-9628-489f-86ba-5431eeb548fc ] Request (HypervisorAdminV253TestBase:tearDownClass): 201 POST http://10.180.1.21/identity/v3/auth/tokens 0.825s
2025-04-07 13:18:24.940 69668 INFO tempest.lib.common.rest_client [req-0a5e1e0c-c4d6-4454-a060-a380a480bf20 req-0a5e1e0c-c4d6-4454-a060-a380a480bf20 ] Request (ServerDiagnosticsNegativeTest:setUpClass): 201 POST http://10.180.1.21/identity/v3/projects 0.822s
2025-04-07 13:18:24.948 69708 INFO tempest.lib.common.rest_client [req-86a95243-5f66-4a8c-acdc-44981d03396d req-86a95243-5f66-4a8c-acdc-44981d03396d ] Request (KeyPairsNegativeTestJSON:test_create_keypair_with_duplicate_name): 200 POST http://10.180.1.21/compute/v2.1/os-keypairs 0.030s
2025-04-07 13:18:24.954 69680 INFO tempest.lib.common.rest_client [req-6ab99926-f9a1-41bf-ab53-e917f1c2482f req-6ab99926-f9a1-41bf-ab53-e917f1c2482f ] Request (HypervisorAdminNegativeTestJSON:setUpClass): 201 POST http://10.180.1.21/identity/v3/users 0.791s
2025-04-07 13:18:24.978 69708 INFO tempest.lib.common.rest_client [req-ee3e4df0-e7bf-4518-96e6-92c60995bcaf req-ee3e4df0-e7bf-4518-96e6-92c60995bcaf ] Request (KeyPairsNegativeTestJSON:test_create_keypair_with_duplicate_name): 409 POST http://10.180.1.21/compute/v2.1/os-keypairs 0.028s
2025-04-07 13:18:25.002 69708 INFO tempest.lib.common.rest_client [req-6096db0c-763c-4418-bc89-f14b18330ca1 req-6096db0c-763c-4418-bc89-f14b18330ca1 ] Request (KeyPairsNegativeTestJSON:test_create_keypair_with_duplicate_name): 202 DELETE http://10.180.1.21/compute/v2.1/os-keypairs/tempest-keypair-2107998724 0.023s
2025-04-07 13:18:25.004 69700 INFO tempest.lib.common.rest_client [req-71329a75-0b8d-4497-bc46-e671e18e633e req-71329a75-0b8d-4497-bc46-e671e18e633e ] Request (AZAdminNegativeTestJSON:setUpClass): 201 POST http://10.180.1.21/identity/v3/auth/tokens 0.786s
2025-04-07 13:18:25.012 69708 INFO tempest.lib.common.rest_client [req-156f5d75-5759-49f9-9294-b2900115f706 req-156f5d75-5759-49f9-9294-b2900115f706 ] Request (KeyPairsNegativeTestJSON:test_create_keypair_with_empty_name_string): 400 POST http://10.180.1.21/compute/v2.1/os-keypairs 0.008s
2025-04-07 13:18:25.025 69726 INFO tempest.lib.common.rest_client [req-581ade53-4d5b-4abc-ab59-914d2b703bd2 req-581ade53-4d5b-4abc-ab59-914d2b703bd2 ] Request (ServerExternalEventsTest:setUpClass): 201 POST http://10.180.1.21/identity/v3/projects 0.791s
2025-04-07 13:18:25.033 69674 INFO tempest.lib.common.rest_client [req-1bc0c26d-b23f-4479-8bac-090a6b344e2c req-1bc0c26d-b23f-4479-8bac-090a6b344e2c ] Request (AZAdminV2TestJSON:setUpClass): 201 POST http://10.180.1.21/identity/v3/users 0.786s
2025-04-07 13:18:25.046 69708 INFO tempest.lib.common.rest_client [req-2bdf7fc9-f748-405f-b5d2-6fcb7a19b5fd req-2bdf7fc9-f748-405f-b5d2-6fcb7a19b5fd ] Request (KeyPairsNegativeTestJSON:test_create_keypair_with_empty_public_key): 400 POST http://10.180.1.21/compute/v2.1/os-keypairs 0.033s
2025-04-07 13:18:25.055 69708 INFO tempest.lib.common.rest_client [req-c0859a30-164f-447c-afa3-8b004892fbf5 req-c0859a30-164f-447c-afa3-8b004892fbf5 ] Request (KeyPairsNegativeTestJSON:test_create_keypair_with_long_keynames): 400 POST http://10.180.1.21/compute/v2.1/os-keypairs 0.008s
2025-04-07 13:18:25.081 69724 INFO tempest.lib.common.rest_client [req-94e3f346-a88b-40fb-9928-8170909dbdd7 req-94e3f346-a88b-40fb-9928-8170909dbdd7 ] Request (HypervisorAdminV228Test:setUpClass): 204 PUT http://10.180.1.21/identity/v3/projects/38749ccc32724112a1119bcc25fa2188/users/7541dde24c33411ebab4e031b7c1ab27/roles/4baa54ae07ee4f9a9e266c3391e47ff5 0.769s
2025-04-07 13:18:25.081 69724 INFO tempest.lib.common.dynamic_creds [-] Dynamic test user 7541dde24c33411ebab4e031b7c1ab27 is created with scope project and roles: ['member']
2025-04-07 13:18:25.081 69724 INFO tempest.lib.common.dynamic_creds [-] Acquired dynamic creds: credentials: Credentials: {'domain_id': 'default', 'domain_name': 'Default', 'username': 'tempest-HypervisorAdminV228Test-1768857509-project-member', 'project_domain_id': 'default', 'project_domain_name': 'Default', 'project_id': '38749ccc32724112a1119bcc25fa2188', 'project_name': 'tempest-HypervisorAdminV228Test-1768857509', 'tenant_id': '38749ccc32724112a1119bcc25fa2188', 'tenant_name': 'tempest-HypervisorAdminV228Test-1768857509', 'user_domain_id': 'default', 'user_domain_name': 'Default', 'user_id': '7541dde24c33411ebab4e031b7c1ab27', 'system': None}, Network: None, Subnet: None, Router: None
2025-04-07 13:18:25.082 69724 INFO tempest.lib.common.dynamic_creds [-] Created isolated network resources for: credentials: Credentials: {'domain_id': 'default', 'domain_name': 'Default', 'username': 'tempest-HypervisorAdminV228Test-1768857509-project-member', 'project_domain_id': 'default', 'project_domain_name': 'Default', 'project_id': '38749ccc32724112a1119bcc25fa2188', 'project_name': 'tempest-HypervisorAdminV228Test-1768857509', 'tenant_id': '38749ccc32724112a1119bcc25fa2188', 'tenant_name': 'tempest-HypervisorAdminV228Test-1768857509', 'user_domain_id': 'default', 'user_domain_name': 'Default', 'user_id': '7541dde24c33411ebab4e031b7c1ab27', 'system': None}, Network: None, Subnet: None, Router: None
2025-04-07 13:18:25.085 69708 INFO tempest.lib.common.rest_client [req-36032cbb-b1fb-4515-b015-5509b1061fcc req-36032cbb-b1fb-4515-b015-5509b1061fcc ] Request (KeyPairsNegativeTestJSON:test_keypair_create_with_invalid_pub_key): 400 POST http://10.180.1.21/compute/v2.1/os-keypairs 0.028s
2025-04-07 13:18:25.101 69702 INFO tempest.lib.common.rest_client [req-d0aeaeae-088a-4b30-92d1-f88d31bfcfc5 req-d0aeaeae-088a-4b30-92d1-f88d31bfcfc5 ] Request (DeleteServersAdminTestJSON:setUpClass): 201 POST http://10.180.1.21/identity/v3/auth/tokens 0.788s
2025-04-07 13:18:25.101 69708 INFO tempest.lib.common.rest_client [req-e227da85-0e98-43c7-b10d-9ca72bab3fb0 req-e227da85-0e98-43c7-b10d-9ca72bab3fb0 ] Request (KeyPairsNegativeTestJSON:test_keypair_delete_nonexistent_key): 404 DELETE http://10.180.1.21/compute/v2.1/os-keypairs/tempest-keypair-non-existent-1831416217 0.015s
2025-04-07 13:18:25.106 69716 INFO tempest.lib.common.rest_client [req-5f19a70f-e2d6-41bb-a7c1-443e8b6beb7c req-5f19a70f-e2d6-41bb-a7c1-443e8b6beb7c ] Request (ServersTestMultiNic:setUpClass): 201 POST http://10.180.1.21:9696/networking/v2.0/networks 1.118s
2025-04-07 13:18:25.136 69690 INFO tempest.lib.common.rest_client [req-eca6fcf2-eacd-47d7-b450-d7a95617eaac req-eca6fcf2-eacd-47d7-b450-d7a95617eaac ] Request (AggregatesAdminNegativeTestJSON:setUpClass): 200 GET http://10.180.1.21/identity/v3/roles 0.812s
2025-04-07 13:18:25.165 69728 INFO tempest.lib.common.rest_client [req-8ed9caf7-a564-42c1-bbaa-66275bf9c2f9 req-8ed9caf7-a564-42c1-bbaa-66275bf9c2f9 ] Request (HypervisorAdminUnderV252Test:setUpClass): 204 PUT http://10.180.1.21/identity/v3/projects/3d93718418414f35b45c807c83f647e9/users/7087280fca54498d97497af3088efcb6/roles/4baa54ae07ee4f9a9e266c3391e47ff5 0.820s
2025-04-07 13:18:25.165 69728 INFO tempest.lib.common.dynamic_creds [-] Dynamic test user 7087280fca54498d97497af3088efcb6 is created with scope project and roles: ['member']
2025-04-07 13:18:25.165 69728 INFO tempest.lib.common.dynamic_creds [-] Acquired dynamic creds: credentials: Credentials: {'domain_id': 'default', 'domain_name': 'Default', 'username': 'tempest-HypervisorAdminUnderV252Test-1153662939-project-member', 'project_domain_id': 'default', 'project_domain_name': 'Default', 'project_id': '3d93718418414f35b45c807c83f647e9', 'project_name': 'tempest-HypervisorAdminUnderV252Test-1153662939', 'tenant_id': '3d93718418414f35b45c807c83f647e9', 'tenant_name': 'tempest-HypervisorAdminUnderV252Test-1153662939', 'user_domain_id': 'default', 'user_domain_name': 'Default', 'user_id': '7087280fca54498d97497af3088efcb6', 'system': None}, Network: None, Subnet: None, Router: None
2025-04-07 13:18:25.166 69728 INFO tempest.lib.common.dynamic_creds [-] Created isolated network resources for: credentials: Credentials: {'domain_id': 'default', 'domain_name': 'Default', 'username': 'tempest-HypervisorAdminUnderV252Test-1153662939-project-member', 'project_domain_id': 'default', 'project_domain_name': 'Default', 'project_id': '3d93718418414f35b45c807c83f647e9', 'project_name': 'tempest-HypervisorAdminUnderV252Test-1153662939', 'tenant_id': '3d93718418414f35b45c807c83f647e9', 'tenant_name': 'tempest-HypervisorAdminUnderV252Test-1153662939', 'user_domain_id': 'default', 'user_domain_name': 'Default', 'user_id': '7087280fca54498d97497af3088efcb6', 'system': None}, Network: None, Subnet: None, Router: None
2025-04-07 13:18:25.173 69666 INFO tempest.lib.common.rest_client [req-a1604e8d-da48-45af-8e7f-e268e359b7ff req-a1604e8d-da48-45af-8e7f-e268e359b7ff ] Request (ListImagesTestJSON:setUpClass): 204 PUT http://10.180.1.21/identity/v3/projects/7c0eccad95484ccdbcfff4cd6f5f92d7/users/fbba816c73594ef28a9087d57dcc0134/roles/4baa54ae07ee4f9a9e266c3391e47ff5 0.839s
2025-04-07 13:18:25.174 69666 INFO tempest.lib.common.dynamic_creds [-] Dynamic test user fbba816c73594ef28a9087d57dcc0134 is created with scope project and roles: ['member']
2025-04-07 13:18:25.176 69666 INFO tempest.lib.common.dynamic_creds [-] Acquired dynamic creds: credentials: Credentials: {'domain_id': 'default', 'domain_name': 'Default', 'username': 'tempest-ListImagesTestJSON-1787184870-project-member', 'project_domain_id': 'default', 'project_domain_name': 'Default', 'project_id': '7c0eccad95484ccdbcfff4cd6f5f92d7', 'project_name': 'tempest-ListImagesTestJSON-1787184870', 'tenant_id': '7c0eccad95484ccdbcfff4cd6f5f92d7', 'tenant_name': 'tempest-ListImagesTestJSON-1787184870', 'user_domain_id': 'default', 'user_domain_name': 'Default', 'user_id': 'fbba816c73594ef28a9087d57dcc0134', 'system': None}, Network: None, Subnet: None, Router: None
2025-04-07 13:18:25.176 69666 INFO tempest.lib.common.dynamic_creds [-] Created isolated network resources for: credentials: Credentials: {'domain_id': 'default', 'domain_name': 'Default', 'username': 'tempest-ListImagesTestJSON-1787184870-project-member', 'project_domain_id': 'default', 'project_domain_name': 'Default', 'project_id': '7c0eccad95484ccdbcfff4cd6f5f92d7', 'project_name': 'tempest-ListImagesTestJSON-1787184870', 'tenant_id': '7c0eccad95484ccdbcfff4cd6f5f92d7', 'tenant_name': 'tempest-ListImagesTestJSON-1787184870', 'user_domain_id': 'default', 'user_domain_name': 'Default', 'user_id': 'fbba816c73594ef28a9087d57dcc0134', 'system': None}, Network: None, Subnet: None, Router: None
2025-04-07 13:18:25.230 69686 INFO tempest.lib.common.rest_client [req-c29c832d-7377-48f7-abca-185c0c47799f req-c29c832d-7377-48f7-abca-185c0c47799f ] Request (FloatingIPsAssociationTestJSON:setUpClass): 204 PUT http://10.180.1.21/identity/v3/projects/26af5ba84a0c4dad8372fb8aa43d718d/users/776012a1fffd418f80dcd5435392b4a3/roles/4baa54ae07ee4f9a9e266c3391e47ff5 0.855s
2025-04-07 13:18:25.230 69686 INFO tempest.lib.common.dynamic_creds [-] Dynamic test user 776012a1fffd418f80dcd5435392b4a3 is created with scope project and roles: ['member']
2025-04-07 13:18:25.230 69686 INFO tempest.lib.common.dynamic_creds [-] Acquired dynamic creds: credentials: Credentials: {'domain_id': 'default', 'domain_name': 'Default', 'username': 'tempest-FloatingIPsAssociationTestJSON-717225592-project-member', 'project_domain_id': 'default', 'project_domain_name': 'Default', 'project_id': '26af5ba84a0c4dad8372fb8aa43d718d', 'project_name': 'tempest-FloatingIPsAssociationTestJSON-717225592', 'tenant_id': '26af5ba84a0c4dad8372fb8aa43d718d', 'tenant_name': 'tempest-FloatingIPsAssociationTestJSON-717225592', 'user_domain_id': 'default', 'user_domain_name': 'Default', 'user_id': '776012a1fffd418f80dcd5435392b4a3', 'system': None}, Network: None, Subnet: None, Router: None
2025-04-07 13:18:25.261 69716 INFO tempest.lib.common.rest_client [req-837c2a03-9bdf-461d-8c33-2fb6f31289bb req-837c2a03-9bdf-461d-8c33-2fb6f31289bb ] Request (ServersTestMultiNic:setUpClass): 201 POST http://10.180.1.21:9696/networking/v2.0/subnets 0.154s
2025-04-07 13:18:25.285 69676 INFO tempest.lib.common.rest_client [req-4a384bc7-f0c3-4694-b3c3-b70b0eadfa9e req-4a384bc7-f0c3-4694-b3c3-b70b0eadfa9e ] Request (FlavorsV261TestJSON:setUpClass): 201 POST http://10.180.1.21/identity/v3/projects 0.859s
2025-04-07 13:18:25.296 69712 INFO tempest.lib.common.rest_client [req-678c5e1c-8372-4fa0-9a32-894e14101e06 req-678c5e1c-8372-4fa0-9a32-894e14101e06 ] Request (ServersWithSpecificFlavorTestJSON:setUpClass): 201 POST http://10.180.1.21:9696/networking/v2.0/routers 0.952s
2025-04-07 13:18:25.304 69684 INFO tempest.lib.common.rest_client [req-87e783bc-5640-48be-852f-d1c67e95cccf req-87e783bc-5640-48be-852f-d1c67e95cccf ] Request (ServersAdminNegativeTestJSON:setUpClass): 204 PUT http://10.180.1.21/identity/v3/projects/405f0e1778194341b7e52439b7efae10/users/712c7f6c89514477ae34b3d0b321e2b0/roles/4baa54ae07ee4f9a9e266c3391e47ff5 0.854s
2025-04-07 13:18:25.304 69684 INFO tempest.lib.common.dynamic_creds [-] Dynamic test user 712c7f6c89514477ae34b3d0b321e2b0 is created with scope project and roles: ['member']
2025-04-07 13:18:25.304 69684 INFO tempest.lib.common.dynamic_creds [-] Acquired dynamic creds: credentials: Credentials: {'domain_id': 'default', 'domain_name': 'Default', 'username': 'tempest-ServersAdminNegativeTestJSON-357906265-project-member', 'project_domain_id': 'default', 'project_domain_name': 'Default', 'project_id': '405f0e1778194341b7e52439b7efae10', 'project_name': 'tempest-ServersAdminNegativeTestJSON-357906265', 'tenant_id': '405f0e1778194341b7e52439b7efae10', 'tenant_name': 'tempest-ServersAdminNegativeTestJSON-357906265', 'user_domain_id': 'default', 'user_domain_name': 'Default', 'user_id': '712c7f6c89514477ae34b3d0b321e2b0', 'system': None}, Network: None, Subnet: None, Router: None
2025-04-07 13:18:25.304 69684 INFO tempest.lib.common.dynamic_creds [-] Created isolated network resources for: credentials: Credentials: {'domain_id': 'default', 'domain_name': 'Default', 'username': 'tempest-ServersAdminNegativeTestJSON-357906265-project-member', 'project_domain_id': 'default', 'project_domain_name': 'Default', 'project_id': '405f0e1778194341b7e52439b7efae10', 'project_name': 'tempest-ServersAdminNegativeTestJSON-357906265', 'tenant_id': '405f0e1778194341b7e52439b7efae10', 'tenant_name': 'tempest-ServersAdminNegativeTestJSON-357906265', 'user_domain_id': 'default', 'user_domain_name': 'Default', 'user_id': '712c7f6c89514477ae34b3d0b321e2b0', 'system': None}, Network: None, Subnet: None, Router: None
2025-04-07 13:18:25.371 69704 INFO tempest.lib.common.rest_client [req-759163a0-67ae-40cc-99cb-aa780f558ad2 req-759163a0-67ae-40cc-99cb-aa780f558ad2 ] Request (QuotasAdminNegativeTest:setUpClass): 204 PUT http://10.180.1.21/identity/v3/projects/bb7168bd4fe043849c8df27240c6c2fb/users/55851f85a4024d7a9b862b4cd0f3d740/roles/4baa54ae07ee4f9a9e266c3391e47ff5 0.873s
2025-04-07 13:18:25.372 69704 INFO tempest.lib.common.dynamic_creds [-] Dynamic test user 55851f85a4024d7a9b862b4cd0f3d740 is created with scope project and roles: ['member']
2025-04-07 13:18:25.372 69704 INFO tempest.lib.common.dynamic_creds [-] Acquired dynamic creds: credentials: Credentials: {'domain_id': 'default', 'domain_name': 'Default', 'username': 'tempest-QuotasAdminNegativeTest-1557154929-project-member', 'project_domain_id': 'default', 'project_domain_name': 'Default', 'project_id': 'bb7168bd4fe043849c8df27240c6c2fb', 'project_name': 'tempest-QuotasAdminNegativeTest-1557154929', 'tenant_id': 'bb7168bd4fe043849c8df27240c6c2fb', 'tenant_name': 'tempest-QuotasAdminNegativeTest-1557154929', 'user_domain_id': 'default', 'user_domain_name': 'Default', 'user_id': '55851f85a4024d7a9b862b4cd0f3d740', 'system': None}, Network: None, Subnet: None, Router: None
2025-04-07 13:18:25.372 69704 INFO tempest.lib.common.dynamic_creds [-] Created isolated network resources for: credentials: Credentials: {'domain_id': 'default', 'domain_name': 'Default', 'username': 'tempest-QuotasAdminNegativeTest-1557154929-project-member', 'project_domain_id': 'default', 'project_domain_name': 'Default', 'project_id': 'bb7168bd4fe043849c8df27240c6c2fb', 'project_name': 'tempest-QuotasAdminNegativeTest-1557154929', 'tenant_id': 'bb7168bd4fe043849c8df27240c6c2fb', 'tenant_name': 'tempest-QuotasAdminNegativeTest-1557154929', 'user_domain_id': 'default', 'user_domain_name': 'Default', 'user_id': '55851f85a4024d7a9b862b4cd0f3d740', 'system': None}, Network: None, Subnet: None, Router: None
2025-04-07 13:18:25.374 69706 INFO tempest.lib.common.rest_client [req-b2e77b28-237f-4798-980c-a5d55466c092 req-b2e77b28-237f-4798-980c-a5d55466c092 ] Request (InstanceUsageAuditLogTestJSON:setUpClass): 201 POST http://10.180.1.21/identity/v3/auth/tokens 0.875s
2025-04-07 13:18:25.428 69692 INFO tempest.lib.common.rest_client [req-327fb907-60af-4e2d-a7b5-d43d6da8994e req-327fb907-60af-4e2d-a7b5-d43d6da8994e ] Request (VolumesAssistedSnapshotsTest:setUpClass): 201 POST http://10.180.1.21/identity/v3/users 0.864s
2025-04-07 13:18:25.430 69670 INFO tempest.lib.common.rest_client [req-e9fb0a13-9f22-4c48-ab54-c397988f650c req-e9fb0a13-9f22-4c48-ab54-c397988f650c ] Request (FloatingIPsAssociationNegativeTestJSON:setUpClass): 201 POST http://10.180.1.21:9696/networking/v2.0/networks 1.075s
2025-04-07 13:18:25.432 69688 INFO tempest.lib.common.rest_client [req-6e7c431b-5f51-4080-a089-114db5895c3b req-6e7c431b-5f51-4080-a089-114db5895c3b ] Request (FlavorMetadataValidation:setUpClass): 201 POST http://10.180.1.21/identity/v3/auth/tokens 0.889s
2025-04-07 13:18:25.448 69710 INFO tempest.lib.common.rest_client [req-efda77ba-9e91-41ff-b985-a548c55df486 req-efda77ba-9e91-41ff-b985-a548c55df486 ] Request (FlavorsAccessTestJSON:setUpClass): 200 GET http://10.180.1.21/identity/v3/roles 0.884s
2025-04-07 13:18:25.450 69718 INFO tempest.lib.common.rest_client [req-6291f36f-a8a6-40a6-b9f6-e1b5e7a365c3 req-6291f36f-a8a6-40a6-b9f6-e1b5e7a365c3 ] Request (FlavorsV255TestJSON:setUpClass): 200 GET http://10.180.1.21/identity/v3/roles 0.830s
2025-04-07 13:18:25.474 69698 INFO tempest.lib.common.rest_client [req-f2ffbcc4-f72d-4bd4-94e7-14f0c35447f0 req-f2ffbcc4-f72d-4bd4-94e7-14f0c35447f0 ] Request (MigrationsAdminTest:setUpClass): 204 PUT http://10.180.1.21/identity/v3/projects/b1ba3f6f09574ec1a14f01ab21e66155/users/0487df6b4c99411d9ef2711378cc8246/roles/4baa54ae07ee4f9a9e266c3391e47ff5 0.791s
2025-04-07 13:18:25.474 69698 INFO tempest.lib.common.dynamic_creds [-] Dynamic test user 0487df6b4c99411d9ef2711378cc8246 is created with scope project and roles: ['member']
2025-04-07 13:18:25.475 69698 INFO tempest.lib.common.dynamic_creds [-] Acquired dynamic creds: credentials: Credentials: {'domain_id': 'default', 'domain_name': 'Default', 'username': 'tempest-MigrationsAdminTest-111577193-project-member', 'project_domain_id': 'default', 'project_domain_name': 'Default', 'project_id': 'b1ba3f6f09574ec1a14f01ab21e66155', 'project_name': 'tempest-MigrationsAdminTest-111577193', 'tenant_id': 'b1ba3f6f09574ec1a14f01ab21e66155', 'tenant_name': 'tempest-MigrationsAdminTest-111577193', 'user_domain_id': 'default', 'user_domain_name': 'Default', 'user_id': '0487df6b4c99411d9ef2711378cc8246', 'system': None}, Network: None, Subnet: None, Router: None
2025-04-07 13:18:25.475 69698 INFO tempest.lib.common.dynamic_creds [-] Created isolated network resources for: credentials: Credentials: {'domain_id': 'default', 'domain_name': 'Default', 'username': 'tempest-MigrationsAdminTest-111577193-project-member', 'project_domain_id': 'default', 'project_domain_name': 'Default', 'project_id': 'b1ba3f6f09574ec1a14f01ab21e66155', 'project_name': 'tempest-MigrationsAdminTest-111577193', 'tenant_id': 'b1ba3f6f09574ec1a14f01ab21e66155', 'tenant_name': 'tempest-MigrationsAdminTest-111577193', 'user_domain_id': 'default', 'user_domain_name': 'Default', 'user_id': '0487df6b4c99411d9ef2711378cc8246', 'system': None}, Network: None, Subnet: None, Router: None
2025-04-07 13:18:25.523 69696 INFO tempest.lib.common.rest_client [req-8aec57f7-c884-4e11-bda2-61b0304d5475 req-8aec57f7-c884-4e11-bda2-61b0304d5475 ] Request (FlavorsExtraSpecsTestJSON:tearDownClass): 204 DELETE http://10.180.1.21/identity/v3/projects/19b74b659d934bea924ef5ddeabcdceb 0.864s
2025-04-07 13:18:25.524 69696 INFO tempest.test [-] raised in LiveMigrationRemoteConsolesV26Test.setUpClass. Invoking tearDownClass.
2025-04-07 13:18:25.565 69714 INFO tempest.lib.common.rest_client [req-2dc62850-fb8f-47c1-ad91-e2e905c20de6 req-2dc62850-fb8f-47c1-ad91-e2e905c20de6 ] Request (ServerDiagnosticsV248Test:setUpClass): 204 PUT http://10.180.1.21/identity/v3/projects/2255c037556348918b99dad4957bb7ec/users/65f4cdbe3b1b4f38b766eba6ce664ae9/roles/4baa54ae07ee4f9a9e266c3391e47ff5 0.859s
2025-04-07 13:18:25.566 69714 INFO tempest.lib.common.dynamic_creds [-] Dynamic test user 65f4cdbe3b1b4f38b766eba6ce664ae9 is created with scope project and roles: ['member']
2025-04-07 13:18:25.566 69714 INFO tempest.lib.common.dynamic_creds [-] Acquired dynamic creds: credentials: Credentials: {'domain_id': 'default', 'domain_name': 'Default', 'username': 'tempest-ServerDiagnosticsV248Test-617970846-project-member', 'project_domain_id': 'default', 'project_domain_name': 'Default', 'project_id': '2255c037556348918b99dad4957bb7ec', 'project_name': 'tempest-ServerDiagnosticsV248Test-617970846', 'tenant_id': '2255c037556348918b99dad4957bb7ec', 'tenant_name': 'tempest-ServerDiagnosticsV248Test-617970846', 'user_domain_id': 'default', 'user_domain_name': 'Default', 'user_id': '65f4cdbe3b1b4f38b766eba6ce664ae9', 'system': None}, Network: None, Subnet: None, Router: None
2025-04-07 13:18:25.566 69714 INFO tempest.lib.common.dynamic_creds [-] Created isolated network resources for: credentials: Credentials: {'domain_id': 'default', 'domain_name': 'Default', 'username': 'tempest-ServerDiagnosticsV248Test-617970846-project-member', 'project_domain_id': 'default', 'project_domain_name': 'Default', 'project_id': '2255c037556348918b99dad4957bb7ec', 'project_name': 'tempest-ServerDiagnosticsV248Test-617970846', 'tenant_id': '2255c037556348918b99dad4957bb7ec', 'tenant_name': 'tempest-ServerDiagnosticsV248Test-617970846', 'user_domain_id': 'default', 'user_domain_name': 'Default', 'user_id': '65f4cdbe3b1b4f38b766eba6ce664ae9', 'system': None}, Network: None, Subnet: None, Router: None
2025-04-07 13:18:25.588 69670 INFO tempest.lib.common.rest_client [req-f96073e7-4adc-444c-8d48-1bea1d862940 req-f96073e7-4adc-444c-8d48-1bea1d862940 ] Request (FloatingIPsAssociationNegativeTestJSON:setUpClass): 201 POST http://10.180.1.21:9696/networking/v2.0/subnets 0.157s
2025-04-07 13:18:25.588 69682 INFO tempest.lib.common.rest_client [req-a0a286ea-923e-471e-bf3c-2408267e5907 req-a0a286ea-923e-471e-bf3c-2408267e5907 ] Request (HypervisorAdminTestJSON:setUpClass): 201 POST http://10.180.1.21/identity/v3/auth/tokens 0.814s
2025-04-07 13:18:25.630 69672 INFO tempest.lib.common.rest_client [req-ccd4bb67-23df-4f37-a2f2-8442e4ce463b req-ccd4bb67-23df-4f37-a2f2-8442e4ce463b ] Request (ServerDiagnosticsTest:setUpClass): 201 POST http://10.180.1.21/identity/v3/auth/tokens 0.775s
2025-04-07 13:18:25.652 69722 INFO tempest.lib.common.rest_client [req-22d1b37e-2dd3-48e7-8859-7b49eba14c65 req-22d1b37e-2dd3-48e7-8859-7b49eba14c65 ] Request (QuotasAdminTestV236:setUpClass): 201 POST http://10.180.1.21/identity/v3/auth/tokens 0.795s
2025-04-07 13:18:25.695 69720 INFO tempest.lib.common.rest_client [req-ae676b8a-9299-4c40-9db1-1b22097af774 req-ae676b8a-9299-4c40-9db1-1b22097af774 ] Request (ImagesOneServerNegativeTestJSON:setUpClass): 201 POST http://10.180.1.21/identity/v3/auth/tokens 0.818s
2025-04-07 13:18:25.718 69694 INFO tempest.lib.common.rest_client [req-842abee8-141a-447a-ba20-6063ff860b9e req-842abee8-141a-447a-ba20-6063ff860b9e ] Request (ServicesAdminNegativeTestJSON:setUpClass): 201 POST http://10.180.1.21/identity/v3/auth/tokens 0.800s
2025-04-07 13:18:25.749 69668 INFO tempest.lib.common.rest_client [req-7161d171-9835-47d3-b684-37b38bad3f7b req-7161d171-9835-47d3-b684-37b38bad3f7b ] Request (ServerDiagnosticsNegativeTest:setUpClass): 201 POST http://10.180.1.21/identity/v3/users 0.808s
2025-04-07 13:18:25.762 69680 INFO tempest.lib.common.rest_client [req-4faec87b-ff05-4921-9e4b-eb5a353ec8b8 req-4faec87b-ff05-4921-9e4b-eb5a353ec8b8 ] Request (HypervisorAdminNegativeTestJSON:setUpClass): 200 GET http://10.180.1.21/identity/v3/roles 0.808s
2025-04-07 13:18:25.777 69700 INFO tempest.lib.common.rest_client [req-29007dc0-3ce1-4148-981e-3cad4a9278a7 req-29007dc0-3ce1-4148-981e-3cad4a9278a7 ] Request (AZAdminNegativeTestJSON:setUpClass): 201 POST http://10.180.1.21/identity/v3/projects 0.772s
2025-04-07 13:18:25.790 69726 INFO tempest.lib.common.rest_client [req-72e45805-3342-4c83-a1c5-90e6f548ddbc req-72e45805-3342-4c83-a1c5-90e6f548ddbc ] Request (ServerExternalEventsTest:setUpClass): 201 POST http://10.180.1.21/identity/v3/users 0.765s
2025-04-07 13:18:25.831 69674 INFO tempest.lib.common.rest_client [req-7b3ccc44-9e55-4e5f-82b1-51eaff729f81 req-7b3ccc44-9e55-4e5f-82b1-51eaff729f81 ] Request (AZAdminV2TestJSON:setUpClass): 200 GET http://10.180.1.21/identity/v3/roles 0.798s
2025-04-07 13:18:25.850 69702 INFO tempest.lib.common.rest_client [req-377a8ead-eeeb-44c1-a4e6-35ef703bd988 req-377a8ead-eeeb-44c1-a4e6-35ef703bd988 ] Request (DeleteServersAdminTestJSON:setUpClass): 201 POST http://10.180.1.21/identity/v3/projects 0.748s
2025-04-07 13:18:25.890 69708 INFO tempest.lib.common.rest_client [req-a54dbd3d-6179-448e-be0e-63f5c35c8c2b req-a54dbd3d-6179-448e-be0e-63f5c35c8c2b ] Request (KeyPairsNegativeTestJSON:tearDownClass): 204 DELETE http://10.180.1.21/identity/v3/users/05f7e869a34b460ca49d9ba4a415f36d 0.787s
2025-04-07 13:18:25.890 69708 INFO tempest.lib.common.dynamic_creds [-] Deleting project and security group for project: bf2a65b68eac45fcad50fd7575739067
2025-04-07 13:18:25.893 69678 INFO tempest.lib.common.rest_client [req-d0d3acf1-69fe-469c-82be-32601d24ea53 req-d0d3acf1-69fe-469c-82be-32601d24ea53 ] Request (HypervisorAdminV253TestBase:tearDownClass): 200 GET http://10.180.1.21:9696/networking/v2.0/security-groups?tenant_id=78000313bec541319c1f13c68cab2343&name=default 0.965s
2025-04-07 13:18:25.936 69724 INFO tempest.lib.common.rest_client [req-92565e56-c8af-4287-b311-82acd09ed4b3 req-92565e56-c8af-4287-b311-82acd09ed4b3 ] Request (HypervisorAdminV228Test:setUpClass): 201 POST http://10.180.1.21/identity/v3/auth/tokens 0.812s
2025-04-07 13:18:25.956 69690 INFO tempest.lib.common.rest_client [req-7022ff2e-a6ec-4be0-b006-8c2240bc6183 req-7022ff2e-a6ec-4be0-b006-8c2240bc6183 ] Request (AggregatesAdminNegativeTestJSON:setUpClass): 204 PUT http://10.180.1.21/identity/v3/projects/9fbc33f8bbbe4de2a76537c9a9f2fd76/users/0b84da8874b74c338f0d21a65d033077/roles/b59f10e48943454184a4c1dce2aeb211 0.819s
2025-04-07 13:18:26.007 69686 INFO tempest.lib.common.rest_client [req-09d4adbc-2c93-47f9-a819-0ae1024b9244 req-09d4adbc-2c93-47f9-a819-0ae1024b9244 ] Request (FloatingIPsAssociationTestJSON:setUpClass): 201 POST http://10.180.1.21/identity/v3/auth/tokens 0.776s
2025-04-07 13:18:26.019 69728 INFO tempest.lib.common.rest_client [req-027f78d4-23fc-4537-baa2-2422cf372764 req-027f78d4-23fc-4537-baa2-2422cf372764 ] Request (HypervisorAdminUnderV252Test:setUpClass): 201 POST http://10.180.1.21/identity/v3/auth/tokens 0.798s
2025-04-07 13:18:26.025 69678 INFO tempest.lib.common.rest_client [req-109b56a0-588c-40da-a8a2-b654eda3a867 req-109b56a0-588c-40da-a8a2-b654eda3a867 ] Request (HypervisorAdminV253TestBase:tearDownClass): 204 DELETE http://10.180.1.21:9696/networking/v2.0/security-groups/ebc9bf80-1ea2-498c-acb0-67fa475c50bf 0.132s
2025-04-07 13:18:26.051 69676 INFO tempest.lib.common.rest_client [req-ff1f8b3c-5037-4cc3-929d-8ddca08bb6c8 req-ff1f8b3c-5037-4cc3-929d-8ddca08bb6c8 ] Request (FlavorsV261TestJSON:setUpClass): 201 POST http://10.180.1.21/identity/v3/users 0.766s
2025-04-07 13:18:26.068 69666 INFO tempest.lib.common.rest_client [req-8d00d3c5-169d-49c1-b6df-1d4db8edd7b6 req-8d00d3c5-169d-49c1-b6df-1d4db8edd7b6 ] Request (ListImagesTestJSON:setUpClass): 201 POST http://10.180.1.21/identity/v3/auth/tokens 0.826s
2025-04-07 13:18:26.096 69706 INFO tempest.lib.common.rest_client [req-17228410-b940-402f-913e-b2fea24cc917 req-17228410-b940-402f-913e-b2fea24cc917 ] Request (InstanceUsageAuditLogTestJSON:setUpClass): 201 POST http://10.180.1.21/identity/v3/projects 0.722s
2025-04-07 13:18:26.111 69684 INFO tempest.lib.common.rest_client [req-f53479a1-a5db-4cae-bdf1-823799736877 req-f53479a1-a5db-4cae-bdf1-823799736877 ] Request (ServersAdminNegativeTestJSON:setUpClass): 201 POST http://10.180.1.21/identity/v3/auth/tokens 0.757s
2025-04-07 13:18:26.148 69704 INFO tempest.lib.common.rest_client [req-d2665490-bf40-4e48-a650-dc7ba546b1e4 req-d2665490-bf40-4e48-a650-dc7ba546b1e4 ] Request (QuotasAdminNegativeTest:setUpClass): 201 POST http://10.180.1.21/identity/v3/auth/tokens 0.731s
2025-04-07 13:18:26.156 69692 INFO tempest.lib.common.rest_client [req-74bcc57d-aff2-4d48-b488-68d2754ae860 req-74bcc57d-aff2-4d48-b488-68d2754ae860 ] Request (VolumesAssistedSnapshotsTest:setUpClass): 200 GET http://10.180.1.21/identity/v3/roles 0.727s
2025-04-07 13:18:26.175 69688 INFO tempest.lib.common.rest_client [req-d82483ce-9e06-4592-844c-f827def38546 req-d82483ce-9e06-4592-844c-f827def38546 ] Request (FlavorMetadataValidation:setUpClass): 201 POST http://10.180.1.21/identity/v3/projects 0.742s
2025-04-07 13:18:26.183 69710 INFO tempest.lib.common.rest_client [req-de7704cd-e648-42ec-9e0f-a562d90da43d req-de7704cd-e648-42ec-9e0f-a562d90da43d ] Request (FlavorsAccessTestJSON:setUpClass): 204 PUT http://10.180.1.21/identity/v3/projects/22a90288f35d4ee88cbe42ac092aedc0/users/6b0ae32f264f4bbeb40f67e3a805b66b/roles/b59f10e48943454184a4c1dce2aeb211 0.734s
2025-04-07 13:18:26.235 69698 INFO tempest.lib.common.rest_client [req-e9cc4259-186e-437f-862d-970dd70e9e4c req-e9cc4259-186e-437f-862d-970dd70e9e4c ] Request (MigrationsAdminTest:setUpClass): 201 POST http://10.180.1.21/identity/v3/auth/tokens 0.710s
2025-04-07 13:18:26.245 69718 INFO tempest.lib.common.rest_client [req-b78ad218-172f-4c81-9fcc-aaacf7e03dfd req-b78ad218-172f-4c81-9fcc-aaacf7e03dfd ] Request (FlavorsV255TestJSON:setUpClass): 204 PUT http://10.180.1.21/identity/v3/projects/0a56d9ce48c64ec2b7a5a6959ecdcb42/users/82ecd97f422a4a7599f8b72bf13f666a/roles/b59f10e48943454184a4c1dce2aeb211 0.794s
2025-04-07 13:18:26.245 69718 INFO tempest.lib.common.dynamic_creds [-] Dynamic test user 82ecd97f422a4a7599f8b72bf13f666a is created with scope project and roles: ['admin']
2025-04-07 13:18:26.245 69718 INFO tempest.lib.common.dynamic_creds [-] Acquired dynamic creds: credentials: Credentials: {'domain_id': 'default', 'domain_name': 'Default', 'username': 'tempest-FlavorsV255TestJSON-1954201397-project-admin', 'project_domain_id': 'default', 'project_domain_name': 'Default', 'project_id': '0a56d9ce48c64ec2b7a5a6959ecdcb42', 'project_name': 'tempest-FlavorsV255TestJSON-1954201397', 'tenant_id': '0a56d9ce48c64ec2b7a5a6959ecdcb42', 'tenant_name': 'tempest-FlavorsV255TestJSON-1954201397', 'user_domain_id': 'default', 'user_domain_name': 'Default', 'user_id': '82ecd97f422a4a7599f8b72bf13f666a', 'system': None}, Network: None, Subnet: None, Router: None
2025-04-07 13:18:26.245 69718 INFO tempest.lib.common.dynamic_creds [-] Created isolated network resources for: credentials: Credentials: {'domain_id': 'default', 'domain_name': 'Default', 'username': 'tempest-FlavorsV255TestJSON-1954201397-project-admin', 'project_domain_id': 'default', 'project_domain_name': 'Default', 'project_id': '0a56d9ce48c64ec2b7a5a6959ecdcb42', 'project_name': 'tempest-FlavorsV255TestJSON-1954201397', 'tenant_id': '0a56d9ce48c64ec2b7a5a6959ecdcb42', 'tenant_name': 'tempest-FlavorsV255TestJSON-1954201397', 'user_domain_id': 'default', 'user_domain_name': 'Default', 'user_id': '82ecd97f422a4a7599f8b72bf13f666a', 'system': None}, Network: None, Subnet: None, Router: None
2025-04-07 13:18:26.274 69670 INFO tempest.lib.common.rest_client [req-427f74d2-b85a-44d6-9171-d9b53585a73b req-427f74d2-b85a-44d6-9171-d9b53585a73b ] Request (FloatingIPsAssociationNegativeTestJSON:setUpClass): 201 POST http://10.180.1.21:9696/networking/v2.0/routers 0.685s
2025-04-07 13:18:26.286 69696 INFO tempest.lib.common.rest_client [req-68c2ce4a-502f-473f-bd48-dbf42ffa3102 req-68c2ce4a-502f-473f-bd48-dbf42ffa3102 ] Request (ListImageFiltersTestJSON:setUpClass): 201 POST http://10.180.1.21/identity/v3/auth/tokens 0.759s
2025-04-07 13:18:26.317 69682 INFO tempest.lib.common.rest_client [req-e74acf02-1c0d-46fa-b214-1a8a86de7404 req-e74acf02-1c0d-46fa-b214-1a8a86de7404 ] Request (HypervisorAdminTestJSON:setUpClass): 201 POST http://10.180.1.21/identity/v3/projects 0.728s
2025-04-07 13:18:26.350 69714 INFO tempest.lib.common.rest_client [req-1bd339e3-0a6d-449e-888b-e1bad1209c59 req-1bd339e3-0a6d-449e-888b-e1bad1209c59 ] Request (ServerDiagnosticsV248Test:setUpClass): 201 POST http://10.180.1.21/identity/v3/auth/tokens 0.732s
2025-04-07 13:18:26.387 69722 INFO tempest.lib.common.rest_client [req-fe716f1c-dbd1-4d94-bfd8-11e44b81142e req-fe716f1c-dbd1-4d94-bfd8-11e44b81142e ] Request (QuotasAdminTestV236:setUpClass): 201 POST http://10.180.1.21/identity/v3/projects 0.734s
2025-04-07 13:18:26.395 69672 INFO tempest.lib.common.rest_client [req-7f7ec6d0-e647-436d-82dc-99c0a0f42f04 req-7f7ec6d0-e647-436d-82dc-99c0a0f42f04 ] Request (ServerDiagnosticsTest:setUpClass): 201 POST http://10.180.1.21/identity/v3/projects 0.764s
2025-04-07 13:18:26.459 69694 INFO tempest.lib.common.rest_client [req-7bf51905-99a6-47d3-9963-d81edc0885da req-7bf51905-99a6-47d3-9963-d81edc0885da ] Request (ServicesAdminNegativeTestJSON:setUpClass): 201 POST http://10.180.1.21/identity/v3/projects 0.740s
2025-04-07 13:18:26.502 69716 INFO tempest.lib.common.rest_client [req-3ce03b72-b27e-4bfd-9c17-6aa1cac3204d req-3ce03b72-b27e-4bfd-9c17-6aa1cac3204d ] Request (ServersTestMultiNic:setUpClass): 201 POST http://10.180.1.21:9696/networking/v2.0/routers 1.240s
2025-04-07 13:18:26.507 69668 INFO tempest.lib.common.rest_client [req-89f522a2-71ec-4d24-a0b1-5511ef9c7d63 req-89f522a2-71ec-4d24-a0b1-5511ef9c7d63 ] Request (ServerDiagnosticsNegativeTest:setUpClass): 200 GET http://10.180.1.21/identity/v3/roles 0.757s
2025-04-07 13:18:26.534 69700 INFO tempest.lib.common.rest_client [req-2bd175c2-f784-4c77-8752-f993cc42892b req-2bd175c2-f784-4c77-8752-f993cc42892b ] Request (AZAdminNegativeTestJSON:setUpClass): 201 POST http://10.180.1.21/identity/v3/users 0.757s
2025-04-07 13:18:26.538 69680 INFO tempest.lib.common.rest_client [req-38867555-0869-4377-a69a-ecdedded6e52 req-38867555-0869-4377-a69a-ecdedded6e52 ] Request (HypervisorAdminNegativeTestJSON:setUpClass): 204 PUT http://10.180.1.21/identity/v3/projects/f731c09d7de642d0aafd4b7961dc48c9/users/b744d79c3bdc484083954fe90e964a10/roles/b59f10e48943454184a4c1dce2aeb211 0.775s
2025-04-07 13:18:26.583 69726 INFO tempest.lib.common.rest_client [req-204a6758-1f92-4152-81ca-694cf1d07c67 req-204a6758-1f92-4152-81ca-694cf1d07c67 ] Request (ServerExternalEventsTest:setUpClass): 200 GET http://10.180.1.21/identity/v3/roles 0.793s
2025-04-07 13:18:26.602 69674 INFO tempest.lib.common.rest_client [req-ab739515-5906-49c4-b496-98e98476c93e req-ab739515-5906-49c4-b496-98e98476c93e ] Request (AZAdminV2TestJSON:setUpClass): 204 PUT http://10.180.1.21/identity/v3/projects/44c61b9b70b640dd89b4951610a9594f/users/df9ba106ddec42a7a8c72cc57997c06e/roles/b59f10e48943454184a4c1dce2aeb211 0.771s
2025-04-07 13:18:26.609 69702 INFO tempest.lib.common.rest_client [req-b5551c3f-e533-4cdd-b7ae-a444108eda79 req-b5551c3f-e533-4cdd-b7ae-a444108eda79 ] Request (DeleteServersAdminTestJSON:setUpClass): 201 POST http://10.180.1.21/identity/v3/users 0.759s
2025-04-07 13:18:26.635 69712 INFO tempest.lib.common.rest_client [req-80835243-5904-4be2-8f64-08d08a69c7d7 req-80835243-5904-4be2-8f64-08d08a69c7d7 ] Request (ServersWithSpecificFlavorTestJSON:setUpClass): 200 PUT http://10.180.1.21:9696/networking/v2.0/routers/9941085f-fe9f-4e94-9ba8-c35ee08338eb/add_router_interface 1.338s
