2025-04-07 13:19:21.832 69676 INFO tempest.lib.common.rest_client [req-e7276c0f-8220-4e93-8417-91990ea858d5 req-e7276c0f-8220-4e93-8417-91990ea858d5 ] Request (QuotasAdminTestJSON:tearDownClass): 200 GET http://10.180.1.21:9696/networking/v2.0/security-groups?tenant_id=56d32d095cc14ae5a9f7ee85788a5654&name=default 0.439s
2025-04-07 13:19:22.029 69670 INFO tempest.lib.common.rest_client [req-fb043130-9cd7-44be-8902-26139ded6b52 req-fb043130-9cd7-44be-8902-26139ded6b52 ] Request (FloatingIPsAssociationNegativeTestJSON:test_associate_nonexistent_floating_ip): 404 POST http://10.180.1.21/compute/v2.1/servers/99885e00-62ad-421a-939a-8ec111ef5214/action 1.866s
2025-04-07 13:19:22.067 69676 INFO tempest.lib.common.rest_client [req-2af37886-c28e-4c72-a218-ab843781ef21 req-2af37886-c28e-4c72-a218-ab843781ef21 ] Request (QuotasAdminTestJSON:tearDownClass): 204 DELETE http://10.180.1.21:9696/networking/v2.0/security-groups/7c3b3dbd-6826-4771-b4a3-49be686763d7 0.234s
2025-04-07 13:19:22.184 69676 INFO tempest.lib.common.rest_client [req-b8febe28-09e2-4e13-ac1c-de6d0a77af57 req-b8febe28-09e2-4e13-ac1c-de6d0a77af57 ] Request (QuotasAdminTestJSON:tearDownClass): 204 DELETE http://10.180.1.21/identity/v3/projects/56d32d095cc14ae5a9f7ee85788a5654 0.116s
2025-04-07 13:19:22.184 69676 INFO tempest.lib.common.dynamic_creds [-] Deleting project and security group for project: 255c62d94e92456aac0c7194e0d0d5fd
2025-04-07 13:19:22.194 69690 INFO tempest.lib.common.rest_client [req-2c9f555a-20f1-4847-8335-6147c33409ea req-2c9f555a-20f1-4847-8335-6147c33409ea ] Request (AggregatesAdminNegativeTestJSON:_run_cleanups): 200 POST http://10.180.1.21/compute/v2.1/os-aggregates/7/action 2.024s
2025-04-07 13:19:22.219 69668 INFO tempest.lib.common.rest_client [req-8dcb30c7-eab5-47fb-ac21-873d2bf401a5 req-8dcb30c7-eab5-47fb-ac21-873d2bf401a5 ] Request (ServerDiagnosticsNegativeTest:tearDownClass): 404 GET http://10.180.1.21/compute/v2.1/servers/b44cfc05-bf0b-4d23-990f-b444cd4ad0dd 1.680s
2025-04-07 13:19:22.224 69718 INFO tempest.lib.common.rest_client [req-25d935eb-f373-4de2-a007-ceb3d2ec27f1 req-25d935eb-f373-4de2-a007-ceb3d2ec27f1 ] Request (FloatingIPDetailsTestJSON:tearDownClass): 200 PUT http://10.180.1.21:9696/networking/v2.0/routers/e5e68fbd-c2e6-4707-9a91-506daa7838f2/remove_router_interface 1.438s
2025-04-07 13:19:22.354 69668 INFO tempest.lib.common.rest_client [req-bac931b3-7de2-47a0-afb1-55b1531919e2 req-bac931b3-7de2-47a0-afb1-55b1531919e2 ] Request (ServerDiagnosticsNegativeTest:tearDownClass): 204 DELETE http://10.180.1.21/identity/v3/users/db839a9524e74416b2162a91716e1d50 0.134s
2025-04-07 13:19:22.436 69676 INFO tempest.lib.common.rest_client [req-23b3e5cd-5bf6-4219-9bea-eacde38a53d3 req-23b3e5cd-5bf6-4219-9bea-eacde38a53d3 ] Request (QuotasAdminTestJSON:tearDownClass): 200 GET http://10.180.1.21:9696/networking/v2.0/security-groups?tenant_id=255c62d94e92456aac0c7194e0d0d5fd&name=default 0.252s
2025-04-07 13:19:22.463 69668 INFO tempest.lib.common.rest_client [req-b367d492-8464-4ac2-889d-54a741e91d62 req-b367d492-8464-4ac2-889d-54a741e91d62 ] Request (ServerDiagnosticsNegativeTest:tearDownClass): 204 DELETE http://10.180.1.21/identity/v3/users/cb08ee55aceb47c5bb243fde8a9dbf64 0.108s
2025-04-07 13:19:22.463 69668 INFO tempest.lib.common.dynamic_creds [-] Deleting project and security group for project: 65823ecf882e42df9076eaf85ae583a1
2025-04-07 13:19:22.541 69668 INFO tempest.lib.common.rest_client [req-24c7953e-d032-44dc-98ad-e69425a1f28c req-24c7953e-d032-44dc-98ad-e69425a1f28c ] Request (ServerDiagnosticsNegativeTest:tearDownClass): 201 POST http://10.180.1.21/identity/v3/auth/tokens 0.077s
2025-04-07 13:19:22.573 69676 INFO tempest.lib.common.rest_client [req-c72f4eef-acf3-4282-8f35-c62252ea3f35 req-c72f4eef-acf3-4282-8f35-c62252ea3f35 ] Request (QuotasAdminTestJSON:tearDownClass): 204 DELETE http://10.180.1.21:9696/networking/v2.0/security-groups/cf70f665-4784-4669-bc6e-696f1bced4d6 0.137s
2025-04-07 13:19:22.658 69676 INFO tempest.lib.common.rest_client [req-00d413c0-e0f7-4571-b8f3-91d01480d788 req-00d413c0-e0f7-4571-b8f3-91d01480d788 ] Request (QuotasAdminTestJSON:tearDownClass): 204 DELETE http://10.180.1.21/identity/v3/projects/255c62d94e92456aac0c7194e0d0d5fd 0.084s
2025-04-07 13:19:22.670 69718 INFO tempest.lib.common.rest_client [req-43e41f04-45af-496a-9db7-ddc4e26dd513 req-43e41f04-45af-496a-9db7-ddc4e26dd513 ] Request (FloatingIPDetailsTestJSON:tearDownClass): 204 DELETE http://10.180.1.21:9696/networking/v2.0/routers/e5e68fbd-c2e6-4707-9a91-506daa7838f2 0.446s
2025-04-07 13:19:22.735 69720 INFO tempest.lib.common.rest_client [req-c68a9f05-d1c0-4590-b719-73454aceca87 req-c68a9f05-d1c0-4590-b719-73454aceca87 ] Request (ImagesOneServerNegativeTestJSON:test_create_second_image_when_first_image_is_being_saved): 202 POST http://10.180.1.21/compute/v2.1/servers/e50dd159-2548-4976-885a-d7251e05cbb1/action 2.108s
2025-04-07 13:19:22.750 69676 INFO tempest.lib.common.rest_client [req-d0a935db-52a3-400a-afe6-b3bebfee808a req-d0a935db-52a3-400a-afe6-b3bebfee808a ] Request (ServicesAdminTestJSON:setUpClass): 201 POST http://10.180.1.21/identity/v3/auth/tokens 0.091s
2025-04-07 13:19:22.796 69676 INFO tempest.lib.common.rest_client [req-ba387709-4b05-4fcf-ab28-17a5aad26138 req-ba387709-4b05-4fcf-ab28-17a5aad26138 ] Request (ServicesAdminTestJSON:setUpClass): 201 POST http://10.180.1.21/identity/v3/auth/tokens 0.040s
2025-04-07 13:19:22.831 69676 INFO tempest.lib.common.rest_client [req-2c992492-d242-47d2-8693-8734e040ff3a req-2c992492-d242-47d2-8693-8734e040ff3a ] Request (ServicesAdminTestJSON:setUpClass): 200 GET http://10.180.1.21/identity/v3/domains?name=Default 0.035s
2025-04-07 13:19:22.878 69668 INFO tempest.lib.common.rest_client [req-f8950e63-c9db-47b4-a7cc-4c3d3f84fff1 req-f8950e63-c9db-47b4-a7cc-4c3d3f84fff1 ] Request (ServerDiagnosticsNegativeTest:tearDownClass): 200 GET http://10.180.1.21:9696/networking/v2.0/security-groups?tenant_id=65823ecf882e42df9076eaf85ae583a1&name=default 0.336s
2025-04-07 13:19:22.880 69676 INFO tempest.lib.common.rest_client [req-575bc944-7814-457d-9da4-e5a9f0e996b0 req-575bc944-7814-457d-9da4-e5a9f0e996b0 ] Request (ServicesAdminTestJSON:setUpClass): 201 POST http://10.180.1.21/identity/v3/projects 0.048s
2025-04-07 13:19:22.945 69718 INFO tempest.lib.common.rest_client [req-791162fe-960a-4ade-ab7b-fd0ec6dbc16b req-791162fe-960a-4ade-ab7b-fd0ec6dbc16b ] Request (FloatingIPDetailsTestJSON:tearDownClass): 204 DELETE http://10.180.1.21:9696/networking/v2.0/subnets/7a4c7f80-e578-4ed9-b20d-0b193f7e0fb3 0.275s
2025-04-07 13:19:22.968 69676 INFO tempest.lib.common.rest_client [req-aba698df-d9e8-46ef-9138-5e6a256f8f79 req-aba698df-d9e8-46ef-9138-5e6a256f8f79 ] Request (ServicesAdminTestJSON:setUpClass): 201 POST http://10.180.1.21/identity/v3/users 0.088s
2025-04-07 13:19:22.998 69692 INFO tempest.lib.common.rest_client [req-23e4d3c0-dfd6-4013-a780-3ed9575d4ff8 req-23e4d3c0-dfd6-4013-a780-3ed9575d4ff8 ] Request (VolumesAssistedSnapshotsTest:test_volume_assisted_snapshot_create_delete): 200 GET http://10.180.1.21/compute/v2.1/servers/fbe85e4c-c40c-4e2b-bebc-bfaa38a5a293 2.368s
2025-04-07 13:19:23.010 69676 INFO tempest.lib.common.rest_client [req-7692c462-f3ef-48e9-bd9d-453b4e4e009c req-7692c462-f3ef-48e9-bd9d-453b4e4e009c ] Request (ServicesAdminTestJSON:setUpClass): 200 GET http://10.180.1.21/identity/v3/roles 0.041s
2025-04-07 13:19:23.058 69676 INFO tempest.lib.common.rest_client [req-5bbc887f-2e93-4eee-bbec-1f855bedde1e req-5bbc887f-2e93-4eee-bbec-1f855bedde1e ] Request (ServicesAdminTestJSON:setUpClass): 204 PUT http://10.180.1.21/identity/v3/projects/0c6716c7b5a745f890739b0a4aeff108/users/c59bad34e1b343dc9222b81d721bea30/roles/4baa54ae07ee4f9a9e266c3391e47ff5 0.046s
2025-04-07 13:19:23.058 69676 INFO tempest.lib.common.dynamic_creds [-] Dynamic test user c59bad34e1b343dc9222b81d721bea30 is created with scope project and roles: ['member']
2025-04-07 13:19:23.058 69676 INFO tempest.lib.common.dynamic_creds [-] Acquired dynamic creds: credentials: Credentials: {'domain_id': 'default', 'domain_name': 'Default', 'username': 'tempest-ServicesAdminTestJSON-581019746-project-member', 'project_domain_id': 'default', 'project_domain_name': 'Default', 'project_id': '0c6716c7b5a745f890739b0a4aeff108', 'project_name': 'tempest-ServicesAdminTestJSON-581019746', 'tenant_id': '0c6716c7b5a745f890739b0a4aeff108', 'tenant_name': 'tempest-ServicesAdminTestJSON-581019746', 'user_domain_id': 'default', 'user_domain_name': 'Default', 'user_id': 'c59bad34e1b343dc9222b81d721bea30', 'system': None}, Network: None, Subnet: None, Router: None
2025-04-07 13:19:23.058 69676 INFO tempest.lib.common.dynamic_creds [-] Created isolated network resources for: credentials: Credentials: {'domain_id': 'default', 'domain_name': 'Default', 'username': 'tempest-ServicesAdminTestJSON-581019746-project-member', 'project_domain_id': 'default', 'project_domain_name': 'Default', 'project_id': '0c6716c7b5a745f890739b0a4aeff108', 'project_name': 'tempest-ServicesAdminTestJSON-581019746', 'tenant_id': '0c6716c7b5a745f890739b0a4aeff108', 'tenant_name': 'tempest-ServicesAdminTestJSON-581019746', 'user_domain_id': 'default', 'user_domain_name': 'Default', 'user_id': 'c59bad34e1b343dc9222b81d721bea30', 'system': None}, Network: None, Subnet: None, Router: None
2025-04-07 13:19:23.064 69668 INFO tempest.lib.common.rest_client [req-a6144eca-9606-498d-ab6b-f8cdcbafb47e req-a6144eca-9606-498d-ab6b-f8cdcbafb47e ] Request (ServerDiagnosticsNegativeTest:tearDownClass): 204 DELETE http://10.180.1.21:9696/networking/v2.0/security-groups/15c3fbb6-17a2-4ae3-9669-b22f3d6b492c 0.186s
2025-04-07 13:19:23.072 69694 INFO tempest.lib.common.rest_client [req-2f165ea7-c0e3-4061-99f9-e1c384b7bb2d req-2f165ea7-c0e3-4061-99f9-e1c384b7bb2d ] Request (AttachInterfacesUnderV243Test:test_add_remove_fixed_ip): 200 GET http://10.180.1.21/compute/v2.1/servers/c99fda1f-10fb-41aa-ad81-54c0f09ca10c 2.393s
2025-04-07 13:19:23.164 69676 INFO tempest.lib.common.rest_client [req-a96c61a7-e797-499d-b8f4-133beae07dfd req-a96c61a7-e797-499d-b8f4-133beae07dfd ] Request (ServicesAdminTestJSON:setUpClass): 201 POST http://10.180.1.21/identity/v3/auth/tokens 0.102s
2025-04-07 13:19:23.208 69676 INFO tempest.lib.common.rest_client [req-b310adf7-b2d0-4edc-8ca1-c8576b4f7891 req-b310adf7-b2d0-4edc-8ca1-c8576b4f7891 ] Request (ServicesAdminTestJSON:setUpClass): 201 POST http://10.180.1.21/identity/v3/projects 0.043s
2025-04-07 13:19:23.212 69718 INFO tempest.lib.common.rest_client [req-31e5a3b4-d162-4d35-8eec-51b71e859843 req-31e5a3b4-d162-4d35-8eec-51b71e859843 ] Request (FloatingIPDetailsTestJSON:tearDownClass): 204 DELETE http://10.180.1.21:9696/networking/v2.0/networks/3271f48d-be12-444d-91aa-c34fbed10bd7 0.266s
2025-04-07 13:19:23.221 69712 INFO tempest.lib.common.rest_client [req-84e84b1f-bada-4d36-ad68-d706b5e63e89 req-84e84b1f-bada-4d36-ad68-d706b5e63e89 ] Request (ServersWithSpecificFlavorTestJSON:test_verify_created_server_ephemeral_disk): 200 GET http://10.180.1.21/compute/v2.1/servers/385c46fc-c996-4047-ad08-608d3c9bd91a 2.483s
2025-04-07 13:19:23.232 69712 INFO tempest.common.waiters [-] State transition "BUILD/networking" ==> "BUILD/spawning" after 32 second wait
2025-04-07 13:19:23.239 69668 INFO tempest.lib.common.rest_client [req-1258f600-db4b-4a70-9ac3-acfc677a65f9 req-1258f600-db4b-4a70-9ac3-acfc677a65f9 ] Request (ServerDiagnosticsNegativeTest:tearDownClass): 204 DELETE http://10.180.1.21/identity/v3/projects/65823ecf882e42df9076eaf85ae583a1 0.173s
2025-04-07 13:19:23.240 69668 INFO tempest.lib.common.dynamic_creds [-] Deleting project and security group for project: 40f9c8d7b0e34b2a94f3fd4d3a572d3e
2025-04-07 13:19:23.280 69676 INFO tempest.lib.common.rest_client [req-a0d1bc7e-89a2-4fe4-ada3-c9e7eb6e908d req-a0d1bc7e-89a2-4fe4-ada3-c9e7eb6e908d ] Request (ServicesAdminTestJSON:setUpClass): 201 POST http://10.180.1.21/identity/v3/users 0.072s
2025-04-07 13:19:23.300 69668 INFO tempest.lib.common.rest_client [req-2daa849c-9d34-4440-98fb-6defd7aa4d29 req-2daa849c-9d34-4440-98fb-6defd7aa4d29 ] Request (ServerDiagnosticsNegativeTest:tearDownClass): 200 GET http://10.180.1.21:9696/networking/v2.0/security-groups?tenant_id=40f9c8d7b0e34b2a94f3fd4d3a572d3e&name=default 0.059s
2025-04-07 13:19:23.304 69666 INFO tempest.lib.common.rest_client [req-e546b18f-d83e-41b7-a757-3fd3214c7778 req-e546b18f-d83e-41b7-a757-3fd3214c7778 ] Request (ServersTestFqdnHostnames:test_create_server_with_fqdn_name): 200 GET http://10.180.1.21/compute/v2.1/servers/2e37b452-ee15-4882-ad00-50c29af0c10d 2.500s
2025-04-07 13:19:23.318 69676 INFO tempest.lib.common.rest_client [req-8bb1e9ca-cdc0-4442-a11e-a63e6b4510a2 req-8bb1e9ca-cdc0-4442-a11e-a63e6b4510a2 ] Request (ServicesAdminTestJSON:setUpClass): 200 GET http://10.180.1.21/identity/v3/roles 0.037s
2025-04-07 13:19:23.325 69710 INFO tempest.lib.common.rest_client [req-db8975bb-51a7-4685-b9b3-fa34bd89a54f req-db8975bb-51a7-4685-b9b3-fa34bd89a54f ] Request (ServerTagsTestJSON:setUpClass): 200 PUT http://10.180.1.21:9696/networking/v2.0/routers/35487e36-f340-47b9-a2f0-95f471cd76cd/add_router_interface 1.914s
2025-04-07 13:19:23.325 69710 INFO tempest.lib.common.dynamic_creds [-] Created isolated network resources for: credentials: Credentials: {'domain_id': 'default', 'domain_name': 'Default', 'username': 'tempest-ServerTagsTestJSON-398239967-project-member', 'project_domain_id': 'default', 'project_domain_name': 'Default', 'project_id': '16701d91071c49a0a2c7e14fdc8d36bd', 'project_name': 'tempest-ServerTagsTestJSON-398239967', 'tenant_id': '16701d91071c49a0a2c7e14fdc8d36bd', 'tenant_name': 'tempest-ServerTagsTestJSON-398239967', 'user_domain_id': 'default', 'user_domain_name': 'Default', 'user_id': '0ce63f46b3ed4fd8836f8901e50218c0', 'system': None}, Network: {'id': '82a64835-cbc9-4ee8-b70b-1bf86c284235', 'name': 'tempest-ServerTagsTestJSON-731756221-network', 'tenant_id': '16701d91071c49a0a2c7e14fdc8d36bd', 'admin_state_up': True, 'mtu': 8950, 'status': 'ACTIVE', 'subnets': [], 'shared': False, 'project_id': '16701d91071c49a0a2c7e14fdc8d36bd', 'port_security_enabled': True, 'router:external': False, 'provider:network_type': 'vlan', 'provider:physical_network': 'default', 'provider:segmentation_id': 829, 'availability_zone_hints': [], 'availability_zones': [], 'ipv4_address_scope': None, 'ipv6_address_scope': None, 'description': '', 'tags': [], 'created_at': '2025-04-07T13:19:19Z', 'updated_at': '2025-04-07T13:19:19Z', 'revision_number': 1}, Subnet: {'id': '5c61947e-b9a8-4a01-a071-97b1ac250243', 'name': 'tempest-ServerTagsTestJSON-731756221-subnet', 'tenant_id': '16701d91071c49a0a2c7e14fdc8d36bd', 'network_id': '82a64835-cbc9-4ee8-b70b-1bf86c284235', 'ip_version': 4, 'subnetpool_id': None, 'enable_dhcp': True, 'ipv6_ra_mode': None, 'ipv6_address_mode': None, 'gateway_ip': '192.168.128.1', 'cidr': '192.168.128.0/28', 'allocation_pools': [{'start': '192.168.128.2', 'end': '192.168.128.14'}], 'host_routes': [], 'dns_nameservers': [], 'description': '', 'router:external': False, 'service_types': [], 'tags': [], 'created_at': '2025-04-07T13:19:19Z', 'updated_at': '2025-04-07T13:19:19Z', 'revision_number': 0, 'project_id': '16701d91071c49a0a2c7e14fdc8d36bd'}, Router: {'id': '35487e36-f340-47b9-a2f0-95f471cd76cd', 'name': 'tempest-ServerTagsTestJSON-731756221-router', 'tenant_id': '16701d91071c49a0a2c7e14fdc8d36bd', 'admin_state_up': True, 'status': 'ACTIVE', 'external_gateway_info': {'network_id': '0aca4dec-fce8-492d-866b-3b83229e461c', 'external_fixed_ips': [{'subnet_id': '83efa834-8057-4413-8232-055bb087ee96', 'ip_address': '10.180.180.238'}], 'enable_snat': True}, 'description': '', 'availability_zones': [], 'distributed': False, 'ha': False, 'availability_zone_hints': [], 'routes': [], 'flavor_id': None, 'tags': [], 'created_at': '2025-04-07T13:19:20Z', 'updated_at': '2025-04-07T13:19:20Z', 'revision_number': 2, 'project_id': '16701d91071c49a0a2c7e14fdc8d36bd'}
2025-04-07 13:19:23.360 69676 INFO tempest.lib.common.rest_client [req-630aa749-3c5a-4907-b16e-2254731ea1e4 req-630aa749-3c5a-4907-b16e-2254731ea1e4 ] Request (ServicesAdminTestJSON:setUpClass): 204 PUT http://10.180.1.21/identity/v3/projects/01b878b491ac4a4aaaef1f57dd438d19/users/9c424662768d4705abd743171b72fbd9/roles/b59f10e48943454184a4c1dce2aeb211 0.041s
2025-04-07 13:19:23.391 69718 INFO tempest.lib.common.rest_client [req-1de5dd67-effa-4a0c-bab8-ee7ed150f503 req-1de5dd67-effa-4a0c-bab8-ee7ed150f503 ] Request (FloatingIPDetailsTestJSON:tearDownClass): 204 DELETE http://10.180.1.21/identity/v3/users/35e9a061ace844a4afe9db37424b1b5a 0.178s
2025-04-07 13:19:23.391 69718 INFO tempest.lib.common.dynamic_creds [-] Deleting project and security group for project: 9e0346607ecd4825bb99466eee6875ef
2025-04-07 13:19:23.399 69684 INFO tempest.lib.common.rest_client [req-78929c08-a7ee-4a02-a427-4c2db2c121f6 req-78929c08-a7ee-4a02-a427-4c2db2c121f6 ] Request (ServersAdminNegativeTestJSON:test_migrate_server_invalid_state): 200 GET http://10.180.1.21/compute/v2.1/servers/b1e59caf-ffdc-4f32-9c58-6470ad4da097 2.516s
2025-04-07 13:19:23.423 69668 INFO tempest.lib.common.rest_client [req-87735bad-d7a4-4e64-8650-db8a3ca6892d req-87735bad-d7a4-4e64-8650-db8a3ca6892d ] Request (ServerDiagnosticsNegativeTest:tearDownClass): 204 DELETE http://10.180.1.21:9696/networking/v2.0/security-groups/b030a51e-b58e-426e-8137-a6c67a7c7e2c 0.122s
2025-04-07 13:19:23.428 69718 INFO tempest.lib.common.rest_client [req-1a7e863f-536a-4581-8b34-d46f78f4b4a2 req-1a7e863f-536a-4581-8b34-d46f78f4b4a2 ] Request (FloatingIPDetailsTestJSON:tearDownClass): 200 GET http://10.180.1.21:9696/networking/v2.0/security-groups?tenant_id=9e0346607ecd4825bb99466eee6875ef&name=default 0.036s
2025-04-07 13:19:23.438 69728 INFO tempest.lib.common.rest_client [req-717d7a66-937f-44ab-8b02-0adc004a6005 req-717d7a66-937f-44ab-8b02-0adc004a6005 ] Request (ImagesMetadataTestJSON:test_update_image_metadata): 200 GET http://10.180.1.21/compute/v2.1/images/fa69f637-f7a6-4af8-9f75-9d703cefe025/metadata 2.551s
2025-04-07 13:19:23.453 69676 INFO tempest.lib.common.rest_client [req-5b43b446-dd1d-4e33-a367-18991235723f req-5b43b446-dd1d-4e33-a367-18991235723f ] Request (ServicesAdminTestJSON:setUpClass): 200 GET http://10.180.1.21/identity/v3/roles 0.089s
2025-04-07 13:19:23.456 69710 INFO tempest.lib.common.rest_client [req-55bba7c8-1df7-4db1-9f8a-6a80d68e419d req-55bba7c8-1df7-4db1-9f8a-6a80d68e419d ] Request (ServerTagsTestJSON:setUpClass): 201 POST http://10.180.1.21/identity/v3/auth/tokens 0.126s
2025-04-07 13:19:23.461 69700 INFO tempest.lib.common.rest_client [req-d9bf4103-58b6-41e3-b42d-d1ca5baabc8f req-d9bf4103-58b6-41e3-b42d-d1ca5baabc8f ] Request (FlavorsAdminTestJSON:test_is_public_string_variations): 200 GET http://10.180.1.21/compute/v2.1/flavors/detail?is_public=f 2.545s
2025-04-07 13:19:23.480 69676 INFO tempest.lib.common.rest_client [req-f8ddb043-7db7-4470-b9fa-82a4a2512d50 req-f8ddb043-7db7-4470-b9fa-82a4a2512d50 ] Request (ServicesAdminTestJSON:setUpClass): 204 PUT http://10.180.1.21/identity/v3/projects/01b878b491ac4a4aaaef1f57dd438d19/users/9c424662768d4705abd743171b72fbd9/roles/b59f10e48943454184a4c1dce2aeb211 0.026s
2025-04-07 13:19:23.481 69676 INFO tempest.lib.common.dynamic_creds [-] Dynamic test user 9c424662768d4705abd743171b72fbd9 is created with scope project and roles: ['admin']
2025-04-07 13:19:23.482 69676 INFO tempest.lib.common.dynamic_creds [-] Acquired dynamic creds: credentials: Credentials: {'domain_id': 'default', 'domain_name': 'Default', 'username': 'tempest-ServicesAdminTestJSON-3996475-project-admin', 'project_domain_id': 'default', 'project_domain_name': 'Default', 'project_id': '01b878b491ac4a4aaaef1f57dd438d19', 'project_name': 'tempest-ServicesAdminTestJSON-3996475', 'tenant_id': '01b878b491ac4a4aaaef1f57dd438d19', 'tenant_name': 'tempest-ServicesAdminTestJSON-3996475', 'user_domain_id': 'default', 'user_domain_name': 'Default', 'user_id': '9c424662768d4705abd743171b72fbd9', 'system': None}, Network: None, Subnet: None, Router: None
2025-04-07 13:19:23.482 69676 INFO tempest.lib.common.dynamic_creds [-] Created isolated network resources for: credentials: Credentials: {'domain_id': 'default', 'domain_name': 'Default', 'username': 'tempest-ServicesAdminTestJSON-3996475-project-admin', 'project_domain_id': 'default', 'project_domain_name': 'Default', 'project_id': '01b878b491ac4a4aaaef1f57dd438d19', 'project_name': 'tempest-ServicesAdminTestJSON-3996475', 'tenant_id': '01b878b491ac4a4aaaef1f57dd438d19', 'tenant_name': 'tempest-ServicesAdminTestJSON-3996475', 'user_domain_id': 'default', 'user_domain_name': 'Default', 'user_id': '9c424662768d4705abd743171b72fbd9', 'system': None}, Network: None, Subnet: None, Router: None
2025-04-07 13:19:23.523 69728 INFO tempest.lib.common.rest_client [req-dbcb7da4-7329-45e5-88ea-299c47d88495 req-dbcb7da4-7329-45e5-88ea-299c47d88495 ] Request (ImagesMetadataTestJSON:tearDownClass): 204 DELETE http://10.180.1.21/image/v2/images/fa69f637-f7a6-4af8-9f75-9d703cefe025 0.083s
2025-04-07 13:19:23.524 69718 INFO tempest.lib.common.rest_client [req-17e56064-922f-4827-bc04-87c4ac7de3b0 req-17e56064-922f-4827-bc04-87c4ac7de3b0 ] Request (FloatingIPDetailsTestJSON:tearDownClass): 204 DELETE http://10.180.1.21:9696/networking/v2.0/security-groups/08721a7e-ed29-4c14-9ee6-bc50c3a3fa36 0.095s
2025-04-07 13:19:23.534 69716 INFO tempest.lib.common.rest_client [req-5924b2fd-362a-455f-94d2-35aa15e1a571 req-5924b2fd-362a-455f-94d2-35aa15e1a571 ] Request (ServersTestMultiNic:_run_cleanups): 200 GET http://10.180.1.21/compute/v2.1/servers/7a1b62ef-ceaf-4167-9d6c-0140afde1077 2.582s
2025-04-07 13:19:23.535 69668 INFO tempest.lib.common.rest_client [req-2a145f28-6d00-47ca-97ef-f6cfd4801541 req-2a145f28-6d00-47ca-97ef-f6cfd4801541 ] Request (ServerDiagnosticsNegativeTest:tearDownClass): 204 DELETE http://10.180.1.21/identity/v3/projects/40f9c8d7b0e34b2a94f3fd4d3a572d3e 0.112s
2025-04-07 13:19:23.546 69710 INFO tempest.lib.common.rest_client [req-5f8490cf-ce39-4d1f-89e2-48518a893972 req-5f8490cf-ce39-4d1f-89e2-48518a893972 ] Request (ServerTagsTestJSON:setUpClass): 201 POST http://10.180.1.21/identity/v3/auth/tokens 0.085s
2025-04-07 13:19:23.547 69710 INFO tempest.lib.common.fixed_network [-] (ServerTagsTestJSON:setUpClass) Found network {'id': '82a64835-cbc9-4ee8-b70b-1bf86c284235', 'name': 'tempest-ServerTagsTestJSON-731756221-network', 'tenant_id': '16701d91071c49a0a2c7e14fdc8d36bd', 'admin_state_up': True, 'mtu': 8950, 'status': 'ACTIVE', 'subnets': [], 'shared': False, 'project_id': '16701d91071c49a0a2c7e14fdc8d36bd', 'port_security_enabled': True, 'router:external': False, 'provider:network_type': 'vlan', 'provider:physical_network': 'default', 'provider:segmentation_id': 829, 'availability_zone_hints': [], 'availability_zones': [], 'ipv4_address_scope': None, 'ipv6_address_scope': None, 'description': '', 'tags': [], 'created_at': '2025-04-07T13:19:19Z', 'updated_at': '2025-04-07T13:19:19Z', 'revision_number': 1} available for tenant
2025-04-07 13:19:23.595 69680 INFO tempest.lib.common.rest_client [req-43e2a926-b6a4-46a9-af23-3bc35e168016 req-43e2a926-b6a4-46a9-af23-3bc35e168016 ] Request (ImagesTestJSON:test_create_image_from_stopped_server): 200 GET http://10.180.1.21/compute/v2.1/servers/025443af-76e3-49ff-b668-ce57cb0c71b3 2.633s
2025-04-07 13:19:23.612 69676 INFO tempest.lib.common.rest_client [req-83c337ad-e1d1-4f2c-a8ff-25293c233403 req-83c337ad-e1d1-4f2c-a8ff-25293c233403 ] Request (ServicesAdminTestJSON:setUpClass): 201 POST http://10.180.1.21/identity/v3/auth/tokens 0.127s
2025-04-07 13:19:23.637 69728 INFO tempest.lib.common.rest_client [req-0cf8dd20-6f5b-443b-be05-eefa54dc9891 req-0cf8dd20-6f5b-443b-be05-eefa54dc9891 ] Request (ImagesMetadataTestJSON:tearDownClass): 204 DELETE http://10.180.1.21/identity/v3/users/ed50142a44514926bdfd278420472ee2 0.113s
2025-04-07 13:19:23.637 69728 INFO tempest.lib.common.dynamic_creds [-] Deleting project and security group for project: 0291279b4f474a7696c8df40e5caeb14
2025-04-07 13:19:23.654 69682 INFO tempest.lib.common.rest_client [req-1d89bd94-e9d0-4d6d-8357-48e2ee505d19 req-1d89bd94-e9d0-4d6d-8357-48e2ee505d19 ] Request (TenantUsagesTestJSON:setUpClass): 200 GET http://10.180.1.21/compute/v2.1/servers/582e6f9d-78dd-4f57-b971-fa10a393720d 2.624s
2025-04-07 13:19:23.685 69668 INFO tempest.lib.common.rest_client [req-74657b8b-ee2a-434b-9b34-bd2546fbd1c8 req-74657b8b-ee2a-434b-9b34-bd2546fbd1c8 ] Request (ServersTestBootFromVolume:setUpClass): 201 POST http://10.180.1.21/identity/v3/auth/tokens 0.147s
2025-04-07 13:19:23.698 69704 INFO tempest.lib.common.rest_client [req-4af03aa1-6f68-411c-b0e8-67de6c3c3b8a req-4af03aa1-6f68-411c-b0e8-67de6c3c3b8a ] Request (ServersAdminTestJSON:setUpClass): 200 GET http://10.180.1.21/compute/v2.1/servers/17c6ed86-c995-4238-84da-127353dd6ee0 2.667s
2025-04-07 13:19:23.708 69718 INFO tempest.lib.common.rest_client [req-e92fc970-b471-4d23-bb38-a56e60995ac8 req-e92fc970-b471-4d23-bb38-a56e60995ac8 ] Request (FloatingIPDetailsTestJSON:tearDownClass): 204 DELETE http://10.180.1.21/identity/v3/projects/9e0346607ecd4825bb99466eee6875ef 0.183s
2025-04-07 13:19:23.742 69728 INFO tempest.lib.common.rest_client [req-7be38627-b0e3-4c4f-a409-d61e024828e1 req-7be38627-b0e3-4c4f-a409-d61e024828e1 ] Request (ImagesMetadataTestJSON:tearDownClass): 201 POST http://10.180.1.21/identity/v3/auth/tokens 0.104s
2025-04-07 13:19:23.757 69696 INFO tempest.lib.common.rest_client [req-bc9e579d-4a64-449b-82ce-51d2d929a5bc req-bc9e579d-4a64-449b-82ce-51d2d929a5bc ] Request (ListImageFiltersTestJSON:setUpClass): 200 GET http://10.180.1.21/compute/v2.1/servers/691ba63f-02ab-432b-abde-97274fa19cda 2.663s
2025-04-07 13:19:23.766 69668 INFO tempest.lib.common.rest_client [req-b63b3abe-b6f1-4350-b9da-ad3f97581528 req-b63b3abe-b6f1-4350-b9da-ad3f97581528 ] Request (ServersTestBootFromVolume:setUpClass): 201 POST http://10.180.1.21/identity/v3/auth/tokens 0.079s
2025-04-07 13:19:23.770 69718 INFO tempest.lib.common.rest_client [req-4ec3c5e9-5858-466f-96f8-0f4526148f30 req-4ec3c5e9-5858-466f-96f8-0f4526148f30 ] Request (ServerShowV247Test:setUpClass): 201 POST http://10.180.1.21/identity/v3/auth/tokens 0.061s
2025-04-07 13:19:23.795 69668 INFO tempest.lib.common.rest_client [req-86e95ba7-62b8-4eed-b55a-5e9d5d14282c req-86e95ba7-62b8-4eed-b55a-5e9d5d14282c ] Request (ServersTestBootFromVolume:setUpClass): 200 GET http://10.180.1.21/identity/v3/domains?name=Default 0.027s
2025-04-07 13:19:23.817 69718 INFO tempest.lib.common.rest_client [req-850d5e95-e1bf-4bfc-92d5-2525a900a3bc req-850d5e95-e1bf-4bfc-92d5-2525a900a3bc ] Request (ServerShowV247Test:setUpClass): 201 POST http://10.180.1.21/identity/v3/auth/tokens 0.043s
2025-04-07 13:19:23.827 69702 INFO tempest.lib.common.rest_client [req-c3bf9cfc-88a4-479a-be33-8728e8569143 req-c3bf9cfc-88a4-479a-be33-8728e8569143 ] Request (DeleteServersAdminTestJSON:test_admin_delete_servers_of_others): 200 GET http://10.180.1.21/compute/v2.1/servers/4ee02d9a-86bf-4315-aee0-4fe522ba06c5 2.726s
2025-04-07 13:19:23.848 69718 INFO tempest.lib.common.rest_client [req-da03533c-29f9-4a39-88d0-8898d2d4079c req-da03533c-29f9-4a39-88d0-8898d2d4079c ] Request (ServerShowV247Test:setUpClass): 200 GET http://10.180.1.21/identity/v3/domains?name=Default 0.030s
2025-04-07 13:19:23.852 69668 INFO tempest.lib.common.rest_client [req-17fee2cb-6b0b-4460-8c79-5e1ea0e97cd9 req-17fee2cb-6b0b-4460-8c79-5e1ea0e97cd9 ] Request (ServersTestBootFromVolume:setUpClass): 201 POST http://10.180.1.21/identity/v3/projects 0.056s
2025-04-07 13:19:23.906 69718 INFO tempest.lib.common.rest_client [req-c2cd5a80-d32e-4187-8bd9-e3930e0e354a req-c2cd5a80-d32e-4187-8bd9-e3930e0e354a ] Request (ServerShowV247Test:setUpClass): 201 POST http://10.180.1.21/identity/v3/projects 0.058s
2025-04-07 13:19:23.911 69672 INFO tempest.lib.common.rest_client [req-cdd6a228-f60f-4220-bf85-5fb0d9c93f18 req-cdd6a228-f60f-4220-bf85-5fb0d9c93f18 ] Request (ServerDiagnosticsTest:tearDownClass): 200 GET http://10.180.1.21/compute/v2.1/servers/fec0818b-688d-479e-b35d-dfce49c3348b 2.743s
2025-04-07 13:19:23.913 69668 INFO tempest.lib.common.rest_client [req-adb1dbd7-8eeb-44c7-b090-d9ec51bf528f req-adb1dbd7-8eeb-44c7-b090-d9ec51bf528f ] Request (ServersTestBootFromVolume:setUpClass): 201 POST http://10.180.1.21/identity/v3/users 0.060s
2025-04-07 13:19:23.966 69668 INFO tempest.lib.common.rest_client [req-00e2ad44-e0ad-4b7d-a1d0-7d15cfc6cf59 req-00e2ad44-e0ad-4b7d-a1d0-7d15cfc6cf59 ] Request (ServersTestBootFromVolume:setUpClass): 200 GET http://10.180.1.21/identity/v3/roles 0.052s
2025-04-07 13:19:23.972 69718 INFO tempest.lib.common.rest_client [req-b476c0f9-7ca5-4d6b-8c81-1b2f7fa68647 req-b476c0f9-7ca5-4d6b-8c81-1b2f7fa68647 ] Request (ServerShowV247Test:setUpClass): 201 POST http://10.180.1.21/identity/v3/users 0.065s
2025-04-07 13:19:23.979 69728 INFO tempest.lib.common.rest_client [req-b46f3521-1f29-43fe-a8c1-ed2cccae7ac1 req-b46f3521-1f29-43fe-a8c1-ed2cccae7ac1 ] Request (ImagesMetadataTestJSON:tearDownClass): 200 GET http://10.180.1.21:9696/networking/v2.0/security-groups?tenant_id=0291279b4f474a7696c8df40e5caeb14&name=default 0.236s
2025-04-07 13:19:23.982 69688 INFO tempest.lib.common.rest_client [req-1fef7036-c68b-4a20-863f-8bebf1030290 req-1fef7036-c68b-4a20-863f-8bebf1030290 ] Request (ServersV294TestFqdnHostnames:setUpClass): 200 GET http://10.180.1.21/compute/v2.1/servers/72099d69-bd34-4b3d-a940-2b9b6b5936dd 2.806s
2025-04-07 13:19:23.988 69668 INFO tempest.lib.common.rest_client [req-165c589e-d9b4-4bad-b2fc-81c85bb5b141 req-165c589e-d9b4-4bad-b2fc-81c85bb5b141 ] Request (ServersTestBootFromVolume:setUpClass): 204 PUT http://10.180.1.21/identity/v3/projects/41f9b9a2ab43434db989ba2a0c7ff321/users/43b312501fc34ab4a3534afb5f83f8fd/roles/4baa54ae07ee4f9a9e266c3391e47ff5 0.022s
2025-04-07 13:19:23.988 69668 INFO tempest.lib.common.dynamic_creds [-] Dynamic test user 43b312501fc34ab4a3534afb5f83f8fd is created with scope project and roles: ['member']
2025-04-07 13:19:23.989 69668 INFO tempest.lib.common.dynamic_creds [-] Acquired dynamic creds: credentials: Credentials: {'domain_id': 'default', 'domain_name': 'Default', 'username': 'tempest-ServersTestBootFromVolume-661843969-project-member', 'project_domain_id': 'default', 'project_domain_name': 'Default', 'project_id': '41f9b9a2ab43434db989ba2a0c7ff321', 'project_name': 'tempest-ServersTestBootFromVolume-661843969', 'tenant_id': '41f9b9a2ab43434db989ba2a0c7ff321', 'tenant_name': 'tempest-ServersTestBootFromVolume-661843969', 'user_domain_id': 'default', 'user_domain_name': 'Default', 'user_id': '43b312501fc34ab4a3534afb5f83f8fd', 'system': None}, Network: None, Subnet: None, Router: None
2025-04-07 13:19:23.991 69718 INFO tempest.lib.common.rest_client [req-7ef9a011-4e4f-4796-bfe5-24b3920bc7d8 req-7ef9a011-4e4f-4796-bfe5-24b3920bc7d8 ] Request (ServerShowV247Test:setUpClass): 200 GET http://10.180.1.21/identity/v3/roles 0.019s
2025-04-07 13:19:24.008 69708 INFO tempest.lib.common.rest_client [req-bbe1c934-9ae4-4643-b416-929aeae81640 req-bbe1c934-9ae4-4643-b416-929aeae81640 ] Request (AttachInterfacesV270Test:test_create_get_list_interfaces): 400 POST http://10.180.1.21/compute/v2.1/servers/1850df94-4631-446f-81e0-8feacc37086d/os-interface 4.478s
2025-04-07 13:19:24.039 69668 INFO tempest.lib.common.rest_client [req-44aab708-3286-4f99-aebb-f991d81d1be7 req-44aab708-3286-4f99-aebb-f991d81d1be7 ] Request (ServersTestBootFromVolume:setUpClass): 201 POST http://10.180.1.21/identity/v3/auth/tokens 0.050s
2025-04-07 13:19:24.048 69726 INFO tempest.lib.common.rest_client [req-3c4a4644-bbe1-4af4-8900-ec54fbde1a2b req-3c4a4644-bbe1-4af4-8900-ec54fbde1a2b ] Request (ServerExternalEventsTest:tearDownClass): 200 GET http://10.180.1.21/compute/v2.1/servers/a0e0b86e-7ebf-4f1f-9277-446b879fdf06 2.783s
2025-04-07 13:19:24.053 69718 INFO tempest.lib.common.rest_client [req-a3bcdc88-29ba-4518-9c75-530dc7ef5fa8 req-a3bcdc88-29ba-4518-9c75-530dc7ef5fa8 ] Request (ServerShowV247Test:setUpClass): 204 PUT http://10.180.1.21/identity/v3/projects/71000f11e64942f191df5776714b0f72/users/fce62651e3454c45b4b4294d18805995/roles/4baa54ae07ee4f9a9e266c3391e47ff5 0.061s
2025-04-07 13:19:24.053 69718 INFO tempest.lib.common.dynamic_creds [-] Dynamic test user fce62651e3454c45b4b4294d18805995 is created with scope project and roles: ['member']
2025-04-07 13:19:24.053 69718 INFO tempest.lib.common.dynamic_creds [-] Acquired dynamic creds: credentials: Credentials: {'domain_id': 'default', 'domain_name': 'Default', 'username': 'tempest-ServerShowV247Test-520825342-project-member', 'project_domain_id': 'default', 'project_domain_name': 'Default', 'project_id': '71000f11e64942f191df5776714b0f72', 'project_name': 'tempest-ServerShowV247Test-520825342', 'tenant_id': '71000f11e64942f191df5776714b0f72', 'tenant_name': 'tempest-ServerShowV247Test-520825342', 'user_domain_id': 'default', 'user_domain_name': 'Default', 'user_id': 'fce62651e3454c45b4b4294d18805995', 'system': None}, Network: None, Subnet: None, Router: None
2025-04-07 13:19:24.053 69718 INFO tempest.lib.common.dynamic_creds [-] Created isolated network resources for: credentials: Credentials: {'domain_id': 'default', 'domain_name': 'Default', 'username': 'tempest-ServerShowV247Test-520825342-project-member', 'project_domain_id': 'default', 'project_domain_name': 'Default', 'project_id': '71000f11e64942f191df5776714b0f72', 'project_name': 'tempest-ServerShowV247Test-520825342', 'tenant_id': '71000f11e64942f191df5776714b0f72', 'tenant_name': 'tempest-ServerShowV247Test-520825342', 'user_domain_id': 'default', 'user_domain_name': 'Default', 'user_id': 'fce62651e3454c45b4b4294d18805995', 'system': None}, Network: None, Subnet: None, Router: None
2025-04-07 13:19:24.055 69726 INFO tempest.common.waiters [-] State transition "ACTIVE/deleting" ==> "DELETED/None" after 7 second wait
2025-04-07 13:19:24.071 69728 INFO tempest.lib.common.rest_client [req-f671a9f0-6141-45b1-b5df-efbc434db2d0 req-f671a9f0-6141-45b1-b5df-efbc434db2d0 ] Request (ImagesMetadataTestJSON:tearDownClass): 204 DELETE http://10.180.1.21:9696/networking/v2.0/security-groups/81ca3591-2ce3-4834-84fc-be0011a0eda2 0.091s
2025-04-07 13:19:24.080 69722 INFO tempest.lib.common.rest_client [req-efe29a9b-de4e-47b3-b4d3-48a0d1e5c358 req-efe29a9b-de4e-47b3-b4d3-48a0d1e5c358 ] Request (ServersListShow2100Test:test_list_show_rebuild_update_server_2100): 200 GET http://10.180.1.21/compute/v2.1/servers/d24fe5c5-bca0-4f1a-9997-fea677580719 2.815s
2025-04-07 13:19:24.107 69670 INFO tempest.lib.common.rest_client [req-677cf250-468d-4b52-ac67-6b40e86d74ae req-677cf250-468d-4b52-ac67-6b40e86d74ae ] Request (FloatingIPsAssociationNegativeTestJSON:test_dissociate_nonexistent_floating_ip): 404 POST http://10.180.1.21/compute/v2.1/servers/99885e00-62ad-421a-939a-8ec111ef5214/action 2.074s
2025-04-07 13:19:24.128 69690 INFO tempest.lib.common.rest_client [req-4ef8f07f-0304-438c-a32a-2ea83ce71b63 req-4ef8f07f-0304-438c-a32a-2ea83ce71b63 ] Request (AggregatesAdminNegativeTestJSON:_run_cleanups): 200 DELETE http://10.180.1.21/compute/v2.1/os-aggregates/7 1.928s
2025-04-07 13:19:24.156 69718 INFO tempest.lib.common.rest_client [req-79ad2b0a-0365-45d8-a127-bb33be6e0bef req-79ad2b0a-0365-45d8-a127-bb33be6e0bef ] Request (ServerShowV247Test:setUpClass): 201 POST http://10.180.1.21/identity/v3/auth/tokens 0.096s
2025-04-07 13:19:24.181 69718 INFO tempest.lib.common.rest_client [req-81077a08-1fee-4fb6-a4f0-d4ab0150323a req-81077a08-1fee-4fb6-a4f0-d4ab0150323a ] Request (ServerShowV247Test:setUpClass): 200 GET http://10.180.1.21/identity/v3/projects/71000f11e64942f191df5776714b0f72 0.024s
2025-04-07 13:19:24.181 69718 INFO tempest.lib.common.dynamic_creds [-] Using the existing project 71000f11e64942f191df5776714b0f72 for scope project and roles: ['reader']
2025-04-07 13:19:24.214 69718 INFO tempest.lib.common.rest_client [req-40bbe8c5-654f-4c64-a7d4-1958db076800 req-40bbe8c5-654f-4c64-a7d4-1958db076800 ] Request (ServerShowV247Test:setUpClass): 201 POST http://10.180.1.21/identity/v3/users 0.032s
2025-04-07 13:19:24.237 69718 INFO tempest.lib.common.rest_client [req-b8a98e5d-d06c-44a1-a529-e27534eb39bb req-b8a98e5d-d06c-44a1-a529-e27534eb39bb ] Request (ServerShowV247Test:setUpClass): 200 GET http://10.180.1.21/identity/v3/roles 0.022s
2025-04-07 13:19:24.277 69728 INFO tempest.lib.common.rest_client [req-38281cd5-d544-453c-bbd6-8bc872987408 req-38281cd5-d544-453c-bbd6-8bc872987408 ] Request (ImagesMetadataTestJSON:tearDownClass): 204 DELETE http://10.180.1.21/identity/v3/projects/0291279b4f474a7696c8df40e5caeb14 0.205s
2025-04-07 13:19:24.303 69698 INFO tempest.lib.common.rest_client [req-f4c9e7a8-fac3-49a9-a8fd-61ace9fe9bc3 req-f4c9e7a8-fac3-49a9-a8fd-61ace9fe9bc3 ] Request (MigrationsAdminTest:test_list_migrations_in_flavor_resize_situation): 200 GET http://10.180.1.21/compute/v2.1/servers/094f62b3-214b-4ea3-9cdf-8263b6a782d6 1.864s
2025-04-07 13:19:24.313 69728 INFO tempest.lib.common.rest_client [req-f39840cf-a0a7-4bb1-b741-d7957c3ba9db req-f39840cf-a0a7-4bb1-b741-d7957c3ba9db ] Request (ListImageFiltersNegativeTestJSON:setUpClass): 201 POST http://10.180.1.21/identity/v3/auth/tokens 0.033s
2025-04-07 13:19:24.322 69718 INFO tempest.lib.common.rest_client [req-92d14475-137c-446b-94f4-ad0415874fe8 req-92d14475-137c-446b-94f4-ad0415874fe8 ] Request (ServerShowV247Test:setUpClass): 204 PUT http://10.180.1.21/identity/v3/projects/71000f11e64942f191df5776714b0f72/users/94f6bb3b7e7d4ff7a3800b61f82480d0/roles/0929390b222241ac92ecfc397c92ad37 0.085s
2025-04-07 13:19:24.323 69718 INFO tempest.lib.common.dynamic_creds [-] Dynamic test user 94f6bb3b7e7d4ff7a3800b61f82480d0 is created with scope project and roles: ['reader']
2025-04-07 13:19:24.323 69718 INFO tempest.lib.common.dynamic_creds [-] Acquired dynamic creds: credentials: Credentials: {'domain_id': 'default', 'domain_name': 'Default', 'username': 'tempest-ServerShowV247Test-520825342-project-reader', 'project_domain_id': 'default', 'project_domain_name': 'Default', 'project_id': '71000f11e64942f191df5776714b0f72', 'project_name': 'tempest-ServerShowV247Test-520825342', 'tenant_id': '71000f11e64942f191df5776714b0f72', 'tenant_name': 'tempest-ServerShowV247Test-520825342', 'user_domain_id': 'default', 'user_domain_name': 'Default', 'user_id': '94f6bb3b7e7d4ff7a3800b61f82480d0', 'system': None}, Network: None, Subnet: None, Router: None
2025-04-07 13:19:24.323 69718 INFO tempest.lib.common.dynamic_creds [-] Network resources are not created for requested scope: project and credentials: Credentials: {'domain_id': 'default', 'domain_name': 'Default', 'username': 'tempest-ServerShowV247Test-520825342-project-reader', 'project_domain_id': 'default', 'project_domain_name': 'Default', 'project_id': '71000f11e64942f191df5776714b0f72', 'project_name': 'tempest-ServerShowV247Test-520825342', 'tenant_id': '71000f11e64942f191df5776714b0f72', 'tenant_name': 'tempest-ServerShowV247Test-520825342', 'user_domain_id': 'default', 'user_domain_name': 'Default', 'user_id': '94f6bb3b7e7d4ff7a3800b61f82480d0', 'system': None}, Network: None, Subnet: None, Router: None
2025-04-07 13:19:24.379 69686 INFO tempest.lib.common.rest_client [req-432d3cc2-6634-4450-9fb1-801f0cb2405d req-432d3cc2-6634-4450-9fb1-801f0cb2405d ] Request (FloatingIPsAssociationTestJSON:test_associate_already_associated_floating_ip): 200 GET http://10.180.1.21/compute/v2.1/servers/a2c4ba9c-89f7-42c4-b784-fc527e421c32 1.817s
2025-04-07 13:19:24.380 69728 INFO tempest.lib.common.rest_client [req-023d78d6-b007-4f6e-aa3c-b0c4f1375360 req-023d78d6-b007-4f6e-aa3c-b0c4f1375360 ] Request (ListImageFiltersNegativeTestJSON:setUpClass): 201 POST http://10.180.1.21/identity/v3/auth/tokens 0.065s
2025-04-07 13:19:24.405 69718 INFO tempest.lib.common.rest_client [req-ef5dce9a-b44d-422c-afb3-9c5758691cf7 req-ef5dce9a-b44d-422c-afb3-9c5758691cf7 ] Request (ServerShowV247Test:setUpClass): 201 POST http://10.180.1.21/identity/v3/auth/tokens 0.077s
2025-04-07 13:19:24.407 69728 INFO tempest.lib.common.rest_client [req-a9315746-fb9b-457e-9a28-e3fdc65ecb94 req-a9315746-fb9b-457e-9a28-e3fdc65ecb94 ] Request (ListImageFiltersNegativeTestJSON:setUpClass): 200 GET http://10.180.1.21/identity/v3/domains?name=Default 0.026s
2025-04-07 13:19:24.444 69728 INFO tempest.lib.common.rest_client [req-1f785b69-bd83-4235-801e-59f48b064711 req-1f785b69-bd83-4235-801e-59f48b064711 ] Request (ListImageFiltersNegativeTestJSON:setUpClass): 201 POST http://10.180.1.21/identity/v3/projects 0.036s
2025-04-07 13:19:24.459 69668 INFO tempest.lib.common.rest_client [req-97f54a87-4011-4999-a634-7d03e9a4f351 req-97f54a87-4011-4999-a634-7d03e9a4f351 ] Request (ServersTestBootFromVolume:setUpClass): 201 POST http://10.180.1.21:9696/networking/v2.0/networks 0.420s
2025-04-07 13:19:24.468 69718 INFO tempest.lib.common.rest_client [req-ecd50bd1-f60b-4c5b-9e37-a54fd665f686 req-ecd50bd1-f60b-4c5b-9e37-a54fd665f686 ] Request (ServerShowV247Test:test_show_server): 201 POST http://10.180.1.21/identity/v3/auth/tokens 0.058s
2025-04-07 13:19:24.469 69718 INFO tempest.lib.common.fixed_network [-] (ServerShowV247Test:test_show_server) Found network None available for tenant
2025-04-07 13:19:24.498 69728 INFO tempest.lib.common.rest_client [req-0065a7a7-79cd-4bbf-b511-62cbf178334c req-0065a7a7-79cd-4bbf-b511-62cbf178334c ] Request (ListImageFiltersNegativeTestJSON:setUpClass): 201 POST http://10.180.1.21/identity/v3/users 0.052s
2025-04-07 13:19:24.527 69728 INFO tempest.lib.common.rest_client [req-bd3fff02-a735-4670-9d40-7f3f6074efa2 req-bd3fff02-a735-4670-9d40-7f3f6074efa2 ] Request (ListImageFiltersNegativeTestJSON:setUpClass): 200 GET http://10.180.1.21/identity/v3/roles 0.028s
2025-04-07 13:19:24.528 69678 INFO tempest.lib.common.rest_client [req-5cf92e83-0d97-4996-840e-b2ba6f41d120 req-5cf92e83-0d97-4996-840e-b2ba6f41d120 ] Request (VolumesAdminNegativeTest:test_update_attached_volume_with_nonexistent_volume_in_body): 200 GET http://10.180.1.21/compute/v2.1/servers/5daccee7-bde5-4b00-8376-e63c24998ca8 1.795s
2025-04-07 13:19:24.557 69728 INFO tempest.lib.common.rest_client [req-8769ee25-09db-4646-a250-2576f51aa8c0 req-8769ee25-09db-4646-a250-2576f51aa8c0 ] Request (ListImageFiltersNegativeTestJSON:setUpClass): 204 PUT http://10.180.1.21/identity/v3/projects/fbe2a993508146c6bc01cdafac66f845/users/076cb113707f456a8550189d37a468b5/roles/4baa54ae07ee4f9a9e266c3391e47ff5 0.030s
2025-04-07 13:19:24.557 69728 INFO tempest.lib.common.dynamic_creds [-] Dynamic test user 076cb113707f456a8550189d37a468b5 is created with scope project and roles: ['member']
2025-04-07 13:19:24.558 69728 INFO tempest.lib.common.dynamic_creds [-] Acquired dynamic creds: credentials: Credentials: {'domain_id': 'default', 'domain_name': 'Default', 'username': 'tempest-ListImageFiltersNegativeTestJSON-350791079-project-member', 'project_domain_id': 'default', 'project_domain_name': 'Default', 'project_id': 'fbe2a993508146c6bc01cdafac66f845', 'project_name': 'tempest-ListImageFiltersNegativeTestJSON-350791079', 'tenant_id': 'fbe2a993508146c6bc01cdafac66f845', 'tenant_name': 'tempest-ListImageFiltersNegativeTestJSON-350791079', 'user_domain_id': 'default', 'user_domain_name': 'Default', 'user_id': '076cb113707f456a8550189d37a468b5', 'system': None}, Network: None, Subnet: None, Router: None
2025-04-07 13:19:24.558 69728 INFO tempest.lib.common.dynamic_creds [-] Created isolated network resources for: credentials: Credentials: {'domain_id': 'default', 'domain_name': 'Default', 'username': 'tempest-ListImageFiltersNegativeTestJSON-350791079-project-member', 'project_domain_id': 'default', 'project_domain_name': 'Default', 'project_id': 'fbe2a993508146c6bc01cdafac66f845', 'project_name': 'tempest-ListImageFiltersNegativeTestJSON-350791079', 'tenant_id': 'fbe2a993508146c6bc01cdafac66f845', 'tenant_name': 'tempest-ListImageFiltersNegativeTestJSON-350791079', 'user_domain_id': 'default', 'user_domain_name': 'Default', 'user_id': '076cb113707f456a8550189d37a468b5', 'system': None}, Network: None, Subnet: None, Router: None
2025-04-07 13:19:24.558 69720 INFO tempest.lib.common.rest_client [req-2a690f60-b48e-44fa-85cc-087e434e2f44 req-2a690f60-b48e-44fa-85cc-087e434e2f44 ] Request (ImagesOneServerNegativeTestJSON:test_create_second_image_when_first_image_is_being_saved): 409 POST http://10.180.1.21/compute/v2.1/servers/e50dd159-2548-4976-885a-d7251e05cbb1/action 1.822s
2025-04-07 13:19:24.582 69714 INFO tempest.lib.common.rest_client [req-ddd1ec90-451a-4d3c-80c5-13ca904b3b9f req-ddd1ec90-451a-4d3c-80c5-13ca904b3b9f ] Request (ServerDiagnosticsV248Test:test_get_server_diagnostics): 200 GET http://10.180.1.21/compute/v2.1/servers/bd174ab6-2669-48bd-8df8-f8595d39e61c/diagnostics 2.949s
2025-04-07 13:19:24.615 69706 INFO tempest.lib.common.rest_client [req-cd78e672-a2ac-42b9-98a4-4e24900b1b46 req-cd78e672-a2ac-42b9-98a4-4e24900b1b46 ] Request (AttachInterfacesTestJSON:test_create_list_show_delete_interfaces_by_fixed_ip): 200 GET http://10.180.1.21/compute/v2.1/servers/122d5904-58c5-44f2-9641-0ed315d28c5a 1.782s
2025-04-07 13:19:24.616 69668 INFO tempest.lib.common.rest_client [req-e7ef3e60-b4e6-4f3a-be0a-42657194ca9e req-e7ef3e60-b4e6-4f3a-be0a-42657194ca9e ] Request (ServersTestBootFromVolume:setUpClass): 201 POST http://10.180.1.21:9696/networking/v2.0/subnets 0.156s
2025-04-07 13:19:24.634 69700 INFO tempest.lib.common.rest_client [req-c85a97ee-1e69-4dca-8972-dd4bb1178a61 req-c85a97ee-1e69-4dca-8972-dd4bb1178a61 ] Request (FlavorsAdminTestJSON:test_is_public_string_variations): 200 GET http://10.180.1.21/compute/v2.1/flavors/detail?is_public=false 1.168s
2025-04-07 13:19:24.646 69728 INFO tempest.lib.common.rest_client [req-ff1504c8-5d85-4993-90e1-1af1bc8ae4d7 req-ff1504c8-5d85-4993-90e1-1af1bc8ae4d7 ] Request (ListImageFiltersNegativeTestJSON:setUpClass): 201 POST http://10.180.1.21/identity/v3/auth/tokens 0.085s
2025-04-07 13:19:24.774 69676 INFO tempest.lib.common.rest_client [req-b0e26efc-6737-428f-bb0f-ac7eff1bb55a req-b0e26efc-6737-428f-bb0f-ac7eff1bb55a ] Request (ServicesAdminTestJSON:test_get_service_by_host_name): 200 GET http://10.180.1.21/compute/v2.1/os-services 1.160s
2025-04-07 13:19:24.974 69692 INFO tempest.lib.common.rest_client [req-fab7af50-87c7-4450-bb4b-1079e645af7c req-fab7af50-87c7-4450-bb4b-1079e645af7c ] Request (VolumesAssistedSnapshotsTest:test_volume_assisted_snapshot_create_delete): 200 GET http://10.180.1.21/compute/v2.1/servers/fbe85e4c-c40c-4e2b-bebc-bfaa38a5a293 0.966s
2025-04-07 13:19:25.068 69708 INFO tempest.lib.common.rest_client [req-525815b5-fc85-44d5-9ba6-63a9f9c89318 req-525815b5-fc85-44d5-9ba6-63a9f9c89318 ] Request (AttachInterfacesV270Test:tearDownClass): 204 DELETE http://10.180.1.21/compute/v2.1/servers/1850df94-4631-446f-81e0-8feacc37086d 1.058s
2025-04-07 13:19:25.135 69710 INFO tempest.lib.common.rest_client [req-2235758f-00b8-443d-8921-97060d3ebb50 req-2235758f-00b8-443d-8921-97060d3ebb50 ] Request (ServerTagsTestJSON:setUpClass): 202 POST http://10.180.1.21/compute/v2.1/servers 1.587s
2025-04-07 13:19:25.135 69694 INFO tempest.lib.common.rest_client [req-8e520d59-65be-484f-a341-761d73bfd18f req-8e520d59-65be-484f-a341-761d73bfd18f ] Request (AttachInterfacesUnderV243Test:test_add_remove_fixed_ip): 200 GET http://10.180.1.21/compute/v2.1/servers/c99fda1f-10fb-41aa-ad81-54c0f09ca10c 1.047s
2025-04-07 13:19:25.180 69690 INFO tempest.lib.common.rest_client [req-6dc5bcef-d3f7-4fc0-b208-173d7dc2e2a2 req-6dc5bcef-d3f7-4fc0-b208-173d7dc2e2a2 ] Request (AggregatesAdminNegativeTestJSON:test_aggregate_remove_nonexistent_host): 200 POST http://10.180.1.21/compute/v2.1/os-aggregates 1.051s
2025-04-07 13:19:25.219 69670 INFO tempest.lib.common.rest_client [req-31615bcf-6001-43b8-98eb-142a834b0052 req-31615bcf-6001-43b8-98eb-142a834b0052 ] Request (FloatingIPsAssociationNegativeTestJSON:tearDownClass): 204 DELETE http://10.180.1.21/compute/v2.1/servers/99885e00-62ad-421a-939a-8ec111ef5214 1.111s
2025-04-07 13:19:25.290 69666 INFO tempest.lib.common.rest_client [req-b2c67dbd-48c2-44ed-bff0-8dff16020c73 req-b2c67dbd-48c2-44ed-bff0-8dff16020c73 ] Request (ServersTestFqdnHostnames:test_create_server_with_fqdn_name): 200 GET http://10.180.1.21/compute/v2.1/servers/2e37b452-ee15-4882-ad00-50c29af0c10d 0.972s
2025-04-07 13:19:25.352 69684 INFO tempest.lib.common.rest_client [req-85e5ef4c-376d-413b-af05-e409cf985bf2 req-85e5ef4c-376d-413b-af05-e409cf985bf2 ] Request (ServersAdminNegativeTestJSON:test_migrate_server_invalid_state): 200 GET http://10.180.1.21/compute/v2.1/servers/b1e59caf-ffdc-4f32-9c58-6470ad4da097 0.946s
2025-04-07 13:19:25.388 69712 INFO tempest.lib.common.rest_client [req-309cb950-364b-4a22-b5e8-5e70337c92f4 req-309cb950-364b-4a22-b5e8-5e70337c92f4 ] Request (ServersWithSpecificFlavorTestJSON:test_verify_created_server_ephemeral_disk): 200 GET http://10.180.1.21/compute/v2.1/servers/385c46fc-c996-4047-ad08-608d3c9bd91a 1.155s
2025-04-07 13:19:25.488 69716 INFO tempest.lib.common.rest_client [req-d2b87587-575b-41fe-aa11-9878756eaf31 req-d2b87587-575b-41fe-aa11-9878756eaf31 ] Request (ServersTestMultiNic:_run_cleanups): 200 GET http://10.180.1.21/compute/v2.1/servers/7a1b62ef-ceaf-4167-9d6c-0140afde1077 0.946s
2025-04-07 13:19:25.497 69716 INFO tempest.common.waiters [-] State transition "ACTIVE/deleting" ==> "DELETED/None" after 6 second wait
2025-04-07 13:19:25.578 69718 INFO tempest.lib.common.rest_client [req-b5f84490-8959-4f64-b921-52eca56e4eaf req-b5f84490-8959-4f64-b921-52eca56e4eaf ] Request (ServerShowV247Test:test_show_server): 202 POST http://10.180.1.21/compute/v2.1/servers 1.108s
2025-04-07 13:19:25.598 69720 INFO tempest.lib.common.rest_client [req-ea0c61af-f338-4988-b398-dc06fbaa1a81 req-ea0c61af-f338-4988-b398-dc06fbaa1a81 ] Request (ImagesOneServerNegativeTestJSON:test_create_second_image_when_first_image_is_being_saved): 204 DELETE http://10.180.1.21/compute/v2.1/images/40ece5b2-b9cc-40a8-88e6-b0acd9663674 1.039s
