2025-04-07 13:20:14.306 69670 INFO tempest.lib.common.dynamic_creds [-] Acquired dynamic creds: credentials: Credentials: {'domain_id': 'default', 'domain_name': 'Default', 'username': 'tempest-ServersTestJSON-740898846-project-member', 'project_domain_id': 'default', 'project_domain_name': 'Default', 'project_id': 'e9a4e772f2b54086aede5ca716c2fd50', 'project_name': 'tempest-ServersTestJSON-740898846', 'tenant_id': 'e9a4e772f2b54086aede5ca716c2fd50', 'tenant_name': 'tempest-ServersTestJSON-740898846', 'user_domain_id': 'default', 'user_domain_name': 'Default', 'user_id': '74770c1867204ad898ec607c2efc6e10', 'system': None}, Network: None, Subnet: None, Router: None
2025-04-07 13:20:14.331 69714 INFO tempest.lib.common.rest_client [req-56b46fe7-b8e9-49c2-8d3b-c624fdf84c06 req-56b46fe7-b8e9-49c2-8d3b-c624fdf84c06 ] Request (KeyPairsV22TestJSON:test_keypair_create_delete): 201 POST http://10.180.1.21/compute/v2.1/os-keypairs 0.621s
2025-04-07 13:20:14.370 69670 INFO tempest.lib.common.rest_client [req-fecdfe1c-5e0d-45a8-b36d-24a8870cb4e6 req-fecdfe1c-5e0d-45a8-b36d-24a8870cb4e6 ] Request (ServersTestJSON:setUpClass): 201 POST http://10.180.1.21/identity/v3/auth/tokens 0.063s
2025-04-07 13:20:14.386 69720 INFO tempest.lib.common.rest_client [req-9763036a-b74f-47a0-93eb-a873d3b55694 req-9763036a-b74f-47a0-93eb-a873d3b55694 ] Request (ImagesOneServerNegativeTestJSON:_run_cleanups): 200 POST http://10.180.1.21/compute/v2.1/os-keypairs 0.297s
2025-04-07 13:20:14.426 69712 WARNING tempest.lib.common.ssh [-] Failed to establish authenticated ssh connection to cirros@10.180.180.246 ([Errno None] Unable to connect to port 22 on 10.180.180.246). Number attempts: 7. Retry after 8 seconds.: paramiko.ssh_exception.NoValidConnectionsError: [Errno None] Unable to connect to port 22 on 10.180.180.246
2025-04-07 13:20:14.437 69728 INFO tempest.lib.common.rest_client [req-0cef1de9-8cd9-43b9-ba48-2ab5cac0e276 req-0cef1de9-8cd9-43b9-ba48-2ab5cac0e276 ] Request (ServerActionsTestOtherA:setUpClass): 200 GET http://10.180.1.21/compute/v2.1/servers/0cd708bf-51b9-4ca2-8e64-06aacc6c8125 0.234s
2025-04-07 13:20:14.464 69686 INFO tempest.lib.common.rest_client [req-941c23c1-28bb-41af-ad3f-066ec3618e61 req-941c23c1-28bb-41af-ad3f-066ec3618e61 ] Request (FloatingIPsAssociationTestJSON:test_associate_already_associated_floating_ip): 202 POST http://10.180.1.21/compute/v2.1/servers/a2c4ba9c-89f7-42c4-b784-fc527e421c32/action 2.554s
2025-04-07 13:20:14.495 69684 INFO tempest.lib.common.rest_client [req-035574b6-2a70-4bf4-b9a3-23f1538c7a78 req-035574b6-2a70-4bf4-b9a3-23f1538c7a78 ] Request (ServersAdminNegativeTestJSON:test_migrate_server_invalid_state): 200 GET http://10.180.1.21/compute/v2.1/servers/b1e59caf-ffdc-4f32-9c58-6470ad4da097 0.244s
2025-04-07 13:20:14.516 69714 INFO tempest.lib.common.rest_client [req-58dd3eb3-ab76-495d-94ad-cfb4a19858bb req-58dd3eb3-ab76-495d-94ad-cfb4a19858bb ] Request (KeyPairsV22TestJSON:_run_cleanups): 204 DELETE http://10.180.1.21/compute/v2.1/os-keypairs/tempest-keypair-1525948382 0.183s
2025-04-07 13:20:14.535 69690 INFO tempest.lib.common.rest_client [req-3e541cb8-f7a9-429f-a72a-aa6e22fae998 req-3e541cb8-f7a9-429f-a72a-aa6e22fae998 ] Request (ServersNegativeTestMultiTenantJSON:setUpClass): 200 GET http://10.180.1.21/compute/v2.1/servers/44572327-ae16-4af3-bd73-0b7951271cfd 0.227s
2025-04-07 13:20:14.577 69720 INFO tempest.lib.common.rest_client [req-ea56a911-024d-4e30-83ce-4a031f70a7e6 req-ea56a911-024d-4e30-83ce-4a031f70a7e6 ] Request (ImagesOneServerNegativeTestJSON:_run_cleanups): 201 POST http://10.180.1.21:9696/networking/v2.0/security-groups 0.189s
2025-04-07 13:20:14.579 69718 INFO tempest.lib.common.rest_client [req-3ecef203-0e77-40e6-98ff-b78ca7fe7c63 req-3ecef203-0e77-40e6-98ff-b78ca7fe7c63 ] Request (ServerShowV247Test:test_update_rebuild_list_server): 200 GET http://10.180.1.21/compute/v2.1/servers/69df2326-c132-43db-995d-3496db931933 0.218s
2025-04-07 13:20:14.711 69704 INFO tempest.lib.common.rest_client [req-1c108dce-6fe8-4405-8fbd-509b907bf92a req-1c108dce-6fe8-4405-8fbd-509b907bf92a ] Request (ServersAdminTestJSON:setUpClass): 200 GET http://10.180.1.21/compute/v2.1/servers/17c6ed86-c995-4238-84da-127353dd6ee0 0.269s
2025-04-07 13:20:14.729 69670 INFO tempest.lib.common.rest_client [req-ca799cef-e992-495c-972b-446dff87c3e8 req-ca799cef-e992-495c-972b-446dff87c3e8 ] Request (ServersTestJSON:setUpClass): 201 POST http://10.180.1.21:9696/networking/v2.0/networks 0.359s
2025-04-07 13:20:14.742 69720 INFO tempest.lib.common.rest_client [req-e6e9f58f-4966-40d2-a3db-e3bd2ae20858 req-e6e9f58f-4966-40d2-a3db-e3bd2ae20858 ] Request (ImagesOneServerNegativeTestJSON:_run_cleanups): 201 POST http://10.180.1.21:9696/networking/v2.0/security-group-rules 0.164s
2025-04-07 13:20:14.797 69702 INFO tempest.lib.common.rest_client [req-6efe21a7-45c4-4343-8f56-73cf04118d45 req-6efe21a7-45c4-4343-8f56-73cf04118d45 ] Request (DeleteServersAdminTestJSON:test_delete_server_while_in_error_state): 200 GET http://10.180.1.21/compute/v2.1/servers/10244d94-b2bf-4144-b863-93c1b6365d9d 0.314s
2025-04-07 13:20:14.857 69714 INFO tempest.lib.common.rest_client [req-5001103e-d304-417b-9a66-37f747c073da req-5001103e-d304-417b-9a66-37f747c073da ] Request (KeyPairsV22TestJSON:test_keypair_create_with_pub_key): 201 POST http://10.180.1.21/compute/v2.1/os-keypairs 0.339s
2025-04-07 13:20:14.862 69686 INFO tempest.lib.common.rest_client [req-95628917-665f-43ac-ad16-058c0a7342f4 req-95628917-665f-43ac-ad16-058c0a7342f4 ] Request (FloatingIPsAssociationTestJSON:test_associate_already_associated_floating_ip): 409 POST http://10.180.1.21/compute/v2.1/servers/90aca968-5bd6-492f-b9c6-d3969ddaca18/action 0.397s
2025-04-07 13:20:14.927 69668 INFO tempest.lib.common.rest_client [req-0399ba28-c642-497a-bd5d-1a669469b1b2 req-0399ba28-c642-497a-bd5d-1a669469b1b2 ] Request (ServersTestBootFromVolume:setUpClass): 200 GET http://10.180.1.21/compute/v2.1/servers/ccdba8a3-76fe-4dd9-ab43-a529b6bc4836 0.390s
2025-04-07 13:20:14.935 69720 INFO tempest.lib.common.rest_client [req-eca372d3-e2d0-4477-b6c9-305fea22342e req-eca372d3-e2d0-4477-b6c9-305fea22342e ] Request (ImagesOneServerNegativeTestJSON:_run_cleanups): 201 POST http://10.180.1.21:9696/networking/v2.0/security-group-rules 0.192s
2025-04-07 13:20:14.949 69688 INFO tempest.lib.common.rest_client [req-85d3f32f-667e-41e5-8cb2-daf049462926 req-85d3f32f-667e-41e5-8cb2-daf049462926 ] Request (ServersV294TestFqdnHostnames:setUpClass): 200 GET http://10.180.1.21/compute/v2.1/servers/72099d69-bd34-4b3d-a940-2b9b6b5936dd 0.351s
2025-04-07 13:20:14.985 69696 INFO tempest.lib.common.rest_client [req-a23b566c-60f3-4e3e-b3b8-fa874dc11e7e req-a23b566c-60f3-4e3e-b3b8-fa874dc11e7e ] Request (ListImageFiltersTestJSON:setUpClass): 200 GET http://10.180.1.21/compute/v2.1/images/56343399-f9fd-40bc-a54d-b8f20f521100 0.292s
2025-04-07 13:20:14.997 69670 INFO tempest.lib.common.rest_client [req-af10caa9-7f9e-4617-ad3e-35273e187c6d req-af10caa9-7f9e-4617-ad3e-35273e187c6d ] Request (ServersTestJSON:setUpClass): 201 POST http://10.180.1.21:9696/networking/v2.0/subnets 0.267s
2025-04-07 13:20:14.998 69710 INFO tempest.lib.common.rest_client [req-76cae691-93f6-4e7e-88db-e2fdd829b8b4 req-76cae691-93f6-4e7e-88db-e2fdd829b8b4 ] Request (ServerTagsTestJSON:setUpClass): 200 GET http://10.180.1.21/compute/v2.1/servers/459180b5-f12d-4fb1-95cd-fdeef4e746fc 0.340s
2025-04-07 13:20:15.013 69714 INFO tempest.lib.common.rest_client [req-6e7ed7ea-fbcd-498d-9b77-630c390681dc req-6e7ed7ea-fbcd-498d-9b77-630c390681dc ] Request (KeyPairsV22TestJSON:_run_cleanups): 204 DELETE http://10.180.1.21/compute/v2.1/os-keypairs/tempest-keypair-114850829 0.155s
2025-04-07 13:20:15.209 69698 INFO tempest.lib.common.rest_client [req-4b24d957-3df9-4859-af5b-6b88e30aacb7 req-4b24d957-3df9-4859-af5b-6b88e30aacb7 ] Request (MigrationsAdminTest:test_list_migrations_in_flavor_resize_situation): 200 GET http://10.180.1.21/compute/v2.1/servers/094f62b3-214b-4ea3-9cdf-8263b6a782d6 0.368s
2025-04-07 13:20:15.288 69722 INFO tempest.lib.common.rest_client [req-7d803c52-e6f4-4fe3-adf2-fabd36ed6bbe req-7d803c52-e6f4-4fe3-adf2-fabd36ed6bbe ] Request (ServersListShow2100Test:tearDownClass): 200 GET http://10.180.1.21/compute/v2.1/servers/d24fe5c5-bca0-4f1a-9997-fea677580719 0.348s
2025-04-07 13:20:15.309 69722 INFO tempest.common.waiters [-] State transition "ACTIVE/deleting" ==> "DELETED/None" after 5 second wait
2025-04-07 13:20:15.350 69680 INFO tempest.lib.common.rest_client [req-d6817508-2517-4e85-bbd1-be2824918d42 req-d6817508-2517-4e85-bbd1-be2824918d42 ] Request (ImagesTestJSON:test_create_image_from_suspended_server): 200 GET http://10.180.1.21/compute/v2.1/servers/d7d898a0-6650-4210-b95a-65a0fb1f6721 0.344s
2025-04-07 13:20:15.382 69714 INFO tempest.lib.common.rest_client [req-cfefbc66-e7b8-4466-b3e4-37db89fbcb2d req-cfefbc66-e7b8-4466-b3e4-37db89fbcb2d ] Request (KeyPairsV22TestJSON:test_keypairs_create_list_delete): 201 POST http://10.180.1.21/compute/v2.1/os-keypairs 0.366s
2025-04-07 13:20:15.454 69726 INFO tempest.lib.common.rest_client [req-24fa80bb-a983-430a-8f2d-09f3e6b9c88f req-24fa80bb-a983-430a-8f2d-09f3e6b9c88f ] Request (ServersAdmin275Test:test_rebuild_update_server_275): 200 GET http://10.180.1.21/compute/v2.1/servers/be07e446-5846-437d-ba94-3597cad02145 0.376s
2025-04-07 13:20:15.517 69672 INFO tempest.lib.common.rest_client [req-bad9e8ac-2d94-4be8-93d2-db603f20f96c req-bad9e8ac-2d94-4be8-93d2-db603f20f96c ] Request (ServersAaction247Test:test_create_backup): 200 GET http://10.180.1.21/compute/v2.1/servers/90af0e51-03a9-405c-b42f-8d8d5cb7e412 0.366s
2025-04-07 13:20:15.582 69682 INFO tempest.lib.common.rest_client [req-ab923b75-ef89-4628-a7cb-46454ff2fcd8 req-ab923b75-ef89-4628-a7cb-46454ff2fcd8 ] Request (TenantUsagesTestJSON:tearDownClass): 200 GET http://10.180.1.21/compute/v2.1/servers/582e6f9d-78dd-4f57-b971-fa10a393720d 0.371s
2025-04-07 13:20:15.650 69716 INFO tempest.lib.common.rest_client [req-ae898179-c681-499d-8284-bdcfd329063e req-ae898179-c681-499d-8284-bdcfd329063e ] Request (ServersTestMultiNic:test_verify_multiple_nics_order): 200 GET http://10.180.1.21/compute/v2.1/servers/ecdc9d6f-7330-4c52-a94f-2cb7de2d3753 0.394s
2025-04-07 13:20:15.700 69694 INFO tempest.lib.common.rest_client [req-3afa226e-2e4f-460c-8f65-41f6113fedca req-3afa226e-2e4f-460c-8f65-41f6113fedca ] Request (AttachInterfacesUnderV243Test:test_add_remove_fixed_ip): 200 GET http://10.180.1.21/compute/v2.1/servers/c99fda1f-10fb-41aa-ad81-54c0f09ca10c 0.399s
2025-04-07 13:20:15.732 69714 INFO tempest.lib.common.rest_client [req-5bee034a-cfce-420c-a2d8-f5ad3f802b78 req-5bee034a-cfce-420c-a2d8-f5ad3f802b78 ] Request (KeyPairsV22TestJSON:test_keypairs_create_list_delete): 201 POST http://10.180.1.21/compute/v2.1/os-keypairs 0.348s
2025-04-07 13:20:15.793 69728 INFO tempest.lib.common.rest_client [req-4d08b957-b4c4-466d-a5bd-c282703128dc req-4d08b957-b4c4-466d-a5bd-c282703128dc ] Request (ServerActionsTestOtherA:setUpClass): 200 GET http://10.180.1.21/compute/v2.1/servers/0cd708bf-51b9-4ca2-8e64-06aacc6c8125 0.349s
2025-04-07 13:20:15.848 69720 INFO tempest.lib.common.rest_client [req-209b3653-e34a-4aff-9071-462f8b0911c9 req-209b3653-e34a-4aff-9071-462f8b0911c9 ] Request (ImagesOneServerNegativeTestJSON:_run_cleanups): 201 POST http://10.180.1.21:9696/networking/v2.0/floatingips 0.912s
2025-04-07 13:20:15.867 69684 INFO tempest.lib.common.rest_client [req-36ad853d-3828-4d3c-aa8f-73621527c8f9 req-36ad853d-3828-4d3c-aa8f-73621527c8f9 ] Request (ServersAdminNegativeTestJSON:test_migrate_server_invalid_state): 200 GET http://10.180.1.21/compute/v2.1/servers/b1e59caf-ffdc-4f32-9c58-6470ad4da097 0.355s
2025-04-07 13:20:15.931 69720 INFO tempest.lib.common.rest_client [req-b000fc8a-0b96-49f3-abdf-e29d0bcaeaa7 req-b000fc8a-0b96-49f3-abdf-e29d0bcaeaa7 ] Request (ImagesOneServerNegativeTestJSON:_run_cleanups): 201 POST http://10.180.1.21/identity/v3/auth/tokens 0.079s
2025-04-07 13:20:15.932 69720 INFO tempest.lib.common.fixed_network [-] (ImagesOneServerNegativeTestJSON:_run_cleanups) Found network {'id': '51e357c2-2560-4b1d-96cc-8e5c45f22624', 'name': 'tempest-ImagesOneServerNegativeTestJSON-1706504053-network', 'tenant_id': 'ff2d7a5031604ff5b5ad4808fbcbb2c3', 'admin_state_up': True, 'mtu': 8950, 'status': 'ACTIVE', 'subnets': [], 'shared': False, 'project_id': 'ff2d7a5031604ff5b5ad4808fbcbb2c3', 'port_security_enabled': True, 'router:external': False, 'provider:network_type': 'vlan', 'provider:physical_network': 'default', 'provider:segmentation_id': 794, 'availability_zone_hints': [], 'availability_zones': [], 'ipv4_address_scope': None, 'ipv6_address_scope': None, 'description': '', 'tags': [], 'created_at': '2025-04-07T13:18:26Z', 'updated_at': '2025-04-07T13:18:26Z', 'revision_number': 1} available for tenant
2025-04-07 13:20:15.940 69690 INFO tempest.lib.common.rest_client [req-105f88a8-5911-45ad-8b79-9325a6358390 req-105f88a8-5911-45ad-8b79-9325a6358390 ] Request (ServersNegativeTestMultiTenantJSON:setUpClass): 200 GET http://10.180.1.21/compute/v2.1/servers/44572327-ae16-4af3-bd73-0b7951271cfd 0.394s
2025-04-07 13:20:15.959 69670 INFO tempest.lib.common.rest_client [req-80df9558-b6b6-475e-a884-02c9128b4832 req-80df9558-b6b6-475e-a884-02c9128b4832 ] Request (ServersTestJSON:setUpClass): 201 POST http://10.180.1.21:9696/networking/v2.0/routers 0.961s
2025-04-07 13:20:16.002 69718 INFO tempest.lib.common.rest_client [req-26787bbd-e3b1-427c-81a8-83d9fbd236f8 req-26787bbd-e3b1-427c-81a8-83d9fbd236f8 ] Request (ServerShowV247Test:test_update_rebuild_list_server): 200 GET http://10.180.1.21/compute/v2.1/servers/69df2326-c132-43db-995d-3496db931933 0.403s
2025-04-07 13:20:16.165 69704 INFO tempest.lib.common.rest_client [req-f046a316-6103-4e9a-b035-0c09a5540be9 req-f046a316-6103-4e9a-b035-0c09a5540be9 ] Request (ServersAdminTestJSON:setUpClass): 200 GET http://10.180.1.21/compute/v2.1/servers/17c6ed86-c995-4238-84da-127353dd6ee0 0.441s
2025-04-07 13:20:16.180 69686 INFO tempest.lib.common.rest_client [req-7d097291-1118-4d48-b984-013a1c29fdaf req-7d097291-1118-4d48-b984-013a1c29fdaf ] Request (FloatingIPsAssociationTestJSON:_run_cleanups): 202 POST http://10.180.1.21/compute/v2.1/servers/a2c4ba9c-89f7-42c4-b784-fc527e421c32/action 1.317s
2025-04-07 13:20:16.221 69714 INFO tempest.lib.common.rest_client [req-f5625e36-6bf8-4963-bea6-b7920feb26bf req-f5625e36-6bf8-4963-bea6-b7920feb26bf ] Request (KeyPairsV22TestJSON:test_keypairs_create_list_delete): 201 POST http://10.180.1.21/compute/v2.1/os-keypairs 0.486s
2025-04-07 13:20:16.231 69702 INFO tempest.lib.common.rest_client [req-45e01a02-682c-4e1a-81d0-49d9d9e1b956 req-45e01a02-682c-4e1a-81d0-49d9d9e1b956 ] Request (DeleteServersAdminTestJSON:test_delete_server_while_in_error_state): 200 GET http://10.180.1.21/compute/v2.1/servers/10244d94-b2bf-4144-b863-93c1b6365d9d 0.424s
2025-04-07 13:20:16.291 69668 INFO tempest.lib.common.rest_client [req-c1c745b9-2b3e-402a-9ca1-963fd13f23da req-c1c745b9-2b3e-402a-9ca1-963fd13f23da ] Request (ServersTestBootFromVolume:setUpClass): 200 GET http://10.180.1.21/compute/v2.1/servers/ccdba8a3-76fe-4dd9-ab43-a529b6bc4836 0.355s
2025-04-07 13:20:16.580 69688 INFO tempest.lib.common.rest_client [req-e770047f-2f71-421e-87c4-42cad38c2fa6 req-e770047f-2f71-421e-87c4-42cad38c2fa6 ] Request (ServersV294TestFqdnHostnames:setUpClass): 200 GET http://10.180.1.21/compute/v2.1/servers/72099d69-bd34-4b3d-a940-2b9b6b5936dd 0.620s
2025-04-07 13:20:16.626 69696 INFO tempest.lib.common.rest_client [req-3d7f9bca-e292-45e4-8616-3807e98bb0bf req-3d7f9bca-e292-45e4-8616-3807e98bb0bf ] Request (ListImageFiltersTestJSON:setUpClass): 200 GET http://10.180.1.21/compute/v2.1/images/56343399-f9fd-40bc-a54d-b8f20f521100 0.635s
2025-04-07 13:20:16.664 69720 INFO tempest.lib.common.rest_client [req-000f2a1b-1868-491d-9fc5-f8a529499d41 req-000f2a1b-1868-491d-9fc5-f8a529499d41 ] Request (ImagesOneServerNegativeTestJSON:_run_cleanups): 202 POST http://10.180.1.21/compute/v2.1/servers 0.732s
2025-04-07 13:20:16.682 69710 INFO tempest.lib.common.rest_client [req-d64db760-9b57-47b4-a7f4-350d12b6bdcf req-d64db760-9b57-47b4-a7f4-350d12b6bdcf ] Request (ServerTagsTestJSON:setUpClass): 200 GET http://10.180.1.21/compute/v2.1/servers/459180b5-f12d-4fb1-95cd-fdeef4e746fc 0.671s
2025-04-07 13:20:16.769 69686 INFO tempest.lib.common.rest_client [req-67ed0433-9be3-4434-8c61-d6c5d4b9da23 req-67ed0433-9be3-4434-8c61-d6c5d4b9da23 ] Request (FloatingIPsAssociationTestJSON:_run_cleanups): 204 DELETE http://10.180.1.21/compute/v2.1/servers/a2c4ba9c-89f7-42c4-b784-fc527e421c32 0.586s
2025-04-07 13:20:16.785 69714 INFO tempest.lib.common.rest_client [req-03152c91-8cd1-4564-a62b-bf0cbe5d5ba7 req-03152c91-8cd1-4564-a62b-bf0cbe5d5ba7 ] Request (KeyPairsV22TestJSON:test_keypairs_create_list_delete): 200 GET http://10.180.1.21/compute/v2.1/os-keypairs 0.562s
2025-04-07 13:20:16.887 69722 INFO tempest.lib.common.rest_client [req-b8992094-c409-47e6-a6f6-05b32c73b373 req-b8992094-c409-47e6-a6f6-05b32c73b373 ] Request (ServersListShow2100Test:tearDownClass): 200 GET http://10.180.1.21/compute/v2.1/servers/d24fe5c5-bca0-4f1a-9997-fea677580719 0.577s
2025-04-07 13:20:16.892 69698 INFO tempest.lib.common.rest_client [req-7fa9caeb-c0a0-43f5-90e2-15a7d3628d74 req-7fa9caeb-c0a0-43f5-90e2-15a7d3628d74 ] Request (MigrationsAdminTest:test_list_migrations_in_flavor_resize_situation): 200 GET http://10.180.1.21/compute/v2.1/servers/094f62b3-214b-4ea3-9cdf-8263b6a782d6 0.675s
2025-04-07 13:20:16.947 69680 INFO tempest.lib.common.rest_client [req-82f0100c-2f8d-4918-b934-0bc2090021c0 req-82f0100c-2f8d-4918-b934-0bc2090021c0 ] Request (ImagesTestJSON:test_create_image_from_suspended_server): 200 GET http://10.180.1.21/compute/v2.1/servers/d7d898a0-6650-4210-b95a-65a0fb1f6721 0.583s
2025-04-07 13:20:16.980 69726 INFO tempest.lib.common.rest_client [req-242ac8d1-6434-4d74-9304-8e4eca92e88f req-242ac8d1-6434-4d74-9304-8e4eca92e88f ] Request (ServersAdmin275Test:test_rebuild_update_server_275): 200 GET http://10.180.1.21/compute/v2.1/servers/be07e446-5846-437d-ba94-3597cad02145 0.514s
2025-04-07 13:20:17.019 69672 INFO tempest.lib.common.rest_client [req-2e8fb876-4fab-4a6a-b4c8-9b8a8e35789f req-2e8fb876-4fab-4a6a-b4c8-9b8a8e35789f ] Request (ServersAaction247Test:test_create_backup): 200 GET http://10.180.1.21/compute/v2.1/servers/90af0e51-03a9-405c-b42f-8d8d5cb7e412 0.490s
2025-04-07 13:20:17.032 69670 INFO tempest.lib.common.rest_client [req-01255d0b-bba8-4eb2-9e3b-ee647e9b5d23 req-01255d0b-bba8-4eb2-9e3b-ee647e9b5d23 ] Request (ServersTestJSON:setUpClass): 200 PUT http://10.180.1.21:9696/networking/v2.0/routers/395dff9d-8e7c-43ff-9ef6-f78b0bdf3444/add_router_interface 1.072s
2025-04-07 13:20:17.032 69670 INFO tempest.lib.common.dynamic_creds [-] Created isolated network resources for: credentials: Credentials: {'domain_id': 'default', 'domain_name': 'Default', 'username': 'tempest-ServersTestJSON-740898846-project-member', 'project_domain_id': 'default', 'project_domain_name': 'Default', 'project_id': 'e9a4e772f2b54086aede5ca716c2fd50', 'project_name': 'tempest-ServersTestJSON-740898846', 'tenant_id': 'e9a4e772f2b54086aede5ca716c2fd50', 'tenant_name': 'tempest-ServersTestJSON-740898846', 'user_domain_id': 'default', 'user_domain_name': 'Default', 'user_id': '74770c1867204ad898ec607c2efc6e10', 'system': None}, Network: {'id': '204ca2d2-8b67-4998-afea-5e76bf112e2b', 'name': 'tempest-ServersTestJSON-1610196518-network', 'tenant_id': 'e9a4e772f2b54086aede5ca716c2fd50', 'admin_state_up': True, 'mtu': 8950, 'status': 'ACTIVE', 'subnets': [], 'shared': False, 'project_id': 'e9a4e772f2b54086aede5ca716c2fd50', 'port_security_enabled': True, 'router:external': False, 'provider:network_type': 'vlan', 'provider:physical_network': 'default', 'provider:segmentation_id': 963, 'availability_zone_hints': [], 'availability_zones': [], 'ipv4_address_scope': None, 'ipv6_address_scope': None, 'description': '', 'tags': [], 'created_at': '2025-04-07T13:20:14Z', 'updated_at': '2025-04-07T13:20:14Z', 'revision_number': 1}, Subnet: {'id': 'd8accf8d-ced0-4041-bbc5-83b7124a43e3', 'name': 'tempest-ServersTestJSON-1610196518-subnet', 'tenant_id': 'e9a4e772f2b54086aede5ca716c2fd50', 'network_id': '204ca2d2-8b67-4998-afea-5e76bf112e2b', 'ip_version': 4, 'subnetpool_id': None, 'enable_dhcp': True, 'ipv6_ra_mode': None, 'ipv6_address_mode': None, 'gateway_ip': '192.168.128.1', 'cidr': '192.168.128.0/28', 'allocation_pools': [{'start': '192.168.128.2', 'end': '192.168.128.14'}], 'host_routes': [], 'dns_nameservers': [], 'description': '', 'router:external': False, 'service_types': [], 'tags': [], 'created_at': '2025-04-07T13:20:14Z', 'updated_at': '2025-04-07T13:20:14Z', 'revision_number': 0, 'project_id': 'e9a4e772f2b54086aede5ca716c2fd50'}, Router: {'id': '395dff9d-8e7c-43ff-9ef6-f78b0bdf3444', 'name': 'tempest-ServersTestJSON-1610196518-router', 'tenant_id': 'e9a4e772f2b54086aede5ca716c2fd50', 'admin_state_up': True, 'status': 'ACTIVE', 'external_gateway_info': {'network_id': '0aca4dec-fce8-492d-866b-3b83229e461c', 'external_fixed_ips': [{'subnet_id': '83efa834-8057-4413-8232-055bb087ee96', 'ip_address': '10.180.180.144'}], 'enable_snat': True}, 'description': '', 'availability_zones': [], 'distributed': False, 'ha': False, 'availability_zone_hints': [], 'routes': [], 'flavor_id': None, 'tags': [], 'created_at': '2025-04-07T13:20:15Z', 'updated_at': '2025-04-07T13:20:15Z', 'revision_number': 2, 'project_id': 'e9a4e772f2b54086aede5ca716c2fd50'}
2025-04-07 13:20:17.072 69682 INFO tempest.lib.common.rest_client [req-bff81ac8-21b0-4619-a90b-6e34f3e88397 req-bff81ac8-21b0-4619-a90b-6e34f3e88397 ] Request (TenantUsagesTestJSON:tearDownClass): 200 GET http://10.180.1.21/compute/v2.1/servers/582e6f9d-78dd-4f57-b971-fa10a393720d 0.480s
2025-04-07 13:20:17.078 69716 INFO tempest.lib.common.rest_client [req-fd5278db-2c41-4d3d-95c7-56a20711df68 req-fd5278db-2c41-4d3d-95c7-56a20711df68 ] Request (ServersTestMultiNic:test_verify_multiple_nics_order): 200 GET http://10.180.1.21/compute/v2.1/servers/ecdc9d6f-7330-4c52-a94f-2cb7de2d3753 0.416s
2025-04-07 13:20:17.123 69720 INFO tempest.lib.common.rest_client [req-551513c2-821b-4312-b12d-f776bad0b65f req-551513c2-821b-4312-b12d-f776bad0b65f ] Request (ImagesOneServerNegativeTestJSON:_run_cleanups): 200 GET http://10.180.1.21/compute/v2.1/servers/9bce1548-db7f-47c2-9a1f-448553a501aa 0.456s
2025-04-07 13:20:17.130 69694 INFO tempest.lib.common.rest_client [req-c3a53e7d-3f81-420c-b664-a491e0620597 req-c3a53e7d-3f81-420c-b664-a491e0620597 ] Request (AttachInterfacesUnderV243Test:test_add_remove_fixed_ip): 200 GET http://10.180.1.21/compute/v2.1/servers/c99fda1f-10fb-41aa-ad81-54c0f09ca10c 0.421s
2025-04-07 13:20:17.143 69670 INFO tempest.lib.common.rest_client [req-aa109c02-01d7-463f-bf6b-fb5db215951a req-aa109c02-01d7-463f-bf6b-fb5db215951a ] Request (ServersTestJSON:setUpClass): 201 POST http://10.180.1.21/identity/v3/auth/tokens 0.108s
2025-04-07 13:20:17.156 69714 INFO tempest.lib.common.rest_client [req-6e866671-954f-499a-87cb-82f0c5f1e74a req-6e866671-954f-499a-87cb-82f0c5f1e74a ] Request (KeyPairsV22TestJSON:_run_cleanups): 204 DELETE http://10.180.1.21/compute/v2.1/os-keypairs/tempest-KeyPairsV22TestJSON-keypair-2112867724 0.370s
2025-04-07 13:20:17.210 69728 INFO tempest.lib.common.rest_client [req-3209abf5-bc25-49c9-8d7a-cf92f37a2d4b req-3209abf5-bc25-49c9-8d7a-cf92f37a2d4b ] Request (ServerActionsTestOtherA:setUpClass): 200 GET http://10.180.1.21/compute/v2.1/servers/0cd708bf-51b9-4ca2-8e64-06aacc6c8125 0.404s
2025-04-07 13:20:17.259 69684 INFO tempest.lib.common.rest_client [req-d77dafb1-f54f-48b3-a9c2-b89af57972fe req-d77dafb1-f54f-48b3-a9c2-b89af57972fe ] Request (ServersAdminNegativeTestJSON:test_migrate_server_invalid_state): 200 GET http://10.180.1.21/compute/v2.1/servers/b1e59caf-ffdc-4f32-9c58-6470ad4da097 0.376s
2025-04-07 13:20:17.267 69684 INFO tempest.common.waiters [-] State transition "BUILD/None" ==> "BUILD/networking" after 60 second wait
2025-04-07 13:20:17.326 69690 INFO tempest.lib.common.rest_client [req-4edaf25b-58fe-458f-a03a-c43e93f8be5b req-4edaf25b-58fe-458f-a03a-c43e93f8be5b ] Request (ServersNegativeTestMultiTenantJSON:setUpClass): 200 GET http://10.180.1.21/compute/v2.1/servers/44572327-ae16-4af3-bd73-0b7951271cfd 0.377s
2025-04-07 13:20:17.379 69718 INFO tempest.lib.common.rest_client [req-e4f4c447-25bc-4488-84c0-77f6a9081dbe req-e4f4c447-25bc-4488-84c0-77f6a9081dbe ] Request (ServerShowV247Test:test_update_rebuild_list_server): 200 GET http://10.180.1.21/compute/v2.1/servers/69df2326-c132-43db-995d-3496db931933 0.366s
2025-04-07 13:20:17.493 69670 INFO tempest.lib.common.rest_client [req-25284f3d-89a5-4ca7-9b6e-9728a0540830 req-25284f3d-89a5-4ca7-9b6e-9728a0540830 ] Request (ServersTestJSON:setUpClass): 200 POST http://10.180.1.21/compute/v2.1/os-keypairs 0.348s
2025-04-07 13:20:17.506 69714 INFO tempest.lib.common.rest_client [req-87fa514d-bd67-4d44-9e3f-53fd39bc1a71 req-87fa514d-bd67-4d44-9e3f-53fd39bc1a71 ] Request (KeyPairsV22TestJSON:_run_cleanups): 204 DELETE http://10.180.1.21/compute/v2.1/os-keypairs/tempest-KeyPairsV22TestJSON-keypair-1344592146 0.350s
2025-04-07 13:20:17.559 69706 WARNING tempest.lib.common.ssh [-] Failed to establish authenticated ssh connection to cirros@10.180.180.163 ([Errno None] Unable to connect to port 22 on 10.180.180.163). Number attempts: 5. Retry after 6 seconds.: paramiko.ssh_exception.NoValidConnectionsError: [Errno None] Unable to connect to port 22 on 10.180.180.163
2025-04-07 13:20:17.629 69704 INFO tempest.lib.common.rest_client [req-47119d90-b83b-4c9c-b2bf-58ec6f2f0a9e req-47119d90-b83b-4c9c-b2bf-58ec6f2f0a9e ] Request (ServersAdminTestJSON:setUpClass): 200 GET http://10.180.1.21/compute/v2.1/servers/17c6ed86-c995-4238-84da-127353dd6ee0 0.450s
2025-04-07 13:20:17.657 69670 INFO tempest.lib.common.rest_client [req-e85597b2-c666-40f2-93e6-5724233abb6f req-e85597b2-c666-40f2-93e6-5724233abb6f ] Request (ServersTestJSON:setUpClass): 201 POST http://10.180.1.21:9696/networking/v2.0/security-groups 0.163s
2025-04-07 13:20:17.684 69702 INFO tempest.lib.common.rest_client [req-489cc123-8027-4d5b-b72c-8902d5e20a88 req-489cc123-8027-4d5b-b72c-8902d5e20a88 ] Request (DeleteServersAdminTestJSON:test_delete_server_while_in_error_state): 200 GET http://10.180.1.21/compute/v2.1/servers/10244d94-b2bf-4144-b863-93c1b6365d9d 0.444s
2025-04-07 13:20:17.748 69668 INFO tempest.lib.common.rest_client [req-440499e9-c67a-4806-8003-946b11be5e06 req-440499e9-c67a-4806-8003-946b11be5e06 ] Request (ServersTestBootFromVolume:setUpClass): 200 GET http://10.180.1.21/compute/v2.1/servers/ccdba8a3-76fe-4dd9-ab43-a529b6bc4836 0.449s
2025-04-07 13:20:17.757 69668 INFO tempest.common.waiters [-] State transition "BUILD/scheduling" ==> "BUILD/None" after 27 second wait
2025-04-07 13:20:17.764 69714 INFO tempest.lib.common.rest_client [req-53903309-e363-40d7-a3b2-14d9be69f44a req-53903309-e363-40d7-a3b2-14d9be69f44a ] Request (KeyPairsV22TestJSON:_run_cleanups): 204 DELETE http://10.180.1.21/compute/v2.1/os-keypairs/tempest-KeyPairsV22TestJSON-keypair-750949143 0.257s
2025-04-07 13:20:17.774 69670 INFO tempest.lib.common.rest_client [req-48240f6d-d03e-4303-a1b5-139f98e99179 req-48240f6d-d03e-4303-a1b5-139f98e99179 ] Request (ServersTestJSON:setUpClass): 201 POST http://10.180.1.21:9696/networking/v2.0/security-group-rules 0.115s
2025-04-07 13:20:17.853 69688 INFO tempest.lib.common.rest_client [req-4844c3ed-fc96-421b-acc6-1a5713acea43 req-4844c3ed-fc96-421b-acc6-1a5713acea43 ] Request (ServersV294TestFqdnHostnames:setUpClass): 200 GET http://10.180.1.21/compute/v2.1/servers/72099d69-bd34-4b3d-a940-2b9b6b5936dd 0.262s
2025-04-07 13:20:17.893 69670 INFO tempest.lib.common.rest_client [req-b09bd7dc-fada-4dae-b235-cf21436b8034 req-b09bd7dc-fada-4dae-b235-cf21436b8034 ] Request (ServersTestJSON:setUpClass): 201 POST http://10.180.1.21:9696/networking/v2.0/security-group-rules 0.118s
2025-04-07 13:20:17.910 69696 INFO tempest.lib.common.rest_client [req-8de6f96f-b025-4224-b975-0ac5e636a3f3 req-8de6f96f-b025-4224-b975-0ac5e636a3f3 ] Request (ListImageFiltersTestJSON:setUpClass): 200 GET http://10.180.1.21/compute/v2.1/images/56343399-f9fd-40bc-a54d-b8f20f521100 0.277s
2025-04-07 13:20:17.991 69710 INFO tempest.lib.common.rest_client [req-d0435e04-3ee2-4912-b611-3205125d6196 req-d0435e04-3ee2-4912-b611-3205125d6196 ] Request (ServerTagsTestJSON:setUpClass): 200 GET http://10.180.1.21/compute/v2.1/servers/459180b5-f12d-4fb1-95cd-fdeef4e746fc 0.295s
2025-04-07 13:20:18.040 69714 INFO tempest.lib.common.rest_client [req-2080fb2d-44cd-4940-8cee-758cd9c2210e req-2080fb2d-44cd-4940-8cee-758cd9c2210e ] Request (KeyPairsV22TestJSON:test_keypairsv22_create_list_show): 201 POST http://10.180.1.21/compute/v2.1/os-keypairs 0.273s
2025-04-07 13:20:18.172 69698 INFO tempest.lib.common.rest_client [req-9c8d5562-17f3-4d44-ae03-c326c7cf221e req-9c8d5562-17f3-4d44-ae03-c326c7cf221e ] Request (MigrationsAdminTest:test_list_migrations_in_flavor_resize_situation): 200 GET http://10.180.1.21/compute/v2.1/servers/094f62b3-214b-4ea3-9cdf-8263b6a782d6 0.270s
2025-04-07 13:20:18.252 69722 INFO tempest.lib.common.rest_client [req-47d288c2-5d8e-4805-ac97-ffd098deb5a4 req-47d288c2-5d8e-4805-ac97-ffd098deb5a4 ] Request (ServersListShow2100Test:tearDownClass): 200 GET http://10.180.1.21/compute/v2.1/servers/d24fe5c5-bca0-4f1a-9997-fea677580719 0.349s
2025-04-07 13:20:18.308 69680 INFO tempest.lib.common.rest_client [req-33bd7f84-3e04-47cf-b12a-d95eba67f19b req-33bd7f84-3e04-47cf-b12a-d95eba67f19b ] Request (ImagesTestJSON:test_create_image_from_suspended_server): 200 GET http://10.180.1.21/compute/v2.1/servers/d7d898a0-6650-4210-b95a-65a0fb1f6721 0.348s
2025-04-07 13:20:18.373 69726 INFO tempest.lib.common.rest_client [req-bd6f6445-96f0-4033-9173-5d0b2a0e22a0 req-bd6f6445-96f0-4033-9173-5d0b2a0e22a0 ] Request (ServersAdmin275Test:test_rebuild_update_server_275): 200 GET http://10.180.1.21/compute/v2.1/servers/be07e446-5846-437d-ba94-3597cad02145 0.382s
2025-04-07 13:20:18.413 69670 INFO tempest.lib.common.rest_client [req-7d9c4f8f-65d7-4392-aba7-2258d25d4ca6 req-7d9c4f8f-65d7-4392-aba7-2258d25d4ca6 ] Request (ServersTestJSON:setUpClass): 201 POST http://10.180.1.21:9696/networking/v2.0/floatingips 0.520s
2025-04-07 13:20:18.441 69672 INFO tempest.lib.common.rest_client [req-53446b35-ef14-452a-9b78-b5476aec98a7 req-53446b35-ef14-452a-9b78-b5476aec98a7 ] Request (ServersAaction247Test:test_create_backup): 200 GET http://10.180.1.21/compute/v2.1/servers/90af0e51-03a9-405c-b42f-8d8d5cb7e412 0.408s
2025-04-07 13:20:18.452 69670 INFO tempest.lib.common.rest_client [req-b35c24eb-a010-4863-ab37-8c3aad6eb675 req-b35c24eb-a010-4863-ab37-8c3aad6eb675 ] Request (ServersTestJSON:setUpClass): 201 POST http://10.180.1.21/identity/v3/auth/tokens 0.035s
2025-04-07 13:20:18.452 69714 INFO tempest.lib.common.rest_client [req-4683391b-3933-4d31-a228-2fd25c8a8d66 req-4683391b-3933-4d31-a228-2fd25c8a8d66 ] Request (KeyPairsV22TestJSON:test_keypairsv22_create_list_show): 200 GET http://10.180.1.21/compute/v2.1/os-keypairs/tempest-keypair-252668220 0.410s
2025-04-07 13:20:18.452 69670 INFO tempest.lib.common.fixed_network [-] (ServersTestJSON:setUpClass) Found network {'id': '204ca2d2-8b67-4998-afea-5e76bf112e2b', 'name': 'tempest-ServersTestJSON-1610196518-network', 'tenant_id': 'e9a4e772f2b54086aede5ca716c2fd50', 'admin_state_up': True, 'mtu': 8950, 'status': 'ACTIVE', 'subnets': [], 'shared': False, 'project_id': 'e9a4e772f2b54086aede5ca716c2fd50', 'port_security_enabled': True, 'router:external': False, 'provider:network_type': 'vlan', 'provider:physical_network': 'default', 'provider:segmentation_id': 963, 'availability_zone_hints': [], 'availability_zones': [], 'ipv4_address_scope': None, 'ipv6_address_scope': None, 'description': '', 'tags': [], 'created_at': '2025-04-07T13:20:14Z', 'updated_at': '2025-04-07T13:20:14Z', 'revision_number': 1} available for tenant
2025-04-07 13:20:18.516 69682 INFO tempest.lib.common.rest_client [req-d9a414be-7c41-48d6-bdff-f2ef02c373e3 req-d9a414be-7c41-48d6-bdff-f2ef02c373e3 ] Request (TenantUsagesTestJSON:tearDownClass): 200 GET http://10.180.1.21/compute/v2.1/servers/582e6f9d-78dd-4f57-b971-fa10a393720d 0.435s
2025-04-07 13:20:18.571 69686 INFO tempest.lib.common.rest_client [req-2a57b42c-5b13-4f15-a84c-66beacee063e req-2a57b42c-5b13-4f15-a84c-66beacee063e ] Request (FloatingIPsAssociationTestJSON:test_associate_disassociate_floating_ip): 202 POST http://10.180.1.21/compute/v2.1/servers/90aca968-5bd6-492f-b9c6-d3969ddaca18/action 1.800s
2025-04-07 13:20:18.576 69716 INFO tempest.lib.common.rest_client [req-336253f2-f362-4d22-ad18-faa7120664a3 req-336253f2-f362-4d22-ad18-faa7120664a3 ] Request (ServersTestMultiNic:test_verify_multiple_nics_order): 200 GET http://10.180.1.21/compute/v2.1/servers/ecdc9d6f-7330-4c52-a94f-2cb7de2d3753 0.486s
2025-04-07 13:20:18.629 69720 INFO tempest.lib.common.rest_client [req-38c2054e-c7b0-4f1a-aec9-9acf703dc6fd req-38c2054e-c7b0-4f1a-aec9-9acf703dc6fd ] Request (ImagesOneServerNegativeTestJSON:_run_cleanups): 200 GET http://10.180.1.21/compute/v2.1/servers/9bce1548-db7f-47c2-9a1f-448553a501aa 0.494s
2025-04-07 13:20:18.641 69694 INFO tempest.lib.common.rest_client [req-aaf46159-31b2-4419-9c52-0051caa4e165 req-aaf46159-31b2-4419-9c52-0051caa4e165 ] Request (AttachInterfacesUnderV243Test:test_add_remove_fixed_ip): 200 GET http://10.180.1.21/compute/v2.1/servers/c99fda1f-10fb-41aa-ad81-54c0f09ca10c 0.499s
2025-04-07 13:20:18.678 69728 INFO tempest.lib.common.rest_client [req-6f45ad07-4c18-4dc3-8aa6-39f3416fe2a2 req-6f45ad07-4c18-4dc3-8aa6-39f3416fe2a2 ] Request (ServerActionsTestOtherA:setUpClass): 200 GET http://10.180.1.21/compute/v2.1/servers/0cd708bf-51b9-4ca2-8e64-06aacc6c8125 0.459s
2025-04-07 13:20:18.733 69690 INFO tempest.lib.common.rest_client [req-19f769fc-f933-46bd-8c1e-2433dd08a10c req-19f769fc-f933-46bd-8c1e-2433dd08a10c ] Request (ServersNegativeTestMultiTenantJSON:setUpClass): 200 GET http://10.180.1.21/compute/v2.1/servers/44572327-ae16-4af3-bd73-0b7951271cfd 0.400s
2025-04-07 13:20:18.745 69684 INFO tempest.lib.common.rest_client [req-e7e21d60-8e13-4152-889c-8b056bd005cf req-e7e21d60-8e13-4152-889c-8b056bd005cf ] Request (ServersAdminNegativeTestJSON:test_migrate_server_invalid_state): 200 GET http://10.180.1.21/compute/v2.1/servers/b1e59caf-ffdc-4f32-9c58-6470ad4da097 0.476s
2025-04-07 13:20:18.754 69684 INFO tempest.common.waiters [-] State transition "BUILD/networking" ==> "BUILD/spawning" after 61 second wait
2025-04-07 13:20:18.841 69718 INFO tempest.lib.common.rest_client [req-6dd5cb5b-4482-4894-bd1e-4b0d5e9a99c9 req-6dd5cb5b-4482-4894-bd1e-4b0d5e9a99c9 ] Request (ServerShowV247Test:test_update_rebuild_list_server): 200 GET http://10.180.1.21/compute/v2.1/servers/69df2326-c132-43db-995d-3496db931933 0.450s
2025-04-07 13:20:18.851 69714 INFO tempest.lib.common.rest_client [req-3b8ecd55-c6b2-4865-90ad-db84bd82258e req-3b8ecd55-c6b2-4865-90ad-db84bd82258e ] Request (KeyPairsV22TestJSON:test_keypairsv22_create_list_show): 200 GET http://10.180.1.21/compute/v2.1/os-keypairs 0.397s
2025-04-07 13:20:18.962 69686 INFO tempest.lib.common.rest_client [req-f0b58bef-feef-4895-846a-66e51a5adac7 req-f0b58bef-feef-4895-846a-66e51a5adac7 ] Request (FloatingIPsAssociationTestJSON:test_associate_disassociate_floating_ip): 200 GET http://10.180.1.21/compute/v2.1/os-floating-ips/76e87eb5-78ec-4cdb-b99a-4480dfb32a8a 0.390s
2025-04-07 13:20:19.144 69704 INFO tempest.lib.common.rest_client [req-6bccbeea-f569-4ef1-84af-bf6e38977729 req-6bccbeea-f569-4ef1-84af-bf6e38977729 ] Request (ServersAdminTestJSON:setUpClass): 200 GET http://10.180.1.21/compute/v2.1/servers/17c6ed86-c995-4238-84da-127353dd6ee0 0.502s
2025-04-07 13:20:19.155 69670 INFO tempest.lib.common.rest_client [req-a262a65c-d9a3-45b2-8929-65ea8b9c28c1 req-a262a65c-d9a3-45b2-8929-65ea8b9c28c1 ] Request (ServersTestJSON:setUpClass): 202 POST http://10.180.1.21/compute/v2.1/servers 0.702s
2025-04-07 13:20:19.197 69702 INFO tempest.lib.common.rest_client [req-2db14970-7dfd-4757-8482-fd194c2413c2 req-2db14970-7dfd-4757-8482-fd194c2413c2 ] Request (DeleteServersAdminTestJSON:test_delete_server_while_in_error_state): 200 GET http://10.180.1.21/compute/v2.1/servers/10244d94-b2bf-4144-b863-93c1b6365d9d 0.504s
2025-04-07 13:20:19.223 69714 INFO tempest.lib.common.rest_client [req-1659880c-75d2-49f9-b202-ecc01d107847 req-1659880c-75d2-49f9-b202-ecc01d107847 ] Request (KeyPairsV22TestJSON:_run_cleanups): 204 DELETE http://10.180.1.21/compute/v2.1/os-keypairs/tempest-keypair-252668220 0.370s
2025-04-07 13:20:19.233 69668 INFO tempest.lib.common.rest_client [req-8f69340b-8e5a-4e23-8d2c-6ac08e4a3d90 req-8f69340b-8e5a-4e23-8d2c-6ac08e4a3d90 ] Request (ServersTestBootFromVolume:setUpClass): 200 GET http://10.180.1.21/compute/v2.1/servers/ccdba8a3-76fe-4dd9-ab43-a529b6bc4836 0.475s
2025-04-07 13:20:19.286 69696 INFO tempest.lib.common.rest_client [req-0d925084-61e2-409a-a580-de2a1de73021 req-0d925084-61e2-409a-a580-de2a1de73021 ] Request (ListImageFiltersTestJSON:setUpClass): 200 GET http://10.180.1.21/compute/v2.1/images/56343399-f9fd-40bc-a54d-b8f20f521100 0.370s
2025-04-07 13:20:19.295 69688 INFO tempest.lib.common.rest_client [req-b0c7d63b-34bc-4e4c-917b-2a9f8c5b12a7 req-b0c7d63b-34bc-4e4c-917b-2a9f8c5b12a7 ] Request (ServersV294TestFqdnHostnames:setUpClass): 200 GET http://10.180.1.21/compute/v2.1/servers/72099d69-bd34-4b3d-a940-2b9b6b5936dd 0.431s
2025-04-07 13:20:19.350 69692 WARNING tempest.lib.common.ssh [-] Failed to establish authenticated ssh connection to cirros@10.180.180.175 ([Errno None] Unable to connect to port 22 on 10.180.180.175). Number attempts: 7. Retry after 8 seconds.: paramiko.ssh_exception.NoValidConnectionsError: [Errno None] Unable to connect to port 22 on 10.180.180.175
2025-04-07 13:20:19.357 69710 INFO tempest.lib.common.rest_client [req-e07dd3c1-d929-4936-96fc-a479498773d5 req-e07dd3c1-d929-4936-96fc-a479498773d5 ] Request (ServerTagsTestJSON:setUpClass): 200 GET http://10.180.1.21/compute/v2.1/servers/459180b5-f12d-4fb1-95cd-fdeef4e746fc 0.353s
2025-04-07 13:20:19.403 69670 INFO tempest.lib.common.rest_client [req-9fe7dbbc-9765-4ee7-9525-f4df483043b6 req-9fe7dbbc-9765-4ee7-9525-f4df483043b6 ] Request (ServersTestJSON:setUpClass): 200 GET http://10.180.1.21/compute/v2.1/servers/e1a5ae58-bcba-475c-9a6d-64c30a1e6da3 0.247s
2025-04-07 13:20:19.515 69698 INFO tempest.lib.common.rest_client [req-73aeb2b3-efcc-432b-af5e-d11002d7dc56 req-73aeb2b3-efcc-432b-af5e-d11002d7dc56 ] Request (MigrationsAdminTest:test_list_migrations_in_flavor_resize_situation): 200 GET http://10.180.1.21/compute/v2.1/servers/094f62b3-214b-4ea3-9cdf-8263b6a782d6 0.335s
2025-04-07 13:20:19.869 69714 INFO tempest.lib.common.rest_client [req-a9bec321-43f9-4f06-a71c-42d296356ced req-a9bec321-43f9-4f06-a71c-42d296356ced ] Request (KeyPairsV22TestJSON:test_keypairsv22_create_list_show_with_type): 201 POST http://10.180.1.21/compute/v2.1/os-keypairs 0.644s
2025-04-07 13:20:19.983 69722 INFO tempest.lib.common.rest_client [req-c4f69ab1-74c9-4b50-989f-aa65d2938f1a req-c4f69ab1-74c9-4b50-989f-aa65d2938f1a ] Request (ServersListShow2100Test:tearDownClass): 200 GET http://10.180.1.21/compute/v2.1/servers/d24fe5c5-bca0-4f1a-9997-fea677580719 0.716s
2025-04-07 13:20:20.075 69680 INFO tempest.lib.common.rest_client [req-a90d3db9-091e-41d8-bcae-2d4025d59e01 req-a90d3db9-091e-41d8-bcae-2d4025d59e01 ] Request (ImagesTestJSON:test_create_image_from_suspended_server): 200 GET http://10.180.1.21/compute/v2.1/servers/d7d898a0-6650-4210-b95a-65a0fb1f6721 0.758s
2025-04-07 13:20:20.116 69686 INFO tempest.lib.common.rest_client [req-bd50322e-b3bc-48e4-8d72-277be596a608 req-bd50322e-b3bc-48e4-8d72-277be596a608 ] Request (FloatingIPsAssociationTestJSON:test_associate_disassociate_floating_ip): 202 POST http://10.180.1.21/compute/v2.1/servers/90aca968-5bd6-492f-b9c6-d3969ddaca18/action 1.152s
2025-04-07 13:20:20.138 69726 INFO tempest.lib.common.rest_client [req-e1acb03a-bf81-4c9d-a9a9-250bd4d92086 req-e1acb03a-bf81-4c9d-a9a9-250bd4d92086 ] Request (ServersAdmin275Test:test_rebuild_update_server_275): 200 GET http://10.180.1.21/compute/v2.1/servers/be07e446-5846-437d-ba94-3597cad02145 0.749s
2025-04-07 13:20:20.187 69672 INFO tempest.lib.common.rest_client [req-4f2d0690-c535-44a8-b6df-1d87a48aeaf6 req-4f2d0690-c535-44a8-b6df-1d87a48aeaf6 ] Request (ServersAaction247Test:test_create_backup): 200 GET http://10.180.1.21/compute/v2.1/servers/90af0e51-03a9-405c-b42f-8d8d5cb7e412 0.735s
2025-04-07 13:20:20.210 69682 INFO tempest.lib.common.rest_client [req-f89e463c-1f46-4fe9-ad01-cc6f21c9a71f req-f89e463c-1f46-4fe9-ad01-cc6f21c9a71f ] Request (TenantUsagesTestJSON:tearDownClass): 200 GET http://10.180.1.21/compute/v2.1/servers/582e6f9d-78dd-4f57-b971-fa10a393720d 0.685s
2025-04-07 13:20:20.242 69716 INFO tempest.lib.common.rest_client [req-5d1a6c3b-7698-4702-abc8-66b8e4bfffd7 req-5d1a6c3b-7698-4702-abc8-66b8e4bfffd7 ] Request (ServersTestMultiNic:test_verify_multiple_nics_order): 200 GET http://10.180.1.21/compute/v2.1/servers/ecdc9d6f-7330-4c52-a94f-2cb7de2d3753 0.655s
2025-04-07 13:20:20.278 69720 INFO tempest.lib.common.rest_client [req-2b5f8f6a-0848-4e44-95fa-cbe130cf49f7 req-2b5f8f6a-0848-4e44-95fa-cbe130cf49f7 ] Request (ImagesOneServerNegativeTestJSON:_run_cleanups): 200 GET http://10.180.1.21/compute/v2.1/servers/9bce1548-db7f-47c2-9a1f-448553a501aa 0.640s
2025-04-07 13:20:20.345 69728 INFO tempest.lib.common.rest_client [req-f69964ef-2471-434e-9b2f-20a18ca9634d req-f69964ef-2471-434e-9b2f-20a18ca9634d ] Request (ServerActionsTestOtherA:setUpClass): 200 GET http://10.180.1.21/compute/v2.1/servers/0cd708bf-51b9-4ca2-8e64-06aacc6c8125 0.654s
2025-04-07 13:20:20.389 69694 INFO tempest.lib.common.rest_client [req-2169f15f-3207-4c74-acbe-23b928441951 req-2169f15f-3207-4c74-acbe-23b928441951 ] Request (AttachInterfacesUnderV243Test:test_add_remove_fixed_ip): 200 GET http://10.180.1.21/compute/v2.1/servers/c99fda1f-10fb-41aa-ad81-54c0f09ca10c 0.740s
2025-04-07 13:20:20.397 69690 INFO tempest.lib.common.rest_client [req-bf0985ad-ec21-484c-b39b-66afa0567018 req-bf0985ad-ec21-484c-b39b-66afa0567018 ] Request (ServersNegativeTestMultiTenantJSON:setUpClass): 200 GET http://10.180.1.21/compute/v2.1/servers/44572327-ae16-4af3-bd73-0b7951271cfd 0.649s
2025-04-07 13:20:20.401 69694 INFO tempest.common.waiters [-] State transition "BUILD/None" ==> "BUILD/block_device_mapping" after 61 second wait
2025-04-07 13:20:20.482 69718 INFO tempest.lib.common.rest_client [req-16e010c2-3b53-4fcd-a043-934d4a666b5a req-16e010c2-3b53-4fcd-a043-934d4a666b5a ] Request (ServerShowV247Test:test_update_rebuild_list_server): 200 GET http://10.180.1.21/compute/v2.1/servers/69df2326-c132-43db-995d-3496db931933 0.629s
2025-04-07 13:20:20.492 69714 INFO tempest.lib.common.rest_client [req-4b2fa8a0-bdb1-4691-9caa-b1c2e28a9f6b req-4b2fa8a0-bdb1-4691-9caa-b1c2e28a9f6b ] Request (KeyPairsV22TestJSON:test_keypairsv22_create_list_show_with_type): 200 GET http://10.180.1.21/compute/v2.1/os-keypairs/tempest-keypair-1877760544 0.622s
2025-04-07 13:20:20.538 69684 INFO tempest.lib.common.rest_client [req-2bf305aa-3f1d-4c86-b840-bbb7b3e4e7aa req-2bf305aa-3f1d-4c86-b840-bbb7b3e4e7aa ] Request (ServersAdminNegativeTestJSON:test_migrate_server_invalid_state): 200 GET http://10.180.1.21/compute/v2.1/servers/b1e59caf-ffdc-4f32-9c58-6470ad4da097 0.783s
2025-04-07 13:20:20.564 69686 INFO tempest.lib.common.rest_client [req-5e45215b-9035-4dd6-9242-607b08f921a4 req-5e45215b-9035-4dd6-9242-607b08f921a4 ] Request (FloatingIPsAssociationTestJSON:tearDownClass): 204 DELETE http://10.180.1.21/compute/v2.1/servers/a2c4ba9c-89f7-42c4-b784-fc527e421c32 0.446s
2025-04-07 13:20:20.619 69702 INFO tempest.lib.common.rest_client [req-29882e1e-9929-486a-b8f4-3de959f807e1 req-29882e1e-9929-486a-b8f4-3de959f807e1 ] Request (DeleteServersAdminTestJSON:test_delete_server_while_in_error_state): 200 GET http://10.180.1.21/compute/v2.1/servers/10244d94-b2bf-4144-b863-93c1b6365d9d 0.412s
2025-04-07 13:20:20.671 69668 INFO tempest.lib.common.rest_client [req-3ed9dbf1-3303-4250-932c-fbd8cf6a2d71 req-3ed9dbf1-3303-4250-932c-fbd8cf6a2d71 ] Request (ServersTestBootFromVolume:setUpClass): 200 GET http://10.180.1.21/compute/v2.1/servers/ccdba8a3-76fe-4dd9-ab43-a529b6bc4836 0.423s
2025-04-07 13:20:20.702 69696 INFO tempest.lib.common.rest_client [req-268ffc79-3f72-416f-834a-ac16c486c0c5 req-268ffc79-3f72-416f-834a-ac16c486c0c5 ] Request (ListImageFiltersTestJSON:setUpClass): 200 GET http://10.180.1.21/compute/v2.1/images/56343399-f9fd-40bc-a54d-b8f20f521100 0.411s
2025-04-07 13:20:20.760 69688 INFO tempest.lib.common.rest_client [req-f8e8e9ad-4085-4efe-84e2-c34fded40961 req-f8e8e9ad-4085-4efe-84e2-c34fded40961 ] Request (ServersV294TestFqdnHostnames:setUpClass): 200 GET http://10.180.1.21/compute/v2.1/servers/72099d69-bd34-4b3d-a940-2b9b6b5936dd 0.448s
2025-04-07 13:20:20.822 69710 INFO tempest.lib.common.rest_client [req-f96730d1-c6cb-4dcf-9be6-28cc9cdd8630 req-f96730d1-c6cb-4dcf-9be6-28cc9cdd8630 ] Request (ServerTagsTestJSON:setUpClass): 200 GET http://10.180.1.21/compute/v2.1/servers/459180b5-f12d-4fb1-95cd-fdeef4e746fc 0.456s
2025-04-07 13:20:20.897 69670 INFO tempest.lib.common.rest_client [req-4b90f172-6b84-4d2c-b8e1-8328fcc9c127 req-4b90f172-6b84-4d2c-b8e1-8328fcc9c127 ] Request (ServersTestJSON:setUpClass): 200 GET http://10.180.1.21/compute/v2.1/servers/e1a5ae58-bcba-475c-9a6d-64c30a1e6da3 0.482s
2025-04-07 13:20:20.910 69714 INFO tempest.lib.common.rest_client [req-d49520b0-cf18-4b29-8339-1c96cf76c887 req-d49520b0-cf18-4b29-8339-1c96cf76c887 ] Request (KeyPairsV22TestJSON:test_keypairsv22_create_list_show_with_type): 200 GET http://10.180.1.21/compute/v2.1/os-keypairs 0.415s
2025-04-07 13:20:20.950 69704 INFO tempest.lib.common.rest_client [req-24b2948c-682f-468b-a33e-31bbb8853315 req-24b2948c-682f-468b-a33e-31bbb8853315 ] Request (ServersAdminTestJSON:setUpClass): 200 GET http://10.180.1.21/compute/v2.1/servers/17c6ed86-c995-4238-84da-127353dd6ee0 0.797s
2025-04-07 13:20:21.022 69698 INFO tempest.lib.common.rest_client [req-d0730e70-e0bb-4d76-8ee9-7ebd5f45a4c3 req-d0730e70-e0bb-4d76-8ee9-7ebd5f45a4c3 ] Request (MigrationsAdminTest:test_list_migrations_in_flavor_resize_situation): 200 GET http://10.180.1.21/compute/v2.1/servers/094f62b3-214b-4ea3-9cdf-8263b6a782d6 0.499s
2025-04-07 13:20:21.030 69686 INFO tempest.lib.common.rest_client [req-b72dfc15-3b65-4979-811f-3edf464308fd req-b72dfc15-3b65-4979-811f-3edf464308fd ] Request (FloatingIPsAssociationTestJSON:tearDownClass): 200 GET http://10.180.1.21/compute/v2.1/servers/a2c4ba9c-89f7-42c4-b784-fc527e421c32 0.466s
2025-04-07 13:20:21.038 69714 INFO tempest.lib.common.rest_client [req-fb73b1f2-9772-4dc4-bfe0-490bec48084b req-fb73b1f2-9772-4dc4-bfe0-490bec48084b ] Request (KeyPairsV22TestJSON:_run_cleanups): 204 DELETE http://10.180.1.21/compute/v2.1/os-keypairs/tempest-keypair-1877760544 0.126s
2025-04-07 13:20:21.112 69722 INFO tempest.lib.common.rest_client [req-7ef3802d-3d79-49c9-a5c2-623f54cadca1 req-7ef3802d-3d79-49c9-a5c2-623f54cadca1 ] Request (ServersListShow2100Test:tearDownClass): 200 GET http://10.180.1.21/compute/v2.1/servers/d24fe5c5-bca0-4f1a-9997-fea677580719 0.109s
2025-04-07 13:20:21.123 69714 INFO tempest.lib.common.rest_client [req-3e2764b2-d078-4ac1-b35b-7f63dce56871 req-3e2764b2-d078-4ac1-b35b-7f63dce56871 ] Request (KeyPairsV22TestJSON:tearDownClass): 204 DELETE http://10.180.1.21/identity/v3/users/01accc518f7245529c6334958331ca0b 0.083s
2025-04-07 13:20:21.123 69714 INFO tempest.lib.common.dynamic_creds [-] Deleting project and security group for project: efaa0c6cc7e54abc9ee5a2b3069a0d20
2025-04-07 13:20:21.139 69680 INFO tempest.lib.common.rest_client [req-3cebb61e-8eb6-4038-be7e-bb7edd8ac4f0 req-3cebb61e-8eb6-4038-be7e-bb7edd8ac4f0 ] Request (ImagesTestJSON:test_create_image_from_suspended_server): 200 GET http://10.180.1.21/compute/v2.1/servers/d7d898a0-6650-4210-b95a-65a0fb1f6721 0.054s
2025-04-07 13:20:21.182 69714 INFO tempest.lib.common.rest_client [req-248fd0fe-d1c0-431c-8273-c1718905a1be req-248fd0fe-d1c0-431c-8273-c1718905a1be ] Request (KeyPairsV22TestJSON:tearDownClass): 201 POST http://10.180.1.21/identity/v3/auth/tokens 0.059s
2025-04-07 13:20:21.208 69726 INFO tempest.lib.common.rest_client [req-4efabb47-b677-400d-94f0-a519c2ba52e5 req-4efabb47-b677-400d-94f0-a519c2ba52e5 ] Request (ServersAdmin275Test:test_rebuild_update_server_275): 200 GET http://10.180.1.21/compute/v2.1/servers/be07e446-5846-437d-ba94-3597cad02145 0.059s
2025-04-07 13:20:21.254 69672 INFO tempest.lib.common.rest_client [req-c314bebd-07fa-45e2-9f6c-86b19b43251c req-c314bebd-07fa-45e2-9f6c-86b19b43251c ] Request (ServersAaction247Test:test_create_backup): 200 GET http://10.180.1.21/compute/v2.1/servers/90af0e51-03a9-405c-b42f-8d8d5cb7e412 0.056s
2025-04-07 13:20:21.276 69682 INFO tempest.lib.common.rest_client [req-930c49b1-9883-49f1-8993-b018184bae94 req-930c49b1-9883-49f1-8993-b018184bae94 ] Request (TenantUsagesTestJSON:tearDownClass): 200 GET http://10.180.1.21/compute/v2.1/servers/582e6f9d-78dd-4f57-b971-fa10a393720d 0.058s
2025-04-07 13:20:21.302 69716 INFO tempest.lib.common.rest_client [req-a7cac1fb-cf53-4949-96e1-44bdfaa638d7 req-a7cac1fb-cf53-4949-96e1-44bdfaa638d7 ] Request (ServersTestMultiNic:test_verify_multiple_nics_order): 200 GET http://10.180.1.21/compute/v2.1/servers/ecdc9d6f-7330-4c52-a94f-2cb7de2d3753 0.052s
2025-04-07 13:20:21.336 69720 INFO tempest.lib.common.rest_client [req-2113cb31-1792-43fb-a570-602ec9fd4857 req-2113cb31-1792-43fb-a570-602ec9fd4857 ] Request (ImagesOneServerNegativeTestJSON:_run_cleanups): 200 GET http://10.180.1.21/compute/v2.1/servers/9bce1548-db7f-47c2-9a1f-448553a501aa 0.049s
