2025-04-07 13:19:56.134 69680 INFO tempest.lib.common.rest_client [req-e0428308-4224-4993-825e-e373a86d6a83 req-e0428308-4224-4993-825e-e373a86d6a83 ] Request (ImagesTestJSON:test_create_image_from_stopped_server): 200 GET http://10.180.1.21/compute/v2.1/images/6ea70070-9092-40a6-b45a-bcebaebe5978 0.245s
2025-04-07 13:19:56.148 69668 INFO tempest.lib.common.rest_client [req-70c88806-f57d-4e94-ad46-44d5df6e79b4 req-70c88806-f57d-4e94-ad46-44d5df6e79b4 ] Request (ServersTestBootFromVolume:setUpClass): 200 GET http://10.180.1.21/compute/v2.1/servers/ccdba8a3-76fe-4dd9-ab43-a529b6bc4836 0.182s
2025-04-07 13:19:56.208 69720 INFO tempest.lib.common.rest_client [req-9b89d86a-73aa-434a-99b0-4d7febb41c8a req-9b89d86a-73aa-434a-99b0-4d7febb41c8a ] Request (ImagesOneServerNegativeTestJSON:_run_cleanups): 200 GET http://10.180.1.21/compute/v2.1/servers/e50dd159-2548-4976-885a-d7251e05cbb1 0.165s
2025-04-07 13:19:56.265 69722 INFO tempest.lib.common.rest_client [req-871fbd10-a40c-48ce-a060-33958aaa8685 req-871fbd10-a40c-48ce-a060-33958aaa8685 ] Request (ServersListShow2100Test:test_list_show_rebuild_update_server_2100): 200 GET http://10.180.1.21/compute/v2.1/servers/d24fe5c5-bca0-4f1a-9997-fea677580719 0.209s
2025-04-07 13:19:56.321 69688 INFO tempest.lib.common.rest_client [req-29739d68-8137-4e61-80d0-8442ed60f4e8 req-29739d68-8137-4e61-80d0-8442ed60f4e8 ] Request (ServersV294TestFqdnHostnames:setUpClass): 200 GET http://10.180.1.21/compute/v2.1/servers/72099d69-bd34-4b3d-a940-2b9b6b5936dd 0.207s
2025-04-07 13:19:56.370 69710 INFO tempest.lib.common.rest_client [req-52f6f420-1395-433b-a810-5e26d82defe3 req-52f6f420-1395-433b-a810-5e26d82defe3 ] Request (ServerTagsTestJSON:setUpClass): 200 GET http://10.180.1.21/compute/v2.1/servers/459180b5-f12d-4fb1-95cd-fdeef4e746fc 0.248s
2025-04-07 13:19:56.430 69670 INFO tempest.lib.common.rest_client [req-5cce7e59-063c-4521-8d9e-91fa724248e2 req-5cce7e59-063c-4521-8d9e-91fa724248e2 ] Request (FloatingIPsAssociationNegativeTestJSON:tearDownClass): 200 GET http://10.180.1.21/compute/v2.1/servers/99885e00-62ad-421a-939a-8ec111ef5214 0.249s
2025-04-07 13:19:56.493 69726 INFO tempest.lib.common.rest_client [req-9a512d59-2ccd-436b-abf5-230a83a7cc9e req-9a512d59-2ccd-436b-abf5-230a83a7cc9e ] Request (ServersAdmin275Test:test_rebuild_update_server_275): 200 GET http://10.180.1.21/compute/v2.1/servers/be07e446-5846-437d-ba94-3597cad02145 0.311s
2025-04-07 13:19:56.529 69696 INFO tempest.lib.common.rest_client [req-6ef6fcda-69e2-4c61-9ba3-12ff19f3aeae req-6ef6fcda-69e2-4c61-9ba3-12ff19f3aeae ] Request (ListImageFiltersTestJSON:setUpClass): 200 GET http://10.180.1.21/compute/v2.1/images/07cf6db3-1d9d-4b73-be65-d897574c668e 0.307s
2025-04-07 13:19:56.597 69682 INFO tempest.lib.common.rest_client [req-1cf8769c-a0ee-4697-8a7f-513afd477077 req-1cf8769c-a0ee-4697-8a7f-513afd477077 ] Request (TenantUsagesTestJSON:tearDownClass): 200 GET http://10.180.1.21/compute/v2.1/servers/582e6f9d-78dd-4f57-b971-fa10a393720d 0.355s
2025-04-07 13:19:56.650 69716 INFO tempest.lib.common.rest_client [req-80e3ae5a-ea04-4ef4-bbd0-283269568ec8 req-80e3ae5a-ea04-4ef4-bbd0-283269568ec8 ] Request (ServersTestMultiNic:test_verify_multiple_nics_order): 202 POST http://10.180.1.21/compute/v2.1/servers 0.626s
2025-04-07 13:19:56.711 69686 INFO tempest.lib.common.rest_client [req-6d395d03-a05f-45c6-857f-f5fd6953682d req-6d395d03-a05f-45c6-857f-f5fd6953682d ] Request (FloatingIPsAssociationTestJSON:test_associate_already_associated_floating_ip): 200 GET http://10.180.1.21/compute/v2.1/servers/a2c4ba9c-89f7-42c4-b784-fc527e421c32 0.411s
2025-04-07 13:19:56.723 69722 INFO tempest.lib.common.rest_client [req-b5d32d9d-9aac-45b2-9b93-1b02e7fc6bd9 req-b5d32d9d-9aac-45b2-9b93-1b02e7fc6bd9 ] Request (ServersListShow2100Test:test_list_show_rebuild_update_server_2100): 200 PUT http://10.180.1.21/compute/v2.1/servers/d24fe5c5-bca0-4f1a-9997-fea677580719 0.445s
2025-04-07 13:19:56.729 69686 INFO tempest.common.waiters [-] State transition "BUILD/None" ==> "BUILD/networking" after 48 second wait
2025-04-07 13:19:56.788 69672 INFO tempest.lib.common.rest_client [req-43244e53-9f50-4d15-a307-1c84c60f7135 req-43244e53-9f50-4d15-a307-1c84c60f7135 ] Request (ServersAaction247Test:test_create_backup): 200 GET http://10.180.1.21/compute/v2.1/servers/90af0e51-03a9-405c-b42f-8d8d5cb7e412 0.245s
2025-04-07 13:19:56.793 69708 INFO tempest.lib.common.rest_client [req-e85444aa-e198-4d8d-93a0-95c89e86798a req-e85444aa-e198-4d8d-93a0-95c89e86798a ] Request (AttachInterfacesV270Test:tearDownClass): 200 GET http://10.180.1.21/compute/v2.1/servers/1850df94-4631-446f-81e0-8feacc37086d 0.411s
2025-04-07 13:19:56.822 69666 WARNING tempest.lib.common.ssh [-] Failed to establish authenticated ssh connection to cirros@10.180.180.211 ([Errno None] Unable to connect to port 22 on 10.180.180.211). Number attempts: 3. Retry after 4 seconds.: paramiko.ssh_exception.NoValidConnectionsError: [Errno None] Unable to connect to port 22 on 10.180.180.211
2025-04-07 13:19:56.852 69716 INFO tempest.lib.common.rest_client [req-efb11be1-591e-4d5a-8fbb-259b2db7ebcd req-efb11be1-591e-4d5a-8fbb-259b2db7ebcd ] Request (ServersTestMultiNic:test_verify_multiple_nics_order): 200 GET http://10.180.1.21/compute/v2.1/servers/ecdc9d6f-7330-4c52-a94f-2cb7de2d3753 0.199s
2025-04-07 13:19:56.856 69694 INFO tempest.lib.common.rest_client [req-9ea3bcbd-a381-4cfa-bc93-2e1e8653544f req-9ea3bcbd-a381-4cfa-bc93-2e1e8653544f ] Request (AttachInterfacesUnderV243Test:test_add_remove_fixed_ip): 200 GET http://10.180.1.21/compute/v2.1/servers/c99fda1f-10fb-41aa-ad81-54c0f09ca10c 0.259s
2025-04-07 13:19:56.917 69728 INFO tempest.lib.common.rest_client [req-555fbb81-c64d-4357-855d-77b2c883c480 req-555fbb81-c64d-4357-855d-77b2c883c480 ] Request (ServerActionsTestOtherA:setUpClass): 200 GET http://10.180.1.21/compute/v2.1/servers/0cd708bf-51b9-4ca2-8e64-06aacc6c8125 0.176s
2025-04-07 13:19:56.939 69714 INFO tempest.lib.common.rest_client [req-3fd538da-4337-4a9c-9a7e-f43f2c2af72a req-3fd538da-4337-4a9c-9a7e-f43f2c2af72a ] Request (ServerDiagnosticsV248Test:tearDownClass): 200 GET http://10.180.1.21/compute/v2.1/servers/bd174ab6-2669-48bd-8df8-f8595d39e61c 0.263s
2025-04-07 13:19:56.992 69722 INFO tempest.lib.common.rest_client [req-2478ee6e-8eea-4cf7-8e15-21e131a4fa3a req-2478ee6e-8eea-4cf7-8e15-21e131a4fa3a ] Request (ServersListShow2100Test:test_list_show_rebuild_update_server_2100): 200 GET http://10.180.1.21/compute/v2.1/servers/d24fe5c5-bca0-4f1a-9997-fea677580719 0.251s
2025-04-07 13:19:57.013 69684 INFO tempest.lib.common.rest_client [req-7507335e-a1a5-4d4c-93d5-5b623f8d0234 req-7507335e-a1a5-4d4c-93d5-5b623f8d0234 ] Request (ServersAdminNegativeTestJSON:test_migrate_server_invalid_state): 200 GET http://10.180.1.21/compute/v2.1/servers/b1e59caf-ffdc-4f32-9c58-6470ad4da097 0.215s
2025-04-07 13:19:57.053 69718 INFO tempest.lib.common.rest_client [req-6eafd5fd-f157-42a8-82be-4cee091784be req-6eafd5fd-f157-42a8-82be-4cee091784be ] Request (ServerShowV247Test:test_update_rebuild_list_server): 200 GET http://10.180.1.21/compute/v2.1/servers/69df2326-c132-43db-995d-3496db931933 0.185s
2025-04-07 13:19:57.212 69698 INFO tempest.lib.common.rest_client [req-35f21a06-b420-4ad3-9570-43661e570e70 req-35f21a06-b420-4ad3-9570-43661e570e70 ] Request (MigrationsAdminTest:test_list_migrations_in_flavor_resize_situation): 200 GET http://10.180.1.21/compute/v2.1/servers/094f62b3-214b-4ea3-9cdf-8263b6a782d6 0.172s
2025-04-07 13:19:57.282 69704 INFO tempest.lib.common.rest_client [req-284b19fe-18d6-4952-a03f-f0b3e8cf21b8 req-284b19fe-18d6-4952-a03f-f0b3e8cf21b8 ] Request (ServersAdminTestJSON:setUpClass): 200 GET http://10.180.1.21/compute/v2.1/servers/17c6ed86-c995-4238-84da-127353dd6ee0 0.182s
2025-04-07 13:19:57.360 69722 INFO tempest.lib.common.rest_client [req-b112df76-d295-47e5-8a44-f6620db50b62 req-b112df76-d295-47e5-8a44-f6620db50b62 ] Request (ServersListShow2100Test:test_list_show_rebuild_update_server_2100): 202 POST http://10.180.1.21/compute/v2.1/servers/d24fe5c5-bca0-4f1a-9997-fea677580719/action 0.351s
2025-04-07 13:19:57.365 69702 INFO tempest.lib.common.rest_client [req-cf40d3c4-2ce5-40f5-95fc-d2ca2e7a3d3c req-cf40d3c4-2ce5-40f5-95fc-d2ca2e7a3d3c ] Request (DeleteServersAdminTestJSON:test_delete_server_while_in_error_state): 200 GET http://10.180.1.21/compute/v2.1/servers/10244d94-b2bf-4144-b863-93c1b6365d9d 0.255s
2025-04-07 13:19:57.392 69690 INFO tempest.lib.common.rest_client [req-07825111-cd09-4776-9c69-ea921fec8896 req-07825111-cd09-4776-9c69-ea921fec8896 ] Request (ServersNegativeTestMultiTenantJSON:setUpClass): 200 PUT http://10.180.1.21:9696/networking/v2.0/routers/3df5fd34-23e2-4768-889f-056bc9d72a7e/add_router_interface 1.288s
2025-04-07 13:19:57.392 69690 INFO tempest.lib.common.dynamic_creds [-] Created isolated network resources for: credentials: Credentials: {'domain_id': 'default', 'domain_name': 'Default', 'username': 'tempest-ServersNegativeTestMultiTenantJSON-1684384841-project-member', 'project_domain_id': 'default', 'project_domain_name': 'Default', 'project_id': 'c4da11ce405c4bc9b80b562f2d99ffc4', 'project_name': 'tempest-ServersNegativeTestMultiTenantJSON-1684384841', 'tenant_id': 'c4da11ce405c4bc9b80b562f2d99ffc4', 'tenant_name': 'tempest-ServersNegativeTestMultiTenantJSON-1684384841', 'user_domain_id': 'default', 'user_domain_name': 'Default', 'user_id': '1411ece41e5740b988236a1eb396aa2b', 'system': None}, Network: {'id': '9cf1c3ab-3f67-436b-bf3e-4a7fcaf6375f', 'name': 'tempest-ServersNegativeTestMultiTenantJSON-2033252095-network', 'tenant_id': 'c4da11ce405c4bc9b80b562f2d99ffc4', 'admin_state_up': True, 'mtu': 8950, 'status': 'ACTIVE', 'subnets': [], 'shared': False, 'project_id': 'c4da11ce405c4bc9b80b562f2d99ffc4', 'port_security_enabled': True, 'router:external': False, 'provider:network_type': 'vlan', 'provider:physical_network': 'default', 'provider:segmentation_id': 461, 'availability_zone_hints': [], 'availability_zones': [], 'ipv4_address_scope': None, 'ipv6_address_scope': None, 'description': '', 'tags': [], 'created_at': '2025-04-07T13:19:54Z', 'updated_at': '2025-04-07T13:19:55Z', 'revision_number': 1}, Subnet: {'id': 'e1ea7a01-5659-4011-96b9-6e37e51963a7', 'name': 'tempest-ServersNegativeTestMultiTenantJSON-2033252095-subnet', 'tenant_id': 'c4da11ce405c4bc9b80b562f2d99ffc4', 'network_id': '9cf1c3ab-3f67-436b-bf3e-4a7fcaf6375f', 'ip_version': 4, 'subnetpool_id': None, 'enable_dhcp': True, 'ipv6_ra_mode': None, 'ipv6_address_mode': None, 'gateway_ip': '192.168.128.1', 'cidr': '192.168.128.0/28', 'allocation_pools': [{'start': '192.168.128.2', 'end': '192.168.128.14'}], 'host_routes': [], 'dns_nameservers': [], 'description': '', 'router:external': False, 'service_types': [], 'tags': [], 'created_at': '2025-04-07T13:19:55Z', 'updated_at': '2025-04-07T13:19:55Z', 'revision_number': 0, 'project_id': 'c4da11ce405c4bc9b80b562f2d99ffc4'}, Router: {'id': '3df5fd34-23e2-4768-889f-056bc9d72a7e', 'name': 'tempest-ServersNegativeTestMultiTenantJSON-2033252095-router', 'tenant_id': 'c4da11ce405c4bc9b80b562f2d99ffc4', 'admin_state_up': True, 'status': 'ACTIVE', 'external_gateway_info': {'network_id': '0aca4dec-fce8-492d-866b-3b83229e461c', 'external_fixed_ips': [{'subnet_id': '83efa834-8057-4413-8232-055bb087ee96', 'ip_address': '10.180.180.192'}], 'enable_snat': True}, 'description': '', 'availability_zones': [], 'distributed': False, 'ha': False, 'availability_zone_hints': [], 'routes': [], 'flavor_id': None, 'tags': [], 'created_at': '2025-04-07T13:19:55Z', 'updated_at': '2025-04-07T13:19:55Z', 'revision_number': 2, 'project_id': 'c4da11ce405c4bc9b80b562f2d99ffc4'}
2025-04-07 13:19:57.403 69680 INFO tempest.lib.common.rest_client [req-7a557309-ef95-473f-a0b0-ecbd696a7225 req-7a557309-ef95-473f-a0b0-ecbd696a7225 ] Request (ImagesTestJSON:test_create_image_from_stopped_server): 200 GET http://10.180.1.21/compute/v2.1/images/6ea70070-9092-40a6-b45a-bcebaebe5978 0.263s
2025-04-07 13:19:57.421 69668 INFO tempest.lib.common.rest_client [req-1768f3a3-b091-46fa-b1de-1c8df65c4370 req-1768f3a3-b091-46fa-b1de-1c8df65c4370 ] Request (ServersTestBootFromVolume:setUpClass): 200 GET http://10.180.1.21/compute/v2.1/servers/ccdba8a3-76fe-4dd9-ab43-a529b6bc4836 0.265s
2025-04-07 13:19:57.489 69690 INFO tempest.lib.common.rest_client [req-2f3b2618-7f3f-48a0-90dd-16f195846c65 req-2f3b2618-7f3f-48a0-90dd-16f195846c65 ] Request (ServersNegativeTestMultiTenantJSON:setUpClass): 201 POST http://10.180.1.21/identity/v3/auth/tokens 0.094s
2025-04-07 13:19:57.494 69688 INFO tempest.lib.common.rest_client [req-f7b8f971-acff-4f8d-a96a-4c4910eab35d req-f7b8f971-acff-4f8d-a96a-4c4910eab35d ] Request (ServersV294TestFqdnHostnames:setUpClass): 200 GET http://10.180.1.21/compute/v2.1/servers/72099d69-bd34-4b3d-a940-2b9b6b5936dd 0.158s
2025-04-07 13:19:57.501 69720 INFO tempest.lib.common.rest_client [req-71324b70-5a9d-433d-be49-f7b02b3b5926 req-71324b70-5a9d-433d-be49-f7b02b3b5926 ] Request (ImagesOneServerNegativeTestJSON:_run_cleanups): 200 GET http://10.180.1.21/compute/v2.1/servers/e50dd159-2548-4976-885a-d7251e05cbb1 0.276s
2025-04-07 13:19:57.561 69722 INFO tempest.lib.common.rest_client [req-9ffa5bbf-b33e-4e48-b5cd-6d5b7bc96c16 req-9ffa5bbf-b33e-4e48-b5cd-6d5b7bc96c16 ] Request (ServersListShow2100Test:test_list_show_rebuild_update_server_2100): 200 GET http://10.180.1.21/compute/v2.1/servers/d24fe5c5-bca0-4f1a-9997-fea677580719 0.187s
2025-04-07 13:19:57.564 69690 INFO tempest.lib.common.rest_client [req-73bd52a2-3cb8-4e91-853f-e526abb4a961 req-73bd52a2-3cb8-4e91-853f-e526abb4a961 ] Request (ServersNegativeTestMultiTenantJSON:setUpClass): 201 POST http://10.180.1.21/identity/v3/auth/tokens 0.072s
2025-04-07 13:19:57.565 69690 INFO tempest.lib.common.fixed_network [-] (ServersNegativeTestMultiTenantJSON:setUpClass) Found network {'id': '80150188-7980-4838-b924-8ba524b36a7a', 'name': 'tempest-ServersNegativeTestMultiTenantJSON-2023036140-network', 'tenant_id': 'f381726d838f4abbb31181f5493e3114', 'admin_state_up': True, 'mtu': 8950, 'status': 'ACTIVE', 'subnets': [], 'shared': False, 'project_id': 'f381726d838f4abbb31181f5493e3114', 'port_security_enabled': True, 'router:external': False, 'provider:network_type': 'vlan', 'provider:physical_network': 'default', 'provider:segmentation_id': 446, 'availability_zone_hints': [], 'availability_zones': [], 'ipv4_address_scope': None, 'ipv6_address_scope': None, 'description': '', 'tags': [], 'created_at': '2025-04-07T13:19:51Z', 'updated_at': '2025-04-07T13:19:51Z', 'revision_number': 1} available for tenant
2025-04-07 13:19:57.574 69710 INFO tempest.lib.common.rest_client [req-c3ee1658-a845-4c45-834e-19ae4970a59f req-c3ee1658-a845-4c45-834e-19ae4970a59f ] Request (ServerTagsTestJSON:setUpClass): 200 GET http://10.180.1.21/compute/v2.1/servers/459180b5-f12d-4fb1-95cd-fdeef4e746fc 0.193s
2025-04-07 13:19:57.619 69670 INFO tempest.lib.common.rest_client [req-8478c9f9-3a0c-4d7e-a962-f335b6832eb6 req-8478c9f9-3a0c-4d7e-a962-f335b6832eb6 ] Request (FloatingIPsAssociationNegativeTestJSON:tearDownClass): 200 GET http://10.180.1.21/compute/v2.1/servers/99885e00-62ad-421a-939a-8ec111ef5214 0.178s
2025-04-07 13:19:57.645 69726 INFO tempest.lib.common.rest_client [req-60c3235f-b7a4-4483-884f-7a281276cee6 req-60c3235f-b7a4-4483-884f-7a281276cee6 ] Request (ServersAdmin275Test:test_rebuild_update_server_275): 200 GET http://10.180.1.21/compute/v2.1/servers/be07e446-5846-437d-ba94-3597cad02145 0.138s
2025-04-07 13:19:57.668 69696 INFO tempest.lib.common.rest_client [req-6acd14d9-21dd-4d49-9512-e5e3bda3b89e req-6acd14d9-21dd-4d49-9512-e5e3bda3b89e ] Request (ListImageFiltersTestJSON:setUpClass): 200 GET http://10.180.1.21/compute/v2.1/images/07cf6db3-1d9d-4b73-be65-d897574c668e 0.135s
2025-04-07 13:19:57.724 69682 INFO tempest.lib.common.rest_client [req-6025629f-c29a-48bf-a0c3-076d5b6b0881 req-6025629f-c29a-48bf-a0c3-076d5b6b0881 ] Request (TenantUsagesTestJSON:tearDownClass): 200 GET http://10.180.1.21/compute/v2.1/servers/582e6f9d-78dd-4f57-b971-fa10a393720d 0.114s
2025-04-07 13:19:57.871 69686 INFO tempest.lib.common.rest_client [req-e699a3a8-b0ac-4e27-9439-146f2152a434 req-e699a3a8-b0ac-4e27-9439-146f2152a434 ] Request (FloatingIPsAssociationTestJSON:test_associate_already_associated_floating_ip): 200 GET http://10.180.1.21/compute/v2.1/servers/a2c4ba9c-89f7-42c4-b784-fc527e421c32 0.141s
2025-04-07 13:19:57.878 69686 INFO tempest.common.waiters [-] State transition "BUILD/networking" ==> "BUILD/block_device_mapping" after 49 second wait
2025-04-07 13:19:57.926 69672 INFO tempest.lib.common.rest_client [req-fbbc95ce-40e5-4f62-a7f5-15ef1850b3f4 req-fbbc95ce-40e5-4f62-a7f5-15ef1850b3f4 ] Request (ServersAaction247Test:test_create_backup): 200 GET http://10.180.1.21/compute/v2.1/servers/90af0e51-03a9-405c-b42f-8d8d5cb7e412 0.125s
2025-04-07 13:19:58.006 69708 INFO tempest.lib.common.rest_client [req-d2d0d70a-b95d-4e22-baaa-ca27b9d0f217 req-d2d0d70a-b95d-4e22-baaa-ca27b9d0f217 ] Request (AttachInterfacesV270Test:tearDownClass): 200 GET http://10.180.1.21/compute/v2.1/servers/1850df94-4631-446f-81e0-8feacc37086d 0.196s
2025-04-07 13:19:58.036 69690 INFO tempest.lib.common.rest_client [req-3c3150c6-065e-4a14-a6d5-c1bf2e975fd9 req-3c3150c6-065e-4a14-a6d5-c1bf2e975fd9 ] Request (ServersNegativeTestMultiTenantJSON:setUpClass): 202 POST http://10.180.1.21/compute/v2.1/servers 0.470s
2025-04-07 13:19:58.066 69716 INFO tempest.lib.common.rest_client [req-9be173c9-998e-44ac-a736-bf84a8a301af req-9be173c9-998e-44ac-a736-bf84a8a301af ] Request (ServersTestMultiNic:test_verify_multiple_nics_order): 200 GET http://10.180.1.21/compute/v2.1/servers/ecdc9d6f-7330-4c52-a94f-2cb7de2d3753 0.206s
2025-04-07 13:19:58.093 69694 INFO tempest.lib.common.rest_client [req-5b1659d8-afc7-4f74-afee-ee16714722cd req-5b1659d8-afc7-4f74-afee-ee16714722cd ] Request (AttachInterfacesUnderV243Test:test_add_remove_fixed_ip): 200 GET http://10.180.1.21/compute/v2.1/servers/c99fda1f-10fb-41aa-ad81-54c0f09ca10c 0.227s
2025-04-07 13:19:58.122 69728 INFO tempest.lib.common.rest_client [req-17c1c15c-5f8d-4cb3-ba6a-0845ec1a7b09 req-17c1c15c-5f8d-4cb3-ba6a-0845ec1a7b09 ] Request (ServerActionsTestOtherA:setUpClass): 200 GET http://10.180.1.21/compute/v2.1/servers/0cd708bf-51b9-4ca2-8e64-06aacc6c8125 0.195s
2025-04-07 13:19:58.157 69714 INFO tempest.lib.common.rest_client [req-9b8e1952-e5b9-419f-a2af-452d5bee834d req-9b8e1952-e5b9-419f-a2af-452d5bee834d ] Request (ServerDiagnosticsV248Test:tearDownClass): 200 GET http://10.180.1.21/compute/v2.1/servers/bd174ab6-2669-48bd-8df8-f8595d39e61c 0.208s
2025-04-07 13:19:58.180 69684 INFO tempest.lib.common.rest_client [req-a45fe643-89e6-433f-810a-547ac238a791 req-a45fe643-89e6-433f-810a-547ac238a791 ] Request (ServersAdminNegativeTestJSON:test_migrate_server_invalid_state): 200 GET http://10.180.1.21/compute/v2.1/servers/b1e59caf-ffdc-4f32-9c58-6470ad4da097 0.157s
2025-04-07 13:19:58.198 69690 INFO tempest.lib.common.rest_client [req-f1ac0800-6e86-4701-ab43-234d9ef0c058 req-f1ac0800-6e86-4701-ab43-234d9ef0c058 ] Request (ServersNegativeTestMultiTenantJSON:setUpClass): 200 GET http://10.180.1.21/compute/v2.1/servers/44572327-ae16-4af3-bd73-0b7951271cfd 0.160s
2025-04-07 13:19:58.238 69718 INFO tempest.lib.common.rest_client [req-b84ed4ed-f4d5-4a71-beb8-0089d1fbe7d4 req-b84ed4ed-f4d5-4a71-beb8-0089d1fbe7d4 ] Request (ServerShowV247Test:test_update_rebuild_list_server): 200 GET http://10.180.1.21/compute/v2.1/servers/69df2326-c132-43db-995d-3496db931933 0.175s
2025-04-07 13:19:58.322 69698 INFO tempest.lib.common.rest_client [req-8990cdab-f750-47a8-9dda-1dd943a23475 req-8990cdab-f750-47a8-9dda-1dd943a23475 ] Request (MigrationsAdminTest:test_list_migrations_in_flavor_resize_situation): 200 GET http://10.180.1.21/compute/v2.1/servers/094f62b3-214b-4ea3-9cdf-8263b6a782d6 0.098s
2025-04-07 13:19:58.350 69704 INFO tempest.lib.common.rest_client [req-1b243654-b660-4a93-a80f-7ef338469dd2 req-1b243654-b660-4a93-a80f-7ef338469dd2 ] Request (ServersAdminTestJSON:setUpClass): 200 GET http://10.180.1.21/compute/v2.1/servers/17c6ed86-c995-4238-84da-127353dd6ee0 0.052s
2025-04-07 13:19:58.429 69702 INFO tempest.lib.common.rest_client [req-e69add6c-fd97-484e-9abd-c74c36efa5d4 req-e69add6c-fd97-484e-9abd-c74c36efa5d4 ] Request (DeleteServersAdminTestJSON:test_delete_server_while_in_error_state): 200 GET http://10.180.1.21/compute/v2.1/servers/10244d94-b2bf-4144-b863-93c1b6365d9d 0.052s
2025-04-07 13:19:58.442 69680 INFO tempest.lib.common.rest_client [req-f4354c1f-816e-4eb7-8157-4a5b214a61e5 req-f4354c1f-816e-4eb7-8157-4a5b214a61e5 ] Request (ImagesTestJSON:test_create_image_from_stopped_server): 200 GET http://10.180.1.21/compute/v2.1/images/6ea70070-9092-40a6-b45a-bcebaebe5978 0.034s
2025-04-07 13:19:58.488 69668 INFO tempest.lib.common.rest_client [req-8508168d-0e8e-4d38-9f4d-250aab93e77c req-8508168d-0e8e-4d38-9f4d-250aab93e77c ] Request (ServersTestBootFromVolume:setUpClass): 200 GET http://10.180.1.21/compute/v2.1/servers/ccdba8a3-76fe-4dd9-ab43-a529b6bc4836 0.054s
2025-04-07 13:19:58.569 69688 INFO tempest.lib.common.rest_client [req-efc7ba3a-596b-42de-93bc-cb77acbc2676 req-efc7ba3a-596b-42de-93bc-cb77acbc2676 ] Request (ServersV294TestFqdnHostnames:setUpClass): 200 GET http://10.180.1.21/compute/v2.1/servers/72099d69-bd34-4b3d-a940-2b9b6b5936dd 0.061s
2025-04-07 13:19:58.578 69720 INFO tempest.lib.common.rest_client [req-afe480b9-38c0-4b63-bd26-a1e368ed799b req-afe480b9-38c0-4b63-bd26-a1e368ed799b ] Request (ImagesOneServerNegativeTestJSON:_run_cleanups): 200 GET http://10.180.1.21/compute/v2.1/servers/e50dd159-2548-4976-885a-d7251e05cbb1 0.069s
2025-04-07 13:19:58.642 69710 INFO tempest.lib.common.rest_client [req-e3d12812-cd20-4e9e-9161-be500e6f191a req-e3d12812-cd20-4e9e-9161-be500e6f191a ] Request (ServerTagsTestJSON:setUpClass): 200 GET http://10.180.1.21/compute/v2.1/servers/459180b5-f12d-4fb1-95cd-fdeef4e746fc 0.057s
2025-04-07 13:19:58.642 69722 INFO tempest.lib.common.rest_client [req-45fea5b7-2388-4f63-8b1e-1457d5bf74af req-45fea5b7-2388-4f63-8b1e-1457d5bf74af ] Request (ServersListShow2100Test:test_list_show_rebuild_update_server_2100): 200 GET http://10.180.1.21/compute/v2.1/servers/d24fe5c5-bca0-4f1a-9997-fea677580719 0.065s
2025-04-07 13:19:58.705 69670 INFO tempest.lib.common.rest_client [req-9e2c6c52-c964-416b-8347-b26859032b6c req-9e2c6c52-c964-416b-8347-b26859032b6c ] Request (FloatingIPsAssociationNegativeTestJSON:tearDownClass): 200 GET http://10.180.1.21/compute/v2.1/servers/99885e00-62ad-421a-939a-8ec111ef5214 0.078s
2025-04-07 13:19:58.718 69726 INFO tempest.lib.common.rest_client [req-00834393-654d-4158-884a-ee0ff0ee3d54 req-00834393-654d-4158-884a-ee0ff0ee3d54 ] Request (ServersAdmin275Test:test_rebuild_update_server_275): 200 GET http://10.180.1.21/compute/v2.1/servers/be07e446-5846-437d-ba94-3597cad02145 0.061s
2025-04-07 13:19:58.740 69696 INFO tempest.lib.common.rest_client [req-a62b7a2d-c85b-4579-90ab-9c80d0e88f28 req-a62b7a2d-c85b-4579-90ab-9c80d0e88f28 ] Request (ListImageFiltersTestJSON:setUpClass): 200 GET http://10.180.1.21/compute/v2.1/images/07cf6db3-1d9d-4b73-be65-d897574c668e 0.067s
2025-04-07 13:19:58.792 69682 INFO tempest.lib.common.rest_client [req-17555ee8-b689-4c87-9cea-5908a0affcd9 req-17555ee8-b689-4c87-9cea-5908a0affcd9 ] Request (TenantUsagesTestJSON:tearDownClass): 200 GET http://10.180.1.21/compute/v2.1/servers/582e6f9d-78dd-4f57-b971-fa10a393720d 0.060s
2025-04-07 13:19:58.968 69686 INFO tempest.lib.common.rest_client [req-b64f6933-a215-4075-8227-66de6a00c2b8 req-b64f6933-a215-4075-8227-66de6a00c2b8 ] Request (FloatingIPsAssociationTestJSON:test_associate_already_associated_floating_ip): 200 GET http://10.180.1.21/compute/v2.1/servers/a2c4ba9c-89f7-42c4-b784-fc527e421c32 0.088s
2025-04-07 13:19:58.979 69686 INFO tempest.common.waiters [-] State transition "BUILD/block_device_mapping" ==> "BUILD/spawning" after 50 second wait
2025-04-07 13:19:59.004 69672 INFO tempest.lib.common.rest_client [req-fecc368b-6c56-4115-920b-19e654c81d9d req-fecc368b-6c56-4115-920b-19e654c81d9d ] Request (ServersAaction247Test:test_create_backup): 200 GET http://10.180.1.21/compute/v2.1/servers/90af0e51-03a9-405c-b42f-8d8d5cb7e412 0.065s
2025-04-07 13:19:59.077 69708 INFO tempest.lib.common.rest_client [req-334b8cc1-7de0-433e-bbaf-c7cd09014bb9 req-334b8cc1-7de0-433e-bbaf-c7cd09014bb9 ] Request (AttachInterfacesV270Test:tearDownClass): 200 GET http://10.180.1.21/compute/v2.1/servers/1850df94-4631-446f-81e0-8feacc37086d 0.061s
2025-04-07 13:19:59.131 69716 INFO tempest.lib.common.rest_client [req-b187c89c-e062-44d3-9e1b-795f4cdafb17 req-b187c89c-e062-44d3-9e1b-795f4cdafb17 ] Request (ServersTestMultiNic:test_verify_multiple_nics_order): 200 GET http://10.180.1.21/compute/v2.1/servers/ecdc9d6f-7330-4c52-a94f-2cb7de2d3753 0.055s
2025-04-07 13:19:59.159 69694 INFO tempest.lib.common.rest_client [req-5af47ea8-6efd-40fc-ad61-4a7dea6bffab req-5af47ea8-6efd-40fc-ad61-4a7dea6bffab ] Request (AttachInterfacesUnderV243Test:test_add_remove_fixed_ip): 200 GET http://10.180.1.21/compute/v2.1/servers/c99fda1f-10fb-41aa-ad81-54c0f09ca10c 0.053s
2025-04-07 13:19:59.187 69728 INFO tempest.lib.common.rest_client [req-6662a2b5-795a-4516-9b34-687f570cc88d req-6662a2b5-795a-4516-9b34-687f570cc88d ] Request (ServerActionsTestOtherA:setUpClass): 200 GET http://10.180.1.21/compute/v2.1/servers/0cd708bf-51b9-4ca2-8e64-06aacc6c8125 0.057s
2025-04-07 13:19:59.191 69692 WARNING tempest.lib.common.ssh [-] Failed to establish authenticated ssh connection to cirros@10.180.180.175 ([Errno None] Unable to connect to port 22 on 10.180.180.175). Number attempts: 5. Retry after 6 seconds.: paramiko.ssh_exception.NoValidConnectionsError: [Errno None] Unable to connect to port 22 on 10.180.180.175
2025-04-07 13:19:59.247 69714 INFO tempest.lib.common.rest_client [req-64db9cd6-3483-41e5-af24-16362ec978cb req-64db9cd6-3483-41e5-af24-16362ec978cb ] Request (ServerDiagnosticsV248Test:tearDownClass): 200 GET http://10.180.1.21/compute/v2.1/servers/bd174ab6-2669-48bd-8df8-f8595d39e61c 0.080s
2025-04-07 13:19:59.250 69684 INFO tempest.lib.common.rest_client [req-4ed0231a-2d6b-450a-9943-225cc95193ec req-4ed0231a-2d6b-450a-9943-225cc95193ec ] Request (ServersAdminNegativeTestJSON:test_migrate_server_invalid_state): 200 GET http://10.180.1.21/compute/v2.1/servers/b1e59caf-ffdc-4f32-9c58-6470ad4da097 0.058s
2025-04-07 13:19:59.316 69718 INFO tempest.lib.common.rest_client [req-f1e11719-71b8-4a2e-8f4f-7e0959eebd09 req-f1e11719-71b8-4a2e-8f4f-7e0959eebd09 ] Request (ServerShowV247Test:test_update_rebuild_list_server): 200 GET http://10.180.1.21/compute/v2.1/servers/69df2326-c132-43db-995d-3496db931933 0.068s
2025-04-07 13:19:59.323 69690 INFO tempest.lib.common.rest_client [req-3007f1b4-8444-437a-9f15-e1048ca4f081 req-3007f1b4-8444-437a-9f15-e1048ca4f081 ] Request (ServersNegativeTestMultiTenantJSON:setUpClass): 200 GET http://10.180.1.21/compute/v2.1/servers/44572327-ae16-4af3-bd73-0b7951271cfd 0.117s
2025-04-07 13:19:59.427 69704 INFO tempest.lib.common.rest_client [req-31faa97a-75f3-4b73-9840-8ff33c9a2d8d req-31faa97a-75f3-4b73-9840-8ff33c9a2d8d ] Request (ServersAdminTestJSON:setUpClass): 200 GET http://10.180.1.21/compute/v2.1/servers/17c6ed86-c995-4238-84da-127353dd6ee0 0.069s
2025-04-07 13:19:59.496 69702 INFO tempest.lib.common.rest_client [req-8a3c523e-6d0f-48fe-8a70-46812890b6c3 req-8a3c523e-6d0f-48fe-8a70-46812890b6c3 ] Request (DeleteServersAdminTestJSON:test_delete_server_while_in_error_state): 200 GET http://10.180.1.21/compute/v2.1/servers/10244d94-b2bf-4144-b863-93c1b6365d9d 0.059s
2025-04-07 13:19:59.503 69698 INFO tempest.lib.common.rest_client [req-afe010cf-297d-47d1-9ce5-0fe8700d445a req-afe010cf-297d-47d1-9ce5-0fe8700d445a ] Request (MigrationsAdminTest:test_list_migrations_in_flavor_resize_situation): 200 GET http://10.180.1.21/compute/v2.1/servers/094f62b3-214b-4ea3-9cdf-8263b6a782d6 0.171s
2025-04-07 13:19:59.514 69698 INFO tempest.common.waiters [-] State transition "RESIZE/resize_migrating" ==> "RESIZE/resize_migrated" after 38 second wait
2025-04-07 13:19:59.530 69680 INFO tempest.lib.common.rest_client [req-2bea6a0a-4dab-4131-b523-706719231939 req-2bea6a0a-4dab-4131-b523-706719231939 ] Request (ImagesTestJSON:test_create_image_from_stopped_server): 200 GET http://10.180.1.21/compute/v2.1/images/6ea70070-9092-40a6-b45a-bcebaebe5978 0.084s
2025-04-07 13:19:59.558 69668 INFO tempest.lib.common.rest_client [req-efb14be5-04e0-4939-807b-10d6f5ddd755 req-efb14be5-04e0-4939-807b-10d6f5ddd755 ] Request (ServersTestBootFromVolume:setUpClass): 200 GET http://10.180.1.21/compute/v2.1/servers/ccdba8a3-76fe-4dd9-ab43-a529b6bc4836 0.062s
2025-04-07 13:19:59.653 69688 INFO tempest.lib.common.rest_client [req-26fbf71b-a0dc-4a50-9ddc-184e4dfcf292 req-26fbf71b-a0dc-4a50-9ddc-184e4dfcf292 ] Request (ServersV294TestFqdnHostnames:setUpClass): 200 GET http://10.180.1.21/compute/v2.1/servers/72099d69-bd34-4b3d-a940-2b9b6b5936dd 0.073s
2025-04-07 13:19:59.662 69720 INFO tempest.lib.common.rest_client [req-10119282-22d6-4d93-9590-84b59617029c req-10119282-22d6-4d93-9590-84b59617029c ] Request (ImagesOneServerNegativeTestJSON:_run_cleanups): 200 GET http://10.180.1.21/compute/v2.1/servers/e50dd159-2548-4976-885a-d7251e05cbb1 0.073s
2025-04-07 13:19:59.712 69710 INFO tempest.lib.common.rest_client [req-57fc9776-3545-484c-98b9-efd6447029d9 req-57fc9776-3545-484c-98b9-efd6447029d9 ] Request (ServerTagsTestJSON:setUpClass): 200 GET http://10.180.1.21/compute/v2.1/servers/459180b5-f12d-4fb1-95cd-fdeef4e746fc 0.061s
2025-04-07 13:19:59.730 69722 INFO tempest.lib.common.rest_client [req-4fa1d531-9a12-4052-8b30-54f81305c183 req-4fa1d531-9a12-4052-8b30-54f81305c183 ] Request (ServersListShow2100Test:test_list_show_rebuild_update_server_2100): 200 GET http://10.180.1.21/compute/v2.1/servers/d24fe5c5-bca0-4f1a-9997-fea677580719 0.075s
2025-04-07 13:19:59.773 69670 INFO tempest.lib.common.rest_client [req-376e73c3-ace5-41b8-ba9a-905f686c02ad req-376e73c3-ace5-41b8-ba9a-905f686c02ad ] Request (FloatingIPsAssociationNegativeTestJSON:tearDownClass): 200 GET http://10.180.1.21/compute/v2.1/servers/99885e00-62ad-421a-939a-8ec111ef5214 0.059s
2025-04-07 13:19:59.786 69726 INFO tempest.lib.common.rest_client [req-db16ad27-eef9-4f6b-9f7f-0e17e66c6eb6 req-db16ad27-eef9-4f6b-9f7f-0e17e66c6eb6 ] Request (ServersAdmin275Test:test_rebuild_update_server_275): 200 GET http://10.180.1.21/compute/v2.1/servers/be07e446-5846-437d-ba94-3597cad02145 0.055s
2025-04-07 13:19:59.805 69696 INFO tempest.lib.common.rest_client [req-a3932fb0-1ee2-49b5-a644-770c04ab56c1 req-a3932fb0-1ee2-49b5-a644-770c04ab56c1 ] Request (ListImageFiltersTestJSON:setUpClass): 200 GET http://10.180.1.21/compute/v2.1/images/07cf6db3-1d9d-4b73-be65-d897574c668e 0.062s
2025-04-07 13:19:59.866 69682 INFO tempest.lib.common.rest_client [req-1ab3a31d-1ab2-4e91-a6dc-8d98cd2dae11 req-1ab3a31d-1ab2-4e91-a6dc-8d98cd2dae11 ] Request (TenantUsagesTestJSON:tearDownClass): 200 GET http://10.180.1.21/compute/v2.1/servers/582e6f9d-78dd-4f57-b971-fa10a393720d 0.065s
2025-04-07 13:20:00.083 69672 INFO tempest.lib.common.rest_client [req-118ba2b4-d5b2-40ee-841f-b296c6152e71 req-118ba2b4-d5b2-40ee-841f-b296c6152e71 ] Request (ServersAaction247Test:test_create_backup): 200 GET http://10.180.1.21/compute/v2.1/servers/90af0e51-03a9-405c-b42f-8d8d5cb7e412 0.069s
2025-04-07 13:20:00.097 69686 INFO tempest.lib.common.rest_client [req-50ac11bd-f49d-4345-a3cc-b381a3c64d39 req-50ac11bd-f49d-4345-a3cc-b381a3c64d39 ] Request (FloatingIPsAssociationTestJSON:test_associate_already_associated_floating_ip): 200 GET http://10.180.1.21/compute/v2.1/servers/a2c4ba9c-89f7-42c4-b784-fc527e421c32 0.116s
2025-04-07 13:20:00.162 69708 INFO tempest.lib.common.rest_client [req-d88f7c4b-1607-42c7-adf7-2e9bd0638ef5 req-d88f7c4b-1607-42c7-adf7-2e9bd0638ef5 ] Request (AttachInterfacesV270Test:tearDownClass): 200 GET http://10.180.1.21/compute/v2.1/servers/1850df94-4631-446f-81e0-8feacc37086d 0.074s
2025-04-07 13:20:00.193 69716 INFO tempest.lib.common.rest_client [req-c7a530e4-d7e7-486e-9275-f379adbaac13 req-c7a530e4-d7e7-486e-9275-f379adbaac13 ] Request (ServersTestMultiNic:test_verify_multiple_nics_order): 200 GET http://10.180.1.21/compute/v2.1/servers/ecdc9d6f-7330-4c52-a94f-2cb7de2d3753 0.056s
2025-04-07 13:20:00.227 69694 INFO tempest.lib.common.rest_client [req-7afd4a8e-dd80-4903-b3bc-811906e7ecb4 req-7afd4a8e-dd80-4903-b3bc-811906e7ecb4 ] Request (AttachInterfacesUnderV243Test:test_add_remove_fixed_ip): 200 GET http://10.180.1.21/compute/v2.1/servers/c99fda1f-10fb-41aa-ad81-54c0f09ca10c 0.061s
2025-04-07 13:20:00.253 69728 INFO tempest.lib.common.rest_client [req-3cb76a6b-0c02-43a3-9851-d0dfa9cf5033 req-3cb76a6b-0c02-43a3-9851-d0dfa9cf5033 ] Request (ServerActionsTestOtherA:setUpClass): 200 GET http://10.180.1.21/compute/v2.1/servers/0cd708bf-51b9-4ca2-8e64-06aacc6c8125 0.053s
2025-04-07 13:20:00.309 69684 INFO tempest.lib.common.rest_client [req-3a41924c-5f2a-405f-9360-64d90d2bb4eb req-3a41924c-5f2a-405f-9360-64d90d2bb4eb ] Request (ServersAdminNegativeTestJSON:test_migrate_server_invalid_state): 200 GET http://10.180.1.21/compute/v2.1/servers/b1e59caf-ffdc-4f32-9c58-6470ad4da097 0.051s
2025-04-07 13:20:00.321 69714 INFO tempest.lib.common.rest_client [req-339b03be-b1cb-4bdd-8625-c5390de17243 req-339b03be-b1cb-4bdd-8625-c5390de17243 ] Request (ServerDiagnosticsV248Test:tearDownClass): 200 GET http://10.180.1.21/compute/v2.1/servers/bd174ab6-2669-48bd-8df8-f8595d39e61c 0.059s
2025-04-07 13:20:00.386 69690 INFO tempest.lib.common.rest_client [req-465fd099-3482-44cc-8572-0f78d3cc7795 req-465fd099-3482-44cc-8572-0f78d3cc7795 ] Request (ServersNegativeTestMultiTenantJSON:setUpClass): 200 GET http://10.180.1.21/compute/v2.1/servers/44572327-ae16-4af3-bd73-0b7951271cfd 0.051s
2025-04-07 13:20:00.388 69718 INFO tempest.lib.common.rest_client [req-443958f3-2cb3-4d5a-93dc-8e47ebc11d59 req-443958f3-2cb3-4d5a-93dc-8e47ebc11d59 ] Request (ServerShowV247Test:test_update_rebuild_list_server): 200 GET http://10.180.1.21/compute/v2.1/servers/69df2326-c132-43db-995d-3496db931933 0.055s
2025-04-07 13:20:00.409 69712 WARNING tempest.lib.common.ssh [-] Failed to establish authenticated ssh connection to cirros@10.180.180.246 ([Errno None] Unable to connect to port 22 on 10.180.180.246). Number attempts: 5. Retry after 6 seconds.: paramiko.ssh_exception.NoValidConnectionsError: [Errno None] Unable to connect to port 22 on 10.180.180.246
2025-04-07 13:20:00.494 69704 INFO tempest.lib.common.rest_client [req-256d79bb-8555-4007-b649-57aeef3ac845 req-256d79bb-8555-4007-b649-57aeef3ac845 ] Request (ServersAdminTestJSON:setUpClass): 200 GET http://10.180.1.21/compute/v2.1/servers/17c6ed86-c995-4238-84da-127353dd6ee0 0.056s
2025-04-07 13:20:00.559 69702 INFO tempest.lib.common.rest_client [req-35ef4c41-00e1-4206-b198-264640d7ec9b req-35ef4c41-00e1-4206-b198-264640d7ec9b ] Request (DeleteServersAdminTestJSON:test_delete_server_while_in_error_state): 200 GET http://10.180.1.21/compute/v2.1/servers/10244d94-b2bf-4144-b863-93c1b6365d9d 0.051s
2025-04-07 13:20:00.591 69680 INFO tempest.lib.common.rest_client [req-656b5169-8525-407a-b38d-087c399f9347 req-656b5169-8525-407a-b38d-087c399f9347 ] Request (ImagesTestJSON:test_create_image_from_stopped_server): 200 GET http://10.180.1.21/compute/v2.1/images/6ea70070-9092-40a6-b45a-bcebaebe5978 0.057s
2025-04-07 13:20:00.603 69698 INFO tempest.lib.common.rest_client [req-8563ffed-472d-4e70-bc4c-c473b9ecfed0 req-8563ffed-472d-4e70-bc4c-c473b9ecfed0 ] Request (MigrationsAdminTest:test_list_migrations_in_flavor_resize_situation): 200 GET http://10.180.1.21/compute/v2.1/servers/094f62b3-214b-4ea3-9cdf-8263b6a782d6 0.088s
2025-04-07 13:20:00.638 69668 INFO tempest.lib.common.rest_client [req-f8c4ba44-9746-4f50-8d0a-99e741c0612e req-f8c4ba44-9746-4f50-8d0a-99e741c0612e ] Request (ServersTestBootFromVolume:setUpClass): 200 GET http://10.180.1.21/compute/v2.1/servers/ccdba8a3-76fe-4dd9-ab43-a529b6bc4836 0.069s
2025-04-07 13:20:00.726 69688 INFO tempest.lib.common.rest_client [req-344bffd8-936b-4430-adfc-334cd55d09a8 req-344bffd8-936b-4430-adfc-334cd55d09a8 ] Request (ServersV294TestFqdnHostnames:setUpClass): 200 GET http://10.180.1.21/compute/v2.1/servers/72099d69-bd34-4b3d-a940-2b9b6b5936dd 0.054s
2025-04-07 13:20:00.729 69720 INFO tempest.lib.common.rest_client [req-0b5f826e-fead-41de-819d-986b9580c20e req-0b5f826e-fead-41de-819d-986b9580c20e ] Request (ImagesOneServerNegativeTestJSON:_run_cleanups): 200 GET http://10.180.1.21/compute/v2.1/servers/e50dd159-2548-4976-885a-d7251e05cbb1 0.054s
2025-04-07 13:20:00.772 69710 INFO tempest.lib.common.rest_client [req-4c387722-41c1-4e4d-8227-a6d9159dcedf req-4c387722-41c1-4e4d-8227-a6d9159dcedf ] Request (ServerTagsTestJSON:setUpClass): 200 GET http://10.180.1.21/compute/v2.1/servers/459180b5-f12d-4fb1-95cd-fdeef4e746fc 0.051s
2025-04-07 13:20:00.827 69722 INFO tempest.lib.common.rest_client [req-fa80372b-5e0c-4646-a5cb-becf77cf4117 req-fa80372b-5e0c-4646-a5cb-becf77cf4117 ] Request (ServersListShow2100Test:test_list_show_rebuild_update_server_2100): 200 GET http://10.180.1.21/compute/v2.1/servers/d24fe5c5-bca0-4f1a-9997-fea677580719 0.083s
2025-04-07 13:20:00.841 69722 INFO tempest.common.waiters [-] State transition "REBUILD/rebuilding" ==> "REBUILD/rebuild_spawning" after 3 second wait
2025-04-07 13:20:00.844 69670 INFO tempest.lib.common.rest_client [req-7e082e08-64b4-4cf6-838d-570c02de7beb req-7e082e08-64b4-4cf6-838d-570c02de7beb ] Request (FloatingIPsAssociationNegativeTestJSON:tearDownClass): 200 GET http://10.180.1.21/compute/v2.1/servers/99885e00-62ad-421a-939a-8ec111ef5214 0.063s
2025-04-07 13:20:00.874 69696 INFO tempest.lib.common.rest_client [req-8d153a30-4b24-4ffc-91cd-afe384f0d1d1 req-8d153a30-4b24-4ffc-91cd-afe384f0d1d1 ] Request (ListImageFiltersTestJSON:setUpClass): 200 GET http://10.180.1.21/compute/v2.1/images/07cf6db3-1d9d-4b73-be65-d897574c668e 0.063s
2025-04-07 13:20:00.887 69726 INFO tempest.lib.common.rest_client [req-e07e5c6b-3866-4ec6-a31f-2b7cb2ac3e82 req-e07e5c6b-3866-4ec6-a31f-2b7cb2ac3e82 ] Request (ServersAdmin275Test:test_rebuild_update_server_275): 200 GET http://10.180.1.21/compute/v2.1/servers/be07e446-5846-437d-ba94-3597cad02145 0.090s
2025-04-07 13:20:00.932 69682 INFO tempest.lib.common.rest_client [req-2d476ec5-d488-41f6-901d-6f4e38b7534b req-2d476ec5-d488-41f6-901d-6f4e38b7534b ] Request (TenantUsagesTestJSON:tearDownClass): 200 GET http://10.180.1.21/compute/v2.1/servers/582e6f9d-78dd-4f57-b971-fa10a393720d 0.059s
2025-04-07 13:20:01.151 69672 INFO tempest.lib.common.rest_client [req-5ad7215c-ece5-49e8-be0f-16030279de60 req-5ad7215c-ece5-49e8-be0f-16030279de60 ] Request (ServersAaction247Test:test_create_backup): 200 GET http://10.180.1.21/compute/v2.1/servers/90af0e51-03a9-405c-b42f-8d8d5cb7e412 0.056s
2025-04-07 13:20:01.195 69708 INFO tempest.lib.common.rest_client [req-dc3bd2c9-b81b-416e-bb23-bf2d74e05d69 req-dc3bd2c9-b81b-416e-bb23-bf2d74e05d69 ] Request (AttachInterfacesV270Test:tearDownClass): 404 GET http://10.180.1.21/compute/v2.1/servers/1850df94-4631-446f-81e0-8feacc37086d 0.023s
2025-04-07 13:20:01.210 69686 INFO tempest.lib.common.rest_client [req-c438cce2-ae89-4a1b-a858-bd599a11afd4 req-c438cce2-ae89-4a1b-a858-bd599a11afd4 ] Request (FloatingIPsAssociationTestJSON:test_associate_already_associated_floating_ip): 200 GET http://10.180.1.21/compute/v2.1/servers/a2c4ba9c-89f7-42c4-b784-fc527e421c32 0.104s
2025-04-07 13:20:01.270 69716 INFO tempest.lib.common.rest_client [req-c6924dda-4cb8-48e9-a77c-58664cc68f50 req-c6924dda-4cb8-48e9-a77c-58664cc68f50 ] Request (ServersTestMultiNic:test_verify_multiple_nics_order): 200 GET http://10.180.1.21/compute/v2.1/servers/ecdc9d6f-7330-4c52-a94f-2cb7de2d3753 0.068s
2025-04-07 13:20:01.293 69694 INFO tempest.lib.common.rest_client [req-6e552150-f32d-44b8-aa27-2e2b2672e8c5 req-6e552150-f32d-44b8-aa27-2e2b2672e8c5 ] Request (AttachInterfacesUnderV243Test:test_add_remove_fixed_ip): 200 GET http://10.180.1.21/compute/v2.1/servers/c99fda1f-10fb-41aa-ad81-54c0f09ca10c 0.058s
2025-04-07 13:20:01.324 69728 INFO tempest.lib.common.rest_client [req-07528d7d-3275-4e49-ba2d-8d3cbae3bfc1 req-07528d7d-3275-4e49-ba2d-8d3cbae3bfc1 ] Request (ServerActionsTestOtherA:setUpClass): 200 GET http://10.180.1.21/compute/v2.1/servers/0cd708bf-51b9-4ca2-8e64-06aacc6c8125 0.062s
2025-04-07 13:20:01.373 69684 INFO tempest.lib.common.rest_client [req-0b394cb1-e709-4c98-a9f8-92caba5b4a6a req-0b394cb1-e709-4c98-a9f8-92caba5b4a6a ] Request (ServersAdminNegativeTestJSON:test_migrate_server_invalid_state): 200 GET http://10.180.1.21/compute/v2.1/servers/b1e59caf-ffdc-4f32-9c58-6470ad4da097 0.053s
2025-04-07 13:20:01.404 69714 INFO tempest.lib.common.rest_client [req-f789145a-4df0-4a5e-a543-51374e7aa9dd req-f789145a-4df0-4a5e-a543-51374e7aa9dd ] Request (ServerDiagnosticsV248Test:tearDownClass): 200 GET http://10.180.1.21/compute/v2.1/servers/bd174ab6-2669-48bd-8df8-f8595d39e61c 0.072s
2025-04-07 13:20:01.430 69706 WARNING tempest.lib.common.ssh [-] Failed to establish authenticated ssh connection to cirros@10.180.180.163 ([Errno None] Unable to connect to port 22 on 10.180.180.163). Number attempts: 3. Retry after 4 seconds.: paramiko.ssh_exception.NoValidConnectionsError: [Errno None] Unable to connect to port 22 on 10.180.180.163
2025-04-07 13:20:01.454 69690 INFO tempest.lib.common.rest_client [req-69183774-d79e-4be1-b022-f94720704f38 req-69183774-d79e-4be1-b022-f94720704f38 ] Request (ServersNegativeTestMultiTenantJSON:setUpClass): 200 GET http://10.180.1.21/compute/v2.1/servers/44572327-ae16-4af3-bd73-0b7951271cfd 0.059s
2025-04-07 13:20:01.466 69718 INFO tempest.lib.common.rest_client [req-6ae5980a-e96b-4e7c-857d-b47548e8d200 req-6ae5980a-e96b-4e7c-857d-b47548e8d200 ] Request (ServerShowV247Test:test_update_rebuild_list_server): 200 GET http://10.180.1.21/compute/v2.1/servers/69df2326-c132-43db-995d-3496db931933 0.068s
2025-04-07 13:20:01.551 69704 INFO tempest.lib.common.rest_client [req-cf024814-98ec-4042-89bb-7f5f9bcd3d79 req-cf024814-98ec-4042-89bb-7f5f9bcd3d79 ] Request (ServersAdminTestJSON:setUpClass): 200 GET http://10.180.1.21/compute/v2.1/servers/17c6ed86-c995-4238-84da-127353dd6ee0 0.050s
2025-04-07 13:20:01.622 69702 INFO tempest.lib.common.rest_client [req-b50be4bd-1d5f-43bc-a60b-abe8e534295e req-b50be4bd-1d5f-43bc-a60b-abe8e534295e ] Request (DeleteServersAdminTestJSON:test_delete_server_while_in_error_state): 200 GET http://10.180.1.21/compute/v2.1/servers/10244d94-b2bf-4144-b863-93c1b6365d9d 0.053s
2025-04-07 13:20:01.628 69680 INFO tempest.lib.common.rest_client [req-f8c25a2c-501e-4dd3-87b3-8e73a5e61c3f req-f8c25a2c-501e-4dd3-87b3-8e73a5e61c3f ] Request (ImagesTestJSON:test_create_image_from_stopped_server): 200 GET http://10.180.1.21/compute/v2.1/images/6ea70070-9092-40a6-b45a-bcebaebe5978 0.033s
2025-04-07 13:20:01.695 69668 INFO tempest.lib.common.rest_client [req-71bd2685-a817-4628-8666-c38b6e6df656 req-71bd2685-a817-4628-8666-c38b6e6df656 ] Request (ServersTestBootFromVolume:setUpClass): 200 GET http://10.180.1.21/compute/v2.1/servers/ccdba8a3-76fe-4dd9-ab43-a529b6bc4836 0.048s
2025-04-07 13:20:01.735 69698 INFO tempest.lib.common.rest_client [req-dbbd2f94-aa62-4ad3-b2dc-8670e6750a83 req-dbbd2f94-aa62-4ad3-b2dc-8670e6750a83 ] Request (MigrationsAdminTest:test_list_migrations_in_flavor_resize_situation): 200 GET http://10.180.1.21/compute/v2.1/servers/094f62b3-214b-4ea3-9cdf-8263b6a782d6 0.123s
2025-04-07 13:20:01.800 69688 INFO tempest.lib.common.rest_client [req-6569e3c8-5d21-4d8e-83f9-9e532befb77d req-6569e3c8-5d21-4d8e-83f9-9e532befb77d ] Request (ServersV294TestFqdnHostnames:setUpClass): 200 GET http://10.180.1.21/compute/v2.1/servers/72099d69-bd34-4b3d-a940-2b9b6b5936dd 0.065s
2025-04-07 13:20:01.865 69710 INFO tempest.lib.common.rest_client [req-42d3cb87-73c5-42b5-9cc5-bdce7f22776c req-42d3cb87-73c5-42b5-9cc5-bdce7f22776c ] Request (ServerTagsTestJSON:setUpClass): 200 GET http://10.180.1.21/compute/v2.1/servers/459180b5-f12d-4fb1-95cd-fdeef4e746fc 0.084s
2025-04-07 13:20:01.930 69722 INFO tempest.lib.common.rest_client [req-502cd9d7-1683-48a9-86a8-e3dad1e64a91 req-502cd9d7-1683-48a9-86a8-e3dad1e64a91 ] Request (ServersListShow2100Test:test_list_show_rebuild_update_server_2100): 200 GET http://10.180.1.21/compute/v2.1/servers/d24fe5c5-bca0-4f1a-9997-fea677580719 0.088s
2025-04-07 13:20:01.942 69678 WARNING tempest.lib.common.ssh [-] Failed to establish authenticated ssh connection to cirros@10.180.180.252 ([Errno None] Unable to connect to port 22 on 10.180.180.252). Number attempts: 5. Retry after 6 seconds.: paramiko.ssh_exception.NoValidConnectionsError: [Errno None] Unable to connect to port 22 on 10.180.180.252
2025-04-07 13:20:01.992 69670 INFO tempest.lib.common.rest_client [req-4cdb438b-c9a7-4458-9dec-b8dc129ff6e9 req-4cdb438b-c9a7-4458-9dec-b8dc129ff6e9 ] Request (FloatingIPsAssociationNegativeTestJSON:tearDownClass): 200 GET http://10.180.1.21/compute/v2.1/servers/99885e00-62ad-421a-939a-8ec111ef5214 0.140s
2025-04-07 13:20:02.024 69696 INFO tempest.lib.common.rest_client [req-74952469-32ba-4209-9237-a01c6ae4a9cf req-74952469-32ba-4209-9237-a01c6ae4a9cf ] Request (ListImageFiltersTestJSON:setUpClass): 200 GET http://10.180.1.21/compute/v2.1/images/07cf6db3-1d9d-4b73-be65-d897574c668e 0.147s
2025-04-07 13:20:02.054 69720 INFO tempest.lib.common.rest_client [req-e97e1713-e563-45c9-9adc-2afa5f78e78f req-e97e1713-e563-45c9-9adc-2afa5f78e78f ] Request (ImagesOneServerNegativeTestJSON:_run_cleanups): 200 GET http://10.180.1.21/compute/v2.1/servers/e50dd159-2548-4976-885a-d7251e05cbb1 0.312s
2025-04-07 13:20:02.092 69726 INFO tempest.lib.common.rest_client [req-dd8961a8-2076-4b73-a6c1-0d7686c88c35 req-dd8961a8-2076-4b73-a6c1-0d7686c88c35 ] Request (ServersAdmin275Test:test_rebuild_update_server_275): 200 GET http://10.180.1.21/compute/v2.1/servers/be07e446-5846-437d-ba94-3597cad02145 0.195s
2025-04-07 13:20:02.143 69682 INFO tempest.lib.common.rest_client [req-c18245bc-ca9f-4aa9-8112-3c21cc779c94 req-c18245bc-ca9f-4aa9-8112-3c21cc779c94 ] Request (TenantUsagesTestJSON:tearDownClass): 200 GET http://10.180.1.21/compute/v2.1/servers/582e6f9d-78dd-4f57-b971-fa10a393720d 0.203s
2025-04-07 13:20:02.217 69672 INFO tempest.lib.common.rest_client [req-0d300a6d-c942-475e-81c5-31a461368406 req-0d300a6d-c942-475e-81c5-31a461368406 ] Request (ServersAaction247Test:test_create_backup): 200 GET http://10.180.1.21/compute/v2.1/servers/90af0e51-03a9-405c-b42f-8d8d5cb7e412 0.057s
2025-04-07 13:20:02.363 69716 INFO tempest.lib.common.rest_client [req-591e8a87-a18c-4e55-85b9-812066260125 req-591e8a87-a18c-4e55-85b9-812066260125 ] Request (ServersTestMultiNic:test_verify_multiple_nics_order): 200 GET http://10.180.1.21/compute/v2.1/servers/ecdc9d6f-7330-4c52-a94f-2cb7de2d3753 0.073s
2025-04-07 13:20:02.420 69694 INFO tempest.lib.common.rest_client [req-e6676e34-e43f-4fd2-bbb0-acc0631d4ad2 req-e6676e34-e43f-4fd2-bbb0-acc0631d4ad2 ] Request (AttachInterfacesUnderV243Test:test_add_remove_fixed_ip): 200 GET http://10.180.1.21/compute/v2.1/servers/c99fda1f-10fb-41aa-ad81-54c0f09ca10c 0.117s
2025-04-07 13:20:02.460 69686 INFO tempest.lib.common.rest_client [req-0425e79e-b25c-4f79-bd0f-5a6c1fc6a09f req-0425e79e-b25c-4f79-bd0f-5a6c1fc6a09f ] Request (FloatingIPsAssociationTestJSON:test_associate_already_associated_floating_ip): 200 GET http://10.180.1.21/compute/v2.1/servers/a2c4ba9c-89f7-42c4-b784-fc527e421c32 0.237s
2025-04-07 13:20:02.477 69728 INFO tempest.lib.common.rest_client [req-d07601ea-a08e-4d24-b476-1dbb58b570c0 req-d07601ea-a08e-4d24-b476-1dbb58b570c0 ] Request (ServerActionsTestOtherA:setUpClass): 200 GET http://10.180.1.21/compute/v2.1/servers/0cd708bf-51b9-4ca2-8e64-06aacc6c8125 0.139s
2025-04-07 13:20:02.558 69684 INFO tempest.lib.common.rest_client [req-d5d7e787-4780-4ee3-831e-14e771a56a9f req-d5d7e787-4780-4ee3-831e-14e771a56a9f ] Request (ServersAdminNegativeTestJSON:test_migrate_server_invalid_state): 200 GET http://10.180.1.21/compute/v2.1/servers/b1e59caf-ffdc-4f32-9c58-6470ad4da097 0.175s
2025-04-07 13:20:02.568 69708 INFO tempest.lib.common.rest_client [req-8db873ae-3693-4565-8e53-ffd9e378b649 req-8db873ae-3693-4565-8e53-ffd9e378b649 ] Request (AttachInterfacesV270Test:tearDownClass): 200 PUT http://10.180.1.21:9696/networking/v2.0/routers/bb977969-8c00-4885-a0b0-317211ca4086/remove_router_interface 1.373s
2025-04-07 13:20:02.580 69714 INFO tempest.lib.common.rest_client [req-4afe15e6-3c45-414e-a71f-efc28b8d6129 req-4afe15e6-3c45-414e-a71f-efc28b8d6129 ] Request (ServerDiagnosticsV248Test:tearDownClass): 200 GET http://10.180.1.21/compute/v2.1/servers/bd174ab6-2669-48bd-8df8-f8595d39e61c 0.159s
2025-04-07 13:20:02.647 69690 INFO tempest.lib.common.rest_client [req-d47cc767-89b8-4328-895c-edc59add73e9 req-d47cc767-89b8-4328-895c-edc59add73e9 ] Request (ServersNegativeTestMultiTenantJSON:setUpClass): 200 GET http://10.180.1.21/compute/v2.1/servers/44572327-ae16-4af3-bd73-0b7951271cfd 0.185s
2025-04-07 13:20:02.682 69718 INFO tempest.lib.common.rest_client [req-67c0c91a-6dae-47db-8c06-afaa49c328f3 req-67c0c91a-6dae-47db-8c06-afaa49c328f3 ] Request (ServerShowV247Test:test_update_rebuild_list_server): 200 GET http://10.180.1.21/compute/v2.1/servers/69df2326-c132-43db-995d-3496db931933 0.204s
2025-04-07 13:20:02.725 69704 INFO tempest.lib.common.rest_client [req-3545c104-2c9b-4419-a3c8-40fbae8fa40b req-3545c104-2c9b-4419-a3c8-40fbae8fa40b ] Request (ServersAdminTestJSON:setUpClass): 200 GET http://10.180.1.21/compute/v2.1/servers/17c6ed86-c995-4238-84da-127353dd6ee0 0.165s
2025-04-07 13:20:02.766 69702 INFO tempest.lib.common.rest_client [req-3b778524-05c0-499a-8ee6-012a94d0ada1 req-3b778524-05c0-499a-8ee6-012a94d0ada1 ] Request (DeleteServersAdminTestJSON:test_delete_server_while_in_error_state): 200 GET http://10.180.1.21/compute/v2.1/servers/10244d94-b2bf-4144-b863-93c1b6365d9d 0.136s
