2025-04-07 15:22:23.947 69401 INFO tempest.lib.common.rest_client [req-62ed7255-76f8-42c8-9eef-f5eefa4adc7c req-62ed7255-76f8-42c8-9eef-f5eefa4adc7c ] Request (ServerShowV247Test:tearDownClass): 200 GET http://10.180.1.21/compute/v2.1/servers/8a0e55c4-24ee-4902-929b-e7edbd3823a6 0.097s
2025-04-07 15:22:23.954 69348 INFO tempest.lib.common.rest_client [req-4bc71860-4a33-4ca8-b395-36289b692681 req-4bc71860-4a33-4ca8-b395-36289b692681 ] Request (ServersAdmin275Test:test_rebuild_update_server_275): 200 GET http://10.180.1.21/compute/v2.1/servers/78d28055-b6b7-45c2-ad49-e68160a12da4 0.062s
2025-04-07 15:22:24.001 69370 INFO tempest.lib.common.rest_client [req-bd24d016-abc7-4b1c-9d97-54a06ac467d3 req-bd24d016-abc7-4b1c-9d97-54a06ac467d3 ] Request (DeleteServersAdminTestJSON:test_delete_server_while_in_error_state): 200 GET http://10.180.1.21/compute/v2.1/servers/d1e017ee-4287-46de-8843-13352193277d 0.097s
2025-04-07 15:22:24.018 69358 INFO tempest.lib.common.rest_client [req-6457eb55-8acc-43a8-b484-49f973730b90 req-6457eb55-8acc-43a8-b484-49f973730b90 ] Request (ServerActionsV293TestJSON:setUpClass): 200 GET http://10.180.1.21/compute/v2.1/servers/f2687157-e2d3-40cd-9ad0-18ba6f4b6f42 0.053s
2025-04-07 15:22:24.198 69396 INFO tempest.lib.common.rest_client [req-fbee234c-8f70-487f-9876-845a28b20aee req-fbee234c-8f70-487f-9876-845a28b20aee ] Request (TenantUsagesTestJSON:tearDownClass): 200 GET http://10.180.1.21/compute/v2.1/servers/096a9a75-f720-4d8b-8af7-7b5c8162a2af 0.063s
2025-04-07 15:22:24.233 69372 INFO tempest.lib.common.rest_client [req-0e36ac4a-5a2a-4549-87b7-a1ce9abb09b7 req-0e36ac4a-5a2a-4549-87b7-a1ce9abb09b7 ] Request (ServerDiagnosticsNegativeTest:tearDownClass): 200 GET http://10.180.1.21/compute/v2.1/servers/598ca892-b5b8-4405-8706-a671a0d8a2c3 0.109s
2025-04-07 15:22:24.255 69342 INFO tempest.lib.common.rest_client [req-ceaa7a1d-13c9-443c-bf2a-221d41045ac7 req-ceaa7a1d-13c9-443c-bf2a-221d41045ac7 ] Request (ServersV294TestFqdnHostnames:setUpClass): 200 GET http://10.180.1.21/compute/v2.1/servers/347727d2-51b4-4bb1-9eae-c566043ebff2 0.052s
2025-04-07 15:22:24.285 69382 INFO tempest.lib.common.rest_client [req-af9f08bd-0801-44c9-8145-97c158fe0f74 req-af9f08bd-0801-44c9-8145-97c158fe0f74 ] Request (SecurityGroupsTestJSON:test_server_security_groups): 200 GET http://10.180.1.21/compute/v2.1/servers/62c0dc01-8a67-4ba7-81ae-58024f6e0dd2 0.046s
2025-04-07 15:22:24.327 69350 INFO tempest.lib.common.rest_client [req-ebbf3ded-72f5-4000-bb93-e22c7e091cbb req-ebbf3ded-72f5-4000-bb93-e22c7e091cbb ] Request (MigrationsAdminTest:test_resize_server_revert_deleted_flavor): 200 GET http://10.180.1.21/compute/v2.1/servers/4d342731-a6b0-485f-acd0-9fd0bb8db6d9 0.044s
2025-04-07 15:22:24.399 69386 INFO tempest.lib.common.rest_client [req-22f1cd4d-5607-4981-9478-f14298102124 req-22f1cd4d-5607-4981-9478-f14298102124 ] Request (AttachVolumeNegativeTest:test_attach_attached_volume_to_different_server): 200 GET http://10.180.1.21/compute/v2.1/servers/21657f16-a790-4a08-8542-be77c2663dd3 0.051s
2025-04-07 15:22:24.481 69368 INFO tempest.lib.common.rest_client [req-669e2c53-4ea8-4e67-aa41-d77f65e0e2fc req-669e2c53-4ea8-4e67-aa41-d77f65e0e2fc ] Request (ImagesOneServerNegativeTestJSON:_run_cleanups): 200 GET http://10.180.1.21/compute/v2.1/servers/19b037df-29ea-4eda-910a-4a63de989d56 0.059s
2025-04-07 15:22:24.483 69360 INFO tempest.lib.common.rest_client [req-1b4018bf-3a9f-4958-b793-414eec5fcacc req-1b4018bf-3a9f-4958-b793-414eec5fcacc ] Request (ImagesTestJSON:test_create_image_from_stopped_server): 200 GET http://10.180.1.21/compute/v2.1/servers/fc69d818-c20d-44bc-beb7-abc311f7a88b 0.063s
2025-04-07 15:22:24.536 69388 INFO tempest.lib.common.rest_client [req-93a4755a-3ede-434d-90ae-dabaff154a8b req-93a4755a-3ede-434d-90ae-dabaff154a8b ] Request (AttachVolumeTestJSON:test_attach_detach_volume): 200 GET http://10.180.1.21/compute/v2.1/servers/2b819ac7-b7a4-4fef-beed-7bb48ef2609a 0.064s
2025-04-07 15:22:24.551 69388 INFO tempest.common.waiters [-] State transition "BUILD/scheduling" ==> "BUILD/None" after 34 second wait
2025-04-07 15:22:24.561 69392 INFO tempest.lib.common.rest_client [req-5efe0633-ac47-40e6-8739-72f05b24ee5d req-5efe0633-ac47-40e6-8739-72f05b24ee5d ] Request (FloatingIPsAssociationTestJSON:setUpClass): 200 GET http://10.180.1.21/compute/v2.1/servers/f2dbd19d-f34a-41c5-ba79-c57fe89ca8f4 0.073s
2025-04-07 15:22:24.607 69374 INFO tempest.lib.common.rest_client [req-00cbe13c-b5e8-40ad-b90f-69b52aeeade6 req-00cbe13c-b5e8-40ad-b90f-69b52aeeade6 ] Request (MultipleCreateTestJSON:test_multiple_create): 200 GET http://10.180.1.21/compute/v2.1/servers/11ce291b-4b29-4b8e-8628-dfd110846a4b 0.086s
2025-04-07 15:22:24.792 69398 INFO tempest.lib.common.rest_client [req-6d42933b-65b8-42e9-a155-5b7a9ce684f7 req-6d42933b-65b8-42e9-a155-5b7a9ce684f7 ] Request (AttachInterfacesV270Test:test_create_get_list_interfaces): 200 GET http://10.180.1.21/compute/v2.1/servers/87b447a2-8eae-4bd9-9e81-ccd702295dc9 0.123s
2025-04-07 15:22:24.802 69398 INFO tempest.common.waiters [-] State transition "BUILD/block_device_mapping" ==> "BUILD/spawning" after 61 second wait
2025-04-07 15:22:24.821 69366 INFO tempest.lib.common.rest_client [req-76084614-eae4-48f1-8ec2-a2cdad94e302 req-76084614-eae4-48f1-8ec2-a2cdad94e302 ] Request (ServersAdminNegativeTestJSON:test_migrate_server_invalid_state): 200 GET http://10.180.1.21/compute/v2.1/servers/9ffa0bc5-d1f1-4cf9-a9d7-93c63110e125 0.145s
2025-04-07 15:22:24.829 69366 INFO tempest.common.waiters [-] State transition "BUILD/spawning" ==> "ACTIVE/None" after 65 second wait
2025-04-07 15:22:24.836 69384 INFO tempest.lib.common.rest_client [req-8d5136f3-b9da-47a1-b6a2-e45b16db438e req-8d5136f3-b9da-47a1-b6a2-e45b16db438e ] Request (ServerActionsTestOtherB:setUpClass): 200 GET http://10.180.1.21/compute/v2.1/servers/4e37e840-c406-495d-aa68-055a59f23305 0.121s
2025-04-07 15:22:24.874 69362 INFO tempest.lib.common.rest_client [req-62fc3c89-2740-4e23-a609-ff2f29d7402f req-62fc3c89-2740-4e23-a609-ff2f29d7402f ] Request (ServersAdminTestJSON:test_create_server_with_scheduling_hint): 200 GET http://10.180.1.21/compute/v2.1/servers/0a572fd9-368c-412f-8cdc-d30d32390ea2 0.112s
2025-04-07 15:22:24.887 69356 INFO tempest.lib.common.rest_client [req-a3b00ee8-984e-4d70-9cd1-8f9ee99ecb06 req-a3b00ee8-984e-4d70-9cd1-8f9ee99ecb06 ] Request (ServerAddressesTestJSON:tearDownClass): 200 GET http://10.180.1.21/compute/v2.1/servers/aa9c3fd9-d5b7-4bd9-89bf-6410461ed3c5 0.105s
2025-04-07 15:22:24.926 69340 WARNING tempest.lib.common.ssh [-] Failed to establish authenticated ssh connection to cirros@10.180.180.179 ([Errno None] Unable to connect to port 22 on 10.180.180.179). Number attempts: 5. Retry after 6 seconds.: paramiko.ssh_exception.NoValidConnectionsError: [Errno None] Unable to connect to port 22 on 10.180.180.179
2025-04-07 15:22:24.936 69338 INFO tempest.lib.common.rest_client [req-57de4a4f-d566-443f-93d1-63999f33d740 req-57de4a4f-d566-443f-93d1-63999f33d740 ] Request (ServerDiskConfigTestJSON:test_rebuild_server_with_manual_disk_config): 200 GET http://10.180.1.21/compute/v2.1/servers/31c8ee4f-5063-4ad9-9858-489c4542df7f 0.104s
2025-04-07 15:22:24.980 69366 INFO tempest.lib.common.rest_client [req-5cfd0ca7-8f6f-43a8-9e69-b07a24b8f69d req-5cfd0ca7-8f6f-43a8-9e69-b07a24b8f69d ] Request (ServersAdminNegativeTestJSON:test_migrate_server_invalid_state): 202 POST http://10.180.1.21/compute/v2.1/servers/9ffa0bc5-d1f1-4cf9-a9d7-93c63110e125/action 0.150s
2025-04-07 15:22:25.004 69378 INFO tempest.lib.common.rest_client [req-042a1241-ebd4-4306-a110-7257152e2a16 req-042a1241-ebd4-4306-a110-7257152e2a16 ] Request (ServersListShow2100Test:tearDownClass): 200 GET http://10.180.1.21/compute/v2.1/servers/8c2456ab-7031-460c-aeb3-a59ee1a42af6 0.108s
2025-04-07 15:22:25.036 69380 INFO tempest.lib.common.rest_client [req-b256ee74-4caa-4755-bb54-a9ab297f6c75 req-b256ee74-4caa-4755-bb54-a9ab297f6c75 ] Request (ListImageFiltersTestJSON:tearDownClass): 200 GET http://10.180.1.21/compute/v2.1/servers/2b5ef9e5-d40a-40de-943e-153fcc0d5f54 0.137s
2025-04-07 15:22:25.062 69401 INFO tempest.lib.common.rest_client [req-dd733dfa-8176-40cf-a6fb-602b5053b20f req-dd733dfa-8176-40cf-a6fb-602b5053b20f ] Request (ServerShowV247Test:tearDownClass): 200 GET http://10.180.1.21/compute/v2.1/servers/8a0e55c4-24ee-4902-929b-e7edbd3823a6 0.105s
2025-04-07 15:22:25.090 69348 INFO tempest.lib.common.rest_client [req-be89fbcc-52a3-4cf1-b4d1-dfa39bc47255 req-be89fbcc-52a3-4cf1-b4d1-dfa39bc47255 ] Request (ServersAdmin275Test:test_rebuild_update_server_275): 200 GET http://10.180.1.21/compute/v2.1/servers/78d28055-b6b7-45c2-ad49-e68160a12da4 0.122s
2025-04-07 15:22:25.100 69348 INFO tempest.common.waiters [-] State transition "REBUILD/rebuild_spawning" ==> "ACTIVE/None" after 10 second wait
2025-04-07 15:22:25.151 69370 INFO tempest.lib.common.rest_client [req-fb3760f0-da9e-4e5f-8fd1-eaffe31e13e1 req-fb3760f0-da9e-4e5f-8fd1-eaffe31e13e1 ] Request (DeleteServersAdminTestJSON:test_delete_server_while_in_error_state): 200 GET http://10.180.1.21/compute/v2.1/servers/d1e017ee-4287-46de-8843-13352193277d 0.142s
2025-04-07 15:22:25.201 69358 INFO tempest.lib.common.rest_client [req-7dce3064-513a-4fce-a2bd-3f381beadfce req-7dce3064-513a-4fce-a2bd-3f381beadfce ] Request (ServerActionsV293TestJSON:setUpClass): 200 GET http://10.180.1.21/compute/v2.1/servers/f2687157-e2d3-40cd-9ad0-18ba6f4b6f42 0.173s
2025-04-07 15:22:25.289 69366 INFO tempest.lib.common.rest_client [req-f1fcba09-a639-4686-8e99-c44da6082f5e req-f1fcba09-a639-4686-8e99-c44da6082f5e ] Request (ServersAdminNegativeTestJSON:test_migrate_server_invalid_state): 200 GET http://10.180.1.21/compute/v2.1/servers/9ffa0bc5-d1f1-4cf9-a9d7-93c63110e125 0.308s
2025-04-07 15:22:25.310 69344 WARNING tempest.lib.common.ssh [-] Failed to establish authenticated ssh connection to cirros@10.180.180.151 ([Errno None] Unable to connect to port 22 on 10.180.180.151). Number attempts: 4. Retry after 5 seconds.: paramiko.ssh_exception.NoValidConnectionsError: [Errno None] Unable to connect to port 22 on 10.180.180.151
2025-04-07 15:22:25.346 69396 INFO tempest.lib.common.rest_client [req-130c1c09-29ca-4bd3-be44-552b7ce8f9a4 req-130c1c09-29ca-4bd3-be44-552b7ce8f9a4 ] Request (TenantUsagesTestJSON:tearDownClass): 200 GET http://10.180.1.21/compute/v2.1/servers/096a9a75-f720-4d8b-8af7-7b5c8162a2af 0.137s
2025-04-07 15:22:25.466 69372 INFO tempest.lib.common.rest_client [req-4d97ad73-7b72-4733-9b81-097ade545670 req-4d97ad73-7b72-4733-9b81-097ade545670 ] Request (ServerDiagnosticsNegativeTest:tearDownClass): 200 GET http://10.180.1.21/compute/v2.1/servers/598ca892-b5b8-4405-8706-a671a0d8a2c3 0.224s
2025-04-07 15:22:25.532 69342 INFO tempest.lib.common.rest_client [req-d2fbd8ed-51f7-43b7-959e-da5bce83cb6c req-d2fbd8ed-51f7-43b7-959e-da5bce83cb6c ] Request (ServersV294TestFqdnHostnames:setUpClass): 200 GET http://10.180.1.21/compute/v2.1/servers/347727d2-51b4-4bb1-9eae-c566043ebff2 0.266s
2025-04-07 15:22:25.597 69382 INFO tempest.lib.common.rest_client [req-ca545386-be55-4e27-b2f8-51bb844f91e5 req-ca545386-be55-4e27-b2f8-51bb844f91e5 ] Request (SecurityGroupsTestJSON:test_server_security_groups): 200 GET http://10.180.1.21/compute/v2.1/servers/62c0dc01-8a67-4ba7-81ae-58024f6e0dd2 0.304s
2025-04-07 15:22:25.658 69350 INFO tempest.lib.common.rest_client [req-72ea71a4-009e-4638-86b0-b03324250c59 req-72ea71a4-009e-4638-86b0-b03324250c59 ] Request (MigrationsAdminTest:test_resize_server_revert_deleted_flavor): 200 GET http://10.180.1.21/compute/v2.1/servers/4d342731-a6b0-485f-acd0-9fd0bb8db6d9 0.323s
2025-04-07 15:22:25.730 69386 INFO tempest.lib.common.rest_client [req-9be74ad4-d674-4b68-8b68-cf9dfbef5d28 req-9be74ad4-d674-4b68-8b68-cf9dfbef5d28 ] Request (AttachVolumeNegativeTest:test_attach_attached_volume_to_different_server): 200 GET http://10.180.1.21/compute/v2.1/servers/21657f16-a790-4a08-8542-be77c2663dd3 0.323s
2025-04-07 15:22:25.755 69348 INFO tempest.lib.common.rest_client [req-6261a32a-2c4c-44b0-9ec2-1750e3e5bf84 req-6261a32a-2c4c-44b0-9ec2-1750e3e5bf84 ] Request (ServersAdmin275Test:test_rebuild_update_server_275): 202 POST http://10.180.1.21/compute/v2.1/servers/78d28055-b6b7-45c2-ad49-e68160a12da4/action 0.655s
2025-04-07 15:22:25.806 69368 INFO tempest.lib.common.rest_client [req-fe5513a6-360d-46a6-a455-de208ee2cd8d req-fe5513a6-360d-46a6-a455-de208ee2cd8d ] Request (ImagesOneServerNegativeTestJSON:_run_cleanups): 200 GET http://10.180.1.21/compute/v2.1/servers/19b037df-29ea-4eda-910a-4a63de989d56 0.317s
2025-04-07 15:22:25.816 69360 INFO tempest.lib.common.rest_client [req-1d3ec236-fb2f-4f05-9040-de6f69958036 req-1d3ec236-fb2f-4f05-9040-de6f69958036 ] Request (ImagesTestJSON:test_create_image_from_stopped_server): 200 GET http://10.180.1.21/compute/v2.1/servers/fc69d818-c20d-44bc-beb7-abc311f7a88b 0.325s
2025-04-07 15:22:25.823 69390 WARNING tempest.lib.common.ssh [-] Failed to establish authenticated ssh connection to cirros@10.180.180.204 ([Errno None] Unable to connect to port 22 on 10.180.180.204). Number attempts: 4. Retry after 5 seconds.: paramiko.ssh_exception.NoValidConnectionsError: [Errno None] Unable to connect to port 22 on 10.180.180.204
2025-04-07 15:22:25.870 69388 INFO tempest.lib.common.rest_client [req-97d72c86-ca61-45f0-8870-3d1e2e79c1ec req-97d72c86-ca61-45f0-8870-3d1e2e79c1ec ] Request (AttachVolumeTestJSON:test_attach_detach_volume): 200 GET http://10.180.1.21/compute/v2.1/servers/2b819ac7-b7a4-4fef-beed-7bb48ef2609a 0.318s
2025-04-07 15:22:25.939 69374 INFO tempest.lib.common.rest_client [req-0965b4e6-639a-4665-867e-587b03e2a594 req-0965b4e6-639a-4665-867e-587b03e2a594 ] Request (MultipleCreateTestJSON:test_multiple_create): 200 GET http://10.180.1.21/compute/v2.1/servers/11ce291b-4b29-4b8e-8628-dfd110846a4b 0.325s
2025-04-07 15:22:25.966 69392 INFO tempest.lib.common.rest_client [req-55101df9-1cdf-4c8f-9965-0366b54c3167 req-55101df9-1cdf-4c8f-9965-0366b54c3167 ] Request (FloatingIPsAssociationTestJSON:setUpClass): 200 GET http://10.180.1.21/compute/v2.1/servers/f2dbd19d-f34a-41c5-ba79-c57fe89ca8f4 0.398s
2025-04-07 15:22:25.977 69392 INFO tempest.common.waiters [-] State transition "BUILD/None" ==> "BUILD/block_device_mapping" after 54 second wait
2025-04-07 15:22:26.041 69348 INFO tempest.lib.common.rest_client [req-1fe18b73-cc94-4919-af37-0aea2442f85f req-1fe18b73-cc94-4919-af37-0aea2442f85f ] Request (ServersAdmin275Test:_run_cleanups): 200 GET http://10.180.1.21/compute/v2.1/servers/78d28055-b6b7-45c2-ad49-e68160a12da4 0.271s
2025-04-07 15:22:26.110 69384 INFO tempest.lib.common.rest_client [req-b82c547b-afea-4045-9143-c446478da7ff req-b82c547b-afea-4045-9143-c446478da7ff ] Request (ServerActionsTestOtherB:setUpClass): 200 GET http://10.180.1.21/compute/v2.1/servers/4e37e840-c406-495d-aa68-055a59f23305 0.267s
2025-04-07 15:22:26.117 69398 INFO tempest.lib.common.rest_client [req-2cda164e-fe1e-4308-b867-1848f2848449 req-2cda164e-fe1e-4308-b867-1848f2848449 ] Request (AttachInterfacesV270Test:test_create_get_list_interfaces): 200 GET http://10.180.1.21/compute/v2.1/servers/87b447a2-8eae-4bd9-9e81-ccd702295dc9 0.313s
2025-04-07 15:22:26.162 69362 INFO tempest.lib.common.rest_client [req-3fd1be05-03a6-4c06-9788-e7f2023f0527 req-3fd1be05-03a6-4c06-9788-e7f2023f0527 ] Request (ServersAdminTestJSON:test_create_server_with_scheduling_hint): 200 GET http://10.180.1.21/compute/v2.1/servers/0a572fd9-368c-412f-8cdc-d30d32390ea2 0.280s
2025-04-07 15:22:26.178 69356 INFO tempest.lib.common.rest_client [req-8dfd82e9-f749-4300-92af-0b99e823d7ff req-8dfd82e9-f749-4300-92af-0b99e823d7ff ] Request (ServerAddressesTestJSON:tearDownClass): 200 GET http://10.180.1.21/compute/v2.1/servers/aa9c3fd9-d5b7-4bd9-89bf-6410461ed3c5 0.283s
2025-04-07 15:22:26.209 69338 INFO tempest.lib.common.rest_client [req-f2a2ff69-2d2c-4b92-a21e-e361894045f6 req-f2a2ff69-2d2c-4b92-a21e-e361894045f6 ] Request (ServerDiskConfigTestJSON:test_rebuild_server_with_manual_disk_config): 200 GET http://10.180.1.21/compute/v2.1/servers/31c8ee4f-5063-4ad9-9858-489c4542df7f 0.265s
2025-04-07 15:22:26.234 69378 INFO tempest.lib.common.rest_client [req-151b496d-1a66-4a5a-acee-08ed3fe7b10c req-151b496d-1a66-4a5a-acee-08ed3fe7b10c ] Request (ServersListShow2100Test:tearDownClass): 200 GET http://10.180.1.21/compute/v2.1/servers/8c2456ab-7031-460c-aeb3-a59ee1a42af6 0.216s
2025-04-07 15:22:26.262 69380 INFO tempest.lib.common.rest_client [req-9ca6396c-52f7-4f4d-ad88-9fe92b6a06f3 req-9ca6396c-52f7-4f4d-ad88-9fe92b6a06f3 ] Request (ListImageFiltersTestJSON:tearDownClass): 200 GET http://10.180.1.21/compute/v2.1/servers/2b5ef9e5-d40a-40de-943e-153fcc0d5f54 0.217s
2025-04-07 15:22:26.309 69401 INFO tempest.lib.common.rest_client [req-1ceebdc0-1367-47ae-a984-78ad1184deaa req-1ceebdc0-1367-47ae-a984-78ad1184deaa ] Request (ServerShowV247Test:tearDownClass): 200 GET http://10.180.1.21/compute/v2.1/servers/8a0e55c4-24ee-4902-929b-e7edbd3823a6 0.235s
2025-04-07 15:22:26.313 69370 INFO tempest.lib.common.rest_client [req-ca8fc466-911a-478e-81b9-8b0fc2ac58ec req-ca8fc466-911a-478e-81b9-8b0fc2ac58ec ] Request (DeleteServersAdminTestJSON:test_delete_server_while_in_error_state): 200 GET http://10.180.1.21/compute/v2.1/servers/d1e017ee-4287-46de-8843-13352193277d 0.150s
2025-04-07 15:22:26.363 69358 INFO tempest.lib.common.rest_client [req-fcdad51b-3a9e-461e-bce0-167c2cf161ab req-fcdad51b-3a9e-461e-bce0-167c2cf161ab ] Request (ServerActionsV293TestJSON:setUpClass): 200 GET http://10.180.1.21/compute/v2.1/servers/f2687157-e2d3-40cd-9ad0-18ba6f4b6f42 0.147s
2025-04-07 15:22:26.392 69366 INFO tempest.lib.common.rest_client [req-f0de3fb0-dce6-4e46-8fd3-644a2221c083 req-f0de3fb0-dce6-4e46-8fd3-644a2221c083 ] Request (ServersAdminNegativeTestJSON:test_migrate_server_invalid_state): 200 GET http://10.180.1.21/compute/v2.1/servers/9ffa0bc5-d1f1-4cf9-a9d7-93c63110e125 0.094s
2025-04-07 15:22:26.413 69396 INFO tempest.lib.common.rest_client [req-639032e6-9ae1-48c4-bdf3-3a8df739d864 req-639032e6-9ae1-48c4-bdf3-3a8df739d864 ] Request (TenantUsagesTestJSON:tearDownClass): 200 GET http://10.180.1.21/compute/v2.1/servers/096a9a75-f720-4d8b-8af7-7b5c8162a2af 0.060s
2025-04-07 15:22:26.535 69372 INFO tempest.lib.common.rest_client [req-cdb0acf1-ae2b-45a0-8a8c-9c1cbd5dcf09 req-cdb0acf1-ae2b-45a0-8a8c-9c1cbd5dcf09 ] Request (ServerDiagnosticsNegativeTest:tearDownClass): 200 GET http://10.180.1.21/compute/v2.1/servers/598ca892-b5b8-4405-8706-a671a0d8a2c3 0.058s
2025-04-07 15:22:26.609 69342 INFO tempest.lib.common.rest_client [req-dd04bba5-11ca-46a4-9c04-f3a26e83a4c1 req-dd04bba5-11ca-46a4-9c04-f3a26e83a4c1 ] Request (ServersV294TestFqdnHostnames:setUpClass): 200 GET http://10.180.1.21/compute/v2.1/servers/347727d2-51b4-4bb1-9eae-c566043ebff2 0.065s
2025-04-07 15:22:26.620 69342 INFO tempest.common.waiters [-] State transition "BUILD/scheduling" ==> "BUILD/None" after 33 second wait
2025-04-07 15:22:26.662 69382 INFO tempest.lib.common.rest_client [req-35587ae5-08f7-4dfc-8c10-fcfd37084c88 req-35587ae5-08f7-4dfc-8c10-fcfd37084c88 ] Request (SecurityGroupsTestJSON:test_server_security_groups): 200 GET http://10.180.1.21/compute/v2.1/servers/62c0dc01-8a67-4ba7-81ae-58024f6e0dd2 0.053s
2025-04-07 15:22:26.723 69350 INFO tempest.lib.common.rest_client [req-05a4bd83-aa5c-41bf-befe-6ab900b2afd5 req-05a4bd83-aa5c-41bf-befe-6ab900b2afd5 ] Request (MigrationsAdminTest:test_resize_server_revert_deleted_flavor): 200 GET http://10.180.1.21/compute/v2.1/servers/4d342731-a6b0-485f-acd0-9fd0bb8db6d9 0.053s
2025-04-07 15:22:26.797 69386 INFO tempest.lib.common.rest_client [req-2b6cf358-81b7-4e58-8f47-ce737486d4bb req-2b6cf358-81b7-4e58-8f47-ce737486d4bb ] Request (AttachVolumeNegativeTest:test_attach_attached_volume_to_different_server): 200 GET http://10.180.1.21/compute/v2.1/servers/21657f16-a790-4a08-8542-be77c2663dd3 0.055s
2025-04-07 15:22:26.868 69368 INFO tempest.lib.common.rest_client [req-b0c79933-01cb-4847-8bf9-10a90d340f3f req-b0c79933-01cb-4847-8bf9-10a90d340f3f ] Request (ImagesOneServerNegativeTestJSON:_run_cleanups): 200 GET http://10.180.1.21/compute/v2.1/servers/19b037df-29ea-4eda-910a-4a63de989d56 0.053s
2025-04-07 15:22:26.879 69360 INFO tempest.lib.common.rest_client [req-6db628d9-eebb-4814-adb3-e52ae90979ed req-6db628d9-eebb-4814-adb3-e52ae90979ed ] Request (ImagesTestJSON:test_create_image_from_stopped_server): 200 GET http://10.180.1.21/compute/v2.1/servers/fc69d818-c20d-44bc-beb7-abc311f7a88b 0.055s
2025-04-07 15:22:26.936 69388 INFO tempest.lib.common.rest_client [req-fb11426a-b582-481c-8caf-7d33126822ec req-fb11426a-b582-481c-8caf-7d33126822ec ] Request (AttachVolumeTestJSON:test_attach_detach_volume): 200 GET http://10.180.1.21/compute/v2.1/servers/2b819ac7-b7a4-4fef-beed-7bb48ef2609a 0.054s
2025-04-07 15:22:26.999 69374 INFO tempest.lib.common.rest_client [req-76e4c820-7a67-4199-b91b-cb41bca936db req-76e4c820-7a67-4199-b91b-cb41bca936db ] Request (MultipleCreateTestJSON:test_multiple_create): 200 GET http://10.180.1.21/compute/v2.1/servers/11ce291b-4b29-4b8e-8628-dfd110846a4b 0.049s
2025-04-07 15:22:27.069 69392 INFO tempest.lib.common.rest_client [req-e30bcc2a-b6d3-4ea0-939f-bb7e6bbae7c0 req-e30bcc2a-b6d3-4ea0-939f-bb7e6bbae7c0 ] Request (FloatingIPsAssociationTestJSON:setUpClass): 200 GET http://10.180.1.21/compute/v2.1/servers/f2dbd19d-f34a-41c5-ba79-c57fe89ca8f4 0.090s
2025-04-07 15:22:27.076 69392 INFO tempest.common.waiters [-] State transition "BUILD/block_device_mapping" ==> "BUILD/spawning" after 56 second wait
2025-04-07 15:22:27.105 69348 INFO tempest.lib.common.rest_client [req-1977e3f8-b7cf-4467-b601-7a8dbb3d1762 req-1977e3f8-b7cf-4467-b601-7a8dbb3d1762 ] Request (ServersAdmin275Test:_run_cleanups): 200 GET http://10.180.1.21/compute/v2.1/servers/78d28055-b6b7-45c2-ad49-e68160a12da4 0.051s
2025-04-07 15:22:27.170 69384 INFO tempest.lib.common.rest_client [req-92cbfc5c-5957-4cbf-8206-fae970e1fb11 req-92cbfc5c-5957-4cbf-8206-fae970e1fb11 ] Request (ServerActionsTestOtherB:setUpClass): 200 GET http://10.180.1.21/compute/v2.1/servers/4e37e840-c406-495d-aa68-055a59f23305 0.051s
2025-04-07 15:22:27.235 69362 INFO tempest.lib.common.rest_client [req-ca185096-dd90-459b-97a2-771b8ecdab94 req-ca185096-dd90-459b-97a2-771b8ecdab94 ] Request (ServersAdminTestJSON:test_create_server_with_scheduling_hint): 200 GET http://10.180.1.21/compute/v2.1/servers/0a572fd9-368c-412f-8cdc-d30d32390ea2 0.062s
2025-04-07 15:22:27.260 69398 INFO tempest.lib.common.rest_client [req-c9642ddf-ef6f-4e3a-bc1e-0e08478b2820 req-c9642ddf-ef6f-4e3a-bc1e-0e08478b2820 ] Request (AttachInterfacesV270Test:test_create_get_list_interfaces): 200 GET http://10.180.1.21/compute/v2.1/servers/87b447a2-8eae-4bd9-9e81-ccd702295dc9 0.131s
2025-04-07 15:22:27.512 69356 INFO tempest.lib.common.rest_client [req-a0b8f79b-c9a7-4359-aa77-9e3afb07b312 req-a0b8f79b-c9a7-4359-aa77-9e3afb07b312 ] Request (ServerAddressesTestJSON:tearDownClass): 200 GET http://10.180.1.21/compute/v2.1/servers/aa9c3fd9-d5b7-4bd9-89bf-6410461ed3c5 0.327s
2025-04-07 15:22:27.521 69338 INFO tempest.lib.common.rest_client [req-f3cf741f-5cf6-48d5-8a37-8c23f2bc0539 req-f3cf741f-5cf6-48d5-8a37-8c23f2bc0539 ] Request (ServerDiskConfigTestJSON:test_rebuild_server_with_manual_disk_config): 200 GET http://10.180.1.21/compute/v2.1/servers/31c8ee4f-5063-4ad9-9858-489c4542df7f 0.302s
2025-04-07 15:22:27.588 69378 INFO tempest.lib.common.rest_client [req-28d91b16-1d30-4c7a-9756-c812efd8716d req-28d91b16-1d30-4c7a-9756-c812efd8716d ] Request (ServersListShow2100Test:tearDownClass): 200 GET http://10.180.1.21/compute/v2.1/servers/8c2456ab-7031-460c-aeb3-a59ee1a42af6 0.342s
2025-04-07 15:22:27.595 69380 INFO tempest.lib.common.rest_client [req-f5415831-3f36-4148-8a67-a61f2233a7af req-f5415831-3f36-4148-8a67-a61f2233a7af ] Request (ListImageFiltersTestJSON:tearDownClass): 200 GET http://10.180.1.21/compute/v2.1/servers/2b5ef9e5-d40a-40de-943e-153fcc0d5f54 0.324s
2025-04-07 15:22:27.606 69401 INFO tempest.lib.common.rest_client [req-a26ddec0-5ed2-4169-a17a-e507a4bccfe0 req-a26ddec0-5ed2-4169-a17a-e507a4bccfe0 ] Request (ServerShowV247Test:tearDownClass): 404 GET http://10.180.1.21/compute/v2.1/servers/8a0e55c4-24ee-4902-929b-e7edbd3823a6 0.287s
2025-04-07 15:22:27.662 69370 INFO tempest.lib.common.rest_client [req-3a372227-b014-4a81-a27d-d0e057e3f40a req-3a372227-b014-4a81-a27d-d0e057e3f40a ] Request (DeleteServersAdminTestJSON:test_delete_server_while_in_error_state): 200 GET http://10.180.1.21/compute/v2.1/servers/d1e017ee-4287-46de-8843-13352193277d 0.342s
2025-04-07 15:22:27.675 69358 INFO tempest.lib.common.rest_client [req-2f233a2d-2b48-4909-bf3f-8f3aa73ab15e req-2f233a2d-2b48-4909-bf3f-8f3aa73ab15e ] Request (ServerActionsV293TestJSON:setUpClass): 200 GET http://10.180.1.21/compute/v2.1/servers/f2687157-e2d3-40cd-9ad0-18ba6f4b6f42 0.302s
2025-04-07 15:22:27.764 69396 INFO tempest.lib.common.rest_client [req-d1feb16f-2e22-41ae-bbe4-54dc361a534e req-d1feb16f-2e22-41ae-bbe4-54dc361a534e ] Request (TenantUsagesTestJSON:tearDownClass): 200 GET http://10.180.1.21/compute/v2.1/servers/096a9a75-f720-4d8b-8af7-7b5c8162a2af 0.339s
2025-04-07 15:22:27.797 69366 INFO tempest.lib.common.rest_client [req-222807de-c8e9-40e3-a5d0-cd815b1626e0 req-222807de-c8e9-40e3-a5d0-cd815b1626e0 ] Request (ServersAdminNegativeTestJSON:test_migrate_server_invalid_state): 200 GET http://10.180.1.21/compute/v2.1/servers/9ffa0bc5-d1f1-4cf9-a9d7-93c63110e125 0.397s
2025-04-07 15:22:27.809 69366 INFO tempest.common.waiters [-] State transition "ACTIVE/suspending" ==> "SUSPENDED/None" after 2 second wait
2025-04-07 15:22:27.827 69372 INFO tempest.lib.common.rest_client [req-5659ff14-dd46-4502-8c84-59f50759d5c5 req-5659ff14-dd46-4502-8c84-59f50759d5c5 ] Request (ServerDiagnosticsNegativeTest:tearDownClass): 200 GET http://10.180.1.21/compute/v2.1/servers/598ca892-b5b8-4405-8706-a671a0d8a2c3 0.283s
2025-04-07 15:22:27.835 69372 INFO tempest.common.waiters [-] State transition "ACTIVE/deleting" ==> "DELETED/None" after 4 second wait
2025-04-07 15:22:27.865 69401 INFO tempest.lib.common.rest_client [req-9f38dce8-34db-40f7-bda5-97ac276e1016 req-9f38dce8-34db-40f7-bda5-97ac276e1016 ] Request (ServerShowV247Test:tearDownClass): 204 DELETE http://10.180.1.21/compute/v2.1/servers/441dd70e-b58d-44bf-af0a-8af8f98b7cb6 0.258s
2025-04-07 15:22:27.880 69342 INFO tempest.lib.common.rest_client [req-bf276ff7-30ca-4689-a8fb-a1ae9aa5f3ee req-bf276ff7-30ca-4689-a8fb-a1ae9aa5f3ee ] Request (ServersV294TestFqdnHostnames:setUpClass): 200 GET http://10.180.1.21/compute/v2.1/servers/347727d2-51b4-4bb1-9eae-c566043ebff2 0.260s
2025-04-07 15:22:27.910 69382 INFO tempest.lib.common.rest_client [req-3733c024-1fe9-4ed7-a914-d0b97d432872 req-3733c024-1fe9-4ed7-a914-d0b97d432872 ] Request (SecurityGroupsTestJSON:test_server_security_groups): 200 GET http://10.180.1.21/compute/v2.1/servers/62c0dc01-8a67-4ba7-81ae-58024f6e0dd2 0.240s
2025-04-07 15:22:27.927 69350 INFO tempest.lib.common.rest_client [req-b601b84d-f8a1-4e9c-aa56-9e88626929c5 req-b601b84d-f8a1-4e9c-aa56-9e88626929c5 ] Request (MigrationsAdminTest:test_resize_server_revert_deleted_flavor): 200 GET http://10.180.1.21/compute/v2.1/servers/4d342731-a6b0-485f-acd0-9fd0bb8db6d9 0.196s
2025-04-07 15:22:27.952 69386 INFO tempest.lib.common.rest_client [req-3f354518-cc0d-498c-aa8d-bbda18e00de8 req-3f354518-cc0d-498c-aa8d-bbda18e00de8 ] Request (AttachVolumeNegativeTest:test_attach_attached_volume_to_different_server): 200 GET http://10.180.1.21/compute/v2.1/servers/21657f16-a790-4a08-8542-be77c2663dd3 0.147s
2025-04-07 15:22:27.982 69366 INFO tempest.lib.common.rest_client [req-63f0da7c-c47d-40ef-96e9-a9770889f271 req-63f0da7c-c47d-40ef-96e9-a9770889f271 ] Request (ServersAdminNegativeTestJSON:test_migrate_server_invalid_state): 409 POST http://10.180.1.21/compute/v2.1/servers/9ffa0bc5-d1f1-4cf9-a9d7-93c63110e125/action 0.173s
2025-04-07 15:22:28.001 69401 INFO tempest.lib.common.rest_client [req-953dff56-8103-4807-8031-c432d14ec2da req-953dff56-8103-4807-8031-c432d14ec2da ] Request (ServerShowV247Test:tearDownClass): 200 GET http://10.180.1.21/compute/v2.1/servers/441dd70e-b58d-44bf-af0a-8af8f98b7cb6 0.135s
2025-04-07 15:22:28.029 69368 INFO tempest.lib.common.rest_client [req-065fa01d-2fd1-4b86-a4a3-100c3f8ee6f7 req-065fa01d-2fd1-4b86-a4a3-100c3f8ee6f7 ] Request (ImagesOneServerNegativeTestJSON:_run_cleanups): 200 GET http://10.180.1.21/compute/v2.1/servers/19b037df-29ea-4eda-910a-4a63de989d56 0.153s
2025-04-07 15:22:28.043 69360 INFO tempest.lib.common.rest_client [req-991de5c0-4565-4f59-8883-78613cd8e0cc req-991de5c0-4565-4f59-8883-78613cd8e0cc ] Request (ImagesTestJSON:test_create_image_from_stopped_server): 200 GET http://10.180.1.21/compute/v2.1/servers/fc69d818-c20d-44bc-beb7-abc311f7a88b 0.154s
2025-04-07 15:22:28.048 69366 INFO tempest.lib.common.rest_client [req-0383bce1-07fd-4bfc-8b5e-6e0a1ef14412 req-0383bce1-07fd-4bfc-8b5e-6e0a1ef14412 ] Request (ServersAdminNegativeTestJSON:test_reset_state_server_invalid_state): 400 POST http://10.180.1.21/compute/v2.1/servers/0520d26f-f53f-4779-bfa3-167cf0e16dbb/action 0.065s
2025-04-07 15:22:28.073 69388 INFO tempest.lib.common.rest_client [req-99bbb699-e0ed-453a-a501-5c37ea147858 req-99bbb699-e0ed-453a-a501-5c37ea147858 ] Request (AttachVolumeTestJSON:test_attach_detach_volume): 200 GET http://10.180.1.21/compute/v2.1/servers/2b819ac7-b7a4-4fef-beed-7bb48ef2609a 0.129s
2025-04-07 15:22:28.078 69366 INFO tempest.lib.common.rest_client [req-f2ef5881-4dd6-47f8-9dd0-d29daf0c2c6c req-f2ef5881-4dd6-47f8-9dd0-d29daf0c2c6c ] Request (ServersAdminNegativeTestJSON:test_reset_state_server_invalid_type): 400 POST http://10.180.1.21/compute/v2.1/servers/0520d26f-f53f-4779-bfa3-167cf0e16dbb/action 0.028s
2025-04-07 15:22:28.093 69374 INFO tempest.lib.common.rest_client [req-4f1ea04e-d039-497c-b043-e0d7dbed43ac req-4f1ea04e-d039-497c-b043-e0d7dbed43ac ] Request (MultipleCreateTestJSON:test_multiple_create): 200 GET http://10.180.1.21/compute/v2.1/servers/11ce291b-4b29-4b8e-8628-dfd110846a4b 0.085s
2025-04-07 15:22:28.098 69366 INFO tempest.lib.common.rest_client [req-6170713f-57bd-4354-9f06-b5705402dc20 req-6170713f-57bd-4354-9f06-b5705402dc20 ] Request (ServersAdminNegativeTestJSON:test_reset_state_server_nonexistent_server): 404 POST http://10.180.1.21/compute/v2.1/servers/999/action 0.018s
2025-04-07 15:22:28.161 69392 INFO tempest.lib.common.rest_client [req-5dc58223-37a0-42c3-87eb-a0cb492674b5 req-5dc58223-37a0-42c3-87eb-a0cb492674b5 ] Request (FloatingIPsAssociationTestJSON:setUpClass): 200 GET http://10.180.1.21/compute/v2.1/servers/f2dbd19d-f34a-41c5-ba79-c57fe89ca8f4 0.084s
2025-04-07 15:22:28.184 69366 INFO tempest.lib.common.rest_client [req-9c369e56-cc88-47b2-aae8-8634fcd1d3a5 req-9c369e56-cc88-47b2-aae8-8634fcd1d3a5 ] Request (ServersAdminNegativeTestJSON:test_resize_server_using_overlimit_ram): 200 GET http://10.180.1.21/compute/v2.1/os-quota-sets/3934d13338a6405e8429a3ea37f0854a 0.085s
2025-04-07 15:22:28.242 69384 INFO tempest.lib.common.rest_client [req-8dc8c9c0-e681-4a0a-aead-748df941ff5a req-8dc8c9c0-e681-4a0a-aead-748df941ff5a ] Request (ServerActionsTestOtherB:setUpClass): 200 GET http://10.180.1.21/compute/v2.1/servers/4e37e840-c406-495d-aa68-055a59f23305 0.065s
2025-04-07 15:22:28.243 69348 INFO tempest.lib.common.rest_client [req-e67e7845-2d03-4051-b2bc-eb3680d7c9ab req-e67e7845-2d03-4051-b2bc-eb3680d7c9ab ] Request (ServersAdmin275Test:_run_cleanups): 200 GET http://10.180.1.21/compute/v2.1/servers/78d28055-b6b7-45c2-ad49-e68160a12da4 0.128s
2025-04-07 15:22:28.253 69348 INFO tempest.common.waiters [-] State transition "REBUILD/rebuilding" ==> "REBUILD/rebuild_block_device_mapping" after 2 second wait
2025-04-07 15:22:28.257 69366 INFO tempest.lib.common.rest_client [req-631a2447-691f-41bd-a62c-7413982f36be req-631a2447-691f-41bd-a62c-7413982f36be ] Request (ServersAdminNegativeTestJSON:test_resize_server_using_overlimit_ram): 200 POST http://10.180.1.21/compute/v2.1/flavors 0.070s
2025-04-07 15:22:28.290 69362 INFO tempest.lib.common.rest_client [req-8f3a50f4-6388-4443-88d8-4ec7f5ae1a3d req-8f3a50f4-6388-4443-88d8-4ec7f5ae1a3d ] Request (ServersAdminTestJSON:test_create_server_with_scheduling_hint): 200 GET http://10.180.1.21/compute/v2.1/servers/0a572fd9-368c-412f-8cdc-d30d32390ea2 0.047s
2025-04-07 15:22:28.379 69366 INFO tempest.lib.common.rest_client [req-4f7a7d55-4305-462c-ac35-d8004a47c292 req-4f7a7d55-4305-462c-ac35-d8004a47c292 ] Request (ServersAdminNegativeTestJSON:test_resize_server_using_overlimit_ram): 403 POST http://10.180.1.21/compute/v2.1/servers/0520d26f-f53f-4779-bfa3-167cf0e16dbb/action 0.120s
2025-04-07 15:22:28.394 69366 INFO tempest.lib.common.rest_client [req-32c8ef2b-46a9-48e6-8c2c-39e63c91f635 req-32c8ef2b-46a9-48e6-8c2c-39e63c91f635 ] Request (ServersAdminNegativeTestJSON:_run_cleanups): 202 DELETE http://10.180.1.21/compute/v2.1/flavors/943654435 0.015s
2025-04-07 15:22:28.405 69398 INFO tempest.lib.common.rest_client [req-d45c8895-81e0-4714-972f-ba20551ac962 req-d45c8895-81e0-4714-972f-ba20551ac962 ] Request (AttachInterfacesV270Test:test_create_get_list_interfaces): 200 GET http://10.180.1.21/compute/v2.1/servers/87b447a2-8eae-4bd9-9e81-ccd702295dc9 0.134s
2025-04-07 15:22:28.417 69366 INFO tempest.lib.common.rest_client [req-e138d01f-2620-4916-b42f-f6dbdd3ea048 req-e138d01f-2620-4916-b42f-f6dbdd3ea048 ] Request (ServersAdminNegativeTestJSON:_run_cleanups): 200 GET http://10.180.1.21/compute/v2.1/flavors/detail 0.023s
2025-04-07 15:22:28.454 69366 INFO tempest.lib.common.rest_client [req-35b61860-2295-4775-96b0-aa552408e758 req-35b61860-2295-4775-96b0-aa552408e758 ] Request (ServersAdminNegativeTestJSON:test_resize_server_using_overlimit_vcpus): 200 GET http://10.180.1.21/compute/v2.1/os-quota-sets/3934d13338a6405e8429a3ea37f0854a 0.031s
2025-04-07 15:22:28.471 69366 INFO tempest.lib.common.rest_client [req-2bb9d1cb-6019-47e3-8b9d-f26a7d281eba req-2bb9d1cb-6019-47e3-8b9d-f26a7d281eba ] Request (ServersAdminNegativeTestJSON:test_resize_server_using_overlimit_vcpus): 200 POST http://10.180.1.21/compute/v2.1/flavors 0.015s
2025-04-07 15:22:28.573 69366 INFO tempest.lib.common.rest_client [req-07f71597-2cc6-4e64-a533-f0ea2e1f9096 req-07f71597-2cc6-4e64-a533-f0ea2e1f9096 ] Request (ServersAdminNegativeTestJSON:test_resize_server_using_overlimit_vcpus): 403 POST http://10.180.1.21/compute/v2.1/servers/0520d26f-f53f-4779-bfa3-167cf0e16dbb/action 0.100s
2025-04-07 15:22:28.573 69356 INFO tempest.lib.common.rest_client [req-a34fdaa3-c6e6-4534-ac66-1c0e14879bba req-a34fdaa3-c6e6-4534-ac66-1c0e14879bba ] Request (ServerAddressesTestJSON:tearDownClass): 200 GET http://10.180.1.21/compute/v2.1/servers/aa9c3fd9-d5b7-4bd9-89bf-6410461ed3c5 0.054s
2025-04-07 15:22:28.590 69366 INFO tempest.lib.common.rest_client [req-46d7e392-0bd3-43a9-8d49-62c24369c946 req-46d7e392-0bd3-43a9-8d49-62c24369c946 ] Request (ServersAdminNegativeTestJSON:_run_cleanups): 202 DELETE http://10.180.1.21/compute/v2.1/flavors/1857444388 0.016s
2025-04-07 15:22:28.613 69366 INFO tempest.lib.common.rest_client [req-9193d394-2646-4a10-9da9-2a15f6235c52 req-9193d394-2646-4a10-9da9-2a15f6235c52 ] Request (ServersAdminNegativeTestJSON:_run_cleanups): 200 GET http://10.180.1.21/compute/v2.1/flavors/detail 0.022s
2025-04-07 15:22:28.629 69338 INFO tempest.lib.common.rest_client [req-291e9b51-89e9-4ac8-9404-59e69c2d5743 req-291e9b51-89e9-4ac8-9404-59e69c2d5743 ] Request (ServerDiskConfigTestJSON:test_rebuild_server_with_manual_disk_config): 200 GET http://10.180.1.21/compute/v2.1/servers/31c8ee4f-5063-4ad9-9858-489c4542df7f 0.099s
2025-04-07 15:22:28.695 69380 INFO tempest.lib.common.rest_client [req-240d194f-c13f-4e39-9f51-edc8099ebd81 req-240d194f-c13f-4e39-9f51-edc8099ebd81 ] Request (ListImageFiltersTestJSON:tearDownClass): 200 GET http://10.180.1.21/compute/v2.1/servers/2b5ef9e5-d40a-40de-943e-153fcc0d5f54 0.086s
2025-04-07 15:22:28.700 69378 INFO tempest.lib.common.rest_client [req-ef279ba2-e814-4cec-866d-ea3b08578fa9 req-ef279ba2-e814-4cec-866d-ea3b08578fa9 ] Request (ServersListShow2100Test:tearDownClass): 200 GET http://10.180.1.21/compute/v2.1/servers/8c2456ab-7031-460c-aeb3-a59ee1a42af6 0.093s
2025-04-07 15:22:28.712 69378 INFO tempest.common.waiters [-] State transition "ACTIVE/deleting" ==> "DELETED/None" after 5 second wait
2025-04-07 15:22:28.717 69366 INFO tempest.lib.common.rest_client [req-1e44ade2-5a92-4c92-9e05-c7c18329e40c req-1e44ade2-5a92-4c92-9e05-c7c18329e40c ] Request (ServersAdminNegativeTestJSON:test_restore_server_invalid_state): 409 POST http://10.180.1.21/compute/v2.1/servers/0520d26f-f53f-4779-bfa3-167cf0e16dbb/action 0.098s
2025-04-07 15:22:28.756 69370 INFO tempest.lib.common.rest_client [req-49809fc3-1a02-4597-b886-083319228542 req-49809fc3-1a02-4597-b886-083319228542 ] Request (DeleteServersAdminTestJSON:test_delete_server_while_in_error_state): 200 GET http://10.180.1.21/compute/v2.1/servers/d1e017ee-4287-46de-8843-13352193277d 0.086s
2025-04-07 15:22:28.767 69358 INFO tempest.lib.common.rest_client [req-27e79698-e7c5-4818-ba6c-7598bfd65720 req-27e79698-e7c5-4818-ba6c-7598bfd65720 ] Request (ServerActionsV293TestJSON:setUpClass): 200 GET http://10.180.1.21/compute/v2.1/servers/f2687157-e2d3-40cd-9ad0-18ba6f4b6f42 0.078s
2025-04-07 15:22:28.831 69366 INFO tempest.lib.common.rest_client [req-1c32c82e-30fd-421f-bd12-7baa124813b9 req-1c32c82e-30fd-421f-bd12-7baa124813b9 ] Request (ServersAdminNegativeTestJSON:tearDownClass): 204 DELETE http://10.180.1.21/compute/v2.1/servers/9ffa0bc5-d1f1-4cf9-a9d7-93c63110e125 0.113s
2025-04-07 15:22:28.832 69396 INFO tempest.lib.common.rest_client [req-1bf8ad1d-ac57-4e3d-94c0-895e935e2c5b req-1bf8ad1d-ac57-4e3d-94c0-895e935e2c5b ] Request (TenantUsagesTestJSON:tearDownClass): 200 GET http://10.180.1.21/compute/v2.1/servers/096a9a75-f720-4d8b-8af7-7b5c8162a2af 0.060s
2025-04-07 15:22:28.916 69372 INFO tempest.lib.common.rest_client [req-6531eaaf-4425-44a8-907b-1203bcf96370 req-6531eaaf-4425-44a8-907b-1203bcf96370 ] Request (ServerDiagnosticsNegativeTest:tearDownClass): 200 GET http://10.180.1.21/compute/v2.1/servers/598ca892-b5b8-4405-8706-a671a0d8a2c3 0.080s
2025-04-07 15:22:28.958 69352 WARNING tempest.lib.common.ssh [-] Failed to establish authenticated ssh connection to cirros@10.180.180.177 ([Errno None] Unable to connect to port 22 on 10.180.180.177). Number attempts: 7. Retry after 8 seconds.: paramiko.ssh_exception.NoValidConnectionsError: [Errno None] Unable to connect to port 22 on 10.180.180.177
2025-04-07 15:22:28.985 69366 INFO tempest.lib.common.rest_client [req-3a518174-66a0-465e-883a-20b93d556708 req-3a518174-66a0-465e-883a-20b93d556708 ] Request (ServersAdminNegativeTestJSON:tearDownClass): 200 GET http://10.180.1.21/compute/v2.1/servers/9ffa0bc5-d1f1-4cf9-a9d7-93c63110e125 0.154s
2025-04-07 15:22:28.988 69342 INFO tempest.lib.common.rest_client [req-fa51f58f-96c9-4be4-adbd-c394534f10f4 req-fa51f58f-96c9-4be4-adbd-c394534f10f4 ] Request (ServersV294TestFqdnHostnames:setUpClass): 200 GET http://10.180.1.21/compute/v2.1/servers/347727d2-51b4-4bb1-9eae-c566043ebff2 0.097s
2025-04-07 15:22:29.049 69382 INFO tempest.lib.common.rest_client [req-433e58e5-e692-4946-9b56-3f3d4eec24e2 req-433e58e5-e692-4946-9b56-3f3d4eec24e2 ] Request (SecurityGroupsTestJSON:test_server_security_groups): 200 GET http://10.180.1.21/compute/v2.1/servers/62c0dc01-8a67-4ba7-81ae-58024f6e0dd2 0.132s
2025-04-07 15:22:29.062 69350 INFO tempest.lib.common.rest_client [req-3773b434-53a0-4f0a-8bf6-a5d7679b6eb0 req-3773b434-53a0-4f0a-8bf6-a5d7679b6eb0 ] Request (MigrationsAdminTest:test_resize_server_revert_deleted_flavor): 200 GET http://10.180.1.21/compute/v2.1/servers/4d342731-a6b0-485f-acd0-9fd0bb8db6d9 0.128s
2025-04-07 15:22:29.117 69386 INFO tempest.lib.common.rest_client [req-bb0b8b25-4a54-4b69-aaa8-7c954186816d req-bb0b8b25-4a54-4b69-aaa8-7c954186816d ] Request (AttachVolumeNegativeTest:test_attach_attached_volume_to_different_server): 200 GET http://10.180.1.21/compute/v2.1/servers/21657f16-a790-4a08-8542-be77c2663dd3 0.155s
2025-04-07 15:22:29.127 69401 INFO tempest.lib.common.rest_client [req-97104450-9604-4c88-8390-f1d7a9fdec90 req-97104450-9604-4c88-8390-f1d7a9fdec90 ] Request (ServerShowV247Test:tearDownClass): 200 GET http://10.180.1.21/compute/v2.1/servers/441dd70e-b58d-44bf-af0a-8af8f98b7cb6 0.116s
2025-04-07 15:22:29.177 69368 INFO tempest.lib.common.rest_client [req-e8371259-7e99-4f74-92a8-ab65f3beb84e req-e8371259-7e99-4f74-92a8-ab65f3beb84e ] Request (ImagesOneServerNegativeTestJSON:_run_cleanups): 200 GET http://10.180.1.21/compute/v2.1/servers/19b037df-29ea-4eda-910a-4a63de989d56 0.138s
2025-04-07 15:22:29.181 69360 INFO tempest.lib.common.rest_client [req-378f729c-0a2c-48b5-a28c-c4d94ecfef56 req-378f729c-0a2c-48b5-a28c-c4d94ecfef56 ] Request (ImagesTestJSON:test_create_image_from_stopped_server): 200 GET http://10.180.1.21/compute/v2.1/servers/fc69d818-c20d-44bc-beb7-abc311f7a88b 0.130s
2025-04-07 15:22:29.227 69388 INFO tempest.lib.common.rest_client [req-c4fa4fb9-b2b2-4ed6-bf4f-806627de32ab req-c4fa4fb9-b2b2-4ed6-bf4f-806627de32ab ] Request (AttachVolumeTestJSON:test_attach_detach_volume): 200 GET http://10.180.1.21/compute/v2.1/servers/2b819ac7-b7a4-4fef-beed-7bb48ef2609a 0.145s
2025-04-07 15:22:29.234 69374 INFO tempest.lib.common.rest_client [req-f5f40cfc-3fe0-4d0b-9d97-83351f19ca21 req-f5f40cfc-3fe0-4d0b-9d97-83351f19ca21 ] Request (MultipleCreateTestJSON:test_multiple_create): 200 GET http://10.180.1.21/compute/v2.1/servers/11ce291b-4b29-4b8e-8628-dfd110846a4b 0.132s
2025-04-07 15:22:29.300 69384 INFO tempest.lib.common.rest_client [req-c93a9ac3-b456-4e36-8ee4-5599fd4b4b13 req-c93a9ac3-b456-4e36-8ee4-5599fd4b4b13 ] Request (ServerActionsTestOtherB:setUpClass): 200 GET http://10.180.1.21/compute/v2.1/servers/4e37e840-c406-495d-aa68-055a59f23305 0.051s
2025-04-07 15:22:29.316 69392 INFO tempest.lib.common.rest_client [req-2e3a9468-d472-42db-8d5d-144e4d00d341 req-2e3a9468-d472-42db-8d5d-144e4d00d341 ] Request (FloatingIPsAssociationTestJSON:setUpClass): 200 GET http://10.180.1.21/compute/v2.1/servers/f2dbd19d-f34a-41c5-ba79-c57fe89ca8f4 0.147s
2025-04-07 15:22:29.350 69348 INFO tempest.lib.common.rest_client [req-249f5966-4ffc-4b9b-bce5-7e4c9a5d634c req-249f5966-4ffc-4b9b-bce5-7e4c9a5d634c ] Request (ServersAdmin275Test:_run_cleanups): 200 GET http://10.180.1.21/compute/v2.1/servers/78d28055-b6b7-45c2-ad49-e68160a12da4 0.096s
2025-04-07 15:22:29.361 69362 INFO tempest.lib.common.rest_client [req-76ae79d0-b6ec-4f27-82f0-58bcc30bc598 req-76ae79d0-b6ec-4f27-82f0-58bcc30bc598 ] Request (ServersAdminTestJSON:test_create_server_with_scheduling_hint): 200 GET http://10.180.1.21/compute/v2.1/servers/0a572fd9-368c-412f-8cdc-d30d32390ea2 0.062s
2025-04-07 15:22:29.362 69348 INFO tempest.common.waiters [-] State transition "REBUILD/rebuild_block_device_mapping" ==> "REBUILD/rebuild_spawning" after 3 second wait
2025-04-07 15:22:29.496 69398 INFO tempest.lib.common.rest_client [req-a7f5f0cf-3476-440f-9aae-9f8a8e477a1b req-a7f5f0cf-3476-440f-9aae-9f8a8e477a1b ] Request (AttachInterfacesV270Test:test_create_get_list_interfaces): 200 GET http://10.180.1.21/compute/v2.1/servers/87b447a2-8eae-4bd9-9e81-ccd702295dc9 0.081s
2025-04-07 15:22:29.603 69356 INFO tempest.lib.common.rest_client [req-527618dc-b6ad-4a0d-8914-2846f42e0f86 req-527618dc-b6ad-4a0d-8914-2846f42e0f86 ] Request (ServerAddressesTestJSON:tearDownClass): 404 GET http://10.180.1.21/compute/v2.1/servers/aa9c3fd9-d5b7-4bd9-89bf-6410461ed3c5 0.022s
2025-04-07 15:22:29.693 69338 INFO tempest.lib.common.rest_client [req-188d9aba-f6cd-41d8-8b45-53d7f084b3fc req-188d9aba-f6cd-41d8-8b45-53d7f084b3fc ] Request (ServerDiskConfigTestJSON:test_rebuild_server_with_manual_disk_config): 200 GET http://10.180.1.21/compute/v2.1/servers/31c8ee4f-5063-4ad9-9858-489c4542df7f 0.057s
2025-04-07 15:22:29.759 69380 INFO tempest.lib.common.rest_client [req-26e6d7e6-790c-46bc-bee6-4969c5e25787 req-26e6d7e6-790c-46bc-bee6-4969c5e25787 ] Request (ListImageFiltersTestJSON:tearDownClass): 200 GET http://10.180.1.21/compute/v2.1/servers/2b5ef9e5-d40a-40de-943e-153fcc0d5f54 0.056s
2025-04-07 15:22:29.783 69378 INFO tempest.lib.common.rest_client [req-193895bb-e5a9-46d5-929d-365b9d143c98 req-193895bb-e5a9-46d5-929d-365b9d143c98 ] Request (ServersListShow2100Test:tearDownClass): 200 GET http://10.180.1.21/compute/v2.1/servers/8c2456ab-7031-460c-aeb3-a59ee1a42af6 0.069s
2025-04-07 15:22:29.832 69370 INFO tempest.lib.common.rest_client [req-45792e07-1c34-401c-a156-1a7f211b1e7a req-45792e07-1c34-401c-a156-1a7f211b1e7a ] Request (DeleteServersAdminTestJSON:test_delete_server_while_in_error_state): 200 GET http://10.180.1.21/compute/v2.1/servers/d1e017ee-4287-46de-8843-13352193277d 0.068s
2025-04-07 15:22:29.845 69358 INFO tempest.lib.common.rest_client [req-b5f5a363-ca1e-46d4-a8f8-e8b2e348d340 req-b5f5a363-ca1e-46d4-a8f8-e8b2e348d340 ] Request (ServerActionsV293TestJSON:setUpClass): 200 GET http://10.180.1.21/compute/v2.1/servers/f2687157-e2d3-40cd-9ad0-18ba6f4b6f42 0.066s
2025-04-07 15:22:29.905 69396 INFO tempest.lib.common.rest_client [req-c59ec19f-794a-4016-8478-c8755f9339cb req-c59ec19f-794a-4016-8478-c8755f9339cb ] Request (TenantUsagesTestJSON:tearDownClass): 200 GET http://10.180.1.21/compute/v2.1/servers/096a9a75-f720-4d8b-8af7-7b5c8162a2af 0.063s
2025-04-07 15:22:29.984 69372 INFO tempest.lib.common.rest_client [req-465e850e-8ff2-44a8-aa34-cd55ea2aec92 req-465e850e-8ff2-44a8-aa34-cd55ea2aec92 ] Request (ServerDiagnosticsNegativeTest:tearDownClass): 200 GET http://10.180.1.21/compute/v2.1/servers/598ca892-b5b8-4405-8706-a671a0d8a2c3 0.058s
2025-04-07 15:22:30.084 69342 INFO tempest.lib.common.rest_client [req-c7052387-234e-4d30-bc8e-386ca1abc50e req-c7052387-234e-4d30-bc8e-386ca1abc50e ] Request (ServersV294TestFqdnHostnames:setUpClass): 200 GET http://10.180.1.21/compute/v2.1/servers/347727d2-51b4-4bb1-9eae-c566043ebff2 0.076s
2025-04-07 15:22:30.140 69382 INFO tempest.lib.common.rest_client [req-7a75c775-3db2-4cae-a1ef-38b21999eb04 req-7a75c775-3db2-4cae-a1ef-38b21999eb04 ] Request (SecurityGroupsTestJSON:test_server_security_groups): 200 GET http://10.180.1.21/compute/v2.1/servers/62c0dc01-8a67-4ba7-81ae-58024f6e0dd2 0.082s
2025-04-07 15:22:30.150 69366 INFO tempest.lib.common.rest_client [req-f8e8c635-b0d0-4e9a-ab05-b2ae465a32f3 req-f8e8c635-b0d0-4e9a-ab05-b2ae465a32f3 ] Request (ServersAdminNegativeTestJSON:tearDownClass): 200 GET http://10.180.1.21/compute/v2.1/servers/9ffa0bc5-d1f1-4cf9-a9d7-93c63110e125 0.157s
2025-04-07 15:22:30.189 69350 INFO tempest.lib.common.rest_client [req-35fce9dc-f821-4ff4-9e6e-0f8929ead518 req-35fce9dc-f821-4ff4-9e6e-0f8929ead518 ] Request (MigrationsAdminTest:test_resize_server_revert_deleted_flavor): 200 GET http://10.180.1.21/compute/v2.1/servers/4d342731-a6b0-485f-acd0-9fd0bb8db6d9 0.118s
2025-04-07 15:22:30.202 69386 INFO tempest.lib.common.rest_client [req-a88efde0-4bbc-487f-a91e-101b6b95ff98 req-a88efde0-4bbc-487f-a91e-101b6b95ff98 ] Request (AttachVolumeNegativeTest:test_attach_attached_volume_to_different_server): 200 GET http://10.180.1.21/compute/v2.1/servers/21657f16-a790-4a08-8542-be77c2663dd3 0.077s
2025-04-07 15:22:30.246 69401 INFO tempest.lib.common.rest_client [req-3d7fa4af-1984-4c60-8f40-b6aeb8901d8d req-3d7fa4af-1984-4c60-8f40-b6aeb8901d8d ] Request (ServerShowV247Test:tearDownClass): 200 GET http://10.180.1.21/compute/v2.1/servers/441dd70e-b58d-44bf-af0a-8af8f98b7cb6 0.109s
2025-04-07 15:22:30.254 69368 INFO tempest.lib.common.rest_client [req-2b6f7114-7eae-4a7c-ab2a-0f3ddd3cdf91 req-2b6f7114-7eae-4a7c-ab2a-0f3ddd3cdf91 ] Request (ImagesOneServerNegativeTestJSON:_run_cleanups): 200 GET http://10.180.1.21/compute/v2.1/servers/19b037df-29ea-4eda-910a-4a63de989d56 0.068s
2025-04-07 15:22:30.297 69360 INFO tempest.lib.common.rest_client [req-b09750b9-4c61-4894-a5e7-83e93d431a12 req-b09750b9-4c61-4894-a5e7-83e93d431a12 ] Request (ImagesTestJSON:test_create_image_from_stopped_server): 200 GET http://10.180.1.21/compute/v2.1/servers/fc69d818-c20d-44bc-beb7-abc311f7a88b 0.107s
2025-04-07 15:22:30.307 69388 INFO tempest.lib.common.rest_client [req-101b6023-42a7-4423-a88d-835fed1a3a7c req-101b6023-42a7-4423-a88d-835fed1a3a7c ] Request (AttachVolumeTestJSON:test_attach_detach_volume): 200 GET http://10.180.1.21/compute/v2.1/servers/2b819ac7-b7a4-4fef-beed-7bb48ef2609a 0.072s
2025-04-07 15:22:30.344 69374 INFO tempest.lib.common.rest_client [req-d4f8d328-89ec-4180-adf0-99a095c9bd9c req-d4f8d328-89ec-4180-adf0-99a095c9bd9c ] Request (MultipleCreateTestJSON:test_multiple_create): 200 GET http://10.180.1.21/compute/v2.1/servers/11ce291b-4b29-4b8e-8628-dfd110846a4b 0.099s
2025-04-07 15:22:30.363 69384 INFO tempest.lib.common.rest_client [req-1ed4fe25-4cb5-4fd7-baf5-f020066ef82e req-1ed4fe25-4cb5-4fd7-baf5-f020066ef82e ] Request (ServerActionsTestOtherB:setUpClass): 200 GET http://10.180.1.21/compute/v2.1/servers/4e37e840-c406-495d-aa68-055a59f23305 0.050s
2025-04-07 15:22:30.387 69356 INFO tempest.lib.common.rest_client [req-f7abcae0-d9c8-466c-9a5e-a452c6adea4c req-f7abcae0-d9c8-466c-9a5e-a452c6adea4c ] Request (ServerAddressesTestJSON:tearDownClass): 200 PUT http://10.180.1.21:9696/networking/v2.0/routers/b4bb1e9a-b4cb-4a51-8933-b27f6a1309c6/remove_router_interface 0.784s
2025-04-07 15:22:30.422 69348 INFO tempest.lib.common.rest_client [req-85087728-b3e9-46e2-91a5-ace2d3114b7e req-85087728-b3e9-46e2-91a5-ace2d3114b7e ] Request (ServersAdmin275Test:_run_cleanups): 200 GET http://10.180.1.21/compute/v2.1/servers/78d28055-b6b7-45c2-ad49-e68160a12da4 0.059s
2025-04-07 15:22:30.492 69392 INFO tempest.lib.common.rest_client [req-4fee3e2a-1b16-4acc-9e47-b9f9e2201387 req-4fee3e2a-1b16-4acc-9e47-b9f9e2201387 ] Request (FloatingIPsAssociationTestJSON:setUpClass): 200 GET http://10.180.1.21/compute/v2.1/servers/f2dbd19d-f34a-41c5-ba79-c57fe89ca8f4 0.167s
