2025-04-07 15:20:32.984 69394 INFO tempest.lib.common.rest_client [req-051aa880-971f-4fe4-86bb-f3e81530100f req-051aa880-971f-4fe4-86bb-f3e81530100f ] Request (KeyPairsNegativeTestJSON:setUpClass): 201 POST http://10.180.1.21/identity/v3/projects 0.293s
2025-04-07 15:20:33.019 69344 INFO tempest.lib.common.rest_client [req-620f0aff-4c05-4d1c-9a88-f177a7c3dacb req-620f0aff-4c05-4d1c-9a88-f177a7c3dacb ] Request (HypervisorAdminTestJSON:tearDownClass): 204 DELETE http://10.180.1.21:9696/networking/v2.0/security-groups/53d05a18-e5b9-4a5e-aae9-008681706ccd 0.213s
2025-04-07 15:20:33.049 69354 INFO tempest.lib.common.rest_client [req-77b1c614-07be-4a9e-9525-01c63048273c req-77b1c614-07be-4a9e-9525-01c63048273c ] Request (AbsoluteLimitsNegativeTestJSON:test_max_metadata_exceed_limit): 201 POST http://10.180.1.21/identity/v3/auth/tokens 0.229s
2025-04-07 15:20:33.050 69354 INFO tempest.lib.common.fixed_network [-] (AbsoluteLimitsNegativeTestJSON:test_max_metadata_exceed_limit) Found network None available for tenant
2025-04-07 15:20:33.060 69374 INFO tempest.lib.common.rest_client [req-42325ef0-ba3b-4c93-80f2-097aa8c518fb req-42325ef0-ba3b-4c93-80f2-097aa8c518fb ] Request (ServerExternalEventsTest:setUpClass): 201 POST http://10.180.1.21/identity/v3/projects 0.300s
2025-04-07 15:20:33.118 69386 INFO tempest.lib.common.rest_client [req-57266c96-8f9b-4889-9290-fdc1f5faf67d req-57266c96-8f9b-4889-9290-fdc1f5faf67d ] Request (ServicesAdminTestJSON:tearDownClass): 201 POST http://10.180.1.21/identity/v3/auth/tokens 0.296s
2025-04-07 15:20:33.137 69362 INFO tempest.lib.common.rest_client [req-ec791fa6-b23c-41a6-9d5a-29717b5f4192 req-ec791fa6-b23c-41a6-9d5a-29717b5f4192 ] Request (QuotaClassesAdminTestJSON:tearDownClass): 200 GET http://10.180.1.21:9696/networking/v2.0/security-groups?tenant_id=24a0a09890894f2fad32f378abcad3de&name=default 0.222s
2025-04-07 15:20:33.147 69394 INFO tempest.lib.common.rest_client [req-8d44e9b3-1f49-496b-9c4c-b7a18f4ebc0d req-8d44e9b3-1f49-496b-9c4c-b7a18f4ebc0d ] Request (KeyPairsNegativeTestJSON:setUpClass): 201 POST http://10.180.1.21/identity/v3/users 0.162s
2025-04-07 15:20:33.165 69340 INFO tempest.lib.common.rest_client [req-0f2f1b3c-cacb-4686-a6ae-b9e47cef0527 req-0f2f1b3c-cacb-4686-a6ae-b9e47cef0527 ] Request (FloatingIPDetailsTestJSON:test_get_floating_ip_details): 200 POST http://10.180.1.21/compute/v2.1/os-floating-ips 2.245s
2025-04-07 15:20:33.168 69401 INFO tempest.lib.common.rest_client [req-2f05170d-23de-4da2-8de3-5055ebea2b4f req-2f05170d-23de-4da2-8de3-5055ebea2b4f ] Request (FlavorMetadataValidation:tearDownClass): 200 GET http://10.180.1.21:9696/networking/v2.0/security-groups?tenant_id=837cc85c7f8d47deaabb6877487fe548&name=default 0.562s
2025-04-07 15:20:33.188 69364 INFO tempest.lib.common.rest_client [req-7011c98e-2178-4bc5-8874-7dfff8ed814c req-7011c98e-2178-4bc5-8874-7dfff8ed814c ] Request (FlavorsV2NegativeTest:test_boot_with_low_ram): 200 GET http://10.180.1.21/compute/v2.1/flavors/42 1.750s
2025-04-07 15:20:33.218 69344 INFO tempest.lib.common.rest_client [req-8e189676-0b3c-4419-b5cf-ba0f76062ec1 req-8e189676-0b3c-4419-b5cf-ba0f76062ec1 ] Request (HypervisorAdminTestJSON:tearDownClass): 204 DELETE http://10.180.1.21/identity/v3/projects/7ba88868524d4be78c11c5afd494acdf 0.198s
2025-04-07 15:20:33.282 69392 INFO tempest.lib.common.rest_client [req-b4c46d31-069b-4a3b-b078-e65379f4e46d req-b4c46d31-069b-4a3b-b078-e65379f4e46d ] Request (AggregatesAdminNegativeTestJSON:test_aggregate_add_existent_host): 409 POST http://10.180.1.21/compute/v2.1/os-aggregates/1/action 1.499s
2025-04-07 15:20:33.283 69374 INFO tempest.lib.common.rest_client [req-54c54a84-f3c8-4084-914a-69e02f7edb5c req-54c54a84-f3c8-4084-914a-69e02f7edb5c ] Request (ServerExternalEventsTest:setUpClass): 201 POST http://10.180.1.21/identity/v3/users 0.222s
2025-04-07 15:20:33.288 69398 INFO tempest.lib.common.rest_client [req-753a534d-59d1-4d12-9101-aa8978547177 req-753a534d-59d1-4d12-9101-aa8978547177 ] Request (HypervisorAdminNegativeUnderV252Test:test_show_servers_with_non_admin_user): 403 GET http://10.180.1.21/compute/v2.1/os-hypervisors/1/servers 1.480s
2025-04-07 15:20:33.308 69394 INFO tempest.lib.common.rest_client [req-737cd47c-ce59-46cc-9c5f-02fd5f5eefbe req-737cd47c-ce59-46cc-9c5f-02fd5f5eefbe ] Request (KeyPairsNegativeTestJSON:setUpClass): 200 GET http://10.180.1.21/identity/v3/roles 0.160s
2025-04-07 15:20:33.310 69401 INFO tempest.lib.common.rest_client [req-fdc5c405-4eb3-4495-98dc-5336080907b1 req-fdc5c405-4eb3-4495-98dc-5336080907b1 ] Request (FlavorMetadataValidation:tearDownClass): 204 DELETE http://10.180.1.21:9696/networking/v2.0/security-groups/8fcc1c05-300d-4a28-9f76-dee8a87e5f80 0.142s
2025-04-07 15:20:33.322 69362 INFO tempest.lib.common.rest_client [req-f4fd7b69-5ad5-486a-8050-1d186b799940 req-f4fd7b69-5ad5-486a-8050-1d186b799940 ] Request (QuotaClassesAdminTestJSON:tearDownClass): 204 DELETE http://10.180.1.21:9696/networking/v2.0/security-groups/4cf48134-e61f-48d5-87e8-5ba78d497e42 0.184s
2025-04-07 15:20:33.361 69344 INFO tempest.lib.common.rest_client [req-85d87c6a-2074-4a21-a5bd-15f571e323b8 req-85d87c6a-2074-4a21-a5bd-15f571e323b8 ] Request (NetworksTest:setUpClass): 201 POST http://10.180.1.21/identity/v3/auth/tokens 0.141s
2025-04-07 15:20:33.433 69368 INFO tempest.lib.common.rest_client [req-877303b1-c0e9-4c19-8190-3fd514ed0e6b req-877303b1-c0e9-4c19-8190-3fd514ed0e6b ] Request (ImagesOneServerNegativeTestJSON:setUpClass): 200 GET http://10.180.1.21/compute/v2.1/servers/6e43dee0-b274-4e49-898b-31eb6d19545a 1.527s
2025-04-07 15:20:33.442 69368 INFO tempest.common.waiters [-] State transition "BUILD/networking" ==> "BUILD/spawning" after 5 second wait
2025-04-07 15:20:33.445 69372 INFO tempest.lib.common.rest_client [req-c0d02249-cc42-4d2d-852d-0390f691a2ac req-c0d02249-cc42-4d2d-852d-0390f691a2ac ] Request (HypervisorAdminNegativeTestJSON:test_get_hypervisor_list_details_with_non_admin_user): 403 GET http://10.180.1.21/compute/v2.1/os-hypervisors/detail 1.804s
2025-04-07 15:20:33.472 69376 INFO tempest.lib.common.rest_client [req-34064e4f-4505-403f-87a7-6089dc3ee2d1 req-34064e4f-4505-403f-87a7-6089dc3ee2d1 ] Request (ServersWithSpecificFlavorTestJSON:test_verify_created_server_ephemeral_disk): 200 GET http://10.180.1.21/compute/v2.1/flavors/42/os-extra_specs 1.487s
2025-04-07 15:20:33.487 69348 INFO tempest.lib.common.rest_client [req-18fb8a74-430f-45ad-aae0-21e63b14be0e req-18fb8a74-430f-45ad-aae0-21e63b14be0e ] Request (FlavorsExtraSpecsTestJSON:test_flavor_non_admin_get_specific_key): 200 GET http://10.180.1.21/compute/v2.1/flavors/1493500211/os-extra_specs/hw:numa_nodes 1.475s
2025-04-07 15:20:33.497 69374 INFO tempest.lib.common.rest_client [req-35986d9e-c3b5-4ba2-9280-2e307b9492ac req-35986d9e-c3b5-4ba2-9280-2e307b9492ac ] Request (ServerExternalEventsTest:setUpClass): 200 GET http://10.180.1.21/identity/v3/roles 0.212s
2025-04-07 15:20:33.514 69378 INFO tempest.lib.common.rest_client [req-2cf37fba-dccf-43db-a4cb-b099ad80d0e8 req-2cf37fba-dccf-43db-a4cb-b099ad80d0e8 ] Request (ServicesAdminNegativeV253TestJSON:test_get_service_by_invalid_params): 200 GET http://10.180.1.21/compute/v2.1/os-services?xxx=nova-compute 1.476s
2025-04-07 15:20:33.522 69390 INFO tempest.lib.common.rest_client [req-0f355cc3-e937-48b1-a3bd-d9fccafa96cf req-0f355cc3-e937-48b1-a3bd-d9fccafa96cf ] Request (HostsAdminNegativeTestJSON:test_show_host_detail_with_non_admin_user): 403 GET http://10.180.1.21/compute/v2.1/os-hosts/devstack 1.399s
2025-04-07 15:20:33.532 69394 INFO tempest.lib.common.rest_client [req-198673b9-a1cf-4af2-8058-639ebd5d4ad6 req-198673b9-a1cf-4af2-8058-639ebd5d4ad6 ] Request (KeyPairsNegativeTestJSON:setUpClass): 204 PUT http://10.180.1.21/identity/v3/projects/8547e7e2a8e3415d9520c78f1df6a896/users/6db53b9a79e44785ab39eb095921f488/roles/0667384ee70d45e9b0f7b947a33e4ec8 0.223s
2025-04-07 15:20:33.532 69394 INFO tempest.lib.common.dynamic_creds [-] Dynamic test user 6db53b9a79e44785ab39eb095921f488 is created with scope project and roles: ['member']
2025-04-07 15:20:33.532 69394 INFO tempest.lib.common.dynamic_creds [-] Acquired dynamic creds: credentials: Credentials: {'domain_id': 'default', 'domain_name': 'Default', 'username': 'tempest-KeyPairsNegativeTestJSON-1217680829-project-member', 'project_domain_id': 'default', 'project_domain_name': 'Default', 'project_id': '8547e7e2a8e3415d9520c78f1df6a896', 'project_name': 'tempest-KeyPairsNegativeTestJSON-1217680829', 'tenant_id': '8547e7e2a8e3415d9520c78f1df6a896', 'tenant_name': 'tempest-KeyPairsNegativeTestJSON-1217680829', 'user_domain_id': 'default', 'user_domain_name': 'Default', 'user_id': '6db53b9a79e44785ab39eb095921f488', 'system': None}, Network: None, Subnet: None, Router: None
2025-04-07 15:20:33.535 69394 INFO tempest.lib.common.dynamic_creds [-] Created isolated network resources for: credentials: Credentials: {'domain_id': 'default', 'domain_name': 'Default', 'username': 'tempest-KeyPairsNegativeTestJSON-1217680829-project-member', 'project_domain_id': 'default', 'project_domain_name': 'Default', 'project_id': '8547e7e2a8e3415d9520c78f1df6a896', 'project_name': 'tempest-KeyPairsNegativeTestJSON-1217680829', 'tenant_id': '8547e7e2a8e3415d9520c78f1df6a896', 'tenant_name': 'tempest-KeyPairsNegativeTestJSON-1217680829', 'user_domain_id': 'default', 'user_domain_name': 'Default', 'user_id': '6db53b9a79e44785ab39eb095921f488', 'system': None}, Network: None, Subnet: None, Router: None
2025-04-07 15:20:33.547 69342 INFO tempest.lib.common.rest_client [req-0b939112-6680-4ee6-9476-d5977233427c req-0b939112-6680-4ee6-9476-d5977233427c ] Request (FlavorsAdminTestJSON:test_create_flavor_verify_entry_in_list_details): 200 GET http://10.180.1.21/compute/v2.1/flavors/detail 1.331s
2025-04-07 15:20:33.582 69401 INFO tempest.lib.common.rest_client [req-b3ee60bc-8c3b-444f-a01b-8dfe1952eec6 req-b3ee60bc-8c3b-444f-a01b-8dfe1952eec6 ] Request (FlavorMetadataValidation:tearDownClass): 204 DELETE http://10.180.1.21/identity/v3/projects/837cc85c7f8d47deaabb6877487fe548 0.270s
2025-04-07 15:20:33.583 69401 INFO tempest.lib.common.dynamic_creds [-] Deleting project and security group for project: 600ab69383544abcac1ea4a45224fec4
2025-04-07 15:20:33.614 69350 INFO tempest.lib.common.rest_client [req-2d4aa6b2-e7ae-428e-a33f-d3680628f85d req-2d4aa6b2-e7ae-428e-a33f-d3680628f85d ] Request (MigrationsAdminTest:test_list_migrations_in_flavor_resize_situation): 200 GET http://10.180.1.21/compute/v2.1/servers/235eb746-d8fa-4ebc-b8b5-234ab1e2d8fa 1.364s
2025-04-07 15:20:33.626 69338 INFO tempest.lib.common.rest_client [req-657f0f38-30b2-4c46-a161-8dc71554e010 req-657f0f38-30b2-4c46-a161-8dc71554e010 ] Request (KeyPairsV210TestJSON:test_admin_manage_keypairs_for_other_users): 200 GET http://10.180.1.21/compute/v2.1/os-keypairs/tempest-keypair-1994965993?user_id=32e875355fe94d50b5744fed8123fb9c 1.166s
2025-04-07 15:20:33.631 69352 INFO tempest.lib.common.rest_client [req-9e82df82-f9b3-4f4f-96b2-65f06105b044 req-9e82df82-f9b3-4f4f-96b2-65f06105b044 ] Request (FlavorsExtraSpecsNegativeTestJSON:test_flavor_non_admin_update_specific_key): 403 PUT http://10.180.1.21/compute/v2.1/flavors/1034229703/os-extra_specs/hw:numa_nodes 1.151s
2025-04-07 15:20:33.642 69344 INFO tempest.lib.common.rest_client [req-894e4510-38c5-4a46-b68e-5ed8c1226b76 req-894e4510-38c5-4a46-b68e-5ed8c1226b76 ] Request (NetworksTest:setUpClass): 201 POST http://10.180.1.21/identity/v3/auth/tokens 0.279s
2025-04-07 15:20:33.649 69356 INFO tempest.lib.common.rest_client [req-966f2ee1-25fe-4ad9-a80a-0b8c6b01af5b req-966f2ee1-25fe-4ad9-a80a-0b8c6b01af5b ] Request (FlavorsV2TestJSON:test_list_flavors_using_marker): 200 GET http://10.180.1.21/compute/v2.1/flavors/42 1.153s
2025-04-07 15:20:33.664 69384 INFO tempest.lib.common.rest_client [req-85ca7d2d-349d-471e-b422-b39299820d20 req-85ca7d2d-349d-471e-b422-b39299820d20 ] Request (FlavorsV261TestJSON:_run_cleanups): 202 DELETE http://10.180.1.21/compute/v2.1/flavors/100490662 0.815s
2025-04-07 15:20:33.672 69362 INFO tempest.lib.common.rest_client [req-5764e70b-dcee-451f-8a65-bedb7fc846af req-5764e70b-dcee-451f-8a65-bedb7fc846af ] Request (QuotaClassesAdminTestJSON:tearDownClass): 204 DELETE http://10.180.1.21/identity/v3/projects/24a0a09890894f2fad32f378abcad3de 0.350s
2025-04-07 15:20:33.703 69386 INFO tempest.lib.common.rest_client [req-7f04c60d-5eb5-4b53-b927-bc9aae924250 req-7f04c60d-5eb5-4b53-b927-bc9aae924250 ] Request (ServicesAdminTestJSON:tearDownClass): 200 GET http://10.180.1.21:9696/networking/v2.0/security-groups?tenant_id=2eba29fdf20a40429afa752f53157f3e&name=default 0.584s
2025-04-07 15:20:33.729 69401 INFO tempest.lib.common.rest_client [req-e1d05670-eb17-4782-ab08-cfb6bb1e9acd req-e1d05670-eb17-4782-ab08-cfb6bb1e9acd ] Request (FlavorMetadataValidation:tearDownClass): 200 GET http://10.180.1.21:9696/networking/v2.0/security-groups?tenant_id=600ab69383544abcac1ea4a45224fec4&name=default 0.146s
2025-04-07 15:20:33.765 69374 INFO tempest.lib.common.rest_client [req-41d8dab0-62f2-4de0-9c17-326bb289a576 req-41d8dab0-62f2-4de0-9c17-326bb289a576 ] Request (ServerExternalEventsTest:setUpClass): 204 PUT http://10.180.1.21/identity/v3/projects/25f5b847932346d8a638c31ce570d6bf/users/a6d8118019524ab59ab5c1daa6f58079/roles/09baf24a9792417abda4805db791e104 0.268s
2025-04-07 15:20:33.854 69394 INFO tempest.lib.common.rest_client [req-18bf38d3-6cb3-45b2-8bcc-b673f7f003eb req-18bf38d3-6cb3-45b2-8bcc-b673f7f003eb ] Request (KeyPairsNegativeTestJSON:setUpClass): 201 POST http://10.180.1.21/identity/v3/auth/tokens 0.314s
2025-04-07 15:20:33.875 69401 INFO tempest.lib.common.rest_client [req-408b86b9-6298-4dfe-baf7-be5dcee71adf req-408b86b9-6298-4dfe-baf7-be5dcee71adf ] Request (FlavorMetadataValidation:tearDownClass): 204 DELETE http://10.180.1.21:9696/networking/v2.0/security-groups/543c7798-7e66-4f08-881e-26ca0a5aa705 0.144s
2025-04-07 15:20:33.880 69386 INFO tempest.lib.common.rest_client [req-331f9a35-b0a2-4363-a536-e87bbed788b1 req-331f9a35-b0a2-4363-a536-e87bbed788b1 ] Request (ServicesAdminTestJSON:tearDownClass): 204 DELETE http://10.180.1.21:9696/networking/v2.0/security-groups/db5720e2-5df2-49d5-b6c4-910ddcf04ea5 0.177s
2025-04-07 15:20:33.886 69344 INFO tempest.lib.common.rest_client [req-e179639f-541c-47ed-9103-7904d9c50460 req-e179639f-541c-47ed-9103-7904d9c50460 ] Request (NetworksTest:setUpClass): 200 GET http://10.180.1.21/identity/v3/domains?name=Default 0.244s
2025-04-07 15:20:33.913 69362 INFO tempest.lib.common.rest_client [req-0f566d7c-9524-4857-b287-94300f475d50 req-0f566d7c-9524-4857-b287-94300f475d50 ] Request (ServersAdminTestJSON:setUpClass): 201 POST http://10.180.1.21/identity/v3/auth/tokens 0.238s
2025-04-07 15:20:33.993 69358 INFO tempest.lib.common.rest_client [req-ba2f388d-e95b-4168-8ace-dcb3f476e53c req-ba2f388d-e95b-4168-8ace-dcb3f476e53c ] Request (FlavorsAccessNegativeTestJSON:_run_cleanups): 200 POST http://10.180.1.21/compute/v2.1/flavors/679586664/action 2.033s
2025-04-07 15:20:34.002 69374 INFO tempest.lib.common.rest_client [req-61337a3a-dd71-41fe-b18a-8a31dd920deb req-61337a3a-dd71-41fe-b18a-8a31dd920deb ] Request (ServerExternalEventsTest:setUpClass): 200 GET http://10.180.1.21/identity/v3/roles 0.236s
2025-04-07 15:20:34.043 69346 INFO tempest.lib.common.rest_client [req-a3bcf6d5-7d67-418b-ae92-7a83d1ac9735 req-a3bcf6d5-7d67-418b-ae92-7a83d1ac9735 ] Request (VolumesAssistedSnapshotsTest:test_volume_assisted_snapshot_create_delete): 201 POST http://10.180.1.21:9696/networking/v2.0/floatingips 1.258s
2025-04-07 15:20:34.078 69401 INFO tempest.lib.common.rest_client [req-6049e12d-eebe-46e2-b83b-5bc6659fb6be req-6049e12d-eebe-46e2-b83b-5bc6659fb6be ] Request (FlavorMetadataValidation:tearDownClass): 204 DELETE http://10.180.1.21/identity/v3/projects/600ab69383544abcac1ea4a45224fec4 0.203s
2025-04-07 15:20:34.104 69340 INFO tempest.lib.common.rest_client [req-9f38aaa3-dbdb-4837-b756-4d1f45f2a328 req-9f38aaa3-dbdb-4837-b756-4d1f45f2a328 ] Request (FloatingIPDetailsTestJSON:test_get_floating_ip_details): 200 GET http://10.180.1.21/compute/v2.1/os-floating-ips/4164d57e-5f14-44c8-b2d9-f0dc85ea6e3c 0.937s
2025-04-07 15:20:34.112 69380 INFO tempest.lib.common.rest_client [req-47b16bb4-316a-41c7-b6a6-8b6c916c2a1d req-47b16bb4-316a-41c7-b6a6-8b6c916c2a1d ] Request (ListImageFiltersTestJSON:setUpClass): 204 PUT http://10.180.1.21/image/v2/images/d0aef1d7-3453-43a2-95d0-1313afbe9218/file 2.056s
2025-04-07 15:20:34.137 69344 INFO tempest.lib.common.rest_client [req-5a31f4a4-d428-451e-bb0c-e08d2c446d3e req-5a31f4a4-d428-451e-bb0c-e08d2c446d3e ] Request (NetworksTest:setUpClass): 201 POST http://10.180.1.21/identity/v3/projects 0.250s
2025-04-07 15:20:34.137 69386 INFO tempest.lib.common.rest_client [req-1a5bee4b-be83-4b36-8349-f0a6d33b8ce9 req-1a5bee4b-be83-4b36-8349-f0a6d33b8ce9 ] Request (ServicesAdminTestJSON:tearDownClass): 204 DELETE http://10.180.1.21/identity/v3/projects/2eba29fdf20a40429afa752f53157f3e 0.256s
2025-04-07 15:20:34.137 69386 INFO tempest.lib.common.dynamic_creds [-] Deleting project and security group for project: 08cfd70872e64a3cb7d7b363d8c0d3f9
2025-04-07 15:20:34.182 69396 INFO tempest.lib.common.rest_client [req-9746044a-c338-4b81-aeac-fbc890f70c5d req-9746044a-c338-4b81-aeac-fbc890f70c5d ] Request (ServerDiagnosticsTest:test_get_server_diagnostics): 200 GET http://10.180.1.21/compute/v2.1/servers/c24011d9-a2dd-4cec-9795-15f0aae55487 0.975s
2025-04-07 15:20:34.196 69396 INFO tempest.common.waiters [-] State transition "BUILD/None" ==> "BUILD/block_device_mapping" after 5 second wait
2025-04-07 15:20:34.198 69362 INFO tempest.lib.common.rest_client [req-0a2f0a8d-9c8d-4ecd-8b39-e719095dc5b5 req-0a2f0a8d-9c8d-4ecd-8b39-e719095dc5b5 ] Request (ServersAdminTestJSON:setUpClass): 201 POST http://10.180.1.21/identity/v3/auth/tokens 0.282s
2025-04-07 15:20:34.219 69374 INFO tempest.lib.common.rest_client [req-1ad71a8f-717f-4db7-8ec9-2292271041b5 req-1ad71a8f-717f-4db7-8ec9-2292271041b5 ] Request (ServerExternalEventsTest:setUpClass): 204 PUT http://10.180.1.21/identity/v3/projects/25f5b847932346d8a638c31ce570d6bf/users/a6d8118019524ab59ab5c1daa6f58079/roles/09baf24a9792417abda4805db791e104 0.216s
2025-04-07 15:20:34.220 69374 INFO tempest.lib.common.dynamic_creds [-] Dynamic test user a6d8118019524ab59ab5c1daa6f58079 is created with scope project and roles: ['admin']
2025-04-07 15:20:34.220 69374 INFO tempest.lib.common.dynamic_creds [-] Acquired dynamic creds: credentials: Credentials: {'domain_id': 'default', 'domain_name': 'Default', 'username': 'tempest-ServerExternalEventsTest-1251972406-project-admin', 'project_domain_id': 'default', 'project_domain_name': 'Default', 'project_id': '25f5b847932346d8a638c31ce570d6bf', 'project_name': 'tempest-ServerExternalEventsTest-1251972406', 'tenant_id': '25f5b847932346d8a638c31ce570d6bf', 'tenant_name': 'tempest-ServerExternalEventsTest-1251972406', 'user_domain_id': 'default', 'user_domain_name': 'Default', 'user_id': 'a6d8118019524ab59ab5c1daa6f58079', 'system': None}, Network: None, Subnet: None, Router: None
2025-04-07 15:20:34.220 69374 INFO tempest.lib.common.dynamic_creds [-] Created isolated network resources for: credentials: Credentials: {'domain_id': 'default', 'domain_name': 'Default', 'username': 'tempest-ServerExternalEventsTest-1251972406-project-admin', 'project_domain_id': 'default', 'project_domain_name': 'Default', 'project_id': '25f5b847932346d8a638c31ce570d6bf', 'project_name': 'tempest-ServerExternalEventsTest-1251972406', 'tenant_id': '25f5b847932346d8a638c31ce570d6bf', 'tenant_name': 'tempest-ServerExternalEventsTest-1251972406', 'user_domain_id': 'default', 'user_domain_name': 'Default', 'user_id': 'a6d8118019524ab59ab5c1daa6f58079', 'system': None}, Network: None, Subnet: None, Router: None
2025-04-07 15:20:34.269 69346 INFO tempest.lib.common.rest_client [req-418099fe-1f80-4670-85ca-ec4c68040aa8 req-418099fe-1f80-4670-85ca-ec4c68040aa8 ] Request (VolumesAssistedSnapshotsTest:test_volume_assisted_snapshot_create_delete): 201 POST http://10.180.1.21/identity/v3/auth/tokens 0.221s
2025-04-07 15:20:34.270 69346 INFO tempest.lib.common.fixed_network [-] (VolumesAssistedSnapshotsTest:test_volume_assisted_snapshot_create_delete) Found network {'id': '3dcc7768-442e-4b2d-ac5c-2a0b9483cd95', 'name': 'tempest-VolumesAssistedSnapshotsTest-618977497-network', 'tenant_id': '7eb8156202f0438daeda70b7963c6ddd', 'admin_state_up': True, 'mtu': 8950, 'status': 'ACTIVE', 'subnets': [], 'shared': False, 'project_id': '7eb8156202f0438daeda70b7963c6ddd', 'port_security_enabled': True, 'router:external': False, 'provider:network_type': 'vlan', 'provider:physical_network': 'default', 'provider:segmentation_id': 58, 'availability_zone_hints': [], 'availability_zones': [], 'ipv4_address_scope': None, 'ipv6_address_scope': None, 'description': '', 'tags': [], 'created_at': '2025-04-07T15:20:15Z', 'updated_at': '2025-04-07T15:20:15Z', 'revision_number': 1} available for tenant
2025-04-07 15:20:34.275 69364 INFO tempest.lib.common.rest_client [req-87399038-9cee-42be-afea-8d67dabafd89 req-87399038-9cee-42be-afea-8d67dabafd89 ] Request (FlavorsV2NegativeTest:test_boot_with_low_ram): 201 POST http://10.180.1.21/image/v2/images 1.076s
2025-04-07 15:20:34.294 69401 INFO tempest.lib.common.rest_client [req-9d20717e-8319-4d7b-926e-e0dca5fe13fa req-9d20717e-8319-4d7b-926e-e0dca5fe13fa ] Request (ServicesAdminNegativeTestJSON:setUpClass): 201 POST http://10.180.1.21/identity/v3/auth/tokens 0.215s
2025-04-07 15:20:34.320 69362 INFO tempest.lib.common.rest_client [req-25c877ba-ea16-4355-b0ca-d8415459f891 req-25c877ba-ea16-4355-b0ca-d8415459f891 ] Request (ServersAdminTestJSON:setUpClass): 200 GET http://10.180.1.21/identity/v3/domains?name=Default 0.122s
2025-04-07 15:20:34.329 69344 INFO tempest.lib.common.rest_client [req-f81c9cbc-aa60-4e49-857a-dd24350deffe req-f81c9cbc-aa60-4e49-857a-dd24350deffe ] Request (NetworksTest:setUpClass): 201 POST http://10.180.1.21/identity/v3/users 0.189s
2025-04-07 15:20:34.375 69354 INFO tempest.lib.common.rest_client [req-fd4c7027-5c02-466b-abb5-4f04d6dd35fd req-fd4c7027-5c02-466b-abb5-4f04d6dd35fd ] Request (AbsoluteLimitsNegativeTestJSON:test_max_metadata_exceed_limit): 403 POST http://10.180.1.21/compute/v2.1/servers 1.324s
2025-04-07 15:20:34.386 69386 INFO tempest.lib.common.rest_client [req-bec2c870-5978-4712-a9be-9594f86d53fb req-bec2c870-5978-4712-a9be-9594f86d53fb ] Request (ServicesAdminTestJSON:tearDownClass): 200 GET http://10.180.1.21:9696/networking/v2.0/security-groups?tenant_id=08cfd70872e64a3cb7d7b363d8c0d3f9&name=default 0.248s
2025-04-07 15:20:34.390 69374 INFO tempest.lib.common.rest_client [req-878e0ebb-98dd-46eb-b684-415d9d793014 req-878e0ebb-98dd-46eb-b684-415d9d793014 ] Request (ServerExternalEventsTest:setUpClass): 201 POST http://10.180.1.21/identity/v3/auth/tokens 0.166s
2025-04-07 15:20:34.399 69388 INFO tempest.lib.common.rest_client [req-1f78bf74-4e88-4db0-9f06-31fcce6c7eee req-1f78bf74-4e88-4db0-9f06-31fcce6c7eee ] Request (ServerAddressesNegativeTestJSON:setUpClass): 200 PUT http://10.180.1.21:9696/networking/v2.0/routers/5fc69f13-5184-40d0-a98f-ead29df327e8/add_router_interface 1.991s
2025-04-07 15:20:34.400 69388 INFO tempest.lib.common.dynamic_creds [-] Created isolated network resources for: credentials: Credentials: {'domain_id': 'default', 'domain_name': 'Default', 'username': 'tempest-ServerAddressesNegativeTestJSON-491975539-project-member', 'project_domain_id': 'default', 'project_domain_name': 'Default', 'project_id': '4e38633bbe024786a5039ffebe6e0357', 'project_name': 'tempest-ServerAddressesNegativeTestJSON-491975539', 'tenant_id': '4e38633bbe024786a5039ffebe6e0357', 'tenant_name': 'tempest-ServerAddressesNegativeTestJSON-491975539', 'user_domain_id': 'default', 'user_domain_name': 'Default', 'user_id': '414979fdd5064e5a93449d7d7ee2329b', 'system': None}, Network: {'id': '4f180af2-efe4-479b-960b-62c069be9ecc', 'name': 'tempest-ServerAddressesNegativeTestJSON-772279455-network', 'tenant_id': '4e38633bbe024786a5039ffebe6e0357', 'admin_state_up': True, 'mtu': 8950, 'status': 'ACTIVE', 'subnets': [], 'shared': False, 'project_id': '4e38633bbe024786a5039ffebe6e0357', 'port_security_enabled': True, 'router:external': False, 'provider:network_type': 'vlan', 'provider:physical_network': 'default', 'provider:segmentation_id': 598, 'availability_zone_hints': [], 'availability_zones': [], 'ipv4_address_scope': None, 'ipv6_address_scope': None, 'description': '', 'tags': [], 'created_at': '2025-04-07T15:20:31Z', 'updated_at': '2025-04-07T15:20:31Z', 'revision_number': 1}, Subnet: {'id': '2f20f2da-00a3-4b31-9fb7-2798ff1815dc', 'name': 'tempest-ServerAddressesNegativeTestJSON-772279455-subnet', 'tenant_id': '4e38633bbe024786a5039ffebe6e0357', 'network_id': '4f180af2-efe4-479b-960b-62c069be9ecc', 'ip_version': 4, 'subnetpool_id': None, 'enable_dhcp': True, 'ipv6_ra_mode': None, 'ipv6_address_mode': None, 'gateway_ip': '192.168.128.1', 'cidr': '192.168.128.0/28', 'allocation_pools': [{'start': '192.168.128.2', 'end': '192.168.128.14'}], 'host_routes': [], 'dns_nameservers': [], 'description': '', 'router:external': False, 'service_types': [], 'tags': [], 'created_at': '2025-04-07T15:20:31Z', 'updated_at': '2025-04-07T15:20:31Z', 'revision_number': 0, 'project_id': '4e38633bbe024786a5039ffebe6e0357'}, Router: {'id': '5fc69f13-5184-40d0-a98f-ead29df327e8', 'name': 'tempest-ServerAddressesNegativeTestJSON-772279455-router', 'tenant_id': '4e38633bbe024786a5039ffebe6e0357', 'admin_state_up': True, 'status': 'ACTIVE', 'external_gateway_info': {'network_id': '8abb5fba-f541-40c4-a7c6-b5776e68f121', 'external_fixed_ips': [{'subnet_id': '2d7ebc31-3b47-4d9b-80cf-bd5fd67b05c3', 'ip_address': '10.180.180.191'}], 'enable_snat': True}, 'description': '', 'availability_zones': [], 'distributed': False, 'ha': False, 'availability_zone_hints': [], 'routes': [], 'flavor_id': None, 'tags': [], 'created_at': '2025-04-07T15:20:31Z', 'updated_at': '2025-04-07T15:20:31Z', 'revision_number': 2, 'project_id': '4e38633bbe024786a5039ffebe6e0357'}
2025-04-07 15:20:34.414 69401 INFO tempest.lib.common.rest_client [req-0ff3a549-c55d-4868-b3f9-d3602d50ae91 req-0ff3a549-c55d-4868-b3f9-d3602d50ae91 ] Request (ServicesAdminNegativeTestJSON:setUpClass): 201 POST http://10.180.1.21/identity/v3/auth/tokens 0.117s
2025-04-07 15:20:34.434 69344 INFO tempest.lib.common.rest_client [req-fa116fe9-d6f8-4ea4-a042-7221e657e544 req-fa116fe9-d6f8-4ea4-a042-7221e657e544 ] Request (NetworksTest:setUpClass): 200 GET http://10.180.1.21/identity/v3/roles 0.105s
2025-04-07 15:20:34.438 69370 INFO tempest.lib.common.rest_client [req-9d6d7eee-6c14-4f67-b62a-6f9f8a3334e9 req-9d6d7eee-6c14-4f67-b62a-6f9f8a3334e9 ] Request (DeleteServersAdminTestJSON:test_admin_delete_servers_of_others): 200 GET http://10.180.1.21/compute/v2.1/servers/58f0ea0e-f9cb-4f35-b86e-1e6b03817dd0 1.149s
2025-04-07 15:20:34.454 69398 INFO tempest.lib.common.rest_client [req-ef2fb726-6ef5-450e-8dc9-0526565f9127 req-ef2fb726-6ef5-450e-8dc9-0526565f9127 ] Request (HypervisorAdminNegativeUnderV252Test:test_show_servers_with_nonexistent_hypervisor): 404 GET http://10.180.1.21/compute/v2.1/os-hypervisors/7d3b8cb2-d3c5-43e6-890c-745a146cd4cd/servers 1.164s
2025-04-07 15:20:34.454 69362 INFO tempest.lib.common.rest_client [req-8c6aa87c-c62e-469f-ad6f-d65c3b302026 req-8c6aa87c-c62e-469f-ad6f-d65c3b302026 ] Request (ServersAdminTestJSON:setUpClass): 201 POST http://10.180.1.21/identity/v3/projects 0.133s
2025-04-07 15:20:34.520 69374 INFO tempest.lib.common.rest_client [req-befe3759-bb96-4837-ad25-b4b95e602c0d req-befe3759-bb96-4837-ad25-b4b95e602c0d ] Request (ServerExternalEventsTest:setUpClass): 201 POST http://10.180.1.21/identity/v3/projects 0.129s
2025-04-07 15:20:34.523 69386 INFO tempest.lib.common.rest_client [req-6e48de02-2b65-4307-8a1c-c99f8bfd26c0 req-6e48de02-2b65-4307-8a1c-c99f8bfd26c0 ] Request (ServicesAdminTestJSON:tearDownClass): 204 DELETE http://10.180.1.21:9696/networking/v2.0/security-groups/c154d311-3f89-417d-90ee-1c4b1c18706d 0.136s
2025-04-07 15:20:34.525 69360 INFO tempest.lib.common.rest_client [req-7e496dab-cffd-45d1-b19e-5783628e0dc7 req-7e496dab-cffd-45d1-b19e-5783628e0dc7 ] Request (ServerDiagnosticsV248Test:test_get_server_diagnostics): 200 GET http://10.180.1.21/compute/v2.1/servers/0756fd81-2119-42d0-bc4c-48cced1ab630 1.105s
2025-04-07 15:20:34.531 69372 INFO tempest.lib.common.rest_client [req-7f633692-f8d1-435c-94b3-c2e1791b5b7b req-7f633692-f8d1-435c-94b3-c2e1791b5b7b ] Request (HypervisorAdminNegativeTestJSON:test_get_hypervisor_list_with_non_admin_user): 403 GET http://10.180.1.21/compute/v2.1/os-hypervisors 1.084s
2025-04-07 15:20:34.554 69376 INFO tempest.lib.common.rest_client [req-10711734-6fe2-4d9d-aa75-7c194caba75a req-10711734-6fe2-4d9d-aa75-7c194caba75a ] Request (ServersWithSpecificFlavorTestJSON:test_verify_created_server_ephemeral_disk): 200 POST http://10.180.1.21/compute/v2.1/flavors/1149073812/os-extra_specs 1.080s
2025-04-07 15:20:34.554 69354 INFO tempest.lib.common.rest_client [req-982eaa22-6120-40bf-8011-e97eae337332 req-982eaa22-6120-40bf-8011-e97eae337332 ] Request (AbsoluteLimitsNegativeTestJSON:tearDownClass): 204 DELETE http://10.180.1.21/identity/v3/users/a29a6870a5c44eac98266d301afe8321 0.177s
2025-04-07 15:20:34.554 69354 INFO tempest.lib.common.dynamic_creds [-] Deleting project and security group for project: 4cbc5f1e6c094ddabb4f838778569a20
2025-04-07 15:20:34.578 69348 INFO tempest.lib.common.rest_client [req-c307d509-5516-4d20-b671-3d2ec94d75d9 req-c307d509-5516-4d20-b671-3d2ec94d75d9 ] Request (FlavorsExtraSpecsTestJSON:test_flavor_set_get_update_show_unset_keys): 200 POST http://10.180.1.21/compute/v2.1/flavors/1493500211/os-extra_specs 1.089s
2025-04-07 15:20:34.582 69388 INFO tempest.lib.common.rest_client [req-8fe1edc9-7be8-4f9c-9387-999057383a5c req-8fe1edc9-7be8-4f9c-9387-999057383a5c ] Request (ServerAddressesNegativeTestJSON:setUpClass): 201 POST http://10.180.1.21/identity/v3/auth/tokens 0.178s
2025-04-07 15:20:34.600 69378 INFO tempest.lib.common.rest_client [req-c625d681-b7e7-41d7-aeeb-d349b253e2b3 req-c625d681-b7e7-41d7-aeeb-d349b253e2b3 ] Request (ServicesAdminNegativeV253TestJSON:test_get_service_by_invalid_service_and_valid_host): 200 GET http://10.180.1.21/compute/v2.1/os-services 1.081s
2025-04-07 15:20:34.613 69390 INFO tempest.lib.common.rest_client [req-d27d0f54-71c3-42f4-bf06-356776c696aa req-d27d0f54-71c3-42f4-bf06-356776c696aa ] Request (HostsAdminNegativeTestJSON:test_show_host_detail_with_nonexistent_hostname): 404 GET http://10.180.1.21/compute/v2.1/os-hosts/nonexistent_hostname 1.089s
2025-04-07 15:20:34.614 69366 INFO tempest.lib.common.rest_client [req-aa63bf54-9b3c-4463-8c00-a2beb01d1dfd req-aa63bf54-9b3c-4463-8c00-a2beb01d1dfd ] Request (QuotasAdminTestV236:test_get_updated_quotas): 200 GET http://10.180.1.21/identity/v3/domains?name=Default 0.207s
2025-04-07 15:20:34.630 69342 INFO tempest.lib.common.rest_client [req-d884c659-841f-4a4f-b6bd-9d3c1b49bc2a req-d884c659-841f-4a4f-b6bd-9d3c1b49bc2a ] Request (FlavorsAdminTestJSON:_run_cleanups): 202 DELETE http://10.180.1.21/compute/v2.1/flavors/145518815 1.077s
2025-04-07 15:20:34.663 69338 INFO tempest.lib.common.rest_client [req-2a064cfe-b9a3-4c09-8386-003cf9109701 req-2a064cfe-b9a3-4c09-8386-003cf9109701 ] Request (KeyPairsV210TestJSON:test_admin_manage_keypairs_for_other_users): 201 POST http://10.180.1.21/compute/v2.1/os-keypairs 1.034s
2025-04-07 15:20:34.668 69401 INFO tempest.lib.common.rest_client [req-31e64a6c-0e17-4560-936a-0cd9eb4b1049 req-31e64a6c-0e17-4560-936a-0cd9eb4b1049 ] Request (ServicesAdminNegativeTestJSON:setUpClass): 200 GET http://10.180.1.21/identity/v3/domains?name=Default 0.252s
2025-04-07 15:20:34.673 69352 INFO tempest.lib.common.rest_client [req-cd231a66-4bcb-4d1f-9af2-7152e5c9c130 req-cd231a66-4bcb-4d1f-9af2-7152e5c9c130 ] Request (FlavorsExtraSpecsNegativeTestJSON:test_flavor_unset_nonexistent_key): 404 DELETE http://10.180.1.21/compute/v2.1/flavors/1034229703/os-extra_specs/hw:cpu_thread_policy 1.041s
2025-04-07 15:20:34.687 69344 INFO tempest.lib.common.rest_client [req-6d264e75-60dc-4d8b-952d-6def476b46a3 req-6d264e75-60dc-4d8b-952d-6def476b46a3 ] Request (NetworksTest:setUpClass): 204 PUT http://10.180.1.21/identity/v3/projects/2d9f104ffa6141f79fe5b7702c95e759/users/f7ec57d394ec42058c321195f0ec60d9/roles/0667384ee70d45e9b0f7b947a33e4ec8 0.252s
2025-04-07 15:20:34.687 69344 INFO tempest.lib.common.dynamic_creds [-] Dynamic test user f7ec57d394ec42058c321195f0ec60d9 is created with scope project and roles: ['member']
2025-04-07 15:20:34.688 69344 INFO tempest.lib.common.dynamic_creds [-] Acquired dynamic creds: credentials: Credentials: {'domain_id': 'default', 'domain_name': 'Default', 'username': 'tempest-NetworksTest-1396233965-project-member', 'project_domain_id': 'default', 'project_domain_name': 'Default', 'project_id': '2d9f104ffa6141f79fe5b7702c95e759', 'project_name': 'tempest-NetworksTest-1396233965', 'tenant_id': '2d9f104ffa6141f79fe5b7702c95e759', 'tenant_name': 'tempest-NetworksTest-1396233965', 'user_domain_id': 'default', 'user_domain_name': 'Default', 'user_id': 'f7ec57d394ec42058c321195f0ec60d9', 'system': None}, Network: None, Subnet: None, Router: None
2025-04-07 15:20:34.688 69344 INFO tempest.lib.common.dynamic_creds [-] Created isolated network resources for: credentials: Credentials: {'domain_id': 'default', 'domain_name': 'Default', 'username': 'tempest-NetworksTest-1396233965-project-member', 'project_domain_id': 'default', 'project_domain_name': 'Default', 'project_id': '2d9f104ffa6141f79fe5b7702c95e759', 'project_name': 'tempest-NetworksTest-1396233965', 'tenant_id': '2d9f104ffa6141f79fe5b7702c95e759', 'tenant_name': 'tempest-NetworksTest-1396233965', 'user_domain_id': 'default', 'user_domain_name': 'Default', 'user_id': 'f7ec57d394ec42058c321195f0ec60d9', 'system': None}, Network: None, Subnet: None, Router: None
2025-04-07 15:20:34.693 69356 INFO tempest.lib.common.rest_client [req-4fbb7e96-2f92-42a0-9d23-8839674b047c req-4fbb7e96-2f92-42a0-9d23-8839674b047c ] Request (FlavorsV2TestJSON:test_list_flavors_using_marker): 200 GET http://10.180.1.21/compute/v2.1/flavors?marker=42 1.040s
2025-04-07 15:20:34.693 69362 INFO tempest.lib.common.rest_client [req-38f5bfa0-0404-473a-a2e5-18335c44cb02 req-38f5bfa0-0404-473a-a2e5-18335c44cb02 ] Request (ServersAdminTestJSON:setUpClass): 201 POST http://10.180.1.21/identity/v3/users 0.238s
2025-04-07 15:20:34.717 69384 INFO tempest.lib.common.rest_client [req-b94d127b-74cc-4289-b2c4-f61548bbd2af req-b94d127b-74cc-4289-b2c4-f61548bbd2af ] Request (FlavorsV261TestJSON:_run_cleanups): 200 GET http://10.180.1.21/compute/v2.1/flavors/detail 1.052s
2025-04-07 15:20:34.795 69398 INFO tempest.lib.common.rest_client [req-6b2f6430-9b7e-423a-a728-5553f282f139 req-6b2f6430-9b7e-423a-a728-5553f282f139 ] Request (HypervisorAdminNegativeUnderV252Test:tearDownClass): 204 DELETE http://10.180.1.21/identity/v3/users/34665ae3e5cb405ba8da776987951fdb 0.339s
2025-04-07 15:20:34.853 69374 INFO tempest.lib.common.rest_client [req-66d7473b-f062-454f-a79f-881b3e455dce req-66d7473b-f062-454f-a79f-881b3e455dce ] Request (ServerExternalEventsTest:setUpClass): 201 POST http://10.180.1.21/identity/v3/users 0.333s
2025-04-07 15:20:34.879 69392 INFO tempest.lib.common.rest_client [req-23b65431-e779-42cb-98c3-00db1aaa8958 req-23b65431-e779-42cb-98c3-00db1aaa8958 ] Request (AggregatesAdminNegativeTestJSON:_run_cleanups): 200 POST http://10.180.1.21/compute/v2.1/os-aggregates/1/action 1.596s
2025-04-07 15:20:34.884 69386 INFO tempest.lib.common.rest_client [req-f8ea7b00-e5f8-4462-931f-08b8d3c4eed1 req-f8ea7b00-e5f8-4462-931f-08b8d3c4eed1 ] Request (ServicesAdminTestJSON:tearDownClass): 204 DELETE http://10.180.1.21/identity/v3/projects/08cfd70872e64a3cb7d7b363d8c0d3f9 0.360s
2025-04-07 15:20:34.895 69358 INFO tempest.lib.common.rest_client [req-da684539-8758-4e86-9e48-43033ba565b3 req-da684539-8758-4e86-9e48-43033ba565b3 ] Request (FlavorsAccessNegativeTestJSON:_run_cleanups): 202 DELETE http://10.180.1.21/compute/v2.1/flavors/679586664 0.900s
2025-04-07 15:20:34.933 69354 INFO tempest.lib.common.rest_client [req-a70b3573-8305-4fb1-b841-539fd3760fba req-a70b3573-8305-4fb1-b841-539fd3760fba ] Request (AbsoluteLimitsNegativeTestJSON:tearDownClass): 201 POST http://10.180.1.21/identity/v3/auth/tokens 0.378s
2025-04-07 15:20:34.954 69388 INFO tempest.lib.common.rest_client [req-0dcbb65e-f3f0-4529-a42c-953e9513acf5 req-0dcbb65e-f3f0-4529-a42c-953e9513acf5 ] Request (ServerAddressesNegativeTestJSON:setUpClass): 201 POST http://10.180.1.21/identity/v3/auth/tokens 0.366s
2025-04-07 15:20:34.955 69388 INFO tempest.lib.common.fixed_network [-] (ServerAddressesNegativeTestJSON:setUpClass) Found network {'id': '4f180af2-efe4-479b-960b-62c069be9ecc', 'name': 'tempest-ServerAddressesNegativeTestJSON-772279455-network', 'tenant_id': '4e38633bbe024786a5039ffebe6e0357', 'admin_state_up': True, 'mtu': 8950, 'status': 'ACTIVE', 'subnets': [], 'shared': False, 'project_id': '4e38633bbe024786a5039ffebe6e0357', 'port_security_enabled': True, 'router:external': False, 'provider:network_type': 'vlan', 'provider:physical_network': 'default', 'provider:segmentation_id': 598, 'availability_zone_hints': [], 'availability_zones': [], 'ipv4_address_scope': None, 'ipv6_address_scope': None, 'description': '', 'tags': [], 'created_at': '2025-04-07T15:20:31Z', 'updated_at': '2025-04-07T15:20:31Z', 'revision_number': 1} available for tenant
2025-04-07 15:20:34.997 69366 INFO tempest.lib.common.rest_client [req-20a4d1a9-8ecd-4a1e-b7c7-14ae639af83e req-20a4d1a9-8ecd-4a1e-b7c7-14ae639af83e ] Request (QuotasAdminTestV236:test_get_updated_quotas): 201 POST http://10.180.1.21/identity/v3/projects 0.382s
2025-04-07 15:20:35.054 69362 INFO tempest.lib.common.rest_client [req-cfa03815-aeba-442c-ab60-46e15d602532 req-cfa03815-aeba-442c-ab60-46e15d602532 ] Request (ServersAdminTestJSON:setUpClass): 200 GET http://10.180.1.21/identity/v3/roles 0.360s
2025-04-07 15:20:35.057 69401 INFO tempest.lib.common.rest_client [req-a551ac58-772f-4b0f-8d1d-ec20dd2bbf21 req-a551ac58-772f-4b0f-8d1d-ec20dd2bbf21 ] Request (ServicesAdminNegativeTestJSON:setUpClass): 201 POST http://10.180.1.21/identity/v3/projects 0.387s
2025-04-07 15:20:35.116 69344 INFO tempest.lib.common.rest_client [req-f2ecb11e-f1ef-4bbe-a4a7-ef172c4d38b1 req-f2ecb11e-f1ef-4bbe-a4a7-ef172c4d38b1 ] Request (NetworksTest:setUpClass): 201 POST http://10.180.1.21/identity/v3/auth/tokens 0.423s
2025-04-07 15:20:35.148 69394 INFO tempest.lib.common.rest_client [req-e1fddd74-1654-4cde-9710-6921c2285380 req-e1fddd74-1654-4cde-9710-6921c2285380 ] Request (KeyPairsNegativeTestJSON:test_create_keypair_invalid_name): 400 POST http://10.180.1.21/compute/v2.1/os-keypairs 1.291s
2025-04-07 15:20:35.178 69380 INFO tempest.lib.common.rest_client [req-4390be9b-5aa7-481a-83db-0718a0f8e3d5 req-4390be9b-5aa7-481a-83db-0718a0f8e3d5 ] Request (ListImageFiltersTestJSON:setUpClass): 200 GET http://10.180.1.21/compute/v2.1/images/d0aef1d7-3453-43a2-95d0-1313afbe9218 1.065s
2025-04-07 15:20:35.211 69384 INFO tempest.lib.common.rest_client [req-eb892414-d905-450d-a8ab-25fe3b97be00 req-eb892414-d905-450d-a8ab-25fe3b97be00 ] Request (FlavorsV261TestJSON:tearDownClass): 204 DELETE http://10.180.1.21/identity/v3/users/c2aee3a5c6924ad789ac4a849f5ddeda 0.483s
2025-04-07 15:20:35.246 69340 INFO tempest.lib.common.rest_client [req-dd6b090b-9e06-406a-9aea-890b52a26f36 req-dd6b090b-9e06-406a-9aea-890b52a26f36 ] Request (FloatingIPDetailsTestJSON:_run_cleanups): 202 DELETE http://10.180.1.21/compute/v2.1/os-floating-ips/4164d57e-5f14-44c8-b2d9-f0dc85ea6e3c 1.139s
2025-04-07 15:20:35.274 69398 INFO tempest.lib.common.rest_client [req-7837926a-6e57-40db-baaf-f8a9865210c0 req-7837926a-6e57-40db-baaf-f8a9865210c0 ] Request (HypervisorAdminNegativeUnderV252Test:tearDownClass): 204 DELETE http://10.180.1.21/identity/v3/users/daa84c5fcaa24707a1f2705fdf2a6b0f 0.478s
2025-04-07 15:20:35.274 69398 INFO tempest.lib.common.dynamic_creds [-] Deleting project and security group for project: 36a12e43d4884d1fbe61c8524942e02a
2025-04-07 15:20:35.292 69374 INFO tempest.lib.common.rest_client [req-9ba0dd52-28ba-49c7-b6f6-5e466432c5f9 req-9ba0dd52-28ba-49c7-b6f6-5e466432c5f9 ] Request (ServerExternalEventsTest:setUpClass): 200 GET http://10.180.1.21/identity/v3/roles 0.439s
2025-04-07 15:20:35.324 69386 INFO tempest.lib.common.rest_client [req-dbf230cc-467a-4cf0-a3fa-89583adb8832 req-dbf230cc-467a-4cf0-a3fa-89583adb8832 ] Request (ImagesNegativeTestJSON:setUpClass): 201 POST http://10.180.1.21/identity/v3/auth/tokens 0.438s
2025-04-07 15:20:35.375 69366 INFO tempest.lib.common.rest_client [req-30fdb291-6d95-4f2d-bfbd-c349825cd7fb req-30fdb291-6d95-4f2d-bfbd-c349825cd7fb ] Request (QuotasAdminTestV236:test_get_updated_quotas): 200 GET http://10.180.1.21/identity/v3/domains?name=Default 0.377s
2025-04-07 15:20:35.408 69362 INFO tempest.lib.common.rest_client [req-35689f14-a03c-4354-80d2-13599d7a0f2f req-35689f14-a03c-4354-80d2-13599d7a0f2f ] Request (ServersAdminTestJSON:setUpClass): 204 PUT http://10.180.1.21/identity/v3/projects/1048ae8b29ca4ca3b6eab61fa5c38041/users/e9608277d3d04a8090a8076aa638b669/roles/0667384ee70d45e9b0f7b947a33e4ec8 0.354s
2025-04-07 15:20:35.409 69362 INFO tempest.lib.common.dynamic_creds [-] Dynamic test user e9608277d3d04a8090a8076aa638b669 is created with scope project and roles: ['member']
2025-04-07 15:20:35.409 69362 INFO tempest.lib.common.dynamic_creds [-] Acquired dynamic creds: credentials: Credentials: {'domain_id': 'default', 'domain_name': 'Default', 'username': 'tempest-ServersAdminTestJSON-1215215533-project-member', 'project_domain_id': 'default', 'project_domain_name': 'Default', 'project_id': '1048ae8b29ca4ca3b6eab61fa5c38041', 'project_name': 'tempest-ServersAdminTestJSON-1215215533', 'tenant_id': '1048ae8b29ca4ca3b6eab61fa5c38041', 'tenant_name': 'tempest-ServersAdminTestJSON-1215215533', 'user_domain_id': 'default', 'user_domain_name': 'Default', 'user_id': 'e9608277d3d04a8090a8076aa638b669', 'system': None}, Network: None, Subnet: None, Router: None
2025-04-07 15:20:35.488 69401 INFO tempest.lib.common.rest_client [req-f3736b57-0f20-4315-a564-04a5a21e444c req-f3736b57-0f20-4315-a564-04a5a21e444c ] Request (ServicesAdminNegativeTestJSON:setUpClass): 201 POST http://10.180.1.21/identity/v3/users 0.431s
2025-04-07 15:20:35.489 69354 INFO tempest.lib.common.rest_client [req-83c672a5-5f54-4658-9b17-5698addd14c4 req-83c672a5-5f54-4658-9b17-5698addd14c4 ] Request (AbsoluteLimitsNegativeTestJSON:tearDownClass): 200 GET http://10.180.1.21:9696/networking/v2.0/security-groups?tenant_id=4cbc5f1e6c094ddabb4f838778569a20&name=default 0.556s
2025-04-07 15:20:35.499 69344 INFO tempest.lib.common.rest_client [req-83ad273f-1433-4f6e-8631-55e3b837fe13 req-83ad273f-1433-4f6e-8631-55e3b837fe13 ] Request (NetworksTest:setUpClass): 201 POST http://10.180.1.21/identity/v3/projects 0.382s
2025-04-07 15:20:35.551 69368 INFO tempest.lib.common.rest_client [req-5365c763-d48c-4959-8835-372df6e6d7a1 req-5365c763-d48c-4959-8835-372df6e6d7a1 ] Request (ImagesOneServerNegativeTestJSON:setUpClass): 200 GET http://10.180.1.21/compute/v2.1/servers/6e43dee0-b274-4e49-898b-31eb6d19545a 1.107s
2025-04-07 15:20:35.556 69398 INFO tempest.lib.common.rest_client [req-291bfabc-15f9-41ab-819f-90ca9a4ff60e req-291bfabc-15f9-41ab-819f-90ca9a4ff60e ] Request (HypervisorAdminNegativeUnderV252Test:tearDownClass): 201 POST http://10.180.1.21/identity/v3/auth/tokens 0.282s
2025-04-07 15:20:35.558 69372 INFO tempest.lib.common.rest_client [req-ef0e2204-c9a2-44f5-a702-35bbf0d21a74 req-ef0e2204-c9a2-44f5-a702-35bbf0d21a74 ] Request (HypervisorAdminNegativeTestJSON:test_get_hypervisor_stats_with_non_admin_user): 403 GET http://10.180.1.21/compute/v2.1/os-hypervisors/statistics 1.025s
2025-04-07 15:20:35.580 69376 INFO tempest.lib.common.rest_client [req-744b61e5-09f7-40a4-856f-c386bfa1c251 req-744b61e5-09f7-40a4-856f-c386bfa1c251 ] Request (ServersWithSpecificFlavorTestJSON:test_verify_created_server_ephemeral_disk): 200 POST http://10.180.1.21/compute/v2.1/flavors 1.024s
2025-04-07 15:20:35.592 69374 INFO tempest.lib.common.rest_client [req-03a8d900-a8c6-4dc1-ab14-a8586732e539 req-03a8d900-a8c6-4dc1-ab14-a8586732e539 ] Request (ServerExternalEventsTest:setUpClass): 204 PUT http://10.180.1.21/identity/v3/projects/6f05202482ff44878e2b05c071f0ab5a/users/d190d80ce10b48379e0e1e4f504037b8/roles/bbc96dcc3b77408fbff0ad70acbfd057 0.299s
2025-04-07 15:20:35.597 69348 INFO tempest.lib.common.rest_client [req-58d7cb05-67f5-46da-b52f-2ef1b1042c2e req-58d7cb05-67f5-46da-b52f-2ef1b1042c2e ] Request (FlavorsExtraSpecsTestJSON:test_flavor_set_get_update_show_unset_keys): 200 GET http://10.180.1.21/compute/v2.1/flavors/1493500211/os-extra_specs 1.018s
2025-04-07 15:20:35.613 69384 INFO tempest.lib.common.rest_client [req-527330c4-b6c2-4c4f-b749-d740eb752dd3 req-527330c4-b6c2-4c4f-b749-d740eb752dd3 ] Request (FlavorsV261TestJSON:tearDownClass): 204 DELETE http://10.180.1.21/identity/v3/users/348faaf1306b42bcb92fd32429cc0505 0.401s
2025-04-07 15:20:35.614 69384 INFO tempest.lib.common.dynamic_creds [-] Deleting project and security group for project: 81fa9f470cf84209bc7da38c9401eb18
2025-04-07 15:20:35.616 69354 INFO tempest.lib.common.rest_client [req-0bbf1c23-d67e-4883-a92a-7feb072691d1 req-0bbf1c23-d67e-4883-a92a-7feb072691d1 ] Request (AbsoluteLimitsNegativeTestJSON:tearDownClass): 204 DELETE http://10.180.1.21:9696/networking/v2.0/security-groups/fa182b80-bf13-415b-817d-5a9ebb2074d8 0.125s
2025-04-07 15:20:35.626 69378 INFO tempest.lib.common.rest_client [req-0b6012c5-098e-4e42-9a3a-7285aa9945a7 req-0b6012c5-098e-4e42-9a3a-7285aa9945a7 ] Request (ServicesAdminNegativeV253TestJSON:test_get_service_by_invalid_service_and_valid_host): 200 GET http://10.180.1.21/compute/v2.1/os-services?host=devstack&binary=xxx 1.021s
2025-04-07 15:20:35.631 69390 INFO tempest.lib.common.rest_client [req-ce19968f-605d-464e-921e-a3477fdf83f8 req-ce19968f-605d-464e-921e-a3477fdf83f8 ] Request (HostsAdminNegativeTestJSON:test_shutdown_host_with_non_admin_user): 403 GET http://10.180.1.21/compute/v2.1/os-hosts/devstack/shutdown 1.017s
2025-04-07 15:20:35.654 69386 INFO tempest.lib.common.rest_client [req-504f47a2-9bd8-462a-89b3-f57bfd5bb689 req-504f47a2-9bd8-462a-89b3-f57bfd5bb689 ] Request (ImagesNegativeTestJSON:setUpClass): 201 POST http://10.180.1.21/identity/v3/auth/tokens 0.328s
2025-04-07 15:20:35.669 69362 INFO tempest.lib.common.rest_client [req-cdfc98dc-878b-4e71-9a8f-8c9d8b4daec0 req-cdfc98dc-878b-4e71-9a8f-8c9d8b4daec0 ] Request (ServersAdminTestJSON:setUpClass): 201 POST http://10.180.1.21/identity/v3/auth/tokens 0.260s
2025-04-07 15:20:35.679 69401 INFO tempest.lib.common.rest_client [req-b33d8b69-ba49-4bf8-a9f6-db1e27d79c23 req-b33d8b69-ba49-4bf8-a9f6-db1e27d79c23 ] Request (ServicesAdminNegativeTestJSON:setUpClass): 200 GET http://10.180.1.21/identity/v3/roles 0.190s
2025-04-07 15:20:35.692 69350 INFO tempest.lib.common.rest_client [req-b55fc8af-89fc-4d85-8a17-664c4a974fb8 req-b55fc8af-89fc-4d85-8a17-664c4a974fb8 ] Request (MigrationsAdminTest:test_list_migrations_in_flavor_resize_situation): 200 GET http://10.180.1.21/compute/v2.1/servers/235eb746-d8fa-4ebc-b8b5-234ab1e2d8fa 1.068s
2025-04-07 15:20:35.695 69344 INFO tempest.lib.common.rest_client [req-f3ae7b9f-a033-4f89-8633-e33e6e847677 req-f3ae7b9f-a033-4f89-8633-e33e6e847677 ] Request (NetworksTest:setUpClass): 201 POST http://10.180.1.21/identity/v3/users 0.196s
2025-04-07 15:20:35.721 69342 INFO tempest.lib.common.rest_client [req-c6da6a0a-45e5-4c39-8c4d-8b701903ce49 req-c6da6a0a-45e5-4c39-8c4d-8b701903ce49 ] Request (FlavorsAdminTestJSON:_run_cleanups): 200 GET http://10.180.1.21/compute/v2.1/flavors/detail 1.090s
2025-04-07 15:20:35.733 69338 INFO tempest.lib.common.rest_client [req-ae074976-0834-4a08-be90-33e82f14feaf req-ae074976-0834-4a08-be90-33e82f14feaf ] Request (KeyPairsV210TestJSON:test_admin_manage_keypairs_for_other_users): 200 GET http://10.180.1.21/compute/v2.1/os-keypairs?user_id=32e875355fe94d50b5744fed8123fb9c 1.069s
2025-04-07 15:20:35.738 69352 INFO tempest.lib.common.rest_client [req-c24736ed-383b-4dfc-98c6-185bfd88459c req-c24736ed-383b-4dfc-98c6-185bfd88459c ] Request (FlavorsExtraSpecsNegativeTestJSON:test_flavor_update_mismatch_key): 400 PUT http://10.180.1.21/compute/v2.1/flavors/1034229703/os-extra_specs/hw:numa_nodes 1.062s
2025-04-07 15:20:35.761 69356 INFO tempest.lib.common.rest_client [req-481f91c0-dec7-40c5-ad3f-d355538cca7d req-481f91c0-dec7-40c5-ad3f-d355538cca7d ] Request (FlavorsV2TestJSON:test_list_flavors_with_detail): 200 GET http://10.180.1.21/compute/v2.1/flavors/detail 1.062s
2025-04-07 15:20:35.779 69374 INFO tempest.lib.common.rest_client [req-3ccdb7d6-2de1-44d5-8f4d-08b3c5230b24 req-3ccdb7d6-2de1-44d5-8f4d-08b3c5230b24 ] Request (ServerExternalEventsTest:setUpClass): 200 GET http://10.180.1.21/identity/v3/roles 0.186s
2025-04-07 15:20:35.781 69384 INFO tempest.lib.common.rest_client [req-44ab99ff-6283-40a1-847d-8c09c76caea1 req-44ab99ff-6283-40a1-847d-8c09c76caea1 ] Request (FlavorsV261TestJSON:tearDownClass): 201 POST http://10.180.1.21/identity/v3/auth/tokens 0.167s
2025-04-07 15:20:35.786 69392 INFO tempest.lib.common.rest_client [req-e44ad3fb-2e4c-4dfe-98b4-4c712509dd8d req-e44ad3fb-2e4c-4dfe-98b4-4c712509dd8d ] Request (AggregatesAdminNegativeTestJSON:_run_cleanups): 200 DELETE http://10.180.1.21/compute/v2.1/os-aggregates/1 0.905s
2025-04-07 15:20:35.814 69358 INFO tempest.lib.common.rest_client [req-d1db305a-88a2-46ae-886b-3b22e78a73de req-d1db305a-88a2-46ae-886b-3b22e78a73de ] Request (FlavorsAccessNegativeTestJSON:_run_cleanups): 200 GET http://10.180.1.21/compute/v2.1/flavors/detail 0.919s
