2025-04-07 15:21:03.306 69372 INFO tempest.lib.common.dynamic_creds [-] Created isolated network resources for: credentials: Credentials: {'domain_id': 'default', 'domain_name': 'Default', 'username': 'tempest-QuotasAdminTestV257-858612423-project-member', 'project_domain_id': 'default', 'project_domain_name': 'Default', 'project_id': 'dd879e6d9f20436098a251de701d4fc4', 'project_name': 'tempest-QuotasAdminTestV257-858612423', 'tenant_id': 'dd879e6d9f20436098a251de701d4fc4', 'tenant_name': 'tempest-QuotasAdminTestV257-858612423', 'user_domain_id': 'default', 'user_domain_name': 'Default', 'user_id': '742b64fdf32b41ea998b10500b54d82d', 'system': None}, Network: None, Subnet: None, Router: None
2025-04-07 15:21:03.337 69354 INFO tempest.lib.common.rest_client [req-87ff9e8e-4bd1-4911-b4a0-a8ad99a85782 req-87ff9e8e-4bd1-4911-b4a0-a8ad99a85782 ] Request (SecurityGroupRulesTestJSON:test_security_group_rules_create_with_optional_group_id): 200 POST http://10.180.1.21/compute/v2.1/os-security-groups 2.635s
2025-04-07 15:21:03.366 69382 INFO tempest.lib.common.rest_client [req-80c60970-f128-4210-b4f3-8d26fe1ade40 req-80c60970-f128-4210-b4f3-8d26fe1ade40 ] Request (SecurityGroupsTestJSON:test_list_security_groups_by_server): 202 POST http://10.180.1.21/compute/v2.1/servers 2.970s
2025-04-07 15:21:03.400 69372 INFO tempest.lib.common.rest_client [req-ef5f67ad-a6b5-4e56-8a48-5bfbe50934fd req-ef5f67ad-a6b5-4e56-8a48-5bfbe50934fd ] Request (QuotasAdminTestV257:setUpClass): 201 POST http://10.180.1.21/identity/v3/auth/tokens 0.089s
2025-04-07 15:21:03.459 69394 INFO tempest.lib.common.rest_client [req-acb7d0c0-225b-4909-a927-29329604b3bf req-acb7d0c0-225b-4909-a927-29329604b3bf ] Request (ServersAaction247Test:test_create_backup): 200 GET http://10.180.1.21/compute/v2.1/servers/cbfe5fec-df00-42e1-b666-8ba62378abc2 2.549s
2025-04-07 15:21:03.463 69368 INFO tempest.lib.common.rest_client [req-5bea78e8-7480-432f-8e0d-20ce3d7daea7 req-5bea78e8-7480-432f-8e0d-20ce3d7daea7 ] Request (ImagesOneServerNegativeTestJSON:test_create_image_specify_metadata_over_limits): 400 POST http://10.180.1.21/compute/v2.1/servers/6e43dee0-b274-4e49-898b-31eb6d19545a/action 2.523s
2025-04-07 15:21:03.480 69372 INFO tempest.lib.common.rest_client [req-945f227a-652d-4c1d-8b3d-2e6510a1132a req-945f227a-652d-4c1d-8b3d-2e6510a1132a ] Request (QuotasAdminTestV257:setUpClass): 201 POST http://10.180.1.21/identity/v3/projects 0.080s
2025-04-07 15:21:03.524 69380 INFO tempest.lib.common.rest_client [req-83fd7759-42ab-4108-9df1-7eeeb465fad6 req-83fd7759-42ab-4108-9df1-7eeeb465fad6 ] Request (ListImageFiltersTestJSON:setUpClass): 200 GET http://10.180.1.21/compute/v2.1/servers/2b5ef9e5-d40a-40de-943e-153fcc0d5f54 2.750s
2025-04-07 15:21:03.600 69372 INFO tempest.lib.common.rest_client [req-f311d260-707f-4139-9fa5-409fe2bfc217 req-f311d260-707f-4139-9fa5-409fe2bfc217 ] Request (QuotasAdminTestV257:setUpClass): 201 POST http://10.180.1.21/identity/v3/users 0.119s
2025-04-07 15:21:03.613 69378 INFO tempest.lib.common.rest_client [req-75dba443-a420-4271-8afb-2a22d05101ab req-75dba443-a420-4271-8afb-2a22d05101ab ] Request (SecurityGroupsNegativeTestJSON:test_delete_the_default_security_group): 200 GET http://10.180.1.21/compute/v2.1/os-security-groups 2.583s
2025-04-07 15:21:03.637 69392 INFO tempest.lib.common.rest_client [req-23b2fa6e-10cb-4ee8-aa80-c87753f5ce6c req-23b2fa6e-10cb-4ee8-aa80-c87753f5ce6c ] Request (AggregatesAdminNegativeTestJSON:_run_cleanups): 200 DELETE http://10.180.1.21/compute/v2.1/os-aggregates/4 2.578s
2025-04-07 15:21:03.640 69372 INFO tempest.lib.common.rest_client [req-ccba123f-a120-478b-a696-2c8ba1dd1ee3 req-ccba123f-a120-478b-a696-2c8ba1dd1ee3 ] Request (QuotasAdminTestV257:setUpClass): 200 GET http://10.180.1.21/identity/v3/roles 0.039s
2025-04-07 15:21:03.667 69372 INFO tempest.lib.common.rest_client [req-54e2a251-dc98-4cf3-bfeb-0b913c2590ee req-54e2a251-dc98-4cf3-bfeb-0b913c2590ee ] Request (QuotasAdminTestV257:setUpClass): 204 PUT http://10.180.1.21/identity/v3/projects/cc4b79cad38549e5ae9c0988b818bf77/users/7ed6e8070ffa4fc58ac8877c5eb21001/roles/09baf24a9792417abda4805db791e104 0.026s
2025-04-07 15:21:03.677 69342 INFO tempest.lib.common.rest_client [req-87c990be-0d25-4f25-b4bb-b243b6c853cc req-87c990be-0d25-4f25-b4bb-b243b6c853cc ] Request (FlavorsAdminTestJSON:test_create_list_flavor_without_extra_data): 200 GET http://10.180.1.21/compute/v2.1/flavors/detail 2.631s
2025-04-07 15:21:03.730 69372 INFO tempest.lib.common.rest_client [req-3cf2b91b-35a5-4d39-aed9-dd920fb2d39c req-3cf2b91b-35a5-4d39-aed9-dd920fb2d39c ] Request (QuotasAdminTestV257:setUpClass): 200 GET http://10.180.1.21/identity/v3/roles 0.062s
2025-04-07 15:21:03.753 69372 INFO tempest.lib.common.rest_client [req-ff679cdf-44cf-42b9-9385-7ccd18fcb4da req-ff679cdf-44cf-42b9-9385-7ccd18fcb4da ] Request (QuotasAdminTestV257:setUpClass): 204 PUT http://10.180.1.21/identity/v3/projects/cc4b79cad38549e5ae9c0988b818bf77/users/7ed6e8070ffa4fc58ac8877c5eb21001/roles/09baf24a9792417abda4805db791e104 0.023s
2025-04-07 15:21:03.753 69372 INFO tempest.lib.common.dynamic_creds [-] Dynamic test user 7ed6e8070ffa4fc58ac8877c5eb21001 is created with scope project and roles: ['admin']
2025-04-07 15:21:03.753 69372 INFO tempest.lib.common.dynamic_creds [-] Acquired dynamic creds: credentials: Credentials: {'domain_id': 'default', 'domain_name': 'Default', 'username': 'tempest-QuotasAdminTestV257-1555440267-project-admin', 'project_domain_id': 'default', 'project_domain_name': 'Default', 'project_id': 'cc4b79cad38549e5ae9c0988b818bf77', 'project_name': 'tempest-QuotasAdminTestV257-1555440267', 'tenant_id': 'cc4b79cad38549e5ae9c0988b818bf77', 'tenant_name': 'tempest-QuotasAdminTestV257-1555440267', 'user_domain_id': 'default', 'user_domain_name': 'Default', 'user_id': '7ed6e8070ffa4fc58ac8877c5eb21001', 'system': None}, Network: None, Subnet: None, Router: None
2025-04-07 15:21:03.754 69372 INFO tempest.lib.common.dynamic_creds [-] Created isolated network resources for: credentials: Credentials: {'domain_id': 'default', 'domain_name': 'Default', 'username': 'tempest-QuotasAdminTestV257-1555440267-project-admin', 'project_domain_id': 'default', 'project_domain_name': 'Default', 'project_id': 'cc4b79cad38549e5ae9c0988b818bf77', 'project_name': 'tempest-QuotasAdminTestV257-1555440267', 'tenant_id': 'cc4b79cad38549e5ae9c0988b818bf77', 'tenant_name': 'tempest-QuotasAdminTestV257-1555440267', 'user_domain_id': 'default', 'user_domain_name': 'Default', 'user_id': '7ed6e8070ffa4fc58ac8877c5eb21001', 'system': None}, Network: None, Subnet: None, Router: None
2025-04-07 15:21:03.814 69386 INFO tempest.lib.common.rest_client [req-bebf3e36-b93c-4f8d-8e7a-deb0753fcbd3 req-bebf3e36-b93c-4f8d-8e7a-deb0753fcbd3 ] Request (ImagesNegativeTestJSON:test_create_image_from_deleted_server): 200 GET http://10.180.1.21/compute/v2.1/servers/a2f0bcc3-ac7a-4f73-956b-25ef7d6e348b 2.506s
2025-04-07 15:21:03.861 69372 INFO tempest.lib.common.rest_client [req-e0d1933c-5614-47a7-a3a2-bab4897db33d req-e0d1933c-5614-47a7-a3a2-bab4897db33d ] Request (QuotasAdminTestV257:setUpClass): 201 POST http://10.180.1.21/identity/v3/auth/tokens 0.104s
2025-04-07 15:21:03.862 69372 WARNING tempest.lib.common.rest_client [-] Deprecated: "tenant_id" property is deprecated for removal, use "project_id" instead
2025-04-07 15:21:03.878 69350 INFO tempest.lib.common.rest_client [req-78581b87-e16a-4277-b35e-34234a715f1f req-78581b87-e16a-4277-b35e-34234a715f1f ] Request (MigrationsAdminTest:test_list_migrations_in_flavor_resize_situation): 202 POST http://10.180.1.21/compute/v2.1/servers/235eb746-d8fa-4ebc-b8b5-234ab1e2d8fa/action 2.643s
2025-04-07 15:21:03.887 69372 INFO tempest.lib.common.rest_client [req-58597b13-6047-46d7-adb6-70c2b979a0f9 req-58597b13-6047-46d7-adb6-70c2b979a0f9 ] Request (QuotasAdminTestV257:test_get_updated_quotas): 200 GET http://10.180.1.21/identity/v3/domains?name=Default 0.024s
2025-04-07 15:21:03.942 69372 INFO tempest.lib.common.rest_client [req-30d948cf-2e33-4227-9a26-084573fef460 req-30d948cf-2e33-4227-9a26-084573fef460 ] Request (QuotasAdminTestV257:test_get_updated_quotas): 201 POST http://10.180.1.21/identity/v3/projects 0.054s
2025-04-07 15:21:04.022 69372 INFO tempest.lib.common.rest_client [req-40859bc5-21fe-4069-b4dc-b9ffe5dcb563 req-40859bc5-21fe-4069-b4dc-b9ffe5dcb563 ] Request (QuotasAdminTestV257:test_get_updated_quotas): 200 GET http://10.180.1.21/identity/v3/domains?name=Default 0.079s
2025-04-07 15:21:04.031 69358 INFO tempest.lib.common.rest_client [req-4262e5b1-e88f-4173-b451-a774b3438b62 req-4262e5b1-e88f-4173-b451-a774b3438b62 ] Request (FlavorsAccessNegativeTestJSON:_run_cleanups): 200 POST http://10.180.1.21/compute/v2.1/flavors/972152584/action 2.684s
2025-04-07 15:21:04.037 69401 INFO tempest.lib.common.rest_client [req-12bd430a-090c-4be0-b54d-795d2e961695 req-12bd430a-090c-4be0-b54d-795d2e961695 ] Request (ServerShowV247Test:test_update_rebuild_list_server): 202 POST http://10.180.1.21/compute/v2.1/servers 2.670s
2025-04-07 15:21:04.088 69348 INFO tempest.lib.common.rest_client [req-42dfe0b7-efe4-49fe-bb58-3d93ba931719 req-42dfe0b7-efe4-49fe-bb58-3d93ba931719 ] Request (FlavorsV255TestJSON:test_crud_flavor): 200 GET http://10.180.1.21/compute/v2.1/flavors/detail 2.514s
2025-04-07 15:21:04.151 69356 INFO tempest.lib.common.rest_client [req-00d14484-b83b-4b18-8401-9f178b01772c req-00d14484-b83b-4b18-8401-9f178b01772c ] Request (ServerAddressesTestJSON:setUpClass): 201 POST http://10.180.1.21:9696/networking/v2.0/routers 1.370s
2025-04-07 15:21:04.211 69398 INFO tempest.lib.common.rest_client [req-0cc8ccda-5996-4fbc-9ef5-2e6d56f71c31 req-0cc8ccda-5996-4fbc-9ef5-2e6d56f71c31 ] Request (QuotasAdminNegativeTest:test_create_server_when_memory_quota_is_full): 200 PUT http://10.180.1.21/compute/v2.1/os-quota-sets/86e24814bf03466a8ec95ac7c6589e77 2.617s
2025-04-07 15:21:04.258 69388 INFO tempest.lib.common.rest_client [req-a0c0e6b6-3740-49d3-acee-88dea0d28434 req-a0c0e6b6-3740-49d3-acee-88dea0d28434 ] Request (ServerAddressesNegativeTestJSON:setUpClass): 200 GET http://10.180.1.21/compute/v2.1/servers/2d45f205-914d-45b8-b27a-2688f6c9fe7b 2.676s
2025-04-07 15:21:04.269 69388 INFO tempest.common.waiters [-] State transition "BUILD/spawning" ==> "ACTIVE/None" after 26 second wait
2025-04-07 15:21:04.287 69398 INFO tempest.lib.common.rest_client [req-9eeeb90f-928b-4432-9c30-c9b1571a3b21 req-9eeeb90f-928b-4432-9c30-c9b1571a3b21 ] Request (QuotasAdminNegativeTest:test_create_server_when_memory_quota_is_full): 201 POST http://10.180.1.21/identity/v3/auth/tokens 0.071s
2025-04-07 15:21:04.288 69398 INFO tempest.lib.common.fixed_network [-] (QuotasAdminNegativeTest:test_create_server_when_memory_quota_is_full) Found network None available for tenant
2025-04-07 15:21:04.328 69370 INFO tempest.lib.common.rest_client [req-d2bf5ecc-6d04-4048-98c7-8b59951c7921 req-d2bf5ecc-6d04-4048-98c7-8b59951c7921 ] Request (DeleteServersAdminTestJSON:test_admin_delete_servers_of_others): 200 GET http://10.180.1.21/compute/v2.1/servers/58f0ea0e-f9cb-4f35-b86e-1e6b03817dd0 2.646s
2025-04-07 15:21:04.429 69376 INFO tempest.lib.common.rest_client [req-e59efe95-3323-47b1-a604-9592628417c4 req-e59efe95-3323-47b1-a604-9592628417c4 ] Request (ServersWithSpecificFlavorTestJSON:test_verify_created_server_ephemeral_disk): 200 GET http://10.180.1.21/compute/v2.1/servers/b8814116-45e3-48d5-8e24-6c73ec375d11 2.394s
2025-04-07 15:21:04.438 69376 INFO tempest.common.waiters [-] State transition "BUILD/networking" ==> "BUILD/spawning" after 11 second wait
2025-04-07 15:21:04.441 69340 INFO tempest.lib.common.rest_client [req-783129f5-eb35-45c1-9c2a-aaf539b920e1 req-783129f5-eb35-45c1-9c2a-aaf539b920e1 ] Request (ServersTestFqdnHostnames:test_create_server_with_fqdn_name): 200 POST http://10.180.1.21/compute/v2.1/os-keypairs 2.302s
2025-04-07 15:21:04.599 69338 INFO tempest.lib.common.rest_client [req-5b9f9704-a91f-42ba-8a10-bb338ad91014 req-5b9f9704-a91f-42ba-8a10-bb338ad91014 ] Request (ServerDiskConfigTestJSON:test_rebuild_server_with_auto_disk_config): 200 GET http://10.180.1.21/compute/v2.1/servers/92fdbdd3-b5d8-406f-a1ea-6b9c5de9670b 2.244s
2025-04-07 15:21:04.617 69390 INFO tempest.lib.common.rest_client [req-f3dd80c6-642c-4051-82f3-2a56cd345071 req-f3dd80c6-642c-4051-82f3-2a56cd345071 ] Request (ServerActionsTestOtherA:setUpClass): 200 POST http://10.180.1.21/compute/v2.1/os-keypairs 2.470s
2025-04-07 15:21:04.628 69338 INFO tempest.common.waiters [-] State transition "BUILD/scheduling" ==> "BUILD/None" after 3 second wait
2025-04-07 15:21:04.711 69340 INFO tempest.lib.common.rest_client [req-f3e39216-c060-487e-8afb-155caddf89b5 req-f3e39216-c060-487e-8afb-155caddf89b5 ] Request (ServersTestFqdnHostnames:test_create_server_with_fqdn_name): 201 POST http://10.180.1.21:9696/networking/v2.0/security-groups 0.268s
2025-04-07 15:21:04.843 69390 INFO tempest.lib.common.rest_client [req-196f5c11-ab88-41a5-b5c4-5a8612d6ffe8 req-196f5c11-ab88-41a5-b5c4-5a8612d6ffe8 ] Request (ServerActionsTestOtherA:setUpClass): 201 POST http://10.180.1.21:9696/networking/v2.0/security-groups 0.220s
2025-04-07 15:21:04.898 69374 INFO tempest.lib.common.rest_client [req-309783e5-820a-484b-aae7-8d0639e0a4b1 req-309783e5-820a-484b-aae7-8d0639e0a4b1 ] Request (ServerExternalEventsTest:test_create_server_external_events): 200 GET http://10.180.1.21/compute/v2.1/servers/6adbf28d-77df-451e-9658-5204ca8331bc 2.433s
2025-04-07 15:21:04.920 69340 INFO tempest.lib.common.rest_client [req-3242535e-b40b-48c8-8381-7090751bf963 req-3242535e-b40b-48c8-8381-7090751bf963 ] Request (ServersTestFqdnHostnames:test_create_server_with_fqdn_name): 201 POST http://10.180.1.21:9696/networking/v2.0/security-group-rules 0.208s
2025-04-07 15:21:04.979 69352 INFO tempest.lib.common.rest_client [req-c68bdf6d-6334-4173-a389-b3f35325e38c req-c68bdf6d-6334-4173-a389-b3f35325e38c ] Request (ServersTestManualDisk:setUpClass): 200 GET http://10.180.1.21/compute/v2.1/servers/22c96701-666e-4ad9-a812-ed93bc16b749 2.395s
2025-04-07 15:21:05.063 69362 INFO tempest.lib.common.rest_client [req-fb0c3490-714f-429d-abce-abb042b1a8ba req-fb0c3490-714f-429d-abce-abb042b1a8ba ] Request (ServersAdminTestJSON:setUpClass): 200 GET http://10.180.1.21/compute/v2.1/servers/32443974-85b0-4b7d-bb6f-249ba18dae67 2.387s
2025-04-07 15:21:05.073 69362 INFO tempest.common.waiters [-] State transition "BUILD/scheduling" ==> "BUILD/None" after 4 second wait
2025-04-07 15:21:05.117 69390 INFO tempest.lib.common.rest_client [req-3806eb3e-3699-4291-b890-b14d811e315e req-3806eb3e-3699-4291-b890-b14d811e315e ] Request (ServerActionsTestOtherA:setUpClass): 201 POST http://10.180.1.21:9696/networking/v2.0/security-group-rules 0.273s
2025-04-07 15:21:05.157 69340 INFO tempest.lib.common.rest_client [req-43ac867e-8d22-47ab-9659-fcf8304fe044 req-43ac867e-8d22-47ab-9659-fcf8304fe044 ] Request (ServersTestFqdnHostnames:test_create_server_with_fqdn_name): 201 POST http://10.180.1.21:9696/networking/v2.0/security-group-rules 0.236s
2025-04-07 15:21:05.311 69390 INFO tempest.lib.common.rest_client [req-8a44730b-4bb8-444e-ba70-1d5198734f88 req-8a44730b-4bb8-444e-ba70-1d5198734f88 ] Request (ServerActionsTestOtherA:setUpClass): 201 POST http://10.180.1.21:9696/networking/v2.0/security-group-rules 0.193s
2025-04-07 15:21:05.608 69360 INFO tempest.lib.common.rest_client [req-295ba41e-1560-4de8-8d79-37b5d4c82700 req-295ba41e-1560-4de8-8d79-37b5d4c82700 ] Request (ServerDiagnosticsV248Test:test_get_server_diagnostics): 200 GET http://10.180.1.21/compute/v2.1/servers/0756fd81-2119-42d0-bc4c-48cced1ab630/diagnostics 2.742s
2025-04-07 15:21:05.741 69384 INFO tempest.lib.common.rest_client [req-98a4a06c-7a01-4985-8410-be93dd67353d req-98a4a06c-7a01-4985-8410-be93dd67353d ] Request (FloatingIPsTestJSON:test_delete_floating_ip): 200 POST http://10.180.1.21/compute/v2.1/os-floating-ips 3.186s
2025-04-07 15:21:05.752 69346 INFO tempest.lib.common.rest_client [req-e18a023f-cfdd-4633-bd79-0d1cf3b07605 req-e18a023f-cfdd-4633-bd79-0d1cf3b07605 ] Request (VolumesAssistedSnapshotsTest:test_volume_assisted_snapshot_create_delete): 200 GET http://10.180.1.21/compute/v2.1/servers/362d50fa-24c5-4a28-98a6-65bdcfe558a4/os-interface 2.855s
2025-04-07 15:21:05.894 69344 INFO tempest.lib.common.rest_client [req-9ca10eab-9a3f-4e15-bb01-cfec46f62a4c req-9ca10eab-9a3f-4e15-bb01-cfec46f62a4c ] Request (VolumesAdminNegativeTest:test_update_attached_volume_with_nonexistent_volume_in_body): 200 POST http://10.180.1.21/compute/v2.1/os-keypairs 2.627s
2025-04-07 15:21:06.018 69382 INFO tempest.lib.common.rest_client [req-6e678009-28d5-4fda-8c69-4c594d77ac63 req-6e678009-28d5-4fda-8c69-4c594d77ac63 ] Request (SecurityGroupsTestJSON:test_list_security_groups_by_server): 200 GET http://10.180.1.21/compute/v2.1/servers/f63552ef-1a67-459e-9908-82f6962eded7 2.650s
2025-04-07 15:21:06.136 69340 INFO tempest.lib.common.rest_client [req-0efd992b-52d1-4213-8422-d72cab3a28b7 req-0efd992b-52d1-4213-8422-d72cab3a28b7 ] Request (ServersTestFqdnHostnames:test_create_server_with_fqdn_name): 201 POST http://10.180.1.21:9696/networking/v2.0/floatingips 0.979s
2025-04-07 15:21:06.142 69356 INFO tempest.lib.common.rest_client [req-13c6aa15-f0d8-4e93-9255-0744c24d7dae req-13c6aa15-f0d8-4e93-9255-0744c24d7dae ] Request (ServerAddressesTestJSON:setUpClass): 200 PUT http://10.180.1.21:9696/networking/v2.0/routers/b4bb1e9a-b4cb-4a51-8933-b27f6a1309c6/add_router_interface 1.991s
2025-04-07 15:21:06.143 69356 INFO tempest.lib.common.dynamic_creds [-] Created isolated network resources for: credentials: Credentials: {'domain_id': 'default', 'domain_name': 'Default', 'username': 'tempest-ServerAddressesTestJSON-302598402-project-member', 'project_domain_id': 'default', 'project_domain_name': 'Default', 'project_id': 'b618c77625524e8087060187bc79e697', 'project_name': 'tempest-ServerAddressesTestJSON-302598402', 'tenant_id': 'b618c77625524e8087060187bc79e697', 'tenant_name': 'tempest-ServerAddressesTestJSON-302598402', 'user_domain_id': 'default', 'user_domain_name': 'Default', 'user_id': '7c203dec5b394b50b934ab4f668c23e5', 'system': None}, Network: {'id': '534d9f48-835b-496e-a099-e4704a110155', 'name': 'tempest-ServerAddressesTestJSON-532374535-network', 'tenant_id': 'b618c77625524e8087060187bc79e697', 'admin_state_up': True, 'mtu': 8950, 'status': 'ACTIVE', 'subnets': [], 'shared': False, 'project_id': 'b618c77625524e8087060187bc79e697', 'port_security_enabled': True, 'router:external': False, 'provider:network_type': 'vlan', 'provider:physical_network': 'default', 'provider:segmentation_id': 51, 'availability_zone_hints': [], 'availability_zones': [], 'ipv4_address_scope': None, 'ipv6_address_scope': None, 'description': '', 'tags': [], 'created_at': '2025-04-07T15:21:02Z', 'updated_at': '2025-04-07T15:21:02Z', 'revision_number': 1}, Subnet: {'id': 'f9a5b9df-d707-4574-bcd7-1d624c448be2', 'name': 'tempest-ServerAddressesTestJSON-532374535-subnet', 'tenant_id': 'b618c77625524e8087060187bc79e697', 'network_id': '534d9f48-835b-496e-a099-e4704a110155', 'ip_version': 4, 'subnetpool_id': None, 'enable_dhcp': True, 'ipv6_ra_mode': None, 'ipv6_address_mode': None, 'gateway_ip': '192.168.128.1', 'cidr': '192.168.128.0/28', 'allocation_pools': [{'start': '192.168.128.2', 'end': '192.168.128.14'}], 'host_routes': [], 'dns_nameservers': [], 'description': '', 'router:external': False, 'service_types': [], 'tags': [], 'created_at': '2025-04-07T15:21:02Z', 'updated_at': '2025-04-07T15:21:02Z', 'revision_number': 0, 'project_id': 'b618c77625524e8087060187bc79e697'}, Router: {'id': 'b4bb1e9a-b4cb-4a51-8933-b27f6a1309c6', 'name': 'tempest-ServerAddressesTestJSON-532374535-router', 'tenant_id': 'b618c77625524e8087060187bc79e697', 'admin_state_up': True, 'status': 'ACTIVE', 'external_gateway_info': {'network_id': '8abb5fba-f541-40c4-a7c6-b5776e68f121', 'external_fixed_ips': [{'subnet_id': '2d7ebc31-3b47-4d9b-80cf-bd5fd67b05c3', 'ip_address': '10.180.180.157'}], 'enable_snat': True}, 'description': '', 'availability_zones': [], 'distributed': False, 'ha': False, 'availability_zone_hints': [], 'routes': [], 'flavor_id': None, 'tags': [], 'created_at': '2025-04-07T15:21:02Z', 'updated_at': '2025-04-07T15:21:03Z', 'revision_number': 2, 'project_id': 'b618c77625524e8087060187bc79e697'}
2025-04-07 15:21:06.175 69354 INFO tempest.lib.common.rest_client [req-ecf5c6c7-b05d-4245-b07e-41c03f1f2baa req-ecf5c6c7-b05d-4245-b07e-41c03f1f2baa ] Request (SecurityGroupRulesTestJSON:test_security_group_rules_create_with_optional_group_id): 200 POST http://10.180.1.21/compute/v2.1/os-security-groups 2.833s
2025-04-07 15:21:06.181 69340 INFO tempest.lib.common.rest_client [req-fdceda3b-1b6e-4570-a108-f2d591590d3a req-fdceda3b-1b6e-4570-a108-f2d591590d3a ] Request (ServersTestFqdnHostnames:test_create_server_with_fqdn_name): 201 POST http://10.180.1.21/identity/v3/auth/tokens 0.040s
2025-04-07 15:21:06.181 69340 INFO tempest.lib.common.fixed_network [-] (ServersTestFqdnHostnames:test_create_server_with_fqdn_name) Found network {'id': '1f827427-f435-4ba4-8cd3-d6590863ef66', 'name': 'tempest-ServersTestFqdnHostnames-1513966390-network', 'tenant_id': '74ce148a9bde4c06a931f48e8ebf685f', 'admin_state_up': True, 'mtu': 8950, 'status': 'ACTIVE', 'subnets': [], 'shared': False, 'project_id': '74ce148a9bde4c06a931f48e8ebf685f', 'port_security_enabled': True, 'router:external': False, 'provider:network_type': 'vlan', 'provider:physical_network': 'default', 'provider:segmentation_id': 155, 'availability_zone_hints': [], 'availability_zones': [], 'ipv4_address_scope': None, 'ipv6_address_scope': None, 'description': '', 'tags': [], 'created_at': '2025-04-07T15:20:55Z', 'updated_at': '2025-04-07T15:20:55Z', 'revision_number': 1} available for tenant
2025-04-07 15:21:06.188 69344 INFO tempest.lib.common.rest_client [req-9a2c5ed5-ba60-4f28-b9c2-d9332502dc30 req-9a2c5ed5-ba60-4f28-b9c2-d9332502dc30 ] Request (VolumesAdminNegativeTest:test_update_attached_volume_with_nonexistent_volume_in_body): 201 POST http://10.180.1.21:9696/networking/v2.0/security-groups 0.292s
2025-04-07 15:21:06.222 69356 INFO tempest.lib.common.rest_client [req-0db70838-f70e-4ca7-a576-b3870f1a50b6 req-0db70838-f70e-4ca7-a576-b3870f1a50b6 ] Request (ServerAddressesTestJSON:setUpClass): 201 POST http://10.180.1.21/identity/v3/auth/tokens 0.074s
2025-04-07 15:21:06.257 69356 INFO tempest.lib.common.rest_client [req-e8160143-00fb-4dce-92d4-e794f26b637d req-e8160143-00fb-4dce-92d4-e794f26b637d ] Request (ServerAddressesTestJSON:setUpClass): 201 POST http://10.180.1.21/identity/v3/auth/tokens 0.032s
2025-04-07 15:21:06.258 69356 INFO tempest.lib.common.fixed_network [-] (ServerAddressesTestJSON:setUpClass) Found network {'id': '534d9f48-835b-496e-a099-e4704a110155', 'name': 'tempest-ServerAddressesTestJSON-532374535-network', 'tenant_id': 'b618c77625524e8087060187bc79e697', 'admin_state_up': True, 'mtu': 8950, 'status': 'ACTIVE', 'subnets': [], 'shared': False, 'project_id': 'b618c77625524e8087060187bc79e697', 'port_security_enabled': True, 'router:external': False, 'provider:network_type': 'vlan', 'provider:physical_network': 'default', 'provider:segmentation_id': 51, 'availability_zone_hints': [], 'availability_zones': [], 'ipv4_address_scope': None, 'ipv6_address_scope': None, 'description': '', 'tags': [], 'created_at': '2025-04-07T15:21:02Z', 'updated_at': '2025-04-07T15:21:02Z', 'revision_number': 1} available for tenant
2025-04-07 15:21:06.335 69344 INFO tempest.lib.common.rest_client [req-447b09a5-136a-40e9-8977-7a519d6374f0 req-447b09a5-136a-40e9-8977-7a519d6374f0 ] Request (VolumesAdminNegativeTest:test_update_attached_volume_with_nonexistent_volume_in_body): 201 POST http://10.180.1.21:9696/networking/v2.0/security-group-rules 0.146s
2025-04-07 15:21:06.471 69344 INFO tempest.lib.common.rest_client [req-a5babdcb-b79a-4275-89a1-4abd1974f6aa req-a5babdcb-b79a-4275-89a1-4abd1974f6aa ] Request (VolumesAdminNegativeTest:test_update_attached_volume_with_nonexistent_volume_in_body): 201 POST http://10.180.1.21:9696/networking/v2.0/security-group-rules 0.135s
2025-04-07 15:21:06.707 69368 INFO tempest.lib.common.rest_client [req-c233fb41-5cd4-4804-8060-02b00d278ad2 req-c233fb41-5cd4-4804-8060-02b00d278ad2 ] Request (ImagesOneServerNegativeTestJSON:tearDown): 200 GET http://10.180.1.21/compute/v2.1/servers/6e43dee0-b274-4e49-898b-31eb6d19545a 3.244s
2025-04-07 15:21:06.717 69378 INFO tempest.lib.common.rest_client [req-47bd18a8-e0bf-4c0d-a709-1d06b5a0de12 req-47bd18a8-e0bf-4c0d-a709-1d06b5a0de12 ] Request (SecurityGroupsNegativeTestJSON:test_delete_the_default_security_group): 400 DELETE http://10.180.1.21/compute/v2.1/os-security-groups/dd3053f5-297e-4d3d-92cd-a460c09432d5 3.099s
2025-04-07 15:21:06.738 69392 INFO tempest.lib.common.rest_client [req-857ec83d-0af9-41ea-ada6-1b54752d783a req-857ec83d-0af9-41ea-ada6-1b54752d783a ] Request (AggregatesAdminNegativeTestJSON:test_aggregate_delete_as_user): 200 POST http://10.180.1.21/compute/v2.1/os-aggregates 3.097s
2025-04-07 15:21:06.744 69342 INFO tempest.lib.common.rest_client [req-941f20e7-33ff-43bc-a7f3-e319670ab0fb req-941f20e7-33ff-43bc-a7f3-e319670ab0fb ] Request (FlavorsAdminTestJSON:_run_cleanups): 202 DELETE http://10.180.1.21/compute/v2.1/flavors/1535259729 3.057s
2025-04-07 15:21:06.875 69396 INFO tempest.lib.common.rest_client [req-66894ce1-f947-42c9-9759-8dbd9a1ed707 req-66894ce1-f947-42c9-9759-8dbd9a1ed707 ] Request (ServerDiagnosticsTest:tearDownClass): 200 GET http://10.180.1.21/compute/v2.1/servers/c24011d9-a2dd-4cec-9795-15f0aae55487 3.178s
2025-04-07 15:21:07.000 69344 INFO tempest.lib.common.rest_client [req-30cd017d-05b2-4807-ab7a-4149263d1802 req-30cd017d-05b2-4807-ab7a-4149263d1802 ] Request (VolumesAdminNegativeTest:test_update_attached_volume_with_nonexistent_volume_in_body): 201 POST http://10.180.1.21:9696/networking/v2.0/floatingips 0.529s
2025-04-07 15:21:07.004 69372 INFO tempest.lib.common.rest_client [req-4749df5a-0e5f-4f48-abee-89cc7592c023 req-4749df5a-0e5f-4f48-abee-89cc7592c023 ] Request (QuotasAdminTestV257:test_get_updated_quotas): 200 PUT http://10.180.1.21/compute/v2.1/os-quota-sets/d1cf549ddfdd4f75a508454a850e2738 2.980s
2025-04-07 15:21:07.021 69390 INFO tempest.lib.common.rest_client [req-b8f0786e-2ab5-49b5-8830-c56c7a4466d2 req-b8f0786e-2ab5-49b5-8830-c56c7a4466d2 ] Request (ServerActionsTestOtherA:setUpClass): 201 POST http://10.180.1.21:9696/networking/v2.0/floatingips 1.709s
2025-04-07 15:21:07.026 69358 INFO tempest.lib.common.rest_client [req-962cd0c2-7e75-4259-9ed8-d8d239aba0b6 req-962cd0c2-7e75-4259-9ed8-d8d239aba0b6 ] Request (FlavorsAccessNegativeTestJSON:_run_cleanups): 202 DELETE http://10.180.1.21/compute/v2.1/flavors/972152584 2.991s
2025-04-07 15:21:07.034 69350 INFO tempest.lib.common.rest_client [req-43932990-4890-4776-953c-06f31fce9663 req-43932990-4890-4776-953c-06f31fce9663 ] Request (MigrationsAdminTest:test_list_migrations_in_flavor_resize_situation): 200 GET http://10.180.1.21/compute/v2.1/servers/235eb746-d8fa-4ebc-b8b5-234ab1e2d8fa 3.155s
2025-04-07 15:21:07.052 69344 INFO tempest.lib.common.rest_client [req-072fc169-f564-40c4-a65f-2ecf0556e843 req-072fc169-f564-40c4-a65f-2ecf0556e843 ] Request (VolumesAdminNegativeTest:test_update_attached_volume_with_nonexistent_volume_in_body): 201 POST http://10.180.1.21/identity/v3/auth/tokens 0.047s
2025-04-07 15:21:07.053 69344 INFO tempest.lib.common.fixed_network [-] (VolumesAdminNegativeTest:test_update_attached_volume_with_nonexistent_volume_in_body) Found network {'id': '24adafb8-a191-4eec-a718-937d1ec6c05e', 'name': 'tempest-VolumesAdminNegativeTest-873412327-network', 'tenant_id': '3a37d2603330499184eb98497fd3b0ea', 'admin_state_up': True, 'mtu': 8950, 'status': 'ACTIVE', 'subnets': [], 'shared': False, 'project_id': '3a37d2603330499184eb98497fd3b0ea', 'port_security_enabled': True, 'router:external': False, 'provider:network_type': 'vlan', 'provider:physical_network': 'default', 'provider:segmentation_id': 353, 'availability_zone_hints': [], 'availability_zones': [], 'ipv4_address_scope': None, 'ipv6_address_scope': None, 'description': '', 'tags': [], 'created_at': '2025-04-07T15:20:46Z', 'updated_at': '2025-04-07T15:20:46Z', 'revision_number': 1} available for tenant
2025-04-07 15:21:07.068 69390 INFO tempest.lib.common.rest_client [req-7bb46685-14df-4294-bf27-f4e5957de0b5 req-7bb46685-14df-4294-bf27-f4e5957de0b5 ] Request (ServerActionsTestOtherA:setUpClass): 201 POST http://10.180.1.21/identity/v3/auth/tokens 0.042s
2025-04-07 15:21:07.069 69390 INFO tempest.lib.common.fixed_network [-] (ServerActionsTestOtherA:setUpClass) Found network {'id': '2ed3c239-9ad8-49aa-9ad3-ceb1b3a1cd7b', 'name': 'tempest-ServerActionsTestOtherA-990831483-network', 'tenant_id': 'b2b044b355134cdaab57a18dfae4d204', 'admin_state_up': True, 'mtu': 8950, 'status': 'ACTIVE', 'subnets': [], 'shared': False, 'project_id': 'b2b044b355134cdaab57a18dfae4d204', 'port_security_enabled': True, 'router:external': False, 'provider:network_type': 'vlan', 'provider:physical_network': 'default', 'provider:segmentation_id': 859, 'availability_zone_hints': [], 'availability_zones': [], 'ipv4_address_scope': None, 'ipv6_address_scope': None, 'description': '', 'tags': [], 'created_at': '2025-04-07T15:20:55Z', 'updated_at': '2025-04-07T15:20:55Z', 'revision_number': 1} available for tenant
2025-04-07 15:21:07.072 69348 INFO tempest.lib.common.rest_client [req-7557d886-cbc3-4c83-92a1-f8aa80d66fe6 req-7557d886-cbc3-4c83-92a1-f8aa80d66fe6 ] Request (FlavorsV255TestJSON:test_crud_flavor): 200 GET http://10.180.1.21/compute/v2.1/flavors 2.979s
2025-04-07 15:21:07.231 69366 INFO tempest.lib.common.rest_client [req-2d6d0ada-2080-422e-a8c4-7a439915e82b req-2d6d0ada-2080-422e-a8c4-7a439915e82b ] Request (ServersAdminNegativeTestJSON:setUpClass): 200 GET http://10.180.1.21/compute/v2.1/servers/0520d26f-f53f-4779-bfa3-167cf0e16dbb 3.058s
2025-04-07 15:21:07.240 69366 INFO tempest.common.waiters [-] State transition "BUILD/networking" ==> "BUILD/spawning" after 13 second wait
2025-04-07 15:21:07.262 69388 INFO tempest.lib.common.rest_client [req-df7e2e95-7b68-4541-be92-ee97a15ee7d5 req-df7e2e95-7b68-4541-be92-ee97a15ee7d5 ] Request (ServerAddressesNegativeTestJSON:test_list_server_addresses_by_network_neg): 404 GET http://10.180.1.21/compute/v2.1/servers/2d45f205-914d-45b8-b27a-2688f6c9fe7b/ips/invalid 2.992s
2025-04-07 15:21:07.274 69401 INFO tempest.lib.common.rest_client [req-82eb878d-85c6-4e0b-8e75-0ab139ffcfaa req-82eb878d-85c6-4e0b-8e75-0ab139ffcfaa ] Request (ServerShowV247Test:test_update_rebuild_list_server): 200 PUT http://10.180.1.21/compute/v2.1/servers/8a0e55c4-24ee-4902-929b-e7edbd3823a6 3.234s
2025-04-07 15:21:07.352 69394 INFO tempest.lib.common.rest_client [req-0f09b793-d032-4222-9d4f-2b95aa74ee0d req-0f09b793-d032-4222-9d4f-2b95aa74ee0d ] Request (ServersAaction247Test:test_create_backup): 200 GET http://10.180.1.21/compute/v2.1/servers/cbfe5fec-df00-42e1-b666-8ba62378abc2 2.877s
2025-04-07 15:21:07.484 69346 INFO tempest.lib.common.rest_client [req-a807fe40-c25b-42b1-bbae-fb6c1897698b req-a807fe40-c25b-42b1-bbae-fb6c1897698b ] Request (VolumesAssistedSnapshotsTest:test_volume_assisted_snapshot_create_delete): 200 PUT http://10.180.1.21:9696/networking/v2.0/floatingips/21dfd292-a049-49f5-8e37-7e521003bf55 1.730s
2025-04-07 15:21:07.486 69346 INFO tempest.lib.common.ssh [-] Creating ssh connection to '10.180.180.231:22' as 'cirros' with public key authentication
2025-04-07 15:21:07.548 69380 INFO tempest.lib.common.rest_client [req-594bd9dc-f4eb-483f-855c-848063446e8b req-594bd9dc-f4eb-483f-855c-848063446e8b ] Request (ListImageFiltersTestJSON:setUpClass): 200 GET http://10.180.1.21/compute/v2.1/servers/2b5ef9e5-d40a-40de-943e-153fcc0d5f54 3.006s
2025-04-07 15:21:07.598 69398 INFO tempest.lib.common.rest_client [req-c7de0d32-fb9c-4477-a1a5-aabbf298c2d2 req-c7de0d32-fb9c-4477-a1a5-aabbf298c2d2 ] Request (QuotasAdminNegativeTest:test_create_server_when_memory_quota_is_full): 403 POST http://10.180.1.21/compute/v2.1/servers 3.310s
2025-04-07 15:21:07.626 69370 INFO tempest.lib.common.rest_client [req-f1eb8505-68d6-483c-9f3c-db2f7328739d req-f1eb8505-68d6-483c-9f3c-db2f7328739d ] Request (DeleteServersAdminTestJSON:test_admin_delete_servers_of_others): 404 GET http://10.180.1.21/compute/v2.1/servers/58f0ea0e-f9cb-4f35-b86e-1e6b03817dd0 2.290s
2025-04-07 15:21:07.729 69370 INFO tempest.lib.common.rest_client [req-46416a0d-c8db-43d6-8d66-01a2901877d2 req-46416a0d-c8db-43d6-8d66-01a2901877d2 ] Request (DeleteServersAdminTestJSON:test_delete_server_while_in_error_state): 201 POST http://10.180.1.21/identity/v3/auth/tokens 0.094s
2025-04-07 15:21:07.729 69370 INFO tempest.lib.common.fixed_network [-] (DeleteServersAdminTestJSON:test_delete_server_while_in_error_state) Found network None available for tenant
2025-04-07 15:21:07.779 69386 INFO tempest.lib.common.rest_client [req-5651edb6-7cd8-4d8e-a93b-cf87977b758d req-5651edb6-7cd8-4d8e-a93b-cf87977b758d ] Request (ImagesNegativeTestJSON:test_create_image_from_deleted_server): 200 GET http://10.180.1.21/compute/v2.1/servers/a2f0bcc3-ac7a-4f73-956b-25ef7d6e348b 2.954s
2025-04-07 15:21:07.827 69376 INFO tempest.lib.common.rest_client [req-b6942664-2c7d-4bab-b2d6-d6b1dc12ab6f req-b6942664-2c7d-4bab-b2d6-d6b1dc12ab6f ] Request (ServersWithSpecificFlavorTestJSON:test_verify_created_server_ephemeral_disk): 200 GET http://10.180.1.21/compute/v2.1/servers/b8814116-45e3-48d5-8e24-6c73ec375d11 2.388s
2025-04-07 15:21:07.866 69360 INFO tempest.lib.common.rest_client [req-edf6945c-86cf-42e4-8848-8085d3d9ad14 req-edf6945c-86cf-42e4-8848-8085d3d9ad14 ] Request (ServerDiagnosticsV248Test:tearDownClass): 204 DELETE http://10.180.1.21/compute/v2.1/servers/0756fd81-2119-42d0-bc4c-48cced1ab630 2.241s
2025-04-07 15:21:07.895 69338 INFO tempest.lib.common.rest_client [req-5ff7106b-3a33-453d-9858-fae214ade193 req-5ff7106b-3a33-453d-9858-fae214ade193 ] Request (ServerDiskConfigTestJSON:test_rebuild_server_with_auto_disk_config): 200 GET http://10.180.1.21/compute/v2.1/servers/92fdbdd3-b5d8-406f-a1ea-6b9c5de9670b 2.266s
2025-04-07 15:21:08.054 69374 INFO tempest.lib.common.rest_client [req-834917a0-d944-4b97-b7b6-9330afdcf37b req-834917a0-d944-4b97-b7b6-9330afdcf37b ] Request (ServerExternalEventsTest:test_create_server_external_events): 200 GET http://10.180.1.21/compute/v2.1/servers/6adbf28d-77df-451e-9658-5204ca8331bc 2.134s
2025-04-07 15:21:08.064 69374 INFO tempest.common.waiters [-] State transition "BUILD/spawning" ==> "ACTIVE/None" after 29 second wait
2025-04-07 15:21:08.112 69352 INFO tempest.lib.common.rest_client [req-1e2297bc-5c3c-4f0b-a9bd-2b05799d2a14 req-1e2297bc-5c3c-4f0b-a9bd-2b05799d2a14 ] Request (ServersTestManualDisk:setUpClass): 200 GET http://10.180.1.21/compute/v2.1/servers/22c96701-666e-4ad9-a812-ed93bc16b749 2.119s
2025-04-07 15:21:08.121 69352 INFO tempest.common.waiters [-] State transition "BUILD/scheduling" ==> "BUILD/None" after 4 second wait
2025-04-07 15:21:08.170 69362 INFO tempest.lib.common.rest_client [req-58a255c0-8090-4060-9c77-b835b0e78242 req-58a255c0-8090-4060-9c77-b835b0e78242 ] Request (ServersAdminTestJSON:setUpClass): 200 GET http://10.180.1.21/compute/v2.1/servers/32443974-85b0-4b7d-bb6f-249ba18dae67 2.096s
2025-04-07 15:21:08.279 69384 INFO tempest.lib.common.rest_client [req-48a8eda1-38cc-40ee-a230-26f763056c27 req-48a8eda1-38cc-40ee-a230-26f763056c27 ] Request (FloatingIPsTestJSON:test_delete_floating_ip): 202 DELETE http://10.180.1.21/compute/v2.1/os-floating-ips/b9c1cfb9-1281-414c-8559-3124be50abd6 2.534s
2025-04-07 15:21:08.546 69354 INFO tempest.lib.common.rest_client [req-d283b83d-d464-4645-984f-61bb55ae1e40 req-d283b83d-d464-4645-984f-61bb55ae1e40 ] Request (SecurityGroupRulesTestJSON:test_security_group_rules_create_with_optional_group_id): 200 POST http://10.180.1.21/compute/v2.1/os-security-group-rules 2.362s
2025-04-07 15:21:08.549 69354 WARNING tempest.lib.common.rest_client [-] Deprecated: "tenant_id" property is deprecated for removal, use "project_id" instead
2025-04-07 15:21:08.616 69340 INFO tempest.lib.common.rest_client [req-a7636dec-7f85-4d51-8a41-daecd070c12d req-a7636dec-7f85-4d51-8a41-daecd070c12d ] Request (ServersTestFqdnHostnames:test_create_server_with_fqdn_name): 202 POST http://10.180.1.21/compute/v2.1/servers 2.434s
2025-04-07 15:21:08.809 69368 INFO tempest.lib.common.rest_client [req-5cb16e53-c580-474c-839d-f890159cfb3d req-5cb16e53-c580-474c-839d-f890159cfb3d ] Request (ImagesOneServerNegativeTestJSON:setUp): 200 GET http://10.180.1.21/compute/v2.1/servers/6e43dee0-b274-4e49-898b-31eb6d19545a 2.094s
2025-04-07 15:21:08.836 69378 INFO tempest.lib.common.rest_client [req-b2927e0e-00d4-451d-86f3-c5fe6285b1b1 req-b2927e0e-00d4-451d-86f3-c5fe6285b1b1 ] Request (SecurityGroupsNegativeTestJSON:test_security_group_get_nonexistent_group): 404 GET http://10.180.1.21/compute/v2.1/os-security-groups/ae8f027a-9a8f-44ba-aa90-b8098a98892e 2.116s
2025-04-07 15:21:08.841 69392 INFO tempest.lib.common.rest_client [req-a46eb398-cf16-44ed-ad05-96e369e7485e req-a46eb398-cf16-44ed-ad05-96e369e7485e ] Request (AggregatesAdminNegativeTestJSON:test_aggregate_delete_as_user): 403 DELETE http://10.180.1.21/compute/v2.1/os-aggregates/5 2.101s
2025-04-07 15:21:08.870 69342 INFO tempest.lib.common.rest_client [req-f18e4286-ce0d-42d1-a5e0-11169a86e95d req-f18e4286-ce0d-42d1-a5e0-11169a86e95d ] Request (FlavorsAdminTestJSON:_run_cleanups): 200 GET http://10.180.1.21/compute/v2.1/flavors/detail 2.126s
2025-04-07 15:21:08.920 69372 INFO tempest.lib.common.rest_client [req-422f4bf8-a695-44ec-b133-a20f3d92a499 req-422f4bf8-a695-44ec-b133-a20f3d92a499 ] Request (QuotasAdminTestV257:test_get_updated_quotas): 200 GET http://10.180.1.21/compute/v2.1/os-quota-sets/d1cf549ddfdd4f75a508454a850e2738/detail 1.914s
2025-04-07 15:21:08.942 69358 INFO tempest.lib.common.rest_client [req-47436cc8-1fb6-47c7-af02-39acbf8f2230 req-47436cc8-1fb6-47c7-af02-39acbf8f2230 ] Request (FlavorsAccessNegativeTestJSON:_run_cleanups): 200 GET http://10.180.1.21/compute/v2.1/flavors/detail 1.915s
2025-04-07 15:21:08.954 69372 INFO tempest.lib.common.rest_client [req-69cc3f0a-4f8c-492d-92a5-65d99db31734 req-69cc3f0a-4f8c-492d-92a5-65d99db31734 ] Request (QuotasAdminTestV257:test_get_updated_quotas): 200 GET http://10.180.1.21/identity/v3/domains?name=Default 0.030s
2025-04-07 15:21:08.989 69372 INFO tempest.lib.common.rest_client [req-f7dd4a39-4f20-4a91-be93-9cc217157042 req-f7dd4a39-4f20-4a91-be93-9cc217157042 ] Request (QuotasAdminTestV257:test_get_updated_quotas): 201 POST http://10.180.1.21/identity/v3/users 0.034s
2025-04-07 15:21:09.009 69382 INFO tempest.lib.common.rest_client [req-ecedab58-e585-4544-93ab-3227ee45e061 req-ecedab58-e585-4544-93ab-3227ee45e061 ] Request (SecurityGroupsTestJSON:test_list_security_groups_by_server): 200 GET http://10.180.1.21/compute/v2.1/servers/f63552ef-1a67-459e-9908-82f6962eded7 1.979s
2025-04-07 15:21:09.016 69372 INFO tempest.lib.common.rest_client [req-c3ac8242-b9b2-4ba3-a903-2f56ad699e11 req-c3ac8242-b9b2-4ba3-a903-2f56ad699e11 ] Request (QuotasAdminTestV257:test_get_updated_quotas): 200 GET http://10.180.1.21/identity/v3/domains?name=Default 0.027s
2025-04-07 15:21:09.029 69356 INFO tempest.lib.common.rest_client [req-e5ded035-233d-4f7c-a15a-879e596612b4 req-e5ded035-233d-4f7c-a15a-879e596612b4 ] Request (ServerAddressesTestJSON:setUpClass): 202 POST http://10.180.1.21/compute/v2.1/servers 2.771s
2025-04-07 15:21:09.557 69344 INFO tempest.lib.common.rest_client [req-abb6f7a7-5180-40d3-90fb-81e14038860f req-abb6f7a7-5180-40d3-90fb-81e14038860f ] Request (VolumesAdminNegativeTest:test_update_attached_volume_with_nonexistent_volume_in_body): 202 POST http://10.180.1.21/compute/v2.1/servers 2.501s
2025-04-07 15:21:09.563 69390 INFO tempest.lib.common.rest_client [req-c06ab7e7-3b5f-482f-a607-b19e10adeba9 req-c06ab7e7-3b5f-482f-a607-b19e10adeba9 ] Request (ServerActionsTestOtherA:setUpClass): 202 POST http://10.180.1.21/compute/v2.1/servers 2.494s
2025-04-07 15:21:09.572 69388 INFO tempest.lib.common.rest_client [req-94118232-e7f4-4a9a-afcb-82206eef0244 req-94118232-e7f4-4a9a-afcb-82206eef0244 ] Request (ServerAddressesNegativeTestJSON:test_list_server_addresses_invalid_server_id): 404 GET http://10.180.1.21/compute/v2.1/servers/999/ips 2.308s
2025-04-07 15:21:09.584 69348 INFO tempest.lib.common.rest_client [req-35b314cd-b019-4a61-b8fc-768d815e429a req-35b314cd-b019-4a61-b8fc-768d815e429a ] Request (FlavorsV255TestJSON:_run_cleanups): 202 DELETE http://10.180.1.21/compute/v2.1/flavors/952450663 2.507s
2025-04-07 15:21:09.634 69401 INFO tempest.lib.common.rest_client [req-842f0a2c-bd00-4923-b43c-7e5745c3c506 req-842f0a2c-bd00-4923-b43c-7e5745c3c506 ] Request (ServerShowV247Test:test_update_rebuild_list_server): 200 GET http://10.180.1.21/compute/v2.1/servers/8a0e55c4-24ee-4902-929b-e7edbd3823a6 2.350s
2025-04-07 15:21:09.703 69398 INFO tempest.lib.common.rest_client [req-61a46c1a-d64d-4b82-a03e-990712437ba2 req-61a46c1a-d64d-4b82-a03e-990712437ba2 ] Request (QuotasAdminNegativeTest:_run_cleanups): 200 PUT http://10.180.1.21/compute/v2.1/os-quota-sets/86e24814bf03466a8ec95ac7c6589e77 2.104s
2025-04-07 15:21:09.781 69360 INFO tempest.lib.common.rest_client [req-46a7f854-3cac-4b6e-add4-0ca5ff972590 req-46a7f854-3cac-4b6e-add4-0ca5ff972590 ] Request (ServerDiagnosticsV248Test:tearDownClass): 200 GET http://10.180.1.21/compute/v2.1/servers/0756fd81-2119-42d0-bc4c-48cced1ab630 1.915s
2025-04-07 15:21:09.801 69396 INFO tempest.lib.common.rest_client [req-669e5e9e-c499-4ebb-ad1e-0814cf793e87 req-669e5e9e-c499-4ebb-ad1e-0814cf793e87 ] Request (ServerDiagnosticsTest:tearDownClass): 404 GET http://10.180.1.21/compute/v2.1/servers/c24011d9-a2dd-4cec-9795-15f0aae55487 1.916s
2025-04-07 15:21:09.894 69370 INFO tempest.lib.common.rest_client [req-9c996c2e-461a-4873-908d-a140b1b195f1 req-9c996c2e-461a-4873-908d-a140b1b195f1 ] Request (DeleteServersAdminTestJSON:test_delete_server_while_in_error_state): 202 POST http://10.180.1.21/compute/v2.1/servers 2.165s
2025-04-07 15:21:09.916 69350 INFO tempest.lib.common.rest_client [req-f4e55bcd-aa9e-4963-b056-e7c23eac41aa req-f4e55bcd-aa9e-4963-b056-e7c23eac41aa ] Request (MigrationsAdminTest:test_list_migrations_in_flavor_resize_situation): 200 GET http://10.180.1.21/compute/v2.1/servers/235eb746-d8fa-4ebc-b8b5-234ab1e2d8fa 1.874s
2025-04-07 15:21:09.923 69396 INFO tempest.lib.common.rest_client [req-04849cd7-4908-4c2b-bf1f-228b04c52b40 req-04849cd7-4908-4c2b-bf1f-228b04c52b40 ] Request (ServerDiagnosticsTest:tearDownClass): 204 DELETE http://10.180.1.21/identity/v3/users/b632f8eeb5484776af364a8278d4c091 0.121s
2025-04-07 15:21:10.004 69366 INFO tempest.lib.common.rest_client [req-a8493950-be2a-414a-9829-1b4d595fd075 req-a8493950-be2a-414a-9829-1b4d595fd075 ] Request (ServersAdminNegativeTestJSON:setUpClass): 200 GET http://10.180.1.21/compute/v2.1/servers/0520d26f-f53f-4779-bfa3-167cf0e16dbb 1.763s
2025-04-07 15:21:10.006 69374 INFO tempest.lib.common.rest_client [req-bccf06ef-d80b-47e1-a4cb-070b25a6d93f req-bccf06ef-d80b-47e1-a4cb-070b25a6d93f ] Request (ServerExternalEventsTest:test_create_server_external_events): 200 POST http://10.180.1.21/compute/v2.1/os-server-external-events 1.941s
2025-04-07 15:21:10.019 69396 INFO tempest.lib.common.rest_client [req-dfe23f5c-1b51-4580-9804-1d727f884d14 req-dfe23f5c-1b51-4580-9804-1d727f884d14 ] Request (ServerDiagnosticsTest:tearDownClass): 204 DELETE http://10.180.1.21/identity/v3/users/9fbbd652ef9e41d1bf7c70927c6a371f 0.095s
2025-04-07 15:21:10.020 69396 INFO tempest.lib.common.dynamic_creds [-] Deleting project and security group for project: 7b734a25e507463d99b05adf92aea17c
2025-04-07 15:21:10.032 69384 INFO tempest.lib.common.rest_client [req-fc05e347-e440-45b9-85e2-7e3f3acc3ab9 req-fc05e347-e440-45b9-85e2-7e3f3acc3ab9 ] Request (FloatingIPsTestJSON:test_delete_floating_ip): 404 GET http://10.180.1.21/compute/v2.1/os-floating-ips/b9c1cfb9-1281-414c-8559-3124be50abd6 1.753s
2025-04-07 15:21:10.065 69394 INFO tempest.lib.common.rest_client [req-ca82bd06-10b2-4c8c-869a-18c32dab6703 req-ca82bd06-10b2-4c8c-869a-18c32dab6703 ] Request (ServersAaction247Test:test_create_backup): 200 GET http://10.180.1.21/compute/v2.1/servers/cbfe5fec-df00-42e1-b666-8ba62378abc2 1.696s
2025-04-07 15:21:10.076 69394 INFO tempest.common.waiters [-] State transition "BUILD/scheduling" ==> "BUILD/None" after 7 second wait
2025-04-07 15:21:10.082 69396 INFO tempest.lib.common.rest_client [req-e287f7b9-274c-4d72-82bb-5c055f4a9e7a req-e287f7b9-274c-4d72-82bb-5c055f4a9e7a ] Request (ServerDiagnosticsTest:tearDownClass): 201 POST http://10.180.1.21/identity/v3/auth/tokens 0.062s
2025-04-07 15:21:10.174 69354 INFO tempest.lib.common.rest_client [req-fa0664b8-4d31-4965-a466-0672574076e5 req-fa0664b8-4d31-4965-a466-0672574076e5 ] Request (SecurityGroupRulesTestJSON:test_security_group_rules_delete_when_peer_group_deleted): 200 POST http://10.180.1.21/compute/v2.1/os-security-groups 1.624s
2025-04-07 15:21:10.202 69380 INFO tempest.lib.common.rest_client [req-fc137757-dd3a-4379-a169-ce00d2261607 req-fc137757-dd3a-4379-a169-ce00d2261607 ] Request (ListImageFiltersTestJSON:setUpClass): 200 GET http://10.180.1.21/compute/v2.1/servers/2b5ef9e5-d40a-40de-943e-153fcc0d5f54 1.640s
2025-04-07 15:21:10.209 69380 INFO tempest.common.waiters [-] State transition "BUILD/spawning" ==> "ACTIVE/None" after 21 second wait
2025-04-07 15:21:10.297 69340 INFO tempest.lib.common.rest_client [req-cad8c9ff-516a-4eb3-a597-b71019d5342e req-cad8c9ff-516a-4eb3-a597-b71019d5342e ] Request (ServersTestFqdnHostnames:test_create_server_with_fqdn_name): 200 GET http://10.180.1.21/compute/v2.1/servers/2561e73f-6527-433b-a969-d8e75358b499 1.679s
2025-04-07 15:21:10.301 69396 INFO tempest.lib.common.rest_client [req-e14d9f95-666d-45e4-b7b1-fd309f27c55b req-e14d9f95-666d-45e4-b7b1-fd309f27c55b ] Request (ServerDiagnosticsTest:tearDownClass): 200 GET http://10.180.1.21:9696/networking/v2.0/security-groups?tenant_id=7b734a25e507463d99b05adf92aea17c&name=default 0.219s
2025-04-07 15:21:10.304 69368 INFO tempest.lib.common.rest_client [req-4d14eee2-c939-427c-8641-4353d7df7681 req-4d14eee2-c939-427c-8641-4353d7df7681 ] Request (ImagesOneServerNegativeTestJSON:test_create_image_specify_name_over_character_limit): 400 POST http://10.180.1.21/compute/v2.1/servers/6e43dee0-b274-4e49-898b-31eb6d19545a/action 1.486s
2025-04-07 15:21:10.392 69396 INFO tempest.lib.common.rest_client [req-4a042bc8-385a-481b-829e-cb5c98406bfa req-4a042bc8-385a-481b-829e-cb5c98406bfa ] Request (ServerDiagnosticsTest:tearDownClass): 204 DELETE http://10.180.1.21:9696/networking/v2.0/security-groups/c8793494-c53c-4669-8689-bf116dabe0cb 0.090s
2025-04-07 15:21:10.483 69396 INFO tempest.lib.common.rest_client [req-8baaee82-6392-4a8b-bf5e-e25a7965cc18 req-8baaee82-6392-4a8b-bf5e-e25a7965cc18 ] Request (ServerDiagnosticsTest:tearDownClass): 204 DELETE http://10.180.1.21/identity/v3/projects/7b734a25e507463d99b05adf92aea17c 0.090s
2025-04-07 15:21:10.484 69396 INFO tempest.lib.common.dynamic_creds [-] Deleting project and security group for project: b5115421eab0456497148f8affee43d4
2025-04-07 15:21:10.510 69396 INFO tempest.lib.common.rest_client [req-2e561882-3bbe-4eb1-adb2-05bc2103c230 req-2e561882-3bbe-4eb1-adb2-05bc2103c230 ] Request (ServerDiagnosticsTest:tearDownClass): 200 GET http://10.180.1.21:9696/networking/v2.0/security-groups?tenant_id=b5115421eab0456497148f8affee43d4&name=default 0.026s
2025-04-07 15:21:10.611 69386 INFO tempest.lib.common.rest_client [req-39c7c17e-0865-4ad5-9709-8bbeefbffea4 req-39c7c17e-0865-4ad5-9709-8bbeefbffea4 ] Request (ImagesNegativeTestJSON:test_create_image_from_deleted_server): 200 GET http://10.180.1.21/compute/v2.1/servers/a2f0bcc3-ac7a-4f73-956b-25ef7d6e348b 1.821s
2025-04-07 15:21:10.641 69376 INFO tempest.lib.common.rest_client [req-f83d722c-9362-4b4e-96c6-725ccb299128 req-f83d722c-9362-4b4e-96c6-725ccb299128 ] Request (ServersWithSpecificFlavorTestJSON:test_verify_created_server_ephemeral_disk): 200 GET http://10.180.1.21/compute/v2.1/servers/b8814116-45e3-48d5-8e24-6c73ec375d11 1.804s
2025-04-07 15:21:10.642 69378 INFO tempest.lib.common.rest_client [req-28366ff4-792a-4bd7-a012-384ac101d49e req-28366ff4-792a-4bd7-a012-384ac101d49e ] Request (SecurityGroupsNegativeTestJSON:test_update_non_existent_security_group): 404 PUT http://10.180.1.21/compute/v2.1/os-security-groups/1cf9a679-43ac-486d-ab20-fa1295bfdd4e 1.804s
2025-04-07 15:21:10.668 69342 INFO tempest.lib.common.rest_client [req-558cfe32-9654-47df-83ab-b27c37f7b37f req-558cfe32-9654-47df-83ab-b27c37f7b37f ] Request (FlavorsAdminTestJSON:test_create_server_with_non_public_flavor): 200 POST http://10.180.1.21/compute/v2.1/flavors 1.787s
2025-04-07 15:21:10.671 69392 INFO tempest.lib.common.rest_client [req-148ae0b6-cf95-4acc-ad28-8148b71a2a63 req-148ae0b6-cf95-4acc-ad28-8148b71a2a63 ] Request (AggregatesAdminNegativeTestJSON:_run_cleanups): 200 DELETE http://10.180.1.21/compute/v2.1/os-aggregates/5 1.829s
2025-04-07 15:21:10.672 69396 INFO tempest.lib.common.rest_client [req-443c3dad-f0ab-48d1-af30-08086d5c7ce5 req-443c3dad-f0ab-48d1-af30-08086d5c7ce5 ] Request (ServerDiagnosticsTest:tearDownClass): 204 DELETE http://10.180.1.21:9696/networking/v2.0/security-groups/fa7f4753-5d6e-41e2-9cbc-216fc201f30c 0.162s
2025-04-07 15:21:10.699 69358 INFO tempest.lib.common.rest_client [req-a6b0b44c-c1b0-4ffa-bf94-fd159700bfe6 req-a6b0b44c-c1b0-4ffa-bf94-fd159700bfe6 ] Request (FlavorsAccessNegativeTestJSON:test_remove_flavor_access_not_found): 200 POST http://10.180.1.21/compute/v2.1/flavors 1.747s
2025-04-07 15:21:10.746 69338 INFO tempest.lib.common.rest_client [req-a4396b94-acb5-4a68-ac16-6f0a482e0735 req-a4396b94-acb5-4a68-ac16-6f0a482e0735 ] Request (ServerDiskConfigTestJSON:test_rebuild_server_with_auto_disk_config): 200 GET http://10.180.1.21/compute/v2.1/servers/92fdbdd3-b5d8-406f-a1ea-6b9c5de9670b 1.839s
